2019-07-18 07:45:16.341 1842 DEBUG novaclient.v2.client [-] RESP: [200] Content-Length: 21 Content-Type: application/json Date: Thu, 18 Jul 2019 07:45:16 GMT OpenStack-API-Version: compute 2.1 Server: Apache Vary: OpenStack-API-Version,X-OpenStack-Nova-API-Version X-OpenStack-Nova-API-Version: 2.1 x-compute-request-id: req-e66c6e9d-4a7f-4cec-ada4-7b92ba2fe305 x-openstack-request-id: req-e66c6e9d-4a7f-4cec-ada4-7b92ba2fe305 _http_log_response /usr/lib/python2.7/site-packages/keystoneauth1/session.py:479
2019-07-18 07:45:16.342 1842 DEBUG novaclient.v2.client [-] RESP BODY: {"server_groups": []} _http_log_response /usr/lib/python2.7/site-packages/keystoneauth1/session.py:511
2019-07-18 07:45:16.342 1842 DEBUG novaclient.v2.client [-] GET call to compute for http://172.30.9.24:8774/v2.1/os-server-groups used request id req-e66c6e9d-4a7f-4cec-ada4-7b92ba2fe305 request /usr/lib/python2.7/site-packages/keystoneauth1/session.py:844
2019-07-18 07:45:16.350 1842 RALLYDEBUG rally_openstack.cleanup.manager [-] Cleaning up nova keypairs objects
2019-07-18 07:45:16.769 1842 DEBUG novaclient.v2.client [-] REQ: curl -g -i -X GET http://172.30.9.24:8774/v2.1/os-keypairs -H "Accept: application/json" -H "User-Agent: python-novaclient" -H "X-Auth-Token: {SHA1}07e02124672beaf6e1a32e633040b802d6d36d61" _http_log_request /usr/lib/python2.7/site-packages/keystoneauth1/session.py:448
2019-07-18 07:45:16.976 1842 DEBUG novaclient.v2.client [-] RESP: [200] Content-Length: 16 Content-Type: application/json Date: Thu, 18 Jul 2019 07:45:16 GMT OpenStack-API-Version: compute 2.1 Server: Apache Vary: OpenStack-API-Version,X-OpenStack-Nova-API-Version X-OpenStack-Nova-API-Version: 2.1 x-compute-request-id: req-8d6832c4-c8ef-45e2-8251-34bc45ed2e88 x-openstack-request-id: req-8d6832c4-c8ef-45e2-8251-34bc45ed2e88 _http_log_response /usr/lib/python2.7/site-packages/keystoneauth1/session.py:479
2019-07-18 07:45:16.976 1842 DEBUG novaclient.v2.client [-] RESP BODY: {"keypairs": []} _http_log_response /usr/lib/python2.7/site-packages/keystoneauth1/session.py:511
2019-07-18 07:45:16.976 1842 DEBUG novaclient.v2.client [-] GET call to compute for http://172.30.9.24:8774/v2.1/os-keypairs used request id req-8d6832c4-c8ef-45e2-8251-34bc45ed2e88 request /usr/lib/python2.7/site-packages/keystoneauth1/session.py:844
2019-07-18 07:45:17.394 1842 DEBUG novaclient.v2.client [-] REQ: curl -g -i -X GET http://172.30.9.24:8774/v2.1/os-keypairs -H "Accept: application/json" -H "User-Agent: python-novaclient" -H "X-Auth-Token: {SHA1}7e52334c53e20d2773744760d4a08e29bf52dc4f" _http_log_request /usr/lib/python2.7/site-packages/keystoneauth1/session.py:448
2019-07-18 07:45:17.600 1842 DEBUG novaclient.v2.client [-] RESP: [200] Content-Length: 16 Content-Type: application/json Date: Thu, 18 Jul 2019 07:45:17 GMT OpenStack-API-Version: compute 2.1 Server: Apache Vary: OpenStack-API-Version,X-OpenStack-Nova-API-Version X-OpenStack-Nova-API-Version: 2.1 x-compute-request-id: req-d09f9709-81cd-4d5a-9e67-cfeef6c32b59 x-openstack-request-id: req-d09f9709-81cd-4d5a-9e67-cfeef6c32b59 _http_log_response /usr/lib/python2.7/site-packages/keystoneauth1/session.py:479
2019-07-18 07:45:17.601 1842 DEBUG novaclient.v2.client [-] RESP BODY: {"keypairs": []} _http_log_response /usr/lib/python2.7/site-packages/keystoneauth1/session.py:511
2019-07-18 07:45:17.601 1842 DEBUG novaclient.v2.client [-] GET call to compute for http://172.30.9.24:8774/v2.1/os-keypairs used request id req-d09f9709-81cd-4d5a-9e67-cfeef6c32b59 request /usr/lib/python2.7/site-packages/keystoneauth1/session.py:844
2019-07-18 07:45:18.029 1842 DEBUG novaclient.v2.client [-] REQ: curl -g -i -X GET http://172.30.9.24:8774/v2.1/os-keypairs -H "Accept: application/json" -H "User-Agent: python-novaclient" -H "X-Auth-Token: {SHA1}09053598435ddcc7eae0b8dd1e90696cb838b59e" _http_log_request /usr/lib/python2.7/site-packages/keystoneauth1/session.py:448
2019-07-18 07:45:18.233 1842 DEBUG novaclient.v2.client [-] RESP: [200] Content-Length: 16 Content-Type: application/json Date: Thu, 18 Jul 2019 07:45:18 GMT OpenStack-API-Version: compute 2.1 Server: Apache Vary: OpenStack-API-Version,X-OpenStack-Nova-API-Version X-OpenStack-Nova-API-Version: 2.1 x-compute-request-id: req-49b52395-5ef0-4510-9a76-c64b84ce33df x-openstack-request-id: req-49b52395-5ef0-4510-9a76-c64b84ce33df _http_log_response /usr/lib/python2.7/site-packages/keystoneauth1/session.py:479
2019-07-18 07:45:18.234 1842 DEBUG novaclient.v2.client [-] RESP BODY: {"keypairs": []} _http_log_response /usr/lib/python2.7/site-packages/keystoneauth1/session.py:511
2019-07-18 07:45:18.234 1842 DEBUG novaclient.v2.client [-] GET call to compute for http://172.30.9.24:8774/v2.1/os-keypairs used request id req-49b52395-5ef0-4510-9a76-c64b84ce33df request /usr/lib/python2.7/site-packages/keystoneauth1/session.py:844
2019-07-18 07:45:18.645 1842 DEBUG novaclient.v2.client [-] REQ: curl -g -i -X GET http://172.30.9.24:8774/v2.1/os-keypairs -H "Accept: application/json" -H "User-Agent: python-novaclient" -H "X-Auth-Token: {SHA1}69d444d7046b7de9f89818e46c5452f3e7a4ddf6" _http_log_request /usr/lib/python2.7/site-packages/keystoneauth1/session.py:448
2019-07-18 07:45:18.834 1842 DEBUG novaclient.v2.client [-] RESP: [200] Content-Length: 16 Content-Type: application/json Date: Thu, 18 Jul 2019 07:45:18 GMT OpenStack-API-Version: compute 2.1 Server: Apache Vary: OpenStack-API-Version,X-OpenStack-Nova-API-Version X-OpenStack-Nova-API-Version: 2.1 x-compute-request-id: req-af0d439a-ef42-4fd2-968d-15a6b0fa370f x-openstack-request-id: req-af0d439a-ef42-4fd2-968d-15a6b0fa370f _http_log_response /usr/lib/python2.7/site-packages/keystoneauth1/session.py:479
2019-07-18 07:45:18.835 1842 DEBUG novaclient.v2.client [-] RESP BODY: {"keypairs": []} _http_log_response /usr/lib/python2.7/site-packages/keystoneauth1/session.py:511
2019-07-18 07:45:18.835 1842 DEBUG novaclient.v2.client [-] GET call to compute for http://172.30.9.24:8774/v2.1/os-keypairs used request id req-af0d439a-ef42-4fd2-968d-15a6b0fa370f request /usr/lib/python2.7/site-packages/keystoneauth1/session.py:844
2019-07-18 07:45:19.254 1842 DEBUG novaclient.v2.client [-] REQ: curl -g -i -X GET http://172.30.9.24:8774/v2.1/os-keypairs -H "Accept: application/json" -H "User-Agent: python-novaclient" -H "X-Auth-Token: {SHA1}42122c2b0023f04bda71b012badbc231035ff291" _http_log_request /usr/lib/python2.7/site-packages/keystoneauth1/session.py:448
2019-07-18 07:45:19.454 1842 DEBUG novaclient.v2.client [-] RESP: [200] Content-Length: 16 Content-Type: application/json Date: Thu, 18 Jul 2019 07:45:19 GMT OpenStack-API-Version: compute 2.1 Server: Apache Vary: OpenStack-API-Version,X-OpenStack-Nova-API-Version X-OpenStack-Nova-API-Version: 2.1 x-compute-request-id: req-b4967d48-f074-48b3-8612-0c4112fbc8c7 x-openstack-request-id: req-b4967d48-f074-48b3-8612-0c4112fbc8c7 _http_log_response /usr/lib/python2.7/site-packages/keystoneauth1/session.py:479
2019-07-18 07:45:19.455 1842 DEBUG novaclient.v2.client [-] RESP BODY: {"keypairs": []} _http_log_response /usr/lib/python2.7/site-packages/keystoneauth1/session.py:511
2019-07-18 07:45:19.455 1842 DEBUG novaclient.v2.client [-] GET call to compute for http://172.30.9.24:8774/v2.1/os-keypairs used request id req-b4967d48-f074-48b3-8612-0c4112fbc8c7 request /usr/lib/python2.7/site-packages/keystoneauth1/session.py:844
2019-07-18 07:45:19.885 1842 DEBUG novaclient.v2.client [-] REQ: curl -g -i -X GET http://172.30.9.24:8774/v2.1/os-keypairs -H "Accept: application/json" -H "User-Agent: python-novaclient" -H "X-Auth-Token: {SHA1}87279b31f6be91c4f280d680663ae6626604533c" _http_log_request /usr/lib/python2.7/site-packages/keystoneauth1/session.py:448
2019-07-18 07:45:20.171 1842 DEBUG novaclient.v2.client [-] RESP: [200] Content-Length: 16 Content-Type: application/json Date: Thu, 18 Jul 2019 07:45:19 GMT OpenStack-API-Version: compute 2.1 Server: Apache Vary: OpenStack-API-Version,X-OpenStack-Nova-API-Version X-OpenStack-Nova-API-Version: 2.1 x-compute-request-id: req-e26672d5-1ecb-41ea-93a3-3d02b61fa0e3 x-openstack-request-id: req-e26672d5-1ecb-41ea-93a3-3d02b61fa0e3 _http_log_response /usr/lib/python2.7/site-packages/keystoneauth1/session.py:479
2019-07-18 07:45:20.171 1842 DEBUG novaclient.v2.client [-] RESP BODY: {"keypairs": []} _http_log_response /usr/lib/python2.7/site-packages/keystoneauth1/session.py:511
2019-07-18 07:45:20.172 1842 DEBUG novaclient.v2.client [-] GET call to compute for http://172.30.9.24:8774/v2.1/os-keypairs used request id req-e26672d5-1ecb-41ea-93a3-3d02b61fa0e3 request /usr/lib/python2.7/site-packages/keystoneauth1/session.py:844
2019-07-18 07:45:20.179 1842 RALLYDEBUG rally_openstack.cleanup.manager [-] Cleaning up cinder backups objects
2019-07-18 07:45:22.372 1842 RALLYDEBUG rally_openstack.cleanup.manager [-] Cleaning up cinder volume_snapshots objects
2019-07-18 07:45:24.488 1842 RALLYDEBUG rally_openstack.cleanup.manager [-] Cleaning up cinder transfers objects
2019-07-18 07:45:26.426 1842 RALLYDEBUG rally_openstack.cleanup.manager [-] Cleaning up cinder volumes objects
2019-07-18 07:45:28.476 1842 INFO rally.task.context [-] Task e219fd00-8397-4f3d-981a-b44c08125a20 | Context cleanup@openstack cleanup() finished in 16.54 sec
2019-07-18 07:45:28.477 1842 INFO rally.task.context [-] Task e219fd00-8397-4f3d-981a-b44c08125a20 | Context quotas@openstack cleanup() started
2019-07-18 07:45:28.805 1842 INFO rally.task.context [-] Task e219fd00-8397-4f3d-981a-b44c08125a20 | Context quotas@openstack cleanup() finished in 0.33 sec
2019-07-18 07:45:28.806 1842 INFO rally.task.context [-] Task e219fd00-8397-4f3d-981a-b44c08125a20 | Context api_versions@openstack cleanup() started
2019-07-18 07:45:28.806 1842 INFO rally.task.context [-] Task e219fd00-8397-4f3d-981a-b44c08125a20 | Context api_versions@openstack cleanup() finished in 0.30 msec
2019-07-18 07:45:28.806 1842 INFO rally.task.context [-] Task e219fd00-8397-4f3d-981a-b44c08125a20 | Context users@openstack cleanup() started
2019-07-18 07:45:35.962 1842 INFO rally.task.context [-] Task e219fd00-8397-4f3d-981a-b44c08125a20 | Context users@openstack cleanup() finished in 7.16 sec
2019-07-18 07:45:37.597 1842 INFO rally.task.engine [-] Load duration is: 85.027804
2019-07-18 07:45:37.598 1842 INFO rally.task.engine [-] Full runner duration is: 86.082567
2019-07-18 07:45:37.598 1842 INFO rally.task.engine [-] Full duration is: 118.841272
2019-07-18 07:45:37.855 1842 INFO rally.task.engine [-] Running workload: position = 0 config = { "version": 2, "title": "A cropped version of a bigger task.", "description": "Auto-generated task from a single workload (uuid=5eb29a3f-0af9-4068-a130-52cae4fadb37)", "subtasks": [ { "title": "CinderVolumes.create_and_list_snapshots", "description": "Create and then list a volume-snapshot.", "scenario": { "CinderVolumes.create_and_list_snapshots": { "detailed": true, "force": false } }, "contexts": { "users": { "tenants": 3, "users_per_tenant": 2 }, "quotas": { "cinder": { "gigabytes": -1, "snapshots": -1, "volumes": -1 } }, "api_versions": { "cinder": { "version": 3, "service_type": "volumev3" } }, "volumes": { "size": 1, "volumes_per_tenant": 1 } }, "runner": { "constant": { "concurrency": 4, "times": 10 } }, "hooks": [], "sla": { "failure_rate": { "max": 0 } } } ] }
2019-07-18 07:45:37.882 1842 RALLYDEBUG rally_openstack.contexts.keystone.users [-] Creating 3 tenants using 20 threads
2019-07-18 07:45:39.749 1842 RALLYDEBUG rally_openstack.contexts.keystone.users [-] Creating 6 users using 20 threads
2019-07-18 07:45:42.384 1842 INFO rally.task.context [-] Task e219fd00-8397-4f3d-981a-b44c08125a20 | Context users@openstack setup() finished in 4.50 sec
2019-07-18 07:45:42.792 1842 INFO rally.task.context [-] Task e219fd00-8397-4f3d-981a-b44c08125a20 | Context api_versions@openstack setup() finished in 0.41 sec
2019-07-18 07:45:44.358 1842 INFO rally.task.context [-] Task e219fd00-8397-4f3d-981a-b44c08125a20 | Context quotas@openstack setup() finished in 1.57 sec
2019-07-18 07:45:55.027 1842 INFO rally.task.context [-] Task e219fd00-8397-4f3d-981a-b44c08125a20 | Context volumes@openstack setup() finished in 10.67 sec
2019-07-18 07:45:55.028 1842 INFO rally.task.context [-] Task e219fd00-8397-4f3d-981a-b44c08125a20 | Context cleanup@openstack setup() finished in 0.01 msec
2019-07-18 07:45:55.037 1842 RALLYDEBUG rally.task.runner [-] Starting the constant runner (task UUID: e219fd00-8397-4f3d-981a-b44c08125a20). timeout: 0 concurrency: 4 concurrency_per_worker: 1 times: 10 concurrency_overhead: 0 processes_to_start: 4 max_cpu_used: 16
2019-07-18 07:45:55.047 2210 RALLYDEBUG rally.task.runner [-] Starting a worker. concurrency: 1 args: {"detailed": true, "force": false} times: 10 method_name: run timeout: 0 duration: None cls:
2019-07-18 07:45:55.051 2211 RALLYDEBUG rally.task.runner [-] Starting a worker. concurrency: 1 args: {"detailed": true, "force": false} times: 10 method_name: run timeout: 0 duration: None cls:
2019-07-18 07:45:55.055 2210 INFO rally.task.runner [-] Task e219fd00-8397-4f3d-981a-b44c08125a20 | ITER: 1 START
2019-07-18 07:45:55.054 2212 RALLYDEBUG rally.task.runner [-] Starting a worker. concurrency: 1 args: {"detailed": true, "force": false} times: 10 method_name: run timeout: 0 duration: None cls:
2019-07-18 07:45:55.056 2213 RALLYDEBUG rally.task.runner [-] Starting a worker. concurrency: 1 args: {"detailed": true, "force": false} times: 10 method_name: run timeout: 0 duration: None cls:
2019-07-18 07:45:55.062 2211 INFO rally.task.runner [-] Task e219fd00-8397-4f3d-981a-b44c08125a20 | ITER: 2 START
2019-07-18 07:45:55.065 2212 INFO rally.task.runner [-] Task e219fd00-8397-4f3d-981a-b44c08125a20 | ITER: 3 START
2019-07-18 07:45:55.066 2213 INFO rally.task.runner [-] Task e219fd00-8397-4f3d-981a-b44c08125a20 | ITER: 4 START
2019-07-18 07:45:58.365 2210 INFO rally.task.runner [-] Task e219fd00-8397-4f3d-981a-b44c08125a20 | ITER: 1 END: OK
2019-07-18 07:45:58.370 2210 INFO rally.task.runner [-] Task e219fd00-8397-4f3d-981a-b44c08125a20 | ITER: 5 START
2019-07-18 07:45:58.648 2212 INFO rally.task.runner [-] Task e219fd00-8397-4f3d-981a-b44c08125a20 | ITER: 3 END: OK
2019-07-18 07:45:58.654 2212 INFO rally.task.runner [-] Task e219fd00-8397-4f3d-981a-b44c08125a20 | ITER: 6 START
2019-07-18 07:45:58.683 2213 INFO rally.task.runner [-] Task e219fd00-8397-4f3d-981a-b44c08125a20 | ITER: 4 END: OK
2019-07-18 07:45:58.691 2213 INFO rally.task.runner [-] Task e219fd00-8397-4f3d-981a-b44c08125a20 | ITER: 7 START
2019-07-18 07:45:58.751 2211 INFO rally.task.runner [-] Task e219fd00-8397-4f3d-981a-b44c08125a20 | ITER: 2 END: OK
2019-07-18 07:45:58.756 2211 INFO rally.task.runner [-] Task e219fd00-8397-4f3d-981a-b44c08125a20 | ITER: 8 START
2019-07-18 07:46:02.094 2210 INFO rally.task.runner [-] Task e219fd00-8397-4f3d-981a-b44c08125a20 | ITER: 5 END: OK
2019-07-18 07:46:02.099 2210 INFO rally.task.runner [-] Task e219fd00-8397-4f3d-981a-b44c08125a20 | ITER: 9 START
2019-07-18 07:46:02.107 2211 INFO rally.task.runner [-] Task e219fd00-8397-4f3d-981a-b44c08125a20 | ITER: 8 END: OK
2019-07-18 07:46:02.112 2211 INFO rally.task.runner [-] Task e219fd00-8397-4f3d-981a-b44c08125a20 | ITER: 10 START
2019-07-18 07:46:02.246 2212 INFO rally.task.runner [-] Task e219fd00-8397-4f3d-981a-b44c08125a20 | ITER: 6 END: OK
2019-07-18 07:46:02.281 2213 INFO rally.task.runner [-] Task e219fd00-8397-4f3d-981a-b44c08125a20 | ITER: 7 END: OK
2019-07-18 07:46:05.560 2210 INFO rally.task.runner [-] Task e219fd00-8397-4f3d-981a-b44c08125a20 | ITER: 9 END: OK
2019-07-18 07:46:05.624 2211 INFO rally.task.runner [-] Task e219fd00-8397-4f3d-981a-b44c08125a20 | ITER: 10 END: OK
2019-07-18 07:46:05.649 1842 INFO rally.task.context [-] Task e219fd00-8397-4f3d-981a-b44c08125a20 | Context cleanup@openstack cleanup() started
2019-07-18 07:46:05.652 1842 RALLYDEBUG rally_openstack.cleanup.manager [-] Cleaning up cinder backups objects
2019-07-18 07:46:07.630 1842 RALLYDEBUG rally_openstack.cleanup.manager [-] Cleaning up cinder volume_snapshots objects
2019-07-18 07:46:09.652 1842 RALLYDEBUG rally_openstack.cleanup.manager [-] Deleting cinder.volume_snapshots object s_rally_5eb29a3f_Ed1yh9nP (738df68d-8efe-45f3-a8f1-78f186946dbf)
2019-07-18 07:46:09.655 1842 RALLYDEBUG rally_openstack.cleanup.manager [-] Deleting cinder.volume_snapshots object s_rally_5eb29a3f_phe08hh4 (b788341e-1d97-43fe-9905-762e42f62621)
2019-07-18 07:46:09.660 1842 RALLYDEBUG rally_openstack.cleanup.manager [-] Deleting cinder.volume_snapshots object s_rally_5eb29a3f_tWAcujKI (afa39043-0006-4cfe-be0a-13e1f9a1152d)
2019-07-18 07:46:09.662 1842 RALLYDEBUG rally_openstack.cleanup.manager [-] Deleting cinder.volume_snapshots object s_rally_5eb29a3f_htQ7xCG4 (a33ef64a-a394-4b1f-b7f2-3ccd3dc108eb)
2019-07-18 07:46:09.662 1842 RALLYDEBUG rally_openstack.cleanup.manager [-] Deleting cinder.volume_snapshots object s_rally_5eb29a3f_Aak3RH88 (9d2ae0cd-6c4f-4e02-a341-52bebc766051)
2019-07-18 07:46:09.666 1842 RALLYDEBUG rally_openstack.cleanup.manager [-] Deleting cinder.volume_snapshots object s_rally_5eb29a3f_Zj8dKcQa (a784ece5-bb14-4cc8-8c0e-958a7502e0ab)
2019-07-18 07:46:09.669 1842 RALLYDEBUG rally_openstack.cleanup.manager [-] Deleting cinder.volume_snapshots object s_rally_5eb29a3f_4LPEnhzj (ffe06e69-ba78-49dc-92ee-843f3786278a)
2019-07-18 07:46:09.671 1842 RALLYDEBUG rally_openstack.cleanup.manager [-] Deleting cinder.volume_snapshots object s_rally_5eb29a3f_pVfbEHnR (ffe02071-67ac-4ed1-8f6d-1dc6ef5f39f5)
2019-07-18 07:46:09.680 1842 RALLYDEBUG rally_openstack.cleanup.manager [-] Deleting cinder.volume_snapshots object s_rally_5eb29a3f_9g5bBGfd (0edbdb5d-490d-459a-83e3-87e5ee09278b)
2019-07-18 07:46:09.689 1842 RALLYDEBUG rally_openstack.cleanup.manager [-] Deleting cinder.volume_snapshots object s_rally_5eb29a3f_fFvA86qq (0b7a1a91-c451-4124-9b3c-3def827769e6)
2019-07-18 07:46:14.884 1842 RALLYDEBUG rally_openstack.cleanup.manager [-] Cleaning up cinder transfers objects
2019-07-18 07:46:16.828 1842 RALLYDEBUG rally_openstack.cleanup.manager [-] Cleaning up cinder volumes objects
2019-07-18 07:46:19.105 1842 INFO rally.task.context [-] Task e219fd00-8397-4f3d-981a-b44c08125a20 | Context cleanup@openstack cleanup() finished in 13.46 sec
2019-07-18 07:46:19.105 1842 INFO rally.task.context [-] Task e219fd00-8397-4f3d-981a-b44c08125a20 | Context volumes@openstack cleanup() started
2019-07-18 07:46:19.106 1842 RALLYDEBUG rally_openstack.cleanup.manager [-] Cleaning up cinder volumes objects
2019-07-18 07:46:21.271 1842 RALLYDEBUG rally_openstack.cleanup.manager [-] Deleting cinder.volumes object c_rally_5eb29a3f_KlhNdnBe (df884ef9-ccc3-455f-8bd7-4d881cdcbc81)
2019-07-18 07:46:21.271 1842 RALLYDEBUG rally_openstack.cleanup.manager [-] Deleting cinder.volumes object c_rally_5eb29a3f_sCxJHYyf (eaad2364-3054-4c11-95ca-9a55ae5aa1b9)
2019-07-18 07:46:21.280 1842 RALLYDEBUG rally_openstack.cleanup.manager [-] Deleting cinder.volumes object c_rally_5eb29a3f_8CZYmtdo (f494890a-8dc9-4d20-aedc-5965d6819492)
2019-07-18 07:46:24.693 1842 INFO rally.task.context [-] Task e219fd00-8397-4f3d-981a-b44c08125a20 | Context volumes@openstack cleanup() finished in 5.59 sec
2019-07-18 07:46:24.693 1842 INFO rally.task.context [-] Task e219fd00-8397-4f3d-981a-b44c08125a20 | Context quotas@openstack cleanup() started
2019-07-18 07:46:25.152 1842 INFO rally.task.context [-] Task e219fd00-8397-4f3d-981a-b44c08125a20 | Context quotas@openstack cleanup() finished in 0.46 sec
2019-07-18 07:46:25.152 1842 INFO rally.task.context [-] Task e219fd00-8397-4f3d-981a-b44c08125a20 | Context api_versions@openstack cleanup() started
2019-07-18 07:46:25.153 1842 INFO rally.task.context [-] Task e219fd00-8397-4f3d-981a-b44c08125a20 | Context api_versions@openstack cleanup() finished in 0.30 msec
2019-07-18 07:46:25.153 1842 INFO rally.task.context [-] Task e219fd00-8397-4f3d-981a-b44c08125a20 | Context users@openstack cleanup() started
2019-07-18 07:46:32.023 1842 INFO rally.task.context [-] Task e219fd00-8397-4f3d-981a-b44c08125a20 | Context users@openstack cleanup() finished in 6.87 sec
2019-07-18 07:46:32.101 1842 INFO rally.task.engine [-] Load duration is: 10.565149
2019-07-18 07:46:32.101 1842 INFO rally.task.engine [-] Full runner duration is: 10.614296
2019-07-18 07:46:32.101 1842 INFO rally.task.engine [-] Full duration is: 54.147665
2019-07-18 07:46:32.306 1842 INFO rally.task.engine [-] Running workload: position = 0 config = { "version": 2, "title": "A cropped version of a bigger task.", "description": "Auto-generated task from a single workload (uuid=ef4a3b0b-ad34-4345-a894-26930c105b86)", "subtasks": [ { "title": "CinderVolumes.create_and_list_volume", "description": "Create a volume and list all volumes.", "scenario": { "CinderVolumes.create_and_list_volume": { "detailed": true, "image": { "name": "rally_full-img_d72fd013-6d65-4b45-bbaf-a6a288565deb" }, "size": 1 } }, "contexts": { "users": { "tenants": 3, "users_per_tenant": 2 }, "quotas": { "cinder": { "gigabytes": -1, "snapshots": -1, "volumes": -1 } }, "api_versions": { "cinder": { "version": 3, "service_type": "volumev3" } } }, "runner": { "constant": { "concurrency": 4, "times": 10 } }, "hooks": [], "sla": { "failure_rate": { "max": 0 } } } ] }
2019-07-18 07:46:32.323 1842 RALLYDEBUG rally_openstack.contexts.keystone.users [-] Creating 3 tenants using 20 threads
2019-07-18 07:46:34.203 1842 RALLYDEBUG rally_openstack.contexts.keystone.users [-] Creating 6 users using 20 threads
2019-07-18 07:46:36.913 1842 INFO rally.task.context [-] Task e219fd00-8397-4f3d-981a-b44c08125a20 | Context users@openstack setup() finished in 4.59 sec
2019-07-18 07:46:37.337 1842 INFO rally.task.context [-] Task e219fd00-8397-4f3d-981a-b44c08125a20 | Context api_versions@openstack setup() finished in 0.42 sec
2019-07-18 07:46:38.868 1842 INFO rally.task.context [-] Task e219fd00-8397-4f3d-981a-b44c08125a20 | Context quotas@openstack setup() finished in 1.53 sec
2019-07-18 07:46:38.869 1842 INFO rally.task.context [-] Task e219fd00-8397-4f3d-981a-b44c08125a20 | Context cleanup@openstack setup() finished in 0.01 msec
2019-07-18 07:46:39.605 1842 RALLYDEBUG rally.task.runner [-] Starting the constant runner (task UUID: e219fd00-8397-4f3d-981a-b44c08125a20). timeout: 0 concurrency: 4 concurrency_per_worker: 1 times: 10 concurrency_overhead: 0 processes_to_start: 4 max_cpu_used: 16
2019-07-18 07:46:39.619 2414 RALLYDEBUG rally.task.runner [-] Starting a worker. concurrency: 1 args: {"detailed": true, "image": "7d56aec8-13d2-473d-95fd-f45325e01ed5", "size": 1} times: 10 method_name: run timeout: 0 duration: None cls:
2019-07-18 07:46:39.622 2415 RALLYDEBUG rally.task.runner [-] Starting a worker. concurrency: 1 args: {"detailed": true, "image": "7d56aec8-13d2-473d-95fd-f45325e01ed5", "size": 1} times: 10 method_name: run timeout: 0 duration: None cls:
2019-07-18 07:46:39.624 2416 RALLYDEBUG rally.task.runner [-] Starting a worker. concurrency: 1 args: {"detailed": true, "image": "7d56aec8-13d2-473d-95fd-f45325e01ed5", "size": 1} times: 10 method_name: run timeout: 0 duration: None cls:
2019-07-18 07:46:39.627 2414 INFO rally.task.runner [-] Task e219fd00-8397-4f3d-981a-b44c08125a20 | ITER: 1 START
2019-07-18 07:46:39.628 2417 RALLYDEBUG rally.task.runner [-] Starting a worker. concurrency: 1 args: {"detailed": true, "image": "7d56aec8-13d2-473d-95fd-f45325e01ed5", "size": 1} times: 10 method_name: run timeout: 0 duration: None cls:
2019-07-18 07:46:39.630 2415 INFO rally.task.runner [-] Task e219fd00-8397-4f3d-981a-b44c08125a20 | ITER: 2 START
2019-07-18 07:46:39.633 2416 INFO rally.task.runner [-] Task e219fd00-8397-4f3d-981a-b44c08125a20 | ITER: 3 START
2019-07-18 07:46:39.637 2417 INFO rally.task.runner [-] Task e219fd00-8397-4f3d-981a-b44c08125a20 | ITER: 4 START
2019-07-18 07:46:43.859 2417 RALLYDEBUG rally.task.utils [-] Waiting for resource s_rally_ef4a3b0b_KxcL06kE. Status changed: CREATING => DOWNLOADING in 0.651571989059
2019-07-18 07:46:43.859 2416 RALLYDEBUG rally.task.utils [-] Waiting for resource s_rally_ef4a3b0b_fKz7bB1x. Status changed: CREATING => DOWNLOADING in 0.756093025208
2019-07-18 07:46:43.899 2414 RALLYDEBUG rally.task.utils [-] Waiting for resource s_rally_ef4a3b0b_EHMRd5HP. Status changed: CREATING => DOWNLOADING in 0.850134134293
2019-07-18 07:46:45.959 2414 RALLYDEBUG rally.task.utils [-] Waiting for resource s_rally_ef4a3b0b_EHMRd5HP. Status changed: DOWNLOADING => AVAILABLE in 2.05948281288
2019-07-18 07:46:46.029 2415 RALLYDEBUG rally.task.utils [-] Waiting for resource s_rally_ef4a3b0b_03MVQUUC. Status changed: DOWNLOADING => AVAILABLE in 2.97481703758
2019-07-18 07:46:46.296 2414 INFO rally.task.runner [-] Task e219fd00-8397-4f3d-981a-b44c08125a20 | ITER: 1 END: OK
2019-07-18 07:46:46.301 2414 INFO rally.task.runner [-] Task e219fd00-8397-4f3d-981a-b44c08125a20 | ITER: 5 START
2019-07-18 07:46:46.363 2415 INFO rally.task.runner [-] Task e219fd00-8397-4f3d-981a-b44c08125a20 | ITER: 2 END: OK
2019-07-18 07:46:46.368 2415 INFO rally.task.runner [-] Task e219fd00-8397-4f3d-981a-b44c08125a20 | ITER: 6 START
2019-07-18 07:46:47.975 2416 RALLYDEBUG rally.task.utils [-] Waiting for resource s_rally_ef4a3b0b_fKz7bB1x. Status changed: DOWNLOADING => AVAILABLE in 4.11568403244
2019-07-18 07:46:48.193 2417 RALLYDEBUG rally.task.utils [-] Waiting for resource s_rally_ef4a3b0b_KxcL06kE. Status changed: DOWNLOADING => AVAILABLE in 4.33395504951
2019-07-18 07:46:48.276 2417 INFO rally.task.runner [-] Task e219fd00-8397-4f3d-981a-b44c08125a20 | ITER: 4 END: OK
2019-07-18 07:46:48.283 2417 INFO rally.task.runner [-] Task e219fd00-8397-4f3d-981a-b44c08125a20 | ITER: 7 START
2019-07-18 07:46:48.334 2416 INFO rally.task.runner [-] Task e219fd00-8397-4f3d-981a-b44c08125a20 | ITER: 3 END: OK
2019-07-18 07:46:48.338 2416 INFO rally.task.runner [-] Task e219fd00-8397-4f3d-981a-b44c08125a20 | ITER: 8 START
2019-07-18 07:46:51.879 2417 RALLYDEBUG rally.task.utils [-] Waiting for resource s_rally_ef4a3b0b_6Y1OJn1t. Status changed: CREATING => DOWNLOADING in 0.405029058456
2019-07-18 07:46:52.181 2414 RALLYDEBUG rally.task.utils [-] Waiting for resource s_rally_ef4a3b0b_f90QPVCa. Status changed: DOWNLOADING => AVAILABLE in 2.65635204315
2019-07-18 07:46:52.508 2414 INFO rally.task.runner [-] Task e219fd00-8397-4f3d-981a-b44c08125a20 | ITER: 5 END: OK
2019-07-18 07:46:52.512 2414 INFO rally.task.runner [-] Task e219fd00-8397-4f3d-981a-b44c08125a20 | ITER: 9 START
2019-07-18 07:46:53.367 2415 RALLYDEBUG rally.task.utils [-] Waiting for resource s_rally_ef4a3b0b_sVX2HTPB. Status changed: DOWNLOADING => AVAILABLE in 2.75230813026
2019-07-18 07:46:53.423 2415 INFO rally.task.runner [-] Task e219fd00-8397-4f3d-981a-b44c08125a20 | ITER: 6 END: OK
2019-07-18 07:46:53.429 2415 INFO rally.task.runner [-] Task e219fd00-8397-4f3d-981a-b44c08125a20 | ITER: 10 START
2019-07-18 07:46:54.129 2417 RALLYDEBUG rally.task.utils [-] Waiting for resource s_rally_ef4a3b0b_6Y1OJn1t. Status changed: DOWNLOADING => AVAILABLE in 2.25003790855
2019-07-18 07:46:54.229 2417 INFO rally.task.runner [-] Task e219fd00-8397-4f3d-981a-b44c08125a20 | ITER: 7 END: OK
2019-07-18 07:46:54.737 2416 RALLYDEBUG rally.task.utils [-] Waiting for resource s_rally_ef4a3b0b_i8nwwwA2. Status changed: DOWNLOADING => AVAILABLE in 2.78058099747
2019-07-18 07:46:54.834 2416 INFO rally.task.runner [-] Task e219fd00-8397-4f3d-981a-b44c08125a20 | ITER: 8 END: OK
2019-07-18 07:46:58.438 2414 RALLYDEBUG rally.task.utils [-] Waiting for resource s_rally_ef4a3b0b_qOfoSFl6. Status changed: DOWNLOADING => AVAILABLE in 2.6641869545
2019-07-18 07:46:58.505 2414 INFO rally.task.runner [-] Task e219fd00-8397-4f3d-981a-b44c08125a20 | ITER: 9 END: OK
2019-07-18 07:46:59.670 2415 RALLYDEBUG rally.task.utils [-] Waiting for resource s_rally_ef4a3b0b_3HMENBmM. Status changed: DOWNLOADING => AVAILABLE in 2.89947009087
2019-07-18 07:46:59.917 2415 INFO rally.task.runner [-] Task e219fd00-8397-4f3d-981a-b44c08125a20 | ITER: 10 END: OK
2019-07-18 07:46:59.947 1842 INFO rally.task.context [-] Task e219fd00-8397-4f3d-981a-b44c08125a20 | Context cleanup@openstack cleanup() started
2019-07-18 07:46:59.949 1842 RALLYDEBUG rally_openstack.cleanup.manager [-] Cleaning up cinder backups objects
2019-07-18 07:47:01.939 1842 RALLYDEBUG rally_openstack.cleanup.manager [-] Cleaning up cinder volume_snapshots objects
2019-07-18 07:47:03.808 1842 RALLYDEBUG rally_openstack.cleanup.manager [-] Cleaning up cinder transfers objects
2019-07-18 07:47:05.770 1842 RALLYDEBUG rally_openstack.cleanup.manager [-] Cleaning up cinder volumes objects
2019-07-18 07:47:07.866 1842 RALLYDEBUG rally_openstack.cleanup.manager [-] Deleting cinder.volumes object s_rally_ef4a3b0b_f90QPVCa (ffb87819-8f82-4ec2-bc2a-b81c3b49e9c4)
2019-07-18 07:47:07.875 1842 RALLYDEBUG rally_openstack.cleanup.manager [-] Deleting cinder.volumes object s_rally_ef4a3b0b_6Y1OJn1t (947601d9-95cf-4b5c-a9dc-965fcf0b9358)
2019-07-18 07:47:07.880 1842 RALLYDEBUG rally_openstack.cleanup.manager [-] Deleting cinder.volumes object s_rally_ef4a3b0b_sVX2HTPB (be9d6dbb-be45-4319-8f4b-30de2344f07d)
2019-07-18 07:47:07.882 1842 RALLYDEBUG rally_openstack.cleanup.manager [-] Deleting cinder.volumes object s_rally_ef4a3b0b_03MVQUUC (2299e042-7c99-4d24-9034-e6f8bb870074)
2019-07-18 07:47:07.882 1842 RALLYDEBUG rally_openstack.cleanup.manager [-] Deleting cinder.volumes object s_rally_ef4a3b0b_fKz7bB1x (61f80ab9-438f-4749-bb41-80571ad7ecb5)
2019-07-18 07:47:07.883 1842 RALLYDEBUG rally_openstack.cleanup.manager [-] Deleting cinder.volumes object s_rally_ef4a3b0b_3HMENBmM (cf3cb002-33d2-46ea-8889-b1fc44b698c8)
2019-07-18 07:47:07.884 1842 RALLYDEBUG rally_openstack.cleanup.manager [-] Deleting cinder.volumes object s_rally_ef4a3b0b_KxcL06kE (66999753-32cf-4c94-95fa-db5926e4b7dd)
2019-07-18 07:47:07.886 1842 RALLYDEBUG rally_openstack.cleanup.manager [-] Deleting cinder.volumes object s_rally_ef4a3b0b_i8nwwwA2 (26988ff8-b46a-43f1-b0c2-6096f233ce0c)
2019-07-18 07:47:07.893 1842 RALLYDEBUG rally_openstack.cleanup.manager [-] Deleting cinder.volumes object s_rally_ef4a3b0b_EHMRd5HP (37d4921a-c582-4f86-a738-1d37689187af)
2019-07-18 07:47:07.907 1842 RALLYDEBUG rally_openstack.cleanup.manager [-] Deleting cinder.volumes object s_rally_ef4a3b0b_qOfoSFl6 (ee2b6ebe-b106-4548-8d80-872c9741efd5)
2019-07-18 07:47:11.862 1842 INFO rally.task.context [-] Task e219fd00-8397-4f3d-981a-b44c08125a20 | Context cleanup@openstack cleanup() finished in 11.92 sec
2019-07-18 07:47:11.863 1842 INFO rally.task.context [-] Task e219fd00-8397-4f3d-981a-b44c08125a20 | Context quotas@openstack cleanup() started
2019-07-18 07:47:12.530 1842 INFO rally.task.context [-] Task e219fd00-8397-4f3d-981a-b44c08125a20 | Context quotas@openstack cleanup() finished in 0.67 sec
2019-07-18 07:47:12.530 1842 INFO rally.task.context [-] Task e219fd00-8397-4f3d-981a-b44c08125a20 | Context api_versions@openstack cleanup() started
2019-07-18 07:47:12.531 1842 INFO rally.task.context [-] Task e219fd00-8397-4f3d-981a-b44c08125a20 | Context api_versions@openstack cleanup() finished in 0.33 msec
2019-07-18 07:47:12.531 1842 INFO rally.task.context [-] Task e219fd00-8397-4f3d-981a-b44c08125a20 | Context users@openstack cleanup() started
2019-07-18 07:47:19.766 1842 INFO rally.task.context [-] Task e219fd00-8397-4f3d-981a-b44c08125a20 | Context users@openstack cleanup() finished in 7.24 sec
2019-07-18 07:47:20.547 1842 INFO rally.task.engine [-] Load duration is: 20.285253
2019-07-18 07:47:20.548 1842 INFO rally.task.engine [-] Full runner duration is: 20.341621
2019-07-18 07:47:20.548 1842 INFO rally.task.engine [-] Full duration is: 47.445536
2019-07-18 07:47:20.700 1842 INFO rally.task.engine [-] Running workload: position = 1 config = { "version": 2, "title": "A cropped version of a bigger task.", "description": "Auto-generated task from a single workload (uuid=62413426-0f25-44f6-997e-e9d9e6a33b87)", "subtasks": [ { "title": "CinderVolumes.create_and_list_volume", "description": "Create a volume and list all volumes.", "scenario": { "CinderVolumes.create_and_list_volume": { "detailed": true, "size": 1 } }, "contexts": { "users": { "tenants": 3, "users_per_tenant": 2 }, "quotas": { "cinder": { "gigabytes": -1, "snapshots": -1, "volumes": -1 } }, "api_versions": { "cinder": { "version": 3, "service_type": "volumev3" } } }, "runner": { "constant": { "concurrency": 4, "times": 10 } }, "hooks": [], "sla": { "failure_rate": { "max": 0 } } } ] }
2019-07-18 07:47:20.725 1842 RALLYDEBUG rally_openstack.contexts.keystone.users [-] Creating 3 tenants using 20 threads
2019-07-18 07:47:22.541 1842 RALLYDEBUG rally_openstack.contexts.keystone.users [-] Creating 6 users using 20 threads
2019-07-18 07:47:25.320 1842 INFO rally.task.context [-] Task e219fd00-8397-4f3d-981a-b44c08125a20 | Context users@openstack setup() finished in 4.60 sec
2019-07-18 07:47:25.742 1842 INFO rally.task.context [-] Task e219fd00-8397-4f3d-981a-b44c08125a20 | Context api_versions@openstack setup() finished in 0.42 sec
2019-07-18 07:47:27.286 1842 INFO rally.task.context [-] Task e219fd00-8397-4f3d-981a-b44c08125a20 | Context quotas@openstack setup() finished in 1.54 sec
2019-07-18 07:47:27.287 1842 INFO rally.task.context [-] Task e219fd00-8397-4f3d-981a-b44c08125a20 | Context cleanup@openstack setup() finished in 0.01 msec
2019-07-18 07:47:27.294 1842 RALLYDEBUG rally.task.runner [-] Starting the constant runner (task UUID: e219fd00-8397-4f3d-981a-b44c08125a20). timeout: 0 concurrency: 4 concurrency_per_worker: 1 times: 10 concurrency_overhead: 0 processes_to_start: 4 max_cpu_used: 16
2019-07-18 07:47:27.306 2598 RALLYDEBUG rally.task.runner [-] Starting a worker. concurrency: 1 args: {"detailed": true, "size": 1} times: 10 method_name: run timeout: 0 duration: None cls:
2019-07-18 07:47:27.310 2599 RALLYDEBUG rally.task.runner [-] Starting a worker. concurrency: 1 args: {"detailed": true, "size": 1} times: 10 method_name: run timeout: 0 duration: None cls:
2019-07-18 07:47:27.312 2598 INFO rally.task.runner [-] Task e219fd00-8397-4f3d-981a-b44c08125a20 | ITER: 1 START
2019-07-18 07:47:27.313 2600 RALLYDEBUG rally.task.runner [-] Starting a worker. concurrency: 1 args: {"detailed": true, "size": 1} times: 10 method_name: run timeout: 0 duration: None cls:
2019-07-18 07:47:27.315 2601 RALLYDEBUG rally.task.runner [-] Starting a worker. concurrency: 1 args: {"detailed": true, "size": 1} times: 10 method_name: run timeout: 0 duration: None cls:
2019-07-18 07:47:27.318 2599 INFO rally.task.runner [-] Task e219fd00-8397-4f3d-981a-b44c08125a20 | ITER: 2 START
2019-07-18 07:47:27.322 2601 INFO rally.task.runner [-] Task e219fd00-8397-4f3d-981a-b44c08125a20 | ITER: 4 START
2019-07-18 07:47:27.324 2600 INFO rally.task.runner [-] Task e219fd00-8397-4f3d-981a-b44c08125a20 | ITER: 3 START
2019-07-18 07:47:30.984 2598 INFO rally.task.runner [-] Task e219fd00-8397-4f3d-981a-b44c08125a20 | ITER: 1 END: OK
2019-07-18 07:47:30.989 2598 INFO rally.task.runner [-] Task e219fd00-8397-4f3d-981a-b44c08125a20 | ITER: 5 START
2019-07-18 07:47:31.050 2599 INFO rally.task.runner [-] Task e219fd00-8397-4f3d-981a-b44c08125a20 | ITER: 2 END: OK
2019-07-18 07:47:31.055 2599 INFO rally.task.runner [-] Task e219fd00-8397-4f3d-981a-b44c08125a20 | ITER: 6 START
2019-07-18 07:47:31.342 2600 INFO rally.task.runner [-] Task e219fd00-8397-4f3d-981a-b44c08125a20 | ITER: 3 END: OK
2019-07-18 07:47:31.347 2600 INFO rally.task.runner [-] Task e219fd00-8397-4f3d-981a-b44c08125a20 | ITER: 7 START
2019-07-18 07:47:32.120 2601 INFO rally.task.runner [-] Task e219fd00-8397-4f3d-981a-b44c08125a20 | ITER: 4 END: OK
2019-07-18 07:47:32.125 2601 INFO rally.task.runner [-] Task e219fd00-8397-4f3d-981a-b44c08125a20 | ITER: 8 START
2019-07-18 07:47:34.635 2598 INFO rally.task.runner [-] Task e219fd00-8397-4f3d-981a-b44c08125a20 | ITER: 5 END: OK
2019-07-18 07:47:34.640 2598 INFO rally.task.runner [-] Task e219fd00-8397-4f3d-981a-b44c08125a20 | ITER: 9 START
2019-07-18 07:47:34.959 2599 INFO rally.task.runner [-] Task e219fd00-8397-4f3d-981a-b44c08125a20 | ITER: 6 END: OK
2019-07-18 07:47:34.965 2599 INFO rally.task.runner [-] Task e219fd00-8397-4f3d-981a-b44c08125a20 | ITER: 10 START
2019-07-18 07:47:35.120 2600 INFO rally.task.runner [-] Task e219fd00-8397-4f3d-981a-b44c08125a20 | ITER: 7 END: OK
2019-07-18 07:47:35.704 2601 INFO rally.task.runner [-] Task e219fd00-8397-4f3d-981a-b44c08125a20 | ITER: 8 END: OK
2019-07-18 07:47:38.735 2599 INFO rally.task.runner [-] Task e219fd00-8397-4f3d-981a-b44c08125a20 | ITER: 10 END: OK
2019-07-18 07:47:38.917 2598 INFO rally.task.runner [-] Task e219fd00-8397-4f3d-981a-b44c08125a20 | ITER: 9 END: OK
2019-07-18 07:47:38.939 1842 INFO rally.task.context [-] Task e219fd00-8397-4f3d-981a-b44c08125a20 | Context cleanup@openstack cleanup() started
2019-07-18 07:47:38.941 1842 RALLYDEBUG rally_openstack.cleanup.manager [-] Cleaning up cinder backups objects
2019-07-18 07:47:40.845 1842 RALLYDEBUG rally_openstack.cleanup.manager [-] Cleaning up cinder volume_snapshots objects
2019-07-18 07:47:42.801 1842 RALLYDEBUG rally_openstack.cleanup.manager [-] Cleaning up cinder transfers objects
2019-07-18 07:47:44.679 1842 RALLYDEBUG rally_openstack.cleanup.manager [-] Cleaning up cinder volumes objects
2019-07-18 07:47:46.727 1842 RALLYDEBUG rally_openstack.cleanup.manager [-] Deleting cinder.volumes object s_rally_62413426_hfbpQXrw (aefe7882-d531-4db4-8ddf-9def2379fa91)
2019-07-18 07:47:46.729 1842 RALLYDEBUG rally_openstack.cleanup.manager [-] Deleting cinder.volumes object s_rally_62413426_62M2FYmq (a7c65bda-40e2-471a-8cb9-e2fe99774896)
2019-07-18 07:47:46.734 1842 RALLYDEBUG rally_openstack.cleanup.manager [-] Deleting cinder.volumes object s_rally_62413426_HxvFpL38 (7fe7ffa5-30bc-4864-8b8b-d69be10e1356)
2019-07-18 07:47:46.737 1842 RALLYDEBUG rally_openstack.cleanup.manager [-] Deleting cinder.volumes object s_rally_62413426_ItYgzB70 (6165ef4b-c77e-4222-9dd8-7456a642985f)
2019-07-18 07:47:46.746 1842 RALLYDEBUG rally_openstack.cleanup.manager [-] Deleting cinder.volumes object s_rally_62413426_p3sU7asu (ad0d853d-13e5-4386-9374-fc6e9ae44194)
2019-07-18 07:47:46.752 1842 RALLYDEBUG rally_openstack.cleanup.manager [-] Deleting cinder.volumes object s_rally_62413426_b6ArV3Oe (a2709209-cff8-4100-be44-5fc98887c7f4)
2019-07-18 07:47:46.755 1842 RALLYDEBUG rally_openstack.cleanup.manager [-] Deleting cinder.volumes object s_rally_62413426_vqsul9CT (4440ba58-0ba3-48d1-8f90-f440d44ec7b6)
2019-07-18 07:47:46.758 1842 RALLYDEBUG rally_openstack.cleanup.manager [-] Deleting cinder.volumes object s_rally_62413426_ipiYtc6P (5ba892f3-e120-4e65-b086-91fd5064738a)
2019-07-18 07:47:46.766 1842 RALLYDEBUG rally_openstack.cleanup.manager [-] Deleting cinder.volumes object s_rally_62413426_DhCsF0jW (302581e2-586d-4da1-878c-9fc1c46fa6bd)
2019-07-18 07:47:46.771 1842 RALLYDEBUG rally_openstack.cleanup.manager [-] Deleting cinder.volumes object s_rally_62413426_9tQ2dlG4 (ff5bb49f-bfbd-4687-930c-5f7717b694b6)
2019-07-18 07:47:51.764 1842 INFO rally.task.context [-] Task e219fd00-8397-4f3d-981a-b44c08125a20 | Context cleanup@openstack cleanup() finished in 12.83 sec
2019-07-18 07:47:51.764 1842 INFO rally.task.context [-] Task e219fd00-8397-4f3d-981a-b44c08125a20 | Context quotas@openstack cleanup() started
2019-07-18 07:47:52.233 1842 INFO rally.task.context [-] Task e219fd00-8397-4f3d-981a-b44c08125a20 | Context quotas@openstack cleanup() finished in 0.47 sec
2019-07-18 07:47:52.233 1842 INFO rally.task.context [-] Task e219fd00-8397-4f3d-981a-b44c08125a20 | Context api_versions@openstack cleanup() started
2019-07-18 07:47:52.234 1842 INFO rally.task.context [-] Task e219fd00-8397-4f3d-981a-b44c08125a20 | Context api_versions@openstack cleanup() finished in 0.33 msec
2019-07-18 07:47:52.234 1842 INFO rally.task.context [-] Task e219fd00-8397-4f3d-981a-b44c08125a20 | Context users@openstack cleanup() started
2019-07-18 07:47:59.535 1842 INFO rally.task.context [-] Task e219fd00-8397-4f3d-981a-b44c08125a20 | Context users@openstack cleanup() finished in 7.30 sec
2019-07-18 07:48:00.921 1842 INFO rally.task.engine [-] Load duration is: 11.601263
2019-07-18 07:48:00.921 1842 INFO rally.task.engine [-] Full runner duration is: 11.644979
2019-07-18 07:48:00.921 1842 INFO rally.task.engine [-] Full duration is: 38.813574
2019-07-18 07:48:01.134 1842 INFO rally.task.engine [-] Running workload: position = 0 config = { "version": 2, "title": "A cropped version of a bigger task.", "description": "Auto-generated task from a single workload (uuid=a50a585d-b8d7-4f01-8854-ebf521ba7391)", "subtasks": [ { "title": "CinderVolumes.create_and_upload_volume_to_image", "description": "Create and upload a volume to image.", "scenario": { "CinderVolumes.create_and_upload_volume_to_image": { "container_format": "bare", "disk_format": "raw", "do_delete": true, "force": false, "size": 1 } }, "contexts": { "users": { "tenants": 3, "users_per_tenant": 2 }, "quotas": { "cinder": { "gigabytes": -1, "snapshots": -1, "volumes": -1 } }, "api_versions": { "cinder": { "version": 3, "service_type": "volumev3" } } }, "runner": { "constant": { "concurrency": 4, "times": 10 } }, "hooks": [], "sla": { "failure_rate": { "max": 0 } } } ] }
2019-07-18 07:48:01.161 1842 RALLYDEBUG rally_openstack.contexts.keystone.users [-] Creating 3 tenants using 20 threads
2019-07-18 07:48:02.914 1842 RALLYDEBUG rally_openstack.contexts.keystone.users [-] Creating 6 users using 20 threads
2019-07-18 07:48:05.716 1842 INFO rally.task.context [-] Task e219fd00-8397-4f3d-981a-b44c08125a20 | Context users@openstack setup() finished in 4.55 sec
2019-07-18 07:48:06.144 1842 INFO rally.task.context [-] Task e219fd00-8397-4f3d-981a-b44c08125a20 | Context api_versions@openstack setup() finished in 0.43 sec
2019-07-18 07:48:07.677 1842 INFO rally.task.context [-] Task e219fd00-8397-4f3d-981a-b44c08125a20 | Context quotas@openstack setup() finished in 1.53 sec
2019-07-18 07:48:07.678 1842 INFO rally.task.context [-] Task e219fd00-8397-4f3d-981a-b44c08125a20 | Context cleanup@openstack setup() finished in 0.01 msec
2019-07-18 07:48:07.686 1842 RALLYDEBUG rally.task.runner [-] Starting the constant runner (task UUID: e219fd00-8397-4f3d-981a-b44c08125a20). timeout: 0 concurrency: 4 concurrency_per_worker: 1 times: 10 concurrency_overhead: 0 processes_to_start: 4 max_cpu_used: 16
2019-07-18 07:48:07.697 2782 RALLYDEBUG rally.task.runner [-] Starting a worker. concurrency: 1 args: {"container_format": "bare", "disk_format": "raw", "do_delete": true, "force": false, "size": 1} times: 10 method_name: run timeout: 0 duration: None cls:
2019-07-18 07:48:07.702 2783 RALLYDEBUG rally.task.runner [-] Starting a worker. concurrency: 1 args: {"container_format": "bare", "disk_format": "raw", "do_delete": true, "force": false, "size": 1} times: 10 method_name: run timeout: 0 duration: None cls:
2019-07-18 07:48:07.704 2782 INFO rally.task.runner [-] Task e219fd00-8397-4f3d-981a-b44c08125a20 | ITER: 1 START
2019-07-18 07:48:07.704 2784 RALLYDEBUG rally.task.runner [-] Starting a worker. concurrency: 1 args: {"container_format": "bare", "disk_format": "raw", "do_delete": true, "force": false, "size": 1} times: 10 method_name: run timeout: 0 duration: None cls:
2019-07-18 07:48:07.708 2785 RALLYDEBUG rally.task.runner [-] Starting a worker. concurrency: 1 args: {"container_format": "bare", "disk_format": "raw", "do_delete": true, "force": false, "size": 1} times: 10 method_name: run timeout: 0 duration: None cls:
2019-07-18 07:48:07.709 2783 INFO rally.task.runner [-] Task e219fd00-8397-4f3d-981a-b44c08125a20 | ITER: 2 START
2019-07-18 07:48:07.712 2784 INFO rally.task.runner [-] Task e219fd00-8397-4f3d-981a-b44c08125a20 | ITER: 3 START
2019-07-18 07:48:07.716 2785 INFO rally.task.runner [-] Task e219fd00-8397-4f3d-981a-b44c08125a20 | ITER: 4 START
2019-07-18 07:48:12.424 2784 RALLYDEBUG rally.task.utils [-] Waiting for resource s_rally_a50a585d_gOsLwpLz. Status changed: AVAILABLE => UPLOADING in 0.0616800785065
2019-07-18 07:48:12.717 2783 RALLYDEBUG rally.task.utils [-] Waiting for resource s_rally_a50a585d_hQ8KxD1O. Status changed: AVAILABLE => UPLOADING in 0.257938861847
2019-07-18 07:48:12.852 2782 RALLYDEBUG rally.task.utils [-] Waiting for resource s_rally_a50a585d_brHkxb9y. Status changed: AVAILABLE => UPLOADING in 0.274095058441
2019-07-18 07:48:13.050 2785 RALLYDEBUG rally.task.utils [-] Waiting for resource s_rally_a50a585d_0C6amQbc. Status changed: AVAILABLE => UPLOADING in 0.300770044327
2019-07-18 07:49:01.442 2784 RALLYDEBUG rally.task.utils [-] Waiting for resource s_rally_a50a585d_gOsLwpLz. Status changed: UPLOADING => AVAILABLE in 49.0179378986
2019-07-18 07:49:01.504 2783 RALLYDEBUG rally.task.utils [-] Waiting for resource s_rally_a50a585d_hQ8KxD1O. Status changed: UPLOADING => AVAILABLE in 48.7863850594
2019-07-18 07:49:01.676 2783 RALLYDEBUG rally.task.utils [-] Waiting for resource s_rally_a50a585d_hQ8KxD1O. Status changed: AVAILABLE => DELETING in 0.0549540519714
2019-07-18 07:49:01.848 2785 RALLYDEBUG rally.task.utils [-] Waiting for resource s_rally_a50a585d_0C6amQbc. Status changed: UPLOADING => AVAILABLE in 48.7983739376
2019-07-18 07:49:02.316 2785 RALLYDEBUG rally.task.utils [-] Waiting for resource s_rally_a50a585d_0C6amQbc. Status changed: AVAILABLE => DELETING in 0.0527210235596
2019-07-18 07:49:02.324 2782 RALLYDEBUG rally.task.utils [-] Waiting for resource s_rally_a50a585d_brHkxb9y. Status changed: UPLOADING => AVAILABLE in 49.4715428352
2019-07-18 07:49:02.485 2782 RALLYDEBUG rally.task.utils [-] Waiting for resource s_rally_a50a585d_brHkxb9y. Status changed: AVAILABLE => DELETING in 0.0505840778351
2019-07-18 07:49:03.670 2784 INFO rally.task.runner [-] Task e219fd00-8397-4f3d-981a-b44c08125a20 | ITER: 3 END: OK
2019-07-18 07:49:03.678 2784 INFO rally.task.runner [-] Task e219fd00-8397-4f3d-981a-b44c08125a20 | ITER: 5 START
2019-07-18 07:49:04.357 2783 INFO rally.task.runner [-] Task e219fd00-8397-4f3d-981a-b44c08125a20 | ITER: 2 END: OK
2019-07-18 07:49:04.364 2783 INFO rally.task.runner [-] Task e219fd00-8397-4f3d-981a-b44c08125a20 | ITER: 6 START
2019-07-18 07:49:06.455 2785 INFO rally.task.runner [-] Task e219fd00-8397-4f3d-981a-b44c08125a20 | ITER: 4 END: OK
2019-07-18 07:49:06.459 2785 INFO rally.task.runner [-] Task e219fd00-8397-4f3d-981a-b44c08125a20 | ITER: 7 START
2019-07-18 07:49:06.473 2782 INFO rally.task.runner [-] Task e219fd00-8397-4f3d-981a-b44c08125a20 | ITER: 1 END: OK
2019-07-18 07:49:06.480 2782 INFO rally.task.runner [-] Task e219fd00-8397-4f3d-981a-b44c08125a20 | ITER: 8 START
2019-07-18 07:49:08.674 2784 RALLYDEBUG rally.task.utils [-] Waiting for resource s_rally_a50a585d_vjptmKXe. Status changed: AVAILABLE => UPLOADING in 0.236202001572
2019-07-18 07:49:09.436 2783 RALLYDEBUG rally.task.utils [-] Waiting for resource s_rally_a50a585d_hGR5vW8S. Status changed: AVAILABLE => UPLOADING in 0.335865974426
2019-07-18 07:49:11.108 2785 RALLYDEBUG rally.task.utils [-] Waiting for resource s_rally_a50a585d_C1iuc8sk. Status changed: AVAILABLE => UPLOADING in 0.0661649703979
2019-07-18 07:49:11.611 2782 RALLYDEBUG rally.task.utils [-] Waiting for resource s_rally_a50a585d_H52B1ONy. Status changed: AVAILABLE => UPLOADING in 0.0758509635925
2019-07-18 07:49:51.112 2784 RALLYDEBUG rally.task.utils [-] Waiting for resource s_rally_a50a585d_vjptmKXe. Status changed: UPLOADING => AVAILABLE in 42.4378600121
2019-07-18 07:49:51.566 2784 RALLYDEBUG rally.task.utils [-] Waiting for resource s_rally_a50a585d_vjptmKXe. Status changed: AVAILABLE => DELETING in 0.0637159347534
2019-07-18 07:49:53.780 2783 RALLYDEBUG rally.task.utils [-] Waiting for resource s_rally_a50a585d_hGR5vW8S. Status changed: UPLOADING => AVAILABLE in 44.3435280323
2019-07-18 07:49:54.203 2784 INFO rally.task.runner [-] Task e219fd00-8397-4f3d-981a-b44c08125a20 | ITER: 5 END: OK
2019-07-18 07:49:54.209 2784 INFO rally.task.runner [-] Task e219fd00-8397-4f3d-981a-b44c08125a20 | ITER: 9 START
2019-07-18 07:49:54.270 2783 RALLYDEBUG rally.task.utils [-] Waiting for resource s_rally_a50a585d_hGR5vW8S. Status changed: AVAILABLE => DELETING in 0.0606260299683
2019-07-18 07:49:54.355 2785 RALLYDEBUG rally.task.utils [-] Waiting for resource s_rally_a50a585d_C1iuc8sk. Status changed: UPLOADING => AVAILABLE in 43.2470548153
2019-07-18 07:49:54.624 2782 RALLYDEBUG rally.task.utils [-] Waiting for resource s_rally_a50a585d_H52B1ONy. Status changed: UPLOADING => AVAILABLE in 43.0124771595
2019-07-18 07:49:55.032 2782 RALLYDEBUG rally.task.utils [-] Waiting for resource s_rally_a50a585d_H52B1ONy. Status changed: AVAILABLE => DELETING in 0.0510630607605
2019-07-18 07:49:55.039 2785 RALLYDEBUG rally.task.utils [-] Waiting for resource s_rally_a50a585d_C1iuc8sk. Status changed: AVAILABLE => DELETING in 0.0757801532745
2019-07-18 07:49:58.394 2782 INFO rally.task.runner [-] Task e219fd00-8397-4f3d-981a-b44c08125a20 | ITER: 8 END: OK
2019-07-18 07:49:58.399 2782 INFO rally.task.runner [-] Task e219fd00-8397-4f3d-981a-b44c08125a20 | ITER: 10 START
2019-07-18 07:49:58.401 2783 INFO rally.task.runner [-] Task e219fd00-8397-4f3d-981a-b44c08125a20 | ITER: 6 END: OK
2019-07-18 07:49:58.405 2785 INFO rally.task.runner [-] Task e219fd00-8397-4f3d-981a-b44c08125a20 | ITER: 7 END: OK
2019-07-18 07:49:59.291 2784 RALLYDEBUG rally.task.utils [-] Waiting for resource s_rally_a50a585d_dA4qIA4X. Status changed: AVAILABLE => UPLOADING in 0.24092912674
2019-07-18 07:50:03.550 2782 RALLYDEBUG rally.task.utils [-] Waiting for resource s_rally_a50a585d_6oa3dIac. Status changed: AVAILABLE => UPLOADING in 0.322047948837
2019-07-18 07:50:23.597 2784 RALLYDEBUG rally.task.utils [-] Waiting for resource s_rally_a50a585d_dA4qIA4X. Status changed: UPLOADING => AVAILABLE in 24.3063099384
2019-07-18 07:50:24.050 2784 RALLYDEBUG rally.task.utils [-] Waiting for resource s_rally_a50a585d_dA4qIA4X. Status changed: AVAILABLE => DELETING in 0.0527548789978
2019-07-18 07:50:27.283 2784 INFO rally.task.runner [-] Task e219fd00-8397-4f3d-981a-b44c08125a20 | ITER: 9 END: OK
