2019-07-18 07:34:56.439 7 RALLYDEBUG rally.api [-] INFO logs from urllib3 and requests module are hide.
2019-07-18 07:34:56.439 7 RALLYDEBUG rally.api [-] urllib3 insecure warnings are hidden.
2019-07-18 07:34:56.439 7 RALLYDEBUG rally.api [-] ERROR log from boto module is hide.
2019-07-18 07:34:57.492 7 ERROR rally.cli.cliutils [-] Unexpected exception in CLI: DBRecordNotFound: Record for uuid or name is opnfv-rally not found in table envs
2019-07-18 07:34:57.492 7 ERROR rally.cli.cliutils
Traceback (most recent call last):
2019-07-18 07:34:57.492 7 ERROR rally.cli.cliutils
File "/usr/lib/python2.7/site-packages/rally/cli/cliutils.py", line 674, in run
2019-07-18 07:34:57.492 7 ERROR rally.cli.cliutils ret = fn(*fn_args, **fn_kwargs)
2019-07-18 07:34:57.492 7 ERROR rally.cli.cliutils File "", line 2, in destroy
2019-07-18 07:34:57.492 7 ERROR rally.cli.cliutils
File "/usr/lib/python2.7/site-packages/rally/cli/envutils.py", line 69, in default_from_global
2019-07-18 07:34:57.492 7 ERROR rally.cli.cliutils return f(*args, **kwargs)
2019-07-18 07:34:57.492 7 ERROR rally.cli.cliutils File "", line 2, in destroy
2019-07-18 07:34:57.492 7 ERROR rally.cli.cliutils
File "/usr/lib/python2.7/site-packages/rally/plugins/__init__.py", line 51, in ensure_plugins_are_loaded
2019-07-18 07:34:57.492 7 ERROR rally.cli.cliutils return f(*args, **kwargs)
2019-07-18 07:34:57.492 7 ERROR rally.cli.cliutils
File "/usr/lib/python2.7/site-packages/rally/cli/commands/deployment.py", line 140, in destroy
2019-07-18 07:34:57.492 7 ERROR rally.cli.cliutils api.deployment.destroy(deployment=deployment)
2019-07-18 07:34:57.492 7 ERROR rally.cli.cliutils
File "/usr/lib/python2.7/site-packages/rally/api.py", line 115, in destroy
2019-07-18 07:34:57.492 7 ERROR rally.cli.cliutils deploy = objects.Deployment.get(deployment)
2019-07-18 07:34:57.492 7 ERROR rally.cli.cliutils
File "/usr/lib/python2.7/site-packages/rally/common/objects/deploy.py", line 124, in get
2019-07-18 07:34:57.492 7 ERROR rally.cli.cliutils return Deployment(env_mgr.EnvManager.get(deploy))
2019-07-18 07:34:57.492 7 ERROR rally.cli.cliutils
File "/usr/lib/python2.7/site-packages/rally/env/env_mgr.py", line 212, in get
2019-07-18 07:34:57.492 7 ERROR rally.cli.cliutils return cls(db.env_get(uuid_or_name))
2019-07-18 07:34:57.492 7 ERROR rally.cli.cliutils
File "/usr/lib/python2.7/site-packages/rally/common/db/api.py", line 135, in wrapper
2019-07-18 07:34:57.492 7 ERROR rally.cli.cliutils result = f(session, *args, **kwargs)
2019-07-18 07:34:57.492 7 ERROR rally.cli.cliutils
File "/usr/lib/python2.7/site-packages/rally/common/db/api.py", line 521, in env_get
2019-07-18 07:34:57.492 7 ERROR rally.cli.cliutils criteria="uuid or name is %s" % uuid_or_name, table="envs")
2019-07-18 07:34:57.492 7 ERROR rally.cli.cliutils DBRecordNotFound: Record for uuid or name is opnfv-rally not found in table envs
2019-07-18 07:34:57.492 7 ERROR rally.cli.cliutils
2019-07-18 07:34:58.127 9 RALLYDEBUG rally.api [-] INFO logs from urllib3 and requests module are hide.
2019-07-18 07:34:58.128 9 RALLYDEBUG rally.api [-] urllib3 insecure warnings are hidden.
2019-07-18 07:34:58.128 9 RALLYDEBUG rally.api [-] ERROR log from boto module is hide.
2019-07-18 07:34:59.402 9 WARNING rally_openstack.platforms.existing [-] endpoint is deprecated and not used.
2019-07-18 07:35:00.349 11 RALLYDEBUG rally.api [-] INFO logs from urllib3 and requests module are hide.
2019-07-18 07:35:00.349 11 RALLYDEBUG rally.api [-] urllib3 insecure warnings are hidden.
2019-07-18 07:35:00.349 11 RALLYDEBUG rally.api [-] ERROR log from boto module is hide.
2019-07-18 07:35:03.420 14 RALLYDEBUG rally.api [-] INFO logs from urllib3 and requests module are hide.
2019-07-18 07:35:03.420 14 RALLYDEBUG rally.api [-] urllib3 insecure warnings are hidden.
2019-07-18 07:35:03.420 14 RALLYDEBUG rally.api [-] ERROR log from boto module is hide.
2019-07-18 07:35:04.838 16 RALLYDEBUG rally.api [-] INFO logs from urllib3 and requests module are hide.
2019-07-18 07:35:04.838 16 RALLYDEBUG rally.api [-] urllib3 insecure warnings are hidden.
2019-07-18 07:35:04.838 16 RALLYDEBUG rally.api [-] ERROR log from boto module is hide.
2019-07-18 07:35:06.172 16 INFO rally.task.engine [-] Task 56e86b77-a296-45c1-bcc2-9837355bdc4c | Starting: Task validation.
2019-07-18 07:35:06.203 16 INFO rally.task.engine [-] Task 56e86b77-a296-45c1-bcc2-9837355bdc4c | Starting: Task validation of syntax.
2019-07-18 07:35:06.289 16 INFO rally.task.engine [-] Task 56e86b77-a296-45c1-bcc2-9837355bdc4c | Completed: Task validation of syntax.
2019-07-18 07:35:06.290 16 INFO rally.task.engine [-] Task 56e86b77-a296-45c1-bcc2-9837355bdc4c | Starting: Task validation of required platforms.
2019-07-18 07:35:06.330 16 INFO rally.task.engine [-] Task 56e86b77-a296-45c1-bcc2-9837355bdc4c | Completed: Task validation of required platforms.
2019-07-18 07:35:06.331 16 INFO rally.task.engine [-] Task 56e86b77-a296-45c1-bcc2-9837355bdc4c | Starting: Task validation of semantic.
2019-07-18 07:35:06.331 16 INFO rally.task.engine [-] Check health of the environment '8ee47d83-b995-4c05-bdeb-c9c730fc8a33'.
2019-07-18 07:35:07.171 16 INFO rally.task.engine [-] Platform existing@openstack (available: True): OK!
2019-07-18 07:35:07.189 16 RALLYDEBUG rally_openstack.contexts.keystone.users [-] Creating 1 tenants using 20 threads
2019-07-18 07:35:08.896 16 RALLYDEBUG rally_openstack.contexts.keystone.users [-] Creating 1 users using 20 threads
2019-07-18 07:35:11.343 16 INFO rally.task.context [-] Task 56e86b77-a296-45c1-bcc2-9837355bdc4c | Context users@openstack setup() finished in 4.15 sec
2019-07-18 07:35:11.391 16 INFO rally.task.context [-] Task 56e86b77-a296-45c1-bcc2-9837355bdc4c | Context users@openstack cleanup() started
2019-07-18 07:35:16.168 16 INFO rally.task.context [-] Task 56e86b77-a296-45c1-bcc2-9837355bdc4c | Context users@openstack cleanup() finished in 4.78 sec
2019-07-18 07:35:16.169 16 INFO rally.task.engine [-] Task 56e86b77-a296-45c1-bcc2-9837355bdc4c | Completed: Task validation of semantic.
2019-07-18 07:35:16.169 16 INFO rally.task.engine [-] Task 56e86b77-a296-45c1-bcc2-9837355bdc4c | Completed: Task validation.
2019-07-18 07:35:16.170 16 INFO rally.api [-] Task 56e86b77-a296-45c1-bcc2-9837355bdc4c input file is valid.
2019-07-18 07:35:16.170 16 INFO rally.api [-] Run Task 56e86b77-a296-45c1-bcc2-9837355bdc4c against Deployment 8ee47d83-b995-4c05-bdeb-c9c730fc8a33
2019-07-18 07:35:16.170 16 INFO rally.task.engine [-] Task 56e86b77-a296-45c1-bcc2-9837355bdc4c | Starting: Running task.
2019-07-18 07:35:16.304 16 INFO rally.task.engine [-] Running workload: position = 0 config = { "version": 2, "title": "A cropped version of a bigger task.", "description": "Auto-generated task from a single workload (uuid=aded1b88-e502-4110-8bd2-f4da3fbdef0d)", "subtasks": [ { "title": "Authenticate.keystone", "description": "Check Keystone Client.", "scenario": { "Authenticate.keystone": {} }, "contexts": { "users": { "tenants": 3, "users_per_tenant": 2 } }, "runner": { "constant": { "concurrency": 4, "times": 10 } }, "hooks": [], "sla": { "failure_rate": { "max": 0 } } } ] }
2019-07-18 07:35:16.323 16 RALLYDEBUG rally_openstack.contexts.keystone.users [-] Creating 3 tenants using 20 threads
2019-07-18 07:35:18.133 16 RALLYDEBUG rally_openstack.contexts.keystone.users [-] Creating 6 users using 20 threads
2019-07-18 07:35:20.770 16 INFO rally.task.context [-] Task 56e86b77-a296-45c1-bcc2-9837355bdc4c | Context users@openstack setup() finished in 4.45 sec
2019-07-18 07:35:20.777 16 RALLYDEBUG rally.task.runner [-] Starting the constant runner (task UUID: 56e86b77-a296-45c1-bcc2-9837355bdc4c). timeout: 0 concurrency: 4 concurrency_per_worker: 1 times: 10 concurrency_overhead: 0 processes_to_start: 4 max_cpu_used: 16
2019-07-18 07:35:20.790 140 RALLYDEBUG rally.task.runner [-] Starting a worker. concurrency: 1 args: {} times: 10 method_name: run timeout: 0 duration: None cls:
2019-07-18 07:35:20.793 141 RALLYDEBUG rally.task.runner [-] Starting a worker. concurrency: 1 args: {} times: 10 method_name: run timeout: 0 duration: None cls:
2019-07-18 07:35:20.795 142 RALLYDEBUG rally.task.runner [-] Starting a worker. concurrency: 1 args: {} times: 10 method_name: run timeout: 0 duration: None cls:
2019-07-18 07:35:20.797 140 INFO rally.task.runner [-] Task 56e86b77-a296-45c1-bcc2-9837355bdc4c | ITER: 1 START
2019-07-18 07:35:20.798 143 RALLYDEBUG rally.task.runner [-] Starting a worker. concurrency: 1 args: {} times: 10 method_name: run timeout: 0 duration: None cls:
2019-07-18 07:35:20.799 141 INFO rally.task.runner [-] Task 56e86b77-a296-45c1-bcc2-9837355bdc4c | ITER: 2 START
2019-07-18 07:35:20.801 142 INFO rally.task.runner [-] Task 56e86b77-a296-45c1-bcc2-9837355bdc4c | ITER: 3 START
2019-07-18 07:35:20.803 143 INFO rally.task.runner [-] Task 56e86b77-a296-45c1-bcc2-9837355bdc4c | ITER: 4 START
2019-07-18 07:35:21.413 141 INFO rally.task.runner [-] Task 56e86b77-a296-45c1-bcc2-9837355bdc4c | ITER: 2 END: OK
2019-07-18 07:35:21.417 141 INFO rally.task.runner [-] Task 56e86b77-a296-45c1-bcc2-9837355bdc4c | ITER: 5 START
2019-07-18 07:35:21.434 140 INFO rally.task.runner [-] Task 56e86b77-a296-45c1-bcc2-9837355bdc4c | ITER: 1 END: OK
2019-07-18 07:35:21.439 140 INFO rally.task.runner [-] Task 56e86b77-a296-45c1-bcc2-9837355bdc4c | ITER: 6 START
2019-07-18 07:35:21.460 143 INFO rally.task.runner [-] Task 56e86b77-a296-45c1-bcc2-9837355bdc4c | ITER: 4 END: OK
2019-07-18 07:35:21.463 143 INFO rally.task.runner [-] Task 56e86b77-a296-45c1-bcc2-9837355bdc4c | ITER: 7 START
2019-07-18 07:35:21.542 142 INFO rally.task.runner [-] Task 56e86b77-a296-45c1-bcc2-9837355bdc4c | ITER: 3 END: OK
2019-07-18 07:35:21.547 142 INFO rally.task.runner [-] Task 56e86b77-a296-45c1-bcc2-9837355bdc4c | ITER: 8 START
2019-07-18 07:35:21.978 143 INFO rally.task.runner [-] Task 56e86b77-a296-45c1-bcc2-9837355bdc4c | ITER: 7 END: OK
2019-07-18 07:35:21.981 143 INFO rally.task.runner [-] Task 56e86b77-a296-45c1-bcc2-9837355bdc4c | ITER: 9 START
2019-07-18 07:35:22.027 141 INFO rally.task.runner [-] Task 56e86b77-a296-45c1-bcc2-9837355bdc4c | ITER: 5 END: OK
2019-07-18 07:35:22.030 141 INFO rally.task.runner [-] Task 56e86b77-a296-45c1-bcc2-9837355bdc4c | ITER: 10 START
2019-07-18 07:35:22.037 140 INFO rally.task.runner [-] Task 56e86b77-a296-45c1-bcc2-9837355bdc4c | ITER: 6 END: OK
2019-07-18 07:35:22.147 142 INFO rally.task.runner [-] Task 56e86b77-a296-45c1-bcc2-9837355bdc4c | ITER: 8 END: OK
2019-07-18 07:35:22.550 143 INFO rally.task.runner [-] Task 56e86b77-a296-45c1-bcc2-9837355bdc4c | ITER: 9 END: OK
2019-07-18 07:35:22.599 141 INFO rally.task.runner [-] Task 56e86b77-a296-45c1-bcc2-9837355bdc4c | ITER: 10 END: OK
2019-07-18 07:35:22.621 16 INFO rally.task.context [-] Task 56e86b77-a296-45c1-bcc2-9837355bdc4c | Context users@openstack cleanup() started
2019-07-18 07:35:29.114 16 INFO rally.task.context [-] Task 56e86b77-a296-45c1-bcc2-9837355bdc4c | Context users@openstack cleanup() finished in 6.49 sec
2019-07-18 07:35:30.402 16 INFO rally.task.engine [-] Load duration is: 1.799821
2019-07-18 07:35:30.403 16 INFO rally.task.engine [-] Full runner duration is: 1.844883
2019-07-18 07:35:30.403 16 INFO rally.task.engine [-] Full duration is: 12.792044
2019-07-18 07:35:30.591 16 INFO rally.task.engine [-] Running workload: position = 0 config = { "version": 2, "title": "A cropped version of a bigger task.", "description": "Auto-generated task from a single workload (uuid=3c53666c-52ff-49b8-9c84-0733ed884218)", "subtasks": [ { "title": "Authenticate.validate_cinder", "description": "Check Cinder Client to ensure validation of token.", "scenario": { "Authenticate.validate_cinder": { "repetitions": 2 } }, "contexts": { "users": { "tenants": 3, "users_per_tenant": 2 } }, "runner": { "constant": { "concurrency": 4, "times": 10 } }, "hooks": [], "sla": { "failure_rate": { "max": 0 } } } ] }
2019-07-18 07:35:30.611 16 RALLYDEBUG rally_openstack.contexts.keystone.users [-] Creating 3 tenants using 20 threads
2019-07-18 07:35:32.410 16 RALLYDEBUG rally_openstack.contexts.keystone.users [-] Creating 6 users using 20 threads
2019-07-18 07:35:35.076 16 INFO rally.task.context [-] Task 56e86b77-a296-45c1-bcc2-9837355bdc4c | Context users@openstack setup() finished in 4.46 sec
2019-07-18 07:35:35.083 16 RALLYDEBUG rally.task.runner [-] Starting the constant runner (task UUID: 56e86b77-a296-45c1-bcc2-9837355bdc4c). timeout: 0 concurrency: 4 concurrency_per_worker: 1 times: 10 concurrency_overhead: 0 processes_to_start: 4 max_cpu_used: 16
2019-07-18 07:35:35.095 244 RALLYDEBUG rally.task.runner [-] Starting a worker. concurrency: 1 args: {"repetitions": 2} times: 10 method_name: run timeout: 0 duration: None cls:
2019-07-18 07:35:35.097 245 RALLYDEBUG rally.task.runner [-] Starting a worker. concurrency: 1 args: {"repetitions": 2} times: 10 method_name: run timeout: 0 duration: None cls:
2019-07-18 07:35:35.098 246 RALLYDEBUG rally.task.runner [-] Starting a worker. concurrency: 1 args: {"repetitions": 2} times: 10 method_name: run timeout: 0 duration: None cls:
2019-07-18 07:35:35.102 244 INFO rally.task.runner [-] Task 56e86b77-a296-45c1-bcc2-9837355bdc4c | ITER: 1 START
2019-07-18 07:35:35.103 246 INFO rally.task.runner [-] Task 56e86b77-a296-45c1-bcc2-9837355bdc4c | ITER: 3 START
2019-07-18 07:35:35.103 247 RALLYDEBUG rally.task.runner [-] Starting a worker. concurrency: 1 args: {"repetitions": 2} times: 10 method_name: run timeout: 0 duration: None cls:
2019-07-18 07:35:35.104 245 INFO rally.task.runner [-] Task 56e86b77-a296-45c1-bcc2-9837355bdc4c | ITER: 2 START
2019-07-18 07:35:35.109 247 INFO rally.task.runner [-] Task 56e86b77-a296-45c1-bcc2-9837355bdc4c | ITER: 4 START
2019-07-18 07:35:36.988 246 INFO rally.task.runner [-] Task 56e86b77-a296-45c1-bcc2-9837355bdc4c | ITER: 3 END: OK
2019-07-18 07:35:36.993 246 INFO rally.task.runner [-] Task 56e86b77-a296-45c1-bcc2-9837355bdc4c | ITER: 5 START
2019-07-18 07:35:36.998 247 INFO rally.task.runner [-] Task 56e86b77-a296-45c1-bcc2-9837355bdc4c | ITER: 4 END: OK
2019-07-18 07:35:37.002 247 INFO rally.task.runner [-] Task 56e86b77-a296-45c1-bcc2-9837355bdc4c | ITER: 6 START
2019-07-18 07:35:37.028 245 INFO rally.task.runner [-] Task 56e86b77-a296-45c1-bcc2-9837355bdc4c | ITER: 2 END: OK
2019-07-18 07:35:37.032 245 INFO rally.task.runner [-] Task 56e86b77-a296-45c1-bcc2-9837355bdc4c | ITER: 7 START
2019-07-18 07:35:37.064 244 INFO rally.task.runner [-] Task 56e86b77-a296-45c1-bcc2-9837355bdc4c | ITER: 1 END: OK
2019-07-18 07:35:37.068 244 INFO rally.task.runner [-] Task 56e86b77-a296-45c1-bcc2-9837355bdc4c | ITER: 8 START
2019-07-18 07:35:37.919 247 INFO rally.task.runner [-] Task 56e86b77-a296-45c1-bcc2-9837355bdc4c | ITER: 6 END: OK
2019-07-18 07:35:37.923 247 INFO rally.task.runner [-] Task 56e86b77-a296-45c1-bcc2-9837355bdc4c | ITER: 9 START
2019-07-18 07:35:39.591 245 INFO rally.task.runner [-] Task 56e86b77-a296-45c1-bcc2-9837355bdc4c | ITER: 7 END: OK
2019-07-18 07:35:39.595 245 INFO rally.task.runner [-] Task 56e86b77-a296-45c1-bcc2-9837355bdc4c | ITER: 10 START
2019-07-18 07:35:40.087 247 INFO rally.task.runner [-] Task 56e86b77-a296-45c1-bcc2-9837355bdc4c | ITER: 9 END: OK
2019-07-18 07:35:40.394 246 INFO rally.task.runner [-] Task 56e86b77-a296-45c1-bcc2-9837355bdc4c | ITER: 5 END: OK
2019-07-18 07:35:40.729 244 INFO rally.task.runner [-] Task 56e86b77-a296-45c1-bcc2-9837355bdc4c | ITER: 8 END: OK
2019-07-18 07:35:40.917 245 INFO rally.task.runner [-] Task 56e86b77-a296-45c1-bcc2-9837355bdc4c | ITER: 10 END: OK
2019-07-18 07:35:40.940 16 INFO rally.task.context [-] Task 56e86b77-a296-45c1-bcc2-9837355bdc4c | Context users@openstack cleanup() started
2019-07-18 07:35:48.230 16 INFO rally.task.context [-] Task 56e86b77-a296-45c1-bcc2-9837355bdc4c | Context users@openstack cleanup() finished in 7.29 sec
2019-07-18 07:35:48.718 16 INFO rally.task.engine [-] Load duration is: 5.814153
2019-07-18 07:35:48.718 16 INFO rally.task.engine [-] Full runner duration is: 5.857511
2019-07-18 07:35:48.719 16 INFO rally.task.engine [-] Full duration is: 17.620527
2019-07-18 07:35:48.950 16 INFO rally.task.engine [-] Running workload: position = 0 config = { "version": 2, "title": "A cropped version of a bigger task.", "description": "Auto-generated task from a single workload (uuid=d2e52407-e5fa-4b28-bf73-100505091277)", "subtasks": [ { "title": "Authenticate.validate_glance", "description": "Check Glance Client to ensure validation of token.", "scenario": { "Authenticate.validate_glance": { "repetitions": 2 } }, "contexts": { "users": { "tenants": 3, "users_per_tenant": 2 } }, "runner": { "constant": { "concurrency": 4, "times": 10 } }, "hooks": [], "sla": { "failure_rate": { "max": 0 } } } ] }
2019-07-18 07:35:48.969 16 RALLYDEBUG rally_openstack.contexts.keystone.users [-] Creating 3 tenants using 20 threads
2019-07-18 07:35:50.915 16 RALLYDEBUG rally_openstack.contexts.keystone.users [-] Creating 6 users using 20 threads
2019-07-18 07:35:53.760 16 INFO rally.task.context [-] Task 56e86b77-a296-45c1-bcc2-9837355bdc4c | Context users@openstack setup() finished in 4.79 sec
2019-07-18 07:35:53.767 16 RALLYDEBUG rally.task.runner [-] Starting the constant runner (task UUID: 56e86b77-a296-45c1-bcc2-9837355bdc4c). timeout: 0 concurrency: 4 concurrency_per_worker: 1 times: 10 concurrency_overhead: 0 processes_to_start: 4 max_cpu_used: 16
2019-07-18 07:35:53.780 348 RALLYDEBUG rally.task.runner [-] Starting a worker. concurrency: 1 args: {"repetitions": 2} times: 10 method_name: run timeout: 0 duration: None cls:
2019-07-18 07:35:53.783 349 RALLYDEBUG rally.task.runner [-] Starting a worker. concurrency: 1 args: {"repetitions": 2} times: 10 method_name: run timeout: 0 duration: None cls:
2019-07-18 07:35:53.785 350 RALLYDEBUG rally.task.runner [-] Starting a worker. concurrency: 1 args: {"repetitions": 2} times: 10 method_name: run timeout: 0 duration: None cls:
2019-07-18 07:35:53.786 348 INFO rally.task.runner [-] Task 56e86b77-a296-45c1-bcc2-9837355bdc4c | ITER: 1 START
2019-07-18 07:35:53.788 351 RALLYDEBUG rally.task.runner [-] Starting a worker. concurrency: 1 args: {"repetitions": 2} times: 10 method_name: run timeout: 0 duration: None cls:
2019-07-18 07:35:53.790 349 INFO rally.task.runner [-] Task 56e86b77-a296-45c1-bcc2-9837355bdc4c | ITER: 2 START
2019-07-18 07:35:53.792 350 INFO rally.task.runner [-] Task 56e86b77-a296-45c1-bcc2-9837355bdc4c | ITER: 3 START
2019-07-18 07:35:53.796 351 INFO rally.task.runner [-] Task 56e86b77-a296-45c1-bcc2-9837355bdc4c | ITER: 4 START
2019-07-18 07:35:54.572 348 INFO rally.task.runner [-] Task 56e86b77-a296-45c1-bcc2-9837355bdc4c | ITER: 1 END: OK
2019-07-18 07:35:54.577 348 INFO rally.task.runner [-] Task 56e86b77-a296-45c1-bcc2-9837355bdc4c | ITER: 5 START
2019-07-18 07:35:54.609 351 INFO rally.task.runner [-] Task 56e86b77-a296-45c1-bcc2-9837355bdc4c | ITER: 4 END: OK
2019-07-18 07:35:54.613 351 INFO rally.task.runner [-] Task 56e86b77-a296-45c1-bcc2-9837355bdc4c | ITER: 6 START
2019-07-18 07:35:54.638 349 INFO rally.task.runner [-] Task 56e86b77-a296-45c1-bcc2-9837355bdc4c | ITER: 2 END: OK
2019-07-18 07:35:54.642 349 INFO rally.task.runner [-] Task 56e86b77-a296-45c1-bcc2-9837355bdc4c | ITER: 7 START
2019-07-18 07:35:54.645 350 INFO rally.task.runner [-] Task 56e86b77-a296-45c1-bcc2-9837355bdc4c | ITER: 3 END: OK
2019-07-18 07:35:54.650 350 INFO rally.task.runner [-] Task 56e86b77-a296-45c1-bcc2-9837355bdc4c | ITER: 8 START
2019-07-18 07:35:55.390 350 INFO rally.task.runner [-] Task 56e86b77-a296-45c1-bcc2-9837355bdc4c | ITER: 8 END: OK
2019-07-18 07:35:55.394 350 INFO rally.task.runner [-] Task 56e86b77-a296-45c1-bcc2-9837355bdc4c | ITER: 9 START
2019-07-18 07:35:55.478 351 INFO rally.task.runner [-] Task 56e86b77-a296-45c1-bcc2-9837355bdc4c | ITER: 6 END: OK
2019-07-18 07:35:55.482 351 INFO rally.task.runner [-] Task 56e86b77-a296-45c1-bcc2-9837355bdc4c | ITER: 10 START
2019-07-18 07:35:55.532 349 INFO rally.task.runner [-] Task 56e86b77-a296-45c1-bcc2-9837355bdc4c | ITER: 7 END: OK
2019-07-18 07:35:55.535 348 INFO rally.task.runner [-] Task 56e86b77-a296-45c1-bcc2-9837355bdc4c | ITER: 5 END: OK
2019-07-18 07:35:56.160 351 INFO rally.task.runner [-] Task 56e86b77-a296-45c1-bcc2-9837355bdc4c | ITER: 10 END: OK
2019-07-18 07:35:56.194 350 INFO rally.task.runner [-] Task 56e86b77-a296-45c1-bcc2-9837355bdc4c | ITER: 9 END: OK
2019-07-18 07:35:56.219 16 INFO rally.task.context [-] Task 56e86b77-a296-45c1-bcc2-9837355bdc4c | Context users@openstack cleanup() started
2019-07-18 07:36:02.752 16 INFO rally.task.context [-] Task 56e86b77-a296-45c1-bcc2-9837355bdc4c | Context users@openstack cleanup() finished in 6.53 sec
2019-07-18 07:36:03.059 16 INFO rally.task.engine [-] Load duration is: 2.406866
2019-07-18 07:36:03.059 16 INFO rally.task.engine [-] Full runner duration is: 2.4518
2019-07-18 07:36:03.060 16 INFO rally.task.engine [-] Full duration is: 13.783669
2019-07-18 07:36:03.262 16 INFO rally.task.engine [-] Running workload: position = 0 config = { "version": 2, "title": "A cropped version of a bigger task.", "description": "Auto-generated task from a single workload (uuid=862aae08-d44a-40dc-bb8f-646db74f6eb1)", "subtasks": [ { "title": "Authenticate.validate_heat", "description": "Check Heat Client to ensure validation of token.", "scenario": { "Authenticate.validate_heat": { "repetitions": 2 } }, "contexts": { "users": { "tenants": 3, "users_per_tenant": 2 } }, "runner": { "constant": { "concurrency": 4, "times": 10 } }, "hooks": [], "sla": { "failure_rate": { "max": 0 } } } ] }
2019-07-18 07:36:03.282 16 RALLYDEBUG rally_openstack.contexts.keystone.users [-] Creating 3 tenants using 20 threads
2019-07-18 07:36:05.138 16 RALLYDEBUG rally_openstack.contexts.keystone.users [-] Creating 6 users using 20 threads
2019-07-18 07:36:07.881 16 INFO rally.task.context [-] Task 56e86b77-a296-45c1-bcc2-9837355bdc4c | Context users@openstack setup() finished in 4.60 sec
2019-07-18 07:36:07.890 16 RALLYDEBUG rally.task.runner [-] Starting the constant runner (task UUID: 56e86b77-a296-45c1-bcc2-9837355bdc4c). timeout: 0 concurrency: 4 concurrency_per_worker: 1 times: 10 concurrency_overhead: 0 processes_to_start: 4 max_cpu_used: 16
2019-07-18 07:36:07.902 452 RALLYDEBUG rally.task.runner [-] Starting a worker. concurrency: 1 args: {"repetitions": 2} times: 10 method_name: run timeout: 0 duration: None cls:
2019-07-18 07:36:07.904 453 RALLYDEBUG rally.task.runner [-] Starting a worker. concurrency: 1 args: {"repetitions": 2} times: 10 method_name: run timeout: 0 duration: None cls:
2019-07-18 07:36:07.906 454 RALLYDEBUG rally.task.runner [-] Starting a worker. concurrency: 1 args: {"repetitions": 2} times: 10 method_name: run timeout: 0 duration: None cls:
2019-07-18 07:36:07.908 452 INFO rally.task.runner [-] Task 56e86b77-a296-45c1-bcc2-9837355bdc4c | ITER: 1 START
2019-07-18 07:36:07.910 453 INFO rally.task.runner [-] Task 56e86b77-a296-45c1-bcc2-9837355bdc4c | ITER: 2 START
2019-07-18 07:36:07.910 455 RALLYDEBUG rally.task.runner [-] Starting a worker. concurrency: 1 args: {"repetitions": 2} times: 10 method_name: run timeout: 0 duration: None cls:
2019-07-18 07:36:07.912 454 INFO rally.task.runner [-] Task 56e86b77-a296-45c1-bcc2-9837355bdc4c | ITER: 3 START
2019-07-18 07:36:07.916 455 INFO rally.task.runner [-] Task 56e86b77-a296-45c1-bcc2-9837355bdc4c | ITER: 4 START
2019-07-18 07:36:09.739 453 INFO rally.task.runner [-] Task 56e86b77-a296-45c1-bcc2-9837355bdc4c | ITER: 2 END: OK
2019-07-18 07:36:09.744 453 INFO rally.task.runner [-] Task 56e86b77-a296-45c1-bcc2-9837355bdc4c | ITER: 5 START
2019-07-18 07:36:09.756 452 INFO rally.task.runner [-] Task 56e86b77-a296-45c1-bcc2-9837355bdc4c | ITER: 1 END: OK
2019-07-18 07:36:09.761 452 INFO rally.task.runner [-] Task 56e86b77-a296-45c1-bcc2-9837355bdc4c | ITER: 6 START
2019-07-18 07:36:09.771 454 INFO rally.task.runner [-] Task 56e86b77-a296-45c1-bcc2-9837355bdc4c | ITER: 3 END: OK
2019-07-18 07:36:09.775 454 INFO rally.task.runner [-] Task 56e86b77-a296-45c1-bcc2-9837355bdc4c | ITER: 7 START
2019-07-18 07:36:09.789 455 INFO rally.task.runner [-] Task 56e86b77-a296-45c1-bcc2-9837355bdc4c | ITER: 4 END: OK
2019-07-18 07:36:09.793 455 INFO rally.task.runner [-] Task 56e86b77-a296-45c1-bcc2-9837355bdc4c | ITER: 8 START
2019-07-18 07:36:10.733 454 INFO rally.task.runner [-] Task 56e86b77-a296-45c1-bcc2-9837355bdc4c | ITER: 7 END: OK
2019-07-18 07:36:10.736 454 INFO rally.task.runner [-] Task 56e86b77-a296-45c1-bcc2-9837355bdc4c | ITER: 9 START
2019-07-18 07:36:11.075 455 INFO rally.task.runner [-] Task 56e86b77-a296-45c1-bcc2-9837355bdc4c | ITER: 8 END: OK
2019-07-18 07:36:11.078 455 INFO rally.task.runner [-] Task 56e86b77-a296-45c1-bcc2-9837355bdc4c | ITER: 10 START
2019-07-18 07:36:11.108 453 INFO rally.task.runner [-] Task 56e86b77-a296-45c1-bcc2-9837355bdc4c | ITER: 5 END: OK
2019-07-18 07:36:11.167 452 INFO rally.task.runner [-] Task 56e86b77-a296-45c1-bcc2-9837355bdc4c | ITER: 6 END: OK
2019-07-18 07:36:11.629 454 INFO rally.task.runner [-] Task 56e86b77-a296-45c1-bcc2-9837355bdc4c | ITER: 9 END: OK
2019-07-18 07:36:12.432 455 INFO rally.task.runner [-] Task 56e86b77-a296-45c1-bcc2-9837355bdc4c | ITER: 10 END: OK
2019-07-18 07:36:12.458 16 INFO rally.task.context [-] Task 56e86b77-a296-45c1-bcc2-9837355bdc4c | Context users@openstack cleanup() started
2019-07-18 07:36:21.557 16 INFO rally.task.context [-] Task 56e86b77-a296-45c1-bcc2-9837355bdc4c | Context users@openstack cleanup() finished in 9.10 sec
2019-07-18 07:36:23.383 16 INFO rally.task.engine [-] Load duration is: 4.522248
2019-07-18 07:36:23.383 16 INFO rally.task.engine [-] Full runner duration is: 4.569724
2019-07-18 07:36:23.384 16 INFO rally.task.engine [-] Full duration is: 18.276007
2019-07-18 07:36:23.581 16 INFO rally.task.engine [-] Running workload: position = 0 config = { "version": 2, "title": "A cropped version of a bigger task.", "description": "Auto-generated task from a single workload (uuid=9106591e-9bdd-4ee3-9f84-7aa4f0486330)", "subtasks": [ { "title": "Authenticate.validate_neutron", "description": "Check Neutron Client to ensure validation of token.", "scenario": { "Authenticate.validate_neutron": { "repetitions": 2 } }, "contexts": { "users": { "tenants": 3, "users_per_tenant": 2 } }, "runner": { "constant": { "concurrency": 4, "times": 10 } }, "hooks": [], "sla": { "failure_rate": { "max": 0 } } } ] }
2019-07-18 07:36:23.599 16 RALLYDEBUG rally_openstack.contexts.keystone.users [-] Creating 3 tenants using 20 threads
2019-07-18 07:36:25.374 16 RALLYDEBUG rally_openstack.contexts.keystone.users [-] Creating 6 users using 20 threads
2019-07-18 07:36:28.022 16 INFO rally.task.context [-] Task 56e86b77-a296-45c1-bcc2-9837355bdc4c | Context users@openstack setup() finished in 4.42 sec
2019-07-18 07:36:28.029 16 RALLYDEBUG rally.task.runner [-] Starting the constant runner (task UUID: 56e86b77-a296-45c1-bcc2-9837355bdc4c). timeout: 0 concurrency: 4 concurrency_per_worker: 1 times: 10 concurrency_overhead: 0 processes_to_start: 4 max_cpu_used: 16
2019-07-18 07:36:28.037 556 RALLYDEBUG rally.task.runner [-] Starting a worker. concurrency: 1 args: {"repetitions": 2} times: 10 method_name: run timeout: 0 duration: None cls:
2019-07-18 07:36:28.041 556 INFO rally.task.runner [-] Task 56e86b77-a296-45c1-bcc2-9837355bdc4c | ITER: 1 START
2019-07-18 07:36:28.041 558 RALLYDEBUG rally.task.runner [-] Starting a worker. concurrency: 1 args: {"repetitions": 2} times: 10 method_name: run timeout: 0 duration: None cls:
2019-07-18 07:36:28.042 557 RALLYDEBUG rally.task.runner [-] Starting a worker. concurrency: 1 args: {"repetitions": 2} times: 10 method_name: run timeout: 0 duration: None cls:
2019-07-18 07:36:28.044 558 INFO rally.task.runner [-] Task 56e86b77-a296-45c1-bcc2-9837355bdc4c | ITER: 2 START
2019-07-18 07:36:28.045 561 RALLYDEBUG rally.task.runner [-] Starting a worker. concurrency: 1 args: {"repetitions": 2} times: 10 method_name: run timeout: 0 duration: None cls:
2019-07-18 07:36:28.048 561 INFO rally.task.runner [-] Task 56e86b77-a296-45c1-bcc2-9837355bdc4c | ITER: 4 START
2019-07-18 07:36:28.049 557 INFO rally.task.runner [-] Task 56e86b77-a296-45c1-bcc2-9837355bdc4c | ITER: 3 START
2019-07-18 07:36:28.946 557 INFO rally.task.runner [-] Task 56e86b77-a296-45c1-bcc2-9837355bdc4c | ITER: 3 END: OK
2019-07-18 07:36:28.950 557 INFO rally.task.runner [-] Task 56e86b77-a296-45c1-bcc2-9837355bdc4c | ITER: 5 START
2019-07-18 07:36:29.518 561 INFO rally.task.runner [-] Task 56e86b77-a296-45c1-bcc2-9837355bdc4c | ITER: 4 END: OK
2019-07-18 07:36:29.522 561 INFO rally.task.runner [-] Task 56e86b77-a296-45c1-bcc2-9837355bdc4c | ITER: 6 START
2019-07-18 07:36:29.544 556 INFO rally.task.runner [-] Task 56e86b77-a296-45c1-bcc2-9837355bdc4c | ITER: 1 END: OK
2019-07-18 07:36:29.549 558 INFO rally.task.runner [-] Task 56e86b77-a296-45c1-bcc2-9837355bdc4c | ITER: 2 END: OK
2019-07-18 07:36:29.549 556 INFO rally.task.runner [-] Task 56e86b77-a296-45c1-bcc2-9837355bdc4c | ITER: 7 START
2019-07-18 07:36:29.552 558 INFO rally.task.runner [-] Task 56e86b77-a296-45c1-bcc2-9837355bdc4c | ITER: 8 START
2019-07-18 07:36:29.898 557 INFO rally.task.runner [-] Task 56e86b77-a296-45c1-bcc2-9837355bdc4c | ITER: 5 END: OK
2019-07-18 07:36:29.901 557 INFO rally.task.runner [-] Task 56e86b77-a296-45c1-bcc2-9837355bdc4c | ITER: 9 START
2019-07-18 07:36:30.470 561 INFO rally.task.runner [-] Task 56e86b77-a296-45c1-bcc2-9837355bdc4c | ITER: 6 END: OK
2019-07-18 07:36:30.474 561 INFO rally.task.runner [-] Task 56e86b77-a296-45c1-bcc2-9837355bdc4c | ITER: 10 START
2019-07-18 07:36:30.493 558 INFO rally.task.runner [-] Task 56e86b77-a296-45c1-bcc2-9837355bdc4c | ITER: 8 END: OK
2019-07-18 07:36:30.543 556 INFO rally.task.runner [-] Task 56e86b77-a296-45c1-bcc2-9837355bdc4c | ITER: 7 END: OK
2019-07-18 07:36:30.810 557 INFO rally.task.runner [-] Task 56e86b77-a296-45c1-bcc2-9837355bdc4c | ITER: 9 END: OK
2019-07-18 07:36:31.310 561 INFO rally.task.runner [-] Task 56e86b77-a296-45c1-bcc2-9837355bdc4c | ITER: 10 END: OK
2019-07-18 07:36:31.332 16 INFO rally.task.context [-] Task 56e86b77-a296-45c1-bcc2-9837355bdc4c | Context users@openstack cleanup() started
2019-07-18 07:36:37.855 16 INFO rally.task.context [-] Task 56e86b77-a296-45c1-bcc2-9837355bdc4c | Context users@openstack cleanup() finished in 6.52 sec
2019-07-18 07:36:39.674 16 INFO rally.task.engine [-] Load duration is: 3.267738
2019-07-18 07:36:39.675 16 INFO rally.task.engine [-] Full runner duration is: 3.303033
2019-07-18 07:36:39.675 16 INFO rally.task.engine [-] Full duration is: 14.257817
2019-07-18 07:36:39.891 16 INFO rally.task.engine [-] Running workload: position = 0 config = { "version": 2, "title": "A cropped version of a bigger task.", "description": "Auto-generated task from a single workload (uuid=53878d68-db45-4597-a354-f1cb548da3ac)", "subtasks": [ { "title": "Authenticate.validate_nova", "description": "Check Nova Client to ensure validation of token.", "scenario": { "Authenticate.validate_nova": { "repetitions": 2 } }, "contexts": { "users": { "tenants": 3, "users_per_tenant": 2 } }, "runner": { "constant": { "concurrency": 4, "times": 10 } }, "hooks": [], "sla": { "failure_rate": { "max": 0 } } } ] }
2019-07-18 07:36:39.911 16 RALLYDEBUG rally_openstack.contexts.keystone.users [-] Creating 3 tenants using 20 threads
2019-07-18 07:36:41.812 16 RALLYDEBUG rally_openstack.contexts.keystone.users [-] Creating 6 users using 20 threads
2019-07-18 07:36:44.639 16 INFO rally.task.context [-] Task 56e86b77-a296-45c1-bcc2-9837355bdc4c | Context users@openstack setup() finished in 4.73 sec
2019-07-18 07:36:44.647 16 RALLYDEBUG rally.task.runner [-] Starting the constant runner (task UUID: 56e86b77-a296-45c1-bcc2-9837355bdc4c). timeout: 0 concurrency: 4 concurrency_per_worker: 1 times: 10 concurrency_overhead: 0 processes_to_start: 4 max_cpu_used: 16
2019-07-18 07:36:44.656 660 RALLYDEBUG rally.task.runner [-] Starting a worker. concurrency: 1 args: {"repetitions": 2} times: 10 method_name: run timeout: 0 duration: None cls:
2019-07-18 07:36:44.660 660 INFO rally.task.runner [-] Task 56e86b77-a296-45c1-bcc2-9837355bdc4c | ITER: 1 START
2019-07-18 07:36:44.660 661 RALLYDEBUG rally.task.runner [-] Starting a worker. concurrency: 1 args: {"repetitions": 2} times: 10 method_name: run timeout: 0 duration: None cls:
2019-07-18 07:36:44.663 665 RALLYDEBUG rally.task.runner [-] Starting a worker. concurrency: 1 args: {"repetitions": 2} times: 10 method_name: run timeout: 0 duration: None cls:
2019-07-18 07:36:44.662 662 RALLYDEBUG rally.task.runner [-] Starting a worker. concurrency: 1 args: {"repetitions": 2} times: 10 method_name: run timeout: 0 duration: None cls:
2019-07-18 07:36:44.666 665 INFO rally.task.runner [-] Task 56e86b77-a296-45c1-bcc2-9837355bdc4c | ITER: 3 START
2019-07-18 07:36:44.666 661 INFO rally.task.runner [-] Task 56e86b77-a296-45c1-bcc2-9837355bdc4c | ITER: 2 START
2019-07-18 07:36:44.668 662 INFO rally.task.runner [-] Task 56e86b77-a296-45c1-bcc2-9837355bdc4c | ITER: 4 START
2019-07-18 07:36:45.168 665 DEBUG novaclient.v2.client [-] REQ: curl -g -i -X GET http://172.30.9.24:8774/v2.1/flavors/detail -H "Accept: application/json" -H "User-Agent: python-novaclient" -H "X-Auth-Token: {SHA1}c5913d84a82237a92927b9ab48529ac4d836ed1b" _http_log_request /usr/lib/python2.7/site-packages/keystoneauth1/session.py:448
2019-07-18 07:36:45.179 662 DEBUG novaclient.v2.client [-] REQ: curl -g -i -X GET http://172.30.9.24:8774/v2.1/flavors/detail -H "Accept: application/json" -H "User-Agent: python-novaclient" -H "X-Auth-Token: {SHA1}1e1859af9531b84d120828440e9bd7df6f227a00" _http_log_request /usr/lib/python2.7/site-packages/keystoneauth1/session.py:448
2019-07-18 07:36:45.189 660 DEBUG novaclient.v2.client [-] REQ: curl -g -i -X GET http://172.30.9.24:8774/v2.1/flavors/detail -H "Accept: application/json" -H "User-Agent: python-novaclient" -H "X-Auth-Token: {SHA1}7d1f11a0bf6ed59ae26e6f96ad02e1512999aa98" _http_log_request /usr/lib/python2.7/site-packages/keystoneauth1/session.py:448
2019-07-18 07:36:45.194 661 DEBUG novaclient.v2.client [-] REQ: curl -g -i -X GET http://172.30.9.24:8774/v2.1/flavors/detail -H "Accept: application/json" -H "User-Agent: python-novaclient" -H "X-Auth-Token: {SHA1}0b96a094941aa5a135c3849fccaf845cb8ae5281" _http_log_request /usr/lib/python2.7/site-packages/keystoneauth1/session.py:448
2019-07-18 07:36:45.465 662 DEBUG novaclient.v2.client [-] RESP: [200] Content-Encoding: gzip Content-Length: 363 Content-Type: application/json Date: Thu, 18 Jul 2019 07:36:45 GMT OpenStack-API-Version: compute 2.1 Server: Apache Vary: OpenStack-API-Version,X-OpenStack-Nova-API-Version,Accept-Encoding X-OpenStack-Nova-API-Version: 2.1 x-compute-request-id: req-59539790-a49c-4c59-aec0-7465881b5dfc x-openstack-request-id: req-59539790-a49c-4c59-aec0-7465881b5dfc _http_log_response /usr/lib/python2.7/site-packages/keystoneauth1/session.py:479
2019-07-18 07:36:45.466 662 DEBUG novaclient.v2.client [-] RESP BODY: {"flavors": [{"name": "rally_full-flavor_d72fd013-6d65-4b45-bbaf-a6a288565deb", "links": [{"href": "http://172.30.9.24:8774/v2.1/flavors/3965b147-9ca7-456b-b66b-3df62a31d711", "rel": "self"}, {"href": "http://172.30.9.24:8774/flavors/3965b147-9ca7-456b-b66b-3df62a31d711", "rel": "bookmark"}], "ram": 512, "OS-FLV-DISABLED:disabled": false, "vcpus": 1, "swap": "", "os-flavor-access:is_public": true, "rxtx_factor": 1.0, "OS-FLV-EXT-DATA:ephemeral": 0, "disk": 1, "id": "3965b147-9ca7-456b-b66b-3df62a31d711"}, {"name": "rally_full-flavor_alt_d72fd013-6d65-4b45-bbaf-a6a288565deb", "links": [{"href": "http://172.30.9.24:8774/v2.1/flavors/eb836a03-dae8-4fff-b4b6-3774bac5c114", "rel": "self"}, {"href": "http://172.30.9.24:8774/flavors/eb836a03-dae8-4fff-b4b6-3774bac5c114", "rel": "bookmark"}], "ram": 1024, "OS-FLV-DISABLED:disabled": false, "vcpus": 1, "swap": "", "os-flavor-access:is_public": true, "rxtx_factor": 1.0, "OS-FLV-EXT-DATA:ephemeral": 0, "disk": 1, "id": "eb836a03-dae8-4fff-b4b6-3774bac5c114"}]} _http_log_response /usr/lib/python2.7/site-packages/keystoneauth1/session.py:511
2019-07-18 07:36:45.466 662 DEBUG novaclient.v2.client [-] GET call to compute for http://172.30.9.24:8774/v2.1/flavors/detail used request id req-59539790-a49c-4c59-aec0-7465881b5dfc request /usr/lib/python2.7/site-packages/keystoneauth1/session.py:844
2019-07-18 07:36:45.468 662 DEBUG novaclient.v2.client [-] REQ: curl -g -i -X GET http://172.30.9.24:8774/v2.1/flavors/detail -H "Accept: application/json" -H "User-Agent: python-novaclient" -H "X-Auth-Token: {SHA1}1e1859af9531b84d120828440e9bd7df6f227a00" _http_log_request /usr/lib/python2.7/site-packages/keystoneauth1/session.py:448
2019-07-18 07:36:45.469 665 DEBUG novaclient.v2.client [-] RESP: [200] Content-Encoding: gzip Content-Length: 363 Content-Type: application/json Date: Thu, 18 Jul 2019 07:36:45 GMT OpenStack-API-Version: compute 2.1 Server: Apache Vary: OpenStack-API-Version,X-OpenStack-Nova-API-Version,Accept-Encoding X-OpenStack-Nova-API-Version: 2.1 x-compute-request-id: req-4302fa5f-d8a5-42b2-a6f4-825dcf959a81 x-openstack-request-id: req-4302fa5f-d8a5-42b2-a6f4-825dcf959a81 _http_log_response /usr/lib/python2.7/site-packages/keystoneauth1/session.py:479
2019-07-18 07:36:45.470 665 DEBUG novaclient.v2.client [-] RESP BODY: {"flavors": [{"name": "rally_full-flavor_d72fd013-6d65-4b45-bbaf-a6a288565deb", "links": [{"href": "http://172.30.9.24:8774/v2.1/flavors/3965b147-9ca7-456b-b66b-3df62a31d711", "rel": "self"}, {"href": "http://172.30.9.24:8774/flavors/3965b147-9ca7-456b-b66b-3df62a31d711", "rel": "bookmark"}], "ram": 512, "OS-FLV-DISABLED:disabled": false, "vcpus": 1, "swap": "", "os-flavor-access:is_public": true, "rxtx_factor": 1.0, "OS-FLV-EXT-DATA:ephemeral": 0, "disk": 1, "id": "3965b147-9ca7-456b-b66b-3df62a31d711"}, {"name": "rally_full-flavor_alt_d72fd013-6d65-4b45-bbaf-a6a288565deb", "links": [{"href": "http://172.30.9.24:8774/v2.1/flavors/eb836a03-dae8-4fff-b4b6-3774bac5c114", "rel": "self"}, {"href": "http://172.30.9.24:8774/flavors/eb836a03-dae8-4fff-b4b6-3774bac5c114", "rel": "bookmark"}], "ram": 1024, "OS-FLV-DISABLED:disabled": false, "vcpus": 1, "swap": "", "os-flavor-access:is_public": true, "rxtx_factor": 1.0, "OS-FLV-EXT-DATA:ephemeral": 0, "disk": 1, "id": "eb836a03-dae8-4fff-b4b6-3774bac5c114"}]} _http_log_response /usr/lib/python2.7/site-packages/keystoneauth1/session.py:511
2019-07-18 07:36:45.471 665 DEBUG novaclient.v2.client [-] GET call to compute for http://172.30.9.24:8774/v2.1/flavors/detail used request id req-4302fa5f-d8a5-42b2-a6f4-825dcf959a81 request /usr/lib/python2.7/site-packages/keystoneauth1/session.py:844
2019-07-18 07:36:45.472 665 DEBUG novaclient.v2.client [-] REQ: curl -g -i -X GET http://172.30.9.24:8774/v2.1/flavors/detail -H "Accept: application/json" -H "User-Agent: python-novaclient" -H "X-Auth-Token: {SHA1}c5913d84a82237a92927b9ab48529ac4d836ed1b" _http_log_request /usr/lib/python2.7/site-packages/keystoneauth1/session.py:448
2019-07-18 07:36:45.487 660 DEBUG novaclient.v2.client [-] RESP: [200] Content-Encoding: gzip Content-Length: 363 Content-Type: application/json Date: Thu, 18 Jul 2019 07:36:45 GMT OpenStack-API-Version: compute 2.1 Server: Apache Vary: OpenStack-API-Version,X-OpenStack-Nova-API-Version,Accept-Encoding X-OpenStack-Nova-API-Version: 2.1 x-compute-request-id: req-1191c9d3-daa1-48d0-87e9-d2e998d14510 x-openstack-request-id: req-1191c9d3-daa1-48d0-87e9-d2e998d14510 _http_log_response /usr/lib/python2.7/site-packages/keystoneauth1/session.py:479
2019-07-18 07:36:45.488 660 DEBUG novaclient.v2.client [-] RESP BODY: {"flavors": [{"name": "rally_full-flavor_d72fd013-6d65-4b45-bbaf-a6a288565deb", "links": [{"href": "http://172.30.9.24:8774/v2.1/flavors/3965b147-9ca7-456b-b66b-3df62a31d711", "rel": "self"}, {"href": "http://172.30.9.24:8774/flavors/3965b147-9ca7-456b-b66b-3df62a31d711", "rel": "bookmark"}], "ram": 512, "OS-FLV-DISABLED:disabled": false, "vcpus": 1, "swap": "", "os-flavor-access:is_public": true, "rxtx_factor": 1.0, "OS-FLV-EXT-DATA:ephemeral": 0, "disk": 1, "id": "3965b147-9ca7-456b-b66b-3df62a31d711"}, {"name": "rally_full-flavor_alt_d72fd013-6d65-4b45-bbaf-a6a288565deb", "links": [{"href": "http://172.30.9.24:8774/v2.1/flavors/eb836a03-dae8-4fff-b4b6-3774bac5c114", "rel": "self"}, {"href": "http://172.30.9.24:8774/flavors/eb836a03-dae8-4fff-b4b6-3774bac5c114", "rel": "bookmark"}], "ram": 1024, "OS-FLV-DISABLED:disabled": false, "vcpus": 1, "swap": "", "os-flavor-access:is_public": true, "rxtx_factor": 1.0, "OS-FLV-EXT-DATA:ephemeral": 0, "disk": 1, "id": "eb836a03-dae8-4fff-b4b6-3774bac5c114"}]} _http_log_response /usr/lib/python2.7/site-packages/keystoneauth1/session.py:511
2019-07-18 07:36:45.489 660 DEBUG novaclient.v2.client [-] GET call to compute for http://172.30.9.24:8774/v2.1/flavors/detail used request id req-1191c9d3-daa1-48d0-87e9-d2e998d14510 request /usr/lib/python2.7/site-packages/keystoneauth1/session.py:844
2019-07-18 07:36:45.490 661 DEBUG novaclient.v2.client [-] RESP: [200] Content-Encoding: gzip Content-Length: 363 Content-Type: application/json Date: Thu, 18 Jul 2019 07:36:45 GMT OpenStack-API-Version: compute 2.1 Server: Apache Vary: OpenStack-API-Version,X-OpenStack-Nova-API-Version,Accept-Encoding X-OpenStack-Nova-API-Version: 2.1 x-compute-request-id: req-4c446c5d-f3b5-420b-a616-82dd2a7bf234 x-openstack-request-id: req-4c446c5d-f3b5-420b-a616-82dd2a7bf234 _http_log_response /usr/lib/python2.7/site-packages/keystoneauth1/session.py:479
2019-07-18 07:36:45.490 660 DEBUG novaclient.v2.client [-] REQ: curl -g -i -X GET http://172.30.9.24:8774/v2.1/flavors/detail -H "Accept: application/json" -H "User-Agent: python-novaclient" -H "X-Auth-Token: {SHA1}7d1f11a0bf6ed59ae26e6f96ad02e1512999aa98" _http_log_request /usr/lib/python2.7/site-packages/keystoneauth1/session.py:448
2019-07-18 07:36:45.490 661 DEBUG novaclient.v2.client [-] RESP BODY: {"flavors": [{"name": "rally_full-flavor_d72fd013-6d65-4b45-bbaf-a6a288565deb", "links": [{"href": "http://172.30.9.24:8774/v2.1/flavors/3965b147-9ca7-456b-b66b-3df62a31d711", "rel": "self"}, {"href": "http://172.30.9.24:8774/flavors/3965b147-9ca7-456b-b66b-3df62a31d711", "rel": "bookmark"}], "ram": 512, "OS-FLV-DISABLED:disabled": false, "vcpus": 1, "swap": "", "os-flavor-access:is_public": true, "rxtx_factor": 1.0, "OS-FLV-EXT-DATA:ephemeral": 0, "disk": 1, "id": "3965b147-9ca7-456b-b66b-3df62a31d711"}, {"name": "rally_full-flavor_alt_d72fd013-6d65-4b45-bbaf-a6a288565deb", "links": [{"href": "http://172.30.9.24:8774/v2.1/flavors/eb836a03-dae8-4fff-b4b6-3774bac5c114", "rel": "self"}, {"href": "http://172.30.9.24:8774/flavors/eb836a03-dae8-4fff-b4b6-3774bac5c114", "rel": "bookmark"}], "ram": 1024, "OS-FLV-DISABLED:disabled": false, "vcpus": 1, "swap": "", "os-flavor-access:is_public": true, "rxtx_factor": 1.0, "OS-FLV-EXT-DATA:ephemeral": 0, "disk": 1, "id": "eb836a03-dae8-4fff-b4b6-3774bac5c114"}]} _http_log_response /usr/lib/python2.7/site-packages/keystoneauth1/session.py:511
2019-07-18 07:36:45.490 661 DEBUG novaclient.v2.client [-] GET call to compute for http://172.30.9.24:8774/v2.1/flavors/detail used request id req-4c446c5d-f3b5-420b-a616-82dd2a7bf234 request /usr/lib/python2.7/site-packages/keystoneauth1/session.py:844
2019-07-18 07:36:45.492 661 DEBUG novaclient.v2.client [-] REQ: curl -g -i -X GET http://172.30.9.24:8774/v2.1/flavors/detail -H "Accept: application/json" -H "User-Agent: python-novaclient" -H "X-Auth-Token: {SHA1}0b96a094941aa5a135c3849fccaf845cb8ae5281" _http_log_request /usr/lib/python2.7/site-packages/keystoneauth1/session.py:448
2019-07-18 07:36:45.494 665 DEBUG novaclient.v2.client [-] RESP: [200] Content-Encoding: gzip Content-Length: 363 Content-Type: application/json Date: Thu, 18 Jul 2019 07:36:45 GMT OpenStack-API-Version: compute 2.1 Server: Apache Vary: OpenStack-API-Version,X-OpenStack-Nova-API-Version,Accept-Encoding X-OpenStack-Nova-API-Version: 2.1 x-compute-request-id: req-8512f3a8-65df-4eb5-abf2-5753bb0ce034 x-openstack-request-id: req-8512f3a8-65df-4eb5-abf2-5753bb0ce034 _http_log_response /usr/lib/python2.7/site-packages/keystoneauth1/session.py:479
2019-07-18 07:36:45.494 665 DEBUG novaclient.v2.client [-] RESP BODY: {"flavors": [{"name": "rally_full-flavor_d72fd013-6d65-4b45-bbaf-a6a288565deb", "links": [{"href": "http://172.30.9.24:8774/v2.1/flavors/3965b147-9ca7-456b-b66b-3df62a31d711", "rel": "self"}, {"href": "http://172.30.9.24:8774/flavors/3965b147-9ca7-456b-b66b-3df62a31d711", "rel": "bookmark"}], "ram": 512, "OS-FLV-DISABLED:disabled": false, "vcpus": 1, "swap": "", "os-flavor-access:is_public": true, "rxtx_factor": 1.0, "OS-FLV-EXT-DATA:ephemeral": 0, "disk": 1, "id": "3965b147-9ca7-456b-b66b-3df62a31d711"}, {"name": "rally_full-flavor_alt_d72fd013-6d65-4b45-bbaf-a6a288565deb", "links": [{"href": "http://172.30.9.24:8774/v2.1/flavors/eb836a03-dae8-4fff-b4b6-3774bac5c114", "rel": "self"}, {"href": "http://172.30.9.24:8774/flavors/eb836a03-dae8-4fff-b4b6-3774bac5c114", "rel": "bookmark"}], "ram": 1024, "OS-FLV-DISABLED:disabled": false, "vcpus": 1, "swap": "", "os-flavor-access:is_public": true, "rxtx_factor": 1.0, "OS-FLV-EXT-DATA:ephemeral": 0, "disk": 1, "id": "eb836a03-dae8-4fff-b4b6-3774bac5c114"}]} _http_log_response /usr/lib/python2.7/site-packages/keystoneauth1/session.py:511
2019-07-18 07:36:45.495 665 DEBUG novaclient.v2.client [-] GET call to compute for http://172.30.9.24:8774/v2.1/flavors/detail used request id req-8512f3a8-65df-4eb5-abf2-5753bb0ce034 request /usr/lib/python2.7/site-packages/keystoneauth1/session.py:844
2019-07-18 07:36:45.496 665 INFO rally.task.runner [-] Task 56e86b77-a296-45c1-bcc2-9837355bdc4c | ITER: 3 END: OK
2019-07-18 07:36:45.499 665 INFO rally.task.runner [-] Task 56e86b77-a296-45c1-bcc2-9837355bdc4c | ITER: 5 START
2019-07-18 07:36:45.500 662 DEBUG novaclient.v2.client [-] RESP: [200] Content-Encoding: gzip Content-Length: 363 Content-Type: application/json Date: Thu, 18 Jul 2019 07:36:45 GMT OpenStack-API-Version: compute 2.1 Server: Apache Vary: OpenStack-API-Version,X-OpenStack-Nova-API-Version,Accept-Encoding X-OpenStack-Nova-API-Version: 2.1 x-compute-request-id: req-a3666dd7-c53a-4c84-aef0-db9e265b07c5 x-openstack-request-id: req-a3666dd7-c53a-4c84-aef0-db9e265b07c5 _http_log_response /usr/lib/python2.7/site-packages/keystoneauth1/session.py:479
2019-07-18 07:36:45.500 662 DEBUG novaclient.v2.client [-] RESP BODY: {"flavors": [{"name": "rally_full-flavor_d72fd013-6d65-4b45-bbaf-a6a288565deb", "links": [{"href": "http://172.30.9.24:8774/v2.1/flavors/3965b147-9ca7-456b-b66b-3df62a31d711", "rel": "self"}, {"href": "http://172.30.9.24:8774/flavors/3965b147-9ca7-456b-b66b-3df62a31d711", "rel": "bookmark"}], "ram": 512, "OS-FLV-DISABLED:disabled": false, "vcpus": 1, "swap": "", "os-flavor-access:is_public": true, "rxtx_factor": 1.0, "OS-FLV-EXT-DATA:ephemeral": 0, "disk": 1, "id": "3965b147-9ca7-456b-b66b-3df62a31d711"}, {"name": "rally_full-flavor_alt_d72fd013-6d65-4b45-bbaf-a6a288565deb", "links": [{"href": "http://172.30.9.24:8774/v2.1/flavors/eb836a03-dae8-4fff-b4b6-3774bac5c114", "rel": "self"}, {"href": "http://172.30.9.24:8774/flavors/eb836a03-dae8-4fff-b4b6-3774bac5c114", "rel": "bookmark"}], "ram": 1024, "OS-FLV-DISABLED:disabled": false, "vcpus": 1, "swap": "", "os-flavor-access:is_public": true, "rxtx_factor": 1.0, "OS-FLV-EXT-DATA:ephemeral": 0, "disk": 1, "id": "eb836a03-dae8-4fff-b4b6-3774bac5c114"}]} _http_log_response /usr/lib/python2.7/site-packages/keystoneauth1/session.py:511
2019-07-18 07:36:45.501 662 DEBUG novaclient.v2.client [-] GET call to compute for http://172.30.9.24:8774/v2.1/flavors/detail used request id req-a3666dd7-c53a-4c84-aef0-db9e265b07c5 request /usr/lib/python2.7/site-packages/keystoneauth1/session.py:844
2019-07-18 07:36:45.502 662 INFO rally.task.runner [-] Task 56e86b77-a296-45c1-bcc2-9837355bdc4c | ITER: 4 END: OK
2019-07-18 07:36:45.506 662 INFO rally.task.runner [-] Task 56e86b77-a296-45c1-bcc2-9837355bdc4c | ITER: 6 START
2019-07-18 07:36:45.510 661 DEBUG novaclient.v2.client [-] RESP: [200] Content-Encoding: gzip Content-Length: 363 Content-Type: application/json Date: Thu, 18 Jul 2019 07:36:45 GMT OpenStack-API-Version: compute 2.1 Server: Apache Vary: OpenStack-API-Version,X-OpenStack-Nova-API-Version,Accept-Encoding X-OpenStack-Nova-API-Version: 2.1 x-compute-request-id: req-d5db9e2d-1d01-4baa-8a4a-31d18c8b252c x-openstack-request-id: req-d5db9e2d-1d01-4baa-8a4a-31d18c8b252c _http_log_response /usr/lib/python2.7/site-packages/keystoneauth1/session.py:479
2019-07-18 07:36:45.510 661 DEBUG novaclient.v2.client [-] RESP BODY: {"flavors": [{"name": "rally_full-flavor_d72fd013-6d65-4b45-bbaf-a6a288565deb", "links": [{"href": "http://172.30.9.24:8774/v2.1/flavors/3965b147-9ca7-456b-b66b-3df62a31d711", "rel": "self"}, {"href": "http://172.30.9.24:8774/flavors/3965b147-9ca7-456b-b66b-3df62a31d711", "rel": "bookmark"}], "ram": 512, "OS-FLV-DISABLED:disabled": false, "vcpus": 1, "swap": "", "os-flavor-access:is_public": true, "rxtx_factor": 1.0, "OS-FLV-EXT-DATA:ephemeral": 0, "disk": 1, "id": "3965b147-9ca7-456b-b66b-3df62a31d711"}, {"name": "rally_full-flavor_alt_d72fd013-6d65-4b45-bbaf-a6a288565deb", "links": [{"href": "http://172.30.9.24:8774/v2.1/flavors/eb836a03-dae8-4fff-b4b6-3774bac5c114", "rel": "self"}, {"href": "http://172.30.9.24:8774/flavors/eb836a03-dae8-4fff-b4b6-3774bac5c114", "rel": "bookmark"}], "ram": 1024, "OS-FLV-DISABLED:disabled": false, "vcpus": 1, "swap": "", "os-flavor-access:is_public": true, "rxtx_factor": 1.0, "OS-FLV-EXT-DATA:ephemeral": 0, "disk": 1, "id": "eb836a03-dae8-4fff-b4b6-3774bac5c114"}]} _http_log_response /usr/lib/python2.7/site-packages/keystoneauth1/session.py:511
2019-07-18 07:36:45.511 661 DEBUG novaclient.v2.client [-] GET call to compute for http://172.30.9.24:8774/v2.1/flavors/detail used request id req-d5db9e2d-1d01-4baa-8a4a-31d18c8b252c request /usr/lib/python2.7/site-packages/keystoneauth1/session.py:844
