2019-07-18 07:41:20.584 1510 INFO rally.task.runner [-] Task 371a3af9-a6f1-4738-a609-893f26f5167c | ITER: 2 START
2019-07-18 07:41:20.584 1512 RALLYDEBUG rally.task.runner [-] Starting a worker. concurrency: 1 args: {"container_format": "bare", "disk_format": "qcow2", "image_location": "/home/opnfv/functest/images/cirros-0.4.0-x86_64-disk.img"} times: 10 method_name: run timeout: 0 duration: None cls:
2019-07-18 07:41:20.586 1511 INFO rally.task.runner [-] Task 371a3af9-a6f1-4738-a609-893f26f5167c | ITER: 3 START
2019-07-18 07:41:20.590 1512 INFO rally.task.runner [-] Task 371a3af9-a6f1-4738-a609-893f26f5167c | ITER: 4 START
2019-07-18 07:41:23.882 1509 RALLYDEBUG rally.task.utils [-] Waiting for resource u'f5fad594-371b-4b5b-8198-e6c3b06004b5'. Status changed: NONE => QUEUED in 0.0292270183563
2019-07-18 07:41:23.915 1510 RALLYDEBUG rally.task.utils [-] Waiting for resource u'aa51a759-b4d2-4126-b091-77324788d96e'. Status changed: NONE => QUEUED in 0.0385539531708
2019-07-18 07:41:23.916 1512 RALLYDEBUG rally.task.utils [-] Waiting for resource u'5f023a2f-a204-4578-996f-bb266c292bc9'. Status changed: NONE => QUEUED in 0.0299708843231
2019-07-18 07:41:23.918 1511 RALLYDEBUG rally.task.utils [-] Waiting for resource u'98fb0a68-a7aa-417f-b3ed-1eaaca6c8181'. Status changed: NONE => QUEUED in 0.0333459377289
2019-07-18 07:41:24.866 1509 RALLYDEBUG rally.task.utils [-] Waiting for resource s_rally_1271818e_8YH58mi3. Status changed: QUEUED => ACTIVE in 0.020336151123
2019-07-18 07:41:24.871 1512 RALLYDEBUG rally.task.utils [-] Waiting for resource s_rally_1271818e_a94UaMtF. Status changed: QUEUED => ACTIVE in 0.0191299915314
2019-07-18 07:41:25.148 1512 INFO rally.task.runner [-] Task 371a3af9-a6f1-4738-a609-893f26f5167c | ITER: 4 END: OK
2019-07-18 07:41:25.148 1509 INFO rally.task.runner [-] Task 371a3af9-a6f1-4738-a609-893f26f5167c | ITER: 1 END: OK
2019-07-18 07:41:25.151 1512 INFO rally.task.runner [-] Task 371a3af9-a6f1-4738-a609-893f26f5167c | ITER: 5 START
2019-07-18 07:41:25.152 1509 INFO rally.task.runner [-] Task 371a3af9-a6f1-4738-a609-893f26f5167c | ITER: 6 START
2019-07-18 07:41:25.907 1510 RALLYDEBUG rally.task.utils [-] Waiting for resource s_rally_1271818e_uN581Ahr. Status changed: QUEUED => ACTIVE in 0.0222539901733
2019-07-18 07:41:25.930 1511 RALLYDEBUG rally.task.utils [-] Waiting for resource s_rally_1271818e_dIO9kWbY. Status changed: QUEUED => ACTIVE in 0.0256128311157
2019-07-18 07:41:26.078 1510 INFO rally.task.runner [-] Task 371a3af9-a6f1-4738-a609-893f26f5167c | ITER: 2 END: OK
2019-07-18 07:41:26.082 1510 INFO rally.task.runner [-] Task 371a3af9-a6f1-4738-a609-893f26f5167c | ITER: 7 START
2019-07-18 07:41:26.209 1511 INFO rally.task.runner [-] Task 371a3af9-a6f1-4738-a609-893f26f5167c | ITER: 3 END: OK
2019-07-18 07:41:26.213 1511 INFO rally.task.runner [-] Task 371a3af9-a6f1-4738-a609-893f26f5167c | ITER: 8 START
2019-07-18 07:41:28.442 1512 RALLYDEBUG rally.task.utils [-] Waiting for resource u'afca5c98-b815-4073-85bd-230ffec19643'. Status changed: NONE => QUEUED in 0.0340418815613
2019-07-18 07:41:28.936 1509 RALLYDEBUG rally.task.utils [-] Waiting for resource u'02284536-1b50-486a-a70f-46f09c027521'. Status changed: NONE => QUEUED in 0.438096046448
2019-07-18 07:41:28.996 1512 RALLYDEBUG rally.task.utils [-] Waiting for resource s_rally_1271818e_8KCfyYwk. Status changed: QUEUED => ACTIVE in 0.0179109573364
2019-07-18 07:41:29.232 1510 RALLYDEBUG rally.task.utils [-] Waiting for resource u'bbef775f-5e79-40c2-a9c0-b35f55bf0798'. Status changed: NONE => QUEUED in 0.0312271118164
2019-07-18 07:41:29.381 1511 RALLYDEBUG rally.task.utils [-] Waiting for resource u'cfdab667-576e-4e92-93f7-70018ff90955'. Status changed: NONE => QUEUED in 0.0277690887451
2019-07-18 07:41:30.009 1511 RALLYDEBUG rally.task.utils [-] Waiting for resource s_rally_1271818e_4WqctsEa. Status changed: QUEUED => ACTIVE in 0.0175738334656
2019-07-18 07:41:30.024 1510 RALLYDEBUG rally.task.utils [-] Waiting for resource s_rally_1271818e_5iVpvDJR. Status changed: QUEUED => ACTIVE in 0.0197670459747
2019-07-18 07:41:30.060 1512 INFO rally.task.runner [-] Task 371a3af9-a6f1-4738-a609-893f26f5167c | ITER: 5 END: OK
2019-07-18 07:41:30.064 1512 INFO rally.task.runner [-] Task 371a3af9-a6f1-4738-a609-893f26f5167c | ITER: 9 START
2019-07-18 07:41:30.140 1509 RALLYDEBUG rally.task.utils [-] Waiting for resource s_rally_1271818e_n1tKkHBy. Status changed: QUEUED => ACTIVE in 0.0225710868835
2019-07-18 07:41:30.165 1511 INFO rally.task.runner [-] Task 371a3af9-a6f1-4738-a609-893f26f5167c | ITER: 8 END: OK
2019-07-18 07:41:30.169 1511 INFO rally.task.runner [-] Task 371a3af9-a6f1-4738-a609-893f26f5167c | ITER: 10 START
2019-07-18 07:41:30.189 1510 INFO rally.task.runner [-] Task 371a3af9-a6f1-4738-a609-893f26f5167c | ITER: 7 END: OK
2019-07-18 07:41:30.298 1509 INFO rally.task.runner [-] Task 371a3af9-a6f1-4738-a609-893f26f5167c | ITER: 6 END: OK
2019-07-18 07:41:33.351 1512 RALLYDEBUG rally.task.utils [-] Waiting for resource u'e5957dad-50e1-4bc4-b62a-6fb9e78ca4da'. Status changed: NONE => QUEUED in 0.0369849205017
2019-07-18 07:41:33.356 1511 RALLYDEBUG rally.task.utils [-] Waiting for resource u'094b1ad0-7770-492b-99df-00964e669ac6'. Status changed: NONE => QUEUED in 0.0376920700073
2019-07-18 07:41:34.819 1511 RALLYDEBUG rally.task.utils [-] Waiting for resource s_rally_1271818e_xIY4Tkcd. Status changed: QUEUED => ACTIVE in 0.0272779464722
2019-07-18 07:41:34.867 1512 RALLYDEBUG rally.task.utils [-] Waiting for resource s_rally_1271818e_Ol4RP7PE. Status changed: QUEUED => ACTIVE in 0.0305750370026
2019-07-18 07:41:34.983 1511 INFO rally.task.runner [-] Task 371a3af9-a6f1-4738-a609-893f26f5167c | ITER: 10 END: OK
2019-07-18 07:41:35.128 1512 INFO rally.task.runner [-] Task 371a3af9-a6f1-4738-a609-893f26f5167c | ITER: 9 END: OK
2019-07-18 07:41:35.150 725 INFO rally.task.context [-] Task 371a3af9-a6f1-4738-a609-893f26f5167c | Context cleanup@openstack cleanup() started
2019-07-18 07:41:35.153 725 RALLYDEBUG rally_openstack.cleanup.manager [-] Cleaning up glance images objects
2019-07-18 07:41:37.446 725 RALLYDEBUG rally_openstack.cleanup.manager [-] Deleting glance.images object s_rally_1271818e_8KCfyYwk (afca5c98-b815-4073-85bd-230ffec19643)
2019-07-18 07:41:37.450 725 RALLYDEBUG rally_openstack.cleanup.manager [-] Deleting glance.images object s_rally_1271818e_xIY4Tkcd (094b1ad0-7770-492b-99df-00964e669ac6)
2019-07-18 07:41:37.454 725 RALLYDEBUG rally_openstack.cleanup.manager [-] Deleting glance.images object s_rally_1271818e_Ol4RP7PE (e5957dad-50e1-4bc4-b62a-6fb9e78ca4da)
2019-07-18 07:41:37.457 725 RALLYDEBUG rally_openstack.cleanup.manager [-] Deleting glance.images object s_rally_1271818e_uN581Ahr (aa51a759-b4d2-4126-b091-77324788d96e)
2019-07-18 07:41:37.461 725 RALLYDEBUG rally_openstack.cleanup.manager [-] Deleting glance.images object s_rally_1271818e_5iVpvDJR (bbef775f-5e79-40c2-a9c0-b35f55bf0798)
2019-07-18 07:41:37.468 725 RALLYDEBUG rally_openstack.cleanup.manager [-] Deleting glance.images object s_rally_1271818e_dIO9kWbY (98fb0a68-a7aa-417f-b3ed-1eaaca6c8181)
2019-07-18 07:41:37.468 725 RALLYDEBUG rally_openstack.cleanup.manager [-] Deleting glance.images object s_rally_1271818e_4WqctsEa (cfdab667-576e-4e92-93f7-70018ff90955)
2019-07-18 07:41:37.472 725 RALLYDEBUG rally_openstack.cleanup.manager [-] Deleting glance.images object s_rally_1271818e_n1tKkHBy (02284536-1b50-486a-a70f-46f09c027521)
2019-07-18 07:41:37.479 725 RALLYDEBUG rally_openstack.cleanup.manager [-] Deleting glance.images object s_rally_1271818e_8YH58mi3 (f5fad594-371b-4b5b-8198-e6c3b06004b5)
2019-07-18 07:41:37.483 725 RALLYDEBUG rally_openstack.cleanup.manager [-] Deleting glance.images object s_rally_1271818e_a94UaMtF (5f023a2f-a204-4578-996f-bb266c292bc9)
2019-07-18 07:41:38.902 725 DEBUG glanceclient.common.http [-] Request returned failure status 404. _handle_response /usr/lib/python2.7/site-packages/glanceclient/common/http.py:125
2019-07-18 07:41:38.922 725 DEBUG glanceclient.common.http [-] Request returned failure status 404. _handle_response /usr/lib/python2.7/site-packages/glanceclient/common/http.py:125
2019-07-18 07:41:38.924 725 DEBUG glanceclient.common.http [-] Request returned failure status 404. _handle_response /usr/lib/python2.7/site-packages/glanceclient/common/http.py:125
2019-07-18 07:41:38.936 725 DEBUG glanceclient.common.http [-] Request returned failure status 404. _handle_response /usr/lib/python2.7/site-packages/glanceclient/common/http.py:125
2019-07-18 07:41:38.942 725 DEBUG glanceclient.common.http [-] Request returned failure status 404. _handle_response /usr/lib/python2.7/site-packages/glanceclient/common/http.py:125
2019-07-18 07:41:38.944 725 DEBUG glanceclient.common.http [-] Request returned failure status 404. _handle_response /usr/lib/python2.7/site-packages/glanceclient/common/http.py:125
2019-07-18 07:41:38.947 725 DEBUG glanceclient.common.http [-] Request returned failure status 404. _handle_response /usr/lib/python2.7/site-packages/glanceclient/common/http.py:125
2019-07-18 07:41:38.949 725 DEBUG glanceclient.common.http [-] Request returned failure status 404. _handle_response /usr/lib/python2.7/site-packages/glanceclient/common/http.py:125
2019-07-18 07:41:38.951 725 DEBUG glanceclient.common.http [-] Request returned failure status 404. _handle_response /usr/lib/python2.7/site-packages/glanceclient/common/http.py:125
2019-07-18 07:41:38.953 725 DEBUG glanceclient.common.http [-] Request returned failure status 404. _handle_response /usr/lib/python2.7/site-packages/glanceclient/common/http.py:125
2019-07-18 07:41:38.961 725 DEBUG glanceclient.common.http [-] Request returned failure status 404. _handle_response /usr/lib/python2.7/site-packages/glanceclient/common/http.py:125
2019-07-18 07:41:38.969 725 DEBUG glanceclient.common.http [-] Request returned failure status 404. _handle_response /usr/lib/python2.7/site-packages/glanceclient/common/http.py:125
2019-07-18 07:41:39.952 725 DEBUG glanceclient.common.http [-] Request returned failure status 404. _handle_response /usr/lib/python2.7/site-packages/glanceclient/common/http.py:125
2019-07-18 07:41:39.957 725 DEBUG glanceclient.common.http [-] Request returned failure status 404. _handle_response /usr/lib/python2.7/site-packages/glanceclient/common/http.py:125
2019-07-18 07:41:39.983 725 DEBUG glanceclient.common.http [-] Request returned failure status 404. _handle_response /usr/lib/python2.7/site-packages/glanceclient/common/http.py:125
2019-07-18 07:41:39.988 725 DEBUG glanceclient.common.http [-] Request returned failure status 404. _handle_response /usr/lib/python2.7/site-packages/glanceclient/common/http.py:125
2019-07-18 07:41:39.999 725 DEBUG glanceclient.common.http [-] Request returned failure status 404. _handle_response /usr/lib/python2.7/site-packages/glanceclient/common/http.py:125
2019-07-18 07:41:40.001 725 DEBUG glanceclient.common.http [-] Request returned failure status 404. _handle_response /usr/lib/python2.7/site-packages/glanceclient/common/http.py:125
2019-07-18 07:41:40.003 725 DEBUG glanceclient.common.http [-] Request returned failure status 404. _handle_response /usr/lib/python2.7/site-packages/glanceclient/common/http.py:125
2019-07-18 07:41:40.016 725 DEBUG glanceclient.common.http [-] Request returned failure status 404. _handle_response /usr/lib/python2.7/site-packages/glanceclient/common/http.py:125
2019-07-18 07:41:41.018 725 INFO rally.task.context [-] Task 371a3af9-a6f1-4738-a609-893f26f5167c | Context cleanup@openstack cleanup() finished in 5.87 sec
2019-07-18 07:41:41.019 725 INFO rally.task.context [-] Task 371a3af9-a6f1-4738-a609-893f26f5167c | Context users@openstack cleanup() started
2019-07-18 07:41:48.047 725 INFO rally.task.context [-] Task 371a3af9-a6f1-4738-a609-893f26f5167c | Context users@openstack cleanup() finished in 7.03 sec
2019-07-18 07:41:48.218 725 INFO rally.task.engine [-] Load duration is: 13.674551
2019-07-18 07:41:48.218 725 INFO rally.task.engine [-] Full runner duration is: 14.588144
2019-07-18 07:41:48.219 725 INFO rally.task.engine [-] Full duration is: 31.972716
2019-07-18 07:41:48.455 725 INFO rally.task.engine [-] Running workload: position = 0 config = { "version": 2, "title": "A cropped version of a bigger task.", "description": "Auto-generated task from a single workload (uuid=f3f8ca28-b6e2-4976-abb9-ff1f456f6f13)", "subtasks": [ { "title": "GlanceImages.create_and_get_image", "description": "Create and get detailed information of an image.", "scenario": { "GlanceImages.create_and_get_image": { "container_format": "bare", "disk_format": "qcow2", "image_location": "/home/opnfv/functest/images/cirros-0.4.0-x86_64-disk.img" } }, "contexts": { "users": { "tenants": 3, "users_per_tenant": 2 } }, "runner": { "constant": { "concurrency": 4, "times": 10 } }, "hooks": [], "sla": { "failure_rate": { "max": 0 } } } ] }
2019-07-18 07:41:48.478 725 RALLYDEBUG rally_openstack.contexts.keystone.users [-] Creating 3 tenants using 20 threads
2019-07-18 07:41:50.348 725 RALLYDEBUG rally_openstack.contexts.keystone.users [-] Creating 6 users using 20 threads
2019-07-18 07:41:53.330 725 INFO rally.task.context [-] Task 371a3af9-a6f1-4738-a609-893f26f5167c | Context users@openstack setup() finished in 4.85 sec
2019-07-18 07:41:53.330 725 INFO rally.task.context [-] Task 371a3af9-a6f1-4738-a609-893f26f5167c | Context cleanup@openstack setup() finished in 0.01 msec
2019-07-18 07:41:53.338 725 RALLYDEBUG rally.task.runner [-] Starting the constant runner (task UUID: 371a3af9-a6f1-4738-a609-893f26f5167c). timeout: 0 concurrency: 4 concurrency_per_worker: 1 times: 10 concurrency_overhead: 0 processes_to_start: 4 max_cpu_used: 16
2019-07-18 07:41:53.351 1633 RALLYDEBUG rally.task.runner [-] Starting a worker. concurrency: 1 args: {"container_format": "bare", "disk_format": "qcow2", "image_location": "/home/opnfv/functest/images/cirros-0.4.0-x86_64-disk.img"} times: 10 method_name: run timeout: 0 duration: None cls:
2019-07-18 07:41:53.354 1634 RALLYDEBUG rally.task.runner [-] Starting a worker. concurrency: 1 args: {"container_format": "bare", "disk_format": "qcow2", "image_location": "/home/opnfv/functest/images/cirros-0.4.0-x86_64-disk.img"} times: 10 method_name: run timeout: 0 duration: None cls:
2019-07-18 07:41:53.358 1633 INFO rally.task.runner [-] Task 371a3af9-a6f1-4738-a609-893f26f5167c | ITER: 1 START
2019-07-18 07:41:53.357 1635 RALLYDEBUG rally.task.runner [-] Starting a worker. concurrency: 1 args: {"container_format": "bare", "disk_format": "qcow2", "image_location": "/home/opnfv/functest/images/cirros-0.4.0-x86_64-disk.img"} times: 10 method_name: run timeout: 0 duration: None cls:
2019-07-18 07:41:53.360 1636 RALLYDEBUG rally.task.runner [-] Starting a worker. concurrency: 1 args: {"container_format": "bare", "disk_format": "qcow2", "image_location": "/home/opnfv/functest/images/cirros-0.4.0-x86_64-disk.img"} times: 10 method_name: run timeout: 0 duration: None cls:
2019-07-18 07:41:53.361 1634 INFO rally.task.runner [-] Task 371a3af9-a6f1-4738-a609-893f26f5167c | ITER: 2 START
2019-07-18 07:41:53.364 1635 INFO rally.task.runner [-] Task 371a3af9-a6f1-4738-a609-893f26f5167c | ITER: 3 START
2019-07-18 07:41:53.365 1636 INFO rally.task.runner [-] Task 371a3af9-a6f1-4738-a609-893f26f5167c | ITER: 4 START
2019-07-18 07:41:56.620 1633 RALLYDEBUG rally.task.utils [-] Waiting for resource u'cacc3339-95a4-4e8d-b03b-2ce161e57e4f'. Status changed: NONE => QUEUED in 0.0317721366882
2019-07-18 07:41:56.634 1635 RALLYDEBUG rally.task.utils [-] Waiting for resource u'48cde07a-68f0-45c9-81c1-9090fefb3ca0'. Status changed: NONE => QUEUED in 0.0295341014862
2019-07-18 07:41:56.680 1636 RALLYDEBUG rally.task.utils [-] Waiting for resource u'7245d7fc-aa61-45cf-99ae-569302be9d5c'. Status changed: NONE => QUEUED in 0.0287890434265
2019-07-18 07:41:56.682 1634 RALLYDEBUG rally.task.utils [-] Waiting for resource u'185d7c95-01cf-4de2-bac5-cadc103124d8'. Status changed: NONE => QUEUED in 0.0363709926605
2019-07-18 07:41:57.052 1633 RALLYDEBUG rally.task.utils [-] Waiting for resource s_rally_f3f8ca28_0C9es3QW. Status changed: QUEUED => ACTIVE in 0.0194520950317
2019-07-18 07:41:57.076 1633 INFO rally.task.runner [-] Task 371a3af9-a6f1-4738-a609-893f26f5167c | ITER: 1 END: OK
2019-07-18 07:41:57.081 1633 INFO rally.task.runner [-] Task 371a3af9-a6f1-4738-a609-893f26f5167c | ITER: 5 START
2019-07-18 07:41:58.073 1635 RALLYDEBUG rally.task.utils [-] Waiting for resource s_rally_f3f8ca28_2cuo6YOi. Status changed: QUEUED => ACTIVE in 0.0170121192932
2019-07-18 07:41:58.098 1635 INFO rally.task.runner [-] Task 371a3af9-a6f1-4738-a609-893f26f5167c | ITER: 3 END: OK
2019-07-18 07:41:58.101 1635 INFO rally.task.runner [-] Task 371a3af9-a6f1-4738-a609-893f26f5167c | ITER: 6 START
2019-07-18 07:41:58.111 1636 RALLYDEBUG rally.task.utils [-] Waiting for resource s_rally_f3f8ca28_NraOVWVQ. Status changed: QUEUED => ACTIVE in 0.0177369117737
2019-07-18 07:41:58.119 1634 RALLYDEBUG rally.task.utils [-] Waiting for resource s_rally_f3f8ca28_qS7sAdZG. Status changed: QUEUED => ACTIVE in 0.0169351100922
2019-07-18 07:41:58.127 1636 INFO rally.task.runner [-] Task 371a3af9-a6f1-4738-a609-893f26f5167c | ITER: 4 END: OK
2019-07-18 07:41:58.130 1636 INFO rally.task.runner [-] Task 371a3af9-a6f1-4738-a609-893f26f5167c | ITER: 7 START
2019-07-18 07:41:58.139 1634 INFO rally.task.runner [-] Task 371a3af9-a6f1-4738-a609-893f26f5167c | ITER: 2 END: OK
2019-07-18 07:41:58.143 1634 INFO rally.task.runner [-] Task 371a3af9-a6f1-4738-a609-893f26f5167c | ITER: 8 START
2019-07-18 07:42:00.365 1633 RALLYDEBUG rally.task.utils [-] Waiting for resource u'de999c1f-fffc-4898-aa4f-e84ec5726ba6'. Status changed: NONE => QUEUED in 0.0357007980347
2019-07-18 07:42:01.155 1633 RALLYDEBUG rally.task.utils [-] Waiting for resource s_rally_f3f8ca28_icrgmkbx. Status changed: QUEUED => ACTIVE in 0.0174129009247
2019-07-18 07:42:01.174 1633 INFO rally.task.runner [-] Task 371a3af9-a6f1-4738-a609-893f26f5167c | ITER: 5 END: OK
2019-07-18 07:42:01.177 1633 INFO rally.task.runner [-] Task 371a3af9-a6f1-4738-a609-893f26f5167c | ITER: 9 START
2019-07-18 07:42:01.318 1636 RALLYDEBUG rally.task.utils [-] Waiting for resource u'2e166b0b-92a9-4d90-85f4-ea93ec2c68c6'. Status changed: NONE => QUEUED in 0.0270068645477
2019-07-18 07:42:01.361 1635 RALLYDEBUG rally.task.utils [-] Waiting for resource u'89e6d7e6-49f9-45c8-a954-2babf32db79b'. Status changed: NONE => QUEUED in 0.0319290161133
2019-07-18 07:42:01.537 1634 RALLYDEBUG rally.task.utils [-] Waiting for resource u'163f53fa-339e-4780-9c6b-ac755c32036a'. Status changed: NONE => QUEUED in 0.168081045151
2019-07-18 07:42:04.260 1636 RALLYDEBUG rally.task.utils [-] Waiting for resource s_rally_f3f8ca28_i6PaRDJz. Status changed: QUEUED => ACTIVE in 0.0387668609619
2019-07-18 07:42:04.293 1636 INFO rally.task.runner [-] Task 371a3af9-a6f1-4738-a609-893f26f5167c | ITER: 7 END: OK
2019-07-18 07:42:04.297 1636 INFO rally.task.runner [-] Task 371a3af9-a6f1-4738-a609-893f26f5167c | ITER: 10 START
2019-07-18 07:42:04.302 1635 RALLYDEBUG rally.task.utils [-] Waiting for resource s_rally_f3f8ca28_VLwEPVA1. Status changed: QUEUED => ACTIVE in 0.0312149524689
2019-07-18 07:42:04.328 1635 INFO rally.task.runner [-] Task 371a3af9-a6f1-4738-a609-893f26f5167c | ITER: 6 END: OK
2019-07-18 07:42:04.330 1634 RALLYDEBUG rally.task.utils [-] Waiting for resource s_rally_f3f8ca28_Y29QAn27. Status changed: QUEUED => ACTIVE in 0.0268969535828
2019-07-18 07:42:04.351 1634 INFO rally.task.runner [-] Task 371a3af9-a6f1-4738-a609-893f26f5167c | ITER: 8 END: OK
2019-07-18 07:42:04.481 1633 RALLYDEBUG rally.task.utils [-] Waiting for resource u'f6206315-8351-4e2c-8955-e526a1fe36dc'. Status changed: NONE => QUEUED in 0.0277171134949
2019-07-18 07:42:05.321 1633 RALLYDEBUG rally.task.utils [-] Waiting for resource s_rally_f3f8ca28_HoWgLPIE. Status changed: QUEUED => ACTIVE in 0.0183589458466
2019-07-18 07:42:05.342 1633 INFO rally.task.runner [-] Task 371a3af9-a6f1-4738-a609-893f26f5167c | ITER: 9 END: OK
2019-07-18 07:42:07.593 1636 RALLYDEBUG rally.task.utils [-] Waiting for resource u'c9a34964-b707-44aa-98aa-cc7de0a7acb5'. Status changed: NONE => QUEUED in 0.0309820175171
2019-07-18 07:42:08.853 1636 RALLYDEBUG rally.task.utils [-] Waiting for resource s_rally_f3f8ca28_bYjCYz5j. Status changed: QUEUED => ACTIVE in 0.0194280147552
2019-07-18 07:42:08.870 1636 INFO rally.task.runner [-] Task 371a3af9-a6f1-4738-a609-893f26f5167c | ITER: 10 END: OK
2019-07-18 07:42:08.895 725 INFO rally.task.context [-] Task 371a3af9-a6f1-4738-a609-893f26f5167c | Context cleanup@openstack cleanup() started
2019-07-18 07:42:08.898 725 RALLYDEBUG rally_openstack.cleanup.manager [-] Cleaning up glance images objects
2019-07-18 07:42:11.288 725 RALLYDEBUG rally_openstack.cleanup.manager [-] Deleting glance.images object s_rally_f3f8ca28_i6PaRDJz (2e166b0b-92a9-4d90-85f4-ea93ec2c68c6)
2019-07-18 07:42:11.295 725 RALLYDEBUG rally_openstack.cleanup.manager [-] Deleting glance.images object s_rally_f3f8ca28_bYjCYz5j (c9a34964-b707-44aa-98aa-cc7de0a7acb5)
2019-07-18 07:42:11.296 725 RALLYDEBUG rally_openstack.cleanup.manager [-] Deleting glance.images object s_rally_f3f8ca28_2cuo6YOi (48cde07a-68f0-45c9-81c1-9090fefb3ca0)
2019-07-18 07:42:11.298 725 RALLYDEBUG rally_openstack.cleanup.manager [-] Deleting glance.images object s_rally_f3f8ca28_0C9es3QW (cacc3339-95a4-4e8d-b03b-2ce161e57e4f)
2019-07-18 07:42:11.303 725 RALLYDEBUG rally_openstack.cleanup.manager [-] Deleting glance.images object s_rally_f3f8ca28_Y29QAn27 (163f53fa-339e-4780-9c6b-ac755c32036a)
2019-07-18 07:42:11.309 725 RALLYDEBUG rally_openstack.cleanup.manager [-] Deleting glance.images object s_rally_f3f8ca28_VLwEPVA1 (89e6d7e6-49f9-45c8-a954-2babf32db79b)
2019-07-18 07:42:11.317 725 RALLYDEBUG rally_openstack.cleanup.manager [-] Deleting glance.images object s_rally_f3f8ca28_HoWgLPIE (f6206315-8351-4e2c-8955-e526a1fe36dc)
2019-07-18 07:42:11.317 725 RALLYDEBUG rally_openstack.cleanup.manager [-] Deleting glance.images object s_rally_f3f8ca28_NraOVWVQ (7245d7fc-aa61-45cf-99ae-569302be9d5c)
2019-07-18 07:42:11.332 725 RALLYDEBUG rally_openstack.cleanup.manager [-] Deleting glance.images object s_rally_f3f8ca28_icrgmkbx (de999c1f-fffc-4898-aa4f-e84ec5726ba6)
2019-07-18 07:42:11.338 725 RALLYDEBUG rally_openstack.cleanup.manager [-] Deleting glance.images object s_rally_f3f8ca28_qS7sAdZG (185d7c95-01cf-4de2-bac5-cadc103124d8)
2019-07-18 07:42:12.963 725 DEBUG glanceclient.common.http [-] Request returned failure status 404. _handle_response /usr/lib/python2.7/site-packages/glanceclient/common/http.py:125
2019-07-18 07:42:12.976 725 DEBUG glanceclient.common.http [-] Request returned failure status 404. _handle_response /usr/lib/python2.7/site-packages/glanceclient/common/http.py:125
2019-07-18 07:42:12.988 725 DEBUG glanceclient.common.http [-] Request returned failure status 404. _handle_response /usr/lib/python2.7/site-packages/glanceclient/common/http.py:125
2019-07-18 07:42:12.996 725 DEBUG glanceclient.common.http [-] Request returned failure status 404. _handle_response /usr/lib/python2.7/site-packages/glanceclient/common/http.py:125
2019-07-18 07:42:13.000 725 DEBUG glanceclient.common.http [-] Request returned failure status 404. _handle_response /usr/lib/python2.7/site-packages/glanceclient/common/http.py:125
2019-07-18 07:42:13.003 725 DEBUG glanceclient.common.http [-] Request returned failure status 404. _handle_response /usr/lib/python2.7/site-packages/glanceclient/common/http.py:125
2019-07-18 07:42:13.013 725 DEBUG glanceclient.common.http [-] Request returned failure status 404. _handle_response /usr/lib/python2.7/site-packages/glanceclient/common/http.py:125
2019-07-18 07:42:13.015 725 DEBUG glanceclient.common.http [-] Request returned failure status 404. _handle_response /usr/lib/python2.7/site-packages/glanceclient/common/http.py:125
2019-07-18 07:42:13.059 725 DEBUG glanceclient.common.http [-] Request returned failure status 404. _handle_response /usr/lib/python2.7/site-packages/glanceclient/common/http.py:125
2019-07-18 07:42:13.072 725 DEBUG glanceclient.common.http [-] Request returned failure status 404. _handle_response /usr/lib/python2.7/site-packages/glanceclient/common/http.py:125
2019-07-18 07:42:13.950 725 DEBUG glanceclient.common.http [-] Request returned failure status 404. _handle_response /usr/lib/python2.7/site-packages/glanceclient/common/http.py:125
2019-07-18 07:42:13.969 725 DEBUG glanceclient.common.http [-] Request returned failure status 404. _handle_response /usr/lib/python2.7/site-packages/glanceclient/common/http.py:125
2019-07-18 07:42:13.972 725 DEBUG glanceclient.common.http [-] Request returned failure status 404. _handle_response /usr/lib/python2.7/site-packages/glanceclient/common/http.py:125
2019-07-18 07:42:13.983 725 DEBUG glanceclient.common.http [-] Request returned failure status 404. _handle_response /usr/lib/python2.7/site-packages/glanceclient/common/http.py:125
2019-07-18 07:42:15.009 725 DEBUG glanceclient.common.http [-] Request returned failure status 404. _handle_response /usr/lib/python2.7/site-packages/glanceclient/common/http.py:125
2019-07-18 07:42:15.038 725 DEBUG glanceclient.common.http [-] Request returned failure status 404. _handle_response /usr/lib/python2.7/site-packages/glanceclient/common/http.py:125
2019-07-18 07:42:15.043 725 DEBUG glanceclient.common.http [-] Request returned failure status 404. _handle_response /usr/lib/python2.7/site-packages/glanceclient/common/http.py:125
2019-07-18 07:42:15.044 725 DEBUG glanceclient.common.http [-] Request returned failure status 404. _handle_response /usr/lib/python2.7/site-packages/glanceclient/common/http.py:125
2019-07-18 07:42:15.065 725 DEBUG glanceclient.common.http [-] Request returned failure status 404. _handle_response /usr/lib/python2.7/site-packages/glanceclient/common/http.py:125
2019-07-18 07:42:15.067 725 DEBUG glanceclient.common.http [-] Request returned failure status 404. _handle_response /usr/lib/python2.7/site-packages/glanceclient/common/http.py:125
2019-07-18 07:42:16.069 725 INFO rally.task.context [-] Task 371a3af9-a6f1-4738-a609-893f26f5167c | Context cleanup@openstack cleanup() finished in 7.17 sec
2019-07-18 07:42:16.070 725 INFO rally.task.context [-] Task 371a3af9-a6f1-4738-a609-893f26f5167c | Context users@openstack cleanup() started
2019-07-18 07:42:22.946 725 INFO rally.task.context [-] Task 371a3af9-a6f1-4738-a609-893f26f5167c | Context users@openstack cleanup() finished in 6.88 sec
2019-07-18 07:42:24.622 725 INFO rally.task.engine [-] Load duration is: 14.649224
2019-07-18 07:42:24.622 725 INFO rally.task.engine [-] Full runner duration is: 15.557586
2019-07-18 07:42:24.622 725 INFO rally.task.engine [-] Full duration is: 34.47063
2019-07-18 07:42:24.827 725 INFO rally.task.engine [-] Running workload: position = 0 config = { "version": 2, "title": "A cropped version of a bigger task.", "description": "Auto-generated task from a single workload (uuid=d1aef7ee-3e28-4aa1-a2d6-79eb63d5501c)", "subtasks": [ { "title": "GlanceImages.create_and_update_image", "description": "Create an image then update it.", "scenario": { "GlanceImages.create_and_update_image": { "container_format": "bare", "disk_format": "qcow2", "image_location": "/home/opnfv/functest/images/cirros-0.4.0-x86_64-disk.img" } }, "contexts": { "users": { "tenants": 3, "users_per_tenant": 2 } }, "runner": { "constant": { "concurrency": 4, "times": 10 } }, "hooks": [], "sla": { "failure_rate": { "max": 0 } } } ] }
2019-07-18 07:42:24.844 725 RALLYDEBUG rally_openstack.contexts.keystone.users [-] Creating 3 tenants using 20 threads
2019-07-18 07:42:26.731 725 RALLYDEBUG rally_openstack.contexts.keystone.users [-] Creating 6 users using 20 threads
2019-07-18 07:42:29.333 725 INFO rally.task.context [-] Task 371a3af9-a6f1-4738-a609-893f26f5167c | Context users@openstack setup() finished in 4.49 sec
2019-07-18 07:42:29.333 725 INFO rally.task.context [-] Task 371a3af9-a6f1-4738-a609-893f26f5167c | Context cleanup@openstack setup() finished in 0.01 msec
2019-07-18 07:42:29.342 725 RALLYDEBUG rally.task.runner [-] Starting the constant runner (task UUID: 371a3af9-a6f1-4738-a609-893f26f5167c). timeout: 0 concurrency: 4 concurrency_per_worker: 1 times: 10 concurrency_overhead: 0 processes_to_start: 4 max_cpu_used: 16
2019-07-18 07:42:29.356 1757 RALLYDEBUG rally.task.runner [-] Starting a worker. concurrency: 1 args: {"container_format": "bare", "disk_format": "qcow2", "image_location": "/home/opnfv/functest/images/cirros-0.4.0-x86_64-disk.img"} times: 10 method_name: run timeout: 0 duration: None cls:
2019-07-18 07:42:29.360 1758 RALLYDEBUG rally.task.runner [-] Starting a worker. concurrency: 1 args: {"container_format": "bare", "disk_format": "qcow2", "image_location": "/home/opnfv/functest/images/cirros-0.4.0-x86_64-disk.img"} times: 10 method_name: run timeout: 0 duration: None cls:
2019-07-18 07:42:29.364 1757 INFO rally.task.runner [-] Task 371a3af9-a6f1-4738-a609-893f26f5167c | ITER: 1 START
2019-07-18 07:42:29.363 1759 RALLYDEBUG rally.task.runner [-] Starting a worker. concurrency: 1 args: {"container_format": "bare", "disk_format": "qcow2", "image_location": "/home/opnfv/functest/images/cirros-0.4.0-x86_64-disk.img"} times: 10 method_name: run timeout: 0 duration: None cls:
2019-07-18 07:42:29.367 1758 INFO rally.task.runner [-] Task 371a3af9-a6f1-4738-a609-893f26f5167c | ITER: 2 START
2019-07-18 07:42:29.368 1760 RALLYDEBUG rally.task.runner [-] Starting a worker. concurrency: 1 args: {"container_format": "bare", "disk_format": "qcow2", "image_location": "/home/opnfv/functest/images/cirros-0.4.0-x86_64-disk.img"} times: 10 method_name: run timeout: 0 duration: None cls:
2019-07-18 07:42:29.369 1759 INFO rally.task.runner [-] Task 371a3af9-a6f1-4738-a609-893f26f5167c | ITER: 3 START
2019-07-18 07:42:29.376 1760 INFO rally.task.runner [-] Task 371a3af9-a6f1-4738-a609-893f26f5167c | ITER: 4 START
2019-07-18 07:42:32.664 1759 RALLYDEBUG rally.task.utils [-] Waiting for resource u'a23cbc02-43bb-439a-93f0-6b97b9d51c53'. Status changed: NONE => QUEUED in 0.0450541973114
2019-07-18 07:42:32.667 1760 RALLYDEBUG rally.task.utils [-] Waiting for resource u'05d1438d-255d-4a5b-aafe-4fd7b6adb4b7'. Status changed: NONE => QUEUED in 0.045961856842
2019-07-18 07:42:32.683 1757 RALLYDEBUG rally.task.utils [-] Waiting for resource u'6796d700-2294-47f9-9e09-de63f524d96a'. Status changed: NONE => QUEUED in 0.0408899784088
2019-07-18 07:42:32.736 1758 RALLYDEBUG rally.task.utils [-] Waiting for resource u'a37acb87-3c53-4061-a1b7-ffea66bee489'. Status changed: NONE => QUEUED in 0.0717029571533
2019-07-18 07:42:33.149 1757 RALLYDEBUG rally.task.utils [-] Waiting for resource s_rally_d1aef7ee_TWDYJZcO. Status changed: QUEUED => ACTIVE in 0.0212109088898
2019-07-18 07:42:33.305 1757 INFO rally.task.runner [-] Task 371a3af9-a6f1-4738-a609-893f26f5167c | ITER: 1 END: OK
2019-07-18 07:42:33.310 1757 INFO rally.task.runner [-] Task 371a3af9-a6f1-4738-a609-893f26f5167c | ITER: 5 START
2019-07-18 07:42:35.181 1759 RALLYDEBUG rally.task.utils [-] Waiting for resource s_rally_d1aef7ee_kQhH5NNs. Status changed: QUEUED => ACTIVE in 0.0186860561371
2019-07-18 07:42:35.243 1760 RALLYDEBUG rally.task.utils [-] Waiting for resource s_rally_d1aef7ee_r6sQi0nN. Status changed: QUEUED => ACTIVE in 0.0321719646454
2019-07-18 07:42:35.248 1758 RALLYDEBUG rally.task.utils [-] Waiting for resource s_rally_d1aef7ee_1HMtiHz7. Status changed: QUEUED => ACTIVE in 0.0252020359039
2019-07-18 07:42:35.410 1759 INFO rally.task.runner [-] Task 371a3af9-a6f1-4738-a609-893f26f5167c | ITER: 3 END: OK
2019-07-18 07:42:35.414 1759 INFO rally.task.runner [-] Task 371a3af9-a6f1-4738-a609-893f26f5167c | ITER: 6 START
2019-07-18 07:42:35.465 1758 INFO rally.task.runner [-] Task 371a3af9-a6f1-4738-a609-893f26f5167c | ITER: 2 END: OK
2019-07-18 07:42:35.467 1760 INFO rally.task.runner [-] Task 371a3af9-a6f1-4738-a609-893f26f5167c | ITER: 4 END: OK
2019-07-18 07:42:35.469 1758 INFO rally.task.runner [-] Task 371a3af9-a6f1-4738-a609-893f26f5167c | ITER: 7 START
2019-07-18 07:42:35.471 1760 INFO rally.task.runner [-] Task 371a3af9-a6f1-4738-a609-893f26f5167c | ITER: 8 START
2019-07-18 07:42:36.586 1757 RALLYDEBUG rally.task.utils [-] Waiting for resource u'd077388e-04cc-4193-8232-3a831e12ce61'. Status changed: NONE => QUEUED in 0.0262641906738
2019-07-18 07:42:37.339 1757 RALLYDEBUG rally.task.utils [-] Waiting for resource s_rally_d1aef7ee_mgtmObso. Status changed: QUEUED => ACTIVE in 0.0178730487823
2019-07-18 07:42:37.462 1757 INFO rally.task.runner [-] Task 371a3af9-a6f1-4738-a609-893f26f5167c | ITER: 5 END: OK
2019-07-18 07:42:37.466 1757 INFO rally.task.runner [-] Task 371a3af9-a6f1-4738-a609-893f26f5167c | ITER: 9 START
2019-07-18 07:42:38.790 1759 RALLYDEBUG rally.task.utils [-] Waiting for resource u'14a4d46e-1dbb-433b-9bbb-040d2691bca4'. Status changed: NONE => QUEUED in 0.0272259712219
2019-07-18 07:42:38.831 1758 RALLYDEBUG rally.task.utils [-] Waiting for resource u'695094a4-6a7b-40ae-95f3-eeedbf5af939'. Status changed: NONE => QUEUED in 0.033392906189
2019-07-18 07:42:38.953 1760 RALLYDEBUG rally.task.utils [-] Waiting for resource u'e2aa0081-5691-4551-80ea-46d54960d460'. Status changed: NONE => QUEUED in 0.0287909507751
2019-07-18 07:42:40.573 1759 RALLYDEBUG rally.task.utils [-] Waiting for resource s_rally_d1aef7ee_y6BxB4qh. Status changed: QUEUED => ACTIVE in 0.0247411727905
2019-07-18 07:42:40.586 1760 RALLYDEBUG rally.task.utils [-] Waiting for resource s_rally_d1aef7ee_rn0zTf3h. Status changed: QUEUED => ACTIVE in 0.0213580131531
2019-07-18 07:42:40.601 1758 RALLYDEBUG rally.task.utils [-] Waiting for resource s_rally_d1aef7ee_n56DB6c1. Status changed: QUEUED => ACTIVE in 0.0233979225159
2019-07-18 07:42:40.652 1757 RALLYDEBUG rally.task.utils [-] Waiting for resource u'0efc6d9a-5cee-46ec-bc9f-38494d72a343'. Status changed: NONE => QUEUED in 0.0305891036987
2019-07-18 07:42:40.733 1760 INFO rally.task.runner [-] Task 371a3af9-a6f1-4738-a609-893f26f5167c | ITER: 8 END: OK
2019-07-18 07:42:40.738 1760 INFO rally.task.runner [-] Task 371a3af9-a6f1-4738-a609-893f26f5167c | ITER: 10 START
2019-07-18 07:42:40.782 1759 INFO rally.task.runner [-] Task 371a3af9-a6f1-4738-a609-893f26f5167c | ITER: 6 END: OK
2019-07-18 07:42:40.788 1758 INFO rally.task.runner [-] Task 371a3af9-a6f1-4738-a609-893f26f5167c | ITER: 7 END: OK
2019-07-18 07:42:41.597 1757 RALLYDEBUG rally.task.utils [-] Waiting for resource s_rally_d1aef7ee_O0Csa2hL. Status changed: QUEUED => ACTIVE in 0.0179080963135
2019-07-18 07:42:41.724 1757 INFO rally.task.runner [-] Task 371a3af9-a6f1-4738-a609-893f26f5167c | ITER: 9 END: OK
2019-07-18 07:42:43.960 1760 RALLYDEBUG rally.task.utils [-] Waiting for resource u'14982a37-532e-4f04-a9f0-41b02f87371e'. Status changed: NONE => QUEUED in 0.0295078754425
2019-07-18 07:42:44.867 1760 RALLYDEBUG rally.task.utils [-] Waiting for resource s_rally_d1aef7ee_ktOoyTNx. Status changed: QUEUED => ACTIVE in 0.0175931453705
2019-07-18 07:42:44.997 1760 INFO rally.task.runner [-] Task 371a3af9-a6f1-4738-a609-893f26f5167c | ITER: 10 END: OK
2019-07-18 07:42:45.018 725 INFO rally.task.context [-] Task 371a3af9-a6f1-4738-a609-893f26f5167c | Context cleanup@openstack cleanup() started
2019-07-18 07:42:45.020 725 RALLYDEBUG rally_openstack.cleanup.manager [-] Cleaning up glance images objects
2019-07-18 07:42:47.306 725 RALLYDEBUG rally_openstack.cleanup.manager [-] Deleting glance.images object s_rally_d1aef7ee_EFVKRptj (14a4d46e-1dbb-433b-9bbb-040d2691bca4)
2019-07-18 07:42:47.312 725 RALLYDEBUG rally_openstack.cleanup.manager [-] Deleting glance.images object s_rally_d1aef7ee_tMLEXFGn (14982a37-532e-4f04-a9f0-41b02f87371e)
2019-07-18 07:42:47.309 725 RALLYDEBUG rally_openstack.cleanup.manager [-] Deleting glance.images object s_rally_d1aef7ee_0I6xgmh9 (a37acb87-3c53-4061-a1b7-ffea66bee489)
2019-07-18 07:42:47.313 725 RALLYDEBUG rally_openstack.cleanup.manager [-] Deleting glance.images object s_rally_d1aef7ee_ntce0YsF (0efc6d9a-5cee-46ec-bc9f-38494d72a343)
2019-07-18 07:42:47.323 725 RALLYDEBUG rally_openstack.cleanup.manager [-] Deleting glance.images object s_rally_d1aef7ee_GBix6aaX (6796d700-2294-47f9-9e09-de63f524d96a)
2019-07-18 07:42:47.324 725 RALLYDEBUG rally_openstack.cleanup.manager [-] Deleting glance.images object s_rally_d1aef7ee_8knVFuLy (05d1438d-255d-4a5b-aafe-4fd7b6adb4b7)
2019-07-18 07:42:47.333 725 RALLYDEBUG rally_openstack.cleanup.manager [-] Deleting glance.images object s_rally_d1aef7ee_aRQBQ32O (e2aa0081-5691-4551-80ea-46d54960d460)
2019-07-18 07:42:47.336 725 RALLYDEBUG rally_openstack.cleanup.manager [-] Deleting glance.images object s_rally_d1aef7ee_CCRnLwXz (695094a4-6a7b-40ae-95f3-eeedbf5af939)
2019-07-18 07:42:47.338 725 RALLYDEBUG rally_openstack.cleanup.manager [-] Deleting glance.images object s_rally_d1aef7ee_oCNdtZTB (a23cbc02-43bb-439a-93f0-6b97b9d51c53)
2019-07-18 07:42:47.357 725 RALLYDEBUG rally_openstack.cleanup.manager [-] Deleting glance.images object s_rally_d1aef7ee_yQLPsqCD (d077388e-04cc-4193-8232-3a831e12ce61)
2019-07-18 07:42:48.920 725 DEBUG glanceclient.common.http [-] Request returned failure status 404. _handle_response /usr/lib/python2.7/site-packages/glanceclient/common/http.py:125
2019-07-18 07:42:48.932 725 DEBUG glanceclient.common.http [-] Request returned failure status 404. _handle_response /usr/lib/python2.7/site-packages/glanceclient/common/http.py:125
2019-07-18 07:42:48.935 725 DEBUG glanceclient.common.http [-] Request returned failure status 404. _handle_response /usr/lib/python2.7/site-packages/glanceclient/common/http.py:125
2019-07-18 07:42:48.946 725 DEBUG glanceclient.common.http [-] Request returned failure status 404. _handle_response /usr/lib/python2.7/site-packages/glanceclient/common/http.py:125
2019-07-18 07:42:48.950 725 DEBUG glanceclient.common.http [-] Request returned failure status 404. _handle_response /usr/lib/python2.7/site-packages/glanceclient/common/http.py:125
2019-07-18 07:42:48.971 725 DEBUG glanceclient.common.http [-] Request returned failure status 404. _handle_response /usr/lib/python2.7/site-packages/glanceclient/common/http.py:125
2019-07-18 07:42:49.967 725 DEBUG glanceclient.common.http [-] Request returned failure status 404. _handle_response /usr/lib/python2.7/site-packages/glanceclient/common/http.py:125
2019-07-18 07:42:49.979 725 DEBUG glanceclient.common.http [-] Request returned failure status 404. _handle_response /usr/lib/python2.7/site-packages/glanceclient/common/http.py:125
2019-07-18 07:42:49.980 725 DEBUG glanceclient.common.http [-] Request returned failure status 404. _handle_response /usr/lib/python2.7/site-packages/glanceclient/common/http.py:125
2019-07-18 07:42:49.990 725 DEBUG glanceclient.common.http [-] Request returned failure status 404. _handle_response /usr/lib/python2.7/site-packages/glanceclient/common/http.py:125
2019-07-18 07:42:50.019 725 DEBUG glanceclient.common.http [-] Request returned failure status 404. _handle_response /usr/lib/python2.7/site-packages/glanceclient/common/http.py:125
2019-07-18 07:42:50.024 725 DEBUG glanceclient.common.http [-] Request returned failure status 404. _handle_response /usr/lib/python2.7/site-packages/glanceclient/common/http.py:125
2019-07-18 07:42:50.024 725 DEBUG glanceclient.common.http [-] Request returned failure status 404. _handle_response /usr/lib/python2.7/site-packages/glanceclient/common/http.py:125
2019-07-18 07:42:50.037 725 DEBUG glanceclient.common.http [-] Request returned failure status 404. _handle_response /usr/lib/python2.7/site-packages/glanceclient/common/http.py:125
2019-07-18 07:42:51.057 725 DEBUG glanceclient.common.http [-] Request returned failure status 404. _handle_response /usr/lib/python2.7/site-packages/glanceclient/common/http.py:125
2019-07-18 07:42:51.070 725 DEBUG glanceclient.common.http [-] Request returned failure status 404. _handle_response /usr/lib/python2.7/site-packages/glanceclient/common/http.py:125
2019-07-18 07:42:51.090 725 DEBUG glanceclient.common.http [-] Request returned failure status 404. _handle_response /usr/lib/python2.7/site-packages/glanceclient/common/http.py:125
2019-07-18 07:42:51.103 725 DEBUG glanceclient.common.http [-] Request returned failure status 404. _handle_response /usr/lib/python2.7/site-packages/glanceclient/common/http.py:125
2019-07-18 07:42:51.168 725 DEBUG glanceclient.common.http [-] Request returned failure status 404. _handle_response /usr/lib/python2.7/site-packages/glanceclient/common/http.py:125
2019-07-18 07:42:51.184 725 DEBUG glanceclient.common.http [-] Request returned failure status 404. _handle_response /usr/lib/python2.7/site-packages/glanceclient/common/http.py:125
2019-07-18 07:42:52.187 725 INFO rally.task.context [-] Task 371a3af9-a6f1-4738-a609-893f26f5167c | Context cleanup@openstack cleanup() finished in 7.17 sec
2019-07-18 07:42:52.187 725 INFO rally.task.context [-] Task 371a3af9-a6f1-4738-a609-893f26f5167c | Context users@openstack cleanup() started
2019-07-18 07:42:59.104 725 INFO rally.task.context [-] Task 371a3af9-a6f1-4738-a609-893f26f5167c | Context users@openstack cleanup() finished in 6.92 sec
2019-07-18 07:43:00.997 725 INFO rally.task.engine [-] Load duration is: 14.758043
2019-07-18 07:43:00.998 725 INFO rally.task.engine [-] Full runner duration is: 15.676284
2019-07-18 07:43:00.998 725 INFO rally.task.engine [-] Full duration is: 34.262141
2019-07-18 07:43:01.171 725 INFO rally.task.engine [-] Task 371a3af9-a6f1-4738-a609-893f26f5167c | Completed: Running task.
2019-07-18 07:43:02.152 1839 RALLYDEBUG rally.api [-] INFO logs from urllib3 and requests module are hide.
2019-07-18 07:43:02.153 1839 RALLYDEBUG rally.api [-] urllib3 insecure warnings are hidden.
2019-07-18 07:43:02.153 1839 RALLYDEBUG rally.api [-] ERROR log from boto module is hide.
2019-07-18 07:43:02.886 1840 RALLYDEBUG rally.api [-] INFO logs from urllib3 and requests module are hide.
2019-07-18 07:43:02.886 1840 RALLYDEBUG rally.api [-] urllib3 insecure warnings are hidden.
2019-07-18 07:43:02.886 1840 RALLYDEBUG rally.api [-] ERROR log from boto module is hide.
2019-07-18 07:43:04.131 1840 INFO rally.api [-] Building 'json' report for the following task(s): '371a3af9-a6f1-4738-a609-893f26f5167c'.
2019-07-18 07:43:04.148 1840 INFO rally.api [-] The report has been successfully built.
2019-07-18 07:43:04.970 1842 RALLYDEBUG rally.api [-] INFO logs from urllib3 and requests module are hide.
2019-07-18 07:43:04.970 1842 RALLYDEBUG rally.api [-] urllib3 insecure warnings are hidden.
2019-07-18 07:43:04.970 1842 RALLYDEBUG rally.api [-] ERROR log from boto module is hide.
2019-07-18 07:43:06.378 1842 INFO rally.task.engine [-] Task e219fd00-8397-4f3d-981a-b44c08125a20 | Starting: Task validation.
2019-07-18 07:43:06.416 1842 INFO rally.task.engine [-] Task e219fd00-8397-4f3d-981a-b44c08125a20 | Starting: Task validation of syntax.
2019-07-18 07:43:06.686 1842 INFO rally.task.engine [-] Task e219fd00-8397-4f3d-981a-b44c08125a20 | Completed: Task validation of syntax.
2019-07-18 07:43:06.686 1842 INFO rally.task.engine [-] Task e219fd00-8397-4f3d-981a-b44c08125a20 | Starting: Task validation of required platforms.
2019-07-18 07:43:06.785 1842 INFO rally.task.engine [-] Task e219fd00-8397-4f3d-981a-b44c08125a20 | Completed: Task validation of required platforms.
2019-07-18 07:43:06.785 1842 INFO rally.task.engine [-] Task e219fd00-8397-4f3d-981a-b44c08125a20 | Starting: Task validation of semantic.
2019-07-18 07:43:06.785 1842 INFO rally.task.engine [-] Check health of the environment '8ee47d83-b995-4c05-bdeb-c9c730fc8a33'.
2019-07-18 07:43:07.587 1842 INFO rally.task.engine [-] Platform existing@openstack (available: True): OK!
2019-07-18 07:43:07.605 1842 RALLYDEBUG rally_openstack.contexts.keystone.users [-] Creating 1 tenants using 20 threads
2019-07-18 07:43:09.356 1842 RALLYDEBUG rally_openstack.contexts.keystone.users [-] Creating 1 users using 20 threads
2019-07-18 07:43:11.891 1842 INFO rally.task.context [-] Task e219fd00-8397-4f3d-981a-b44c08125a20 | Context users@openstack setup() finished in 4.29 sec
2019-07-18 07:43:12.795 1842 DEBUG novaclient.v2.client [-] REQ: curl -g -i -X GET http://172.30.9.24:8774/v2.1/flavors/detail -H "Accept: application/json" -H "User-Agent: python-novaclient" -H "X-Auth-Token: {SHA1}028954bc41a3e2588ee706b0d99449c88fc82913" _http_log_request /usr/lib/python2.7/site-packages/keystoneauth1/session.py:448
2019-07-18 07:43:13.094 1842 DEBUG novaclient.v2.client [-] RESP: [200] Content-Encoding: gzip Content-Length: 363 Content-Type: application/json Date: Thu, 18 Jul 2019 07:43:12 GMT OpenStack-API-Version: compute 2.1 Server: Apache Vary: OpenStack-API-Version,X-OpenStack-Nova-API-Version,Accept-Encoding X-OpenStack-Nova-API-Version: 2.1 x-compute-request-id: req-75aaebee-3239-4f05-8eb5-5cedbeefa2a8 x-openstack-request-id: req-75aaebee-3239-4f05-8eb5-5cedbeefa2a8 _http_log_response /usr/lib/python2.7/site-packages/keystoneauth1/session.py:479
2019-07-18 07:43:13.095 1842 DEBUG novaclient.v2.client [-] RESP BODY: {"flavors": [{"name": "rally_full-flavor_d72fd013-6d65-4b45-bbaf-a6a288565deb", "links": [{"href": "http://172.30.9.24:8774/v2.1/flavors/3965b147-9ca7-456b-b66b-3df62a31d711", "rel": "self"}, {"href": "http://172.30.9.24:8774/flavors/3965b147-9ca7-456b-b66b-3df62a31d711", "rel": "bookmark"}], "ram": 512, "OS-FLV-DISABLED:disabled": false, "vcpus": 1, "swap": "", "os-flavor-access:is_public": true, "rxtx_factor": 1.0, "OS-FLV-EXT-DATA:ephemeral": 0, "disk": 1, "id": "3965b147-9ca7-456b-b66b-3df62a31d711"}, {"name": "rally_full-flavor_alt_d72fd013-6d65-4b45-bbaf-a6a288565deb", "links": [{"href": "http://172.30.9.24:8774/v2.1/flavors/eb836a03-dae8-4fff-b4b6-3774bac5c114", "rel": "self"}, {"href": "http://172.30.9.24:8774/flavors/eb836a03-dae8-4fff-b4b6-3774bac5c114", "rel": "bookmark"}], "ram": 1024, "OS-FLV-DISABLED:disabled": false, "vcpus": 1, "swap": "", "os-flavor-access:is_public": true, "rxtx_factor": 1.0, "OS-FLV-EXT-DATA:ephemeral": 0, "disk": 1, "id": "eb836a03-dae8-4fff-b4b6-3774bac5c114"}]} _http_log_response /usr/lib/python2.7/site-packages/keystoneauth1/session.py:511
2019-07-18 07:43:13.095 1842 DEBUG novaclient.v2.client [-] GET call to compute for http://172.30.9.24:8774/v2.1/flavors/detail used request id req-75aaebee-3239-4f05-8eb5-5cedbeefa2a8 request /usr/lib/python2.7/site-packages/keystoneauth1/session.py:844
2019-07-18 07:43:13.508 1842 DEBUG novaclient.v2.client [-] REQ: curl -g -i -X GET http://172.30.9.24:8774/v2.1/flavors/3965b147-9ca7-456b-b66b-3df62a31d711 -H "Accept: application/json" -H "User-Agent: python-novaclient" -H "X-Auth-Token: {SHA1}4f7b1f3efcc59a2ddfb335f6a6323fc38ee89c5f" _http_log_request /usr/lib/python2.7/site-packages/keystoneauth1/session.py:448
2019-07-18 07:43:13.811 1842 DEBUG novaclient.v2.client [-] RESP: [200] Content-Encoding: gzip Content-Length: 312 Content-Type: application/json Date: Thu, 18 Jul 2019 07:43:13 GMT OpenStack-API-Version: compute 2.1 Server: Apache Vary: OpenStack-API-Version,X-OpenStack-Nova-API-Version,Accept-Encoding X-OpenStack-Nova-API-Version: 2.1 x-compute-request-id: req-db79fb53-9d4b-467d-b021-641abebd6cac x-openstack-request-id: req-db79fb53-9d4b-467d-b021-641abebd6cac _http_log_response /usr/lib/python2.7/site-packages/keystoneauth1/session.py:479
2019-07-18 07:43:13.812 1842 DEBUG novaclient.v2.client [-] RESP BODY: {"flavor": {"name": "rally_full-flavor_d72fd013-6d65-4b45-bbaf-a6a288565deb", "links": [{"href": "http://172.30.9.24:8774/v2.1/flavors/3965b147-9ca7-456b-b66b-3df62a31d711", "rel": "self"}, {"href": "http://172.30.9.24:8774/flavors/3965b147-9ca7-456b-b66b-3df62a31d711", "rel": "bookmark"}], "ram": 512, "OS-FLV-DISABLED:disabled": false, "vcpus": 1, "swap": "", "os-flavor-access:is_public": true, "rxtx_factor": 1.0, "OS-FLV-EXT-DATA:ephemeral": 0, "disk": 1, "id": "3965b147-9ca7-456b-b66b-3df62a31d711"}} _http_log_response /usr/lib/python2.7/site-packages/keystoneauth1/session.py:511
2019-07-18 07:43:13.812 1842 DEBUG novaclient.v2.client [-] GET call to compute for http://172.30.9.24:8774/v2.1/flavors/3965b147-9ca7-456b-b66b-3df62a31d711 used request id req-db79fb53-9d4b-467d-b021-641abebd6cac request /usr/lib/python2.7/site-packages/keystoneauth1/session.py:844
2019-07-18 07:43:19.063 1842 DEBUG novaclient.v2.client [-] REQ: curl -g -i -X GET http://172.30.9.24:8774/v2.1/flavors/detail -H "Accept: application/json" -H "User-Agent: python-novaclient" -H "X-Auth-Token: {SHA1}f977deee9f8ceafd618cfce11f65dc4204b9d873" _http_log_request /usr/lib/python2.7/site-packages/keystoneauth1/session.py:448
2019-07-18 07:43:19.366 1842 DEBUG novaclient.v2.client [-] RESP: [200] Content-Encoding: gzip Content-Length: 363 Content-Type: application/json Date: Thu, 18 Jul 2019 07:43:19 GMT OpenStack-API-Version: compute 2.1 Server: Apache Vary: OpenStack-API-Version,X-OpenStack-Nova-API-Version,Accept-Encoding X-OpenStack-Nova-API-Version: 2.1 x-compute-request-id: req-e05aa0df-9311-4975-8024-8d611f9377a6 x-openstack-request-id: req-e05aa0df-9311-4975-8024-8d611f9377a6 _http_log_response /usr/lib/python2.7/site-packages/keystoneauth1/session.py:479
