2019-07-18 07:55:17.590 1842 INFO rally.task.engine [-] Running workload: position = 0 config = { "version": 2, "title": "A cropped version of a bigger task.", "description": "Auto-generated task from a single workload (uuid=8d322f92-22f8-4069-b17a-e508035b0939)", "subtasks": [ { "title": "CinderVolumes.create_volume", "description": "Create a volume.", "scenario": { "CinderVolumes.create_volume": { "size": 1 } }, "contexts": { "users": { "tenants": 3, "users_per_tenant": 2 }, "api_versions": { "cinder": { "version": 3, "service_type": "volumev3" } } }, "runner": { "constant": { "concurrency": 4, "times": 10 } }, "hooks": [], "sla": { "failure_rate": { "max": 0 } } } ] }
2019-07-18 07:55:17.614 1842 RALLYDEBUG rally_openstack.contexts.keystone.users [-] Creating 3 tenants using 20 threads
2019-07-18 07:55:19.483 1842 RALLYDEBUG rally_openstack.contexts.keystone.users [-] Creating 6 users using 20 threads
2019-07-18 07:55:22.150 1842 INFO rally.task.context [-] Task e219fd00-8397-4f3d-981a-b44c08125a20 | Context users@openstack setup() finished in 4.54 sec
2019-07-18 07:55:22.572 1842 INFO rally.task.context [-] Task e219fd00-8397-4f3d-981a-b44c08125a20 | Context api_versions@openstack setup() finished in 0.42 sec
2019-07-18 07:55:22.573 1842 INFO rally.task.context [-] Task e219fd00-8397-4f3d-981a-b44c08125a20 | Context cleanup@openstack setup() finished in 0.00 msec
2019-07-18 07:55:22.580 1842 RALLYDEBUG rally.task.runner [-] Starting the constant runner (task UUID: e219fd00-8397-4f3d-981a-b44c08125a20). timeout: 0 concurrency: 4 concurrency_per_worker: 1 times: 10 concurrency_overhead: 0 processes_to_start: 4 max_cpu_used: 16
2019-07-18 07:55:22.593 3474 RALLYDEBUG rally.task.runner [-] Starting a worker. concurrency: 1 args: {"size": 1} times: 10 method_name: run timeout: 0 duration: None cls:
2019-07-18 07:55:22.595 3475 RALLYDEBUG rally.task.runner [-] Starting a worker. concurrency: 1 args: {"size": 1} times: 10 method_name: run timeout: 0 duration: None cls:
2019-07-18 07:55:22.598 3476 RALLYDEBUG rally.task.runner [-] Starting a worker. concurrency: 1 args: {"size": 1} times: 10 method_name: run timeout: 0 duration: None cls:
2019-07-18 07:55:22.601 3474 INFO rally.task.runner [-] Task e219fd00-8397-4f3d-981a-b44c08125a20 | ITER: 1 START
2019-07-18 07:55:22.601 3477 RALLYDEBUG rally.task.runner [-] Starting a worker. concurrency: 1 args: {"size": 1} times: 10 method_name: run timeout: 0 duration: None cls:
2019-07-18 07:55:22.603 3475 INFO rally.task.runner [-] Task e219fd00-8397-4f3d-981a-b44c08125a20 | ITER: 2 START
2019-07-18 07:55:22.605 3476 INFO rally.task.runner [-] Task e219fd00-8397-4f3d-981a-b44c08125a20 | ITER: 3 START
2019-07-18 07:55:22.608 3477 INFO rally.task.runner [-] Task e219fd00-8397-4f3d-981a-b44c08125a20 | ITER: 4 START
2019-07-18 07:55:25.973 3477 INFO rally.task.runner [-] Task e219fd00-8397-4f3d-981a-b44c08125a20 | ITER: 4 END: OK
2019-07-18 07:55:25.979 3477 INFO rally.task.runner [-] Task e219fd00-8397-4f3d-981a-b44c08125a20 | ITER: 5 START
2019-07-18 07:55:26.143 3474 INFO rally.task.runner [-] Task e219fd00-8397-4f3d-981a-b44c08125a20 | ITER: 1 END: OK
2019-07-18 07:55:26.148 3474 INFO rally.task.runner [-] Task e219fd00-8397-4f3d-981a-b44c08125a20 | ITER: 6 START
2019-07-18 07:55:26.217 3475 INFO rally.task.runner [-] Task e219fd00-8397-4f3d-981a-b44c08125a20 | ITER: 2 END: OK
2019-07-18 07:55:26.222 3475 INFO rally.task.runner [-] Task e219fd00-8397-4f3d-981a-b44c08125a20 | ITER: 7 START
2019-07-18 07:55:26.237 3476 INFO rally.task.runner [-] Task e219fd00-8397-4f3d-981a-b44c08125a20 | ITER: 3 END: OK
2019-07-18 07:55:26.242 3476 INFO rally.task.runner [-] Task e219fd00-8397-4f3d-981a-b44c08125a20 | ITER: 8 START
2019-07-18 07:55:29.386 3477 INFO rally.task.runner [-] Task e219fd00-8397-4f3d-981a-b44c08125a20 | ITER: 5 END: OK
2019-07-18 07:55:29.390 3477 INFO rally.task.runner [-] Task e219fd00-8397-4f3d-981a-b44c08125a20 | ITER: 9 START
2019-07-18 07:55:29.544 3474 INFO rally.task.runner [-] Task e219fd00-8397-4f3d-981a-b44c08125a20 | ITER: 6 END: OK
2019-07-18 07:55:29.549 3474 INFO rally.task.runner [-] Task e219fd00-8397-4f3d-981a-b44c08125a20 | ITER: 10 START
2019-07-18 07:55:29.772 3475 INFO rally.task.runner [-] Task e219fd00-8397-4f3d-981a-b44c08125a20 | ITER: 7 END: OK
2019-07-18 07:55:30.001 3476 INFO rally.task.runner [-] Task e219fd00-8397-4f3d-981a-b44c08125a20 | ITER: 8 END: OK
2019-07-18 07:55:32.849 3477 INFO rally.task.runner [-] Task e219fd00-8397-4f3d-981a-b44c08125a20 | ITER: 9 END: OK
2019-07-18 07:55:32.887 3474 INFO rally.task.runner [-] Task e219fd00-8397-4f3d-981a-b44c08125a20 | ITER: 10 END: OK
2019-07-18 07:55:32.914 1842 INFO rally.task.context [-] Task e219fd00-8397-4f3d-981a-b44c08125a20 | Context cleanup@openstack cleanup() started
2019-07-18 07:55:32.916 1842 RALLYDEBUG rally_openstack.cleanup.manager [-] Cleaning up cinder backups objects
2019-07-18 07:55:34.986 1842 RALLYDEBUG rally_openstack.cleanup.manager [-] Cleaning up cinder volume_snapshots objects
2019-07-18 07:55:36.954 1842 RALLYDEBUG rally_openstack.cleanup.manager [-] Cleaning up cinder transfers objects
2019-07-18 07:55:38.928 1842 RALLYDEBUG rally_openstack.cleanup.manager [-] Cleaning up cinder volumes objects
2019-07-18 07:55:41.019 1842 RALLYDEBUG rally_openstack.cleanup.manager [-] Deleting cinder.volumes object s_rally_8d322f92_PS26iMME (3b9c1db2-4a0b-4c25-995f-2100339ad759)
2019-07-18 07:55:41.028 1842 RALLYDEBUG rally_openstack.cleanup.manager [-] Deleting cinder.volumes object s_rally_8d322f92_QHcHc0RG (62109343-97e7-476a-b0a9-e1d15c3253fd)
2019-07-18 07:55:41.029 1842 RALLYDEBUG rally_openstack.cleanup.manager [-] Deleting cinder.volumes object s_rally_8d322f92_HyYYx1KY (a4ce0326-7b32-4cb9-96c7-40010f0ddedc)
2019-07-18 07:55:41.035 1842 RALLYDEBUG rally_openstack.cleanup.manager [-] Deleting cinder.volumes object s_rally_8d322f92_U53Hs9Rl (841fe84d-a3d6-4dce-9be2-42fa53847853)
2019-07-18 07:55:41.040 1842 RALLYDEBUG rally_openstack.cleanup.manager [-] Deleting cinder.volumes object s_rally_8d322f92_lCpRjc5W (67b86c3e-70dc-4ae5-970c-2946d6819ccd)
2019-07-18 07:55:41.040 1842 RALLYDEBUG rally_openstack.cleanup.manager [-] Deleting cinder.volumes object s_rally_8d322f92_5BGtE6iM (47f79dcd-e4c9-42ec-b0b4-85f44c2b73df)
2019-07-18 07:55:41.049 1842 RALLYDEBUG rally_openstack.cleanup.manager [-] Deleting cinder.volumes object s_rally_8d322f92_s3AHmry5 (ece0754b-cc58-420f-895c-1a4d18cc109e)
2019-07-18 07:55:41.050 1842 RALLYDEBUG rally_openstack.cleanup.manager [-] Deleting cinder.volumes object s_rally_8d322f92_f0C7tQdN (bfa40d56-6bfa-4a62-921e-c380bc42ca38)
2019-07-18 07:55:41.054 1842 RALLYDEBUG rally_openstack.cleanup.manager [-] Deleting cinder.volumes object s_rally_8d322f92_qpcFZPeE (1030db29-146d-44ee-8dfd-cb53e5d27d50)
2019-07-18 07:55:41.059 1842 RALLYDEBUG rally_openstack.cleanup.manager [-] Deleting cinder.volumes object s_rally_8d322f92_KnIeutsS (9615ef8b-1531-48f8-b16f-d57de9d0c7bd)
2019-07-18 07:55:45.035 1842 INFO rally.task.context [-] Task e219fd00-8397-4f3d-981a-b44c08125a20 | Context cleanup@openstack cleanup() finished in 12.12 sec
2019-07-18 07:55:45.035 1842 INFO rally.task.context [-] Task e219fd00-8397-4f3d-981a-b44c08125a20 | Context api_versions@openstack cleanup() started
2019-07-18 07:55:45.036 1842 INFO rally.task.context [-] Task e219fd00-8397-4f3d-981a-b44c08125a20 | Context api_versions@openstack cleanup() finished in 0.32 msec
2019-07-18 07:55:45.036 1842 INFO rally.task.context [-] Task e219fd00-8397-4f3d-981a-b44c08125a20 | Context users@openstack cleanup() started
2019-07-18 07:55:52.741 1842 INFO rally.task.context [-] Task e219fd00-8397-4f3d-981a-b44c08125a20 | Context users@openstack cleanup() finished in 7.70 sec
2019-07-18 07:55:53.781 1842 INFO rally.task.engine [-] Load duration is: 10.282356
2019-07-18 07:55:53.782 1842 INFO rally.task.engine [-] Full runner duration is: 10.334295
2019-07-18 07:55:53.782 1842 INFO rally.task.engine [-] Full duration is: 35.132138
2019-07-18 07:55:53.938 1842 INFO rally.task.engine [-] Running workload: position = 1 config = { "version": 2, "title": "A cropped version of a bigger task.", "description": "Auto-generated task from a single workload (uuid=fa373f8d-e8e8-482c-b7e9-7b5eef7d64b3)", "subtasks": [ { "title": "CinderVolumes.create_volume", "description": "Create a volume.", "scenario": { "CinderVolumes.create_volume": { "size": { "min": 1, "max": 1 } } }, "contexts": { "users": { "tenants": 3, "users_per_tenant": 2 }, "quotas": { "cinder": { "gigabytes": -1, "snapshots": -1, "volumes": -1 } }, "api_versions": { "cinder": { "version": 3, "service_type": "volumev3" } } }, "runner": { "constant": { "concurrency": 4, "times": 10 } }, "hooks": [], "sla": { "failure_rate": { "max": 0 } } } ] }
2019-07-18 07:55:53.961 1842 RALLYDEBUG rally_openstack.contexts.keystone.users [-] Creating 3 tenants using 20 threads
2019-07-18 07:55:55.884 1842 RALLYDEBUG rally_openstack.contexts.keystone.users [-] Creating 6 users using 20 threads
2019-07-18 07:55:58.664 1842 INFO rally.task.context [-] Task e219fd00-8397-4f3d-981a-b44c08125a20 | Context users@openstack setup() finished in 4.70 sec
2019-07-18 07:55:59.096 1842 INFO rally.task.context [-] Task e219fd00-8397-4f3d-981a-b44c08125a20 | Context api_versions@openstack setup() finished in 0.43 sec
2019-07-18 07:56:00.738 1842 INFO rally.task.context [-] Task e219fd00-8397-4f3d-981a-b44c08125a20 | Context quotas@openstack setup() finished in 1.64 sec
2019-07-18 07:56:00.739 1842 INFO rally.task.context [-] Task e219fd00-8397-4f3d-981a-b44c08125a20 | Context cleanup@openstack setup() finished in 0.01 msec
2019-07-18 07:56:00.746 1842 RALLYDEBUG rally.task.runner [-] Starting the constant runner (task UUID: e219fd00-8397-4f3d-981a-b44c08125a20). timeout: 0 concurrency: 4 concurrency_per_worker: 1 times: 10 concurrency_overhead: 0 processes_to_start: 4 max_cpu_used: 16
2019-07-18 07:56:00.758 3658 RALLYDEBUG rally.task.runner [-] Starting a worker. concurrency: 1 args: {"size": {"min": 1, "max": 1}} times: 10 method_name: run timeout: 0 duration: None cls:
2019-07-18 07:56:00.762 3659 RALLYDEBUG rally.task.runner [-] Starting a worker. concurrency: 1 args: {"size": {"min": 1, "max": 1}} times: 10 method_name: run timeout: 0 duration: None cls:
2019-07-18 07:56:00.765 3658 INFO rally.task.runner [-] Task e219fd00-8397-4f3d-981a-b44c08125a20 | ITER: 1 START
2019-07-18 07:56:00.765 3660 RALLYDEBUG rally.task.runner [-] Starting a worker. concurrency: 1 args: {"size": {"min": 1, "max": 1}} times: 10 method_name: run timeout: 0 duration: None cls:
2019-07-18 07:56:00.768 3661 RALLYDEBUG rally.task.runner [-] Starting a worker. concurrency: 1 args: {"size": {"min": 1, "max": 1}} times: 10 method_name: run timeout: 0 duration: None cls:
2019-07-18 07:56:00.770 3659 INFO rally.task.runner [-] Task e219fd00-8397-4f3d-981a-b44c08125a20 | ITER: 2 START
2019-07-18 07:56:00.772 3660 INFO rally.task.runner [-] Task e219fd00-8397-4f3d-981a-b44c08125a20 | ITER: 3 START
2019-07-18 07:56:00.777 3661 INFO rally.task.runner [-] Task e219fd00-8397-4f3d-981a-b44c08125a20 | ITER: 4 START
2019-07-18 07:56:04.078 3658 INFO rally.task.runner [-] Task e219fd00-8397-4f3d-981a-b44c08125a20 | ITER: 1 END: OK
2019-07-18 07:56:04.085 3658 INFO rally.task.runner [-] Task e219fd00-8397-4f3d-981a-b44c08125a20 | ITER: 5 START
2019-07-18 07:56:04.366 3659 INFO rally.task.runner [-] Task e219fd00-8397-4f3d-981a-b44c08125a20 | ITER: 2 END: OK
2019-07-18 07:56:04.372 3659 INFO rally.task.runner [-] Task e219fd00-8397-4f3d-981a-b44c08125a20 | ITER: 6 START
2019-07-18 07:56:04.454 3660 INFO rally.task.runner [-] Task e219fd00-8397-4f3d-981a-b44c08125a20 | ITER: 3 END: OK
2019-07-18 07:56:04.460 3660 INFO rally.task.runner [-] Task e219fd00-8397-4f3d-981a-b44c08125a20 | ITER: 7 START
2019-07-18 07:56:04.531 3661 INFO rally.task.runner [-] Task e219fd00-8397-4f3d-981a-b44c08125a20 | ITER: 4 END: OK
2019-07-18 07:56:04.537 3661 INFO rally.task.runner [-] Task e219fd00-8397-4f3d-981a-b44c08125a20 | ITER: 8 START
2019-07-18 07:56:07.673 3658 INFO rally.task.runner [-] Task e219fd00-8397-4f3d-981a-b44c08125a20 | ITER: 5 END: OK
2019-07-18 07:56:07.673 3660 INFO rally.task.runner [-] Task e219fd00-8397-4f3d-981a-b44c08125a20 | ITER: 7 END: OK
2019-07-18 07:56:07.678 3658 INFO rally.task.runner [-] Task e219fd00-8397-4f3d-981a-b44c08125a20 | ITER: 9 START
2019-07-18 07:56:07.679 3660 INFO rally.task.runner [-] Task e219fd00-8397-4f3d-981a-b44c08125a20 | ITER: 10 START
2019-07-18 07:56:07.943 3659 INFO rally.task.runner [-] Task e219fd00-8397-4f3d-981a-b44c08125a20 | ITER: 6 END: OK
2019-07-18 07:56:08.078 3661 INFO rally.task.runner [-] Task e219fd00-8397-4f3d-981a-b44c08125a20 | ITER: 8 END: OK
2019-07-18 07:56:11.009 3660 INFO rally.task.runner [-] Task e219fd00-8397-4f3d-981a-b44c08125a20 | ITER: 10 END: OK
2019-07-18 07:56:11.029 3658 INFO rally.task.runner [-] Task e219fd00-8397-4f3d-981a-b44c08125a20 | ITER: 9 END: OK
2019-07-18 07:56:11.052 1842 INFO rally.task.context [-] Task e219fd00-8397-4f3d-981a-b44c08125a20 | Context cleanup@openstack cleanup() started
2019-07-18 07:56:11.054 1842 RALLYDEBUG rally_openstack.cleanup.manager [-] Cleaning up cinder backups objects
2019-07-18 07:56:13.061 1842 RALLYDEBUG rally_openstack.cleanup.manager [-] Cleaning up cinder volume_snapshots objects
2019-07-18 07:56:15.091 1842 RALLYDEBUG rally_openstack.cleanup.manager [-] Cleaning up cinder transfers objects
2019-07-18 07:56:17.136 1842 RALLYDEBUG rally_openstack.cleanup.manager [-] Cleaning up cinder volumes objects
2019-07-18 07:56:19.285 1842 RALLYDEBUG rally_openstack.cleanup.manager [-] Deleting cinder.volumes object s_rally_fa373f8d_gtDNRqPL (fdc678a8-0b42-4bfc-a47b-02ac417999ea)
2019-07-18 07:56:19.291 1842 RALLYDEBUG rally_openstack.cleanup.manager [-] Deleting cinder.volumes object s_rally_fa373f8d_a4738D5m (c9520efe-1d42-48e0-a2b0-de6dff31f2e7)
2019-07-18 07:56:19.296 1842 RALLYDEBUG rally_openstack.cleanup.manager [-] Deleting cinder.volumes object s_rally_fa373f8d_WAEtda9v (73953a1c-8192-4dd3-b90a-0a38435dd8ec)
2019-07-18 07:56:19.303 1842 RALLYDEBUG rally_openstack.cleanup.manager [-] Deleting cinder.volumes object s_rally_fa373f8d_zJRNO5kc (264784f3-9db2-4384-9e0e-3473bf2724f1)
2019-07-18 07:56:19.306 1842 RALLYDEBUG rally_openstack.cleanup.manager [-] Deleting cinder.volumes object s_rally_fa373f8d_UObXYlxd (c0248667-279f-4530-99f4-8238de4d9a2b)
2019-07-18 07:56:19.316 1842 RALLYDEBUG rally_openstack.cleanup.manager [-] Deleting cinder.volumes object s_rally_fa373f8d_BdZQfRzg (9f337c18-aad4-47ad-9528-4da74e16765f)
2019-07-18 07:56:19.327 1842 RALLYDEBUG rally_openstack.cleanup.manager [-] Deleting cinder.volumes object s_rally_fa373f8d_RyVengpX (ad34b31f-f20c-407c-ae21-4b7801be0f1c)
2019-07-18 07:56:19.328 1842 RALLYDEBUG rally_openstack.cleanup.manager [-] Deleting cinder.volumes object s_rally_fa373f8d_geKq7WON (21a52ed2-1989-4db2-9d33-b7c643a10fde)
2019-07-18 07:56:19.347 1842 RALLYDEBUG rally_openstack.cleanup.manager [-] Deleting cinder.volumes object s_rally_fa373f8d_Bv3m5emU (2d4e1941-8384-4cfb-bb91-071bf078d826)
2019-07-18 07:56:19.352 1842 RALLYDEBUG rally_openstack.cleanup.manager [-] Deleting cinder.volumes object s_rally_fa373f8d_C0pKJ8oY (98ca0cfe-7355-4e93-961a-c2841aef571b)
2019-07-18 07:56:23.165 1842 INFO rally.task.context [-] Task e219fd00-8397-4f3d-981a-b44c08125a20 | Context cleanup@openstack cleanup() finished in 12.11 sec
2019-07-18 07:56:23.166 1842 INFO rally.task.context [-] Task e219fd00-8397-4f3d-981a-b44c08125a20 | Context quotas@openstack cleanup() started
2019-07-18 07:56:23.633 1842 INFO rally.task.context [-] Task e219fd00-8397-4f3d-981a-b44c08125a20 | Context quotas@openstack cleanup() finished in 0.47 sec
2019-07-18 07:56:23.633 1842 INFO rally.task.context [-] Task e219fd00-8397-4f3d-981a-b44c08125a20 | Context api_versions@openstack cleanup() started
2019-07-18 07:56:23.634 1842 INFO rally.task.context [-] Task e219fd00-8397-4f3d-981a-b44c08125a20 | Context api_versions@openstack cleanup() finished in 0.31 msec
2019-07-18 07:56:23.634 1842 INFO rally.task.context [-] Task e219fd00-8397-4f3d-981a-b44c08125a20 | Context users@openstack cleanup() started
2019-07-18 07:56:30.881 1842 INFO rally.task.context [-] Task e219fd00-8397-4f3d-981a-b44c08125a20 | Context users@openstack cleanup() finished in 7.25 sec
2019-07-18 07:56:32.122 1842 INFO rally.task.engine [-] Load duration is: 10.259664
2019-07-18 07:56:32.122 1842 INFO rally.task.engine [-] Full runner duration is: 10.306129
2019-07-18 07:56:32.122 1842 INFO rally.task.engine [-] Full duration is: 36.925522
2019-07-18 07:56:32.369 1842 INFO rally.task.engine [-] Running workload: position = 0 config = { "version": 2, "title": "A cropped version of a bigger task.", "description": "Auto-generated task from a single workload (uuid=b30538c0-1aab-4987-bdf7-2d90c7de1988)", "subtasks": [ { "title": "CinderVolumes.list_volumes", "description": "List all volumes.", "scenario": { "CinderVolumes.list_volumes": { "detailed": true } }, "contexts": { "users": { "tenants": 3, "users_per_tenant": 2 }, "quotas": { "cinder": { "gigabytes": -1, "snapshots": -1, "volumes": -1 } }, "api_versions": { "cinder": { "version": 3, "service_type": "volumev3" } }, "volumes": { "size": 1, "volumes_per_tenant": 4 } }, "runner": { "constant": { "concurrency": 4, "times": 10 } }, "hooks": [], "sla": { "failure_rate": { "max": 0 } } } ] }
2019-07-18 07:56:32.390 1842 RALLYDEBUG rally_openstack.contexts.keystone.users [-] Creating 3 tenants using 20 threads
2019-07-18 07:56:34.232 1842 RALLYDEBUG rally_openstack.contexts.keystone.users [-] Creating 6 users using 20 threads
2019-07-18 07:56:37.050 1842 INFO rally.task.context [-] Task e219fd00-8397-4f3d-981a-b44c08125a20 | Context users@openstack setup() finished in 4.66 sec
2019-07-18 07:56:37.490 1842 INFO rally.task.context [-] Task e219fd00-8397-4f3d-981a-b44c08125a20 | Context api_versions@openstack setup() finished in 0.44 sec
2019-07-18 07:56:39.001 1842 INFO rally.task.context [-] Task e219fd00-8397-4f3d-981a-b44c08125a20 | Context quotas@openstack setup() finished in 1.51 sec
2019-07-18 07:57:14.009 1842 INFO rally.task.context [-] Task e219fd00-8397-4f3d-981a-b44c08125a20 | Context volumes@openstack setup() finished in 35.01 sec
2019-07-18 07:57:14.019 1842 RALLYDEBUG rally.task.runner [-] Starting the constant runner (task UUID: e219fd00-8397-4f3d-981a-b44c08125a20). timeout: 0 concurrency: 4 concurrency_per_worker: 1 times: 10 concurrency_overhead: 0 processes_to_start: 4 max_cpu_used: 16
2019-07-18 07:57:14.033 3842 RALLYDEBUG rally.task.runner [-] Starting a worker. concurrency: 1 args: {"detailed": true} times: 10 method_name: run timeout: 0 duration: None cls:
2019-07-18 07:57:14.034 3843 RALLYDEBUG rally.task.runner [-] Starting a worker. concurrency: 1 args: {"detailed": true} times: 10 method_name: run timeout: 0 duration: None cls:
2019-07-18 07:57:14.037 3844 RALLYDEBUG rally.task.runner [-] Starting a worker. concurrency: 1 args: {"detailed": true} times: 10 method_name: run timeout: 0 duration: None cls:
2019-07-18 07:57:14.041 3845 RALLYDEBUG rally.task.runner [-] Starting a worker. concurrency: 1 args: {"detailed": true} times: 10 method_name: run timeout: 0 duration: None cls:
2019-07-18 07:57:14.042 3842 INFO rally.task.runner [-] Task e219fd00-8397-4f3d-981a-b44c08125a20 | ITER: 1 START
2019-07-18 07:57:14.043 3843 INFO rally.task.runner [-] Task e219fd00-8397-4f3d-981a-b44c08125a20 | ITER: 2 START
2019-07-18 07:57:14.045 3844 INFO rally.task.runner [-] Task e219fd00-8397-4f3d-981a-b44c08125a20 | ITER: 3 START
2019-07-18 07:57:14.049 3845 INFO rally.task.runner [-] Task e219fd00-8397-4f3d-981a-b44c08125a20 | ITER: 4 START
2019-07-18 07:57:14.809 3844 INFO rally.task.runner [-] Task e219fd00-8397-4f3d-981a-b44c08125a20 | ITER: 3 END: OK
2019-07-18 07:57:14.815 3844 INFO rally.task.runner [-] Task e219fd00-8397-4f3d-981a-b44c08125a20 | ITER: 5 START
2019-07-18 07:57:14.842 3842 INFO rally.task.runner [-] Task e219fd00-8397-4f3d-981a-b44c08125a20 | ITER: 1 END: OK
2019-07-18 07:57:14.848 3842 INFO rally.task.runner [-] Task e219fd00-8397-4f3d-981a-b44c08125a20 | ITER: 6 START
2019-07-18 07:57:14.890 3845 INFO rally.task.runner [-] Task e219fd00-8397-4f3d-981a-b44c08125a20 | ITER: 4 END: OK
2019-07-18 07:57:14.897 3845 INFO rally.task.runner [-] Task e219fd00-8397-4f3d-981a-b44c08125a20 | ITER: 7 START
2019-07-18 07:57:14.961 3843 INFO rally.task.runner [-] Task e219fd00-8397-4f3d-981a-b44c08125a20 | ITER: 2 END: OK
2019-07-18 07:57:14.965 3843 INFO rally.task.runner [-] Task e219fd00-8397-4f3d-981a-b44c08125a20 | ITER: 8 START
2019-07-18 07:57:15.601 3844 INFO rally.task.runner [-] Task e219fd00-8397-4f3d-981a-b44c08125a20 | ITER: 5 END: OK
2019-07-18 07:57:15.605 3844 INFO rally.task.runner [-] Task e219fd00-8397-4f3d-981a-b44c08125a20 | ITER: 9 START
2019-07-18 07:57:15.631 3842 INFO rally.task.runner [-] Task e219fd00-8397-4f3d-981a-b44c08125a20 | ITER: 6 END: OK
2019-07-18 07:57:15.637 3842 INFO rally.task.runner [-] Task e219fd00-8397-4f3d-981a-b44c08125a20 | ITER: 10 START
2019-07-18 07:57:15.650 3843 INFO rally.task.runner [-] Task e219fd00-8397-4f3d-981a-b44c08125a20 | ITER: 8 END: OK
2019-07-18 07:57:15.671 3845 INFO rally.task.runner [-] Task e219fd00-8397-4f3d-981a-b44c08125a20 | ITER: 7 END: OK
2019-07-18 07:57:16.283 3844 INFO rally.task.runner [-] Task e219fd00-8397-4f3d-981a-b44c08125a20 | ITER: 9 END: OK
2019-07-18 07:57:16.320 3842 INFO rally.task.runner [-] Task e219fd00-8397-4f3d-981a-b44c08125a20 | ITER: 10 END: OK
2019-07-18 07:57:16.347 1842 INFO rally.task.context [-] Task e219fd00-8397-4f3d-981a-b44c08125a20 | Context volumes@openstack cleanup() started
2019-07-18 07:57:16.348 1842 RALLYDEBUG rally_openstack.cleanup.manager [-] Cleaning up cinder volumes objects
2019-07-18 07:57:18.396 1842 RALLYDEBUG rally_openstack.cleanup.manager [-] Deleting cinder.volumes object c_rally_b30538c0_U2DpjozJ (dc319879-d37a-4495-a02d-b074a08f622e)
2019-07-18 07:57:18.401 1842 RALLYDEBUG rally_openstack.cleanup.manager [-] Deleting cinder.volumes object c_rally_b30538c0_RjKMTpZU (71c033c1-4f8f-4a38-b3b0-480e936627cb)
2019-07-18 07:57:18.407 1842 RALLYDEBUG rally_openstack.cleanup.manager [-] Deleting cinder.volumes object c_rally_b30538c0_C7GcNdAn (a294b62a-9d21-4d46-be6e-35327d076155)
2019-07-18 07:57:18.407 1842 RALLYDEBUG rally_openstack.cleanup.manager [-] Deleting cinder.volumes object c_rally_b30538c0_xwIN7lP7 (0ee7fec0-3520-4b0c-81a0-ec5a0b184860)
2019-07-18 07:57:18.418 1842 RALLYDEBUG rally_openstack.cleanup.manager [-] Deleting cinder.volumes object c_rally_b30538c0_Dg2spUq5 (806d2a33-5ed6-4ec1-af49-dca1e82fdd27)
2019-07-18 07:57:18.419 1842 RALLYDEBUG rally_openstack.cleanup.manager [-] Deleting cinder.volumes object c_rally_b30538c0_0Inp8weD (b1accf25-7bf4-4877-88a2-0620ffbed409)
2019-07-18 07:57:18.425 1842 RALLYDEBUG rally_openstack.cleanup.manager [-] Deleting cinder.volumes object c_rally_b30538c0_GwD722HT (f2e0a058-9d67-4a7b-807b-7152f997b7c2)
2019-07-18 07:57:18.434 1842 RALLYDEBUG rally_openstack.cleanup.manager [-] Deleting cinder.volumes object c_rally_b30538c0_b02MfnTW (0336276b-2c70-4ef4-84f1-4a97f5e96582)
2019-07-18 07:57:18.438 1842 RALLYDEBUG rally_openstack.cleanup.manager [-] Deleting cinder.volumes object c_rally_b30538c0_w7SQ1xwT (23960124-d12d-4d69-a4b7-3e63ca0a68a3)
2019-07-18 07:57:18.444 1842 RALLYDEBUG rally_openstack.cleanup.manager [-] Deleting cinder.volumes object c_rally_b30538c0_Coj3vXSa (42891136-2dbe-4375-9de6-03243bffc9f4)
2019-07-18 07:57:18.446 1842 RALLYDEBUG rally_openstack.cleanup.manager [-] Deleting cinder.volumes object c_rally_b30538c0_pwAruNjn (81d36c53-911e-4e97-baae-6301e68894ad)
2019-07-18 07:57:18.462 1842 RALLYDEBUG rally_openstack.cleanup.manager [-] Deleting cinder.volumes object c_rally_b30538c0_mDVL1VfK (2abbe911-940d-429a-aa61-85fe9186988f)
2019-07-18 07:57:23.180 1842 INFO rally.task.context [-] Task e219fd00-8397-4f3d-981a-b44c08125a20 | Context volumes@openstack cleanup() finished in 6.83 sec
2019-07-18 07:57:23.181 1842 INFO rally.task.context [-] Task e219fd00-8397-4f3d-981a-b44c08125a20 | Context quotas@openstack cleanup() started
2019-07-18 07:57:23.441 1842 INFO rally.task.context [-] Task e219fd00-8397-4f3d-981a-b44c08125a20 | Context quotas@openstack cleanup() finished in 0.26 sec
2019-07-18 07:57:23.441 1842 INFO rally.task.context [-] Task e219fd00-8397-4f3d-981a-b44c08125a20 | Context api_versions@openstack cleanup() started
2019-07-18 07:57:23.441 1842 INFO rally.task.context [-] Task e219fd00-8397-4f3d-981a-b44c08125a20 | Context api_versions@openstack cleanup() finished in 0.28 msec
2019-07-18 07:57:23.442 1842 INFO rally.task.context [-] Task e219fd00-8397-4f3d-981a-b44c08125a20 | Context users@openstack cleanup() started
2019-07-18 07:57:30.234 1842 INFO rally.task.context [-] Task e219fd00-8397-4f3d-981a-b44c08125a20 | Context users@openstack cleanup() finished in 6.79 sec
2019-07-18 07:57:30.614 1842 INFO rally.task.engine [-] Load duration is: 2.273958
2019-07-18 07:57:30.615 1842 INFO rally.task.engine [-] Full runner duration is: 2.329519
2019-07-18 07:57:30.615 1842 INFO rally.task.engine [-] Full duration is: 57.847844
2019-07-18 07:57:30.829 1842 INFO rally.task.engine [-] Running workload: position = 0 config = { "version": 2, "title": "A cropped version of a bigger task.", "description": "Auto-generated task from a single workload (uuid=cc28b6cb-5613-4747-b6ae-0ae8a79eb1c4)", "subtasks": [ { "title": "CinderVolumes.create_and_delete_snapshot", "description": "Create and then delete a volume-snapshot.", "scenario": { "CinderVolumes.create_and_delete_snapshot": { "force": false } }, "contexts": { "users": { "tenants": 3, "users_per_tenant": 2 }, "quotas": { "cinder": { "gigabytes": -1, "snapshots": -1, "volumes": -1 } }, "api_versions": { "cinder": { "version": 3, "service_type": "volumev3" } }, "volumes": { "size": 1, "volumes_per_tenant": 1 } }, "runner": { "constant": { "concurrency": 4, "times": 10 } }, "hooks": [], "sla": { "failure_rate": { "max": 0 } } } ] }
2019-07-18 07:57:30.854 1842 RALLYDEBUG rally_openstack.contexts.keystone.users [-] Creating 3 tenants using 20 threads
2019-07-18 07:57:32.775 1842 RALLYDEBUG rally_openstack.contexts.keystone.users [-] Creating 6 users using 20 threads
2019-07-18 07:57:35.546 1842 INFO rally.task.context [-] Task e219fd00-8397-4f3d-981a-b44c08125a20 | Context users@openstack setup() finished in 4.69 sec
2019-07-18 07:57:35.980 1842 INFO rally.task.context [-] Task e219fd00-8397-4f3d-981a-b44c08125a20 | Context api_versions@openstack setup() finished in 0.43 sec
2019-07-18 07:57:37.466 1842 INFO rally.task.context [-] Task e219fd00-8397-4f3d-981a-b44c08125a20 | Context quotas@openstack setup() finished in 1.48 sec
2019-07-18 07:57:48.220 1842 INFO rally.task.context [-] Task e219fd00-8397-4f3d-981a-b44c08125a20 | Context volumes@openstack setup() finished in 10.75 sec
2019-07-18 07:57:48.221 1842 INFO rally.task.context [-] Task e219fd00-8397-4f3d-981a-b44c08125a20 | Context cleanup@openstack setup() finished in 0.01 msec
2019-07-18 07:57:48.228 1842 RALLYDEBUG rally.task.runner [-] Starting the constant runner (task UUID: e219fd00-8397-4f3d-981a-b44c08125a20). timeout: 0 concurrency: 4 concurrency_per_worker: 1 times: 10 concurrency_overhead: 0 processes_to_start: 4 max_cpu_used: 16
2019-07-18 07:57:48.240 3966 RALLYDEBUG rally.task.runner [-] Starting a worker. concurrency: 1 args: {"force": false} times: 10 method_name: run timeout: 0 duration: None cls:
2019-07-18 07:57:48.243 3967 RALLYDEBUG rally.task.runner [-] Starting a worker. concurrency: 1 args: {"force": false} times: 10 method_name: run timeout: 0 duration: None cls:
2019-07-18 07:57:48.246 3968 RALLYDEBUG rally.task.runner [-] Starting a worker. concurrency: 1 args: {"force": false} times: 10 method_name: run timeout: 0 duration: None cls:
2019-07-18 07:57:48.248 3966 INFO rally.task.runner [-] Task e219fd00-8397-4f3d-981a-b44c08125a20 | ITER: 1 START
2019-07-18 07:57:48.249 3969 RALLYDEBUG rally.task.runner [-] Starting a worker. concurrency: 1 args: {"force": false} times: 10 method_name: run timeout: 0 duration: None cls:
2019-07-18 07:57:48.251 3967 INFO rally.task.runner [-] Task e219fd00-8397-4f3d-981a-b44c08125a20 | ITER: 2 START
2019-07-18 07:57:48.253 3968 INFO rally.task.runner [-] Task e219fd00-8397-4f3d-981a-b44c08125a20 | ITER: 3 START
2019-07-18 07:57:48.256 3969 INFO rally.task.runner [-] Task e219fd00-8397-4f3d-981a-b44c08125a20 | ITER: 4 START
2019-07-18 07:57:52.046 3966 RALLYDEBUG rally.task.utils [-] Waiting for resource s_rally_cc28b6cb_xfwwGJid. Status changed: AVAILABLE => DELETING in 0.252680063248
2019-07-18 07:57:52.049 3969 RALLYDEBUG rally.task.utils [-] Waiting for resource s_rally_cc28b6cb_bZ3WnCQj. Status changed: AVAILABLE => DELETING in 0.262017965317
2019-07-18 07:57:52.157 3967 RALLYDEBUG rally.task.utils [-] Waiting for resource s_rally_cc28b6cb_nXdbN4AP. Status changed: AVAILABLE => DELETING in 0.248555898666
2019-07-18 07:57:52.227 3968 RALLYDEBUG rally.task.utils [-] Waiting for resource s_rally_cc28b6cb_YNjec5T2. Status changed: AVAILABLE => DELETING in 0.029021024704
2019-07-18 07:57:54.073 3966 INFO rally.task.runner [-] Task e219fd00-8397-4f3d-981a-b44c08125a20 | ITER: 1 END: OK
2019-07-18 07:57:54.079 3966 INFO rally.task.runner [-] Task e219fd00-8397-4f3d-981a-b44c08125a20 | ITER: 5 START
2019-07-18 07:57:54.293 3969 INFO rally.task.runner [-] Task e219fd00-8397-4f3d-981a-b44c08125a20 | ITER: 4 END: OK
2019-07-18 07:57:54.299 3969 INFO rally.task.runner [-] Task e219fd00-8397-4f3d-981a-b44c08125a20 | ITER: 6 START
2019-07-18 07:57:54.409 3967 INFO rally.task.runner [-] Task e219fd00-8397-4f3d-981a-b44c08125a20 | ITER: 2 END: OK
2019-07-18 07:57:54.415 3967 INFO rally.task.runner [-] Task e219fd00-8397-4f3d-981a-b44c08125a20 | ITER: 7 START
2019-07-18 07:57:54.572 3968 INFO rally.task.runner [-] Task e219fd00-8397-4f3d-981a-b44c08125a20 | ITER: 3 END: OK
2019-07-18 07:57:54.577 3968 INFO rally.task.runner [-] Task e219fd00-8397-4f3d-981a-b44c08125a20 | ITER: 8 START
2019-07-18 07:57:57.525 3966 RALLYDEBUG rally.task.utils [-] Waiting for resource s_rally_cc28b6cb_iQGglFfq. Status changed: AVAILABLE => DELETING in 0.0257358551025
2019-07-18 07:57:58.267 3969 RALLYDEBUG rally.task.utils [-] Waiting for resource s_rally_cc28b6cb_rjBlu7yl. Status changed: AVAILABLE => DELETING in 0.268872022629
2019-07-18 07:57:58.327 3967 RALLYDEBUG rally.task.utils [-] Waiting for resource s_rally_cc28b6cb_DJPzQP0m. Status changed: AVAILABLE => DELETING in 0.250389099121
2019-07-18 07:57:58.436 3968 RALLYDEBUG rally.task.utils [-] Waiting for resource s_rally_cc28b6cb_JgUf6bmG. Status changed: AVAILABLE => DELETING in 0.0242290496826
2019-07-18 07:57:59.745 3966 INFO rally.task.runner [-] Task e219fd00-8397-4f3d-981a-b44c08125a20 | ITER: 5 END: OK
2019-07-18 07:57:59.750 3966 INFO rally.task.runner [-] Task e219fd00-8397-4f3d-981a-b44c08125a20 | ITER: 9 START
2019-07-18 07:58:00.488 3969 INFO rally.task.runner [-] Task e219fd00-8397-4f3d-981a-b44c08125a20 | ITER: 6 END: OK
2019-07-18 07:58:00.494 3969 INFO rally.task.runner [-] Task e219fd00-8397-4f3d-981a-b44c08125a20 | ITER: 10 START
2019-07-18 07:58:00.557 3967 INFO rally.task.runner [-] Task e219fd00-8397-4f3d-981a-b44c08125a20 | ITER: 7 END: OK
2019-07-18 07:58:00.765 3968 INFO rally.task.runner [-] Task e219fd00-8397-4f3d-981a-b44c08125a20 | ITER: 8 END: OK
2019-07-18 07:58:03.228 3966 RALLYDEBUG rally.task.utils [-] Waiting for resource s_rally_cc28b6cb_QFcQT7WZ. Status changed: AVAILABLE => DELETING in 0.211951971054
2019-07-18 07:58:04.093 3969 RALLYDEBUG rally.task.utils [-] Waiting for resource s_rally_cc28b6cb_PTpiAy7D. Status changed: AVAILABLE => DELETING in 0.22594499588
2019-07-18 07:58:05.461 3966 INFO rally.task.runner [-] Task e219fd00-8397-4f3d-981a-b44c08125a20 | ITER: 9 END: OK
2019-07-18 07:58:06.308 3969 INFO rally.task.runner [-] Task e219fd00-8397-4f3d-981a-b44c08125a20 | ITER: 10 END: OK
2019-07-18 07:58:06.333 1842 INFO rally.task.context [-] Task e219fd00-8397-4f3d-981a-b44c08125a20 | Context cleanup@openstack cleanup() started
2019-07-18 07:58:06.336 1842 RALLYDEBUG rally_openstack.cleanup.manager [-] Cleaning up cinder backups objects
2019-07-18 07:58:08.392 1842 RALLYDEBUG rally_openstack.cleanup.manager [-] Cleaning up cinder volume_snapshots objects
2019-07-18 07:58:10.297 1842 RALLYDEBUG rally_openstack.cleanup.manager [-] Cleaning up cinder transfers objects
2019-07-18 07:58:12.175 1842 RALLYDEBUG rally_openstack.cleanup.manager [-] Cleaning up cinder volumes objects
2019-07-18 07:58:14.417 1842 INFO rally.task.context [-] Task e219fd00-8397-4f3d-981a-b44c08125a20 | Context cleanup@openstack cleanup() finished in 8.08 sec
2019-07-18 07:58:14.417 1842 INFO rally.task.context [-] Task e219fd00-8397-4f3d-981a-b44c08125a20 | Context volumes@openstack cleanup() started
2019-07-18 07:58:14.418 1842 RALLYDEBUG rally_openstack.cleanup.manager [-] Cleaning up cinder volumes objects
2019-07-18 07:58:16.575 1842 RALLYDEBUG rally_openstack.cleanup.manager [-] Deleting cinder.volumes object c_rally_cc28b6cb_n3EMZsLC (2b9baa14-46cc-4a90-a332-f0bf4e9b324a)
2019-07-18 07:58:16.581 1842 RALLYDEBUG rally_openstack.cleanup.manager [-] Deleting cinder.volumes object c_rally_cc28b6cb_8VSv24DH (48786095-3924-40f5-8b2e-6a4a91f8e86a)
2019-07-18 07:58:16.581 1842 RALLYDEBUG rally_openstack.cleanup.manager [-] Deleting cinder.volumes object c_rally_cc28b6cb_waFWuv8o (e14d231d-5190-4639-abc6-df297717a3f8)
2019-07-18 07:58:20.093 1842 INFO rally.task.context [-] Task e219fd00-8397-4f3d-981a-b44c08125a20 | Context volumes@openstack cleanup() finished in 5.68 sec
2019-07-18 07:58:20.094 1842 INFO rally.task.context [-] Task e219fd00-8397-4f3d-981a-b44c08125a20 | Context quotas@openstack cleanup() started
2019-07-18 07:58:20.758 1842 INFO rally.task.context [-] Task e219fd00-8397-4f3d-981a-b44c08125a20 | Context quotas@openstack cleanup() finished in 0.66 sec
2019-07-18 07:58:20.758 1842 INFO rally.task.context [-] Task e219fd00-8397-4f3d-981a-b44c08125a20 | Context api_versions@openstack cleanup() started
2019-07-18 07:58:20.758 1842 INFO rally.task.context [-] Task e219fd00-8397-4f3d-981a-b44c08125a20 | Context api_versions@openstack cleanup() finished in 0.33 msec
2019-07-18 07:58:20.759 1842 INFO rally.task.context [-] Task e219fd00-8397-4f3d-981a-b44c08125a20 | Context users@openstack cleanup() started
2019-07-18 07:58:27.544 1842 INFO rally.task.context [-] Task e219fd00-8397-4f3d-981a-b44c08125a20 | Context users@openstack cleanup() finished in 6.79 sec
2019-07-18 07:58:29.287 1842 INFO rally.task.engine [-] Load duration is: 18.055948
2019-07-18 07:58:29.287 1842 INFO rally.task.engine [-] Full runner duration is: 18.107088
2019-07-18 07:58:29.287 1842 INFO rally.task.engine [-] Full duration is: 56.695485
2019-07-18 07:58:29.495 1842 INFO rally.task.engine [-] Running workload: position = 0 config = { "version": 2, "title": "A cropped version of a bigger task.", "description": "Auto-generated task from a single workload (uuid=14c87893-7db4-4cff-81e0-531e5e2ac46d)", "subtasks": [ { "title": "CinderVolumes.create_and_delete_volume", "description": "Create and then delete a volume.", "scenario": { "CinderVolumes.create_and_delete_volume": { "size": { "max": 1, "min": 1 } } }, "contexts": { "users": { "tenants": 3, "users_per_tenant": 2 }, "quotas": { "cinder": { "gigabytes": -1, "snapshots": -1, "volumes": -1 } }, "api_versions": { "cinder": { "version": 3, "service_type": "volumev3" } } }, "runner": { "constant": { "concurrency": 4, "times": 10 } }, "hooks": [], "sla": { "failure_rate": { "max": 0 } } } ] }
2019-07-18 07:58:29.515 1842 RALLYDEBUG rally_openstack.contexts.keystone.users [-] Creating 3 tenants using 20 threads
2019-07-18 07:58:31.480 1842 RALLYDEBUG rally_openstack.contexts.keystone.users [-] Creating 6 users using 20 threads
2019-07-18 07:58:34.192 1842 INFO rally.task.context [-] Task e219fd00-8397-4f3d-981a-b44c08125a20 | Context users@openstack setup() finished in 4.68 sec
2019-07-18 07:58:34.607 1842 INFO rally.task.context [-] Task e219fd00-8397-4f3d-981a-b44c08125a20 | Context api_versions@openstack setup() finished in 0.41 sec
2019-07-18 07:58:36.123 1842 INFO rally.task.context [-] Task e219fd00-8397-4f3d-981a-b44c08125a20 | Context quotas@openstack setup() finished in 1.52 sec
2019-07-18 07:58:36.124 1842 INFO rally.task.context [-] Task e219fd00-8397-4f3d-981a-b44c08125a20 | Context cleanup@openstack setup() finished in 0.01 msec
2019-07-18 07:58:36.131 1842 RALLYDEBUG rally.task.runner [-] Starting the constant runner (task UUID: e219fd00-8397-4f3d-981a-b44c08125a20). timeout: 0 concurrency: 4 concurrency_per_worker: 1 times: 10 concurrency_overhead: 0 processes_to_start: 4 max_cpu_used: 16
2019-07-18 07:58:36.145 4170 RALLYDEBUG rally.task.runner [-] Starting a worker. concurrency: 1 args: {"size": {"max": 1, "min": 1}} times: 10 method_name: run timeout: 0 duration: None cls:
2019-07-18 07:58:36.149 4171 RALLYDEBUG rally.task.runner [-] Starting a worker. concurrency: 1 args: {"size": {"max": 1, "min": 1}} times: 10 method_name: run timeout: 0 duration: None cls:
2019-07-18 07:58:36.150 4172 RALLYDEBUG rally.task.runner [-] Starting a worker. concurrency: 1 args: {"size": {"max": 1, "min": 1}} times: 10 method_name: run timeout: 0 duration: None cls:
2019-07-18 07:58:36.153 4170 INFO rally.task.runner [-] Task e219fd00-8397-4f3d-981a-b44c08125a20 | ITER: 1 START
2019-07-18 07:58:36.155 4173 RALLYDEBUG rally.task.runner [-] Starting a worker. concurrency: 1 args: {"size": {"max": 1, "min": 1}} times: 10 method_name: run timeout: 0 duration: None cls:
2019-07-18 07:58:36.157 4172 INFO rally.task.runner [-] Task e219fd00-8397-4f3d-981a-b44c08125a20 | ITER: 3 START
2019-07-18 07:58:36.158 4171 INFO rally.task.runner [-] Task e219fd00-8397-4f3d-981a-b44c08125a20 | ITER: 2 START
2019-07-18 07:58:36.161 4173 INFO rally.task.runner [-] Task e219fd00-8397-4f3d-981a-b44c08125a20 | ITER: 4 START
2019-07-18 07:58:40.057 4173 INFO rally.task.runner [-] Task e219fd00-8397-4f3d-981a-b44c08125a20 | ITER: 4 END: OK
2019-07-18 07:58:40.062 4173 INFO rally.task.runner [-] Task e219fd00-8397-4f3d-981a-b44c08125a20 | ITER: 5 START
2019-07-18 07:58:40.410 4172 RALLYDEBUG rally.task.utils [-] Waiting for resource s_rally_14c87893_dwjbjsmq. Status changed: AVAILABLE => DELETING in 0.298644065857
2019-07-18 07:58:40.478 4170 RALLYDEBUG rally.task.utils [-] Waiting for resource s_rally_14c87893_06oyh0QK. Status changed: AVAILABLE => DELETING in 0.295296907425
2019-07-18 07:58:40.636 4171 RALLYDEBUG rally.task.utils [-] Waiting for resource s_rally_14c87893_qmcZ884L. Status changed: AVAILABLE => DELETING in 0.255169868469
2019-07-18 07:58:42.450 4172 INFO rally.task.runner [-] Task e219fd00-8397-4f3d-981a-b44c08125a20 | ITER: 3 END: OK
2019-07-18 07:58:42.456 4172 INFO rally.task.runner [-] Task e219fd00-8397-4f3d-981a-b44c08125a20 | ITER: 6 START
2019-07-18 07:58:42.526 4170 INFO rally.task.runner [-] Task e219fd00-8397-4f3d-981a-b44c08125a20 | ITER: 1 END: OK
2019-07-18 07:58:42.531 4170 INFO rally.task.runner [-] Task e219fd00-8397-4f3d-981a-b44c08125a20 | ITER: 7 START
2019-07-18 07:58:42.876 4171 INFO rally.task.runner [-] Task e219fd00-8397-4f3d-981a-b44c08125a20 | ITER: 2 END: OK
2019-07-18 07:58:42.881 4171 INFO rally.task.runner [-] Task e219fd00-8397-4f3d-981a-b44c08125a20 | ITER: 8 START
2019-07-18 07:58:44.229 4173 RALLYDEBUG rally.task.utils [-] Waiting for resource s_rally_14c87893_kNw8FyWC. Status changed: AVAILABLE => DELETING in 0.331096887589
2019-07-18 07:58:46.306 4172 RALLYDEBUG rally.task.utils [-] Waiting for resource s_rally_14c87893_TtCDnz5H. Status changed: AVAILABLE => DELETING in 0.0710070133209
2019-07-18 07:58:46.357 4170 RALLYDEBUG rally.task.utils [-] Waiting for resource s_rally_14c87893_SoRR4McH. Status changed: AVAILABLE => DELETING in 0.0577480792999
2019-07-18 07:58:46.593 4173 INFO rally.task.runner [-] Task e219fd00-8397-4f3d-981a-b44c08125a20 | ITER: 5 END: OK
2019-07-18 07:58:46.598 4173 INFO rally.task.runner [-] Task e219fd00-8397-4f3d-981a-b44c08125a20 | ITER: 9 START
2019-07-18 07:58:46.940 4171 RALLYDEBUG rally.task.utils [-] Waiting for resource s_rally_14c87893_rpnNtB7W. Status changed: AVAILABLE => DELETING in 0.0528299808502
2019-07-18 07:58:48.346 4172 INFO rally.task.runner [-] Task e219fd00-8397-4f3d-981a-b44c08125a20 | ITER: 6 END: OK
2019-07-18 07:58:48.352 4172 INFO rally.task.runner [-] Task e219fd00-8397-4f3d-981a-b44c08125a20 | ITER: 10 START
2019-07-18 07:58:48.570 4170 INFO rally.task.runner [-] Task e219fd00-8397-4f3d-981a-b44c08125a20 | ITER: 7 END: OK
2019-07-18 07:58:48.977 4171 INFO rally.task.runner [-] Task e219fd00-8397-4f3d-981a-b44c08125a20 | ITER: 8 END: OK
2019-07-18 07:58:50.403 4173 INFO rally.task.runner [-] Task e219fd00-8397-4f3d-981a-b44c08125a20 | ITER: 9 END: OK
2019-07-18 07:58:52.354 4172 INFO rally.task.runner [-] Task e219fd00-8397-4f3d-981a-b44c08125a20 | ITER: 10 END: OK
2019-07-18 07:58:52.386 1842 INFO rally.task.context [-] Task e219fd00-8397-4f3d-981a-b44c08125a20 | Context cleanup@openstack cleanup() started
2019-07-18 07:58:52.388 1842 RALLYDEBUG rally_openstack.cleanup.manager [-] Cleaning up cinder backups objects
2019-07-18 07:58:54.295 1842 RALLYDEBUG rally_openstack.cleanup.manager [-] Cleaning up cinder volume_snapshots objects
2019-07-18 07:58:56.190 1842 RALLYDEBUG rally_openstack.cleanup.manager [-] Cleaning up cinder transfers objects
2019-07-18 07:58:58.230 1842 RALLYDEBUG rally_openstack.cleanup.manager [-] Cleaning up cinder volumes objects
2019-07-18 07:59:00.266 1842 INFO rally.task.context [-] Task e219fd00-8397-4f3d-981a-b44c08125a20 | Context cleanup@openstack cleanup() finished in 7.88 sec
2019-07-18 07:59:00.267 1842 INFO rally.task.context [-] Task e219fd00-8397-4f3d-981a-b44c08125a20 | Context quotas@openstack cleanup() started
2019-07-18 07:59:00.982 1842 INFO rally.task.context [-] Task e219fd00-8397-4f3d-981a-b44c08125a20 | Context quotas@openstack cleanup() finished in 0.71 sec
2019-07-18 07:59:00.982 1842 INFO rally.task.context [-] Task e219fd00-8397-4f3d-981a-b44c08125a20 | Context api_versions@openstack cleanup() started
2019-07-18 07:59:00.982 1842 INFO rally.task.context [-] Task e219fd00-8397-4f3d-981a-b44c08125a20 | Context api_versions@openstack cleanup() finished in 0.33 msec
2019-07-18 07:59:00.983 1842 INFO rally.task.context [-] Task e219fd00-8397-4f3d-981a-b44c08125a20 | Context users@openstack cleanup() started
2019-07-18 07:59:08.163 1842 INFO rally.task.context [-] Task e219fd00-8397-4f3d-981a-b44c08125a20 | Context users@openstack cleanup() finished in 7.18 sec
2019-07-18 07:59:09.699 1842 INFO rally.task.engine [-] Load duration is: 16.197081
2019-07-18 07:59:09.699 1842 INFO rally.task.engine [-] Full runner duration is: 16.254405
2019-07-18 07:59:09.699 1842 INFO rally.task.engine [-] Full duration is: 38.650627
2019-07-18 07:59:09.864 1842 INFO rally.task.engine [-] Running workload: position = 1 config = { "version": 2, "title": "A cropped version of a bigger task.", "description": "Auto-generated task from a single workload (uuid=3bb4feec-6d70-4bc6-a22d-d43070e4e8c8)", "subtasks": [ { "title": "CinderVolumes.create_and_delete_volume", "description": "Create and then delete a volume.", "scenario": { "CinderVolumes.create_and_delete_volume": { "image": { "name": "rally_full-img_d72fd013-6d65-4b45-bbaf-a6a288565deb" }, "size": 1 } }, "contexts": { "users": { "tenants": 3, "users_per_tenant": 2 }, "quotas": { "cinder": { "gigabytes": -1, "snapshots": -1, "volumes": -1 } }, "api_versions": { "cinder": { "version": 3, "service_type": "volumev3" } } }, "runner": { "constant": { "concurrency": 4, "times": 10 } }, "hooks": [], "sla": { "failure_rate": { "max": 0 } } } ] }
2019-07-18 07:59:09.886 1842 RALLYDEBUG rally_openstack.contexts.keystone.users [-] Creating 3 tenants using 20 threads
2019-07-18 07:59:11.672 1842 RALLYDEBUG rally_openstack.contexts.keystone.users [-] Creating 6 users using 20 threads
2019-07-18 07:59:14.448 1842 INFO rally.task.context [-] Task e219fd00-8397-4f3d-981a-b44c08125a20 | Context users@openstack setup() finished in 4.56 sec
2019-07-18 07:59:14.858 1842 INFO rally.task.context [-] Task e219fd00-8397-4f3d-981a-b44c08125a20 | Context api_versions@openstack setup() finished in 0.41 sec
2019-07-18 07:59:16.346 1842 INFO rally.task.context [-] Task e219fd00-8397-4f3d-981a-b44c08125a20 | Context quotas@openstack setup() finished in 1.49 sec
2019-07-18 07:59:16.346 1842 INFO rally.task.context [-] Task e219fd00-8397-4f3d-981a-b44c08125a20 | Context cleanup@openstack setup() finished in 0.01 msec
2019-07-18 07:59:17.064 1842 RALLYDEBUG rally.task.runner [-] Starting the constant runner (task UUID: e219fd00-8397-4f3d-981a-b44c08125a20). timeout: 0 concurrency: 4 concurrency_per_worker: 1 times: 10 concurrency_overhead: 0 processes_to_start: 4 max_cpu_used: 16
2019-07-18 07:59:17.077 4354 RALLYDEBUG rally.task.runner [-] Starting a worker. concurrency: 1 args: {"image": "7d56aec8-13d2-473d-95fd-f45325e01ed5", "size": 1} times: 10 method_name: run timeout: 0 duration: None cls:
2019-07-18 07:59:17.080 4355 RALLYDEBUG rally.task.runner [-] Starting a worker. concurrency: 1 args: {"image": "7d56aec8-13d2-473d-95fd-f45325e01ed5", "size": 1} times: 10 method_name: run timeout: 0 duration: None cls:
2019-07-18 07:59:17.083 4356 RALLYDEBUG rally.task.runner [-] Starting a worker. concurrency: 1 args: {"image": "7d56aec8-13d2-473d-95fd-f45325e01ed5", "size": 1} times: 10 method_name: run timeout: 0 duration: None cls:
2019-07-18 07:59:17.085 4354 INFO rally.task.runner [-] Task e219fd00-8397-4f3d-981a-b44c08125a20 | ITER: 1 START
2019-07-18 07:59:17.086 4357 RALLYDEBUG rally.task.runner [-] Starting a worker. concurrency: 1 args: {"image": "7d56aec8-13d2-473d-95fd-f45325e01ed5", "size": 1} times: 10 method_name: run timeout: 0 duration: None cls:
2019-07-18 07:59:17.089 4355 INFO rally.task.runner [-] Task e219fd00-8397-4f3d-981a-b44c08125a20 | ITER: 2 START
2019-07-18 07:59:17.091 4356 INFO rally.task.runner [-] Task e219fd00-8397-4f3d-981a-b44c08125a20 | ITER: 3 START
2019-07-18 07:59:17.096 4357 INFO rally.task.runner [-] Task e219fd00-8397-4f3d-981a-b44c08125a20 | ITER: 4 START
2019-07-18 07:59:21.332 4357 RALLYDEBUG rally.task.utils [-] Waiting for resource s_rally_3bb4feec_F7vZesgH. Status changed: CREATING => DOWNLOADING in 0.779079914093
2019-07-18 07:59:23.312 4356 RALLYDEBUG rally.task.utils [-] Waiting for resource s_rally_3bb4feec_pOjPz1dv. Status changed: DOWNLOADING => AVAILABLE in 2.72814893723
2019-07-18 07:59:23.390 4354 RALLYDEBUG rally.task.utils [-] Waiting for resource s_rally_3bb4feec_UGN34kkx. Status changed: DOWNLOADING => AVAILABLE in 2.76279020309
2019-07-18 07:59:23.731 4355 RALLYDEBUG rally.task.utils [-] Waiting for resource s_rally_3bb4feec_j0kNmHE6. Status changed: DOWNLOADING => AVAILABLE in 3.11473202705
2019-07-18 07:59:23.987 4354 INFO rally.task.runner [-] Task e219fd00-8397-4f3d-981a-b44c08125a20 | ITER: 1 END: OK
2019-07-18 07:59:23.991 4354 INFO rally.task.runner [-] Task e219fd00-8397-4f3d-981a-b44c08125a20 | ITER: 5 START
2019-07-18 07:59:24.045 4356 INFO rally.task.runner [-] Task e219fd00-8397-4f3d-981a-b44c08125a20 | ITER: 3 END: OK
2019-07-18 07:59:24.050 4356 INFO rally.task.runner [-] Task e219fd00-8397-4f3d-981a-b44c08125a20 | ITER: 6 START
2019-07-18 07:59:24.371 4355 RALLYDEBUG rally.task.utils [-] Waiting for resource s_rally_3bb4feec_j0kNmHE6. Status changed: AVAILABLE => DELETING in 0.273899078369
2019-07-18 07:59:25.705 4357 RALLYDEBUG rally.task.utils [-] Waiting for resource s_rally_3bb4feec_F7vZesgH. Status changed: DOWNLOADING => AVAILABLE in 4.37398099899
2019-07-18 07:59:26.111 4357 INFO rally.task.runner [-] Task e219fd00-8397-4f3d-981a-b44c08125a20 | ITER: 4 END: OK
2019-07-18 07:59:26.116 4357 INFO rally.task.runner [-] Task e219fd00-8397-4f3d-981a-b44c08125a20 | ITER: 7 START
2019-07-18 07:59:26.594 4355 INFO rally.task.runner [-] Task e219fd00-8397-4f3d-981a-b44c08125a20 | ITER: 2 END: OK
2019-07-18 07:59:26.599 4355 INFO rally.task.runner [-] Task e219fd00-8397-4f3d-981a-b44c08125a20 | ITER: 8 START
2019-07-18 07:59:30.270 4354 RALLYDEBUG rally.task.utils [-] Waiting for resource s_rally_3bb4feec_DRaG7rKB. Status changed: DOWNLOADING => AVAILABLE in 3.00276303291
2019-07-18 07:59:30.387 4356 RALLYDEBUG rally.task.utils [-] Waiting for resource s_rally_3bb4feec_78YdAGba. Status changed: DOWNLOADING => AVAILABLE in 3.07243299484
2019-07-18 07:59:30.590 4354 RALLYDEBUG rally.task.utils [-] Waiting for resource s_rally_3bb4feec_DRaG7rKB. Status changed: AVAILABLE => DELETING in 0.254311084747
2019-07-18 07:59:30.856 4356 RALLYDEBUG rally.task.utils [-] Waiting for resource s_rally_3bb4feec_78YdAGba. Status changed: AVAILABLE => DELETING in 0.0571138858795
2019-07-18 07:59:32.119 4357 RALLYDEBUG rally.task.utils [-] Waiting for resource s_rally_3bb4feec_LMWkIdLL. Status changed: DOWNLOADING => AVAILABLE in 2.68223404884
2019-07-18 07:59:32.513 4357 RALLYDEBUG rally.task.utils [-] Waiting for resource s_rally_3bb4feec_LMWkIdLL. Status changed: AVAILABLE => DELETING in 0.318895816803
2019-07-18 07:59:32.830 4354 INFO rally.task.runner [-] Task e219fd00-8397-4f3d-981a-b44c08125a20 | ITER: 5 END: OK
2019-07-18 07:59:32.834 4354 INFO rally.task.runner [-] Task e219fd00-8397-4f3d-981a-b44c08125a20 | ITER: 9 START
2019-07-18 07:59:33.072 4356 INFO rally.task.runner [-] Task e219fd00-8397-4f3d-981a-b44c08125a20 | ITER: 6 END: OK
2019-07-18 07:59:33.076 4356 INFO rally.task.runner [-] Task e219fd00-8397-4f3d-981a-b44c08125a20 | ITER: 10 START
2019-07-18 07:59:33.317 4355 RALLYDEBUG rally.task.utils [-] Waiting for resource s_rally_3bb4feec_QIjEYk38. Status changed: DOWNLOADING => AVAILABLE in 2.91568207741
