2019-07-18 07:59:33.815 4355 INFO rally.task.runner [-] Task e219fd00-8397-4f3d-981a-b44c08125a20 | ITER: 8 END: OK
2019-07-18 07:59:34.839 4357 INFO rally.task.runner [-] Task e219fd00-8397-4f3d-981a-b44c08125a20 | ITER: 7 END: OK
2019-07-18 07:59:38.976 4354 RALLYDEBUG rally.task.utils [-] Waiting for resource s_rally_3bb4feec_llfGf4Qb. Status changed: DOWNLOADING => AVAILABLE in 2.93162488937
2019-07-18 07:59:39.242 4356 RALLYDEBUG rally.task.utils [-] Waiting for resource s_rally_3bb4feec_uqtRZGjd. Status changed: DOWNLOADING => AVAILABLE in 2.8987929821
2019-07-18 07:59:39.624 4354 INFO rally.task.runner [-] Task e219fd00-8397-4f3d-981a-b44c08125a20 | ITER: 9 END: OK
2019-07-18 07:59:39.822 4356 INFO rally.task.runner [-] Task e219fd00-8397-4f3d-981a-b44c08125a20 | ITER: 10 END: OK
2019-07-18 07:59:39.852 1842 INFO rally.task.context [-] Task e219fd00-8397-4f3d-981a-b44c08125a20 | Context cleanup@openstack cleanup() started
2019-07-18 07:59:39.855 1842 RALLYDEBUG rally_openstack.cleanup.manager [-] Cleaning up cinder backups objects
2019-07-18 07:59:41.835 1842 RALLYDEBUG rally_openstack.cleanup.manager [-] Cleaning up cinder volume_snapshots objects
2019-07-18 07:59:43.708 1842 RALLYDEBUG rally_openstack.cleanup.manager [-] Cleaning up cinder transfers objects
2019-07-18 07:59:45.552 1842 RALLYDEBUG rally_openstack.cleanup.manager [-] Cleaning up cinder volumes objects
2019-07-18 07:59:47.581 1842 INFO rally.task.context [-] Task e219fd00-8397-4f3d-981a-b44c08125a20 | Context cleanup@openstack cleanup() finished in 7.73 sec
2019-07-18 07:59:47.581 1842 INFO rally.task.context [-] Task e219fd00-8397-4f3d-981a-b44c08125a20 | Context quotas@openstack cleanup() started
2019-07-18 07:59:48.121 1842 INFO rally.task.context [-] Task e219fd00-8397-4f3d-981a-b44c08125a20 | Context quotas@openstack cleanup() finished in 0.54 sec
2019-07-18 07:59:48.121 1842 INFO rally.task.context [-] Task e219fd00-8397-4f3d-981a-b44c08125a20 | Context api_versions@openstack cleanup() started
2019-07-18 07:59:48.122 1842 INFO rally.task.context [-] Task e219fd00-8397-4f3d-981a-b44c08125a20 | Context api_versions@openstack cleanup() finished in 0.32 msec
2019-07-18 07:59:48.122 1842 INFO rally.task.context [-] Task e219fd00-8397-4f3d-981a-b44c08125a20 | Context users@openstack cleanup() started
2019-07-18 07:59:55.226 1842 INFO rally.task.context [-] Task e219fd00-8397-4f3d-981a-b44c08125a20 | Context users@openstack cleanup() finished in 7.10 sec
2019-07-18 07:59:56.088 1842 INFO rally.task.engine [-] Load duration is: 22.732118
2019-07-18 07:59:56.089 1842 INFO rally.task.engine [-] Full runner duration is: 22.789011
2019-07-18 07:59:56.089 1842 INFO rally.task.engine [-] Full duration is: 45.343775
2019-07-18 07:59:56.244 1842 INFO rally.task.engine [-] Running workload: position = 2 config = { "version": 2, "title": "A cropped version of a bigger task.", "description": "Auto-generated task from a single workload (uuid=ce044d89-ff78-417c-8d70-bc0d88b79081)", "subtasks": [ { "title": "CinderVolumes.create_and_delete_volume", "description": "Create and then delete a volume.", "scenario": { "CinderVolumes.create_and_delete_volume": { "size": 1 } }, "contexts": { "users": { "tenants": 3, "users_per_tenant": 2 }, "quotas": { "cinder": { "gigabytes": -1, "snapshots": -1, "volumes": -1 } }, "api_versions": { "cinder": { "version": 3, "service_type": "volumev3" } } }, "runner": { "constant": { "concurrency": 4, "times": 10 } }, "hooks": [], "sla": { "failure_rate": { "max": 0 } } } ] }
2019-07-18 07:59:56.263 1842 RALLYDEBUG rally_openstack.contexts.keystone.users [-] Creating 3 tenants using 20 threads
2019-07-18 07:59:58.095 1842 RALLYDEBUG rally_openstack.contexts.keystone.users [-] Creating 6 users using 20 threads
2019-07-18 08:00:00.895 1842 INFO rally.task.context [-] Task e219fd00-8397-4f3d-981a-b44c08125a20 | Context users@openstack setup() finished in 4.63 sec
2019-07-18 08:00:01.317 1842 INFO rally.task.context [-] Task e219fd00-8397-4f3d-981a-b44c08125a20 | Context api_versions@openstack setup() finished in 0.42 sec
2019-07-18 08:00:02.912 1842 INFO rally.task.context [-] Task e219fd00-8397-4f3d-981a-b44c08125a20 | Context quotas@openstack setup() finished in 1.60 sec
2019-07-18 08:00:02.913 1842 INFO rally.task.context [-] Task e219fd00-8397-4f3d-981a-b44c08125a20 | Context cleanup@openstack setup() finished in 0.01 msec
2019-07-18 08:00:02.921 1842 RALLYDEBUG rally.task.runner [-] Starting the constant runner (task UUID: e219fd00-8397-4f3d-981a-b44c08125a20). timeout: 0 concurrency: 4 concurrency_per_worker: 1 times: 10 concurrency_overhead: 0 processes_to_start: 4 max_cpu_used: 16
2019-07-18 08:00:02.931 4538 RALLYDEBUG rally.task.runner [-] Starting a worker. concurrency: 1 args: {"size": 1} times: 10 method_name: run timeout: 0 duration: None cls:
2019-07-18 08:00:02.937 4538 INFO rally.task.runner [-] Task e219fd00-8397-4f3d-981a-b44c08125a20 | ITER: 1 START
2019-07-18 08:00:02.936 4539 RALLYDEBUG rally.task.runner [-] Starting a worker. concurrency: 1 args: {"size": 1} times: 10 method_name: run timeout: 0 duration: None cls:
2019-07-18 08:00:02.939 4540 RALLYDEBUG rally.task.runner [-] Starting a worker. concurrency: 1 args: {"size": 1} times: 10 method_name: run timeout: 0 duration: None cls:
2019-07-18 08:00:02.942 4541 RALLYDEBUG rally.task.runner [-] Starting a worker. concurrency: 1 args: {"size": 1} times: 10 method_name: run timeout: 0 duration: None cls:
2019-07-18 08:00:02.944 4539 INFO rally.task.runner [-] Task e219fd00-8397-4f3d-981a-b44c08125a20 | ITER: 2 START
2019-07-18 08:00:02.946 4540 INFO rally.task.runner [-] Task e219fd00-8397-4f3d-981a-b44c08125a20 | ITER: 3 START
2019-07-18 08:00:02.950 4541 INFO rally.task.runner [-] Task e219fd00-8397-4f3d-981a-b44c08125a20 | ITER: 4 START
2019-07-18 08:00:07.095 4538 RALLYDEBUG rally.task.utils [-] Waiting for resource s_rally_ce044d89_otkdccYP. Status changed: AVAILABLE => DELETING in 0.302432060242
2019-07-18 08:00:07.141 4539 RALLYDEBUG rally.task.utils [-] Waiting for resource s_rally_ce044d89_2GPrHDNu. Status changed: AVAILABLE => DELETING in 0.288985967636
2019-07-18 08:00:07.214 4541 RALLYDEBUG rally.task.utils [-] Waiting for resource s_rally_ce044d89_ogBntsui. Status changed: AVAILABLE => DELETING in 0.356611967087
2019-07-18 08:00:07.423 4540 RALLYDEBUG rally.task.utils [-] Waiting for resource s_rally_ce044d89_K4Wx4JpB. Status changed: AVAILABLE => DELETING in 0.247000932693
2019-07-18 08:00:09.132 4538 INFO rally.task.runner [-] Task e219fd00-8397-4f3d-981a-b44c08125a20 | ITER: 1 END: OK
2019-07-18 08:00:09.135 4538 INFO rally.task.runner [-] Task e219fd00-8397-4f3d-981a-b44c08125a20 | ITER: 5 START
2019-07-18 08:00:09.183 4539 INFO rally.task.runner [-] Task e219fd00-8397-4f3d-981a-b44c08125a20 | ITER: 2 END: OK
2019-07-18 08:00:09.188 4539 INFO rally.task.runner [-] Task e219fd00-8397-4f3d-981a-b44c08125a20 | ITER: 6 START
2019-07-18 08:00:09.262 4541 INFO rally.task.runner [-] Task e219fd00-8397-4f3d-981a-b44c08125a20 | ITER: 4 END: OK
2019-07-18 08:00:09.267 4541 INFO rally.task.runner [-] Task e219fd00-8397-4f3d-981a-b44c08125a20 | ITER: 7 START
2019-07-18 08:00:09.463 4540 INFO rally.task.runner [-] Task e219fd00-8397-4f3d-981a-b44c08125a20 | ITER: 3 END: OK
2019-07-18 08:00:09.469 4540 INFO rally.task.runner [-] Task e219fd00-8397-4f3d-981a-b44c08125a20 | ITER: 8 START
2019-07-18 08:00:12.944 4538 RALLYDEBUG rally.task.utils [-] Waiting for resource s_rally_ce044d89_rOYsevd0. Status changed: AVAILABLE => DELETING in 0.0559029579163
2019-07-18 08:00:13.167 4539 INFO rally.task.runner [-] Task e219fd00-8397-4f3d-981a-b44c08125a20 | ITER: 6 END: OK
2019-07-18 08:00:13.172 4539 INFO rally.task.runner [-] Task e219fd00-8397-4f3d-981a-b44c08125a20 | ITER: 9 START
2019-07-18 08:00:13.497 4541 RALLYDEBUG rally.task.utils [-] Waiting for resource s_rally_ce044d89_EKCikixD. Status changed: AVAILABLE => DELETING in 0.271763086319
2019-07-18 08:00:13.533 4540 RALLYDEBUG rally.task.utils [-] Waiting for resource s_rally_ce044d89_udy5gjpr. Status changed: AVAILABLE => DELETING in 0.265991926193
2019-07-18 08:00:15.207 4538 INFO rally.task.runner [-] Task e219fd00-8397-4f3d-981a-b44c08125a20 | ITER: 5 END: OK
2019-07-18 08:00:15.214 4538 INFO rally.task.runner [-] Task e219fd00-8397-4f3d-981a-b44c08125a20 | ITER: 10 START
2019-07-18 08:00:15.546 4541 INFO rally.task.runner [-] Task e219fd00-8397-4f3d-981a-b44c08125a20 | ITER: 7 END: OK
2019-07-18 08:00:15.811 4540 INFO rally.task.runner [-] Task e219fd00-8397-4f3d-981a-b44c08125a20 | ITER: 8 END: OK
2019-07-18 08:00:17.114 4539 INFO rally.task.runner [-] Task e219fd00-8397-4f3d-981a-b44c08125a20 | ITER: 9 END: OK
2019-07-18 08:00:19.503 4538 INFO rally.task.runner [-] Task e219fd00-8397-4f3d-981a-b44c08125a20 | ITER: 10 END: OK
2019-07-18 08:00:19.530 1842 INFO rally.task.context [-] Task e219fd00-8397-4f3d-981a-b44c08125a20 | Context cleanup@openstack cleanup() started
2019-07-18 08:00:19.532 1842 RALLYDEBUG rally_openstack.cleanup.manager [-] Cleaning up cinder backups objects
2019-07-18 08:00:21.473 1842 RALLYDEBUG rally_openstack.cleanup.manager [-] Cleaning up cinder volume_snapshots objects
2019-07-18 08:00:23.453 1842 RALLYDEBUG rally_openstack.cleanup.manager [-] Cleaning up cinder transfers objects
2019-07-18 08:00:25.341 1842 RALLYDEBUG rally_openstack.cleanup.manager [-] Cleaning up cinder volumes objects
2019-07-18 08:00:27.254 1842 INFO rally.task.context [-] Task e219fd00-8397-4f3d-981a-b44c08125a20 | Context cleanup@openstack cleanup() finished in 7.72 sec
2019-07-18 08:00:27.255 1842 INFO rally.task.context [-] Task e219fd00-8397-4f3d-981a-b44c08125a20 | Context quotas@openstack cleanup() started
2019-07-18 08:00:27.984 1842 INFO rally.task.context [-] Task e219fd00-8397-4f3d-981a-b44c08125a20 | Context quotas@openstack cleanup() finished in 0.73 sec
2019-07-18 08:00:27.985 1842 INFO rally.task.context [-] Task e219fd00-8397-4f3d-981a-b44c08125a20 | Context api_versions@openstack cleanup() started
2019-07-18 08:00:27.985 1842 INFO rally.task.context [-] Task e219fd00-8397-4f3d-981a-b44c08125a20 | Context api_versions@openstack cleanup() finished in 0.36 msec
2019-07-18 08:00:27.986 1842 INFO rally.task.context [-] Task e219fd00-8397-4f3d-981a-b44c08125a20 | Context users@openstack cleanup() started
2019-07-18 08:00:35.006 1842 INFO rally.task.context [-] Task e219fd00-8397-4f3d-981a-b44c08125a20 | Context users@openstack cleanup() finished in 7.02 sec
2019-07-18 08:00:36.414 1842 INFO rally.task.engine [-] Load duration is: 16.562973
2019-07-18 08:00:36.415 1842 INFO rally.task.engine [-] Full runner duration is: 16.609979
2019-07-18 08:00:36.415 1842 INFO rally.task.engine [-] Full duration is: 38.745887
2019-07-18 08:00:36.616 1842 INFO rally.task.engine [-] Running workload: position = 0 config = { "version": 2, "title": "A cropped version of a bigger task.", "description": "Auto-generated task from a single workload (uuid=52823c64-2e4f-475b-b2ab-668fd39169ee)", "subtasks": [ { "title": "CinderVolumes.create_and_extend_volume", "description": "Create and extend a volume and then delete it.", "scenario": { "CinderVolumes.create_and_extend_volume": { "new_size": 2, "size": 1 } }, "contexts": { "users": { "tenants": 3, "users_per_tenant": 2 }, "quotas": { "cinder": { "gigabytes": -1, "snapshots": -1, "volumes": -1 } }, "api_versions": { "cinder": { "version": 3, "service_type": "volumev3" } } }, "runner": { "constant": { "concurrency": 4, "times": 10 } }, "hooks": [], "sla": { "failure_rate": { "max": 0 } } } ] }
2019-07-18 08:00:36.638 1842 RALLYDEBUG rally_openstack.contexts.keystone.users [-] Creating 3 tenants using 20 threads
2019-07-18 08:00:38.492 1842 RALLYDEBUG rally_openstack.contexts.keystone.users [-] Creating 6 users using 20 threads
2019-07-18 08:00:41.201 1842 INFO rally.task.context [-] Task e219fd00-8397-4f3d-981a-b44c08125a20 | Context users@openstack setup() finished in 4.56 sec
2019-07-18 08:00:41.627 1842 INFO rally.task.context [-] Task e219fd00-8397-4f3d-981a-b44c08125a20 | Context api_versions@openstack setup() finished in 0.43 sec
2019-07-18 08:00:43.171 1842 INFO rally.task.context [-] Task e219fd00-8397-4f3d-981a-b44c08125a20 | Context quotas@openstack setup() finished in 1.54 sec
2019-07-18 08:00:43.171 1842 INFO rally.task.context [-] Task e219fd00-8397-4f3d-981a-b44c08125a20 | Context cleanup@openstack setup() finished in 0.01 msec
2019-07-18 08:00:43.179 1842 RALLYDEBUG rally.task.runner [-] Starting the constant runner (task UUID: e219fd00-8397-4f3d-981a-b44c08125a20). timeout: 0 concurrency: 4 concurrency_per_worker: 1 times: 10 concurrency_overhead: 0 processes_to_start: 4 max_cpu_used: 16
2019-07-18 08:00:43.191 4722 RALLYDEBUG rally.task.runner [-] Starting a worker. concurrency: 1 args: {"new_size": 2, "size": 1} times: 10 method_name: run timeout: 0 duration: None cls:
2019-07-18 08:00:43.195 4723 RALLYDEBUG rally.task.runner [-] Starting a worker. concurrency: 1 args: {"new_size": 2, "size": 1} times: 10 method_name: run timeout: 0 duration: None cls:
2019-07-18 08:00:43.197 4724 RALLYDEBUG rally.task.runner [-] Starting a worker. concurrency: 1 args: {"new_size": 2, "size": 1} times: 10 method_name: run timeout: 0 duration: None cls:
2019-07-18 08:00:43.199 4722 INFO rally.task.runner [-] Task e219fd00-8397-4f3d-981a-b44c08125a20 | ITER: 1 START
2019-07-18 08:00:43.201 4725 RALLYDEBUG rally.task.runner [-] Starting a worker. concurrency: 1 args: {"new_size": 2, "size": 1} times: 10 method_name: run timeout: 0 duration: None cls:
2019-07-18 08:00:43.203 4723 INFO rally.task.runner [-] Task e219fd00-8397-4f3d-981a-b44c08125a20 | ITER: 2 START
2019-07-18 08:00:43.205 4724 INFO rally.task.runner [-] Task e219fd00-8397-4f3d-981a-b44c08125a20 | ITER: 3 START
2019-07-18 08:00:43.209 4725 INFO rally.task.runner [-] Task e219fd00-8397-4f3d-981a-b44c08125a20 | ITER: 4 START
2019-07-18 08:00:47.388 4724 RALLYDEBUG rally.task.utils [-] Waiting for resource s_rally_52823c64_WX7SRtQZ. Status changed: AVAILABLE => EXTENDING in 0.0892450809479
2019-07-18 08:00:47.661 4722 RALLYDEBUG rally.task.utils [-] Waiting for resource s_rally_52823c64_BYlgZqmu. Status changed: AVAILABLE => EXTENDING in 0.296271085739
2019-07-18 08:00:47.988 4723 RALLYDEBUG rally.task.utils [-] Waiting for resource s_rally_52823c64_qBAbRJQS. Status changed: AVAILABLE => DELETING in 0.0541310310364
2019-07-18 08:00:48.297 4725 RALLYDEBUG rally.task.utils [-] Waiting for resource s_rally_52823c64_G7Jp2sUz. Status changed: AVAILABLE => DELETING in 0.0575289726257
2019-07-18 08:00:49.631 4724 RALLYDEBUG rally.task.utils [-] Waiting for resource s_rally_52823c64_WX7SRtQZ. Status changed: EXTENDING => AVAILABLE in 2.24302387238
2019-07-18 08:00:49.891 4722 RALLYDEBUG rally.task.utils [-] Waiting for resource s_rally_52823c64_BYlgZqmu. Status changed: EXTENDING => AVAILABLE in 2.23038291931
2019-07-18 08:00:50.139 4724 RALLYDEBUG rally.task.utils [-] Waiting for resource s_rally_52823c64_WX7SRtQZ. Status changed: AVAILABLE => DELETING in 0.0555899143219
2019-07-18 08:00:50.147 4722 RALLYDEBUG rally.task.utils [-] Waiting for resource s_rally_52823c64_BYlgZqmu. Status changed: AVAILABLE => DELETING in 0.056587934494
2019-07-18 08:00:50.210 4723 INFO rally.task.runner [-] Task e219fd00-8397-4f3d-981a-b44c08125a20 | ITER: 2 END: OK
2019-07-18 08:00:50.215 4723 INFO rally.task.runner [-] Task e219fd00-8397-4f3d-981a-b44c08125a20 | ITER: 5 START
2019-07-18 08:00:50.338 4725 INFO rally.task.runner [-] Task e219fd00-8397-4f3d-981a-b44c08125a20 | ITER: 4 END: OK
2019-07-18 08:00:50.343 4725 INFO rally.task.runner [-] Task e219fd00-8397-4f3d-981a-b44c08125a20 | ITER: 6 START
2019-07-18 08:00:52.184 4724 INFO rally.task.runner [-] Task e219fd00-8397-4f3d-981a-b44c08125a20 | ITER: 3 END: OK
2019-07-18 08:00:52.189 4724 INFO rally.task.runner [-] Task e219fd00-8397-4f3d-981a-b44c08125a20 | ITER: 7 START
2019-07-18 08:00:52.194 4722 INFO rally.task.runner [-] Task e219fd00-8397-4f3d-981a-b44c08125a20 | ITER: 1 END: OK
2019-07-18 08:00:52.199 4722 INFO rally.task.runner [-] Task e219fd00-8397-4f3d-981a-b44c08125a20 | ITER: 8 START
2019-07-18 08:00:54.544 4723 RALLYDEBUG rally.task.utils [-] Waiting for resource s_rally_52823c64_K6ZrnY0c. Status changed: AVAILABLE => DELETING in 0.0591611862183
2019-07-18 08:00:54.604 4725 RALLYDEBUG rally.task.utils [-] Waiting for resource s_rally_52823c64_0IFWdxo7. Status changed: AVAILABLE => DELETING in 0.0527420043945
2019-07-18 08:00:56.523 4724 RALLYDEBUG rally.task.utils [-] Waiting for resource s_rally_52823c64_fy7LUXpx. Status changed: AVAILABLE => DELETING in 0.0546388626099
2019-07-18 08:00:56.584 4723 INFO rally.task.runner [-] Task e219fd00-8397-4f3d-981a-b44c08125a20 | ITER: 5 END: OK
2019-07-18 08:00:56.588 4723 INFO rally.task.runner [-] Task e219fd00-8397-4f3d-981a-b44c08125a20 | ITER: 9 START
2019-07-18 08:00:56.849 4725 INFO rally.task.runner [-] Task e219fd00-8397-4f3d-981a-b44c08125a20 | ITER: 6 END: OK
2019-07-18 08:00:56.853 4725 INFO rally.task.runner [-] Task e219fd00-8397-4f3d-981a-b44c08125a20 | ITER: 10 START
2019-07-18 08:00:56.984 4722 INFO rally.task.runner [-] Task e219fd00-8397-4f3d-981a-b44c08125a20 | ITER: 8 END: OK
2019-07-18 08:00:58.571 4724 INFO rally.task.runner [-] Task e219fd00-8397-4f3d-981a-b44c08125a20 | ITER: 7 END: OK
2019-07-18 08:01:00.631 4725 RALLYDEBUG rally.task.utils [-] Waiting for resource s_rally_52823c64_E9ZPlRXX. Status changed: AVAILABLE => EXTENDING in 0.0901310443878
2019-07-18 08:01:00.837 4723 RALLYDEBUG rally.task.utils [-] Waiting for resource s_rally_52823c64_SuZbwUqn. Status changed: AVAILABLE => DELETING in 0.247058868408
2019-07-18 08:01:02.874 4723 INFO rally.task.runner [-] Task e219fd00-8397-4f3d-981a-b44c08125a20 | ITER: 9 END: OK
2019-07-18 08:01:02.880 4725 RALLYDEBUG rally.task.utils [-] Waiting for resource s_rally_52823c64_E9ZPlRXX. Status changed: EXTENDING => AVAILABLE in 2.24872779846
2019-07-18 08:01:03.235 4725 RALLYDEBUG rally.task.utils [-] Waiting for resource s_rally_52823c64_E9ZPlRXX. Status changed: AVAILABLE => DELETING in 0.0573110580444
2019-07-18 08:01:05.469 4725 INFO rally.task.runner [-] Task e219fd00-8397-4f3d-981a-b44c08125a20 | ITER: 10 END: OK
2019-07-18 08:01:05.498 1842 INFO rally.task.context [-] Task e219fd00-8397-4f3d-981a-b44c08125a20 | Context cleanup@openstack cleanup() started
2019-07-18 08:01:05.500 1842 RALLYDEBUG rally_openstack.cleanup.manager [-] Cleaning up cinder backups objects
2019-07-18 08:01:07.577 1842 RALLYDEBUG rally_openstack.cleanup.manager [-] Cleaning up cinder volume_snapshots objects
2019-07-18 08:01:09.574 1842 RALLYDEBUG rally_openstack.cleanup.manager [-] Cleaning up cinder transfers objects
2019-07-18 08:01:11.547 1842 RALLYDEBUG rally_openstack.cleanup.manager [-] Cleaning up cinder volumes objects
2019-07-18 08:01:13.615 1842 INFO rally.task.context [-] Task e219fd00-8397-4f3d-981a-b44c08125a20 | Context cleanup@openstack cleanup() finished in 8.12 sec
2019-07-18 08:01:13.616 1842 INFO rally.task.context [-] Task e219fd00-8397-4f3d-981a-b44c08125a20 | Context quotas@openstack cleanup() started
2019-07-18 08:01:14.361 1842 INFO rally.task.context [-] Task e219fd00-8397-4f3d-981a-b44c08125a20 | Context quotas@openstack cleanup() finished in 0.75 sec
2019-07-18 08:01:14.361 1842 INFO rally.task.context [-] Task e219fd00-8397-4f3d-981a-b44c08125a20 | Context api_versions@openstack cleanup() started
2019-07-18 08:01:14.362 1842 INFO rally.task.context [-] Task e219fd00-8397-4f3d-981a-b44c08125a20 | Context api_versions@openstack cleanup() finished in 0.33 msec
2019-07-18 08:01:14.362 1842 INFO rally.task.context [-] Task e219fd00-8397-4f3d-981a-b44c08125a20 | Context users@openstack cleanup() started
2019-07-18 08:01:21.688 1842 INFO rally.task.context [-] Task e219fd00-8397-4f3d-981a-b44c08125a20 | Context users@openstack cleanup() finished in 7.33 sec
2019-07-18 08:01:22.855 1842 INFO rally.task.engine [-] Load duration is: 22.26522
2019-07-18 08:01:22.855 1842 INFO rally.task.engine [-] Full runner duration is: 22.319993
2019-07-18 08:01:22.856 1842 INFO rally.task.engine [-] Full duration is: 45.053179
2019-07-18 08:01:23.105 1842 INFO rally.task.engine [-] Running workload: position = 0 config = { "version": 2, "title": "A cropped version of a bigger task.", "description": "Auto-generated task from a single workload (uuid=15ed2f28-9e1a-4e67-b91e-5aee461c4209)", "subtasks": [ { "title": "CinderVolumes.create_from_volume_and_delete_volume", "description": "Create volume from volume and then delete it.", "scenario": { "CinderVolumes.create_from_volume_and_delete_volume": { "size": 1 } }, "contexts": { "users": { "tenants": 3, "users_per_tenant": 2 }, "quotas": { "cinder": { "gigabytes": -1, "snapshots": -1, "volumes": -1 } }, "api_versions": { "cinder": { "version": 3, "service_type": "volumev3" } }, "volumes": { "size": 1, "volumes_per_tenant": 1 } }, "runner": { "constant": { "concurrency": 4, "times": 10 } }, "hooks": [], "sla": { "failure_rate": { "max": 0 } } } ] }
2019-07-18 08:01:23.130 1842 RALLYDEBUG rally_openstack.contexts.keystone.users [-] Creating 3 tenants using 20 threads
2019-07-18 08:01:24.963 1842 RALLYDEBUG rally_openstack.contexts.keystone.users [-] Creating 6 users using 20 threads
2019-07-18 08:01:27.759 1842 INFO rally.task.context [-] Task e219fd00-8397-4f3d-981a-b44c08125a20 | Context users@openstack setup() finished in 4.63 sec
2019-07-18 08:01:28.180 1842 INFO rally.task.context [-] Task e219fd00-8397-4f3d-981a-b44c08125a20 | Context api_versions@openstack setup() finished in 0.42 sec
2019-07-18 08:01:29.739 1842 INFO rally.task.context [-] Task e219fd00-8397-4f3d-981a-b44c08125a20 | Context quotas@openstack setup() finished in 1.56 sec
2019-07-18 08:01:40.160 1842 INFO rally.task.context [-] Task e219fd00-8397-4f3d-981a-b44c08125a20 | Context volumes@openstack setup() finished in 10.42 sec
2019-07-18 08:01:40.160 1842 INFO rally.task.context [-] Task e219fd00-8397-4f3d-981a-b44c08125a20 | Context cleanup@openstack setup() finished in 0.01 msec
2019-07-18 08:01:40.167 1842 RALLYDEBUG rally.task.runner [-] Starting the constant runner (task UUID: e219fd00-8397-4f3d-981a-b44c08125a20). timeout: 0 concurrency: 4 concurrency_per_worker: 1 times: 10 concurrency_overhead: 0 processes_to_start: 4 max_cpu_used: 16
2019-07-18 08:01:40.181 4906 RALLYDEBUG rally.task.runner [-] Starting a worker. concurrency: 1 args: {"size": 1} times: 10 method_name: run timeout: 0 duration: None cls:
2019-07-18 08:01:40.183 4907 RALLYDEBUG rally.task.runner [-] Starting a worker. concurrency: 1 args: {"size": 1} times: 10 method_name: run timeout: 0 duration: None cls:
2019-07-18 08:01:40.185 4908 RALLYDEBUG rally.task.runner [-] Starting a worker. concurrency: 1 args: {"size": 1} times: 10 method_name: run timeout: 0 duration: None cls:
2019-07-18 08:01:40.188 4909 RALLYDEBUG rally.task.runner [-] Starting a worker. concurrency: 1 args: {"size": 1} times: 10 method_name: run timeout: 0 duration: None cls:
2019-07-18 08:01:40.195 4908 INFO rally.task.runner [-] Task e219fd00-8397-4f3d-981a-b44c08125a20 | ITER: 3 START
2019-07-18 08:01:40.195 4906 INFO rally.task.runner [-] Task e219fd00-8397-4f3d-981a-b44c08125a20 | ITER: 1 START
2019-07-18 08:01:40.195 4907 INFO rally.task.runner [-] Task e219fd00-8397-4f3d-981a-b44c08125a20 | ITER: 2 START
2019-07-18 08:01:40.199 4909 INFO rally.task.runner [-] Task e219fd00-8397-4f3d-981a-b44c08125a20 | ITER: 4 START
2019-07-18 08:01:44.001 4906 RALLYDEBUG rally.task.utils [-] Waiting for resource s_rally_15ed2f28_0lLgwZTA. Status changed: CREATING => AVAILABLE in 0.619338989258
2019-07-18 08:01:44.456 4907 RALLYDEBUG rally.task.utils [-] Waiting for resource s_rally_15ed2f28_U6VlKt8C. Status changed: AVAILABLE => DELETING in 0.247082948685
2019-07-18 08:01:44.626 4906 RALLYDEBUG rally.task.utils [-] Waiting for resource s_rally_15ed2f28_0lLgwZTA. Status changed: AVAILABLE => DELETING in 0.345153093338
2019-07-18 08:01:46.059 4909 RALLYDEBUG rally.task.utils [-] Waiting for resource s_rally_15ed2f28_QMsgsXGs. Status changed: CREATING => AVAILABLE in 2.59208488464
2019-07-18 08:01:46.354 4908 RALLYDEBUG rally.task.utils [-] Waiting for resource s_rally_15ed2f28_lMCrKuOQ. Status changed: CREATING => AVAILABLE in 2.95315289497
2019-07-18 08:01:46.366 4909 RALLYDEBUG rally.task.utils [-] Waiting for resource s_rally_15ed2f28_QMsgsXGs. Status changed: AVAILABLE => DELETING in 0.0510098934174
2019-07-18 08:01:47.371 4908 RALLYDEBUG rally.task.utils [-] Waiting for resource s_rally_15ed2f28_lMCrKuOQ. Status changed: AVAILABLE => DELETING in 0.259385108948
2019-07-18 08:01:48.831 4907 INFO rally.task.runner [-] Task e219fd00-8397-4f3d-981a-b44c08125a20 | ITER: 2 END: OK
2019-07-18 08:01:48.836 4907 INFO rally.task.runner [-] Task e219fd00-8397-4f3d-981a-b44c08125a20 | ITER: 5 START
2019-07-18 08:01:48.942 4906 INFO rally.task.runner [-] Task e219fd00-8397-4f3d-981a-b44c08125a20 | ITER: 1 END: OK
2019-07-18 08:01:48.947 4906 INFO rally.task.runner [-] Task e219fd00-8397-4f3d-981a-b44c08125a20 | ITER: 6 START
2019-07-18 08:01:49.606 4908 INFO rally.task.runner [-] Task e219fd00-8397-4f3d-981a-b44c08125a20 | ITER: 3 END: OK
2019-07-18 08:01:49.612 4908 INFO rally.task.runner [-] Task e219fd00-8397-4f3d-981a-b44c08125a20 | ITER: 7 START
2019-07-18 08:01:51.022 4909 INFO rally.task.runner [-] Task e219fd00-8397-4f3d-981a-b44c08125a20 | ITER: 4 END: OK
2019-07-18 08:01:51.027 4909 INFO rally.task.runner [-] Task e219fd00-8397-4f3d-981a-b44c08125a20 | ITER: 8 START
2019-07-18 08:01:52.538 4906 RALLYDEBUG rally.task.utils [-] Waiting for resource s_rally_15ed2f28_LIb1x0S6. Status changed: CREATING => AVAILABLE in 0.577903032303
2019-07-18 08:01:53.044 4906 RALLYDEBUG rally.task.utils [-] Waiting for resource s_rally_15ed2f28_LIb1x0S6. Status changed: AVAILABLE => DELETING in 0.236685991287
2019-07-18 08:01:54.501 4907 RALLYDEBUG rally.task.utils [-] Waiting for resource s_rally_15ed2f28_Iqn5MWRo. Status changed: CREATING => AVAILABLE in 2.54657006264
2019-07-18 08:01:54.796 4909 RALLYDEBUG rally.task.utils [-] Waiting for resource s_rally_15ed2f28_9g125lrT. Status changed: AVAILABLE => DELETING in 0.0662181377411
2019-07-18 08:01:55.207 4907 RALLYDEBUG rally.task.utils [-] Waiting for resource s_rally_15ed2f28_Iqn5MWRo. Status changed: AVAILABLE => DELETING in 0.321353197098
2019-07-18 08:01:57.396 4908 RALLYDEBUG rally.task.utils [-] Waiting for resource s_rally_15ed2f28_VAjtx1fI. Status changed: CREATING => AVAILABLE in 4.83202600479
2019-07-18 08:01:57.904 4908 RALLYDEBUG rally.task.utils [-] Waiting for resource s_rally_15ed2f28_VAjtx1fI. Status changed: AVAILABLE => DELETING in 0.245913028717
2019-07-18 08:01:58.891 4909 INFO rally.task.runner [-] Task e219fd00-8397-4f3d-981a-b44c08125a20 | ITER: 8 END: OK
2019-07-18 08:01:58.893 4909 INFO rally.task.runner [-] Task e219fd00-8397-4f3d-981a-b44c08125a20 | ITER: 9 START
2019-07-18 08:01:59.672 4906 INFO rally.task.runner [-] Task e219fd00-8397-4f3d-981a-b44c08125a20 | ITER: 6 END: OK
2019-07-18 08:01:59.677 4906 INFO rally.task.runner [-] Task e219fd00-8397-4f3d-981a-b44c08125a20 | ITER: 10 START
2019-07-18 08:01:59.711 4907 INFO rally.task.runner [-] Task e219fd00-8397-4f3d-981a-b44c08125a20 | ITER: 5 END: OK
2019-07-18 08:02:00.223 4908 INFO rally.task.runner [-] Task e219fd00-8397-4f3d-981a-b44c08125a20 | ITER: 7 END: OK
2019-07-18 08:02:02.818 4909 RALLYDEBUG rally.task.utils [-] Waiting for resource s_rally_15ed2f28_bxvsH9ie. Status changed: AVAILABLE => DELETING in 0.248394966125
2019-07-18 08:02:03.684 4906 RALLYDEBUG rally.task.utils [-] Waiting for resource s_rally_15ed2f28_qU8kuo2d. Status changed: AVAILABLE => DELETING in 0.252149105072
2019-07-18 08:02:05.048 4909 INFO rally.task.runner [-] Task e219fd00-8397-4f3d-981a-b44c08125a20 | ITER: 9 END: OK
2019-07-18 08:02:05.723 4906 INFO rally.task.runner [-] Task e219fd00-8397-4f3d-981a-b44c08125a20 | ITER: 10 END: OK
2019-07-18 08:02:05.744 1842 INFO rally.task.context [-] Task e219fd00-8397-4f3d-981a-b44c08125a20 | Context cleanup@openstack cleanup() started
2019-07-18 08:02:05.746 1842 RALLYDEBUG rally_openstack.cleanup.manager [-] Cleaning up cinder backups objects
2019-07-18 08:02:07.666 1842 RALLYDEBUG rally_openstack.cleanup.manager [-] Cleaning up cinder volume_snapshots objects
2019-07-18 08:02:09.640 1842 RALLYDEBUG rally_openstack.cleanup.manager [-] Cleaning up cinder transfers objects
2019-07-18 08:02:11.510 1842 RALLYDEBUG rally_openstack.cleanup.manager [-] Cleaning up cinder volumes objects
2019-07-18 08:02:13.677 1842 INFO rally.task.context [-] Task e219fd00-8397-4f3d-981a-b44c08125a20 | Context cleanup@openstack cleanup() finished in 7.93 sec
2019-07-18 08:02:13.678 1842 INFO rally.task.context [-] Task e219fd00-8397-4f3d-981a-b44c08125a20 | Context volumes@openstack cleanup() started
2019-07-18 08:02:13.678 1842 RALLYDEBUG rally_openstack.cleanup.manager [-] Cleaning up cinder volumes objects
2019-07-18 08:02:15.746 1842 RALLYDEBUG rally_openstack.cleanup.manager [-] Deleting cinder.volumes object c_rally_15ed2f28_WgaYeR9M (0c066a81-680a-4a23-b752-ec7676ada977)
2019-07-18 08:02:15.752 1842 RALLYDEBUG rally_openstack.cleanup.manager [-] Deleting cinder.volumes object c_rally_15ed2f28_zLHBlE0g (04554e18-25d4-4c59-ac36-2b8892aa9a5e)
2019-07-18 08:02:15.752 1842 RALLYDEBUG rally_openstack.cleanup.manager [-] Deleting cinder.volumes object c_rally_15ed2f28_CfMUKhc0 (21415c00-a4ba-4159-8fae-fa167cfa59b1)
2019-07-18 08:02:19.050 1842 INFO rally.task.context [-] Task e219fd00-8397-4f3d-981a-b44c08125a20 | Context volumes@openstack cleanup() finished in 5.37 sec
2019-07-18 08:02:19.051 1842 INFO rally.task.context [-] Task e219fd00-8397-4f3d-981a-b44c08125a20 | Context quotas@openstack cleanup() started
2019-07-18 08:02:19.682 1842 INFO rally.task.context [-] Task e219fd00-8397-4f3d-981a-b44c08125a20 | Context quotas@openstack cleanup() finished in 0.63 sec
2019-07-18 08:02:19.683 1842 INFO rally.task.context [-] Task e219fd00-8397-4f3d-981a-b44c08125a20 | Context api_versions@openstack cleanup() started
2019-07-18 08:02:19.683 1842 INFO rally.task.context [-] Task e219fd00-8397-4f3d-981a-b44c08125a20 | Context api_versions@openstack cleanup() finished in 0.32 msec
2019-07-18 08:02:19.683 1842 INFO rally.task.context [-] Task e219fd00-8397-4f3d-981a-b44c08125a20 | Context users@openstack cleanup() started
2019-07-18 08:02:27.176 1842 INFO rally.task.context [-] Task e219fd00-8397-4f3d-981a-b44c08125a20 | Context users@openstack cleanup() finished in 7.49 sec
2019-07-18 08:02:27.372 1842 INFO rally.task.engine [-] Load duration is: 25.524492
2019-07-18 08:02:27.372 1842 INFO rally.task.engine [-] Full runner duration is: 25.576685
2019-07-18 08:02:27.372 1842 INFO rally.task.engine [-] Full duration is: 64.052476
2019-07-18 08:02:27.622 1842 INFO rally.task.engine [-] Running workload: position = 0 config = { "version": 2, "title": "A cropped version of a bigger task.", "description": "Auto-generated task from a single workload (uuid=59c2eba5-41d1-421c-a662-ba98e3d330b4)", "subtasks": [ { "title": "CinderQos.create_and_get_qos", "description": "Create a qos, then get details of the qos.", "scenario": { "CinderQos.create_and_get_qos": { "consumer": "both", "write_iops_sec": "10", "read_iops_sec": "1000" } }, "contexts": { "users": { "tenants": 3, "users_per_tenant": 2 }, "api_versions": { "cinder": { "version": 3, "service_type": "volumev3" } } }, "runner": { "constant": { "concurrency": 4, "times": 10 } }, "hooks": [], "sla": { "failure_rate": { "max": 0 } } } ] }
2019-07-18 08:02:27.647 1842 RALLYDEBUG rally_openstack.contexts.keystone.users [-] Creating 3 tenants using 20 threads
2019-07-18 08:02:29.519 1842 RALLYDEBUG rally_openstack.contexts.keystone.users [-] Creating 6 users using 20 threads
2019-07-18 08:02:32.106 1842 INFO rally.task.context [-] Task e219fd00-8397-4f3d-981a-b44c08125a20 | Context users@openstack setup() finished in 4.46 sec
2019-07-18 08:02:32.537 1842 INFO rally.task.context [-] Task e219fd00-8397-4f3d-981a-b44c08125a20 | Context api_versions@openstack setup() finished in 0.43 sec
2019-07-18 08:02:32.538 1842 INFO rally.task.context [-] Task e219fd00-8397-4f3d-981a-b44c08125a20 | Context admin_cleanup@openstack setup() finished in 0.01 msec
2019-07-18 08:02:32.545 1842 RALLYDEBUG rally.task.runner [-] Starting the constant runner (task UUID: e219fd00-8397-4f3d-981a-b44c08125a20). timeout: 0 concurrency: 4 concurrency_per_worker: 1 times: 10 concurrency_overhead: 0 processes_to_start: 4 max_cpu_used: 16
2019-07-18 08:02:32.558 5110 RALLYDEBUG rally.task.runner [-] Starting a worker. concurrency: 1 args: {"consumer": "both", "write_iops_sec": "10", "read_iops_sec": "1000"} times: 10 method_name: run timeout: 0 duration: None cls:
2019-07-18 08:02:32.560 5111 RALLYDEBUG rally.task.runner [-] Starting a worker. concurrency: 1 args: {"consumer": "both", "write_iops_sec": "10", "read_iops_sec": "1000"} times: 10 method_name: run timeout: 0 duration: None cls:
2019-07-18 08:02:32.564 5112 RALLYDEBUG rally.task.runner [-] Starting a worker. concurrency: 1 args: {"consumer": "both", "write_iops_sec": "10", "read_iops_sec": "1000"} times: 10 method_name: run timeout: 0 duration: None cls:
2019-07-18 08:02:32.566 5110 INFO rally.task.runner [-] Task e219fd00-8397-4f3d-981a-b44c08125a20 | ITER: 1 START
2019-07-18 08:02:32.567 5111 INFO rally.task.runner [-] Task e219fd00-8397-4f3d-981a-b44c08125a20 | ITER: 2 START
2019-07-18 08:02:32.567 5113 RALLYDEBUG rally.task.runner [-] Starting a worker. concurrency: 1 args: {"consumer": "both", "write_iops_sec": "10", "read_iops_sec": "1000"} times: 10 method_name: run timeout: 0 duration: None cls:
2019-07-18 08:02:32.573 5112 INFO rally.task.runner [-] Task e219fd00-8397-4f3d-981a-b44c08125a20 | ITER: 3 START
2019-07-18 08:02:32.575 5113 INFO rally.task.runner [-] Task e219fd00-8397-4f3d-981a-b44c08125a20 | ITER: 4 START
2019-07-18 08:02:33.647 5111 INFO rally.task.runner [-] Task e219fd00-8397-4f3d-981a-b44c08125a20 | ITER: 2 END: OK
2019-07-18 08:02:33.651 5110 INFO rally.task.runner [-] Task e219fd00-8397-4f3d-981a-b44c08125a20 | ITER: 1 END: OK
2019-07-18 08:02:33.653 5111 INFO rally.task.runner [-] Task e219fd00-8397-4f3d-981a-b44c08125a20 | ITER: 5 START
2019-07-18 08:02:33.657 5110 INFO rally.task.runner [-] Task e219fd00-8397-4f3d-981a-b44c08125a20 | ITER: 6 START
2019-07-18 08:02:33.670 5113 INFO rally.task.runner [-] Task e219fd00-8397-4f3d-981a-b44c08125a20 | ITER: 4 END: OK
2019-07-18 08:02:33.675 5113 INFO rally.task.runner [-] Task e219fd00-8397-4f3d-981a-b44c08125a20 | ITER: 7 START
2019-07-18 08:02:33.678 5112 INFO rally.task.runner [-] Task e219fd00-8397-4f3d-981a-b44c08125a20 | ITER: 3 END: OK
2019-07-18 08:02:33.682 5112 INFO rally.task.runner [-] Task e219fd00-8397-4f3d-981a-b44c08125a20 | ITER: 8 START
2019-07-18 08:02:34.545 5110 INFO rally.task.runner [-] Task e219fd00-8397-4f3d-981a-b44c08125a20 | ITER: 6 END: OK
2019-07-18 08:02:34.552 5110 INFO rally.task.runner [-] Task e219fd00-8397-4f3d-981a-b44c08125a20 | ITER: 9 START
2019-07-18 08:02:34.600 5111 INFO rally.task.runner [-] Task e219fd00-8397-4f3d-981a-b44c08125a20 | ITER: 5 END: OK
2019-07-18 08:02:34.605 5111 INFO rally.task.runner [-] Task e219fd00-8397-4f3d-981a-b44c08125a20 | ITER: 10 START
2019-07-18 08:02:34.617 5113 INFO rally.task.runner [-] Task e219fd00-8397-4f3d-981a-b44c08125a20 | ITER: 7 END: OK
2019-07-18 08:02:34.728 5112 INFO rally.task.runner [-] Task e219fd00-8397-4f3d-981a-b44c08125a20 | ITER: 8 END: OK
2019-07-18 08:02:35.476 5111 INFO rally.task.runner [-] Task e219fd00-8397-4f3d-981a-b44c08125a20 | ITER: 10 END: OK
2019-07-18 08:02:35.496 5110 INFO rally.task.runner [-] Task e219fd00-8397-4f3d-981a-b44c08125a20 | ITER: 9 END: OK
2019-07-18 08:02:35.525 1842 INFO rally.task.context [-] Task e219fd00-8397-4f3d-981a-b44c08125a20 | Context admin_cleanup@openstack cleanup() started
2019-07-18 08:02:35.527 1842 RALLYDEBUG rally_openstack.cleanup.manager [-] Cleaning up cinder volume_types objects
2019-07-18 08:02:36.193 1842 RALLYDEBUG rally_openstack.cleanup.manager [-] Cleaning up cinder image_volumes_cache objects
2019-07-18 08:02:37.157 1842 RALLYDEBUG rally_openstack.cleanup.manager [-] Cleaning up cinder quotas objects
2019-07-18 08:02:38.617 1842 RALLYDEBUG rally_openstack.cleanup.manager [-] Cleaning up cinder qos_specs objects
2019-07-18 08:02:39.329 1842 RALLYDEBUG rally_openstack.cleanup.manager [-] Deleting cinder.qos_specs object s_rally_59c2eba5_TNOmcInS (f38f4491-edd8-47ca-ba23-e54d1eab457b)
2019-07-18 08:02:39.332 1842 RALLYDEBUG rally_openstack.cleanup.manager [-] Deleting cinder.qos_specs object s_rally_59c2eba5_35aDbF5s (5353452f-8055-4c48-b317-1e02f4857ec1)
2019-07-18 08:02:39.335 1842 RALLYDEBUG rally_openstack.cleanup.manager [-] Deleting cinder.qos_specs object s_rally_59c2eba5_CwWVNiBY (eb7e945a-11ef-4073-8f84-b9782f671b7a)
2019-07-18 08:02:39.342 1842 RALLYDEBUG rally_openstack.cleanup.manager [-] Deleting cinder.qos_specs object s_rally_59c2eba5_yCbWz49d (8a32fbcd-2cd5-4074-8304-2958a239f5a0)
2019-07-18 08:02:39.357 1842 RALLYDEBUG rally_openstack.cleanup.manager [-] Deleting cinder.qos_specs object s_rally_59c2eba5_24211uAv (43afb92e-26e1-47e9-99b9-b79681e10bd6)
2019-07-18 08:02:39.365 1842 RALLYDEBUG rally_openstack.cleanup.manager [-] Deleting cinder.qos_specs object s_rally_59c2eba5_Kt22FKDM (42d716df-b3a3-4715-8302-1479a7074640)
2019-07-18 08:02:39.380 1842 RALLYDEBUG rally_openstack.cleanup.manager [-] Deleting cinder.qos_specs object s_rally_59c2eba5_x2pvkT4j (9270fa25-7eca-4826-b3f5-274a29da37c3)
2019-07-18 08:02:39.393 1842 RALLYDEBUG rally_openstack.cleanup.manager [-] Deleting cinder.qos_specs object s_rally_59c2eba5_NNhiIIyY (89af56fe-351b-4742-b296-71f995dbc5a8)
2019-07-18 08:02:39.395 1842 RALLYDEBUG rally_openstack.cleanup.manager [-] Deleting cinder.qos_specs object s_rally_59c2eba5_rzQ9fpou (1dc33670-104f-4780-ad5a-d0c8b9898c41)
2019-07-18 08:02:39.404 1842 RALLYDEBUG rally_openstack.cleanup.manager [-] Deleting cinder.qos_specs object s_rally_59c2eba5_eI13I6u8 (001d3312-64fd-4acc-b6fa-c60ce7fc36b5)
2019-07-18 08:02:41.730 1842 INFO rally.task.context [-] Task e219fd00-8397-4f3d-981a-b44c08125a20 | Context admin_cleanup@openstack cleanup() finished in 6.21 sec
2019-07-18 08:02:41.731 1842 INFO rally.task.context [-] Task e219fd00-8397-4f3d-981a-b44c08125a20 | Context api_versions@openstack cleanup() started
2019-07-18 08:02:41.731 1842 INFO rally.task.context [-] Task e219fd00-8397-4f3d-981a-b44c08125a20 | Context api_versions@openstack cleanup() finished in 0.19 msec
2019-07-18 08:02:41.731 1842 INFO rally.task.context [-] Task e219fd00-8397-4f3d-981a-b44c08125a20 | Context users@openstack cleanup() started
2019-07-18 08:02:48.904 1842 INFO rally.task.context [-] Task e219fd00-8397-4f3d-981a-b44c08125a20 | Context users@openstack cleanup() finished in 7.17 sec
2019-07-18 08:02:49.748 1842 INFO rally.task.engine [-] Load duration is: 2.926595
2019-07-18 08:02:49.748 1842 INFO rally.task.engine [-] Full runner duration is: 2.980185
2019-07-18 08:02:49.749 1842 INFO rally.task.engine [-] Full duration is: 21.261624
2019-07-18 08:02:49.933 1842 INFO rally.task.engine [-] Running workload: position = 0 config = { "version": 2, "title": "A cropped version of a bigger task.", "description": "Auto-generated task from a single workload (uuid=17810de4-4058-4232-80d7-c553369622a4)", "subtasks": [ { "title": "CinderQos.create_and_list_qos", "description": "Create a qos, then list all qos.", "scenario": { "CinderQos.create_and_list_qos": { "consumer": "both", "write_iops_sec": "10", "read_iops_sec": "1000" } }, "contexts": { "users": { "tenants": 3, "users_per_tenant": 2 }, "api_versions": { "cinder": { "version": 3, "service_type": "volumev3" } } }, "runner": { "constant": { "concurrency": 4, "times": 10 } }, "hooks": [], "sla": { "failure_rate": { "max": 0 } } } ] }
2019-07-18 08:02:49.951 1842 RALLYDEBUG rally_openstack.contexts.keystone.users [-] Creating 3 tenants using 20 threads
2019-07-18 08:02:51.718 1842 RALLYDEBUG rally_openstack.contexts.keystone.users [-] Creating 6 users using 20 threads
2019-07-18 08:02:54.434 1842 INFO rally.task.context [-] Task e219fd00-8397-4f3d-981a-b44c08125a20 | Context users@openstack setup() finished in 4.48 sec
2019-07-18 08:02:54.848 1842 INFO rally.task.context [-] Task e219fd00-8397-4f3d-981a-b44c08125a20 | Context api_versions@openstack setup() finished in 0.41 sec
2019-07-18 08:02:54.849 1842 INFO rally.task.context [-] Task e219fd00-8397-4f3d-981a-b44c08125a20 | Context admin_cleanup@openstack setup() finished in 0.01 msec
2019-07-18 08:02:54.856 1842 RALLYDEBUG rally.task.runner [-] Starting the constant runner (task UUID: e219fd00-8397-4f3d-981a-b44c08125a20). timeout: 0 concurrency: 4 concurrency_per_worker: 1 times: 10 concurrency_overhead: 0 processes_to_start: 4 max_cpu_used: 16
2019-07-18 08:02:54.870 5294 RALLYDEBUG rally.task.runner [-] Starting a worker. concurrency: 1 args: {"consumer": "both", "write_iops_sec": "10", "read_iops_sec": "1000"} times: 10 method_name: run timeout: 0 duration: None cls:
2019-07-18 08:02:54.873 5295 RALLYDEBUG rally.task.runner [-] Starting a worker. concurrency: 1 args: {"consumer": "both", "write_iops_sec": "10", "read_iops_sec": "1000"} times: 10 method_name: run timeout: 0 duration: None cls:
2019-07-18 08:02:54.876 5296 RALLYDEBUG rally.task.runner [-] Starting a worker. concurrency: 1 args: {"consumer": "both", "write_iops_sec": "10", "read_iops_sec": "1000"} times: 10 method_name: run timeout: 0 duration: None cls:
2019-07-18 08:02:54.877 5294 INFO rally.task.runner [-] Task e219fd00-8397-4f3d-981a-b44c08125a20 | ITER: 1 START
2019-07-18 08:02:54.879 5297 RALLYDEBUG rally.task.runner [-] Starting a worker. concurrency: 1 args: {"consumer": "both", "write_iops_sec": "10", "read_iops_sec": "1000"} times: 10 method_name: run timeout: 0 duration: None cls:
2019-07-18 08:02:54.880 5295 INFO rally.task.runner [-] Task e219fd00-8397-4f3d-981a-b44c08125a20 | ITER: 2 START
2019-07-18 08:02:54.884 5296 INFO rally.task.runner [-] Task e219fd00-8397-4f3d-981a-b44c08125a20 | ITER: 3 START
2019-07-18 08:02:54.886 5297 INFO rally.task.runner [-] Task e219fd00-8397-4f3d-981a-b44c08125a20 | ITER: 4 START
2019-07-18 08:02:55.930 5297 INFO rally.task.runner [-] Task e219fd00-8397-4f3d-981a-b44c08125a20 | ITER: 4 END: OK
2019-07-18 08:02:55.935 5297 INFO rally.task.runner [-] Task e219fd00-8397-4f3d-981a-b44c08125a20 | ITER: 5 START
2019-07-18 08:02:55.955 5295 INFO rally.task.runner [-] Task e219fd00-8397-4f3d-981a-b44c08125a20 | ITER: 2 END: OK
2019-07-18 08:02:55.960 5295 INFO rally.task.runner [-] Task e219fd00-8397-4f3d-981a-b44c08125a20 | ITER: 6 START
2019-07-18 08:02:56.048 5296 INFO rally.task.runner [-] Task e219fd00-8397-4f3d-981a-b44c08125a20 | ITER: 3 END: OK
2019-07-18 08:02:56.054 5296 INFO rally.task.runner [-] Task e219fd00-8397-4f3d-981a-b44c08125a20 | ITER: 7 START
2019-07-18 08:02:56.055 5294 INFO rally.task.runner [-] Task e219fd00-8397-4f3d-981a-b44c08125a20 | ITER: 1 END: OK
2019-07-18 08:02:56.059 5294 INFO rally.task.runner [-] Task e219fd00-8397-4f3d-981a-b44c08125a20 | ITER: 8 START
2019-07-18 08:02:56.812 5297 INFO rally.task.runner [-] Task e219fd00-8397-4f3d-981a-b44c08125a20 | ITER: 5 END: OK
2019-07-18 08:02:56.816 5297 INFO rally.task.runner [-] Task e219fd00-8397-4f3d-981a-b44c08125a20 | ITER: 9 START
2019-07-18 08:02:56.853 5295 INFO rally.task.runner [-] Task e219fd00-8397-4f3d-981a-b44c08125a20 | ITER: 6 END: OK
2019-07-18 08:02:56.858 5295 INFO rally.task.runner [-] Task e219fd00-8397-4f3d-981a-b44c08125a20 | ITER: 10 START
2019-07-18 08:02:57.059 5296 INFO rally.task.runner [-] Task e219fd00-8397-4f3d-981a-b44c08125a20 | ITER: 7 END: OK
2019-07-18 08:02:57.061 5294 INFO rally.task.runner [-] Task e219fd00-8397-4f3d-981a-b44c08125a20 | ITER: 8 END: OK
2019-07-18 08:02:57.706 5297 INFO rally.task.runner [-] Task e219fd00-8397-4f3d-981a-b44c08125a20 | ITER: 9 END: OK
2019-07-18 08:02:57.851 5295 INFO rally.task.runner [-] Task e219fd00-8397-4f3d-981a-b44c08125a20 | ITER: 10 END: OK
2019-07-18 08:02:57.874 1842 INFO rally.task.context [-] Task e219fd00-8397-4f3d-981a-b44c08125a20 | Context admin_cleanup@openstack cleanup() started
2019-07-18 08:02:57.876 1842 RALLYDEBUG rally_openstack.cleanup.manager [-] Cleaning up cinder volume_types objects
2019-07-18 08:02:58.517 1842 RALLYDEBUG rally_openstack.cleanup.manager [-] Cleaning up cinder image_volumes_cache objects
2019-07-18 08:02:59.465 1842 RALLYDEBUG rally_openstack.cleanup.manager [-] Cleaning up cinder quotas objects
2019-07-18 08:03:01.010 1842 RALLYDEBUG rally_openstack.cleanup.manager [-] Cleaning up cinder qos_specs objects
2019-07-18 08:03:01.738 1842 RALLYDEBUG rally_openstack.cleanup.manager [-] Deleting cinder.qos_specs object s_rally_17810de4_2WTLOF2l (22320a74-2655-4035-b237-f2e04686dd1e)
2019-07-18 08:03:01.744 1842 RALLYDEBUG rally_openstack.cleanup.manager [-] Deleting cinder.qos_specs object s_rally_17810de4_6mkZ2BYP (1a617656-f75e-4303-a243-fa5fa38c8022)
2019-07-18 08:03:01.749 1842 RALLYDEBUG rally_openstack.cleanup.manager [-] Deleting cinder.qos_specs object s_rally_17810de4_hBJh3Rfh (626cfe6b-df82-4e36-8e1b-e31fa06761ea)
2019-07-18 08:03:01.758 1842 RALLYDEBUG rally_openstack.cleanup.manager [-] Deleting cinder.qos_specs object s_rally_17810de4_xJ6enbpN (5c11a1f0-6a03-484b-96ee-1f5048de46aa)
2019-07-18 08:03:01.767 1842 RALLYDEBUG rally_openstack.cleanup.manager [-] Deleting cinder.qos_specs object s_rally_17810de4_mbwVQt9y (3f56db51-a299-42d6-bf8a-c4c23d87e1d3)
2019-07-18 08:03:01.773 1842 RALLYDEBUG rally_openstack.cleanup.manager [-] Deleting cinder.qos_specs object s_rally_17810de4_o3lQW3cH (21b913cb-9928-4559-adab-8ec62d2b6e5d)
2019-07-18 08:03:01.778 1842 RALLYDEBUG rally_openstack.cleanup.manager [-] Deleting cinder.qos_specs object s_rally_17810de4_kIC691E1 (ede303ec-9609-401a-a0e9-fdb8b2ab7260)
2019-07-18 08:03:01.784 1842 RALLYDEBUG rally_openstack.cleanup.manager [-] Deleting cinder.qos_specs object s_rally_17810de4_laTsntJn (daf55373-6485-4544-b246-ac65bfd098a2)
2019-07-18 08:03:01.807 1842 RALLYDEBUG rally_openstack.cleanup.manager [-] Deleting cinder.qos_specs object s_rally_17810de4_UBWlwJw9 (7ab1ba37-54e2-46a7-8906-cbaeea44bead)
2019-07-18 08:03:01.827 1842 RALLYDEBUG rally_openstack.cleanup.manager [-] Deleting cinder.qos_specs object s_rally_17810de4_9hp2DwHt (1da8e151-4ffb-4598-a1bd-cdea21ce86a1)
2019-07-18 08:03:04.207 1842 INFO rally.task.context [-] Task e219fd00-8397-4f3d-981a-b44c08125a20 | Context admin_cleanup@openstack cleanup() finished in 6.33 sec
2019-07-18 08:03:04.208 1842 INFO rally.task.context [-] Task e219fd00-8397-4f3d-981a-b44c08125a20 | Context api_versions@openstack cleanup() started
2019-07-18 08:03:04.208 1842 INFO rally.task.context [-] Task e219fd00-8397-4f3d-981a-b44c08125a20 | Context api_versions@openstack cleanup() finished in 0.20 msec
2019-07-18 08:03:04.208 1842 INFO rally.task.context [-] Task e219fd00-8397-4f3d-981a-b44c08125a20 | Context users@openstack cleanup() started
2019-07-18 08:03:12.547 1842 INFO rally.task.context [-] Task e219fd00-8397-4f3d-981a-b44c08125a20 | Context users@openstack cleanup() finished in 8.34 sec
2019-07-18 08:03:14.060 1842 INFO rally.task.engine [-] Load duration is: 2.969301
2019-07-18 08:03:14.061 1842 INFO rally.task.engine [-] Full runner duration is: 3.018136
2019-07-18 08:03:14.061 1842 INFO rally.task.engine [-] Full duration is: 22.599741
2019-07-18 08:03:14.275 1842 INFO rally.task.engine [-] Running workload: position = 0 config = { "version": 2, "title": "A cropped version of a bigger task.", "description": "Auto-generated task from a single workload (uuid=17c13f2e-0ace-4a2e-96c2-137024953dca)", "subtasks": [ { "title": "CinderQos.create_and_set_qos", "description": "Create a qos, then Add/Update keys in qos specs.", "scenario": { "CinderQos.create_and_set_qos": { "consumer": "back-end", "write_iops_sec": "10", "read_iops_sec": "1000", "set_consumer": "both", "set_write_iops_sec": "11", "set_read_iops_sec": "1001" } }, "contexts": { "users": { "tenants": 3, "users_per_tenant": 2 }, "api_versions": { "cinder": { "version": 3, "service_type": "volumev3" } } }, "runner": { "constant": { "concurrency": 4, "times": 10 } }, "hooks": [], "sla": { "failure_rate": { "max": 0 } } } ] }
2019-07-18 08:03:14.299 1842 RALLYDEBUG rally_openstack.contexts.keystone.users [-] Creating 3 tenants using 20 threads
2019-07-18 08:03:16.066 1842 RALLYDEBUG rally_openstack.contexts.keystone.users [-] Creating 6 users using 20 threads
2019-07-18 08:03:18.806 1842 INFO rally.task.context [-] Task e219fd00-8397-4f3d-981a-b44c08125a20 | Context users@openstack setup() finished in 4.51 sec
2019-07-18 08:03:19.216 1842 INFO rally.task.context [-] Task e219fd00-8397-4f3d-981a-b44c08125a20 | Context api_versions@openstack setup() finished in 0.41 sec
2019-07-18 08:03:19.217 1842 INFO rally.task.context [-] Task e219fd00-8397-4f3d-981a-b44c08125a20 | Context admin_cleanup@openstack setup() finished in 0.01 msec
2019-07-18 08:03:19.224 1842 RALLYDEBUG rally.task.runner [-] Starting the constant runner (task UUID: e219fd00-8397-4f3d-981a-b44c08125a20). timeout: 0 concurrency: 4 concurrency_per_worker: 1 times: 10 concurrency_overhead: 0 processes_to_start: 4 max_cpu_used: 16
2019-07-18 08:03:19.237 5478 RALLYDEBUG rally.task.runner [-] Starting a worker. concurrency: 1 args: {"consumer": "back-end", "write_iops_sec": "10", "read_iops_sec": "1000", "set_consumer": "both", "set_write_iops_sec": "11", "set_read_iops_sec": "1001"} times: 10 method_name: run timeout: 0 duration: None cls:
2019-07-18 08:03:19.240 5479 RALLYDEBUG rally.task.runner [-] Starting a worker. concurrency: 1 args: {"consumer": "back-end", "write_iops_sec": "10", "read_iops_sec": "1000", "set_consumer": "both", "set_write_iops_sec": "11", "set_read_iops_sec": "1001"} times: 10 method_name: run timeout: 0 duration: None cls:
