2019-07-16 23:22:11.581 26988 INFO rally.task.runner [-] Task 5b27ff8f-f272-4f87-bfcc-678d4db7d356 | ITER: 40 START
2019-07-16 23:22:11.582 26988 WARNING rally_openstack.scenarios.neutron.utils [-] Running this scenario without either the 'network' or 'existing_network' context is deprecated
2019-07-16 23:22:19.564 26960 INFO rally.task.runner [-] Task 5b27ff8f-f272-4f87-bfcc-678d4db7d356 | ITER: 21 END: OK
2019-07-16 23:22:21.624 26985 INFO rally.task.runner [-] Task 5b27ff8f-f272-4f87-bfcc-678d4db7d356 | ITER: 25 END: OK
2019-07-16 23:22:22.583 26949 INFO rally.task.runner [-] Task 5b27ff8f-f272-4f87-bfcc-678d4db7d356 | ITER: 23 END: OK
2019-07-16 23:22:23.108 26947 INFO rally.task.runner [-] Task 5b27ff8f-f272-4f87-bfcc-678d4db7d356 | ITER: 26 END: OK
2019-07-16 23:22:23.837 26965 INFO rally.task.runner [-] Task 5b27ff8f-f272-4f87-bfcc-678d4db7d356 | ITER: 29 END: OK
2019-07-16 23:22:24.500 26992 INFO rally.task.runner [-] Task 5b27ff8f-f272-4f87-bfcc-678d4db7d356 | ITER: 35 END: OK
2019-07-16 23:22:24.640 26948 INFO rally.task.runner [-] Task 5b27ff8f-f272-4f87-bfcc-678d4db7d356 | ITER: 32 END: OK
2019-07-16 23:22:24.756 26991 INFO rally.task.runner [-] Task 5b27ff8f-f272-4f87-bfcc-678d4db7d356 | ITER: 22 END: OK
2019-07-16 23:22:24.963 26956 INFO rally.task.runner [-] Task 5b27ff8f-f272-4f87-bfcc-678d4db7d356 | ITER: 33 END: OK
2019-07-16 23:22:25.402 26949 INFO rally.task.runner [-] Task 5b27ff8f-f272-4f87-bfcc-678d4db7d356 | ITER: 34 END: OK
2019-07-16 23:22:25.475 26973 INFO rally.task.runner [-] Task 5b27ff8f-f272-4f87-bfcc-678d4db7d356 | ITER: 27 END: OK
2019-07-16 23:22:25.491 26950 INFO rally.task.runner [-] Task 5b27ff8f-f272-4f87-bfcc-678d4db7d356 | ITER: 31 END: OK
2019-07-16 23:22:25.990 26947 INFO rally.task.runner [-] Task 5b27ff8f-f272-4f87-bfcc-678d4db7d356 | ITER: 30 END: OK
2019-07-16 23:22:26.287 26969 INFO rally.task.runner [-] Task 5b27ff8f-f272-4f87-bfcc-678d4db7d356 | ITER: 37 END: OK
2019-07-16 23:22:26.954 26948 INFO rally.task.runner [-] Task 5b27ff8f-f272-4f87-bfcc-678d4db7d356 | ITER: 39 END: OK
2019-07-16 23:22:27.008 26978 INFO rally.task.runner [-] Task 5b27ff8f-f272-4f87-bfcc-678d4db7d356 | ITER: 24 END: OK
2019-07-16 23:22:27.032 26951 INFO rally.task.runner [-] Task 5b27ff8f-f272-4f87-bfcc-678d4db7d356 | ITER: 28 END: OK
2019-07-16 23:22:27.053 26976 INFO rally.task.runner [-] Task 5b27ff8f-f272-4f87-bfcc-678d4db7d356 | ITER: 38 END: OK
2019-07-16 23:22:27.981 26950 INFO rally.task.runner [-] Task 5b27ff8f-f272-4f87-bfcc-678d4db7d356 | ITER: 36 END: OK
2019-07-16 23:22:28.600 26988 INFO rally.task.runner [-] Task 5b27ff8f-f272-4f87-bfcc-678d4db7d356 | ITER: 40 END: OK
2019-07-16 23:22:28.626 22706 INFO rally.task.context [-] Task 5b27ff8f-f272-4f87-bfcc-678d4db7d356 | Context cleanup@openstack cleanup() started
2019-07-16 23:22:28.627 22706 RALLYDEBUG rally_openstack.cleanup.manager [-] Cleaning up neutron vip objects
2019-07-16 23:22:29.369 22706 RALLYDEBUG rally_openstack.cleanup.manager [-] Cleaning up neutron health_monitor objects
2019-07-16 23:22:30.014 22706 RALLYDEBUG rally_openstack.cleanup.manager [-] Cleaning up neutron pool objects
2019-07-16 23:22:30.745 22706 RALLYDEBUG rally_openstack.cleanup.manager [-] Cleaning up neutron loadbalancer objects
2019-07-16 23:22:31.477 22706 RALLYDEBUG rally_openstack.cleanup.manager [-] Cleaning up neutron floatingip objects
2019-07-16 23:22:32.252 22706 RALLYDEBUG rally_openstack.cleanup.manager [-] Cleaning up neutron port objects
2019-07-16 23:22:33.306 22706 RALLYDEBUG rally_openstack.cleanup.manager [-] Cleaning up neutron subnet objects
2019-07-16 23:22:33.997 22706 RALLYDEBUG rally_openstack.cleanup.manager [-] Cleaning up neutron network objects
2019-07-16 23:22:34.833 22706 RALLYDEBUG rally_openstack.cleanup.manager [-] Deleting neutron.network object s_rally_b85491c3_O4ukp24U (01191d83-5813-492a-97d5-57ba5cf105f1)
2019-07-16 23:22:34.840 22706 RALLYDEBUG rally_openstack.cleanup.manager [-] Deleting neutron.network object s_rally_b85491c3_IGw0ICEb (0622b055-4e32-4c80-8d56-5af7e8d395be)
2019-07-16 23:22:34.848 22706 RALLYDEBUG rally_openstack.cleanup.manager [-] Deleting neutron.network object s_rally_b85491c3_OrlUx1Md (0aaa07c6-9e8d-4ce3-a0e0-468817fcbbdd)
2019-07-16 23:22:34.859 22706 RALLYDEBUG rally_openstack.cleanup.manager [-] Deleting neutron.network object s_rally_b85491c3_PhmBhQKd (0f1d7093-a498-4463-9300-a70d0dd289b0)
2019-07-16 23:22:34.864 22706 RALLYDEBUG rally_openstack.cleanup.manager [-] Deleting neutron.network object s_rally_b85491c3_v9QMfkKl (2f22ede8-8475-4425-9e0c-c233a51ae2c5)
2019-07-16 23:22:34.872 22706 RALLYDEBUG rally_openstack.cleanup.manager [-] Deleting neutron.network object s_rally_b85491c3_zCHcMiyc (355c1ca0-ce81-46f2-822f-6f6d2e4a0757)
2019-07-16 23:22:34.898 22706 RALLYDEBUG rally_openstack.cleanup.manager [-] Deleting neutron.network object s_rally_b85491c3_d7w9BmIb (3c880947-ffe3-4250-897c-7dab43f2331f)
2019-07-16 23:22:34.912 22706 RALLYDEBUG rally_openstack.cleanup.manager [-] Deleting neutron.network object s_rally_b85491c3_cTuV77pZ (44c23da0-ddee-4885-b1be-89568c93f55d)
2019-07-16 23:22:34.928 22706 RALLYDEBUG rally_openstack.cleanup.manager [-] Deleting neutron.network object s_rally_b85491c3_hCwigPsV (5a6b2f7b-f7bf-463d-9f15-888db77c7c7e)
2019-07-16 23:22:34.930 22706 RALLYDEBUG rally_openstack.cleanup.manager [-] Deleting neutron.network object s_rally_b85491c3_pwuVH5JC (4b602432-ce83-43d2-9cd3-e76923225d4e)
2019-07-16 23:22:34.943 22706 RALLYDEBUG rally_openstack.cleanup.manager [-] Deleting neutron.network object s_rally_b85491c3_yCvWyugw (5ba15725-9dfe-4da4-8699-de4292641892)
2019-07-16 23:22:34.957 22706 RALLYDEBUG rally_openstack.cleanup.manager [-] Deleting neutron.network object s_rally_b85491c3_TOHS4b4l (76252989-e3fb-4855-80d1-8c4afb9e3dec)
2019-07-16 23:22:34.973 22706 RALLYDEBUG rally_openstack.cleanup.manager [-] Deleting neutron.network object s_rally_b85491c3_fzRmQvtI (7e104add-8d2f-4019-812b-39cf7b457a93)
2019-07-16 23:22:34.978 22706 RALLYDEBUG rally_openstack.cleanup.manager [-] Deleting neutron.network object s_rally_b85491c3_RHl9TVyR (7ed19fa6-8325-41e7-bc2b-2c1c86f37c3b)
2019-07-16 23:22:34.985 22706 RALLYDEBUG rally_openstack.cleanup.manager [-] Deleting neutron.network object s_rally_b85491c3_OidQjpBt (7f9fe4b3-dfd7-4ce5-813d-022dbbb7c1f2)
2019-07-16 23:22:35.001 22706 RALLYDEBUG rally_openstack.cleanup.manager [-] Deleting neutron.network object s_rally_b85491c3_u7RhXfyf (817eee55-a405-4e29-b8e2-7d575f95c302)
2019-07-16 23:22:35.146 22706 RALLYDEBUG rally_openstack.cleanup.manager [-] Deleting neutron.network object s_rally_b85491c3_0rfECcAu (94088c9b-a81e-49e6-a144-8ad4955e1330)
2019-07-16 23:22:35.148 22706 RALLYDEBUG rally_openstack.cleanup.manager [-] Deleting neutron.network object s_rally_b85491c3_qAYYvXdy (87207ed7-2245-41ff-9881-c3e92b927697)
2019-07-16 23:22:35.153 22706 RALLYDEBUG rally_openstack.cleanup.manager [-] Deleting neutron.network object s_rally_b85491c3_ekKUWIuk (97698917-651c-4e6a-8bb6-f7ad348fc797)
2019-07-16 23:22:35.163 22706 RALLYDEBUG rally_openstack.cleanup.manager [-] Deleting neutron.network object s_rally_b85491c3_ZbGDJMVR (a64d382f-69b2-44da-a78d-2ec527f026a3)
2019-07-16 23:22:38.261 22706 RALLYDEBUG rally_openstack.cleanup.manager [-] Deleting neutron.network object s_rally_b85491c3_c7tZ2rDZ (a7122657-f4c0-46b8-af22-798ee6226696)
2019-07-16 23:22:38.515 22706 RALLYDEBUG rally_openstack.cleanup.manager [-] Deleting neutron.network object s_rally_b85491c3_GJaEbGWy (aa55ec08-08be-4990-8be4-b50ff1d9b7f7)
2019-07-16 23:22:38.533 22706 RALLYDEBUG rally_openstack.cleanup.manager [-] Deleting neutron.network object s_rally_b85491c3_5IaO44be (add48d80-225f-43a0-adf3-cd14614c023a)
2019-07-16 23:22:38.559 22706 RALLYDEBUG rally_openstack.cleanup.manager [-] Deleting neutron.network object s_rally_b85491c3_Xoqa2zge (b105e6e1-e64f-4cc7-9cf2-3067b9f8f3c1)
2019-07-16 23:22:38.668 22706 RALLYDEBUG rally_openstack.cleanup.manager [-] Deleting neutron.network object s_rally_b85491c3_1doWiAxR (b2f122df-742b-460d-828f-d12f9b7dafa5)
2019-07-16 23:22:38.697 22706 RALLYDEBUG rally_openstack.cleanup.manager [-] Deleting neutron.network object s_rally_b85491c3_g3s2aJap (b509080f-a597-472b-ad21-11e4bdf874b5)
2019-07-16 23:22:38.709 22706 RALLYDEBUG rally_openstack.cleanup.manager [-] Deleting neutron.network object s_rally_b85491c3_pnBq5KGM (b7a81dea-9849-4ce4-bbdf-05f7ecf4581c)
2019-07-16 23:22:38.844 22706 RALLYDEBUG rally_openstack.cleanup.manager [-] Deleting neutron.network object s_rally_b85491c3_swVYhfNg (bcce6a68-b28e-4331-8ddc-22fb129c78b9)
2019-07-16 23:22:38.965 22706 RALLYDEBUG rally_openstack.cleanup.manager [-] Deleting neutron.network object s_rally_b85491c3_z1XLu37T (bfb4dd43-eea2-4993-9634-741862072dfa)
2019-07-16 23:22:39.658 22706 RALLYDEBUG rally_openstack.cleanup.manager [-] Deleting neutron.network object s_rally_b85491c3_F00goyqt (c11894db-2712-4ba8-806b-bb9718d735cd)
2019-07-16 23:22:39.664 22706 RALLYDEBUG rally_openstack.cleanup.manager [-] Deleting neutron.network object s_rally_b85491c3_2b5Wxx1E (c26b3991-300b-47c9-b855-c6c185af87ca)
2019-07-16 23:22:39.669 22706 RALLYDEBUG rally_openstack.cleanup.manager [-] Deleting neutron.network object s_rally_b85491c3_yQHyh0nT (ca6e0224-0eda-44e0-a211-dfca68520a5a)
2019-07-16 23:22:39.691 22706 RALLYDEBUG rally_openstack.cleanup.manager [-] Deleting neutron.network object s_rally_b85491c3_lF6QuVtC (d01e4065-cb4c-4df1-94dd-b99d9755401f)
2019-07-16 23:22:40.836 22706 RALLYDEBUG rally_openstack.cleanup.manager [-] Deleting neutron.network object s_rally_b85491c3_ooIj30WX (dfc109f0-91da-4a71-8d2d-20e0666419e6)
2019-07-16 23:22:40.837 22706 RALLYDEBUG rally_openstack.cleanup.manager [-] Deleting neutron.network object s_rally_b85491c3_x8hIlfCT (e131374d-bb7c-42d7-9f84-6058bab91c9d)
2019-07-16 23:22:40.973 22706 RALLYDEBUG rally_openstack.cleanup.manager [-] Deleting neutron.network object s_rally_b85491c3_ET2xEhL1 (e60d8bc9-76a2-473b-b414-fda825245e83)
2019-07-16 23:22:41.703 22706 RALLYDEBUG rally_openstack.cleanup.manager [-] Deleting neutron.network object s_rally_b85491c3_Jp3N4YUn (e7753a8c-15e9-4947-a7e6-34decd59ea10)
2019-07-16 23:22:41.808 22706 RALLYDEBUG rally_openstack.cleanup.manager [-] Deleting neutron.network object s_rally_b85491c3_BTvautCY (ef248440-621b-4f5e-8658-0b932b5b5221)
2019-07-16 23:22:41.891 22706 RALLYDEBUG rally_openstack.cleanup.manager [-] Deleting neutron.network object s_rally_b85491c3_RI098P2v (f0498b43-0045-4a95-8a5f-ed0999edae4e)
2019-07-16 23:22:41.908 22706 RALLYDEBUG rally_openstack.cleanup.manager [-] Deleting neutron.network object s_rally_b85491c3_V7Dz7hXW (f0f372b8-70e5-4644-8e1f-44550168ff89)
2019-07-16 23:22:45.090 22706 RALLYDEBUG rally_openstack.cleanup.manager [-] Cleaning up neutron router objects
2019-07-16 23:22:45.851 22706 RALLYDEBUG rally_openstack.cleanup.manager [-] Cleaning up neutron security_group objects
2019-07-16 23:22:46.862 22706 INFO rally.task.context [-] Task 5b27ff8f-f272-4f87-bfcc-678d4db7d356 | Context cleanup@openstack cleanup() finished in 18.24 sec
2019-07-16 23:22:46.863 22706 INFO rally.task.context [-] Task 5b27ff8f-f272-4f87-bfcc-678d4db7d356 | Context quotas@openstack cleanup() started
2019-07-16 23:22:47.202 22706 INFO rally.task.context [-] Task 5b27ff8f-f272-4f87-bfcc-678d4db7d356 | Context quotas@openstack cleanup() finished in 0.34 sec
2019-07-16 23:22:47.203 22706 INFO rally.task.context [-] Task 5b27ff8f-f272-4f87-bfcc-678d4db7d356 | Context users@openstack cleanup() started
2019-07-16 23:22:52.474 22706 INFO rally.task.context [-] Task 5b27ff8f-f272-4f87-bfcc-678d4db7d356 | Context users@openstack cleanup() finished in 5.27 sec
2019-07-16 23:22:53.874 22706 INFO rally.task.engine [-] Load duration is: 39.391084
2019-07-16 23:22:53.874 22706 INFO rally.task.engine [-] Full runner duration is: 39.441492
2019-07-16 23:22:53.874 22706 INFO rally.task.engine [-] Full duration is: 68.87561
2019-07-16 23:22:54.129 22706 INFO rally.task.engine [-] Running workload: position = 0 config = { "version": 2, "title": "A cropped version of a bigger task.", "description": "Auto-generated task from a single workload (uuid=f88d7eff-fdc6-480f-ad09-2380fa38c9bc)", "subtasks": [ { "title": "Quotas.neutron_update", "description": "Update quotas for neutron.", "scenario": { "Quotas.neutron_update": { "max_quota": 1024 } }, "contexts": { "users": { "tenants": 20, "users_per_tenant": 1 } }, "runner": { "constant": { "times": 40, "concurrency": 20 } }, "hooks": [], "sla": { "failure_rate": { "max": 0 } } } ] }
2019-07-16 23:22:54.152 22706 RALLYDEBUG rally_openstack.contexts.keystone.users [-] Creating 20 tenants using 20 threads
2019-07-16 23:22:56.965 22706 RALLYDEBUG rally_openstack.contexts.keystone.users [-] Creating 20 users using 20 threads
2019-07-16 23:23:00.489 22706 INFO rally.task.context [-] Task 5b27ff8f-f272-4f87-bfcc-678d4db7d356 | Context users@openstack setup() finished in 6.34 sec
2019-07-16 23:23:00.490 22706 INFO rally.task.context [-] Task 5b27ff8f-f272-4f87-bfcc-678d4db7d356 | Context admin_cleanup@openstack setup() finished in 0.00 msec
2019-07-16 23:23:00.497 22706 RALLYDEBUG rally.task.runner [-] Starting the constant runner (task UUID: 5b27ff8f-f272-4f87-bfcc-678d4db7d356). timeout: 0 concurrency: 20 concurrency_per_worker: 1 times: 40 concurrency_overhead: 4 processes_to_start: 16 max_cpu_used: 16
2019-07-16 23:23:00.510 27317 RALLYDEBUG rally.task.runner [-] Starting a worker. concurrency: 2 args: {"max_quota": 1024} times: 40 method_name: run timeout: 0 duration: None cls:
2019-07-16 23:23:00.514 27318 RALLYDEBUG rally.task.runner [-] Starting a worker. concurrency: 2 args: {"max_quota": 1024} times: 40 method_name: run timeout: 0 duration: None cls:
2019-07-16 23:23:00.516 27319 RALLYDEBUG rally.task.runner [-] Starting a worker. concurrency: 2 args: {"max_quota": 1024} times: 40 method_name: run timeout: 0 duration: None cls:
2019-07-16 23:23:00.519 27317 INFO rally.task.runner [-] Task 5b27ff8f-f272-4f87-bfcc-678d4db7d356 | ITER: 1 START
2019-07-16 23:23:00.520 27320 RALLYDEBUG rally.task.runner [-] Starting a worker. concurrency: 2 args: {"max_quota": 1024} times: 40 method_name: run timeout: 0 duration: None cls:
2019-07-16 23:23:00.525 27319 INFO rally.task.runner [-] Task 5b27ff8f-f272-4f87-bfcc-678d4db7d356 | ITER: 3 START
2019-07-16 23:23:00.524 27321 RALLYDEBUG rally.task.runner [-] Starting a worker. concurrency: 1 args: {"max_quota": 1024} times: 40 method_name: run timeout: 0 duration: None cls:
2019-07-16 23:23:00.530 27318 INFO rally.task.runner [-] Task 5b27ff8f-f272-4f87-bfcc-678d4db7d356 | ITER: 2 START
2019-07-16 23:23:00.532 27321 INFO rally.task.runner [-] Task 5b27ff8f-f272-4f87-bfcc-678d4db7d356 | ITER: 8 START
2019-07-16 23:23:00.535 27327 RALLYDEBUG rally.task.runner [-] Starting a worker. concurrency: 1 args: {"max_quota": 1024} times: 40 method_name: run timeout: 0 duration: None cls:
2019-07-16 23:23:00.537 27320 INFO rally.task.runner [-] Task 5b27ff8f-f272-4f87-bfcc-678d4db7d356 | ITER: 5 START
2019-07-16 23:23:00.539 27317 INFO rally.task.runner [-] Task 5b27ff8f-f272-4f87-bfcc-678d4db7d356 | ITER: 4 START
2019-07-16 23:23:00.539 27333 RALLYDEBUG rally.task.runner [-] Starting a worker. concurrency: 1 args: {"max_quota": 1024} times: 40 method_name: run timeout: 0 duration: None cls:
2019-07-16 23:23:00.543 27318 INFO rally.task.runner [-] Task 5b27ff8f-f272-4f87-bfcc-678d4db7d356 | ITER: 6 START
2019-07-16 23:23:00.543 27320 INFO rally.task.runner [-] Task 5b27ff8f-f272-4f87-bfcc-678d4db7d356 | ITER: 9 START
2019-07-16 23:23:00.542 27319 INFO rally.task.runner [-] Task 5b27ff8f-f272-4f87-bfcc-678d4db7d356 | ITER: 7 START
2019-07-16 23:23:00.546 27327 INFO rally.task.runner [-] Task 5b27ff8f-f272-4f87-bfcc-678d4db7d356 | ITER: 10 START
2019-07-16 23:23:00.548 27333 INFO rally.task.runner [-] Task 5b27ff8f-f272-4f87-bfcc-678d4db7d356 | ITER: 11 START
2019-07-16 23:23:00.549 27337 RALLYDEBUG rally.task.runner [-] Starting a worker. concurrency: 1 args: {"max_quota": 1024} times: 40 method_name: run timeout: 0 duration: None cls:
2019-07-16 23:23:00.551 27336 RALLYDEBUG rally.task.runner [-] Starting a worker. concurrency: 1 args: {"max_quota": 1024} times: 40 method_name: run timeout: 0 duration: None cls:
2019-07-16 23:23:00.555 27340 RALLYDEBUG rally.task.runner [-] Starting a worker. concurrency: 1 args: {"max_quota": 1024} times: 40 method_name: run timeout: 0 duration: None cls:
2019-07-16 23:23:00.556 27344 RALLYDEBUG rally.task.runner [-] Starting a worker. concurrency: 1 args: {"max_quota": 1024} times: 40 method_name: run timeout: 0 duration: None cls:
2019-07-16 23:23:00.560 27336 INFO rally.task.runner [-] Task 5b27ff8f-f272-4f87-bfcc-678d4db7d356 | ITER: 13 START
2019-07-16 23:23:00.560 27337 INFO rally.task.runner [-] Task 5b27ff8f-f272-4f87-bfcc-678d4db7d356 | ITER: 12 START
2019-07-16 23:23:00.561 27346 RALLYDEBUG rally.task.runner [-] Starting a worker. concurrency: 1 args: {"max_quota": 1024} times: 40 method_name: run timeout: 0 duration: None cls:
2019-07-16 23:23:00.566 27344 INFO rally.task.runner [-] Task 5b27ff8f-f272-4f87-bfcc-678d4db7d356 | ITER: 15 START
2019-07-16 23:23:00.570 27340 INFO rally.task.runner [-] Task 5b27ff8f-f272-4f87-bfcc-678d4db7d356 | ITER: 14 START
2019-07-16 23:23:00.571 27346 INFO rally.task.runner [-] Task 5b27ff8f-f272-4f87-bfcc-678d4db7d356 | ITER: 16 START
2019-07-16 23:23:00.574 27350 RALLYDEBUG rally.task.runner [-] Starting a worker. concurrency: 1 args: {"max_quota": 1024} times: 40 method_name: run timeout: 0 duration: None cls:
2019-07-16 23:23:00.576 27355 RALLYDEBUG rally.task.runner [-] Starting a worker. concurrency: 1 args: {"max_quota": 1024} times: 40 method_name: run timeout: 0 duration: None cls:
2019-07-16 23:23:00.583 27350 INFO rally.task.runner [-] Task 5b27ff8f-f272-4f87-bfcc-678d4db7d356 | ITER: 17 START
2019-07-16 23:23:00.586 27355 INFO rally.task.runner [-] Task 5b27ff8f-f272-4f87-bfcc-678d4db7d356 | ITER: 18 START
2019-07-16 23:23:00.586 27359 RALLYDEBUG rally.task.runner [-] Starting a worker. concurrency: 1 args: {"max_quota": 1024} times: 40 method_name: run timeout: 0 duration: None cls:
2019-07-16 23:23:00.592 27362 RALLYDEBUG rally.task.runner [-] Starting a worker. concurrency: 1 args: {"max_quota": 1024} times: 40 method_name: run timeout: 0 duration: None cls:
2019-07-16 23:23:00.593 27359 INFO rally.task.runner [-] Task 5b27ff8f-f272-4f87-bfcc-678d4db7d356 | ITER: 19 START
2019-07-16 23:23:00.600 27362 INFO rally.task.runner [-] Task 5b27ff8f-f272-4f87-bfcc-678d4db7d356 | ITER: 20 START
2019-07-16 23:23:02.742 27317 INFO rally.task.runner [-] Task 5b27ff8f-f272-4f87-bfcc-678d4db7d356 | ITER: 1 END: OK
2019-07-16 23:23:02.749 27317 INFO rally.task.runner [-] Task 5b27ff8f-f272-4f87-bfcc-678d4db7d356 | ITER: 21 START
2019-07-16 23:23:02.790 27350 INFO rally.task.runner [-] Task 5b27ff8f-f272-4f87-bfcc-678d4db7d356 | ITER: 17 END: OK
2019-07-16 23:23:02.796 27350 INFO rally.task.runner [-] Task 5b27ff8f-f272-4f87-bfcc-678d4db7d356 | ITER: 22 START
2019-07-16 23:23:02.850 27318 INFO rally.task.runner [-] Task 5b27ff8f-f272-4f87-bfcc-678d4db7d356 | ITER: 6 END: OK
2019-07-16 23:23:02.854 27318 INFO rally.task.runner [-] Task 5b27ff8f-f272-4f87-bfcc-678d4db7d356 | ITER: 23 START
2019-07-16 23:23:02.943 27327 INFO rally.task.runner [-] Task 5b27ff8f-f272-4f87-bfcc-678d4db7d356 | ITER: 10 END: OK
2019-07-16 23:23:02.949 27327 INFO rally.task.runner [-] Task 5b27ff8f-f272-4f87-bfcc-678d4db7d356 | ITER: 24 START
2019-07-16 23:23:02.977 27319 INFO rally.task.runner [-] Task 5b27ff8f-f272-4f87-bfcc-678d4db7d356 | ITER: 3 END: OK
2019-07-16 23:23:02.983 27319 INFO rally.task.runner [-] Task 5b27ff8f-f272-4f87-bfcc-678d4db7d356 | ITER: 25 START
2019-07-16 23:23:03.015 27337 INFO rally.task.runner [-] Task 5b27ff8f-f272-4f87-bfcc-678d4db7d356 | ITER: 12 END: OK
2019-07-16 23:23:03.020 27337 INFO rally.task.runner [-] Task 5b27ff8f-f272-4f87-bfcc-678d4db7d356 | ITER: 26 START
2019-07-16 23:23:03.042 27346 INFO rally.task.runner [-] Task 5b27ff8f-f272-4f87-bfcc-678d4db7d356 | ITER: 16 END: OK
2019-07-16 23:23:03.049 27346 INFO rally.task.runner [-] Task 5b27ff8f-f272-4f87-bfcc-678d4db7d356 | ITER: 27 START
2019-07-16 23:23:03.053 27321 INFO rally.task.runner [-] Task 5b27ff8f-f272-4f87-bfcc-678d4db7d356 | ITER: 8 END: OK
2019-07-16 23:23:03.059 27321 INFO rally.task.runner [-] Task 5b27ff8f-f272-4f87-bfcc-678d4db7d356 | ITER: 28 START
2019-07-16 23:23:03.059 27317 INFO rally.task.runner [-] Task 5b27ff8f-f272-4f87-bfcc-678d4db7d356 | ITER: 4 END: OK
2019-07-16 23:23:03.065 27317 INFO rally.task.runner [-] Task 5b27ff8f-f272-4f87-bfcc-678d4db7d356 | ITER: 29 START
2019-07-16 23:23:03.075 27344 INFO rally.task.runner [-] Task 5b27ff8f-f272-4f87-bfcc-678d4db7d356 | ITER: 15 END: OK
2019-07-16 23:23:03.081 27344 INFO rally.task.runner [-] Task 5b27ff8f-f272-4f87-bfcc-678d4db7d356 | ITER: 30 START
2019-07-16 23:23:03.086 27340 INFO rally.task.runner [-] Task 5b27ff8f-f272-4f87-bfcc-678d4db7d356 | ITER: 14 END: OK
2019-07-16 23:23:03.091 27340 INFO rally.task.runner [-] Task 5b27ff8f-f272-4f87-bfcc-678d4db7d356 | ITER: 31 START
2019-07-16 23:23:03.125 27355 INFO rally.task.runner [-] Task 5b27ff8f-f272-4f87-bfcc-678d4db7d356 | ITER: 18 END: OK
2019-07-16 23:23:03.131 27355 INFO rally.task.runner [-] Task 5b27ff8f-f272-4f87-bfcc-678d4db7d356 | ITER: 32 START
2019-07-16 23:23:03.144 27333 INFO rally.task.runner [-] Task 5b27ff8f-f272-4f87-bfcc-678d4db7d356 | ITER: 11 END: OK
2019-07-16 23:23:03.147 27319 INFO rally.task.runner [-] Task 5b27ff8f-f272-4f87-bfcc-678d4db7d356 | ITER: 7 END: OK
2019-07-16 23:23:03.151 27333 INFO rally.task.runner [-] Task 5b27ff8f-f272-4f87-bfcc-678d4db7d356 | ITER: 33 START
2019-07-16 23:23:03.153 27319 INFO rally.task.runner [-] Task 5b27ff8f-f272-4f87-bfcc-678d4db7d356 | ITER: 34 START
2019-07-16 23:23:03.179 27359 INFO rally.task.runner [-] Task 5b27ff8f-f272-4f87-bfcc-678d4db7d356 | ITER: 19 END: OK
2019-07-16 23:23:03.185 27359 INFO rally.task.runner [-] Task 5b27ff8f-f272-4f87-bfcc-678d4db7d356 | ITER: 35 START
2019-07-16 23:23:03.188 27320 INFO rally.task.runner [-] Task 5b27ff8f-f272-4f87-bfcc-678d4db7d356 | ITER: 9 END: OK
2019-07-16 23:23:03.194 27320 INFO rally.task.runner [-] Task 5b27ff8f-f272-4f87-bfcc-678d4db7d356 | ITER: 36 START
2019-07-16 23:23:03.198 27362 INFO rally.task.runner [-] Task 5b27ff8f-f272-4f87-bfcc-678d4db7d356 | ITER: 20 END: OK
2019-07-16 23:23:03.203 27362 INFO rally.task.runner [-] Task 5b27ff8f-f272-4f87-bfcc-678d4db7d356 | ITER: 37 START
2019-07-16 23:23:03.205 27320 INFO rally.task.runner [-] Task 5b27ff8f-f272-4f87-bfcc-678d4db7d356 | ITER: 5 END: OK
2019-07-16 23:23:03.213 27320 INFO rally.task.runner [-] Task 5b27ff8f-f272-4f87-bfcc-678d4db7d356 | ITER: 38 START
2019-07-16 23:23:03.220 27318 INFO rally.task.runner [-] Task 5b27ff8f-f272-4f87-bfcc-678d4db7d356 | ITER: 2 END: OK
2019-07-16 23:23:03.225 27318 INFO rally.task.runner [-] Task 5b27ff8f-f272-4f87-bfcc-678d4db7d356 | ITER: 39 START
2019-07-16 23:23:03.243 27336 INFO rally.task.runner [-] Task 5b27ff8f-f272-4f87-bfcc-678d4db7d356 | ITER: 13 END: OK
2019-07-16 23:23:03.247 27336 INFO rally.task.runner [-] Task 5b27ff8f-f272-4f87-bfcc-678d4db7d356 | ITER: 40 START
2019-07-16 23:23:04.131 27350 INFO rally.task.runner [-] Task 5b27ff8f-f272-4f87-bfcc-678d4db7d356 | ITER: 22 END: OK
2019-07-16 23:23:04.197 27318 INFO rally.task.runner [-] Task 5b27ff8f-f272-4f87-bfcc-678d4db7d356 | ITER: 23 END: OK
2019-07-16 23:23:04.313 27317 INFO rally.task.runner [-] Task 5b27ff8f-f272-4f87-bfcc-678d4db7d356 | ITER: 21 END: OK
2019-07-16 23:23:04.384 27327 INFO rally.task.runner [-] Task 5b27ff8f-f272-4f87-bfcc-678d4db7d356 | ITER: 24 END: OK
2019-07-16 23:23:04.946 27319 INFO rally.task.runner [-] Task 5b27ff8f-f272-4f87-bfcc-678d4db7d356 | ITER: 25 END: OK
2019-07-16 23:23:04.957 27337 INFO rally.task.runner [-] Task 5b27ff8f-f272-4f87-bfcc-678d4db7d356 | ITER: 26 END: OK
2019-07-16 23:23:04.976 27317 INFO rally.task.runner [-] Task 5b27ff8f-f272-4f87-bfcc-678d4db7d356 | ITER: 29 END: OK
2019-07-16 23:23:05.088 27346 INFO rally.task.runner [-] Task 5b27ff8f-f272-4f87-bfcc-678d4db7d356 | ITER: 27 END: OK
2019-07-16 23:23:05.137 27344 INFO rally.task.runner [-] Task 5b27ff8f-f272-4f87-bfcc-678d4db7d356 | ITER: 30 END: OK
2019-07-16 23:23:05.245 27340 INFO rally.task.runner [-] Task 5b27ff8f-f272-4f87-bfcc-678d4db7d356 | ITER: 31 END: OK
2019-07-16 23:23:05.269 27333 INFO rally.task.runner [-] Task 5b27ff8f-f272-4f87-bfcc-678d4db7d356 | ITER: 33 END: OK
2019-07-16 23:23:05.323 27321 INFO rally.task.runner [-] Task 5b27ff8f-f272-4f87-bfcc-678d4db7d356 | ITER: 28 END: OK
2019-07-16 23:23:05.339 27319 INFO rally.task.runner [-] Task 5b27ff8f-f272-4f87-bfcc-678d4db7d356 | ITER: 34 END: OK
2019-07-16 23:23:05.353 27359 INFO rally.task.runner [-] Task 5b27ff8f-f272-4f87-bfcc-678d4db7d356 | ITER: 35 END: OK
2019-07-16 23:23:05.409 27362 INFO rally.task.runner [-] Task 5b27ff8f-f272-4f87-bfcc-678d4db7d356 | ITER: 37 END: OK
2019-07-16 23:23:05.412 27336 INFO rally.task.runner [-] Task 5b27ff8f-f272-4f87-bfcc-678d4db7d356 | ITER: 40 END: OK
2019-07-16 23:23:05.418 27318 INFO rally.task.runner [-] Task 5b27ff8f-f272-4f87-bfcc-678d4db7d356 | ITER: 39 END: OK
2019-07-16 23:23:05.425 27320 INFO rally.task.runner [-] Task 5b27ff8f-f272-4f87-bfcc-678d4db7d356 | ITER: 36 END: OK
2019-07-16 23:23:05.477 27355 INFO rally.task.runner [-] Task 5b27ff8f-f272-4f87-bfcc-678d4db7d356 | ITER: 32 END: OK
2019-07-16 23:23:05.484 27320 INFO rally.task.runner [-] Task 5b27ff8f-f272-4f87-bfcc-678d4db7d356 | ITER: 38 END: OK
2019-07-16 23:23:05.513 22706 INFO rally.task.context [-] Task 5b27ff8f-f272-4f87-bfcc-678d4db7d356 | Context admin_cleanup@openstack cleanup() started
2019-07-16 23:23:05.516 22706 RALLYDEBUG rally_openstack.cleanup.manager [-] Cleaning up neutron quota objects
2019-07-16 23:23:10.037 22706 INFO rally.task.context [-] Task 5b27ff8f-f272-4f87-bfcc-678d4db7d356 | Context admin_cleanup@openstack cleanup() finished in 4.52 sec
2019-07-16 23:23:10.037 22706 INFO rally.task.context [-] Task 5b27ff8f-f272-4f87-bfcc-678d4db7d356 | Context users@openstack cleanup() started
2019-07-16 23:23:41.528 22706 INFO rally.task.context [-] Task 5b27ff8f-f272-4f87-bfcc-678d4db7d356 | Context users@openstack cleanup() finished in 31.49 sec
2019-07-16 23:23:42.457 22706 INFO rally.task.engine [-] Load duration is: 4.963101
2019-07-16 23:23:42.457 22706 INFO rally.task.engine [-] Full runner duration is: 5.016642
2019-07-16 23:23:42.458 22706 INFO rally.task.engine [-] Full duration is: 47.378947
2019-07-16 23:23:42.698 22706 INFO rally.task.engine [-] Running workload: position = 0 config = { "version": 2, "title": "A cropped version of a bigger task.", "description": "Auto-generated task from a single workload (uuid=15a941dc-4300-4f5f-966f-c38126ae496e)", "subtasks": [ { "title": "NeutronTrunks.create_and_list_trunk_subports", "description": "", "scenario": { "NeutronTrunks.create_and_list_trunk_subports": { "subport_count": 125 } }, "contexts": { "users": { "tenants": 1, "users_per_tenant": 1 }, "quotas": { "neutron": { "network": -1, "port": 1000 } } }, "runner": { "constant": { "times": 4, "concurrency": 4 } }, "hooks": [], "sla": { "failure_rate": { "max": 0 } } } ] }
2019-07-16 23:23:42.722 22706 RALLYDEBUG rally_openstack.contexts.keystone.users [-] Creating 1 tenants using 20 threads
2019-07-16 23:23:44.439 22706 RALLYDEBUG rally_openstack.contexts.keystone.users [-] Creating 1 users using 20 threads
2019-07-16 23:23:46.998 22706 INFO rally.task.context [-] Task 5b27ff8f-f272-4f87-bfcc-678d4db7d356 | Context users@openstack setup() finished in 4.28 sec
2019-07-16 23:23:47.794 22706 INFO rally.task.context [-] Task 5b27ff8f-f272-4f87-bfcc-678d4db7d356 | Context quotas@openstack setup() finished in 0.80 sec
2019-07-16 23:23:47.794 22706 INFO rally.task.context [-] Task 5b27ff8f-f272-4f87-bfcc-678d4db7d356 | Context cleanup@openstack setup() finished in 0.00 msec
2019-07-16 23:23:47.802 22706 RALLYDEBUG rally.task.runner [-] Starting the constant runner (task UUID: 5b27ff8f-f272-4f87-bfcc-678d4db7d356). timeout: 0 concurrency: 4 concurrency_per_worker: 1 times: 4 concurrency_overhead: 0 processes_to_start: 4 max_cpu_used: 16
2019-07-16 23:23:47.816 27507 RALLYDEBUG rally.task.runner [-] Starting a worker. concurrency: 1 args: {"subport_count": 125} times: 4 method_name: run timeout: 0 duration: None cls:
2019-07-16 23:23:47.818 27508 RALLYDEBUG rally.task.runner [-] Starting a worker. concurrency: 1 args: {"subport_count": 125} times: 4 method_name: run timeout: 0 duration: None cls:
2019-07-16 23:23:47.822 27507 INFO rally.task.runner [-] Task 5b27ff8f-f272-4f87-bfcc-678d4db7d356 | ITER: 1 START
2019-07-16 23:23:47.821 27509 RALLYDEBUG rally.task.runner [-] Starting a worker. concurrency: 1 args: {"subport_count": 125} times: 4 method_name: run timeout: 0 duration: None cls:
2019-07-16 23:23:47.824 27508 INFO rally.task.runner [-] Task 5b27ff8f-f272-4f87-bfcc-678d4db7d356 | ITER: 2 START
2019-07-16 23:23:47.825 27510 RALLYDEBUG rally.task.runner [-] Starting a worker. concurrency: 1 args: {"subport_count": 125} times: 4 method_name: run timeout: 0 duration: None cls:
2019-07-16 23:23:47.827 27509 INFO rally.task.runner [-] Task 5b27ff8f-f272-4f87-bfcc-678d4db7d356 | ITER: 3 START
2019-07-16 23:23:47.830 27510 INFO rally.task.runner [-] Task 5b27ff8f-f272-4f87-bfcc-678d4db7d356 | ITER: 4 START
2019-07-16 23:28:31.440 27510 DEBUG neutronclient.v2_0.client [-] Error message:

504 Gateway Time-out

The server didn't respond in time. _handle_fault_response /usr/lib/python2.7/site-packages/neutronclient/v2_0/client.py:259
2019-07-16 23:28:31.468 27510 ERROR rally.task.runner [-] Iteration 4 raised Exception: NeutronClientException:

504 Gateway Time-out

The server didn't respond in time.
2019-07-16 23:28:31.468 27510 ERROR rally.task.runner
Traceback (most recent call last):
2019-07-16 23:28:31.468 27510 ERROR rally.task.runner
File "/usr/lib/python2.7/site-packages/rally/task/runner.py", line 71, in _run_scenario_once
2019-07-16 23:28:31.468 27510 ERROR rally.task.runner getattr(scenario_inst, method_name)(**scenario_kwargs)
2019-07-16 23:28:31.468 27510 ERROR rally.task.runner
File "/root/.rally/plugins/trunk_scenario.py", line 41, in run
2019-07-16 23:28:31.468 27510 ERROR rally.task.runner trunk = self._create_trunk(trunk_payload)
2019-07-16 23:28:31.468 27510 ERROR rally.task.runner
File "/usr/lib/python2.7/site-packages/rally/task/atomic.py", line 91, in func_atomic_actions
2019-07-16 23:28:31.468 27510 ERROR rally.task.runner f = func(self, *args, **kwargs)
2019-07-16 23:28:31.468 27510 ERROR rally.task.runner
File "/root/.rally/plugins/trunk_scenario.py", line 53, in _create_trunk
2019-07-16 23:28:31.468 27510 ERROR rally.task.runner return self.clients("neutron").create_trunk({'trunk': trunk_payload})
2019-07-16 23:28:31.468 27510 ERROR rally.task.runner
File "/usr/lib/python2.7/site-packages/neutronclient/v2_0/client.py", line 2091, in create_trunk
2019-07-16 23:28:31.468 27510 ERROR rally.task.runner return self.post(self.trunks_path, body=body)
2019-07-16 23:28:31.468 27510 ERROR rally.task.runner
File "/usr/lib/python2.7/site-packages/neutronclient/v2_0/client.py", line 359, in post
2019-07-16 23:28:31.468 27510 ERROR rally.task.runner headers=headers, params=params)
2019-07-16 23:28:31.468 27510 ERROR rally.task.runner
File "/usr/lib/python2.7/site-packages/neutronclient/v2_0/client.py", line 294, in do_request
2019-07-16 23:28:31.468 27510 ERROR rally.task.runner self._handle_fault_response(status_code, replybody, resp)
2019-07-16 23:28:31.468 27510 ERROR rally.task.runner
File "/usr/lib/python2.7/site-packages/neutronclient/v2_0/client.py", line 269, in _handle_fault_response
2019-07-16 23:28:31.468 27510 ERROR rally.task.runner exception_handler_v20(status_code, error_body)
2019-07-16 23:28:31.468 27510 ERROR rally.task.runner
File "/usr/lib/python2.7/site-packages/neutronclient/v2_0/client.py", line 93, in exception_handler_v20
2019-07-16 23:28:31.468 27510 ERROR rally.task.runner request_ids=request_ids)
2019-07-16 23:28:31.468 27510 ERROR rally.task.runner NeutronClientException:

504 Gateway Time-out

2019-07-16 23:28:31.468 27510 ERROR rally.task.runner The server didn't respond in time.
2019-07-16 23:28:31.468 27510 ERROR rally.task.runner
2019-07-16 23:28:31.468 27510 ERROR rally.task.runner
2019-07-16 23:28:31.468 27510 ERROR rally.task.runner
2019-07-16 23:28:31.470 27510 INFO rally.task.runner [-] Task 5b27ff8f-f272-4f87-bfcc-678d4db7d356 | ITER: 4 END: Error NeutronClientException:

504 Gateway Time-out

The server didn't respond in time.
2019-07-16 23:28:35.212 27508 DEBUG neutronclient.v2_0.client [-] Error message:

504 Gateway Time-out

The server didn't respond in time. _handle_fault_response /usr/lib/python2.7/site-packages/neutronclient/v2_0/client.py:259
2019-07-16 23:28:35.219 27508 ERROR rally.task.runner [-] Iteration 2 raised Exception: NeutronClientException:

504 Gateway Time-out

The server didn't respond in time.
2019-07-16 23:28:35.219 27508 ERROR rally.task.runner
Traceback (most recent call last):
2019-07-16 23:28:35.219 27508 ERROR rally.task.runner
File "/usr/lib/python2.7/site-packages/rally/task/runner.py", line 71, in _run_scenario_once
2019-07-16 23:28:35.219 27508 ERROR rally.task.runner getattr(scenario_inst, method_name)(**scenario_kwargs)
2019-07-16 23:28:35.219 27508 ERROR rally.task.runner
File "/root/.rally/plugins/trunk_scenario.py", line 41, in run
2019-07-16 23:28:35.219 27508 ERROR rally.task.runner trunk = self._create_trunk(trunk_payload)
2019-07-16 23:28:35.219 27508 ERROR rally.task.runner
File "/usr/lib/python2.7/site-packages/rally/task/atomic.py", line 91, in func_atomic_actions
2019-07-16 23:28:35.219 27508 ERROR rally.task.runner f = func(self, *args, **kwargs)
2019-07-16 23:28:35.219 27508 ERROR rally.task.runner
File "/root/.rally/plugins/trunk_scenario.py", line 53, in _create_trunk
2019-07-16 23:28:35.219 27508 ERROR rally.task.runner return self.clients("neutron").create_trunk({'trunk': trunk_payload})
2019-07-16 23:28:35.219 27508 ERROR rally.task.runner
File "/usr/lib/python2.7/site-packages/neutronclient/v2_0/client.py", line 2091, in create_trunk
2019-07-16 23:28:35.219 27508 ERROR rally.task.runner return self.post(self.trunks_path, body=body)
2019-07-16 23:28:35.219 27508 ERROR rally.task.runner
File "/usr/lib/python2.7/site-packages/neutronclient/v2_0/client.py", line 359, in post
2019-07-16 23:28:35.219 27508 ERROR rally.task.runner headers=headers, params=params)
2019-07-16 23:28:35.219 27508 ERROR rally.task.runner
File "/usr/lib/python2.7/site-packages/neutronclient/v2_0/client.py", line 294, in do_request
2019-07-16 23:28:35.219 27508 ERROR rally.task.runner self._handle_fault_response(status_code, replybody, resp)
2019-07-16 23:28:35.219 27508 ERROR rally.task.runner
File "/usr/lib/python2.7/site-packages/neutronclient/v2_0/client.py", line 269, in _handle_fault_response
2019-07-16 23:28:35.219 27508 ERROR rally.task.runner exception_handler_v20(status_code, error_body)
2019-07-16 23:28:35.219 27508 ERROR rally.task.runner
File "/usr/lib/python2.7/site-packages/neutronclient/v2_0/client.py", line 93, in exception_handler_v20
2019-07-16 23:28:35.219 27508 ERROR rally.task.runner request_ids=request_ids)
2019-07-16 23:28:35.219 27508 ERROR rally.task.runner NeutronClientException:

504 Gateway Time-out

2019-07-16 23:28:35.219 27508 ERROR rally.task.runner The server didn't respond in time.
2019-07-16 23:28:35.219 27508 ERROR rally.task.runner
2019-07-16 23:28:35.219 27508 ERROR rally.task.runner
2019-07-16 23:28:35.219 27508 ERROR rally.task.runner
2019-07-16 23:28:35.222 27508 INFO rally.task.runner [-] Task 5b27ff8f-f272-4f87-bfcc-678d4db7d356 | ITER: 2 END: Error NeutronClientException:

504 Gateway Time-out

The server didn't respond in time.
2019-07-16 23:28:39.116 27509 DEBUG neutronclient.v2_0.client [-] Error message:

504 Gateway Time-out

The server didn't respond in time. _handle_fault_response /usr/lib/python2.7/site-packages/neutronclient/v2_0/client.py:259
2019-07-16 23:28:39.124 27509 ERROR rally.task.runner [-] Iteration 3 raised Exception: NeutronClientException:

504 Gateway Time-out

The server didn't respond in time.
2019-07-16 23:28:39.124 27509 ERROR rally.task.runner
Traceback (most recent call last):
2019-07-16 23:28:39.124 27509 ERROR rally.task.runner
File "/usr/lib/python2.7/site-packages/rally/task/runner.py", line 71, in _run_scenario_once
2019-07-16 23:28:39.124 27509 ERROR rally.task.runner getattr(scenario_inst, method_name)(**scenario_kwargs)
2019-07-16 23:28:39.124 27509 ERROR rally.task.runner
File "/root/.rally/plugins/trunk_scenario.py", line 41, in run
2019-07-16 23:28:39.124 27509 ERROR rally.task.runner trunk = self._create_trunk(trunk_payload)
2019-07-16 23:28:39.124 27509 ERROR rally.task.runner
File "/usr/lib/python2.7/site-packages/rally/task/atomic.py", line 91, in func_atomic_actions
2019-07-16 23:28:39.124 27509 ERROR rally.task.runner f = func(self, *args, **kwargs)
2019-07-16 23:28:39.124 27509 ERROR rally.task.runner
File "/root/.rally/plugins/trunk_scenario.py", line 53, in _create_trunk
2019-07-16 23:28:39.124 27509 ERROR rally.task.runner return self.clients("neutron").create_trunk({'trunk': trunk_payload})
2019-07-16 23:28:39.124 27509 ERROR rally.task.runner
File "/usr/lib/python2.7/site-packages/neutronclient/v2_0/client.py", line 2091, in create_trunk
2019-07-16 23:28:39.124 27509 ERROR rally.task.runner return self.post(self.trunks_path, body=body)
2019-07-16 23:28:39.124 27509 ERROR rally.task.runner
File "/usr/lib/python2.7/site-packages/neutronclient/v2_0/client.py", line 359, in post
2019-07-16 23:28:39.124 27509 ERROR rally.task.runner headers=headers, params=params)
2019-07-16 23:28:39.124 27509 ERROR rally.task.runner
File "/usr/lib/python2.7/site-packages/neutronclient/v2_0/client.py", line 294, in do_request
2019-07-16 23:28:39.124 27509 ERROR rally.task.runner self._handle_fault_response(status_code, replybody, resp)
2019-07-16 23:28:39.124 27509 ERROR rally.task.runner
File "/usr/lib/python2.7/site-packages/neutronclient/v2_0/client.py", line 269, in _handle_fault_response
2019-07-16 23:28:39.124 27509 ERROR rally.task.runner exception_handler_v20(status_code, error_body)
2019-07-16 23:28:39.124 27509 ERROR rally.task.runner
File "/usr/lib/python2.7/site-packages/neutronclient/v2_0/client.py", line 93, in exception_handler_v20
2019-07-16 23:28:39.124 27509 ERROR rally.task.runner request_ids=request_ids)
2019-07-16 23:28:39.124 27509 ERROR rally.task.runner NeutronClientException:

504 Gateway Time-out

2019-07-16 23:28:39.124 27509 ERROR rally.task.runner The server didn't respond in time.
2019-07-16 23:28:39.124 27509 ERROR rally.task.runner
2019-07-16 23:28:39.124 27509 ERROR rally.task.runner
2019-07-16 23:28:39.124 27509 ERROR rally.task.runner
2019-07-16 23:28:39.125 27509 INFO rally.task.runner [-] Task 5b27ff8f-f272-4f87-bfcc-678d4db7d356 | ITER: 3 END: Error NeutronClientException:

504 Gateway Time-out

The server didn't respond in time.
2019-07-16 23:28:39.439 27507 DEBUG neutronclient.v2_0.client [-] Error message:

504 Gateway Time-out

The server didn't respond in time. _handle_fault_response /usr/lib/python2.7/site-packages/neutronclient/v2_0/client.py:259
2019-07-16 23:28:39.446 27507 ERROR rally.task.runner [-] Iteration 1 raised Exception: NeutronClientException:

504 Gateway Time-out

The server didn't respond in time.
2019-07-16 23:28:39.446 27507 ERROR rally.task.runner
Traceback (most recent call last):
2019-07-16 23:28:39.446 27507 ERROR rally.task.runner
File "/usr/lib/python2.7/site-packages/rally/task/runner.py", line 71, in _run_scenario_once
2019-07-16 23:28:39.446 27507 ERROR rally.task.runner getattr(scenario_inst, method_name)(**scenario_kwargs)
2019-07-16 23:28:39.446 27507 ERROR rally.task.runner
File "/root/.rally/plugins/trunk_scenario.py", line 41, in run
2019-07-16 23:28:39.446 27507 ERROR rally.task.runner trunk = self._create_trunk(trunk_payload)
2019-07-16 23:28:39.446 27507 ERROR rally.task.runner
File "/usr/lib/python2.7/site-packages/rally/task/atomic.py", line 91, in func_atomic_actions
2019-07-16 23:28:39.446 27507 ERROR rally.task.runner f = func(self, *args, **kwargs)
2019-07-16 23:28:39.446 27507 ERROR rally.task.runner
File "/root/.rally/plugins/trunk_scenario.py", line 53, in _create_trunk
2019-07-16 23:28:39.446 27507 ERROR rally.task.runner return self.clients("neutron").create_trunk({'trunk': trunk_payload})
2019-07-16 23:28:39.446 27507 ERROR rally.task.runner
File "/usr/lib/python2.7/site-packages/neutronclient/v2_0/client.py", line 2091, in create_trunk
2019-07-16 23:28:39.446 27507 ERROR rally.task.runner return self.post(self.trunks_path, body=body)
2019-07-16 23:28:39.446 27507 ERROR rally.task.runner
File "/usr/lib/python2.7/site-packages/neutronclient/v2_0/client.py", line 359, in post
2019-07-16 23:28:39.446 27507 ERROR rally.task.runner headers=headers, params=params)
2019-07-16 23:28:39.446 27507 ERROR rally.task.runner
File "/usr/lib/python2.7/site-packages/neutronclient/v2_0/client.py", line 294, in do_request
2019-07-16 23:28:39.446 27507 ERROR rally.task.runner self._handle_fault_response(status_code, replybody, resp)
2019-07-16 23:28:39.446 27507 ERROR rally.task.runner
File "/usr/lib/python2.7/site-packages/neutronclient/v2_0/client.py", line 269, in _handle_fault_response
2019-07-16 23:28:39.446 27507 ERROR rally.task.runner exception_handler_v20(status_code, error_body)
2019-07-16 23:28:39.446 27507 ERROR rally.task.runner
File "/usr/lib/python2.7/site-packages/neutronclient/v2_0/client.py", line 93, in exception_handler_v20
2019-07-16 23:28:39.446 27507 ERROR rally.task.runner request_ids=request_ids)
2019-07-16 23:28:39.446 27507 ERROR rally.task.runner NeutronClientException:

504 Gateway Time-out

2019-07-16 23:28:39.446 27507 ERROR rally.task.runner The server didn't respond in time.
2019-07-16 23:28:39.446 27507 ERROR rally.task.runner
2019-07-16 23:28:39.446 27507 ERROR rally.task.runner
2019-07-16 23:28:39.446 27507 ERROR rally.task.runner
2019-07-16 23:28:39.447 27507 INFO rally.task.runner [-] Task 5b27ff8f-f272-4f87-bfcc-678d4db7d356 | ITER: 1 END: Error NeutronClientException:

504 Gateway Time-out

The server didn't respond in time.
2019-07-16 23:28:39.471 22706 INFO rally.task.context [-] Task 5b27ff8f-f272-4f87-bfcc-678d4db7d356 | Context cleanup@openstack cleanup() started
2019-07-16 23:28:39.474 22706 RALLYDEBUG rally_openstack.cleanup.manager [-] Cleaning up neutron vip objects
2019-07-16 23:28:40.234 22706 RALLYDEBUG rally_openstack.cleanup.manager [-] Cleaning up neutron health_monitor objects
2019-07-16 23:28:40.978 22706 RALLYDEBUG rally_openstack.cleanup.manager [-] Cleaning up neutron pool objects
2019-07-16 23:28:41.708 22706 RALLYDEBUG rally_openstack.cleanup.manager [-] Cleaning up neutron loadbalancer objects
2019-07-16 23:28:42.486 22706 RALLYDEBUG rally_openstack.cleanup.manager [-] Cleaning up neutron floatingip objects
2019-07-16 23:28:43.297 22706 RALLYDEBUG rally_openstack.cleanup.manager [-] Cleaning up neutron port objects
2019-07-16 23:28:46.163 22706 RALLYDEBUG rally_openstack.cleanup.manager [-] Deleting neutron.port object s_rally_15a941dc_8PxPKb1v (005be463-1336-4444-b193-44eff0c4e4f5)
2019-07-16 23:28:46.164 22706 RALLYDEBUG rally_openstack.cleanup.manager [-] Deleting neutron.port object s_rally_15a941dc_oCn8y5Vx (0165d9ba-a536-4da1-a0f6-cb85d60e8720)
2019-07-16 23:28:46.172 22706 RALLYDEBUG rally_openstack.cleanup.manager [-] Deleting neutron.port object s_rally_15a941dc_OGePxaR2 (0231fc46-27f0-4893-9cc7-735437ee64d3)
2019-07-16 23:28:46.177 22706 RALLYDEBUG rally_openstack.cleanup.manager [-] Deleting neutron.port object s_rally_15a941dc_PaB2gpST (031b34ab-133c-4c75-9a0f-c64c299185a9)
2019-07-16 23:28:46.184 22706 RALLYDEBUG rally_openstack.cleanup.manager [-] Deleting neutron.port object s_rally_15a941dc_LkQelHOe (046e2395-b308-4fea-b660-dc6c9b6b3237)
2019-07-16 23:28:46.189 22706 RALLYDEBUG rally_openstack.cleanup.manager [-] Deleting neutron.port object s_rally_15a941dc_SXKTSGjd (00bcffd1-2b22-477a-8555-137efd6f996c)
2019-07-16 23:28:46.189 22706 RALLYDEBUG rally_openstack.cleanup.manager [-] Deleting neutron.port object s_rally_15a941dc_k72msyYo (03e67cc9-7220-4c88-b4da-7788f31d2bdb)
2019-07-16 23:28:46.202 22706 RALLYDEBUG rally_openstack.cleanup.manager [-] Deleting neutron.port object s_rally_15a941dc_HEN2Pyp1 (04e319e0-4d5b-4642-bfed-8e036efaf63d)
2019-07-16 23:28:46.218 22706 RALLYDEBUG rally_openstack.cleanup.manager [-] Deleting neutron.port object s_rally_15a941dc_EwdS0LCj (04ed4322-4c1a-4373-bddc-04632a69f936)
2019-07-16 23:28:46.220 22706 RALLYDEBUG rally_openstack.cleanup.manager [-] Deleting neutron.port object s_rally_15a941dc_EAw2rfXU (060734a9-a11f-4ee2-a2c2-ce9ba64bb406)
2019-07-16 23:28:46.229 22706 RALLYDEBUG rally_openstack.cleanup.manager [-] Deleting neutron.port object s_rally_15a941dc_CImeOjnT (060f29af-34fe-45bb-9852-cb6da8d6ac4c)
2019-07-16 23:28:46.248 22706 RALLYDEBUG rally_openstack.cleanup.manager [-] Deleting neutron.port object s_rally_15a941dc_SLeICWvD (06636646-3b9d-4795-ab8c-9d5f5c0e1ec3)
2019-07-16 23:28:46.259 22706 RALLYDEBUG rally_openstack.cleanup.manager [-] Deleting neutron.port object s_rally_15a941dc_KI8iFwuq (0770f751-8848-485d-9bdd-59105571ce3f)
2019-07-16 23:28:46.286 22706 RALLYDEBUG rally_openstack.cleanup.manager [-] Deleting neutron.port object s_rally_15a941dc_EsSmF5id (0794fa01-15aa-4012-bc53-6e9058cfcefb)
2019-07-16 23:28:46.294 22706 RALLYDEBUG rally_openstack.cleanup.manager [-] Deleting neutron.port object s_rally_15a941dc_dJ8cOBVc (079a5249-3843-47e1-84a4-7dab3ac945e0)
2019-07-16 23:28:46.301 22706 RALLYDEBUG rally_openstack.cleanup.manager [-] Deleting neutron.port object s_rally_15a941dc_k0oTj2eO (08596bb2-03b6-4032-8627-6b8e1dac2c04)
2019-07-16 23:28:46.316 22706 RALLYDEBUG rally_openstack.cleanup.manager [-] Deleting neutron.port object s_rally_15a941dc_GSl3JcfW (0905511a-f0d0-4d29-bc92-8f850573c5a1)
2019-07-16 23:28:46.331 22706 RALLYDEBUG rally_openstack.cleanup.manager [-] Deleting neutron.port object s_rally_15a941dc_BjgptnxD (0b601eec-0051-479c-922e-03825959c81e)
2019-07-16 23:28:46.337 22706 RALLYDEBUG rally_openstack.cleanup.manager [-] Deleting neutron.port object s_rally_15a941dc_yV8xflUK (0b881fdf-e94e-45e1-9c80-9d8c6b886f70)
2019-07-16 23:28:46.344 22706 RALLYDEBUG rally_openstack.cleanup.manager [-] Deleting neutron.port object s_rally_15a941dc_A1NAXvCy (0b9bf682-ca49-4fba-a54a-779cd38ee6c2)
2019-07-16 23:28:47.262 22706 DEBUG neutronclient.v2_0.client [-] Error message: {"NeutronError": {"message": "Port 0165d9ba-a536-4da1-a0f6-cb85d60e8720 is currently a subport for trunk d86c39f2-fee1-466b-bf37-a6deb1326563.", "type": "PortInUseAsSubPort", "detail": ""}} _handle_fault_response /usr/lib/python2.7/site-packages/neutronclient/v2_0/client.py:259
2019-07-16 23:28:47.349 22706 DEBUG neutronclient.v2_0.client [-] Error message: {"NeutronError": {"message": "Port 00bcffd1-2b22-477a-8555-137efd6f996c is currently a subport for trunk 509e952c-e62d-4432-917f-23bc408d22ba.", "type": "PortInUseAsSubPort", "detail": ""}} _handle_fault_response /usr/lib/python2.7/site-packages/neutronclient/v2_0/client.py:259
2019-07-16 23:28:47.365 22706 DEBUG neutronclient.v2_0.client [-] Error message: {"NeutronError": {"message": "Port 060734a9-a11f-4ee2-a2c2-ce9ba64bb406 is currently a subport for trunk d2fa4c5f-9a3e-4b78-affa-041c3ba42dd4.", "type": "PortInUseAsSubPort", "detail": ""}} _handle_fault_response /usr/lib/python2.7/site-packages/neutronclient/v2_0/client.py:259
2019-07-16 23:28:47.402 22706 DEBUG neutronclient.v2_0.client [-] Error message: {"NeutronError": {"message": "Port 046e2395-b308-4fea-b660-dc6c9b6b3237 is currently a subport for trunk d86c39f2-fee1-466b-bf37-a6deb1326563.", "type": "PortInUseAsSubPort", "detail": ""}} _handle_fault_response /usr/lib/python2.7/site-packages/neutronclient/v2_0/client.py:259
2019-07-16 23:28:47.412 22706 DEBUG neutronclient.v2_0.client [-] Error message: {"NeutronError": {"message": "Port 04ed4322-4c1a-4373-bddc-04632a69f936 is currently a subport for trunk a7e7b750-efe1-47b7-8c18-055079515d94.", "type": "PortInUseAsSubPort", "detail": ""}} _handle_fault_response /usr/lib/python2.7/site-packages/neutronclient/v2_0/client.py:259
2019-07-16 23:28:47.424 22706 DEBUG neutronclient.v2_0.client [-] Error message: {"NeutronError": {"message": "Port 0b601eec-0051-479c-922e-03825959c81e is currently a subport for trunk 509e952c-e62d-4432-917f-23bc408d22ba.", "type": "PortInUseAsSubPort", "detail": ""}} _handle_fault_response /usr/lib/python2.7/site-packages/neutronclient/v2_0/client.py:259
2019-07-16 23:28:47.437 22706 DEBUG neutronclient.v2_0.client [-] Error message: {"NeutronError": {"message": "Port 0794fa01-15aa-4012-bc53-6e9058cfcefb is currently a subport for trunk a7e7b750-efe1-47b7-8c18-055079515d94.", "type": "PortInUseAsSubPort", "detail": ""}} _handle_fault_response /usr/lib/python2.7/site-packages/neutronclient/v2_0/client.py:259
2019-07-16 23:28:47.459 22706 DEBUG neutronclient.v2_0.client [-] Error message: {"NeutronError": {"message": "Port 060f29af-34fe-45bb-9852-cb6da8d6ac4c is currently a subport for trunk a7e7b750-efe1-47b7-8c18-055079515d94.", "type": "PortInUseAsSubPort", "detail": ""}} _handle_fault_response /usr/lib/python2.7/site-packages/neutronclient/v2_0/client.py:259
2019-07-16 23:28:47.472 22706 DEBUG neutronclient.v2_0.client [-] Error message: {"NeutronError": {"message": "Port 04e319e0-4d5b-4642-bfed-8e036efaf63d is currently a subport for trunk 509e952c-e62d-4432-917f-23bc408d22ba.", "type": "PortInUseAsSubPort", "detail": ""}} _handle_fault_response /usr/lib/python2.7/site-packages/neutronclient/v2_0/client.py:259
