2019-07-16 23:03:14.411 22697 RALLYDEBUG rally.api [-] INFO logs from urllib3 and requests module are hide.
2019-07-16 23:03:14.411 22697 RALLYDEBUG rally.api [-] urllib3 insecure warnings are hidden.
2019-07-16 23:03:14.411 22697 RALLYDEBUG rally.api [-] ERROR log from boto module is hide.
2019-07-16 23:03:16.622 22699 RALLYDEBUG rally.api [-] INFO logs from urllib3 and requests module are hide.
2019-07-16 23:03:16.622 22699 RALLYDEBUG rally.api [-] urllib3 insecure warnings are hidden.
2019-07-16 23:03:16.622 22699 RALLYDEBUG rally.api [-] ERROR log from boto module is hide.
2019-07-16 23:03:17.910 22699 WARNING rally_openstack.platforms.existing [-] endpoint is deprecated and not used.
2019-07-16 23:03:18.859 22701 RALLYDEBUG rally.api [-] INFO logs from urllib3 and requests module are hide.
2019-07-16 23:03:18.859 22701 RALLYDEBUG rally.api [-] urllib3 insecure warnings are hidden.
2019-07-16 23:03:18.860 22701 RALLYDEBUG rally.api [-] ERROR log from boto module is hide.
2019-07-16 23:03:22.002 22704 RALLYDEBUG rally.api [-] INFO logs from urllib3 and requests module are hide.
2019-07-16 23:03:22.002 22704 RALLYDEBUG rally.api [-] urllib3 insecure warnings are hidden.
2019-07-16 23:03:22.002 22704 RALLYDEBUG rally.api [-] ERROR log from boto module is hide.
2019-07-16 23:03:23.688 22706 RALLYDEBUG rally.api [-] INFO logs from urllib3 and requests module are hide.
2019-07-16 23:03:23.688 22706 RALLYDEBUG rally.api [-] urllib3 insecure warnings are hidden.
2019-07-16 23:03:23.688 22706 RALLYDEBUG rally.api [-] ERROR log from boto module is hide.
2019-07-16 23:03:24.713 22706 INFO rally.common.plugin.discover [-] Loading plugins from directories /root/.rally/plugins/*
2019-07-16 23:03:24.714 22706 INFO rally.common.plugin.discover [-] Loaded module with plugins: /root/.rally/plugins/__init__.py
2019-07-16 23:03:24.716 22706 INFO rally.common.plugin.discover [-] Loaded module with plugins: /root/.rally/plugins/trunk_scenario.py
2019-07-16 23:03:24.909 22706 INFO rally.task.engine [-] Task 5b27ff8f-f272-4f87-bfcc-678d4db7d356 | Starting: Task validation.
2019-07-16 23:03:24.951 22706 INFO rally.task.engine [-] Task 5b27ff8f-f272-4f87-bfcc-678d4db7d356 | Starting: Task validation of syntax.
2019-07-16 23:03:25.110 22706 INFO rally.task.engine [-] Task 5b27ff8f-f272-4f87-bfcc-678d4db7d356 | Completed: Task validation of syntax.
2019-07-16 23:03:25.111 22706 INFO rally.task.engine [-] Task 5b27ff8f-f272-4f87-bfcc-678d4db7d356 | Starting: Task validation of required platforms.
2019-07-16 23:03:25.169 22706 INFO rally.task.engine [-] Task 5b27ff8f-f272-4f87-bfcc-678d4db7d356 | Completed: Task validation of required platforms.
2019-07-16 23:03:25.169 22706 INFO rally.task.engine [-] Task 5b27ff8f-f272-4f87-bfcc-678d4db7d356 | Starting: Task validation of semantic.
2019-07-16 23:03:25.169 22706 INFO rally.task.engine [-] Check health of the environment '429a9794-6960-4c3d-bcd3-8f9076b955ac'.
2019-07-16 23:03:25.980 22706 INFO rally.task.engine [-] Platform existing@openstack (available: True): OK!
2019-07-16 23:03:25.998 22706 RALLYDEBUG rally_openstack.contexts.keystone.users [-] Creating 1 tenants using 20 threads
2019-07-16 23:03:27.973 22706 RALLYDEBUG rally_openstack.contexts.keystone.users [-] Creating 1 users using 20 threads
2019-07-16 23:03:30.783 22706 INFO rally.task.context [-] Task 5b27ff8f-f272-4f87-bfcc-678d4db7d356 | Context users@openstack setup() finished in 4.78 sec
2019-07-16 23:03:37.059 22706 INFO rally.task.context [-] Task 5b27ff8f-f272-4f87-bfcc-678d4db7d356 | Context users@openstack cleanup() started
2019-07-16 23:03:42.601 22706 INFO rally.task.context [-] Task 5b27ff8f-f272-4f87-bfcc-678d4db7d356 | Context users@openstack cleanup() finished in 5.54 sec
2019-07-16 23:03:42.602 22706 INFO rally.task.engine [-] Task 5b27ff8f-f272-4f87-bfcc-678d4db7d356 | Completed: Task validation of semantic.
2019-07-16 23:03:42.602 22706 INFO rally.task.engine [-] Task 5b27ff8f-f272-4f87-bfcc-678d4db7d356 | Completed: Task validation.
2019-07-16 23:03:42.602 22706 INFO rally.api [-] Task 5b27ff8f-f272-4f87-bfcc-678d4db7d356 input file is valid.
2019-07-16 23:03:42.603 22706 INFO rally.api [-] Run Task 5b27ff8f-f272-4f87-bfcc-678d4db7d356 against Deployment 429a9794-6960-4c3d-bcd3-8f9076b955ac
2019-07-16 23:03:42.603 22706 INFO rally.task.engine [-] Task 5b27ff8f-f272-4f87-bfcc-678d4db7d356 | Starting: Running task.
2019-07-16 23:03:42.748 22706 INFO rally.task.engine [-] Running workload: position = 0 config = { "version": 2, "title": "A cropped version of a bigger task.", "description": "Auto-generated task from a single workload (uuid=841d709b-1765-49cf-8952-9d49691854af)", "subtasks": [ { "title": "NeutronNetworks.create_and_list_networks", "description": "Check performance of list_networks action and ensure > network quotas are not exceeded", "scenario": { "NeutronNetworks.create_and_list_networks": {} }, "contexts": { "users": { "tenants": 1, "users_per_tenant": 1 }, "quotas": { "neutron": { "network": 119 } } }, "runner": { "constant": { "times": 100, "concurrency": 20 } }, "hooks": [], "sla": { "max_avg_duration_per_atomic": { "neutron.list_networks": 15 }, "failure_rate": { "max": 0 } } } ] }
2019-07-16 23:03:42.766 22706 RALLYDEBUG rally_openstack.contexts.keystone.users [-] Creating 1 tenants using 20 threads
2019-07-16 23:03:44.794 22706 RALLYDEBUG rally_openstack.contexts.keystone.users [-] Creating 1 users using 20 threads
2019-07-16 23:03:47.496 22706 INFO rally.task.context [-] Task 5b27ff8f-f272-4f87-bfcc-678d4db7d356 | Context users@openstack setup() finished in 4.73 sec
2019-07-16 23:03:48.748 22706 INFO rally.task.context [-] Task 5b27ff8f-f272-4f87-bfcc-678d4db7d356 | Context quotas@openstack setup() finished in 1.25 sec
2019-07-16 23:03:48.748 22706 INFO rally.task.context [-] Task 5b27ff8f-f272-4f87-bfcc-678d4db7d356 | Context cleanup@openstack setup() finished in 0.02 msec
2019-07-16 23:03:48.755 22706 RALLYDEBUG rally.task.runner [-] Starting the constant runner (task UUID: 5b27ff8f-f272-4f87-bfcc-678d4db7d356). timeout: 0 concurrency: 20 concurrency_per_worker: 1 times: 100 concurrency_overhead: 4 processes_to_start: 16 max_cpu_used: 16
2019-07-16 23:03:48.767 22830 RALLYDEBUG rally.task.runner [-] Starting a worker. concurrency: 2 args: {} times: 100 method_name: run timeout: 0 duration: None cls:
2019-07-16 23:03:48.770 22831 RALLYDEBUG rally.task.runner [-] Starting a worker. concurrency: 2 args: {} times: 100 method_name: run timeout: 0 duration: None cls:
2019-07-16 23:03:48.772 22832 RALLYDEBUG rally.task.runner [-] Starting a worker. concurrency: 2 args: {} times: 100 method_name: run timeout: 0 duration: None cls:
2019-07-16 23:03:48.775 22833 RALLYDEBUG rally.task.runner [-] Starting a worker. concurrency: 2 args: {} times: 100 method_name: run timeout: 0 duration: None cls:
2019-07-16 23:03:48.778 22831 INFO rally.task.runner [-] Task 5b27ff8f-f272-4f87-bfcc-678d4db7d356 | ITER: 2 START
2019-07-16 23:03:48.778 22830 INFO rally.task.runner [-] Task 5b27ff8f-f272-4f87-bfcc-678d4db7d356 | ITER: 1 START
2019-07-16 23:03:48.778 22835 RALLYDEBUG rally.task.runner [-] Starting a worker. concurrency: 1 args: {} times: 100 method_name: run timeout: 0 duration: None cls:
2019-07-16 23:03:48.781 22832 INFO rally.task.runner [-] Task 5b27ff8f-f272-4f87-bfcc-678d4db7d356 | ITER: 4 START
2019-07-16 23:03:48.782 22840 RALLYDEBUG rally.task.runner [-] Starting a worker. concurrency: 1 args: {} times: 100 method_name: run timeout: 0 duration: None cls:
2019-07-16 23:03:48.784 22833 INFO rally.task.runner [-] Task 5b27ff8f-f272-4f87-bfcc-678d4db7d356 | ITER: 7 START
2019-07-16 23:03:48.785 22830 INFO rally.task.runner [-] Task 5b27ff8f-f272-4f87-bfcc-678d4db7d356 | ITER: 3 START
2019-07-16 23:03:48.785 22843 RALLYDEBUG rally.task.runner [-] Starting a worker. concurrency: 1 args: {} times: 100 method_name: run timeout: 0 duration: None cls:
2019-07-16 23:03:48.787 22835 INFO rally.task.runner [-] Task 5b27ff8f-f272-4f87-bfcc-678d4db7d356 | ITER: 8 START
2019-07-16 23:03:48.786 22832 INFO rally.task.runner [-] Task 5b27ff8f-f272-4f87-bfcc-678d4db7d356 | ITER: 6 START
2019-07-16 23:03:48.788 22840 INFO rally.task.runner [-] Task 5b27ff8f-f272-4f87-bfcc-678d4db7d356 | ITER: 10 START
2019-07-16 23:03:48.789 22848 RALLYDEBUG rally.task.runner [-] Starting a worker. concurrency: 1 args: {} times: 100 method_name: run timeout: 0 duration: None cls:
2019-07-16 23:03:48.792 22843 INFO rally.task.runner [-] Task 5b27ff8f-f272-4f87-bfcc-678d4db7d356 | ITER: 11 START
2019-07-16 23:03:48.793 22831 INFO rally.task.runner [-] Task 5b27ff8f-f272-4f87-bfcc-678d4db7d356 | ITER: 5 START
2019-07-16 23:03:48.795 22853 RALLYDEBUG rally.task.runner [-] Starting a worker. concurrency: 1 args: {} times: 100 method_name: run timeout: 0 duration: None cls:
2019-07-16 23:03:48.797 22833 INFO rally.task.runner [-] Task 5b27ff8f-f272-4f87-bfcc-678d4db7d356 | ITER: 9 START
2019-07-16 23:03:48.798 22857 RALLYDEBUG rally.task.runner [-] Starting a worker. concurrency: 1 args: {} times: 100 method_name: run timeout: 0 duration: None cls:
2019-07-16 23:03:48.802 22848 INFO rally.task.runner [-] Task 5b27ff8f-f272-4f87-bfcc-678d4db7d356 | ITER: 12 START
2019-07-16 23:03:48.804 22853 INFO rally.task.runner [-] Task 5b27ff8f-f272-4f87-bfcc-678d4db7d356 | ITER: 13 START
2019-07-16 23:03:48.808 22857 INFO rally.task.runner [-] Task 5b27ff8f-f272-4f87-bfcc-678d4db7d356 | ITER: 14 START
2019-07-16 23:03:48.811 22861 RALLYDEBUG rally.task.runner [-] Starting a worker. concurrency: 1 args: {} times: 100 method_name: run timeout: 0 duration: None cls:
2019-07-16 23:03:48.822 22865 RALLYDEBUG rally.task.runner [-] Starting a worker. concurrency: 1 args: {} times: 100 method_name: run timeout: 0 duration: None cls:
2019-07-16 23:03:48.827 22865 INFO rally.task.runner [-] Task 5b27ff8f-f272-4f87-bfcc-678d4db7d356 | ITER: 16 START
2019-07-16 23:03:48.833 22869 RALLYDEBUG rally.task.runner [-] Starting a worker. concurrency: 1 args: {} times: 100 method_name: run timeout: 0 duration: None cls:
2019-07-16 23:03:48.837 22869 INFO rally.task.runner [-] Task 5b27ff8f-f272-4f87-bfcc-678d4db7d356 | ITER: 17 START
2019-07-16 23:03:48.843 22872 RALLYDEBUG rally.task.runner [-] Starting a worker. concurrency: 1 args: {} times: 100 method_name: run timeout: 0 duration: None cls:
2019-07-16 23:03:48.845 22873 RALLYDEBUG rally.task.runner [-] Starting a worker. concurrency: 1 args: {} times: 100 method_name: run timeout: 0 duration: None cls:
2019-07-16 23:03:48.847 22872 INFO rally.task.runner [-] Task 5b27ff8f-f272-4f87-bfcc-678d4db7d356 | ITER: 18 START
2019-07-16 23:03:48.848 22873 INFO rally.task.runner [-] Task 5b27ff8f-f272-4f87-bfcc-678d4db7d356 | ITER: 19 START
2019-07-16 23:03:51.460 22835 INFO rally.task.runner [-] Task 5b27ff8f-f272-4f87-bfcc-678d4db7d356 | ITER: 8 END: OK
2019-07-16 23:03:51.464 22835 INFO rally.task.runner [-] Task 5b27ff8f-f272-4f87-bfcc-678d4db7d356 | ITER: 20 START
2019-07-16 23:03:51.625 22872 INFO rally.task.runner [-] Task 5b27ff8f-f272-4f87-bfcc-678d4db7d356 | ITER: 18 END: OK
2019-07-16 23:03:51.630 22872 INFO rally.task.runner [-] Task 5b27ff8f-f272-4f87-bfcc-678d4db7d356 | ITER: 21 START
2019-07-16 23:03:51.647 22831 INFO rally.task.runner [-] Task 5b27ff8f-f272-4f87-bfcc-678d4db7d356 | ITER: 5 END: OK
2019-07-16 23:03:51.651 22831 INFO rally.task.runner [-] Task 5b27ff8f-f272-4f87-bfcc-678d4db7d356 | ITER: 22 START
2019-07-16 23:03:51.678 22848 INFO rally.task.runner [-] Task 5b27ff8f-f272-4f87-bfcc-678d4db7d356 | ITER: 12 END: OK
2019-07-16 23:03:51.682 22848 INFO rally.task.runner [-] Task 5b27ff8f-f272-4f87-bfcc-678d4db7d356 | ITER: 23 START
2019-07-16 23:03:51.713 22840 INFO rally.task.runner [-] Task 5b27ff8f-f272-4f87-bfcc-678d4db7d356 | ITER: 10 END: OK
2019-07-16 23:03:51.717 22840 INFO rally.task.runner [-] Task 5b27ff8f-f272-4f87-bfcc-678d4db7d356 | ITER: 24 START
2019-07-16 23:03:52.140 22869 INFO rally.task.runner [-] Task 5b27ff8f-f272-4f87-bfcc-678d4db7d356 | ITER: 17 END: OK
2019-07-16 23:03:52.144 22869 INFO rally.task.runner [-] Task 5b27ff8f-f272-4f87-bfcc-678d4db7d356 | ITER: 25 START
2019-07-16 23:03:52.266 22833 INFO rally.task.runner [-] Task 5b27ff8f-f272-4f87-bfcc-678d4db7d356 | ITER: 9 END: OK
2019-07-16 23:03:52.269 22833 INFO rally.task.runner [-] Task 5b27ff8f-f272-4f87-bfcc-678d4db7d356 | ITER: 26 START
2019-07-16 23:03:52.409 22843 INFO rally.task.runner [-] Task 5b27ff8f-f272-4f87-bfcc-678d4db7d356 | ITER: 11 END: OK
2019-07-16 23:03:52.413 22843 INFO rally.task.runner [-] Task 5b27ff8f-f272-4f87-bfcc-678d4db7d356 | ITER: 27 START
2019-07-16 23:03:52.727 22857 INFO rally.task.runner [-] Task 5b27ff8f-f272-4f87-bfcc-678d4db7d356 | ITER: 14 END: OK
2019-07-16 23:03:52.730 22857 INFO rally.task.runner [-] Task 5b27ff8f-f272-4f87-bfcc-678d4db7d356 | ITER: 28 START
2019-07-16 23:03:52.952 22831 INFO rally.task.runner [-] Task 5b27ff8f-f272-4f87-bfcc-678d4db7d356 | ITER: 2 END: OK
2019-07-16 23:03:52.955 22831 INFO rally.task.runner [-] Task 5b27ff8f-f272-4f87-bfcc-678d4db7d356 | ITER: 29 START
2019-07-16 23:03:53.057 22853 INFO rally.task.runner [-] Task 5b27ff8f-f272-4f87-bfcc-678d4db7d356 | ITER: 13 END: OK
2019-07-16 23:03:53.060 22853 INFO rally.task.runner [-] Task 5b27ff8f-f272-4f87-bfcc-678d4db7d356 | ITER: 30 START
2019-07-16 23:03:53.121 22832 INFO rally.task.runner [-] Task 5b27ff8f-f272-4f87-bfcc-678d4db7d356 | ITER: 4 END: OK
2019-07-16 23:03:53.125 22832 INFO rally.task.runner [-] Task 5b27ff8f-f272-4f87-bfcc-678d4db7d356 | ITER: 31 START
2019-07-16 23:03:53.392 22873 INFO rally.task.runner [-] Task 5b27ff8f-f272-4f87-bfcc-678d4db7d356 | ITER: 19 END: OK
2019-07-16 23:03:53.396 22873 INFO rally.task.runner [-] Task 5b27ff8f-f272-4f87-bfcc-678d4db7d356 | ITER: 32 START
2019-07-16 23:03:53.655 22865 INFO rally.task.runner [-] Task 5b27ff8f-f272-4f87-bfcc-678d4db7d356 | ITER: 16 END: OK
2019-07-16 23:03:53.660 22865 INFO rally.task.runner [-] Task 5b27ff8f-f272-4f87-bfcc-678d4db7d356 | ITER: 33 START
2019-07-16 23:03:53.695 22830 INFO rally.task.runner [-] Task 5b27ff8f-f272-4f87-bfcc-678d4db7d356 | ITER: 3 END: OK
2019-07-16 23:03:53.698 22830 INFO rally.task.runner [-] Task 5b27ff8f-f272-4f87-bfcc-678d4db7d356 | ITER: 34 START
2019-07-16 23:03:53.807 22830 INFO rally.task.runner [-] Task 5b27ff8f-f272-4f87-bfcc-678d4db7d356 | ITER: 1 END: OK
2019-07-16 23:03:53.810 22830 INFO rally.task.runner [-] Task 5b27ff8f-f272-4f87-bfcc-678d4db7d356 | ITER: 35 START
2019-07-16 23:03:53.970 22833 INFO rally.task.runner [-] Task 5b27ff8f-f272-4f87-bfcc-678d4db7d356 | ITER: 7 END: OK
2019-07-16 23:03:53.973 22833 INFO rally.task.runner [-] Task 5b27ff8f-f272-4f87-bfcc-678d4db7d356 | ITER: 36 START
2019-07-16 23:03:54.087 22848 INFO rally.task.runner [-] Task 5b27ff8f-f272-4f87-bfcc-678d4db7d356 | ITER: 23 END: OK
2019-07-16 23:03:54.090 22848 INFO rally.task.runner [-] Task 5b27ff8f-f272-4f87-bfcc-678d4db7d356 | ITER: 37 START
2019-07-16 23:03:54.243 22835 INFO rally.task.runner [-] Task 5b27ff8f-f272-4f87-bfcc-678d4db7d356 | ITER: 20 END: OK
2019-07-16 23:03:54.247 22835 INFO rally.task.runner [-] Task 5b27ff8f-f272-4f87-bfcc-678d4db7d356 | ITER: 38 START
2019-07-16 23:03:54.328 22831 INFO rally.task.runner [-] Task 5b27ff8f-f272-4f87-bfcc-678d4db7d356 | ITER: 22 END: OK
2019-07-16 23:03:54.332 22831 INFO rally.task.runner [-] Task 5b27ff8f-f272-4f87-bfcc-678d4db7d356 | ITER: 39 START
2019-07-16 23:03:54.344 22872 INFO rally.task.runner [-] Task 5b27ff8f-f272-4f87-bfcc-678d4db7d356 | ITER: 21 END: OK
2019-07-16 23:03:54.347 22872 INFO rally.task.runner [-] Task 5b27ff8f-f272-4f87-bfcc-678d4db7d356 | ITER: 40 START
2019-07-16 23:03:54.529 22832 INFO rally.task.runner [-] Task 5b27ff8f-f272-4f87-bfcc-678d4db7d356 | ITER: 6 END: OK
2019-07-16 23:03:54.532 22832 INFO rally.task.runner [-] Task 5b27ff8f-f272-4f87-bfcc-678d4db7d356 | ITER: 41 START
2019-07-16 23:03:54.794 22840 INFO rally.task.runner [-] Task 5b27ff8f-f272-4f87-bfcc-678d4db7d356 | ITER: 24 END: OK
2019-07-16 23:03:54.797 22840 INFO rally.task.runner [-] Task 5b27ff8f-f272-4f87-bfcc-678d4db7d356 | ITER: 42 START
2019-07-16 23:03:55.304 22869 INFO rally.task.runner [-] Task 5b27ff8f-f272-4f87-bfcc-678d4db7d356 | ITER: 25 END: OK
2019-07-16 23:03:55.307 22869 INFO rally.task.runner [-] Task 5b27ff8f-f272-4f87-bfcc-678d4db7d356 | ITER: 43 START
2019-07-16 23:03:56.354 22833 INFO rally.task.runner [-] Task 5b27ff8f-f272-4f87-bfcc-678d4db7d356 | ITER: 26 END: OK
2019-07-16 23:03:56.357 22833 INFO rally.task.runner [-] Task 5b27ff8f-f272-4f87-bfcc-678d4db7d356 | ITER: 44 START
2019-07-16 23:03:56.428 22853 INFO rally.task.runner [-] Task 5b27ff8f-f272-4f87-bfcc-678d4db7d356 | ITER: 30 END: OK
2019-07-16 23:03:56.431 22853 INFO rally.task.runner [-] Task 5b27ff8f-f272-4f87-bfcc-678d4db7d356 | ITER: 45 START
2019-07-16 23:03:56.470 22857 INFO rally.task.runner [-] Task 5b27ff8f-f272-4f87-bfcc-678d4db7d356 | ITER: 28 END: OK
2019-07-16 23:03:56.473 22857 INFO rally.task.runner [-] Task 5b27ff8f-f272-4f87-bfcc-678d4db7d356 | ITER: 46 START
2019-07-16 23:03:56.566 22873 INFO rally.task.runner [-] Task 5b27ff8f-f272-4f87-bfcc-678d4db7d356 | ITER: 32 END: OK
2019-07-16 23:03:56.569 22873 INFO rally.task.runner [-] Task 5b27ff8f-f272-4f87-bfcc-678d4db7d356 | ITER: 47 START
2019-07-16 23:03:56.793 22830 INFO rally.task.runner [-] Task 5b27ff8f-f272-4f87-bfcc-678d4db7d356 | ITER: 34 END: OK
2019-07-16 23:03:56.796 22830 INFO rally.task.runner [-] Task 5b27ff8f-f272-4f87-bfcc-678d4db7d356 | ITER: 48 START
2019-07-16 23:03:56.956 22843 INFO rally.task.runner [-] Task 5b27ff8f-f272-4f87-bfcc-678d4db7d356 | ITER: 27 END: OK
2019-07-16 23:03:56.958 22843 INFO rally.task.runner [-] Task 5b27ff8f-f272-4f87-bfcc-678d4db7d356 | ITER: 49 START
2019-07-16 23:03:56.988 22840 INFO rally.task.runner [-] Task 5b27ff8f-f272-4f87-bfcc-678d4db7d356 | ITER: 42 END: OK
2019-07-16 23:03:56.991 22840 INFO rally.task.runner [-] Task 5b27ff8f-f272-4f87-bfcc-678d4db7d356 | ITER: 50 START
2019-07-16 23:03:57.285 22832 INFO rally.task.runner [-] Task 5b27ff8f-f272-4f87-bfcc-678d4db7d356 | ITER: 31 END: OK
2019-07-16 23:03:57.288 22832 INFO rally.task.runner [-] Task 5b27ff8f-f272-4f87-bfcc-678d4db7d356 | ITER: 51 START
2019-07-16 23:03:57.315 22865 INFO rally.task.runner [-] Task 5b27ff8f-f272-4f87-bfcc-678d4db7d356 | ITER: 33 END: OK
2019-07-16 23:03:57.318 22865 INFO rally.task.runner [-] Task 5b27ff8f-f272-4f87-bfcc-678d4db7d356 | ITER: 52 START
2019-07-16 23:03:57.384 22831 INFO rally.task.runner [-] Task 5b27ff8f-f272-4f87-bfcc-678d4db7d356 | ITER: 29 END: OK
2019-07-16 23:03:57.386 22831 INFO rally.task.runner [-] Task 5b27ff8f-f272-4f87-bfcc-678d4db7d356 | ITER: 53 START
2019-07-16 23:03:57.884 22830 INFO rally.task.runner [-] Task 5b27ff8f-f272-4f87-bfcc-678d4db7d356 | ITER: 35 END: OK
2019-07-16 23:03:57.886 22830 INFO rally.task.runner [-] Task 5b27ff8f-f272-4f87-bfcc-678d4db7d356 | ITER: 54 START
2019-07-16 23:03:58.013 22872 INFO rally.task.runner [-] Task 5b27ff8f-f272-4f87-bfcc-678d4db7d356 | ITER: 40 END: OK
2019-07-16 23:03:58.016 22872 INFO rally.task.runner [-] Task 5b27ff8f-f272-4f87-bfcc-678d4db7d356 | ITER: 55 START
2019-07-16 23:03:58.058 22835 INFO rally.task.runner [-] Task 5b27ff8f-f272-4f87-bfcc-678d4db7d356 | ITER: 38 END: OK
2019-07-16 23:03:58.060 22835 INFO rally.task.runner [-] Task 5b27ff8f-f272-4f87-bfcc-678d4db7d356 | ITER: 56 START
2019-07-16 23:03:58.616 22831 INFO rally.task.runner [-] Task 5b27ff8f-f272-4f87-bfcc-678d4db7d356 | ITER: 39 END: OK
2019-07-16 23:03:58.619 22831 INFO rally.task.runner [-] Task 5b27ff8f-f272-4f87-bfcc-678d4db7d356 | ITER: 57 START
2019-07-16 23:03:58.623 22848 INFO rally.task.runner [-] Task 5b27ff8f-f272-4f87-bfcc-678d4db7d356 | ITER: 37 END: OK
2019-07-16 23:03:58.626 22848 INFO rally.task.runner [-] Task 5b27ff8f-f272-4f87-bfcc-678d4db7d356 | ITER: 58 START
2019-07-16 23:03:58.724 22832 INFO rally.task.runner [-] Task 5b27ff8f-f272-4f87-bfcc-678d4db7d356 | ITER: 41 END: OK
2019-07-16 23:03:58.727 22832 INFO rally.task.runner [-] Task 5b27ff8f-f272-4f87-bfcc-678d4db7d356 | ITER: 59 START
2019-07-16 23:03:58.753 22833 INFO rally.task.runner [-] Task 5b27ff8f-f272-4f87-bfcc-678d4db7d356 | ITER: 36 END: OK
2019-07-16 23:03:58.756 22833 INFO rally.task.runner [-] Task 5b27ff8f-f272-4f87-bfcc-678d4db7d356 | ITER: 60 START
2019-07-16 23:03:58.799 22869 INFO rally.task.runner [-] Task 5b27ff8f-f272-4f87-bfcc-678d4db7d356 | ITER: 43 END: OK
2019-07-16 23:03:58.802 22869 INFO rally.task.runner [-] Task 5b27ff8f-f272-4f87-bfcc-678d4db7d356 | ITER: 61 START
2019-07-16 23:03:59.065 22853 INFO rally.task.runner [-] Task 5b27ff8f-f272-4f87-bfcc-678d4db7d356 | ITER: 45 END: OK
2019-07-16 23:03:59.068 22853 INFO rally.task.runner [-] Task 5b27ff8f-f272-4f87-bfcc-678d4db7d356 | ITER: 62 START
2019-07-16 23:03:59.412 22873 INFO rally.task.runner [-] Task 5b27ff8f-f272-4f87-bfcc-678d4db7d356 | ITER: 47 END: OK
2019-07-16 23:03:59.415 22873 INFO rally.task.runner [-] Task 5b27ff8f-f272-4f87-bfcc-678d4db7d356 | ITER: 63 START
2019-07-16 23:03:59.450 22857 INFO rally.task.runner [-] Task 5b27ff8f-f272-4f87-bfcc-678d4db7d356 | ITER: 46 END: OK
2019-07-16 23:03:59.453 22857 INFO rally.task.runner [-] Task 5b27ff8f-f272-4f87-bfcc-678d4db7d356 | ITER: 64 START
2019-07-16 23:03:59.616 22833 INFO rally.task.runner [-] Task 5b27ff8f-f272-4f87-bfcc-678d4db7d356 | ITER: 44 END: OK
2019-07-16 23:03:59.620 22833 INFO rally.task.runner [-] Task 5b27ff8f-f272-4f87-bfcc-678d4db7d356 | ITER: 65 START
2019-07-16 23:03:59.682 22843 INFO rally.task.runner [-] Task 5b27ff8f-f272-4f87-bfcc-678d4db7d356 | ITER: 49 END: OK
2019-07-16 23:03:59.685 22843 INFO rally.task.runner [-] Task 5b27ff8f-f272-4f87-bfcc-678d4db7d356 | ITER: 66 START
2019-07-16 23:03:59.972 22832 INFO rally.task.runner [-] Task 5b27ff8f-f272-4f87-bfcc-678d4db7d356 | ITER: 51 END: OK
2019-07-16 23:03:59.975 22832 INFO rally.task.runner [-] Task 5b27ff8f-f272-4f87-bfcc-678d4db7d356 | ITER: 67 START
2019-07-16 23:04:00.012 22830 INFO rally.task.runner [-] Task 5b27ff8f-f272-4f87-bfcc-678d4db7d356 | ITER: 48 END: OK
2019-07-16 23:04:00.015 22830 INFO rally.task.runner [-] Task 5b27ff8f-f272-4f87-bfcc-678d4db7d356 | ITER: 68 START
2019-07-16 23:04:00.509 22831 INFO rally.task.runner [-] Task 5b27ff8f-f272-4f87-bfcc-678d4db7d356 | ITER: 53 END: OK
2019-07-16 23:04:00.512 22831 INFO rally.task.runner [-] Task 5b27ff8f-f272-4f87-bfcc-678d4db7d356 | ITER: 69 START
2019-07-16 23:04:00.882 22840 INFO rally.task.runner [-] Task 5b27ff8f-f272-4f87-bfcc-678d4db7d356 | ITER: 50 END: OK
2019-07-16 23:04:00.885 22840 INFO rally.task.runner [-] Task 5b27ff8f-f272-4f87-bfcc-678d4db7d356 | ITER: 70 START
2019-07-16 23:04:00.922 22865 INFO rally.task.runner [-] Task 5b27ff8f-f272-4f87-bfcc-678d4db7d356 | ITER: 52 END: OK
2019-07-16 23:04:00.926 22865 INFO rally.task.runner [-] Task 5b27ff8f-f272-4f87-bfcc-678d4db7d356 | ITER: 71 START
2019-07-16 23:04:01.371 22872 INFO rally.task.runner [-] Task 5b27ff8f-f272-4f87-bfcc-678d4db7d356 | ITER: 55 END: OK
2019-07-16 23:04:01.374 22872 INFO rally.task.runner [-] Task 5b27ff8f-f272-4f87-bfcc-678d4db7d356 | ITER: 72 START
2019-07-16 23:04:01.382 22830 INFO rally.task.runner [-] Task 5b27ff8f-f272-4f87-bfcc-678d4db7d356 | ITER: 54 END: OK
2019-07-16 23:04:01.385 22830 INFO rally.task.runner [-] Task 5b27ff8f-f272-4f87-bfcc-678d4db7d356 | ITER: 73 START
2019-07-16 23:04:01.390 22848 INFO rally.task.runner [-] Task 5b27ff8f-f272-4f87-bfcc-678d4db7d356 | ITER: 58 END: OK
2019-07-16 23:04:01.393 22848 INFO rally.task.runner [-] Task 5b27ff8f-f272-4f87-bfcc-678d4db7d356 | ITER: 74 START
2019-07-16 23:04:01.466 22835 INFO rally.task.runner [-] Task 5b27ff8f-f272-4f87-bfcc-678d4db7d356 | ITER: 56 END: OK
2019-07-16 23:04:01.469 22835 INFO rally.task.runner [-] Task 5b27ff8f-f272-4f87-bfcc-678d4db7d356 | ITER: 75 START
2019-07-16 23:04:01.990 22869 INFO rally.task.runner [-] Task 5b27ff8f-f272-4f87-bfcc-678d4db7d356 | ITER: 61 END: OK
2019-07-16 23:04:01.994 22869 INFO rally.task.runner [-] Task 5b27ff8f-f272-4f87-bfcc-678d4db7d356 | ITER: 76 START
2019-07-16 23:04:01.994 22831 INFO rally.task.runner [-] Task 5b27ff8f-f272-4f87-bfcc-678d4db7d356 | ITER: 57 END: OK
2019-07-16 23:04:01.998 22831 INFO rally.task.runner [-] Task 5b27ff8f-f272-4f87-bfcc-678d4db7d356 | ITER: 77 START
2019-07-16 23:04:02.367 22853 INFO rally.task.runner [-] Task 5b27ff8f-f272-4f87-bfcc-678d4db7d356 | ITER: 62 END: OK
2019-07-16 23:04:02.370 22853 INFO rally.task.runner [-] Task 5b27ff8f-f272-4f87-bfcc-678d4db7d356 | ITER: 78 START
2019-07-16 23:04:02.374 22833 INFO rally.task.runner [-] Task 5b27ff8f-f272-4f87-bfcc-678d4db7d356 | ITER: 60 END: OK
2019-07-16 23:04:02.377 22833 INFO rally.task.runner [-] Task 5b27ff8f-f272-4f87-bfcc-678d4db7d356 | ITER: 79 START
2019-07-16 23:04:02.609 22833 INFO rally.task.runner [-] Task 5b27ff8f-f272-4f87-bfcc-678d4db7d356 | ITER: 65 END: OK
2019-07-16 23:04:02.612 22833 INFO rally.task.runner [-] Task 5b27ff8f-f272-4f87-bfcc-678d4db7d356 | ITER: 80 START
2019-07-16 23:04:02.872 22857 INFO rally.task.runner [-] Task 5b27ff8f-f272-4f87-bfcc-678d4db7d356 | ITER: 64 END: OK
2019-07-16 23:04:02.875 22857 INFO rally.task.runner [-] Task 5b27ff8f-f272-4f87-bfcc-678d4db7d356 | ITER: 81 START
2019-07-16 23:04:02.887 22832 INFO rally.task.runner [-] Task 5b27ff8f-f272-4f87-bfcc-678d4db7d356 | ITER: 67 END: OK
2019-07-16 23:04:02.890 22832 INFO rally.task.runner [-] Task 5b27ff8f-f272-4f87-bfcc-678d4db7d356 | ITER: 82 START
2019-07-16 23:04:02.906 22832 INFO rally.task.runner [-] Task 5b27ff8f-f272-4f87-bfcc-678d4db7d356 | ITER: 59 END: OK
2019-07-16 23:04:02.909 22832 INFO rally.task.runner [-] Task 5b27ff8f-f272-4f87-bfcc-678d4db7d356 | ITER: 83 START
2019-07-16 23:04:02.952 22843 INFO rally.task.runner [-] Task 5b27ff8f-f272-4f87-bfcc-678d4db7d356 | ITER: 66 END: OK
2019-07-16 23:04:02.955 22843 INFO rally.task.runner [-] Task 5b27ff8f-f272-4f87-bfcc-678d4db7d356 | ITER: 84 START
2019-07-16 23:04:02.983 22873 INFO rally.task.runner [-] Task 5b27ff8f-f272-4f87-bfcc-678d4db7d356 | ITER: 63 END: OK
2019-07-16 23:04:02.986 22873 INFO rally.task.runner [-] Task 5b27ff8f-f272-4f87-bfcc-678d4db7d356 | ITER: 85 START
2019-07-16 23:04:03.584 22830 INFO rally.task.runner [-] Task 5b27ff8f-f272-4f87-bfcc-678d4db7d356 | ITER: 68 END: OK
2019-07-16 23:04:03.587 22830 INFO rally.task.runner [-] Task 5b27ff8f-f272-4f87-bfcc-678d4db7d356 | ITER: 86 START
2019-07-16 23:04:03.719 22831 INFO rally.task.runner [-] Task 5b27ff8f-f272-4f87-bfcc-678d4db7d356 | ITER: 69 END: OK
2019-07-16 23:04:03.722 22831 INFO rally.task.runner [-] Task 5b27ff8f-f272-4f87-bfcc-678d4db7d356 | ITER: 87 START
2019-07-16 23:04:03.947 22865 INFO rally.task.runner [-] Task 5b27ff8f-f272-4f87-bfcc-678d4db7d356 | ITER: 71 END: OK
2019-07-16 23:04:03.950 22865 INFO rally.task.runner [-] Task 5b27ff8f-f272-4f87-bfcc-678d4db7d356 | ITER: 88 START
2019-07-16 23:04:04.197 22840 INFO rally.task.runner [-] Task 5b27ff8f-f272-4f87-bfcc-678d4db7d356 | ITER: 70 END: OK
2019-07-16 23:04:04.200 22840 INFO rally.task.runner [-] Task 5b27ff8f-f272-4f87-bfcc-678d4db7d356 | ITER: 89 START
2019-07-16 23:04:04.290 22872 INFO rally.task.runner [-] Task 5b27ff8f-f272-4f87-bfcc-678d4db7d356 | ITER: 72 END: OK
2019-07-16 23:04:04.293 22872 INFO rally.task.runner [-] Task 5b27ff8f-f272-4f87-bfcc-678d4db7d356 | ITER: 90 START
2019-07-16 23:04:04.451 22831 INFO rally.task.runner [-] Task 5b27ff8f-f272-4f87-bfcc-678d4db7d356 | ITER: 77 END: OK
2019-07-16 23:04:04.453 22831 INFO rally.task.runner [-] Task 5b27ff8f-f272-4f87-bfcc-678d4db7d356 | ITER: 91 START
2019-07-16 23:04:04.618 22869 INFO rally.task.runner [-] Task 5b27ff8f-f272-4f87-bfcc-678d4db7d356 | ITER: 76 END: OK
2019-07-16 23:04:04.621 22869 INFO rally.task.runner [-] Task 5b27ff8f-f272-4f87-bfcc-678d4db7d356 | ITER: 92 START
2019-07-16 23:04:04.828 22835 INFO rally.task.runner [-] Task 5b27ff8f-f272-4f87-bfcc-678d4db7d356 | ITER: 75 END: OK
2019-07-16 23:04:04.832 22835 INFO rally.task.runner [-] Task 5b27ff8f-f272-4f87-bfcc-678d4db7d356 | ITER: 93 START
2019-07-16 23:04:05.259 22853 INFO rally.task.runner [-] Task 5b27ff8f-f272-4f87-bfcc-678d4db7d356 | ITER: 78 END: OK
2019-07-16 23:04:05.262 22853 INFO rally.task.runner [-] Task 5b27ff8f-f272-4f87-bfcc-678d4db7d356 | ITER: 94 START
2019-07-16 23:04:05.612 22848 INFO rally.task.runner [-] Task 5b27ff8f-f272-4f87-bfcc-678d4db7d356 | ITER: 74 END: OK
2019-07-16 23:04:05.615 22848 INFO rally.task.runner [-] Task 5b27ff8f-f272-4f87-bfcc-678d4db7d356 | ITER: 95 START
2019-07-16 23:04:05.645 22833 INFO rally.task.runner [-] Task 5b27ff8f-f272-4f87-bfcc-678d4db7d356 | ITER: 79 END: OK
2019-07-16 23:04:05.648 22833 INFO rally.task.runner [-] Task 5b27ff8f-f272-4f87-bfcc-678d4db7d356 | ITER: 96 START
2019-07-16 23:04:05.683 22843 INFO rally.task.runner [-] Task 5b27ff8f-f272-4f87-bfcc-678d4db7d356 | ITER: 84 END: OK
2019-07-16 23:04:05.685 22843 INFO rally.task.runner [-] Task 5b27ff8f-f272-4f87-bfcc-678d4db7d356 | ITER: 97 START
2019-07-16 23:04:05.708 22832 INFO rally.task.runner [-] Task 5b27ff8f-f272-4f87-bfcc-678d4db7d356 | ITER: 82 END: OK
2019-07-16 23:04:05.711 22832 INFO rally.task.runner [-] Task 5b27ff8f-f272-4f87-bfcc-678d4db7d356 | ITER: 98 START
2019-07-16 23:04:05.922 22833 INFO rally.task.runner [-] Task 5b27ff8f-f272-4f87-bfcc-678d4db7d356 | ITER: 80 END: OK
2019-07-16 23:04:05.926 22833 INFO rally.task.runner [-] Task 5b27ff8f-f272-4f87-bfcc-678d4db7d356 | ITER: 99 START
2019-07-16 23:04:06.026 22857 INFO rally.task.runner [-] Task 5b27ff8f-f272-4f87-bfcc-678d4db7d356 | ITER: 81 END: OK
2019-07-16 23:04:06.030 22857 INFO rally.task.runner [-] Task 5b27ff8f-f272-4f87-bfcc-678d4db7d356 | ITER: 100 START
2019-07-16 23:04:06.143 22830 INFO rally.task.runner [-] Task 5b27ff8f-f272-4f87-bfcc-678d4db7d356 | ITER: 86 END: OK
2019-07-16 23:04:06.258 22832 INFO rally.task.runner [-] Task 5b27ff8f-f272-4f87-bfcc-678d4db7d356 | ITER: 83 END: OK
2019-07-16 23:04:06.434 22830 INFO rally.task.runner [-] Task 5b27ff8f-f272-4f87-bfcc-678d4db7d356 | ITER: 73 END: OK
2019-07-16 23:04:06.715 22873 INFO rally.task.runner [-] Task 5b27ff8f-f272-4f87-bfcc-678d4db7d356 | ITER: 85 END: OK
2019-07-16 23:04:07.134 22865 INFO rally.task.runner [-] Task 5b27ff8f-f272-4f87-bfcc-678d4db7d356 | ITER: 88 END: OK
2019-07-16 23:04:07.188 22831 INFO rally.task.runner [-] Task 5b27ff8f-f272-4f87-bfcc-678d4db7d356 | ITER: 91 END: OK
2019-07-16 23:04:07.284 22872 INFO rally.task.runner [-] Task 5b27ff8f-f272-4f87-bfcc-678d4db7d356 | ITER: 90 END: OK
2019-07-16 23:04:07.326 22840 INFO rally.task.runner [-] Task 5b27ff8f-f272-4f87-bfcc-678d4db7d356 | ITER: 89 END: OK
2019-07-16 23:04:07.584 22831 INFO rally.task.runner [-] Task 5b27ff8f-f272-4f87-bfcc-678d4db7d356 | ITER: 87 END: OK
2019-07-16 23:04:08.020 22853 INFO rally.task.runner [-] Task 5b27ff8f-f272-4f87-bfcc-678d4db7d356 | ITER: 94 END: OK
2019-07-16 23:04:08.256 22869 INFO rally.task.runner [-] Task 5b27ff8f-f272-4f87-bfcc-678d4db7d356 | ITER: 92 END: OK
2019-07-16 23:04:08.335 22843 INFO rally.task.runner [-] Task 5b27ff8f-f272-4f87-bfcc-678d4db7d356 | ITER: 97 END: OK
2019-07-16 23:04:08.526 22833 INFO rally.task.runner [-] Task 5b27ff8f-f272-4f87-bfcc-678d4db7d356 | ITER: 99 END: OK
2019-07-16 23:04:08.610 22835 INFO rally.task.runner [-] Task 5b27ff8f-f272-4f87-bfcc-678d4db7d356 | ITER: 93 END: OK
2019-07-16 23:04:08.842 22848 INFO rally.task.runner [-] Task 5b27ff8f-f272-4f87-bfcc-678d4db7d356 | ITER: 95 END: OK
2019-07-16 23:04:09.085 22857 INFO rally.task.runner [-] Task 5b27ff8f-f272-4f87-bfcc-678d4db7d356 | ITER: 100 END: OK
2019-07-16 23:04:09.317 22833 INFO rally.task.runner [-] Task 5b27ff8f-f272-4f87-bfcc-678d4db7d356 | ITER: 96 END: OK
2019-07-16 23:04:09.817 22832 INFO rally.task.runner [-] Task 5b27ff8f-f272-4f87-bfcc-678d4db7d356 | ITER: 98 END: OK
2019-07-16 23:04:09.843 22706 INFO rally.task.context [-] Task 5b27ff8f-f272-4f87-bfcc-678d4db7d356 | Context cleanup@openstack cleanup() started
2019-07-16 23:04:09.845 22706 RALLYDEBUG rally_openstack.cleanup.manager [-] Cleaning up neutron vip objects
2019-07-16 23:04:10.688 22706 RALLYDEBUG rally_openstack.cleanup.manager [-] Cleaning up neutron health_monitor objects
2019-07-16 23:04:11.352 22706 RALLYDEBUG rally_openstack.cleanup.manager [-] Cleaning up neutron pool objects
2019-07-16 23:04:12.084 22706 RALLYDEBUG rally_openstack.cleanup.manager [-] Cleaning up neutron loadbalancer objects
2019-07-16 23:04:12.739 22706 RALLYDEBUG rally_openstack.cleanup.manager [-] Cleaning up neutron floatingip objects
2019-07-16 23:04:13.420 22706 RALLYDEBUG rally_openstack.cleanup.manager [-] Cleaning up neutron port objects
2019-07-16 23:04:14.629 22706 RALLYDEBUG rally_openstack.cleanup.manager [-] Cleaning up neutron subnet objects
2019-07-16 23:04:15.403 22706 RALLYDEBUG rally_openstack.cleanup.manager [-] Cleaning up neutron network objects
2019-07-16 23:04:16.708 22706 RALLYDEBUG rally_openstack.cleanup.manager [-] Deleting neutron.network object s_rally_841d709b_Y7aEpVHi (00d58dd0-5809-486e-8d04-8d7483cea258)
2019-07-16 23:04:16.714 22706 RALLYDEBUG rally_openstack.cleanup.manager [-] Deleting neutron.network object s_rally_841d709b_0nXXVo4B (09e2f042-bc65-40fd-a984-dbc1b8d7577c)
2019-07-16 23:04:16.719 22706 RALLYDEBUG rally_openstack.cleanup.manager [-] Deleting neutron.network object s_rally_841d709b_bHbT0Bmq (0bc200ae-8b81-4b67-8aa0-9ac7b92ad38d)
2019-07-16 23:04:16.725 22706 RALLYDEBUG rally_openstack.cleanup.manager [-] Deleting neutron.network object s_rally_841d709b_i2Lry3Wi (135c2055-5e03-44cb-9ad5-9984852f4a6e)
2019-07-16 23:04:16.736 22706 RALLYDEBUG rally_openstack.cleanup.manager [-] Deleting neutron.network object s_rally_841d709b_6KcCC70U (1599357c-7403-4150-9180-30ba71c7ed32)
2019-07-16 23:04:16.748 22706 RALLYDEBUG rally_openstack.cleanup.manager [-] Deleting neutron.network object s_rally_841d709b_Sj1gqDUI (1743624f-2e8b-41ee-8dae-cb105e312d58)
2019-07-16 23:04:16.750 22706 RALLYDEBUG rally_openstack.cleanup.manager [-] Deleting neutron.network object s_rally_841d709b_yyb3tkjn (18d577cc-02da-4e97-ac87-bb33d798ddc5)
2019-07-16 23:04:16.765 22706 RALLYDEBUG rally_openstack.cleanup.manager [-] Deleting neutron.network object s_rally_841d709b_v8WvoiZF (18dcad30-bc2d-4166-9214-2bcfbc37413c)
2019-07-16 23:04:16.772 22706 RALLYDEBUG rally_openstack.cleanup.manager [-] Deleting neutron.network object s_rally_841d709b_1J3qPGDg (1a54cc40-2f66-457d-96fd-a06db28a35b5)
2019-07-16 23:04:16.786 22706 RALLYDEBUG rally_openstack.cleanup.manager [-] Deleting neutron.network object s_rally_841d709b_YG4fQopE (1aceca09-43c2-4086-8e85-6d8ef88f99a0)
2019-07-16 23:04:16.795 22706 RALLYDEBUG rally_openstack.cleanup.manager [-] Deleting neutron.network object s_rally_841d709b_P1vqk5vo (1c5a67b7-5f31-4b32-b59e-f2767686cce5)
2019-07-16 23:04:16.804 22706 RALLYDEBUG rally_openstack.cleanup.manager [-] Deleting neutron.network object s_rally_841d709b_kxobjgUQ (2953e32f-c68b-4a89-b43a-5407b60bd29f)
2019-07-16 23:04:16.821 22706 RALLYDEBUG rally_openstack.cleanup.manager [-] Deleting neutron.network object s_rally_841d709b_XNxbf0N9 (29d000a4-02c5-497a-988c-77f767995add)
2019-07-16 23:04:16.829 22706 RALLYDEBUG rally_openstack.cleanup.manager [-] Deleting neutron.network object s_rally_841d709b_28yaMr0c (2a7661af-01e8-41d6-aeed-c99770894437)
2019-07-16 23:04:16.842 22706 RALLYDEBUG rally_openstack.cleanup.manager [-] Deleting neutron.network object s_rally_841d709b_9CGeaTpM (2b88277f-475a-4073-92b4-39ed4719d9b6)
2019-07-16 23:04:16.853 22706 RALLYDEBUG rally_openstack.cleanup.manager [-] Deleting neutron.network object s_rally_841d709b_rnl8bKdr (33cd60a2-9333-4e55-8533-35237b11d664)
2019-07-16 23:04:16.854 22706 RALLYDEBUG rally_openstack.cleanup.manager [-] Deleting neutron.network object s_rally_841d709b_2Oh91UX5 (3080bad3-eb82-4b50-ab77-53a002d03eb0)
2019-07-16 23:04:16.870 22706 RALLYDEBUG rally_openstack.cleanup.manager [-] Deleting neutron.network object s_rally_841d709b_7TvI7wR2 (37871d08-c9d9-4ab4-97bc-a69227fe0d4d)
2019-07-16 23:04:16.886 22706 RALLYDEBUG rally_openstack.cleanup.manager [-] Deleting neutron.network object s_rally_841d709b_G9wlNW9v (3996ac6b-f005-4b5b-8c33-0dff14a83c8e)
2019-07-16 23:04:16.886 22706 RALLYDEBUG rally_openstack.cleanup.manager [-] Deleting neutron.network object s_rally_841d709b_Vm2Uar9n (3d586d1b-45a5-4a0a-bfc1-7126ce4482af)
2019-07-16 23:04:20.084 22706 RALLYDEBUG rally_openstack.cleanup.manager [-] Deleting neutron.network object s_rally_841d709b_mRTJCa4U (3dd9e7e5-a566-4cb2-9698-d4f6e34ba0bb)
2019-07-16 23:04:20.329 22706 RALLYDEBUG rally_openstack.cleanup.manager [-] Deleting neutron.network object s_rally_841d709b_XbY0abh0 (3e65884b-c4d5-4840-a021-efcbbd7b11be)
2019-07-16 23:04:20.439 22706 RALLYDEBUG rally_openstack.cleanup.manager [-] Deleting neutron.network object s_rally_841d709b_j55jiqmV (3fb03196-1648-4948-a0bd-e4536773013b)
2019-07-16 23:04:20.579 22706 RALLYDEBUG rally_openstack.cleanup.manager [-] Deleting neutron.network object s_rally_841d709b_kg5T5HWC (4055bf2b-3bc9-46d2-b77b-0135a5b3bd7c)
2019-07-16 23:04:20.642 22706 RALLYDEBUG rally_openstack.cleanup.manager [-] Deleting neutron.network object s_rally_841d709b_bRznE564 (451c9657-46e6-40b2-a84a-e5f33f5b8dd0)
2019-07-16 23:04:20.685 22706 RALLYDEBUG rally_openstack.cleanup.manager [-] Deleting neutron.network object s_rally_841d709b_UE2JpiOO (46b00630-7248-4866-b696-cc8bfd827999)
2019-07-16 23:04:20.745 22706 RALLYDEBUG rally_openstack.cleanup.manager [-] Deleting neutron.network object s_rally_841d709b_RsNn9Lnn (4982ea6d-1b12-4abf-b8e0-e3e7ab162dda)
2019-07-16 23:04:21.513 22706 RALLYDEBUG rally_openstack.cleanup.manager [-] Deleting neutron.network object s_rally_841d709b_YXOqN2ea (4ee8789f-4ca2-4ee9-94c0-d248825cd2c3)
2019-07-16 23:04:21.604 22706 RALLYDEBUG rally_openstack.cleanup.manager [-] Deleting neutron.network object s_rally_841d709b_X0P0TSiO (50a8bd61-f407-4917-ac4d-ba820bc59847)
2019-07-16 23:04:21.623 22706 RALLYDEBUG rally_openstack.cleanup.manager [-] Deleting neutron.network object s_rally_841d709b_XrPG3csC (513ddb43-bf6f-4d8b-8ffa-ee6ac1bc90c5)
2019-07-16 23:04:21.679 22706 RALLYDEBUG rally_openstack.cleanup.manager [-] Deleting neutron.network object s_rally_841d709b_oQRi88Us (52631b7b-9d11-4709-b38a-08dcb5e748b6)
2019-07-16 23:04:21.699 22706 RALLYDEBUG rally_openstack.cleanup.manager [-] Deleting neutron.network object s_rally_841d709b_APPr0KeZ (558e89f3-e24f-4304-8c72-0080868be5ae)
2019-07-16 23:04:21.711 22706 RALLYDEBUG rally_openstack.cleanup.manager [-] Deleting neutron.network object s_rally_841d709b_yrzSar3a (5946efa3-21dc-48be-beaf-240ab3d8b1a5)
2019-07-16 23:04:21.741 22706 RALLYDEBUG rally_openstack.cleanup.manager [-] Deleting neutron.network object s_rally_841d709b_M2xQS9mV (5c91f9bd-f94c-4a2b-9c49-ef4085f63b58)
2019-07-16 23:04:21.745 22706 RALLYDEBUG rally_openstack.cleanup.manager [-] Deleting neutron.network object s_rally_841d709b_s4tJa6eb (5fe530c7-942b-46d8-acac-d958a859319d)
2019-07-16 23:04:21.866 22706 RALLYDEBUG rally_openstack.cleanup.manager [-] Deleting neutron.network object s_rally_841d709b_2p8sf95j (62317503-7d89-4380-850f-94df21f7a9cb)
2019-07-16 23:04:21.867 22706 RALLYDEBUG rally_openstack.cleanup.manager [-] Deleting neutron.network object s_rally_841d709b_3vUtNcA7 (60093faa-dca7-4235-9445-47f038341cbc)
2019-07-16 23:04:22.959 22706 RALLYDEBUG rally_openstack.cleanup.manager [-] Deleting neutron.network object s_rally_841d709b_EMeqsPyl (6245a5d1-0266-4db2-925e-586e98de8439)
2019-07-16 23:04:22.963 22706 RALLYDEBUG rally_openstack.cleanup.manager [-] Deleting neutron.network object s_rally_841d709b_naSnYjdE (65e380f0-9cbd-4fd8-af74-7ce313bd96cd)
2019-07-16 23:04:23.016 22706 RALLYDEBUG rally_openstack.cleanup.manager [-] Deleting neutron.network object s_rally_841d709b_QPN2wSMx (68a09cc0-9ccb-4440-a511-017d36271acc)
2019-07-16 23:04:23.309 22706 RALLYDEBUG rally_openstack.cleanup.manager [-] Deleting neutron.network object s_rally_841d709b_cocPcTuA (6bf2307f-fafc-4c34-a9a5-0aa93f0184dd)
2019-07-16 23:04:23.354 22706 RALLYDEBUG rally_openstack.cleanup.manager [-] Deleting neutron.network object s_rally_841d709b_HX7EglDG (6d525fd6-73fc-4595-8212-84de5b97ddc2)
2019-07-16 23:04:23.546 22706 RALLYDEBUG rally_openstack.cleanup.manager [-] Deleting neutron.network object s_rally_841d709b_5YZhFTpA (6dfb51da-9554-42c9-aed0-bb905731259c)
2019-07-16 23:04:23.726 22706 RALLYDEBUG rally_openstack.cleanup.manager [-] Deleting neutron.network object s_rally_841d709b_ohaJf8Qq (6e87dc63-70ad-416e-9132-9cca8d8635fa)
2019-07-16 23:04:23.811 22706 RALLYDEBUG rally_openstack.cleanup.manager [-] Deleting neutron.network object s_rally_841d709b_HQQ6thkx (74db52a1-d30a-4aa0-809a-8dea07d74a8f)
2019-07-16 23:04:23.834 22706 RALLYDEBUG rally_openstack.cleanup.manager [-] Deleting neutron.network object s_rally_841d709b_scZomEwD (79310552-1b1b-4426-bee8-3d0cd4baeb6d)
2019-07-16 23:04:23.951 22706 RALLYDEBUG rally_openstack.cleanup.manager [-] Deleting neutron.network object s_rally_841d709b_DrBpHBl0 (865762e9-544d-4eaf-b47a-32716cef4718)
2019-07-16 23:04:24.679 22706 RALLYDEBUG rally_openstack.cleanup.manager [-] Deleting neutron.network object s_rally_841d709b_WxTMrrdc (891d2524-8b7d-4f9a-a860-fc80975833eb)
2019-07-16 23:04:25.054 22706 RALLYDEBUG rally_openstack.cleanup.manager [-] Deleting neutron.network object s_rally_841d709b_rsowP2VZ (90e2fc69-141f-46e4-bf2e-67be38daa76c)
2019-07-16 23:04:25.099 22706 RALLYDEBUG rally_openstack.cleanup.manager [-] Deleting neutron.network object s_rally_841d709b_jlOBeqzI (9c41cb42-7afa-4142-ba20-bab52e67f6df)
2019-07-16 23:04:25.117 22706 RALLYDEBUG rally_openstack.cleanup.manager [-] Deleting neutron.network object s_rally_841d709b_sscTwfRx (9cab5387-06ae-4a88-895e-78032babeb43)
2019-07-16 23:04:25.141 22706 RALLYDEBUG rally_openstack.cleanup.manager [-] Deleting neutron.network object s_rally_841d709b_fgDB8Iw1 (9e3e3ba1-4824-4749-a669-78e820f6bf71)
2019-07-16 23:04:25.288 22706 RALLYDEBUG rally_openstack.cleanup.manager [-] Deleting neutron.network object s_rally_841d709b_noqhp8C3 (9eb1a744-f8a3-4dab-a4c4-994ab5e493e9)
2019-07-16 23:04:26.072 22706 RALLYDEBUG rally_openstack.cleanup.manager [-] Deleting neutron.network object s_rally_841d709b_29WlKMvU (a02faa21-6a0b-45d5-a6da-f67d82ad433e)
2019-07-16 23:04:26.128 22706 RALLYDEBUG rally_openstack.cleanup.manager [-] Deleting neutron.network object s_rally_841d709b_1XnMMjOF (a1e2e48c-cb6a-4eef-8f67-19637100ed20)
2019-07-16 23:04:26.139 22706 RALLYDEBUG rally_openstack.cleanup.manager [-] Deleting neutron.network object s_rally_841d709b_IGSn26bt (a3f02a85-81f2-4466-b081-616f6e556586)
2019-07-16 23:04:26.206 22706 RALLYDEBUG rally_openstack.cleanup.manager [-] Deleting neutron.network object s_rally_841d709b_JTb8eqc1 (a7a11a60-15a5-46c5-a369-357c10fdab96)
2019-07-16 23:04:26.225 22706 RALLYDEBUG rally_openstack.cleanup.manager [-] Deleting neutron.network object s_rally_841d709b_0ihxAedh (abf09d73-5c45-4194-bb19-0208a5d1a8a8)
2019-07-16 23:04:26.281 22706 RALLYDEBUG rally_openstack.cleanup.manager [-] Deleting neutron.network object s_rally_841d709b_vdmQdxzb (aca1720d-32aa-421c-8637-321bbc29511a)
2019-07-16 23:04:26.366 22706 RALLYDEBUG rally_openstack.cleanup.manager [-] Deleting neutron.network object s_rally_841d709b_1mUx5Ndf (ae1cb053-8d6e-4103-b068-d8b49b17d757)
2019-07-16 23:04:26.506 22706 RALLYDEBUG rally_openstack.cleanup.manager [-] Deleting neutron.network object s_rally_841d709b_1aSI2rtG (aecf46d8-20fb-4c62-ad32-2018b323da3c)
2019-07-16 23:04:26.631 22706 RALLYDEBUG rally_openstack.cleanup.manager [-] Deleting neutron.network object s_rally_841d709b_4zl6vFxU (afe01210-7105-4fcc-bb8a-b9be8d93a44a)
2019-07-16 23:04:26.938 22706 RALLYDEBUG rally_openstack.cleanup.manager [-] Deleting neutron.network object s_rally_841d709b_nqk9Dnr5 (b184a3fb-4da0-48a1-8a5e-4d17e934cc77)
2019-07-16 23:04:26.953 22706 RALLYDEBUG rally_openstack.cleanup.manager [-] Deleting neutron.network object s_rally_841d709b_4iUeMMHf (b19781a2-6db6-49c8-8c3c-058541a26d22)
2019-07-16 23:04:27.044 22706 RALLYDEBUG rally_openstack.cleanup.manager [-] Deleting neutron.network object s_rally_841d709b_Q94f1yEd (b1e09b35-652d-46b1-9800-8f3ada3821cc)
2019-07-16 23:04:27.094 22706 RALLYDEBUG rally_openstack.cleanup.manager [-] Deleting neutron.network object s_rally_841d709b_OYCDkweA (b6992335-0364-4707-89f3-4c17600d5c39)
2019-07-16 23:04:27.258 22706 RALLYDEBUG rally_openstack.cleanup.manager [-] Deleting neutron.network object s_rally_841d709b_wtjriDJl (b6e4ab5e-78e5-4caa-a3a1-3047df3a7227)
2019-07-16 23:04:27.990 22706 RALLYDEBUG rally_openstack.cleanup.manager [-] Deleting neutron.network object s_rally_841d709b_Qgm6bdM8 (bcb5a5ab-b536-4dc3-9515-be4a75d2bab6)
2019-07-16 23:04:28.062 22706 RALLYDEBUG rally_openstack.cleanup.manager [-] Deleting neutron.network object s_rally_841d709b_2nGt9Z4e (bfd4d788-e6ca-43ca-a7b6-cd8877aad652)
2019-07-16 23:04:28.471 22706 RALLYDEBUG rally_openstack.cleanup.manager [-] Deleting neutron.network object s_rally_841d709b_ILKa052K (c199ad31-0d4b-4752-8fe5-c83f319e435f)
2019-07-16 23:04:28.587 22706 RALLYDEBUG rally_openstack.cleanup.manager [-] Deleting neutron.network object s_rally_841d709b_t3mPGKwA (c369f4b1-345c-43b5-a02b-eeeec3a1d55b)
2019-07-16 23:04:28.622 22706 RALLYDEBUG rally_openstack.cleanup.manager [-] Deleting neutron.network object s_rally_841d709b_s1Z3BaeP (c5efd3d7-2c3c-4ad3-9506-05dc97380725)
2019-07-16 23:04:29.053 22706 RALLYDEBUG rally_openstack.cleanup.manager [-] Deleting neutron.network object s_rally_841d709b_tQpfsJlC (ce86e84d-2d81-4441-a967-9ae97d83342d)
2019-07-16 23:04:29.285 22706 RALLYDEBUG rally_openstack.cleanup.manager [-] Deleting neutron.network object s_rally_841d709b_VOvczW8c (d216fe90-865a-40ed-8418-881072acb4b9)
2019-07-16 23:04:29.533 22706 RALLYDEBUG rally_openstack.cleanup.manager [-] Deleting neutron.network object s_rally_841d709b_CrVsLthp (d40b3795-e20a-4a54-84aa-22849bcc621e)
2019-07-16 23:04:29.583 22706 RALLYDEBUG rally_openstack.cleanup.manager [-] Deleting neutron.network object s_rally_841d709b_0QiKdZ6P (d52d559a-27f0-441a-9485-e36886280325)
2019-07-16 23:04:29.673 22706 RALLYDEBUG rally_openstack.cleanup.manager [-] Deleting neutron.network object s_rally_841d709b_R62GvZ9B (d5c93434-0fab-4e26-ae1f-f3135be207af)
2019-07-16 23:04:29.708 22706 RALLYDEBUG rally_openstack.cleanup.manager [-] Deleting neutron.network object s_rally_841d709b_0BRa4hki (d799ab91-976f-46a0-b13d-a157b6773878)
2019-07-16 23:04:29.850 22706 RALLYDEBUG rally_openstack.cleanup.manager [-] Deleting neutron.network object s_rally_841d709b_rexTSkmG (d964dcae-571e-47f9-b1f6-e7c23b20f999)
2019-07-16 23:04:29.854 22706 RALLYDEBUG rally_openstack.cleanup.manager [-] Deleting neutron.network object s_rally_841d709b_1QWpL1fu (da5284cc-b9f0-4c7e-ad5a-db16c5eeb4c8)
2019-07-16 23:04:30.458 22706 RALLYDEBUG rally_openstack.cleanup.manager [-] Deleting neutron.network object s_rally_841d709b_a03BVSvd (deeaa7a4-fcd7-4af8-a561-0dd937f2058b)
2019-07-16 23:04:30.497 22706 RALLYDEBUG rally_openstack.cleanup.manager [-] Deleting neutron.network object s_rally_841d709b_INhnJ9Oe (e193ffe7-380f-45db-9c9d-894bc3796ea9)
2019-07-16 23:04:30.671 22706 RALLYDEBUG rally_openstack.cleanup.manager [-] Deleting neutron.network object s_rally_841d709b_h96EuGf5 (e1eab50d-b3b7-499c-b928-48080d4e6294)
2019-07-16 23:04:30.732 22706 RALLYDEBUG rally_openstack.cleanup.manager [-] Deleting neutron.network object s_rally_841d709b_Jfue08As (e3d38ebc-13a2-428c-ab99-f37b49b5456c)
2019-07-16 23:04:30.894 22706 RALLYDEBUG rally_openstack.cleanup.manager [-] Deleting neutron.network object s_rally_841d709b_5dSQcO75 (e6abe602-9614-497e-8ebd-1b47cacfba30)
2019-07-16 23:04:30.982 22706 RALLYDEBUG rally_openstack.cleanup.manager [-] Deleting neutron.network object s_rally_841d709b_QevY6T2x (ed8cbd57-9a22-40dc-a8eb-c2755b62f3e8)
2019-07-16 23:04:31.227 22706 RALLYDEBUG rally_openstack.cleanup.manager [-] Deleting neutron.network object s_rally_841d709b_ePbnnGYj (ef1d8847-6813-4387-9bed-07abfc1018e6)
2019-07-16 23:04:31.331 22706 RALLYDEBUG rally_openstack.cleanup.manager [-] Deleting neutron.network object s_rally_841d709b_dC3JqDqK (f16c782b-0842-4997-ac2f-2fa534b8f545)
2019-07-16 23:04:31.358 22706 RALLYDEBUG rally_openstack.cleanup.manager [-] Deleting neutron.network object s_rally_841d709b_N5DdHeJK (f2959133-2c21-45e2-bc3a-99fb9964014c)
2019-07-16 23:04:31.862 22706 RALLYDEBUG rally_openstack.cleanup.manager [-] Deleting neutron.network object s_rally_841d709b_QZZtopCF (f2f4c8d5-336a-438a-911a-53ab08b8595c)
2019-07-16 23:04:31.910 22706 RALLYDEBUG rally_openstack.cleanup.manager [-] Deleting neutron.network object s_rally_841d709b_7sH7wzGP (f58690e6-0a83-4dc3-80ef-4483ae8a5b8d)
2019-07-16 23:04:31.919 22706 RALLYDEBUG rally_openstack.cleanup.manager [-] Deleting neutron.network object s_rally_841d709b_UmnIqgBC (f6c39a6e-7a9a-44f6-9712-8616c6d9e76a)
2019-07-16 23:04:32.345 22706 RALLYDEBUG rally_openstack.cleanup.manager [-] Deleting neutron.network object s_rally_841d709b_v3wxCQ4o (f804b4b5-51a5-45db-9585-4a90ebc542e0)
2019-07-16 23:04:32.406 22706 RALLYDEBUG rally_openstack.cleanup.manager [-] Deleting neutron.network object s_rally_841d709b_QAG9mdLF (fa8f1255-6f13-4fa0-bc9b-24a0ea3dde51)
2019-07-16 23:04:32.654 22706 RALLYDEBUG rally_openstack.cleanup.manager [-] Deleting neutron.network object s_rally_841d709b_P60n22y1 (faf7f8a5-4233-4bb4-ba49-bbe66ae7388d)
2019-07-16 23:04:33.067 22706 RALLYDEBUG rally_openstack.cleanup.manager [-] Deleting neutron.network object s_rally_841d709b_TqfoUYfj (fb0c2b19-dd50-45af-8a2c-ba436220369c)
2019-07-16 23:04:33.093 22706 RALLYDEBUG rally_openstack.cleanup.manager [-] Deleting neutron.network object s_rally_841d709b_kp1zn5go (fbd879c4-51c7-4784-b789-5609f479510f)
2019-07-16 23:04:33.286 22706 RALLYDEBUG rally_openstack.cleanup.manager [-] Deleting neutron.network object s_rally_841d709b_gtM50Xud (fc62c645-281b-4624-baaa-662f1538971d)
