2019-07-16 23:09:42.570 24803 INFO rally.task.runner [-] Task 5b27ff8f-f272-4f87-bfcc-678d4db7d356 | ITER: 10 START
2019-07-16 23:09:42.571 24797 INFO rally.task.runner [-] Task 5b27ff8f-f272-4f87-bfcc-678d4db7d356 | ITER: 7 START
2019-07-16 23:09:42.569 24800 WARNING rally_openstack.scenarios.neutron.utils [-] Running this scenario without either the 'network' or 'existing_network' context is deprecated
2019-07-16 23:09:42.571 24797 WARNING rally_openstack.scenarios.neutron.utils [-] Running this scenario without either the 'network' or 'existing_network' context is deprecated
2019-07-16 23:09:42.572 24803 WARNING rally_openstack.scenarios.neutron.utils [-] Running this scenario without either the 'network' or 'existing_network' context is deprecated
2019-07-16 23:09:42.572 24796 INFO rally.task.runner [-] Task 5b27ff8f-f272-4f87-bfcc-678d4db7d356 | ITER: 5 START
2019-07-16 23:09:42.574 24796 WARNING rally_openstack.scenarios.neutron.utils [-] Running this scenario without either the 'network' or 'existing_network' context is deprecated
2019-07-16 23:09:42.574 24808 INFO rally.task.runner [-] Task 5b27ff8f-f272-4f87-bfcc-678d4db7d356 | ITER: 11 START
2019-07-16 23:09:42.575 24811 INFO rally.task.runner [-] Task 5b27ff8f-f272-4f87-bfcc-678d4db7d356 | ITER: 12 START
2019-07-16 23:09:42.575 24818 RALLYDEBUG rally.task.runner [-] Starting a worker. concurrency: 1 args: {"network_create_args": {}, "subnet_create_args": {}, "subnet_cidr_start": "1.1.0.0/30", "subnets_per_network": 2} times: 40 method_name: run timeout: 0 duration: None cls:
2019-07-16 23:09:42.576 24808 WARNING rally_openstack.scenarios.neutron.utils [-] Running this scenario without either the 'network' or 'existing_network' context is deprecated
2019-07-16 23:09:42.568 24798 INFO rally.task.runner [-] Task 5b27ff8f-f272-4f87-bfcc-678d4db7d356 | ITER: 8 START
2019-07-16 23:09:42.577 24811 WARNING rally_openstack.scenarios.neutron.utils [-] Running this scenario without either the 'network' or 'existing_network' context is deprecated
2019-07-16 23:09:42.577 24798 WARNING rally_openstack.scenarios.neutron.utils [-] Running this scenario without either the 'network' or 'existing_network' context is deprecated
2019-07-16 23:09:42.577 24821 RALLYDEBUG rally.task.runner [-] Starting a worker. concurrency: 1 args: {"network_create_args": {}, "subnet_create_args": {}, "subnet_cidr_start": "1.1.0.0/30", "subnets_per_network": 2} times: 40 method_name: run timeout: 0 duration: None cls:
2019-07-16 23:09:42.581 24818 INFO rally.task.runner [-] Task 5b27ff8f-f272-4f87-bfcc-678d4db7d356 | ITER: 13 START
2019-07-16 23:09:42.584 24818 WARNING rally_openstack.scenarios.neutron.utils [-] Running this scenario without either the 'network' or 'existing_network' context is deprecated
2019-07-16 23:09:42.586 24814 RALLYDEBUG rally.task.runner [-] Starting a worker. concurrency: 1 args: {"network_create_args": {}, "subnet_create_args": {}, "subnet_cidr_start": "1.1.0.0/30", "subnets_per_network": 2} times: 40 method_name: run timeout: 0 duration: None cls:
2019-07-16 23:09:42.587 24821 INFO rally.task.runner [-] Task 5b27ff8f-f272-4f87-bfcc-678d4db7d356 | ITER: 14 START
2019-07-16 23:09:42.589 24821 WARNING rally_openstack.scenarios.neutron.utils [-] Running this scenario without either the 'network' or 'existing_network' context is deprecated
2019-07-16 23:09:42.589 24826 RALLYDEBUG rally.task.runner [-] Starting a worker. concurrency: 1 args: {"network_create_args": {}, "subnet_create_args": {}, "subnet_cidr_start": "1.1.0.0/30", "subnets_per_network": 2} times: 40 method_name: run timeout: 0 duration: None cls:
2019-07-16 23:09:42.590 24831 RALLYDEBUG rally.task.runner [-] Starting a worker. concurrency: 1 args: {"network_create_args": {}, "subnet_create_args": {}, "subnet_cidr_start": "1.1.0.0/30", "subnets_per_network": 2} times: 40 method_name: run timeout: 0 duration: None cls:
2019-07-16 23:09:42.592 24814 INFO rally.task.runner [-] Task 5b27ff8f-f272-4f87-bfcc-678d4db7d356 | ITER: 15 START
2019-07-16 23:09:42.594 24814 WARNING rally_openstack.scenarios.neutron.utils [-] Running this scenario without either the 'network' or 'existing_network' context is deprecated
2019-07-16 23:09:42.596 24831 INFO rally.task.runner [-] Task 5b27ff8f-f272-4f87-bfcc-678d4db7d356 | ITER: 17 START
2019-07-16 23:09:42.597 24826 INFO rally.task.runner [-] Task 5b27ff8f-f272-4f87-bfcc-678d4db7d356 | ITER: 16 START
2019-07-16 23:09:42.598 24831 WARNING rally_openstack.scenarios.neutron.utils [-] Running this scenario without either the 'network' or 'existing_network' context is deprecated
2019-07-16 23:09:42.599 24826 WARNING rally_openstack.scenarios.neutron.utils [-] Running this scenario without either the 'network' or 'existing_network' context is deprecated
2019-07-16 23:09:42.604 24838 RALLYDEBUG rally.task.runner [-] Starting a worker. concurrency: 1 args: {"network_create_args": {}, "subnet_create_args": {}, "subnet_cidr_start": "1.1.0.0/30", "subnets_per_network": 2} times: 40 method_name: run timeout: 0 duration: None cls:
2019-07-16 23:09:42.611 24838 INFO rally.task.runner [-] Task 5b27ff8f-f272-4f87-bfcc-678d4db7d356 | ITER: 18 START
2019-07-16 23:09:42.612 24838 WARNING rally_openstack.scenarios.neutron.utils [-] Running this scenario without either the 'network' or 'existing_network' context is deprecated
2019-07-16 23:09:42.619 24841 RALLYDEBUG rally.task.runner [-] Starting a worker. concurrency: 1 args: {"network_create_args": {}, "subnet_create_args": {}, "subnet_cidr_start": "1.1.0.0/30", "subnets_per_network": 2} times: 40 method_name: run timeout: 0 duration: None cls:
2019-07-16 23:09:42.623 24842 RALLYDEBUG rally.task.runner [-] Starting a worker. concurrency: 1 args: {"network_create_args": {}, "subnet_create_args": {}, "subnet_cidr_start": "1.1.0.0/30", "subnets_per_network": 2} times: 40 method_name: run timeout: 0 duration: None cls:
2019-07-16 23:09:42.624 24841 INFO rally.task.runner [-] Task 5b27ff8f-f272-4f87-bfcc-678d4db7d356 | ITER: 19 START
2019-07-16 23:09:42.625 24841 WARNING rally_openstack.scenarios.neutron.utils [-] Running this scenario without either the 'network' or 'existing_network' context is deprecated
2019-07-16 23:09:42.627 24842 INFO rally.task.runner [-] Task 5b27ff8f-f272-4f87-bfcc-678d4db7d356 | ITER: 20 START
2019-07-16 23:09:42.628 24842 WARNING rally_openstack.scenarios.neutron.utils [-] Running this scenario without either the 'network' or 'existing_network' context is deprecated
2019-07-16 23:09:45.184 24811 RALLYDEBUG rally_openstack.wrappers.network [-] CIDR generated: 1.1.4.96/30
2019-07-16 23:09:45.339 24797 RALLYDEBUG rally_openstack.wrappers.network [-] CIDR generated: 1.1.4.100/30
2019-07-16 23:09:45.405 24800 RALLYDEBUG rally_openstack.wrappers.network [-] CIDR generated: 1.1.4.104/30
2019-07-16 23:09:45.451 24826 RALLYDEBUG rally_openstack.wrappers.network [-] CIDR generated: 1.1.4.108/30
2019-07-16 23:09:45.544 24842 RALLYDEBUG rally_openstack.wrappers.network [-] CIDR generated: 1.1.4.112/30
2019-07-16 23:09:45.614 24796 RALLYDEBUG rally_openstack.wrappers.network [-] CIDR generated: 1.1.4.116/30
2019-07-16 23:09:45.661 24797 RALLYDEBUG rally_openstack.wrappers.network [-] CIDR generated: 1.1.4.120/30
2019-07-16 23:09:45.686 24795 RALLYDEBUG rally_openstack.wrappers.network [-] CIDR generated: 1.1.4.124/30
2019-07-16 23:09:45.758 24795 RALLYDEBUG rally_openstack.wrappers.network [-] CIDR generated: 1.1.4.128/30
2019-07-16 23:09:46.057 24831 RALLYDEBUG rally_openstack.wrappers.network [-] CIDR generated: 1.1.4.132/30
2019-07-16 23:09:46.279 24808 RALLYDEBUG rally_openstack.wrappers.network [-] CIDR generated: 1.1.4.136/30
2019-07-16 23:09:46.301 24803 RALLYDEBUG rally_openstack.wrappers.network [-] CIDR generated: 1.1.4.140/30
2019-07-16 23:09:46.969 24838 RALLYDEBUG rally_openstack.wrappers.network [-] CIDR generated: 1.1.4.144/30
2019-07-16 23:09:47.212 24796 RALLYDEBUG rally_openstack.wrappers.network [-] CIDR generated: 1.1.4.148/30
2019-07-16 23:09:47.464 24826 RALLYDEBUG rally_openstack.wrappers.network [-] CIDR generated: 1.1.4.152/30
2019-07-16 23:09:47.580 24818 RALLYDEBUG rally_openstack.wrappers.network [-] CIDR generated: 1.1.4.156/30
2019-07-16 23:09:47.590 24821 RALLYDEBUG rally_openstack.wrappers.network [-] CIDR generated: 1.1.4.160/30
2019-07-16 23:09:47.644 24814 RALLYDEBUG rally_openstack.wrappers.network [-] CIDR generated: 1.1.4.164/30
2019-07-16 23:09:47.728 24798 RALLYDEBUG rally_openstack.wrappers.network [-] CIDR generated: 1.1.4.168/30
2019-07-16 23:09:47.734 24841 RALLYDEBUG rally_openstack.wrappers.network [-] CIDR generated: 1.1.4.172/30
2019-07-16 23:09:47.760 24796 RALLYDEBUG rally_openstack.wrappers.network [-] CIDR generated: 1.1.4.176/30
2019-07-16 23:09:47.781 24811 RALLYDEBUG rally_openstack.wrappers.network [-] CIDR generated: 1.1.4.180/30
2019-07-16 23:09:47.880 24798 RALLYDEBUG rally_openstack.wrappers.network [-] CIDR generated: 1.1.4.184/30
2019-07-16 23:09:48.028 24800 RALLYDEBUG rally_openstack.wrappers.network [-] CIDR generated: 1.1.4.188/30
2019-07-16 23:09:48.135 24795 RALLYDEBUG rally_openstack.wrappers.network [-] CIDR generated: 1.1.4.192/30
2019-07-16 23:09:48.159 24797 RALLYDEBUG rally_openstack.wrappers.network [-] CIDR generated: 1.1.4.196/30
2019-07-16 23:09:48.346 24795 RALLYDEBUG rally_openstack.wrappers.network [-] CIDR generated: 1.1.4.200/30
2019-07-16 23:09:48.998 24803 RALLYDEBUG rally_openstack.wrappers.network [-] CIDR generated: 1.1.4.204/30
2019-07-16 23:09:49.381 24808 RALLYDEBUG rally_openstack.wrappers.network [-] CIDR generated: 1.1.4.208/30
2019-07-16 23:09:49.653 24831 RALLYDEBUG rally_openstack.wrappers.network [-] CIDR generated: 1.1.4.212/30
2019-07-16 23:09:49.876 24798 RALLYDEBUG rally_openstack.wrappers.network [-] CIDR generated: 1.1.4.216/30
2019-07-16 23:09:49.938 24814 RALLYDEBUG rally_openstack.wrappers.network [-] CIDR generated: 1.1.4.220/30
2019-07-16 23:09:50.076 24796 RALLYDEBUG rally_openstack.wrappers.network [-] CIDR generated: 1.1.4.224/30
2019-07-16 23:09:50.113 24842 RALLYDEBUG rally_openstack.wrappers.network [-] CIDR generated: 1.1.4.228/30
2019-07-16 23:09:50.147 24797 RALLYDEBUG rally_openstack.wrappers.network [-] CIDR generated: 1.1.4.232/30
2019-07-16 23:09:50.248 24838 RALLYDEBUG rally_openstack.wrappers.network [-] CIDR generated: 1.1.4.236/30
2019-07-16 23:09:51.488 24821 RALLYDEBUG rally_openstack.wrappers.network [-] CIDR generated: 1.1.4.240/30
2019-07-16 23:09:51.621 24841 RALLYDEBUG rally_openstack.wrappers.network [-] CIDR generated: 1.1.4.244/30
2019-07-16 23:09:51.865 24818 RALLYDEBUG rally_openstack.wrappers.network [-] CIDR generated: 1.1.4.248/30
2019-07-16 23:09:51.891 24798 RALLYDEBUG rally_openstack.wrappers.network [-] CIDR generated: 1.1.4.252/30
2019-07-16 23:09:53.754 24811 INFO rally.task.runner [-] Task 5b27ff8f-f272-4f87-bfcc-678d4db7d356 | ITER: 12 END: OK
2019-07-16 23:09:53.758 24811 INFO rally.task.runner [-] Task 5b27ff8f-f272-4f87-bfcc-678d4db7d356 | ITER: 21 START
2019-07-16 23:09:53.759 24811 WARNING rally_openstack.scenarios.neutron.utils [-] Running this scenario without either the 'network' or 'existing_network' context is deprecated
2019-07-16 23:09:54.696 24826 INFO rally.task.runner [-] Task 5b27ff8f-f272-4f87-bfcc-678d4db7d356 | ITER: 16 END: OK
2019-07-16 23:09:54.700 24826 INFO rally.task.runner [-] Task 5b27ff8f-f272-4f87-bfcc-678d4db7d356 | ITER: 22 START
2019-07-16 23:09:54.701 24826 WARNING rally_openstack.scenarios.neutron.utils [-] Running this scenario without either the 'network' or 'existing_network' context is deprecated
2019-07-16 23:09:54.796 24795 INFO rally.task.runner [-] Task 5b27ff8f-f272-4f87-bfcc-678d4db7d356 | ITER: 2 END: OK
2019-07-16 23:09:54.800 24795 INFO rally.task.runner [-] Task 5b27ff8f-f272-4f87-bfcc-678d4db7d356 | ITER: 23 START
2019-07-16 23:09:54.801 24795 WARNING rally_openstack.scenarios.neutron.utils [-] Running this scenario without either the 'network' or 'existing_network' context is deprecated
2019-07-16 23:09:55.377 24800 INFO rally.task.runner [-] Task 5b27ff8f-f272-4f87-bfcc-678d4db7d356 | ITER: 9 END: OK
2019-07-16 23:09:55.381 24800 INFO rally.task.runner [-] Task 5b27ff8f-f272-4f87-bfcc-678d4db7d356 | ITER: 24 START
2019-07-16 23:09:55.382 24800 WARNING rally_openstack.scenarios.neutron.utils [-] Running this scenario without either the 'network' or 'existing_network' context is deprecated
2019-07-16 23:09:55.618 24795 INFO rally.task.runner [-] Task 5b27ff8f-f272-4f87-bfcc-678d4db7d356 | ITER: 1 END: OK
2019-07-16 23:09:55.623 24795 INFO rally.task.runner [-] Task 5b27ff8f-f272-4f87-bfcc-678d4db7d356 | ITER: 25 START
2019-07-16 23:09:55.623 24795 WARNING rally_openstack.scenarios.neutron.utils [-] Running this scenario without either the 'network' or 'existing_network' context is deprecated
2019-07-16 23:09:55.848 24797 INFO rally.task.runner [-] Task 5b27ff8f-f272-4f87-bfcc-678d4db7d356 | ITER: 4 END: OK
2019-07-16 23:09:55.852 24797 INFO rally.task.runner [-] Task 5b27ff8f-f272-4f87-bfcc-678d4db7d356 | ITER: 26 START
2019-07-16 23:09:55.853 24797 WARNING rally_openstack.scenarios.neutron.utils [-] Running this scenario without either the 'network' or 'existing_network' context is deprecated
2019-07-16 23:09:55.907 24796 INFO rally.task.runner [-] Task 5b27ff8f-f272-4f87-bfcc-678d4db7d356 | ITER: 5 END: OK
2019-07-16 23:09:55.911 24796 INFO rally.task.runner [-] Task 5b27ff8f-f272-4f87-bfcc-678d4db7d356 | ITER: 27 START
2019-07-16 23:09:55.912 24796 WARNING rally_openstack.scenarios.neutron.utils [-] Running this scenario without either the 'network' or 'existing_network' context is deprecated
2019-07-16 23:09:56.124 24808 INFO rally.task.runner [-] Task 5b27ff8f-f272-4f87-bfcc-678d4db7d356 | ITER: 11 END: OK
2019-07-16 23:09:56.128 24808 INFO rally.task.runner [-] Task 5b27ff8f-f272-4f87-bfcc-678d4db7d356 | ITER: 28 START
2019-07-16 23:09:56.129 24808 WARNING rally_openstack.scenarios.neutron.utils [-] Running this scenario without either the 'network' or 'existing_network' context is deprecated
2019-07-16 23:09:56.350 24811 RALLYDEBUG rally_openstack.wrappers.network [-] CIDR generated: 1.1.5.0/30
2019-07-16 23:09:56.422 24814 INFO rally.task.runner [-] Task 5b27ff8f-f272-4f87-bfcc-678d4db7d356 | ITER: 15 END: OK
2019-07-16 23:09:56.427 24814 INFO rally.task.runner [-] Task 5b27ff8f-f272-4f87-bfcc-678d4db7d356 | ITER: 29 START
2019-07-16 23:09:56.428 24814 WARNING rally_openstack.scenarios.neutron.utils [-] Running this scenario without either the 'network' or 'existing_network' context is deprecated
2019-07-16 23:09:56.562 24797 INFO rally.task.runner [-] Task 5b27ff8f-f272-4f87-bfcc-678d4db7d356 | ITER: 7 END: OK
2019-07-16 23:09:56.566 24797 INFO rally.task.runner [-] Task 5b27ff8f-f272-4f87-bfcc-678d4db7d356 | ITER: 30 START
2019-07-16 23:09:56.567 24797 WARNING rally_openstack.scenarios.neutron.utils [-] Running this scenario without either the 'network' or 'existing_network' context is deprecated
2019-07-16 23:09:56.693 24842 INFO rally.task.runner [-] Task 5b27ff8f-f272-4f87-bfcc-678d4db7d356 | ITER: 20 END: OK
2019-07-16 23:09:56.697 24842 INFO rally.task.runner [-] Task 5b27ff8f-f272-4f87-bfcc-678d4db7d356 | ITER: 31 START
2019-07-16 23:09:56.698 24842 WARNING rally_openstack.scenarios.neutron.utils [-] Running this scenario without either the 'network' or 'existing_network' context is deprecated
2019-07-16 23:09:56.967 24826 RALLYDEBUG rally_openstack.wrappers.network [-] CIDR generated: 1.1.5.4/30
2019-07-16 23:09:57.106 24795 RALLYDEBUG rally_openstack.wrappers.network [-] CIDR generated: 1.1.5.8/30
2019-07-16 23:09:57.185 24838 INFO rally.task.runner [-] Task 5b27ff8f-f272-4f87-bfcc-678d4db7d356 | ITER: 18 END: OK
2019-07-16 23:09:57.190 24838 INFO rally.task.runner [-] Task 5b27ff8f-f272-4f87-bfcc-678d4db7d356 | ITER: 32 START
2019-07-16 23:09:57.191 24838 WARNING rally_openstack.scenarios.neutron.utils [-] Running this scenario without either the 'network' or 'existing_network' context is deprecated
2019-07-16 23:09:57.197 24798 INFO rally.task.runner [-] Task 5b27ff8f-f272-4f87-bfcc-678d4db7d356 | ITER: 8 END: OK
2019-07-16 23:09:57.202 24798 INFO rally.task.runner [-] Task 5b27ff8f-f272-4f87-bfcc-678d4db7d356 | ITER: 33 START
2019-07-16 23:09:57.203 24798 WARNING rally_openstack.scenarios.neutron.utils [-] Running this scenario without either the 'network' or 'existing_network' context is deprecated
2019-07-16 23:09:57.692 24821 INFO rally.task.runner [-] Task 5b27ff8f-f272-4f87-bfcc-678d4db7d356 | ITER: 14 END: OK
2019-07-16 23:09:57.697 24821 INFO rally.task.runner [-] Task 5b27ff8f-f272-4f87-bfcc-678d4db7d356 | ITER: 34 START
2019-07-16 23:09:57.698 24821 WARNING rally_openstack.scenarios.neutron.utils [-] Running this scenario without either the 'network' or 'existing_network' context is deprecated
2019-07-16 23:09:57.878 24795 RALLYDEBUG rally_openstack.wrappers.network [-] CIDR generated: 1.1.5.12/30
2019-07-16 23:09:57.919 24803 INFO rally.task.runner [-] Task 5b27ff8f-f272-4f87-bfcc-678d4db7d356 | ITER: 10 END: OK
2019-07-16 23:09:57.924 24803 INFO rally.task.runner [-] Task 5b27ff8f-f272-4f87-bfcc-678d4db7d356 | ITER: 35 START
2019-07-16 23:09:57.925 24803 WARNING rally_openstack.scenarios.neutron.utils [-] Running this scenario without either the 'network' or 'existing_network' context is deprecated
2019-07-16 23:09:57.973 24831 INFO rally.task.runner [-] Task 5b27ff8f-f272-4f87-bfcc-678d4db7d356 | ITER: 17 END: OK
2019-07-16 23:09:57.977 24831 INFO rally.task.runner [-] Task 5b27ff8f-f272-4f87-bfcc-678d4db7d356 | ITER: 36 START
2019-07-16 23:09:57.978 24831 WARNING rally_openstack.scenarios.neutron.utils [-] Running this scenario without either the 'network' or 'existing_network' context is deprecated
2019-07-16 23:09:58.560 24796 RALLYDEBUG rally_openstack.wrappers.network [-] CIDR generated: 1.1.5.16/30
2019-07-16 23:09:58.638 24808 RALLYDEBUG rally_openstack.wrappers.network [-] CIDR generated: 1.1.5.20/30
2019-07-16 23:09:58.716 24796 INFO rally.task.runner [-] Task 5b27ff8f-f272-4f87-bfcc-678d4db7d356 | ITER: 3 END: OK
2019-07-16 23:09:58.719 24796 INFO rally.task.runner [-] Task 5b27ff8f-f272-4f87-bfcc-678d4db7d356 | ITER: 37 START
2019-07-16 23:09:58.720 24796 WARNING rally_openstack.scenarios.neutron.utils [-] Running this scenario without either the 'network' or 'existing_network' context is deprecated
2019-07-16 23:09:58.816 24800 RALLYDEBUG rally_openstack.wrappers.network [-] CIDR generated: 1.1.5.24/30
2019-07-16 23:09:58.817 24797 RALLYDEBUG rally_openstack.wrappers.network [-] CIDR generated: 1.1.5.28/30
2019-07-16 23:09:59.063 24842 RALLYDEBUG rally_openstack.wrappers.network [-] CIDR generated: 1.1.5.32/30
2019-07-16 23:09:59.705 24798 INFO rally.task.runner [-] Task 5b27ff8f-f272-4f87-bfcc-678d4db7d356 | ITER: 6 END: OK
2019-07-16 23:09:59.709 24798 INFO rally.task.runner [-] Task 5b27ff8f-f272-4f87-bfcc-678d4db7d356 | ITER: 38 START
2019-07-16 23:09:59.709 24798 WARNING rally_openstack.scenarios.neutron.utils [-] Running this scenario without either the 'network' or 'existing_network' context is deprecated
2019-07-16 23:09:59.787 24798 RALLYDEBUG rally_openstack.wrappers.network [-] CIDR generated: 1.1.5.36/30
2019-07-16 23:09:59.979 24838 RALLYDEBUG rally_openstack.wrappers.network [-] CIDR generated: 1.1.5.40/30
2019-07-16 23:10:00.291 24821 RALLYDEBUG rally_openstack.wrappers.network [-] CIDR generated: 1.1.5.44/30
2019-07-16 23:10:00.359 24831 RALLYDEBUG rally_openstack.wrappers.network [-] CIDR generated: 1.1.5.48/30
2019-07-16 23:10:00.483 24797 RALLYDEBUG rally_openstack.wrappers.network [-] CIDR generated: 1.1.5.52/30
2019-07-16 23:10:00.614 24811 RALLYDEBUG rally_openstack.wrappers.network [-] CIDR generated: 1.1.5.56/30
2019-07-16 23:10:00.699 24803 RALLYDEBUG rally_openstack.wrappers.network [-] CIDR generated: 1.1.5.60/30
2019-07-16 23:10:00.820 24795 RALLYDEBUG rally_openstack.wrappers.network [-] CIDR generated: 1.1.5.64/30
2019-07-16 23:10:00.925 24826 RALLYDEBUG rally_openstack.wrappers.network [-] CIDR generated: 1.1.5.68/30
2019-07-16 23:10:01.119 24814 RALLYDEBUG rally_openstack.wrappers.network [-] CIDR generated: 1.1.5.72/30
2019-07-16 23:10:01.357 24841 INFO rally.task.runner [-] Task 5b27ff8f-f272-4f87-bfcc-678d4db7d356 | ITER: 19 END: OK
2019-07-16 23:10:01.361 24841 INFO rally.task.runner [-] Task 5b27ff8f-f272-4f87-bfcc-678d4db7d356 | ITER: 39 START
2019-07-16 23:10:01.362 24841 WARNING rally_openstack.scenarios.neutron.utils [-] Running this scenario without either the 'network' or 'existing_network' context is deprecated
2019-07-16 23:10:01.429 24796 RALLYDEBUG rally_openstack.wrappers.network [-] CIDR generated: 1.1.5.76/30
2019-07-16 23:10:01.476 24797 RALLYDEBUG rally_openstack.wrappers.network [-] CIDR generated: 1.1.5.80/30
2019-07-16 23:10:01.488 24808 RALLYDEBUG rally_openstack.wrappers.network [-] CIDR generated: 1.1.5.84/30
2019-07-16 23:10:01.667 24796 RALLYDEBUG rally_openstack.wrappers.network [-] CIDR generated: 1.1.5.88/30
2019-07-16 23:10:01.673 24800 RALLYDEBUG rally_openstack.wrappers.network [-] CIDR generated: 1.1.5.92/30
2019-07-16 23:10:01.704 24842 RALLYDEBUG rally_openstack.wrappers.network [-] CIDR generated: 1.1.5.96/30
2019-07-16 23:10:01.824 24795 RALLYDEBUG rally_openstack.wrappers.network [-] CIDR generated: 1.1.5.100/30
2019-07-16 23:10:01.942 24798 RALLYDEBUG rally_openstack.wrappers.network [-] CIDR generated: 1.1.5.104/30
2019-07-16 23:10:01.962 24818 INFO rally.task.runner [-] Task 5b27ff8f-f272-4f87-bfcc-678d4db7d356 | ITER: 13 END: OK
2019-07-16 23:10:01.966 24818 INFO rally.task.runner [-] Task 5b27ff8f-f272-4f87-bfcc-678d4db7d356 | ITER: 40 START
2019-07-16 23:10:01.966 24818 WARNING rally_openstack.scenarios.neutron.utils [-] Running this scenario without either the 'network' or 'existing_network' context is deprecated
2019-07-16 23:10:02.488 24803 RALLYDEBUG rally_openstack.wrappers.network [-] CIDR generated: 1.1.5.108/30
2019-07-16 23:10:02.589 24838 RALLYDEBUG rally_openstack.wrappers.network [-] CIDR generated: 1.1.5.112/30
2019-07-16 23:10:02.654 24798 RALLYDEBUG rally_openstack.wrappers.network [-] CIDR generated: 1.1.5.116/30
2019-07-16 23:10:02.732 24797 RALLYDEBUG rally_openstack.wrappers.network [-] CIDR generated: 1.1.5.120/30
2019-07-16 23:10:02.776 24821 RALLYDEBUG rally_openstack.wrappers.network [-] CIDR generated: 1.1.5.124/30
2019-07-16 23:10:03.064 24831 RALLYDEBUG rally_openstack.wrappers.network [-] CIDR generated: 1.1.5.128/30
2019-07-16 23:10:03.368 24796 RALLYDEBUG rally_openstack.wrappers.network [-] CIDR generated: 1.1.5.132/30
2019-07-16 23:10:03.453 24814 RALLYDEBUG rally_openstack.wrappers.network [-] CIDR generated: 1.1.5.136/30
2019-07-16 23:10:04.122 24841 RALLYDEBUG rally_openstack.wrappers.network [-] CIDR generated: 1.1.5.140/30
2019-07-16 23:10:04.363 24818 RALLYDEBUG rally_openstack.wrappers.network [-] CIDR generated: 1.1.5.144/30
2019-07-16 23:10:04.530 24798 RALLYDEBUG rally_openstack.wrappers.network [-] CIDR generated: 1.1.5.148/30
2019-07-16 23:10:06.638 24841 RALLYDEBUG rally_openstack.wrappers.network [-] CIDR generated: 1.1.5.152/30
2019-07-16 23:10:07.015 24818 RALLYDEBUG rally_openstack.wrappers.network [-] CIDR generated: 1.1.5.156/30
2019-07-16 23:10:07.624 24808 INFO rally.task.runner [-] Task 5b27ff8f-f272-4f87-bfcc-678d4db7d356 | ITER: 28 END: OK
2019-07-16 23:10:07.853 24811 INFO rally.task.runner [-] Task 5b27ff8f-f272-4f87-bfcc-678d4db7d356 | ITER: 21 END: OK
2019-07-16 23:10:08.020 24842 INFO rally.task.runner [-] Task 5b27ff8f-f272-4f87-bfcc-678d4db7d356 | ITER: 31 END: OK
2019-07-16 23:10:08.079 24826 INFO rally.task.runner [-] Task 5b27ff8f-f272-4f87-bfcc-678d4db7d356 | ITER: 22 END: OK
2019-07-16 23:10:08.211 24800 INFO rally.task.runner [-] Task 5b27ff8f-f272-4f87-bfcc-678d4db7d356 | ITER: 24 END: OK
2019-07-16 23:10:08.342 24798 INFO rally.task.runner [-] Task 5b27ff8f-f272-4f87-bfcc-678d4db7d356 | ITER: 33 END: OK
2019-07-16 23:10:08.411 24795 INFO rally.task.runner [-] Task 5b27ff8f-f272-4f87-bfcc-678d4db7d356 | ITER: 23 END: OK
2019-07-16 23:10:08.620 24838 INFO rally.task.runner [-] Task 5b27ff8f-f272-4f87-bfcc-678d4db7d356 | ITER: 32 END: OK
2019-07-16 23:10:08.811 24796 INFO rally.task.runner [-] Task 5b27ff8f-f272-4f87-bfcc-678d4db7d356 | ITER: 27 END: OK
2019-07-16 23:10:09.149 24797 INFO rally.task.runner [-] Task 5b27ff8f-f272-4f87-bfcc-678d4db7d356 | ITER: 26 END: OK
2019-07-16 23:10:09.210 24821 INFO rally.task.runner [-] Task 5b27ff8f-f272-4f87-bfcc-678d4db7d356 | ITER: 34 END: OK
2019-07-16 23:10:09.806 24798 INFO rally.task.runner [-] Task 5b27ff8f-f272-4f87-bfcc-678d4db7d356 | ITER: 38 END: OK
2019-07-16 23:10:09.943 24803 INFO rally.task.runner [-] Task 5b27ff8f-f272-4f87-bfcc-678d4db7d356 | ITER: 35 END: OK
2019-07-16 23:10:10.280 24796 INFO rally.task.runner [-] Task 5b27ff8f-f272-4f87-bfcc-678d4db7d356 | ITER: 37 END: OK
2019-07-16 23:10:10.330 24795 INFO rally.task.runner [-] Task 5b27ff8f-f272-4f87-bfcc-678d4db7d356 | ITER: 25 END: OK
2019-07-16 23:10:10.489 24814 INFO rally.task.runner [-] Task 5b27ff8f-f272-4f87-bfcc-678d4db7d356 | ITER: 29 END: OK
2019-07-16 23:10:11.147 24797 INFO rally.task.runner [-] Task 5b27ff8f-f272-4f87-bfcc-678d4db7d356 | ITER: 30 END: OK
2019-07-16 23:10:11.214 24831 INFO rally.task.runner [-] Task 5b27ff8f-f272-4f87-bfcc-678d4db7d356 | ITER: 36 END: OK
2019-07-16 23:10:11.992 24841 INFO rally.task.runner [-] Task 5b27ff8f-f272-4f87-bfcc-678d4db7d356 | ITER: 39 END: OK
2019-07-16 23:10:12.005 24818 INFO rally.task.runner [-] Task 5b27ff8f-f272-4f87-bfcc-678d4db7d356 | ITER: 40 END: OK
2019-07-16 23:10:12.025 22706 INFO rally.task.context [-] Task 5b27ff8f-f272-4f87-bfcc-678d4db7d356 | Context cleanup@openstack cleanup() started
2019-07-16 23:10:12.027 22706 RALLYDEBUG rally_openstack.cleanup.manager [-] Cleaning up neutron vip objects
2019-07-16 23:10:12.686 22706 RALLYDEBUG rally_openstack.cleanup.manager [-] Cleaning up neutron health_monitor objects
2019-07-16 23:10:13.540 22706 RALLYDEBUG rally_openstack.cleanup.manager [-] Cleaning up neutron pool objects
2019-07-16 23:10:14.388 22706 RALLYDEBUG rally_openstack.cleanup.manager [-] Cleaning up neutron loadbalancer objects
2019-07-16 23:10:15.142 22706 RALLYDEBUG rally_openstack.cleanup.manager [-] Cleaning up neutron floatingip objects
2019-07-16 23:10:15.970 22706 RALLYDEBUG rally_openstack.cleanup.manager [-] Cleaning up neutron port objects
2019-07-16 23:10:17.009 22706 RALLYDEBUG rally_openstack.cleanup.manager [-] Cleaning up neutron subnet objects
2019-07-16 23:10:17.792 22706 RALLYDEBUG rally_openstack.cleanup.manager [-] Cleaning up neutron network objects
2019-07-16 23:10:18.648 22706 RALLYDEBUG rally_openstack.cleanup.manager [-] Deleting neutron.network object s_rally_2f7c19e5_T0XH3eT0 (01c22ad9-e2ae-4a51-a59d-be9cc1182207)
2019-07-16 23:10:18.654 22706 RALLYDEBUG rally_openstack.cleanup.manager [-] Deleting neutron.network object s_rally_2f7c19e5_8ky8f03p (0275b2c3-0836-4dbc-b9c2-d5d7aad45766)
2019-07-16 23:10:18.659 22706 RALLYDEBUG rally_openstack.cleanup.manager [-] Deleting neutron.network object s_rally_2f7c19e5_2vonGBdb (04d18c3e-3f48-496e-83cb-6edc2908e4dd)
2019-07-16 23:10:18.663 22706 RALLYDEBUG rally_openstack.cleanup.manager [-] Deleting neutron.network object s_rally_2f7c19e5_Svr0vCUX (0b30e732-a249-439e-bde6-2cd40e50c2a3)
2019-07-16 23:10:18.674 22706 RALLYDEBUG rally_openstack.cleanup.manager [-] Deleting neutron.network object s_rally_2f7c19e5_5moWXLNZ (11ed6eab-e572-4dd4-ba10-80ca88830afe)
2019-07-16 23:10:18.675 22706 RALLYDEBUG rally_openstack.cleanup.manager [-] Deleting neutron.network object s_rally_2f7c19e5_MlNa4VSU (197956ea-a34e-4375-bad3-cb5c73c9b7e3)
2019-07-16 23:10:18.686 22706 RALLYDEBUG rally_openstack.cleanup.manager [-] Deleting neutron.network object s_rally_2f7c19e5_ANUaIfbu (1b9f4b57-b799-468f-8710-7adfc0716e1e)
2019-07-16 23:10:18.696 22706 RALLYDEBUG rally_openstack.cleanup.manager [-] Deleting neutron.network object s_rally_2f7c19e5_lLITVzxT (201a39cc-f5f6-4789-a94a-764f1fd12ad6)
2019-07-16 23:10:18.709 22706 RALLYDEBUG rally_openstack.cleanup.manager [-] Deleting neutron.network object s_rally_2f7c19e5_HdMxyVWd (21d3cc4e-c897-41c8-8b93-fb0c9937ca26)
2019-07-16 23:10:18.720 22706 RALLYDEBUG rally_openstack.cleanup.manager [-] Deleting neutron.network object s_rally_2f7c19e5_GxLBpitW (2b09a4bf-4927-4363-8348-6287e0a5c00e)
2019-07-16 23:10:18.728 22706 RALLYDEBUG rally_openstack.cleanup.manager [-] Deleting neutron.network object s_rally_2f7c19e5_dbBHY0Fb (341ec5a9-bd6c-46ca-a5eb-9663f5ea5b61)
2019-07-16 23:10:18.744 22706 RALLYDEBUG rally_openstack.cleanup.manager [-] Deleting neutron.network object s_rally_2f7c19e5_YVncPGDQ (37e17788-7eaa-477c-a6b3-600684e8f126)
2019-07-16 23:10:18.761 22706 RALLYDEBUG rally_openstack.cleanup.manager [-] Deleting neutron.network object s_rally_2f7c19e5_8VQrXZru (43de17d1-c520-49bf-ad73-7fbbc42adb1a)
2019-07-16 23:10:18.770 22706 RALLYDEBUG rally_openstack.cleanup.manager [-] Deleting neutron.network object s_rally_2f7c19e5_S5FPQamI (416e1a70-203d-4d9d-875e-b73111a0495c)
2019-07-16 23:10:18.791 22706 RALLYDEBUG rally_openstack.cleanup.manager [-] Deleting neutron.network object s_rally_2f7c19e5_tCv3B6Lb (471e8829-9b5c-4b44-99da-074da24eb9a4)
2019-07-16 23:10:18.814 22706 RALLYDEBUG rally_openstack.cleanup.manager [-] Deleting neutron.network object s_rally_2f7c19e5_i109z3Jo (557ee4f1-3243-4246-8f0b-7888cde29e28)
2019-07-16 23:10:18.817 22706 RALLYDEBUG rally_openstack.cleanup.manager [-] Deleting neutron.network object s_rally_2f7c19e5_kipTZZKU (5869fa44-ada8-4495-9bd2-c5026d9a781f)
2019-07-16 23:10:18.831 22706 RALLYDEBUG rally_openstack.cleanup.manager [-] Deleting neutron.network object s_rally_2f7c19e5_GhTXPtxs (60e957be-3019-44a9-abb5-ceab80c359f0)
2019-07-16 23:10:18.858 22706 RALLYDEBUG rally_openstack.cleanup.manager [-] Deleting neutron.network object s_rally_2f7c19e5_BYEbn23O (624b80a6-2dd4-4965-9c8c-fff9727fa5c7)
2019-07-16 23:10:18.886 22706 RALLYDEBUG rally_openstack.cleanup.manager [-] Deleting neutron.network object s_rally_2f7c19e5_Tz5Q8TCi (66036999-132d-42b8-9ad2-52b2c9f0621f)
2019-07-16 23:10:22.013 22706 RALLYDEBUG rally_openstack.cleanup.manager [-] Deleting neutron.network object s_rally_2f7c19e5_9iDcvukD (67e39e7f-3966-494c-b112-e0d82b55217e)
2019-07-16 23:10:22.405 22706 RALLYDEBUG rally_openstack.cleanup.manager [-] Deleting neutron.network object s_rally_2f7c19e5_6AVHGMlx (6b7bbad3-e831-444a-a24e-b93ec7cc73d0)
2019-07-16 23:10:22.438 22706 RALLYDEBUG rally_openstack.cleanup.manager [-] Deleting neutron.network object s_rally_2f7c19e5_gPra5QDZ (727c7c40-3687-4c99-b34e-8f810727c4a3)
2019-07-16 23:10:22.505 22706 RALLYDEBUG rally_openstack.cleanup.manager [-] Deleting neutron.network object s_rally_2f7c19e5_p8eTWDB7 (76d375d0-13f6-4fb5-b90e-935465a60c10)
2019-07-16 23:10:22.519 22706 RALLYDEBUG rally_openstack.cleanup.manager [-] Deleting neutron.network object s_rally_2f7c19e5_H0OlLaW3 (7b6ac72d-4499-4a09-8522-659ac8628465)
2019-07-16 23:10:22.537 22706 RALLYDEBUG rally_openstack.cleanup.manager [-] Deleting neutron.network object s_rally_2f7c19e5_Q9Eu4jqv (8b73fdf8-3cb8-481f-83f6-1a3e71762aab)
2019-07-16 23:10:22.652 22706 RALLYDEBUG rally_openstack.cleanup.manager [-] Deleting neutron.network object s_rally_2f7c19e5_011aVzVO (8f518298-960e-4010-84cb-6820b5a7d19c)
2019-07-16 23:10:22.666 22706 RALLYDEBUG rally_openstack.cleanup.manager [-] Deleting neutron.network object s_rally_2f7c19e5_Gma6gwQp (95121af6-381b-44ce-ba74-8a5a92ed4826)
2019-07-16 23:10:22.724 22706 RALLYDEBUG rally_openstack.cleanup.manager [-] Deleting neutron.network object s_rally_2f7c19e5_1tFV8o7k (a2a5dbe2-a371-407b-b661-4cd5bd951277)
2019-07-16 23:10:22.727 22706 RALLYDEBUG rally_openstack.cleanup.manager [-] Deleting neutron.network object s_rally_2f7c19e5_7QX8VLBC (aba0fd91-35ef-46d6-8834-d6d7018bac4c)
2019-07-16 23:10:23.129 22706 RALLYDEBUG rally_openstack.cleanup.manager [-] Deleting neutron.network object s_rally_2f7c19e5_iUzHdsKQ (bfa66751-b1ac-47d7-88cf-6bab7523de6e)
2019-07-16 23:10:23.431 22706 RALLYDEBUG rally_openstack.cleanup.manager [-] Deleting neutron.network object s_rally_2f7c19e5_8rbwNdxb (d00ac842-b208-4d3e-9a6a-f219f170aec9)
2019-07-16 23:10:23.468 22706 RALLYDEBUG rally_openstack.cleanup.manager [-] Deleting neutron.network object s_rally_2f7c19e5_yutEt8aY (d28e72ec-0629-4a06-a375-cf4c45dff5fe)
2019-07-16 23:10:23.503 22706 RALLYDEBUG rally_openstack.cleanup.manager [-] Deleting neutron.network object s_rally_2f7c19e5_9BK2Gg4U (d3b5b5c3-b453-431e-b857-35d7eee801c9)
2019-07-16 23:10:23.521 22706 RALLYDEBUG rally_openstack.cleanup.manager [-] Deleting neutron.network object s_rally_2f7c19e5_0xTdCoYN (d3f93e61-777f-49de-9881-b4587fb5f543)
2019-07-16 23:10:23.600 22706 RALLYDEBUG rally_openstack.cleanup.manager [-] Deleting neutron.network object s_rally_2f7c19e5_SrWaR2ls (e15a4d84-b174-425c-ad14-bee44cc810ba)
2019-07-16 23:10:23.616 22706 RALLYDEBUG rally_openstack.cleanup.manager [-] Deleting neutron.network object s_rally_2f7c19e5_MOYWzN43 (e21ac142-3505-4f32-b7bd-2a574c063d1f)
2019-07-16 23:10:23.721 22706 RALLYDEBUG rally_openstack.cleanup.manager [-] Deleting neutron.network object s_rally_2f7c19e5_vLpmVB7a (e2c1975e-117d-4378-aafd-df48974312fa)
2019-07-16 23:10:23.806 22706 RALLYDEBUG rally_openstack.cleanup.manager [-] Deleting neutron.network object s_rally_2f7c19e5_9Plybhyk (e714427d-4dbc-4f09-8060-9a2d63365b58)
2019-07-16 23:10:23.857 22706 RALLYDEBUG rally_openstack.cleanup.manager [-] Deleting neutron.network object s_rally_2f7c19e5_bEFRNsAY (f1355266-712d-4d25-9b3e-6f986d608ace)
2019-07-16 23:10:29.667 22706 RALLYDEBUG rally_openstack.cleanup.manager [-] Cleaning up neutron router objects
2019-07-16 23:10:30.593 22706 RALLYDEBUG rally_openstack.cleanup.manager [-] Cleaning up neutron security_group objects
2019-07-16 23:10:31.368 22706 INFO rally.task.context [-] Task 5b27ff8f-f272-4f87-bfcc-678d4db7d356 | Context cleanup@openstack cleanup() finished in 19.34 sec
2019-07-16 23:10:31.369 22706 INFO rally.task.context [-] Task 5b27ff8f-f272-4f87-bfcc-678d4db7d356 | Context quotas@openstack cleanup() started
2019-07-16 23:10:31.696 22706 INFO rally.task.context [-] Task 5b27ff8f-f272-4f87-bfcc-678d4db7d356 | Context quotas@openstack cleanup() finished in 0.33 sec
2019-07-16 23:10:31.696 22706 INFO rally.task.context [-] Task 5b27ff8f-f272-4f87-bfcc-678d4db7d356 | Context users@openstack cleanup() started
2019-07-16 23:10:36.639 22706 INFO rally.task.context [-] Task 5b27ff8f-f272-4f87-bfcc-678d4db7d356 | Context users@openstack cleanup() finished in 4.94 sec
2019-07-16 23:10:37.529 22706 INFO rally.task.engine [-] Load duration is: 29.446838
2019-07-16 23:10:37.530 22706 INFO rally.task.engine [-] Full runner duration is: 29.493055
2019-07-16 23:10:37.530 22706 INFO rally.task.engine [-] Full duration is: 59.400904
2019-07-16 23:10:37.782 22706 INFO rally.task.engine [-] Running workload: position = 0 config = { "version": 2, "title": "A cropped version of a bigger task.", "description": "Auto-generated task from a single workload (uuid=64810abd-84d6-47f2-b21f-58af9e397cc0)", "subtasks": [ { "title": "NeutronNetworks.create_and_list_routers", "description": "Create and a given number of routers and list all routers.", "scenario": { "NeutronNetworks.create_and_list_routers": { "network_create_args": null, "subnet_create_args": null, "subnet_cidr_start": "1.1.0.0/30", "subnets_per_network": 2, "router_create_args": null } }, "contexts": { "users": { "tenants": 1, "users_per_tenant": 1 }, "quotas": { "neutron": { "network": -1, "subnet": -1, "router": -1 } } }, "runner": { "constant": { "times": 40, "concurrency": 20 } }, "hooks": [], "sla": { "failure_rate": { "max": 0 } } } ] }
2019-07-16 23:10:37.805 22706 RALLYDEBUG rally_openstack.contexts.keystone.users [-] Creating 1 tenants using 20 threads
2019-07-16 23:10:39.748 22706 RALLYDEBUG rally_openstack.contexts.keystone.users [-] Creating 1 users using 20 threads
2019-07-16 23:10:42.420 22706 INFO rally.task.context [-] Task 5b27ff8f-f272-4f87-bfcc-678d4db7d356 | Context users@openstack setup() finished in 4.62 sec
2019-07-16 23:10:43.310 22706 INFO rally.task.context [-] Task 5b27ff8f-f272-4f87-bfcc-678d4db7d356 | Context quotas@openstack setup() finished in 0.89 sec
2019-07-16 23:10:43.310 22706 INFO rally.task.context [-] Task 5b27ff8f-f272-4f87-bfcc-678d4db7d356 | Context cleanup@openstack setup() finished in 0.00 msec
2019-07-16 23:10:43.317 22706 RALLYDEBUG rally.task.runner [-] Starting the constant runner (task UUID: 5b27ff8f-f272-4f87-bfcc-678d4db7d356). timeout: 0 concurrency: 20 concurrency_per_worker: 1 times: 40 concurrency_overhead: 4 processes_to_start: 16 max_cpu_used: 16
2019-07-16 23:10:43.330 25165 RALLYDEBUG rally.task.runner [-] Starting a worker. concurrency: 2 args: {"network_create_args": null, "subnet_create_args": null, "subnet_cidr_start": "1.1.0.0/30", "subnets_per_network": 2, "router_create_args": null} times: 40 method_name: run timeout: 0 duration: None cls:
2019-07-16 23:10:43.333 25166 RALLYDEBUG rally.task.runner [-] Starting a worker. concurrency: 2 args: {"network_create_args": null, "subnet_create_args": null, "subnet_cidr_start": "1.1.0.0/30", "subnets_per_network": 2, "router_create_args": null} times: 40 method_name: run timeout: 0 duration: None cls:
2019-07-16 23:10:43.336 25167 RALLYDEBUG rally.task.runner [-] Starting a worker. concurrency: 2 args: {"network_create_args": null, "subnet_create_args": null, "subnet_cidr_start": "1.1.0.0/30", "subnets_per_network": 2, "router_create_args": null} times: 40 method_name: run timeout: 0 duration: None cls:
2019-07-16 23:10:43.338 25165 INFO rally.task.runner [-] Task 5b27ff8f-f272-4f87-bfcc-678d4db7d356 | ITER: 1 START
2019-07-16 23:10:43.339 25168 RALLYDEBUG rally.task.runner [-] Starting a worker. concurrency: 2 args: {"network_create_args": null, "subnet_create_args": null, "subnet_cidr_start": "1.1.0.0/30", "subnets_per_network": 2, "router_create_args": null} times: 40 method_name: run timeout: 0 duration: None cls:
2019-07-16 23:10:43.339 25166 INFO rally.task.runner [-] Task 5b27ff8f-f272-4f87-bfcc-678d4db7d356 | ITER: 2 START
2019-07-16 23:10:43.342 25170 RALLYDEBUG rally.task.runner [-] Starting a worker. concurrency: 1 args: {"network_create_args": null, "subnet_create_args": null, "subnet_cidr_start": "1.1.0.0/30", "subnets_per_network": 2, "router_create_args": null} times: 40 method_name: run timeout: 0 duration: None cls:
2019-07-16 23:10:43.346 25175 RALLYDEBUG rally.task.runner [-] Starting a worker. concurrency: 1 args: {"network_create_args": null, "subnet_create_args": null, "subnet_cidr_start": "1.1.0.0/30", "subnets_per_network": 2, "router_create_args": null} times: 40 method_name: run timeout: 0 duration: None cls:
2019-07-16 23:10:43.346 25167 INFO rally.task.runner [-] Task 5b27ff8f-f272-4f87-bfcc-678d4db7d356 | ITER: 4 START
2019-07-16 23:10:43.348 25166 INFO rally.task.runner [-] Task 5b27ff8f-f272-4f87-bfcc-678d4db7d356 | ITER: 5 START
2019-07-16 23:10:43.348 25165 INFO rally.task.runner [-] Task 5b27ff8f-f272-4f87-bfcc-678d4db7d356 | ITER: 3 START
2019-07-16 23:10:43.348 25170 INFO rally.task.runner [-] Task 5b27ff8f-f272-4f87-bfcc-678d4db7d356 | ITER: 8 START
2019-07-16 23:10:43.348 25168 INFO rally.task.runner [-] Task 5b27ff8f-f272-4f87-bfcc-678d4db7d356 | ITER: 6 START
2019-07-16 23:10:43.348 25167 INFO rally.task.runner [-] Task 5b27ff8f-f272-4f87-bfcc-678d4db7d356 | ITER: 7 START
2019-07-16 23:10:43.349 25168 INFO rally.task.runner [-] Task 5b27ff8f-f272-4f87-bfcc-678d4db7d356 | ITER: 9 START
2019-07-16 23:10:43.351 25179 RALLYDEBUG rally.task.runner [-] Starting a worker. concurrency: 1 args: {"network_create_args": null, "subnet_create_args": null, "subnet_cidr_start": "1.1.0.0/30", "subnets_per_network": 2, "router_create_args": null} times: 40 method_name: run timeout: 0 duration: None cls:
2019-07-16 23:10:43.353 25175 INFO rally.task.runner [-] Task 5b27ff8f-f272-4f87-bfcc-678d4db7d356 | ITER: 10 START
2019-07-16 23:10:43.356 25183 RALLYDEBUG rally.task.runner [-] Starting a worker. concurrency: 1 args: {"network_create_args": null, "subnet_create_args": null, "subnet_cidr_start": "1.1.0.0/30", "subnets_per_network": 2, "router_create_args": null} times: 40 method_name: run timeout: 0 duration: None cls:
2019-07-16 23:10:43.358 25187 RALLYDEBUG rally.task.runner [-] Starting a worker. concurrency: 1 args: {"network_create_args": null, "subnet_create_args": null, "subnet_cidr_start": "1.1.0.0/30", "subnets_per_network": 2, "router_create_args": null} times: 40 method_name: run timeout: 0 duration: None cls:
2019-07-16 23:10:43.360 25190 RALLYDEBUG rally.task.runner [-] Starting a worker. concurrency: 1 args: {"network_create_args": null, "subnet_create_args": null, "subnet_cidr_start": "1.1.0.0/30", "subnets_per_network": 2, "router_create_args": null} times: 40 method_name: run timeout: 0 duration: None cls:
2019-07-16 23:10:43.361 25179 INFO rally.task.runner [-] Task 5b27ff8f-f272-4f87-bfcc-678d4db7d356 | ITER: 11 START
2019-07-16 23:10:43.363 25183 INFO rally.task.runner [-] Task 5b27ff8f-f272-4f87-bfcc-678d4db7d356 | ITER: 12 START
2019-07-16 23:10:43.365 25187 INFO rally.task.runner [-] Task 5b27ff8f-f272-4f87-bfcc-678d4db7d356 | ITER: 13 START
2019-07-16 23:10:43.367 25190 INFO rally.task.runner [-] Task 5b27ff8f-f272-4f87-bfcc-678d4db7d356 | ITER: 14 START
2019-07-16 23:10:43.371 25193 RALLYDEBUG rally.task.runner [-] Starting a worker. concurrency: 1 args: {"network_create_args": null, "subnet_create_args": null, "subnet_cidr_start": "1.1.0.0/30", "subnets_per_network": 2, "router_create_args": null} times: 40 method_name: run timeout: 0 duration: None cls:
2019-07-16 23:10:43.380 25193 INFO rally.task.runner [-] Task 5b27ff8f-f272-4f87-bfcc-678d4db7d356 | ITER: 15 START
2019-07-16 23:10:43.385 25200 RALLYDEBUG rally.task.runner [-] Starting a worker. concurrency: 1 args: {"network_create_args": null, "subnet_create_args": null, "subnet_cidr_start": "1.1.0.0/30", "subnets_per_network": 2, "router_create_args": null} times: 40 method_name: run timeout: 0 duration: None cls:
2019-07-16 23:10:43.388 25203 RALLYDEBUG rally.task.runner [-] Starting a worker. concurrency: 1 args: {"network_create_args": null, "subnet_create_args": null, "subnet_cidr_start": "1.1.0.0/30", "subnets_per_network": 2, "router_create_args": null} times: 40 method_name: run timeout: 0 duration: None cls:
2019-07-16 23:10:43.392 25200 INFO rally.task.runner [-] Task 5b27ff8f-f272-4f87-bfcc-678d4db7d356 | ITER: 16 START
2019-07-16 23:10:43.393 25204 RALLYDEBUG rally.task.runner [-] Starting a worker. concurrency: 1 args: {"network_create_args": null, "subnet_create_args": null, "subnet_cidr_start": "1.1.0.0/30", "subnets_per_network": 2, "router_create_args": null} times: 40 method_name: run timeout: 0 duration: None cls:
2019-07-16 23:10:43.394 25203 INFO rally.task.runner [-] Task 5b27ff8f-f272-4f87-bfcc-678d4db7d356 | ITER: 17 START
2019-07-16 23:10:43.397 25206 RALLYDEBUG rally.task.runner [-] Starting a worker. concurrency: 1 args: {"network_create_args": null, "subnet_create_args": null, "subnet_cidr_start": "1.1.0.0/30", "subnets_per_network": 2, "router_create_args": null} times: 40 method_name: run timeout: 0 duration: None cls:
2019-07-16 23:10:43.398 25204 INFO rally.task.runner [-] Task 5b27ff8f-f272-4f87-bfcc-678d4db7d356 | ITER: 18 START
2019-07-16 23:10:43.401 25206 INFO rally.task.runner [-] Task 5b27ff8f-f272-4f87-bfcc-678d4db7d356 | ITER: 19 START
2019-07-16 23:10:43.402 25210 RALLYDEBUG rally.task.runner [-] Starting a worker. concurrency: 1 args: {"network_create_args": null, "subnet_create_args": null, "subnet_cidr_start": "1.1.0.0/30", "subnets_per_network": 2, "router_create_args": null} times: 40 method_name: run timeout: 0 duration: None cls:
2019-07-16 23:10:43.406 25210 INFO rally.task.runner [-] Task 5b27ff8f-f272-4f87-bfcc-678d4db7d356 | ITER: 20 START
2019-07-16 23:10:45.825 25204 RALLYDEBUG rally_openstack.wrappers.network [-] CIDR generated: 1.1.5.160/30
2019-07-16 23:10:45.878 25206 RALLYDEBUG rally_openstack.wrappers.network [-] CIDR generated: 1.1.5.164/30
2019-07-16 23:10:45.896 25170 RALLYDEBUG rally_openstack.wrappers.network [-] CIDR generated: 1.1.5.168/30
2019-07-16 23:10:46.587 25168 RALLYDEBUG rally_openstack.wrappers.network [-] CIDR generated: 1.1.5.172/30
2019-07-16 23:10:46.698 25187 RALLYDEBUG rally_openstack.wrappers.network [-] CIDR generated: 1.1.5.176/30
2019-07-16 23:10:46.806 25193 RALLYDEBUG rally_openstack.wrappers.network [-] CIDR generated: 1.1.5.180/30
2019-07-16 23:10:46.829 25168 RALLYDEBUG rally_openstack.wrappers.network [-] CIDR generated: 1.1.5.184/30
2019-07-16 23:10:46.854 25165 RALLYDEBUG rally_openstack.wrappers.network [-] CIDR generated: 1.1.5.188/30
2019-07-16 23:10:46.878 25210 RALLYDEBUG rally_openstack.wrappers.network [-] CIDR generated: 1.1.5.192/30
2019-07-16 23:10:47.490 25190 RALLYDEBUG rally_openstack.wrappers.network [-] CIDR generated: 1.1.5.196/30
2019-07-16 23:10:47.515 25167 RALLYDEBUG rally_openstack.wrappers.network [-] CIDR generated: 1.1.5.200/30
2019-07-16 23:10:47.626 25166 RALLYDEBUG rally_openstack.wrappers.network [-] CIDR generated: 1.1.5.204/30
2019-07-16 23:10:47.740 25204 RALLYDEBUG rally_openstack.wrappers.network [-] CIDR generated: 1.1.5.208/30
2019-07-16 23:10:48.010 25170 RALLYDEBUG rally_openstack.wrappers.network [-] CIDR generated: 1.1.5.212/30
2019-07-16 23:10:48.070 25206 RALLYDEBUG rally_openstack.wrappers.network [-] CIDR generated: 1.1.5.216/30
2019-07-16 23:10:48.245 25200 RALLYDEBUG rally_openstack.wrappers.network [-] CIDR generated: 1.1.5.220/30
2019-07-16 23:10:48.303 25179 RALLYDEBUG rally_openstack.wrappers.network [-] CIDR generated: 1.1.5.224/30
2019-07-16 23:10:48.668 25175 RALLYDEBUG rally_openstack.wrappers.network [-] CIDR generated: 1.1.5.228/30
2019-07-16 23:10:48.671 25183 RALLYDEBUG rally_openstack.wrappers.network [-] CIDR generated: 1.1.5.232/30
2019-07-16 23:10:48.710 25165 RALLYDEBUG rally_openstack.wrappers.network [-] CIDR generated: 1.1.5.236/30
2019-07-16 23:10:48.866 25203 RALLYDEBUG rally_openstack.wrappers.network [-] CIDR generated: 1.1.5.240/30
2019-07-16 23:10:48.914 25167 RALLYDEBUG rally_openstack.wrappers.network [-] CIDR generated: 1.1.5.244/30
2019-07-16 23:10:48.962 25166 RALLYDEBUG rally_openstack.wrappers.network [-] CIDR generated: 1.1.5.248/30
2019-07-16 23:10:49.027 25168 RALLYDEBUG rally_openstack.wrappers.network [-] CIDR generated: 1.1.5.252/30
2019-07-16 23:10:49.275 25168 RALLYDEBUG rally_openstack.wrappers.network [-] CIDR generated: 1.1.6.0/30
2019-07-16 23:10:49.356 25193 RALLYDEBUG rally_openstack.wrappers.network [-] CIDR generated: 1.1.6.4/30
2019-07-16 23:10:49.488 25210 RALLYDEBUG rally_openstack.wrappers.network [-] CIDR generated: 1.1.6.8/30
2019-07-16 23:10:49.561 25190 RALLYDEBUG rally_openstack.wrappers.network [-] CIDR generated: 1.1.6.12/30
2019-07-16 23:10:50.272 25166 RALLYDEBUG rally_openstack.wrappers.network [-] CIDR generated: 1.1.6.16/30
2019-07-16 23:10:50.722 25167 RALLYDEBUG rally_openstack.wrappers.network [-] CIDR generated: 1.1.6.20/30
2019-07-16 23:10:50.956 25200 RALLYDEBUG rally_openstack.wrappers.network [-] CIDR generated: 1.1.6.24/30
2019-07-16 23:10:51.015 25183 RALLYDEBUG rally_openstack.wrappers.network [-] CIDR generated: 1.1.6.28/30
2019-07-16 23:10:51.076 25203 RALLYDEBUG rally_openstack.wrappers.network [-] CIDR generated: 1.1.6.32/30
2019-07-16 23:10:51.267 25187 RALLYDEBUG rally_openstack.wrappers.network [-] CIDR generated: 1.1.6.36/30
2019-07-16 23:10:51.447 25165 RALLYDEBUG rally_openstack.wrappers.network [-] CIDR generated: 1.1.6.40/30
2019-07-16 23:10:51.507 25179 RALLYDEBUG rally_openstack.wrappers.network [-] CIDR generated: 1.1.6.44/30
2019-07-16 23:10:51.578 25175 RALLYDEBUG rally_openstack.wrappers.network [-] CIDR generated: 1.1.6.48/30
2019-07-16 23:10:51.811 25167 RALLYDEBUG rally_openstack.wrappers.network [-] CIDR generated: 1.1.6.52/30
2019-07-16 23:10:52.735 25165 RALLYDEBUG rally_openstack.wrappers.network [-] CIDR generated: 1.1.6.56/30
2019-07-16 23:10:52.979 25166 RALLYDEBUG rally_openstack.wrappers.network [-] CIDR generated: 1.1.6.60/30
2019-07-16 23:11:00.783 25204 INFO rally.task.runner [-] Task 5b27ff8f-f272-4f87-bfcc-678d4db7d356 | ITER: 18 END: OK
2019-07-16 23:11:00.788 25204 INFO rally.task.runner [-] Task 5b27ff8f-f272-4f87-bfcc-678d4db7d356 | ITER: 21 START
2019-07-16 23:11:01.400 25206 INFO rally.task.runner [-] Task 5b27ff8f-f272-4f87-bfcc-678d4db7d356 | ITER: 19 END: OK
2019-07-16 23:11:01.404 25206 INFO rally.task.runner [-] Task 5b27ff8f-f272-4f87-bfcc-678d4db7d356 | ITER: 22 START
2019-07-16 23:11:01.721 25210 INFO rally.task.runner [-] Task 5b27ff8f-f272-4f87-bfcc-678d4db7d356 | ITER: 20 END: OK
2019-07-16 23:11:01.725 25210 INFO rally.task.runner [-] Task 5b27ff8f-f272-4f87-bfcc-678d4db7d356 | ITER: 23 START
2019-07-16 23:11:02.682 25190 INFO rally.task.runner [-] Task 5b27ff8f-f272-4f87-bfcc-678d4db7d356 | ITER: 14 END: OK
2019-07-16 23:11:02.686 25190 INFO rally.task.runner [-] Task 5b27ff8f-f272-4f87-bfcc-678d4db7d356 | ITER: 24 START
2019-07-16 23:11:02.720 25168 INFO rally.task.runner [-] Task 5b27ff8f-f272-4f87-bfcc-678d4db7d356 | ITER: 6 END: OK
2019-07-16 23:11:02.723 25168 INFO rally.task.runner [-] Task 5b27ff8f-f272-4f87-bfcc-678d4db7d356 | ITER: 25 START
2019-07-16 23:11:02.769 25166 INFO rally.task.runner [-] Task 5b27ff8f-f272-4f87-bfcc-678d4db7d356 | ITER: 2 END: OK
2019-07-16 23:11:02.773 25166 INFO rally.task.runner [-] Task 5b27ff8f-f272-4f87-bfcc-678d4db7d356 | ITER: 26 START
2019-07-16 23:11:03.155 25204 RALLYDEBUG rally_openstack.wrappers.network [-] CIDR generated: 1.1.6.64/30
2019-07-16 23:11:03.325 25183 INFO rally.task.runner [-] Task 5b27ff8f-f272-4f87-bfcc-678d4db7d356 | ITER: 12 END: OK
2019-07-16 23:11:03.329 25183 INFO rally.task.runner [-] Task 5b27ff8f-f272-4f87-bfcc-678d4db7d356 | ITER: 27 START
