2019-07-16 23:19:43.310 22706 RALLYDEBUG rally_openstack.cleanup.manager [-] Deleting neutron.port object s_rally_39c75cd8_kAIYGu0o (d94693ae-2c8e-40be-9e60-945ffa2a84b6)
2019-07-16 23:19:43.475 22706 RALLYDEBUG rally_openstack.cleanup.manager [-] Deleting neutron.port object s_rally_39c75cd8_fGnMyAxi (da416a43-f725-4153-be80-2b1ac9672b66)
2019-07-16 23:19:43.663 22706 RALLYDEBUG rally_openstack.cleanup.manager [-] Deleting neutron.port object s_rally_39c75cd8_lfdppnaW (dc8f1221-afbc-4665-9d7e-9a4ed1b57ff2)
2019-07-16 23:19:43.781 22706 RALLYDEBUG rally_openstack.cleanup.manager [-] Deleting neutron.port object s_rally_39c75cd8_g39CsaxF (dd7be500-abc0-407d-bdd6-9e3d5a9b8a8e)
2019-07-16 23:19:43.937 22706 RALLYDEBUG rally_openstack.cleanup.manager [-] Deleting neutron.port object s_rally_39c75cd8_FDASapBD (de449472-1166-4f7e-82d0-82864e75d57c)
2019-07-16 23:19:43.994 22706 RALLYDEBUG rally_openstack.cleanup.manager [-] Deleting neutron.port object s_rally_39c75cd8_uT2Y0es2 (de78998e-106c-407f-b73a-df11e79725d3)
2019-07-16 23:19:44.340 22706 RALLYDEBUG rally_openstack.cleanup.manager [-] Deleting neutron.port object s_rally_39c75cd8_mWB8lFUs (de8e7c99-e50d-457a-bb76-b23947ef7088)
2019-07-16 23:19:44.439 22706 RALLYDEBUG rally_openstack.cleanup.manager [-] Deleting neutron.port object s_rally_39c75cd8_2l82CVYM (df014528-db02-4b20-8c85-a1f851b68003)
2019-07-16 23:19:44.561 22706 RALLYDEBUG rally_openstack.cleanup.manager [-] Deleting neutron.port object s_rally_39c75cd8_iT1uH5rc (df13387c-bce0-493a-ba64-03759a8cc9d5)
2019-07-16 23:19:44.596 22706 RALLYDEBUG rally_openstack.cleanup.manager [-] Deleting neutron.port object s_rally_39c75cd8_Zd0qVqSR (dfa345e1-bbe4-4621-bbae-ee9ee33e2303)
2019-07-16 23:19:44.703 22706 RALLYDEBUG rally_openstack.cleanup.manager [-] Deleting neutron.port object s_rally_39c75cd8_daVulTp4 (dfe3b353-cd8f-4884-a214-f9677eed0c3d)
2019-07-16 23:19:44.810 22706 RALLYDEBUG rally_openstack.cleanup.manager [-] Deleting neutron.port object s_rally_39c75cd8_XOw6DMSH (e0689abc-1ed2-49af-a439-4d82d1561b27)
2019-07-16 23:19:45.015 22706 RALLYDEBUG rally_openstack.cleanup.manager [-] Deleting neutron.port object s_rally_39c75cd8_2ObW5cuD (e0785105-12f6-461c-92dc-a42cb8cc6bff)
2019-07-16 23:19:45.237 22706 RALLYDEBUG rally_openstack.cleanup.manager [-] Deleting neutron.port object s_rally_39c75cd8_9g8qwTzZ (e15dc257-435d-420e-8424-9627b0aea76f)
2019-07-16 23:19:45.281 22706 RALLYDEBUG rally_openstack.cleanup.manager [-] Deleting neutron.port object s_rally_39c75cd8_WSupXVxM (e16bbe1a-33c3-45e2-8a1c-7b0946c606b3)
2019-07-16 23:19:45.449 22706 RALLYDEBUG rally_openstack.cleanup.manager [-] Deleting neutron.port object s_rally_39c75cd8_GwIKmyiD (e19c819a-656c-4d6a-b0ef-0a79be948f0d)
2019-07-16 23:19:45.518 22706 RALLYDEBUG rally_openstack.cleanup.manager [-] Deleting neutron.port object s_rally_39c75cd8_NldJ8u86 (e1c2f79c-21d0-4660-a2b6-be25b68b5af2)
2019-07-16 23:19:45.550 22706 RALLYDEBUG rally_openstack.cleanup.manager [-] Deleting neutron.port object s_rally_39c75cd8_OxzZPiRT (e1dd6188-2b17-4ae2-84c4-3eb0712b5441)
2019-07-16 23:19:45.818 22706 RALLYDEBUG rally_openstack.cleanup.manager [-] Deleting neutron.port object s_rally_39c75cd8_N4BwNNkm (e21d922b-a54c-451e-bcf8-f6f2f24c1470)
2019-07-16 23:19:45.999 22706 RALLYDEBUG rally_openstack.cleanup.manager [-] Deleting neutron.port object s_rally_39c75cd8_VuZK0het (e23dafc0-ad4b-4520-b5ce-c30cfbee348e)
2019-07-16 23:19:46.032 22706 RALLYDEBUG rally_openstack.cleanup.manager [-] Deleting neutron.port object s_rally_39c75cd8_i7MUDqUH (e37ec7da-e9fc-4455-b6b7-ec55ebc1a50c)
2019-07-16 23:19:46.116 22706 RALLYDEBUG rally_openstack.cleanup.manager [-] Deleting neutron.port object s_rally_39c75cd8_GWvrexB5 (e394b5ac-36b6-4f43-84d6-a1a740467acf)
2019-07-16 23:19:46.139 22706 RALLYDEBUG rally_openstack.cleanup.manager [-] Deleting neutron.port object s_rally_39c75cd8_jRE0fWam (e3f3c62d-96e6-4b91-8826-2bb4f3d8e7d5)
2019-07-16 23:19:46.161 22706 RALLYDEBUG rally_openstack.cleanup.manager [-] Deleting neutron.port object s_rally_39c75cd8_h2mjQAqo (e470b036-8ed9-4594-9e65-39b9cad4717a)
2019-07-16 23:19:46.336 22706 RALLYDEBUG rally_openstack.cleanup.manager [-] Deleting neutron.port object s_rally_39c75cd8_r3il5X63 (e510db2c-149d-4333-86ab-2a120eac594c)
2019-07-16 23:19:46.676 22706 RALLYDEBUG rally_openstack.cleanup.manager [-] Deleting neutron.port object s_rally_39c75cd8_bW9QGYGl (e5dc7c25-38fc-4d8e-b5d6-c39dcb45cb5b)
2019-07-16 23:19:46.724 22706 RALLYDEBUG rally_openstack.cleanup.manager [-] Deleting neutron.port object s_rally_39c75cd8_9JCnPCLl (e631d59b-f760-4a38-b257-26d9fe70c558)
2019-07-16 23:19:46.780 22706 RALLYDEBUG rally_openstack.cleanup.manager [-] Deleting neutron.port object s_rally_39c75cd8_U58Jc8mj (e7818fe2-591d-4195-81df-bec6e78b4092)
2019-07-16 23:19:47.414 22706 RALLYDEBUG rally_openstack.cleanup.manager [-] Deleting neutron.port object s_rally_39c75cd8_ivl99N0k (e781f1ec-1d42-41fe-abee-a335762b85ab)
2019-07-16 23:19:47.464 22706 RALLYDEBUG rally_openstack.cleanup.manager [-] Deleting neutron.port object s_rally_39c75cd8_d4la6PFp (e9d0bcd9-b7da-41bf-b72f-c8ecf58398d1)
2019-07-16 23:19:47.543 22706 RALLYDEBUG rally_openstack.cleanup.manager [-] Deleting neutron.port object s_rally_39c75cd8_jgUZc8wv (e9d364f0-7bfd-41f9-bf17-25fe58a41f59)
2019-07-16 23:19:47.563 22706 RALLYDEBUG rally_openstack.cleanup.manager [-] Deleting neutron.port object s_rally_39c75cd8_1dYgsXgZ (eb298be4-2069-4852-8d6b-4f206b2771c6)
2019-07-16 23:19:47.577 22706 RALLYDEBUG rally_openstack.cleanup.manager [-] Deleting neutron.port object s_rally_39c75cd8_e55lVhGB (eb628dad-a1fd-4d59-8ff0-6459092eccca)
2019-07-16 23:19:47.806 22706 RALLYDEBUG rally_openstack.cleanup.manager [-] Deleting neutron.port object s_rally_39c75cd8_l8tRDSC8 (ed54e52a-9e3c-466d-9cb8-3ee9dadcb66c)
2019-07-16 23:19:47.820 22706 RALLYDEBUG rally_openstack.cleanup.manager [-] Deleting neutron.port object s_rally_39c75cd8_ApDlqotQ (edc65767-a0dd-4f62-8061-4a60cac891b9)
2019-07-16 23:19:47.838 22706 RALLYDEBUG rally_openstack.cleanup.manager [-] Deleting neutron.port object s_rally_39c75cd8_EBGPKqrG (eed759bc-1ed6-45b2-adbc-b87a41d66b79)
2019-07-16 23:19:48.105 22706 RALLYDEBUG rally_openstack.cleanup.manager [-] Deleting neutron.port object s_rally_39c75cd8_BGEx6yLo (ef132df9-fc0b-4da3-9d08-1cada01e627a)
2019-07-16 23:19:48.294 22706 RALLYDEBUG rally_openstack.cleanup.manager [-] Deleting neutron.port object s_rally_39c75cd8_qN9Sn0UZ (ef21decf-c920-445e-94ed-bb5dd1fcf8a6)
2019-07-16 23:19:48.352 22706 RALLYDEBUG rally_openstack.cleanup.manager [-] Deleting neutron.port object s_rally_39c75cd8_5Y7EcTlf (ef699316-91e0-40f1-8d11-6532a0ebe51a)
2019-07-16 23:19:48.503 22706 RALLYDEBUG rally_openstack.cleanup.manager [-] Deleting neutron.port object s_rally_39c75cd8_WSPrWUiQ (ef9547f5-ede1-464d-ad2c-42deb7625992)
2019-07-16 23:19:48.568 22706 RALLYDEBUG rally_openstack.cleanup.manager [-] Deleting neutron.port object s_rally_39c75cd8_38bvt7X9 (efae097b-7dda-420e-ac1d-afec7eade9e3)
2019-07-16 23:19:48.711 22706 RALLYDEBUG rally_openstack.cleanup.manager [-] Deleting neutron.port object s_rally_39c75cd8_EwRrixIV (f172bfb7-4c13-4e9b-a24c-c4032b2ae767)
2019-07-16 23:19:48.718 22706 RALLYDEBUG rally_openstack.cleanup.manager [-] Deleting neutron.port object s_rally_39c75cd8_dHOkHMni (f3cdcebb-caeb-4f04-a457-92f9b6fd4112)
2019-07-16 23:19:48.914 22706 RALLYDEBUG rally_openstack.cleanup.manager [-] Deleting neutron.port object s_rally_39c75cd8_WJO4OtCs (f4338236-545a-456e-9f8a-b739f0560b01)
2019-07-16 23:19:48.930 22706 RALLYDEBUG rally_openstack.cleanup.manager [-] Deleting neutron.port object s_rally_39c75cd8_YBKHpZmx (f535abe3-26e2-4956-9f11-612b87d4c47c)
2019-07-16 23:19:48.961 22706 RALLYDEBUG rally_openstack.cleanup.manager [-] Deleting neutron.port object s_rally_39c75cd8_agZaj5sC (f55dbd37-1483-4efb-997f-e5a2157256d5)
2019-07-16 23:19:49.175 22706 RALLYDEBUG rally_openstack.cleanup.manager [-] Deleting neutron.port object s_rally_39c75cd8_xz66xa6b (f55e799c-72b8-42db-9455-e564980ddaf0)
2019-07-16 23:19:49.465 22706 RALLYDEBUG rally_openstack.cleanup.manager [-] Deleting neutron.port object s_rally_39c75cd8_FUEMaqI0 (f577a9a4-e695-4e69-91ba-1a985e1bf683)
2019-07-16 23:19:49.922 22706 RALLYDEBUG rally_openstack.cleanup.manager [-] Deleting neutron.port object s_rally_39c75cd8_vXmYAOMP (f738a9da-39fc-40d5-9da5-998e1b3b9440)
2019-07-16 23:19:50.003 22706 RALLYDEBUG rally_openstack.cleanup.manager [-] Deleting neutron.port object s_rally_39c75cd8_52wmGdrX (f7ea8650-5b45-4ef4-9bd5-05c83e0c8fa4)
2019-07-16 23:19:50.007 22706 RALLYDEBUG rally_openstack.cleanup.manager [-] Deleting neutron.port object s_rally_39c75cd8_XnXOhQzy (f807e14e-06a9-4408-8f17-ca5a02cf002a)
2019-07-16 23:19:50.035 22706 RALLYDEBUG rally_openstack.cleanup.manager [-] Deleting neutron.port object s_rally_39c75cd8_cVIUaN6q (f88e7f04-24b9-4998-9732-fe2b280277a5)
2019-07-16 23:19:50.118 22706 RALLYDEBUG rally_openstack.cleanup.manager [-] Deleting neutron.port object s_rally_39c75cd8_zEb2sya5 (fc152b24-99ef-48f8-84d2-7cc60859bbf9)
2019-07-16 23:19:50.187 22706 RALLYDEBUG rally_openstack.cleanup.manager [-] Deleting neutron.port object s_rally_39c75cd8_nyCC8SZ2 (fc3f664c-0768-4b21-ae8f-4b509b15bdce)
2019-07-16 23:19:50.354 22706 RALLYDEBUG rally_openstack.cleanup.manager [-] Deleting neutron.port object s_rally_39c75cd8_SSSJD3xK (fd352e6b-bce9-4021-8bba-2f5ad5f16d4f)
2019-07-16 23:19:50.576 22706 RALLYDEBUG rally_openstack.cleanup.manager [-] Deleting neutron.port object s_rally_39c75cd8_EEHXYM3B (fdec9246-5664-4036-8276-2ffda5a7812f)
2019-07-16 23:19:50.731 22706 RALLYDEBUG rally_openstack.cleanup.manager [-] Deleting neutron.port object s_rally_39c75cd8_Nul9pvMI (fe16d454-2fd7-48af-a099-8e3fe9fc7d14)
2019-07-16 23:19:50.889 22706 RALLYDEBUG rally_openstack.cleanup.manager [-] Deleting neutron.port object s_rally_39c75cd8_GrTd4IOK (ff546740-ca60-4f4c-aae8-f9b368fe2ae5)
2019-07-16 23:19:50.967 22706 RALLYDEBUG rally_openstack.cleanup.manager [-] Deleting neutron.port object s_rally_39c75cd8_QT0OY9EE (ffbe861d-6776-48c1-9b4e-5e9f3f542304)
2019-07-16 23:19:53.495 22706 RALLYDEBUG rally_openstack.cleanup.manager [-] Cleaning up neutron subnet objects
2019-07-16 23:19:54.176 22706 RALLYDEBUG rally_openstack.cleanup.manager [-] Cleaning up neutron network objects
2019-07-16 23:19:55.017 22706 RALLYDEBUG rally_openstack.cleanup.manager [-] Deleting neutron.network object s_rally_39c75cd8_rJ4tF4wf (0fd58472-104b-425b-a390-082bf403af1f)
2019-07-16 23:19:55.022 22706 RALLYDEBUG rally_openstack.cleanup.manager [-] Deleting neutron.network object s_rally_39c75cd8_92IrtUBO (29cd752f-9bb4-486d-9229-b313a88319de)
2019-07-16 23:19:55.034 22706 RALLYDEBUG rally_openstack.cleanup.manager [-] Deleting neutron.network object s_rally_39c75cd8_DjEgzAQm (56cf16fc-de13-4df5-8c0e-98a043cd2b67)
2019-07-16 23:19:55.042 22706 RALLYDEBUG rally_openstack.cleanup.manager [-] Deleting neutron.network object s_rally_39c75cd8_O7Z8nqz7 (5d4599e9-6583-4b48-b2a5-805865f20d78)
2019-07-16 23:19:55.046 22706 RALLYDEBUG rally_openstack.cleanup.manager [-] Deleting neutron.network object s_rally_39c75cd8_lizJpZ3N (5d763cbe-e4e3-4164-ada1-28cf50f6ff4b)
2019-07-16 23:19:55.063 22706 RALLYDEBUG rally_openstack.cleanup.manager [-] Deleting neutron.network object s_rally_39c75cd8_TcjwIreF (7b5f049a-e241-470e-bfaa-4b4176a46717)
2019-07-16 23:19:55.068 22706 RALLYDEBUG rally_openstack.cleanup.manager [-] Deleting neutron.network object s_rally_39c75cd8_Zjx19iAa (e4312b7a-b430-416b-876e-3da4f1ab46d6)
2019-07-16 23:19:55.082 22706 RALLYDEBUG rally_openstack.cleanup.manager [-] Deleting neutron.network object s_rally_39c75cd8_F4FzHJGF (f0ecc43d-f99b-408c-9e08-2d83da74282c)
2019-07-16 23:19:59.388 22706 RALLYDEBUG rally_openstack.cleanup.manager [-] Cleaning up neutron router objects
2019-07-16 23:20:00.214 22706 RALLYDEBUG rally_openstack.cleanup.manager [-] Cleaning up neutron security_group objects
2019-07-16 23:20:00.971 22706 INFO rally.task.context [-] Task 5b27ff8f-f272-4f87-bfcc-678d4db7d356 | Context cleanup@openstack cleanup() finished in 1.13 min
2019-07-16 23:20:00.972 22706 INFO rally.task.context [-] Task 5b27ff8f-f272-4f87-bfcc-678d4db7d356 | Context quotas@openstack cleanup() started
2019-07-16 23:20:01.303 22706 INFO rally.task.context [-] Task 5b27ff8f-f272-4f87-bfcc-678d4db7d356 | Context quotas@openstack cleanup() finished in 0.33 sec
2019-07-16 23:20:01.303 22706 INFO rally.task.context [-] Task 5b27ff8f-f272-4f87-bfcc-678d4db7d356 | Context users@openstack cleanup() started
2019-07-16 23:20:06.259 22706 INFO rally.task.context [-] Task 5b27ff8f-f272-4f87-bfcc-678d4db7d356 | Context users@openstack cleanup() finished in 4.96 sec
2019-07-16 23:20:06.653 22706 INFO rally.task.engine [-] Load duration is: 115.419696
2019-07-16 23:20:06.653 22706 INFO rally.task.engine [-] Full runner duration is: 115.468239
2019-07-16 23:20:06.654 22706 INFO rally.task.engine [-] Full duration is: 194.389388
2019-07-16 23:20:06.993 22706 INFO rally.task.engine [-] Running workload: position = 1 config = { "version": 2, "title": "A cropped version of a bigger task.", "description": "Auto-generated task from a single workload (uuid=ac79c534-acd8-4b6a-b3c1-73536774ad11)", "subtasks": [ { "title": "NeutronNetworks.create_and_update_ports", "description": "Create and update a given number of ports.", "scenario": { "NeutronNetworks.create_and_update_ports": { "network_create_args": {}, "port_create_args": {}, "ports_per_network": 5, "port_update_args": { "admin_state_up": false, "device_id": "dummy_id", "device_owner": "dummy_owner", "name": "_port_updated" } } }, "contexts": { "users": { "tenants": 1, "users_per_tenant": 1 }, "quotas": { "neutron": { "network": -1, "port": -1 } } }, "runner": { "constant": { "times": 40, "concurrency": 20 } }, "hooks": [], "sla": { "failure_rate": { "max": 0 } } } ] }
2019-07-16 23:20:07.017 22706 RALLYDEBUG rally_openstack.contexts.keystone.users [-] Creating 1 tenants using 20 threads
2019-07-16 23:20:09.019 22706 RALLYDEBUG rally_openstack.contexts.keystone.users [-] Creating 1 users using 20 threads
2019-07-16 23:20:11.797 22706 INFO rally.task.context [-] Task 5b27ff8f-f272-4f87-bfcc-678d4db7d356 | Context users@openstack setup() finished in 4.78 sec
2019-07-16 23:20:12.542 22706 INFO rally.task.context [-] Task 5b27ff8f-f272-4f87-bfcc-678d4db7d356 | Context quotas@openstack setup() finished in 0.74 sec
2019-07-16 23:20:12.542 22706 INFO rally.task.context [-] Task 5b27ff8f-f272-4f87-bfcc-678d4db7d356 | Context cleanup@openstack setup() finished in 0.00 msec
2019-07-16 23:20:12.550 22706 RALLYDEBUG rally.task.runner [-] Starting the constant runner (task UUID: 5b27ff8f-f272-4f87-bfcc-678d4db7d356). timeout: 0 concurrency: 20 concurrency_per_worker: 1 times: 40 concurrency_overhead: 4 processes_to_start: 16 max_cpu_used: 16
2019-07-16 23:20:12.562 26577 RALLYDEBUG rally.task.runner [-] Starting a worker. concurrency: 2 args: {"network_create_args": {}, "port_create_args": {}, "ports_per_network": 5, "port_update_args": {"admin_state_up": false, "device_id": "dummy_id", "device_owner": "dummy_owner", "name": "_port_updated"}} times: 40 method_name: run timeout: 0 duration: None cls:
2019-07-16 23:20:12.566 26578 RALLYDEBUG rally.task.runner [-] Starting a worker. concurrency: 2 args: {"network_create_args": {}, "port_create_args": {}, "ports_per_network": 5, "port_update_args": {"admin_state_up": false, "device_id": "dummy_id", "device_owner": "dummy_owner", "name": "_port_updated"}} times: 40 method_name: run timeout: 0 duration: None cls:
2019-07-16 23:20:12.569 26577 INFO rally.task.runner [-] Task 5b27ff8f-f272-4f87-bfcc-678d4db7d356 | ITER: 1 START
2019-07-16 23:20:12.569 26579 RALLYDEBUG rally.task.runner [-] Starting a worker. concurrency: 2 args: {"network_create_args": {}, "port_create_args": {}, "ports_per_network": 5, "port_update_args": {"admin_state_up": false, "device_id": "dummy_id", "device_owner": "dummy_owner", "name": "_port_updated"}} times: 40 method_name: run timeout: 0 duration: None cls:
2019-07-16 23:20:12.571 26580 RALLYDEBUG rally.task.runner [-] Starting a worker. concurrency: 2 args: {"network_create_args": {}, "port_create_args": {}, "ports_per_network": 5, "port_update_args": {"admin_state_up": false, "device_id": "dummy_id", "device_owner": "dummy_owner", "name": "_port_updated"}} times: 40 method_name: run timeout: 0 duration: None cls:
2019-07-16 23:20:12.574 26578 INFO rally.task.runner [-] Task 5b27ff8f-f272-4f87-bfcc-678d4db7d356 | ITER: 3 START
2019-07-16 23:20:12.574 26577 WARNING rally_openstack.scenarios.neutron.utils [-] Running this scenario without either the 'network' or 'existing_network' context is deprecated
2019-07-16 23:20:12.576 26578 INFO rally.task.runner [-] Task 5b27ff8f-f272-4f87-bfcc-678d4db7d356 | ITER: 5 START
2019-07-16 23:20:12.577 26583 RALLYDEBUG rally.task.runner [-] Starting a worker. concurrency: 1 args: {"network_create_args": {}, "port_create_args": {}, "ports_per_network": 5, "port_update_args": {"admin_state_up": false, "device_id": "dummy_id", "device_owner": "dummy_owner", "name": "_port_updated"}} times: 40 method_name: run timeout: 0 duration: None cls:
2019-07-16 23:20:12.578 26585 RALLYDEBUG rally.task.runner [-] Starting a worker. concurrency: 1 args: {"network_create_args": {}, "port_create_args": {}, "ports_per_network": 5, "port_update_args": {"admin_state_up": false, "device_id": "dummy_id", "device_owner": "dummy_owner", "name": "_port_updated"}} times: 40 method_name: run timeout: 0 duration: None cls:
2019-07-16 23:20:12.577 26579 INFO rally.task.runner [-] Task 5b27ff8f-f272-4f87-bfcc-678d4db7d356 | ITER: 4 START
2019-07-16 23:20:12.580 26580 INFO rally.task.runner [-] Task 5b27ff8f-f272-4f87-bfcc-678d4db7d356 | ITER: 6 START
2019-07-16 23:20:12.577 26578 WARNING rally_openstack.scenarios.neutron.utils [-] Running this scenario without either the 'network' or 'existing_network' context is deprecated
2019-07-16 23:20:12.582 26580 WARNING rally_openstack.scenarios.neutron.utils [-] Running this scenario without either the 'network' or 'existing_network' context is deprecated
2019-07-16 23:20:12.579 26579 INFO rally.task.runner [-] Task 5b27ff8f-f272-4f87-bfcc-678d4db7d356 | ITER: 7 START
2019-07-16 23:20:12.582 26590 RALLYDEBUG rally.task.runner [-] Starting a worker. concurrency: 1 args: {"network_create_args": {}, "port_create_args": {}, "ports_per_network": 5, "port_update_args": {"admin_state_up": false, "device_id": "dummy_id", "device_owner": "dummy_owner", "name": "_port_updated"}} times: 40 method_name: run timeout: 0 duration: None cls:
2019-07-16 23:20:12.584 26579 WARNING rally_openstack.scenarios.neutron.utils [-] Running this scenario without either the 'network' or 'existing_network' context is deprecated
2019-07-16 23:20:12.585 26583 INFO rally.task.runner [-] Task 5b27ff8f-f272-4f87-bfcc-678d4db7d356 | ITER: 9 START
2019-07-16 23:20:12.585 26585 INFO rally.task.runner [-] Task 5b27ff8f-f272-4f87-bfcc-678d4db7d356 | ITER: 10 START
2019-07-16 23:20:12.581 26579 WARNING rally_openstack.scenarios.neutron.utils [-] Running this scenario without either the 'network' or 'existing_network' context is deprecated
2019-07-16 23:20:12.586 26595 RALLYDEBUG rally.task.runner [-] Starting a worker. concurrency: 1 args: {"network_create_args": {}, "port_create_args": {}, "ports_per_network": 5, "port_update_args": {"admin_state_up": false, "device_id": "dummy_id", "device_owner": "dummy_owner", "name": "_port_updated"}} times: 40 method_name: run timeout: 0 duration: None cls:
2019-07-16 23:20:12.586 26583 WARNING rally_openstack.scenarios.neutron.utils [-] Running this scenario without either the 'network' or 'existing_network' context is deprecated
2019-07-16 23:20:12.581 26578 WARNING rally_openstack.scenarios.neutron.utils [-] Running this scenario without either the 'network' or 'existing_network' context is deprecated
2019-07-16 23:20:12.588 26585 WARNING rally_openstack.scenarios.neutron.utils [-] Running this scenario without either the 'network' or 'existing_network' context is deprecated
2019-07-16 23:20:12.589 26577 INFO rally.task.runner [-] Task 5b27ff8f-f272-4f87-bfcc-678d4db7d356 | ITER: 2 START
2019-07-16 23:20:12.590 26590 INFO rally.task.runner [-] Task 5b27ff8f-f272-4f87-bfcc-678d4db7d356 | ITER: 11 START
2019-07-16 23:20:12.590 26577 WARNING rally_openstack.scenarios.neutron.utils [-] Running this scenario without either the 'network' or 'existing_network' context is deprecated
2019-07-16 23:20:12.591 26597 RALLYDEBUG rally.task.runner [-] Starting a worker. concurrency: 1 args: {"network_create_args": {}, "port_create_args": {}, "ports_per_network": 5, "port_update_args": {"admin_state_up": false, "device_id": "dummy_id", "device_owner": "dummy_owner", "name": "_port_updated"}} times: 40 method_name: run timeout: 0 duration: None cls:
2019-07-16 23:20:12.592 26590 WARNING rally_openstack.scenarios.neutron.utils [-] Running this scenario without either the 'network' or 'existing_network' context is deprecated
2019-07-16 23:20:12.593 26602 RALLYDEBUG rally.task.runner [-] Starting a worker. concurrency: 1 args: {"network_create_args": {}, "port_create_args": {}, "ports_per_network": 5, "port_update_args": {"admin_state_up": false, "device_id": "dummy_id", "device_owner": "dummy_owner", "name": "_port_updated"}} times: 40 method_name: run timeout: 0 duration: None cls:
2019-07-16 23:20:12.595 26595 INFO rally.task.runner [-] Task 5b27ff8f-f272-4f87-bfcc-678d4db7d356 | ITER: 12 START
2019-07-16 23:20:12.589 26580 INFO rally.task.runner [-] Task 5b27ff8f-f272-4f87-bfcc-678d4db7d356 | ITER: 8 START
2019-07-16 23:20:12.596 26580 WARNING rally_openstack.scenarios.neutron.utils [-] Running this scenario without either the 'network' or 'existing_network' context is deprecated
2019-07-16 23:20:12.596 26604 RALLYDEBUG rally.task.runner [-] Starting a worker. concurrency: 1 args: {"network_create_args": {}, "port_create_args": {}, "ports_per_network": 5, "port_update_args": {"admin_state_up": false, "device_id": "dummy_id", "device_owner": "dummy_owner", "name": "_port_updated"}} times: 40 method_name: run timeout: 0 duration: None cls:
2019-07-16 23:20:12.597 26597 INFO rally.task.runner [-] Task 5b27ff8f-f272-4f87-bfcc-678d4db7d356 | ITER: 13 START
2019-07-16 23:20:12.598 26595 WARNING rally_openstack.scenarios.neutron.utils [-] Running this scenario without either the 'network' or 'existing_network' context is deprecated
2019-07-16 23:20:12.599 26597 WARNING rally_openstack.scenarios.neutron.utils [-] Running this scenario without either the 'network' or 'existing_network' context is deprecated
2019-07-16 23:20:12.600 26602 INFO rally.task.runner [-] Task 5b27ff8f-f272-4f87-bfcc-678d4db7d356 | ITER: 14 START
2019-07-16 23:20:12.602 26602 WARNING rally_openstack.scenarios.neutron.utils [-] Running this scenario without either the 'network' or 'existing_network' context is deprecated
2019-07-16 23:20:12.601 26607 RALLYDEBUG rally.task.runner [-] Starting a worker. concurrency: 1 args: {"network_create_args": {}, "port_create_args": {}, "ports_per_network": 5, "port_update_args": {"admin_state_up": false, "device_id": "dummy_id", "device_owner": "dummy_owner", "name": "_port_updated"}} times: 40 method_name: run timeout: 0 duration: None cls:
2019-07-16 23:20:12.605 26604 INFO rally.task.runner [-] Task 5b27ff8f-f272-4f87-bfcc-678d4db7d356 | ITER: 15 START
2019-07-16 23:20:12.607 26604 WARNING rally_openstack.scenarios.neutron.utils [-] Running this scenario without either the 'network' or 'existing_network' context is deprecated
2019-07-16 23:20:12.607 26613 RALLYDEBUG rally.task.runner [-] Starting a worker. concurrency: 1 args: {"network_create_args": {}, "port_create_args": {}, "ports_per_network": 5, "port_update_args": {"admin_state_up": false, "device_id": "dummy_id", "device_owner": "dummy_owner", "name": "_port_updated"}} times: 40 method_name: run timeout: 0 duration: None cls:
2019-07-16 23:20:12.608 26607 INFO rally.task.runner [-] Task 5b27ff8f-f272-4f87-bfcc-678d4db7d356 | ITER: 16 START
2019-07-16 23:20:12.610 26607 WARNING rally_openstack.scenarios.neutron.utils [-] Running this scenario without either the 'network' or 'existing_network' context is deprecated
2019-07-16 23:20:12.615 26613 INFO rally.task.runner [-] Task 5b27ff8f-f272-4f87-bfcc-678d4db7d356 | ITER: 17 START
2019-07-16 23:20:12.617 26613 WARNING rally_openstack.scenarios.neutron.utils [-] Running this scenario without either the 'network' or 'existing_network' context is deprecated
2019-07-16 23:20:12.618 26618 RALLYDEBUG rally.task.runner [-] Starting a worker. concurrency: 1 args: {"network_create_args": {}, "port_create_args": {}, "ports_per_network": 5, "port_update_args": {"admin_state_up": false, "device_id": "dummy_id", "device_owner": "dummy_owner", "name": "_port_updated"}} times: 40 method_name: run timeout: 0 duration: None cls:
2019-07-16 23:20:12.623 26618 INFO rally.task.runner [-] Task 5b27ff8f-f272-4f87-bfcc-678d4db7d356 | ITER: 18 START
2019-07-16 23:20:12.625 26618 WARNING rally_openstack.scenarios.neutron.utils [-] Running this scenario without either the 'network' or 'existing_network' context is deprecated
2019-07-16 23:20:12.627 26621 RALLYDEBUG rally.task.runner [-] Starting a worker. concurrency: 1 args: {"network_create_args": {}, "port_create_args": {}, "ports_per_network": 5, "port_update_args": {"admin_state_up": false, "device_id": "dummy_id", "device_owner": "dummy_owner", "name": "_port_updated"}} times: 40 method_name: run timeout: 0 duration: None cls:
2019-07-16 23:20:12.633 26621 INFO rally.task.runner [-] Task 5b27ff8f-f272-4f87-bfcc-678d4db7d356 | ITER: 19 START
2019-07-16 23:20:12.634 26621 WARNING rally_openstack.scenarios.neutron.utils [-] Running this scenario without either the 'network' or 'existing_network' context is deprecated
2019-07-16 23:20:12.634 26624 RALLYDEBUG rally.task.runner [-] Starting a worker. concurrency: 1 args: {"network_create_args": {}, "port_create_args": {}, "ports_per_network": 5, "port_update_args": {"admin_state_up": false, "device_id": "dummy_id", "device_owner": "dummy_owner", "name": "_port_updated"}} times: 40 method_name: run timeout: 0 duration: None cls:
2019-07-16 23:20:12.638 26624 INFO rally.task.runner [-] Task 5b27ff8f-f272-4f87-bfcc-678d4db7d356 | ITER: 20 START
2019-07-16 23:20:12.639 26624 WARNING rally_openstack.scenarios.neutron.utils [-] Running this scenario without either the 'network' or 'existing_network' context is deprecated
2019-07-16 23:20:28.071 26613 INFO rally.task.runner [-] Task 5b27ff8f-f272-4f87-bfcc-678d4db7d356 | ITER: 17 END: OK
2019-07-16 23:20:28.074 26613 INFO rally.task.runner [-] Task 5b27ff8f-f272-4f87-bfcc-678d4db7d356 | ITER: 21 START
2019-07-16 23:20:28.075 26613 WARNING rally_openstack.scenarios.neutron.utils [-] Running this scenario without either the 'network' or 'existing_network' context is deprecated
2019-07-16 23:20:28.420 26597 INFO rally.task.runner [-] Task 5b27ff8f-f272-4f87-bfcc-678d4db7d356 | ITER: 13 END: OK
2019-07-16 23:20:28.424 26597 INFO rally.task.runner [-] Task 5b27ff8f-f272-4f87-bfcc-678d4db7d356 | ITER: 22 START
2019-07-16 23:20:28.425 26597 WARNING rally_openstack.scenarios.neutron.utils [-] Running this scenario without either the 'network' or 'existing_network' context is deprecated
2019-07-16 23:20:29.139 26621 INFO rally.task.runner [-] Task 5b27ff8f-f272-4f87-bfcc-678d4db7d356 | ITER: 19 END: OK
2019-07-16 23:20:29.144 26621 INFO rally.task.runner [-] Task 5b27ff8f-f272-4f87-bfcc-678d4db7d356 | ITER: 23 START
2019-07-16 23:20:29.145 26621 WARNING rally_openstack.scenarios.neutron.utils [-] Running this scenario without either the 'network' or 'existing_network' context is deprecated
2019-07-16 23:20:29.268 26579 INFO rally.task.runner [-] Task 5b27ff8f-f272-4f87-bfcc-678d4db7d356 | ITER: 4 END: OK
2019-07-16 23:20:29.273 26579 INFO rally.task.runner [-] Task 5b27ff8f-f272-4f87-bfcc-678d4db7d356 | ITER: 24 START
2019-07-16 23:20:29.273 26579 WARNING rally_openstack.scenarios.neutron.utils [-] Running this scenario without either the 'network' or 'existing_network' context is deprecated
2019-07-16 23:20:29.333 26580 INFO rally.task.runner [-] Task 5b27ff8f-f272-4f87-bfcc-678d4db7d356 | ITER: 8 END: OK
2019-07-16 23:20:29.338 26580 INFO rally.task.runner [-] Task 5b27ff8f-f272-4f87-bfcc-678d4db7d356 | ITER: 25 START
2019-07-16 23:20:29.339 26580 WARNING rally_openstack.scenarios.neutron.utils [-] Running this scenario without either the 'network' or 'existing_network' context is deprecated
2019-07-16 23:20:30.075 26580 INFO rally.task.runner [-] Task 5b27ff8f-f272-4f87-bfcc-678d4db7d356 | ITER: 6 END: OK
2019-07-16 23:20:30.080 26580 INFO rally.task.runner [-] Task 5b27ff8f-f272-4f87-bfcc-678d4db7d356 | ITER: 26 START
2019-07-16 23:20:30.080 26580 WARNING rally_openstack.scenarios.neutron.utils [-] Running this scenario without either the 'network' or 'existing_network' context is deprecated
2019-07-16 23:20:30.090 26579 INFO rally.task.runner [-] Task 5b27ff8f-f272-4f87-bfcc-678d4db7d356 | ITER: 7 END: OK
2019-07-16 23:20:30.094 26579 INFO rally.task.runner [-] Task 5b27ff8f-f272-4f87-bfcc-678d4db7d356 | ITER: 27 START
2019-07-16 23:20:30.095 26579 WARNING rally_openstack.scenarios.neutron.utils [-] Running this scenario without either the 'network' or 'existing_network' context is deprecated
2019-07-16 23:20:30.230 26578 INFO rally.task.runner [-] Task 5b27ff8f-f272-4f87-bfcc-678d4db7d356 | ITER: 3 END: OK
2019-07-16 23:20:30.235 26578 INFO rally.task.runner [-] Task 5b27ff8f-f272-4f87-bfcc-678d4db7d356 | ITER: 28 START
2019-07-16 23:20:30.235 26578 WARNING rally_openstack.scenarios.neutron.utils [-] Running this scenario without either the 'network' or 'existing_network' context is deprecated
2019-07-16 23:20:30.603 26577 INFO rally.task.runner [-] Task 5b27ff8f-f272-4f87-bfcc-678d4db7d356 | ITER: 2 END: OK
2019-07-16 23:20:30.606 26577 INFO rally.task.runner [-] Task 5b27ff8f-f272-4f87-bfcc-678d4db7d356 | ITER: 29 START
2019-07-16 23:20:30.607 26577 WARNING rally_openstack.scenarios.neutron.utils [-] Running this scenario without either the 'network' or 'existing_network' context is deprecated
2019-07-16 23:20:30.790 26583 INFO rally.task.runner [-] Task 5b27ff8f-f272-4f87-bfcc-678d4db7d356 | ITER: 9 END: OK
2019-07-16 23:20:30.794 26583 INFO rally.task.runner [-] Task 5b27ff8f-f272-4f87-bfcc-678d4db7d356 | ITER: 30 START
2019-07-16 23:20:30.794 26583 WARNING rally_openstack.scenarios.neutron.utils [-] Running this scenario without either the 'network' or 'existing_network' context is deprecated
2019-07-16 23:20:30.887 26604 INFO rally.task.runner [-] Task 5b27ff8f-f272-4f87-bfcc-678d4db7d356 | ITER: 15 END: OK
2019-07-16 23:20:30.889 26604 INFO rally.task.runner [-] Task 5b27ff8f-f272-4f87-bfcc-678d4db7d356 | ITER: 31 START
2019-07-16 23:20:30.889 26604 WARNING rally_openstack.scenarios.neutron.utils [-] Running this scenario without either the 'network' or 'existing_network' context is deprecated
2019-07-16 23:20:30.990 26607 INFO rally.task.runner [-] Task 5b27ff8f-f272-4f87-bfcc-678d4db7d356 | ITER: 16 END: OK
2019-07-16 23:20:30.993 26607 INFO rally.task.runner [-] Task 5b27ff8f-f272-4f87-bfcc-678d4db7d356 | ITER: 32 START
2019-07-16 23:20:30.993 26607 WARNING rally_openstack.scenarios.neutron.utils [-] Running this scenario without either the 'network' or 'existing_network' context is deprecated
2019-07-16 23:20:31.444 26590 INFO rally.task.runner [-] Task 5b27ff8f-f272-4f87-bfcc-678d4db7d356 | ITER: 11 END: OK
2019-07-16 23:20:31.447 26590 INFO rally.task.runner [-] Task 5b27ff8f-f272-4f87-bfcc-678d4db7d356 | ITER: 33 START
2019-07-16 23:20:31.448 26590 WARNING rally_openstack.scenarios.neutron.utils [-] Running this scenario without either the 'network' or 'existing_network' context is deprecated
2019-07-16 23:20:31.466 26578 INFO rally.task.runner [-] Task 5b27ff8f-f272-4f87-bfcc-678d4db7d356 | ITER: 5 END: OK
2019-07-16 23:20:31.470 26578 INFO rally.task.runner [-] Task 5b27ff8f-f272-4f87-bfcc-678d4db7d356 | ITER: 34 START
2019-07-16 23:20:31.470 26578 WARNING rally_openstack.scenarios.neutron.utils [-] Running this scenario without either the 'network' or 'existing_network' context is deprecated
2019-07-16 23:20:32.172 26602 INFO rally.task.runner [-] Task 5b27ff8f-f272-4f87-bfcc-678d4db7d356 | ITER: 14 END: OK
2019-07-16 23:20:32.176 26602 INFO rally.task.runner [-] Task 5b27ff8f-f272-4f87-bfcc-678d4db7d356 | ITER: 35 START
2019-07-16 23:20:32.177 26602 WARNING rally_openstack.scenarios.neutron.utils [-] Running this scenario without either the 'network' or 'existing_network' context is deprecated
2019-07-16 23:20:32.252 26618 INFO rally.task.runner [-] Task 5b27ff8f-f272-4f87-bfcc-678d4db7d356 | ITER: 18 END: OK
2019-07-16 23:20:32.256 26618 INFO rally.task.runner [-] Task 5b27ff8f-f272-4f87-bfcc-678d4db7d356 | ITER: 36 START
2019-07-16 23:20:32.257 26618 WARNING rally_openstack.scenarios.neutron.utils [-] Running this scenario without either the 'network' or 'existing_network' context is deprecated
2019-07-16 23:20:32.446 26577 INFO rally.task.runner [-] Task 5b27ff8f-f272-4f87-bfcc-678d4db7d356 | ITER: 1 END: OK
2019-07-16 23:20:32.450 26577 INFO rally.task.runner [-] Task 5b27ff8f-f272-4f87-bfcc-678d4db7d356 | ITER: 37 START
2019-07-16 23:20:32.451 26577 WARNING rally_openstack.scenarios.neutron.utils [-] Running this scenario without either the 'network' or 'existing_network' context is deprecated
2019-07-16 23:20:32.560 26595 INFO rally.task.runner [-] Task 5b27ff8f-f272-4f87-bfcc-678d4db7d356 | ITER: 12 END: OK
2019-07-16 23:20:32.564 26595 INFO rally.task.runner [-] Task 5b27ff8f-f272-4f87-bfcc-678d4db7d356 | ITER: 38 START
2019-07-16 23:20:32.565 26595 WARNING rally_openstack.scenarios.neutron.utils [-] Running this scenario without either the 'network' or 'existing_network' context is deprecated
2019-07-16 23:20:32.833 26624 INFO rally.task.runner [-] Task 5b27ff8f-f272-4f87-bfcc-678d4db7d356 | ITER: 20 END: OK
2019-07-16 23:20:32.837 26624 INFO rally.task.runner [-] Task 5b27ff8f-f272-4f87-bfcc-678d4db7d356 | ITER: 39 START
2019-07-16 23:20:32.838 26624 WARNING rally_openstack.scenarios.neutron.utils [-] Running this scenario without either the 'network' or 'existing_network' context is deprecated
2019-07-16 23:20:33.512 26585 INFO rally.task.runner [-] Task 5b27ff8f-f272-4f87-bfcc-678d4db7d356 | ITER: 10 END: OK
2019-07-16 23:20:33.517 26585 INFO rally.task.runner [-] Task 5b27ff8f-f272-4f87-bfcc-678d4db7d356 | ITER: 40 START
2019-07-16 23:20:33.517 26585 WARNING rally_openstack.scenarios.neutron.utils [-] Running this scenario without either the 'network' or 'existing_network' context is deprecated
2019-07-16 23:20:45.408 26578 INFO rally.task.runner [-] Task 5b27ff8f-f272-4f87-bfcc-678d4db7d356 | ITER: 28 END: OK
2019-07-16 23:20:45.498 26621 INFO rally.task.runner [-] Task 5b27ff8f-f272-4f87-bfcc-678d4db7d356 | ITER: 23 END: OK
2019-07-16 23:20:45.574 26580 INFO rally.task.runner [-] Task 5b27ff8f-f272-4f87-bfcc-678d4db7d356 | ITER: 25 END: OK
2019-07-16 23:20:45.881 26613 INFO rally.task.runner [-] Task 5b27ff8f-f272-4f87-bfcc-678d4db7d356 | ITER: 21 END: OK
2019-07-16 23:20:45.924 26579 INFO rally.task.runner [-] Task 5b27ff8f-f272-4f87-bfcc-678d4db7d356 | ITER: 24 END: OK
2019-07-16 23:20:46.233 26577 INFO rally.task.runner [-] Task 5b27ff8f-f272-4f87-bfcc-678d4db7d356 | ITER: 29 END: OK
2019-07-16 23:20:46.679 26604 INFO rally.task.runner [-] Task 5b27ff8f-f272-4f87-bfcc-678d4db7d356 | ITER: 31 END: OK
2019-07-16 23:20:46.680 26597 INFO rally.task.runner [-] Task 5b27ff8f-f272-4f87-bfcc-678d4db7d356 | ITER: 22 END: OK
2019-07-16 23:20:46.690 26580 INFO rally.task.runner [-] Task 5b27ff8f-f272-4f87-bfcc-678d4db7d356 | ITER: 26 END: OK
2019-07-16 23:20:47.460 26583 INFO rally.task.runner [-] Task 5b27ff8f-f272-4f87-bfcc-678d4db7d356 | ITER: 30 END: OK
2019-07-16 23:20:47.992 26590 INFO rally.task.runner [-] Task 5b27ff8f-f272-4f87-bfcc-678d4db7d356 | ITER: 33 END: OK
2019-07-16 23:20:48.111 26607 INFO rally.task.runner [-] Task 5b27ff8f-f272-4f87-bfcc-678d4db7d356 | ITER: 32 END: OK
2019-07-16 23:20:48.565 26579 INFO rally.task.runner [-] Task 5b27ff8f-f272-4f87-bfcc-678d4db7d356 | ITER: 27 END: OK
2019-07-16 23:20:48.955 26618 INFO rally.task.runner [-] Task 5b27ff8f-f272-4f87-bfcc-678d4db7d356 | ITER: 36 END: OK
2019-07-16 23:20:49.130 26624 INFO rally.task.runner [-] Task 5b27ff8f-f272-4f87-bfcc-678d4db7d356 | ITER: 39 END: OK
2019-07-16 23:20:49.720 26602 INFO rally.task.runner [-] Task 5b27ff8f-f272-4f87-bfcc-678d4db7d356 | ITER: 35 END: OK
2019-07-16 23:20:49.808 26595 INFO rally.task.runner [-] Task 5b27ff8f-f272-4f87-bfcc-678d4db7d356 | ITER: 38 END: OK
2019-07-16 23:20:49.816 26578 INFO rally.task.runner [-] Task 5b27ff8f-f272-4f87-bfcc-678d4db7d356 | ITER: 34 END: OK
2019-07-16 23:20:50.340 26577 INFO rally.task.runner [-] Task 5b27ff8f-f272-4f87-bfcc-678d4db7d356 | ITER: 37 END: OK
2019-07-16 23:20:50.487 26585 INFO rally.task.runner [-] Task 5b27ff8f-f272-4f87-bfcc-678d4db7d356 | ITER: 40 END: OK
2019-07-16 23:20:50.511 22706 INFO rally.task.context [-] Task 5b27ff8f-f272-4f87-bfcc-678d4db7d356 | Context cleanup@openstack cleanup() started
2019-07-16 23:20:50.513 22706 RALLYDEBUG rally_openstack.cleanup.manager [-] Cleaning up neutron vip objects
2019-07-16 23:20:51.235 22706 RALLYDEBUG rally_openstack.cleanup.manager [-] Cleaning up neutron health_monitor objects
2019-07-16 23:20:51.991 22706 RALLYDEBUG rally_openstack.cleanup.manager [-] Cleaning up neutron pool objects
2019-07-16 23:20:52.643 22706 RALLYDEBUG rally_openstack.cleanup.manager [-] Cleaning up neutron loadbalancer objects
2019-07-16 23:20:53.456 22706 RALLYDEBUG rally_openstack.cleanup.manager [-] Cleaning up neutron floatingip objects
2019-07-16 23:20:54.242 22706 RALLYDEBUG rally_openstack.cleanup.manager [-] Cleaning up neutron port objects
2019-07-16 23:20:55.558 22706 RALLYDEBUG rally_openstack.cleanup.manager [-] Deleting neutron.port object s_rally_ac79c534_Pl5a3YqB (06ea2566-6d0a-4136-8e6e-3b9422dfb8b9)
2019-07-16 23:20:55.560 22706 RALLYDEBUG rally_openstack.cleanup.manager [-] Deleting neutron.port object s_rally_ac79c534_giBXJDho (047c397c-e1a6-4023-aeda-90de2bdc16b1)
2019-07-16 23:20:55.562 22706 RALLYDEBUG rally_openstack.cleanup.manager [-] Deleting neutron.port object s_rally_ac79c534_tI2YdDQj (099208e2-0bd0-45f1-a820-7079df594cd1)
2019-07-16 23:20:55.566 22706 RALLYDEBUG rally_openstack.cleanup.manager [-] Deleting neutron.port object s_rally_ac79c534_aWfKCjpl (087d4624-88b0-44ea-bcac-6a89599d52f7)
2019-07-16 23:20:55.567 22706 RALLYDEBUG rally_openstack.cleanup.manager [-] Deleting neutron.port object s_rally_ac79c534_R33P85BX (087853d5-02d0-4e81-b930-4f7434308770)
2019-07-16 23:20:55.579 22706 RALLYDEBUG rally_openstack.cleanup.manager [-] Deleting neutron.port object s_rally_ac79c534_QYyZvaY6 (0aa4a176-880a-42c4-9613-dd99ae5de4f4)
2019-07-16 23:20:55.583 22706 RALLYDEBUG rally_openstack.cleanup.manager [-] Deleting neutron.port object s_rally_ac79c534_CdaHi6BK (03824b21-df44-4992-8039-10e8330fa898)
2019-07-16 23:20:55.586 22706 RALLYDEBUG rally_openstack.cleanup.manager [-] Deleting neutron.port object s_rally_ac79c534_5Ls9RFd4 (056ff413-d445-4109-ba08-dee8c1b3a040)
2019-07-16 23:20:55.596 22706 RALLYDEBUG rally_openstack.cleanup.manager [-] Deleting neutron.port object s_rally_ac79c534_UqoaxlOb (0b8d5bb9-c6a3-40ac-8505-e4848ad4ef0e)
2019-07-16 23:20:55.607 22706 RALLYDEBUG rally_openstack.cleanup.manager [-] Deleting neutron.port object s_rally_ac79c534_uamPwvDM (0f03e6b0-f908-46d1-878f-525d653487f3)
2019-07-16 23:20:55.618 22706 RALLYDEBUG rally_openstack.cleanup.manager [-] Deleting neutron.port object s_rally_ac79c534_DhFaVmS4 (11ae0e6d-f23f-453d-ac5e-7fcf97abc5e8)
2019-07-16 23:20:55.621 22706 RALLYDEBUG rally_openstack.cleanup.manager [-] Deleting neutron.port object s_rally_ac79c534_sqKGWtNJ (1416ba23-d564-4d53-b0ed-63d1ca1714a6)
2019-07-16 23:20:55.623 22706 RALLYDEBUG rally_openstack.cleanup.manager [-] Deleting neutron.port object s_rally_ac79c534_9uH1zUvj (07702545-553f-48a3-80fe-41c8569d2f76)
2019-07-16 23:20:55.624 22706 RALLYDEBUG rally_openstack.cleanup.manager [-] Deleting neutron.port object s_rally_ac79c534_dsWxkP3J (13d3309a-2768-4c0f-a4c8-3590bd4fdce9)
2019-07-16 23:20:55.627 22706 RALLYDEBUG rally_openstack.cleanup.manager [-] Deleting neutron.port object s_rally_ac79c534_S0oiagVm (0da02acc-a50b-484e-93c5-8c1a476c7f6d)
2019-07-16 23:20:55.641 22706 RALLYDEBUG rally_openstack.cleanup.manager [-] Deleting neutron.port object s_rally_ac79c534_sBKDagxq (14688dc7-4e87-4743-90f6-a124b6baeef7)
2019-07-16 23:20:55.690 22706 RALLYDEBUG rally_openstack.cleanup.manager [-] Deleting neutron.port object s_rally_ac79c534_dyhPmalF (176d4f99-e25b-4eb9-a91b-6479b7011922)
2019-07-16 23:20:55.695 22706 RALLYDEBUG rally_openstack.cleanup.manager [-] Deleting neutron.port object s_rally_ac79c534_3gGzegsF (19013c0c-fdda-4e95-872e-3f77b310ac20)
2019-07-16 23:20:55.703 22706 RALLYDEBUG rally_openstack.cleanup.manager [-] Deleting neutron.port object s_rally_ac79c534_NNd9mdWh (19ce20d1-047d-44e0-ab85-8d50128a1df0)
2019-07-16 23:20:55.731 22706 RALLYDEBUG rally_openstack.cleanup.manager [-] Deleting neutron.port object s_rally_ac79c534_MgDbWwrL (1c3cf080-417f-4ee8-9765-df32c1323ab1)
2019-07-16 23:20:58.494 22706 RALLYDEBUG rally_openstack.cleanup.manager [-] Deleting neutron.port object s_rally_ac79c534_4pWai9iH (1ceec332-08d9-45b6-8dd2-bc0a30d5d5a0)
2019-07-16 23:20:58.573 22706 RALLYDEBUG rally_openstack.cleanup.manager [-] Deleting neutron.port object s_rally_ac79c534_ZNgoBCz1 (1d72834d-5297-4d1c-abca-b2c50e25bc0d)
2019-07-16 23:20:58.663 22706 RALLYDEBUG rally_openstack.cleanup.manager [-] Deleting neutron.port object s_rally_ac79c534_BVt5vALi (1e39cdf9-bb3a-4b14-b1e0-863b41764174)
2019-07-16 23:20:58.707 22706 RALLYDEBUG rally_openstack.cleanup.manager [-] Deleting neutron.port object s_rally_ac79c534_IskwHIc6 (1fb35398-8b57-484b-aac5-25c15b944c4f)
2019-07-16 23:20:58.770 22706 RALLYDEBUG rally_openstack.cleanup.manager [-] Deleting neutron.port object s_rally_ac79c534_7NPgnPYw (21b8dd2c-e86d-4dd4-b1ff-191607062194)
2019-07-16 23:20:58.879 22706 RALLYDEBUG rally_openstack.cleanup.manager [-] Deleting neutron.port object s_rally_ac79c534_wxoVwemy (229b9bd2-6721-4dbe-b41d-38289ab266f3)
2019-07-16 23:20:58.889 22706 RALLYDEBUG rally_openstack.cleanup.manager [-] Deleting neutron.port object s_rally_ac79c534_wGrpGFUz (22b64b70-d7c0-4541-9203-a330037f5619)
2019-07-16 23:20:58.916 22706 RALLYDEBUG rally_openstack.cleanup.manager [-] Deleting neutron.port object s_rally_ac79c534_NtcQM4Dg (24eaaf5b-894d-4246-b75a-474fe1814d07)
2019-07-16 23:20:58.989 22706 RALLYDEBUG rally_openstack.cleanup.manager [-] Deleting neutron.port object s_rally_ac79c534_KFvQnKBH (2636a083-9c32-4858-a3bb-2f9be0f65143)
2019-07-16 23:20:59.140 22706 RALLYDEBUG rally_openstack.cleanup.manager [-] Deleting neutron.port object s_rally_ac79c534_MGlqUdLE (27e58633-e45f-4a9b-8852-d1c366530d30)
2019-07-16 23:20:59.328 22706 RALLYDEBUG rally_openstack.cleanup.manager [-] Deleting neutron.port object s_rally_ac79c534_0FE4VnAc (287e7f11-d913-49e2-a0bd-4b2a7c8fc81f)
2019-07-16 23:20:59.417 22706 RALLYDEBUG rally_openstack.cleanup.manager [-] Deleting neutron.port object s_rally_ac79c534_j0wawgtw (2af18f39-c935-49c5-9d63-71df64d6eec2)
2019-07-16 23:20:59.419 22706 RALLYDEBUG rally_openstack.cleanup.manager [-] Deleting neutron.port object s_rally_ac79c534_YJksQ3Yg (2bfd317e-634e-41e8-889a-7be77ad89ffc)
2019-07-16 23:20:59.602 22706 RALLYDEBUG rally_openstack.cleanup.manager [-] Deleting neutron.port object s_rally_ac79c534_PeUwILIi (2c3603b3-8961-46c2-8d99-86feb06a0332)
2019-07-16 23:20:59.872 22706 RALLYDEBUG rally_openstack.cleanup.manager [-] Deleting neutron.port object s_rally_ac79c534_3A23SnKP (2dbafd1a-dd18-434d-967a-b33564b7088b)
2019-07-16 23:21:00.029 22706 RALLYDEBUG rally_openstack.cleanup.manager [-] Deleting neutron.port object s_rally_ac79c534_WdOiHD37 (2e2980a1-163f-468a-acd7-483342cfaf06)
2019-07-16 23:21:00.048 22706 RALLYDEBUG rally_openstack.cleanup.manager [-] Deleting neutron.port object s_rally_ac79c534_2JwrwIXO (2f3f6214-4066-4eff-884f-2d59895f36bf)
2019-07-16 23:21:00.054 22706 RALLYDEBUG rally_openstack.cleanup.manager [-] Deleting neutron.port object s_rally_ac79c534_D1REpK12 (3139402e-f5e4-4a2c-af81-54737a40e9fe)
2019-07-16 23:21:00.063 22706 RALLYDEBUG rally_openstack.cleanup.manager [-] Deleting neutron.port object s_rally_ac79c534_5gwixYwE (31f3b120-1927-4306-ba56-8158fda36d48)
2019-07-16 23:21:00.109 22706 RALLYDEBUG rally_openstack.cleanup.manager [-] Deleting neutron.port object s_rally_ac79c534_1UTZ8hns (34504c4c-e93b-42b1-a294-1d97dd4183ff)
2019-07-16 23:21:00.762 22706 RALLYDEBUG rally_openstack.cleanup.manager [-] Deleting neutron.port object s_rally_ac79c534_BAGmj7C2 (36555246-39c5-46fe-a03e-bf2c738cf26d)
2019-07-16 23:21:01.011 22706 RALLYDEBUG rally_openstack.cleanup.manager [-] Deleting neutron.port object s_rally_ac79c534_l37doRDg (36680c8f-f4e3-4560-9a82-a8798785b611)
2019-07-16 23:21:01.085 22706 RALLYDEBUG rally_openstack.cleanup.manager [-] Deleting neutron.port object s_rally_ac79c534_CLLgnHT8 (36c4c150-22af-434d-8754-3eaf8ab65535)
2019-07-16 23:21:01.269 22706 RALLYDEBUG rally_openstack.cleanup.manager [-] Deleting neutron.port object s_rally_ac79c534_5W8N3Erp (37bb7318-0abd-4a8e-b159-524d40ef8b26)
2019-07-16 23:21:01.284 22706 RALLYDEBUG rally_openstack.cleanup.manager [-] Deleting neutron.port object s_rally_ac79c534_YmOrzfAy (37ec8e3f-61e0-4589-bc5e-b74c5068debe)
2019-07-16 23:21:01.295 22706 RALLYDEBUG rally_openstack.cleanup.manager [-] Deleting neutron.port object s_rally_ac79c534_TpXuPCOC (3965a466-9d80-422a-9378-1a1457d271b7)
2019-07-16 23:21:01.302 22706 RALLYDEBUG rally_openstack.cleanup.manager [-] Deleting neutron.port object s_rally_ac79c534_l0yUZ3C7 (39d31a52-22d8-48e7-9a21-0fb186f759b1)
2019-07-16 23:21:01.394 22706 RALLYDEBUG rally_openstack.cleanup.manager [-] Deleting neutron.port object s_rally_ac79c534_bdATzSBp (3a4cecf9-c676-4108-95a2-f5a00915b6c2)
2019-07-16 23:21:01.555 22706 RALLYDEBUG rally_openstack.cleanup.manager [-] Deleting neutron.port object s_rally_ac79c534_f3EgzH7X (40134b39-eb23-4b8a-a332-0e26ed15fa2c)
2019-07-16 23:21:01.808 22706 RALLYDEBUG rally_openstack.cleanup.manager [-] Deleting neutron.port object s_rally_ac79c534_zvuRcYas (4131759d-4ad0-40dd-8ebc-d6b4723db9c0)
2019-07-16 23:21:01.977 22706 RALLYDEBUG rally_openstack.cleanup.manager [-] Deleting neutron.port object s_rally_ac79c534_tZTpCK1u (4179c08f-ed1c-49cb-a07f-d477659cd72f)
2019-07-16 23:21:02.031 22706 RALLYDEBUG rally_openstack.cleanup.manager [-] Deleting neutron.port object s_rally_ac79c534_I2ILZpZw (41e77060-d8b2-4fbe-bb4c-8d68f96e0e3f)
2019-07-16 23:21:02.054 22706 RALLYDEBUG rally_openstack.cleanup.manager [-] Deleting neutron.port object s_rally_ac79c534_c0KdQy9T (42091206-ed07-46ab-a6ee-cccff3dcb2f5)
2019-07-16 23:21:02.106 22706 RALLYDEBUG rally_openstack.cleanup.manager [-] Deleting neutron.port object s_rally_ac79c534_28SdaDVO (4390ecef-32c8-40f8-b8a5-3373acb3726f)
2019-07-16 23:21:02.313 22706 RALLYDEBUG rally_openstack.cleanup.manager [-] Deleting neutron.port object s_rally_ac79c534_Ju7VLkvt (43c72ab0-b8b1-442c-ac30-f69928d0654d)
2019-07-16 23:21:02.340 22706 RALLYDEBUG rally_openstack.cleanup.manager [-] Deleting neutron.port object s_rally_ac79c534_0ulGhvlm (45167b55-4972-4eca-9dbd-08dbb8af8205)
2019-07-16 23:21:02.351 22706 RALLYDEBUG rally_openstack.cleanup.manager [-] Deleting neutron.port object s_rally_ac79c534_HaANUMpc (458deb1d-627c-481a-b76f-0d538a3c57c5)
2019-07-16 23:21:02.426 22706 RALLYDEBUG rally_openstack.cleanup.manager [-] Deleting neutron.port object s_rally_ac79c534_bkF2SfCP (462c4827-58e2-4b3f-840f-98d473e41e90)
2019-07-16 23:21:02.542 22706 RALLYDEBUG rally_openstack.cleanup.manager [-] Deleting neutron.port object s_rally_ac79c534_AHgjKT2f (49080fa9-3ff5-4863-b77d-e2bb0db9f424)
2019-07-16 23:21:02.782 22706 RALLYDEBUG rally_openstack.cleanup.manager [-] Deleting neutron.port object s_rally_ac79c534_poJqo9i5 (4a6d320a-13cb-4a7a-86fb-689347fbedb6)
2019-07-16 23:21:03.312 22706 RALLYDEBUG rally_openstack.cleanup.manager [-] Deleting neutron.port object s_rally_ac79c534_lF1Lm50B (4a96c820-381c-4bbd-a2a2-f1ac5c7a92ab)
2019-07-16 23:21:03.382 22706 RALLYDEBUG rally_openstack.cleanup.manager [-] Deleting neutron.port object s_rally_ac79c534_5U0Gt0wM (4dfd7bb9-b113-4015-8d6b-d3880651371b)
2019-07-16 23:21:03.594 22706 RALLYDEBUG rally_openstack.cleanup.manager [-] Deleting neutron.port object s_rally_ac79c534_NrTpkcUT (4ef5af46-12f6-42b8-8923-078eacf285f1)
2019-07-16 23:21:03.605 22706 RALLYDEBUG rally_openstack.cleanup.manager [-] Deleting neutron.port object s_rally_ac79c534_3A81IZFN (528d5ae3-2cdd-459c-97e4-5f2d45714490)
2019-07-16 23:21:03.638 22706 RALLYDEBUG rally_openstack.cleanup.manager [-] Deleting neutron.port object s_rally_ac79c534_ThUzj1HD (53fae296-deba-4c16-a5e8-624268afe2ec)
2019-07-16 23:21:03.701 22706 RALLYDEBUG rally_openstack.cleanup.manager [-] Deleting neutron.port object s_rally_ac79c534_m7U9sIJF (58ca1837-fb19-473d-b822-7dd920671c86)
2019-07-16 23:21:03.725 22706 RALLYDEBUG rally_openstack.cleanup.manager [-] Deleting neutron.port object s_rally_ac79c534_9qeY33tW (59bddaab-88d5-483b-ad2c-f4ef8b474311)
2019-07-16 23:21:03.738 22706 RALLYDEBUG rally_openstack.cleanup.manager [-] Deleting neutron.port object s_rally_ac79c534_WWgaWXzU (5b6991c1-854e-4b5d-9393-ff10f2b9d068)
2019-07-16 23:21:04.134 22706 RALLYDEBUG rally_openstack.cleanup.manager [-] Deleting neutron.port object s_rally_ac79c534_xUi8WZUW (622c598c-b609-4d82-85b7-b3e8f8aac386)
2019-07-16 23:21:04.138 22706 RALLYDEBUG rally_openstack.cleanup.manager [-] Deleting neutron.port object s_rally_ac79c534_EvxltBSB (633952d9-274e-4cb0-8af4-756cd33284fd)
