2019-07-16 23:21:04.308 22706 RALLYDEBUG rally_openstack.cleanup.manager [-] Deleting neutron.port object s_rally_ac79c534_zTaiHfzf (64703669-4860-452d-883b-c63a1a5f8836)
2019-07-16 23:21:04.644 22706 RALLYDEBUG rally_openstack.cleanup.manager [-] Deleting neutron.port object s_rally_ac79c534_p6AmWiQ4 (67cc67f4-46e4-44f1-ab51-0394653683dd)
2019-07-16 23:21:04.660 22706 RALLYDEBUG rally_openstack.cleanup.manager [-] Deleting neutron.port object s_rally_ac79c534_L51fSvua (68952d0a-085e-45d3-89b5-473b36467a84)
2019-07-16 23:21:04.721 22706 RALLYDEBUG rally_openstack.cleanup.manager [-] Deleting neutron.port object s_rally_ac79c534_t5Yhh1Ex (68e96903-15e1-42ff-8ddb-f4185f66ef88)
2019-07-16 23:21:04.859 22706 RALLYDEBUG rally_openstack.cleanup.manager [-] Deleting neutron.port object s_rally_ac79c534_pumjOasY (68fd8783-7963-4713-85d3-89eb0fda6caf)
2019-07-16 23:21:04.859 22706 RALLYDEBUG rally_openstack.cleanup.manager [-] Deleting neutron.port object s_rally_ac79c534_b3865DCc (69dcc2db-31a0-403d-ad01-001357f2141e)
2019-07-16 23:21:04.861 22706 RALLYDEBUG rally_openstack.cleanup.manager [-] Deleting neutron.port object s_rally_ac79c534_pOp1LJYZ (69dd9b45-f808-4fef-8b00-947c7eedb6d7)
2019-07-16 23:21:05.380 22706 RALLYDEBUG rally_openstack.cleanup.manager [-] Deleting neutron.port object s_rally_ac79c534_5kOWT4Qy (6c9f2af5-5865-4347-ae29-0f80280cce00)
2019-07-16 23:21:05.556 22706 RALLYDEBUG rally_openstack.cleanup.manager [-] Deleting neutron.port object s_rally_ac79c534_Is4tiWKg (6ee94b34-4a0a-447a-9f1e-f78fd0f26232)
2019-07-16 23:21:05.565 22706 RALLYDEBUG rally_openstack.cleanup.manager [-] Deleting neutron.port object s_rally_ac79c534_cFCnfQRR (717743a9-c11c-4242-bdbc-1e6c133bd156)
2019-07-16 23:21:05.872 22706 RALLYDEBUG rally_openstack.cleanup.manager [-] Deleting neutron.port object s_rally_ac79c534_PhpE0gxr (7207e1a1-cccb-4b41-a277-ad175a1f5d36)
2019-07-16 23:21:05.938 22706 RALLYDEBUG rally_openstack.cleanup.manager [-] Deleting neutron.port object s_rally_ac79c534_920pJNjo (7240e36a-b1ae-48f8-997c-383431a713db)
2019-07-16 23:21:06.011 22706 RALLYDEBUG rally_openstack.cleanup.manager [-] Deleting neutron.port object s_rally_ac79c534_bu1knaGc (72acd408-c078-48dc-8be6-801b862047f0)
2019-07-16 23:21:06.064 22706 RALLYDEBUG rally_openstack.cleanup.manager [-] Deleting neutron.port object s_rally_ac79c534_hUw7eV6Q (72b75c89-eacc-40bb-b1b5-18ef3b7ff210)
2019-07-16 23:21:06.241 22706 RALLYDEBUG rally_openstack.cleanup.manager [-] Deleting neutron.port object s_rally_ac79c534_IBbigb8k (746eaacd-490f-41bd-8376-580c7a28503a)
2019-07-16 23:21:06.541 22706 RALLYDEBUG rally_openstack.cleanup.manager [-] Deleting neutron.port object s_rally_ac79c534_DBODKF2a (749fde51-b653-4cf1-b068-dd48df91e75b)
2019-07-16 23:21:06.660 22706 RALLYDEBUG rally_openstack.cleanup.manager [-] Deleting neutron.port object s_rally_ac79c534_bTRFZziW (76e061ea-78c7-4ec2-9d4b-4e1bd4b5e502)
2019-07-16 23:21:06.732 22706 RALLYDEBUG rally_openstack.cleanup.manager [-] Deleting neutron.port object s_rally_ac79c534_pWVKJXnM (787d5288-4bc1-4e1d-8413-db3722088e57)
2019-07-16 23:21:06.753 22706 RALLYDEBUG rally_openstack.cleanup.manager [-] Deleting neutron.port object s_rally_ac79c534_OYe6LKJ4 (797c4237-e1d7-4119-a176-5d2d6c9bf478)
2019-07-16 23:21:06.834 22706 RALLYDEBUG rally_openstack.cleanup.manager [-] Deleting neutron.port object s_rally_ac79c534_bGqhFXfJ (797cb920-5b2a-4b9c-a617-6e41aaf88484)
2019-07-16 23:21:06.882 22706 RALLYDEBUG rally_openstack.cleanup.manager [-] Deleting neutron.port object s_rally_ac79c534_B3TAzaoE (799c125a-2bc6-4bae-b180-8a20aa4b297d)
2019-07-16 23:21:07.039 22706 RALLYDEBUG rally_openstack.cleanup.manager [-] Deleting neutron.port object s_rally_ac79c534_tdBVeYHE (7b4d72f3-e02c-4781-a769-6a0b08b919df)
2019-07-16 23:21:07.160 22706 RALLYDEBUG rally_openstack.cleanup.manager [-] Deleting neutron.port object s_rally_ac79c534_mJWNdEF1 (7ba3ffbd-d846-4190-8edc-6777ff0c06e5)
2019-07-16 23:21:07.240 22706 RALLYDEBUG rally_openstack.cleanup.manager [-] Deleting neutron.port object s_rally_ac79c534_0eA5biBQ (7bd90225-10f3-4717-9b24-9a4f5196acac)
2019-07-16 23:21:07.402 22706 RALLYDEBUG rally_openstack.cleanup.manager [-] Deleting neutron.port object s_rally_ac79c534_yfelDzzK (7d12002e-2e29-45e8-9b78-3ae083094670)
2019-07-16 23:21:07.449 22706 RALLYDEBUG rally_openstack.cleanup.manager [-] Deleting neutron.port object s_rally_ac79c534_3C1uGXda (7d847cc9-74ad-4133-9078-e7404e7c44e3)
2019-07-16 23:21:07.682 22706 RALLYDEBUG rally_openstack.cleanup.manager [-] Deleting neutron.port object s_rally_ac79c534_YgbtXyl8 (7e6cb717-86c8-4c9f-8408-8e07fbcb183d)
2019-07-16 23:21:07.800 22706 RALLYDEBUG rally_openstack.cleanup.manager [-] Deleting neutron.port object s_rally_ac79c534_1lQiUMoG (7f224339-3821-4e0e-8d25-e87e260d9d84)
2019-07-16 23:21:07.876 22706 RALLYDEBUG rally_openstack.cleanup.manager [-] Deleting neutron.port object s_rally_ac79c534_5rxGCQdB (842a9f5f-157e-4cbe-9cb3-f8a0d63ed8d2)
2019-07-16 23:21:08.108 22706 RALLYDEBUG rally_openstack.cleanup.manager [-] Deleting neutron.port object s_rally_ac79c534_QoA0tREB (85b454d1-e639-41bf-892e-7db8335f3512)
2019-07-16 23:21:08.296 22706 RALLYDEBUG rally_openstack.cleanup.manager [-] Deleting neutron.port object s_rally_ac79c534_T5Tp4cOy (8607cb20-f46c-45a3-902c-935d95fd9a5f)
2019-07-16 23:21:08.317 22706 RALLYDEBUG rally_openstack.cleanup.manager [-] Deleting neutron.port object s_rally_ac79c534_rmGxjhoX (87014cc7-4c01-40f8-807a-f30e8a6a69e6)
2019-07-16 23:21:08.491 22706 RALLYDEBUG rally_openstack.cleanup.manager [-] Deleting neutron.port object s_rally_ac79c534_L0NTLk96 (88b80173-529e-4def-9ba1-ff62a571d70c)
2019-07-16 23:21:08.516 22706 RALLYDEBUG rally_openstack.cleanup.manager [-] Deleting neutron.port object s_rally_ac79c534_UtXofNd7 (892ca11e-0bf9-4978-bbc8-b92b31b6eb50)
2019-07-16 23:21:08.533 22706 RALLYDEBUG rally_openstack.cleanup.manager [-] Deleting neutron.port object s_rally_ac79c534_njrKRske (8950d0ae-c679-409e-8e29-b3d4ff646222)
2019-07-16 23:21:08.896 22706 RALLYDEBUG rally_openstack.cleanup.manager [-] Deleting neutron.port object s_rally_ac79c534_DGYSHQbf (899d4124-7a4a-4f92-9d77-ed0ac969befa)
2019-07-16 23:21:09.092 22706 RALLYDEBUG rally_openstack.cleanup.manager [-] Deleting neutron.port object s_rally_ac79c534_X3AcmR3b (89e3c471-9f17-462a-9498-27894b0df1e3)
2019-07-16 23:21:09.123 22706 RALLYDEBUG rally_openstack.cleanup.manager [-] Deleting neutron.port object s_rally_ac79c534_nPbanrIN (8d7f170f-e418-42d9-bd72-de7d3ed799b8)
2019-07-16 23:21:09.261 22706 RALLYDEBUG rally_openstack.cleanup.manager [-] Deleting neutron.port object s_rally_ac79c534_Jt7YvKro (8ec3c5ac-d44b-441d-80d9-e9dad5baaed1)
2019-07-16 23:21:09.393 22706 RALLYDEBUG rally_openstack.cleanup.manager [-] Deleting neutron.port object s_rally_ac79c534_8iWnEHuR (8f464cd9-a4b7-4fc3-88a5-267effa4b358)
2019-07-16 23:21:09.483 22706 RALLYDEBUG rally_openstack.cleanup.manager [-] Deleting neutron.port object s_rally_ac79c534_lCFjQeem (9091f9c3-5c8b-42bc-ae4b-bf3269a4809b)
2019-07-16 23:21:09.586 22706 RALLYDEBUG rally_openstack.cleanup.manager [-] Deleting neutron.port object s_rally_ac79c534_KAFPTvKy (9195aad8-4bd0-4d8b-ad57-a59b44e6d52f)
2019-07-16 23:21:09.886 22706 RALLYDEBUG rally_openstack.cleanup.manager [-] Deleting neutron.port object s_rally_ac79c534_z7Sthmps (9341d35c-98c6-46df-90a5-6b36da8b86ab)
2019-07-16 23:21:09.949 22706 RALLYDEBUG rally_openstack.cleanup.manager [-] Deleting neutron.port object s_rally_ac79c534_WDAtuukr (943554ee-0bbe-4c0e-bd36-6619cc0dc924)
2019-07-16 23:21:09.986 22706 RALLYDEBUG rally_openstack.cleanup.manager [-] Deleting neutron.port object s_rally_ac79c534_t2b5KA5I (9487bcfb-89d9-44a8-a06c-28eb1513777b)
2019-07-16 23:21:10.144 22706 RALLYDEBUG rally_openstack.cleanup.manager [-] Deleting neutron.port object s_rally_ac79c534_NNqYohrW (94ceff06-bc1b-48de-81d5-90ec64bcaf92)
2019-07-16 23:21:10.179 22706 RALLYDEBUG rally_openstack.cleanup.manager [-] Deleting neutron.port object s_rally_ac79c534_ywFFeEci (98f3b3cf-8b8e-4ee5-8535-449ecd1835af)
2019-07-16 23:21:10.181 22706 RALLYDEBUG rally_openstack.cleanup.manager [-] Deleting neutron.port object s_rally_ac79c534_FgxbfLKZ (94e85b39-119e-45cf-a668-8a99f9b8e993)
2019-07-16 23:21:10.182 22706 RALLYDEBUG rally_openstack.cleanup.manager [-] Deleting neutron.port object s_rally_ac79c534_ybA8OhKS (9b065c74-9dce-428f-a89a-bcd8924f1648)
2019-07-16 23:21:10.449 22706 RALLYDEBUG rally_openstack.cleanup.manager [-] Deleting neutron.port object s_rally_ac79c534_az69uYwj (9bb28733-4653-427e-a5c2-c814dfaa3ed0)
2019-07-16 23:21:10.755 22706 RALLYDEBUG rally_openstack.cleanup.manager [-] Deleting neutron.port object s_rally_ac79c534_slyhNR1N (9beafba0-7c92-4600-b838-31ff282462b2)
2019-07-16 23:21:10.854 22706 RALLYDEBUG rally_openstack.cleanup.manager [-] Deleting neutron.port object s_rally_ac79c534_fZjyMYzc (9d22874f-4fc5-48e4-ad43-be1c2d118022)
2019-07-16 23:21:10.983 22706 RALLYDEBUG rally_openstack.cleanup.manager [-] Deleting neutron.port object s_rally_ac79c534_Tzu2oIoV (9efd8fe5-ddcb-4ff2-b9a0-58592b182f6a)
2019-07-16 23:21:11.083 22706 RALLYDEBUG rally_openstack.cleanup.manager [-] Deleting neutron.port object s_rally_ac79c534_sOyckli9 (a0f33151-60cb-43b2-a1f2-bbb9b299d8c1)
2019-07-16 23:21:11.150 22706 RALLYDEBUG rally_openstack.cleanup.manager [-] Deleting neutron.port object s_rally_ac79c534_LcqMCWem (a3b957a5-e72f-48b1-9592-6e1d9f862c3c)
2019-07-16 23:21:11.349 22706 RALLYDEBUG rally_openstack.cleanup.manager [-] Deleting neutron.port object s_rally_ac79c534_hmo5BwPg (a6d33ab1-4630-45f9-8cdd-26f454e89033)
2019-07-16 23:21:11.460 22706 RALLYDEBUG rally_openstack.cleanup.manager [-] Deleting neutron.port object s_rally_ac79c534_nvXHNqiI (a6eede01-65ec-4fec-9ced-da8b7dd96f4a)
2019-07-16 23:21:11.744 22706 RALLYDEBUG rally_openstack.cleanup.manager [-] Deleting neutron.port object s_rally_ac79c534_dsxT8gHv (a755d1b9-f051-4687-9173-d7a59e2230a3)
2019-07-16 23:21:11.761 22706 RALLYDEBUG rally_openstack.cleanup.manager [-] Deleting neutron.port object s_rally_ac79c534_LAzOcqdF (a7720834-19f4-4992-b0b5-ab67a0235152)
2019-07-16 23:21:11.837 22706 RALLYDEBUG rally_openstack.cleanup.manager [-] Deleting neutron.port object s_rally_ac79c534_t2PtACRr (a78c6714-6a0c-4044-b8f6-390cb8b5e8db)
2019-07-16 23:21:12.044 22706 RALLYDEBUG rally_openstack.cleanup.manager [-] Deleting neutron.port object s_rally_ac79c534_qExZLHOF (a89d2651-b335-495e-a427-3b2d19415181)
2019-07-16 23:21:12.120 22706 RALLYDEBUG rally_openstack.cleanup.manager [-] Deleting neutron.port object s_rally_ac79c534_YWle0OpB (a977fecd-f553-45cb-b988-426eace36fb7)
2019-07-16 23:21:12.213 22706 RALLYDEBUG rally_openstack.cleanup.manager [-] Deleting neutron.port object s_rally_ac79c534_vCPIwHzW (ad402f8f-b836-4b53-84cf-3202e93b1fa1)
2019-07-16 23:21:12.330 22706 RALLYDEBUG rally_openstack.cleanup.manager [-] Deleting neutron.port object s_rally_ac79c534_SiIzoLdS (b0af8fe6-9727-447e-9be8-266b70b6aced)
2019-07-16 23:21:12.697 22706 RALLYDEBUG rally_openstack.cleanup.manager [-] Deleting neutron.port object s_rally_ac79c534_taH25sFr (b164e885-bd1c-466d-a8b8-8f9a6d872742)
2019-07-16 23:21:12.709 22706 RALLYDEBUG rally_openstack.cleanup.manager [-] Deleting neutron.port object s_rally_ac79c534_Vr1FqRr0 (b31d0e8f-2782-4449-a5ed-d0cdefbea775)
2019-07-16 23:21:13.036 22706 RALLYDEBUG rally_openstack.cleanup.manager [-] Deleting neutron.port object s_rally_ac79c534_UP6To8iv (b37e94fc-a939-4b60-8b60-a050f3590f09)
2019-07-16 23:21:13.115 22706 RALLYDEBUG rally_openstack.cleanup.manager [-] Deleting neutron.port object s_rally_ac79c534_xEM2phct (b411818d-51de-4821-a772-a413b741d51a)
2019-07-16 23:21:13.283 22706 RALLYDEBUG rally_openstack.cleanup.manager [-] Deleting neutron.port object s_rally_ac79c534_uuaItYrN (b4fe41f5-5a42-4a44-9280-b1f833c4caff)
2019-07-16 23:21:13.321 22706 RALLYDEBUG rally_openstack.cleanup.manager [-] Deleting neutron.port object s_rally_ac79c534_LzCcFmjC (b508070d-6b36-4045-bc86-36ee71203f2f)
2019-07-16 23:21:13.343 22706 RALLYDEBUG rally_openstack.cleanup.manager [-] Deleting neutron.port object s_rally_ac79c534_U3RSr29f (b64d5125-01f5-4b5f-a538-8c9b07818618)
2019-07-16 23:21:13.360 22706 RALLYDEBUG rally_openstack.cleanup.manager [-] Deleting neutron.port object s_rally_ac79c534_0f7ustwh (b6678f92-ca70-4591-8346-3105d59e7fdb)
2019-07-16 23:21:13.371 22706 RALLYDEBUG rally_openstack.cleanup.manager [-] Deleting neutron.port object s_rally_ac79c534_sVZJQPLq (ba447d77-b782-48de-a768-f05d063982a1)
2019-07-16 23:21:13.600 22706 RALLYDEBUG rally_openstack.cleanup.manager [-] Deleting neutron.port object s_rally_ac79c534_vLA5Rtge (baa858bc-f39a-459e-9f64-552fe730f5db)
2019-07-16 23:21:13.699 22706 RALLYDEBUG rally_openstack.cleanup.manager [-] Deleting neutron.port object s_rally_ac79c534_uiHMl045 (baeb8eb6-74c9-425a-9c38-354f549cfb63)
2019-07-16 23:21:13.881 22706 RALLYDEBUG rally_openstack.cleanup.manager [-] Deleting neutron.port object s_rally_ac79c534_Auhp3WIW (bb211954-c52f-4ab5-b837-ee618383d638)
2019-07-16 23:21:13.920 22706 RALLYDEBUG rally_openstack.cleanup.manager [-] Deleting neutron.port object s_rally_ac79c534_BpFAiqIK (bcf96855-aa09-404d-990a-42f3d7f0b2ca)
2019-07-16 23:21:14.172 22706 RALLYDEBUG rally_openstack.cleanup.manager [-] Deleting neutron.port object s_rally_ac79c534_2Ps0YbkW (bd56eeae-5ac1-4115-8a66-0b28a915f1aa)
2019-07-16 23:21:14.226 22706 RALLYDEBUG rally_openstack.cleanup.manager [-] Deleting neutron.port object s_rally_ac79c534_IYODO1MT (bd7c4eac-eeea-40d5-bec7-37eebe96fbc6)
2019-07-16 23:21:14.461 22706 RALLYDEBUG rally_openstack.cleanup.manager [-] Deleting neutron.port object s_rally_ac79c534_D6oyiZER (be55d2da-c475-44fa-b86b-ab816fd66125)
2019-07-16 23:21:14.564 22706 RALLYDEBUG rally_openstack.cleanup.manager [-] Deleting neutron.port object s_rally_ac79c534_kdolYsUg (c06da9c0-978c-404b-8e9e-0ddfe8c35449)
2019-07-16 23:21:14.703 22706 RALLYDEBUG rally_openstack.cleanup.manager [-] Deleting neutron.port object s_rally_ac79c534_4aXYccHW (c1397cc7-a128-4809-b567-9e82abc4e77d)
2019-07-16 23:21:14.743 22706 RALLYDEBUG rally_openstack.cleanup.manager [-] Deleting neutron.port object s_rally_ac79c534_6SGE0Oop (c1ddb478-923d-418f-946e-f4fbe45d33da)
2019-07-16 23:21:14.864 22706 RALLYDEBUG rally_openstack.cleanup.manager [-] Deleting neutron.port object s_rally_ac79c534_Li1euv7j (c40995bb-a781-43ad-9f11-3c5532870656)
2019-07-16 23:21:15.017 22706 RALLYDEBUG rally_openstack.cleanup.manager [-] Deleting neutron.port object s_rally_ac79c534_gWAy0uXe (c663dec8-41ae-4645-854a-91928deec639)
2019-07-16 23:21:15.295 22706 RALLYDEBUG rally_openstack.cleanup.manager [-] Deleting neutron.port object s_rally_ac79c534_YOhJfiS6 (c7cf9cf4-5321-42e7-8c74-e98d9430bb85)
2019-07-16 23:21:15.392 22706 RALLYDEBUG rally_openstack.cleanup.manager [-] Deleting neutron.port object s_rally_ac79c534_VH3G2k7u (c94be2ff-8452-4176-947c-f88f8c975e72)
2019-07-16 23:21:15.583 22706 RALLYDEBUG rally_openstack.cleanup.manager [-] Deleting neutron.port object s_rally_ac79c534_qUljYlU3 (caa22e39-a782-44ca-8279-4b6b00309d9f)
2019-07-16 23:21:15.593 22706 RALLYDEBUG rally_openstack.cleanup.manager [-] Deleting neutron.port object s_rally_ac79c534_ETQH5j5t (cd7a15b3-b4b8-4e35-8410-d9cb87a55916)
2019-07-16 23:21:15.664 22706 RALLYDEBUG rally_openstack.cleanup.manager [-] Deleting neutron.port object s_rally_ac79c534_11CvpVcs (cdd20aa1-5e38-4f34-80a7-7894680380e2)
2019-07-16 23:21:15.682 22706 RALLYDEBUG rally_openstack.cleanup.manager [-] Deleting neutron.port object s_rally_ac79c534_7iAhDJWB (cf82998a-3394-4c8d-a736-bd9661ecbff9)
2019-07-16 23:21:15.712 22706 RALLYDEBUG rally_openstack.cleanup.manager [-] Deleting neutron.port object s_rally_ac79c534_H8EU7Ifi (cf8d05a7-db1f-4143-bd58-fcafb3fb254a)
2019-07-16 23:21:15.915 22706 RALLYDEBUG rally_openstack.cleanup.manager [-] Deleting neutron.port object s_rally_ac79c534_bT40jHzI (d16d0949-f5fd-4019-9d31-d233a1f08312)
2019-07-16 23:21:15.991 22706 RALLYDEBUG rally_openstack.cleanup.manager [-] Deleting neutron.port object s_rally_ac79c534_D4pY3dQS (d2df6922-c232-4e60-9640-5dfc6e7562da)
2019-07-16 23:21:16.197 22706 RALLYDEBUG rally_openstack.cleanup.manager [-] Deleting neutron.port object s_rally_ac79c534_LMdVgzJW (d5c3b517-1b6d-432c-94a1-b21fcb27a25d)
2019-07-16 23:21:16.238 22706 RALLYDEBUG rally_openstack.cleanup.manager [-] Deleting neutron.port object s_rally_ac79c534_XVlu63tc (d6325950-110e-402c-96f3-30b559844fbb)
2019-07-16 23:21:16.512 22706 RALLYDEBUG rally_openstack.cleanup.manager [-] Deleting neutron.port object s_rally_ac79c534_dbeGswJg (da82b639-158f-4e38-b766-46331324797f)
2019-07-16 23:21:16.694 22706 RALLYDEBUG rally_openstack.cleanup.manager [-] Deleting neutron.port object s_rally_ac79c534_cwIcDOuz (da94f2fa-1b15-4770-974e-82cf6c2bf182)
2019-07-16 23:21:16.743 22706 RALLYDEBUG rally_openstack.cleanup.manager [-] Deleting neutron.port object s_rally_ac79c534_LvTAwJTw (dd2011dd-3302-4834-92be-d78fb70d7806)
2019-07-16 23:21:16.843 22706 RALLYDEBUG rally_openstack.cleanup.manager [-] Deleting neutron.port object s_rally_ac79c534_tBC2Ya5n (dddca68e-18f1-463d-b503-533cedca4b1b)
2019-07-16 23:21:16.880 22706 RALLYDEBUG rally_openstack.cleanup.manager [-] Deleting neutron.port object s_rally_ac79c534_wDNCYL54 (df7b7cb0-cea1-4aa9-b6ef-9d1621612ce7)
2019-07-16 23:21:17.084 22706 RALLYDEBUG rally_openstack.cleanup.manager [-] Deleting neutron.port object s_rally_ac79c534_I1c3cDQ0 (df949dbd-583c-4f45-af90-f0042718f42f)
2019-07-16 23:21:17.168 22706 RALLYDEBUG rally_openstack.cleanup.manager [-] Deleting neutron.port object s_rally_ac79c534_69qLH9tt (dfd7af6b-84f0-4dbc-9db7-37f04655defb)
2019-07-16 23:21:17.652 22706 RALLYDEBUG rally_openstack.cleanup.manager [-] Deleting neutron.port object s_rally_ac79c534_HeMh9mSY (e01dd529-bcd6-47c0-afa1-fd667325320b)
2019-07-16 23:21:17.853 22706 RALLYDEBUG rally_openstack.cleanup.manager [-] Deleting neutron.port object s_rally_ac79c534_qJPyRsd5 (e05651a9-cf03-42fa-8ae9-6cf484eba5b2)
2019-07-16 23:21:17.955 22706 RALLYDEBUG rally_openstack.cleanup.manager [-] Deleting neutron.port object s_rally_ac79c534_Hla6o634 (e2b168b3-4e25-4b3c-b527-9ae0a9cfddf5)
2019-07-16 23:21:17.974 22706 RALLYDEBUG rally_openstack.cleanup.manager [-] Deleting neutron.port object s_rally_ac79c534_33B8IaiW (e3b5ddfa-1e72-40f7-b1b8-03403622e09a)
2019-07-16 23:21:18.014 22706 RALLYDEBUG rally_openstack.cleanup.manager [-] Deleting neutron.port object s_rally_ac79c534_yw8M76N5 (e3ecdc73-c497-469d-95a0-e8b6b7c54980)
2019-07-16 23:21:18.057 22706 RALLYDEBUG rally_openstack.cleanup.manager [-] Deleting neutron.port object s_rally_ac79c534_h3CkP3Ee (e61828dc-8e8c-4fbe-8c40-98eebc7e2a26)
2019-07-16 23:21:18.199 22706 RALLYDEBUG rally_openstack.cleanup.manager [-] Deleting neutron.port object s_rally_ac79c534_7vZrNH9W (e706cccf-0f6e-40ce-89da-e95fdebdebfd)
2019-07-16 23:21:18.305 22706 RALLYDEBUG rally_openstack.cleanup.manager [-] Deleting neutron.port object s_rally_ac79c534_EuwBZFpc (e90c0aa3-54bc-4bc5-a29b-b7e2a3502b04)
2019-07-16 23:21:18.411 22706 RALLYDEBUG rally_openstack.cleanup.manager [-] Deleting neutron.port object s_rally_ac79c534_gxoe4Zx5 (e98ce401-c3b5-4314-ac27-c50550d405db)
2019-07-16 23:21:18.462 22706 RALLYDEBUG rally_openstack.cleanup.manager [-] Deleting neutron.port object s_rally_ac79c534_ze7hyyPB (eb383260-2f74-498d-a60d-824901fd97d4)
2019-07-16 23:21:18.486 22706 RALLYDEBUG rally_openstack.cleanup.manager [-] Deleting neutron.port object s_rally_ac79c534_RF3tyw9X (ed11168e-f8bd-4897-89a5-368842f51210)
2019-07-16 23:21:18.491 22706 RALLYDEBUG rally_openstack.cleanup.manager [-] Deleting neutron.port object s_rally_ac79c534_GRObD0W5 (ed8b501b-6fc9-4369-8a59-a0de213e8944)
2019-07-16 23:21:18.581 22706 RALLYDEBUG rally_openstack.cleanup.manager [-] Deleting neutron.port object s_rally_ac79c534_sPmnYYUd (eda630d0-7a9c-47d2-b428-e1d26a6a4f78)
2019-07-16 23:21:19.027 22706 RALLYDEBUG rally_openstack.cleanup.manager [-] Deleting neutron.port object s_rally_ac79c534_PHIFR8yA (f084ccde-3dd3-4ae5-819b-3dae87506ed6)
2019-07-16 23:21:19.078 22706 RALLYDEBUG rally_openstack.cleanup.manager [-] Deleting neutron.port object s_rally_ac79c534_48wRyLq0 (f1404285-659c-4aca-bebb-5fc44bf6487c)
2019-07-16 23:21:19.148 22706 RALLYDEBUG rally_openstack.cleanup.manager [-] Deleting neutron.port object s_rally_ac79c534_A2nOwlw4 (f28bd906-0cb8-4c6a-97bc-ecf82aec976c)
2019-07-16 23:21:19.201 22706 RALLYDEBUG rally_openstack.cleanup.manager [-] Deleting neutron.port object s_rally_ac79c534_L78ujRB0 (f2e35492-cd7c-455e-9687-7b4497ff892a)
2019-07-16 23:21:19.248 22706 RALLYDEBUG rally_openstack.cleanup.manager [-] Deleting neutron.port object s_rally_ac79c534_E8q66AJE (f6041d28-7f42-4953-9ff8-a439654d6b14)
2019-07-16 23:21:19.454 22706 RALLYDEBUG rally_openstack.cleanup.manager [-] Deleting neutron.port object s_rally_ac79c534_CydVp9Gl (f68bcc92-a3c6-4c48-8d2a-22ae582ce741)
2019-07-16 23:21:19.658 22706 RALLYDEBUG rally_openstack.cleanup.manager [-] Deleting neutron.port object s_rally_ac79c534_QAyeLSBF (f73a4044-666b-414c-96c3-cff50b865ca1)
2019-07-16 23:21:20.035 22706 RALLYDEBUG rally_openstack.cleanup.manager [-] Deleting neutron.port object s_rally_ac79c534_USRMgDMX (f8740b7f-36dc-4f7f-b361-cfb31534d1b0)
2019-07-16 23:21:20.152 22706 RALLYDEBUG rally_openstack.cleanup.manager [-] Deleting neutron.port object s_rally_ac79c534_7JEfcZvd (f9af323c-036b-4c08-a72a-193837aef79d)
2019-07-16 23:21:20.276 22706 RALLYDEBUG rally_openstack.cleanup.manager [-] Deleting neutron.port object s_rally_ac79c534_HdDPJIh8 (fa7fa031-1891-402c-9a1a-a763c0b98459)
2019-07-16 23:21:20.338 22706 RALLYDEBUG rally_openstack.cleanup.manager [-] Deleting neutron.port object s_rally_ac79c534_VnGjxnrD (faa0a8fe-3397-4c86-a30f-6b75400613ae)
2019-07-16 23:21:20.415 22706 RALLYDEBUG rally_openstack.cleanup.manager [-] Deleting neutron.port object s_rally_ac79c534_HalmEgkB (fab28d8a-3ea1-4403-8b5d-8c4ffe63f2be)
2019-07-16 23:21:20.667 22706 RALLYDEBUG rally_openstack.cleanup.manager [-] Deleting neutron.port object s_rally_ac79c534_Uybk39Tm (fcabc2e4-1583-4194-ac40-d758d9fab0ba)
2019-07-16 23:21:21.121 22706 RALLYDEBUG rally_openstack.cleanup.manager [-] Deleting neutron.port object s_rally_ac79c534_EbNEyQPY (fe134868-9333-4d0f-8165-4fcf81b67fe1)
2019-07-16 23:21:23.297 22706 RALLYDEBUG rally_openstack.cleanup.manager [-] Cleaning up neutron subnet objects
2019-07-16 23:21:23.967 22706 RALLYDEBUG rally_openstack.cleanup.manager [-] Cleaning up neutron network objects
2019-07-16 23:21:24.883 22706 RALLYDEBUG rally_openstack.cleanup.manager [-] Deleting neutron.network object s_rally_ac79c534_qTcb8D54 (02f778fa-efd8-4042-bd27-28817df5b25d)
2019-07-16 23:21:24.890 22706 RALLYDEBUG rally_openstack.cleanup.manager [-] Deleting neutron.network object s_rally_ac79c534_b82YKBE7 (0cbc14ac-013a-4b11-890b-d0891112ce1e)
2019-07-16 23:21:24.896 22706 RALLYDEBUG rally_openstack.cleanup.manager [-] Deleting neutron.network object s_rally_ac79c534_AQlGihSr (10b3bf55-090e-43fd-bd75-718f4cce47f9)
2019-07-16 23:21:24.899 22706 RALLYDEBUG rally_openstack.cleanup.manager [-] Deleting neutron.network object s_rally_ac79c534_0yKus9xZ (1bff6b4c-7c09-43f9-9eed-2baed30ec6e1)
2019-07-16 23:21:24.914 22706 RALLYDEBUG rally_openstack.cleanup.manager [-] Deleting neutron.network object s_rally_ac79c534_w9nQXm84 (1ed5ea9c-8432-4121-96f6-9834ca5fe390)
2019-07-16 23:21:24.916 22706 RALLYDEBUG rally_openstack.cleanup.manager [-] Deleting neutron.network object s_rally_ac79c534_YLV3tc0L (23f7ed61-17dd-42e7-8768-ca922afec713)
2019-07-16 23:21:24.927 22706 RALLYDEBUG rally_openstack.cleanup.manager [-] Deleting neutron.network object s_rally_ac79c534_pXDcSY1u (2e7bf599-6443-4349-af62-75f386b825cf)
2019-07-16 23:21:24.931 22706 RALLYDEBUG rally_openstack.cleanup.manager [-] Deleting neutron.network object s_rally_ac79c534_kvDlCNgF (2ccf9f9d-befe-4afb-889f-4c39f3556524)
2019-07-16 23:21:24.948 22706 RALLYDEBUG rally_openstack.cleanup.manager [-] Deleting neutron.network object s_rally_ac79c534_nGFSku1l (31bbfcb4-fc77-4ece-9245-bac072e7960c)
2019-07-16 23:21:24.961 22706 RALLYDEBUG rally_openstack.cleanup.manager [-] Deleting neutron.network object s_rally_ac79c534_hLh2FLkn (31d61ff3-7054-4fcc-826d-664f88b2ef0b)
2019-07-16 23:21:24.984 22706 RALLYDEBUG rally_openstack.cleanup.manager [-] Deleting neutron.network object s_rally_ac79c534_cfni46FW (32b3d069-1be8-4a02-8012-75d83729848c)
2019-07-16 23:21:24.994 22706 RALLYDEBUG rally_openstack.cleanup.manager [-] Deleting neutron.network object s_rally_ac79c534_P8lHLoV2 (33b1b404-51ca-4eac-9043-e4bf560d8867)
2019-07-16 23:21:24.999 22706 RALLYDEBUG rally_openstack.cleanup.manager [-] Deleting neutron.network object s_rally_ac79c534_Vptud1Nc (33c6da81-18ab-446f-9d1f-87cab38e6bca)
2019-07-16 23:21:25.007 22706 RALLYDEBUG rally_openstack.cleanup.manager [-] Deleting neutron.network object s_rally_ac79c534_Pxhcy1lS (3477975b-faf9-46ef-82bb-86bac7f2a828)
2019-07-16 23:21:25.023 22706 RALLYDEBUG rally_openstack.cleanup.manager [-] Deleting neutron.network object s_rally_ac79c534_BIf7GBWS (36d1cf92-c123-43f0-b07d-c95d30f7d99a)
2019-07-16 23:21:25.027 22706 RALLYDEBUG rally_openstack.cleanup.manager [-] Deleting neutron.network object s_rally_ac79c534_mPOOZxSM (3748edbd-df7e-449c-8dc0-551cddcd1a28)
2019-07-16 23:21:25.036 22706 RALLYDEBUG rally_openstack.cleanup.manager [-] Deleting neutron.network object s_rally_ac79c534_IUPFcc2J (384f7853-4f45-446b-9d7d-4ed31561d5c8)
2019-07-16 23:21:25.043 22706 RALLYDEBUG rally_openstack.cleanup.manager [-] Deleting neutron.network object s_rally_ac79c534_0oniA1Aa (493615ae-b2dd-43e5-a59b-b505ce3ab59c)
2019-07-16 23:21:25.051 22706 RALLYDEBUG rally_openstack.cleanup.manager [-] Deleting neutron.network object s_rally_ac79c534_z9jNKhIv (565639dd-1722-4b97-ac6b-ea8e7a239718)
2019-07-16 23:21:25.078 22706 RALLYDEBUG rally_openstack.cleanup.manager [-] Deleting neutron.network object s_rally_ac79c534_wWaZQlCg (5f71cd8b-069d-464a-9c75-f42a2f39c3e3)
2019-07-16 23:21:28.297 22706 RALLYDEBUG rally_openstack.cleanup.manager [-] Deleting neutron.network object s_rally_ac79c534_kZqlQc1w (5ff03c42-ccea-46b2-abb3-b00229004d3c)
2019-07-16 23:21:28.711 22706 RALLYDEBUG rally_openstack.cleanup.manager [-] Deleting neutron.network object s_rally_ac79c534_Q1ZS7fsc (5ff6984f-3e4e-456e-93f6-3e03660c41c3)
2019-07-16 23:21:28.744 22706 RALLYDEBUG rally_openstack.cleanup.manager [-] Deleting neutron.network object s_rally_ac79c534_SZW3YPmm (6c038cdb-40bc-443a-9b5f-168621ad2384)
2019-07-16 23:21:28.884 22706 RALLYDEBUG rally_openstack.cleanup.manager [-] Deleting neutron.network object s_rally_ac79c534_YcvL78hN (778cedc0-c3bf-455d-999c-cc8b2c8284f8)
2019-07-16 23:21:28.926 22706 RALLYDEBUG rally_openstack.cleanup.manager [-] Deleting neutron.network object s_rally_ac79c534_znnqniz2 (8292249b-d7d9-4bdb-a11d-d434d9953db4)
2019-07-16 23:21:29.382 22706 RALLYDEBUG rally_openstack.cleanup.manager [-] Deleting neutron.network object s_rally_ac79c534_718DipHH (83bf0a04-94f5-42c2-9453-e977af50435e)
2019-07-16 23:21:29.447 22706 RALLYDEBUG rally_openstack.cleanup.manager [-] Deleting neutron.network object s_rally_ac79c534_Kbe4HCI0 (84b0344a-df20-471b-882b-8b665c0a18bb)
2019-07-16 23:21:29.636 22706 RALLYDEBUG rally_openstack.cleanup.manager [-] Deleting neutron.network object s_rally_ac79c534_P73Eiov2 (8961b3aa-d57e-44b8-8e34-cb66b1d4fd37)
2019-07-16 23:21:29.810 22706 RALLYDEBUG rally_openstack.cleanup.manager [-] Deleting neutron.network object s_rally_ac79c534_iw2UMCAe (8ee412db-3ab4-4d9a-ac09-54a19c6b3872)
2019-07-16 23:21:29.829 22706 RALLYDEBUG rally_openstack.cleanup.manager [-] Deleting neutron.network object s_rally_ac79c534_evpUI3Q4 (b218ef45-bff2-4c00-b64b-85c2425ddeae)
2019-07-16 23:21:29.832 22706 RALLYDEBUG rally_openstack.cleanup.manager [-] Deleting neutron.network object s_rally_ac79c534_677aoFx4 (95b84463-8c3e-4934-bcfe-8f6b568a32fc)
2019-07-16 23:21:29.874 22706 RALLYDEBUG rally_openstack.cleanup.manager [-] Deleting neutron.network object s_rally_ac79c534_VD6Ntpm4 (b2f256f0-7be5-476f-a38e-62efd7e54dcc)
2019-07-16 23:21:29.922 22706 RALLYDEBUG rally_openstack.cleanup.manager [-] Deleting neutron.network object s_rally_ac79c534_1fYMu3gI (c9d1f4d9-afe2-47f5-a4b3-ce2f7b8a5fc7)
2019-07-16 23:21:29.953 22706 RALLYDEBUG rally_openstack.cleanup.manager [-] Deleting neutron.network object s_rally_ac79c534_rqFEge2n (d2087158-930f-40dd-899c-efb7a0655652)
2019-07-16 23:21:29.968 22706 RALLYDEBUG rally_openstack.cleanup.manager [-] Deleting neutron.network object s_rally_ac79c534_6zW0VSHP (dda0471f-0b50-4168-b2ec-991149b0e92f)
2019-07-16 23:21:30.095 22706 RALLYDEBUG rally_openstack.cleanup.manager [-] Deleting neutron.network object s_rally_ac79c534_eTIGqqaB (e28d8ba9-1a3c-445c-8c10-0f0986ca611f)
2019-07-16 23:21:30.100 22706 RALLYDEBUG rally_openstack.cleanup.manager [-] Deleting neutron.network object s_rally_ac79c534_o5SKZT6l (ed73fe91-c295-4fbd-af2f-779f9c70dc56)
2019-07-16 23:21:30.298 22706 RALLYDEBUG rally_openstack.cleanup.manager [-] Deleting neutron.network object s_rally_ac79c534_vl3290nf (f969061f-9929-4822-8c8e-a45734b538e6)
2019-07-16 23:21:30.806 22706 RALLYDEBUG rally_openstack.cleanup.manager [-] Deleting neutron.network object s_rally_ac79c534_pwhvnkgE (fb6d7d26-a02d-46a2-86d7-3d942a28cfb4)
2019-07-16 23:21:30.811 22706 RALLYDEBUG rally_openstack.cleanup.manager [-] Deleting neutron.network object s_rally_ac79c534_41nsLMQS (fc6f58ed-5d70-4783-9a0e-5f0491a70588)
2019-07-16 23:21:35.417 22706 RALLYDEBUG rally_openstack.cleanup.manager [-] Cleaning up neutron router objects
2019-07-16 23:21:36.210 22706 RALLYDEBUG rally_openstack.cleanup.manager [-] Cleaning up neutron security_group objects
2019-07-16 23:21:36.993 22706 INFO rally.task.context [-] Task 5b27ff8f-f272-4f87-bfcc-678d4db7d356 | Context cleanup@openstack cleanup() finished in 46.48 sec
2019-07-16 23:21:36.994 22706 INFO rally.task.context [-] Task 5b27ff8f-f272-4f87-bfcc-678d4db7d356 | Context quotas@openstack cleanup() started
2019-07-16 23:21:37.327 22706 INFO rally.task.context [-] Task 5b27ff8f-f272-4f87-bfcc-678d4db7d356 | Context quotas@openstack cleanup() finished in 0.33 sec
2019-07-16 23:21:37.328 22706 INFO rally.task.context [-] Task 5b27ff8f-f272-4f87-bfcc-678d4db7d356 | Context users@openstack cleanup() started
2019-07-16 23:21:42.510 22706 INFO rally.task.context [-] Task 5b27ff8f-f272-4f87-bfcc-678d4db7d356 | Context users@openstack cleanup() finished in 5.18 sec
2019-07-16 23:21:43.406 22706 INFO rally.task.engine [-] Load duration is: 37.912609
2019-07-16 23:21:43.406 22706 INFO rally.task.engine [-] Full runner duration is: 37.961211
2019-07-16 23:21:43.407 22706 INFO rally.task.engine [-] Full duration is: 95.497167
2019-07-16 23:21:43.578 22706 INFO rally.task.engine [-] Running workload: position = 2 config = { "version": 2, "title": "A cropped version of a bigger task.", "description": "Auto-generated task from a single workload (uuid=b85491c3-28e4-405b-a4c8-5ed57c6e3a01)", "subtasks": [ { "title": "NeutronNetworks.create_and_delete_ports", "description": "Create and delete a port.", "scenario": { "NeutronNetworks.create_and_delete_ports": { "network_create_args": {}, "port_create_args": {}, "ports_per_network": 5 } }, "contexts": { "users": { "tenants": 1, "users_per_tenant": 1 }, "quotas": { "neutron": { "network": -1, "port": -1 } } }, "runner": { "constant": { "times": 40, "concurrency": 20 } }, "hooks": [], "sla": { "failure_rate": { "max": 0 } } } ] }
2019-07-16 23:21:43.602 22706 RALLYDEBUG rally_openstack.contexts.keystone.users [-] Creating 1 tenants using 20 threads
2019-07-16 23:21:45.468 22706 RALLYDEBUG rally_openstack.contexts.keystone.users [-] Creating 1 users using 20 threads
2019-07-16 23:21:48.366 22706 INFO rally.task.context [-] Task 5b27ff8f-f272-4f87-bfcc-678d4db7d356 | Context users@openstack setup() finished in 4.76 sec
2019-07-16 23:21:49.177 22706 INFO rally.task.context [-] Task 5b27ff8f-f272-4f87-bfcc-678d4db7d356 | Context quotas@openstack setup() finished in 0.81 sec
2019-07-16 23:21:49.177 22706 INFO rally.task.context [-] Task 5b27ff8f-f272-4f87-bfcc-678d4db7d356 | Context cleanup@openstack setup() finished in 0.01 msec
2019-07-16 23:21:49.185 22706 RALLYDEBUG rally.task.runner [-] Starting the constant runner (task UUID: 5b27ff8f-f272-4f87-bfcc-678d4db7d356). timeout: 0 concurrency: 20 concurrency_per_worker: 1 times: 40 concurrency_overhead: 4 processes_to_start: 16 max_cpu_used: 16
2019-07-16 23:21:49.198 26947 RALLYDEBUG rally.task.runner [-] Starting a worker. concurrency: 2 args: {"network_create_args": {}, "port_create_args": {}, "ports_per_network": 5} times: 40 method_name: run timeout: 0 duration: None cls:
2019-07-16 23:21:49.200 26948 RALLYDEBUG rally.task.runner [-] Starting a worker. concurrency: 2 args: {"network_create_args": {}, "port_create_args": {}, "ports_per_network": 5} times: 40 method_name: run timeout: 0 duration: None cls:
2019-07-16 23:21:49.203 26949 RALLYDEBUG rally.task.runner [-] Starting a worker. concurrency: 2 args: {"network_create_args": {}, "port_create_args": {}, "ports_per_network": 5} times: 40 method_name: run timeout: 0 duration: None cls:
2019-07-16 23:21:49.207 26948 INFO rally.task.runner [-] Task 5b27ff8f-f272-4f87-bfcc-678d4db7d356 | ITER: 2 START
2019-07-16 23:21:49.207 26950 RALLYDEBUG rally.task.runner [-] Starting a worker. concurrency: 2 args: {"network_create_args": {}, "port_create_args": {}, "ports_per_network": 5} times: 40 method_name: run timeout: 0 duration: None cls:
2019-07-16 23:21:49.208 26947 INFO rally.task.runner [-] Task 5b27ff8f-f272-4f87-bfcc-678d4db7d356 | ITER: 1 START
2019-07-16 23:21:49.209 26948 WARNING rally_openstack.scenarios.neutron.utils [-] Running this scenario without either the 'network' or 'existing_network' context is deprecated
2019-07-16 23:21:49.210 26947 WARNING rally_openstack.scenarios.neutron.utils [-] Running this scenario without either the 'network' or 'existing_network' context is deprecated
2019-07-16 23:21:49.210 26951 RALLYDEBUG rally.task.runner [-] Starting a worker. concurrency: 1 args: {"network_create_args": {}, "port_create_args": {}, "ports_per_network": 5} times: 40 method_name: run timeout: 0 duration: None cls:
2019-07-16 23:21:49.212 26949 INFO rally.task.runner [-] Task 5b27ff8f-f272-4f87-bfcc-678d4db7d356 | ITER: 5 START
2019-07-16 23:21:49.214 26949 INFO rally.task.runner [-] Task 5b27ff8f-f272-4f87-bfcc-678d4db7d356 | ITER: 6 START
2019-07-16 23:21:49.215 26949 WARNING rally_openstack.scenarios.neutron.utils [-] Running this scenario without either the 'network' or 'existing_network' context is deprecated
2019-07-16 23:21:49.215 26956 RALLYDEBUG rally.task.runner [-] Starting a worker. concurrency: 1 args: {"network_create_args": {}, "port_create_args": {}, "ports_per_network": 5} times: 40 method_name: run timeout: 0 duration: None cls:
2019-07-16 23:21:49.216 26950 INFO rally.task.runner [-] Task 5b27ff8f-f272-4f87-bfcc-678d4db7d356 | ITER: 9 START
2019-07-16 23:21:49.216 26960 RALLYDEBUG rally.task.runner [-] Starting a worker. concurrency: 1 args: {"network_create_args": {}, "port_create_args": {}, "ports_per_network": 5} times: 40 method_name: run timeout: 0 duration: None cls:
2019-07-16 23:21:49.216 26950 INFO rally.task.runner [-] Task 5b27ff8f-f272-4f87-bfcc-678d4db7d356 | ITER: 7 START
2019-07-16 23:21:49.217 26950 WARNING rally_openstack.scenarios.neutron.utils [-] Running this scenario without either the 'network' or 'existing_network' context is deprecated
2019-07-16 23:21:49.218 26951 INFO rally.task.runner [-] Task 5b27ff8f-f272-4f87-bfcc-678d4db7d356 | ITER: 8 START
2019-07-16 23:21:49.220 26951 WARNING rally_openstack.scenarios.neutron.utils [-] Running this scenario without either the 'network' or 'existing_network' context is deprecated
2019-07-16 23:21:49.218 26950 WARNING rally_openstack.scenarios.neutron.utils [-] Running this scenario without either the 'network' or 'existing_network' context is deprecated
2019-07-16 23:21:49.220 26965 RALLYDEBUG rally.task.runner [-] Starting a worker. concurrency: 1 args: {"network_create_args": {}, "port_create_args": {}, "ports_per_network": 5} times: 40 method_name: run timeout: 0 duration: None cls:
2019-07-16 23:21:49.210 26948 INFO rally.task.runner [-] Task 5b27ff8f-f272-4f87-bfcc-678d4db7d356 | ITER: 4 START
2019-07-16 23:21:49.221 26960 INFO rally.task.runner [-] Task 5b27ff8f-f272-4f87-bfcc-678d4db7d356 | ITER: 11 START
2019-07-16 23:21:49.222 26948 WARNING rally_openstack.scenarios.neutron.utils [-] Running this scenario without either the 'network' or 'existing_network' context is deprecated
2019-07-16 23:21:49.223 26960 WARNING rally_openstack.scenarios.neutron.utils [-] Running this scenario without either the 'network' or 'existing_network' context is deprecated
2019-07-16 23:21:49.223 26956 INFO rally.task.runner [-] Task 5b27ff8f-f272-4f87-bfcc-678d4db7d356 | ITER: 10 START
2019-07-16 23:21:49.225 26956 WARNING rally_openstack.scenarios.neutron.utils [-] Running this scenario without either the 'network' or 'existing_network' context is deprecated
2019-07-16 23:21:49.226 26969 RALLYDEBUG rally.task.runner [-] Starting a worker. concurrency: 1 args: {"network_create_args": {}, "port_create_args": {}, "ports_per_network": 5} times: 40 method_name: run timeout: 0 duration: None cls:
2019-07-16 23:21:49.227 26947 INFO rally.task.runner [-] Task 5b27ff8f-f272-4f87-bfcc-678d4db7d356 | ITER: 3 START
2019-07-16 23:21:49.229 26965 INFO rally.task.runner [-] Task 5b27ff8f-f272-4f87-bfcc-678d4db7d356 | ITER: 12 START
2019-07-16 23:21:49.216 26949 WARNING rally_openstack.scenarios.neutron.utils [-] Running this scenario without either the 'network' or 'existing_network' context is deprecated
2019-07-16 23:21:49.229 26947 WARNING rally_openstack.scenarios.neutron.utils [-] Running this scenario without either the 'network' or 'existing_network' context is deprecated
2019-07-16 23:21:49.230 26973 RALLYDEBUG rally.task.runner [-] Starting a worker. concurrency: 1 args: {"network_create_args": {}, "port_create_args": {}, "ports_per_network": 5} times: 40 method_name: run timeout: 0 duration: None cls:
2019-07-16 23:21:49.231 26965 WARNING rally_openstack.scenarios.neutron.utils [-] Running this scenario without either the 'network' or 'existing_network' context is deprecated
2019-07-16 23:21:49.233 26969 INFO rally.task.runner [-] Task 5b27ff8f-f272-4f87-bfcc-678d4db7d356 | ITER: 13 START
2019-07-16 23:21:49.235 26969 WARNING rally_openstack.scenarios.neutron.utils [-] Running this scenario without either the 'network' or 'existing_network' context is deprecated
2019-07-16 23:21:49.234 26976 RALLYDEBUG rally.task.runner [-] Starting a worker. concurrency: 1 args: {"network_create_args": {}, "port_create_args": {}, "ports_per_network": 5} times: 40 method_name: run timeout: 0 duration: None cls:
2019-07-16 23:21:49.237 26978 RALLYDEBUG rally.task.runner [-] Starting a worker. concurrency: 1 args: {"network_create_args": {}, "port_create_args": {}, "ports_per_network": 5} times: 40 method_name: run timeout: 0 duration: None cls:
2019-07-16 23:21:49.240 26976 INFO rally.task.runner [-] Task 5b27ff8f-f272-4f87-bfcc-678d4db7d356 | ITER: 15 START
2019-07-16 23:21:49.241 26973 INFO rally.task.runner [-] Task 5b27ff8f-f272-4f87-bfcc-678d4db7d356 | ITER: 14 START
2019-07-16 23:21:49.242 26976 WARNING rally_openstack.scenarios.neutron.utils [-] Running this scenario without either the 'network' or 'existing_network' context is deprecated
2019-07-16 23:21:49.243 26973 WARNING rally_openstack.scenarios.neutron.utils [-] Running this scenario without either the 'network' or 'existing_network' context is deprecated
2019-07-16 23:21:49.244 26978 INFO rally.task.runner [-] Task 5b27ff8f-f272-4f87-bfcc-678d4db7d356 | ITER: 16 START
2019-07-16 23:21:49.246 26978 WARNING rally_openstack.scenarios.neutron.utils [-] Running this scenario without either the 'network' or 'existing_network' context is deprecated
2019-07-16 23:21:49.247 26985 RALLYDEBUG rally.task.runner [-] Starting a worker. concurrency: 1 args: {"network_create_args": {}, "port_create_args": {}, "ports_per_network": 5} times: 40 method_name: run timeout: 0 duration: None cls:
2019-07-16 23:21:49.255 26985 INFO rally.task.runner [-] Task 5b27ff8f-f272-4f87-bfcc-678d4db7d356 | ITER: 17 START
2019-07-16 23:21:49.256 26985 WARNING rally_openstack.scenarios.neutron.utils [-] Running this scenario without either the 'network' or 'existing_network' context is deprecated
2019-07-16 23:21:49.262 26988 RALLYDEBUG rally.task.runner [-] Starting a worker. concurrency: 1 args: {"network_create_args": {}, "port_create_args": {}, "ports_per_network": 5} times: 40 method_name: run timeout: 0 duration: None cls:
2019-07-16 23:21:49.265 26991 RALLYDEBUG rally.task.runner [-] Starting a worker. concurrency: 1 args: {"network_create_args": {}, "port_create_args": {}, "ports_per_network": 5} times: 40 method_name: run timeout: 0 duration: None cls:
2019-07-16 23:21:49.269 26988 INFO rally.task.runner [-] Task 5b27ff8f-f272-4f87-bfcc-678d4db7d356 | ITER: 18 START
2019-07-16 23:21:49.270 26992 RALLYDEBUG rally.task.runner [-] Starting a worker. concurrency: 1 args: {"network_create_args": {}, "port_create_args": {}, "ports_per_network": 5} times: 40 method_name: run timeout: 0 duration: None cls:
2019-07-16 23:21:49.270 26988 WARNING rally_openstack.scenarios.neutron.utils [-] Running this scenario without either the 'network' or 'existing_network' context is deprecated
2019-07-16 23:21:49.271 26991 INFO rally.task.runner [-] Task 5b27ff8f-f272-4f87-bfcc-678d4db7d356 | ITER: 19 START
2019-07-16 23:21:49.272 26991 WARNING rally_openstack.scenarios.neutron.utils [-] Running this scenario without either the 'network' or 'existing_network' context is deprecated
2019-07-16 23:21:49.276 26992 INFO rally.task.runner [-] Task 5b27ff8f-f272-4f87-bfcc-678d4db7d356 | ITER: 20 START
2019-07-16 23:21:49.278 26992 WARNING rally_openstack.scenarios.neutron.utils [-] Running this scenario without either the 'network' or 'existing_network' context is deprecated
2019-07-16 23:22:05.243 26960 INFO rally.task.runner [-] Task 5b27ff8f-f272-4f87-bfcc-678d4db7d356 | ITER: 11 END: OK
2019-07-16 23:22:05.247 26960 INFO rally.task.runner [-] Task 5b27ff8f-f272-4f87-bfcc-678d4db7d356 | ITER: 21 START
2019-07-16 23:22:05.248 26960 WARNING rally_openstack.scenarios.neutron.utils [-] Running this scenario without either the 'network' or 'existing_network' context is deprecated
2019-07-16 23:22:05.364 26991 INFO rally.task.runner [-] Task 5b27ff8f-f272-4f87-bfcc-678d4db7d356 | ITER: 19 END: OK
2019-07-16 23:22:05.368 26991 INFO rally.task.runner [-] Task 5b27ff8f-f272-4f87-bfcc-678d4db7d356 | ITER: 22 START
2019-07-16 23:22:05.368 26991 WARNING rally_openstack.scenarios.neutron.utils [-] Running this scenario without either the 'network' or 'existing_network' context is deprecated
2019-07-16 23:22:06.203 26949 INFO rally.task.runner [-] Task 5b27ff8f-f272-4f87-bfcc-678d4db7d356 | ITER: 6 END: OK
2019-07-16 23:22:06.207 26949 INFO rally.task.runner [-] Task 5b27ff8f-f272-4f87-bfcc-678d4db7d356 | ITER: 23 START
2019-07-16 23:22:06.208 26949 WARNING rally_openstack.scenarios.neutron.utils [-] Running this scenario without either the 'network' or 'existing_network' context is deprecated
2019-07-16 23:22:06.482 26978 INFO rally.task.runner [-] Task 5b27ff8f-f272-4f87-bfcc-678d4db7d356 | ITER: 16 END: OK
2019-07-16 23:22:06.487 26978 INFO rally.task.runner [-] Task 5b27ff8f-f272-4f87-bfcc-678d4db7d356 | ITER: 24 START
2019-07-16 23:22:06.487 26978 WARNING rally_openstack.scenarios.neutron.utils [-] Running this scenario without either the 'network' or 'existing_network' context is deprecated
2019-07-16 23:22:06.692 26985 INFO rally.task.runner [-] Task 5b27ff8f-f272-4f87-bfcc-678d4db7d356 | ITER: 17 END: OK
2019-07-16 23:22:06.695 26985 INFO rally.task.runner [-] Task 5b27ff8f-f272-4f87-bfcc-678d4db7d356 | ITER: 25 START
2019-07-16 23:22:06.695 26985 WARNING rally_openstack.scenarios.neutron.utils [-] Running this scenario without either the 'network' or 'existing_network' context is deprecated
2019-07-16 23:22:06.781 26947 INFO rally.task.runner [-] Task 5b27ff8f-f272-4f87-bfcc-678d4db7d356 | ITER: 1 END: OK
2019-07-16 23:22:06.785 26947 INFO rally.task.runner [-] Task 5b27ff8f-f272-4f87-bfcc-678d4db7d356 | ITER: 26 START
2019-07-16 23:22:06.786 26947 WARNING rally_openstack.scenarios.neutron.utils [-] Running this scenario without either the 'network' or 'existing_network' context is deprecated
2019-07-16 23:22:06.978 26973 INFO rally.task.runner [-] Task 5b27ff8f-f272-4f87-bfcc-678d4db7d356 | ITER: 14 END: OK
2019-07-16 23:22:06.983 26973 INFO rally.task.runner [-] Task 5b27ff8f-f272-4f87-bfcc-678d4db7d356 | ITER: 27 START
2019-07-16 23:22:06.983 26973 WARNING rally_openstack.scenarios.neutron.utils [-] Running this scenario without either the 'network' or 'existing_network' context is deprecated
2019-07-16 23:22:07.012 26951 INFO rally.task.runner [-] Task 5b27ff8f-f272-4f87-bfcc-678d4db7d356 | ITER: 8 END: OK
2019-07-16 23:22:07.017 26951 INFO rally.task.runner [-] Task 5b27ff8f-f272-4f87-bfcc-678d4db7d356 | ITER: 28 START
2019-07-16 23:22:07.017 26951 WARNING rally_openstack.scenarios.neutron.utils [-] Running this scenario without either the 'network' or 'existing_network' context is deprecated
2019-07-16 23:22:07.064 26965 INFO rally.task.runner [-] Task 5b27ff8f-f272-4f87-bfcc-678d4db7d356 | ITER: 12 END: OK
2019-07-16 23:22:07.068 26965 INFO rally.task.runner [-] Task 5b27ff8f-f272-4f87-bfcc-678d4db7d356 | ITER: 29 START
2019-07-16 23:22:07.069 26965 WARNING rally_openstack.scenarios.neutron.utils [-] Running this scenario without either the 'network' or 'existing_network' context is deprecated
2019-07-16 23:22:07.467 26947 INFO rally.task.runner [-] Task 5b27ff8f-f272-4f87-bfcc-678d4db7d356 | ITER: 3 END: OK
2019-07-16 23:22:07.470 26947 INFO rally.task.runner [-] Task 5b27ff8f-f272-4f87-bfcc-678d4db7d356 | ITER: 30 START
2019-07-16 23:22:07.471 26947 WARNING rally_openstack.scenarios.neutron.utils [-] Running this scenario without either the 'network' or 'existing_network' context is deprecated
2019-07-16 23:22:07.912 26950 INFO rally.task.runner [-] Task 5b27ff8f-f272-4f87-bfcc-678d4db7d356 | ITER: 9 END: OK
2019-07-16 23:22:07.917 26950 INFO rally.task.runner [-] Task 5b27ff8f-f272-4f87-bfcc-678d4db7d356 | ITER: 31 START
2019-07-16 23:22:07.918 26950 WARNING rally_openstack.scenarios.neutron.utils [-] Running this scenario without either the 'network' or 'existing_network' context is deprecated
2019-07-16 23:22:07.918 26948 INFO rally.task.runner [-] Task 5b27ff8f-f272-4f87-bfcc-678d4db7d356 | ITER: 4 END: OK
2019-07-16 23:22:07.923 26948 INFO rally.task.runner [-] Task 5b27ff8f-f272-4f87-bfcc-678d4db7d356 | ITER: 32 START
2019-07-16 23:22:07.924 26948 WARNING rally_openstack.scenarios.neutron.utils [-] Running this scenario without either the 'network' or 'existing_network' context is deprecated
2019-07-16 23:22:08.487 26956 INFO rally.task.runner [-] Task 5b27ff8f-f272-4f87-bfcc-678d4db7d356 | ITER: 10 END: OK
2019-07-16 23:22:08.492 26956 INFO rally.task.runner [-] Task 5b27ff8f-f272-4f87-bfcc-678d4db7d356 | ITER: 33 START
2019-07-16 23:22:08.492 26956 WARNING rally_openstack.scenarios.neutron.utils [-] Running this scenario without either the 'network' or 'existing_network' context is deprecated
2019-07-16 23:22:09.008 26949 INFO rally.task.runner [-] Task 5b27ff8f-f272-4f87-bfcc-678d4db7d356 | ITER: 5 END: OK
2019-07-16 23:22:09.011 26949 INFO rally.task.runner [-] Task 5b27ff8f-f272-4f87-bfcc-678d4db7d356 | ITER: 34 START
2019-07-16 23:22:09.011 26949 WARNING rally_openstack.scenarios.neutron.utils [-] Running this scenario without either the 'network' or 'existing_network' context is deprecated
2019-07-16 23:22:09.618 26992 INFO rally.task.runner [-] Task 5b27ff8f-f272-4f87-bfcc-678d4db7d356 | ITER: 20 END: OK
2019-07-16 23:22:09.622 26992 INFO rally.task.runner [-] Task 5b27ff8f-f272-4f87-bfcc-678d4db7d356 | ITER: 35 START
2019-07-16 23:22:09.623 26992 WARNING rally_openstack.scenarios.neutron.utils [-] Running this scenario without either the 'network' or 'existing_network' context is deprecated
2019-07-16 23:22:09.672 26950 INFO rally.task.runner [-] Task 5b27ff8f-f272-4f87-bfcc-678d4db7d356 | ITER: 7 END: OK
2019-07-16 23:22:09.676 26950 INFO rally.task.runner [-] Task 5b27ff8f-f272-4f87-bfcc-678d4db7d356 | ITER: 36 START
2019-07-16 23:22:09.676 26950 WARNING rally_openstack.scenarios.neutron.utils [-] Running this scenario without either the 'network' or 'existing_network' context is deprecated
2019-07-16 23:22:09.941 26969 INFO rally.task.runner [-] Task 5b27ff8f-f272-4f87-bfcc-678d4db7d356 | ITER: 13 END: OK
2019-07-16 23:22:09.945 26969 INFO rally.task.runner [-] Task 5b27ff8f-f272-4f87-bfcc-678d4db7d356 | ITER: 37 START
2019-07-16 23:22:09.946 26969 WARNING rally_openstack.scenarios.neutron.utils [-] Running this scenario without either the 'network' or 'existing_network' context is deprecated
2019-07-16 23:22:10.141 26976 INFO rally.task.runner [-] Task 5b27ff8f-f272-4f87-bfcc-678d4db7d356 | ITER: 15 END: OK
2019-07-16 23:22:10.146 26976 INFO rally.task.runner [-] Task 5b27ff8f-f272-4f87-bfcc-678d4db7d356 | ITER: 38 START
2019-07-16 23:22:10.146 26976 WARNING rally_openstack.scenarios.neutron.utils [-] Running this scenario without either the 'network' or 'existing_network' context is deprecated
2019-07-16 23:22:10.150 26948 INFO rally.task.runner [-] Task 5b27ff8f-f272-4f87-bfcc-678d4db7d356 | ITER: 2 END: OK
2019-07-16 23:22:10.153 26948 INFO rally.task.runner [-] Task 5b27ff8f-f272-4f87-bfcc-678d4db7d356 | ITER: 39 START
2019-07-16 23:22:10.153 26948 WARNING rally_openstack.scenarios.neutron.utils [-] Running this scenario without either the 'network' or 'existing_network' context is deprecated
2019-07-16 23:22:11.577 26988 INFO rally.task.runner [-] Task 5b27ff8f-f272-4f87-bfcc-678d4db7d356 | ITER: 18 END: OK
