2019-07-16 21:03:32.323 8 RALLYDEBUG rally.api [-] INFO logs from urllib3 and requests module are hide.
2019-07-16 21:03:32.323 8 RALLYDEBUG rally.api [-] urllib3 insecure warnings are hidden.
2019-07-16 21:03:32.323 8 RALLYDEBUG rally.api [-] ERROR log from boto module is hide.
2019-07-16 21:03:33.633 8 ERROR rally.cli.cliutils [-] Unexpected exception in CLI: DBRecordNotFound: Record for uuid or name is opnfv-rally not found in table envs
2019-07-16 21:03:33.633 8 ERROR rally.cli.cliutils
Traceback (most recent call last):
2019-07-16 21:03:33.633 8 ERROR rally.cli.cliutils
File "/usr/lib/python2.7/site-packages/rally/cli/cliutils.py", line 674, in run
2019-07-16 21:03:33.633 8 ERROR rally.cli.cliutils ret = fn(*fn_args, **fn_kwargs)
2019-07-16 21:03:33.633 8 ERROR rally.cli.cliutils File "", line 2, in destroy
2019-07-16 21:03:33.633 8 ERROR rally.cli.cliutils
File "/usr/lib/python2.7/site-packages/rally/cli/envutils.py", line 69, in default_from_global
2019-07-16 21:03:33.633 8 ERROR rally.cli.cliutils return f(*args, **kwargs)
2019-07-16 21:03:33.633 8 ERROR rally.cli.cliutils File "", line 2, in destroy
2019-07-16 21:03:33.633 8 ERROR rally.cli.cliutils
File "/usr/lib/python2.7/site-packages/rally/plugins/__init__.py", line 51, in ensure_plugins_are_loaded
2019-07-16 21:03:33.633 8 ERROR rally.cli.cliutils return f(*args, **kwargs)
2019-07-16 21:03:33.633 8 ERROR rally.cli.cliutils
File "/usr/lib/python2.7/site-packages/rally/cli/commands/deployment.py", line 140, in destroy
2019-07-16 21:03:33.633 8 ERROR rally.cli.cliutils api.deployment.destroy(deployment=deployment)
2019-07-16 21:03:33.633 8 ERROR rally.cli.cliutils
File "/usr/lib/python2.7/site-packages/rally/api.py", line 115, in destroy
2019-07-16 21:03:33.633 8 ERROR rally.cli.cliutils deploy = objects.Deployment.get(deployment)
2019-07-16 21:03:33.633 8 ERROR rally.cli.cliutils
File "/usr/lib/python2.7/site-packages/rally/common/objects/deploy.py", line 124, in get
2019-07-16 21:03:33.633 8 ERROR rally.cli.cliutils return Deployment(env_mgr.EnvManager.get(deploy))
2019-07-16 21:03:33.633 8 ERROR rally.cli.cliutils
File "/usr/lib/python2.7/site-packages/rally/env/env_mgr.py", line 212, in get
2019-07-16 21:03:33.633 8 ERROR rally.cli.cliutils return cls(db.env_get(uuid_or_name))
2019-07-16 21:03:33.633 8 ERROR rally.cli.cliutils
File "/usr/lib/python2.7/site-packages/rally/common/db/api.py", line 135, in wrapper
2019-07-16 21:03:33.633 8 ERROR rally.cli.cliutils result = f(session, *args, **kwargs)
2019-07-16 21:03:33.633 8 ERROR rally.cli.cliutils
File "/usr/lib/python2.7/site-packages/rally/common/db/api.py", line 521, in env_get
2019-07-16 21:03:33.633 8 ERROR rally.cli.cliutils criteria="uuid or name is %s" % uuid_or_name, table="envs")
2019-07-16 21:03:33.633 8 ERROR rally.cli.cliutils DBRecordNotFound: Record for uuid or name is opnfv-rally not found in table envs
2019-07-16 21:03:33.633 8 ERROR rally.cli.cliutils
2019-07-16 21:03:34.387 10 RALLYDEBUG rally.api [-] INFO logs from urllib3 and requests module are hide.
2019-07-16 21:03:34.387 10 RALLYDEBUG rally.api [-] urllib3 insecure warnings are hidden.
2019-07-16 21:03:34.388 10 RALLYDEBUG rally.api [-] ERROR log from boto module is hide.
2019-07-16 21:03:35.812 10 WARNING rally_openstack.platforms.existing [-] endpoint is deprecated and not used.
2019-07-16 21:03:37.806 12 RALLYDEBUG rally.api [-] INFO logs from urllib3 and requests module are hide.
2019-07-16 21:03:37.806 12 RALLYDEBUG rally.api [-] urllib3 insecure warnings are hidden.
2019-07-16 21:03:37.806 12 RALLYDEBUG rally.api [-] ERROR log from boto module is hide.
2019-07-16 21:03:41.283 15 RALLYDEBUG rally.api [-] INFO logs from urllib3 and requests module are hide.
2019-07-16 21:03:41.284 15 RALLYDEBUG rally.api [-] urllib3 insecure warnings are hidden.
2019-07-16 21:03:41.284 15 RALLYDEBUG rally.api [-] ERROR log from boto module is hide.
2019-07-16 21:03:43.090 17 RALLYDEBUG rally.api [-] INFO logs from urllib3 and requests module are hide.
2019-07-16 21:03:43.090 17 RALLYDEBUG rally.api [-] urllib3 insecure warnings are hidden.
2019-07-16 21:03:43.090 17 RALLYDEBUG rally.api [-] ERROR log from boto module is hide.
2019-07-16 21:03:44.306 17 INFO rally.task.engine [-] Task 780dbc07-9ad5-4ac7-8e6d-00ad03b7be1b | Starting: Task validation.
2019-07-16 21:03:44.343 17 INFO rally.task.engine [-] Task 780dbc07-9ad5-4ac7-8e6d-00ad03b7be1b | Starting: Task validation of syntax.
2019-07-16 21:03:44.403 17 INFO rally.task.engine [-] Task 780dbc07-9ad5-4ac7-8e6d-00ad03b7be1b | Completed: Task validation of syntax.
2019-07-16 21:03:44.404 17 INFO rally.task.engine [-] Task 780dbc07-9ad5-4ac7-8e6d-00ad03b7be1b | Starting: Task validation of required platforms.
2019-07-16 21:03:44.438 17 INFO rally.task.engine [-] Task 780dbc07-9ad5-4ac7-8e6d-00ad03b7be1b | Completed: Task validation of required platforms.
2019-07-16 21:03:44.440 17 INFO rally.task.engine [-] Task 780dbc07-9ad5-4ac7-8e6d-00ad03b7be1b | Starting: Task validation of semantic.
2019-07-16 21:03:44.440 17 INFO rally.task.engine [-] Check health of the environment '4ce8e274-929b-40ef-97b5-c8e0de346d6b'.
2019-07-16 21:03:45.215 17 INFO rally.task.engine [-] Platform existing@openstack (available: True): OK!
2019-07-16 21:03:45.228 17 RALLYDEBUG rally_openstack.contexts.keystone.users [-] Creating 1 tenants using 20 threads
2019-07-16 21:03:47.131 17 RALLYDEBUG rally_openstack.contexts.keystone.users [-] Creating 1 users using 20 threads
2019-07-16 21:03:49.955 17 INFO rally.task.context [-] Task 780dbc07-9ad5-4ac7-8e6d-00ad03b7be1b | Context users@openstack setup() finished in 4.73 sec
2019-07-16 21:03:50.000 17 INFO rally.task.context [-] Task 780dbc07-9ad5-4ac7-8e6d-00ad03b7be1b | Context users@openstack cleanup() started
2019-07-16 21:03:55.628 17 INFO rally.task.context [-] Task 780dbc07-9ad5-4ac7-8e6d-00ad03b7be1b | Context users@openstack cleanup() finished in 5.63 sec
2019-07-16 21:03:55.629 17 INFO rally.task.engine [-] Task 780dbc07-9ad5-4ac7-8e6d-00ad03b7be1b | Completed: Task validation of semantic.
2019-07-16 21:03:55.629 17 INFO rally.task.engine [-] Task 780dbc07-9ad5-4ac7-8e6d-00ad03b7be1b | Completed: Task validation.
2019-07-16 21:03:55.630 17 INFO rally.api [-] Task 780dbc07-9ad5-4ac7-8e6d-00ad03b7be1b input file is valid.
2019-07-16 21:03:55.630 17 INFO rally.api [-] Run Task 780dbc07-9ad5-4ac7-8e6d-00ad03b7be1b against Deployment 4ce8e274-929b-40ef-97b5-c8e0de346d6b
2019-07-16 21:03:55.630 17 INFO rally.task.engine [-] Task 780dbc07-9ad5-4ac7-8e6d-00ad03b7be1b | Starting: Running task.
2019-07-16 21:03:55.762 17 INFO rally.task.engine [-] Running workload: position = 0 config = { "version": 2, "title": "A cropped version of a bigger task.", "description": "Auto-generated task from a single workload (uuid=cbe7891a-299e-4982-b5be-d134de322600)", "subtasks": [ { "title": "Authenticate.keystone", "description": "Check Keystone Client.", "scenario": { "Authenticate.keystone": {} }, "contexts": { "users": { "tenants": 3, "users_per_tenant": 2 } }, "runner": { "constant": { "concurrency": 4, "times": 10 } }, "hooks": [], "sla": { "failure_rate": { "max": 0 } } } ] }
2019-07-16 21:03:55.778 17 RALLYDEBUG rally_openstack.contexts.keystone.users [-] Creating 3 tenants using 20 threads
2019-07-16 21:03:57.705 17 RALLYDEBUG rally_openstack.contexts.keystone.users [-] Creating 6 users using 20 threads
2019-07-16 21:04:00.643 17 INFO rally.task.context [-] Task 780dbc07-9ad5-4ac7-8e6d-00ad03b7be1b | Context users@openstack setup() finished in 4.86 sec
2019-07-16 21:04:00.648 17 RALLYDEBUG rally.task.runner [-] Starting the constant runner (task UUID: 780dbc07-9ad5-4ac7-8e6d-00ad03b7be1b). timeout: 0 concurrency: 4 concurrency_per_worker: 1 times: 10 concurrency_overhead: 0 processes_to_start: 4 max_cpu_used: 16
2019-07-16 21:04:00.660 141 RALLYDEBUG rally.task.runner [-] Starting a worker. concurrency: 1 args: {} times: 10 method_name: run timeout: 0 duration: None cls:
2019-07-16 21:04:00.662 143 RALLYDEBUG rally.task.runner [-] Starting a worker. concurrency: 1 args: {} times: 10 method_name: run timeout: 0 duration: None cls:
2019-07-16 21:04:00.663 144 RALLYDEBUG rally.task.runner [-] Starting a worker. concurrency: 1 args: {} times: 10 method_name: run timeout: 0 duration: None cls:
2019-07-16 21:04:00.663 142 RALLYDEBUG rally.task.runner [-] Starting a worker. concurrency: 1 args: {} times: 10 method_name: run timeout: 0 duration: None cls:
2019-07-16 21:04:00.665 144 INFO rally.task.runner [-] Task 780dbc07-9ad5-4ac7-8e6d-00ad03b7be1b | ITER: 3 START
2019-07-16 21:04:00.666 141 INFO rally.task.runner [-] Task 780dbc07-9ad5-4ac7-8e6d-00ad03b7be1b | ITER: 1 START
2019-07-16 21:04:00.666 143 INFO rally.task.runner [-] Task 780dbc07-9ad5-4ac7-8e6d-00ad03b7be1b | ITER: 2 START
2019-07-16 21:04:00.669 142 INFO rally.task.runner [-] Task 780dbc07-9ad5-4ac7-8e6d-00ad03b7be1b | ITER: 4 START
2019-07-16 21:04:01.260 141 INFO rally.task.runner [-] Task 780dbc07-9ad5-4ac7-8e6d-00ad03b7be1b | ITER: 1 END: OK
2019-07-16 21:04:01.261 143 INFO rally.task.runner [-] Task 780dbc07-9ad5-4ac7-8e6d-00ad03b7be1b | ITER: 2 END: OK
2019-07-16 21:04:01.263 141 INFO rally.task.runner [-] Task 780dbc07-9ad5-4ac7-8e6d-00ad03b7be1b | ITER: 5 START
2019-07-16 21:04:01.264 142 INFO rally.task.runner [-] Task 780dbc07-9ad5-4ac7-8e6d-00ad03b7be1b | ITER: 4 END: OK
2019-07-16 21:04:01.266 143 INFO rally.task.runner [-] Task 780dbc07-9ad5-4ac7-8e6d-00ad03b7be1b | ITER: 6 START
2019-07-16 21:04:01.270 142 INFO rally.task.runner [-] Task 780dbc07-9ad5-4ac7-8e6d-00ad03b7be1b | ITER: 7 START
2019-07-16 21:04:01.280 144 INFO rally.task.runner [-] Task 780dbc07-9ad5-4ac7-8e6d-00ad03b7be1b | ITER: 3 END: OK
2019-07-16 21:04:01.285 144 INFO rally.task.runner [-] Task 780dbc07-9ad5-4ac7-8e6d-00ad03b7be1b | ITER: 8 START
2019-07-16 21:04:01.844 141 INFO rally.task.runner [-] Task 780dbc07-9ad5-4ac7-8e6d-00ad03b7be1b | ITER: 5 END: OK
2019-07-16 21:04:01.847 141 INFO rally.task.runner [-] Task 780dbc07-9ad5-4ac7-8e6d-00ad03b7be1b | ITER: 9 START
2019-07-16 21:04:01.864 143 INFO rally.task.runner [-] Task 780dbc07-9ad5-4ac7-8e6d-00ad03b7be1b | ITER: 6 END: OK
2019-07-16 21:04:01.864 142 INFO rally.task.runner [-] Task 780dbc07-9ad5-4ac7-8e6d-00ad03b7be1b | ITER: 7 END: OK
2019-07-16 21:04:01.868 142 INFO rally.task.runner [-] Task 780dbc07-9ad5-4ac7-8e6d-00ad03b7be1b | ITER: 10 START
2019-07-16 21:04:01.881 144 INFO rally.task.runner [-] Task 780dbc07-9ad5-4ac7-8e6d-00ad03b7be1b | ITER: 8 END: OK
2019-07-16 21:04:02.451 141 INFO rally.task.runner [-] Task 780dbc07-9ad5-4ac7-8e6d-00ad03b7be1b | ITER: 9 END: OK
2019-07-16 21:04:02.552 142 INFO rally.task.runner [-] Task 780dbc07-9ad5-4ac7-8e6d-00ad03b7be1b | ITER: 10 END: OK
2019-07-16 21:04:02.577 17 INFO rally.task.context [-] Task 780dbc07-9ad5-4ac7-8e6d-00ad03b7be1b | Context users@openstack cleanup() started
2019-07-16 21:04:12.447 17 INFO rally.task.context [-] Task 780dbc07-9ad5-4ac7-8e6d-00ad03b7be1b | Context users@openstack cleanup() finished in 9.87 sec
2019-07-16 21:04:13.866 17 INFO rally.task.engine [-] Load duration is: 1.885882
2019-07-16 21:04:13.866 17 INFO rally.task.engine [-] Full runner duration is: 1.929336
2019-07-16 21:04:13.866 17 INFO rally.task.engine [-] Full duration is: 16.673667
2019-07-16 21:04:14.097 17 INFO rally.task.engine [-] Running workload: position = 0 config = { "version": 2, "title": "A cropped version of a bigger task.", "description": "Auto-generated task from a single workload (uuid=a5633b75-449d-4c20-8912-bfb2046490c5)", "subtasks": [ { "title": "Authenticate.validate_cinder", "description": "Check Cinder Client to ensure validation of token.", "scenario": { "Authenticate.validate_cinder": { "repetitions": 2 } }, "contexts": { "users": { "tenants": 3, "users_per_tenant": 2 } }, "runner": { "constant": { "concurrency": 4, "times": 10 } }, "hooks": [], "sla": { "failure_rate": { "max": 0 } } } ] }
2019-07-16 21:04:14.118 17 RALLYDEBUG rally_openstack.contexts.keystone.users [-] Creating 3 tenants using 20 threads
2019-07-16 21:04:16.065 17 RALLYDEBUG rally_openstack.contexts.keystone.users [-] Creating 6 users using 20 threads
2019-07-16 21:04:18.811 17 INFO rally.task.context [-] Task 780dbc07-9ad5-4ac7-8e6d-00ad03b7be1b | Context users@openstack setup() finished in 4.69 sec
2019-07-16 21:04:18.818 17 RALLYDEBUG rally.task.runner [-] Starting the constant runner (task UUID: 780dbc07-9ad5-4ac7-8e6d-00ad03b7be1b). timeout: 0 concurrency: 4 concurrency_per_worker: 1 times: 10 concurrency_overhead: 0 processes_to_start: 4 max_cpu_used: 16
2019-07-16 21:04:18.831 245 RALLYDEBUG rally.task.runner [-] Starting a worker. concurrency: 1 args: {"repetitions": 2} times: 10 method_name: run timeout: 0 duration: None cls:
2019-07-16 21:04:18.832 246 RALLYDEBUG rally.task.runner [-] Starting a worker. concurrency: 1 args: {"repetitions": 2} times: 10 method_name: run timeout: 0 duration: None cls:
2019-07-16 21:04:18.836 247 RALLYDEBUG rally.task.runner [-] Starting a worker. concurrency: 1 args: {"repetitions": 2} times: 10 method_name: run timeout: 0 duration: None cls:
2019-07-16 21:04:18.837 245 INFO rally.task.runner [-] Task 780dbc07-9ad5-4ac7-8e6d-00ad03b7be1b | ITER: 1 START
2019-07-16 21:04:18.838 246 INFO rally.task.runner [-] Task 780dbc07-9ad5-4ac7-8e6d-00ad03b7be1b | ITER: 2 START
2019-07-16 21:04:18.839 248 RALLYDEBUG rally.task.runner [-] Starting a worker. concurrency: 1 args: {"repetitions": 2} times: 10 method_name: run timeout: 0 duration: None cls:
2019-07-16 21:04:18.842 247 INFO rally.task.runner [-] Task 780dbc07-9ad5-4ac7-8e6d-00ad03b7be1b | ITER: 3 START
2019-07-16 21:04:18.844 248 INFO rally.task.runner [-] Task 780dbc07-9ad5-4ac7-8e6d-00ad03b7be1b | ITER: 4 START
2019-07-16 21:04:20.720 247 INFO rally.task.runner [-] Task 780dbc07-9ad5-4ac7-8e6d-00ad03b7be1b | ITER: 3 END: OK
2019-07-16 21:04:20.723 247 INFO rally.task.runner [-] Task 780dbc07-9ad5-4ac7-8e6d-00ad03b7be1b | ITER: 5 START
2019-07-16 21:04:20.725 246 INFO rally.task.runner [-] Task 780dbc07-9ad5-4ac7-8e6d-00ad03b7be1b | ITER: 2 END: OK
2019-07-16 21:04:20.729 246 INFO rally.task.runner [-] Task 780dbc07-9ad5-4ac7-8e6d-00ad03b7be1b | ITER: 6 START
2019-07-16 21:04:20.729 245 INFO rally.task.runner [-] Task 780dbc07-9ad5-4ac7-8e6d-00ad03b7be1b | ITER: 1 END: OK
2019-07-16 21:04:20.733 245 INFO rally.task.runner [-] Task 780dbc07-9ad5-4ac7-8e6d-00ad03b7be1b | ITER: 7 START
2019-07-16 21:04:20.799 248 INFO rally.task.runner [-] Task 780dbc07-9ad5-4ac7-8e6d-00ad03b7be1b | ITER: 4 END: OK
2019-07-16 21:04:20.803 248 INFO rally.task.runner [-] Task 780dbc07-9ad5-4ac7-8e6d-00ad03b7be1b | ITER: 8 START
2019-07-16 21:04:22.169 246 INFO rally.task.runner [-] Task 780dbc07-9ad5-4ac7-8e6d-00ad03b7be1b | ITER: 6 END: OK
2019-07-16 21:04:22.173 246 INFO rally.task.runner [-] Task 780dbc07-9ad5-4ac7-8e6d-00ad03b7be1b | ITER: 9 START
2019-07-16 21:04:22.294 248 INFO rally.task.runner [-] Task 780dbc07-9ad5-4ac7-8e6d-00ad03b7be1b | ITER: 8 END: OK
2019-07-16 21:04:22.298 248 INFO rally.task.runner [-] Task 780dbc07-9ad5-4ac7-8e6d-00ad03b7be1b | ITER: 10 START
2019-07-16 21:04:22.515 247 INFO rally.task.runner [-] Task 780dbc07-9ad5-4ac7-8e6d-00ad03b7be1b | ITER: 5 END: OK
2019-07-16 21:04:22.640 245 INFO rally.task.runner [-] Task 780dbc07-9ad5-4ac7-8e6d-00ad03b7be1b | ITER: 7 END: OK
2019-07-16 21:04:23.628 246 INFO rally.task.runner [-] Task 780dbc07-9ad5-4ac7-8e6d-00ad03b7be1b | ITER: 9 END: OK
2019-07-16 21:04:23.661 248 INFO rally.task.runner [-] Task 780dbc07-9ad5-4ac7-8e6d-00ad03b7be1b | ITER: 10 END: OK
2019-07-16 21:04:23.690 17 INFO rally.task.context [-] Task 780dbc07-9ad5-4ac7-8e6d-00ad03b7be1b | Context users@openstack cleanup() started
2019-07-16 21:04:32.645 17 INFO rally.task.context [-] Task 780dbc07-9ad5-4ac7-8e6d-00ad03b7be1b | Context users@openstack cleanup() finished in 8.96 sec
2019-07-16 21:04:34.226 17 INFO rally.task.engine [-] Load duration is: 4.822599
2019-07-16 21:04:34.226 17 INFO rally.task.engine [-] Full runner duration is: 4.87212
2019-07-16 21:04:34.226 17 INFO rally.task.engine [-] Full duration is: 18.528707
2019-07-16 21:04:34.454 17 INFO rally.task.engine [-] Running workload: position = 0 config = { "version": 2, "title": "A cropped version of a bigger task.", "description": "Auto-generated task from a single workload (uuid=323b8367-78a9-4980-9b84-9503de61dc2d)", "subtasks": [ { "title": "Authenticate.validate_glance", "description": "Check Glance Client to ensure validation of token.", "scenario": { "Authenticate.validate_glance": { "repetitions": 2 } }, "contexts": { "users": { "tenants": 3, "users_per_tenant": 2 } }, "runner": { "constant": { "concurrency": 4, "times": 10 } }, "hooks": [], "sla": { "failure_rate": { "max": 0 } } } ] }
2019-07-16 21:04:34.477 17 RALLYDEBUG rally_openstack.contexts.keystone.users [-] Creating 3 tenants using 20 threads
2019-07-16 21:04:36.346 17 RALLYDEBUG rally_openstack.contexts.keystone.users [-] Creating 6 users using 20 threads
2019-07-16 21:04:39.303 17 INFO rally.task.context [-] Task 780dbc07-9ad5-4ac7-8e6d-00ad03b7be1b | Context users@openstack setup() finished in 4.83 sec
2019-07-16 21:04:39.312 17 RALLYDEBUG rally.task.runner [-] Starting the constant runner (task UUID: 780dbc07-9ad5-4ac7-8e6d-00ad03b7be1b). timeout: 0 concurrency: 4 concurrency_per_worker: 1 times: 10 concurrency_overhead: 0 processes_to_start: 4 max_cpu_used: 16
2019-07-16 21:04:39.322 349 RALLYDEBUG rally.task.runner [-] Starting a worker. concurrency: 1 args: {"repetitions": 2} times: 10 method_name: run timeout: 0 duration: None cls:
2019-07-16 21:04:39.327 349 INFO rally.task.runner [-] Task 780dbc07-9ad5-4ac7-8e6d-00ad03b7be1b | ITER: 1 START
2019-07-16 21:04:39.328 350 RALLYDEBUG rally.task.runner [-] Starting a worker. concurrency: 1 args: {"repetitions": 2} times: 10 method_name: run timeout: 0 duration: None cls:
2019-07-16 21:04:39.330 351 RALLYDEBUG rally.task.runner [-] Starting a worker. concurrency: 1 args: {"repetitions": 2} times: 10 method_name: run timeout: 0 duration: None cls:
2019-07-16 21:04:39.331 354 RALLYDEBUG rally.task.runner [-] Starting a worker. concurrency: 1 args: {"repetitions": 2} times: 10 method_name: run timeout: 0 duration: None cls:
2019-07-16 21:04:39.333 350 INFO rally.task.runner [-] Task 780dbc07-9ad5-4ac7-8e6d-00ad03b7be1b | ITER: 2 START
2019-07-16 21:04:39.335 354 INFO rally.task.runner [-] Task 780dbc07-9ad5-4ac7-8e6d-00ad03b7be1b | ITER: 4 START
2019-07-16 21:04:39.335 351 INFO rally.task.runner [-] Task 780dbc07-9ad5-4ac7-8e6d-00ad03b7be1b | ITER: 3 START
2019-07-16 21:04:40.562 354 INFO rally.task.runner [-] Task 780dbc07-9ad5-4ac7-8e6d-00ad03b7be1b | ITER: 4 END: OK
2019-07-16 21:04:40.566 354 INFO rally.task.runner [-] Task 780dbc07-9ad5-4ac7-8e6d-00ad03b7be1b | ITER: 5 START
2019-07-16 21:04:40.740 349 INFO rally.task.runner [-] Task 780dbc07-9ad5-4ac7-8e6d-00ad03b7be1b | ITER: 1 END: OK
2019-07-16 21:04:40.745 349 INFO rally.task.runner [-] Task 780dbc07-9ad5-4ac7-8e6d-00ad03b7be1b | ITER: 6 START
2019-07-16 21:04:40.856 350 INFO rally.task.runner [-] Task 780dbc07-9ad5-4ac7-8e6d-00ad03b7be1b | ITER: 2 END: OK
2019-07-16 21:04:40.861 350 INFO rally.task.runner [-] Task 780dbc07-9ad5-4ac7-8e6d-00ad03b7be1b | ITER: 7 START
2019-07-16 21:04:41.388 351 INFO rally.task.runner [-] Task 780dbc07-9ad5-4ac7-8e6d-00ad03b7be1b | ITER: 3 END: OK
2019-07-16 21:04:41.393 351 INFO rally.task.runner [-] Task 780dbc07-9ad5-4ac7-8e6d-00ad03b7be1b | ITER: 8 START
2019-07-16 21:04:41.788 354 INFO rally.task.runner [-] Task 780dbc07-9ad5-4ac7-8e6d-00ad03b7be1b | ITER: 5 END: OK
2019-07-16 21:04:41.792 354 INFO rally.task.runner [-] Task 780dbc07-9ad5-4ac7-8e6d-00ad03b7be1b | ITER: 9 START
2019-07-16 21:04:41.905 349 INFO rally.task.runner [-] Task 780dbc07-9ad5-4ac7-8e6d-00ad03b7be1b | ITER: 6 END: OK
2019-07-16 21:04:41.909 349 INFO rally.task.runner [-] Task 780dbc07-9ad5-4ac7-8e6d-00ad03b7be1b | ITER: 10 START
2019-07-16 21:04:41.968 350 INFO rally.task.runner [-] Task 780dbc07-9ad5-4ac7-8e6d-00ad03b7be1b | ITER: 7 END: OK
2019-07-16 21:04:42.318 351 INFO rally.task.runner [-] Task 780dbc07-9ad5-4ac7-8e6d-00ad03b7be1b | ITER: 8 END: OK
2019-07-16 21:04:43.058 354 INFO rally.task.runner [-] Task 780dbc07-9ad5-4ac7-8e6d-00ad03b7be1b | ITER: 9 END: OK
2019-07-16 21:04:43.169 349 INFO rally.task.runner [-] Task 780dbc07-9ad5-4ac7-8e6d-00ad03b7be1b | ITER: 10 END: OK
2019-07-16 21:04:43.191 17 INFO rally.task.context [-] Task 780dbc07-9ad5-4ac7-8e6d-00ad03b7be1b | Context users@openstack cleanup() started
2019-07-16 21:04:51.897 17 INFO rally.task.context [-] Task 780dbc07-9ad5-4ac7-8e6d-00ad03b7be1b | Context users@openstack cleanup() finished in 8.71 sec
2019-07-16 21:04:52.566 17 INFO rally.task.engine [-] Load duration is: 3.84058
2019-07-16 21:04:52.566 17 INFO rally.task.engine [-] Full runner duration is: 3.880431
2019-07-16 21:04:52.567 17 INFO rally.task.engine [-] Full duration is: 17.422731
2019-07-16 21:04:52.758 17 INFO rally.task.engine [-] Running workload: position = 0 config = { "version": 2, "title": "A cropped version of a bigger task.", "description": "Auto-generated task from a single workload (uuid=acfdc52e-20a3-4914-a277-47fb712c55d1)", "subtasks": [ { "title": "Authenticate.validate_heat", "description": "Check Heat Client to ensure validation of token.", "scenario": { "Authenticate.validate_heat": { "repetitions": 2 } }, "contexts": { "users": { "tenants": 3, "users_per_tenant": 2 } }, "runner": { "constant": { "concurrency": 4, "times": 10 } }, "hooks": [], "sla": { "failure_rate": { "max": 0 } } } ] }
2019-07-16 21:04:52.786 17 RALLYDEBUG rally_openstack.contexts.keystone.users [-] Creating 3 tenants using 20 threads
2019-07-16 21:04:54.856 17 RALLYDEBUG rally_openstack.contexts.keystone.users [-] Creating 6 users using 20 threads
2019-07-16 21:04:57.556 17 INFO rally.task.context [-] Task 780dbc07-9ad5-4ac7-8e6d-00ad03b7be1b | Context users@openstack setup() finished in 4.77 sec
2019-07-16 21:04:57.564 17 RALLYDEBUG rally.task.runner [-] Starting the constant runner (task UUID: 780dbc07-9ad5-4ac7-8e6d-00ad03b7be1b). timeout: 0 concurrency: 4 concurrency_per_worker: 1 times: 10 concurrency_overhead: 0 processes_to_start: 4 max_cpu_used: 16
2019-07-16 21:04:57.577 453 RALLYDEBUG rally.task.runner [-] Starting a worker. concurrency: 1 args: {"repetitions": 2} times: 10 method_name: run timeout: 0 duration: None cls:
2019-07-16 21:04:57.579 454 RALLYDEBUG rally.task.runner [-] Starting a worker. concurrency: 1 args: {"repetitions": 2} times: 10 method_name: run timeout: 0 duration: None cls:
2019-07-16 21:04:57.582 455 RALLYDEBUG rally.task.runner [-] Starting a worker. concurrency: 1 args: {"repetitions": 2} times: 10 method_name: run timeout: 0 duration: None cls:
2019-07-16 21:04:57.583 453 INFO rally.task.runner [-] Task 780dbc07-9ad5-4ac7-8e6d-00ad03b7be1b | ITER: 1 START
2019-07-16 21:04:57.586 454 INFO rally.task.runner [-] Task 780dbc07-9ad5-4ac7-8e6d-00ad03b7be1b | ITER: 2 START
2019-07-16 21:04:57.586 456 RALLYDEBUG rally.task.runner [-] Starting a worker. concurrency: 1 args: {"repetitions": 2} times: 10 method_name: run timeout: 0 duration: None cls:
2019-07-16 21:04:57.588 455 INFO rally.task.runner [-] Task 780dbc07-9ad5-4ac7-8e6d-00ad03b7be1b | ITER: 3 START
2019-07-16 21:04:57.592 456 INFO rally.task.runner [-] Task 780dbc07-9ad5-4ac7-8e6d-00ad03b7be1b | ITER: 4 START
2019-07-16 21:04:59.479 453 INFO rally.task.runner [-] Task 780dbc07-9ad5-4ac7-8e6d-00ad03b7be1b | ITER: 1 END: OK
2019-07-16 21:04:59.483 453 INFO rally.task.runner [-] Task 780dbc07-9ad5-4ac7-8e6d-00ad03b7be1b | ITER: 5 START
2019-07-16 21:04:59.521 454 INFO rally.task.runner [-] Task 780dbc07-9ad5-4ac7-8e6d-00ad03b7be1b | ITER: 2 END: OK
2019-07-16 21:04:59.525 454 INFO rally.task.runner [-] Task 780dbc07-9ad5-4ac7-8e6d-00ad03b7be1b | ITER: 6 START
2019-07-16 21:04:59.579 455 INFO rally.task.runner [-] Task 780dbc07-9ad5-4ac7-8e6d-00ad03b7be1b | ITER: 3 END: OK
2019-07-16 21:04:59.583 455 INFO rally.task.runner [-] Task 780dbc07-9ad5-4ac7-8e6d-00ad03b7be1b | ITER: 7 START
2019-07-16 21:04:59.616 456 INFO rally.task.runner [-] Task 780dbc07-9ad5-4ac7-8e6d-00ad03b7be1b | ITER: 4 END: OK
2019-07-16 21:04:59.620 456 INFO rally.task.runner [-] Task 780dbc07-9ad5-4ac7-8e6d-00ad03b7be1b | ITER: 8 START
2019-07-16 21:05:00.655 456 INFO rally.task.runner [-] Task 780dbc07-9ad5-4ac7-8e6d-00ad03b7be1b | ITER: 8 END: OK
2019-07-16 21:05:00.658 456 INFO rally.task.runner [-] Task 780dbc07-9ad5-4ac7-8e6d-00ad03b7be1b | ITER: 9 START
2019-07-16 21:05:01.422 454 INFO rally.task.runner [-] Task 780dbc07-9ad5-4ac7-8e6d-00ad03b7be1b | ITER: 6 END: OK
2019-07-16 21:05:01.425 454 INFO rally.task.runner [-] Task 780dbc07-9ad5-4ac7-8e6d-00ad03b7be1b | ITER: 10 START
2019-07-16 21:05:01.469 455 INFO rally.task.runner [-] Task 780dbc07-9ad5-4ac7-8e6d-00ad03b7be1b | ITER: 7 END: OK
2019-07-16 21:05:01.525 453 INFO rally.task.runner [-] Task 780dbc07-9ad5-4ac7-8e6d-00ad03b7be1b | ITER: 5 END: OK
2019-07-16 21:05:02.244 456 INFO rally.task.runner [-] Task 780dbc07-9ad5-4ac7-8e6d-00ad03b7be1b | ITER: 9 END: OK
2019-07-16 21:05:02.830 454 INFO rally.task.runner [-] Task 780dbc07-9ad5-4ac7-8e6d-00ad03b7be1b | ITER: 10 END: OK
2019-07-16 21:05:02.858 17 INFO rally.task.context [-] Task 780dbc07-9ad5-4ac7-8e6d-00ad03b7be1b | Context users@openstack cleanup() started
2019-07-16 21:05:11.465 17 INFO rally.task.context [-] Task 780dbc07-9ad5-4ac7-8e6d-00ad03b7be1b | Context users@openstack cleanup() finished in 8.61 sec
2019-07-16 21:05:12.879 17 INFO rally.task.engine [-] Load duration is: 5.244563
2019-07-16 21:05:12.879 17 INFO rally.task.engine [-] Full runner duration is: 5.295123
2019-07-16 21:05:12.880 17 INFO rally.task.engine [-] Full duration is: 18.68202
2019-07-16 21:05:13.113 17 INFO rally.task.engine [-] Running workload: position = 0 config = { "version": 2, "title": "A cropped version of a bigger task.", "description": "Auto-generated task from a single workload (uuid=7f9b3a5c-3a22-4146-8c22-43d2fda18120)", "subtasks": [ { "title": "Authenticate.validate_neutron", "description": "Check Neutron Client to ensure validation of token.", "scenario": { "Authenticate.validate_neutron": { "repetitions": 2 } }, "contexts": { "users": { "tenants": 3, "users_per_tenant": 2 } }, "runner": { "constant": { "concurrency": 4, "times": 10 } }, "hooks": [], "sla": { "failure_rate": { "max": 0 } } } ] }
2019-07-16 21:05:13.137 17 RALLYDEBUG rally_openstack.contexts.keystone.users [-] Creating 3 tenants using 20 threads
2019-07-16 21:05:15.023 17 RALLYDEBUG rally_openstack.contexts.keystone.users [-] Creating 6 users using 20 threads
2019-07-16 21:05:17.826 17 INFO rally.task.context [-] Task 780dbc07-9ad5-4ac7-8e6d-00ad03b7be1b | Context users@openstack setup() finished in 4.69 sec
2019-07-16 21:05:17.834 17 RALLYDEBUG rally.task.runner [-] Starting the constant runner (task UUID: 780dbc07-9ad5-4ac7-8e6d-00ad03b7be1b). timeout: 0 concurrency: 4 concurrency_per_worker: 1 times: 10 concurrency_overhead: 0 processes_to_start: 4 max_cpu_used: 16
2019-07-16 21:05:17.846 557 RALLYDEBUG rally.task.runner [-] Starting a worker. concurrency: 1 args: {"repetitions": 2} times: 10 method_name: run timeout: 0 duration: None cls:
2019-07-16 21:05:17.848 558 RALLYDEBUG rally.task.runner [-] Starting a worker. concurrency: 1 args: {"repetitions": 2} times: 10 method_name: run timeout: 0 duration: None cls:
2019-07-16 21:05:17.853 557 INFO rally.task.runner [-] Task 780dbc07-9ad5-4ac7-8e6d-00ad03b7be1b | ITER: 1 START
2019-07-16 21:05:17.852 559 RALLYDEBUG rally.task.runner [-] Starting a worker. concurrency: 1 args: {"repetitions": 2} times: 10 method_name: run timeout: 0 duration: None cls:
2019-07-16 21:05:17.853 558 INFO rally.task.runner [-] Task 780dbc07-9ad5-4ac7-8e6d-00ad03b7be1b | ITER: 2 START
2019-07-16 21:05:17.855 560 RALLYDEBUG rally.task.runner [-] Starting a worker. concurrency: 1 args: {"repetitions": 2} times: 10 method_name: run timeout: 0 duration: None cls:
2019-07-16 21:05:17.858 559 INFO rally.task.runner [-] Task 780dbc07-9ad5-4ac7-8e6d-00ad03b7be1b | ITER: 3 START
2019-07-16 21:05:17.860 560 INFO rally.task.runner [-] Task 780dbc07-9ad5-4ac7-8e6d-00ad03b7be1b | ITER: 4 START
2019-07-16 21:05:19.323 558 INFO rally.task.runner [-] Task 780dbc07-9ad5-4ac7-8e6d-00ad03b7be1b | ITER: 2 END: OK
2019-07-16 21:05:19.328 558 INFO rally.task.runner [-] Task 780dbc07-9ad5-4ac7-8e6d-00ad03b7be1b | ITER: 5 START
2019-07-16 21:05:19.448 557 INFO rally.task.runner [-] Task 780dbc07-9ad5-4ac7-8e6d-00ad03b7be1b | ITER: 1 END: OK
2019-07-16 21:05:19.452 557 INFO rally.task.runner [-] Task 780dbc07-9ad5-4ac7-8e6d-00ad03b7be1b | ITER: 6 START
2019-07-16 21:05:19.715 560 INFO rally.task.runner [-] Task 780dbc07-9ad5-4ac7-8e6d-00ad03b7be1b | ITER: 4 END: OK
2019-07-16 21:05:19.719 560 INFO rally.task.runner [-] Task 780dbc07-9ad5-4ac7-8e6d-00ad03b7be1b | ITER: 7 START
2019-07-16 21:05:19.742 559 INFO rally.task.runner [-] Task 780dbc07-9ad5-4ac7-8e6d-00ad03b7be1b | ITER: 3 END: OK
2019-07-16 21:05:19.746 559 INFO rally.task.runner [-] Task 780dbc07-9ad5-4ac7-8e6d-00ad03b7be1b | ITER: 8 START
2019-07-16 21:05:20.507 558 INFO rally.task.runner [-] Task 780dbc07-9ad5-4ac7-8e6d-00ad03b7be1b | ITER: 5 END: OK
2019-07-16 21:05:20.511 558 INFO rally.task.runner [-] Task 780dbc07-9ad5-4ac7-8e6d-00ad03b7be1b | ITER: 9 START
2019-07-16 21:05:20.619 560 INFO rally.task.runner [-] Task 780dbc07-9ad5-4ac7-8e6d-00ad03b7be1b | ITER: 7 END: OK
2019-07-16 21:05:20.623 560 INFO rally.task.runner [-] Task 780dbc07-9ad5-4ac7-8e6d-00ad03b7be1b | ITER: 10 START
2019-07-16 21:05:20.626 559 INFO rally.task.runner [-] Task 780dbc07-9ad5-4ac7-8e6d-00ad03b7be1b | ITER: 8 END: OK
2019-07-16 21:05:21.085 557 INFO rally.task.runner [-] Task 780dbc07-9ad5-4ac7-8e6d-00ad03b7be1b | ITER: 6 END: OK
2019-07-16 21:05:21.722 558 INFO rally.task.runner [-] Task 780dbc07-9ad5-4ac7-8e6d-00ad03b7be1b | ITER: 9 END: OK
2019-07-16 21:05:21.789 560 INFO rally.task.runner [-] Task 780dbc07-9ad5-4ac7-8e6d-00ad03b7be1b | ITER: 10 END: OK
2019-07-16 21:05:21.818 17 INFO rally.task.context [-] Task 780dbc07-9ad5-4ac7-8e6d-00ad03b7be1b | Context users@openstack cleanup() started
2019-07-16 21:05:30.358 17 INFO rally.task.context [-] Task 780dbc07-9ad5-4ac7-8e6d-00ad03b7be1b | Context users@openstack cleanup() finished in 8.54 sec
2019-07-16 21:05:31.219 17 INFO rally.task.engine [-] Load duration is: 3.934971
2019-07-16 21:05:31.220 17 INFO rally.task.engine [-] Full runner duration is: 3.984301
2019-07-16 21:05:31.220 17 INFO rally.task.engine [-] Full duration is: 17.222624
2019-07-16 21:05:31.453 17 INFO rally.task.engine [-] Running workload: position = 0 config = { "version": 2, "title": "A cropped version of a bigger task.", "description": "Auto-generated task from a single workload (uuid=32d7782c-b7e8-47d3-98bf-099ca41e4d2a)", "subtasks": [ { "title": "Authenticate.validate_nova", "description": "Check Nova Client to ensure validation of token.", "scenario": { "Authenticate.validate_nova": { "repetitions": 2 } }, "contexts": { "users": { "tenants": 3, "users_per_tenant": 2 } }, "runner": { "constant": { "concurrency": 4, "times": 10 } }, "hooks": [], "sla": { "failure_rate": { "max": 0 } } } ] }
2019-07-16 21:05:31.473 17 RALLYDEBUG rally_openstack.contexts.keystone.users [-] Creating 3 tenants using 20 threads
2019-07-16 21:05:33.393 17 RALLYDEBUG rally_openstack.contexts.keystone.users [-] Creating 6 users using 20 threads
2019-07-16 21:05:36.207 17 INFO rally.task.context [-] Task 780dbc07-9ad5-4ac7-8e6d-00ad03b7be1b | Context users@openstack setup() finished in 4.73 sec
2019-07-16 21:05:36.214 17 RALLYDEBUG rally.task.runner [-] Starting the constant runner (task UUID: 780dbc07-9ad5-4ac7-8e6d-00ad03b7be1b). timeout: 0 concurrency: 4 concurrency_per_worker: 1 times: 10 concurrency_overhead: 0 processes_to_start: 4 max_cpu_used: 16
2019-07-16 21:05:36.227 661 RALLYDEBUG rally.task.runner [-] Starting a worker. concurrency: 1 args: {"repetitions": 2} times: 10 method_name: run timeout: 0 duration: None cls:
2019-07-16 21:05:36.229 662 RALLYDEBUG rally.task.runner [-] Starting a worker. concurrency: 1 args: {"repetitions": 2} times: 10 method_name: run timeout: 0 duration: None cls:
2019-07-16 21:05:36.232 663 RALLYDEBUG rally.task.runner [-] Starting a worker. concurrency: 1 args: {"repetitions": 2} times: 10 method_name: run timeout: 0 duration: None cls:
2019-07-16 21:05:36.233 661 INFO rally.task.runner [-] Task 780dbc07-9ad5-4ac7-8e6d-00ad03b7be1b | ITER: 1 START
2019-07-16 21:05:36.235 662 INFO rally.task.runner [-] Task 780dbc07-9ad5-4ac7-8e6d-00ad03b7be1b | ITER: 2 START
2019-07-16 21:05:36.235 664 RALLYDEBUG rally.task.runner [-] Starting a worker. concurrency: 1 args: {"repetitions": 2} times: 10 method_name: run timeout: 0 duration: None cls:
2019-07-16 21:05:36.237 663 INFO rally.task.runner [-] Task 780dbc07-9ad5-4ac7-8e6d-00ad03b7be1b | ITER: 3 START
2019-07-16 21:05:36.242 664 INFO rally.task.runner [-] Task 780dbc07-9ad5-4ac7-8e6d-00ad03b7be1b | ITER: 4 START
2019-07-16 21:05:36.726 662 DEBUG novaclient.v2.client [-] REQ: curl -g -i -X GET http://172.30.9.33:8774/v2.1/flavors/detail -H "Accept: application/json" -H "User-Agent: python-novaclient" -H "X-Auth-Token: {SHA1}e1a62e1ed904d383d900c7fad3922c1f29a919a9" _http_log_request /usr/lib/python2.7/site-packages/keystoneauth1/session.py:448
2019-07-16 21:05:36.729 663 DEBUG novaclient.v2.client [-] REQ: curl -g -i -X GET http://172.30.9.33:8774/v2.1/flavors/detail -H "Accept: application/json" -H "User-Agent: python-novaclient" -H "X-Auth-Token: {SHA1}b6e22417240cae964a7b66ef7f8cb368c8625e22" _http_log_request /usr/lib/python2.7/site-packages/keystoneauth1/session.py:448
2019-07-16 21:05:36.734 664 DEBUG novaclient.v2.client [-] REQ: curl -g -i -X GET http://172.30.9.33:8774/v2.1/flavors/detail -H "Accept: application/json" -H "User-Agent: python-novaclient" -H "X-Auth-Token: {SHA1}d13eaa6a94d78ee8bf2faea616dc526334fde27a" _http_log_request /usr/lib/python2.7/site-packages/keystoneauth1/session.py:448
2019-07-16 21:05:36.740 661 DEBUG novaclient.v2.client [-] REQ: curl -g -i -X GET http://172.30.9.33:8774/v2.1/flavors/detail -H "Accept: application/json" -H "User-Agent: python-novaclient" -H "X-Auth-Token: {SHA1}20a582faf71e4dd846f84ab57fb87e3f86fe0af4" _http_log_request /usr/lib/python2.7/site-packages/keystoneauth1/session.py:448
2019-07-16 21:05:37.006 663 DEBUG novaclient.v2.client [-] RESP: [200] Content-Encoding: gzip Content-Length: 363 Content-Type: application/json Date: Tue, 16 Jul 2019 21:05:36 GMT OpenStack-API-Version: compute 2.1 Server: Apache Vary: OpenStack-API-Version,X-OpenStack-Nova-API-Version,Accept-Encoding X-OpenStack-Nova-API-Version: 2.1 x-compute-request-id: req-4de4f2bf-a208-4d8a-9feb-140aa67c2c10 x-openstack-request-id: req-4de4f2bf-a208-4d8a-9feb-140aa67c2c10 _http_log_response /usr/lib/python2.7/site-packages/keystoneauth1/session.py:479
2019-07-16 21:05:37.007 663 DEBUG novaclient.v2.client [-] RESP BODY: {"flavors": [{"name": "rally_full-flavor_e9656824-86b9-4b01-9ead-bc26c32b518f", "links": [{"href": "http://172.30.9.33:8774/v2.1/flavors/6773ccb3-4623-4fe9-bf73-d28ac556e6c8", "rel": "self"}, {"href": "http://172.30.9.33:8774/flavors/6773ccb3-4623-4fe9-bf73-d28ac556e6c8", "rel": "bookmark"}], "ram": 512, "OS-FLV-DISABLED:disabled": false, "vcpus": 1, "swap": "", "os-flavor-access:is_public": true, "rxtx_factor": 1.0, "OS-FLV-EXT-DATA:ephemeral": 0, "disk": 1, "id": "6773ccb3-4623-4fe9-bf73-d28ac556e6c8"}, {"name": "rally_full-flavor_alt_e9656824-86b9-4b01-9ead-bc26c32b518f", "links": [{"href": "http://172.30.9.33:8774/v2.1/flavors/6cb4adc5-b57c-4459-bcbd-4fbfcc89f951", "rel": "self"}, {"href": "http://172.30.9.33:8774/flavors/6cb4adc5-b57c-4459-bcbd-4fbfcc89f951", "rel": "bookmark"}], "ram": 1024, "OS-FLV-DISABLED:disabled": false, "vcpus": 1, "swap": "", "os-flavor-access:is_public": true, "rxtx_factor": 1.0, "OS-FLV-EXT-DATA:ephemeral": 0, "disk": 1, "id": "6cb4adc5-b57c-4459-bcbd-4fbfcc89f951"}]} _http_log_response /usr/lib/python2.7/site-packages/keystoneauth1/session.py:511
2019-07-16 21:05:37.008 663 DEBUG novaclient.v2.client [-] GET call to compute for http://172.30.9.33:8774/v2.1/flavors/detail used request id req-4de4f2bf-a208-4d8a-9feb-140aa67c2c10 request /usr/lib/python2.7/site-packages/keystoneauth1/session.py:844
2019-07-16 21:05:37.010 663 DEBUG novaclient.v2.client [-] REQ: curl -g -i -X GET http://172.30.9.33:8774/v2.1/flavors/detail -H "Accept: application/json" -H "User-Agent: python-novaclient" -H "X-Auth-Token: {SHA1}b6e22417240cae964a7b66ef7f8cb368c8625e22" _http_log_request /usr/lib/python2.7/site-packages/keystoneauth1/session.py:448
2019-07-16 21:05:37.024 664 DEBUG novaclient.v2.client [-] RESP: [200] Content-Encoding: gzip Content-Length: 363 Content-Type: application/json Date: Tue, 16 Jul 2019 21:05:36 GMT OpenStack-API-Version: compute 2.1 Server: Apache Vary: OpenStack-API-Version,X-OpenStack-Nova-API-Version,Accept-Encoding X-OpenStack-Nova-API-Version: 2.1 x-compute-request-id: req-276de8be-8e57-469e-81a9-1b6608a4781f x-openstack-request-id: req-276de8be-8e57-469e-81a9-1b6608a4781f _http_log_response /usr/lib/python2.7/site-packages/keystoneauth1/session.py:479
2019-07-16 21:05:37.025 664 DEBUG novaclient.v2.client [-] RESP BODY: {"flavors": [{"name": "rally_full-flavor_e9656824-86b9-4b01-9ead-bc26c32b518f", "links": [{"href": "http://172.30.9.33:8774/v2.1/flavors/6773ccb3-4623-4fe9-bf73-d28ac556e6c8", "rel": "self"}, {"href": "http://172.30.9.33:8774/flavors/6773ccb3-4623-4fe9-bf73-d28ac556e6c8", "rel": "bookmark"}], "ram": 512, "OS-FLV-DISABLED:disabled": false, "vcpus": 1, "swap": "", "os-flavor-access:is_public": true, "rxtx_factor": 1.0, "OS-FLV-EXT-DATA:ephemeral": 0, "disk": 1, "id": "6773ccb3-4623-4fe9-bf73-d28ac556e6c8"}, {"name": "rally_full-flavor_alt_e9656824-86b9-4b01-9ead-bc26c32b518f", "links": [{"href": "http://172.30.9.33:8774/v2.1/flavors/6cb4adc5-b57c-4459-bcbd-4fbfcc89f951", "rel": "self"}, {"href": "http://172.30.9.33:8774/flavors/6cb4adc5-b57c-4459-bcbd-4fbfcc89f951", "rel": "bookmark"}], "ram": 1024, "OS-FLV-DISABLED:disabled": false, "vcpus": 1, "swap": "", "os-flavor-access:is_public": true, "rxtx_factor": 1.0, "OS-FLV-EXT-DATA:ephemeral": 0, "disk": 1, "id": "6cb4adc5-b57c-4459-bcbd-4fbfcc89f951"}]} _http_log_response /usr/lib/python2.7/site-packages/keystoneauth1/session.py:511
2019-07-16 21:05:37.026 664 DEBUG novaclient.v2.client [-] GET call to compute for http://172.30.9.33:8774/v2.1/flavors/detail used request id req-276de8be-8e57-469e-81a9-1b6608a4781f request /usr/lib/python2.7/site-packages/keystoneauth1/session.py:844
2019-07-16 21:05:37.026 661 DEBUG novaclient.v2.client [-] RESP: [200] Content-Encoding: gzip Content-Length: 363 Content-Type: application/json Date: Tue, 16 Jul 2019 21:05:36 GMT OpenStack-API-Version: compute 2.1 Server: Apache Vary: OpenStack-API-Version,X-OpenStack-Nova-API-Version,Accept-Encoding X-OpenStack-Nova-API-Version: 2.1 x-compute-request-id: req-a41cc922-9a79-4d77-96dd-43354d6dda20 x-openstack-request-id: req-a41cc922-9a79-4d77-96dd-43354d6dda20 _http_log_response /usr/lib/python2.7/site-packages/keystoneauth1/session.py:479
2019-07-16 21:05:37.027 661 DEBUG novaclient.v2.client [-] RESP BODY: {"flavors": [{"name": "rally_full-flavor_e9656824-86b9-4b01-9ead-bc26c32b518f", "links": [{"href": "http://172.30.9.33:8774/v2.1/flavors/6773ccb3-4623-4fe9-bf73-d28ac556e6c8", "rel": "self"}, {"href": "http://172.30.9.33:8774/flavors/6773ccb3-4623-4fe9-bf73-d28ac556e6c8", "rel": "bookmark"}], "ram": 512, "OS-FLV-DISABLED:disabled": false, "vcpus": 1, "swap": "", "os-flavor-access:is_public": true, "rxtx_factor": 1.0, "OS-FLV-EXT-DATA:ephemeral": 0, "disk": 1, "id": "6773ccb3-4623-4fe9-bf73-d28ac556e6c8"}, {"name": "rally_full-flavor_alt_e9656824-86b9-4b01-9ead-bc26c32b518f", "links": [{"href": "http://172.30.9.33:8774/v2.1/flavors/6cb4adc5-b57c-4459-bcbd-4fbfcc89f951", "rel": "self"}, {"href": "http://172.30.9.33:8774/flavors/6cb4adc5-b57c-4459-bcbd-4fbfcc89f951", "rel": "bookmark"}], "ram": 1024, "OS-FLV-DISABLED:disabled": false, "vcpus": 1, "swap": "", "os-flavor-access:is_public": true, "rxtx_factor": 1.0, "OS-FLV-EXT-DATA:ephemeral": 0, "disk": 1, "id": "6cb4adc5-b57c-4459-bcbd-4fbfcc89f951"}]} _http_log_response /usr/lib/python2.7/site-packages/keystoneauth1/session.py:511
2019-07-16 21:05:37.027 664 DEBUG novaclient.v2.client [-] REQ: curl -g -i -X GET http://172.30.9.33:8774/v2.1/flavors/detail -H "Accept: application/json" -H "User-Agent: python-novaclient" -H "X-Auth-Token: {SHA1}d13eaa6a94d78ee8bf2faea616dc526334fde27a" _http_log_request /usr/lib/python2.7/site-packages/keystoneauth1/session.py:448
2019-07-16 21:05:37.028 661 DEBUG novaclient.v2.client [-] GET call to compute for http://172.30.9.33:8774/v2.1/flavors/detail used request id req-a41cc922-9a79-4d77-96dd-43354d6dda20 request /usr/lib/python2.7/site-packages/keystoneauth1/session.py:844
2019-07-16 21:05:37.029 661 DEBUG novaclient.v2.client [-] REQ: curl -g -i -X GET http://172.30.9.33:8774/v2.1/flavors/detail -H "Accept: application/json" -H "User-Agent: python-novaclient" -H "X-Auth-Token: {SHA1}20a582faf71e4dd846f84ab57fb87e3f86fe0af4" _http_log_request /usr/lib/python2.7/site-packages/keystoneauth1/session.py:448
2019-07-16 21:05:37.032 663 DEBUG novaclient.v2.client [-] RESP: [200] Content-Encoding: gzip Content-Length: 363 Content-Type: application/json Date: Tue, 16 Jul 2019 21:05:37 GMT OpenStack-API-Version: compute 2.1 Server: Apache Vary: OpenStack-API-Version,X-OpenStack-Nova-API-Version,Accept-Encoding X-OpenStack-Nova-API-Version: 2.1 x-compute-request-id: req-86dbefb1-3149-4d6c-93f2-1226375de3df x-openstack-request-id: req-86dbefb1-3149-4d6c-93f2-1226375de3df _http_log_response /usr/lib/python2.7/site-packages/keystoneauth1/session.py:479
2019-07-16 21:05:37.032 663 DEBUG novaclient.v2.client [-] RESP BODY: {"flavors": [{"name": "rally_full-flavor_e9656824-86b9-4b01-9ead-bc26c32b518f", "links": [{"href": "http://172.30.9.33:8774/v2.1/flavors/6773ccb3-4623-4fe9-bf73-d28ac556e6c8", "rel": "self"}, {"href": "http://172.30.9.33:8774/flavors/6773ccb3-4623-4fe9-bf73-d28ac556e6c8", "rel": "bookmark"}], "ram": 512, "OS-FLV-DISABLED:disabled": false, "vcpus": 1, "swap": "", "os-flavor-access:is_public": true, "rxtx_factor": 1.0, "OS-FLV-EXT-DATA:ephemeral": 0, "disk": 1, "id": "6773ccb3-4623-4fe9-bf73-d28ac556e6c8"}, {"name": "rally_full-flavor_alt_e9656824-86b9-4b01-9ead-bc26c32b518f", "links": [{"href": "http://172.30.9.33:8774/v2.1/flavors/6cb4adc5-b57c-4459-bcbd-4fbfcc89f951", "rel": "self"}, {"href": "http://172.30.9.33:8774/flavors/6cb4adc5-b57c-4459-bcbd-4fbfcc89f951", "rel": "bookmark"}], "ram": 1024, "OS-FLV-DISABLED:disabled": false, "vcpus": 1, "swap": "", "os-flavor-access:is_public": true, "rxtx_factor": 1.0, "OS-FLV-EXT-DATA:ephemeral": 0, "disk": 1, "id": "6cb4adc5-b57c-4459-bcbd-4fbfcc89f951"}]} _http_log_response /usr/lib/python2.7/site-packages/keystoneauth1/session.py:511
2019-07-16 21:05:37.033 663 DEBUG novaclient.v2.client [-] GET call to compute for http://172.30.9.33:8774/v2.1/flavors/detail used request id req-86dbefb1-3149-4d6c-93f2-1226375de3df request /usr/lib/python2.7/site-packages/keystoneauth1/session.py:844
2019-07-16 21:05:37.034 663 INFO rally.task.runner [-] Task 780dbc07-9ad5-4ac7-8e6d-00ad03b7be1b | ITER: 3 END: OK
2019-07-16 21:05:37.038 663 INFO rally.task.runner [-] Task 780dbc07-9ad5-4ac7-8e6d-00ad03b7be1b | ITER: 5 START
2019-07-16 21:05:37.048 664 DEBUG novaclient.v2.client [-] RESP: [200] Content-Encoding: gzip Content-Length: 363 Content-Type: application/json Date: Tue, 16 Jul 2019 21:05:37 GMT OpenStack-API-Version: compute 2.1 Server: Apache Vary: OpenStack-API-Version,X-OpenStack-Nova-API-Version,Accept-Encoding X-OpenStack-Nova-API-Version: 2.1 x-compute-request-id: req-1a83fe4d-9a82-4e1a-a8f1-04b8aa442447 x-openstack-request-id: req-1a83fe4d-9a82-4e1a-a8f1-04b8aa442447 _http_log_response /usr/lib/python2.7/site-packages/keystoneauth1/session.py:479
2019-07-16 21:05:37.049 664 DEBUG novaclient.v2.client [-] RESP BODY: {"flavors": [{"name": "rally_full-flavor_e9656824-86b9-4b01-9ead-bc26c32b518f", "links": [{"href": "http://172.30.9.33:8774/v2.1/flavors/6773ccb3-4623-4fe9-bf73-d28ac556e6c8", "rel": "self"}, {"href": "http://172.30.9.33:8774/flavors/6773ccb3-4623-4fe9-bf73-d28ac556e6c8", "rel": "bookmark"}], "ram": 512, "OS-FLV-DISABLED:disabled": false, "vcpus": 1, "swap": "", "os-flavor-access:is_public": true, "rxtx_factor": 1.0, "OS-FLV-EXT-DATA:ephemeral": 0, "disk": 1, "id": "6773ccb3-4623-4fe9-bf73-d28ac556e6c8"}, {"name": "rally_full-flavor_alt_e9656824-86b9-4b01-9ead-bc26c32b518f", "links": [{"href": "http://172.30.9.33:8774/v2.1/flavors/6cb4adc5-b57c-4459-bcbd-4fbfcc89f951", "rel": "self"}, {"href": "http://172.30.9.33:8774/flavors/6cb4adc5-b57c-4459-bcbd-4fbfcc89f951", "rel": "bookmark"}], "ram": 1024, "OS-FLV-DISABLED:disabled": false, "vcpus": 1, "swap": "", "os-flavor-access:is_public": true, "rxtx_factor": 1.0, "OS-FLV-EXT-DATA:ephemeral": 0, "disk": 1, "id": "6cb4adc5-b57c-4459-bcbd-4fbfcc89f951"}]} _http_log_response /usr/lib/python2.7/site-packages/keystoneauth1/session.py:511
2019-07-16 21:05:37.049 664 DEBUG novaclient.v2.client [-] GET call to compute for http://172.30.9.33:8774/v2.1/flavors/detail used request id req-1a83fe4d-9a82-4e1a-a8f1-04b8aa442447 request /usr/lib/python2.7/site-packages/keystoneauth1/session.py:844
2019-07-16 21:05:37.049 661 DEBUG novaclient.v2.client [-] RESP: [200] Content-Encoding: gzip Content-Length: 363 Content-Type: application/json Date: Tue, 16 Jul 2019 21:05:37 GMT OpenStack-API-Version: compute 2.1 Server: Apache Vary: OpenStack-API-Version,X-OpenStack-Nova-API-Version,Accept-Encoding X-OpenStack-Nova-API-Version: 2.1 x-compute-request-id: req-6bdabb57-28f1-42b2-aa67-28abc753b7d2 x-openstack-request-id: req-6bdabb57-28f1-42b2-aa67-28abc753b7d2 _http_log_response /usr/lib/python2.7/site-packages/keystoneauth1/session.py:479
2019-07-16 21:05:37.050 664 INFO rally.task.runner [-] Task 780dbc07-9ad5-4ac7-8e6d-00ad03b7be1b | ITER: 4 END: OK
2019-07-16 21:05:37.050 661 DEBUG novaclient.v2.client [-] RESP BODY: {"flavors": [{"name": "rally_full-flavor_e9656824-86b9-4b01-9ead-bc26c32b518f", "links": [{"href": "http://172.30.9.33:8774/v2.1/flavors/6773ccb3-4623-4fe9-bf73-d28ac556e6c8", "rel": "self"}, {"href": "http://172.30.9.33:8774/flavors/6773ccb3-4623-4fe9-bf73-d28ac556e6c8", "rel": "bookmark"}], "ram": 512, "OS-FLV-DISABLED:disabled": false, "vcpus": 1, "swap": "", "os-flavor-access:is_public": true, "rxtx_factor": 1.0, "OS-FLV-EXT-DATA:ephemeral": 0, "disk": 1, "id": "6773ccb3-4623-4fe9-bf73-d28ac556e6c8"}, {"name": "rally_full-flavor_alt_e9656824-86b9-4b01-9ead-bc26c32b518f", "links": [{"href": "http://172.30.9.33:8774/v2.1/flavors/6cb4adc5-b57c-4459-bcbd-4fbfcc89f951", "rel": "self"}, {"href": "http://172.30.9.33:8774/flavors/6cb4adc5-b57c-4459-bcbd-4fbfcc89f951", "rel": "bookmark"}], "ram": 1024, "OS-FLV-DISABLED:disabled": false, "vcpus": 1, "swap": "", "os-flavor-access:is_public": true, "rxtx_factor": 1.0, "OS-FLV-EXT-DATA:ephemeral": 0, "disk": 1, "id": "6cb4adc5-b57c-4459-bcbd-4fbfcc89f951"}]} _http_log_response /usr/lib/python2.7/site-packages/keystoneauth1/session.py:511
2019-07-16 21:05:37.050 661 DEBUG novaclient.v2.client [-] GET call to compute for http://172.30.9.33:8774/v2.1/flavors/detail used request id req-6bdabb57-28f1-42b2-aa67-28abc753b7d2 request /usr/lib/python2.7/site-packages/keystoneauth1/session.py:844
2019-07-16 21:05:37.051 661 INFO rally.task.runner [-] Task 780dbc07-9ad5-4ac7-8e6d-00ad03b7be1b | ITER: 1 END: OK
2019-07-16 21:05:37.054 664 INFO rally.task.runner [-] Task 780dbc07-9ad5-4ac7-8e6d-00ad03b7be1b | ITER: 6 START
2019-07-16 21:05:37.055 661 INFO rally.task.runner [-] Task 780dbc07-9ad5-4ac7-8e6d-00ad03b7be1b | ITER: 7 START
2019-07-16 21:05:37.457 662 DEBUG novaclient.v2.client [-] RESP: [200] Content-Encoding: gzip Content-Length: 363 Content-Type: application/json Date: Tue, 16 Jul 2019 21:05:36 GMT OpenStack-API-Version: compute 2.1 Server: Apache Vary: OpenStack-API-Version,X-OpenStack-Nova-API-Version,Accept-Encoding X-OpenStack-Nova-API-Version: 2.1 x-compute-request-id: req-fec90eb3-53a5-4202-8cd2-2b831abfc26b x-openstack-request-id: req-fec90eb3-53a5-4202-8cd2-2b831abfc26b _http_log_response /usr/lib/python2.7/site-packages/keystoneauth1/session.py:479
2019-07-16 21:05:37.458 662 DEBUG novaclient.v2.client [-] RESP BODY: {"flavors": [{"name": "rally_full-flavor_e9656824-86b9-4b01-9ead-bc26c32b518f", "links": [{"href": "http://172.30.9.33:8774/v2.1/flavors/6773ccb3-4623-4fe9-bf73-d28ac556e6c8", "rel": "self"}, {"href": "http://172.30.9.33:8774/flavors/6773ccb3-4623-4fe9-bf73-d28ac556e6c8", "rel": "bookmark"}], "ram": 512, "OS-FLV-DISABLED:disabled": false, "vcpus": 1, "swap": "", "os-flavor-access:is_public": true, "rxtx_factor": 1.0, "OS-FLV-EXT-DATA:ephemeral": 0, "disk": 1, "id": "6773ccb3-4623-4fe9-bf73-d28ac556e6c8"}, {"name": "rally_full-flavor_alt_e9656824-86b9-4b01-9ead-bc26c32b518f", "links": [{"href": "http://172.30.9.33:8774/v2.1/flavors/6cb4adc5-b57c-4459-bcbd-4fbfcc89f951", "rel": "self"}, {"href": "http://172.30.9.33:8774/flavors/6cb4adc5-b57c-4459-bcbd-4fbfcc89f951", "rel": "bookmark"}], "ram": 1024, "OS-FLV-DISABLED:disabled": false, "vcpus": 1, "swap": "", "os-flavor-access:is_public": true, "rxtx_factor": 1.0, "OS-FLV-EXT-DATA:ephemeral": 0, "disk": 1, "id": "6cb4adc5-b57c-4459-bcbd-4fbfcc89f951"}]} _http_log_response /usr/lib/python2.7/site-packages/keystoneauth1/session.py:511
2019-07-16 21:05:37.458 662 DEBUG novaclient.v2.client [-] GET call to compute for http://172.30.9.33:8774/v2.1/flavors/detail used request id req-fec90eb3-53a5-4202-8cd2-2b831abfc26b request /usr/lib/python2.7/site-packages/keystoneauth1/session.py:844
