2019-07-16 21:26:48.781 1843 DEBUG novaclient.v2.client [-] RESP: [200] Content-Length: 16 Content-Type: application/json Date: Tue, 16 Jul 2019 21:26:48 GMT OpenStack-API-Version: compute 2.1 Server: Apache Vary: OpenStack-API-Version,X-OpenStack-Nova-API-Version X-OpenStack-Nova-API-Version: 2.1 x-compute-request-id: req-30ed1dcd-6d50-4bba-b2ba-9d4c06bf46f2 x-openstack-request-id: req-30ed1dcd-6d50-4bba-b2ba-9d4c06bf46f2 _http_log_response /usr/lib/python2.7/site-packages/keystoneauth1/session.py:479
2019-07-16 21:26:48.782 1843 DEBUG novaclient.v2.client [-] RESP BODY: {"keypairs": []} _http_log_response /usr/lib/python2.7/site-packages/keystoneauth1/session.py:511
2019-07-16 21:26:48.782 1843 DEBUG novaclient.v2.client [-] GET call to compute for http://172.30.9.33:8774/v2.1/os-keypairs used request id req-30ed1dcd-6d50-4bba-b2ba-9d4c06bf46f2 request /usr/lib/python2.7/site-packages/keystoneauth1/session.py:844
2019-07-16 21:26:49.208 1843 DEBUG novaclient.v2.client [-] REQ: curl -g -i -X GET http://172.30.9.33:8774/v2.1/os-keypairs -H "Accept: application/json" -H "User-Agent: python-novaclient" -H "X-Auth-Token: {SHA1}e3c53d7baf67f4ab80cdf9c6e558c5d652801529" _http_log_request /usr/lib/python2.7/site-packages/keystoneauth1/session.py:448
2019-07-16 21:26:49.509 1843 DEBUG novaclient.v2.client [-] RESP: [200] Content-Length: 16 Content-Type: application/json Date: Tue, 16 Jul 2019 21:26:49 GMT OpenStack-API-Version: compute 2.1 Server: Apache Vary: OpenStack-API-Version,X-OpenStack-Nova-API-Version X-OpenStack-Nova-API-Version: 2.1 x-compute-request-id: req-dc7484d1-c47b-4bb8-b7fa-9de2933ac0bb x-openstack-request-id: req-dc7484d1-c47b-4bb8-b7fa-9de2933ac0bb _http_log_response /usr/lib/python2.7/site-packages/keystoneauth1/session.py:479
2019-07-16 21:26:49.510 1843 DEBUG novaclient.v2.client [-] RESP BODY: {"keypairs": []} _http_log_response /usr/lib/python2.7/site-packages/keystoneauth1/session.py:511
2019-07-16 21:26:49.510 1843 DEBUG novaclient.v2.client [-] GET call to compute for http://172.30.9.33:8774/v2.1/os-keypairs used request id req-dc7484d1-c47b-4bb8-b7fa-9de2933ac0bb request /usr/lib/python2.7/site-packages/keystoneauth1/session.py:844
2019-07-16 21:26:49.931 1843 DEBUG novaclient.v2.client [-] REQ: curl -g -i -X GET http://172.30.9.33:8774/v2.1/os-keypairs -H "Accept: application/json" -H "User-Agent: python-novaclient" -H "X-Auth-Token: {SHA1}2ad3e8c86a5f4b2ac7422f2eacf7a7291606ac73" _http_log_request /usr/lib/python2.7/site-packages/keystoneauth1/session.py:448
2019-07-16 21:26:50.152 1843 DEBUG novaclient.v2.client [-] RESP: [200] Content-Length: 16 Content-Type: application/json Date: Tue, 16 Jul 2019 21:26:49 GMT OpenStack-API-Version: compute 2.1 Server: Apache Vary: OpenStack-API-Version,X-OpenStack-Nova-API-Version X-OpenStack-Nova-API-Version: 2.1 x-compute-request-id: req-12fcd02b-6b20-4891-805e-32451cde477b x-openstack-request-id: req-12fcd02b-6b20-4891-805e-32451cde477b _http_log_response /usr/lib/python2.7/site-packages/keystoneauth1/session.py:479
2019-07-16 21:26:50.153 1843 DEBUG novaclient.v2.client [-] RESP BODY: {"keypairs": []} _http_log_response /usr/lib/python2.7/site-packages/keystoneauth1/session.py:511
2019-07-16 21:26:50.153 1843 DEBUG novaclient.v2.client [-] GET call to compute for http://172.30.9.33:8774/v2.1/os-keypairs used request id req-12fcd02b-6b20-4891-805e-32451cde477b request /usr/lib/python2.7/site-packages/keystoneauth1/session.py:844
2019-07-16 21:26:50.160 1843 RALLYDEBUG rally_openstack.cleanup.manager [-] Cleaning up cinder backups objects
2019-07-16 21:26:52.582 1843 RALLYDEBUG rally_openstack.cleanup.manager [-] Cleaning up cinder volume_snapshots objects
2019-07-16 21:26:54.881 1843 RALLYDEBUG rally_openstack.cleanup.manager [-] Cleaning up cinder transfers objects
2019-07-16 21:26:57.068 1843 RALLYDEBUG rally_openstack.cleanup.manager [-] Cleaning up cinder volumes objects
2019-07-16 21:26:59.387 1843 INFO rally.task.context [-] Task d73c5757-dc53-44f2-87c5-1af5f623fbd4 | Context cleanup@openstack cleanup() finished in 18.30 sec
2019-07-16 21:26:59.388 1843 INFO rally.task.context [-] Task d73c5757-dc53-44f2-87c5-1af5f623fbd4 | Context quotas@openstack cleanup() started
2019-07-16 21:27:00.451 1843 INFO rally.task.context [-] Task d73c5757-dc53-44f2-87c5-1af5f623fbd4 | Context quotas@openstack cleanup() finished in 1.06 sec
2019-07-16 21:27:00.451 1843 INFO rally.task.context [-] Task d73c5757-dc53-44f2-87c5-1af5f623fbd4 | Context api_versions@openstack cleanup() started
2019-07-16 21:27:00.451 1843 INFO rally.task.context [-] Task d73c5757-dc53-44f2-87c5-1af5f623fbd4 | Context api_versions@openstack cleanup() finished in 0.30 msec
2019-07-16 21:27:00.452 1843 INFO rally.task.context [-] Task d73c5757-dc53-44f2-87c5-1af5f623fbd4 | Context users@openstack cleanup() started
2019-07-16 21:27:08.220 1843 INFO rally.task.context [-] Task d73c5757-dc53-44f2-87c5-1af5f623fbd4 | Context users@openstack cleanup() finished in 7.77 sec
2019-07-16 21:27:10.019 1843 INFO rally.task.engine [-] Load duration is: 117.780838
2019-07-16 21:27:10.019 1843 INFO rally.task.engine [-] Full runner duration is: 118.837316
2019-07-16 21:27:10.020 1843 INFO rally.task.engine [-] Full duration is: 154.784707
2019-07-16 21:27:10.243 1843 INFO rally.task.engine [-] Running workload: position = 0 config = { "version": 2, "title": "A cropped version of a bigger task.", "description": "Auto-generated task from a single workload (uuid=72869793-3e3c-46ba-8b0e-167bcf64974d)", "subtasks": [ { "title": "CinderVolumes.create_volume", "description": "Create a volume.", "scenario": { "CinderVolumes.create_volume": { "size": 1 } }, "contexts": { "users": { "tenants": 3, "users_per_tenant": 2 }, "api_versions": { "cinder": { "version": 3, "service_type": "volumev3" } } }, "runner": { "constant": { "concurrency": 4, "times": 10 } }, "hooks": [], "sla": { "failure_rate": { "max": 0 } } } ] }
2019-07-16 21:27:10.267 1843 RALLYDEBUG rally_openstack.contexts.keystone.users [-] Creating 3 tenants using 20 threads
2019-07-16 21:27:12.070 1843 RALLYDEBUG rally_openstack.contexts.keystone.users [-] Creating 6 users using 20 threads
2019-07-16 21:27:14.974 1843 INFO rally.task.context [-] Task d73c5757-dc53-44f2-87c5-1af5f623fbd4 | Context users@openstack setup() finished in 4.71 sec
2019-07-16 21:27:15.406 1843 INFO rally.task.context [-] Task d73c5757-dc53-44f2-87c5-1af5f623fbd4 | Context api_versions@openstack setup() finished in 0.43 sec
2019-07-16 21:27:15.407 1843 INFO rally.task.context [-] Task d73c5757-dc53-44f2-87c5-1af5f623fbd4 | Context cleanup@openstack setup() finished in 0.01 msec
2019-07-16 21:27:15.414 1843 RALLYDEBUG rally.task.runner [-] Starting the constant runner (task UUID: d73c5757-dc53-44f2-87c5-1af5f623fbd4). timeout: 0 concurrency: 4 concurrency_per_worker: 1 times: 10 concurrency_overhead: 0 processes_to_start: 4 max_cpu_used: 16
2019-07-16 21:27:15.426 3475 RALLYDEBUG rally.task.runner [-] Starting a worker. concurrency: 1 args: {"size": 1} times: 10 method_name: run timeout: 0 duration: None cls:
2019-07-16 21:27:15.429 3476 RALLYDEBUG rally.task.runner [-] Starting a worker. concurrency: 1 args: {"size": 1} times: 10 method_name: run timeout: 0 duration: None cls:
2019-07-16 21:27:15.432 3477 RALLYDEBUG rally.task.runner [-] Starting a worker. concurrency: 1 args: {"size": 1} times: 10 method_name: run timeout: 0 duration: None cls:
2019-07-16 21:27:15.434 3475 INFO rally.task.runner [-] Task d73c5757-dc53-44f2-87c5-1af5f623fbd4 | ITER: 1 START
2019-07-16 21:27:15.435 3478 RALLYDEBUG rally.task.runner [-] Starting a worker. concurrency: 1 args: {"size": 1} times: 10 method_name: run timeout: 0 duration: None cls:
2019-07-16 21:27:15.437 3476 INFO rally.task.runner [-] Task d73c5757-dc53-44f2-87c5-1af5f623fbd4 | ITER: 2 START
2019-07-16 21:27:15.440 3477 INFO rally.task.runner [-] Task d73c5757-dc53-44f2-87c5-1af5f623fbd4 | ITER: 3 START
2019-07-16 21:27:15.443 3478 INFO rally.task.runner [-] Task d73c5757-dc53-44f2-87c5-1af5f623fbd4 | ITER: 4 START
2019-07-16 21:27:19.110 3475 INFO rally.task.runner [-] Task d73c5757-dc53-44f2-87c5-1af5f623fbd4 | ITER: 1 END: OK
2019-07-16 21:27:19.116 3475 INFO rally.task.runner [-] Task d73c5757-dc53-44f2-87c5-1af5f623fbd4 | ITER: 5 START
2019-07-16 21:27:19.205 3476 INFO rally.task.runner [-] Task d73c5757-dc53-44f2-87c5-1af5f623fbd4 | ITER: 2 END: OK
2019-07-16 21:27:19.210 3476 INFO rally.task.runner [-] Task d73c5757-dc53-44f2-87c5-1af5f623fbd4 | ITER: 6 START
2019-07-16 21:27:19.242 3477 INFO rally.task.runner [-] Task d73c5757-dc53-44f2-87c5-1af5f623fbd4 | ITER: 3 END: OK
2019-07-16 21:27:19.246 3477 INFO rally.task.runner [-] Task d73c5757-dc53-44f2-87c5-1af5f623fbd4 | ITER: 7 START
2019-07-16 21:27:19.362 3478 INFO rally.task.runner [-] Task d73c5757-dc53-44f2-87c5-1af5f623fbd4 | ITER: 4 END: OK
2019-07-16 21:27:19.368 3478 INFO rally.task.runner [-] Task d73c5757-dc53-44f2-87c5-1af5f623fbd4 | ITER: 8 START
2019-07-16 21:27:22.591 3475 INFO rally.task.runner [-] Task d73c5757-dc53-44f2-87c5-1af5f623fbd4 | ITER: 5 END: OK
2019-07-16 21:27:22.595 3475 INFO rally.task.runner [-] Task d73c5757-dc53-44f2-87c5-1af5f623fbd4 | ITER: 9 START
2019-07-16 21:27:22.762 3477 INFO rally.task.runner [-] Task d73c5757-dc53-44f2-87c5-1af5f623fbd4 | ITER: 7 END: OK
2019-07-16 21:27:22.767 3477 INFO rally.task.runner [-] Task d73c5757-dc53-44f2-87c5-1af5f623fbd4 | ITER: 10 START
2019-07-16 21:27:22.883 3476 INFO rally.task.runner [-] Task d73c5757-dc53-44f2-87c5-1af5f623fbd4 | ITER: 6 END: OK
2019-07-16 21:27:23.008 3478 INFO rally.task.runner [-] Task d73c5757-dc53-44f2-87c5-1af5f623fbd4 | ITER: 8 END: OK
2019-07-16 21:27:26.219 3475 INFO rally.task.runner [-] Task d73c5757-dc53-44f2-87c5-1af5f623fbd4 | ITER: 9 END: OK
2019-07-16 21:27:26.451 3477 INFO rally.task.runner [-] Task d73c5757-dc53-44f2-87c5-1af5f623fbd4 | ITER: 10 END: OK
2019-07-16 21:27:26.472 1843 INFO rally.task.context [-] Task d73c5757-dc53-44f2-87c5-1af5f623fbd4 | Context cleanup@openstack cleanup() started
2019-07-16 21:27:26.474 1843 RALLYDEBUG rally_openstack.cleanup.manager [-] Cleaning up cinder backups objects
2019-07-16 21:27:28.595 1843 RALLYDEBUG rally_openstack.cleanup.manager [-] Cleaning up cinder volume_snapshots objects
2019-07-16 21:27:30.829 1843 RALLYDEBUG rally_openstack.cleanup.manager [-] Cleaning up cinder transfers objects
2019-07-16 21:27:33.032 1843 RALLYDEBUG rally_openstack.cleanup.manager [-] Cleaning up cinder volumes objects
2019-07-16 21:27:35.359 1843 RALLYDEBUG rally_openstack.cleanup.manager [-] Deleting cinder.volumes object s_rally_72869793_MK2Rk6VI (a651574d-f261-4412-b887-53e9d13a9550)
2019-07-16 21:27:35.360 1843 RALLYDEBUG rally_openstack.cleanup.manager [-] Deleting cinder.volumes object s_rally_72869793_kmZRoxsF (e2ed3a6f-21a1-4172-a59f-42c3849bf77e)
2019-07-16 21:27:35.361 1843 RALLYDEBUG rally_openstack.cleanup.manager [-] Deleting cinder.volumes object s_rally_72869793_K5WNEqZ7 (9fa58bec-acd1-4f3d-83b9-943318001763)
2019-07-16 21:27:35.365 1843 RALLYDEBUG rally_openstack.cleanup.manager [-] Deleting cinder.volumes object s_rally_72869793_dGIfZkhU (ed6c3a33-af18-44ed-87b8-6f136a6ab731)
2019-07-16 21:27:35.368 1843 RALLYDEBUG rally_openstack.cleanup.manager [-] Deleting cinder.volumes object s_rally_72869793_yA17e1YU (7cd7907d-49ba-43d2-90e4-a1613ad20cb5)
2019-07-16 21:27:35.370 1843 RALLYDEBUG rally_openstack.cleanup.manager [-] Deleting cinder.volumes object s_rally_72869793_Wbru65fk (a95f1c98-2fd9-4dd7-96fb-ef2f0c89db76)
2019-07-16 21:27:35.371 1843 RALLYDEBUG rally_openstack.cleanup.manager [-] Deleting cinder.volumes object s_rally_72869793_vGBkojmP (0f02d0d7-ef75-4cd1-9057-610bf14986ea)
2019-07-16 21:27:35.373 1843 RALLYDEBUG rally_openstack.cleanup.manager [-] Deleting cinder.volumes object s_rally_72869793_WJZuL306 (2287ee49-d5b9-4f83-9186-a6a9c97612c9)
2019-07-16 21:27:35.380 1843 RALLYDEBUG rally_openstack.cleanup.manager [-] Deleting cinder.volumes object s_rally_72869793_WRvvgmEm (b81fae2f-58e4-488e-b20a-991a3c7aec37)
2019-07-16 21:27:35.395 1843 RALLYDEBUG rally_openstack.cleanup.manager [-] Deleting cinder.volumes object s_rally_72869793_2KRVLVg9 (bd3dc4c4-adf1-4e83-8309-38765d380abb)
2019-07-16 21:27:39.260 1843 INFO rally.task.context [-] Task d73c5757-dc53-44f2-87c5-1af5f623fbd4 | Context cleanup@openstack cleanup() finished in 12.79 sec
2019-07-16 21:27:39.260 1843 INFO rally.task.context [-] Task d73c5757-dc53-44f2-87c5-1af5f623fbd4 | Context api_versions@openstack cleanup() started
2019-07-16 21:27:39.261 1843 INFO rally.task.context [-] Task d73c5757-dc53-44f2-87c5-1af5f623fbd4 | Context api_versions@openstack cleanup() finished in 0.29 msec
2019-07-16 21:27:39.261 1843 INFO rally.task.context [-] Task d73c5757-dc53-44f2-87c5-1af5f623fbd4 | Context users@openstack cleanup() started
2019-07-16 21:27:47.339 1843 INFO rally.task.context [-] Task d73c5757-dc53-44f2-87c5-1af5f623fbd4 | Context users@openstack cleanup() finished in 8.08 sec
2019-07-16 21:27:48.438 1843 INFO rally.task.engine [-] Load duration is: 11.012816
2019-07-16 21:27:48.439 1843 INFO rally.task.engine [-] Full runner duration is: 11.057862
2019-07-16 21:27:48.439 1843 INFO rally.task.engine [-] Full duration is: 37.075348
2019-07-16 21:27:48.580 1843 INFO rally.task.engine [-] Running workload: position = 1 config = { "version": 2, "title": "A cropped version of a bigger task.", "description": "Auto-generated task from a single workload (uuid=d18fff97-76f3-41e4-84f4-1d6b2c8f23c9)", "subtasks": [ { "title": "CinderVolumes.create_volume", "description": "Create a volume.", "scenario": { "CinderVolumes.create_volume": { "size": { "min": 1, "max": 1 } } }, "contexts": { "users": { "tenants": 3, "users_per_tenant": 2 }, "quotas": { "cinder": { "gigabytes": -1, "snapshots": -1, "volumes": -1 } }, "api_versions": { "cinder": { "version": 3, "service_type": "volumev3" } } }, "runner": { "constant": { "concurrency": 4, "times": 10 } }, "hooks": [], "sla": { "failure_rate": { "max": 0 } } } ] }
2019-07-16 21:27:48.598 1843 RALLYDEBUG rally_openstack.contexts.keystone.users [-] Creating 3 tenants using 20 threads
2019-07-16 21:27:50.495 1843 RALLYDEBUG rally_openstack.contexts.keystone.users [-] Creating 6 users using 20 threads
2019-07-16 21:27:53.446 1843 INFO rally.task.context [-] Task d73c5757-dc53-44f2-87c5-1af5f623fbd4 | Context users@openstack setup() finished in 4.85 sec
2019-07-16 21:27:53.877 1843 INFO rally.task.context [-] Task d73c5757-dc53-44f2-87c5-1af5f623fbd4 | Context api_versions@openstack setup() finished in 0.43 sec
2019-07-16 21:27:55.529 1843 INFO rally.task.context [-] Task d73c5757-dc53-44f2-87c5-1af5f623fbd4 | Context quotas@openstack setup() finished in 1.65 sec
2019-07-16 21:27:55.529 1843 INFO rally.task.context [-] Task d73c5757-dc53-44f2-87c5-1af5f623fbd4 | Context cleanup@openstack setup() finished in 0.00 msec
2019-07-16 21:27:55.537 1843 RALLYDEBUG rally.task.runner [-] Starting the constant runner (task UUID: d73c5757-dc53-44f2-87c5-1af5f623fbd4). timeout: 0 concurrency: 4 concurrency_per_worker: 1 times: 10 concurrency_overhead: 0 processes_to_start: 4 max_cpu_used: 16
2019-07-16 21:27:55.548 3659 RALLYDEBUG rally.task.runner [-] Starting a worker. concurrency: 1 args: {"size": {"min": 1, "max": 1}} times: 10 method_name: run timeout: 0 duration: None cls:
2019-07-16 21:27:55.551 3660 RALLYDEBUG rally.task.runner [-] Starting a worker. concurrency: 1 args: {"size": {"min": 1, "max": 1}} times: 10 method_name: run timeout: 0 duration: None cls:
2019-07-16 21:27:55.554 3661 RALLYDEBUG rally.task.runner [-] Starting a worker. concurrency: 1 args: {"size": {"min": 1, "max": 1}} times: 10 method_name: run timeout: 0 duration: None cls:
2019-07-16 21:27:55.556 3659 INFO rally.task.runner [-] Task d73c5757-dc53-44f2-87c5-1af5f623fbd4 | ITER: 1 START
2019-07-16 21:27:55.557 3662 RALLYDEBUG rally.task.runner [-] Starting a worker. concurrency: 1 args: {"size": {"min": 1, "max": 1}} times: 10 method_name: run timeout: 0 duration: None cls:
2019-07-16 21:27:55.558 3660 INFO rally.task.runner [-] Task d73c5757-dc53-44f2-87c5-1af5f623fbd4 | ITER: 2 START
2019-07-16 21:27:55.561 3661 INFO rally.task.runner [-] Task d73c5757-dc53-44f2-87c5-1af5f623fbd4 | ITER: 3 START
2019-07-16 21:27:55.565 3662 INFO rally.task.runner [-] Task d73c5757-dc53-44f2-87c5-1af5f623fbd4 | ITER: 4 START
2019-07-16 21:27:59.136 3660 INFO rally.task.runner [-] Task d73c5757-dc53-44f2-87c5-1af5f623fbd4 | ITER: 2 END: OK
2019-07-16 21:27:59.141 3660 INFO rally.task.runner [-] Task d73c5757-dc53-44f2-87c5-1af5f623fbd4 | ITER: 5 START
2019-07-16 21:27:59.343 3661 INFO rally.task.runner [-] Task d73c5757-dc53-44f2-87c5-1af5f623fbd4 | ITER: 3 END: OK
2019-07-16 21:27:59.346 3661 INFO rally.task.runner [-] Task d73c5757-dc53-44f2-87c5-1af5f623fbd4 | ITER: 6 START
2019-07-16 21:27:59.492 3659 INFO rally.task.runner [-] Task d73c5757-dc53-44f2-87c5-1af5f623fbd4 | ITER: 1 END: OK
2019-07-16 21:27:59.497 3659 INFO rally.task.runner [-] Task d73c5757-dc53-44f2-87c5-1af5f623fbd4 | ITER: 7 START
2019-07-16 21:27:59.543 3662 INFO rally.task.runner [-] Task d73c5757-dc53-44f2-87c5-1af5f623fbd4 | ITER: 4 END: OK
2019-07-16 21:27:59.548 3662 INFO rally.task.runner [-] Task d73c5757-dc53-44f2-87c5-1af5f623fbd4 | ITER: 8 START
2019-07-16 21:28:02.779 3660 INFO rally.task.runner [-] Task d73c5757-dc53-44f2-87c5-1af5f623fbd4 | ITER: 5 END: OK
2019-07-16 21:28:02.784 3660 INFO rally.task.runner [-] Task d73c5757-dc53-44f2-87c5-1af5f623fbd4 | ITER: 9 START
2019-07-16 21:28:02.862 3661 INFO rally.task.runner [-] Task d73c5757-dc53-44f2-87c5-1af5f623fbd4 | ITER: 6 END: OK
2019-07-16 21:28:02.867 3661 INFO rally.task.runner [-] Task d73c5757-dc53-44f2-87c5-1af5f623fbd4 | ITER: 10 START
2019-07-16 21:28:03.348 3659 INFO rally.task.runner [-] Task d73c5757-dc53-44f2-87c5-1af5f623fbd4 | ITER: 7 END: OK
2019-07-16 21:28:03.351 3662 INFO rally.task.runner [-] Task d73c5757-dc53-44f2-87c5-1af5f623fbd4 | ITER: 8 END: OK
2019-07-16 21:28:06.441 3660 INFO rally.task.runner [-] Task d73c5757-dc53-44f2-87c5-1af5f623fbd4 | ITER: 9 END: OK
2019-07-16 21:28:06.490 3661 INFO rally.task.runner [-] Task d73c5757-dc53-44f2-87c5-1af5f623fbd4 | ITER: 10 END: OK
2019-07-16 21:28:06.509 1843 INFO rally.task.context [-] Task d73c5757-dc53-44f2-87c5-1af5f623fbd4 | Context cleanup@openstack cleanup() started
2019-07-16 21:28:06.512 1843 RALLYDEBUG rally_openstack.cleanup.manager [-] Cleaning up cinder backups objects
2019-07-16 21:28:08.734 1843 RALLYDEBUG rally_openstack.cleanup.manager [-] Cleaning up cinder volume_snapshots objects
2019-07-16 21:28:10.747 1843 RALLYDEBUG rally_openstack.cleanup.manager [-] Cleaning up cinder transfers objects
2019-07-16 21:28:12.944 1843 RALLYDEBUG rally_openstack.cleanup.manager [-] Cleaning up cinder volumes objects
2019-07-16 21:28:15.446 1843 RALLYDEBUG rally_openstack.cleanup.manager [-] Deleting cinder.volumes object s_rally_d18fff97_oHyvlM0u (28b97a1d-8b4e-4151-a17f-9f9644d93b6b)
2019-07-16 21:28:15.446 1843 RALLYDEBUG rally_openstack.cleanup.manager [-] Deleting cinder.volumes object s_rally_d18fff97_bGurXCcx (153fdaba-44ed-40ba-af9b-b64cf28da2e9)
2019-07-16 21:28:15.452 1843 RALLYDEBUG rally_openstack.cleanup.manager [-] Deleting cinder.volumes object s_rally_d18fff97_9MYJ8A0h (3aa0a58c-f7ce-4a9e-85e2-d2224dff2bd7)
2019-07-16 21:28:15.452 1843 RALLYDEBUG rally_openstack.cleanup.manager [-] Deleting cinder.volumes object s_rally_d18fff97_xWiz415Z (040ea901-e53e-4e63-a8ab-81a50083a97d)
2019-07-16 21:28:15.456 1843 RALLYDEBUG rally_openstack.cleanup.manager [-] Deleting cinder.volumes object s_rally_d18fff97_Gu2Pdd6r (24db1118-8425-4e5e-8652-04903385b27b)
2019-07-16 21:28:15.459 1843 RALLYDEBUG rally_openstack.cleanup.manager [-] Deleting cinder.volumes object s_rally_d18fff97_NtpmmgU2 (1e229f0b-c1a2-415f-a87c-ad46bdd55921)
2019-07-16 21:28:15.460 1843 RALLYDEBUG rally_openstack.cleanup.manager [-] Deleting cinder.volumes object s_rally_d18fff97_MyKs9z3m (27ed9e11-5e8a-4372-894a-215fe8468bbf)
2019-07-16 21:28:15.464 1843 RALLYDEBUG rally_openstack.cleanup.manager [-] Deleting cinder.volumes object s_rally_d18fff97_XwVuzISo (7b5183fb-f4f1-43b7-b7ed-79c86673fcec)
2019-07-16 21:28:15.466 1843 RALLYDEBUG rally_openstack.cleanup.manager [-] Deleting cinder.volumes object s_rally_d18fff97_TiQdX4Kn (dc902c4c-7ace-4d38-9d7c-f8b12a0ebd8a)
2019-07-16 21:28:15.486 1843 RALLYDEBUG rally_openstack.cleanup.manager [-] Deleting cinder.volumes object s_rally_d18fff97_Rmx7WQdV (9b74ef74-ed3f-4f4e-8d1c-7fcef0b35b92)
2019-07-16 21:28:19.440 1843 INFO rally.task.context [-] Task d73c5757-dc53-44f2-87c5-1af5f623fbd4 | Context cleanup@openstack cleanup() finished in 12.93 sec
2019-07-16 21:28:19.441 1843 INFO rally.task.context [-] Task d73c5757-dc53-44f2-87c5-1af5f623fbd4 | Context quotas@openstack cleanup() started
2019-07-16 21:28:20.206 1843 INFO rally.task.context [-] Task d73c5757-dc53-44f2-87c5-1af5f623fbd4 | Context quotas@openstack cleanup() finished in 0.77 sec
2019-07-16 21:28:20.206 1843 INFO rally.task.context [-] Task d73c5757-dc53-44f2-87c5-1af5f623fbd4 | Context api_versions@openstack cleanup() started
2019-07-16 21:28:20.206 1843 INFO rally.task.context [-] Task d73c5757-dc53-44f2-87c5-1af5f623fbd4 | Context api_versions@openstack cleanup() finished in 0.27 msec
2019-07-16 21:28:20.207 1843 INFO rally.task.context [-] Task d73c5757-dc53-44f2-87c5-1af5f623fbd4 | Context users@openstack cleanup() started
2019-07-16 21:28:28.747 1843 INFO rally.task.context [-] Task d73c5757-dc53-44f2-87c5-1af5f623fbd4 | Context users@openstack cleanup() finished in 8.54 sec
2019-07-16 21:28:28.843 1843 INFO rally.task.engine [-] Load duration is: 10.929725
2019-07-16 21:28:28.844 1843 INFO rally.task.engine [-] Full runner duration is: 10.972724
2019-07-16 21:28:28.844 1843 INFO rally.task.engine [-] Full duration is: 40.151511
2019-07-16 21:28:29.035 1843 INFO rally.task.engine [-] Running workload: position = 0 config = { "version": 2, "title": "A cropped version of a bigger task.", "description": "Auto-generated task from a single workload (uuid=25208443-8998-4fdf-a6db-289c791fadb0)", "subtasks": [ { "title": "CinderVolumes.list_volumes", "description": "List all volumes.", "scenario": { "CinderVolumes.list_volumes": { "detailed": true } }, "contexts": { "users": { "tenants": 3, "users_per_tenant": 2 }, "quotas": { "cinder": { "gigabytes": -1, "snapshots": -1, "volumes": -1 } }, "api_versions": { "cinder": { "version": 3, "service_type": "volumev3" } }, "volumes": { "size": 1, "volumes_per_tenant": 4 } }, "runner": { "constant": { "concurrency": 4, "times": 10 } }, "hooks": [], "sla": { "failure_rate": { "max": 0 } } } ] }
2019-07-16 21:28:29.056 1843 RALLYDEBUG rally_openstack.contexts.keystone.users [-] Creating 3 tenants using 20 threads
2019-07-16 21:28:30.909 1843 RALLYDEBUG rally_openstack.contexts.keystone.users [-] Creating 6 users using 20 threads
2019-07-16 21:28:33.866 1843 INFO rally.task.context [-] Task d73c5757-dc53-44f2-87c5-1af5f623fbd4 | Context users@openstack setup() finished in 4.81 sec
2019-07-16 21:28:34.294 1843 INFO rally.task.context [-] Task d73c5757-dc53-44f2-87c5-1af5f623fbd4 | Context api_versions@openstack setup() finished in 0.43 sec
2019-07-16 21:28:36.008 1843 INFO rally.task.context [-] Task d73c5757-dc53-44f2-87c5-1af5f623fbd4 | Context quotas@openstack setup() finished in 1.71 sec
2019-07-16 21:29:15.358 1843 INFO rally.task.context [-] Task d73c5757-dc53-44f2-87c5-1af5f623fbd4 | Context volumes@openstack setup() finished in 39.35 sec
2019-07-16 21:29:15.366 1843 RALLYDEBUG rally.task.runner [-] Starting the constant runner (task UUID: d73c5757-dc53-44f2-87c5-1af5f623fbd4). timeout: 0 concurrency: 4 concurrency_per_worker: 1 times: 10 concurrency_overhead: 0 processes_to_start: 4 max_cpu_used: 16
2019-07-16 21:29:15.379 3843 RALLYDEBUG rally.task.runner [-] Starting a worker. concurrency: 1 args: {"detailed": true} times: 10 method_name: run timeout: 0 duration: None cls:
2019-07-16 21:29:15.379 3844 RALLYDEBUG rally.task.runner [-] Starting a worker. concurrency: 1 args: {"detailed": true} times: 10 method_name: run timeout: 0 duration: None cls:
2019-07-16 21:29:15.384 3844 INFO rally.task.runner [-] Task d73c5757-dc53-44f2-87c5-1af5f623fbd4 | ITER: 2 START
2019-07-16 21:29:15.384 3845 RALLYDEBUG rally.task.runner [-] Starting a worker. concurrency: 1 args: {"detailed": true} times: 10 method_name: run timeout: 0 duration: None cls:
2019-07-16 21:29:15.387 3843 INFO rally.task.runner [-] Task d73c5757-dc53-44f2-87c5-1af5f623fbd4 | ITER: 1 START
2019-07-16 21:29:15.388 3846 RALLYDEBUG rally.task.runner [-] Starting a worker. concurrency: 1 args: {"detailed": true} times: 10 method_name: run timeout: 0 duration: None cls:
2019-07-16 21:29:15.392 3845 INFO rally.task.runner [-] Task d73c5757-dc53-44f2-87c5-1af5f623fbd4 | ITER: 3 START
2019-07-16 21:29:15.396 3846 INFO rally.task.runner [-] Task d73c5757-dc53-44f2-87c5-1af5f623fbd4 | ITER: 4 START
2019-07-16 21:29:16.188 3845 INFO rally.task.runner [-] Task d73c5757-dc53-44f2-87c5-1af5f623fbd4 | ITER: 3 END: OK
2019-07-16 21:29:16.193 3845 INFO rally.task.runner [-] Task d73c5757-dc53-44f2-87c5-1af5f623fbd4 | ITER: 5 START
2019-07-16 21:29:16.195 3846 INFO rally.task.runner [-] Task d73c5757-dc53-44f2-87c5-1af5f623fbd4 | ITER: 4 END: OK
2019-07-16 21:29:16.200 3846 INFO rally.task.runner [-] Task d73c5757-dc53-44f2-87c5-1af5f623fbd4 | ITER: 6 START
2019-07-16 21:29:16.206 3843 INFO rally.task.runner [-] Task d73c5757-dc53-44f2-87c5-1af5f623fbd4 | ITER: 1 END: OK
2019-07-16 21:29:16.212 3843 INFO rally.task.runner [-] Task d73c5757-dc53-44f2-87c5-1af5f623fbd4 | ITER: 7 START
2019-07-16 21:29:16.214 3844 INFO rally.task.runner [-] Task d73c5757-dc53-44f2-87c5-1af5f623fbd4 | ITER: 2 END: OK
2019-07-16 21:29:16.221 3844 INFO rally.task.runner [-] Task d73c5757-dc53-44f2-87c5-1af5f623fbd4 | ITER: 8 START
2019-07-16 21:29:16.990 3846 INFO rally.task.runner [-] Task d73c5757-dc53-44f2-87c5-1af5f623fbd4 | ITER: 6 END: OK
2019-07-16 21:29:16.996 3846 INFO rally.task.runner [-] Task d73c5757-dc53-44f2-87c5-1af5f623fbd4 | ITER: 9 START
2019-07-16 21:29:17.001 3845 INFO rally.task.runner [-] Task d73c5757-dc53-44f2-87c5-1af5f623fbd4 | ITER: 5 END: OK
2019-07-16 21:29:17.007 3845 INFO rally.task.runner [-] Task d73c5757-dc53-44f2-87c5-1af5f623fbd4 | ITER: 10 START
2019-07-16 21:29:17.026 3843 INFO rally.task.runner [-] Task d73c5757-dc53-44f2-87c5-1af5f623fbd4 | ITER: 7 END: OK
2019-07-16 21:29:17.045 3844 INFO rally.task.runner [-] Task d73c5757-dc53-44f2-87c5-1af5f623fbd4 | ITER: 8 END: OK
2019-07-16 21:29:17.791 3846 INFO rally.task.runner [-] Task d73c5757-dc53-44f2-87c5-1af5f623fbd4 | ITER: 9 END: OK
2019-07-16 21:29:17.874 3845 INFO rally.task.runner [-] Task d73c5757-dc53-44f2-87c5-1af5f623fbd4 | ITER: 10 END: OK
2019-07-16 21:29:17.896 1843 INFO rally.task.context [-] Task d73c5757-dc53-44f2-87c5-1af5f623fbd4 | Context volumes@openstack cleanup() started
2019-07-16 21:29:17.897 1843 RALLYDEBUG rally_openstack.cleanup.manager [-] Cleaning up cinder volumes objects
2019-07-16 21:29:20.401 1843 RALLYDEBUG rally_openstack.cleanup.manager [-] Deleting cinder.volumes object c_rally_25208443_Y2LNiF8B (c4fd6f37-194e-462d-8ab5-c1dae5c70f68)
2019-07-16 21:29:20.402 1843 RALLYDEBUG rally_openstack.cleanup.manager [-] Deleting cinder.volumes object c_rally_25208443_Tf0lwaK1 (6de4a392-8a84-4c1c-8985-a1814e9e14af)
2019-07-16 21:29:20.404 1843 RALLYDEBUG rally_openstack.cleanup.manager [-] Deleting cinder.volumes object c_rally_25208443_f5L6k0N8 (101001c5-5d55-4872-9b36-45e2db0c6d82)
2019-07-16 21:29:20.405 1843 RALLYDEBUG rally_openstack.cleanup.manager [-] Deleting cinder.volumes object c_rally_25208443_qPNUW0tz (f5eb923a-edf8-4508-92c7-f13fc10a9020)
2019-07-16 21:29:20.410 1843 RALLYDEBUG rally_openstack.cleanup.manager [-] Deleting cinder.volumes object c_rally_25208443_CmCSz5Zk (cb5c40a7-bded-4b44-903f-ecad7574e3d6)
2019-07-16 21:29:20.414 1843 RALLYDEBUG rally_openstack.cleanup.manager [-] Deleting cinder.volumes object c_rally_25208443_h9e4ddPz (8ad49d05-4c34-4665-8dc2-981057028bfb)
2019-07-16 21:29:20.415 1843 RALLYDEBUG rally_openstack.cleanup.manager [-] Deleting cinder.volumes object c_rally_25208443_F1FK35pl (c3eda698-dd8e-4f08-954c-4a357edf12d8)
2019-07-16 21:29:20.415 1843 RALLYDEBUG rally_openstack.cleanup.manager [-] Deleting cinder.volumes object c_rally_25208443_yc0Q8qF2 (1cb1125b-182d-40f0-8970-bd9767959302)
2019-07-16 21:29:20.428 1843 RALLYDEBUG rally_openstack.cleanup.manager [-] Deleting cinder.volumes object c_rally_25208443_xW4bHD7G (6c2bd307-8e7e-4ca1-a23b-0233378a07c4)
2019-07-16 21:29:20.438 1843 RALLYDEBUG rally_openstack.cleanup.manager [-] Deleting cinder.volumes object c_rally_25208443_2UZ4GIgn (69ee27b1-70b0-4d44-a8b8-d97844ae9567)
2019-07-16 21:29:20.450 1843 RALLYDEBUG rally_openstack.cleanup.manager [-] Deleting cinder.volumes object c_rally_25208443_IZhJrD1Y (5b2e9e6b-7328-41f5-bd70-3328ab7c4d18)
2019-07-16 21:29:20.454 1843 RALLYDEBUG rally_openstack.cleanup.manager [-] Deleting cinder.volumes object c_rally_25208443_ZfrH8gf8 (5c6061ab-13be-4a19-9a75-17469375287b)
2019-07-16 21:29:25.562 1843 INFO rally.task.context [-] Task d73c5757-dc53-44f2-87c5-1af5f623fbd4 | Context volumes@openstack cleanup() finished in 7.67 sec
2019-07-16 21:29:25.562 1843 INFO rally.task.context [-] Task d73c5757-dc53-44f2-87c5-1af5f623fbd4 | Context quotas@openstack cleanup() started
2019-07-16 21:29:26.350 1843 INFO rally.task.context [-] Task d73c5757-dc53-44f2-87c5-1af5f623fbd4 | Context quotas@openstack cleanup() finished in 0.79 sec
2019-07-16 21:29:26.350 1843 INFO rally.task.context [-] Task d73c5757-dc53-44f2-87c5-1af5f623fbd4 | Context api_versions@openstack cleanup() started
2019-07-16 21:29:26.350 1843 INFO rally.task.context [-] Task d73c5757-dc53-44f2-87c5-1af5f623fbd4 | Context api_versions@openstack cleanup() finished in 0.30 msec
2019-07-16 21:29:26.351 1843 INFO rally.task.context [-] Task d73c5757-dc53-44f2-87c5-1af5f623fbd4 | Context users@openstack cleanup() started
2019-07-16 21:29:34.790 1843 INFO rally.task.context [-] Task d73c5757-dc53-44f2-87c5-1af5f623fbd4 | Context users@openstack cleanup() finished in 8.44 sec
2019-07-16 21:29:35.309 1843 INFO rally.task.engine [-] Load duration is: 2.485133
2019-07-16 21:29:35.309 1843 INFO rally.task.engine [-] Full runner duration is: 2.531158
2019-07-16 21:29:35.310 1843 INFO rally.task.engine [-] Full duration is: 65.73622
2019-07-16 21:29:35.512 1843 INFO rally.task.engine [-] Running workload: position = 0 config = { "version": 2, "title": "A cropped version of a bigger task.", "description": "Auto-generated task from a single workload (uuid=7665a53a-67fe-4146-95df-08c5fa319427)", "subtasks": [ { "title": "CinderVolumes.create_and_delete_snapshot", "description": "Create and then delete a volume-snapshot.", "scenario": { "CinderVolumes.create_and_delete_snapshot": { "force": false } }, "contexts": { "users": { "tenants": 3, "users_per_tenant": 2 }, "quotas": { "cinder": { "gigabytes": -1, "snapshots": -1, "volumes": -1 } }, "api_versions": { "cinder": { "version": 3, "service_type": "volumev3" } }, "volumes": { "size": 1, "volumes_per_tenant": 1 } }, "runner": { "constant": { "concurrency": 4, "times": 10 } }, "hooks": [], "sla": { "failure_rate": { "max": 0 } } } ] }
2019-07-16 21:29:35.536 1843 RALLYDEBUG rally_openstack.contexts.keystone.users [-] Creating 3 tenants using 20 threads
2019-07-16 21:29:37.551 1843 RALLYDEBUG rally_openstack.contexts.keystone.users [-] Creating 6 users using 20 threads
2019-07-16 21:29:40.380 1843 INFO rally.task.context [-] Task d73c5757-dc53-44f2-87c5-1af5f623fbd4 | Context users@openstack setup() finished in 4.84 sec
2019-07-16 21:29:40.805 1843 INFO rally.task.context [-] Task d73c5757-dc53-44f2-87c5-1af5f623fbd4 | Context api_versions@openstack setup() finished in 0.42 sec
2019-07-16 21:29:42.513 1843 INFO rally.task.context [-] Task d73c5757-dc53-44f2-87c5-1af5f623fbd4 | Context quotas@openstack setup() finished in 1.71 sec
2019-07-16 21:29:53.691 1843 INFO rally.task.context [-] Task d73c5757-dc53-44f2-87c5-1af5f623fbd4 | Context volumes@openstack setup() finished in 11.18 sec
2019-07-16 21:29:53.691 1843 INFO rally.task.context [-] Task d73c5757-dc53-44f2-87c5-1af5f623fbd4 | Context cleanup@openstack setup() finished in 0.01 msec
2019-07-16 21:29:53.698 1843 RALLYDEBUG rally.task.runner [-] Starting the constant runner (task UUID: d73c5757-dc53-44f2-87c5-1af5f623fbd4). timeout: 0 concurrency: 4 concurrency_per_worker: 1 times: 10 concurrency_overhead: 0 processes_to_start: 4 max_cpu_used: 16
2019-07-16 21:29:53.708 3967 RALLYDEBUG rally.task.runner [-] Starting a worker. concurrency: 1 args: {"force": false} times: 10 method_name: run timeout: 0 duration: None cls:
2019-07-16 21:29:53.711 3968 RALLYDEBUG rally.task.runner [-] Starting a worker. concurrency: 1 args: {"force": false} times: 10 method_name: run timeout: 0 duration: None cls:
2019-07-16 21:29:53.713 3970 RALLYDEBUG rally.task.runner [-] Starting a worker. concurrency: 1 args: {"force": false} times: 10 method_name: run timeout: 0 duration: None cls:
2019-07-16 21:29:53.713 3969 RALLYDEBUG rally.task.runner [-] Starting a worker. concurrency: 1 args: {"force": false} times: 10 method_name: run timeout: 0 duration: None cls:
2019-07-16 21:29:53.715 3967 INFO rally.task.runner [-] Task d73c5757-dc53-44f2-87c5-1af5f623fbd4 | ITER: 1 START
2019-07-16 21:29:53.719 3970 INFO rally.task.runner [-] Task d73c5757-dc53-44f2-87c5-1af5f623fbd4 | ITER: 3 START
2019-07-16 21:29:53.721 3968 INFO rally.task.runner [-] Task d73c5757-dc53-44f2-87c5-1af5f623fbd4 | ITER: 2 START
2019-07-16 21:29:53.721 3969 INFO rally.task.runner [-] Task d73c5757-dc53-44f2-87c5-1af5f623fbd4 | ITER: 4 START
2019-07-16 21:29:57.557 3969 RALLYDEBUG rally.task.utils [-] Waiting for resource s_rally_7665a53a_rZFHRhfX. Status changed: AVAILABLE => DELETING in 0.304227113724
2019-07-16 21:29:57.820 3970 RALLYDEBUG rally.task.utils [-] Waiting for resource s_rally_7665a53a_PpcfbmEc. Status changed: AVAILABLE => DELETING in 0.322244167328
2019-07-16 21:29:58.014 3968 RALLYDEBUG rally.task.utils [-] Waiting for resource s_rally_7665a53a_neh1vkH6. Status changed: AVAILABLE => DELETING in 0.307740211487
2019-07-16 21:29:58.031 3967 RALLYDEBUG rally.task.utils [-] Waiting for resource s_rally_7665a53a_MVrvXWid. Status changed: AVAILABLE => DELETING in 0.305311918259
2019-07-16 21:29:59.779 3969 INFO rally.task.runner [-] Task d73c5757-dc53-44f2-87c5-1af5f623fbd4 | ITER: 4 END: OK
2019-07-16 21:29:59.785 3969 INFO rally.task.runner [-] Task d73c5757-dc53-44f2-87c5-1af5f623fbd4 | ITER: 5 START
2019-07-16 21:30:00.131 3970 INFO rally.task.runner [-] Task d73c5757-dc53-44f2-87c5-1af5f623fbd4 | ITER: 3 END: OK
2019-07-16 21:30:00.137 3970 INFO rally.task.runner [-] Task d73c5757-dc53-44f2-87c5-1af5f623fbd4 | ITER: 6 START
2019-07-16 21:30:00.249 3968 INFO rally.task.runner [-] Task d73c5757-dc53-44f2-87c5-1af5f623fbd4 | ITER: 2 END: OK
2019-07-16 21:30:00.255 3968 INFO rally.task.runner [-] Task d73c5757-dc53-44f2-87c5-1af5f623fbd4 | ITER: 7 START
2019-07-16 21:30:00.322 3967 INFO rally.task.runner [-] Task d73c5757-dc53-44f2-87c5-1af5f623fbd4 | ITER: 1 END: OK
2019-07-16 21:30:00.327 3967 INFO rally.task.runner [-] Task d73c5757-dc53-44f2-87c5-1af5f623fbd4 | ITER: 8 START
2019-07-16 21:30:03.982 3969 RALLYDEBUG rally.task.utils [-] Waiting for resource s_rally_7665a53a_r9KOGdct. Status changed: AVAILABLE => DELETING in 0.215041875839
2019-07-16 21:30:04.185 3968 RALLYDEBUG rally.task.utils [-] Waiting for resource s_rally_7665a53a_nDf3LzBi. Status changed: AVAILABLE => DELETING in 0.40100812912
2019-07-16 21:30:04.283 3970 RALLYDEBUG rally.task.utils [-] Waiting for resource s_rally_7665a53a_9pQjM8pc. Status changed: AVAILABLE => DELETING in 0.317414999008
2019-07-16 21:30:04.287 3967 RALLYDEBUG rally.task.utils [-] Waiting for resource s_rally_7665a53a_6JfbEzhC. Status changed: AVAILABLE => DELETING in 0.232518911362
2019-07-16 21:30:06.211 3969 INFO rally.task.runner [-] Task d73c5757-dc53-44f2-87c5-1af5f623fbd4 | ITER: 5 END: OK
2019-07-16 21:30:06.216 3969 INFO rally.task.runner [-] Task d73c5757-dc53-44f2-87c5-1af5f623fbd4 | ITER: 9 START
2019-07-16 21:30:06.404 3968 INFO rally.task.runner [-] Task d73c5757-dc53-44f2-87c5-1af5f623fbd4 | ITER: 7 END: OK
2019-07-16 21:30:06.409 3968 INFO rally.task.runner [-] Task d73c5757-dc53-44f2-87c5-1af5f623fbd4 | ITER: 10 START
2019-07-16 21:30:06.589 3970 INFO rally.task.runner [-] Task d73c5757-dc53-44f2-87c5-1af5f623fbd4 | ITER: 6 END: OK
2019-07-16 21:30:06.593 3967 INFO rally.task.runner [-] Task d73c5757-dc53-44f2-87c5-1af5f623fbd4 | ITER: 8 END: OK
2019-07-16 21:30:10.262 3969 RALLYDEBUG rally.task.utils [-] Waiting for resource s_rally_7665a53a_o1CVdS8H. Status changed: AVAILABLE => DELETING in 0.313920974731
2019-07-16 21:30:10.443 3968 RALLYDEBUG rally.task.utils [-] Waiting for resource s_rally_7665a53a_md4wwZXm. Status changed: AVAILABLE => DELETING in 0.295892953873
2019-07-16 21:30:12.467 3968 INFO rally.task.runner [-] Task d73c5757-dc53-44f2-87c5-1af5f623fbd4 | ITER: 10 END: OK
2019-07-16 21:30:12.485 3969 INFO rally.task.runner [-] Task d73c5757-dc53-44f2-87c5-1af5f623fbd4 | ITER: 9 END: OK
2019-07-16 21:30:12.506 1843 INFO rally.task.context [-] Task d73c5757-dc53-44f2-87c5-1af5f623fbd4 | Context cleanup@openstack cleanup() started
2019-07-16 21:30:12.509 1843 RALLYDEBUG rally_openstack.cleanup.manager [-] Cleaning up cinder backups objects
2019-07-16 21:30:14.737 1843 RALLYDEBUG rally_openstack.cleanup.manager [-] Cleaning up cinder volume_snapshots objects
2019-07-16 21:30:16.857 1843 RALLYDEBUG rally_openstack.cleanup.manager [-] Cleaning up cinder transfers objects
2019-07-16 21:30:18.984 1843 RALLYDEBUG rally_openstack.cleanup.manager [-] Cleaning up cinder volumes objects
2019-07-16 21:30:21.294 1843 INFO rally.task.context [-] Task d73c5757-dc53-44f2-87c5-1af5f623fbd4 | Context cleanup@openstack cleanup() finished in 8.79 sec
2019-07-16 21:30:21.295 1843 INFO rally.task.context [-] Task d73c5757-dc53-44f2-87c5-1af5f623fbd4 | Context volumes@openstack cleanup() started
2019-07-16 21:30:21.296 1843 RALLYDEBUG rally_openstack.cleanup.manager [-] Cleaning up cinder volumes objects
2019-07-16 21:30:23.549 1843 RALLYDEBUG rally_openstack.cleanup.manager [-] Deleting cinder.volumes object c_rally_7665a53a_aSJifNpy (53362b19-0230-4bef-8a1c-2af8638c187e)
2019-07-16 21:30:23.550 1843 RALLYDEBUG rally_openstack.cleanup.manager [-] Deleting cinder.volumes object c_rally_7665a53a_LZAGoXqQ (c2c682f6-61f1-40fd-a5f4-2a7ca7499071)
2019-07-16 21:30:23.560 1843 RALLYDEBUG rally_openstack.cleanup.manager [-] Deleting cinder.volumes object c_rally_7665a53a_wVWdHg9H (c0312c85-4924-44b4-a98c-60f416252b72)
2019-07-16 21:30:27.082 1843 INFO rally.task.context [-] Task d73c5757-dc53-44f2-87c5-1af5f623fbd4 | Context volumes@openstack cleanup() finished in 5.79 sec
2019-07-16 21:30:27.083 1843 INFO rally.task.context [-] Task d73c5757-dc53-44f2-87c5-1af5f623fbd4 | Context quotas@openstack cleanup() started
2019-07-16 21:30:27.901 1843 INFO rally.task.context [-] Task d73c5757-dc53-44f2-87c5-1af5f623fbd4 | Context quotas@openstack cleanup() finished in 0.82 sec
2019-07-16 21:30:27.901 1843 INFO rally.task.context [-] Task d73c5757-dc53-44f2-87c5-1af5f623fbd4 | Context api_versions@openstack cleanup() started
2019-07-16 21:30:27.902 1843 INFO rally.task.context [-] Task d73c5757-dc53-44f2-87c5-1af5f623fbd4 | Context api_versions@openstack cleanup() finished in 0.32 msec
2019-07-16 21:30:27.902 1843 INFO rally.task.context [-] Task d73c5757-dc53-44f2-87c5-1af5f623fbd4 | Context users@openstack cleanup() started
2019-07-16 21:30:36.454 1843 INFO rally.task.context [-] Task d73c5757-dc53-44f2-87c5-1af5f623fbd4 | Context users@openstack cleanup() finished in 8.55 sec
2019-07-16 21:30:37.800 1843 INFO rally.task.engine [-] Load duration is: 18.767291
2019-07-16 21:30:37.801 1843 INFO rally.task.engine [-] Full runner duration is: 18.809705
2019-07-16 21:30:37.801 1843 INFO rally.task.engine [-] Full duration is: 60.920941
2019-07-16 21:30:37.989 1843 INFO rally.task.engine [-] Running workload: position = 0 config = { "version": 2, "title": "A cropped version of a bigger task.", "description": "Auto-generated task from a single workload (uuid=08853857-4246-4756-9c9b-a284a3f106f9)", "subtasks": [ { "title": "CinderVolumes.create_and_delete_volume", "description": "Create and then delete a volume.", "scenario": { "CinderVolumes.create_and_delete_volume": { "size": { "max": 1, "min": 1 } } }, "contexts": { "users": { "tenants": 3, "users_per_tenant": 2 }, "quotas": { "cinder": { "gigabytes": -1, "snapshots": -1, "volumes": -1 } }, "api_versions": { "cinder": { "version": 3, "service_type": "volumev3" } } }, "runner": { "constant": { "concurrency": 4, "times": 10 } }, "hooks": [], "sla": { "failure_rate": { "max": 0 } } } ] }
2019-07-16 21:30:38.015 1843 RALLYDEBUG rally_openstack.contexts.keystone.users [-] Creating 3 tenants using 20 threads
2019-07-16 21:30:39.873 1843 RALLYDEBUG rally_openstack.contexts.keystone.users [-] Creating 6 users using 20 threads
2019-07-16 21:30:42.802 1843 INFO rally.task.context [-] Task d73c5757-dc53-44f2-87c5-1af5f623fbd4 | Context users@openstack setup() finished in 4.79 sec
2019-07-16 21:30:43.235 1843 INFO rally.task.context [-] Task d73c5757-dc53-44f2-87c5-1af5f623fbd4 | Context api_versions@openstack setup() finished in 0.43 sec
2019-07-16 21:30:45.076 1843 INFO rally.task.context [-] Task d73c5757-dc53-44f2-87c5-1af5f623fbd4 | Context quotas@openstack setup() finished in 1.84 sec
2019-07-16 21:30:45.077 1843 INFO rally.task.context [-] Task d73c5757-dc53-44f2-87c5-1af5f623fbd4 | Context cleanup@openstack setup() finished in 0.01 msec
2019-07-16 21:30:45.086 1843 RALLYDEBUG rally.task.runner [-] Starting the constant runner (task UUID: d73c5757-dc53-44f2-87c5-1af5f623fbd4). timeout: 0 concurrency: 4 concurrency_per_worker: 1 times: 10 concurrency_overhead: 0 processes_to_start: 4 max_cpu_used: 16
2019-07-16 21:30:45.098 4171 RALLYDEBUG rally.task.runner [-] Starting a worker. concurrency: 1 args: {"size": {"max": 1, "min": 1}} times: 10 method_name: run timeout: 0 duration: None cls:
2019-07-16 21:30:45.101 4172 RALLYDEBUG rally.task.runner [-] Starting a worker. concurrency: 1 args: {"size": {"max": 1, "min": 1}} times: 10 method_name: run timeout: 0 duration: None cls:
2019-07-16 21:30:45.105 4173 RALLYDEBUG rally.task.runner [-] Starting a worker. concurrency: 1 args: {"size": {"max": 1, "min": 1}} times: 10 method_name: run timeout: 0 duration: None cls:
2019-07-16 21:30:45.106 4171 INFO rally.task.runner [-] Task d73c5757-dc53-44f2-87c5-1af5f623fbd4 | ITER: 1 START
2019-07-16 21:30:45.107 4174 RALLYDEBUG rally.task.runner [-] Starting a worker. concurrency: 1 args: {"size": {"max": 1, "min": 1}} times: 10 method_name: run timeout: 0 duration: None cls:
2019-07-16 21:30:45.109 4172 INFO rally.task.runner [-] Task d73c5757-dc53-44f2-87c5-1af5f623fbd4 | ITER: 2 START
2019-07-16 21:30:45.113 4173 INFO rally.task.runner [-] Task d73c5757-dc53-44f2-87c5-1af5f623fbd4 | ITER: 3 START
2019-07-16 21:30:45.114 4174 INFO rally.task.runner [-] Task d73c5757-dc53-44f2-87c5-1af5f623fbd4 | ITER: 4 START
2019-07-16 21:30:49.377 4174 RALLYDEBUG rally.task.utils [-] Waiting for resource s_rally_08853857_V3boOd7r. Status changed: AVAILABLE => DELETING in 0.345803022385
2019-07-16 21:30:49.398 4173 RALLYDEBUG rally.task.utils [-] Waiting for resource s_rally_08853857_hNCIeGfP. Status changed: AVAILABLE => DELETING in 0.319696187973
2019-07-16 21:30:49.399 4172 RALLYDEBUG rally.task.utils [-] Waiting for resource s_rally_08853857_dZEPHtab. Status changed: AVAILABLE => DELETING in 0.350867033005
2019-07-16 21:30:49.544 4171 RALLYDEBUG rally.task.utils [-] Waiting for resource s_rally_08853857_tIE3NFnr. Status changed: AVAILABLE => DELETING in 0.250237941742
2019-07-16 21:30:51.621 4173 INFO rally.task.runner [-] Task d73c5757-dc53-44f2-87c5-1af5f623fbd4 | ITER: 3 END: OK
2019-07-16 21:30:51.625 4172 INFO rally.task.runner [-] Task d73c5757-dc53-44f2-87c5-1af5f623fbd4 | ITER: 2 END: OK
2019-07-16 21:30:51.626 4173 INFO rally.task.runner [-] Task d73c5757-dc53-44f2-87c5-1af5f623fbd4 | ITER: 5 START
2019-07-16 21:30:51.630 4172 INFO rally.task.runner [-] Task d73c5757-dc53-44f2-87c5-1af5f623fbd4 | ITER: 6 START
2019-07-16 21:30:51.701 4174 INFO rally.task.runner [-] Task d73c5757-dc53-44f2-87c5-1af5f623fbd4 | ITER: 4 END: OK
2019-07-16 21:30:51.706 4174 INFO rally.task.runner [-] Task d73c5757-dc53-44f2-87c5-1af5f623fbd4 | ITER: 7 START
2019-07-16 21:30:51.876 4171 INFO rally.task.runner [-] Task d73c5757-dc53-44f2-87c5-1af5f623fbd4 | ITER: 1 END: OK
2019-07-16 21:30:51.881 4171 INFO rally.task.runner [-] Task d73c5757-dc53-44f2-87c5-1af5f623fbd4 | ITER: 8 START
2019-07-16 21:30:55.920 4174 RALLYDEBUG rally.task.utils [-] Waiting for resource s_rally_08853857_u6TVK80t. Status changed: AVAILABLE => DELETING in 0.351672887802
2019-07-16 21:30:55.973 4173 RALLYDEBUG rally.task.utils [-] Waiting for resource s_rally_08853857_pEYDQrxQ. Status changed: AVAILABLE => DELETING in 0.337824106216
2019-07-16 21:30:56.052 4172 RALLYDEBUG rally.task.utils [-] Waiting for resource s_rally_08853857_SRHeM1ig. Status changed: AVAILABLE => DELETING in 0.322201967239
2019-07-16 21:30:56.256 4171 RALLYDEBUG rally.task.utils [-] Waiting for resource s_rally_08853857_4m2EZSGB. Status changed: AVAILABLE => DELETING in 0.256302118301
2019-07-16 21:30:58.161 4174 INFO rally.task.runner [-] Task d73c5757-dc53-44f2-87c5-1af5f623fbd4 | ITER: 7 END: OK
2019-07-16 21:30:58.166 4174 INFO rally.task.runner [-] Task d73c5757-dc53-44f2-87c5-1af5f623fbd4 | ITER: 9 START
2019-07-16 21:30:58.216 4173 INFO rally.task.runner [-] Task d73c5757-dc53-44f2-87c5-1af5f623fbd4 | ITER: 5 END: OK
2019-07-16 21:30:58.221 4173 INFO rally.task.runner [-] Task d73c5757-dc53-44f2-87c5-1af5f623fbd4 | ITER: 10 START
2019-07-16 21:30:58.365 4172 INFO rally.task.runner [-] Task d73c5757-dc53-44f2-87c5-1af5f623fbd4 | ITER: 6 END: OK
2019-07-16 21:30:58.508 4171 INFO rally.task.runner [-] Task d73c5757-dc53-44f2-87c5-1af5f623fbd4 | ITER: 8 END: OK
2019-07-16 21:31:02.417 4174 RALLYDEBUG rally.task.utils [-] Waiting for resource s_rally_08853857_2d7AT2r9. Status changed: AVAILABLE => DELETING in 0.0625491142273
2019-07-16 21:31:02.497 4173 RALLYDEBUG rally.task.utils [-] Waiting for resource s_rally_08853857_nqmPI3OB. Status changed: AVAILABLE => DELETING in 0.238780975342
2019-07-16 21:31:04.739 4174 INFO rally.task.runner [-] Task d73c5757-dc53-44f2-87c5-1af5f623fbd4 | ITER: 9 END: OK
2019-07-16 21:31:04.841 4173 INFO rally.task.runner [-] Task d73c5757-dc53-44f2-87c5-1af5f623fbd4 | ITER: 10 END: OK
2019-07-16 21:31:04.868 1843 INFO rally.task.context [-] Task d73c5757-dc53-44f2-87c5-1af5f623fbd4 | Context cleanup@openstack cleanup() started
2019-07-16 21:31:04.870 1843 RALLYDEBUG rally_openstack.cleanup.manager [-] Cleaning up cinder backups objects
2019-07-16 21:31:07.017 1843 RALLYDEBUG rally_openstack.cleanup.manager [-] Cleaning up cinder volume_snapshots objects
2019-07-16 21:31:09.242 1843 RALLYDEBUG rally_openstack.cleanup.manager [-] Cleaning up cinder transfers objects
2019-07-16 21:31:11.437 1843 RALLYDEBUG rally_openstack.cleanup.manager [-] Cleaning up cinder volumes objects
2019-07-16 21:31:13.646 1843 INFO rally.task.context [-] Task d73c5757-dc53-44f2-87c5-1af5f623fbd4 | Context cleanup@openstack cleanup() finished in 8.78 sec
2019-07-16 21:31:13.646 1843 INFO rally.task.context [-] Task d73c5757-dc53-44f2-87c5-1af5f623fbd4 | Context quotas@openstack cleanup() started
2019-07-16 21:31:14.236 1843 INFO rally.task.context [-] Task d73c5757-dc53-44f2-87c5-1af5f623fbd4 | Context quotas@openstack cleanup() finished in 0.59 sec
2019-07-16 21:31:14.237 1843 INFO rally.task.context [-] Task d73c5757-dc53-44f2-87c5-1af5f623fbd4 | Context api_versions@openstack cleanup() started
2019-07-16 21:31:14.237 1843 INFO rally.task.context [-] Task d73c5757-dc53-44f2-87c5-1af5f623fbd4 | Context api_versions@openstack cleanup() finished in 0.34 msec
2019-07-16 21:31:14.238 1843 INFO rally.task.context [-] Task d73c5757-dc53-44f2-87c5-1af5f623fbd4 | Context users@openstack cleanup() started
2019-07-16 21:31:22.143 1843 INFO rally.task.context [-] Task d73c5757-dc53-44f2-87c5-1af5f623fbd4 | Context users@openstack cleanup() finished in 7.91 sec
2019-07-16 21:31:22.207 1843 INFO rally.task.engine [-] Load duration is: 19.727977
2019-07-16 21:31:22.208 1843 INFO rally.task.engine [-] Full runner duration is: 19.783421
2019-07-16 21:31:22.208 1843 INFO rally.task.engine [-] Full duration is: 44.133044
2019-07-16 21:31:22.345 1843 INFO rally.task.engine [-] Running workload: position = 1 config = { "version": 2, "title": "A cropped version of a bigger task.", "description": "Auto-generated task from a single workload (uuid=39a5d1d3-b622-4e14-a695-9a7992c547f0)", "subtasks": [ { "title": "CinderVolumes.create_and_delete_volume", "description": "Create and then delete a volume.", "scenario": { "CinderVolumes.create_and_delete_volume": { "image": { "name": "rally_full-img_e9656824-86b9-4b01-9ead-bc26c32b518f" }, "size": 1 } }, "contexts": { "users": { "tenants": 3, "users_per_tenant": 2 }, "quotas": { "cinder": { "gigabytes": -1, "snapshots": -1, "volumes": -1 } }, "api_versions": { "cinder": { "version": 3, "service_type": "volumev3" } } }, "runner": { "constant": { "concurrency": 4, "times": 10 } }, "hooks": [], "sla": { "failure_rate": { "max": 0 } } } ] }
2019-07-16 21:31:22.363 1843 RALLYDEBUG rally_openstack.contexts.keystone.users [-] Creating 3 tenants using 20 threads
2019-07-16 21:31:24.406 1843 RALLYDEBUG rally_openstack.contexts.keystone.users [-] Creating 6 users using 20 threads
