2019-07-16 21:15:23.041 1843 DEBUG novaclient.v2.client [-] RESP BODY: {"server_groups": []} _http_log_response /usr/lib/python2.7/site-packages/keystoneauth1/session.py:511
2019-07-16 21:15:23.041 1843 DEBUG novaclient.v2.client [-] GET call to compute for http://172.30.9.33:8774/v2.1/os-server-groups used request id req-ba808a99-e9b7-4948-9b11-30fd3f486e67 request /usr/lib/python2.7/site-packages/keystoneauth1/session.py:844
2019-07-16 21:15:23.519 1843 DEBUG novaclient.v2.client [-] REQ: curl -g -i -X GET http://172.30.9.33:8774/v2.1/os-server-groups -H "Accept: application/json" -H "User-Agent: python-novaclient" -H "X-Auth-Token: {SHA1}d88527f6c4f344ddff74ab62da16befaedd473ba" _http_log_request /usr/lib/python2.7/site-packages/keystoneauth1/session.py:448
2019-07-16 21:15:23.825 1843 DEBUG novaclient.v2.client [-] RESP: [200] Content-Length: 21 Content-Type: application/json Date: Tue, 16 Jul 2019 21:15:23 GMT OpenStack-API-Version: compute 2.1 Server: Apache Vary: OpenStack-API-Version,X-OpenStack-Nova-API-Version X-OpenStack-Nova-API-Version: 2.1 x-compute-request-id: req-3a917e95-4d2e-4c62-8f1e-f1506a79e588 x-openstack-request-id: req-3a917e95-4d2e-4c62-8f1e-f1506a79e588 _http_log_response /usr/lib/python2.7/site-packages/keystoneauth1/session.py:479
2019-07-16 21:15:23.825 1843 DEBUG novaclient.v2.client [-] RESP BODY: {"server_groups": []} _http_log_response /usr/lib/python2.7/site-packages/keystoneauth1/session.py:511
2019-07-16 21:15:23.825 1843 DEBUG novaclient.v2.client [-] GET call to compute for http://172.30.9.33:8774/v2.1/os-server-groups used request id req-3a917e95-4d2e-4c62-8f1e-f1506a79e588 request /usr/lib/python2.7/site-packages/keystoneauth1/session.py:844
2019-07-16 21:15:24.261 1843 DEBUG novaclient.v2.client [-] REQ: curl -g -i -X GET http://172.30.9.33:8774/v2.1/os-server-groups -H "Accept: application/json" -H "User-Agent: python-novaclient" -H "X-Auth-Token: {SHA1}2e2b061159f35aaba56f662dcc973f236ca7160e" _http_log_request /usr/lib/python2.7/site-packages/keystoneauth1/session.py:448
2019-07-16 21:15:24.566 1843 DEBUG novaclient.v2.client [-] RESP: [200] Content-Length: 21 Content-Type: application/json Date: Tue, 16 Jul 2019 21:15:24 GMT OpenStack-API-Version: compute 2.1 Server: Apache Vary: OpenStack-API-Version,X-OpenStack-Nova-API-Version X-OpenStack-Nova-API-Version: 2.1 x-compute-request-id: req-3a26906b-07bc-49e4-b7e7-41d3194a85bd x-openstack-request-id: req-3a26906b-07bc-49e4-b7e7-41d3194a85bd _http_log_response /usr/lib/python2.7/site-packages/keystoneauth1/session.py:479
2019-07-16 21:15:24.567 1843 DEBUG novaclient.v2.client [-] RESP BODY: {"server_groups": []} _http_log_response /usr/lib/python2.7/site-packages/keystoneauth1/session.py:511
2019-07-16 21:15:24.567 1843 DEBUG novaclient.v2.client [-] GET call to compute for http://172.30.9.33:8774/v2.1/os-server-groups used request id req-3a26906b-07bc-49e4-b7e7-41d3194a85bd request /usr/lib/python2.7/site-packages/keystoneauth1/session.py:844
2019-07-16 21:15:24.574 1843 RALLYDEBUG rally_openstack.cleanup.manager [-] Cleaning up nova keypairs objects
2019-07-16 21:15:25.013 1843 DEBUG novaclient.v2.client [-] REQ: curl -g -i -X GET http://172.30.9.33:8774/v2.1/os-keypairs -H "Accept: application/json" -H "User-Agent: python-novaclient" -H "X-Auth-Token: {SHA1}de928aa671e1cb79fd9e0f577027f913eb62d742" _http_log_request /usr/lib/python2.7/site-packages/keystoneauth1/session.py:448
2019-07-16 21:15:25.334 1843 DEBUG novaclient.v2.client [-] RESP: [200] Content-Length: 16 Content-Type: application/json Date: Tue, 16 Jul 2019 21:15:25 GMT OpenStack-API-Version: compute 2.1 Server: Apache Vary: OpenStack-API-Version,X-OpenStack-Nova-API-Version X-OpenStack-Nova-API-Version: 2.1 x-compute-request-id: req-42d09582-1456-4707-8f9e-b117d648c6bb x-openstack-request-id: req-42d09582-1456-4707-8f9e-b117d648c6bb _http_log_response /usr/lib/python2.7/site-packages/keystoneauth1/session.py:479
2019-07-16 21:15:25.334 1843 DEBUG novaclient.v2.client [-] RESP BODY: {"keypairs": []} _http_log_response /usr/lib/python2.7/site-packages/keystoneauth1/session.py:511
2019-07-16 21:15:25.335 1843 DEBUG novaclient.v2.client [-] GET call to compute for http://172.30.9.33:8774/v2.1/os-keypairs used request id req-42d09582-1456-4707-8f9e-b117d648c6bb request /usr/lib/python2.7/site-packages/keystoneauth1/session.py:844
2019-07-16 21:15:25.770 1843 DEBUG novaclient.v2.client [-] REQ: curl -g -i -X GET http://172.30.9.33:8774/v2.1/os-keypairs -H "Accept: application/json" -H "User-Agent: python-novaclient" -H "X-Auth-Token: {SHA1}1a74e71e31e1ccd707f720a096df33532dbd30bb" _http_log_request /usr/lib/python2.7/site-packages/keystoneauth1/session.py:448
2019-07-16 21:15:26.073 1843 DEBUG novaclient.v2.client [-] RESP: [200] Content-Length: 16 Content-Type: application/json Date: Tue, 16 Jul 2019 21:15:25 GMT OpenStack-API-Version: compute 2.1 Server: Apache Vary: OpenStack-API-Version,X-OpenStack-Nova-API-Version X-OpenStack-Nova-API-Version: 2.1 x-compute-request-id: req-966037ab-172c-4e51-a4ec-5409154d35ae x-openstack-request-id: req-966037ab-172c-4e51-a4ec-5409154d35ae _http_log_response /usr/lib/python2.7/site-packages/keystoneauth1/session.py:479
2019-07-16 21:15:26.073 1843 DEBUG novaclient.v2.client [-] RESP BODY: {"keypairs": []} _http_log_response /usr/lib/python2.7/site-packages/keystoneauth1/session.py:511
2019-07-16 21:15:26.073 1843 DEBUG novaclient.v2.client [-] GET call to compute for http://172.30.9.33:8774/v2.1/os-keypairs used request id req-966037ab-172c-4e51-a4ec-5409154d35ae request /usr/lib/python2.7/site-packages/keystoneauth1/session.py:844
2019-07-16 21:15:26.511 1843 DEBUG novaclient.v2.client [-] REQ: curl -g -i -X GET http://172.30.9.33:8774/v2.1/os-keypairs -H "Accept: application/json" -H "User-Agent: python-novaclient" -H "X-Auth-Token: {SHA1}ff8277dfac524cf4ddc6372603a8c1db8ed3f110" _http_log_request /usr/lib/python2.7/site-packages/keystoneauth1/session.py:448
2019-07-16 21:15:26.814 1843 DEBUG novaclient.v2.client [-] RESP: [200] Content-Length: 16 Content-Type: application/json Date: Tue, 16 Jul 2019 21:15:26 GMT OpenStack-API-Version: compute 2.1 Server: Apache Vary: OpenStack-API-Version,X-OpenStack-Nova-API-Version X-OpenStack-Nova-API-Version: 2.1 x-compute-request-id: req-cf45b2e3-8c45-4456-8430-c3c157610bad x-openstack-request-id: req-cf45b2e3-8c45-4456-8430-c3c157610bad _http_log_response /usr/lib/python2.7/site-packages/keystoneauth1/session.py:479
2019-07-16 21:15:26.814 1843 DEBUG novaclient.v2.client [-] RESP BODY: {"keypairs": []} _http_log_response /usr/lib/python2.7/site-packages/keystoneauth1/session.py:511
2019-07-16 21:15:26.814 1843 DEBUG novaclient.v2.client [-] GET call to compute for http://172.30.9.33:8774/v2.1/os-keypairs used request id req-cf45b2e3-8c45-4456-8430-c3c157610bad request /usr/lib/python2.7/site-packages/keystoneauth1/session.py:844
2019-07-16 21:15:27.262 1843 DEBUG novaclient.v2.client [-] REQ: curl -g -i -X GET http://172.30.9.33:8774/v2.1/os-keypairs -H "Accept: application/json" -H "User-Agent: python-novaclient" -H "X-Auth-Token: {SHA1}5ff8dc23e136d45cc713c81ed7f19215022e02ae" _http_log_request /usr/lib/python2.7/site-packages/keystoneauth1/session.py:448
2019-07-16 21:15:27.562 1843 DEBUG novaclient.v2.client [-] RESP: [200] Content-Length: 16 Content-Type: application/json Date: Tue, 16 Jul 2019 21:15:27 GMT OpenStack-API-Version: compute 2.1 Server: Apache Vary: OpenStack-API-Version,X-OpenStack-Nova-API-Version X-OpenStack-Nova-API-Version: 2.1 x-compute-request-id: req-6002a51b-8a8b-483f-a482-4f902d917ca9 x-openstack-request-id: req-6002a51b-8a8b-483f-a482-4f902d917ca9 _http_log_response /usr/lib/python2.7/site-packages/keystoneauth1/session.py:479
2019-07-16 21:15:27.562 1843 DEBUG novaclient.v2.client [-] RESP BODY: {"keypairs": []} _http_log_response /usr/lib/python2.7/site-packages/keystoneauth1/session.py:511
2019-07-16 21:15:27.563 1843 DEBUG novaclient.v2.client [-] GET call to compute for http://172.30.9.33:8774/v2.1/os-keypairs used request id req-6002a51b-8a8b-483f-a482-4f902d917ca9 request /usr/lib/python2.7/site-packages/keystoneauth1/session.py:844
2019-07-16 21:15:27.997 1843 DEBUG novaclient.v2.client [-] REQ: curl -g -i -X GET http://172.30.9.33:8774/v2.1/os-keypairs -H "Accept: application/json" -H "User-Agent: python-novaclient" -H "X-Auth-Token: {SHA1}f3c0c662c4bf82e7b6572335d0a0ce8ca808adf7" _http_log_request /usr/lib/python2.7/site-packages/keystoneauth1/session.py:448
2019-07-16 21:15:28.294 1843 DEBUG novaclient.v2.client [-] RESP: [200] Content-Length: 16 Content-Type: application/json Date: Tue, 16 Jul 2019 21:15:28 GMT OpenStack-API-Version: compute 2.1 Server: Apache Vary: OpenStack-API-Version,X-OpenStack-Nova-API-Version X-OpenStack-Nova-API-Version: 2.1 x-compute-request-id: req-ebccc549-120d-4a48-8475-ef5825c06e99 x-openstack-request-id: req-ebccc549-120d-4a48-8475-ef5825c06e99 _http_log_response /usr/lib/python2.7/site-packages/keystoneauth1/session.py:479
2019-07-16 21:15:28.294 1843 DEBUG novaclient.v2.client [-] RESP BODY: {"keypairs": []} _http_log_response /usr/lib/python2.7/site-packages/keystoneauth1/session.py:511
2019-07-16 21:15:28.295 1843 DEBUG novaclient.v2.client [-] GET call to compute for http://172.30.9.33:8774/v2.1/os-keypairs used request id req-ebccc549-120d-4a48-8475-ef5825c06e99 request /usr/lib/python2.7/site-packages/keystoneauth1/session.py:844
2019-07-16 21:15:28.732 1843 DEBUG novaclient.v2.client [-] REQ: curl -g -i -X GET http://172.30.9.33:8774/v2.1/os-keypairs -H "Accept: application/json" -H "User-Agent: python-novaclient" -H "X-Auth-Token: {SHA1}768aab603fdc9d6f6c00c483d0bbde75b568dafb" _http_log_request /usr/lib/python2.7/site-packages/keystoneauth1/session.py:448
2019-07-16 21:15:29.036 1843 DEBUG novaclient.v2.client [-] RESP: [200] Content-Length: 16 Content-Type: application/json Date: Tue, 16 Jul 2019 21:15:28 GMT OpenStack-API-Version: compute 2.1 Server: Apache Vary: OpenStack-API-Version,X-OpenStack-Nova-API-Version X-OpenStack-Nova-API-Version: 2.1 x-compute-request-id: req-7563ec4c-7459-4b90-aac4-1a8a43484474 x-openstack-request-id: req-7563ec4c-7459-4b90-aac4-1a8a43484474 _http_log_response /usr/lib/python2.7/site-packages/keystoneauth1/session.py:479
2019-07-16 21:15:29.036 1843 DEBUG novaclient.v2.client [-] RESP BODY: {"keypairs": []} _http_log_response /usr/lib/python2.7/site-packages/keystoneauth1/session.py:511
2019-07-16 21:15:29.037 1843 DEBUG novaclient.v2.client [-] GET call to compute for http://172.30.9.33:8774/v2.1/os-keypairs used request id req-7563ec4c-7459-4b90-aac4-1a8a43484474 request /usr/lib/python2.7/site-packages/keystoneauth1/session.py:844
2019-07-16 21:15:29.043 1843 RALLYDEBUG rally_openstack.cleanup.manager [-] Cleaning up cinder backups objects
2019-07-16 21:15:31.334 1843 RALLYDEBUG rally_openstack.cleanup.manager [-] Cleaning up cinder volume_snapshots objects
2019-07-16 21:15:33.582 1843 RALLYDEBUG rally_openstack.cleanup.manager [-] Cleaning up cinder transfers objects
2019-07-16 21:15:35.722 1843 RALLYDEBUG rally_openstack.cleanup.manager [-] Cleaning up cinder volumes objects
2019-07-16 21:15:38.112 1843 INFO rally.task.context [-] Task d73c5757-dc53-44f2-87c5-1af5f623fbd4 | Context cleanup@openstack cleanup() finished in 18.33 sec
2019-07-16 21:15:38.112 1843 INFO rally.task.context [-] Task d73c5757-dc53-44f2-87c5-1af5f623fbd4 | Context quotas@openstack cleanup() started
2019-07-16 21:15:38.772 1843 INFO rally.task.context [-] Task d73c5757-dc53-44f2-87c5-1af5f623fbd4 | Context quotas@openstack cleanup() finished in 0.66 sec
2019-07-16 21:15:38.772 1843 INFO rally.task.context [-] Task d73c5757-dc53-44f2-87c5-1af5f623fbd4 | Context api_versions@openstack cleanup() started
2019-07-16 21:15:38.772 1843 INFO rally.task.context [-] Task d73c5757-dc53-44f2-87c5-1af5f623fbd4 | Context api_versions@openstack cleanup() finished in 0.32 msec
2019-07-16 21:15:38.773 1843 INFO rally.task.context [-] Task d73c5757-dc53-44f2-87c5-1af5f623fbd4 | Context users@openstack cleanup() started
2019-07-16 21:15:46.912 1843 INFO rally.task.context [-] Task d73c5757-dc53-44f2-87c5-1af5f623fbd4 | Context users@openstack cleanup() finished in 8.14 sec
2019-07-16 21:15:48.178 1843 INFO rally.task.engine [-] Load duration is: 98.531157
2019-07-16 21:15:48.178 1843 INFO rally.task.engine [-] Full runner duration is: 99.5803
2019-07-16 21:15:48.179 1843 INFO rally.task.engine [-] Full duration is: 137.235165
2019-07-16 21:15:48.420 1843 INFO rally.task.engine [-] Running workload: position = 0 config = { "version": 2, "title": "A cropped version of a bigger task.", "description": "Auto-generated task from a single workload (uuid=ae6c477a-2c79-47e0-adf9-db374efbb0fb)", "subtasks": [ { "title": "CinderVolumes.create_and_list_snapshots", "description": "Create and then list a volume-snapshot.", "scenario": { "CinderVolumes.create_and_list_snapshots": { "detailed": true, "force": false } }, "contexts": { "users": { "tenants": 3, "users_per_tenant": 2 }, "quotas": { "cinder": { "gigabytes": -1, "snapshots": -1, "volumes": -1 } }, "api_versions": { "cinder": { "version": 3, "service_type": "volumev3" } }, "volumes": { "size": 1, "volumes_per_tenant": 1 } }, "runner": { "constant": { "concurrency": 4, "times": 10 } }, "hooks": [], "sla": { "failure_rate": { "max": 0 } } } ] }
2019-07-16 21:15:48.438 1843 RALLYDEBUG rally_openstack.contexts.keystone.users [-] Creating 3 tenants using 20 threads
2019-07-16 21:15:50.403 1843 RALLYDEBUG rally_openstack.contexts.keystone.users [-] Creating 6 users using 20 threads
2019-07-16 21:15:53.395 1843 INFO rally.task.context [-] Task d73c5757-dc53-44f2-87c5-1af5f623fbd4 | Context users@openstack setup() finished in 4.96 sec
2019-07-16 21:15:53.852 1843 INFO rally.task.context [-] Task d73c5757-dc53-44f2-87c5-1af5f623fbd4 | Context api_versions@openstack setup() finished in 0.46 sec
2019-07-16 21:15:55.744 1843 INFO rally.task.context [-] Task d73c5757-dc53-44f2-87c5-1af5f623fbd4 | Context quotas@openstack setup() finished in 1.89 sec
2019-07-16 21:16:06.709 1843 INFO rally.task.context [-] Task d73c5757-dc53-44f2-87c5-1af5f623fbd4 | Context volumes@openstack setup() finished in 10.96 sec
2019-07-16 21:16:06.710 1843 INFO rally.task.context [-] Task d73c5757-dc53-44f2-87c5-1af5f623fbd4 | Context cleanup@openstack setup() finished in 0.01 msec
2019-07-16 21:16:06.717 1843 RALLYDEBUG rally.task.runner [-] Starting the constant runner (task UUID: d73c5757-dc53-44f2-87c5-1af5f623fbd4). timeout: 0 concurrency: 4 concurrency_per_worker: 1 times: 10 concurrency_overhead: 0 processes_to_start: 4 max_cpu_used: 16
2019-07-16 21:16:06.730 2211 RALLYDEBUG rally.task.runner [-] Starting a worker. concurrency: 1 args: {"detailed": true, "force": false} times: 10 method_name: run timeout: 0 duration: None cls:
2019-07-16 21:16:06.732 2212 RALLYDEBUG rally.task.runner [-] Starting a worker. concurrency: 1 args: {"detailed": true, "force": false} times: 10 method_name: run timeout: 0 duration: None cls:
2019-07-16 21:16:06.735 2213 RALLYDEBUG rally.task.runner [-] Starting a worker. concurrency: 1 args: {"detailed": true, "force": false} times: 10 method_name: run timeout: 0 duration: None cls:
2019-07-16 21:16:06.738 2211 INFO rally.task.runner [-] Task d73c5757-dc53-44f2-87c5-1af5f623fbd4 | ITER: 1 START
2019-07-16 21:16:06.738 2214 RALLYDEBUG rally.task.runner [-] Starting a worker. concurrency: 1 args: {"detailed": true, "force": false} times: 10 method_name: run timeout: 0 duration: None cls:
2019-07-16 21:16:06.740 2212 INFO rally.task.runner [-] Task d73c5757-dc53-44f2-87c5-1af5f623fbd4 | ITER: 2 START
2019-07-16 21:16:06.743 2213 INFO rally.task.runner [-] Task d73c5757-dc53-44f2-87c5-1af5f623fbd4 | ITER: 3 START
2019-07-16 21:16:06.746 2214 INFO rally.task.runner [-] Task d73c5757-dc53-44f2-87c5-1af5f623fbd4 | ITER: 4 START
2019-07-16 21:16:10.556 2211 INFO rally.task.runner [-] Task d73c5757-dc53-44f2-87c5-1af5f623fbd4 | ITER: 1 END: OK
2019-07-16 21:16:10.562 2211 INFO rally.task.runner [-] Task d73c5757-dc53-44f2-87c5-1af5f623fbd4 | ITER: 5 START
2019-07-16 21:16:10.671 2214 INFO rally.task.runner [-] Task d73c5757-dc53-44f2-87c5-1af5f623fbd4 | ITER: 4 END: OK
2019-07-16 21:16:10.677 2214 INFO rally.task.runner [-] Task d73c5757-dc53-44f2-87c5-1af5f623fbd4 | ITER: 6 START
2019-07-16 21:16:10.701 2213 INFO rally.task.runner [-] Task d73c5757-dc53-44f2-87c5-1af5f623fbd4 | ITER: 3 END: OK
2019-07-16 21:16:10.706 2213 INFO rally.task.runner [-] Task d73c5757-dc53-44f2-87c5-1af5f623fbd4 | ITER: 7 START
2019-07-16 21:16:10.732 2212 INFO rally.task.runner [-] Task d73c5757-dc53-44f2-87c5-1af5f623fbd4 | ITER: 2 END: OK
2019-07-16 21:16:10.737 2212 INFO rally.task.runner [-] Task d73c5757-dc53-44f2-87c5-1af5f623fbd4 | ITER: 8 START
2019-07-16 21:16:14.206 2211 INFO rally.task.runner [-] Task d73c5757-dc53-44f2-87c5-1af5f623fbd4 | ITER: 5 END: OK
2019-07-16 21:16:14.211 2211 INFO rally.task.runner [-] Task d73c5757-dc53-44f2-87c5-1af5f623fbd4 | ITER: 9 START
2019-07-16 21:16:14.383 2214 INFO rally.task.runner [-] Task d73c5757-dc53-44f2-87c5-1af5f623fbd4 | ITER: 6 END: OK
2019-07-16 21:16:14.388 2214 INFO rally.task.runner [-] Task d73c5757-dc53-44f2-87c5-1af5f623fbd4 | ITER: 10 START
2019-07-16 21:16:14.462 2212 INFO rally.task.runner [-] Task d73c5757-dc53-44f2-87c5-1af5f623fbd4 | ITER: 8 END: OK
2019-07-16 21:16:14.547 2213 INFO rally.task.runner [-] Task d73c5757-dc53-44f2-87c5-1af5f623fbd4 | ITER: 7 END: OK
2019-07-16 21:16:17.848 2211 INFO rally.task.runner [-] Task d73c5757-dc53-44f2-87c5-1af5f623fbd4 | ITER: 9 END: OK
2019-07-16 21:16:18.352 2214 INFO rally.task.runner [-] Task d73c5757-dc53-44f2-87c5-1af5f623fbd4 | ITER: 10 END: OK
2019-07-16 21:16:18.381 1843 INFO rally.task.context [-] Task d73c5757-dc53-44f2-87c5-1af5f623fbd4 | Context cleanup@openstack cleanup() started
2019-07-16 21:16:18.383 1843 RALLYDEBUG rally_openstack.cleanup.manager [-] Cleaning up cinder backups objects
2019-07-16 21:16:20.551 1843 RALLYDEBUG rally_openstack.cleanup.manager [-] Cleaning up cinder volume_snapshots objects
2019-07-16 21:16:22.728 1843 RALLYDEBUG rally_openstack.cleanup.manager [-] Deleting cinder.volume_snapshots object s_rally_ae6c477a_35krRyMT (97c7d745-1bcf-42b8-a0ab-a94106ba6e14)
2019-07-16 21:16:22.728 1843 RALLYDEBUG rally_openstack.cleanup.manager [-] Deleting cinder.volume_snapshots object s_rally_ae6c477a_HHYbhEml (f9e3b720-5410-40f2-bf97-31a2e9a0bcbc)
2019-07-16 21:16:22.728 1843 RALLYDEBUG rally_openstack.cleanup.manager [-] Deleting cinder.volume_snapshots object s_rally_ae6c477a_RZF2yjtl (215f0ef9-9bd6-4cd4-8672-2365ec673023)
2019-07-16 21:16:22.729 1843 RALLYDEBUG rally_openstack.cleanup.manager [-] Deleting cinder.volume_snapshots object s_rally_ae6c477a_pFDCEu6D (0925d434-751a-47ab-9a61-ae0eb351bed2)
2019-07-16 21:16:22.733 1843 RALLYDEBUG rally_openstack.cleanup.manager [-] Deleting cinder.volume_snapshots object s_rally_ae6c477a_ClRWKRcZ (2afeece2-e77c-4eac-81d8-b34ed059610e)
2019-07-16 21:16:22.746 1843 RALLYDEBUG rally_openstack.cleanup.manager [-] Deleting cinder.volume_snapshots object s_rally_ae6c477a_oBx1qRWb (09fef2c3-ab2a-4a5d-96dc-64b0cdaf56e6)
2019-07-16 21:16:22.760 1843 RALLYDEBUG rally_openstack.cleanup.manager [-] Deleting cinder.volume_snapshots object s_rally_ae6c477a_CDuXh4jt (cd3d3205-d66b-437f-9172-2758f8245817)
2019-07-16 21:16:22.767 1843 RALLYDEBUG rally_openstack.cleanup.manager [-] Deleting cinder.volume_snapshots object s_rally_ae6c477a_lVhK1P6W (1b93adce-7818-4a2e-b4db-101cabe7913c)
2019-07-16 21:16:22.773 1843 RALLYDEBUG rally_openstack.cleanup.manager [-] Deleting cinder.volume_snapshots object s_rally_ae6c477a_4WQs1w3E (c8e246d4-412e-40de-a37c-6adb902cd349)
2019-07-16 21:16:22.778 1843 RALLYDEBUG rally_openstack.cleanup.manager [-] Deleting cinder.volume_snapshots object s_rally_ae6c477a_M7njKOcE (fe943c99-d332-4e4d-8704-019047ce0ce1)
2019-07-16 21:16:28.934 1843 RALLYDEBUG rally_openstack.cleanup.manager [-] Cleaning up cinder transfers objects
2019-07-16 21:16:31.007 1843 RALLYDEBUG rally_openstack.cleanup.manager [-] Cleaning up cinder volumes objects
2019-07-16 21:16:33.242 1843 INFO rally.task.context [-] Task d73c5757-dc53-44f2-87c5-1af5f623fbd4 | Context cleanup@openstack cleanup() finished in 14.86 sec
2019-07-16 21:16:33.243 1843 INFO rally.task.context [-] Task d73c5757-dc53-44f2-87c5-1af5f623fbd4 | Context volumes@openstack cleanup() started
2019-07-16 21:16:33.244 1843 RALLYDEBUG rally_openstack.cleanup.manager [-] Cleaning up cinder volumes objects
2019-07-16 21:16:35.433 1843 RALLYDEBUG rally_openstack.cleanup.manager [-] Deleting cinder.volumes object c_rally_ae6c477a_DKJV0LlP (0a052e34-73d8-4a6a-95c3-4823e0d1763c)
2019-07-16 21:16:35.437 1843 RALLYDEBUG rally_openstack.cleanup.manager [-] Deleting cinder.volumes object c_rally_ae6c477a_2ZooWFGl (85213ee3-4893-4c93-b732-f096f4a2eab4)
2019-07-16 21:16:35.441 1843 RALLYDEBUG rally_openstack.cleanup.manager [-] Deleting cinder.volumes object c_rally_ae6c477a_NOM7s7ba (e310f88d-f3be-4db3-b76f-1b272b3d1391)
2019-07-16 21:16:38.897 1843 INFO rally.task.context [-] Task d73c5757-dc53-44f2-87c5-1af5f623fbd4 | Context volumes@openstack cleanup() finished in 5.65 sec
2019-07-16 21:16:38.897 1843 INFO rally.task.context [-] Task d73c5757-dc53-44f2-87c5-1af5f623fbd4 | Context quotas@openstack cleanup() started
2019-07-16 21:16:39.873 1843 INFO rally.task.context [-] Task d73c5757-dc53-44f2-87c5-1af5f623fbd4 | Context quotas@openstack cleanup() finished in 0.98 sec
2019-07-16 21:16:39.874 1843 INFO rally.task.context [-] Task d73c5757-dc53-44f2-87c5-1af5f623fbd4 | Context api_versions@openstack cleanup() started
2019-07-16 21:16:39.874 1843 INFO rally.task.context [-] Task d73c5757-dc53-44f2-87c5-1af5f623fbd4 | Context api_versions@openstack cleanup() finished in 0.34 msec
2019-07-16 21:16:39.875 1843 INFO rally.task.context [-] Task d73c5757-dc53-44f2-87c5-1af5f623fbd4 | Context users@openstack cleanup() started
2019-07-16 21:16:48.372 1843 INFO rally.task.context [-] Task d73c5757-dc53-44f2-87c5-1af5f623fbd4 | Context users@openstack cleanup() finished in 8.50 sec
2019-07-16 21:16:48.680 1843 INFO rally.task.engine [-] Load duration is: 11.609233
2019-07-16 21:16:48.681 1843 INFO rally.task.engine [-] Full runner duration is: 11.663909
2019-07-16 21:16:48.681 1843 INFO rally.task.engine [-] Full duration is: 59.937469
2019-07-16 21:16:48.875 1843 INFO rally.task.engine [-] Running workload: position = 0 config = { "version": 2, "title": "A cropped version of a bigger task.", "description": "Auto-generated task from a single workload (uuid=d1040338-0096-4391-a898-6bc90985a490)", "subtasks": [ { "title": "CinderVolumes.create_and_list_volume", "description": "Create a volume and list all volumes.", "scenario": { "CinderVolumes.create_and_list_volume": { "detailed": true, "image": { "name": "rally_full-img_e9656824-86b9-4b01-9ead-bc26c32b518f" }, "size": 1 } }, "contexts": { "users": { "tenants": 3, "users_per_tenant": 2 }, "quotas": { "cinder": { "gigabytes": -1, "snapshots": -1, "volumes": -1 } }, "api_versions": { "cinder": { "version": 3, "service_type": "volumev3" } } }, "runner": { "constant": { "concurrency": 4, "times": 10 } }, "hooks": [], "sla": { "failure_rate": { "max": 0 } } } ] }
2019-07-16 21:16:48.898 1843 RALLYDEBUG rally_openstack.contexts.keystone.users [-] Creating 3 tenants using 20 threads
2019-07-16 21:16:50.673 1843 RALLYDEBUG rally_openstack.contexts.keystone.users [-] Creating 6 users using 20 threads
2019-07-16 21:16:53.626 1843 INFO rally.task.context [-] Task d73c5757-dc53-44f2-87c5-1af5f623fbd4 | Context users@openstack setup() finished in 4.73 sec
2019-07-16 21:16:54.075 1843 INFO rally.task.context [-] Task d73c5757-dc53-44f2-87c5-1af5f623fbd4 | Context api_versions@openstack setup() finished in 0.45 sec
2019-07-16 21:16:55.783 1843 INFO rally.task.context [-] Task d73c5757-dc53-44f2-87c5-1af5f623fbd4 | Context quotas@openstack setup() finished in 1.71 sec
2019-07-16 21:16:55.784 1843 INFO rally.task.context [-] Task d73c5757-dc53-44f2-87c5-1af5f623fbd4 | Context cleanup@openstack setup() finished in 0.01 msec
2019-07-16 21:16:56.861 1843 RALLYDEBUG rally.task.runner [-] Starting the constant runner (task UUID: d73c5757-dc53-44f2-87c5-1af5f623fbd4). timeout: 0 concurrency: 4 concurrency_per_worker: 1 times: 10 concurrency_overhead: 0 processes_to_start: 4 max_cpu_used: 16
2019-07-16 21:16:56.874 2415 RALLYDEBUG rally.task.runner [-] Starting a worker. concurrency: 1 args: {"detailed": true, "image": "422fe9bc-abc6-42c5-8674-8a9a87214e32", "size": 1} times: 10 method_name: run timeout: 0 duration: None cls:
2019-07-16 21:16:56.877 2416 RALLYDEBUG rally.task.runner [-] Starting a worker. concurrency: 1 args: {"detailed": true, "image": "422fe9bc-abc6-42c5-8674-8a9a87214e32", "size": 1} times: 10 method_name: run timeout: 0 duration: None cls:
2019-07-16 21:16:56.880 2417 RALLYDEBUG rally.task.runner [-] Starting a worker. concurrency: 1 args: {"detailed": true, "image": "422fe9bc-abc6-42c5-8674-8a9a87214e32", "size": 1} times: 10 method_name: run timeout: 0 duration: None cls:
2019-07-16 21:16:56.882 2418 RALLYDEBUG rally.task.runner [-] Starting a worker. concurrency: 1 args: {"detailed": true, "image": "422fe9bc-abc6-42c5-8674-8a9a87214e32", "size": 1} times: 10 method_name: run timeout: 0 duration: None cls:
2019-07-16 21:16:56.883 2415 INFO rally.task.runner [-] Task d73c5757-dc53-44f2-87c5-1af5f623fbd4 | ITER: 1 START
2019-07-16 21:16:56.885 2416 INFO rally.task.runner [-] Task d73c5757-dc53-44f2-87c5-1af5f623fbd4 | ITER: 2 START
2019-07-16 21:16:56.888 2417 INFO rally.task.runner [-] Task d73c5757-dc53-44f2-87c5-1af5f623fbd4 | ITER: 3 START
2019-07-16 21:16:56.890 2418 INFO rally.task.runner [-] Task d73c5757-dc53-44f2-87c5-1af5f623fbd4 | ITER: 4 START
2019-07-16 21:17:03.799 2418 RALLYDEBUG rally.task.utils [-] Waiting for resource s_rally_d1040338_8mSlSz3I. Status changed: CREATING => DOWNLOADING in 2.97250199318
2019-07-16 21:17:06.902 2415 RALLYDEBUG rally.task.utils [-] Waiting for resource s_rally_d1040338_UzQDZtWn. Status changed: CREATING => DOWNLOADING in 5.32768797874
2019-07-16 21:17:09.187 2416 RALLYDEBUG rally.task.utils [-] Waiting for resource s_rally_d1040338_BjeSVdN6. Status changed: CREATING => DOWNLOADING in 7.71891498566
2019-07-16 21:17:11.362 2417 RALLYDEBUG rally.task.utils [-] Waiting for resource s_rally_d1040338_UmYhr2bR. Status changed: CREATING => DOWNLOADING in 10.1489100456
2019-07-16 21:17:12.789 2418 RALLYDEBUG rally.task.utils [-] Waiting for resource s_rally_d1040338_8mSlSz3I. Status changed: DOWNLOADING => AVAILABLE in 8.98963212967
2019-07-16 21:17:13.123 2418 INFO rally.task.runner [-] Task d73c5757-dc53-44f2-87c5-1af5f623fbd4 | ITER: 4 END: OK
2019-07-16 21:17:13.128 2418 INFO rally.task.runner [-] Task d73c5757-dc53-44f2-87c5-1af5f623fbd4 | ITER: 5 START
2019-07-16 21:17:15.973 2417 RALLYDEBUG rally.task.utils [-] Waiting for resource s_rally_d1040338_UmYhr2bR. Status changed: DOWNLOADING => AVAILABLE in 4.61100006104
2019-07-16 21:17:16.121 2416 RALLYDEBUG rally.task.utils [-] Waiting for resource s_rally_d1040338_BjeSVdN6. Status changed: DOWNLOADING => AVAILABLE in 6.93397212029
2019-07-16 21:17:16.134 2415 RALLYDEBUG rally.task.utils [-] Waiting for resource s_rally_d1040338_UzQDZtWn. Status changed: DOWNLOADING => AVAILABLE in 9.23159003258
2019-07-16 21:17:16.229 2417 INFO rally.task.runner [-] Task d73c5757-dc53-44f2-87c5-1af5f623fbd4 | ITER: 3 END: OK
2019-07-16 21:17:16.234 2417 INFO rally.task.runner [-] Task d73c5757-dc53-44f2-87c5-1af5f623fbd4 | ITER: 6 START
2019-07-16 21:17:16.446 2416 INFO rally.task.runner [-] Task d73c5757-dc53-44f2-87c5-1af5f623fbd4 | ITER: 2 END: OK
2019-07-16 21:17:16.452 2416 INFO rally.task.runner [-] Task d73c5757-dc53-44f2-87c5-1af5f623fbd4 | ITER: 7 START
2019-07-16 21:17:16.469 2415 INFO rally.task.runner [-] Task d73c5757-dc53-44f2-87c5-1af5f623fbd4 | ITER: 1 END: OK
2019-07-16 21:17:16.475 2415 INFO rally.task.runner [-] Task d73c5757-dc53-44f2-87c5-1af5f623fbd4 | ITER: 8 START
2019-07-16 21:17:22.459 2418 RALLYDEBUG rally.task.utils [-] Waiting for resource s_rally_d1040338_AU4euKOW. Status changed: CREATING => DOWNLOADING in 3.01933097839
2019-07-16 21:17:26.511 2416 RALLYDEBUG rally.task.utils [-] Waiting for resource s_rally_d1040338_tLvs8hCP. Status changed: CREATING => DOWNLOADING in 5.30020403862
2019-07-16 21:17:27.158 2418 RALLYDEBUG rally.task.utils [-] Waiting for resource s_rally_d1040338_AU4euKOW. Status changed: DOWNLOADING => AVAILABLE in 4.69945001602
2019-07-16 21:17:27.505 2418 INFO rally.task.runner [-] Task d73c5757-dc53-44f2-87c5-1af5f623fbd4 | ITER: 5 END: OK
2019-07-16 21:17:27.510 2418 INFO rally.task.runner [-] Task d73c5757-dc53-44f2-87c5-1af5f623fbd4 | ITER: 9 START
2019-07-16 21:17:30.261 2417 RALLYDEBUG rally.task.utils [-] Waiting for resource s_rally_d1040338_7Bs7g8fN. Status changed: CREATING => DOWNLOADING in 9.59092092514
2019-07-16 21:17:30.681 2415 RALLYDEBUG rally.task.utils [-] Waiting for resource s_rally_d1040338_bMsB1ctY. Status changed: CREATING => DOWNLOADING in 9.87043905258
2019-07-16 21:17:35.262 2415 RALLYDEBUG rally.task.utils [-] Waiting for resource s_rally_d1040338_bMsB1ctY. Status changed: DOWNLOADING => AVAILABLE in 4.5813601017
2019-07-16 21:17:35.335 2416 RALLYDEBUG rally.task.utils [-] Waiting for resource s_rally_d1040338_tLvs8hCP. Status changed: DOWNLOADING => AVAILABLE in 8.82348299026
2019-07-16 21:17:35.422 2416 INFO rally.task.runner [-] Task d73c5757-dc53-44f2-87c5-1af5f623fbd4 | ITER: 7 END: OK
2019-07-16 21:17:35.429 2416 INFO rally.task.runner [-] Task d73c5757-dc53-44f2-87c5-1af5f623fbd4 | ITER: 10 START
2019-07-16 21:17:35.603 2415 INFO rally.task.runner [-] Task d73c5757-dc53-44f2-87c5-1af5f623fbd4 | ITER: 8 END: OK
2019-07-16 21:17:37.301 2417 RALLYDEBUG rally.task.utils [-] Waiting for resource s_rally_d1040338_7Bs7g8fN. Status changed: DOWNLOADING => AVAILABLE in 7.04032802582
2019-07-16 21:17:37.645 2417 INFO rally.task.runner [-] Task d73c5757-dc53-44f2-87c5-1af5f623fbd4 | ITER: 6 END: OK
2019-07-16 21:17:40.760 2418 RALLYDEBUG rally.task.utils [-] Waiting for resource s_rally_d1040338_et2egLap. Status changed: CREATING => DOWNLOADING in 7.71971821785
2019-07-16 21:17:42.955 2416 RALLYDEBUG rally.task.utils [-] Waiting for resource s_rally_d1040338_NAMkpXKn. Status changed: CREATING => DOWNLOADING in 2.91776299477
2019-07-16 21:17:43.182 2418 RALLYDEBUG rally.task.utils [-] Waiting for resource s_rally_d1040338_et2egLap. Status changed: DOWNLOADING => AVAILABLE in 2.42253398895
2019-07-16 21:17:43.527 2418 INFO rally.task.runner [-] Task d73c5757-dc53-44f2-87c5-1af5f623fbd4 | ITER: 9 END: OK
2019-07-16 21:17:47.702 2416 RALLYDEBUG rally.task.utils [-] Waiting for resource s_rally_d1040338_NAMkpXKn. Status changed: DOWNLOADING => AVAILABLE in 4.74710202217
2019-07-16 21:17:48.100 2416 INFO rally.task.runner [-] Task d73c5757-dc53-44f2-87c5-1af5f623fbd4 | ITER: 10 END: OK
2019-07-16 21:17:48.125 1843 INFO rally.task.context [-] Task d73c5757-dc53-44f2-87c5-1af5f623fbd4 | Context cleanup@openstack cleanup() started
2019-07-16 21:17:48.128 1843 RALLYDEBUG rally_openstack.cleanup.manager [-] Cleaning up cinder backups objects
2019-07-16 21:17:50.268 1843 RALLYDEBUG rally_openstack.cleanup.manager [-] Cleaning up cinder volume_snapshots objects
2019-07-16 21:17:52.507 1843 RALLYDEBUG rally_openstack.cleanup.manager [-] Cleaning up cinder transfers objects
2019-07-16 21:17:54.464 1843 RALLYDEBUG rally_openstack.cleanup.manager [-] Cleaning up cinder volumes objects
2019-07-16 21:17:56.947 1843 RALLYDEBUG rally_openstack.cleanup.manager [-] Deleting cinder.volumes object s_rally_d1040338_NAMkpXKn (90c384a9-00a9-43bf-8133-6b717a4e0ea4)
2019-07-16 21:17:56.948 1843 RALLYDEBUG rally_openstack.cleanup.manager [-] Deleting cinder.volumes object s_rally_d1040338_et2egLap (701eedf6-b175-4ca1-94b6-6e90c0251516)
2019-07-16 21:17:56.952 1843 RALLYDEBUG rally_openstack.cleanup.manager [-] Deleting cinder.volumes object s_rally_d1040338_UzQDZtWn (49efe890-c342-40b6-a857-01bf776f8ea6)
2019-07-16 21:17:56.954 1843 RALLYDEBUG rally_openstack.cleanup.manager [-] Deleting cinder.volumes object s_rally_d1040338_bMsB1ctY (ae9095ad-8706-4a24-989e-cce96cf8d89d)
2019-07-16 21:17:56.955 1843 RALLYDEBUG rally_openstack.cleanup.manager [-] Deleting cinder.volumes object s_rally_d1040338_AU4euKOW (7d8ee55e-2148-4d23-a101-097cbc636a6a)
2019-07-16 21:17:56.957 1843 RALLYDEBUG rally_openstack.cleanup.manager [-] Deleting cinder.volumes object s_rally_d1040338_7Bs7g8fN (39cf7b02-a11f-4d60-9e33-2599cb1e648b)
2019-07-16 21:17:56.958 1843 RALLYDEBUG rally_openstack.cleanup.manager [-] Deleting cinder.volumes object s_rally_d1040338_BjeSVdN6 (5a058af4-f4e4-4f11-9df9-125645d2aacf)
2019-07-16 21:17:56.960 1843 RALLYDEBUG rally_openstack.cleanup.manager [-] Deleting cinder.volumes object s_rally_d1040338_8mSlSz3I (aed22f75-8ded-4c34-b1d1-7d50a3d0ab11)
2019-07-16 21:17:56.963 1843 RALLYDEBUG rally_openstack.cleanup.manager [-] Deleting cinder.volumes object s_rally_d1040338_tLvs8hCP (5fa664de-a683-43b3-b2b6-3df995c85041)
2019-07-16 21:17:56.982 1843 RALLYDEBUG rally_openstack.cleanup.manager [-] Deleting cinder.volumes object s_rally_d1040338_UmYhr2bR (755e06de-8808-465c-8686-a60e8eb27422)
2019-07-16 21:18:02.257 1843 INFO rally.task.context [-] Task d73c5757-dc53-44f2-87c5-1af5f623fbd4 | Context cleanup@openstack cleanup() finished in 14.13 sec
2019-07-16 21:18:02.258 1843 INFO rally.task.context [-] Task d73c5757-dc53-44f2-87c5-1af5f623fbd4 | Context quotas@openstack cleanup() started
2019-07-16 21:18:02.778 1843 INFO rally.task.context [-] Task d73c5757-dc53-44f2-87c5-1af5f623fbd4 | Context quotas@openstack cleanup() finished in 0.52 sec
2019-07-16 21:18:02.778 1843 INFO rally.task.context [-] Task d73c5757-dc53-44f2-87c5-1af5f623fbd4 | Context api_versions@openstack cleanup() started
2019-07-16 21:18:02.779 1843 INFO rally.task.context [-] Task d73c5757-dc53-44f2-87c5-1af5f623fbd4 | Context api_versions@openstack cleanup() finished in 0.31 msec
2019-07-16 21:18:02.779 1843 INFO rally.task.context [-] Task d73c5757-dc53-44f2-87c5-1af5f623fbd4 | Context users@openstack cleanup() started
2019-07-16 21:18:11.613 1843 INFO rally.task.context [-] Task d73c5757-dc53-44f2-87c5-1af5f623fbd4 | Context users@openstack cleanup() finished in 8.83 sec
2019-07-16 21:18:13.207 1843 INFO rally.task.engine [-] Load duration is: 51.212759
2019-07-16 21:18:13.208 1843 INFO rally.task.engine [-] Full runner duration is: 51.264214
2019-07-16 21:18:13.208 1843 INFO rally.task.engine [-] Full duration is: 82.717475
2019-07-16 21:18:13.340 1843 INFO rally.task.engine [-] Running workload: position = 1 config = { "version": 2, "title": "A cropped version of a bigger task.", "description": "Auto-generated task from a single workload (uuid=8a0b001a-258a-4213-8088-1fcbfe5a882f)", "subtasks": [ { "title": "CinderVolumes.create_and_list_volume", "description": "Create a volume and list all volumes.", "scenario": { "CinderVolumes.create_and_list_volume": { "detailed": true, "size": 1 } }, "contexts": { "users": { "tenants": 3, "users_per_tenant": 2 }, "quotas": { "cinder": { "gigabytes": -1, "snapshots": -1, "volumes": -1 } }, "api_versions": { "cinder": { "version": 3, "service_type": "volumev3" } } }, "runner": { "constant": { "concurrency": 4, "times": 10 } }, "hooks": [], "sla": { "failure_rate": { "max": 0 } } } ] }
2019-07-16 21:18:13.363 1843 RALLYDEBUG rally_openstack.contexts.keystone.users [-] Creating 3 tenants using 20 threads
2019-07-16 21:18:15.327 1843 RALLYDEBUG rally_openstack.contexts.keystone.users [-] Creating 6 users using 20 threads
2019-07-16 21:18:18.181 1843 INFO rally.task.context [-] Task d73c5757-dc53-44f2-87c5-1af5f623fbd4 | Context users@openstack setup() finished in 4.82 sec
2019-07-16 21:18:18.607 1843 INFO rally.task.context [-] Task d73c5757-dc53-44f2-87c5-1af5f623fbd4 | Context api_versions@openstack setup() finished in 0.43 sec
2019-07-16 21:18:20.227 1843 INFO rally.task.context [-] Task d73c5757-dc53-44f2-87c5-1af5f623fbd4 | Context quotas@openstack setup() finished in 1.62 sec
2019-07-16 21:18:20.228 1843 INFO rally.task.context [-] Task d73c5757-dc53-44f2-87c5-1af5f623fbd4 | Context cleanup@openstack setup() finished in 0.01 msec
2019-07-16 21:18:20.235 1843 RALLYDEBUG rally.task.runner [-] Starting the constant runner (task UUID: d73c5757-dc53-44f2-87c5-1af5f623fbd4). timeout: 0 concurrency: 4 concurrency_per_worker: 1 times: 10 concurrency_overhead: 0 processes_to_start: 4 max_cpu_used: 16
2019-07-16 21:18:20.248 2599 RALLYDEBUG rally.task.runner [-] Starting a worker. concurrency: 1 args: {"detailed": true, "size": 1} times: 10 method_name: run timeout: 0 duration: None cls:
2019-07-16 21:18:20.252 2600 RALLYDEBUG rally.task.runner [-] Starting a worker. concurrency: 1 args: {"detailed": true, "size": 1} times: 10 method_name: run timeout: 0 duration: None cls:
2019-07-16 21:18:20.255 2601 RALLYDEBUG rally.task.runner [-] Starting a worker. concurrency: 1 args: {"detailed": true, "size": 1} times: 10 method_name: run timeout: 0 duration: None cls:
2019-07-16 21:18:20.256 2599 INFO rally.task.runner [-] Task d73c5757-dc53-44f2-87c5-1af5f623fbd4 | ITER: 1 START
2019-07-16 21:18:20.259 2602 RALLYDEBUG rally.task.runner [-] Starting a worker. concurrency: 1 args: {"detailed": true, "size": 1} times: 10 method_name: run timeout: 0 duration: None cls:
2019-07-16 21:18:20.260 2600 INFO rally.task.runner [-] Task d73c5757-dc53-44f2-87c5-1af5f623fbd4 | ITER: 2 START
2019-07-16 21:18:20.264 2601 INFO rally.task.runner [-] Task d73c5757-dc53-44f2-87c5-1af5f623fbd4 | ITER: 3 START
2019-07-16 21:18:20.269 2602 INFO rally.task.runner [-] Task d73c5757-dc53-44f2-87c5-1af5f623fbd4 | ITER: 4 START
2019-07-16 21:18:24.071 2602 INFO rally.task.runner [-] Task d73c5757-dc53-44f2-87c5-1af5f623fbd4 | ITER: 4 END: OK
2019-07-16 21:18:24.074 2602 INFO rally.task.runner [-] Task d73c5757-dc53-44f2-87c5-1af5f623fbd4 | ITER: 5 START
2019-07-16 21:18:24.206 2599 INFO rally.task.runner [-] Task d73c5757-dc53-44f2-87c5-1af5f623fbd4 | ITER: 1 END: OK
2019-07-16 21:18:24.211 2599 INFO rally.task.runner [-] Task d73c5757-dc53-44f2-87c5-1af5f623fbd4 | ITER: 6 START
2019-07-16 21:18:24.441 2600 INFO rally.task.runner [-] Task d73c5757-dc53-44f2-87c5-1af5f623fbd4 | ITER: 2 END: OK
2019-07-16 21:18:24.446 2600 INFO rally.task.runner [-] Task d73c5757-dc53-44f2-87c5-1af5f623fbd4 | ITER: 7 START
2019-07-16 21:18:24.494 2601 INFO rally.task.runner [-] Task d73c5757-dc53-44f2-87c5-1af5f623fbd4 | ITER: 3 END: OK
2019-07-16 21:18:24.499 2601 INFO rally.task.runner [-] Task d73c5757-dc53-44f2-87c5-1af5f623fbd4 | ITER: 8 START
2019-07-16 21:18:28.016 2602 INFO rally.task.runner [-] Task d73c5757-dc53-44f2-87c5-1af5f623fbd4 | ITER: 5 END: OK
2019-07-16 21:18:28.020 2602 INFO rally.task.runner [-] Task d73c5757-dc53-44f2-87c5-1af5f623fbd4 | ITER: 9 START
2019-07-16 21:18:28.133 2600 INFO rally.task.runner [-] Task d73c5757-dc53-44f2-87c5-1af5f623fbd4 | ITER: 7 END: OK
2019-07-16 21:18:28.138 2600 INFO rally.task.runner [-] Task d73c5757-dc53-44f2-87c5-1af5f623fbd4 | ITER: 10 START
2019-07-16 21:18:28.415 2599 INFO rally.task.runner [-] Task d73c5757-dc53-44f2-87c5-1af5f623fbd4 | ITER: 6 END: OK
2019-07-16 21:18:28.532 2601 INFO rally.task.runner [-] Task d73c5757-dc53-44f2-87c5-1af5f623fbd4 | ITER: 8 END: OK
2019-07-16 21:18:31.709 2600 INFO rally.task.runner [-] Task d73c5757-dc53-44f2-87c5-1af5f623fbd4 | ITER: 10 END: OK
2019-07-16 21:18:32.019 2602 INFO rally.task.runner [-] Task d73c5757-dc53-44f2-87c5-1af5f623fbd4 | ITER: 9 END: OK
2019-07-16 21:18:32.044 1843 INFO rally.task.context [-] Task d73c5757-dc53-44f2-87c5-1af5f623fbd4 | Context cleanup@openstack cleanup() started
2019-07-16 21:18:32.046 1843 RALLYDEBUG rally_openstack.cleanup.manager [-] Cleaning up cinder backups objects
2019-07-16 21:18:34.247 1843 RALLYDEBUG rally_openstack.cleanup.manager [-] Cleaning up cinder volume_snapshots objects
2019-07-16 21:18:36.314 1843 RALLYDEBUG rally_openstack.cleanup.manager [-] Cleaning up cinder transfers objects
2019-07-16 21:18:38.537 1843 RALLYDEBUG rally_openstack.cleanup.manager [-] Cleaning up cinder volumes objects
2019-07-16 21:18:40.871 1843 RALLYDEBUG rally_openstack.cleanup.manager [-] Deleting cinder.volumes object s_rally_8a0b001a_GQ1mloMY (6f8f8e8d-6678-4671-aba7-7c533f4babea)
2019-07-16 21:18:40.877 1843 RALLYDEBUG rally_openstack.cleanup.manager [-] Deleting cinder.volumes object s_rally_8a0b001a_KaMirump (e751212e-c2a5-42fd-9238-4058e5dcda0e)
2019-07-16 21:18:40.883 1843 RALLYDEBUG rally_openstack.cleanup.manager [-] Deleting cinder.volumes object s_rally_8a0b001a_zPNFrn3O (105df76c-2b17-437e-b2c0-beb1bcd0428d)
2019-07-16 21:18:40.888 1843 RALLYDEBUG rally_openstack.cleanup.manager [-] Deleting cinder.volumes object s_rally_8a0b001a_Ia1DAcB0 (e52fb698-c1d6-4ba0-b929-d70cfeb5951d)
2019-07-16 21:18:40.896 1843 RALLYDEBUG rally_openstack.cleanup.manager [-] Deleting cinder.volumes object s_rally_8a0b001a_6jlXAKSV (f9293860-aaed-49c1-932f-e5bf44724f36)
2019-07-16 21:18:40.899 1843 RALLYDEBUG rally_openstack.cleanup.manager [-] Deleting cinder.volumes object s_rally_8a0b001a_2JsHaLhS (2c53129e-054c-4a7c-aedf-0975403332cd)
2019-07-16 21:18:40.908 1843 RALLYDEBUG rally_openstack.cleanup.manager [-] Deleting cinder.volumes object s_rally_8a0b001a_NmMuKeVF (bcf52d3d-ad1b-4234-bf41-0f866cdd1ea4)
2019-07-16 21:18:40.909 1843 RALLYDEBUG rally_openstack.cleanup.manager [-] Deleting cinder.volumes object s_rally_8a0b001a_O98RHBdN (cd8dc0b3-f74c-4803-8a5b-e6ab064d67be)
2019-07-16 21:18:40.931 1843 RALLYDEBUG rally_openstack.cleanup.manager [-] Deleting cinder.volumes object s_rally_8a0b001a_kIxSVonh (952c28fb-00f1-4ad5-816d-64bdf53c8f68)
2019-07-16 21:18:40.932 1843 RALLYDEBUG rally_openstack.cleanup.manager [-] Deleting cinder.volumes object s_rally_8a0b001a_cfX0Tm8F (699e190e-9e63-4937-b6ed-195994ee9d5a)
2019-07-16 21:18:44.667 1843 INFO rally.task.context [-] Task d73c5757-dc53-44f2-87c5-1af5f623fbd4 | Context cleanup@openstack cleanup() finished in 12.62 sec
2019-07-16 21:18:44.667 1843 INFO rally.task.context [-] Task d73c5757-dc53-44f2-87c5-1af5f623fbd4 | Context quotas@openstack cleanup() started
2019-07-16 21:18:45.533 1843 INFO rally.task.context [-] Task d73c5757-dc53-44f2-87c5-1af5f623fbd4 | Context quotas@openstack cleanup() finished in 0.87 sec
2019-07-16 21:18:45.533 1843 INFO rally.task.context [-] Task d73c5757-dc53-44f2-87c5-1af5f623fbd4 | Context api_versions@openstack cleanup() started
2019-07-16 21:18:45.534 1843 INFO rally.task.context [-] Task d73c5757-dc53-44f2-87c5-1af5f623fbd4 | Context api_versions@openstack cleanup() finished in 0.28 msec
2019-07-16 21:18:45.534 1843 INFO rally.task.context [-] Task d73c5757-dc53-44f2-87c5-1af5f623fbd4 | Context users@openstack cleanup() started
2019-07-16 21:18:53.901 1843 INFO rally.task.context [-] Task d73c5757-dc53-44f2-87c5-1af5f623fbd4 | Context users@openstack cleanup() finished in 8.37 sec
2019-07-16 21:18:55.563 1843 INFO rally.task.engine [-] Load duration is: 11.758809
2019-07-16 21:18:55.564 1843 INFO rally.task.engine [-] Full runner duration is: 11.808769
2019-07-16 21:18:55.564 1843 INFO rally.task.engine [-] Full duration is: 40.540997
2019-07-16 21:18:55.756 1843 INFO rally.task.engine [-] Running workload: position = 0 config = { "version": 2, "title": "A cropped version of a bigger task.", "description": "Auto-generated task from a single workload (uuid=b4654fb6-71cd-49ff-8921-8d92b7995f8b)", "subtasks": [ { "title": "CinderVolumes.create_and_upload_volume_to_image", "description": "Create and upload a volume to image.", "scenario": { "CinderVolumes.create_and_upload_volume_to_image": { "container_format": "bare", "disk_format": "raw", "do_delete": true, "force": false, "size": 1 } }, "contexts": { "users": { "tenants": 3, "users_per_tenant": 2 }, "quotas": { "cinder": { "gigabytes": -1, "snapshots": -1, "volumes": -1 } }, "api_versions": { "cinder": { "version": 3, "service_type": "volumev3" } } }, "runner": { "constant": { "concurrency": 4, "times": 10 } }, "hooks": [], "sla": { "failure_rate": { "max": 0 } } } ] }
2019-07-16 21:18:55.778 1843 RALLYDEBUG rally_openstack.contexts.keystone.users [-] Creating 3 tenants using 20 threads
2019-07-16 21:18:57.601 1843 RALLYDEBUG rally_openstack.contexts.keystone.users [-] Creating 6 users using 20 threads
2019-07-16 21:19:00.429 1843 INFO rally.task.context [-] Task d73c5757-dc53-44f2-87c5-1af5f623fbd4 | Context users@openstack setup() finished in 4.65 sec
2019-07-16 21:19:00.856 1843 INFO rally.task.context [-] Task d73c5757-dc53-44f2-87c5-1af5f623fbd4 | Context api_versions@openstack setup() finished in 0.43 sec
2019-07-16 21:19:02.525 1843 INFO rally.task.context [-] Task d73c5757-dc53-44f2-87c5-1af5f623fbd4 | Context quotas@openstack setup() finished in 1.67 sec
2019-07-16 21:19:02.525 1843 INFO rally.task.context [-] Task d73c5757-dc53-44f2-87c5-1af5f623fbd4 | Context cleanup@openstack setup() finished in 0.00 msec
2019-07-16 21:19:02.531 1843 RALLYDEBUG rally.task.runner [-] Starting the constant runner (task UUID: d73c5757-dc53-44f2-87c5-1af5f623fbd4). timeout: 0 concurrency: 4 concurrency_per_worker: 1 times: 10 concurrency_overhead: 0 processes_to_start: 4 max_cpu_used: 16
2019-07-16 21:19:02.544 2783 RALLYDEBUG rally.task.runner [-] Starting a worker. concurrency: 1 args: {"container_format": "bare", "disk_format": "raw", "do_delete": true, "force": false, "size": 1} times: 10 method_name: run timeout: 0 duration: None cls:
2019-07-16 21:19:02.544 2784 RALLYDEBUG rally.task.runner [-] Starting a worker. concurrency: 1 args: {"container_format": "bare", "disk_format": "raw", "do_delete": true, "force": false, "size": 1} times: 10 method_name: run timeout: 0 duration: None cls:
2019-07-16 21:19:02.547 2785 RALLYDEBUG rally.task.runner [-] Starting a worker. concurrency: 1 args: {"container_format": "bare", "disk_format": "raw", "do_delete": true, "force": false, "size": 1} times: 10 method_name: run timeout: 0 duration: None cls:
2019-07-16 21:19:02.550 2786 RALLYDEBUG rally.task.runner [-] Starting a worker. concurrency: 1 args: {"container_format": "bare", "disk_format": "raw", "do_delete": true, "force": false, "size": 1} times: 10 method_name: run timeout: 0 duration: None cls:
2019-07-16 21:19:02.552 2783 INFO rally.task.runner [-] Task d73c5757-dc53-44f2-87c5-1af5f623fbd4 | ITER: 1 START
2019-07-16 21:19:02.552 2784 INFO rally.task.runner [-] Task d73c5757-dc53-44f2-87c5-1af5f623fbd4 | ITER: 2 START
2019-07-16 21:19:02.555 2785 INFO rally.task.runner [-] Task d73c5757-dc53-44f2-87c5-1af5f623fbd4 | ITER: 3 START
2019-07-16 21:19:02.558 2786 INFO rally.task.runner [-] Task d73c5757-dc53-44f2-87c5-1af5f623fbd4 | ITER: 4 START
2019-07-16 21:19:07.833 2783 RALLYDEBUG rally.task.utils [-] Waiting for resource s_rally_b4654fb6_f2cnoZ8j. Status changed: AVAILABLE => UPLOADING in 0.244182109833
2019-07-16 21:19:07.973 2784 RALLYDEBUG rally.task.utils [-] Waiting for resource s_rally_b4654fb6_bRC6ioMJ. Status changed: AVAILABLE => UPLOADING in 0.259104967117
2019-07-16 21:19:07.988 2785 RALLYDEBUG rally.task.utils [-] Waiting for resource s_rally_b4654fb6_lj8UzYNd. Status changed: AVAILABLE => UPLOADING in 0.254944086075
2019-07-16 21:19:08.256 2786 RALLYDEBUG rally.task.utils [-] Waiting for resource s_rally_b4654fb6_w1NxXzYi. Status changed: AVAILABLE => UPLOADING in 0.324374914169
2019-07-16 21:19:46.389 2785 RALLYDEBUG rally.task.utils [-] Waiting for resource s_rally_b4654fb6_lj8UzYNd. Status changed: UPLOADING => AVAILABLE in 38.4002799988
2019-07-16 21:19:47.187 2785 RALLYDEBUG rally.task.utils [-] Waiting for resource s_rally_b4654fb6_lj8UzYNd. Status changed: AVAILABLE => DELETING in 0.0568010807037
2019-07-16 21:19:49.627 2784 RALLYDEBUG rally.task.utils [-] Waiting for resource s_rally_b4654fb6_bRC6ioMJ. Status changed: UPLOADING => AVAILABLE in 41.6536710262
2019-07-16 21:19:50.038 2784 RALLYDEBUG rally.task.utils [-] Waiting for resource s_rally_b4654fb6_bRC6ioMJ. Status changed: AVAILABLE => DELETING in 0.0572869777679
2019-07-16 21:19:50.912 2785 INFO rally.task.runner [-] Task d73c5757-dc53-44f2-87c5-1af5f623fbd4 | ITER: 3 END: OK
2019-07-16 21:19:50.921 2785 INFO rally.task.runner [-] Task d73c5757-dc53-44f2-87c5-1af5f623fbd4 | ITER: 5 START
2019-07-16 21:19:53.464 2784 INFO rally.task.runner [-] Task d73c5757-dc53-44f2-87c5-1af5f623fbd4 | ITER: 2 END: OK
2019-07-16 21:19:53.472 2784 INFO rally.task.runner [-] Task d73c5757-dc53-44f2-87c5-1af5f623fbd4 | ITER: 6 START
2019-07-16 21:19:56.910 2785 RALLYDEBUG rally.task.utils [-] Waiting for resource s_rally_b4654fb6_xRq7CSjI. Status changed: AVAILABLE => UPLOADING in 0.331778049469
2019-07-16 21:19:59.458 2784 RALLYDEBUG rally.task.utils [-] Waiting for resource s_rally_b4654fb6_NUMcNfU0. Status changed: AVAILABLE => UPLOADING in 0.345072984695
2019-07-16 21:20:11.835 2786 RALLYDEBUG rally.task.utils [-] Waiting for resource s_rally_b4654fb6_w1NxXzYi. Status changed: UPLOADING => AVAILABLE in 63.5781309605
2019-07-16 21:20:12.105 2783 RALLYDEBUG rally.task.utils [-] Waiting for resource s_rally_b4654fb6_f2cnoZ8j. Status changed: UPLOADING => AVAILABLE in 64.2712090015
2019-07-16 21:20:12.721 2783 RALLYDEBUG rally.task.utils [-] Waiting for resource s_rally_b4654fb6_f2cnoZ8j. Status changed: AVAILABLE => DELETING in 0.0580239295959
2019-07-16 21:20:13.133 2786 RALLYDEBUG rally.task.utils [-] Waiting for resource s_rally_b4654fb6_w1NxXzYi. Status changed: AVAILABLE => DELETING in 0.194448947906
2019-07-16 21:20:17.003 2783 INFO rally.task.runner [-] Task d73c5757-dc53-44f2-87c5-1af5f623fbd4 | ITER: 1 END: OK
2019-07-16 21:20:17.010 2783 INFO rally.task.runner [-] Task d73c5757-dc53-44f2-87c5-1af5f623fbd4 | ITER: 7 START
2019-07-16 21:20:17.692 2786 INFO rally.task.runner [-] Task d73c5757-dc53-44f2-87c5-1af5f623fbd4 | ITER: 4 END: OK
