2019-07-16 21:31:27.284 1843 INFO rally.task.context [-] Task d73c5757-dc53-44f2-87c5-1af5f623fbd4 | Context users@openstack setup() finished in 4.92 sec
2019-07-16 21:31:27.816 1843 INFO rally.task.context [-] Task d73c5757-dc53-44f2-87c5-1af5f623fbd4 | Context api_versions@openstack setup() finished in 0.53 sec
2019-07-16 21:31:29.534 1843 INFO rally.task.context [-] Task d73c5757-dc53-44f2-87c5-1af5f623fbd4 | Context quotas@openstack setup() finished in 1.72 sec
2019-07-16 21:31:29.535 1843 INFO rally.task.context [-] Task d73c5757-dc53-44f2-87c5-1af5f623fbd4 | Context cleanup@openstack setup() finished in 0.01 msec
2019-07-16 21:31:30.573 1843 RALLYDEBUG rally.task.runner [-] Starting the constant runner (task UUID: d73c5757-dc53-44f2-87c5-1af5f623fbd4). timeout: 0 concurrency: 4 concurrency_per_worker: 1 times: 10 concurrency_overhead: 0 processes_to_start: 4 max_cpu_used: 16
2019-07-16 21:31:30.586 4355 RALLYDEBUG rally.task.runner [-] Starting a worker. concurrency: 1 args: {"image": "422fe9bc-abc6-42c5-8674-8a9a87214e32", "size": 1} times: 10 method_name: run timeout: 0 duration: None cls:
2019-07-16 21:31:30.589 4356 RALLYDEBUG rally.task.runner [-] Starting a worker. concurrency: 1 args: {"image": "422fe9bc-abc6-42c5-8674-8a9a87214e32", "size": 1} times: 10 method_name: run timeout: 0 duration: None cls:
2019-07-16 21:31:30.592 4357 RALLYDEBUG rally.task.runner [-] Starting a worker. concurrency: 1 args: {"image": "422fe9bc-abc6-42c5-8674-8a9a87214e32", "size": 1} times: 10 method_name: run timeout: 0 duration: None cls:
2019-07-16 21:31:30.594 4355 INFO rally.task.runner [-] Task d73c5757-dc53-44f2-87c5-1af5f623fbd4 | ITER: 1 START
2019-07-16 21:31:30.595 4358 RALLYDEBUG rally.task.runner [-] Starting a worker. concurrency: 1 args: {"image": "422fe9bc-abc6-42c5-8674-8a9a87214e32", "size": 1} times: 10 method_name: run timeout: 0 duration: None cls:
2019-07-16 21:31:30.597 4356 INFO rally.task.runner [-] Task d73c5757-dc53-44f2-87c5-1af5f623fbd4 | ITER: 2 START
2019-07-16 21:31:30.601 4357 INFO rally.task.runner [-] Task d73c5757-dc53-44f2-87c5-1af5f623fbd4 | ITER: 3 START
2019-07-16 21:31:30.605 4358 INFO rally.task.runner [-] Task d73c5757-dc53-44f2-87c5-1af5f623fbd4 | ITER: 4 START
2019-07-16 21:31:37.610 4356 RALLYDEBUG rally.task.utils [-] Waiting for resource s_rally_39a5d1d3_2yhRs1Qq. Status changed: CREATING => DOWNLOADING in 3.15615606308
2019-07-16 21:31:38.203 4357 RALLYDEBUG rally.task.utils [-] Waiting for resource s_rally_39a5d1d3_mA68rtVK. Status changed: CREATING => DOWNLOADING in 3.09159803391
2019-07-16 21:31:44.329 4356 RALLYDEBUG rally.task.utils [-] Waiting for resource s_rally_39a5d1d3_2yhRs1Qq. Status changed: DOWNLOADING => AVAILABLE in 6.71850299835
2019-07-16 21:31:44.788 4356 RALLYDEBUG rally.task.utils [-] Waiting for resource s_rally_39a5d1d3_2yhRs1Qq. Status changed: AVAILABLE => DELETING in 0.366900920868
2019-07-16 21:31:45.116 4358 RALLYDEBUG rally.task.utils [-] Waiting for resource s_rally_39a5d1d3_CKK69KhQ. Status changed: CREATING => DOWNLOADING in 9.63183879852
2019-07-16 21:31:45.267 4357 RALLYDEBUG rally.task.utils [-] Waiting for resource s_rally_39a5d1d3_mA68rtVK. Status changed: DOWNLOADING => AVAILABLE in 7.06337809563
2019-07-16 21:31:45.338 4355 RALLYDEBUG rally.task.utils [-] Waiting for resource s_rally_39a5d1d3_DjLfgMBM. Status changed: CREATING => DOWNLOADING in 9.95530414581
2019-07-16 21:31:46.074 4357 RALLYDEBUG rally.task.utils [-] Waiting for resource s_rally_39a5d1d3_mA68rtVK. Status changed: AVAILABLE => DELETING in 0.433026075363
2019-07-16 21:31:49.653 4355 RALLYDEBUG rally.task.utils [-] Waiting for resource s_rally_39a5d1d3_DjLfgMBM. Status changed: DOWNLOADING => AVAILABLE in 4.31458592415
2019-07-16 21:31:50.347 4355 INFO rally.task.runner [-] Task d73c5757-dc53-44f2-87c5-1af5f623fbd4 | ITER: 1 END: OK
2019-07-16 21:31:50.352 4355 INFO rally.task.runner [-] Task d73c5757-dc53-44f2-87c5-1af5f623fbd4 | ITER: 5 START
2019-07-16 21:31:50.460 4357 INFO rally.task.runner [-] Task d73c5757-dc53-44f2-87c5-1af5f623fbd4 | ITER: 3 END: OK
2019-07-16 21:31:50.465 4357 INFO rally.task.runner [-] Task d73c5757-dc53-44f2-87c5-1af5f623fbd4 | ITER: 6 START
2019-07-16 21:31:51.496 4356 INFO rally.task.runner [-] Task d73c5757-dc53-44f2-87c5-1af5f623fbd4 | ITER: 2 END: OK
2019-07-16 21:31:51.502 4356 INFO rally.task.runner [-] Task d73c5757-dc53-44f2-87c5-1af5f623fbd4 | ITER: 7 START
2019-07-16 21:31:51.783 4358 RALLYDEBUG rally.task.utils [-] Waiting for resource s_rally_39a5d1d3_CKK69KhQ. Status changed: DOWNLOADING => AVAILABLE in 6.66685414314
2019-07-16 21:31:52.480 4358 INFO rally.task.runner [-] Task d73c5757-dc53-44f2-87c5-1af5f623fbd4 | ITER: 4 END: OK
2019-07-16 21:31:52.486 4358 INFO rally.task.runner [-] Task d73c5757-dc53-44f2-87c5-1af5f623fbd4 | ITER: 8 START
2019-07-16 21:31:59.464 4356 RALLYDEBUG rally.task.utils [-] Waiting for resource s_rally_39a5d1d3_MDawg6l2. Status changed: CREATING => DOWNLOADING in 3.11871385574
2019-07-16 21:32:00.380 4355 RALLYDEBUG rally.task.utils [-] Waiting for resource s_rally_39a5d1d3_OTGD62LW. Status changed: CREATING => DOWNLOADING in 5.33647203445
2019-07-16 21:32:00.581 4357 RALLYDEBUG rally.task.utils [-] Waiting for resource s_rally_39a5d1d3_eX9DEGBz. Status changed: CREATING => DOWNLOADING in 4.97909593582
2019-07-16 21:32:07.096 4358 RALLYDEBUG rally.task.utils [-] Waiting for resource s_rally_39a5d1d3_xknYXdfK. Status changed: CREATING => DOWNLOADING in 9.94508600235
2019-07-16 21:32:07.306 4355 RALLYDEBUG rally.task.utils [-] Waiting for resource s_rally_39a5d1d3_OTGD62LW. Status changed: DOWNLOADING => AVAILABLE in 6.92619800568
2019-07-16 21:32:07.633 4357 RALLYDEBUG rally.task.utils [-] Waiting for resource s_rally_39a5d1d3_eX9DEGBz. Status changed: DOWNLOADING => AVAILABLE in 7.05215287209
2019-07-16 21:32:08.015 4355 RALLYDEBUG rally.task.utils [-] Waiting for resource s_rally_39a5d1d3_OTGD62LW. Status changed: AVAILABLE => DELETING in 0.343845844269
2019-07-16 21:32:08.317 4357 RALLYDEBUG rally.task.utils [-] Waiting for resource s_rally_39a5d1d3_eX9DEGBz. Status changed: AVAILABLE => DELETING in 0.334893941879
2019-07-16 21:32:10.733 4357 INFO rally.task.runner [-] Task d73c5757-dc53-44f2-87c5-1af5f623fbd4 | ITER: 6 END: OK
2019-07-16 21:32:10.738 4357 INFO rally.task.runner [-] Task d73c5757-dc53-44f2-87c5-1af5f623fbd4 | ITER: 9 START
2019-07-16 21:32:11.067 4356 RALLYDEBUG rally.task.utils [-] Waiting for resource s_rally_39a5d1d3_MDawg6l2. Status changed: DOWNLOADING => AVAILABLE in 11.6030731201
2019-07-16 21:32:11.456 4356 RALLYDEBUG rally.task.utils [-] Waiting for resource s_rally_39a5d1d3_MDawg6l2. Status changed: AVAILABLE => DELETING in 0.0548689365387
2019-07-16 21:32:11.510 4358 RALLYDEBUG rally.task.utils [-] Waiting for resource s_rally_39a5d1d3_xknYXdfK. Status changed: DOWNLOADING => AVAILABLE in 4.4137609005
2019-07-16 21:32:12.222 4358 RALLYDEBUG rally.task.utils [-] Waiting for resource s_rally_39a5d1d3_xknYXdfK. Status changed: AVAILABLE => DELETING in 0.335860013962
2019-07-16 21:32:12.526 4355 INFO rally.task.runner [-] Task d73c5757-dc53-44f2-87c5-1af5f623fbd4 | ITER: 5 END: OK
2019-07-16 21:32:12.534 4355 INFO rally.task.runner [-] Task d73c5757-dc53-44f2-87c5-1af5f623fbd4 | ITER: 10 START
2019-07-16 21:32:13.755 4356 INFO rally.task.runner [-] Task d73c5757-dc53-44f2-87c5-1af5f623fbd4 | ITER: 7 END: OK
2019-07-16 21:32:14.262 4358 INFO rally.task.runner [-] Task d73c5757-dc53-44f2-87c5-1af5f623fbd4 | ITER: 8 END: OK
2019-07-16 21:32:18.615 4357 RALLYDEBUG rally.task.utils [-] Waiting for resource s_rally_39a5d1d3_Sh7euDIG. Status changed: CREATING => DOWNLOADING in 2.70607590675
2019-07-16 21:32:20.868 4357 RALLYDEBUG rally.task.utils [-] Waiting for resource s_rally_39a5d1d3_Sh7euDIG. Status changed: DOWNLOADING => AVAILABLE in 2.25373792648
2019-07-16 21:32:21.561 4357 RALLYDEBUG rally.task.utils [-] Waiting for resource s_rally_39a5d1d3_Sh7euDIG. Status changed: AVAILABLE => DELETING in 0.327123880386
2019-07-16 21:32:22.851 4355 RALLYDEBUG rally.task.utils [-] Waiting for resource s_rally_39a5d1d3_vo5ObWoo. Status changed: CREATING => DOWNLOADING in 5.3553519249
2019-07-16 21:32:23.604 4357 INFO rally.task.runner [-] Task d73c5757-dc53-44f2-87c5-1af5f623fbd4 | ITER: 9 END: OK
2019-07-16 21:32:25.200 4355 RALLYDEBUG rally.task.utils [-] Waiting for resource s_rally_39a5d1d3_vo5ObWoo. Status changed: DOWNLOADING => AVAILABLE in 2.34900307655
2019-07-16 21:32:25.891 4355 INFO rally.task.runner [-] Task d73c5757-dc53-44f2-87c5-1af5f623fbd4 | ITER: 10 END: OK
2019-07-16 21:32:25.922 1843 INFO rally.task.context [-] Task d73c5757-dc53-44f2-87c5-1af5f623fbd4 | Context cleanup@openstack cleanup() started
2019-07-16 21:32:25.924 1843 RALLYDEBUG rally_openstack.cleanup.manager [-] Cleaning up cinder backups objects
2019-07-16 21:32:28.109 1843 RALLYDEBUG rally_openstack.cleanup.manager [-] Cleaning up cinder volume_snapshots objects
2019-07-16 21:32:30.273 1843 RALLYDEBUG rally_openstack.cleanup.manager [-] Cleaning up cinder transfers objects
2019-07-16 21:32:32.393 1843 RALLYDEBUG rally_openstack.cleanup.manager [-] Cleaning up cinder volumes objects
2019-07-16 21:32:34.782 1843 INFO rally.task.context [-] Task d73c5757-dc53-44f2-87c5-1af5f623fbd4 | Context cleanup@openstack cleanup() finished in 8.86 sec
2019-07-16 21:32:34.783 1843 INFO rally.task.context [-] Task d73c5757-dc53-44f2-87c5-1af5f623fbd4 | Context quotas@openstack cleanup() started
2019-07-16 21:32:35.356 1843 INFO rally.task.context [-] Task d73c5757-dc53-44f2-87c5-1af5f623fbd4 | Context quotas@openstack cleanup() finished in 0.57 sec
2019-07-16 21:32:35.357 1843 INFO rally.task.context [-] Task d73c5757-dc53-44f2-87c5-1af5f623fbd4 | Context api_versions@openstack cleanup() started
2019-07-16 21:32:35.357 1843 INFO rally.task.context [-] Task d73c5757-dc53-44f2-87c5-1af5f623fbd4 | Context api_versions@openstack cleanup() finished in 0.29 msec
2019-07-16 21:32:35.357 1843 INFO rally.task.context [-] Task d73c5757-dc53-44f2-87c5-1af5f623fbd4 | Context users@openstack cleanup() started
2019-07-16 21:32:43.592 1843 INFO rally.task.context [-] Task d73c5757-dc53-44f2-87c5-1af5f623fbd4 | Context users@openstack cleanup() finished in 8.23 sec
2019-07-16 21:32:44.675 1843 INFO rally.task.engine [-] Load duration is: 55.292202
2019-07-16 21:32:44.676 1843 INFO rally.task.engine [-] Full runner duration is: 55.349748
2019-07-16 21:32:44.676 1843 INFO rally.task.engine [-] Full duration is: 81.233216
2019-07-16 21:32:44.807 1843 INFO rally.task.engine [-] Running workload: position = 2 config = { "version": 2, "title": "A cropped version of a bigger task.", "description": "Auto-generated task from a single workload (uuid=597b2c05-6e99-41f0-a781-d665e592f3c6)", "subtasks": [ { "title": "CinderVolumes.create_and_delete_volume", "description": "Create and then delete a volume.", "scenario": { "CinderVolumes.create_and_delete_volume": { "size": 1 } }, "contexts": { "users": { "tenants": 3, "users_per_tenant": 2 }, "quotas": { "cinder": { "gigabytes": -1, "snapshots": -1, "volumes": -1 } }, "api_versions": { "cinder": { "version": 3, "service_type": "volumev3" } } }, "runner": { "constant": { "concurrency": 4, "times": 10 } }, "hooks": [], "sla": { "failure_rate": { "max": 0 } } } ] }
2019-07-16 21:32:44.829 1843 RALLYDEBUG rally_openstack.contexts.keystone.users [-] Creating 3 tenants using 20 threads
2019-07-16 21:32:46.771 1843 RALLYDEBUG rally_openstack.contexts.keystone.users [-] Creating 6 users using 20 threads
2019-07-16 21:32:49.509 1843 INFO rally.task.context [-] Task d73c5757-dc53-44f2-87c5-1af5f623fbd4 | Context users@openstack setup() finished in 4.68 sec
2019-07-16 21:32:49.941 1843 INFO rally.task.context [-] Task d73c5757-dc53-44f2-87c5-1af5f623fbd4 | Context api_versions@openstack setup() finished in 0.43 sec
2019-07-16 21:32:51.675 1843 INFO rally.task.context [-] Task d73c5757-dc53-44f2-87c5-1af5f623fbd4 | Context quotas@openstack setup() finished in 1.73 sec
2019-07-16 21:32:51.675 1843 INFO rally.task.context [-] Task d73c5757-dc53-44f2-87c5-1af5f623fbd4 | Context cleanup@openstack setup() finished in 0.01 msec
2019-07-16 21:32:51.683 1843 RALLYDEBUG rally.task.runner [-] Starting the constant runner (task UUID: d73c5757-dc53-44f2-87c5-1af5f623fbd4). timeout: 0 concurrency: 4 concurrency_per_worker: 1 times: 10 concurrency_overhead: 0 processes_to_start: 4 max_cpu_used: 16
2019-07-16 21:32:51.695 4539 RALLYDEBUG rally.task.runner [-] Starting a worker. concurrency: 1 args: {"size": 1} times: 10 method_name: run timeout: 0 duration: None cls:
2019-07-16 21:32:51.699 4540 RALLYDEBUG rally.task.runner [-] Starting a worker. concurrency: 1 args: {"size": 1} times: 10 method_name: run timeout: 0 duration: None cls:
2019-07-16 21:32:51.702 4539 INFO rally.task.runner [-] Task d73c5757-dc53-44f2-87c5-1af5f623fbd4 | ITER: 1 START
2019-07-16 21:32:51.702 4541 RALLYDEBUG rally.task.runner [-] Starting a worker. concurrency: 1 args: {"size": 1} times: 10 method_name: run timeout: 0 duration: None cls:
2019-07-16 21:32:51.705 4542 RALLYDEBUG rally.task.runner [-] Starting a worker. concurrency: 1 args: {"size": 1} times: 10 method_name: run timeout: 0 duration: None cls:
2019-07-16 21:32:51.707 4540 INFO rally.task.runner [-] Task d73c5757-dc53-44f2-87c5-1af5f623fbd4 | ITER: 2 START
2019-07-16 21:32:51.710 4541 INFO rally.task.runner [-] Task d73c5757-dc53-44f2-87c5-1af5f623fbd4 | ITER: 3 START
2019-07-16 21:32:51.713 4542 INFO rally.task.runner [-] Task d73c5757-dc53-44f2-87c5-1af5f623fbd4 | ITER: 4 START
2019-07-16 21:32:56.020 4542 RALLYDEBUG rally.task.utils [-] Waiting for resource s_rally_597b2c05_a4uITp6L. Status changed: AVAILABLE => DELETING in 0.0552899837494
2019-07-16 21:32:56.114 4541 INFO rally.task.runner [-] Task d73c5757-dc53-44f2-87c5-1af5f623fbd4 | ITER: 3 END: OK
2019-07-16 21:32:56.118 4541 INFO rally.task.runner [-] Task d73c5757-dc53-44f2-87c5-1af5f623fbd4 | ITER: 5 START
2019-07-16 21:32:56.290 4540 RALLYDEBUG rally.task.utils [-] Waiting for resource s_rally_597b2c05_OonllQaU. Status changed: AVAILABLE => DELETING in 0.252370834351
2019-07-16 21:32:56.380 4539 RALLYDEBUG rally.task.utils [-] Waiting for resource s_rally_597b2c05_ChjWjueE. Status changed: AVAILABLE => DELETING in 0.331918001175
2019-07-16 21:32:58.267 4542 INFO rally.task.runner [-] Task d73c5757-dc53-44f2-87c5-1af5f623fbd4 | ITER: 4 END: OK
2019-07-16 21:32:58.272 4542 INFO rally.task.runner [-] Task d73c5757-dc53-44f2-87c5-1af5f623fbd4 | ITER: 6 START
2019-07-16 21:32:58.331 4540 INFO rally.task.runner [-] Task d73c5757-dc53-44f2-87c5-1af5f623fbd4 | ITER: 2 END: OK
2019-07-16 21:32:58.336 4540 INFO rally.task.runner [-] Task d73c5757-dc53-44f2-87c5-1af5f623fbd4 | ITER: 7 START
2019-07-16 21:32:58.418 4539 INFO rally.task.runner [-] Task d73c5757-dc53-44f2-87c5-1af5f623fbd4 | ITER: 1 END: OK
2019-07-16 21:32:58.422 4539 INFO rally.task.runner [-] Task d73c5757-dc53-44f2-87c5-1af5f623fbd4 | ITER: 8 START
2019-07-16 21:33:00.498 4541 INFO rally.task.runner [-] Task d73c5757-dc53-44f2-87c5-1af5f623fbd4 | ITER: 5 END: OK
2019-07-16 21:33:00.504 4541 INFO rally.task.runner [-] Task d73c5757-dc53-44f2-87c5-1af5f623fbd4 | ITER: 9 START
2019-07-16 21:33:02.675 4542 RALLYDEBUG rally.task.utils [-] Waiting for resource s_rally_597b2c05_NmUNllyv. Status changed: AVAILABLE => DELETING in 0.0516710281372
2019-07-16 21:33:02.942 4539 RALLYDEBUG rally.task.utils [-] Waiting for resource s_rally_597b2c05_Y7UHuXMx. Status changed: AVAILABLE => DELETING in 0.341709852219
2019-07-16 21:33:03.060 4540 RALLYDEBUG rally.task.utils [-] Waiting for resource s_rally_597b2c05_BPktVzI3. Status changed: AVAILABLE => DELETING in 0.346452951431
2019-07-16 21:33:04.515 4541 INFO rally.task.runner [-] Task d73c5757-dc53-44f2-87c5-1af5f623fbd4 | ITER: 9 END: OK
2019-07-16 21:33:04.521 4541 INFO rally.task.runner [-] Task d73c5757-dc53-44f2-87c5-1af5f623fbd4 | ITER: 10 START
2019-07-16 21:33:05.006 4542 INFO rally.task.runner [-] Task d73c5757-dc53-44f2-87c5-1af5f623fbd4 | ITER: 6 END: OK
2019-07-16 21:33:05.173 4539 INFO rally.task.runner [-] Task d73c5757-dc53-44f2-87c5-1af5f623fbd4 | ITER: 8 END: OK
2019-07-16 21:33:05.381 4540 INFO rally.task.runner [-] Task d73c5757-dc53-44f2-87c5-1af5f623fbd4 | ITER: 7 END: OK
2019-07-16 21:33:08.944 4541 INFO rally.task.runner [-] Task d73c5757-dc53-44f2-87c5-1af5f623fbd4 | ITER: 10 END: OK
2019-07-16 21:33:08.973 1843 INFO rally.task.context [-] Task d73c5757-dc53-44f2-87c5-1af5f623fbd4 | Context cleanup@openstack cleanup() started
2019-07-16 21:33:08.975 1843 RALLYDEBUG rally_openstack.cleanup.manager [-] Cleaning up cinder backups objects
2019-07-16 21:33:11.060 1843 RALLYDEBUG rally_openstack.cleanup.manager [-] Cleaning up cinder volume_snapshots objects
2019-07-16 21:33:13.238 1843 RALLYDEBUG rally_openstack.cleanup.manager [-] Cleaning up cinder transfers objects
2019-07-16 21:33:15.384 1843 RALLYDEBUG rally_openstack.cleanup.manager [-] Cleaning up cinder volumes objects
2019-07-16 21:33:17.590 1843 INFO rally.task.context [-] Task d73c5757-dc53-44f2-87c5-1af5f623fbd4 | Context cleanup@openstack cleanup() finished in 8.62 sec
2019-07-16 21:33:17.591 1843 INFO rally.task.context [-] Task d73c5757-dc53-44f2-87c5-1af5f623fbd4 | Context quotas@openstack cleanup() started
2019-07-16 21:33:18.488 1843 INFO rally.task.context [-] Task d73c5757-dc53-44f2-87c5-1af5f623fbd4 | Context quotas@openstack cleanup() finished in 0.90 sec
2019-07-16 21:33:18.489 1843 INFO rally.task.context [-] Task d73c5757-dc53-44f2-87c5-1af5f623fbd4 | Context api_versions@openstack cleanup() started
2019-07-16 21:33:18.489 1843 INFO rally.task.context [-] Task d73c5757-dc53-44f2-87c5-1af5f623fbd4 | Context api_versions@openstack cleanup() finished in 0.31 msec
2019-07-16 21:33:18.489 1843 INFO rally.task.context [-] Task d73c5757-dc53-44f2-87c5-1af5f623fbd4 | Context users@openstack cleanup() started
2019-07-16 21:33:26.879 1843 INFO rally.task.context [-] Task d73c5757-dc53-44f2-87c5-1af5f623fbd4 | Context users@openstack cleanup() finished in 8.39 sec
2019-07-16 21:33:26.999 1843 INFO rally.task.engine [-] Load duration is: 17.23678
2019-07-16 21:33:26.999 1843 INFO rally.task.engine [-] Full runner duration is: 17.289951
2019-07-16 21:33:27.000 1843 INFO rally.task.engine [-] Full duration is: 42.053079
2019-07-16 21:33:27.203 1843 INFO rally.task.engine [-] Running workload: position = 0 config = { "version": 2, "title": "A cropped version of a bigger task.", "description": "Auto-generated task from a single workload (uuid=4e0ceb99-3149-44df-a007-59b2d8184d51)", "subtasks": [ { "title": "CinderVolumes.create_and_extend_volume", "description": "Create and extend a volume and then delete it.", "scenario": { "CinderVolumes.create_and_extend_volume": { "new_size": 2, "size": 1 } }, "contexts": { "users": { "tenants": 3, "users_per_tenant": 2 }, "quotas": { "cinder": { "gigabytes": -1, "snapshots": -1, "volumes": -1 } }, "api_versions": { "cinder": { "version": 3, "service_type": "volumev3" } } }, "runner": { "constant": { "concurrency": 4, "times": 10 } }, "hooks": [], "sla": { "failure_rate": { "max": 0 } } } ] }
2019-07-16 21:33:27.224 1843 RALLYDEBUG rally_openstack.contexts.keystone.users [-] Creating 3 tenants using 20 threads
2019-07-16 21:33:29.005 1843 RALLYDEBUG rally_openstack.contexts.keystone.users [-] Creating 6 users using 20 threads
2019-07-16 21:33:31.787 1843 INFO rally.task.context [-] Task d73c5757-dc53-44f2-87c5-1af5f623fbd4 | Context users@openstack setup() finished in 4.56 sec
2019-07-16 21:33:32.217 1843 INFO rally.task.context [-] Task d73c5757-dc53-44f2-87c5-1af5f623fbd4 | Context api_versions@openstack setup() finished in 0.43 sec
2019-07-16 21:33:33.902 1843 INFO rally.task.context [-] Task d73c5757-dc53-44f2-87c5-1af5f623fbd4 | Context quotas@openstack setup() finished in 1.69 sec
2019-07-16 21:33:33.903 1843 INFO rally.task.context [-] Task d73c5757-dc53-44f2-87c5-1af5f623fbd4 | Context cleanup@openstack setup() finished in 0.01 msec
2019-07-16 21:33:33.910 1843 RALLYDEBUG rally.task.runner [-] Starting the constant runner (task UUID: d73c5757-dc53-44f2-87c5-1af5f623fbd4). timeout: 0 concurrency: 4 concurrency_per_worker: 1 times: 10 concurrency_overhead: 0 processes_to_start: 4 max_cpu_used: 16
2019-07-16 21:33:33.922 4723 RALLYDEBUG rally.task.runner [-] Starting a worker. concurrency: 1 args: {"new_size": 2, "size": 1} times: 10 method_name: run timeout: 0 duration: None cls:
2019-07-16 21:33:33.925 4724 RALLYDEBUG rally.task.runner [-] Starting a worker. concurrency: 1 args: {"new_size": 2, "size": 1} times: 10 method_name: run timeout: 0 duration: None cls:
2019-07-16 21:33:33.926 4725 RALLYDEBUG rally.task.runner [-] Starting a worker. concurrency: 1 args: {"new_size": 2, "size": 1} times: 10 method_name: run timeout: 0 duration: None cls:
2019-07-16 21:33:33.930 4723 INFO rally.task.runner [-] Task d73c5757-dc53-44f2-87c5-1af5f623fbd4 | ITER: 1 START
2019-07-16 21:33:33.931 4726 RALLYDEBUG rally.task.runner [-] Starting a worker. concurrency: 1 args: {"new_size": 2, "size": 1} times: 10 method_name: run timeout: 0 duration: None cls:
2019-07-16 21:33:33.933 4724 INFO rally.task.runner [-] Task d73c5757-dc53-44f2-87c5-1af5f623fbd4 | ITER: 2 START
2019-07-16 21:33:33.933 4725 INFO rally.task.runner [-] Task d73c5757-dc53-44f2-87c5-1af5f623fbd4 | ITER: 3 START
2019-07-16 21:33:33.938 4726 INFO rally.task.runner [-] Task d73c5757-dc53-44f2-87c5-1af5f623fbd4 | ITER: 4 START
2019-07-16 21:33:38.790 4725 INFO rally.task.runner [-] Task d73c5757-dc53-44f2-87c5-1af5f623fbd4 | ITER: 3 END: OK
2019-07-16 21:33:38.796 4725 INFO rally.task.runner [-] Task d73c5757-dc53-44f2-87c5-1af5f623fbd4 | ITER: 5 START
2019-07-16 21:33:38.897 4723 RALLYDEBUG rally.task.utils [-] Waiting for resource s_rally_4e0ceb99_9KVSrY4x. Status changed: AVAILABLE => DELETING in 0.255724191666
2019-07-16 21:33:38.907 4724 RALLYDEBUG rally.task.utils [-] Waiting for resource s_rally_4e0ceb99_vk1qjpKp. Status changed: AVAILABLE => DELETING in 0.0608608722687
2019-07-16 21:33:39.234 4726 RALLYDEBUG rally.task.utils [-] Waiting for resource s_rally_4e0ceb99_pJsKOcs7. Status changed: AVAILABLE => DELETING in 0.251804113388
2019-07-16 21:33:41.127 4723 INFO rally.task.runner [-] Task d73c5757-dc53-44f2-87c5-1af5f623fbd4 | ITER: 1 END: OK
2019-07-16 21:33:41.131 4723 INFO rally.task.runner [-] Task d73c5757-dc53-44f2-87c5-1af5f623fbd4 | ITER: 6 START
2019-07-16 21:33:41.145 4724 INFO rally.task.runner [-] Task d73c5757-dc53-44f2-87c5-1af5f623fbd4 | ITER: 2 END: OK
2019-07-16 21:33:41.150 4724 INFO rally.task.runner [-] Task d73c5757-dc53-44f2-87c5-1af5f623fbd4 | ITER: 7 START
2019-07-16 21:33:41.462 4726 INFO rally.task.runner [-] Task d73c5757-dc53-44f2-87c5-1af5f623fbd4 | ITER: 4 END: OK
2019-07-16 21:33:41.467 4726 INFO rally.task.runner [-] Task d73c5757-dc53-44f2-87c5-1af5f623fbd4 | ITER: 8 START
2019-07-16 21:33:43.329 4725 RALLYDEBUG rally.task.utils [-] Waiting for resource s_rally_4e0ceb99_jEYAPmbb. Status changed: AVAILABLE => DELETING in 0.053407907486
2019-07-16 21:33:45.370 4725 INFO rally.task.runner [-] Task d73c5757-dc53-44f2-87c5-1af5f623fbd4 | ITER: 5 END: OK
2019-07-16 21:33:45.375 4725 INFO rally.task.runner [-] Task d73c5757-dc53-44f2-87c5-1af5f623fbd4 | ITER: 9 START
2019-07-16 21:33:45.796 4723 INFO rally.task.runner [-] Task d73c5757-dc53-44f2-87c5-1af5f623fbd4 | ITER: 6 END: OK
2019-07-16 21:33:45.800 4723 INFO rally.task.runner [-] Task d73c5757-dc53-44f2-87c5-1af5f623fbd4 | ITER: 10 START
2019-07-16 21:33:46.338 4724 INFO rally.task.runner [-] Task d73c5757-dc53-44f2-87c5-1af5f623fbd4 | ITER: 7 END: OK
2019-07-16 21:33:46.904 4726 INFO rally.task.runner [-] Task d73c5757-dc53-44f2-87c5-1af5f623fbd4 | ITER: 8 END: OK
2019-07-16 21:33:50.095 4725 RALLYDEBUG rally.task.utils [-] Waiting for resource s_rally_4e0ceb99_f4ysYo0f. Status changed: AVAILABLE => DELETING in 0.0570499897003
2019-07-16 21:33:50.805 4723 INFO rally.task.runner [-] Task d73c5757-dc53-44f2-87c5-1af5f623fbd4 | ITER: 10 END: OK
2019-07-16 21:33:52.411 4725 INFO rally.task.runner [-] Task d73c5757-dc53-44f2-87c5-1af5f623fbd4 | ITER: 9 END: OK
2019-07-16 21:33:52.440 1843 INFO rally.task.context [-] Task d73c5757-dc53-44f2-87c5-1af5f623fbd4 | Context cleanup@openstack cleanup() started
2019-07-16 21:33:52.442 1843 RALLYDEBUG rally_openstack.cleanup.manager [-] Cleaning up cinder backups objects
2019-07-16 21:33:54.702 1843 RALLYDEBUG rally_openstack.cleanup.manager [-] Cleaning up cinder volume_snapshots objects
2019-07-16 21:33:56.742 1843 RALLYDEBUG rally_openstack.cleanup.manager [-] Cleaning up cinder transfers objects
2019-07-16 21:33:58.855 1843 RALLYDEBUG rally_openstack.cleanup.manager [-] Cleaning up cinder volumes objects
2019-07-16 21:34:01.080 1843 INFO rally.task.context [-] Task d73c5757-dc53-44f2-87c5-1af5f623fbd4 | Context cleanup@openstack cleanup() finished in 8.64 sec
2019-07-16 21:34:01.081 1843 INFO rally.task.context [-] Task d73c5757-dc53-44f2-87c5-1af5f623fbd4 | Context quotas@openstack cleanup() started
2019-07-16 21:34:02.045 1843 INFO rally.task.context [-] Task d73c5757-dc53-44f2-87c5-1af5f623fbd4 | Context quotas@openstack cleanup() finished in 0.96 sec
2019-07-16 21:34:02.046 1843 INFO rally.task.context [-] Task d73c5757-dc53-44f2-87c5-1af5f623fbd4 | Context api_versions@openstack cleanup() started
2019-07-16 21:34:02.046 1843 INFO rally.task.context [-] Task d73c5757-dc53-44f2-87c5-1af5f623fbd4 | Context api_versions@openstack cleanup() finished in 0.32 msec
2019-07-16 21:34:02.046 1843 INFO rally.task.context [-] Task d73c5757-dc53-44f2-87c5-1af5f623fbd4 | Context users@openstack cleanup() started
2019-07-16 21:34:10.760 1843 INFO rally.task.context [-] Task d73c5757-dc53-44f2-87c5-1af5f623fbd4 | Context users@openstack cleanup() finished in 8.71 sec
2019-07-16 21:34:11.423 1843 INFO rally.task.engine [-] Load duration is: 18.47731
2019-07-16 21:34:11.423 1843 INFO rally.task.engine [-] Full runner duration is: 18.529888
2019-07-16 21:34:11.424 1843 INFO rally.task.engine [-] Full duration is: 43.539043
2019-07-16 21:34:11.669 1843 INFO rally.task.engine [-] Running workload: position = 0 config = { "version": 2, "title": "A cropped version of a bigger task.", "description": "Auto-generated task from a single workload (uuid=1f688b22-43ed-47df-a5b0-6e3cba90598c)", "subtasks": [ { "title": "CinderVolumes.create_from_volume_and_delete_volume", "description": "Create volume from volume and then delete it.", "scenario": { "CinderVolumes.create_from_volume_and_delete_volume": { "size": 1 } }, "contexts": { "users": { "tenants": 3, "users_per_tenant": 2 }, "quotas": { "cinder": { "gigabytes": -1, "snapshots": -1, "volumes": -1 } }, "api_versions": { "cinder": { "version": 3, "service_type": "volumev3" } }, "volumes": { "size": 1, "volumes_per_tenant": 1 } }, "runner": { "constant": { "concurrency": 4, "times": 10 } }, "hooks": [], "sla": { "failure_rate": { "max": 0 } } } ] }
2019-07-16 21:34:11.694 1843 RALLYDEBUG rally_openstack.contexts.keystone.users [-] Creating 3 tenants using 20 threads
2019-07-16 21:34:13.545 1843 RALLYDEBUG rally_openstack.contexts.keystone.users [-] Creating 6 users using 20 threads
2019-07-16 21:34:16.457 1843 INFO rally.task.context [-] Task d73c5757-dc53-44f2-87c5-1af5f623fbd4 | Context users@openstack setup() finished in 4.76 sec
2019-07-16 21:34:16.887 1843 INFO rally.task.context [-] Task d73c5757-dc53-44f2-87c5-1af5f623fbd4 | Context api_versions@openstack setup() finished in 0.43 sec
2019-07-16 21:34:18.573 1843 INFO rally.task.context [-] Task d73c5757-dc53-44f2-87c5-1af5f623fbd4 | Context quotas@openstack setup() finished in 1.69 sec
2019-07-16 21:34:29.687 1843 INFO rally.task.context [-] Task d73c5757-dc53-44f2-87c5-1af5f623fbd4 | Context volumes@openstack setup() finished in 11.11 sec
2019-07-16 21:34:29.688 1843 INFO rally.task.context [-] Task d73c5757-dc53-44f2-87c5-1af5f623fbd4 | Context cleanup@openstack setup() finished in 0.00 msec
2019-07-16 21:34:29.695 1843 RALLYDEBUG rally.task.runner [-] Starting the constant runner (task UUID: d73c5757-dc53-44f2-87c5-1af5f623fbd4). timeout: 0 concurrency: 4 concurrency_per_worker: 1 times: 10 concurrency_overhead: 0 processes_to_start: 4 max_cpu_used: 16
2019-07-16 21:34:29.708 4907 RALLYDEBUG rally.task.runner [-] Starting a worker. concurrency: 1 args: {"size": 1} times: 10 method_name: run timeout: 0 duration: None cls:
2019-07-16 21:34:29.711 4908 RALLYDEBUG rally.task.runner [-] Starting a worker. concurrency: 1 args: {"size": 1} times: 10 method_name: run timeout: 0 duration: None cls:
2019-07-16 21:34:29.714 4909 RALLYDEBUG rally.task.runner [-] Starting a worker. concurrency: 1 args: {"size": 1} times: 10 method_name: run timeout: 0 duration: None cls:
2019-07-16 21:34:29.723 4907 INFO rally.task.runner [-] Task d73c5757-dc53-44f2-87c5-1af5f623fbd4 | ITER: 1 START
2019-07-16 21:34:29.724 4910 RALLYDEBUG rally.task.runner [-] Starting a worker. concurrency: 1 args: {"size": 1} times: 10 method_name: run timeout: 0 duration: None cls:
2019-07-16 21:34:29.726 4908 INFO rally.task.runner [-] Task d73c5757-dc53-44f2-87c5-1af5f623fbd4 | ITER: 2 START
2019-07-16 21:34:29.728 4909 INFO rally.task.runner [-] Task d73c5757-dc53-44f2-87c5-1af5f623fbd4 | ITER: 3 START
2019-07-16 21:34:29.731 4910 INFO rally.task.runner [-] Task d73c5757-dc53-44f2-87c5-1af5f623fbd4 | ITER: 4 START
2019-07-16 21:34:33.993 4907 RALLYDEBUG rally.task.utils [-] Waiting for resource s_rally_1f688b22_1BQGSRan. Status changed: AVAILABLE => DELETING in 0.351213932037
2019-07-16 21:34:35.572 4908 RALLYDEBUG rally.task.utils [-] Waiting for resource s_rally_1f688b22_yCww1c4U. Status changed: CREATING => AVAILABLE in 2.84570479393
2019-07-16 21:34:35.784 4910 RALLYDEBUG rally.task.utils [-] Waiting for resource s_rally_1f688b22_Wwd7iDgf. Status changed: CREATING => AVAILABLE in 2.93165302277
2019-07-16 21:34:36.003 4908 RALLYDEBUG rally.task.utils [-] Waiting for resource s_rally_1f688b22_yCww1c4U. Status changed: AVAILABLE => DELETING in 0.341596841812
2019-07-16 21:34:36.222 4907 INFO rally.task.runner [-] Task d73c5757-dc53-44f2-87c5-1af5f623fbd4 | ITER: 1 END: OK
2019-07-16 21:34:36.227 4907 INFO rally.task.runner [-] Task d73c5757-dc53-44f2-87c5-1af5f623fbd4 | ITER: 5 START
2019-07-16 21:34:36.437 4910 RALLYDEBUG rally.task.utils [-] Waiting for resource s_rally_1f688b22_Wwd7iDgf. Status changed: AVAILABLE => DELETING in 0.250950098038
2019-07-16 21:34:37.875 4909 RALLYDEBUG rally.task.utils [-] Waiting for resource s_rally_1f688b22_Bm8820yp. Status changed: CREATING => AVAILABLE in 4.98568487167
2019-07-16 21:34:38.327 4908 INFO rally.task.runner [-] Task d73c5757-dc53-44f2-87c5-1af5f623fbd4 | ITER: 2 END: OK
2019-07-16 21:34:38.331 4908 INFO rally.task.runner [-] Task d73c5757-dc53-44f2-87c5-1af5f623fbd4 | ITER: 6 START
2019-07-16 21:34:38.397 4909 RALLYDEBUG rally.task.utils [-] Waiting for resource s_rally_1f688b22_Bm8820yp. Status changed: AVAILABLE => DELETING in 0.335855007172
2019-07-16 21:34:38.767 4910 INFO rally.task.runner [-] Task d73c5757-dc53-44f2-87c5-1af5f623fbd4 | ITER: 4 END: OK
2019-07-16 21:34:38.773 4910 INFO rally.task.runner [-] Task d73c5757-dc53-44f2-87c5-1af5f623fbd4 | ITER: 7 START
2019-07-16 21:34:42.081 4907 RALLYDEBUG rally.task.utils [-] Waiting for resource s_rally_1f688b22_EpAULfsg. Status changed: CREATING => AVAILABLE in 2.61783003807
2019-07-16 21:34:42.461 4908 RALLYDEBUG rally.task.utils [-] Waiting for resource s_rally_1f688b22_2Kd9hSGS. Status changed: AVAILABLE => DELETING in 0.0525648593903
2019-07-16 21:34:42.482 4910 RALLYDEBUG rally.task.utils [-] Waiting for resource s_rally_1f688b22_675in5Vk. Status changed: CREATING => AVAILABLE in 0.668133020401
2019-07-16 21:34:42.823 4907 RALLYDEBUG rally.task.utils [-] Waiting for resource s_rally_1f688b22_EpAULfsg. Status changed: AVAILABLE => DELETING in 0.342740058899
2019-07-16 21:34:42.889 4910 RALLYDEBUG rally.task.utils [-] Waiting for resource s_rally_1f688b22_675in5Vk. Status changed: AVAILABLE => DELETING in 0.0557029247284
2019-07-16 21:34:43.061 4909 INFO rally.task.runner [-] Task d73c5757-dc53-44f2-87c5-1af5f623fbd4 | ITER: 3 END: OK
2019-07-16 21:34:43.067 4909 INFO rally.task.runner [-] Task d73c5757-dc53-44f2-87c5-1af5f623fbd4 | ITER: 8 START
2019-07-16 21:34:46.987 4908 INFO rally.task.runner [-] Task d73c5757-dc53-44f2-87c5-1af5f623fbd4 | ITER: 6 END: OK
2019-07-16 21:34:46.992 4908 INFO rally.task.runner [-] Task d73c5757-dc53-44f2-87c5-1af5f623fbd4 | ITER: 9 START
2019-07-16 21:34:47.217 4907 INFO rally.task.runner [-] Task d73c5757-dc53-44f2-87c5-1af5f623fbd4 | ITER: 5 END: OK
2019-07-16 21:34:47.222 4907 INFO rally.task.runner [-] Task d73c5757-dc53-44f2-87c5-1af5f623fbd4 | ITER: 10 START
2019-07-16 21:34:47.289 4910 INFO rally.task.runner [-] Task d73c5757-dc53-44f2-87c5-1af5f623fbd4 | ITER: 7 END: OK
2019-07-16 21:34:49.010 4909 RALLYDEBUG rally.task.utils [-] Waiting for resource s_rally_1f688b22_Affz7YDg. Status changed: CREATING => AVAILABLE in 2.94268202782
2019-07-16 21:34:49.346 4909 RALLYDEBUG rally.task.utils [-] Waiting for resource s_rally_1f688b22_Affz7YDg. Status changed: AVAILABLE => DELETING in 0.0569789409637
2019-07-16 21:34:51.298 4908 RALLYDEBUG rally.task.utils [-] Waiting for resource s_rally_1f688b22_fIJOng1o. Status changed: AVAILABLE => DELETING in 0.339088916779
2019-07-16 21:34:51.657 4909 INFO rally.task.runner [-] Task d73c5757-dc53-44f2-87c5-1af5f623fbd4 | ITER: 8 END: OK
2019-07-16 21:34:51.704 4907 RALLYDEBUG rally.task.utils [-] Waiting for resource s_rally_1f688b22_focM2BZj. Status changed: AVAILABLE => DELETING in 0.331686019897
2019-07-16 21:34:53.629 4908 INFO rally.task.runner [-] Task d73c5757-dc53-44f2-87c5-1af5f623fbd4 | ITER: 9 END: OK
2019-07-16 21:34:54.045 4907 INFO rally.task.runner [-] Task d73c5757-dc53-44f2-87c5-1af5f623fbd4 | ITER: 10 END: OK
2019-07-16 21:34:54.067 1843 INFO rally.task.context [-] Task d73c5757-dc53-44f2-87c5-1af5f623fbd4 | Context cleanup@openstack cleanup() started
2019-07-16 21:34:54.069 1843 RALLYDEBUG rally_openstack.cleanup.manager [-] Cleaning up cinder backups objects
2019-07-16 21:34:56.322 1843 RALLYDEBUG rally_openstack.cleanup.manager [-] Cleaning up cinder volume_snapshots objects
2019-07-16 21:34:58.533 1843 RALLYDEBUG rally_openstack.cleanup.manager [-] Cleaning up cinder transfers objects
2019-07-16 21:35:00.751 1843 RALLYDEBUG rally_openstack.cleanup.manager [-] Cleaning up cinder volumes objects
2019-07-16 21:35:03.089 1843 INFO rally.task.context [-] Task d73c5757-dc53-44f2-87c5-1af5f623fbd4 | Context cleanup@openstack cleanup() finished in 9.02 sec
2019-07-16 21:35:03.089 1843 INFO rally.task.context [-] Task d73c5757-dc53-44f2-87c5-1af5f623fbd4 | Context volumes@openstack cleanup() started
2019-07-16 21:35:03.090 1843 RALLYDEBUG rally_openstack.cleanup.manager [-] Cleaning up cinder volumes objects
2019-07-16 21:35:05.318 1843 RALLYDEBUG rally_openstack.cleanup.manager [-] Deleting cinder.volumes object c_rally_1f688b22_PZadRRhO (9ff021a6-16e1-4c0f-80d6-5be52a868baf)
2019-07-16 21:35:05.323 1843 RALLYDEBUG rally_openstack.cleanup.manager [-] Deleting cinder.volumes object c_rally_1f688b22_5MERJAxO (0df758bb-1599-4937-b6c4-0d4afcd947b6)
2019-07-16 21:35:05.327 1843 RALLYDEBUG rally_openstack.cleanup.manager [-] Deleting cinder.volumes object c_rally_1f688b22_9BWocDQs (8081cd05-3e0c-4a7c-88b5-99edd469cf5c)
2019-07-16 21:35:08.853 1843 INFO rally.task.context [-] Task d73c5757-dc53-44f2-87c5-1af5f623fbd4 | Context volumes@openstack cleanup() finished in 5.76 sec
2019-07-16 21:35:08.853 1843 INFO rally.task.context [-] Task d73c5757-dc53-44f2-87c5-1af5f623fbd4 | Context quotas@openstack cleanup() started
2019-07-16 21:35:09.669 1843 INFO rally.task.context [-] Task d73c5757-dc53-44f2-87c5-1af5f623fbd4 | Context quotas@openstack cleanup() finished in 0.82 sec
2019-07-16 21:35:09.669 1843 INFO rally.task.context [-] Task d73c5757-dc53-44f2-87c5-1af5f623fbd4 | Context api_versions@openstack cleanup() started
2019-07-16 21:35:09.670 1843 INFO rally.task.context [-] Task d73c5757-dc53-44f2-87c5-1af5f623fbd4 | Context api_versions@openstack cleanup() finished in 0.31 msec
2019-07-16 21:35:09.670 1843 INFO rally.task.context [-] Task d73c5757-dc53-44f2-87c5-1af5f623fbd4 | Context users@openstack cleanup() started
2019-07-16 21:35:18.072 1843 INFO rally.task.context [-] Task d73c5757-dc53-44f2-87c5-1af5f623fbd4 | Context users@openstack cleanup() finished in 8.40 sec
2019-07-16 21:35:19.963 1843 INFO rally.task.engine [-] Load duration is: 24.316502
2019-07-16 21:35:19.963 1843 INFO rally.task.engine [-] Full runner duration is: 24.371911
2019-07-16 21:35:19.964 1843 INFO rally.task.engine [-] Full duration is: 66.381599
2019-07-16 21:35:20.186 1843 INFO rally.task.engine [-] Running workload: position = 0 config = { "version": 2, "title": "A cropped version of a bigger task.", "description": "Auto-generated task from a single workload (uuid=c895e2c4-2e1a-490c-841b-ee9849d92fd1)", "subtasks": [ { "title": "CinderQos.create_and_get_qos", "description": "Create a qos, then get details of the qos.", "scenario": { "CinderQos.create_and_get_qos": { "consumer": "both", "write_iops_sec": "10", "read_iops_sec": "1000" } }, "contexts": { "users": { "tenants": 3, "users_per_tenant": 2 }, "api_versions": { "cinder": { "version": 3, "service_type": "volumev3" } } }, "runner": { "constant": { "concurrency": 4, "times": 10 } }, "hooks": [], "sla": { "failure_rate": { "max": 0 } } } ] }
2019-07-16 21:35:20.209 1843 RALLYDEBUG rally_openstack.contexts.keystone.users [-] Creating 3 tenants using 20 threads
2019-07-16 21:35:22.096 1843 RALLYDEBUG rally_openstack.contexts.keystone.users [-] Creating 6 users using 20 threads
2019-07-16 21:35:25.114 1843 INFO rally.task.context [-] Task d73c5757-dc53-44f2-87c5-1af5f623fbd4 | Context users@openstack setup() finished in 4.91 sec
2019-07-16 21:35:25.550 1843 INFO rally.task.context [-] Task d73c5757-dc53-44f2-87c5-1af5f623fbd4 | Context api_versions@openstack setup() finished in 0.43 sec
2019-07-16 21:35:25.550 1843 INFO rally.task.context [-] Task d73c5757-dc53-44f2-87c5-1af5f623fbd4 | Context admin_cleanup@openstack setup() finished in 0.01 msec
2019-07-16 21:35:25.557 1843 RALLYDEBUG rally.task.runner [-] Starting the constant runner (task UUID: d73c5757-dc53-44f2-87c5-1af5f623fbd4). timeout: 0 concurrency: 4 concurrency_per_worker: 1 times: 10 concurrency_overhead: 0 processes_to_start: 4 max_cpu_used: 16
2019-07-16 21:35:25.570 5111 RALLYDEBUG rally.task.runner [-] Starting a worker. concurrency: 1 args: {"consumer": "both", "write_iops_sec": "10", "read_iops_sec": "1000"} times: 10 method_name: run timeout: 0 duration: None cls:
2019-07-16 21:35:25.572 5112 RALLYDEBUG rally.task.runner [-] Starting a worker. concurrency: 1 args: {"consumer": "both", "write_iops_sec": "10", "read_iops_sec": "1000"} times: 10 method_name: run timeout: 0 duration: None cls:
2019-07-16 21:35:25.575 5113 RALLYDEBUG rally.task.runner [-] Starting a worker. concurrency: 1 args: {"consumer": "both", "write_iops_sec": "10", "read_iops_sec": "1000"} times: 10 method_name: run timeout: 0 duration: None cls:
2019-07-16 21:35:25.578 5111 INFO rally.task.runner [-] Task d73c5757-dc53-44f2-87c5-1af5f623fbd4 | ITER: 1 START
2019-07-16 21:35:25.578 5114 RALLYDEBUG rally.task.runner [-] Starting a worker. concurrency: 1 args: {"consumer": "both", "write_iops_sec": "10", "read_iops_sec": "1000"} times: 10 method_name: run timeout: 0 duration: None cls:
2019-07-16 21:35:25.580 5112 INFO rally.task.runner [-] Task d73c5757-dc53-44f2-87c5-1af5f623fbd4 | ITER: 2 START
2019-07-16 21:35:25.583 5113 INFO rally.task.runner [-] Task d73c5757-dc53-44f2-87c5-1af5f623fbd4 | ITER: 3 START
2019-07-16 21:35:25.586 5114 INFO rally.task.runner [-] Task d73c5757-dc53-44f2-87c5-1af5f623fbd4 | ITER: 4 START
2019-07-16 21:35:26.666 5113 INFO rally.task.runner [-] Task d73c5757-dc53-44f2-87c5-1af5f623fbd4 | ITER: 3 END: OK
2019-07-16 21:35:26.668 5111 INFO rally.task.runner [-] Task d73c5757-dc53-44f2-87c5-1af5f623fbd4 | ITER: 1 END: OK
2019-07-16 21:35:26.671 5113 INFO rally.task.runner [-] Task d73c5757-dc53-44f2-87c5-1af5f623fbd4 | ITER: 5 START
2019-07-16 21:35:26.674 5111 INFO rally.task.runner [-] Task d73c5757-dc53-44f2-87c5-1af5f623fbd4 | ITER: 6 START
2019-07-16 21:35:26.723 5112 INFO rally.task.runner [-] Task d73c5757-dc53-44f2-87c5-1af5f623fbd4 | ITER: 2 END: OK
2019-07-16 21:35:26.728 5112 INFO rally.task.runner [-] Task d73c5757-dc53-44f2-87c5-1af5f623fbd4 | ITER: 7 START
2019-07-16 21:35:26.796 5114 INFO rally.task.runner [-] Task d73c5757-dc53-44f2-87c5-1af5f623fbd4 | ITER: 4 END: OK
2019-07-16 21:35:26.801 5114 INFO rally.task.runner [-] Task d73c5757-dc53-44f2-87c5-1af5f623fbd4 | ITER: 8 START
2019-07-16 21:35:27.703 5111 INFO rally.task.runner [-] Task d73c5757-dc53-44f2-87c5-1af5f623fbd4 | ITER: 6 END: OK
2019-07-16 21:35:27.707 5111 INFO rally.task.runner [-] Task d73c5757-dc53-44f2-87c5-1af5f623fbd4 | ITER: 9 START
2019-07-16 21:35:27.773 5113 INFO rally.task.runner [-] Task d73c5757-dc53-44f2-87c5-1af5f623fbd4 | ITER: 5 END: OK
2019-07-16 21:35:27.777 5113 INFO rally.task.runner [-] Task d73c5757-dc53-44f2-87c5-1af5f623fbd4 | ITER: 10 START
2019-07-16 21:35:27.815 5112 INFO rally.task.runner [-] Task d73c5757-dc53-44f2-87c5-1af5f623fbd4 | ITER: 7 END: OK
2019-07-16 21:35:27.998 5114 INFO rally.task.runner [-] Task d73c5757-dc53-44f2-87c5-1af5f623fbd4 | ITER: 8 END: OK
2019-07-16 21:35:28.610 5111 INFO rally.task.runner [-] Task d73c5757-dc53-44f2-87c5-1af5f623fbd4 | ITER: 9 END: OK
2019-07-16 21:35:28.738 5113 INFO rally.task.runner [-] Task d73c5757-dc53-44f2-87c5-1af5f623fbd4 | ITER: 10 END: OK
2019-07-16 21:35:28.762 1843 INFO rally.task.context [-] Task d73c5757-dc53-44f2-87c5-1af5f623fbd4 | Context admin_cleanup@openstack cleanup() started
2019-07-16 21:35:28.764 1843 RALLYDEBUG rally_openstack.cleanup.manager [-] Cleaning up cinder volume_types objects
2019-07-16 21:35:29.521 1843 RALLYDEBUG rally_openstack.cleanup.manager [-] Cleaning up cinder image_volumes_cache objects
2019-07-16 21:35:30.890 1843 RALLYDEBUG rally_openstack.cleanup.manager [-] Cleaning up cinder quotas objects
2019-07-16 21:35:32.628 1843 RALLYDEBUG rally_openstack.cleanup.manager [-] Cleaning up cinder qos_specs objects
2019-07-16 21:35:33.479 1843 RALLYDEBUG rally_openstack.cleanup.manager [-] Deleting cinder.qos_specs object s_rally_c895e2c4_gb50tFGV (c864ee27-e23e-49ce-9e3a-ed256961196d)
2019-07-16 21:35:33.483 1843 RALLYDEBUG rally_openstack.cleanup.manager [-] Deleting cinder.qos_specs object s_rally_c895e2c4_TKHCVB7u (025ac30a-d41b-4fc2-bf2e-bcf9eb551ce2)
2019-07-16 21:35:33.487 1843 RALLYDEBUG rally_openstack.cleanup.manager [-] Deleting cinder.qos_specs object s_rally_c895e2c4_SbDJ2Wat (a8378317-f058-4713-b831-e6b6144f7a35)
2019-07-16 21:35:33.497 1843 RALLYDEBUG rally_openstack.cleanup.manager [-] Deleting cinder.qos_specs object s_rally_c895e2c4_4BzmakbI (991e95f4-a68d-410e-ab16-6089b0120ccb)
2019-07-16 21:35:33.510 1843 RALLYDEBUG rally_openstack.cleanup.manager [-] Deleting cinder.qos_specs object s_rally_c895e2c4_ql0j3XuW (5558ce4b-42ea-4119-9652-a4ea9c596620)
2019-07-16 21:35:33.522 1843 RALLYDEBUG rally_openstack.cleanup.manager [-] Deleting cinder.qos_specs object s_rally_c895e2c4_RL1hE5ww (b7a526af-9202-4404-a5b4-8c118dd10518)
2019-07-16 21:35:33.525 1843 RALLYDEBUG rally_openstack.cleanup.manager [-] Deleting cinder.qos_specs object s_rally_c895e2c4_UgplMpvG (54f8a60a-81e0-42de-b28f-ed16a638daf1)
2019-07-16 21:35:33.551 1843 RALLYDEBUG rally_openstack.cleanup.manager [-] Deleting cinder.qos_specs object s_rally_c895e2c4_vapQ3mTd (770925a5-d81a-41d7-a287-d3eb976749fc)
2019-07-16 21:35:33.553 1843 RALLYDEBUG rally_openstack.cleanup.manager [-] Deleting cinder.qos_specs object s_rally_c895e2c4_jRZAf22r (88843a7c-7830-45ea-8bc3-c062fff3e9c0)
2019-07-16 21:35:33.553 1843 RALLYDEBUG rally_openstack.cleanup.manager [-] Deleting cinder.qos_specs object s_rally_c895e2c4_tfT6jb7H (025f39cc-75ad-463d-996b-a9b6480225da)
2019-07-16 21:35:35.947 1843 INFO rally.task.context [-] Task d73c5757-dc53-44f2-87c5-1af5f623fbd4 | Context admin_cleanup@openstack cleanup() finished in 7.19 sec
2019-07-16 21:35:35.948 1843 INFO rally.task.context [-] Task d73c5757-dc53-44f2-87c5-1af5f623fbd4 | Context api_versions@openstack cleanup() started
2019-07-16 21:35:35.948 1843 INFO rally.task.context [-] Task d73c5757-dc53-44f2-87c5-1af5f623fbd4 | Context api_versions@openstack cleanup() finished in 0.36 msec
2019-07-16 21:35:35.949 1843 INFO rally.task.context [-] Task d73c5757-dc53-44f2-87c5-1af5f623fbd4 | Context users@openstack cleanup() started
2019-07-16 21:35:44.125 1843 INFO rally.task.context [-] Task d73c5757-dc53-44f2-87c5-1af5f623fbd4 | Context users@openstack cleanup() finished in 8.18 sec
2019-07-16 21:35:44.315 1843 INFO rally.task.engine [-] Load duration is: 3.154366
2019-07-16 21:35:44.315 1843 INFO rally.task.engine [-] Full runner duration is: 3.204928
2019-07-16 21:35:44.315 1843 INFO rally.task.engine [-] Full duration is: 23.918694
2019-07-16 21:35:44.521 1843 INFO rally.task.engine [-] Running workload: position = 0 config = { "version": 2, "title": "A cropped version of a bigger task.", "description": "Auto-generated task from a single workload (uuid=4e8b0191-a6ab-423d-b7a6-31e40533108e)", "subtasks": [ { "title": "CinderQos.create_and_list_qos", "description": "Create a qos, then list all qos.", "scenario": { "CinderQos.create_and_list_qos": { "consumer": "both", "write_iops_sec": "10", "read_iops_sec": "1000" } }, "contexts": { "users": { "tenants": 3, "users_per_tenant": 2 }, "api_versions": { "cinder": { "version": 3, "service_type": "volumev3" } } }, "runner": { "constant": { "concurrency": 4, "times": 10 } }, "hooks": [], "sla": { "failure_rate": { "max": 0 } } } ] }
2019-07-16 21:35:44.544 1843 RALLYDEBUG rally_openstack.contexts.keystone.users [-] Creating 3 tenants using 20 threads
2019-07-16 21:35:46.432 1843 RALLYDEBUG rally_openstack.contexts.keystone.users [-] Creating 6 users using 20 threads
2019-07-16 21:35:49.398 1843 INFO rally.task.context [-] Task d73c5757-dc53-44f2-87c5-1af5f623fbd4 | Context users@openstack setup() finished in 4.85 sec
2019-07-16 21:35:49.830 1843 INFO rally.task.context [-] Task d73c5757-dc53-44f2-87c5-1af5f623fbd4 | Context api_versions@openstack setup() finished in 0.43 sec
2019-07-16 21:35:49.830 1843 INFO rally.task.context [-] Task d73c5757-dc53-44f2-87c5-1af5f623fbd4 | Context admin_cleanup@openstack setup() finished in 0.01 msec
2019-07-16 21:35:49.838 1843 RALLYDEBUG rally.task.runner [-] Starting the constant runner (task UUID: d73c5757-dc53-44f2-87c5-1af5f623fbd4). timeout: 0 concurrency: 4 concurrency_per_worker: 1 times: 10 concurrency_overhead: 0 processes_to_start: 4 max_cpu_used: 16
2019-07-16 21:35:49.849 5295 RALLYDEBUG rally.task.runner [-] Starting a worker. concurrency: 1 args: {"consumer": "both", "write_iops_sec": "10", "read_iops_sec": "1000"} times: 10 method_name: run timeout: 0 duration: None cls:
2019-07-16 21:35:49.854 5296 RALLYDEBUG rally.task.runner [-] Starting a worker. concurrency: 1 args: {"consumer": "both", "write_iops_sec": "10", "read_iops_sec": "1000"} times: 10 method_name: run timeout: 0 duration: None cls:
2019-07-16 21:35:49.856 5295 INFO rally.task.runner [-] Task d73c5757-dc53-44f2-87c5-1af5f623fbd4 | ITER: 1 START
2019-07-16 21:35:49.858 5297 RALLYDEBUG rally.task.runner [-] Starting a worker. concurrency: 1 args: {"consumer": "both", "write_iops_sec": "10", "read_iops_sec": "1000"} times: 10 method_name: run timeout: 0 duration: None cls:
2019-07-16 21:35:49.859 5298 RALLYDEBUG rally.task.runner [-] Starting a worker. concurrency: 1 args: {"consumer": "both", "write_iops_sec": "10", "read_iops_sec": "1000"} times: 10 method_name: run timeout: 0 duration: None cls:
2019-07-16 21:35:49.863 5296 INFO rally.task.runner [-] Task d73c5757-dc53-44f2-87c5-1af5f623fbd4 | ITER: 2 START
2019-07-16 21:35:49.866 5297 INFO rally.task.runner [-] Task d73c5757-dc53-44f2-87c5-1af5f623fbd4 | ITER: 3 START
2019-07-16 21:35:49.866 5298 INFO rally.task.runner [-] Task d73c5757-dc53-44f2-87c5-1af5f623fbd4 | ITER: 4 START
2019-07-16 21:35:50.913 5295 INFO rally.task.runner [-] Task d73c5757-dc53-44f2-87c5-1af5f623fbd4 | ITER: 1 END: OK
2019-07-16 21:35:50.918 5295 INFO rally.task.runner [-] Task d73c5757-dc53-44f2-87c5-1af5f623fbd4 | ITER: 5 START
2019-07-16 21:35:50.918 5298 INFO rally.task.runner [-] Task d73c5757-dc53-44f2-87c5-1af5f623fbd4 | ITER: 4 END: OK
2019-07-16 21:35:50.923 5298 INFO rally.task.runner [-] Task d73c5757-dc53-44f2-87c5-1af5f623fbd4 | ITER: 6 START
2019-07-16 21:35:50.926 5296 INFO rally.task.runner [-] Task d73c5757-dc53-44f2-87c5-1af5f623fbd4 | ITER: 2 END: OK
2019-07-16 21:35:50.930 5296 INFO rally.task.runner [-] Task d73c5757-dc53-44f2-87c5-1af5f623fbd4 | ITER: 7 START
2019-07-16 21:35:50.958 5297 INFO rally.task.runner [-] Task d73c5757-dc53-44f2-87c5-1af5f623fbd4 | ITER: 3 END: OK
2019-07-16 21:35:50.963 5297 INFO rally.task.runner [-] Task d73c5757-dc53-44f2-87c5-1af5f623fbd4 | ITER: 8 START
2019-07-16 21:35:51.965 5298 INFO rally.task.runner [-] Task d73c5757-dc53-44f2-87c5-1af5f623fbd4 | ITER: 6 END: OK
2019-07-16 21:35:51.970 5298 INFO rally.task.runner [-] Task d73c5757-dc53-44f2-87c5-1af5f623fbd4 | ITER: 9 START
2019-07-16 21:35:51.984 5295 INFO rally.task.runner [-] Task d73c5757-dc53-44f2-87c5-1af5f623fbd4 | ITER: 5 END: OK
2019-07-16 21:35:51.989 5295 INFO rally.task.runner [-] Task d73c5757-dc53-44f2-87c5-1af5f623fbd4 | ITER: 10 START
2019-07-16 21:35:51.991 5296 INFO rally.task.runner [-] Task d73c5757-dc53-44f2-87c5-1af5f623fbd4 | ITER: 7 END: OK
2019-07-16 21:35:51.996 5297 INFO rally.task.runner [-] Task d73c5757-dc53-44f2-87c5-1af5f623fbd4 | ITER: 8 END: OK
2019-07-16 21:35:52.962 5298 INFO rally.task.runner [-] Task d73c5757-dc53-44f2-87c5-1af5f623fbd4 | ITER: 9 END: OK
