2019-07-16 09:47:24.203 22705 RALLYDEBUG rally_openstack.cleanup.manager [-] Deleting neutron.port object s_rally_61b95b7c_E5TAlAt3 (4fab0dac-7050-4821-8875-8adb349a1745)
2019-07-16 09:47:24.259 22705 RALLYDEBUG rally_openstack.cleanup.manager [-] Deleting neutron.port object s_rally_61b95b7c_SifPGSga (4fe4af9f-10db-4730-b603-dd4a7cee631a)
2019-07-16 09:47:24.396 22705 RALLYDEBUG rally_openstack.cleanup.manager [-] Deleting neutron.port object s_rally_61b95b7c_uMOWWjbw (50ad373c-1cdc-4ab0-990f-807fbc19fe63)
2019-07-16 09:47:24.511 22705 RALLYDEBUG rally_openstack.cleanup.manager [-] Deleting neutron.port object s_rally_61b95b7c_cq2bGLj3 (51a96080-8c37-49a5-9ef5-821634450a45)
2019-07-16 09:47:24.541 22705 RALLYDEBUG rally_openstack.cleanup.manager [-] Deleting neutron.port object s_rally_61b95b7c_s4PKbj0g (5294e9bc-ff95-4b08-b9d2-74324ae05df2)
2019-07-16 09:47:24.553 22705 RALLYDEBUG rally_openstack.cleanup.manager [-] Deleting neutron.port object s_rally_61b95b7c_c7ptOldi (52dbfc7a-e85d-4acc-99dd-e4b9a60dc8ca)
2019-07-16 09:47:24.603 22705 RALLYDEBUG rally_openstack.cleanup.manager [-] Deleting neutron.port object s_rally_61b95b7c_86unm4Jf (5394069c-57b8-489c-a262-befdafecb2e9)
2019-07-16 09:47:24.659 22705 RALLYDEBUG rally_openstack.cleanup.manager [-] Deleting neutron.port object s_rally_61b95b7c_UgXUvsnj (53caee76-3150-4727-954b-db736777cb1a)
2019-07-16 09:47:24.825 22705 RALLYDEBUG rally_openstack.cleanup.manager [-] Deleting neutron.port object s_rally_61b95b7c_ZdKFcmat (541eb356-7e39-4cd9-9f1a-f8baee7912b8)
2019-07-16 09:47:25.403 22705 RALLYDEBUG rally_openstack.cleanup.manager [-] Deleting neutron.port object s_rally_61b95b7c_fnv4hVmd (54f692e0-b0e8-47be-afb4-3bbe2ece4cba)
2019-07-16 09:47:25.488 22705 RALLYDEBUG rally_openstack.cleanup.manager [-] Deleting neutron.port object s_rally_61b95b7c_PODMYq7S (557618e1-74d3-4bf7-b6db-9ff1872884db)
2019-07-16 09:47:25.609 22705 RALLYDEBUG rally_openstack.cleanup.manager [-] Deleting neutron.port object s_rally_61b95b7c_pk1WlD7A (5585fea9-a61b-40c1-8e27-1001fe658ccd)
2019-07-16 09:47:26.477 22705 RALLYDEBUG rally_openstack.cleanup.manager [-] Deleting neutron.port object s_rally_61b95b7c_rVJxU3Tj (55a25be2-dd73-4391-a72f-652979b788d8)
2019-07-16 09:47:26.566 22705 RALLYDEBUG rally_openstack.cleanup.manager [-] Deleting neutron.port object s_rally_61b95b7c_E9yuMFtQ (56eabd23-e16a-466b-b5ba-eec7b80a1053)
2019-07-16 09:47:27.085 22705 RALLYDEBUG rally_openstack.cleanup.manager [-] Deleting neutron.port object s_rally_61b95b7c_uRLYX4Ml (5751734c-1b77-4046-865c-d1f9e9451fa7)
2019-07-16 09:47:27.200 22705 RALLYDEBUG rally_openstack.cleanup.manager [-] Deleting neutron.port object s_rally_61b95b7c_kvMKYiWR (57703414-0507-4e98-a55b-4aad0d560187)
2019-07-16 09:47:27.374 22705 RALLYDEBUG rally_openstack.cleanup.manager [-] Deleting neutron.port object s_rally_61b95b7c_XncBoodV (58cd1504-b56d-4b20-ac92-312de3821861)
2019-07-16 09:47:27.641 22705 RALLYDEBUG rally_openstack.cleanup.manager [-] Deleting neutron.port object s_rally_61b95b7c_47oOkoon (5a0c476b-7105-4633-8127-fdca25765370)
2019-07-16 09:47:27.652 22705 RALLYDEBUG rally_openstack.cleanup.manager [-] Deleting neutron.port object s_rally_61b95b7c_PDXCUWSv (5c2d8498-1790-45ec-a385-820d54c03c22)
2019-07-16 09:47:27.761 22705 RALLYDEBUG rally_openstack.cleanup.manager [-] Deleting neutron.port object s_rally_61b95b7c_bH6PVRPR (5c8919e4-b66b-4721-bb90-e544baa3e7a8)
2019-07-16 09:47:27.942 22705 RALLYDEBUG rally_openstack.cleanup.manager [-] Deleting neutron.port object s_rally_61b95b7c_fIcfPAKu (5f6d0b65-8735-4d8c-9116-ff87f185187a)
2019-07-16 09:47:28.012 22705 RALLYDEBUG rally_openstack.cleanup.manager [-] Deleting neutron.port object s_rally_61b95b7c_hjmGgPs7 (60c49a27-2c08-49db-80af-df946aaabe4a)
2019-07-16 09:47:28.030 22705 RALLYDEBUG rally_openstack.cleanup.manager [-] Deleting neutron.port object s_rally_61b95b7c_H1FBgNil (65f4aaa5-b4fd-4e62-9e8c-69f7cbd596c8)
2019-07-16 09:47:28.164 22705 RALLYDEBUG rally_openstack.cleanup.manager [-] Deleting neutron.port object s_rally_61b95b7c_NOwKfpug (660453a3-ab7f-4ef9-a64d-5952aea63729)
2019-07-16 09:47:28.175 22705 RALLYDEBUG rally_openstack.cleanup.manager [-] Deleting neutron.port object s_rally_61b95b7c_KG7sN5k3 (667492bb-4793-458b-9d2e-7733e48bc133)
2019-07-16 09:47:28.236 22705 RALLYDEBUG rally_openstack.cleanup.manager [-] Deleting neutron.port object s_rally_61b95b7c_MIei1er6 (66e16265-88f4-490d-ba4b-2fedc6a22576)
2019-07-16 09:47:28.320 22705 RALLYDEBUG rally_openstack.cleanup.manager [-] Deleting neutron.port object s_rally_61b95b7c_ao0yUsqC (67cf34d1-6831-498f-a4a7-fac2b76b8a76)
2019-07-16 09:47:28.339 22705 RALLYDEBUG rally_openstack.cleanup.manager [-] Deleting neutron.port object s_rally_61b95b7c_NbpX3zMG (6842a523-5dcb-4121-9f26-fd9bffcf5cbf)
2019-07-16 09:47:28.648 22705 RALLYDEBUG rally_openstack.cleanup.manager [-] Deleting neutron.port object s_rally_61b95b7c_ZOUH1g34 (6aeab7fd-3e5b-4663-a4c9-02749a6e9033)
2019-07-16 09:47:28.707 22705 RALLYDEBUG rally_openstack.cleanup.manager [-] Deleting neutron.port object s_rally_61b95b7c_srozLrXn (6ca01666-2d42-4384-925b-5de55eeffaa3)
2019-07-16 09:47:29.288 22705 RALLYDEBUG rally_openstack.cleanup.manager [-] Deleting neutron.port object s_rally_61b95b7c_9EzxjjkD (70ea0b5e-6ce2-4d57-b7cb-6797c2d1ad42)
2019-07-16 09:47:29.335 22705 RALLYDEBUG rally_openstack.cleanup.manager [-] Deleting neutron.port object s_rally_61b95b7c_ZN6RFGTb (763b2d0a-3982-45c3-8992-53f70ce9dff3)
2019-07-16 09:47:29.351 22705 RALLYDEBUG rally_openstack.cleanup.manager [-] Deleting neutron.port object s_rally_61b95b7c_hM9ZcGmS (764d0004-7e89-47fa-8f11-f922dc93c201)
2019-07-16 09:47:29.390 22705 RALLYDEBUG rally_openstack.cleanup.manager [-] Deleting neutron.port object s_rally_61b95b7c_Tub9oHYT (77bf4c26-ac8b-4e50-a1e3-7c1051992851)
2019-07-16 09:47:29.426 22705 RALLYDEBUG rally_openstack.cleanup.manager [-] Deleting neutron.port object s_rally_61b95b7c_zIKYHkRz (781ea75d-698f-48c4-9787-c0f0b094c530)
2019-07-16 09:47:29.453 22705 RALLYDEBUG rally_openstack.cleanup.manager [-] Deleting neutron.port object s_rally_61b95b7c_XZFykU2k (79b3bc03-d917-456b-b2ea-afb1734a6386)
2019-07-16 09:47:29.801 22705 RALLYDEBUG rally_openstack.cleanup.manager [-] Deleting neutron.port object s_rally_61b95b7c_ZJ4kmMNc (79f4dac8-705f-4109-b532-76c33ff73b5e)
2019-07-16 09:47:30.679 22705 RALLYDEBUG rally_openstack.cleanup.manager [-] Deleting neutron.port object s_rally_61b95b7c_x5Urp68G (7aa22f41-3a0c-48be-a5f3-0d3dc4efa71b)
2019-07-16 09:47:31.026 22705 RALLYDEBUG rally_openstack.cleanup.manager [-] Deleting neutron.port object s_rally_61b95b7c_k927Im0v (7bcf4e84-922e-4bf7-852c-1d9d95bb61fc)
2019-07-16 09:47:31.052 22705 RALLYDEBUG rally_openstack.cleanup.manager [-] Deleting neutron.port object s_rally_61b95b7c_F0yh9Ois (7c6f3cae-56ed-4ab4-8511-f14bf46448c4)
2019-07-16 09:47:31.173 22705 RALLYDEBUG rally_openstack.cleanup.manager [-] Deleting neutron.port object s_rally_61b95b7c_tyvguYZ5 (7cbee305-85f4-4185-b8ce-56ef02aacff2)
2019-07-16 09:47:31.312 22705 RALLYDEBUG rally_openstack.cleanup.manager [-] Deleting neutron.port object s_rally_61b95b7c_L8hz9nv3 (7d32b2b2-9f23-4fca-98ac-c8ea0627bbd1)
2019-07-16 09:47:31.385 22705 RALLYDEBUG rally_openstack.cleanup.manager [-] Deleting neutron.port object s_rally_61b95b7c_IELFXKW9 (7da92d0e-7ac0-4d34-99bd-e22ff0e6f7de)
2019-07-16 09:47:31.451 22705 RALLYDEBUG rally_openstack.cleanup.manager [-] Deleting neutron.port object s_rally_61b95b7c_WLZUZSpx (7fc75b0d-38ca-40ec-9a4f-5a34caf87467)
2019-07-16 09:47:31.455 22705 RALLYDEBUG rally_openstack.cleanup.manager [-] Deleting neutron.port object s_rally_61b95b7c_MImn37AK (80fc615e-00ba-485a-85d7-834e06596119)
2019-07-16 09:47:31.576 22705 RALLYDEBUG rally_openstack.cleanup.manager [-] Deleting neutron.port object s_rally_61b95b7c_ZGAQhvCt (8117c100-6608-474c-a8e7-37ad19e7b46d)
2019-07-16 09:47:31.583 22705 RALLYDEBUG rally_openstack.cleanup.manager [-] Deleting neutron.port object s_rally_61b95b7c_T6xR106c (824263df-23e3-4fd3-b72d-2a05148cda7c)
2019-07-16 09:47:31.619 22705 RALLYDEBUG rally_openstack.cleanup.manager [-] Deleting neutron.port object s_rally_61b95b7c_7UrTNRV2 (8267a17c-9c76-4e88-9f02-3b1aa8b944a3)
2019-07-16 09:47:31.870 22705 RALLYDEBUG rally_openstack.cleanup.manager [-] Deleting neutron.port object s_rally_61b95b7c_wauh4Zfn (82b34f80-ab8b-4cb9-a41a-53956786bf95)
2019-07-16 09:47:31.903 22705 RALLYDEBUG rally_openstack.cleanup.manager [-] Deleting neutron.port object s_rally_61b95b7c_xMwVpnqv (82f02013-990f-4c8d-8ffd-9fe57f39aecf)
2019-07-16 09:47:31.933 22705 RALLYDEBUG rally_openstack.cleanup.manager [-] Deleting neutron.port object s_rally_61b95b7c_7k9a01bF (862e8454-e877-40d6-ba14-f065e68350e2)
2019-07-16 09:47:32.059 22705 RALLYDEBUG rally_openstack.cleanup.manager [-] Deleting neutron.port object s_rally_61b95b7c_xsFAbZri (871c2803-9118-482a-859b-e53a0d5ee04d)
2019-07-16 09:47:32.423 22705 RALLYDEBUG rally_openstack.cleanup.manager [-] Deleting neutron.port object s_rally_61b95b7c_wiGGVtNG (8a2d35ea-1d37-437e-a6ac-913fa1cd3b73)
2019-07-16 09:47:32.427 22705 RALLYDEBUG rally_openstack.cleanup.manager [-] Deleting neutron.port object s_rally_61b95b7c_eLmXFW1K (8c8a7702-af2b-4c23-b844-23f06e258dd3)
2019-07-16 09:47:33.261 22705 RALLYDEBUG rally_openstack.cleanup.manager [-] Deleting neutron.port object s_rally_61b95b7c_acj3WVsh (8dd2b59b-1345-473f-9502-83106e03ab62)
2019-07-16 09:47:33.345 22705 RALLYDEBUG rally_openstack.cleanup.manager [-] Deleting neutron.port object s_rally_61b95b7c_LIDDrtN9 (8ee0e6a1-70af-47f9-97cd-0e59abcd3933)
2019-07-16 09:47:33.366 22705 RALLYDEBUG rally_openstack.cleanup.manager [-] Deleting neutron.port object s_rally_61b95b7c_gnMeza0u (90c5fb56-a7f6-45e2-a8d7-f80cbb2927b3)
2019-07-16 09:47:33.370 22705 RALLYDEBUG rally_openstack.cleanup.manager [-] Deleting neutron.port object s_rally_61b95b7c_uJ5yrB4Y (90f4f207-5500-4b6c-9c60-d72530de5713)
2019-07-16 09:47:33.676 22705 RALLYDEBUG rally_openstack.cleanup.manager [-] Deleting neutron.port object s_rally_61b95b7c_LiomL30Y (923622ea-136e-4499-95fb-4d6b73d65d6c)
2019-07-16 09:47:33.880 22705 RALLYDEBUG rally_openstack.cleanup.manager [-] Deleting neutron.port object s_rally_61b95b7c_jjr2ukdG (94a24ff5-0537-4d35-bddd-7f4915a8a7dc)
2019-07-16 09:47:34.028 22705 RALLYDEBUG rally_openstack.cleanup.manager [-] Deleting neutron.port object s_rally_61b95b7c_CgCadolO (95d67eca-bd90-4842-a8d9-72f2e880ad89)
2019-07-16 09:47:34.214 22705 RALLYDEBUG rally_openstack.cleanup.manager [-] Deleting neutron.port object s_rally_61b95b7c_SBCq0SNG (961589f2-a746-4844-ba3c-74a3f3c6062a)
2019-07-16 09:47:34.417 22705 RALLYDEBUG rally_openstack.cleanup.manager [-] Deleting neutron.port object s_rally_61b95b7c_YPZEIGwl (970aad84-01c5-44e7-9912-6d8f6f248276)
2019-07-16 09:47:34.570 22705 RALLYDEBUG rally_openstack.cleanup.manager [-] Deleting neutron.port object s_rally_61b95b7c_aCr4PjHg (97321de3-74c1-4b83-a0a4-b1d1279d0088)
2019-07-16 09:47:34.594 22705 RALLYDEBUG rally_openstack.cleanup.manager [-] Deleting neutron.port object s_rally_61b95b7c_vJsEm4Z3 (97a9236c-a2f7-4cca-a2fd-5abb73f32a1c)
2019-07-16 09:47:34.807 22705 RALLYDEBUG rally_openstack.cleanup.manager [-] Deleting neutron.port object s_rally_61b95b7c_pfW1j1Oo (97c8cc4a-234b-40fc-a544-e0337e76e8dc)
2019-07-16 09:47:34.828 22705 RALLYDEBUG rally_openstack.cleanup.manager [-] Deleting neutron.port object s_rally_61b95b7c_Dht2k72F (9958cf70-aa2c-494c-a48b-73eef650cc4e)
2019-07-16 09:47:34.847 22705 RALLYDEBUG rally_openstack.cleanup.manager [-] Deleting neutron.port object s_rally_61b95b7c_PzWFlOxl (9c466e82-655f-41d9-b403-bd4b6dd654d1)
2019-07-16 09:47:34.980 22705 RALLYDEBUG rally_openstack.cleanup.manager [-] Deleting neutron.port object s_rally_61b95b7c_HtOtscAy (9fe0868a-b4f1-4ce3-9a5e-9d03414c7944)
2019-07-16 09:47:35.009 22705 RALLYDEBUG rally_openstack.cleanup.manager [-] Deleting neutron.port object s_rally_61b95b7c_MjkGdpqg (a272f052-e620-46d2-a7c0-c816981a0c05)
2019-07-16 09:47:35.032 22705 RALLYDEBUG rally_openstack.cleanup.manager [-] Deleting neutron.port object s_rally_61b95b7c_enQJtqVC (a31edfca-1055-4e56-8f06-3d531f761cf4)
2019-07-16 09:47:35.318 22705 RALLYDEBUG rally_openstack.cleanup.manager [-] Deleting neutron.port object s_rally_61b95b7c_2vQ0wZN2 (a37dd5c0-a84e-4386-9d91-6f72abb552c2)
2019-07-16 09:47:35.333 22705 RALLYDEBUG rally_openstack.cleanup.manager [-] Deleting neutron.port object s_rally_61b95b7c_UoQOo8jl (a7b444d6-3d76-46e9-8fc7-4cb7e9607bc5)
2019-07-16 09:47:35.336 22705 RALLYDEBUG rally_openstack.cleanup.manager [-] Deleting neutron.port object s_rally_61b95b7c_T7U3FfEk (a5e0b7fd-3e10-4b43-bf2f-847f6e04c806)
2019-07-16 09:47:35.659 22705 RALLYDEBUG rally_openstack.cleanup.manager [-] Deleting neutron.port object s_rally_61b95b7c_EfZZxh37 (a8976dda-0633-487a-a891-bd8a8206f09f)
2019-07-16 09:47:35.748 22705 RALLYDEBUG rally_openstack.cleanup.manager [-] Deleting neutron.port object s_rally_61b95b7c_uE4o853Z (a9119929-e36a-443b-9291-52fa41dfb001)
2019-07-16 09:47:35.865 22705 RALLYDEBUG rally_openstack.cleanup.manager [-] Deleting neutron.port object s_rally_61b95b7c_NdeUT6Rd (ab95121b-13db-418a-a03b-8efd5eb8e33e)
2019-07-16 09:47:36.229 22705 RALLYDEBUG rally_openstack.cleanup.manager [-] Deleting neutron.port object s_rally_61b95b7c_n9tjSn10 (abd0781c-c9bc-469f-8f97-097929b2065a)
2019-07-16 09:47:36.470 22705 RALLYDEBUG rally_openstack.cleanup.manager [-] Deleting neutron.port object s_rally_61b95b7c_izNFeFIb (ae731861-0fd0-4729-96ff-73987fe6fe18)
2019-07-16 09:47:36.474 22705 RALLYDEBUG rally_openstack.cleanup.manager [-] Deleting neutron.port object s_rally_61b95b7c_8NtIgs3s (af2360e7-f12c-4f10-ba44-b1239191a481)
2019-07-16 09:47:36.686 22705 RALLYDEBUG rally_openstack.cleanup.manager [-] Deleting neutron.port object s_rally_61b95b7c_dkFLHWjm (af724491-189d-4514-921b-e78a9017bdf6)
2019-07-16 09:47:37.025 22705 RALLYDEBUG rally_openstack.cleanup.manager [-] Deleting neutron.port object s_rally_61b95b7c_afd2PKAv (affa1623-5949-436f-9e25-09f9c312b432)
2019-07-16 09:47:37.865 22705 RALLYDEBUG rally_openstack.cleanup.manager [-] Deleting neutron.port object s_rally_61b95b7c_xxkjT9WH (b463245d-49dd-4182-8414-573da00c09e8)
2019-07-16 09:47:37.937 22705 RALLYDEBUG rally_openstack.cleanup.manager [-] Deleting neutron.port object s_rally_61b95b7c_s28tQOt4 (b4749f36-e2fb-4f2e-a90e-655ff9c2cca1)
2019-07-16 09:47:37.963 22705 RALLYDEBUG rally_openstack.cleanup.manager [-] Deleting neutron.port object s_rally_61b95b7c_eS8RpBbo (b4d18383-668f-4892-a4d9-ec5320b17db5)
2019-07-16 09:47:38.129 22705 RALLYDEBUG rally_openstack.cleanup.manager [-] Deleting neutron.port object s_rally_61b95b7c_8gFvPcqh (b79e07f2-1574-491f-a614-1fe42024b9b9)
2019-07-16 09:47:38.236 22705 RALLYDEBUG rally_openstack.cleanup.manager [-] Deleting neutron.port object s_rally_61b95b7c_uFswaXoG (b7c932c3-fa20-4b14-a21e-5930085cda98)
2019-07-16 09:47:38.285 22705 RALLYDEBUG rally_openstack.cleanup.manager [-] Deleting neutron.port object s_rally_61b95b7c_FS0YXYKb (bc4ba20a-52c2-4845-9b2e-c3928a6d1ae8)
2019-07-16 09:47:38.291 22705 RALLYDEBUG rally_openstack.cleanup.manager [-] Deleting neutron.port object s_rally_61b95b7c_x8ie1wSg (bce46799-859c-4a32-ae92-c5eb0b97092b)
2019-07-16 09:47:38.756 22705 RALLYDEBUG rally_openstack.cleanup.manager [-] Deleting neutron.port object s_rally_61b95b7c_w7UBBAXk (be3fbdf4-688e-4eed-b0fc-3de6193c39c9)
2019-07-16 09:47:38.783 22705 RALLYDEBUG rally_openstack.cleanup.manager [-] Deleting neutron.port object s_rally_61b95b7c_D5qYsnDa (c014b5cf-ae49-4db2-965a-2c98db8a7d3c)
2019-07-16 09:47:38.789 22705 RALLYDEBUG rally_openstack.cleanup.manager [-] Deleting neutron.port object s_rally_61b95b7c_bOlbXspe (c1d41f74-cd9f-46ad-bd93-6cc554ed749e)
2019-07-16 09:47:38.882 22705 RALLYDEBUG rally_openstack.cleanup.manager [-] Deleting neutron.port object s_rally_61b95b7c_Lfn4xjXC (c279f27d-9084-4033-afc3-0d6829a3d8f7)
2019-07-16 09:47:38.943 22705 RALLYDEBUG rally_openstack.cleanup.manager [-] Deleting neutron.port object s_rally_61b95b7c_dAN4f0a7 (c3002940-c5f1-4b88-bbd2-e712429209c6)
2019-07-16 09:47:38.996 22705 RALLYDEBUG rally_openstack.cleanup.manager [-] Deleting neutron.port object s_rally_61b95b7c_NhNSVppL (c5c91173-46c7-4b15-b178-1f8101412e37)
2019-07-16 09:47:39.043 22705 RALLYDEBUG rally_openstack.cleanup.manager [-] Deleting neutron.port object s_rally_61b95b7c_JlhgyCtM (c760dd36-08d9-494a-bf61-08285322bb78)
2019-07-16 09:47:39.054 22705 RALLYDEBUG rally_openstack.cleanup.manager [-] Deleting neutron.port object s_rally_61b95b7c_fQ4MiLik (c9cb1692-9d13-486d-aa75-63033e03f42c)
2019-07-16 09:47:39.108 22705 RALLYDEBUG rally_openstack.cleanup.manager [-] Deleting neutron.port object s_rally_61b95b7c_S9buJWAp (cb0dca2e-3ef6-43e3-a308-9c1003acf391)
2019-07-16 09:47:39.125 22705 RALLYDEBUG rally_openstack.cleanup.manager [-] Deleting neutron.port object s_rally_61b95b7c_ssfYQiSY (cc387537-8f3a-4096-8320-3e32af084a07)
2019-07-16 09:47:39.430 22705 RALLYDEBUG rally_openstack.cleanup.manager [-] Deleting neutron.port object s_rally_61b95b7c_rj8IdR83 (cc4d75b3-f6cf-4605-bf4b-71f1a064ab03)
2019-07-16 09:47:39.529 22705 RALLYDEBUG rally_openstack.cleanup.manager [-] Deleting neutron.port object s_rally_61b95b7c_9MIH4n4E (cd2cf345-0ae8-41b0-9eb5-d9087c12f341)
2019-07-16 09:47:39.618 22705 RALLYDEBUG rally_openstack.cleanup.manager [-] Deleting neutron.port object s_rally_61b95b7c_D3xFYF1q (cd78b531-6f3f-4623-adb2-783010446dd8)
2019-07-16 09:47:40.189 22705 RALLYDEBUG rally_openstack.cleanup.manager [-] Deleting neutron.port object s_rally_61b95b7c_boZke7db (cdb1b5b3-5241-45d2-afae-626d5c44ab2e)
2019-07-16 09:47:40.288 22705 RALLYDEBUG rally_openstack.cleanup.manager [-] Deleting neutron.port object s_rally_61b95b7c_dhgSlOZC (cdb4e6c1-b2ef-43f7-9dbe-91b1cefb1d38)
2019-07-16 09:47:40.743 22705 RALLYDEBUG rally_openstack.cleanup.manager [-] Deleting neutron.port object s_rally_61b95b7c_q42seK7U (d090e1ad-09c5-477a-a222-b8a527414d96)
2019-07-16 09:47:41.004 22705 RALLYDEBUG rally_openstack.cleanup.manager [-] Deleting neutron.port object s_rally_61b95b7c_vVhi6y6l (d1a40f40-37b0-4112-8d39-00e4e2d1bf20)
2019-07-16 09:47:41.223 22705 RALLYDEBUG rally_openstack.cleanup.manager [-] Deleting neutron.port object s_rally_61b95b7c_RNSTz9nz (d2cdd18d-9641-4a8a-9eef-05e6c1dd135c)
2019-07-16 09:47:41.376 22705 RALLYDEBUG rally_openstack.cleanup.manager [-] Deleting neutron.port object s_rally_61b95b7c_s0WPNVh6 (d31e2a8b-d387-4fa0-9e19-0b8d815ee3d2)
2019-07-16 09:47:41.740 22705 RALLYDEBUG rally_openstack.cleanup.manager [-] Deleting neutron.port object s_rally_61b95b7c_eA7MnG5W (d40f47c7-f74f-434f-b0a9-94f15eba49b3)
2019-07-16 09:47:41.833 22705 RALLYDEBUG rally_openstack.cleanup.manager [-] Deleting neutron.port object s_rally_61b95b7c_nYLguwAa (d6bc86cf-a6f3-46fd-beea-9afee2e5ae0e)
2019-07-16 09:47:41.965 22705 RALLYDEBUG rally_openstack.cleanup.manager [-] Deleting neutron.port object s_rally_61b95b7c_Evu4smjH (d9b16cb5-5126-4dfa-bd44-c187aa0cd77e)
2019-07-16 09:47:42.075 22705 RALLYDEBUG rally_openstack.cleanup.manager [-] Deleting neutron.port object s_rally_61b95b7c_ux4Axd1N (db846930-93ce-4f3e-a857-862561adbc29)
2019-07-16 09:47:42.077 22705 RALLYDEBUG rally_openstack.cleanup.manager [-] Deleting neutron.port object s_rally_61b95b7c_jBFzltSd (da6ec0dc-4a0b-422c-9aea-a889fd6a8b77)
2019-07-16 09:47:42.264 22705 RALLYDEBUG rally_openstack.cleanup.manager [-] Deleting neutron.port object s_rally_61b95b7c_BRmsrVTO (dda673eb-6cf7-48e7-b15b-e8715c16a31c)
2019-07-16 09:47:42.501 22705 RALLYDEBUG rally_openstack.cleanup.manager [-] Deleting neutron.port object s_rally_61b95b7c_IYNXJctz (ddc2712d-381f-4640-bf4d-c79ff1fd4927)
2019-07-16 09:47:42.585 22705 RALLYDEBUG rally_openstack.cleanup.manager [-] Deleting neutron.port object s_rally_61b95b7c_ObFFT5Od (e24263e4-fb83-430a-92da-5726d9254f01)
2019-07-16 09:47:42.587 22705 RALLYDEBUG rally_openstack.cleanup.manager [-] Deleting neutron.port object s_rally_61b95b7c_620IliG1 (e36a0df0-142f-4660-94a0-cd3b8cc30d5e)
2019-07-16 09:47:42.619 22705 RALLYDEBUG rally_openstack.cleanup.manager [-] Deleting neutron.port object s_rally_61b95b7c_0H1bGdPy (e5403562-2b82-4fc8-b629-4ad1bb3641a3)
2019-07-16 09:47:43.329 22705 RALLYDEBUG rally_openstack.cleanup.manager [-] Deleting neutron.port object s_rally_61b95b7c_cS2VUary (e8efe813-a5db-4313-af86-8862f2970bea)
2019-07-16 09:47:43.437 22705 RALLYDEBUG rally_openstack.cleanup.manager [-] Deleting neutron.port object s_rally_61b95b7c_IkhXKWYJ (ec497b4e-14d9-4649-a5db-5a03d89305a1)
2019-07-16 09:47:43.607 22705 RALLYDEBUG rally_openstack.cleanup.manager [-] Deleting neutron.port object s_rally_61b95b7c_WTSiScy5 (ec942932-7a86-4b99-80b7-9972a28bbc3f)
2019-07-16 09:47:43.893 22705 RALLYDEBUG rally_openstack.cleanup.manager [-] Deleting neutron.port object s_rally_61b95b7c_bkL4qjvy (eefd77a6-7de6-44ea-8a6a-2251581dcf6a)
2019-07-16 09:47:44.226 22705 RALLYDEBUG rally_openstack.cleanup.manager [-] Deleting neutron.port object s_rally_61b95b7c_DEcqtm5t (f1416d87-2081-4aa9-a603-6dcb14435621)
2019-07-16 09:47:44.454 22705 RALLYDEBUG rally_openstack.cleanup.manager [-] Deleting neutron.port object s_rally_61b95b7c_0pjcQdQV (f488be20-311b-473b-a9e0-d453e09d073f)
2019-07-16 09:47:44.690 22705 RALLYDEBUG rally_openstack.cleanup.manager [-] Deleting neutron.port object s_rally_61b95b7c_KdJdJuWm (f65dc4b1-9ce8-4179-844f-3590c3443812)
2019-07-16 09:47:44.697 22705 RALLYDEBUG rally_openstack.cleanup.manager [-] Deleting neutron.port object s_rally_61b95b7c_m5IqjFsM (f7c1a128-c5ee-4bcc-9376-5a872b0436f1)
2019-07-16 09:47:44.704 22705 RALLYDEBUG rally_openstack.cleanup.manager [-] Deleting neutron.port object s_rally_61b95b7c_p9Bbv5YE (f835139d-6588-45e5-94d2-8269476d5f29)
2019-07-16 09:47:44.748 22705 RALLYDEBUG rally_openstack.cleanup.manager [-] Deleting neutron.port object s_rally_61b95b7c_7c2FdqDM (f83e9d4e-cf3f-462c-b6fa-4924a5fbc007)
2019-07-16 09:47:44.764 22705 RALLYDEBUG rally_openstack.cleanup.manager [-] Deleting neutron.port object s_rally_61b95b7c_bgxV640W (fa6efb94-e8f6-4c27-ba5f-9b772c9232bb)
2019-07-16 09:47:44.813 22705 RALLYDEBUG rally_openstack.cleanup.manager [-] Deleting neutron.port object s_rally_61b95b7c_ucx22Yw5 (fd72f8bf-b784-42ec-bacb-538e76928920)
2019-07-16 09:47:44.858 22705 RALLYDEBUG rally_openstack.cleanup.manager [-] Deleting neutron.port object s_rally_61b95b7c_a1tgEf8g (ff7ceb77-0205-4a17-84a1-c15fd0cc3cce)
2019-07-16 09:47:48.239 22705 RALLYDEBUG rally_openstack.cleanup.manager [-] Cleaning up neutron subnet objects
2019-07-16 09:47:48.887 22705 RALLYDEBUG rally_openstack.cleanup.manager [-] Cleaning up neutron network objects
2019-07-16 09:47:49.733 22705 RALLYDEBUG rally_openstack.cleanup.manager [-] Deleting neutron.network object s_rally_61b95b7c_W5FQeQgr (05d044d7-c089-4222-ae01-d3773b6be105)
2019-07-16 09:47:49.743 22705 RALLYDEBUG rally_openstack.cleanup.manager [-] Deleting neutron.network object s_rally_61b95b7c_uLFFRrt4 (09d80385-03c9-45a3-900e-292f8604c7f6)
2019-07-16 09:47:49.745 22705 RALLYDEBUG rally_openstack.cleanup.manager [-] Deleting neutron.network object s_rally_61b95b7c_HkNiJoDk (0c031c58-2443-402d-91b0-661135323e4d)
2019-07-16 09:47:49.757 22705 RALLYDEBUG rally_openstack.cleanup.manager [-] Deleting neutron.network object s_rally_61b95b7c_XljMhNgM (10a3023b-772f-4a9c-b869-20cdbbfe8f05)
2019-07-16 09:47:49.758 22705 RALLYDEBUG rally_openstack.cleanup.manager [-] Deleting neutron.network object s_rally_61b95b7c_J8gpyP47 (16d81550-a86a-4c52-987c-0ba520de24e2)
2019-07-16 09:47:49.767 22705 RALLYDEBUG rally_openstack.cleanup.manager [-] Deleting neutron.network object s_rally_61b95b7c_7KvHuCqN (1946fecb-225f-4b9e-910b-9eb666832a6c)
2019-07-16 09:47:49.776 22705 RALLYDEBUG rally_openstack.cleanup.manager [-] Deleting neutron.network object s_rally_61b95b7c_2TN1XwfA (1ba35e30-8643-43e4-9eb6-625450a07031)
2019-07-16 09:47:49.788 22705 RALLYDEBUG rally_openstack.cleanup.manager [-] Deleting neutron.network object s_rally_61b95b7c_yRSTAmGZ (25f5e355-2373-490d-ba2c-e78872f981cd)
2019-07-16 09:47:49.798 22705 RALLYDEBUG rally_openstack.cleanup.manager [-] Deleting neutron.network object s_rally_61b95b7c_ElcvBA5U (28589cab-8a8a-4fb6-8bae-77caf24414ff)
2019-07-16 09:47:49.819 22705 RALLYDEBUG rally_openstack.cleanup.manager [-] Deleting neutron.network object s_rally_61b95b7c_TPgtJtdC (37ab2124-d95f-4a67-b716-e513c6eb9ec8)
2019-07-16 09:47:49.820 22705 RALLYDEBUG rally_openstack.cleanup.manager [-] Deleting neutron.network object s_rally_61b95b7c_ZVYuzRxf (2f7ff239-b046-40cc-9ceb-28da4c8c90d1)
2019-07-16 09:47:49.830 22705 RALLYDEBUG rally_openstack.cleanup.manager [-] Deleting neutron.network object s_rally_61b95b7c_1bHs2MKl (4825c70d-e9f0-443d-b730-4d6caba00469)
2019-07-16 09:47:49.840 22705 RALLYDEBUG rally_openstack.cleanup.manager [-] Deleting neutron.network object s_rally_61b95b7c_E9S8Y95v (4b6cced5-804e-4c3c-84ef-312f58280dd4)
2019-07-16 09:47:49.855 22705 RALLYDEBUG rally_openstack.cleanup.manager [-] Deleting neutron.network object s_rally_61b95b7c_bwzALgFV (533818dd-3454-4d3b-8d90-467cb3f2707c)
2019-07-16 09:47:49.856 22705 RALLYDEBUG rally_openstack.cleanup.manager [-] Deleting neutron.network object s_rally_61b95b7c_fVxUeh2M (6018ffe3-3280-49ba-b485-8a56ea0e98be)
2019-07-16 09:47:49.881 22705 RALLYDEBUG rally_openstack.cleanup.manager [-] Deleting neutron.network object s_rally_61b95b7c_rxh2wjrV (67e66733-6d13-497b-9c68-1f6bf61abb53)
2019-07-16 09:47:49.884 22705 RALLYDEBUG rally_openstack.cleanup.manager [-] Deleting neutron.network object s_rally_61b95b7c_LGeOf8Y4 (696d5ca9-638c-4714-870d-79661df58f30)
2019-07-16 09:47:49.901 22705 RALLYDEBUG rally_openstack.cleanup.manager [-] Deleting neutron.network object s_rally_61b95b7c_QaqPIINb (708099a6-3daf-4527-91e8-e45973a749a3)
2019-07-16 09:47:49.902 22705 RALLYDEBUG rally_openstack.cleanup.manager [-] Deleting neutron.network object s_rally_61b95b7c_ZEADx2du (719e1457-ab78-4d2e-a545-50f73ff21c99)
2019-07-16 09:47:49.926 22705 RALLYDEBUG rally_openstack.cleanup.manager [-] Deleting neutron.network object s_rally_61b95b7c_JrqTiEss (7ac53eff-c60d-4d8b-b434-be92578daf44)
2019-07-16 09:47:53.575 22705 RALLYDEBUG rally_openstack.cleanup.manager [-] Deleting neutron.network object s_rally_61b95b7c_cjjMTds3 (81a24e2b-d4e9-4ce8-9b58-1aa257a58f20)
2019-07-16 09:47:53.733 22705 RALLYDEBUG rally_openstack.cleanup.manager [-] Deleting neutron.network object s_rally_61b95b7c_csIAvBWh (86ba9559-a976-4969-aa75-bf201da18331)
2019-07-16 09:47:53.765 22705 RALLYDEBUG rally_openstack.cleanup.manager [-] Deleting neutron.network object s_rally_61b95b7c_kiaO0wrj (8855d84f-832e-46e9-9dfa-8b701567ad67)
2019-07-16 09:47:54.492 22705 RALLYDEBUG rally_openstack.cleanup.manager [-] Deleting neutron.network object s_rally_61b95b7c_pmraZHk9 (89500595-9b96-463e-b9d3-962ada1daa5a)
2019-07-16 09:47:54.526 22705 RALLYDEBUG rally_openstack.cleanup.manager [-] Deleting neutron.network object s_rally_61b95b7c_CMjoKYEJ (897dff2b-cb03-4c17-b258-5ad98c091475)
2019-07-16 09:47:54.582 22705 RALLYDEBUG rally_openstack.cleanup.manager [-] Deleting neutron.network object s_rally_61b95b7c_9HiB4WaA (926105fc-c348-4b8a-b95f-bb7f600599d5)
2019-07-16 09:47:54.592 22705 RALLYDEBUG rally_openstack.cleanup.manager [-] Deleting neutron.network object s_rally_61b95b7c_ZDQTdg5z (9453e5c9-ad7d-4af6-9411-7cbba142470b)
2019-07-16 09:47:54.696 22705 RALLYDEBUG rally_openstack.cleanup.manager [-] Deleting neutron.network object s_rally_61b95b7c_O0etY0MG (9b3efe8d-3be8-46ee-9a25-819b881f0fab)
2019-07-16 09:47:54.818 22705 RALLYDEBUG rally_openstack.cleanup.manager [-] Deleting neutron.network object s_rally_61b95b7c_IV5DkHlz (a6786d1e-2cc0-4c42-a85b-7fe2e38eed3f)
2019-07-16 09:47:54.859 22705 RALLYDEBUG rally_openstack.cleanup.manager [-] Deleting neutron.network object s_rally_61b95b7c_R1zUPzbE (a9e4382b-7342-40cc-80cc-77e5cc852d0e)
2019-07-16 09:47:54.880 22705 RALLYDEBUG rally_openstack.cleanup.manager [-] Deleting neutron.network object s_rally_61b95b7c_Kttby7u5 (acdce502-fda2-45e7-ae83-7577ca99cad5)
2019-07-16 09:47:55.180 22705 RALLYDEBUG rally_openstack.cleanup.manager [-] Deleting neutron.network object s_rally_61b95b7c_lGobpSMY (ae0a64e1-424d-4723-baa0-2803560e35e4)
2019-07-16 09:47:55.471 22705 RALLYDEBUG rally_openstack.cleanup.manager [-] Deleting neutron.network object s_rally_61b95b7c_jQcYNreZ (ae647e8d-2364-48d1-8eee-46d731ec143d)
2019-07-16 09:47:55.502 22705 RALLYDEBUG rally_openstack.cleanup.manager [-] Deleting neutron.network object s_rally_61b95b7c_EGtqTupJ (b1a511de-d66e-4ed0-b3c7-97b060a3e0cd)
2019-07-16 09:47:55.549 22705 RALLYDEBUG rally_openstack.cleanup.manager [-] Deleting neutron.network object s_rally_61b95b7c_K5bHCpYK (b8a04d1d-d59d-4221-ae64-e60663a47454)
2019-07-16 09:47:55.995 22705 RALLYDEBUG rally_openstack.cleanup.manager [-] Deleting neutron.network object s_rally_61b95b7c_gqAVgoaP (bc7371ea-a772-4e5f-8e77-7853a3909178)
2019-07-16 09:47:56.004 22705 RALLYDEBUG rally_openstack.cleanup.manager [-] Deleting neutron.network object s_rally_61b95b7c_y8dK7uRH (c3e2e2d4-374e-40d0-aa73-85ccd450479e)
2019-07-16 09:47:56.064 22705 RALLYDEBUG rally_openstack.cleanup.manager [-] Deleting neutron.network object s_rally_61b95b7c_FRRftcKH (d2d14f3e-fffb-46d0-8a94-84e472e75e08)
2019-07-16 09:47:56.077 22705 RALLYDEBUG rally_openstack.cleanup.manager [-] Deleting neutron.network object s_rally_61b95b7c_2rgGlKuR (e218a3a3-287b-48db-942b-0d66c9c3cb0f)
2019-07-16 09:47:56.565 22705 RALLYDEBUG rally_openstack.cleanup.manager [-] Deleting neutron.network object s_rally_61b95b7c_QkXGlVdV (e9a20298-c905-46ab-80bf-3632c1f8f2db)
2019-07-16 09:47:59.756 22705 RALLYDEBUG rally_openstack.cleanup.manager [-] Cleaning up neutron router objects
2019-07-16 09:48:00.519 22705 RALLYDEBUG rally_openstack.cleanup.manager [-] Cleaning up neutron security_group objects
2019-07-16 09:48:01.182 22705 INFO rally.task.context [-] Task 59ccc421-8a02-42cd-8c01-08b384ef5931 | Context cleanup@openstack cleanup() finished in 53.48 sec
2019-07-16 09:48:01.183 22705 INFO rally.task.context [-] Task 59ccc421-8a02-42cd-8c01-08b384ef5931 | Context quotas@openstack cleanup() started
2019-07-16 09:48:01.392 22705 INFO rally.task.context [-] Task 59ccc421-8a02-42cd-8c01-08b384ef5931 | Context quotas@openstack cleanup() finished in 0.21 sec
2019-07-16 09:48:01.392 22705 INFO rally.task.context [-] Task 59ccc421-8a02-42cd-8c01-08b384ef5931 | Context users@openstack cleanup() started
2019-07-16 09:48:05.711 22705 INFO rally.task.context [-] Task 59ccc421-8a02-42cd-8c01-08b384ef5931 | Context users@openstack cleanup() finished in 4.32 sec
2019-07-16 09:48:06.182 22705 INFO rally.task.engine [-] Load duration is: 40.987781
2019-07-16 09:48:06.182 22705 INFO rally.task.engine [-] Full runner duration is: 41.038588
2019-07-16 09:48:06.182 22705 INFO rally.task.engine [-] Full duration is: 103.941385
2019-07-16 09:48:06.385 22705 INFO rally.task.engine [-] Running workload: position = 2 config = { "version": 2, "title": "A cropped version of a bigger task.", "description": "Auto-generated task from a single workload (uuid=9a80107e-0b20-48d7-ad51-d73f4cc879e2)", "subtasks": [ { "title": "NeutronNetworks.create_and_delete_ports", "description": "Create and delete a port.", "scenario": { "NeutronNetworks.create_and_delete_ports": { "network_create_args": {}, "port_create_args": {}, "ports_per_network": 5 } }, "contexts": { "users": { "tenants": 1, "users_per_tenant": 1 }, "quotas": { "neutron": { "network": -1, "port": -1 } } }, "runner": { "constant": { "times": 40, "concurrency": 20 } }, "hooks": [], "sla": { "failure_rate": { "max": 0 } } } ] }
2019-07-16 09:48:06.402 22705 RALLYDEBUG rally_openstack.contexts.keystone.users [-] Creating 1 tenants using 20 threads
2019-07-16 09:48:08.186 22705 RALLYDEBUG rally_openstack.contexts.keystone.users [-] Creating 1 users using 20 threads
2019-07-16 09:48:10.598 22705 INFO rally.task.context [-] Task 59ccc421-8a02-42cd-8c01-08b384ef5931 | Context users@openstack setup() finished in 4.20 sec
2019-07-16 09:48:11.339 22705 INFO rally.task.context [-] Task 59ccc421-8a02-42cd-8c01-08b384ef5931 | Context quotas@openstack setup() finished in 0.74 sec
2019-07-16 09:48:11.340 22705 INFO rally.task.context [-] Task 59ccc421-8a02-42cd-8c01-08b384ef5931 | Context cleanup@openstack setup() finished in 0.01 msec
2019-07-16 09:48:11.347 22705 RALLYDEBUG rally.task.runner [-] Starting the constant runner (task UUID: 59ccc421-8a02-42cd-8c01-08b384ef5931). timeout: 0 concurrency: 20 concurrency_per_worker: 1 times: 40 concurrency_overhead: 4 processes_to_start: 16 max_cpu_used: 16
2019-07-16 09:48:11.359 26951 RALLYDEBUG rally.task.runner [-] Starting a worker. concurrency: 2 args: {"network_create_args": {}, "port_create_args": {}, "ports_per_network": 5} times: 40 method_name: run timeout: 0 duration: None cls:
2019-07-16 09:48:11.361 26952 RALLYDEBUG rally.task.runner [-] Starting a worker. concurrency: 2 args: {"network_create_args": {}, "port_create_args": {}, "ports_per_network": 5} times: 40 method_name: run timeout: 0 duration: None cls:
2019-07-16 09:48:11.364 26953 RALLYDEBUG rally.task.runner [-] Starting a worker. concurrency: 2 args: {"network_create_args": {}, "port_create_args": {}, "ports_per_network": 5} times: 40 method_name: run timeout: 0 duration: None cls:
2019-07-16 09:48:11.366 26954 RALLYDEBUG rally.task.runner [-] Starting a worker. concurrency: 2 args: {"network_create_args": {}, "port_create_args": {}, "ports_per_network": 5} times: 40 method_name: run timeout: 0 duration: None cls:
2019-07-16 09:48:11.369 26951 INFO rally.task.runner [-] Task 59ccc421-8a02-42cd-8c01-08b384ef5931 | ITER: 1 START
2019-07-16 09:48:11.371 26952 INFO rally.task.runner [-] Task 59ccc421-8a02-42cd-8c01-08b384ef5931 | ITER: 2 START
2019-07-16 09:48:11.371 26951 INFO rally.task.runner [-] Task 59ccc421-8a02-42cd-8c01-08b384ef5931 | ITER: 3 START
2019-07-16 09:48:11.372 26955 RALLYDEBUG rally.task.runner [-] Starting a worker. concurrency: 1 args: {"network_create_args": {}, "port_create_args": {}, "ports_per_network": 5} times: 40 method_name: run timeout: 0 duration: None cls:
2019-07-16 09:48:11.372 26952 INFO rally.task.runner [-] Task 59ccc421-8a02-42cd-8c01-08b384ef5931 | ITER: 5 START
2019-07-16 09:48:11.373 26951 WARNING rally_openstack.scenarios.neutron.utils [-] Running this scenario without either the 'network' or 'existing_network' context is deprecated
2019-07-16 09:48:11.373 26959 RALLYDEBUG rally.task.runner [-] Starting a worker. concurrency: 1 args: {"network_create_args": {}, "port_create_args": {}, "ports_per_network": 5} times: 40 method_name: run timeout: 0 duration: None cls:
2019-07-16 09:48:11.373 26952 WARNING rally_openstack.scenarios.neutron.utils [-] Running this scenario without either the 'network' or 'existing_network' context is deprecated
2019-07-16 09:48:11.375 26954 INFO rally.task.runner [-] Task 59ccc421-8a02-42cd-8c01-08b384ef5931 | ITER: 6 START
2019-07-16 09:48:11.376 26954 WARNING rally_openstack.scenarios.neutron.utils [-] Running this scenario without either the 'network' or 'existing_network' context is deprecated
2019-07-16 09:48:11.376 26961 RALLYDEBUG rally.task.runner [-] Starting a worker. concurrency: 1 args: {"network_create_args": {}, "port_create_args": {}, "ports_per_network": 5} times: 40 method_name: run timeout: 0 duration: None cls:
2019-07-16 09:48:11.372 26951 WARNING rally_openstack.scenarios.neutron.utils [-] Running this scenario without either the 'network' or 'existing_network' context is deprecated
2019-07-16 09:48:11.374 26952 WARNING rally_openstack.scenarios.neutron.utils [-] Running this scenario without either the 'network' or 'existing_network' context is deprecated
2019-07-16 09:48:11.380 26959 INFO rally.task.runner [-] Task 59ccc421-8a02-42cd-8c01-08b384ef5931 | ITER: 9 START
2019-07-16 09:48:11.382 26959 WARNING rally_openstack.scenarios.neutron.utils [-] Running this scenario without either the 'network' or 'existing_network' context is deprecated
2019-07-16 09:48:11.382 26966 RALLYDEBUG rally.task.runner [-] Starting a worker. concurrency: 1 args: {"network_create_args": {}, "port_create_args": {}, "ports_per_network": 5} times: 40 method_name: run timeout: 0 duration: None cls:
2019-07-16 09:48:11.384 26954 INFO rally.task.runner [-] Task 59ccc421-8a02-42cd-8c01-08b384ef5931 | ITER: 7 START
2019-07-16 09:48:11.384 26953 INFO rally.task.runner [-] Task 59ccc421-8a02-42cd-8c01-08b384ef5931 | ITER: 4 START
2019-07-16 09:48:11.384 26961 INFO rally.task.runner [-] Task 59ccc421-8a02-42cd-8c01-08b384ef5931 | ITER: 11 START
2019-07-16 09:48:11.385 26954 WARNING rally_openstack.scenarios.neutron.utils [-] Running this scenario without either the 'network' or 'existing_network' context is deprecated
2019-07-16 09:48:11.386 26953 INFO rally.task.runner [-] Task 59ccc421-8a02-42cd-8c01-08b384ef5931 | ITER: 10 START
2019-07-16 09:48:11.387 26955 INFO rally.task.runner [-] Task 59ccc421-8a02-42cd-8c01-08b384ef5931 | ITER: 8 START
2019-07-16 09:48:11.386 26968 RALLYDEBUG rally.task.runner [-] Starting a worker. concurrency: 1 args: {"network_create_args": {}, "port_create_args": {}, "ports_per_network": 5} times: 40 method_name: run timeout: 0 duration: None cls:
2019-07-16 09:48:11.387 26953 WARNING rally_openstack.scenarios.neutron.utils [-] Running this scenario without either the 'network' or 'existing_network' context is deprecated
2019-07-16 09:48:11.386 26971 RALLYDEBUG rally.task.runner [-] Starting a worker. concurrency: 1 args: {"network_create_args": {}, "port_create_args": {}, "ports_per_network": 5} times: 40 method_name: run timeout: 0 duration: None cls:
2019-07-16 09:48:11.388 26955 WARNING rally_openstack.scenarios.neutron.utils [-] Running this scenario without either the 'network' or 'existing_network' context is deprecated
2019-07-16 09:48:11.389 26975 RALLYDEBUG rally.task.runner [-] Starting a worker. concurrency: 1 args: {"network_create_args": {}, "port_create_args": {}, "ports_per_network": 5} times: 40 method_name: run timeout: 0 duration: None cls:
2019-07-16 09:48:11.391 26966 INFO rally.task.runner [-] Task 59ccc421-8a02-42cd-8c01-08b384ef5931 | ITER: 12 START
2019-07-16 09:48:11.388 26961 WARNING rally_openstack.scenarios.neutron.utils [-] Running this scenario without either the 'network' or 'existing_network' context is deprecated
2019-07-16 09:48:11.393 26968 INFO rally.task.runner [-] Task 59ccc421-8a02-42cd-8c01-08b384ef5931 | ITER: 13 START
2019-07-16 09:48:11.392 26982 RALLYDEBUG rally.task.runner [-] Starting a worker. concurrency: 1 args: {"network_create_args": {}, "port_create_args": {}, "ports_per_network": 5} times: 40 method_name: run timeout: 0 duration: None cls:
2019-07-16 09:48:11.387 26953 WARNING rally_openstack.scenarios.neutron.utils [-] Running this scenario without either the 'network' or 'existing_network' context is deprecated
2019-07-16 09:48:11.392 26979 RALLYDEBUG rally.task.runner [-] Starting a worker. concurrency: 1 args: {"network_create_args": {}, "port_create_args": {}, "ports_per_network": 5} times: 40 method_name: run timeout: 0 duration: None cls:
2019-07-16 09:48:11.393 26966 WARNING rally_openstack.scenarios.neutron.utils [-] Running this scenario without either the 'network' or 'existing_network' context is deprecated
2019-07-16 09:48:11.395 26968 WARNING rally_openstack.scenarios.neutron.utils [-] Running this scenario without either the 'network' or 'existing_network' context is deprecated
2019-07-16 09:48:11.395 26971 INFO rally.task.runner [-] Task 59ccc421-8a02-42cd-8c01-08b384ef5931 | ITER: 14 START
2019-07-16 09:48:11.397 26971 WARNING rally_openstack.scenarios.neutron.utils [-] Running this scenario without either the 'network' or 'existing_network' context is deprecated
2019-07-16 09:48:11.399 26975 INFO rally.task.runner [-] Task 59ccc421-8a02-42cd-8c01-08b384ef5931 | ITER: 15 START
2019-07-16 09:48:11.399 26982 INFO rally.task.runner [-] Task 59ccc421-8a02-42cd-8c01-08b384ef5931 | ITER: 16 START
2019-07-16 09:48:11.400 26975 WARNING rally_openstack.scenarios.neutron.utils [-] Running this scenario without either the 'network' or 'existing_network' context is deprecated
2019-07-16 09:48:11.401 26982 WARNING rally_openstack.scenarios.neutron.utils [-] Running this scenario without either the 'network' or 'existing_network' context is deprecated
2019-07-16 09:48:11.402 26981 RALLYDEBUG rally.task.runner [-] Starting a worker. concurrency: 1 args: {"network_create_args": {}, "port_create_args": {}, "ports_per_network": 5} times: 40 method_name: run timeout: 0 duration: None cls:
2019-07-16 09:48:11.402 26985 RALLYDEBUG rally.task.runner [-] Starting a worker. concurrency: 1 args: {"network_create_args": {}, "port_create_args": {}, "ports_per_network": 5} times: 40 method_name: run timeout: 0 duration: None cls:
2019-07-16 09:48:11.407 26992 RALLYDEBUG rally.task.runner [-] Starting a worker. concurrency: 1 args: {"network_create_args": {}, "port_create_args": {}, "ports_per_network": 5} times: 40 method_name: run timeout: 0 duration: None cls:
2019-07-16 09:48:11.408 26979 INFO rally.task.runner [-] Task 59ccc421-8a02-42cd-8c01-08b384ef5931 | ITER: 17 START
2019-07-16 09:48:11.408 26981 INFO rally.task.runner [-] Task 59ccc421-8a02-42cd-8c01-08b384ef5931 | ITER: 18 START
2019-07-16 09:48:11.409 26979 WARNING rally_openstack.scenarios.neutron.utils [-] Running this scenario without either the 'network' or 'existing_network' context is deprecated
2019-07-16 09:48:11.410 26985 INFO rally.task.runner [-] Task 59ccc421-8a02-42cd-8c01-08b384ef5931 | ITER: 19 START
2019-07-16 09:48:11.410 26981 WARNING rally_openstack.scenarios.neutron.utils [-] Running this scenario without either the 'network' or 'existing_network' context is deprecated
2019-07-16 09:48:11.411 26985 WARNING rally_openstack.scenarios.neutron.utils [-] Running this scenario without either the 'network' or 'existing_network' context is deprecated
2019-07-16 09:48:11.413 26992 INFO rally.task.runner [-] Task 59ccc421-8a02-42cd-8c01-08b384ef5931 | ITER: 20 START
2019-07-16 09:48:11.414 26992 WARNING rally_openstack.scenarios.neutron.utils [-] Running this scenario without either the 'network' or 'existing_network' context is deprecated
2019-07-16 09:48:22.021 26982 INFO rally.task.runner [-] Task 59ccc421-8a02-42cd-8c01-08b384ef5931 | ITER: 16 END: OK
2019-07-16 09:48:22.024 26982 INFO rally.task.runner [-] Task 59ccc421-8a02-42cd-8c01-08b384ef5931 | ITER: 21 START
2019-07-16 09:48:22.025 26982 WARNING rally_openstack.scenarios.neutron.utils [-] Running this scenario without either the 'network' or 'existing_network' context is deprecated
2019-07-16 09:48:22.382 26992 INFO rally.task.runner [-] Task 59ccc421-8a02-42cd-8c01-08b384ef5931 | ITER: 20 END: OK
2019-07-16 09:48:22.385 26992 INFO rally.task.runner [-] Task 59ccc421-8a02-42cd-8c01-08b384ef5931 | ITER: 22 START
2019-07-16 09:48:22.386 26992 WARNING rally_openstack.scenarios.neutron.utils [-] Running this scenario without either the 'network' or 'existing_network' context is deprecated
2019-07-16 09:48:22.817 26985 INFO rally.task.runner [-] Task 59ccc421-8a02-42cd-8c01-08b384ef5931 | ITER: 19 END: OK
2019-07-16 09:48:22.821 26985 INFO rally.task.runner [-] Task 59ccc421-8a02-42cd-8c01-08b384ef5931 | ITER: 23 START
2019-07-16 09:48:22.822 26985 WARNING rally_openstack.scenarios.neutron.utils [-] Running this scenario without either the 'network' or 'existing_network' context is deprecated
2019-07-16 09:48:29.157 26953 INFO rally.task.runner [-] Task 59ccc421-8a02-42cd-8c01-08b384ef5931 | ITER: 4 END: OK
2019-07-16 09:48:29.160 26953 INFO rally.task.runner [-] Task 59ccc421-8a02-42cd-8c01-08b384ef5931 | ITER: 24 START
2019-07-16 09:48:29.160 26953 WARNING rally_openstack.scenarios.neutron.utils [-] Running this scenario without either the 'network' or 'existing_network' context is deprecated
2019-07-16 09:48:29.877 26955 INFO rally.task.runner [-] Task 59ccc421-8a02-42cd-8c01-08b384ef5931 | ITER: 8 END: OK
2019-07-16 09:48:29.880 26955 INFO rally.task.runner [-] Task 59ccc421-8a02-42cd-8c01-08b384ef5931 | ITER: 25 START
2019-07-16 09:48:29.881 26955 WARNING rally_openstack.scenarios.neutron.utils [-] Running this scenario without either the 'network' or 'existing_network' context is deprecated
2019-07-16 09:48:30.025 26953 INFO rally.task.runner [-] Task 59ccc421-8a02-42cd-8c01-08b384ef5931 | ITER: 10 END: OK
2019-07-16 09:48:30.028 26953 INFO rally.task.runner [-] Task 59ccc421-8a02-42cd-8c01-08b384ef5931 | ITER: 26 START
2019-07-16 09:48:30.028 26953 WARNING rally_openstack.scenarios.neutron.utils [-] Running this scenario without either the 'network' or 'existing_network' context is deprecated
2019-07-16 09:48:30.029 26952 INFO rally.task.runner [-] Task 59ccc421-8a02-42cd-8c01-08b384ef5931 | ITER: 2 END: OK
2019-07-16 09:48:30.033 26952 INFO rally.task.runner [-] Task 59ccc421-8a02-42cd-8c01-08b384ef5931 | ITER: 27 START
2019-07-16 09:48:30.034 26952 WARNING rally_openstack.scenarios.neutron.utils [-] Running this scenario without either the 'network' or 'existing_network' context is deprecated
2019-07-16 09:48:30.119 26968 INFO rally.task.runner [-] Task 59ccc421-8a02-42cd-8c01-08b384ef5931 | ITER: 13 END: OK
2019-07-16 09:48:30.123 26968 INFO rally.task.runner [-] Task 59ccc421-8a02-42cd-8c01-08b384ef5931 | ITER: 28 START
2019-07-16 09:48:30.123 26968 WARNING rally_openstack.scenarios.neutron.utils [-] Running this scenario without either the 'network' or 'existing_network' context is deprecated
2019-07-16 09:48:30.402 26981 INFO rally.task.runner [-] Task 59ccc421-8a02-42cd-8c01-08b384ef5931 | ITER: 18 END: OK
2019-07-16 09:48:30.405 26981 INFO rally.task.runner [-] Task 59ccc421-8a02-42cd-8c01-08b384ef5931 | ITER: 29 START
2019-07-16 09:48:30.405 26981 WARNING rally_openstack.scenarios.neutron.utils [-] Running this scenario without either the 'network' or 'existing_network' context is deprecated
2019-07-16 09:48:32.662 26985 INFO rally.task.runner [-] Task 59ccc421-8a02-42cd-8c01-08b384ef5931 | ITER: 23 END: OK
2019-07-16 09:48:32.665 26985 INFO rally.task.runner [-] Task 59ccc421-8a02-42cd-8c01-08b384ef5931 | ITER: 30 START
2019-07-16 09:48:32.665 26985 WARNING rally_openstack.scenarios.neutron.utils [-] Running this scenario without either the 'network' or 'existing_network' context is deprecated
2019-07-16 09:48:34.604 26966 INFO rally.task.runner [-] Task 59ccc421-8a02-42cd-8c01-08b384ef5931 | ITER: 12 END: OK
2019-07-16 09:48:34.608 26966 INFO rally.task.runner [-] Task 59ccc421-8a02-42cd-8c01-08b384ef5931 | ITER: 31 START
2019-07-16 09:48:34.609 26966 WARNING rally_openstack.scenarios.neutron.utils [-] Running this scenario without either the 'network' or 'existing_network' context is deprecated
2019-07-16 09:48:34.674 26975 INFO rally.task.runner [-] Task 59ccc421-8a02-42cd-8c01-08b384ef5931 | ITER: 15 END: OK
2019-07-16 09:48:34.678 26975 INFO rally.task.runner [-] Task 59ccc421-8a02-42cd-8c01-08b384ef5931 | ITER: 32 START
2019-07-16 09:48:34.678 26975 WARNING rally_openstack.scenarios.neutron.utils [-] Running this scenario without either the 'network' or 'existing_network' context is deprecated
2019-07-16 09:48:34.780 26961 INFO rally.task.runner [-] Task 59ccc421-8a02-42cd-8c01-08b384ef5931 | ITER: 11 END: OK
2019-07-16 09:48:34.784 26961 INFO rally.task.runner [-] Task 59ccc421-8a02-42cd-8c01-08b384ef5931 | ITER: 33 START
2019-07-16 09:48:34.785 26961 WARNING rally_openstack.scenarios.neutron.utils [-] Running this scenario without either the 'network' or 'existing_network' context is deprecated
2019-07-16 09:48:38.678 26951 INFO rally.task.runner [-] Task 59ccc421-8a02-42cd-8c01-08b384ef5931 | ITER: 1 END: OK
2019-07-16 09:48:38.680 26951 INFO rally.task.runner [-] Task 59ccc421-8a02-42cd-8c01-08b384ef5931 | ITER: 34 START
2019-07-16 09:48:38.681 26951 WARNING rally_openstack.scenarios.neutron.utils [-] Running this scenario without either the 'network' or 'existing_network' context is deprecated
2019-07-16 09:48:39.237 26954 INFO rally.task.runner [-] Task 59ccc421-8a02-42cd-8c01-08b384ef5931 | ITER: 6 END: OK
2019-07-16 09:48:39.241 26954 INFO rally.task.runner [-] Task 59ccc421-8a02-42cd-8c01-08b384ef5931 | ITER: 35 START
2019-07-16 09:48:39.241 26954 WARNING rally_openstack.scenarios.neutron.utils [-] Running this scenario without either the 'network' or 'existing_network' context is deprecated
2019-07-16 09:48:39.287 26971 INFO rally.task.runner [-] Task 59ccc421-8a02-42cd-8c01-08b384ef5931 | ITER: 14 END: OK
2019-07-16 09:48:39.291 26971 INFO rally.task.runner [-] Task 59ccc421-8a02-42cd-8c01-08b384ef5931 | ITER: 36 START
2019-07-16 09:48:39.292 26971 WARNING rally_openstack.scenarios.neutron.utils [-] Running this scenario without either the 'network' or 'existing_network' context is deprecated
2019-07-16 09:48:39.444 26953 INFO rally.task.runner [-] Task 59ccc421-8a02-42cd-8c01-08b384ef5931 | ITER: 24 END: OK
2019-07-16 09:48:39.448 26953 INFO rally.task.runner [-] Task 59ccc421-8a02-42cd-8c01-08b384ef5931 | ITER: 37 START
2019-07-16 09:48:39.448 26953 WARNING rally_openstack.scenarios.neutron.utils [-] Running this scenario without either the 'network' or 'existing_network' context is deprecated
2019-07-16 09:48:40.062 26968 INFO rally.task.runner [-] Task 59ccc421-8a02-42cd-8c01-08b384ef5931 | ITER: 28 END: OK
2019-07-16 09:48:40.066 26968 INFO rally.task.runner [-] Task 59ccc421-8a02-42cd-8c01-08b384ef5931 | ITER: 38 START
2019-07-16 09:48:40.067 26968 WARNING rally_openstack.scenarios.neutron.utils [-] Running this scenario without either the 'network' or 'existing_network' context is deprecated
2019-07-16 09:48:40.068 26982 INFO rally.task.runner [-] Task 59ccc421-8a02-42cd-8c01-08b384ef5931 | ITER: 21 END: OK
2019-07-16 09:48:40.071 26982 INFO rally.task.runner [-] Task 59ccc421-8a02-42cd-8c01-08b384ef5931 | ITER: 39 START
