2019-07-16 09:33:17.660 24805 WARNING rally_openstack.scenarios.neutron.utils [-] Running this scenario without either the 'network' or 'existing_network' context is deprecated
2019-07-16 09:33:17.661 24815 RALLYDEBUG rally.task.runner [-] Starting a worker. concurrency: 1 args: {"network_create_args": {}, "subnet_create_args": {}, "subnet_cidr_start": "1.1.0.0/30", "subnets_per_network": 2} times: 40 method_name: run timeout: 0 duration: None cls:
2019-07-16 09:33:17.662 24810 INFO rally.task.runner [-] Task 59ccc421-8a02-42cd-8c01-08b384ef5931 | ITER: 10 START
2019-07-16 09:33:17.663 24799 INFO rally.task.runner [-] Task 59ccc421-8a02-42cd-8c01-08b384ef5931 | ITER: 3 START
2019-07-16 09:33:17.659 24801 WARNING rally_openstack.scenarios.neutron.utils [-] Running this scenario without either the 'network' or 'existing_network' context is deprecated
2019-07-16 09:33:17.665 24802 INFO rally.task.runner [-] Task 59ccc421-8a02-42cd-8c01-08b384ef5931 | ITER: 8 START
2019-07-16 09:33:17.666 24810 WARNING rally_openstack.scenarios.neutron.utils [-] Running this scenario without either the 'network' or 'existing_network' context is deprecated
2019-07-16 09:33:17.666 24799 WARNING rally_openstack.scenarios.neutron.utils [-] Running this scenario without either the 'network' or 'existing_network' context is deprecated
2019-07-16 09:33:17.666 24802 WARNING rally_openstack.scenarios.neutron.utils [-] Running this scenario without either the 'network' or 'existing_network' context is deprecated
2019-07-16 09:33:17.667 24815 INFO rally.task.runner [-] Task 59ccc421-8a02-42cd-8c01-08b384ef5931 | ITER: 11 START
2019-07-16 09:33:17.668 24820 RALLYDEBUG rally.task.runner [-] Starting a worker. concurrency: 1 args: {"network_create_args": {}, "subnet_create_args": {}, "subnet_cidr_start": "1.1.0.0/30", "subnets_per_network": 2} times: 40 method_name: run timeout: 0 duration: None cls:
2019-07-16 09:33:17.669 24815 WARNING rally_openstack.scenarios.neutron.utils [-] Running this scenario without either the 'network' or 'existing_network' context is deprecated
2019-07-16 09:33:17.674 24820 INFO rally.task.runner [-] Task 59ccc421-8a02-42cd-8c01-08b384ef5931 | ITER: 12 START
2019-07-16 09:33:17.676 24820 WARNING rally_openstack.scenarios.neutron.utils [-] Running this scenario without either the 'network' or 'existing_network' context is deprecated
2019-07-16 09:33:17.676 24825 RALLYDEBUG rally.task.runner [-] Starting a worker. concurrency: 1 args: {"network_create_args": {}, "subnet_create_args": {}, "subnet_cidr_start": "1.1.0.0/30", "subnets_per_network": 2} times: 40 method_name: run timeout: 0 duration: None cls:
2019-07-16 09:33:17.682 24828 RALLYDEBUG rally.task.runner [-] Starting a worker. concurrency: 1 args: {"network_create_args": {}, "subnet_create_args": {}, "subnet_cidr_start": "1.1.0.0/30", "subnets_per_network": 2} times: 40 method_name: run timeout: 0 duration: None cls:
2019-07-16 09:33:17.683 24825 INFO rally.task.runner [-] Task 59ccc421-8a02-42cd-8c01-08b384ef5931 | ITER: 13 START
2019-07-16 09:33:17.685 24825 WARNING rally_openstack.scenarios.neutron.utils [-] Running this scenario without either the 'network' or 'existing_network' context is deprecated
2019-07-16 09:33:17.687 24828 INFO rally.task.runner [-] Task 59ccc421-8a02-42cd-8c01-08b384ef5931 | ITER: 14 START
2019-07-16 09:33:17.689 24828 WARNING rally_openstack.scenarios.neutron.utils [-] Running this scenario without either the 'network' or 'existing_network' context is deprecated
2019-07-16 09:33:17.691 24830 RALLYDEBUG rally.task.runner [-] Starting a worker. concurrency: 1 args: {"network_create_args": {}, "subnet_create_args": {}, "subnet_cidr_start": "1.1.0.0/30", "subnets_per_network": 2} times: 40 method_name: run timeout: 0 duration: None cls:
2019-07-16 09:33:17.693 24833 RALLYDEBUG rally.task.runner [-] Starting a worker. concurrency: 1 args: {"network_create_args": {}, "subnet_create_args": {}, "subnet_cidr_start": "1.1.0.0/30", "subnets_per_network": 2} times: 40 method_name: run timeout: 0 duration: None cls:
2019-07-16 09:33:17.698 24830 INFO rally.task.runner [-] Task 59ccc421-8a02-42cd-8c01-08b384ef5931 | ITER: 15 START
2019-07-16 09:33:17.699 24833 INFO rally.task.runner [-] Task 59ccc421-8a02-42cd-8c01-08b384ef5931 | ITER: 16 START
2019-07-16 09:33:17.700 24830 WARNING rally_openstack.scenarios.neutron.utils [-] Running this scenario without either the 'network' or 'existing_network' context is deprecated
2019-07-16 09:33:17.700 24833 WARNING rally_openstack.scenarios.neutron.utils [-] Running this scenario without either the 'network' or 'existing_network' context is deprecated
2019-07-16 09:33:17.700 24835 RALLYDEBUG rally.task.runner [-] Starting a worker. concurrency: 1 args: {"network_create_args": {}, "subnet_create_args": {}, "subnet_cidr_start": "1.1.0.0/30", "subnets_per_network": 2} times: 40 method_name: run timeout: 0 duration: None cls:
2019-07-16 09:33:17.704 24835 INFO rally.task.runner [-] Task 59ccc421-8a02-42cd-8c01-08b384ef5931 | ITER: 17 START
2019-07-16 09:33:17.706 24835 WARNING rally_openstack.scenarios.neutron.utils [-] Running this scenario without either the 'network' or 'existing_network' context is deprecated
2019-07-16 09:33:17.711 24843 RALLYDEBUG rally.task.runner [-] Starting a worker. concurrency: 1 args: {"network_create_args": {}, "subnet_create_args": {}, "subnet_cidr_start": "1.1.0.0/30", "subnets_per_network": 2} times: 40 method_name: run timeout: 0 duration: None cls:
2019-07-16 09:33:17.712 24840 RALLYDEBUG rally.task.runner [-] Starting a worker. concurrency: 1 args: {"network_create_args": {}, "subnet_create_args": {}, "subnet_cidr_start": "1.1.0.0/30", "subnets_per_network": 2} times: 40 method_name: run timeout: 0 duration: None cls:
2019-07-16 09:33:17.712 24844 RALLYDEBUG rally.task.runner [-] Starting a worker. concurrency: 1 args: {"network_create_args": {}, "subnet_create_args": {}, "subnet_cidr_start": "1.1.0.0/30", "subnets_per_network": 2} times: 40 method_name: run timeout: 0 duration: None cls:
2019-07-16 09:33:17.716 24840 INFO rally.task.runner [-] Task 59ccc421-8a02-42cd-8c01-08b384ef5931 | ITER: 19 START
2019-07-16 09:33:17.716 24844 INFO rally.task.runner [-] Task 59ccc421-8a02-42cd-8c01-08b384ef5931 | ITER: 20 START
2019-07-16 09:33:17.717 24843 INFO rally.task.runner [-] Task 59ccc421-8a02-42cd-8c01-08b384ef5931 | ITER: 18 START
2019-07-16 09:33:17.717 24840 WARNING rally_openstack.scenarios.neutron.utils [-] Running this scenario without either the 'network' or 'existing_network' context is deprecated
2019-07-16 09:33:17.718 24843 WARNING rally_openstack.scenarios.neutron.utils [-] Running this scenario without either the 'network' or 'existing_network' context is deprecated
2019-07-16 09:33:17.718 24844 WARNING rally_openstack.scenarios.neutron.utils [-] Running this scenario without either the 'network' or 'existing_network' context is deprecated
2019-07-16 09:33:19.341 24805 RALLYDEBUG rally_openstack.wrappers.network [-] CIDR generated: 1.1.4.96/30
2019-07-16 09:33:19.399 24801 RALLYDEBUG rally_openstack.wrappers.network [-] CIDR generated: 1.1.4.100/30
2019-07-16 09:33:19.495 24830 RALLYDEBUG rally_openstack.wrappers.network [-] CIDR generated: 1.1.4.104/30
2019-07-16 09:33:19.545 24802 RALLYDEBUG rally_openstack.wrappers.network [-] CIDR generated: 1.1.4.108/30
2019-07-16 09:33:19.599 24820 RALLYDEBUG rally_openstack.wrappers.network [-] CIDR generated: 1.1.4.112/30
2019-07-16 09:33:19.748 24799 RALLYDEBUG rally_openstack.wrappers.network [-] CIDR generated: 1.1.4.116/30
2019-07-16 09:33:19.823 24799 RALLYDEBUG rally_openstack.wrappers.network [-] CIDR generated: 1.1.4.120/30
2019-07-16 09:33:19.825 24815 RALLYDEBUG rally_openstack.wrappers.network [-] CIDR generated: 1.1.4.124/30
2019-07-16 09:33:20.040 24800 RALLYDEBUG rally_openstack.wrappers.network [-] CIDR generated: 1.1.4.128/30
2019-07-16 09:33:20.062 24800 RALLYDEBUG rally_openstack.wrappers.network [-] CIDR generated: 1.1.4.132/30
2019-07-16 09:33:20.063 24802 RALLYDEBUG rally_openstack.wrappers.network [-] CIDR generated: 1.1.4.136/30
2019-07-16 09:33:20.144 24835 RALLYDEBUG rally_openstack.wrappers.network [-] CIDR generated: 1.1.4.140/30
2019-07-16 09:33:20.177 24801 RALLYDEBUG rally_openstack.wrappers.network [-] CIDR generated: 1.1.4.144/30
2019-07-16 09:33:20.424 24840 RALLYDEBUG rally_openstack.wrappers.network [-] CIDR generated: 1.1.4.148/30
2019-07-16 09:33:20.453 24833 RALLYDEBUG rally_openstack.wrappers.network [-] CIDR generated: 1.1.4.152/30
2019-07-16 09:33:20.525 24801 RALLYDEBUG rally_openstack.wrappers.network [-] CIDR generated: 1.1.4.156/30
2019-07-16 09:33:20.610 24810 RALLYDEBUG rally_openstack.wrappers.network [-] CIDR generated: 1.1.4.160/30
2019-07-16 09:33:20.723 24805 RALLYDEBUG rally_openstack.wrappers.network [-] CIDR generated: 1.1.4.164/30
2019-07-16 09:33:21.134 24843 RALLYDEBUG rally_openstack.wrappers.network [-] CIDR generated: 1.1.4.168/30
2019-07-16 09:33:21.229 24844 RALLYDEBUG rally_openstack.wrappers.network [-] CIDR generated: 1.1.4.172/30
2019-07-16 09:33:21.499 24825 RALLYDEBUG rally_openstack.wrappers.network [-] CIDR generated: 1.1.4.176/30
2019-07-16 09:33:21.500 24828 RALLYDEBUG rally_openstack.wrappers.network [-] CIDR generated: 1.1.4.180/30
2019-07-16 09:33:23.002 24830 RALLYDEBUG rally_openstack.wrappers.network [-] CIDR generated: 1.1.4.184/30
2019-07-16 09:33:23.531 24820 RALLYDEBUG rally_openstack.wrappers.network [-] CIDR generated: 1.1.4.188/30
2019-07-16 09:33:23.541 24802 RALLYDEBUG rally_openstack.wrappers.network [-] CIDR generated: 1.1.4.192/30
2019-07-16 09:33:23.801 24843 RALLYDEBUG rally_openstack.wrappers.network [-] CIDR generated: 1.1.4.196/30
2019-07-16 09:33:23.829 24844 RALLYDEBUG rally_openstack.wrappers.network [-] CIDR generated: 1.1.4.200/30
2019-07-16 09:33:23.887 24835 RALLYDEBUG rally_openstack.wrappers.network [-] CIDR generated: 1.1.4.204/30
2019-07-16 09:33:24.122 24840 RALLYDEBUG rally_openstack.wrappers.network [-] CIDR generated: 1.1.4.208/30
2019-07-16 09:33:24.751 24800 RALLYDEBUG rally_openstack.wrappers.network [-] CIDR generated: 1.1.4.212/30
2019-07-16 09:33:25.161 24805 INFO rally.task.runner [-] Task 59ccc421-8a02-42cd-8c01-08b384ef5931 | ITER: 9 END: OK
2019-07-16 09:33:25.166 24805 INFO rally.task.runner [-] Task 59ccc421-8a02-42cd-8c01-08b384ef5931 | ITER: 21 START
2019-07-16 09:33:25.167 24805 WARNING rally_openstack.scenarios.neutron.utils [-] Running this scenario without either the 'network' or 'existing_network' context is deprecated
2019-07-16 09:33:25.167 24800 RALLYDEBUG rally_openstack.wrappers.network [-] CIDR generated: 1.1.4.216/30
2019-07-16 09:33:25.199 24802 RALLYDEBUG rally_openstack.wrappers.network [-] CIDR generated: 1.1.4.220/30
2019-07-16 09:33:25.211 24801 INFO rally.task.runner [-] Task 59ccc421-8a02-42cd-8c01-08b384ef5931 | ITER: 6 END: OK
2019-07-16 09:33:25.216 24801 INFO rally.task.runner [-] Task 59ccc421-8a02-42cd-8c01-08b384ef5931 | ITER: 22 START
2019-07-16 09:33:25.216 24801 WARNING rally_openstack.scenarios.neutron.utils [-] Running this scenario without either the 'network' or 'existing_network' context is deprecated
2019-07-16 09:33:25.770 24810 RALLYDEBUG rally_openstack.wrappers.network [-] CIDR generated: 1.1.4.224/30
2019-07-16 09:33:25.870 24799 RALLYDEBUG rally_openstack.wrappers.network [-] CIDR generated: 1.1.4.228/30
2019-07-16 09:33:25.916 24799 RALLYDEBUG rally_openstack.wrappers.network [-] CIDR generated: 1.1.4.232/30
2019-07-16 09:33:26.145 24815 RALLYDEBUG rally_openstack.wrappers.network [-] CIDR generated: 1.1.4.236/30
2019-07-16 09:33:26.185 24801 RALLYDEBUG rally_openstack.wrappers.network [-] CIDR generated: 1.1.4.240/30
2019-07-16 09:33:26.435 24805 RALLYDEBUG rally_openstack.wrappers.network [-] CIDR generated: 1.1.4.244/30
2019-07-16 09:33:26.438 24801 RALLYDEBUG rally_openstack.wrappers.network [-] CIDR generated: 1.1.4.248/30
2019-07-16 09:33:26.684 24825 RALLYDEBUG rally_openstack.wrappers.network [-] CIDR generated: 1.1.4.252/30
2019-07-16 09:33:26.925 24833 RALLYDEBUG rally_openstack.wrappers.network [-] CIDR generated: 1.1.5.0/30
2019-07-16 09:33:26.955 24828 RALLYDEBUG rally_openstack.wrappers.network [-] CIDR generated: 1.1.5.4/30
2019-07-16 09:33:27.522 24801 RALLYDEBUG rally_openstack.wrappers.network [-] CIDR generated: 1.1.5.8/30
2019-07-16 09:33:27.569 24805 RALLYDEBUG rally_openstack.wrappers.network [-] CIDR generated: 1.1.5.12/30
2019-07-16 09:33:30.130 24805 INFO rally.task.runner [-] Task 59ccc421-8a02-42cd-8c01-08b384ef5931 | ITER: 21 END: OK
2019-07-16 09:33:30.133 24805 INFO rally.task.runner [-] Task 59ccc421-8a02-42cd-8c01-08b384ef5931 | ITER: 23 START
2019-07-16 09:33:30.134 24805 WARNING rally_openstack.scenarios.neutron.utils [-] Running this scenario without either the 'network' or 'existing_network' context is deprecated
2019-07-16 09:33:30.170 24801 INFO rally.task.runner [-] Task 59ccc421-8a02-42cd-8c01-08b384ef5931 | ITER: 22 END: OK
2019-07-16 09:33:30.173 24801 INFO rally.task.runner [-] Task 59ccc421-8a02-42cd-8c01-08b384ef5931 | ITER: 24 START
2019-07-16 09:33:30.173 24801 WARNING rally_openstack.scenarios.neutron.utils [-] Running this scenario without either the 'network' or 'existing_network' context is deprecated
2019-07-16 09:33:30.764 24843 INFO rally.task.runner [-] Task 59ccc421-8a02-42cd-8c01-08b384ef5931 | ITER: 18 END: OK
2019-07-16 09:33:30.768 24843 INFO rally.task.runner [-] Task 59ccc421-8a02-42cd-8c01-08b384ef5931 | ITER: 25 START
2019-07-16 09:33:30.769 24843 WARNING rally_openstack.scenarios.neutron.utils [-] Running this scenario without either the 'network' or 'existing_network' context is deprecated
2019-07-16 09:33:30.769 24844 INFO rally.task.runner [-] Task 59ccc421-8a02-42cd-8c01-08b384ef5931 | ITER: 20 END: OK
2019-07-16 09:33:30.773 24844 INFO rally.task.runner [-] Task 59ccc421-8a02-42cd-8c01-08b384ef5931 | ITER: 26 START
2019-07-16 09:33:30.774 24844 WARNING rally_openstack.scenarios.neutron.utils [-] Running this scenario without either the 'network' or 'existing_network' context is deprecated
2019-07-16 09:33:31.539 24805 RALLYDEBUG rally_openstack.wrappers.network [-] CIDR generated: 1.1.5.16/30
2019-07-16 09:33:31.540 24801 RALLYDEBUG rally_openstack.wrappers.network [-] CIDR generated: 1.1.5.20/30
2019-07-16 09:33:31.850 24843 RALLYDEBUG rally_openstack.wrappers.network [-] CIDR generated: 1.1.5.24/30
2019-07-16 09:33:32.095 24844 RALLYDEBUG rally_openstack.wrappers.network [-] CIDR generated: 1.1.5.28/30
2019-07-16 09:33:32.903 24843 RALLYDEBUG rally_openstack.wrappers.network [-] CIDR generated: 1.1.5.32/30
2019-07-16 09:33:33.536 24844 RALLYDEBUG rally_openstack.wrappers.network [-] CIDR generated: 1.1.5.36/30
2019-07-16 09:33:33.922 24805 RALLYDEBUG rally_openstack.wrappers.network [-] CIDR generated: 1.1.5.40/30
2019-07-16 09:33:33.953 24801 RALLYDEBUG rally_openstack.wrappers.network [-] CIDR generated: 1.1.5.44/30
2019-07-16 09:33:35.601 24835 INFO rally.task.runner [-] Task 59ccc421-8a02-42cd-8c01-08b384ef5931 | ITER: 17 END: OK
2019-07-16 09:33:35.606 24835 INFO rally.task.runner [-] Task 59ccc421-8a02-42cd-8c01-08b384ef5931 | ITER: 27 START
2019-07-16 09:33:35.607 24835 WARNING rally_openstack.scenarios.neutron.utils [-] Running this scenario without either the 'network' or 'existing_network' context is deprecated
2019-07-16 09:33:35.954 24830 INFO rally.task.runner [-] Task 59ccc421-8a02-42cd-8c01-08b384ef5931 | ITER: 15 END: OK
2019-07-16 09:33:35.958 24830 INFO rally.task.runner [-] Task 59ccc421-8a02-42cd-8c01-08b384ef5931 | ITER: 28 START
2019-07-16 09:33:35.959 24830 WARNING rally_openstack.scenarios.neutron.utils [-] Running this scenario without either the 'network' or 'existing_network' context is deprecated
2019-07-16 09:33:35.979 24843 INFO rally.task.runner [-] Task 59ccc421-8a02-42cd-8c01-08b384ef5931 | ITER: 25 END: OK
2019-07-16 09:33:35.983 24843 INFO rally.task.runner [-] Task 59ccc421-8a02-42cd-8c01-08b384ef5931 | ITER: 29 START
2019-07-16 09:33:35.983 24843 WARNING rally_openstack.scenarios.neutron.utils [-] Running this scenario without either the 'network' or 'existing_network' context is deprecated
2019-07-16 09:33:36.504 24844 INFO rally.task.runner [-] Task 59ccc421-8a02-42cd-8c01-08b384ef5931 | ITER: 26 END: OK
2019-07-16 09:33:36.508 24844 INFO rally.task.runner [-] Task 59ccc421-8a02-42cd-8c01-08b384ef5931 | ITER: 30 START
2019-07-16 09:33:36.508 24844 WARNING rally_openstack.scenarios.neutron.utils [-] Running this scenario without either the 'network' or 'existing_network' context is deprecated
2019-07-16 09:33:36.792 24835 RALLYDEBUG rally_openstack.wrappers.network [-] CIDR generated: 1.1.5.48/30
2019-07-16 09:33:36.865 24810 INFO rally.task.runner [-] Task 59ccc421-8a02-42cd-8c01-08b384ef5931 | ITER: 10 END: OK
2019-07-16 09:33:36.869 24810 INFO rally.task.runner [-] Task 59ccc421-8a02-42cd-8c01-08b384ef5931 | ITER: 31 START
2019-07-16 09:33:36.870 24810 WARNING rally_openstack.scenarios.neutron.utils [-] Running this scenario without either the 'network' or 'existing_network' context is deprecated
2019-07-16 09:33:37.059 24800 INFO rally.task.runner [-] Task 59ccc421-8a02-42cd-8c01-08b384ef5931 | ITER: 2 END: OK
2019-07-16 09:33:37.064 24800 INFO rally.task.runner [-] Task 59ccc421-8a02-42cd-8c01-08b384ef5931 | ITER: 32 START
2019-07-16 09:33:37.064 24800 WARNING rally_openstack.scenarios.neutron.utils [-] Running this scenario without either the 'network' or 'existing_network' context is deprecated
2019-07-16 09:33:37.121 24802 INFO rally.task.runner [-] Task 59ccc421-8a02-42cd-8c01-08b384ef5931 | ITER: 7 END: OK
2019-07-16 09:33:37.125 24802 INFO rally.task.runner [-] Task 59ccc421-8a02-42cd-8c01-08b384ef5931 | ITER: 33 START
2019-07-16 09:33:37.126 24802 WARNING rally_openstack.scenarios.neutron.utils [-] Running this scenario without either the 'network' or 'existing_network' context is deprecated
2019-07-16 09:33:37.239 24840 INFO rally.task.runner [-] Task 59ccc421-8a02-42cd-8c01-08b384ef5931 | ITER: 19 END: OK
2019-07-16 09:33:37.243 24840 INFO rally.task.runner [-] Task 59ccc421-8a02-42cd-8c01-08b384ef5931 | ITER: 34 START
2019-07-16 09:33:37.243 24840 WARNING rally_openstack.scenarios.neutron.utils [-] Running this scenario without either the 'network' or 'existing_network' context is deprecated
2019-07-16 09:33:37.483 24830 RALLYDEBUG rally_openstack.wrappers.network [-] CIDR generated: 1.1.5.52/30
2019-07-16 09:33:37.699 24820 INFO rally.task.runner [-] Task 59ccc421-8a02-42cd-8c01-08b384ef5931 | ITER: 12 END: OK
2019-07-16 09:33:37.704 24820 INFO rally.task.runner [-] Task 59ccc421-8a02-42cd-8c01-08b384ef5931 | ITER: 35 START
2019-07-16 09:33:37.704 24820 WARNING rally_openstack.scenarios.neutron.utils [-] Running this scenario without either the 'network' or 'existing_network' context is deprecated
2019-07-16 09:33:37.822 24843 RALLYDEBUG rally_openstack.wrappers.network [-] CIDR generated: 1.1.5.56/30
2019-07-16 09:33:38.159 24825 INFO rally.task.runner [-] Task 59ccc421-8a02-42cd-8c01-08b384ef5931 | ITER: 13 END: OK
2019-07-16 09:33:38.163 24825 INFO rally.task.runner [-] Task 59ccc421-8a02-42cd-8c01-08b384ef5931 | ITER: 36 START
2019-07-16 09:33:38.164 24825 WARNING rally_openstack.scenarios.neutron.utils [-] Running this scenario without either the 'network' or 'existing_network' context is deprecated
2019-07-16 09:33:38.241 24828 INFO rally.task.runner [-] Task 59ccc421-8a02-42cd-8c01-08b384ef5931 | ITER: 14 END: OK
2019-07-16 09:33:38.245 24828 INFO rally.task.runner [-] Task 59ccc421-8a02-42cd-8c01-08b384ef5931 | ITER: 37 START
2019-07-16 09:33:38.246 24828 WARNING rally_openstack.scenarios.neutron.utils [-] Running this scenario without either the 'network' or 'existing_network' context is deprecated
2019-07-16 09:33:38.450 24844 RALLYDEBUG rally_openstack.wrappers.network [-] CIDR generated: 1.1.5.60/30
2019-07-16 09:33:38.563 24810 RALLYDEBUG rally_openstack.wrappers.network [-] CIDR generated: 1.1.5.64/30
2019-07-16 09:33:38.960 24800 RALLYDEBUG rally_openstack.wrappers.network [-] CIDR generated: 1.1.5.68/30
2019-07-16 09:33:39.078 24802 RALLYDEBUG rally_openstack.wrappers.network [-] CIDR generated: 1.1.5.72/30
2019-07-16 09:33:39.271 24835 RALLYDEBUG rally_openstack.wrappers.network [-] CIDR generated: 1.1.5.76/30
2019-07-16 09:33:39.421 24840 RALLYDEBUG rally_openstack.wrappers.network [-] CIDR generated: 1.1.5.80/30
2019-07-16 09:33:39.626 24805 INFO rally.task.runner [-] Task 59ccc421-8a02-42cd-8c01-08b384ef5931 | ITER: 23 END: OK
2019-07-16 09:33:39.630 24805 INFO rally.task.runner [-] Task 59ccc421-8a02-42cd-8c01-08b384ef5931 | ITER: 38 START
2019-07-16 09:33:39.631 24805 WARNING rally_openstack.scenarios.neutron.utils [-] Running this scenario without either the 'network' or 'existing_network' context is deprecated
2019-07-16 09:33:39.662 24799 INFO rally.task.runner [-] Task 59ccc421-8a02-42cd-8c01-08b384ef5931 | ITER: 3 END: OK
2019-07-16 09:33:39.666 24799 INFO rally.task.runner [-] Task 59ccc421-8a02-42cd-8c01-08b384ef5931 | ITER: 39 START
2019-07-16 09:33:39.667 24799 WARNING rally_openstack.scenarios.neutron.utils [-] Running this scenario without either the 'network' or 'existing_network' context is deprecated
2019-07-16 09:33:39.764 24801 INFO rally.task.runner [-] Task 59ccc421-8a02-42cd-8c01-08b384ef5931 | ITER: 24 END: OK
2019-07-16 09:33:39.768 24801 INFO rally.task.runner [-] Task 59ccc421-8a02-42cd-8c01-08b384ef5931 | ITER: 40 START
2019-07-16 09:33:39.768 24801 WARNING rally_openstack.scenarios.neutron.utils [-] Running this scenario without either the 'network' or 'existing_network' context is deprecated
2019-07-16 09:33:39.986 24833 INFO rally.task.runner [-] Task 59ccc421-8a02-42cd-8c01-08b384ef5931 | ITER: 16 END: OK
2019-07-16 09:33:40.068 24820 RALLYDEBUG rally_openstack.wrappers.network [-] CIDR generated: 1.1.5.84/30
2019-07-16 09:33:40.241 24799 INFO rally.task.runner [-] Task 59ccc421-8a02-42cd-8c01-08b384ef5931 | ITER: 1 END: OK
2019-07-16 09:33:40.247 24802 INFO rally.task.runner [-] Task 59ccc421-8a02-42cd-8c01-08b384ef5931 | ITER: 8 END: OK
2019-07-16 09:33:40.255 24828 RALLYDEBUG rally_openstack.wrappers.network [-] CIDR generated: 1.1.5.88/30
2019-07-16 09:33:40.284 24815 INFO rally.task.runner [-] Task 59ccc421-8a02-42cd-8c01-08b384ef5931 | ITER: 11 END: OK
2019-07-16 09:33:40.522 24800 INFO rally.task.runner [-] Task 59ccc421-8a02-42cd-8c01-08b384ef5931 | ITER: 4 END: OK
2019-07-16 09:33:40.604 24825 RALLYDEBUG rally_openstack.wrappers.network [-] CIDR generated: 1.1.5.92/30
2019-07-16 09:33:40.719 24801 INFO rally.task.runner [-] Task 59ccc421-8a02-42cd-8c01-08b384ef5931 | ITER: 5 END: OK
2019-07-16 09:33:41.231 24844 RALLYDEBUG rally_openstack.wrappers.network [-] CIDR generated: 1.1.5.96/30
2019-07-16 09:33:41.264 24830 RALLYDEBUG rally_openstack.wrappers.network [-] CIDR generated: 1.1.5.100/30
2019-07-16 09:33:41.469 24843 RALLYDEBUG rally_openstack.wrappers.network [-] CIDR generated: 1.1.5.104/30
2019-07-16 09:33:41.830 24802 RALLYDEBUG rally_openstack.wrappers.network [-] CIDR generated: 1.1.5.108/30
2019-07-16 09:33:41.835 24801 RALLYDEBUG rally_openstack.wrappers.network [-] CIDR generated: 1.1.5.112/30
2019-07-16 09:33:41.900 24805 RALLYDEBUG rally_openstack.wrappers.network [-] CIDR generated: 1.1.5.116/30
2019-07-16 09:33:42.086 24840 RALLYDEBUG rally_openstack.wrappers.network [-] CIDR generated: 1.1.5.120/30
2019-07-16 09:33:42.093 24810 RALLYDEBUG rally_openstack.wrappers.network [-] CIDR generated: 1.1.5.124/30
2019-07-16 09:33:42.115 24800 RALLYDEBUG rally_openstack.wrappers.network [-] CIDR generated: 1.1.5.128/30
2019-07-16 09:33:42.255 24799 RALLYDEBUG rally_openstack.wrappers.network [-] CIDR generated: 1.1.5.132/30
2019-07-16 09:33:42.984 24828 RALLYDEBUG rally_openstack.wrappers.network [-] CIDR generated: 1.1.5.136/30
2019-07-16 09:33:43.321 24820 RALLYDEBUG rally_openstack.wrappers.network [-] CIDR generated: 1.1.5.140/30
2019-07-16 09:33:45.454 24825 RALLYDEBUG rally_openstack.wrappers.network [-] CIDR generated: 1.1.5.148/30
2019-07-16 09:33:45.454 24805 RALLYDEBUG rally_openstack.wrappers.network [-] CIDR generated: 1.1.5.144/30
2019-07-16 09:33:45.805 24801 RALLYDEBUG rally_openstack.wrappers.network [-] CIDR generated: 1.1.5.152/30
2019-07-16 09:33:46.010 24799 RALLYDEBUG rally_openstack.wrappers.network [-] CIDR generated: 1.1.5.156/30
2019-07-16 09:33:46.137 24835 INFO rally.task.runner [-] Task 59ccc421-8a02-42cd-8c01-08b384ef5931 | ITER: 27 END: OK
2019-07-16 09:33:46.894 24840 INFO rally.task.runner [-] Task 59ccc421-8a02-42cd-8c01-08b384ef5931 | ITER: 34 END: OK
2019-07-16 09:33:47.227 24802 INFO rally.task.runner [-] Task 59ccc421-8a02-42cd-8c01-08b384ef5931 | ITER: 33 END: OK
2019-07-16 09:33:48.194 24805 INFO rally.task.runner [-] Task 59ccc421-8a02-42cd-8c01-08b384ef5931 | ITER: 38 END: OK
2019-07-16 09:33:48.493 24801 INFO rally.task.runner [-] Task 59ccc421-8a02-42cd-8c01-08b384ef5931 | ITER: 40 END: OK
2019-07-16 09:33:49.594 24844 INFO rally.task.runner [-] Task 59ccc421-8a02-42cd-8c01-08b384ef5931 | ITER: 30 END: OK
2019-07-16 09:33:49.626 24828 INFO rally.task.runner [-] Task 59ccc421-8a02-42cd-8c01-08b384ef5931 | ITER: 37 END: OK
2019-07-16 09:33:49.717 24800 INFO rally.task.runner [-] Task 59ccc421-8a02-42cd-8c01-08b384ef5931 | ITER: 32 END: OK
2019-07-16 09:33:49.739 24820 INFO rally.task.runner [-] Task 59ccc421-8a02-42cd-8c01-08b384ef5931 | ITER: 35 END: OK
2019-07-16 09:33:49.850 24810 INFO rally.task.runner [-] Task 59ccc421-8a02-42cd-8c01-08b384ef5931 | ITER: 31 END: OK
2019-07-16 09:33:50.047 24799 INFO rally.task.runner [-] Task 59ccc421-8a02-42cd-8c01-08b384ef5931 | ITER: 39 END: OK
2019-07-16 09:33:50.121 24825 INFO rally.task.runner [-] Task 59ccc421-8a02-42cd-8c01-08b384ef5931 | ITER: 36 END: OK
2019-07-16 09:33:50.415 24843 INFO rally.task.runner [-] Task 59ccc421-8a02-42cd-8c01-08b384ef5931 | ITER: 29 END: OK
2019-07-16 09:33:50.416 24830 INFO rally.task.runner [-] Task 59ccc421-8a02-42cd-8c01-08b384ef5931 | ITER: 28 END: OK
2019-07-16 09:33:50.446 22705 INFO rally.task.context [-] Task 59ccc421-8a02-42cd-8c01-08b384ef5931 | Context cleanup@openstack cleanup() started
2019-07-16 09:33:50.449 22705 RALLYDEBUG rally_openstack.cleanup.manager [-] Cleaning up neutron vip objects
2019-07-16 09:33:51.065 22705 RALLYDEBUG rally_openstack.cleanup.manager [-] Cleaning up neutron health_monitor objects
2019-07-16 09:33:51.690 22705 RALLYDEBUG rally_openstack.cleanup.manager [-] Cleaning up neutron pool objects
2019-07-16 09:33:52.403 22705 RALLYDEBUG rally_openstack.cleanup.manager [-] Cleaning up neutron loadbalancer objects
2019-07-16 09:33:53.110 22705 RALLYDEBUG rally_openstack.cleanup.manager [-] Cleaning up neutron floatingip objects
2019-07-16 09:33:53.925 22705 RALLYDEBUG rally_openstack.cleanup.manager [-] Cleaning up neutron port objects
2019-07-16 09:33:54.738 22705 RALLYDEBUG rally_openstack.cleanup.manager [-] Cleaning up neutron subnet objects
2019-07-16 09:33:55.407 22705 RALLYDEBUG rally_openstack.cleanup.manager [-] Cleaning up neutron network objects
2019-07-16 09:33:56.547 22705 RALLYDEBUG rally_openstack.cleanup.manager [-] Deleting neutron.network object s_rally_2ff91228_3AJbaYES (01b2e951-5016-44c9-963c-5c34dd0a4f62)
2019-07-16 09:33:56.555 22705 RALLYDEBUG rally_openstack.cleanup.manager [-] Deleting neutron.network object s_rally_2ff91228_aAjIs7eb (0c152c11-c12c-436e-b697-303ca5c1848e)
2019-07-16 09:33:56.562 22705 RALLYDEBUG rally_openstack.cleanup.manager [-] Deleting neutron.network object s_rally_2ff91228_ZsA2tTXl (032b95a6-eb61-4383-8d58-641fdc7057a9)
2019-07-16 09:33:56.568 22705 RALLYDEBUG rally_openstack.cleanup.manager [-] Deleting neutron.network object s_rally_2ff91228_6Q7Hc9m6 (1a50184a-89f6-4c9c-9392-103b7e2d49c0)
2019-07-16 09:33:56.578 22705 RALLYDEBUG rally_openstack.cleanup.manager [-] Deleting neutron.network object s_rally_2ff91228_r5TSdgd6 (33013141-4333-4c15-966e-bc5ec3fc5b52)
2019-07-16 09:33:56.601 22705 RALLYDEBUG rally_openstack.cleanup.manager [-] Deleting neutron.network object s_rally_2ff91228_bpjXskdp (46e58162-39e9-4965-96b5-405971b79e6a)
2019-07-16 09:33:56.602 22705 RALLYDEBUG rally_openstack.cleanup.manager [-] Deleting neutron.network object s_rally_2ff91228_sMwlrsXc (43fb57de-97b9-4bdc-9249-c15cd5afc32f)
2019-07-16 09:33:56.603 22705 RALLYDEBUG rally_openstack.cleanup.manager [-] Deleting neutron.network object s_rally_2ff91228_wIAoIDlv (4cc292fd-de07-4d57-bc57-61c96263ba39)
2019-07-16 09:33:56.612 22705 RALLYDEBUG rally_openstack.cleanup.manager [-] Deleting neutron.network object s_rally_2ff91228_mh6fFKXa (4d2e063a-ee92-481e-bf46-8a26dcef38db)
2019-07-16 09:33:56.624 22705 RALLYDEBUG rally_openstack.cleanup.manager [-] Deleting neutron.network object s_rally_2ff91228_FFQJ63sw (50691931-8fa2-4e53-b55b-d8e373b8e324)
2019-07-16 09:33:56.630 22705 RALLYDEBUG rally_openstack.cleanup.manager [-] Deleting neutron.network object s_rally_2ff91228_BuzmT4gC (6c328142-d43e-4a3c-a982-ea5b06277b1c)
2019-07-16 09:33:56.652 22705 RALLYDEBUG rally_openstack.cleanup.manager [-] Deleting neutron.network object s_rally_2ff91228_kLwYTzKU (71f78d4c-e908-44c9-a058-e6d90bd2cf98)
2019-07-16 09:33:56.660 22705 RALLYDEBUG rally_openstack.cleanup.manager [-] Deleting neutron.network object s_rally_2ff91228_BaLaPUdV (908704ca-c47b-420e-9b62-5a28f7e513ee)
2019-07-16 09:33:56.660 22705 RALLYDEBUG rally_openstack.cleanup.manager [-] Deleting neutron.network object s_rally_2ff91228_fxEcT8Nn (4dbdf9af-f343-488e-9f05-32bbedc5901d)
2019-07-16 09:33:56.664 22705 RALLYDEBUG rally_openstack.cleanup.manager [-] Deleting neutron.network object s_rally_2ff91228_bMRB4Xrn (838080ea-34f7-4b06-b888-657dcf5cce10)
2019-07-16 09:33:56.674 22705 RALLYDEBUG rally_openstack.cleanup.manager [-] Deleting neutron.network object s_rally_2ff91228_1pSikvl4 (729f2f3c-9026-4c3f-a0dd-fe4861d6a51d)
2019-07-16 09:33:56.675 22705 RALLYDEBUG rally_openstack.cleanup.manager [-] Deleting neutron.network object s_rally_2ff91228_zgDFNSKf (92a8c4a4-95aa-4ecf-a673-1413e07836e5)
2019-07-16 09:33:56.690 22705 RALLYDEBUG rally_openstack.cleanup.manager [-] Deleting neutron.network object s_rally_2ff91228_jlZDdkhH (95a4611f-fd7a-4a87-9695-fd515d937a6f)
2019-07-16 09:33:56.690 22705 RALLYDEBUG rally_openstack.cleanup.manager [-] Deleting neutron.network object s_rally_2ff91228_YiI4zRLT (977b2f5d-9ec0-45a3-a6af-d3d25d37d5f1)
2019-07-16 09:33:56.712 22705 RALLYDEBUG rally_openstack.cleanup.manager [-] Deleting neutron.network object s_rally_2ff91228_X8Xi4acg (9b86fd06-6205-492d-8769-5b1826640d20)
2019-07-16 09:34:01.442 22705 RALLYDEBUG rally_openstack.cleanup.manager [-] Deleting neutron.network object s_rally_2ff91228_jwNooMCm (a267d395-7292-4dce-9335-8dd820d63cc3)
2019-07-16 09:34:01.655 22705 RALLYDEBUG rally_openstack.cleanup.manager [-] Deleting neutron.network object s_rally_2ff91228_cIDroRxC (a645b013-4f2c-4b11-903b-fb83e59cd521)
2019-07-16 09:34:01.881 22705 RALLYDEBUG rally_openstack.cleanup.manager [-] Deleting neutron.network object s_rally_2ff91228_Hyswya1w (a87fb0ca-db36-48b1-841e-8d2dc76e78f0)
2019-07-16 09:34:01.981 22705 RALLYDEBUG rally_openstack.cleanup.manager [-] Deleting neutron.network object s_rally_2ff91228_aWojmOU6 (a90cc98a-fd8f-46f8-8956-09a843caeb85)
2019-07-16 09:34:02.359 22705 RALLYDEBUG rally_openstack.cleanup.manager [-] Deleting neutron.network object s_rally_2ff91228_zHyeWkp8 (b6da012b-53f3-4144-891c-ac58c9868ee6)
2019-07-16 09:34:02.802 22705 RALLYDEBUG rally_openstack.cleanup.manager [-] Deleting neutron.network object s_rally_2ff91228_D4V4aEsa (c3c6dc26-f910-4864-81c5-dbf8d3ab31df)
2019-07-16 09:34:02.931 22705 RALLYDEBUG rally_openstack.cleanup.manager [-] Deleting neutron.network object s_rally_2ff91228_18QM7eG8 (c916abcb-83a9-4522-9845-0a6b308be8c8)
2019-07-16 09:34:03.096 22705 RALLYDEBUG rally_openstack.cleanup.manager [-] Deleting neutron.network object s_rally_2ff91228_pzW23TFj (ca01921c-c4c6-4de2-a404-aca79552bd0e)
2019-07-16 09:34:03.314 22705 RALLYDEBUG rally_openstack.cleanup.manager [-] Deleting neutron.network object s_rally_2ff91228_LyCOJNhF (d5bac972-2201-4e11-b637-d89567bb83bf)
2019-07-16 09:34:03.315 22705 RALLYDEBUG rally_openstack.cleanup.manager [-] Deleting neutron.network object s_rally_2ff91228_NXDjOfyX (d46fbcf0-d3f5-4004-9580-2b277de09634)
2019-07-16 09:34:03.735 22705 RALLYDEBUG rally_openstack.cleanup.manager [-] Deleting neutron.network object s_rally_2ff91228_vQ1xG5f3 (dc4826bc-aea5-4a10-9c42-e3fe847dfc98)
2019-07-16 09:34:04.247 22705 RALLYDEBUG rally_openstack.cleanup.manager [-] Deleting neutron.network object s_rally_2ff91228_aYaCjdPT (dec65d31-5648-46ad-bea7-633af1e97392)
2019-07-16 09:34:04.270 22705 RALLYDEBUG rally_openstack.cleanup.manager [-] Deleting neutron.network object s_rally_2ff91228_GehdbKjn (e0636f04-9b78-481b-8138-f0b0b2663ac9)
2019-07-16 09:34:04.360 22705 RALLYDEBUG rally_openstack.cleanup.manager [-] Deleting neutron.network object s_rally_2ff91228_Fmtg4kQx (e31e7c7b-1e6a-4862-ad04-654f30cec72e)
2019-07-16 09:34:04.586 22705 RALLYDEBUG rally_openstack.cleanup.manager [-] Deleting neutron.network object s_rally_2ff91228_i3Nzc2d3 (e51fa28e-8252-4a8f-8594-5788e9ea5a12)
2019-07-16 09:34:04.908 22705 RALLYDEBUG rally_openstack.cleanup.manager [-] Deleting neutron.network object s_rally_2ff91228_13HhrRd0 (e7cf3783-0d00-4e54-b1e6-3ba3729f3dbd)
2019-07-16 09:34:05.128 22705 RALLYDEBUG rally_openstack.cleanup.manager [-] Deleting neutron.network object s_rally_2ff91228_rlrvqXDg (ea419d39-e643-4052-a41e-6ab88f796d06)
2019-07-16 09:34:05.155 22705 RALLYDEBUG rally_openstack.cleanup.manager [-] Deleting neutron.network object s_rally_2ff91228_Ktx7YMIi (f1bf3870-0a1a-4112-876c-aac952fcae71)
2019-07-16 09:34:05.276 22705 RALLYDEBUG rally_openstack.cleanup.manager [-] Deleting neutron.network object s_rally_2ff91228_BuK8swpX (f222599f-c996-4eaf-b77a-3a4e60eb77ab)
2019-07-16 09:34:05.341 22705 RALLYDEBUG rally_openstack.cleanup.manager [-] Deleting neutron.network object s_rally_2ff91228_YJjuPWjW (fe2b0ac3-27cb-4092-9cb1-e40d59845196)
2019-07-16 09:34:08.822 22705 RALLYDEBUG rally_openstack.cleanup.manager [-] Cleaning up neutron router objects
2019-07-16 09:34:09.495 22705 RALLYDEBUG rally_openstack.cleanup.manager [-] Cleaning up neutron security_group objects
2019-07-16 09:34:10.144 22705 INFO rally.task.context [-] Task 59ccc421-8a02-42cd-8c01-08b384ef5931 | Context cleanup@openstack cleanup() finished in 19.70 sec
2019-07-16 09:34:10.145 22705 INFO rally.task.context [-] Task 59ccc421-8a02-42cd-8c01-08b384ef5931 | Context quotas@openstack cleanup() started
2019-07-16 09:34:10.364 22705 INFO rally.task.context [-] Task 59ccc421-8a02-42cd-8c01-08b384ef5931 | Context quotas@openstack cleanup() finished in 0.22 sec
2019-07-16 09:34:10.364 22705 INFO rally.task.context [-] Task 59ccc421-8a02-42cd-8c01-08b384ef5931 | Context users@openstack cleanup() started
2019-07-16 09:34:15.116 22705 INFO rally.task.context [-] Task 59ccc421-8a02-42cd-8c01-08b384ef5931 | Context users@openstack cleanup() finished in 4.75 sec
2019-07-16 09:34:15.400 22705 INFO rally.task.engine [-] Load duration is: 32.771559
2019-07-16 09:34:15.400 22705 INFO rally.task.engine [-] Full runner duration is: 32.824695
2019-07-16 09:34:15.400 22705 INFO rally.task.engine [-] Full duration is: 63.958176
2019-07-16 09:34:15.673 22705 INFO rally.task.engine [-] Running workload: position = 0 config = { "version": 2, "title": "A cropped version of a bigger task.", "description": "Auto-generated task from a single workload (uuid=99c2b9b3-1781-4bd2-8fb7-01d598f3cf64)", "subtasks": [ { "title": "NeutronNetworks.create_and_list_routers", "description": "Create and a given number of routers and list all routers.", "scenario": { "NeutronNetworks.create_and_list_routers": { "network_create_args": null, "subnet_create_args": null, "subnet_cidr_start": "1.1.0.0/30", "subnets_per_network": 2, "router_create_args": null } }, "contexts": { "users": { "tenants": 1, "users_per_tenant": 1 }, "quotas": { "neutron": { "network": -1, "subnet": -1, "router": -1 } } }, "runner": { "constant": { "times": 40, "concurrency": 20 } }, "hooks": [], "sla": { "failure_rate": { "max": 0 } } } ] }
2019-07-16 09:34:15.693 22705 RALLYDEBUG rally_openstack.contexts.keystone.users [-] Creating 1 tenants using 20 threads
2019-07-16 09:34:17.464 22705 RALLYDEBUG rally_openstack.contexts.keystone.users [-] Creating 1 users using 20 threads
2019-07-16 09:34:20.039 22705 INFO rally.task.context [-] Task 59ccc421-8a02-42cd-8c01-08b384ef5931 | Context users@openstack setup() finished in 4.35 sec
2019-07-16 09:34:20.798 22705 INFO rally.task.context [-] Task 59ccc421-8a02-42cd-8c01-08b384ef5931 | Context quotas@openstack setup() finished in 0.76 sec
2019-07-16 09:34:20.798 22705 INFO rally.task.context [-] Task 59ccc421-8a02-42cd-8c01-08b384ef5931 | Context cleanup@openstack setup() finished in 0.00 msec
2019-07-16 09:34:20.816 22705 RALLYDEBUG rally.task.runner [-] Starting the constant runner (task UUID: 59ccc421-8a02-42cd-8c01-08b384ef5931). timeout: 0 concurrency: 20 concurrency_per_worker: 1 times: 40 concurrency_overhead: 4 processes_to_start: 16 max_cpu_used: 16
2019-07-16 09:34:20.832 25169 RALLYDEBUG rally.task.runner [-] Starting a worker. concurrency: 2 args: {"network_create_args": null, "subnet_create_args": null, "subnet_cidr_start": "1.1.0.0/30", "subnets_per_network": 2, "router_create_args": null} times: 40 method_name: run timeout: 0 duration: None cls:
2019-07-16 09:34:20.834 25170 RALLYDEBUG rally.task.runner [-] Starting a worker. concurrency: 2 args: {"network_create_args": null, "subnet_create_args": null, "subnet_cidr_start": "1.1.0.0/30", "subnets_per_network": 2, "router_create_args": null} times: 40 method_name: run timeout: 0 duration: None cls:
2019-07-16 09:34:20.839 25169 INFO rally.task.runner [-] Task 59ccc421-8a02-42cd-8c01-08b384ef5931 | ITER: 1 START
2019-07-16 09:34:20.844 25170 INFO rally.task.runner [-] Task 59ccc421-8a02-42cd-8c01-08b384ef5931 | ITER: 2 START
2019-07-16 09:34:20.845 25172 RALLYDEBUG rally.task.runner [-] Starting a worker. concurrency: 2 args: {"network_create_args": null, "subnet_create_args": null, "subnet_cidr_start": "1.1.0.0/30", "subnets_per_network": 2, "router_create_args": null} times: 40 method_name: run timeout: 0 duration: None cls:
2019-07-16 09:34:20.844 25171 RALLYDEBUG rally.task.runner [-] Starting a worker. concurrency: 2 args: {"network_create_args": null, "subnet_create_args": null, "subnet_cidr_start": "1.1.0.0/30", "subnets_per_network": 2, "router_create_args": null} times: 40 method_name: run timeout: 0 duration: None cls:
2019-07-16 09:34:20.844 25173 RALLYDEBUG rally.task.runner [-] Starting a worker. concurrency: 1 args: {"network_create_args": null, "subnet_create_args": null, "subnet_cidr_start": "1.1.0.0/30", "subnets_per_network": 2, "router_create_args": null} times: 40 method_name: run timeout: 0 duration: None cls:
2019-07-16 09:34:20.852 25179 RALLYDEBUG rally.task.runner [-] Starting a worker. concurrency: 1 args: {"network_create_args": null, "subnet_create_args": null, "subnet_cidr_start": "1.1.0.0/30", "subnets_per_network": 2, "router_create_args": null} times: 40 method_name: run timeout: 0 duration: None cls:
2019-07-16 09:34:20.854 25173 INFO rally.task.runner [-] Task 59ccc421-8a02-42cd-8c01-08b384ef5931 | ITER: 7 START
2019-07-16 09:34:20.855 25172 INFO rally.task.runner [-] Task 59ccc421-8a02-42cd-8c01-08b384ef5931 | ITER: 5 START
2019-07-16 09:34:20.857 25171 INFO rally.task.runner [-] Task 59ccc421-8a02-42cd-8c01-08b384ef5931 | ITER: 6 START
2019-07-16 09:34:20.859 25179 INFO rally.task.runner [-] Task 59ccc421-8a02-42cd-8c01-08b384ef5931 | ITER: 10 START
2019-07-16 09:34:20.859 25180 RALLYDEBUG rally.task.runner [-] Starting a worker. concurrency: 1 args: {"network_create_args": null, "subnet_create_args": null, "subnet_cidr_start": "1.1.0.0/30", "subnets_per_network": 2, "router_create_args": null} times: 40 method_name: run timeout: 0 duration: None cls:
2019-07-16 09:34:20.857 25171 INFO rally.task.runner [-] Task 59ccc421-8a02-42cd-8c01-08b384ef5931 | ITER: 9 START
2019-07-16 09:34:20.865 25180 INFO rally.task.runner [-] Task 59ccc421-8a02-42cd-8c01-08b384ef5931 | ITER: 11 START
2019-07-16 09:34:20.867 25190 RALLYDEBUG rally.task.runner [-] Starting a worker. concurrency: 1 args: {"network_create_args": null, "subnet_create_args": null, "subnet_cidr_start": "1.1.0.0/30", "subnets_per_network": 2, "router_create_args": null} times: 40 method_name: run timeout: 0 duration: None cls:
2019-07-16 09:34:20.873 25190 INFO rally.task.runner [-] Task 59ccc421-8a02-42cd-8c01-08b384ef5931 | ITER: 12 START
2019-07-16 09:34:20.864 25172 INFO rally.task.runner [-] Task 59ccc421-8a02-42cd-8c01-08b384ef5931 | ITER: 8 START
2019-07-16 09:34:20.875 25194 RALLYDEBUG rally.task.runner [-] Starting a worker. concurrency: 1 args: {"network_create_args": null, "subnet_create_args": null, "subnet_cidr_start": "1.1.0.0/30", "subnets_per_network": 2, "router_create_args": null} times: 40 method_name: run timeout: 0 duration: None cls:
2019-07-16 09:34:20.879 25169 INFO rally.task.runner [-] Task 59ccc421-8a02-42cd-8c01-08b384ef5931 | ITER: 3 START
2019-07-16 09:34:20.879 25196 RALLYDEBUG rally.task.runner [-] Starting a worker. concurrency: 1 args: {"network_create_args": null, "subnet_create_args": null, "subnet_cidr_start": "1.1.0.0/30", "subnets_per_network": 2, "router_create_args": null} times: 40 method_name: run timeout: 0 duration: None cls:
2019-07-16 09:34:20.882 25194 INFO rally.task.runner [-] Task 59ccc421-8a02-42cd-8c01-08b384ef5931 | ITER: 13 START
2019-07-16 09:34:20.885 25196 INFO rally.task.runner [-] Task 59ccc421-8a02-42cd-8c01-08b384ef5931 | ITER: 14 START
2019-07-16 09:34:20.846 25170 INFO rally.task.runner [-] Task 59ccc421-8a02-42cd-8c01-08b384ef5931 | ITER: 4 START
2019-07-16 09:34:20.892 25199 RALLYDEBUG rally.task.runner [-] Starting a worker. concurrency: 1 args: {"network_create_args": null, "subnet_create_args": null, "subnet_cidr_start": "1.1.0.0/30", "subnets_per_network": 2, "router_create_args": null} times: 40 method_name: run timeout: 0 duration: None cls:
2019-07-16 09:34:20.896 25204 RALLYDEBUG rally.task.runner [-] Starting a worker. concurrency: 1 args: {"network_create_args": null, "subnet_create_args": null, "subnet_cidr_start": "1.1.0.0/30", "subnets_per_network": 2, "router_create_args": null} times: 40 method_name: run timeout: 0 duration: None cls:
2019-07-16 09:34:20.901 25204 INFO rally.task.runner [-] Task 59ccc421-8a02-42cd-8c01-08b384ef5931 | ITER: 16 START
2019-07-16 09:34:20.902 25199 INFO rally.task.runner [-] Task 59ccc421-8a02-42cd-8c01-08b384ef5931 | ITER: 15 START
2019-07-16 09:34:20.903 25205 RALLYDEBUG rally.task.runner [-] Starting a worker. concurrency: 1 args: {"network_create_args": null, "subnet_create_args": null, "subnet_cidr_start": "1.1.0.0/30", "subnets_per_network": 2, "router_create_args": null} times: 40 method_name: run timeout: 0 duration: None cls:
2019-07-16 09:34:20.904 25206 RALLYDEBUG rally.task.runner [-] Starting a worker. concurrency: 1 args: {"network_create_args": null, "subnet_create_args": null, "subnet_cidr_start": "1.1.0.0/30", "subnets_per_network": 2, "router_create_args": null} times: 40 method_name: run timeout: 0 duration: None cls:
2019-07-16 09:34:20.906 25208 RALLYDEBUG rally.task.runner [-] Starting a worker. concurrency: 1 args: {"network_create_args": null, "subnet_create_args": null, "subnet_cidr_start": "1.1.0.0/30", "subnets_per_network": 2, "router_create_args": null} times: 40 method_name: run timeout: 0 duration: None cls:
2019-07-16 09:34:20.910 25206 INFO rally.task.runner [-] Task 59ccc421-8a02-42cd-8c01-08b384ef5931 | ITER: 18 START
2019-07-16 09:34:20.911 25205 INFO rally.task.runner [-] Task 59ccc421-8a02-42cd-8c01-08b384ef5931 | ITER: 17 START
2019-07-16 09:34:20.912 25208 INFO rally.task.runner [-] Task 59ccc421-8a02-42cd-8c01-08b384ef5931 | ITER: 19 START
2019-07-16 09:34:20.915 25211 RALLYDEBUG rally.task.runner [-] Starting a worker. concurrency: 1 args: {"network_create_args": null, "subnet_create_args": null, "subnet_cidr_start": "1.1.0.0/30", "subnets_per_network": 2, "router_create_args": null} times: 40 method_name: run timeout: 0 duration: None cls:
2019-07-16 09:34:20.920 25211 INFO rally.task.runner [-] Task 59ccc421-8a02-42cd-8c01-08b384ef5931 | ITER: 20 START
2019-07-16 09:34:22.607 25173 RALLYDEBUG rally_openstack.wrappers.network [-] CIDR generated: 1.1.5.160/30
2019-07-16 09:34:22.717 25172 RALLYDEBUG rally_openstack.wrappers.network [-] CIDR generated: 1.1.5.164/30
2019-07-16 09:34:22.719 25169 RALLYDEBUG rally_openstack.wrappers.network [-] CIDR generated: 1.1.5.168/30
2019-07-16 09:34:22.747 25180 RALLYDEBUG rally_openstack.wrappers.network [-] CIDR generated: 1.1.5.172/30
2019-07-16 09:34:22.750 25194 RALLYDEBUG rally_openstack.wrappers.network [-] CIDR generated: 1.1.5.176/30
2019-07-16 09:34:22.942 25169 RALLYDEBUG rally_openstack.wrappers.network [-] CIDR generated: 1.1.5.180/30
2019-07-16 09:34:22.943 25170 RALLYDEBUG rally_openstack.wrappers.network [-] CIDR generated: 1.1.5.184/30
2019-07-16 09:34:23.022 25171 RALLYDEBUG rally_openstack.wrappers.network [-] CIDR generated: 1.1.5.188/30
2019-07-16 09:34:23.106 25190 RALLYDEBUG rally_openstack.wrappers.network [-] CIDR generated: 1.1.5.192/30
2019-07-16 09:34:23.258 25199 RALLYDEBUG rally_openstack.wrappers.network [-] CIDR generated: 1.1.5.196/30
2019-07-16 09:34:23.466 25172 RALLYDEBUG rally_openstack.wrappers.network [-] CIDR generated: 1.1.5.200/30
2019-07-16 09:34:23.542 25173 RALLYDEBUG rally_openstack.wrappers.network [-] CIDR generated: 1.1.5.204/30
2019-07-16 09:34:23.604 25179 RALLYDEBUG rally_openstack.wrappers.network [-] CIDR generated: 1.1.5.208/30
2019-07-16 09:34:23.815 25196 RALLYDEBUG rally_openstack.wrappers.network [-] CIDR generated: 1.1.5.212/30
2019-07-16 09:34:23.818 25205 RALLYDEBUG rally_openstack.wrappers.network [-] CIDR generated: 1.1.5.216/30
2019-07-16 09:34:23.927 25204 RALLYDEBUG rally_openstack.wrappers.network [-] CIDR generated: 1.1.5.220/30
2019-07-16 09:34:24.025 25206 RALLYDEBUG rally_openstack.wrappers.network [-] CIDR generated: 1.1.5.224/30
2019-07-16 09:34:24.166 25208 RALLYDEBUG rally_openstack.wrappers.network [-] CIDR generated: 1.1.5.228/30
2019-07-16 09:34:24.224 25172 RALLYDEBUG rally_openstack.wrappers.network [-] CIDR generated: 1.1.5.232/30
2019-07-16 09:34:24.382 25211 RALLYDEBUG rally_openstack.wrappers.network [-] CIDR generated: 1.1.5.236/30
2019-07-16 09:34:24.447 25170 RALLYDEBUG rally_openstack.wrappers.network [-] CIDR generated: 1.1.5.240/30
2019-07-16 09:34:24.452 25199 RALLYDEBUG rally_openstack.wrappers.network [-] CIDR generated: 1.1.5.244/30
2019-07-16 09:34:24.960 25171 RALLYDEBUG rally_openstack.wrappers.network [-] CIDR generated: 1.1.5.248/30
2019-07-16 09:34:25.126 25194 RALLYDEBUG rally_openstack.wrappers.network [-] CIDR generated: 1.1.5.252/30
2019-07-16 09:34:25.371 25171 RALLYDEBUG rally_openstack.wrappers.network [-] CIDR generated: 1.1.6.0/30
2019-07-16 09:34:27.684 25180 RALLYDEBUG rally_openstack.wrappers.network [-] CIDR generated: 1.1.6.4/30
2019-07-16 09:34:27.686 25170 RALLYDEBUG rally_openstack.wrappers.network [-] CIDR generated: 1.1.6.8/30
2019-07-16 09:34:28.517 25204 RALLYDEBUG rally_openstack.wrappers.network [-] CIDR generated: 1.1.6.12/30
2019-07-16 09:34:28.697 25206 RALLYDEBUG rally_openstack.wrappers.network [-] CIDR generated: 1.1.6.16/30
2019-07-16 09:34:28.872 25169 RALLYDEBUG rally_openstack.wrappers.network [-] CIDR generated: 1.1.6.20/30
2019-07-16 09:34:29.095 25190 RALLYDEBUG rally_openstack.wrappers.network [-] CIDR generated: 1.1.6.24/30
2019-07-16 09:34:30.443 25172 RALLYDEBUG rally_openstack.wrappers.network [-] CIDR generated: 1.1.6.28/30
2019-07-16 09:34:30.472 25196 RALLYDEBUG rally_openstack.wrappers.network [-] CIDR generated: 1.1.6.32/30
2019-07-16 09:34:30.488 25169 RALLYDEBUG rally_openstack.wrappers.network [-] CIDR generated: 1.1.6.36/30
2019-07-16 09:34:30.546 25205 RALLYDEBUG rally_openstack.wrappers.network [-] CIDR generated: 1.1.6.40/30
2019-07-16 09:34:30.562 25179 RALLYDEBUG rally_openstack.wrappers.network [-] CIDR generated: 1.1.6.44/30
2019-07-16 09:34:30.737 25211 RALLYDEBUG rally_openstack.wrappers.network [-] CIDR generated: 1.1.6.48/30
2019-07-16 09:34:31.073 25208 RALLYDEBUG rally_openstack.wrappers.network [-] CIDR generated: 1.1.6.52/30
2019-07-16 09:34:31.959 25170 RALLYDEBUG rally_openstack.wrappers.network [-] CIDR generated: 1.1.6.56/30
2019-07-16 09:34:32.157 25171 RALLYDEBUG rally_openstack.wrappers.network [-] CIDR generated: 1.1.6.60/30
2019-07-16 09:34:32.675 25173 INFO rally.task.runner [-] Task 59ccc421-8a02-42cd-8c01-08b384ef5931 | ITER: 7 END: OK
2019-07-16 09:34:32.679 25173 INFO rally.task.runner [-] Task 59ccc421-8a02-42cd-8c01-08b384ef5931 | ITER: 21 START
2019-07-16 09:34:33.635 25199 INFO rally.task.runner [-] Task 59ccc421-8a02-42cd-8c01-08b384ef5931 | ITER: 15 END: OK
2019-07-16 09:34:33.639 25199 INFO rally.task.runner [-] Task 59ccc421-8a02-42cd-8c01-08b384ef5931 | ITER: 22 START
2019-07-16 09:34:33.760 25172 INFO rally.task.runner [-] Task 59ccc421-8a02-42cd-8c01-08b384ef5931 | ITER: 8 END: OK
2019-07-16 09:34:33.764 25172 INFO rally.task.runner [-] Task 59ccc421-8a02-42cd-8c01-08b384ef5931 | ITER: 23 START
2019-07-16 09:34:34.252 25173 RALLYDEBUG rally_openstack.wrappers.network [-] CIDR generated: 1.1.6.64/30
2019-07-16 09:34:35.062 25199 RALLYDEBUG rally_openstack.wrappers.network [-] CIDR generated: 1.1.6.68/30
2019-07-16 09:34:35.357 25172 RALLYDEBUG rally_openstack.wrappers.network [-] CIDR generated: 1.1.6.72/30
2019-07-16 09:34:35.855 25173 RALLYDEBUG rally_openstack.wrappers.network [-] CIDR generated: 1.1.6.76/30
2019-07-16 09:34:36.684 25199 RALLYDEBUG rally_openstack.wrappers.network [-] CIDR generated: 1.1.6.80/30
2019-07-16 09:34:36.942 25172 RALLYDEBUG rally_openstack.wrappers.network [-] CIDR generated: 1.1.6.84/30
