2019-07-16 09:26:47.652 22696 RALLYDEBUG rally.api [-] INFO logs from urllib3 and requests module are hide.
2019-07-16 09:26:47.652 22696 RALLYDEBUG rally.api [-] urllib3 insecure warnings are hidden.
2019-07-16 09:26:47.652 22696 RALLYDEBUG rally.api [-] ERROR log from boto module is hide.
2019-07-16 09:26:49.711 22698 RALLYDEBUG rally.api [-] INFO logs from urllib3 and requests module are hide.
2019-07-16 09:26:49.711 22698 RALLYDEBUG rally.api [-] urllib3 insecure warnings are hidden.
2019-07-16 09:26:49.711 22698 RALLYDEBUG rally.api [-] ERROR log from boto module is hide.
2019-07-16 09:26:50.964 22698 WARNING rally_openstack.platforms.existing [-] endpoint is deprecated and not used.
2019-07-16 09:26:51.892 22700 RALLYDEBUG rally.api [-] INFO logs from urllib3 and requests module are hide.
2019-07-16 09:26:51.893 22700 RALLYDEBUG rally.api [-] urllib3 insecure warnings are hidden.
2019-07-16 09:26:51.893 22700 RALLYDEBUG rally.api [-] ERROR log from boto module is hide.
2019-07-16 09:26:55.153 22703 RALLYDEBUG rally.api [-] INFO logs from urllib3 and requests module are hide.
2019-07-16 09:26:55.153 22703 RALLYDEBUG rally.api [-] urllib3 insecure warnings are hidden.
2019-07-16 09:26:55.153 22703 RALLYDEBUG rally.api [-] ERROR log from boto module is hide.
2019-07-16 09:26:56.702 22705 RALLYDEBUG rally.api [-] INFO logs from urllib3 and requests module are hide.
2019-07-16 09:26:56.702 22705 RALLYDEBUG rally.api [-] urllib3 insecure warnings are hidden.
2019-07-16 09:26:56.703 22705 RALLYDEBUG rally.api [-] ERROR log from boto module is hide.
2019-07-16 09:26:57.698 22705 INFO rally.common.plugin.discover [-] Loading plugins from directories /root/.rally/plugins/*
2019-07-16 09:26:57.699 22705 INFO rally.common.plugin.discover [-] Loaded module with plugins: /root/.rally/plugins/__init__.py
2019-07-16 09:26:57.701 22705 INFO rally.common.plugin.discover [-] Loaded module with plugins: /root/.rally/plugins/trunk_scenario.py
2019-07-16 09:26:57.908 22705 INFO rally.task.engine [-] Task 59ccc421-8a02-42cd-8c01-08b384ef5931 | Starting: Task validation.
2019-07-16 09:26:57.945 22705 INFO rally.task.engine [-] Task 59ccc421-8a02-42cd-8c01-08b384ef5931 | Starting: Task validation of syntax.
2019-07-16 09:26:58.087 22705 INFO rally.task.engine [-] Task 59ccc421-8a02-42cd-8c01-08b384ef5931 | Completed: Task validation of syntax.
2019-07-16 09:26:58.087 22705 INFO rally.task.engine [-] Task 59ccc421-8a02-42cd-8c01-08b384ef5931 | Starting: Task validation of required platforms.
2019-07-16 09:26:58.143 22705 INFO rally.task.engine [-] Task 59ccc421-8a02-42cd-8c01-08b384ef5931 | Completed: Task validation of required platforms.
2019-07-16 09:26:58.143 22705 INFO rally.task.engine [-] Task 59ccc421-8a02-42cd-8c01-08b384ef5931 | Starting: Task validation of semantic.
2019-07-16 09:26:58.143 22705 INFO rally.task.engine [-] Check health of the environment '9ba73119-c607-4671-818d-e81dbd6b2367'.
2019-07-16 09:26:58.845 22705 INFO rally.task.engine [-] Platform existing@openstack (available: True): OK!
2019-07-16 09:26:58.864 22705 RALLYDEBUG rally_openstack.contexts.keystone.users [-] Creating 1 tenants using 20 threads
2019-07-16 09:27:00.648 22705 RALLYDEBUG rally_openstack.contexts.keystone.users [-] Creating 1 users using 20 threads
2019-07-16 09:27:03.142 22705 INFO rally.task.context [-] Task 59ccc421-8a02-42cd-8c01-08b384ef5931 | Context users@openstack setup() finished in 4.28 sec
2019-07-16 09:27:09.367 22705 INFO rally.task.context [-] Task 59ccc421-8a02-42cd-8c01-08b384ef5931 | Context users@openstack cleanup() started
2019-07-16 09:27:14.080 22705 INFO rally.task.context [-] Task 59ccc421-8a02-42cd-8c01-08b384ef5931 | Context users@openstack cleanup() finished in 4.71 sec
2019-07-16 09:27:14.080 22705 INFO rally.task.engine [-] Task 59ccc421-8a02-42cd-8c01-08b384ef5931 | Completed: Task validation of semantic.
2019-07-16 09:27:14.081 22705 INFO rally.task.engine [-] Task 59ccc421-8a02-42cd-8c01-08b384ef5931 | Completed: Task validation.
2019-07-16 09:27:14.081 22705 INFO rally.api [-] Task 59ccc421-8a02-42cd-8c01-08b384ef5931 input file is valid.
2019-07-16 09:27:14.081 22705 INFO rally.api [-] Run Task 59ccc421-8a02-42cd-8c01-08b384ef5931 against Deployment 9ba73119-c607-4671-818d-e81dbd6b2367
2019-07-16 09:27:14.082 22705 INFO rally.task.engine [-] Task 59ccc421-8a02-42cd-8c01-08b384ef5931 | Starting: Running task.
2019-07-16 09:27:14.239 22705 INFO rally.task.engine [-] Running workload: position = 0 config = { "version": 2, "title": "A cropped version of a bigger task.", "description": "Auto-generated task from a single workload (uuid=8627cbe3-7816-4284-9907-7b4dda57956e)", "subtasks": [ { "title": "NeutronNetworks.create_and_list_networks", "description": "Check performance of list_networks action and ensure > network quotas are not exceeded", "scenario": { "NeutronNetworks.create_and_list_networks": {} }, "contexts": { "users": { "tenants": 1, "users_per_tenant": 1 }, "quotas": { "neutron": { "network": 119 } } }, "runner": { "constant": { "times": 100, "concurrency": 20 } }, "hooks": [], "sla": { "max_avg_duration_per_atomic": { "neutron.list_networks": 15 }, "failure_rate": { "max": 0 } } } ] }
2019-07-16 09:27:14.257 22705 RALLYDEBUG rally_openstack.contexts.keystone.users [-] Creating 1 tenants using 20 threads
2019-07-16 09:27:15.823 22705 RALLYDEBUG rally_openstack.contexts.keystone.users [-] Creating 1 users using 20 threads
2019-07-16 09:27:18.373 22705 INFO rally.task.context [-] Task 59ccc421-8a02-42cd-8c01-08b384ef5931 | Context users@openstack setup() finished in 4.12 sec
2019-07-16 09:27:19.098 22705 INFO rally.task.context [-] Task 59ccc421-8a02-42cd-8c01-08b384ef5931 | Context quotas@openstack setup() finished in 0.72 sec
2019-07-16 09:27:19.099 22705 INFO rally.task.context [-] Task 59ccc421-8a02-42cd-8c01-08b384ef5931 | Context cleanup@openstack setup() finished in 0.01 msec
2019-07-16 09:27:19.106 22705 RALLYDEBUG rally.task.runner [-] Starting the constant runner (task UUID: 59ccc421-8a02-42cd-8c01-08b384ef5931). timeout: 0 concurrency: 20 concurrency_per_worker: 1 times: 100 concurrency_overhead: 4 processes_to_start: 16 max_cpu_used: 16
2019-07-16 09:27:19.119 22829 RALLYDEBUG rally.task.runner [-] Starting a worker. concurrency: 2 args: {} times: 100 method_name: run timeout: 0 duration: None cls:
2019-07-16 09:27:19.120 22830 RALLYDEBUG rally.task.runner [-] Starting a worker. concurrency: 2 args: {} times: 100 method_name: run timeout: 0 duration: None cls:
2019-07-16 09:27:19.124 22831 RALLYDEBUG rally.task.runner [-] Starting a worker. concurrency: 2 args: {} times: 100 method_name: run timeout: 0 duration: None cls:
2019-07-16 09:27:19.126 22832 RALLYDEBUG rally.task.runner [-] Starting a worker. concurrency: 2 args: {} times: 100 method_name: run timeout: 0 duration: None cls:
2019-07-16 09:27:19.129 22829 INFO rally.task.runner [-] Task 59ccc421-8a02-42cd-8c01-08b384ef5931 | ITER: 1 START
2019-07-16 09:27:19.131 22830 INFO rally.task.runner [-] Task 59ccc421-8a02-42cd-8c01-08b384ef5931 | ITER: 2 START
2019-07-16 09:27:19.131 22834 RALLYDEBUG rally.task.runner [-] Starting a worker. concurrency: 1 args: {} times: 100 method_name: run timeout: 0 duration: None cls:
2019-07-16 09:27:19.134 22831 INFO rally.task.runner [-] Task 59ccc421-8a02-42cd-8c01-08b384ef5931 | ITER: 4 START
2019-07-16 09:27:19.135 22838 RALLYDEBUG rally.task.runner [-] Starting a worker. concurrency: 1 args: {} times: 100 method_name: run timeout: 0 duration: None cls:
2019-07-16 09:27:19.137 22832 INFO rally.task.runner [-] Task 59ccc421-8a02-42cd-8c01-08b384ef5931 | ITER: 6 START
2019-07-16 09:27:19.136 22840 RALLYDEBUG rally.task.runner [-] Starting a worker. concurrency: 1 args: {} times: 100 method_name: run timeout: 0 duration: None cls:
2019-07-16 09:27:19.138 22831 INFO rally.task.runner [-] Task 59ccc421-8a02-42cd-8c01-08b384ef5931 | ITER: 7 START
2019-07-16 09:27:19.140 22846 RALLYDEBUG rally.task.runner [-] Starting a worker. concurrency: 1 args: {} times: 100 method_name: run timeout: 0 duration: None cls:
2019-07-16 09:27:19.140 22843 RALLYDEBUG rally.task.runner [-] Starting a worker. concurrency: 1 args: {} times: 100 method_name: run timeout: 0 duration: None cls:
2019-07-16 09:27:19.142 22830 INFO rally.task.runner [-] Task 59ccc421-8a02-42cd-8c01-08b384ef5931 | ITER: 5 START
2019-07-16 09:27:19.144 22829 INFO rally.task.runner [-] Task 59ccc421-8a02-42cd-8c01-08b384ef5931 | ITER: 3 START
2019-07-16 09:27:19.144 22832 INFO rally.task.runner [-] Task 59ccc421-8a02-42cd-8c01-08b384ef5931 | ITER: 8 START
2019-07-16 09:27:19.143 22851 RALLYDEBUG rally.task.runner [-] Starting a worker. concurrency: 1 args: {} times: 100 method_name: run timeout: 0 duration: None cls:
2019-07-16 09:27:19.145 22838 INFO rally.task.runner [-] Task 59ccc421-8a02-42cd-8c01-08b384ef5931 | ITER: 10 START
2019-07-16 09:27:19.146 22840 INFO rally.task.runner [-] Task 59ccc421-8a02-42cd-8c01-08b384ef5931 | ITER: 11 START
2019-07-16 09:27:19.149 22843 INFO rally.task.runner [-] Task 59ccc421-8a02-42cd-8c01-08b384ef5931 | ITER: 13 START
2019-07-16 09:27:19.150 22846 INFO rally.task.runner [-] Task 59ccc421-8a02-42cd-8c01-08b384ef5931 | ITER: 12 START
2019-07-16 09:27:19.151 22854 RALLYDEBUG rally.task.runner [-] Starting a worker. concurrency: 1 args: {} times: 100 method_name: run timeout: 0 duration: None cls:
2019-07-16 09:27:19.152 22834 INFO rally.task.runner [-] Task 59ccc421-8a02-42cd-8c01-08b384ef5931 | ITER: 9 START
2019-07-16 09:27:19.155 22860 RALLYDEBUG rally.task.runner [-] Starting a worker. concurrency: 1 args: {} times: 100 method_name: run timeout: 0 duration: None cls:
2019-07-16 09:27:19.158 22864 RALLYDEBUG rally.task.runner [-] Starting a worker. concurrency: 1 args: {} times: 100 method_name: run timeout: 0 duration: None cls:
2019-07-16 09:27:19.161 22854 INFO rally.task.runner [-] Task 59ccc421-8a02-42cd-8c01-08b384ef5931 | ITER: 15 START
2019-07-16 09:27:19.161 22851 INFO rally.task.runner [-] Task 59ccc421-8a02-42cd-8c01-08b384ef5931 | ITER: 14 START
2019-07-16 09:27:19.166 22864 INFO rally.task.runner [-] Task 59ccc421-8a02-42cd-8c01-08b384ef5931 | ITER: 17 START
2019-07-16 09:27:19.166 22860 INFO rally.task.runner [-] Task 59ccc421-8a02-42cd-8c01-08b384ef5931 | ITER: 16 START
2019-07-16 09:27:19.174 22868 RALLYDEBUG rally.task.runner [-] Starting a worker. concurrency: 1 args: {} times: 100 method_name: run timeout: 0 duration: None cls:
2019-07-16 09:27:19.178 22873 RALLYDEBUG rally.task.runner [-] Starting a worker. concurrency: 1 args: {} times: 100 method_name: run timeout: 0 duration: None cls:
2019-07-16 09:27:19.179 22874 RALLYDEBUG rally.task.runner [-] Starting a worker. concurrency: 1 args: {} times: 100 method_name: run timeout: 0 duration: None cls:
2019-07-16 09:27:19.183 22868 INFO rally.task.runner [-] Task 59ccc421-8a02-42cd-8c01-08b384ef5931 | ITER: 18 START
2019-07-16 09:27:19.184 22873 INFO rally.task.runner [-] Task 59ccc421-8a02-42cd-8c01-08b384ef5931 | ITER: 19 START
2019-07-16 09:27:19.186 22874 INFO rally.task.runner [-] Task 59ccc421-8a02-42cd-8c01-08b384ef5931 | ITER: 20 START
2019-07-16 09:27:20.541 22846 INFO rally.task.runner [-] Task 59ccc421-8a02-42cd-8c01-08b384ef5931 | ITER: 12 END: OK
2019-07-16 09:27:20.545 22846 INFO rally.task.runner [-] Task 59ccc421-8a02-42cd-8c01-08b384ef5931 | ITER: 21 START
2019-07-16 09:27:20.828 22838 INFO rally.task.runner [-] Task 59ccc421-8a02-42cd-8c01-08b384ef5931 | ITER: 10 END: OK
2019-07-16 09:27:20.832 22838 INFO rally.task.runner [-] Task 59ccc421-8a02-42cd-8c01-08b384ef5931 | ITER: 22 START
2019-07-16 09:27:21.259 22832 INFO rally.task.runner [-] Task 59ccc421-8a02-42cd-8c01-08b384ef5931 | ITER: 8 END: OK
2019-07-16 09:27:21.263 22832 INFO rally.task.runner [-] Task 59ccc421-8a02-42cd-8c01-08b384ef5931 | ITER: 23 START
2019-07-16 09:27:21.445 22832 INFO rally.task.runner [-] Task 59ccc421-8a02-42cd-8c01-08b384ef5931 | ITER: 6 END: OK
2019-07-16 09:27:21.448 22832 INFO rally.task.runner [-] Task 59ccc421-8a02-42cd-8c01-08b384ef5931 | ITER: 24 START
2019-07-16 09:27:21.848 22843 INFO rally.task.runner [-] Task 59ccc421-8a02-42cd-8c01-08b384ef5931 | ITER: 13 END: OK
2019-07-16 09:27:21.852 22843 INFO rally.task.runner [-] Task 59ccc421-8a02-42cd-8c01-08b384ef5931 | ITER: 25 START
2019-07-16 09:27:21.860 22840 INFO rally.task.runner [-] Task 59ccc421-8a02-42cd-8c01-08b384ef5931 | ITER: 11 END: OK
2019-07-16 09:27:21.864 22840 INFO rally.task.runner [-] Task 59ccc421-8a02-42cd-8c01-08b384ef5931 | ITER: 26 START
2019-07-16 09:27:21.871 22868 INFO rally.task.runner [-] Task 59ccc421-8a02-42cd-8c01-08b384ef5931 | ITER: 18 END: OK
2019-07-16 09:27:21.876 22868 INFO rally.task.runner [-] Task 59ccc421-8a02-42cd-8c01-08b384ef5931 | ITER: 27 START
2019-07-16 09:27:21.917 22830 INFO rally.task.runner [-] Task 59ccc421-8a02-42cd-8c01-08b384ef5931 | ITER: 2 END: OK
2019-07-16 09:27:21.921 22830 INFO rally.task.runner [-] Task 59ccc421-8a02-42cd-8c01-08b384ef5931 | ITER: 28 START
2019-07-16 09:27:22.125 22829 INFO rally.task.runner [-] Task 59ccc421-8a02-42cd-8c01-08b384ef5931 | ITER: 1 END: OK
2019-07-16 09:27:22.129 22829 INFO rally.task.runner [-] Task 59ccc421-8a02-42cd-8c01-08b384ef5931 | ITER: 29 START
2019-07-16 09:27:22.357 22830 INFO rally.task.runner [-] Task 59ccc421-8a02-42cd-8c01-08b384ef5931 | ITER: 5 END: OK
2019-07-16 09:27:22.360 22830 INFO rally.task.runner [-] Task 59ccc421-8a02-42cd-8c01-08b384ef5931 | ITER: 30 START
2019-07-16 09:27:22.711 22829 INFO rally.task.runner [-] Task 59ccc421-8a02-42cd-8c01-08b384ef5931 | ITER: 3 END: OK
2019-07-16 09:27:22.711 22831 INFO rally.task.runner [-] Task 59ccc421-8a02-42cd-8c01-08b384ef5931 | ITER: 7 END: OK
2019-07-16 09:27:22.713 22864 INFO rally.task.runner [-] Task 59ccc421-8a02-42cd-8c01-08b384ef5931 | ITER: 17 END: OK
2019-07-16 09:27:22.714 22829 INFO rally.task.runner [-] Task 59ccc421-8a02-42cd-8c01-08b384ef5931 | ITER: 31 START
2019-07-16 09:27:22.715 22831 INFO rally.task.runner [-] Task 59ccc421-8a02-42cd-8c01-08b384ef5931 | ITER: 32 START
2019-07-16 09:27:22.718 22864 INFO rally.task.runner [-] Task 59ccc421-8a02-42cd-8c01-08b384ef5931 | ITER: 33 START
2019-07-16 09:27:22.722 22851 INFO rally.task.runner [-] Task 59ccc421-8a02-42cd-8c01-08b384ef5931 | ITER: 14 END: OK
2019-07-16 09:27:22.726 22851 INFO rally.task.runner [-] Task 59ccc421-8a02-42cd-8c01-08b384ef5931 | ITER: 34 START
2019-07-16 09:27:23.012 22831 INFO rally.task.runner [-] Task 59ccc421-8a02-42cd-8c01-08b384ef5931 | ITER: 4 END: OK
2019-07-16 09:27:23.015 22831 INFO rally.task.runner [-] Task 59ccc421-8a02-42cd-8c01-08b384ef5931 | ITER: 35 START
2019-07-16 09:27:23.099 22854 INFO rally.task.runner [-] Task 59ccc421-8a02-42cd-8c01-08b384ef5931 | ITER: 15 END: OK
2019-07-16 09:27:23.103 22854 INFO rally.task.runner [-] Task 59ccc421-8a02-42cd-8c01-08b384ef5931 | ITER: 36 START
2019-07-16 09:27:23.209 22873 INFO rally.task.runner [-] Task 59ccc421-8a02-42cd-8c01-08b384ef5931 | ITER: 19 END: OK
2019-07-16 09:27:23.213 22873 INFO rally.task.runner [-] Task 59ccc421-8a02-42cd-8c01-08b384ef5931 | ITER: 37 START
2019-07-16 09:27:23.246 22834 INFO rally.task.runner [-] Task 59ccc421-8a02-42cd-8c01-08b384ef5931 | ITER: 9 END: OK
2019-07-16 09:27:23.249 22834 INFO rally.task.runner [-] Task 59ccc421-8a02-42cd-8c01-08b384ef5931 | ITER: 38 START
2019-07-16 09:27:23.770 22874 INFO rally.task.runner [-] Task 59ccc421-8a02-42cd-8c01-08b384ef5931 | ITER: 20 END: OK
2019-07-16 09:27:23.774 22874 INFO rally.task.runner [-] Task 59ccc421-8a02-42cd-8c01-08b384ef5931 | ITER: 39 START
2019-07-16 09:27:23.835 22860 INFO rally.task.runner [-] Task 59ccc421-8a02-42cd-8c01-08b384ef5931 | ITER: 16 END: OK
2019-07-16 09:27:23.839 22860 INFO rally.task.runner [-] Task 59ccc421-8a02-42cd-8c01-08b384ef5931 | ITER: 40 START
2019-07-16 09:27:24.349 22846 INFO rally.task.runner [-] Task 59ccc421-8a02-42cd-8c01-08b384ef5931 | ITER: 21 END: OK
2019-07-16 09:27:24.352 22846 INFO rally.task.runner [-] Task 59ccc421-8a02-42cd-8c01-08b384ef5931 | ITER: 41 START
2019-07-16 09:27:24.384 22832 INFO rally.task.runner [-] Task 59ccc421-8a02-42cd-8c01-08b384ef5931 | ITER: 23 END: OK
2019-07-16 09:27:24.388 22832 INFO rally.task.runner [-] Task 59ccc421-8a02-42cd-8c01-08b384ef5931 | ITER: 42 START
2019-07-16 09:27:25.024 22868 INFO rally.task.runner [-] Task 59ccc421-8a02-42cd-8c01-08b384ef5931 | ITER: 27 END: OK
2019-07-16 09:27:25.028 22868 INFO rally.task.runner [-] Task 59ccc421-8a02-42cd-8c01-08b384ef5931 | ITER: 43 START
2019-07-16 09:27:25.443 22840 INFO rally.task.runner [-] Task 59ccc421-8a02-42cd-8c01-08b384ef5931 | ITER: 26 END: OK
2019-07-16 09:27:25.446 22840 INFO rally.task.runner [-] Task 59ccc421-8a02-42cd-8c01-08b384ef5931 | ITER: 44 START
2019-07-16 09:27:25.473 22830 INFO rally.task.runner [-] Task 59ccc421-8a02-42cd-8c01-08b384ef5931 | ITER: 30 END: OK
2019-07-16 09:27:25.476 22830 INFO rally.task.runner [-] Task 59ccc421-8a02-42cd-8c01-08b384ef5931 | ITER: 45 START
2019-07-16 09:27:25.670 22830 INFO rally.task.runner [-] Task 59ccc421-8a02-42cd-8c01-08b384ef5931 | ITER: 28 END: OK
2019-07-16 09:27:25.674 22830 INFO rally.task.runner [-] Task 59ccc421-8a02-42cd-8c01-08b384ef5931 | ITER: 46 START
2019-07-16 09:27:25.675 22832 INFO rally.task.runner [-] Task 59ccc421-8a02-42cd-8c01-08b384ef5931 | ITER: 24 END: OK
2019-07-16 09:27:25.676 22864 INFO rally.task.runner [-] Task 59ccc421-8a02-42cd-8c01-08b384ef5931 | ITER: 33 END: OK
2019-07-16 09:27:25.678 22832 INFO rally.task.runner [-] Task 59ccc421-8a02-42cd-8c01-08b384ef5931 | ITER: 47 START
2019-07-16 09:27:25.679 22864 INFO rally.task.runner [-] Task 59ccc421-8a02-42cd-8c01-08b384ef5931 | ITER: 48 START
2019-07-16 09:27:25.685 22831 INFO rally.task.runner [-] Task 59ccc421-8a02-42cd-8c01-08b384ef5931 | ITER: 35 END: OK
2019-07-16 09:27:25.685 22829 INFO rally.task.runner [-] Task 59ccc421-8a02-42cd-8c01-08b384ef5931 | ITER: 29 END: OK
2019-07-16 09:27:25.688 22831 INFO rally.task.runner [-] Task 59ccc421-8a02-42cd-8c01-08b384ef5931 | ITER: 49 START
2019-07-16 09:27:25.688 22829 INFO rally.task.runner [-] Task 59ccc421-8a02-42cd-8c01-08b384ef5931 | ITER: 50 START
2019-07-16 09:27:25.838 22838 INFO rally.task.runner [-] Task 59ccc421-8a02-42cd-8c01-08b384ef5931 | ITER: 22 END: OK
2019-07-16 09:27:25.841 22838 INFO rally.task.runner [-] Task 59ccc421-8a02-42cd-8c01-08b384ef5931 | ITER: 51 START
2019-07-16 09:27:26.193 22843 INFO rally.task.runner [-] Task 59ccc421-8a02-42cd-8c01-08b384ef5931 | ITER: 25 END: OK
2019-07-16 09:27:26.196 22843 INFO rally.task.runner [-] Task 59ccc421-8a02-42cd-8c01-08b384ef5931 | ITER: 52 START
2019-07-16 09:27:26.439 22868 INFO rally.task.runner [-] Task 59ccc421-8a02-42cd-8c01-08b384ef5931 | ITER: 43 END: OK
2019-07-16 09:27:26.442 22868 INFO rally.task.runner [-] Task 59ccc421-8a02-42cd-8c01-08b384ef5931 | ITER: 53 START
2019-07-16 09:27:26.506 22854 INFO rally.task.runner [-] Task 59ccc421-8a02-42cd-8c01-08b384ef5931 | ITER: 36 END: OK
2019-07-16 09:27:26.509 22854 INFO rally.task.runner [-] Task 59ccc421-8a02-42cd-8c01-08b384ef5931 | ITER: 54 START
2019-07-16 09:27:26.587 22851 INFO rally.task.runner [-] Task 59ccc421-8a02-42cd-8c01-08b384ef5931 | ITER: 34 END: OK
2019-07-16 09:27:26.591 22851 INFO rally.task.runner [-] Task 59ccc421-8a02-42cd-8c01-08b384ef5931 | ITER: 55 START
2019-07-16 09:27:26.807 22829 INFO rally.task.runner [-] Task 59ccc421-8a02-42cd-8c01-08b384ef5931 | ITER: 31 END: OK
2019-07-16 09:27:26.809 22831 INFO rally.task.runner [-] Task 59ccc421-8a02-42cd-8c01-08b384ef5931 | ITER: 32 END: OK
2019-07-16 09:27:26.811 22829 INFO rally.task.runner [-] Task 59ccc421-8a02-42cd-8c01-08b384ef5931 | ITER: 56 START
2019-07-16 09:27:26.812 22831 INFO rally.task.runner [-] Task 59ccc421-8a02-42cd-8c01-08b384ef5931 | ITER: 57 START
2019-07-16 09:27:26.877 22834 INFO rally.task.runner [-] Task 59ccc421-8a02-42cd-8c01-08b384ef5931 | ITER: 38 END: OK
2019-07-16 09:27:26.880 22834 INFO rally.task.runner [-] Task 59ccc421-8a02-42cd-8c01-08b384ef5931 | ITER: 58 START
2019-07-16 09:27:26.953 22874 INFO rally.task.runner [-] Task 59ccc421-8a02-42cd-8c01-08b384ef5931 | ITER: 39 END: OK
2019-07-16 09:27:26.957 22874 INFO rally.task.runner [-] Task 59ccc421-8a02-42cd-8c01-08b384ef5931 | ITER: 59 START
2019-07-16 09:27:26.977 22840 INFO rally.task.runner [-] Task 59ccc421-8a02-42cd-8c01-08b384ef5931 | ITER: 44 END: OK
2019-07-16 09:27:26.980 22840 INFO rally.task.runner [-] Task 59ccc421-8a02-42cd-8c01-08b384ef5931 | ITER: 60 START
2019-07-16 09:27:27.278 22830 INFO rally.task.runner [-] Task 59ccc421-8a02-42cd-8c01-08b384ef5931 | ITER: 46 END: OK
2019-07-16 09:27:27.282 22830 INFO rally.task.runner [-] Task 59ccc421-8a02-42cd-8c01-08b384ef5931 | ITER: 61 START
2019-07-16 09:27:27.313 22830 INFO rally.task.runner [-] Task 59ccc421-8a02-42cd-8c01-08b384ef5931 | ITER: 45 END: OK
2019-07-16 09:27:27.316 22830 INFO rally.task.runner [-] Task 59ccc421-8a02-42cd-8c01-08b384ef5931 | ITER: 62 START
2019-07-16 09:27:27.371 22873 INFO rally.task.runner [-] Task 59ccc421-8a02-42cd-8c01-08b384ef5931 | ITER: 37 END: OK
2019-07-16 09:27:27.374 22873 INFO rally.task.runner [-] Task 59ccc421-8a02-42cd-8c01-08b384ef5931 | ITER: 63 START
2019-07-16 09:27:27.671 22860 INFO rally.task.runner [-] Task 59ccc421-8a02-42cd-8c01-08b384ef5931 | ITER: 40 END: OK
2019-07-16 09:27:27.674 22860 INFO rally.task.runner [-] Task 59ccc421-8a02-42cd-8c01-08b384ef5931 | ITER: 64 START
2019-07-16 09:27:27.839 22843 INFO rally.task.runner [-] Task 59ccc421-8a02-42cd-8c01-08b384ef5931 | ITER: 52 END: OK
2019-07-16 09:27:27.842 22843 INFO rally.task.runner [-] Task 59ccc421-8a02-42cd-8c01-08b384ef5931 | ITER: 65 START
2019-07-16 09:27:27.956 22832 INFO rally.task.runner [-] Task 59ccc421-8a02-42cd-8c01-08b384ef5931 | ITER: 42 END: OK
2019-07-16 09:27:27.960 22832 INFO rally.task.runner [-] Task 59ccc421-8a02-42cd-8c01-08b384ef5931 | ITER: 66 START
2019-07-16 09:27:28.086 22846 INFO rally.task.runner [-] Task 59ccc421-8a02-42cd-8c01-08b384ef5931 | ITER: 41 END: OK
2019-07-16 09:27:28.089 22846 INFO rally.task.runner [-] Task 59ccc421-8a02-42cd-8c01-08b384ef5931 | ITER: 67 START
2019-07-16 09:27:28.138 22854 INFO rally.task.runner [-] Task 59ccc421-8a02-42cd-8c01-08b384ef5931 | ITER: 54 END: OK
2019-07-16 09:27:28.141 22854 INFO rally.task.runner [-] Task 59ccc421-8a02-42cd-8c01-08b384ef5931 | ITER: 68 START
2019-07-16 09:27:28.340 22838 INFO rally.task.runner [-] Task 59ccc421-8a02-42cd-8c01-08b384ef5931 | ITER: 51 END: OK
2019-07-16 09:27:28.343 22838 INFO rally.task.runner [-] Task 59ccc421-8a02-42cd-8c01-08b384ef5931 | ITER: 69 START
2019-07-16 09:27:28.510 22829 INFO rally.task.runner [-] Task 59ccc421-8a02-42cd-8c01-08b384ef5931 | ITER: 56 END: OK
2019-07-16 09:27:28.514 22829 INFO rally.task.runner [-] Task 59ccc421-8a02-42cd-8c01-08b384ef5931 | ITER: 70 START
2019-07-16 09:27:28.682 22831 INFO rally.task.runner [-] Task 59ccc421-8a02-42cd-8c01-08b384ef5931 | ITER: 57 END: OK
2019-07-16 09:27:28.685 22831 INFO rally.task.runner [-] Task 59ccc421-8a02-42cd-8c01-08b384ef5931 | ITER: 71 START
2019-07-16 09:27:28.887 22874 INFO rally.task.runner [-] Task 59ccc421-8a02-42cd-8c01-08b384ef5931 | ITER: 59 END: OK
2019-07-16 09:27:28.890 22874 INFO rally.task.runner [-] Task 59ccc421-8a02-42cd-8c01-08b384ef5931 | ITER: 72 START
2019-07-16 09:27:28.976 22831 INFO rally.task.runner [-] Task 59ccc421-8a02-42cd-8c01-08b384ef5931 | ITER: 49 END: OK
2019-07-16 09:27:28.979 22831 INFO rally.task.runner [-] Task 59ccc421-8a02-42cd-8c01-08b384ef5931 | ITER: 73 START
2019-07-16 09:27:29.123 22832 INFO rally.task.runner [-] Task 59ccc421-8a02-42cd-8c01-08b384ef5931 | ITER: 47 END: OK
2019-07-16 09:27:29.126 22832 INFO rally.task.runner [-] Task 59ccc421-8a02-42cd-8c01-08b384ef5931 | ITER: 74 START
2019-07-16 09:27:29.135 22864 INFO rally.task.runner [-] Task 59ccc421-8a02-42cd-8c01-08b384ef5931 | ITER: 48 END: OK
2019-07-16 09:27:29.137 22864 INFO rally.task.runner [-] Task 59ccc421-8a02-42cd-8c01-08b384ef5931 | ITER: 75 START
2019-07-16 09:27:29.240 22840 INFO rally.task.runner [-] Task 59ccc421-8a02-42cd-8c01-08b384ef5931 | ITER: 60 END: OK
2019-07-16 09:27:29.241 22851 INFO rally.task.runner [-] Task 59ccc421-8a02-42cd-8c01-08b384ef5931 | ITER: 55 END: OK
2019-07-16 09:27:29.241 22829 INFO rally.task.runner [-] Task 59ccc421-8a02-42cd-8c01-08b384ef5931 | ITER: 50 END: OK
2019-07-16 09:27:29.244 22851 INFO rally.task.runner [-] Task 59ccc421-8a02-42cd-8c01-08b384ef5931 | ITER: 77 START
2019-07-16 09:27:29.244 22829 INFO rally.task.runner [-] Task 59ccc421-8a02-42cd-8c01-08b384ef5931 | ITER: 78 START
2019-07-16 09:27:29.245 22840 INFO rally.task.runner [-] Task 59ccc421-8a02-42cd-8c01-08b384ef5931 | ITER: 76 START
2019-07-16 09:27:29.247 22868 INFO rally.task.runner [-] Task 59ccc421-8a02-42cd-8c01-08b384ef5931 | ITER: 53 END: OK
2019-07-16 09:27:29.251 22868 INFO rally.task.runner [-] Task 59ccc421-8a02-42cd-8c01-08b384ef5931 | ITER: 79 START
2019-07-16 09:27:29.449 22830 INFO rally.task.runner [-] Task 59ccc421-8a02-42cd-8c01-08b384ef5931 | ITER: 61 END: OK
2019-07-16 09:27:29.452 22830 INFO rally.task.runner [-] Task 59ccc421-8a02-42cd-8c01-08b384ef5931 | ITER: 80 START
2019-07-16 09:27:29.913 22832 INFO rally.task.runner [-] Task 59ccc421-8a02-42cd-8c01-08b384ef5931 | ITER: 66 END: OK
2019-07-16 09:27:29.915 22832 INFO rally.task.runner [-] Task 59ccc421-8a02-42cd-8c01-08b384ef5931 | ITER: 81 START
2019-07-16 09:27:30.028 22830 INFO rally.task.runner [-] Task 59ccc421-8a02-42cd-8c01-08b384ef5931 | ITER: 62 END: OK
2019-07-16 09:27:30.031 22830 INFO rally.task.runner [-] Task 59ccc421-8a02-42cd-8c01-08b384ef5931 | ITER: 82 START
2019-07-16 09:27:30.032 22854 INFO rally.task.runner [-] Task 59ccc421-8a02-42cd-8c01-08b384ef5931 | ITER: 68 END: OK
2019-07-16 09:27:30.035 22854 INFO rally.task.runner [-] Task 59ccc421-8a02-42cd-8c01-08b384ef5931 | ITER: 83 START
2019-07-16 09:27:30.094 22846 INFO rally.task.runner [-] Task 59ccc421-8a02-42cd-8c01-08b384ef5931 | ITER: 67 END: OK
2019-07-16 09:27:30.098 22846 INFO rally.task.runner [-] Task 59ccc421-8a02-42cd-8c01-08b384ef5931 | ITER: 84 START
2019-07-16 09:27:30.404 22873 INFO rally.task.runner [-] Task 59ccc421-8a02-42cd-8c01-08b384ef5931 | ITER: 63 END: OK
2019-07-16 09:27:30.407 22873 INFO rally.task.runner [-] Task 59ccc421-8a02-42cd-8c01-08b384ef5931 | ITER: 85 START
2019-07-16 09:27:30.409 22834 INFO rally.task.runner [-] Task 59ccc421-8a02-42cd-8c01-08b384ef5931 | ITER: 58 END: OK
2019-07-16 09:27:30.412 22834 INFO rally.task.runner [-] Task 59ccc421-8a02-42cd-8c01-08b384ef5931 | ITER: 86 START
2019-07-16 09:27:30.753 22831 INFO rally.task.runner [-] Task 59ccc421-8a02-42cd-8c01-08b384ef5931 | ITER: 71 END: OK
2019-07-16 09:27:30.756 22831 INFO rally.task.runner [-] Task 59ccc421-8a02-42cd-8c01-08b384ef5931 | ITER: 87 START
2019-07-16 09:27:31.065 22860 INFO rally.task.runner [-] Task 59ccc421-8a02-42cd-8c01-08b384ef5931 | ITER: 64 END: OK
2019-07-16 09:27:31.068 22860 INFO rally.task.runner [-] Task 59ccc421-8a02-42cd-8c01-08b384ef5931 | ITER: 88 START
2019-07-16 09:27:31.107 22843 INFO rally.task.runner [-] Task 59ccc421-8a02-42cd-8c01-08b384ef5931 | ITER: 65 END: OK
2019-07-16 09:27:31.110 22843 INFO rally.task.runner [-] Task 59ccc421-8a02-42cd-8c01-08b384ef5931 | ITER: 89 START
2019-07-16 09:27:31.132 22829 INFO rally.task.runner [-] Task 59ccc421-8a02-42cd-8c01-08b384ef5931 | ITER: 70 END: OK
2019-07-16 09:27:31.133 22838 INFO rally.task.runner [-] Task 59ccc421-8a02-42cd-8c01-08b384ef5931 | ITER: 69 END: OK
2019-07-16 09:27:31.135 22829 INFO rally.task.runner [-] Task 59ccc421-8a02-42cd-8c01-08b384ef5931 | ITER: 90 START
2019-07-16 09:27:31.136 22838 INFO rally.task.runner [-] Task 59ccc421-8a02-42cd-8c01-08b384ef5931 | ITER: 91 START
2019-07-16 09:27:31.169 22874 INFO rally.task.runner [-] Task 59ccc421-8a02-42cd-8c01-08b384ef5931 | ITER: 72 END: OK
2019-07-16 09:27:31.172 22874 INFO rally.task.runner [-] Task 59ccc421-8a02-42cd-8c01-08b384ef5931 | ITER: 92 START
2019-07-16 09:27:31.854 22831 INFO rally.task.runner [-] Task 59ccc421-8a02-42cd-8c01-08b384ef5931 | ITER: 73 END: OK
2019-07-16 09:27:31.857 22831 INFO rally.task.runner [-] Task 59ccc421-8a02-42cd-8c01-08b384ef5931 | ITER: 93 START
2019-07-16 09:27:32.017 22864 INFO rally.task.runner [-] Task 59ccc421-8a02-42cd-8c01-08b384ef5931 | ITER: 75 END: OK
2019-07-16 09:27:32.021 22864 INFO rally.task.runner [-] Task 59ccc421-8a02-42cd-8c01-08b384ef5931 | ITER: 94 START
2019-07-16 09:27:32.179 22829 INFO rally.task.runner [-] Task 59ccc421-8a02-42cd-8c01-08b384ef5931 | ITER: 78 END: OK
2019-07-16 09:27:32.182 22829 INFO rally.task.runner [-] Task 59ccc421-8a02-42cd-8c01-08b384ef5931 | ITER: 95 START
2019-07-16 09:27:32.235 22868 INFO rally.task.runner [-] Task 59ccc421-8a02-42cd-8c01-08b384ef5931 | ITER: 79 END: OK
2019-07-16 09:27:32.236 22832 INFO rally.task.runner [-] Task 59ccc421-8a02-42cd-8c01-08b384ef5931 | ITER: 74 END: OK
2019-07-16 09:27:32.239 22868 INFO rally.task.runner [-] Task 59ccc421-8a02-42cd-8c01-08b384ef5931 | ITER: 96 START
2019-07-16 09:27:32.240 22832 INFO rally.task.runner [-] Task 59ccc421-8a02-42cd-8c01-08b384ef5931 | ITER: 97 START
2019-07-16 09:27:32.391 22830 INFO rally.task.runner [-] Task 59ccc421-8a02-42cd-8c01-08b384ef5931 | ITER: 80 END: OK
2019-07-16 09:27:32.394 22830 INFO rally.task.runner [-] Task 59ccc421-8a02-42cd-8c01-08b384ef5931 | ITER: 98 START
2019-07-16 09:27:32.811 22854 INFO rally.task.runner [-] Task 59ccc421-8a02-42cd-8c01-08b384ef5931 | ITER: 83 END: OK
2019-07-16 09:27:32.814 22854 INFO rally.task.runner [-] Task 59ccc421-8a02-42cd-8c01-08b384ef5931 | ITER: 99 START
2019-07-16 09:27:32.820 22832 INFO rally.task.runner [-] Task 59ccc421-8a02-42cd-8c01-08b384ef5931 | ITER: 81 END: OK
2019-07-16 09:27:32.823 22832 INFO rally.task.runner [-] Task 59ccc421-8a02-42cd-8c01-08b384ef5931 | ITER: 100 START
2019-07-16 09:27:32.849 22846 INFO rally.task.runner [-] Task 59ccc421-8a02-42cd-8c01-08b384ef5931 | ITER: 84 END: OK
2019-07-16 09:27:32.862 22873 INFO rally.task.runner [-] Task 59ccc421-8a02-42cd-8c01-08b384ef5931 | ITER: 85 END: OK
2019-07-16 09:27:32.920 22834 INFO rally.task.runner [-] Task 59ccc421-8a02-42cd-8c01-08b384ef5931 | ITER: 86 END: OK
2019-07-16 09:27:32.925 22830 INFO rally.task.runner [-] Task 59ccc421-8a02-42cd-8c01-08b384ef5931 | ITER: 82 END: OK
2019-07-16 09:27:33.289 22831 INFO rally.task.runner [-] Task 59ccc421-8a02-42cd-8c01-08b384ef5931 | ITER: 87 END: OK
2019-07-16 09:27:33.388 22840 INFO rally.task.runner [-] Task 59ccc421-8a02-42cd-8c01-08b384ef5931 | ITER: 76 END: OK
2019-07-16 09:27:33.388 22851 INFO rally.task.runner [-] Task 59ccc421-8a02-42cd-8c01-08b384ef5931 | ITER: 77 END: OK
2019-07-16 09:27:33.602 22831 INFO rally.task.runner [-] Task 59ccc421-8a02-42cd-8c01-08b384ef5931 | ITER: 93 END: OK
2019-07-16 09:27:33.734 22874 INFO rally.task.runner [-] Task 59ccc421-8a02-42cd-8c01-08b384ef5931 | ITER: 92 END: OK
2019-07-16 09:27:33.803 22864 INFO rally.task.runner [-] Task 59ccc421-8a02-42cd-8c01-08b384ef5931 | ITER: 94 END: OK
2019-07-16 09:27:33.860 22868 INFO rally.task.runner [-] Task 59ccc421-8a02-42cd-8c01-08b384ef5931 | ITER: 96 END: OK
2019-07-16 09:27:33.932 22829 INFO rally.task.runner [-] Task 59ccc421-8a02-42cd-8c01-08b384ef5931 | ITER: 95 END: OK
2019-07-16 09:27:34.082 22838 INFO rally.task.runner [-] Task 59ccc421-8a02-42cd-8c01-08b384ef5931 | ITER: 91 END: OK
2019-07-16 09:27:34.164 22832 INFO rally.task.runner [-] Task 59ccc421-8a02-42cd-8c01-08b384ef5931 | ITER: 97 END: OK
2019-07-16 09:27:34.258 22830 INFO rally.task.runner [-] Task 59ccc421-8a02-42cd-8c01-08b384ef5931 | ITER: 98 END: OK
2019-07-16 09:27:34.260 22832 INFO rally.task.runner [-] Task 59ccc421-8a02-42cd-8c01-08b384ef5931 | ITER: 100 END: OK
2019-07-16 09:27:34.264 22829 INFO rally.task.runner [-] Task 59ccc421-8a02-42cd-8c01-08b384ef5931 | ITER: 90 END: OK
2019-07-16 09:27:34.284 22843 INFO rally.task.runner [-] Task 59ccc421-8a02-42cd-8c01-08b384ef5931 | ITER: 89 END: OK
2019-07-16 09:27:34.380 22860 INFO rally.task.runner [-] Task 59ccc421-8a02-42cd-8c01-08b384ef5931 | ITER: 88 END: OK
2019-07-16 09:27:34.672 22854 INFO rally.task.runner [-] Task 59ccc421-8a02-42cd-8c01-08b384ef5931 | ITER: 99 END: OK
2019-07-16 09:27:34.692 22705 INFO rally.task.context [-] Task 59ccc421-8a02-42cd-8c01-08b384ef5931 | Context cleanup@openstack cleanup() started
2019-07-16 09:27:34.695 22705 RALLYDEBUG rally_openstack.cleanup.manager [-] Cleaning up neutron vip objects
2019-07-16 09:27:35.322 22705 RALLYDEBUG rally_openstack.cleanup.manager [-] Cleaning up neutron health_monitor objects
2019-07-16 09:27:36.055 22705 RALLYDEBUG rally_openstack.cleanup.manager [-] Cleaning up neutron pool objects
2019-07-16 09:27:36.686 22705 RALLYDEBUG rally_openstack.cleanup.manager [-] Cleaning up neutron loadbalancer objects
2019-07-16 09:27:37.320 22705 RALLYDEBUG rally_openstack.cleanup.manager [-] Cleaning up neutron floatingip objects
2019-07-16 09:27:38.014 22705 RALLYDEBUG rally_openstack.cleanup.manager [-] Cleaning up neutron port objects
2019-07-16 09:27:38.667 22705 RALLYDEBUG rally_openstack.cleanup.manager [-] Cleaning up neutron subnet objects
2019-07-16 09:27:39.316 22705 RALLYDEBUG rally_openstack.cleanup.manager [-] Cleaning up neutron network objects
2019-07-16 09:27:40.261 22705 RALLYDEBUG rally_openstack.cleanup.manager [-] Deleting neutron.network object s_rally_8627cbe3_qYnQx4wc (0120f773-49d4-4757-b479-a45d25e086b7)
2019-07-16 09:27:40.267 22705 RALLYDEBUG rally_openstack.cleanup.manager [-] Deleting neutron.network object s_rally_8627cbe3_KZnjgPU4 (0561136a-52c7-40d0-9d7c-8e9fa45935e3)
2019-07-16 09:27:40.269 22705 RALLYDEBUG rally_openstack.cleanup.manager [-] Deleting neutron.network object s_rally_8627cbe3_9WpkOnSd (0343adc3-a939-4ea0-9fdd-9c20187be53b)
2019-07-16 09:27:40.269 22705 RALLYDEBUG rally_openstack.cleanup.manager [-] Deleting neutron.network object s_rally_8627cbe3_tgJBe19M (0a52b528-b86a-4106-a546-a689fa3c66b2)
2019-07-16 09:27:40.267 22705 RALLYDEBUG rally_openstack.cleanup.manager [-] Deleting neutron.network object s_rally_8627cbe3_0bCsaPpI (05c7ae07-5812-4721-97fb-8ce13e513e1b)
2019-07-16 09:27:40.276 22705 RALLYDEBUG rally_openstack.cleanup.manager [-] Deleting neutron.network object s_rally_8627cbe3_rsWfQ9xJ (11f12b6b-b02d-4fd6-9fa0-970bc35ad13e)
2019-07-16 09:27:40.276 22705 RALLYDEBUG rally_openstack.cleanup.manager [-] Deleting neutron.network object s_rally_8627cbe3_BrIlFgVd (08fd00dc-7ab0-4c83-a3af-2637b6daaa64)
2019-07-16 09:27:40.279 22705 RALLYDEBUG rally_openstack.cleanup.manager [-] Deleting neutron.network object s_rally_8627cbe3_MD1lPLl2 (02cf2324-638c-4274-b314-72f7cdec8423)
2019-07-16 09:27:40.283 22705 RALLYDEBUG rally_openstack.cleanup.manager [-] Deleting neutron.network object s_rally_8627cbe3_qeYAIAOo (08f7b17a-0020-488c-8415-5c9db559754e)
2019-07-16 09:27:40.298 22705 RALLYDEBUG rally_openstack.cleanup.manager [-] Deleting neutron.network object s_rally_8627cbe3_HHRs1DOZ (18a63048-0012-4c73-8613-beb149d1314f)
2019-07-16 09:27:40.320 22705 RALLYDEBUG rally_openstack.cleanup.manager [-] Deleting neutron.network object s_rally_8627cbe3_2Beffz7H (1c59d124-92ee-4661-bbc1-ae24950e9ebf)
2019-07-16 09:27:40.327 22705 RALLYDEBUG rally_openstack.cleanup.manager [-] Deleting neutron.network object s_rally_8627cbe3_H34G2Amj (1cf2be44-ee79-40f9-bdc4-388cd1eff3ce)
2019-07-16 09:27:40.334 22705 RALLYDEBUG rally_openstack.cleanup.manager [-] Deleting neutron.network object s_rally_8627cbe3_RWaeChtK (1d294e35-ef52-4b4b-85a7-c6d00bb3d743)
2019-07-16 09:27:40.347 22705 RALLYDEBUG rally_openstack.cleanup.manager [-] Deleting neutron.network object s_rally_8627cbe3_hXQl74Bq (1d932ffb-f2fa-4f53-af9f-bb251f638548)
2019-07-16 09:27:40.377 22705 RALLYDEBUG rally_openstack.cleanup.manager [-] Deleting neutron.network object s_rally_8627cbe3_degbzGfS (20bdd437-09f0-470d-b073-265ed68b25fa)
2019-07-16 09:27:40.391 22705 RALLYDEBUG rally_openstack.cleanup.manager [-] Deleting neutron.network object s_rally_8627cbe3_sx4UmSbO (260d7049-6ab3-4064-98e6-0ab8e95935c0)
2019-07-16 09:27:40.402 22705 RALLYDEBUG rally_openstack.cleanup.manager [-] Deleting neutron.network object s_rally_8627cbe3_o37MKTU3 (2e2911fb-a55a-41e8-8b14-d6b72b450907)
2019-07-16 09:27:40.418 22705 RALLYDEBUG rally_openstack.cleanup.manager [-] Deleting neutron.network object s_rally_8627cbe3_SeFXTjyd (2edf700f-310d-4649-af0e-c84e41473151)
2019-07-16 09:27:40.426 22705 RALLYDEBUG rally_openstack.cleanup.manager [-] Deleting neutron.network object s_rally_8627cbe3_7EgPOk8g (32466c6f-1874-4a25-869b-74b3398f601e)
2019-07-16 09:27:40.433 22705 RALLYDEBUG rally_openstack.cleanup.manager [-] Deleting neutron.network object s_rally_8627cbe3_HlAo6EG8 (33baae08-939a-4024-b0b7-16dc13d8d8d6)
2019-07-16 09:27:43.623 22705 RALLYDEBUG rally_openstack.cleanup.manager [-] Deleting neutron.network object s_rally_8627cbe3_p4rmb8sO (33dcdca8-0d4f-4acd-acbc-173466abf568)
2019-07-16 09:27:43.874 22705 RALLYDEBUG rally_openstack.cleanup.manager [-] Deleting neutron.network object s_rally_8627cbe3_Rj5UoiU2 (33e7bc52-2da9-4e72-ad01-463ec4981c7c)
2019-07-16 09:27:43.896 22705 RALLYDEBUG rally_openstack.cleanup.manager [-] Deleting neutron.network object s_rally_8627cbe3_UCX43JLQ (34c7c96d-7886-49e0-9f13-070763765555)
2019-07-16 09:27:44.208 22705 RALLYDEBUG rally_openstack.cleanup.manager [-] Deleting neutron.network object s_rally_8627cbe3_oHaiOkjc (37429b6a-3004-4772-894a-536c6e90ab95)
2019-07-16 09:27:44.905 22705 RALLYDEBUG rally_openstack.cleanup.manager [-] Deleting neutron.network object s_rally_8627cbe3_aD44nI8G (37be64fc-a634-47c9-b4e1-9c81f2d7123b)
2019-07-16 09:27:44.929 22705 RALLYDEBUG rally_openstack.cleanup.manager [-] Deleting neutron.network object s_rally_8627cbe3_4eMVSEYI (38d98916-299a-499e-8aad-fdfc2f9a08cd)
2019-07-16 09:27:44.971 22705 RALLYDEBUG rally_openstack.cleanup.manager [-] Deleting neutron.network object s_rally_8627cbe3_iL78rD6y (3c8f1f4f-8634-4468-ab6b-72ed2ef4f43d)
2019-07-16 09:27:44.979 22705 RALLYDEBUG rally_openstack.cleanup.manager [-] Deleting neutron.network object s_rally_8627cbe3_Wz6iRCSc (431936d7-e16f-4c77-9593-8f4101ca0f80)
2019-07-16 09:27:45.085 22705 RALLYDEBUG rally_openstack.cleanup.manager [-] Deleting neutron.network object s_rally_8627cbe3_bX9q5s3R (49a1e0ca-11d1-4501-8f0e-5e3189113408)
2019-07-16 09:27:45.120 22705 RALLYDEBUG rally_openstack.cleanup.manager [-] Deleting neutron.network object s_rally_8627cbe3_YY6ZXXg5 (4b326977-63f1-4b4d-b00c-5933fc070e19)
2019-07-16 09:27:45.546 22705 RALLYDEBUG rally_openstack.cleanup.manager [-] Deleting neutron.network object s_rally_8627cbe3_H3iUSwdO (4b516e69-c667-4191-b708-a64114594c76)
2019-07-16 09:27:46.453 22705 RALLYDEBUG rally_openstack.cleanup.manager [-] Deleting neutron.network object s_rally_8627cbe3_PHJ7RWUv (4b9f4661-e9c8-4044-a3cb-1ff0c4539937)
2019-07-16 09:27:46.581 22705 RALLYDEBUG rally_openstack.cleanup.manager [-] Deleting neutron.network object s_rally_8627cbe3_0e5C3XpZ (51a6ae4b-5c30-4743-ab9b-33301e1dc1e4)
2019-07-16 09:27:46.792 22705 RALLYDEBUG rally_openstack.cleanup.manager [-] Deleting neutron.network object s_rally_8627cbe3_GHFbnWHt (526e631b-7e0a-4509-b1bd-ad2821ca4984)
2019-07-16 09:27:46.904 22705 RALLYDEBUG rally_openstack.cleanup.manager [-] Deleting neutron.network object s_rally_8627cbe3_nYyQhWhx (530a0035-61b1-4c70-a340-99d726445437)
2019-07-16 09:27:46.955 22705 RALLYDEBUG rally_openstack.cleanup.manager [-] Deleting neutron.network object s_rally_8627cbe3_95fLGDzM (59616bdc-8fa7-4a81-a0b8-243d5cafea90)
2019-07-16 09:27:46.962 22705 RALLYDEBUG rally_openstack.cleanup.manager [-] Deleting neutron.network object s_rally_8627cbe3_ltFLXJCQ (597cd494-96d1-4d94-b240-61829d0da176)
2019-07-16 09:27:47.013 22705 RALLYDEBUG rally_openstack.cleanup.manager [-] Deleting neutron.network object s_rally_8627cbe3_3zBX0Nwh (5e53e386-76c5-410b-b370-af9a85d46da8)
2019-07-16 09:27:47.019 22705 RALLYDEBUG rally_openstack.cleanup.manager [-] Deleting neutron.network object s_rally_8627cbe3_4lCakt88 (5ca86bf3-3a0d-4a7c-81b3-b2438bb98635)
2019-07-16 09:27:47.562 22705 RALLYDEBUG rally_openstack.cleanup.manager [-] Deleting neutron.network object s_rally_8627cbe3_k82PpGe5 (60cf87a7-526a-4bf9-84eb-1aa7d1023851)
2019-07-16 09:27:47.615 22705 RALLYDEBUG rally_openstack.cleanup.manager [-] Deleting neutron.network object s_rally_8627cbe3_NDF0rxjw (640ec1f1-8ab2-48a6-9faf-6346ce480979)
2019-07-16 09:27:47.741 22705 RALLYDEBUG rally_openstack.cleanup.manager [-] Deleting neutron.network object s_rally_8627cbe3_RnqtJxhJ (6a935008-9894-477d-85c3-c076761e485f)
2019-07-16 09:27:47.755 22705 RALLYDEBUG rally_openstack.cleanup.manager [-] Deleting neutron.network object s_rally_8627cbe3_gJ4a7Tn8 (6dd86c26-204e-41d0-8323-c8902ebdb6d6)
2019-07-16 09:27:47.777 22705 RALLYDEBUG rally_openstack.cleanup.manager [-] Deleting neutron.network object s_rally_8627cbe3_dErGqMEJ (6e60bbe7-1d0d-4d95-8847-6c9194ce10ea)
2019-07-16 09:27:47.793 22705 RALLYDEBUG rally_openstack.cleanup.manager [-] Deleting neutron.network object s_rally_8627cbe3_O4BIVy98 (6e91e99d-5fc3-4c10-9435-7011f822f307)
2019-07-16 09:27:47.812 22705 RALLYDEBUG rally_openstack.cleanup.manager [-] Deleting neutron.network object s_rally_8627cbe3_m80LIYsh (6fb1c7cc-4930-4038-9b10-6968d73e4a53)
2019-07-16 09:27:47.884 22705 RALLYDEBUG rally_openstack.cleanup.manager [-] Deleting neutron.network object s_rally_8627cbe3_BG1zzer8 (75164faf-e6cf-42f6-b461-db507c5ab780)
2019-07-16 09:27:47.900 22705 RALLYDEBUG rally_openstack.cleanup.manager [-] Deleting neutron.network object s_rally_8627cbe3_HiZRaNYd (7737fb5d-8f48-4815-9f7b-cf0db6d9ddae)
2019-07-16 09:27:49.155 22705 RALLYDEBUG rally_openstack.cleanup.manager [-] Deleting neutron.network object s_rally_8627cbe3_Oekx7bgZ (779a61fc-37f0-446a-8ea7-ab4319b56d08)
2019-07-16 09:27:49.168 22705 RALLYDEBUG rally_openstack.cleanup.manager [-] Deleting neutron.network object s_rally_8627cbe3_UrXWSYRz (80faddcc-87ba-4e00-8a8e-02831df58743)
2019-07-16 09:27:49.271 22705 RALLYDEBUG rally_openstack.cleanup.manager [-] Deleting neutron.network object s_rally_8627cbe3_ywIAJDMZ (83d6e155-31ee-4e9a-8548-3c282eea2d33)
2019-07-16 09:27:49.695 22705 RALLYDEBUG rally_openstack.cleanup.manager [-] Deleting neutron.network object s_rally_8627cbe3_TxJOx5bM (8765ea8c-8cbb-4a68-80bf-cb15bdf402e5)
2019-07-16 09:27:50.092 22705 RALLYDEBUG rally_openstack.cleanup.manager [-] Deleting neutron.network object s_rally_8627cbe3_twJAapRu (8b2b2ef1-5ecb-4295-87a5-6f8b70204a00)
2019-07-16 09:27:50.246 22705 RALLYDEBUG rally_openstack.cleanup.manager [-] Deleting neutron.network object s_rally_8627cbe3_sPXYiX6O (91d8c5b0-2b64-4d91-b732-3672dab59d3e)
2019-07-16 09:27:50.452 22705 RALLYDEBUG rally_openstack.cleanup.manager [-] Deleting neutron.network object s_rally_8627cbe3_iOtF1LOK (922ef462-ff32-4ae2-bbd5-07fa0056bfcf)
2019-07-16 09:27:50.521 22705 RALLYDEBUG rally_openstack.cleanup.manager [-] Deleting neutron.network object s_rally_8627cbe3_2pks0Ang (9403c34f-c67d-4f31-bec7-6bc1c990ec2f)
2019-07-16 09:27:50.568 22705 RALLYDEBUG rally_openstack.cleanup.manager [-] Deleting neutron.network object s_rally_8627cbe3_JvcL6R8Z (9a1168c6-da1a-47d3-bd4d-67a55b69f992)
2019-07-16 09:27:50.688 22705 RALLYDEBUG rally_openstack.cleanup.manager [-] Deleting neutron.network object s_rally_8627cbe3_dzd8qkQt (9dd742aa-4b36-4298-8c4d-017d822def47)
2019-07-16 09:27:51.538 22705 RALLYDEBUG rally_openstack.cleanup.manager [-] Deleting neutron.network object s_rally_8627cbe3_KxaUiohV (a021dd83-b19b-42f8-be09-dcdc05cb2afc)
2019-07-16 09:27:51.605 22705 RALLYDEBUG rally_openstack.cleanup.manager [-] Deleting neutron.network object s_rally_8627cbe3_YYrT2baW (a1479910-12a7-4a0d-9355-14237ca7b5ea)
2019-07-16 09:27:51.608 22705 RALLYDEBUG rally_openstack.cleanup.manager [-] Deleting neutron.network object s_rally_8627cbe3_ZeifDbW5 (a25c129f-0430-4c32-b486-28d2d81df148)
2019-07-16 09:27:51.779 22705 RALLYDEBUG rally_openstack.cleanup.manager [-] Deleting neutron.network object s_rally_8627cbe3_MUxpfd0u (a32c1dbd-980c-4b61-91b4-29a1627c4c10)
2019-07-16 09:27:51.786 22705 RALLYDEBUG rally_openstack.cleanup.manager [-] Deleting neutron.network object s_rally_8627cbe3_ZXFKIv7t (a87ca6f5-87dc-4f7f-875d-327efa601478)
2019-07-16 09:27:52.532 22705 RALLYDEBUG rally_openstack.cleanup.manager [-] Deleting neutron.network object s_rally_8627cbe3_Gu7gKMba (aab0bc1f-ce45-47ff-a5cf-8a93c33870a3)
2019-07-16 09:27:52.536 22705 RALLYDEBUG rally_openstack.cleanup.manager [-] Deleting neutron.network object s_rally_8627cbe3_etjcoyGO (ac3d00fa-8693-4cc4-a8cf-0a1b42b83a71)
2019-07-16 09:27:53.112 22705 RALLYDEBUG rally_openstack.cleanup.manager [-] Deleting neutron.network object s_rally_8627cbe3_ViSc9d7j (aca6cf8f-0e1c-4c78-83fc-9d3af6163647)
2019-07-16 09:27:53.279 22705 RALLYDEBUG rally_openstack.cleanup.manager [-] Deleting neutron.network object s_rally_8627cbe3_fYYug999 (ada73497-b159-4119-b220-9f50b6ab9fd3)
2019-07-16 09:27:53.502 22705 RALLYDEBUG rally_openstack.cleanup.manager [-] Deleting neutron.network object s_rally_8627cbe3_PWyI2sS0 (adbde297-46d3-46d8-bda6-0e640ac07cbb)
2019-07-16 09:27:53.525 22705 RALLYDEBUG rally_openstack.cleanup.manager [-] Deleting neutron.network object s_rally_8627cbe3_QfkUvbal (b46fdcb2-f9a9-4ea3-a9d2-c64d251f3ac7)
2019-07-16 09:27:53.785 22705 RALLYDEBUG rally_openstack.cleanup.manager [-] Deleting neutron.network object s_rally_8627cbe3_FJfNk1rZ (b594a978-5b37-4d22-a4c8-e22aee1db1bc)
2019-07-16 09:27:53.926 22705 RALLYDEBUG rally_openstack.cleanup.manager [-] Deleting neutron.network object s_rally_8627cbe3_92JI4WrW (b862c01b-9d81-4d6b-a594-d72c925a44bb)
2019-07-16 09:27:53.928 22705 RALLYDEBUG rally_openstack.cleanup.manager [-] Deleting neutron.network object s_rally_8627cbe3_5Uyj2zb2 (bbf2ad25-020a-4123-9b9e-abe76a839124)
2019-07-16 09:27:53.964 22705 RALLYDEBUG rally_openstack.cleanup.manager [-] Deleting neutron.network object s_rally_8627cbe3_VGk3XNIO (bddb728d-c548-4c8b-8176-2bf0803e04eb)
2019-07-16 09:27:54.020 22705 RALLYDEBUG rally_openstack.cleanup.manager [-] Deleting neutron.network object s_rally_8627cbe3_Pjqj2h7H (bf046010-4970-440a-b233-bdceb13c7b45)
2019-07-16 09:27:54.441 22705 RALLYDEBUG rally_openstack.cleanup.manager [-] Deleting neutron.network object s_rally_8627cbe3_8RmvqW4t (c0bd0985-209c-49ba-b0f7-de6f9403e1c5)
2019-07-16 09:27:54.490 22705 RALLYDEBUG rally_openstack.cleanup.manager [-] Deleting neutron.network object s_rally_8627cbe3_6YFtWbVE (c1240e8c-beee-491b-8766-a4ad7adb7910)
2019-07-16 09:27:54.530 22705 RALLYDEBUG rally_openstack.cleanup.manager [-] Deleting neutron.network object s_rally_8627cbe3_LTkNQ10o (c1bade0b-b51b-4b42-aa04-9c2ac4c39802)
2019-07-16 09:27:54.535 22705 RALLYDEBUG rally_openstack.cleanup.manager [-] Deleting neutron.network object s_rally_8627cbe3_5yUsYR7U (c4649faf-f3d3-43f9-8ae1-86c5e8259ae9)
2019-07-16 09:27:54.654 22705 RALLYDEBUG rally_openstack.cleanup.manager [-] Deleting neutron.network object s_rally_8627cbe3_psyQdgqR (c829322b-675a-4004-b2ef-fc4856e2e1f3)
2019-07-16 09:27:55.476 22705 RALLYDEBUG rally_openstack.cleanup.manager [-] Deleting neutron.network object s_rally_8627cbe3_ASYbmNPS (c849db6a-4214-4ebc-8419-71461156e720)
2019-07-16 09:27:55.494 22705 RALLYDEBUG rally_openstack.cleanup.manager [-] Deleting neutron.network object s_rally_8627cbe3_l9gBMJ0y (c921ac4e-d279-448c-8b2b-4cf74fd7d37f)
2019-07-16 09:27:56.174 22705 RALLYDEBUG rally_openstack.cleanup.manager [-] Deleting neutron.network object s_rally_8627cbe3_8vC4soJE (cb1f7f86-031c-4f60-88f3-42683ce6ef78)
2019-07-16 09:27:56.232 22705 RALLYDEBUG rally_openstack.cleanup.manager [-] Deleting neutron.network object s_rally_8627cbe3_oGW3xR2S (cb983b6e-3f98-467d-9b1a-f48f933e1a7b)
2019-07-16 09:27:56.280 22705 RALLYDEBUG rally_openstack.cleanup.manager [-] Deleting neutron.network object s_rally_8627cbe3_CCO4ueLH (cf104dd1-9d1a-471d-9ffa-96aa1f1e1790)
2019-07-16 09:27:56.286 22705 RALLYDEBUG rally_openstack.cleanup.manager [-] Deleting neutron.network object s_rally_8627cbe3_d8lWh03b (cf10ecf8-273a-42d1-880a-b902bbd84466)
2019-07-16 09:27:56.337 22705 RALLYDEBUG rally_openstack.cleanup.manager [-] Deleting neutron.network object s_rally_8627cbe3_ZEx0oxQT (cf5b7f3c-d990-4638-8bb6-e26094ba1726)
2019-07-16 09:27:56.381 22705 RALLYDEBUG rally_openstack.cleanup.manager [-] Deleting neutron.network object s_rally_8627cbe3_g3GMINGU (d5af4b3d-d83c-42e3-8577-3ac6b2250ddd)
2019-07-16 09:27:56.503 22705 RALLYDEBUG rally_openstack.cleanup.manager [-] Deleting neutron.network object s_rally_8627cbe3_fbqIskgL (db3ceb0a-a87d-4d7e-9bcb-af4070f6a7ae)
2019-07-16 09:27:56.540 22705 RALLYDEBUG rally_openstack.cleanup.manager [-] Deleting neutron.network object s_rally_8627cbe3_QbHB1IT6 (dccc474d-2e63-4f90-a287-fd89d43480ab)
2019-07-16 09:27:56.840 22705 RALLYDEBUG rally_openstack.cleanup.manager [-] Deleting neutron.network object s_rally_8627cbe3_KFtZoEwH (dcd5917f-dc72-4f4b-a669-65ac0a60617c)
2019-07-16 09:27:56.867 22705 RALLYDEBUG rally_openstack.cleanup.manager [-] Deleting neutron.network object s_rally_8627cbe3_YbuGsjpB (dd8a7c49-5509-4176-b561-d105db52e455)
2019-07-16 09:27:57.056 22705 RALLYDEBUG rally_openstack.cleanup.manager [-] Deleting neutron.network object s_rally_8627cbe3_Dxd9o9Aq (ed3d75be-6c73-4fc3-8a67-1ca629300bf5)
2019-07-16 09:27:57.263 22705 RALLYDEBUG rally_openstack.cleanup.manager [-] Deleting neutron.network object s_rally_8627cbe3_VNO2YJCx (f0203e8e-09cc-4f4c-a6a3-dc7c0ed1d4e7)
2019-07-16 09:27:57.823 22705 RALLYDEBUG rally_openstack.cleanup.manager [-] Deleting neutron.network object s_rally_8627cbe3_YthvvQZu (f0d528d3-c901-413f-87ea-ffd6faf95019)
2019-07-16 09:27:57.823 22705 RALLYDEBUG rally_openstack.cleanup.manager [-] Deleting neutron.network object s_rally_8627cbe3_GzznhBVv (f14b29cb-8a50-4e50-b42c-eb943864b126)
2019-07-16 09:27:57.953 22705 RALLYDEBUG rally_openstack.cleanup.manager [-] Deleting neutron.network object s_rally_8627cbe3_zZDLIB5u (f1568c47-1d7e-4a6f-8914-1431e3bde64e)
