2019-07-16 09:45:57.032 22705 RALLYDEBUG rally_openstack.cleanup.manager [-] Deleting neutron.port object s_rally_788d327a_7xGo1m7f (d90e573c-447f-4629-aa1f-a0b8360fdac4)
2019-07-16 09:45:57.039 22705 RALLYDEBUG rally_openstack.cleanup.manager [-] Deleting neutron.port object s_rally_788d327a_VMyek9mF (da4eab06-680d-49ad-9dcd-899ee9483e1c)
2019-07-16 09:45:57.092 22705 RALLYDEBUG rally_openstack.cleanup.manager [-] Deleting neutron.port object s_rally_788d327a_CWps3YUV (db28b075-a059-48a4-a23a-04c1e14723b0)
2019-07-16 09:45:57.188 22705 RALLYDEBUG rally_openstack.cleanup.manager [-] Deleting neutron.port object s_rally_788d327a_P7D20Rld (dcf864d6-da0e-455b-971c-1be0ab480ff0)
2019-07-16 09:45:57.188 22705 RALLYDEBUG rally_openstack.cleanup.manager [-] Deleting neutron.port object s_rally_788d327a_PMbr68a6 (db88cffc-8efe-4fa5-98a7-7e3aad28621e)
2019-07-16 09:45:57.565 22705 RALLYDEBUG rally_openstack.cleanup.manager [-] Deleting neutron.port object s_rally_788d327a_ZVCp1EpE (de412d2b-ce46-4e82-9732-8a402990cefa)
2019-07-16 09:45:57.664 22705 RALLYDEBUG rally_openstack.cleanup.manager [-] Deleting neutron.port object s_rally_788d327a_w6OzMgBk (dfda1587-2054-46a6-9d52-62c921b41c0d)
2019-07-16 09:45:57.694 22705 RALLYDEBUG rally_openstack.cleanup.manager [-] Deleting neutron.port object s_rally_788d327a_lcv4tLUx (e0e0860e-62a3-42c3-b26a-7460e1fad231)
2019-07-16 09:45:57.729 22705 RALLYDEBUG rally_openstack.cleanup.manager [-] Deleting neutron.port object s_rally_788d327a_QY7n3D5C (e0f2012f-0424-4624-b01f-59bfb9d84486)
2019-07-16 09:45:58.236 22705 RALLYDEBUG rally_openstack.cleanup.manager [-] Deleting neutron.port object s_rally_788d327a_e4nZOYvM (e22c44f9-3ef4-4539-af48-d97b5bbf289e)
2019-07-16 09:45:58.365 22705 RALLYDEBUG rally_openstack.cleanup.manager [-] Deleting neutron.port object s_rally_788d327a_VTWoSz8Y (e3230e15-60ba-4606-944c-8d7877639ab8)
2019-07-16 09:45:58.463 22705 RALLYDEBUG rally_openstack.cleanup.manager [-] Deleting neutron.port object s_rally_788d327a_moQdPt4m (e3d493da-4044-40fb-8813-0701f56bf974)
2019-07-16 09:45:58.473 22705 RALLYDEBUG rally_openstack.cleanup.manager [-] Deleting neutron.port object s_rally_788d327a_OoGiWjrm (e466dd8a-92a1-486b-b50f-fd654d84f49a)
2019-07-16 09:45:58.534 22705 RALLYDEBUG rally_openstack.cleanup.manager [-] Deleting neutron.port object s_rally_788d327a_vBy4cWF9 (e52f65fa-af2b-425e-ae72-1e9b2e2b2166)
2019-07-16 09:45:58.556 22705 RALLYDEBUG rally_openstack.cleanup.manager [-] Deleting neutron.port object s_rally_788d327a_42Kext2G (e5c96676-f735-4be4-bd65-17b6162896a9)
2019-07-16 09:45:58.614 22705 RALLYDEBUG rally_openstack.cleanup.manager [-] Deleting neutron.port object s_rally_788d327a_Nrj2ytBU (e7029b3e-5982-4f8e-acc9-2b8b2e0bbc64)
2019-07-16 09:45:58.726 22705 RALLYDEBUG rally_openstack.cleanup.manager [-] Deleting neutron.port object s_rally_788d327a_Z9Eco7SI (e721260b-1a5d-45f3-b43e-40c68dee86c6)
2019-07-16 09:45:58.733 22705 RALLYDEBUG rally_openstack.cleanup.manager [-] Deleting neutron.port object s_rally_788d327a_v08J9pMb (e841c696-147a-4a9b-b155-cb56a976130f)
2019-07-16 09:45:59.442 22705 RALLYDEBUG rally_openstack.cleanup.manager [-] Deleting neutron.port object s_rally_788d327a_XIJR5C9A (e9b9e54f-7c2d-4705-bca5-0c5aa0cd4b94)
2019-07-16 09:45:59.458 22705 RALLYDEBUG rally_openstack.cleanup.manager [-] Deleting neutron.port object s_rally_788d327a_EBhdrlIf (e9e8137a-0476-45a8-9c61-298599a385e7)
2019-07-16 09:45:59.486 22705 RALLYDEBUG rally_openstack.cleanup.manager [-] Deleting neutron.port object s_rally_788d327a_Km3JMKTN (e9f9f93d-d92a-479c-950d-aa6ce41ff8e1)
2019-07-16 09:45:59.770 22705 RALLYDEBUG rally_openstack.cleanup.manager [-] Deleting neutron.port object s_rally_788d327a_12NRLEg2 (ea4a64ce-7164-431f-86da-7490464c5d82)
2019-07-16 09:46:00.126 22705 RALLYDEBUG rally_openstack.cleanup.manager [-] Deleting neutron.port object s_rally_788d327a_a9TICqhi (ead097fc-92f0-47c0-860b-4b3d93154aa5)
2019-07-16 09:46:00.151 22705 RALLYDEBUG rally_openstack.cleanup.manager [-] Deleting neutron.port object s_rally_788d327a_WY6b0gME (ec65cf40-90f4-465f-9588-b434e613fbe7)
2019-07-16 09:46:00.290 22705 RALLYDEBUG rally_openstack.cleanup.manager [-] Deleting neutron.port object s_rally_788d327a_cnfvulyS (ed66beaa-8d0f-45e5-b96b-6c100e035140)
2019-07-16 09:46:00.454 22705 RALLYDEBUG rally_openstack.cleanup.manager [-] Deleting neutron.port object s_rally_788d327a_C7usEUqi (edcf475c-0190-415d-9242-d2a0af997827)
2019-07-16 09:46:00.500 22705 RALLYDEBUG rally_openstack.cleanup.manager [-] Deleting neutron.port object s_rally_788d327a_GT2yenEa (ee291621-dafe-4ac1-8996-5e67fd49c8e2)
2019-07-16 09:46:00.818 22705 RALLYDEBUG rally_openstack.cleanup.manager [-] Deleting neutron.port object s_rally_788d327a_p1ahJhw4 (ee69da06-c19d-4581-a462-638a006bf702)
2019-07-16 09:46:00.879 22705 RALLYDEBUG rally_openstack.cleanup.manager [-] Deleting neutron.port object s_rally_788d327a_9479IYUh (ee701ce7-8492-4420-a091-ab6e12d6deab)
2019-07-16 09:46:01.318 22705 RALLYDEBUG rally_openstack.cleanup.manager [-] Deleting neutron.port object s_rally_788d327a_nKs5Xjxp (ee8cdbb7-684c-4bda-bd0d-36d3e68efdd7)
2019-07-16 09:46:02.085 22705 RALLYDEBUG rally_openstack.cleanup.manager [-] Deleting neutron.port object s_rally_788d327a_rAnRpMEv (ee8def5c-33b5-43ac-b25b-7668b72a34a8)
2019-07-16 09:46:02.256 22705 RALLYDEBUG rally_openstack.cleanup.manager [-] Deleting neutron.port object s_rally_788d327a_7AsXyrlT (eedad4f5-e013-430a-88fe-d86c10378edf)
2019-07-16 09:46:02.297 22705 RALLYDEBUG rally_openstack.cleanup.manager [-] Deleting neutron.port object s_rally_788d327a_cgCeR9sl (eedcf884-be4e-4a7d-9e2a-4adf2e543dad)
2019-07-16 09:46:02.623 22705 RALLYDEBUG rally_openstack.cleanup.manager [-] Deleting neutron.port object s_rally_788d327a_ZJ1QZ1Za (ef04a451-e03c-4eef-b9b0-4e26abdffd27)
2019-07-16 09:46:02.750 22705 RALLYDEBUG rally_openstack.cleanup.manager [-] Deleting neutron.port object s_rally_788d327a_eXOONjNP (ef0d9798-29c4-49f7-b5f2-46e90eb8b8ea)
2019-07-16 09:46:02.766 22705 RALLYDEBUG rally_openstack.cleanup.manager [-] Deleting neutron.port object s_rally_788d327a_OaBq5SQy (ef22304c-601f-4c3b-90c4-c54be866fed1)
2019-07-16 09:46:02.921 22705 RALLYDEBUG rally_openstack.cleanup.manager [-] Deleting neutron.port object s_rally_788d327a_ImOzUqXy (f48b369f-9e02-4e98-bd5e-4079584e97d8)
2019-07-16 09:46:02.925 22705 RALLYDEBUG rally_openstack.cleanup.manager [-] Deleting neutron.port object s_rally_788d327a_vW4RSLhy (ef231274-3a8e-4629-a259-cfc7160d1a07)
2019-07-16 09:46:02.925 22705 RALLYDEBUG rally_openstack.cleanup.manager [-] Deleting neutron.port object s_rally_788d327a_0atKMG0U (f36c9b93-9ae5-43ec-9fc8-9e2376448d4a)
2019-07-16 09:46:02.926 22705 RALLYDEBUG rally_openstack.cleanup.manager [-] Deleting neutron.port object s_rally_788d327a_CHtpYz4H (f1846a47-1ae5-41b9-973e-c2cfa03bf4c1)
2019-07-16 09:46:03.016 22705 RALLYDEBUG rally_openstack.cleanup.manager [-] Deleting neutron.port object s_rally_788d327a_yz25SuUv (f4c75ebd-8a2c-423e-b56d-e096d5cfcf23)
2019-07-16 09:46:03.017 22705 RALLYDEBUG rally_openstack.cleanup.manager [-] Deleting neutron.port object s_rally_788d327a_jhhOCOs5 (f496fba3-3d98-4996-9098-5a574b8dddff)
2019-07-16 09:46:03.031 22705 RALLYDEBUG rally_openstack.cleanup.manager [-] Deleting neutron.port object s_rally_788d327a_4bPuBORI (f5debdfa-69b9-4dcc-806e-90bc0dffc300)
2019-07-16 09:46:03.118 22705 RALLYDEBUG rally_openstack.cleanup.manager [-] Deleting neutron.port object s_rally_788d327a_AprGrz8Z (f5fb316b-b5fb-4bd5-9646-fd03193a4249)
2019-07-16 09:46:03.223 22705 RALLYDEBUG rally_openstack.cleanup.manager [-] Deleting neutron.port object s_rally_788d327a_x7rKZfRO (f632692e-70ed-4017-8f7a-f97cbf180ea9)
2019-07-16 09:46:03.223 22705 RALLYDEBUG rally_openstack.cleanup.manager [-] Deleting neutron.port object s_rally_788d327a_9wz9TZSC (f70c3f41-9a68-4cfc-abf3-7820ee7ca4b5)
2019-07-16 09:46:03.319 22705 RALLYDEBUG rally_openstack.cleanup.manager [-] Deleting neutron.port object s_rally_788d327a_HGqRJsQd (f746ed2f-36ed-44a4-8638-c7a0590ef3cf)
2019-07-16 09:46:03.515 22705 RALLYDEBUG rally_openstack.cleanup.manager [-] Deleting neutron.port object s_rally_788d327a_Uxnhox7s (f79f8b0b-8293-4755-9ac2-dd577ca990c9)
2019-07-16 09:46:03.819 22705 RALLYDEBUG rally_openstack.cleanup.manager [-] Deleting neutron.port object s_rally_788d327a_0zCoT2sP (f8844a47-7919-4a9d-9ad5-2b06158ff776)
2019-07-16 09:46:03.829 22705 RALLYDEBUG rally_openstack.cleanup.manager [-] Deleting neutron.port object s_rally_788d327a_kaEwRtd8 (f9343daf-4220-4ba8-8951-56c781065f32)
2019-07-16 09:46:04.541 22705 RALLYDEBUG rally_openstack.cleanup.manager [-] Deleting neutron.port object s_rally_788d327a_DpRVPhuo (f96afb98-b028-44a5-b6ef-8d35b8532269)
2019-07-16 09:46:04.601 22705 RALLYDEBUG rally_openstack.cleanup.manager [-] Deleting neutron.port object s_rally_788d327a_ORAQ5rGC (f9aadade-2b86-4548-9b0d-d09a1196789f)
2019-07-16 09:46:04.708 22705 RALLYDEBUG rally_openstack.cleanup.manager [-] Deleting neutron.port object s_rally_788d327a_2sxxuAyj (fa72788c-a94c-489e-83e9-7b0dc464f1fd)
2019-07-16 09:46:05.300 22705 RALLYDEBUG rally_openstack.cleanup.manager [-] Deleting neutron.port object s_rally_788d327a_LvGpZG80 (fa96c158-d742-4c4b-a633-9527e35fb07c)
2019-07-16 09:46:05.618 22705 RALLYDEBUG rally_openstack.cleanup.manager [-] Deleting neutron.port object s_rally_788d327a_jVxMtp0q (fb944f33-c483-4fd9-a275-f4a07d85a72a)
2019-07-16 09:46:05.996 22705 RALLYDEBUG rally_openstack.cleanup.manager [-] Deleting neutron.port object s_rally_788d327a_7WGng80A (fbfee659-640b-4bde-8b52-1af2867855c9)
2019-07-16 09:46:06.216 22705 RALLYDEBUG rally_openstack.cleanup.manager [-] Deleting neutron.port object s_rally_788d327a_FV5KakO1 (fc543702-c0d9-40f8-bca5-0260b6edc70e)
2019-07-16 09:46:06.277 22705 RALLYDEBUG rally_openstack.cleanup.manager [-] Deleting neutron.port object s_rally_788d327a_yS0O1iDX (fc54e27e-b106-49d2-bf1c-d46fb5cb6808)
2019-07-16 09:46:06.299 22705 RALLYDEBUG rally_openstack.cleanup.manager [-] Deleting neutron.port object s_rally_788d327a_r8MG5fJ2 (fc5d318b-0ae6-428e-844f-d6911449a5f1)
2019-07-16 09:46:06.375 22705 RALLYDEBUG rally_openstack.cleanup.manager [-] Deleting neutron.port object s_rally_788d327a_GokGKkV3 (ff7e2cf4-e1b3-4bf3-812c-726f4d091a74)
2019-07-16 09:46:08.514 22705 RALLYDEBUG rally_openstack.cleanup.manager [-] Cleaning up neutron subnet objects
2019-07-16 09:46:09.170 22705 RALLYDEBUG rally_openstack.cleanup.manager [-] Cleaning up neutron network objects
2019-07-16 09:46:10.122 22705 RALLYDEBUG rally_openstack.cleanup.manager [-] Deleting neutron.network object s_rally_788d327a_hWa3Xe7S (41f83045-1054-43f8-a2dc-48d381565a43)
2019-07-16 09:46:10.128 22705 RALLYDEBUG rally_openstack.cleanup.manager [-] Deleting neutron.network object s_rally_788d327a_GLfv7ptB (5c0bf396-e574-4950-bab6-aa8b85d548c6)
2019-07-16 09:46:10.141 22705 RALLYDEBUG rally_openstack.cleanup.manager [-] Deleting neutron.network object s_rally_788d327a_Hivvgqx4 (a8fb0a14-e9e6-4d77-9ae6-3016c88f0d06)
2019-07-16 09:46:10.142 22705 RALLYDEBUG rally_openstack.cleanup.manager [-] Deleting neutron.network object s_rally_788d327a_5osiCMwy (65ed24a0-f35f-4d11-a93a-f585c54b8371)
2019-07-16 09:46:10.156 22705 RALLYDEBUG rally_openstack.cleanup.manager [-] Deleting neutron.network object s_rally_788d327a_JaK4BbGp (b74f1488-3bb6-4a17-9fda-4d8b83aed241)
2019-07-16 09:46:10.161 22705 RALLYDEBUG rally_openstack.cleanup.manager [-] Deleting neutron.network object s_rally_788d327a_yl60H8eX (aadf82e6-3391-4ec3-b97b-aa2294342df2)
2019-07-16 09:46:10.163 22705 RALLYDEBUG rally_openstack.cleanup.manager [-] Deleting neutron.network object s_rally_788d327a_uDO4Inng (c1fdb961-d76e-44ef-b9de-ee53286a97b0)
2019-07-16 09:46:10.174 22705 RALLYDEBUG rally_openstack.cleanup.manager [-] Deleting neutron.network object s_rally_788d327a_gAvI4zGR (c3500019-4b90-4678-831a-475c2864b56b)
2019-07-16 09:46:14.142 22705 RALLYDEBUG rally_openstack.cleanup.manager [-] Cleaning up neutron router objects
2019-07-16 09:46:15.190 22705 RALLYDEBUG rally_openstack.cleanup.manager [-] Cleaning up neutron security_group objects
2019-07-16 09:46:15.841 22705 INFO rally.task.context [-] Task 59ccc421-8a02-42cd-8c01-08b384ef5931 | Context cleanup@openstack cleanup() finished in 1.30 min
2019-07-16 09:46:15.841 22705 INFO rally.task.context [-] Task 59ccc421-8a02-42cd-8c01-08b384ef5931 | Context quotas@openstack cleanup() started
2019-07-16 09:46:16.135 22705 INFO rally.task.context [-] Task 59ccc421-8a02-42cd-8c01-08b384ef5931 | Context quotas@openstack cleanup() finished in 0.29 sec
2019-07-16 09:46:16.135 22705 INFO rally.task.context [-] Task 59ccc421-8a02-42cd-8c01-08b384ef5931 | Context users@openstack cleanup() started
2019-07-16 09:46:20.441 22705 INFO rally.task.context [-] Task 59ccc421-8a02-42cd-8c01-08b384ef5931 | Context users@openstack cleanup() finished in 4.31 sec
2019-07-16 09:46:21.517 22705 INFO rally.task.engine [-] Load duration is: 99.246826
2019-07-16 09:46:21.518 22705 INFO rally.task.engine [-] Full runner duration is: 99.289656
2019-07-16 09:46:21.518 22705 INFO rally.task.engine [-] Full duration is: 187.6987
2019-07-16 09:46:21.751 22705 INFO rally.task.engine [-] Running workload: position = 1 config = { "version": 2, "title": "A cropped version of a bigger task.", "description": "Auto-generated task from a single workload (uuid=61b95b7c-6a64-4cf9-9544-4f8f7d1f52bf)", "subtasks": [ { "title": "NeutronNetworks.create_and_update_ports", "description": "Create and update a given number of ports.", "scenario": { "NeutronNetworks.create_and_update_ports": { "network_create_args": {}, "port_create_args": {}, "ports_per_network": 5, "port_update_args": { "admin_state_up": false, "device_id": "dummy_id", "device_owner": "dummy_owner", "name": "_port_updated" } } }, "contexts": { "users": { "tenants": 1, "users_per_tenant": 1 }, "quotas": { "neutron": { "network": -1, "port": -1 } } }, "runner": { "constant": { "times": 40, "concurrency": 20 } }, "hooks": [], "sla": { "failure_rate": { "max": 0 } } } ] }
2019-07-16 09:46:21.772 22705 RALLYDEBUG rally_openstack.contexts.keystone.users [-] Creating 1 tenants using 20 threads
2019-07-16 09:46:23.485 22705 RALLYDEBUG rally_openstack.contexts.keystone.users [-] Creating 1 users using 20 threads
2019-07-16 09:46:25.933 22705 INFO rally.task.context [-] Task 59ccc421-8a02-42cd-8c01-08b384ef5931 | Context users@openstack setup() finished in 4.16 sec
2019-07-16 09:46:26.660 22705 INFO rally.task.context [-] Task 59ccc421-8a02-42cd-8c01-08b384ef5931 | Context quotas@openstack setup() finished in 0.73 sec
2019-07-16 09:46:26.661 22705 INFO rally.task.context [-] Task 59ccc421-8a02-42cd-8c01-08b384ef5931 | Context cleanup@openstack setup() finished in 0.00 msec
2019-07-16 09:46:26.668 22705 RALLYDEBUG rally.task.runner [-] Starting the constant runner (task UUID: 59ccc421-8a02-42cd-8c01-08b384ef5931). timeout: 0 concurrency: 20 concurrency_per_worker: 1 times: 40 concurrency_overhead: 4 processes_to_start: 16 max_cpu_used: 16
2019-07-16 09:46:26.681 26581 RALLYDEBUG rally.task.runner [-] Starting a worker. concurrency: 2 args: {"network_create_args": {}, "port_create_args": {}, "ports_per_network": 5, "port_update_args": {"admin_state_up": false, "device_id": "dummy_id", "device_owner": "dummy_owner", "name": "_port_updated"}} times: 40 method_name: run timeout: 0 duration: None cls:
2019-07-16 09:46:26.682 26582 RALLYDEBUG rally.task.runner [-] Starting a worker. concurrency: 2 args: {"network_create_args": {}, "port_create_args": {}, "ports_per_network": 5, "port_update_args": {"admin_state_up": false, "device_id": "dummy_id", "device_owner": "dummy_owner", "name": "_port_updated"}} times: 40 method_name: run timeout: 0 duration: None cls:
2019-07-16 09:46:26.688 26583 RALLYDEBUG rally.task.runner [-] Starting a worker. concurrency: 2 args: {"network_create_args": {}, "port_create_args": {}, "ports_per_network": 5, "port_update_args": {"admin_state_up": false, "device_id": "dummy_id", "device_owner": "dummy_owner", "name": "_port_updated"}} times: 40 method_name: run timeout: 0 duration: None cls:
2019-07-16 09:46:26.688 26582 INFO rally.task.runner [-] Task 59ccc421-8a02-42cd-8c01-08b384ef5931 | ITER: 2 START
2019-07-16 09:46:26.689 26581 INFO rally.task.runner [-] Task 59ccc421-8a02-42cd-8c01-08b384ef5931 | ITER: 1 START
2019-07-16 09:46:26.689 26582 INFO rally.task.runner [-] Task 59ccc421-8a02-42cd-8c01-08b384ef5931 | ITER: 4 START
2019-07-16 09:46:26.690 26582 WARNING rally_openstack.scenarios.neutron.utils [-] Running this scenario without either the 'network' or 'existing_network' context is deprecated
2019-07-16 09:46:26.690 26582 WARNING rally_openstack.scenarios.neutron.utils [-] Running this scenario without either the 'network' or 'existing_network' context is deprecated
2019-07-16 09:46:26.691 26581 WARNING rally_openstack.scenarios.neutron.utils [-] Running this scenario without either the 'network' or 'existing_network' context is deprecated
2019-07-16 09:46:26.691 26584 RALLYDEBUG rally.task.runner [-] Starting a worker. concurrency: 2 args: {"network_create_args": {}, "port_create_args": {}, "ports_per_network": 5, "port_update_args": {"admin_state_up": false, "device_id": "dummy_id", "device_owner": "dummy_owner", "name": "_port_updated"}} times: 40 method_name: run timeout: 0 duration: None cls:
2019-07-16 09:46:26.692 26581 INFO rally.task.runner [-] Task 59ccc421-8a02-42cd-8c01-08b384ef5931 | ITER: 3 START
2019-07-16 09:46:26.696 26583 INFO rally.task.runner [-] Task 59ccc421-8a02-42cd-8c01-08b384ef5931 | ITER: 5 START
2019-07-16 09:46:26.696 26588 RALLYDEBUG rally.task.runner [-] Starting a worker. concurrency: 1 args: {"network_create_args": {}, "port_create_args": {}, "ports_per_network": 5, "port_update_args": {"admin_state_up": false, "device_id": "dummy_id", "device_owner": "dummy_owner", "name": "_port_updated"}} times: 40 method_name: run timeout: 0 duration: None cls:
2019-07-16 09:46:26.696 26592 RALLYDEBUG rally.task.runner [-] Starting a worker. concurrency: 1 args: {"network_create_args": {}, "port_create_args": {}, "ports_per_network": 5, "port_update_args": {"admin_state_up": false, "device_id": "dummy_id", "device_owner": "dummy_owner", "name": "_port_updated"}} times: 40 method_name: run timeout: 0 duration: None cls:
2019-07-16 09:46:26.698 26583 WARNING rally_openstack.scenarios.neutron.utils [-] Running this scenario without either the 'network' or 'existing_network' context is deprecated
2019-07-16 09:46:26.700 26581 WARNING rally_openstack.scenarios.neutron.utils [-] Running this scenario without either the 'network' or 'existing_network' context is deprecated
2019-07-16 09:46:26.702 26592 INFO rally.task.runner [-] Task 59ccc421-8a02-42cd-8c01-08b384ef5931 | ITER: 10 START
2019-07-16 09:46:26.703 26584 INFO rally.task.runner [-] Task 59ccc421-8a02-42cd-8c01-08b384ef5931 | ITER: 6 START
2019-07-16 09:46:26.703 26588 INFO rally.task.runner [-] Task 59ccc421-8a02-42cd-8c01-08b384ef5931 | ITER: 9 START
2019-07-16 09:46:26.703 26592 WARNING rally_openstack.scenarios.neutron.utils [-] Running this scenario without either the 'network' or 'existing_network' context is deprecated
2019-07-16 09:46:26.704 26588 WARNING rally_openstack.scenarios.neutron.utils [-] Running this scenario without either the 'network' or 'existing_network' context is deprecated
2019-07-16 09:46:26.704 26583 INFO rally.task.runner [-] Task 59ccc421-8a02-42cd-8c01-08b384ef5931 | ITER: 7 START
2019-07-16 09:46:26.704 26584 WARNING rally_openstack.scenarios.neutron.utils [-] Running this scenario without either the 'network' or 'existing_network' context is deprecated
2019-07-16 09:46:26.705 26583 WARNING rally_openstack.scenarios.neutron.utils [-] Running this scenario without either the 'network' or 'existing_network' context is deprecated
2019-07-16 09:46:26.706 26584 INFO rally.task.runner [-] Task 59ccc421-8a02-42cd-8c01-08b384ef5931 | ITER: 8 START
2019-07-16 09:46:26.708 26597 RALLYDEBUG rally.task.runner [-] Starting a worker. concurrency: 1 args: {"network_create_args": {}, "port_create_args": {}, "ports_per_network": 5, "port_update_args": {"admin_state_up": false, "device_id": "dummy_id", "device_owner": "dummy_owner", "name": "_port_updated"}} times: 40 method_name: run timeout: 0 duration: None cls:
2019-07-16 09:46:26.710 26604 RALLYDEBUG rally.task.runner [-] Starting a worker. concurrency: 1 args: {"network_create_args": {}, "port_create_args": {}, "ports_per_network": 5, "port_update_args": {"admin_state_up": false, "device_id": "dummy_id", "device_owner": "dummy_owner", "name": "_port_updated"}} times: 40 method_name: run timeout: 0 duration: None cls:
2019-07-16 09:46:26.707 26584 WARNING rally_openstack.scenarios.neutron.utils [-] Running this scenario without either the 'network' or 'existing_network' context is deprecated
2019-07-16 09:46:26.713 26597 INFO rally.task.runner [-] Task 59ccc421-8a02-42cd-8c01-08b384ef5931 | ITER: 11 START
2019-07-16 09:46:26.714 26605 RALLYDEBUG rally.task.runner [-] Starting a worker. concurrency: 1 args: {"network_create_args": {}, "port_create_args": {}, "ports_per_network": 5, "port_update_args": {"admin_state_up": false, "device_id": "dummy_id", "device_owner": "dummy_owner", "name": "_port_updated"}} times: 40 method_name: run timeout: 0 duration: None cls:
2019-07-16 09:46:26.715 26604 INFO rally.task.runner [-] Task 59ccc421-8a02-42cd-8c01-08b384ef5931 | ITER: 12 START
2019-07-16 09:46:26.715 26597 WARNING rally_openstack.scenarios.neutron.utils [-] Running this scenario without either the 'network' or 'existing_network' context is deprecated
2019-07-16 09:46:26.716 26604 WARNING rally_openstack.scenarios.neutron.utils [-] Running this scenario without either the 'network' or 'existing_network' context is deprecated
2019-07-16 09:46:26.719 26605 INFO rally.task.runner [-] Task 59ccc421-8a02-42cd-8c01-08b384ef5931 | ITER: 13 START
2019-07-16 09:46:26.719 26610 RALLYDEBUG rally.task.runner [-] Starting a worker. concurrency: 1 args: {"network_create_args": {}, "port_create_args": {}, "ports_per_network": 5, "port_update_args": {"admin_state_up": false, "device_id": "dummy_id", "device_owner": "dummy_owner", "name": "_port_updated"}} times: 40 method_name: run timeout: 0 duration: None cls:
2019-07-16 09:46:26.720 26605 WARNING rally_openstack.scenarios.neutron.utils [-] Running this scenario without either the 'network' or 'existing_network' context is deprecated
2019-07-16 09:46:26.726 26613 RALLYDEBUG rally.task.runner [-] Starting a worker. concurrency: 1 args: {"network_create_args": {}, "port_create_args": {}, "ports_per_network": 5, "port_update_args": {"admin_state_up": false, "device_id": "dummy_id", "device_owner": "dummy_owner", "name": "_port_updated"}} times: 40 method_name: run timeout: 0 duration: None cls:
2019-07-16 09:46:26.728 26610 INFO rally.task.runner [-] Task 59ccc421-8a02-42cd-8c01-08b384ef5931 | ITER: 14 START
2019-07-16 09:46:26.730 26613 INFO rally.task.runner [-] Task 59ccc421-8a02-42cd-8c01-08b384ef5931 | ITER: 15 START
2019-07-16 09:46:26.732 26613 WARNING rally_openstack.scenarios.neutron.utils [-] Running this scenario without either the 'network' or 'existing_network' context is deprecated
2019-07-16 09:46:26.734 26610 WARNING rally_openstack.scenarios.neutron.utils [-] Running this scenario without either the 'network' or 'existing_network' context is deprecated
2019-07-16 09:46:26.739 26619 RALLYDEBUG rally.task.runner [-] Starting a worker. concurrency: 1 args: {"network_create_args": {}, "port_create_args": {}, "ports_per_network": 5, "port_update_args": {"admin_state_up": false, "device_id": "dummy_id", "device_owner": "dummy_owner", "name": "_port_updated"}} times: 40 method_name: run timeout: 0 duration: None cls:
2019-07-16 09:46:26.739 26616 RALLYDEBUG rally.task.runner [-] Starting a worker. concurrency: 1 args: {"network_create_args": {}, "port_create_args": {}, "ports_per_network": 5, "port_update_args": {"admin_state_up": false, "device_id": "dummy_id", "device_owner": "dummy_owner", "name": "_port_updated"}} times: 40 method_name: run timeout: 0 duration: None cls:
2019-07-16 09:46:26.743 26619 INFO rally.task.runner [-] Task 59ccc421-8a02-42cd-8c01-08b384ef5931 | ITER: 16 START
2019-07-16 09:46:26.744 26619 WARNING rally_openstack.scenarios.neutron.utils [-] Running this scenario without either the 'network' or 'existing_network' context is deprecated
2019-07-16 09:46:26.744 26620 RALLYDEBUG rally.task.runner [-] Starting a worker. concurrency: 1 args: {"network_create_args": {}, "port_create_args": {}, "ports_per_network": 5, "port_update_args": {"admin_state_up": false, "device_id": "dummy_id", "device_owner": "dummy_owner", "name": "_port_updated"}} times: 40 method_name: run timeout: 0 duration: None cls:
2019-07-16 09:46:26.745 26616 INFO rally.task.runner [-] Task 59ccc421-8a02-42cd-8c01-08b384ef5931 | ITER: 17 START
2019-07-16 09:46:26.747 26616 WARNING rally_openstack.scenarios.neutron.utils [-] Running this scenario without either the 'network' or 'existing_network' context is deprecated
2019-07-16 09:46:26.748 26620 INFO rally.task.runner [-] Task 59ccc421-8a02-42cd-8c01-08b384ef5931 | ITER: 18 START
2019-07-16 09:46:26.749 26620 WARNING rally_openstack.scenarios.neutron.utils [-] Running this scenario without either the 'network' or 'existing_network' context is deprecated
2019-07-16 09:46:26.751 26625 RALLYDEBUG rally.task.runner [-] Starting a worker. concurrency: 1 args: {"network_create_args": {}, "port_create_args": {}, "ports_per_network": 5, "port_update_args": {"admin_state_up": false, "device_id": "dummy_id", "device_owner": "dummy_owner", "name": "_port_updated"}} times: 40 method_name: run timeout: 0 duration: None cls:
2019-07-16 09:46:26.754 26625 INFO rally.task.runner [-] Task 59ccc421-8a02-42cd-8c01-08b384ef5931 | ITER: 19 START
2019-07-16 09:46:26.754 26628 RALLYDEBUG rally.task.runner [-] Starting a worker. concurrency: 1 args: {"network_create_args": {}, "port_create_args": {}, "ports_per_network": 5, "port_update_args": {"admin_state_up": false, "device_id": "dummy_id", "device_owner": "dummy_owner", "name": "_port_updated"}} times: 40 method_name: run timeout: 0 duration: None cls:
2019-07-16 09:46:26.755 26625 WARNING rally_openstack.scenarios.neutron.utils [-] Running this scenario without either the 'network' or 'existing_network' context is deprecated
2019-07-16 09:46:26.757 26628 INFO rally.task.runner [-] Task 59ccc421-8a02-42cd-8c01-08b384ef5931 | ITER: 20 START
2019-07-16 09:46:26.758 26628 WARNING rally_openstack.scenarios.neutron.utils [-] Running this scenario without either the 'network' or 'existing_network' context is deprecated
2019-07-16 09:46:36.713 26581 INFO rally.task.runner [-] Task 59ccc421-8a02-42cd-8c01-08b384ef5931 | ITER: 3 END: OK
2019-07-16 09:46:36.718 26581 INFO rally.task.runner [-] Task 59ccc421-8a02-42cd-8c01-08b384ef5931 | ITER: 21 START
2019-07-16 09:46:36.719 26581 WARNING rally_openstack.scenarios.neutron.utils [-] Running this scenario without either the 'network' or 'existing_network' context is deprecated
2019-07-16 09:46:37.289 26584 INFO rally.task.runner [-] Task 59ccc421-8a02-42cd-8c01-08b384ef5931 | ITER: 6 END: OK
2019-07-16 09:46:37.293 26584 INFO rally.task.runner [-] Task 59ccc421-8a02-42cd-8c01-08b384ef5931 | ITER: 22 START
2019-07-16 09:46:37.293 26584 WARNING rally_openstack.scenarios.neutron.utils [-] Running this scenario without either the 'network' or 'existing_network' context is deprecated
2019-07-16 09:46:38.143 26620 INFO rally.task.runner [-] Task 59ccc421-8a02-42cd-8c01-08b384ef5931 | ITER: 18 END: OK
2019-07-16 09:46:38.146 26620 INFO rally.task.runner [-] Task 59ccc421-8a02-42cd-8c01-08b384ef5931 | ITER: 23 START
2019-07-16 09:46:38.147 26620 WARNING rally_openstack.scenarios.neutron.utils [-] Running this scenario without either the 'network' or 'existing_network' context is deprecated
2019-07-16 09:46:41.545 26581 INFO rally.task.runner [-] Task 59ccc421-8a02-42cd-8c01-08b384ef5931 | ITER: 1 END: OK
2019-07-16 09:46:41.549 26581 INFO rally.task.runner [-] Task 59ccc421-8a02-42cd-8c01-08b384ef5931 | ITER: 24 START
2019-07-16 09:46:41.550 26581 WARNING rally_openstack.scenarios.neutron.utils [-] Running this scenario without either the 'network' or 'existing_network' context is deprecated
2019-07-16 09:46:41.741 26610 INFO rally.task.runner [-] Task 59ccc421-8a02-42cd-8c01-08b384ef5931 | ITER: 14 END: OK
2019-07-16 09:46:41.747 26610 INFO rally.task.runner [-] Task 59ccc421-8a02-42cd-8c01-08b384ef5931 | ITER: 25 START
2019-07-16 09:46:41.747 26610 WARNING rally_openstack.scenarios.neutron.utils [-] Running this scenario without either the 'network' or 'existing_network' context is deprecated
2019-07-16 09:46:44.642 26597 INFO rally.task.runner [-] Task 59ccc421-8a02-42cd-8c01-08b384ef5931 | ITER: 11 END: OK
2019-07-16 09:46:44.646 26597 INFO rally.task.runner [-] Task 59ccc421-8a02-42cd-8c01-08b384ef5931 | ITER: 26 START
2019-07-16 09:46:44.647 26597 WARNING rally_openstack.scenarios.neutron.utils [-] Running this scenario without either the 'network' or 'existing_network' context is deprecated
2019-07-16 09:46:44.756 26604 INFO rally.task.runner [-] Task 59ccc421-8a02-42cd-8c01-08b384ef5931 | ITER: 12 END: OK
2019-07-16 09:46:44.761 26604 INFO rally.task.runner [-] Task 59ccc421-8a02-42cd-8c01-08b384ef5931 | ITER: 27 START
2019-07-16 09:46:44.762 26604 WARNING rally_openstack.scenarios.neutron.utils [-] Running this scenario without either the 'network' or 'existing_network' context is deprecated
2019-07-16 09:46:44.776 26582 INFO rally.task.runner [-] Task 59ccc421-8a02-42cd-8c01-08b384ef5931 | ITER: 4 END: OK
2019-07-16 09:46:44.781 26582 INFO rally.task.runner [-] Task 59ccc421-8a02-42cd-8c01-08b384ef5931 | ITER: 28 START
2019-07-16 09:46:44.781 26582 WARNING rally_openstack.scenarios.neutron.utils [-] Running this scenario without either the 'network' or 'existing_network' context is deprecated
2019-07-16 09:46:44.793 26584 INFO rally.task.runner [-] Task 59ccc421-8a02-42cd-8c01-08b384ef5931 | ITER: 8 END: OK
2019-07-16 09:46:44.796 26584 INFO rally.task.runner [-] Task 59ccc421-8a02-42cd-8c01-08b384ef5931 | ITER: 29 START
2019-07-16 09:46:44.797 26584 WARNING rally_openstack.scenarios.neutron.utils [-] Running this scenario without either the 'network' or 'existing_network' context is deprecated
2019-07-16 09:46:44.987 26605 INFO rally.task.runner [-] Task 59ccc421-8a02-42cd-8c01-08b384ef5931 | ITER: 13 END: OK
2019-07-16 09:46:44.991 26605 INFO rally.task.runner [-] Task 59ccc421-8a02-42cd-8c01-08b384ef5931 | ITER: 30 START
2019-07-16 09:46:44.991 26605 WARNING rally_openstack.scenarios.neutron.utils [-] Running this scenario without either the 'network' or 'existing_network' context is deprecated
2019-07-16 09:46:45.049 26583 INFO rally.task.runner [-] Task 59ccc421-8a02-42cd-8c01-08b384ef5931 | ITER: 5 END: OK
2019-07-16 09:46:45.053 26583 INFO rally.task.runner [-] Task 59ccc421-8a02-42cd-8c01-08b384ef5931 | ITER: 31 START
2019-07-16 09:46:45.053 26583 WARNING rally_openstack.scenarios.neutron.utils [-] Running this scenario without either the 'network' or 'existing_network' context is deprecated
2019-07-16 09:46:45.250 26628 INFO rally.task.runner [-] Task 59ccc421-8a02-42cd-8c01-08b384ef5931 | ITER: 20 END: OK
2019-07-16 09:46:45.254 26628 INFO rally.task.runner [-] Task 59ccc421-8a02-42cd-8c01-08b384ef5931 | ITER: 32 START
2019-07-16 09:46:45.255 26628 WARNING rally_openstack.scenarios.neutron.utils [-] Running this scenario without either the 'network' or 'existing_network' context is deprecated
2019-07-16 09:46:45.604 26625 INFO rally.task.runner [-] Task 59ccc421-8a02-42cd-8c01-08b384ef5931 | ITER: 19 END: OK
2019-07-16 09:46:45.609 26625 INFO rally.task.runner [-] Task 59ccc421-8a02-42cd-8c01-08b384ef5931 | ITER: 33 START
2019-07-16 09:46:45.609 26625 WARNING rally_openstack.scenarios.neutron.utils [-] Running this scenario without either the 'network' or 'existing_network' context is deprecated
2019-07-16 09:46:45.789 26581 INFO rally.task.runner [-] Task 59ccc421-8a02-42cd-8c01-08b384ef5931 | ITER: 21 END: OK
2019-07-16 09:46:45.793 26581 INFO rally.task.runner [-] Task 59ccc421-8a02-42cd-8c01-08b384ef5931 | ITER: 34 START
2019-07-16 09:46:45.793 26581 WARNING rally_openstack.scenarios.neutron.utils [-] Running this scenario without either the 'network' or 'existing_network' context is deprecated
2019-07-16 09:46:46.891 26584 INFO rally.task.runner [-] Task 59ccc421-8a02-42cd-8c01-08b384ef5931 | ITER: 22 END: OK
2019-07-16 09:46:46.895 26584 INFO rally.task.runner [-] Task 59ccc421-8a02-42cd-8c01-08b384ef5931 | ITER: 35 START
2019-07-16 09:46:46.896 26584 WARNING rally_openstack.scenarios.neutron.utils [-] Running this scenario without either the 'network' or 'existing_network' context is deprecated
2019-07-16 09:46:48.028 26620 INFO rally.task.runner [-] Task 59ccc421-8a02-42cd-8c01-08b384ef5931 | ITER: 23 END: OK
2019-07-16 09:46:48.032 26620 INFO rally.task.runner [-] Task 59ccc421-8a02-42cd-8c01-08b384ef5931 | ITER: 36 START
2019-07-16 09:46:48.032 26620 WARNING rally_openstack.scenarios.neutron.utils [-] Running this scenario without either the 'network' or 'existing_network' context is deprecated
2019-07-16 09:46:53.828 26616 INFO rally.task.runner [-] Task 59ccc421-8a02-42cd-8c01-08b384ef5931 | ITER: 17 END: OK
2019-07-16 09:46:53.832 26616 INFO rally.task.runner [-] Task 59ccc421-8a02-42cd-8c01-08b384ef5931 | ITER: 37 START
2019-07-16 09:46:53.833 26616 WARNING rally_openstack.scenarios.neutron.utils [-] Running this scenario without either the 'network' or 'existing_network' context is deprecated
2019-07-16 09:46:54.035 26613 INFO rally.task.runner [-] Task 59ccc421-8a02-42cd-8c01-08b384ef5931 | ITER: 15 END: OK
2019-07-16 09:46:54.039 26613 INFO rally.task.runner [-] Task 59ccc421-8a02-42cd-8c01-08b384ef5931 | ITER: 38 START
2019-07-16 09:46:54.040 26613 WARNING rally_openstack.scenarios.neutron.utils [-] Running this scenario without either the 'network' or 'existing_network' context is deprecated
2019-07-16 09:46:54.145 26619 INFO rally.task.runner [-] Task 59ccc421-8a02-42cd-8c01-08b384ef5931 | ITER: 16 END: OK
2019-07-16 09:46:54.149 26619 INFO rally.task.runner [-] Task 59ccc421-8a02-42cd-8c01-08b384ef5931 | ITER: 39 START
2019-07-16 09:46:54.150 26619 WARNING rally_openstack.scenarios.neutron.utils [-] Running this scenario without either the 'network' or 'existing_network' context is deprecated
2019-07-16 09:46:55.348 26581 INFO rally.task.runner [-] Task 59ccc421-8a02-42cd-8c01-08b384ef5931 | ITER: 34 END: OK
2019-07-16 09:46:55.353 26581 INFO rally.task.runner [-] Task 59ccc421-8a02-42cd-8c01-08b384ef5931 | ITER: 40 START
2019-07-16 09:46:55.353 26581 WARNING rally_openstack.scenarios.neutron.utils [-] Running this scenario without either the 'network' or 'existing_network' context is deprecated
2019-07-16 09:46:56.337 26584 INFO rally.task.runner [-] Task 59ccc421-8a02-42cd-8c01-08b384ef5931 | ITER: 35 END: OK
2019-07-16 09:46:56.651 26581 INFO rally.task.runner [-] Task 59ccc421-8a02-42cd-8c01-08b384ef5931 | ITER: 24 END: OK
2019-07-16 09:46:56.684 26610 INFO rally.task.runner [-] Task 59ccc421-8a02-42cd-8c01-08b384ef5931 | ITER: 25 END: OK
2019-07-16 09:46:57.663 26620 INFO rally.task.runner [-] Task 59ccc421-8a02-42cd-8c01-08b384ef5931 | ITER: 36 END: OK
2019-07-16 09:47:01.536 26592 INFO rally.task.runner [-] Task 59ccc421-8a02-42cd-8c01-08b384ef5931 | ITER: 10 END: OK
2019-07-16 09:47:01.552 26588 INFO rally.task.runner [-] Task 59ccc421-8a02-42cd-8c01-08b384ef5931 | ITER: 9 END: OK
2019-07-16 09:47:01.687 26584 INFO rally.task.runner [-] Task 59ccc421-8a02-42cd-8c01-08b384ef5931 | ITER: 29 END: OK
2019-07-16 09:47:02.089 26625 INFO rally.task.runner [-] Task 59ccc421-8a02-42cd-8c01-08b384ef5931 | ITER: 33 END: OK
2019-07-16 09:47:02.231 26582 INFO rally.task.runner [-] Task 59ccc421-8a02-42cd-8c01-08b384ef5931 | ITER: 2 END: OK
2019-07-16 09:47:02.280 26613 INFO rally.task.runner [-] Task 59ccc421-8a02-42cd-8c01-08b384ef5931 | ITER: 38 END: OK
2019-07-16 09:47:02.295 26583 INFO rally.task.runner [-] Task 59ccc421-8a02-42cd-8c01-08b384ef5931 | ITER: 7 END: OK
2019-07-16 09:47:03.438 26581 INFO rally.task.runner [-] Task 59ccc421-8a02-42cd-8c01-08b384ef5931 | ITER: 40 END: OK
2019-07-16 09:47:06.631 26597 INFO rally.task.runner [-] Task 59ccc421-8a02-42cd-8c01-08b384ef5931 | ITER: 26 END: OK
2019-07-16 09:47:06.947 26605 INFO rally.task.runner [-] Task 59ccc421-8a02-42cd-8c01-08b384ef5931 | ITER: 30 END: OK
2019-07-16 09:47:06.986 26582 INFO rally.task.runner [-] Task 59ccc421-8a02-42cd-8c01-08b384ef5931 | ITER: 28 END: OK
2019-07-16 09:47:07.057 26583 INFO rally.task.runner [-] Task 59ccc421-8a02-42cd-8c01-08b384ef5931 | ITER: 31 END: OK
2019-07-16 09:47:07.532 26604 INFO rally.task.runner [-] Task 59ccc421-8a02-42cd-8c01-08b384ef5931 | ITER: 27 END: OK
2019-07-16 09:47:07.536 26628 INFO rally.task.runner [-] Task 59ccc421-8a02-42cd-8c01-08b384ef5931 | ITER: 32 END: OK
2019-07-16 09:47:07.556 26616 INFO rally.task.runner [-] Task 59ccc421-8a02-42cd-8c01-08b384ef5931 | ITER: 37 END: OK
2019-07-16 09:47:07.678 26619 INFO rally.task.runner [-] Task 59ccc421-8a02-42cd-8c01-08b384ef5931 | ITER: 39 END: OK
2019-07-16 09:47:07.707 22705 INFO rally.task.context [-] Task 59ccc421-8a02-42cd-8c01-08b384ef5931 | Context cleanup@openstack cleanup() started
2019-07-16 09:47:07.709 22705 RALLYDEBUG rally_openstack.cleanup.manager [-] Cleaning up neutron vip objects
2019-07-16 09:47:08.426 22705 RALLYDEBUG rally_openstack.cleanup.manager [-] Cleaning up neutron health_monitor objects
2019-07-16 09:47:09.141 22705 RALLYDEBUG rally_openstack.cleanup.manager [-] Cleaning up neutron pool objects
2019-07-16 09:47:09.875 22705 RALLYDEBUG rally_openstack.cleanup.manager [-] Cleaning up neutron loadbalancer objects
2019-07-16 09:47:10.509 22705 RALLYDEBUG rally_openstack.cleanup.manager [-] Cleaning up neutron floatingip objects
2019-07-16 09:47:11.176 22705 RALLYDEBUG rally_openstack.cleanup.manager [-] Cleaning up neutron port objects
2019-07-16 09:47:12.706 22705 RALLYDEBUG rally_openstack.cleanup.manager [-] Deleting neutron.port object s_rally_61b95b7c_Q5qsA2Yz (00b09d9c-66b3-4f4c-99ff-9a654040cc84)
2019-07-16 09:47:12.707 22705 RALLYDEBUG rally_openstack.cleanup.manager [-] Deleting neutron.port object s_rally_61b95b7c_4eNuxr1k (00bec627-2840-42e3-99f4-6cef8c1852b4)
2019-07-16 09:47:12.715 22705 RALLYDEBUG rally_openstack.cleanup.manager [-] Deleting neutron.port object s_rally_61b95b7c_BvQkSY9P (02e3ec8f-58fd-43a7-8bcb-23066efd18f2)
2019-07-16 09:47:12.717 22705 RALLYDEBUG rally_openstack.cleanup.manager [-] Deleting neutron.port object s_rally_61b95b7c_BbBCUaIL (08f3c487-6e27-46c3-8f3a-9563c8ae6c8f)
2019-07-16 09:47:12.730 22705 RALLYDEBUG rally_openstack.cleanup.manager [-] Deleting neutron.port object s_rally_61b95b7c_DQ4miXaz (094aceb6-4eca-4347-98c6-e5dc555ac539)
2019-07-16 09:47:12.734 22705 RALLYDEBUG rally_openstack.cleanup.manager [-] Deleting neutron.port object s_rally_61b95b7c_kKR9jFgY (08eac22f-4efd-4790-b5cd-b8302940648e)
2019-07-16 09:47:12.735 22705 RALLYDEBUG rally_openstack.cleanup.manager [-] Deleting neutron.port object s_rally_61b95b7c_tqxkQbpC (09505f46-25de-4ca0-bc23-0886ba0d26c3)
2019-07-16 09:47:12.738 22705 RALLYDEBUG rally_openstack.cleanup.manager [-] Deleting neutron.port object s_rally_61b95b7c_paWbjroI (01211801-f302-47c3-8d8c-d6a72ed2568f)
2019-07-16 09:47:12.750 22705 RALLYDEBUG rally_openstack.cleanup.manager [-] Deleting neutron.port object s_rally_61b95b7c_8M3KFEFZ (0db8cecf-0f4a-46b2-86a7-f44cb4f3b373)
2019-07-16 09:47:12.754 22705 RALLYDEBUG rally_openstack.cleanup.manager [-] Deleting neutron.port object s_rally_61b95b7c_dL1U5qDs (040ea5df-6292-4c81-81b1-dd80d2c1dbfa)
2019-07-16 09:47:12.758 22705 RALLYDEBUG rally_openstack.cleanup.manager [-] Deleting neutron.port object s_rally_61b95b7c_McWh8pXy (07814726-6f27-4b7e-8330-8e4d466ac7b4)
2019-07-16 09:47:12.762 22705 RALLYDEBUG rally_openstack.cleanup.manager [-] Deleting neutron.port object s_rally_61b95b7c_H7UhMPZe (0e521cad-6a74-4940-8bbd-0228df9c0a55)
2019-07-16 09:47:12.797 22705 RALLYDEBUG rally_openstack.cleanup.manager [-] Deleting neutron.port object s_rally_61b95b7c_sdRT5xM6 (0e9d5483-9b6f-4063-9c7c-f391e706fbe0)
2019-07-16 09:47:12.813 22705 RALLYDEBUG rally_openstack.cleanup.manager [-] Deleting neutron.port object s_rally_61b95b7c_8TsY2t84 (0ea2748d-910b-4440-95ae-ea283a1995a8)
2019-07-16 09:47:12.814 22705 RALLYDEBUG rally_openstack.cleanup.manager [-] Deleting neutron.port object s_rally_61b95b7c_PY6JabXG (0eac37c9-c1d9-44c8-98c1-37cce30e5fdc)
2019-07-16 09:47:12.831 22705 RALLYDEBUG rally_openstack.cleanup.manager [-] Deleting neutron.port object s_rally_61b95b7c_WBpss0TB (0f7971f0-7423-481f-827e-4e9e788902c3)
2019-07-16 09:47:12.847 22705 RALLYDEBUG rally_openstack.cleanup.manager [-] Deleting neutron.port object s_rally_61b95b7c_lUZtfw8k (11288bfa-d1bd-41f2-8d26-4402a825ccc0)
2019-07-16 09:47:12.853 22705 RALLYDEBUG rally_openstack.cleanup.manager [-] Deleting neutron.port object s_rally_61b95b7c_vlb1lTJo (113ba723-2f75-4611-bec7-5452cb0d2440)
2019-07-16 09:47:12.880 22705 RALLYDEBUG rally_openstack.cleanup.manager [-] Deleting neutron.port object s_rally_61b95b7c_i1RSWoDi (114dec6c-21b2-4fe9-b87f-afb2f373ab17)
2019-07-16 09:47:12.884 22705 RALLYDEBUG rally_openstack.cleanup.manager [-] Deleting neutron.port object s_rally_61b95b7c_bhI5FCyx (131c745a-c3ae-44fa-b505-e3aba27bd7fa)
2019-07-16 09:47:15.304 22705 RALLYDEBUG rally_openstack.cleanup.manager [-] Deleting neutron.port object s_rally_61b95b7c_LSE4DDxw (131f7e2d-3adb-4a29-909e-77b7cb9b2dfc)
2019-07-16 09:47:15.552 22705 RALLYDEBUG rally_openstack.cleanup.manager [-] Deleting neutron.port object s_rally_61b95b7c_HF7xqdCQ (1458ee5d-e76c-4611-bb2f-b8e38992f1f5)
2019-07-16 09:47:15.616 22705 RALLYDEBUG rally_openstack.cleanup.manager [-] Deleting neutron.port object s_rally_61b95b7c_DjNa2bMF (1461b821-96c4-4b8c-bcb1-65bc688404c3)
2019-07-16 09:47:15.685 22705 RALLYDEBUG rally_openstack.cleanup.manager [-] Deleting neutron.port object s_rally_61b95b7c_TCt22tT6 (171bba72-0ec0-407b-92a2-0450f3f06463)
2019-07-16 09:47:15.845 22705 RALLYDEBUG rally_openstack.cleanup.manager [-] Deleting neutron.port object s_rally_61b95b7c_ThUOViTm (18614662-c832-47de-b2c4-1f24cfdce14b)
2019-07-16 09:47:15.896 22705 RALLYDEBUG rally_openstack.cleanup.manager [-] Deleting neutron.port object s_rally_61b95b7c_16dYigZ1 (19af96dc-5d6a-4d74-94c7-89d64ae6c447)
2019-07-16 09:47:16.327 22705 RALLYDEBUG rally_openstack.cleanup.manager [-] Deleting neutron.port object s_rally_61b95b7c_nyMN3NXB (1cfb2249-c8e5-4810-9eaf-566f5053d65e)
2019-07-16 09:47:16.557 22705 RALLYDEBUG rally_openstack.cleanup.manager [-] Deleting neutron.port object s_rally_61b95b7c_pGfyn6fP (1d0b7f48-5009-428a-8ab5-d38e92435799)
2019-07-16 09:47:16.904 22705 RALLYDEBUG rally_openstack.cleanup.manager [-] Deleting neutron.port object s_rally_61b95b7c_WBp8LlJ7 (21069cba-31e1-4991-8b8b-218da4c747d8)
2019-07-16 09:47:17.415 22705 RALLYDEBUG rally_openstack.cleanup.manager [-] Deleting neutron.port object s_rally_61b95b7c_CvrRfoMd (214e84d7-b849-4829-a258-e27aa31c041d)
2019-07-16 09:47:17.878 22705 RALLYDEBUG rally_openstack.cleanup.manager [-] Deleting neutron.port object s_rally_61b95b7c_t9NElWPb (227dddc4-06e0-4ebf-99d7-522180f9b159)
2019-07-16 09:47:17.967 22705 RALLYDEBUG rally_openstack.cleanup.manager [-] Deleting neutron.port object s_rally_61b95b7c_ihoJhXJj (229013b1-2b86-4075-8143-d7381af5da71)
2019-07-16 09:47:18.289 22705 RALLYDEBUG rally_openstack.cleanup.manager [-] Deleting neutron.port object s_rally_61b95b7c_wOlSzisM (230cc19d-c84b-4a42-bb5e-c182398e75c9)
2019-07-16 09:47:18.616 22705 RALLYDEBUG rally_openstack.cleanup.manager [-] Deleting neutron.port object s_rally_61b95b7c_h281FScI (23475588-05b6-4b6f-bfcc-d923bf2fbea6)
2019-07-16 09:47:18.760 22705 RALLYDEBUG rally_openstack.cleanup.manager [-] Deleting neutron.port object s_rally_61b95b7c_r8mSzIwl (24076fc2-31f8-4235-8ab0-5b1a408f1fda)
2019-07-16 09:47:19.090 22705 RALLYDEBUG rally_openstack.cleanup.manager [-] Deleting neutron.port object s_rally_61b95b7c_TXgCbqB4 (242dcbe8-63e7-4a70-bcd1-de44723a2ea3)
2019-07-16 09:47:19.119 22705 RALLYDEBUG rally_openstack.cleanup.manager [-] Deleting neutron.port object s_rally_61b95b7c_V9x5mCvd (26c72e56-7a28-46b7-b755-29056d21f3af)
2019-07-16 09:47:19.742 22705 RALLYDEBUG rally_openstack.cleanup.manager [-] Deleting neutron.port object s_rally_61b95b7c_hUMJdNBO (26d5be02-3a5f-41e8-868b-7c811bd05833)
2019-07-16 09:47:19.781 22705 RALLYDEBUG rally_openstack.cleanup.manager [-] Deleting neutron.port object s_rally_61b95b7c_IMCfjils (2819d8af-31f2-467e-b267-89f21f6da230)
2019-07-16 09:47:20.073 22705 RALLYDEBUG rally_openstack.cleanup.manager [-] Deleting neutron.port object s_rally_61b95b7c_aabqaAmQ (2852dd14-76b7-4436-9276-b8d85dacf4cc)
2019-07-16 09:47:20.148 22705 RALLYDEBUG rally_openstack.cleanup.manager [-] Deleting neutron.port object s_rally_61b95b7c_oiNgMeQE (29a07710-9e61-44e6-a2cd-f6050fc34cbf)
2019-07-16 09:47:20.225 22705 RALLYDEBUG rally_openstack.cleanup.manager [-] Deleting neutron.port object s_rally_61b95b7c_5KvhTRGa (2ab49efd-53c5-4caa-8d31-4aef48b16aa0)
2019-07-16 09:47:20.248 22705 RALLYDEBUG rally_openstack.cleanup.manager [-] Deleting neutron.port object s_rally_61b95b7c_NgSA7d8j (2cb5c001-16da-4242-95e2-424e036847bb)
2019-07-16 09:47:20.262 22705 RALLYDEBUG rally_openstack.cleanup.manager [-] Deleting neutron.port object s_rally_61b95b7c_2BUMJ1vJ (2cd3687f-4720-4893-9af0-b2ff4006b2d1)
2019-07-16 09:47:20.305 22705 RALLYDEBUG rally_openstack.cleanup.manager [-] Deleting neutron.port object s_rally_61b95b7c_KvIbBJps (2cf51438-79f2-48bb-a083-0b51daeeab84)
2019-07-16 09:47:20.499 22705 RALLYDEBUG rally_openstack.cleanup.manager [-] Deleting neutron.port object s_rally_61b95b7c_2nK2NoMm (2dca9176-73b2-40d6-bc6d-80c69424cfa7)
2019-07-16 09:47:20.573 22705 RALLYDEBUG rally_openstack.cleanup.manager [-] Deleting neutron.port object s_rally_61b95b7c_wey25eRj (2ecc4d72-74da-41af-8faf-500b60b6eaba)
2019-07-16 09:47:20.694 22705 RALLYDEBUG rally_openstack.cleanup.manager [-] Deleting neutron.port object s_rally_61b95b7c_0OlLNUDX (30bfd535-af9f-4299-a0aa-c432fdd48bb5)
2019-07-16 09:47:20.826 22705 RALLYDEBUG rally_openstack.cleanup.manager [-] Deleting neutron.port object s_rally_61b95b7c_a7cUSZO6 (354f7f9e-8de0-4ed5-98c4-774aa33f4258)
2019-07-16 09:47:20.875 22705 RALLYDEBUG rally_openstack.cleanup.manager [-] Deleting neutron.port object s_rally_61b95b7c_0pkDf6tZ (361d5067-7b75-44d1-81a0-36256aabb683)
2019-07-16 09:47:21.074 22705 RALLYDEBUG rally_openstack.cleanup.manager [-] Deleting neutron.port object s_rally_61b95b7c_zOQMKGiu (3739b424-a45a-4907-a8eb-c070df0228b5)
2019-07-16 09:47:21.111 22705 RALLYDEBUG rally_openstack.cleanup.manager [-] Deleting neutron.port object s_rally_61b95b7c_HFPErhY9 (3a1c539a-aedf-4fd3-8d46-a878806cc1da)
2019-07-16 09:47:21.111 22705 RALLYDEBUG rally_openstack.cleanup.manager [-] Deleting neutron.port object s_rally_61b95b7c_SEOIAInZ (3910423c-ee38-4ee1-9546-12a73ec6ee76)
2019-07-16 09:47:21.363 22705 RALLYDEBUG rally_openstack.cleanup.manager [-] Deleting neutron.port object s_rally_61b95b7c_nZ6JSMO1 (3bcb16a2-9e68-4632-ade3-883dc858d88e)
2019-07-16 09:47:21.614 22705 RALLYDEBUG rally_openstack.cleanup.manager [-] Deleting neutron.port object s_rally_61b95b7c_cmXwyz6O (3d5b9f58-6eef-4889-b78f-6b4917d02809)
2019-07-16 09:47:21.673 22705 RALLYDEBUG rally_openstack.cleanup.manager [-] Deleting neutron.port object s_rally_61b95b7c_yd6BlUDS (3daf23b2-3e58-499d-a6e8-f4f4c03e60c1)
2019-07-16 09:47:21.703 22705 RALLYDEBUG rally_openstack.cleanup.manager [-] Deleting neutron.port object s_rally_61b95b7c_ArkiXpfu (42d9b5d4-e72b-4dfb-98be-3f8629956809)
2019-07-16 09:47:22.469 22705 RALLYDEBUG rally_openstack.cleanup.manager [-] Deleting neutron.port object s_rally_61b95b7c_5PweLEqD (437329f1-4340-4b1f-bd8c-393f4631bca0)
2019-07-16 09:47:22.857 22705 RALLYDEBUG rally_openstack.cleanup.manager [-] Deleting neutron.port object s_rally_61b95b7c_ynt7sXVP (444adb55-0df2-4465-989f-2219f845cdb4)
2019-07-16 09:47:22.858 22705 RALLYDEBUG rally_openstack.cleanup.manager [-] Deleting neutron.port object s_rally_61b95b7c_dRVuBGfJ (43d016d1-2402-4d9f-9136-0f77ff20cd12)
2019-07-16 09:47:22.899 22705 RALLYDEBUG rally_openstack.cleanup.manager [-] Deleting neutron.port object s_rally_61b95b7c_OTLRDl9I (44bd7ba7-9e58-492a-830f-903605184521)
2019-07-16 09:47:23.368 22705 RALLYDEBUG rally_openstack.cleanup.manager [-] Deleting neutron.port object s_rally_61b95b7c_rUpQZIL3 (462176bd-63b9-4d73-804b-794eb42c14f1)
2019-07-16 09:47:23.407 22705 RALLYDEBUG rally_openstack.cleanup.manager [-] Deleting neutron.port object s_rally_61b95b7c_7xhPueBO (479d00c8-ddec-4a21-bfe7-b1a5f8f9f2ca)
2019-07-16 09:47:23.504 22705 RALLYDEBUG rally_openstack.cleanup.manager [-] Deleting neutron.port object s_rally_61b95b7c_ohxZ9Mb0 (4821ecfb-8c67-4cb1-a1b5-e02f97c5e2fc)
2019-07-16 09:47:23.715 22705 RALLYDEBUG rally_openstack.cleanup.manager [-] Deleting neutron.port object s_rally_61b95b7c_4O6IpATT (49746d4c-0280-4618-8b46-d1322b38c7fb)
2019-07-16 09:47:23.964 22705 RALLYDEBUG rally_openstack.cleanup.manager [-] Deleting neutron.port object s_rally_61b95b7c_PsaCGAVL (4b121d64-cc1e-4ba1-be8a-8d3f0807baa0)
2019-07-16 09:47:23.975 22705 RALLYDEBUG rally_openstack.cleanup.manager [-] Deleting neutron.port object s_rally_61b95b7c_y5AljELd (4e077888-1d88-4cac-a7dc-7d14c99d4f90)
2019-07-16 09:47:23.986 22705 RALLYDEBUG rally_openstack.cleanup.manager [-] Deleting neutron.port object s_rally_61b95b7c_oaERt2JM (4e708e78-8feb-42dd-892f-b3539c50502c)
2019-07-16 09:47:24.024 22705 RALLYDEBUG rally_openstack.cleanup.manager [-] Deleting neutron.port object s_rally_61b95b7c_zlUtl22g (4ee6a989-e6b4-43d0-b591-bedb8bdafc50)
