2019-07-16 09:48:40.072 26982 WARNING rally_openstack.scenarios.neutron.utils [-] Running this scenario without either the 'network' or 'existing_network' context is deprecated
2019-07-16 09:48:40.690 26992 INFO rally.task.runner [-] Task 59ccc421-8a02-42cd-8c01-08b384ef5931 | ITER: 22 END: OK
2019-07-16 09:48:40.693 26992 INFO rally.task.runner [-] Task 59ccc421-8a02-42cd-8c01-08b384ef5931 | ITER: 40 START
2019-07-16 09:48:40.693 26992 WARNING rally_openstack.scenarios.neutron.utils [-] Running this scenario without either the 'network' or 'existing_network' context is deprecated
2019-07-16 09:48:44.466 26966 INFO rally.task.runner [-] Task 59ccc421-8a02-42cd-8c01-08b384ef5931 | ITER: 31 END: OK
2019-07-16 09:48:44.832 26985 INFO rally.task.runner [-] Task 59ccc421-8a02-42cd-8c01-08b384ef5931 | ITER: 30 END: OK
2019-07-16 09:48:48.862 26952 INFO rally.task.runner [-] Task 59ccc421-8a02-42cd-8c01-08b384ef5931 | ITER: 27 END: OK
2019-07-16 09:48:48.958 26955 INFO rally.task.runner [-] Task 59ccc421-8a02-42cd-8c01-08b384ef5931 | ITER: 25 END: OK
2019-07-16 09:48:48.986 26953 INFO rally.task.runner [-] Task 59ccc421-8a02-42cd-8c01-08b384ef5931 | ITER: 26 END: OK
2019-07-16 09:48:49.572 26953 INFO rally.task.runner [-] Task 59ccc421-8a02-42cd-8c01-08b384ef5931 | ITER: 37 END: OK
2019-07-16 09:48:49.695 26981 INFO rally.task.runner [-] Task 59ccc421-8a02-42cd-8c01-08b384ef5931 | ITER: 29 END: OK
2019-07-16 09:48:50.263 26982 INFO rally.task.runner [-] Task 59ccc421-8a02-42cd-8c01-08b384ef5931 | ITER: 39 END: OK
2019-07-16 09:48:50.395 26968 INFO rally.task.runner [-] Task 59ccc421-8a02-42cd-8c01-08b384ef5931 | ITER: 38 END: OK
2019-07-16 09:48:50.725 26951 INFO rally.task.runner [-] Task 59ccc421-8a02-42cd-8c01-08b384ef5931 | ITER: 34 END: OK
2019-07-16 09:48:50.792 26992 INFO rally.task.runner [-] Task 59ccc421-8a02-42cd-8c01-08b384ef5931 | ITER: 40 END: OK
2019-07-16 09:48:50.999 26961 INFO rally.task.runner [-] Task 59ccc421-8a02-42cd-8c01-08b384ef5931 | ITER: 33 END: OK
2019-07-16 09:48:51.039 26975 INFO rally.task.runner [-] Task 59ccc421-8a02-42cd-8c01-08b384ef5931 | ITER: 32 END: OK
2019-07-16 09:48:54.369 26952 INFO rally.task.runner [-] Task 59ccc421-8a02-42cd-8c01-08b384ef5931 | ITER: 5 END: OK
2019-07-16 09:48:55.234 26951 INFO rally.task.runner [-] Task 59ccc421-8a02-42cd-8c01-08b384ef5931 | ITER: 3 END: OK
2019-07-16 09:48:55.241 26979 INFO rally.task.runner [-] Task 59ccc421-8a02-42cd-8c01-08b384ef5931 | ITER: 17 END: OK
2019-07-16 09:48:55.492 26971 INFO rally.task.runner [-] Task 59ccc421-8a02-42cd-8c01-08b384ef5931 | ITER: 36 END: OK
2019-07-16 09:48:55.516 26954 INFO rally.task.runner [-] Task 59ccc421-8a02-42cd-8c01-08b384ef5931 | ITER: 35 END: OK
2019-07-16 09:48:55.710 26954 INFO rally.task.runner [-] Task 59ccc421-8a02-42cd-8c01-08b384ef5931 | ITER: 7 END: OK
2019-07-16 09:48:55.768 26959 INFO rally.task.runner [-] Task 59ccc421-8a02-42cd-8c01-08b384ef5931 | ITER: 9 END: OK
2019-07-16 09:48:55.794 22705 INFO rally.task.context [-] Task 59ccc421-8a02-42cd-8c01-08b384ef5931 | Context cleanup@openstack cleanup() started
2019-07-16 09:48:55.800 22705 RALLYDEBUG rally_openstack.cleanup.manager [-] Cleaning up neutron vip objects
2019-07-16 09:48:56.847 22705 RALLYDEBUG rally_openstack.cleanup.manager [-] Cleaning up neutron health_monitor objects
2019-07-16 09:48:57.474 22705 RALLYDEBUG rally_openstack.cleanup.manager [-] Cleaning up neutron pool objects
2019-07-16 09:48:58.187 22705 RALLYDEBUG rally_openstack.cleanup.manager [-] Cleaning up neutron loadbalancer objects
2019-07-16 09:48:58.809 22705 RALLYDEBUG rally_openstack.cleanup.manager [-] Cleaning up neutron floatingip objects
2019-07-16 09:48:59.480 22705 RALLYDEBUG rally_openstack.cleanup.manager [-] Cleaning up neutron port objects
2019-07-16 09:49:00.171 22705 RALLYDEBUG rally_openstack.cleanup.manager [-] Cleaning up neutron subnet objects
2019-07-16 09:49:01.012 22705 RALLYDEBUG rally_openstack.cleanup.manager [-] Cleaning up neutron network objects
2019-07-16 09:49:01.840 22705 RALLYDEBUG rally_openstack.cleanup.manager [-] Deleting neutron.network object s_rally_9a80107e_HhbVlNqq (0fdf1764-0249-4968-a1a5-c70e40df0e26)
2019-07-16 09:49:01.842 22705 RALLYDEBUG rally_openstack.cleanup.manager [-] Deleting neutron.network object s_rally_9a80107e_tyCCeyXS (2f619b29-3cb2-41a1-a537-1181e4b93cb1)
2019-07-16 09:49:01.844 22705 RALLYDEBUG rally_openstack.cleanup.manager [-] Deleting neutron.network object s_rally_9a80107e_GseKc3S8 (44618b7c-f411-407a-993d-d67f4abaea73)
2019-07-16 09:49:01.845 22705 RALLYDEBUG rally_openstack.cleanup.manager [-] Deleting neutron.network object s_rally_9a80107e_VAXZwbvW (01f4fed6-0510-4d4e-88f8-de8917588b22)
2019-07-16 09:49:01.848 22705 RALLYDEBUG rally_openstack.cleanup.manager [-] Deleting neutron.network object s_rally_9a80107e_lYAEWJEi (2d9a98cc-58a9-4ec5-8bc3-bcfad5f2db77)
2019-07-16 09:49:01.851 22705 RALLYDEBUG rally_openstack.cleanup.manager [-] Deleting neutron.network object s_rally_9a80107e_rkaxXOlA (2ad8dec3-869c-4df7-af83-42261dfda82c)
2019-07-16 09:49:01.851 22705 RALLYDEBUG rally_openstack.cleanup.manager [-] Deleting neutron.network object s_rally_9a80107e_rF88y4WH (46df9fcb-f998-4561-ae65-62138edd21b6)
2019-07-16 09:49:01.856 22705 RALLYDEBUG rally_openstack.cleanup.manager [-] Deleting neutron.network object s_rally_9a80107e_srQm6pqG (55bf571a-a997-4438-97c2-993c0456556b)
2019-07-16 09:49:01.861 22705 RALLYDEBUG rally_openstack.cleanup.manager [-] Deleting neutron.network object s_rally_9a80107e_qnoJ8wnN (60180829-71ee-439e-99c3-43488381e316)
2019-07-16 09:49:01.865 22705 RALLYDEBUG rally_openstack.cleanup.manager [-] Deleting neutron.network object s_rally_9a80107e_4F9Ve6iL (2369d424-e803-4a31-8238-6abe1fadec52)
2019-07-16 09:49:01.868 22705 RALLYDEBUG rally_openstack.cleanup.manager [-] Deleting neutron.network object s_rally_9a80107e_vw8p4xJz (325fdb4f-f75b-44e4-afeb-15cd1dcd89d2)
2019-07-16 09:49:01.872 22705 RALLYDEBUG rally_openstack.cleanup.manager [-] Deleting neutron.network object s_rally_9a80107e_lXXnnfAC (68644b59-7434-4e11-8f93-727d70a0bb07)
2019-07-16 09:49:01.881 22705 RALLYDEBUG rally_openstack.cleanup.manager [-] Deleting neutron.network object s_rally_9a80107e_w4uODB3a (74b808d2-9cb6-461f-a7d4-c159f1b985fb)
2019-07-16 09:49:01.881 22705 RALLYDEBUG rally_openstack.cleanup.manager [-] Deleting neutron.network object s_rally_9a80107e_L0pWS5mo (346319a2-dc02-44c4-8a5c-f877d10c77b9)
2019-07-16 09:49:01.883 22705 RALLYDEBUG rally_openstack.cleanup.manager [-] Deleting neutron.network object s_rally_9a80107e_2RBDMKWT (318f099e-533b-4ba5-8f04-2d580f28bf37)
2019-07-16 09:49:01.902 22705 RALLYDEBUG rally_openstack.cleanup.manager [-] Deleting neutron.network object s_rally_9a80107e_GuKaGwoI (79211172-ad8c-4a6a-8010-9777a970c87e)
2019-07-16 09:49:01.906 22705 RALLYDEBUG rally_openstack.cleanup.manager [-] Deleting neutron.network object s_rally_9a80107e_msv1cvPh (7b3586d6-bd1d-4dbe-8efe-021517ce469c)
2019-07-16 09:49:01.913 22705 RALLYDEBUG rally_openstack.cleanup.manager [-] Deleting neutron.network object s_rally_9a80107e_1xAOSRXs (75a0d1e8-2cef-49f3-a225-efc4b6ddd2af)
2019-07-16 09:49:01.916 22705 RALLYDEBUG rally_openstack.cleanup.manager [-] Deleting neutron.network object s_rally_9a80107e_NIax0ehm (7ea0a241-b0df-4123-afac-0bb6857299c0)
2019-07-16 09:49:01.920 22705 RALLYDEBUG rally_openstack.cleanup.manager [-] Deleting neutron.network object s_rally_9a80107e_P9jZMlZv (82f615b3-9fb6-4a5b-a254-c410eb96eda7)
2019-07-16 09:49:04.660 22705 RALLYDEBUG rally_openstack.cleanup.manager [-] Deleting neutron.network object s_rally_9a80107e_oV1XO7uA (84964da4-325b-49e0-bd61-899b739c763b)
2019-07-16 09:49:04.847 22705 RALLYDEBUG rally_openstack.cleanup.manager [-] Deleting neutron.network object s_rally_9a80107e_NlkkjFck (a45f6b04-bdc0-4e70-b917-4075a0864857)
2019-07-16 09:49:05.095 22705 RALLYDEBUG rally_openstack.cleanup.manager [-] Deleting neutron.network object s_rally_9a80107e_lDXbhfbA (a82e3b13-3ea7-4d33-b008-cd53fa27742b)
2019-07-16 09:49:05.783 22705 RALLYDEBUG rally_openstack.cleanup.manager [-] Deleting neutron.network object s_rally_9a80107e_oELXphJE (b2a57168-d2e0-4e64-b1f5-27fe87cec6c1)
2019-07-16 09:49:07.909 22705 RALLYDEBUG rally_openstack.cleanup.manager [-] Deleting neutron.network object s_rally_9a80107e_IfWa3wTh (b5eb53be-ac50-4721-91d5-f9decec5ee4d)
2019-07-16 09:49:08.524 22705 RALLYDEBUG rally_openstack.cleanup.manager [-] Deleting neutron.network object s_rally_9a80107e_PzuK370B (b97b9c73-9e3e-4c18-8558-5064f1df35ad)
2019-07-16 09:49:08.552 22705 RALLYDEBUG rally_openstack.cleanup.manager [-] Deleting neutron.network object s_rally_9a80107e_kaE2NKod (b9d2c7ad-15c5-481a-90f5-6088df74d511)
2019-07-16 09:49:08.626 22705 RALLYDEBUG rally_openstack.cleanup.manager [-] Deleting neutron.network object s_rally_9a80107e_x6JoJPNg (ba233e53-7774-42c6-95a7-419345df07b1)
2019-07-16 09:49:08.649 22705 RALLYDEBUG rally_openstack.cleanup.manager [-] Deleting neutron.network object s_rally_9a80107e_eOZI1CPf (be8f9d52-577f-49bc-8fd4-75a6b128c93b)
2019-07-16 09:49:08.731 22705 RALLYDEBUG rally_openstack.cleanup.manager [-] Deleting neutron.network object s_rally_9a80107e_N8dTHDJg (bf143e26-3a3e-4879-864e-676bcccb3b55)
2019-07-16 09:49:08.878 22705 RALLYDEBUG rally_openstack.cleanup.manager [-] Deleting neutron.network object s_rally_9a80107e_u7efuch7 (c00afa6d-24e1-40b4-b424-b4d6a89b7bc6)
2019-07-16 09:49:09.162 22705 RALLYDEBUG rally_openstack.cleanup.manager [-] Deleting neutron.network object s_rally_9a80107e_ilM2KUFq (cb5e111a-5483-48ef-b410-701ff2bc3473)
2019-07-16 09:49:09.254 22705 RALLYDEBUG rally_openstack.cleanup.manager [-] Deleting neutron.network object s_rally_9a80107e_ogH4plqY (cff7b407-9fb3-4233-8049-e68e8b1ca864)
2019-07-16 09:49:09.276 22705 RALLYDEBUG rally_openstack.cleanup.manager [-] Deleting neutron.network object s_rally_9a80107e_0ydm8bWC (dc19e6e7-aa58-4723-9f4a-0d59dd5715d7)
2019-07-16 09:49:09.683 22705 RALLYDEBUG rally_openstack.cleanup.manager [-] Deleting neutron.network object s_rally_9a80107e_c1NMW1sH (e130f1c8-a369-4644-9e0c-9db018fd4296)
2019-07-16 09:49:09.689 22705 RALLYDEBUG rally_openstack.cleanup.manager [-] Deleting neutron.network object s_rally_9a80107e_SDh9O9hQ (e49ea41e-2869-433a-9df6-a9be537cc135)
2019-07-16 09:49:09.691 22705 RALLYDEBUG rally_openstack.cleanup.manager [-] Deleting neutron.network object s_rally_9a80107e_8Z5SUIiD (e5067cd6-6f5f-423d-984c-927798fba4fd)
2019-07-16 09:49:09.725 22705 RALLYDEBUG rally_openstack.cleanup.manager [-] Deleting neutron.network object s_rally_9a80107e_dRhUfGPx (e8826f64-4a88-4d34-b532-a1ca3c744761)
2019-07-16 09:49:10.064 22705 RALLYDEBUG rally_openstack.cleanup.manager [-] Deleting neutron.network object s_rally_9a80107e_NK6iCVWU (fedb60f3-15c3-4eea-b36d-b64915b4eff9)
2019-07-16 09:49:10.064 22705 RALLYDEBUG rally_openstack.cleanup.manager [-] Deleting neutron.network object s_rally_9a80107e_KAgevO0O (eea65d63-8671-4a8c-a86b-8f58e038a03e)
2019-07-16 09:49:13.435 22705 RALLYDEBUG rally_openstack.cleanup.manager [-] Cleaning up neutron router objects
2019-07-16 09:49:14.106 22705 RALLYDEBUG rally_openstack.cleanup.manager [-] Cleaning up neutron security_group objects
2019-07-16 09:49:14.776 22705 INFO rally.task.context [-] Task 59ccc421-8a02-42cd-8c01-08b384ef5931 | Context cleanup@openstack cleanup() finished in 18.98 sec
2019-07-16 09:49:14.777 22705 INFO rally.task.context [-] Task 59ccc421-8a02-42cd-8c01-08b384ef5931 | Context quotas@openstack cleanup() started
2019-07-16 09:49:15.005 22705 INFO rally.task.context [-] Task 59ccc421-8a02-42cd-8c01-08b384ef5931 | Context quotas@openstack cleanup() finished in 0.23 sec
2019-07-16 09:49:15.006 22705 INFO rally.task.context [-] Task 59ccc421-8a02-42cd-8c01-08b384ef5931 | Context users@openstack cleanup() started
2019-07-16 09:49:19.429 22705 INFO rally.task.context [-] Task 59ccc421-8a02-42cd-8c01-08b384ef5931 | Context users@openstack cleanup() finished in 4.42 sec
2019-07-16 09:49:20.810 22705 INFO rally.task.engine [-] Load duration is: 44.395908
2019-07-16 09:49:20.811 22705 INFO rally.task.engine [-] Full runner duration is: 44.446552
2019-07-16 09:49:20.811 22705 INFO rally.task.engine [-] Full duration is: 73.029381
2019-07-16 09:49:21.098 22705 INFO rally.task.engine [-] Running workload: position = 0 config = { "version": 2, "title": "A cropped version of a bigger task.", "description": "Auto-generated task from a single workload (uuid=b12ce10f-e9f2-4105-ab92-9d35cb02532d)", "subtasks": [ { "title": "Quotas.neutron_update", "description": "Update quotas for neutron.", "scenario": { "Quotas.neutron_update": { "max_quota": 1024 } }, "contexts": { "users": { "tenants": 20, "users_per_tenant": 1 } }, "runner": { "constant": { "times": 40, "concurrency": 20 } }, "hooks": [], "sla": { "failure_rate": { "max": 0 } } } ] }
2019-07-16 09:49:21.118 22705 RALLYDEBUG rally_openstack.contexts.keystone.users [-] Creating 20 tenants using 20 threads
2019-07-16 09:49:25.076 22705 RALLYDEBUG rally_openstack.contexts.keystone.users [-] Creating 20 users using 20 threads
2019-07-16 09:49:30.450 22705 INFO rally.task.context [-] Task 59ccc421-8a02-42cd-8c01-08b384ef5931 | Context users@openstack setup() finished in 9.33 sec
2019-07-16 09:49:30.451 22705 INFO rally.task.context [-] Task 59ccc421-8a02-42cd-8c01-08b384ef5931 | Context admin_cleanup@openstack setup() finished in 0.01 msec
2019-07-16 09:49:30.458 22705 RALLYDEBUG rally.task.runner [-] Starting the constant runner (task UUID: 59ccc421-8a02-42cd-8c01-08b384ef5931). timeout: 0 concurrency: 20 concurrency_per_worker: 1 times: 40 concurrency_overhead: 4 processes_to_start: 16 max_cpu_used: 16
2019-07-16 09:49:30.469 27321 RALLYDEBUG rally.task.runner [-] Starting a worker. concurrency: 2 args: {"max_quota": 1024} times: 40 method_name: run timeout: 0 duration: None cls:
2019-07-16 09:49:30.471 27322 RALLYDEBUG rally.task.runner [-] Starting a worker. concurrency: 2 args: {"max_quota": 1024} times: 40 method_name: run timeout: 0 duration: None cls:
2019-07-16 09:49:30.475 27323 RALLYDEBUG rally.task.runner [-] Starting a worker. concurrency: 2 args: {"max_quota": 1024} times: 40 method_name: run timeout: 0 duration: None cls:
2019-07-16 09:49:30.478 27324 RALLYDEBUG rally.task.runner [-] Starting a worker. concurrency: 2 args: {"max_quota": 1024} times: 40 method_name: run timeout: 0 duration: None cls:
2019-07-16 09:49:30.479 27325 RALLYDEBUG rally.task.runner [-] Starting a worker. concurrency: 1 args: {"max_quota": 1024} times: 40 method_name: run timeout: 0 duration: None cls:
2019-07-16 09:49:30.485 27321 INFO rally.task.runner [-] Task 59ccc421-8a02-42cd-8c01-08b384ef5931 | ITER: 1 START
2019-07-16 09:49:30.485 27327 RALLYDEBUG rally.task.runner [-] Starting a worker. concurrency: 1 args: {"max_quota": 1024} times: 40 method_name: run timeout: 0 duration: None cls:
2019-07-16 09:49:30.486 27322 INFO rally.task.runner [-] Task 59ccc421-8a02-42cd-8c01-08b384ef5931 | ITER: 2 START
2019-07-16 09:49:30.488 27325 INFO rally.task.runner [-] Task 59ccc421-8a02-42cd-8c01-08b384ef5931 | ITER: 7 START
2019-07-16 09:49:30.491 27330 RALLYDEBUG rally.task.runner [-] Starting a worker. concurrency: 1 args: {"max_quota": 1024} times: 40 method_name: run timeout: 0 duration: None cls:
2019-07-16 09:49:30.491 27322 INFO rally.task.runner [-] Task 59ccc421-8a02-42cd-8c01-08b384ef5931 | ITER: 5 START
2019-07-16 09:49:30.494 27321 INFO rally.task.runner [-] Task 59ccc421-8a02-42cd-8c01-08b384ef5931 | ITER: 3 START
2019-07-16 09:49:30.494 27323 INFO rally.task.runner [-] Task 59ccc421-8a02-42cd-8c01-08b384ef5931 | ITER: 4 START
2019-07-16 09:49:30.494 27339 RALLYDEBUG rally.task.runner [-] Starting a worker. concurrency: 1 args: {"max_quota": 1024} times: 40 method_name: run timeout: 0 duration: None cls:
2019-07-16 09:49:30.496 27327 INFO rally.task.runner [-] Task 59ccc421-8a02-42cd-8c01-08b384ef5931 | ITER: 9 START
2019-07-16 09:49:30.497 27324 INFO rally.task.runner [-] Task 59ccc421-8a02-42cd-8c01-08b384ef5931 | ITER: 6 START
2019-07-16 09:49:30.496 27335 RALLYDEBUG rally.task.runner [-] Starting a worker. concurrency: 1 args: {"max_quota": 1024} times: 40 method_name: run timeout: 0 duration: None cls:
2019-07-16 09:49:30.497 27329 RALLYDEBUG rally.task.runner [-] Starting a worker. concurrency: 1 args: {"max_quota": 1024} times: 40 method_name: run timeout: 0 duration: None cls:
2019-07-16 09:49:30.500 27342 RALLYDEBUG rally.task.runner [-] Starting a worker. concurrency: 1 args: {"max_quota": 1024} times: 40 method_name: run timeout: 0 duration: None cls:
2019-07-16 09:49:30.505 27323 INFO rally.task.runner [-] Task 59ccc421-8a02-42cd-8c01-08b384ef5931 | ITER: 8 START
2019-07-16 09:49:30.506 27324 INFO rally.task.runner [-] Task 59ccc421-8a02-42cd-8c01-08b384ef5931 | ITER: 10 START
2019-07-16 09:49:30.506 27335 INFO rally.task.runner [-] Task 59ccc421-8a02-42cd-8c01-08b384ef5931 | ITER: 13 START
2019-07-16 09:49:30.506 27329 INFO rally.task.runner [-] Task 59ccc421-8a02-42cd-8c01-08b384ef5931 | ITER: 14 START
2019-07-16 09:49:30.508 27339 INFO rally.task.runner [-] Task 59ccc421-8a02-42cd-8c01-08b384ef5931 | ITER: 12 START
2019-07-16 09:49:30.509 27342 INFO rally.task.runner [-] Task 59ccc421-8a02-42cd-8c01-08b384ef5931 | ITER: 15 START
2019-07-16 09:49:30.511 27350 RALLYDEBUG rally.task.runner [-] Starting a worker. concurrency: 1 args: {"max_quota": 1024} times: 40 method_name: run timeout: 0 duration: None cls:
2019-07-16 09:49:30.516 27330 INFO rally.task.runner [-] Task 59ccc421-8a02-42cd-8c01-08b384ef5931 | ITER: 11 START
2019-07-16 09:49:30.518 27348 RALLYDEBUG rally.task.runner [-] Starting a worker. concurrency: 1 args: {"max_quota": 1024} times: 40 method_name: run timeout: 0 duration: None cls:
2019-07-16 09:49:30.523 27350 INFO rally.task.runner [-] Task 59ccc421-8a02-42cd-8c01-08b384ef5931 | ITER: 16 START
2019-07-16 09:49:30.528 27361 RALLYDEBUG rally.task.runner [-] Starting a worker. concurrency: 1 args: {"max_quota": 1024} times: 40 method_name: run timeout: 0 duration: None cls:
2019-07-16 09:49:30.531 27348 INFO rally.task.runner [-] Task 59ccc421-8a02-42cd-8c01-08b384ef5931 | ITER: 17 START
2019-07-16 09:49:30.531 27363 RALLYDEBUG rally.task.runner [-] Starting a worker. concurrency: 1 args: {"max_quota": 1024} times: 40 method_name: run timeout: 0 duration: None cls:
2019-07-16 09:49:30.534 27361 INFO rally.task.runner [-] Task 59ccc421-8a02-42cd-8c01-08b384ef5931 | ITER: 18 START
2019-07-16 09:49:30.535 27366 RALLYDEBUG rally.task.runner [-] Starting a worker. concurrency: 1 args: {"max_quota": 1024} times: 40 method_name: run timeout: 0 duration: None cls:
2019-07-16 09:49:30.539 27363 INFO rally.task.runner [-] Task 59ccc421-8a02-42cd-8c01-08b384ef5931 | ITER: 19 START
2019-07-16 09:49:30.541 27366 INFO rally.task.runner [-] Task 59ccc421-8a02-42cd-8c01-08b384ef5931 | ITER: 20 START
2019-07-16 09:49:32.189 27321 INFO rally.task.runner [-] Task 59ccc421-8a02-42cd-8c01-08b384ef5931 | ITER: 3 END: OK
2019-07-16 09:49:32.193 27321 INFO rally.task.runner [-] Task 59ccc421-8a02-42cd-8c01-08b384ef5931 | ITER: 21 START
2019-07-16 09:49:32.205 27342 INFO rally.task.runner [-] Task 59ccc421-8a02-42cd-8c01-08b384ef5931 | ITER: 15 END: OK
2019-07-16 09:49:32.211 27342 INFO rally.task.runner [-] Task 59ccc421-8a02-42cd-8c01-08b384ef5931 | ITER: 22 START
2019-07-16 09:49:32.273 27322 INFO rally.task.runner [-] Task 59ccc421-8a02-42cd-8c01-08b384ef5931 | ITER: 5 END: OK
2019-07-16 09:49:32.277 27322 INFO rally.task.runner [-] Task 59ccc421-8a02-42cd-8c01-08b384ef5931 | ITER: 23 START
2019-07-16 09:49:32.319 27339 INFO rally.task.runner [-] Task 59ccc421-8a02-42cd-8c01-08b384ef5931 | ITER: 12 END: OK
2019-07-16 09:49:32.322 27335 INFO rally.task.runner [-] Task 59ccc421-8a02-42cd-8c01-08b384ef5931 | ITER: 13 END: OK
2019-07-16 09:49:32.325 27339 INFO rally.task.runner [-] Task 59ccc421-8a02-42cd-8c01-08b384ef5931 | ITER: 24 START
2019-07-16 09:49:32.327 27335 INFO rally.task.runner [-] Task 59ccc421-8a02-42cd-8c01-08b384ef5931 | ITER: 25 START
2019-07-16 09:49:32.330 27324 INFO rally.task.runner [-] Task 59ccc421-8a02-42cd-8c01-08b384ef5931 | ITER: 10 END: OK
2019-07-16 09:49:32.336 27324 INFO rally.task.runner [-] Task 59ccc421-8a02-42cd-8c01-08b384ef5931 | ITER: 26 START
2019-07-16 09:49:32.377 27325 INFO rally.task.runner [-] Task 59ccc421-8a02-42cd-8c01-08b384ef5931 | ITER: 7 END: OK
2019-07-16 09:49:32.380 27322 INFO rally.task.runner [-] Task 59ccc421-8a02-42cd-8c01-08b384ef5931 | ITER: 2 END: OK
2019-07-16 09:49:32.381 27325 INFO rally.task.runner [-] Task 59ccc421-8a02-42cd-8c01-08b384ef5931 | ITER: 27 START
2019-07-16 09:49:32.383 27322 INFO rally.task.runner [-] Task 59ccc421-8a02-42cd-8c01-08b384ef5931 | ITER: 28 START
2019-07-16 09:49:32.385 27321 INFO rally.task.runner [-] Task 59ccc421-8a02-42cd-8c01-08b384ef5931 | ITER: 1 END: OK
2019-07-16 09:49:32.389 27321 INFO rally.task.runner [-] Task 59ccc421-8a02-42cd-8c01-08b384ef5931 | ITER: 29 START
2019-07-16 09:49:32.420 27323 INFO rally.task.runner [-] Task 59ccc421-8a02-42cd-8c01-08b384ef5931 | ITER: 4 END: OK
2019-07-16 09:49:32.424 27323 INFO rally.task.runner [-] Task 59ccc421-8a02-42cd-8c01-08b384ef5931 | ITER: 30 START
2019-07-16 09:49:32.486 27327 INFO rally.task.runner [-] Task 59ccc421-8a02-42cd-8c01-08b384ef5931 | ITER: 9 END: OK
2019-07-16 09:49:32.489 27327 INFO rally.task.runner [-] Task 59ccc421-8a02-42cd-8c01-08b384ef5931 | ITER: 31 START
2019-07-16 09:49:32.532 27329 INFO rally.task.runner [-] Task 59ccc421-8a02-42cd-8c01-08b384ef5931 | ITER: 14 END: OK
2019-07-16 09:49:32.535 27329 INFO rally.task.runner [-] Task 59ccc421-8a02-42cd-8c01-08b384ef5931 | ITER: 32 START
2019-07-16 09:49:32.621 27350 INFO rally.task.runner [-] Task 59ccc421-8a02-42cd-8c01-08b384ef5931 | ITER: 16 END: OK
2019-07-16 09:49:32.624 27350 INFO rally.task.runner [-] Task 59ccc421-8a02-42cd-8c01-08b384ef5931 | ITER: 33 START
2019-07-16 09:49:32.657 27361 INFO rally.task.runner [-] Task 59ccc421-8a02-42cd-8c01-08b384ef5931 | ITER: 18 END: OK
2019-07-16 09:49:32.660 27361 INFO rally.task.runner [-] Task 59ccc421-8a02-42cd-8c01-08b384ef5931 | ITER: 34 START
2019-07-16 09:49:32.710 27348 INFO rally.task.runner [-] Task 59ccc421-8a02-42cd-8c01-08b384ef5931 | ITER: 17 END: OK
2019-07-16 09:49:32.714 27348 INFO rally.task.runner [-] Task 59ccc421-8a02-42cd-8c01-08b384ef5931 | ITER: 35 START
2019-07-16 09:49:32.730 27323 INFO rally.task.runner [-] Task 59ccc421-8a02-42cd-8c01-08b384ef5931 | ITER: 8 END: OK
2019-07-16 09:49:32.734 27323 INFO rally.task.runner [-] Task 59ccc421-8a02-42cd-8c01-08b384ef5931 | ITER: 36 START
2019-07-16 09:49:32.754 27330 INFO rally.task.runner [-] Task 59ccc421-8a02-42cd-8c01-08b384ef5931 | ITER: 11 END: OK
2019-07-16 09:49:32.759 27330 INFO rally.task.runner [-] Task 59ccc421-8a02-42cd-8c01-08b384ef5931 | ITER: 37 START
2019-07-16 09:49:32.768 27324 INFO rally.task.runner [-] Task 59ccc421-8a02-42cd-8c01-08b384ef5931 | ITER: 6 END: OK
2019-07-16 09:49:32.773 27324 INFO rally.task.runner [-] Task 59ccc421-8a02-42cd-8c01-08b384ef5931 | ITER: 38 START
2019-07-16 09:49:32.780 27366 INFO rally.task.runner [-] Task 59ccc421-8a02-42cd-8c01-08b384ef5931 | ITER: 20 END: OK
2019-07-16 09:49:32.785 27366 INFO rally.task.runner [-] Task 59ccc421-8a02-42cd-8c01-08b384ef5931 | ITER: 39 START
2019-07-16 09:49:32.828 27363 INFO rally.task.runner [-] Task 59ccc421-8a02-42cd-8c01-08b384ef5931 | ITER: 19 END: OK
2019-07-16 09:49:32.831 27363 INFO rally.task.runner [-] Task 59ccc421-8a02-42cd-8c01-08b384ef5931 | ITER: 40 START
2019-07-16 09:49:33.687 27342 INFO rally.task.runner [-] Task 59ccc421-8a02-42cd-8c01-08b384ef5931 | ITER: 22 END: OK
2019-07-16 09:49:33.688 27322 INFO rally.task.runner [-] Task 59ccc421-8a02-42cd-8c01-08b384ef5931 | ITER: 23 END: OK
2019-07-16 09:49:33.782 27325 INFO rally.task.runner [-] Task 59ccc421-8a02-42cd-8c01-08b384ef5931 | ITER: 27 END: OK
2019-07-16 09:49:33.786 27339 INFO rally.task.runner [-] Task 59ccc421-8a02-42cd-8c01-08b384ef5931 | ITER: 24 END: OK
2019-07-16 09:49:33.789 27321 INFO rally.task.runner [-] Task 59ccc421-8a02-42cd-8c01-08b384ef5931 | ITER: 21 END: OK
2019-07-16 09:49:33.880 27323 INFO rally.task.runner [-] Task 59ccc421-8a02-42cd-8c01-08b384ef5931 | ITER: 30 END: OK
2019-07-16 09:49:33.948 27327 INFO rally.task.runner [-] Task 59ccc421-8a02-42cd-8c01-08b384ef5931 | ITER: 31 END: OK
2019-07-16 09:49:33.953 27324 INFO rally.task.runner [-] Task 59ccc421-8a02-42cd-8c01-08b384ef5931 | ITER: 26 END: OK
2019-07-16 09:49:33.967 27335 INFO rally.task.runner [-] Task 59ccc421-8a02-42cd-8c01-08b384ef5931 | ITER: 25 END: OK
2019-07-16 09:49:33.972 27321 INFO rally.task.runner [-] Task 59ccc421-8a02-42cd-8c01-08b384ef5931 | ITER: 29 END: OK
2019-07-16 09:49:34.097 27324 INFO rally.task.runner [-] Task 59ccc421-8a02-42cd-8c01-08b384ef5931 | ITER: 38 END: OK
2019-07-16 09:49:34.122 27330 INFO rally.task.runner [-] Task 59ccc421-8a02-42cd-8c01-08b384ef5931 | ITER: 37 END: OK
2019-07-16 09:49:34.126 27361 INFO rally.task.runner [-] Task 59ccc421-8a02-42cd-8c01-08b384ef5931 | ITER: 34 END: OK
2019-07-16 09:49:34.136 27322 INFO rally.task.runner [-] Task 59ccc421-8a02-42cd-8c01-08b384ef5931 | ITER: 28 END: OK
2019-07-16 09:49:34.196 27350 INFO rally.task.runner [-] Task 59ccc421-8a02-42cd-8c01-08b384ef5931 | ITER: 33 END: OK
2019-07-16 09:49:34.199 27366 INFO rally.task.runner [-] Task 59ccc421-8a02-42cd-8c01-08b384ef5931 | ITER: 39 END: OK
2019-07-16 09:49:34.201 27323 INFO rally.task.runner [-] Task 59ccc421-8a02-42cd-8c01-08b384ef5931 | ITER: 36 END: OK
2019-07-16 09:49:34.213 27329 INFO rally.task.runner [-] Task 59ccc421-8a02-42cd-8c01-08b384ef5931 | ITER: 32 END: OK
2019-07-16 09:49:34.313 27348 INFO rally.task.runner [-] Task 59ccc421-8a02-42cd-8c01-08b384ef5931 | ITER: 35 END: OK
2019-07-16 09:49:34.452 27363 INFO rally.task.runner [-] Task 59ccc421-8a02-42cd-8c01-08b384ef5931 | ITER: 40 END: OK
2019-07-16 09:49:34.475 22705 INFO rally.task.context [-] Task 59ccc421-8a02-42cd-8c01-08b384ef5931 | Context admin_cleanup@openstack cleanup() started
2019-07-16 09:49:34.476 22705 RALLYDEBUG rally_openstack.cleanup.manager [-] Cleaning up neutron quota objects
2019-07-16 09:49:37.949 22705 INFO rally.task.context [-] Task 59ccc421-8a02-42cd-8c01-08b384ef5931 | Context admin_cleanup@openstack cleanup() finished in 3.47 sec
2019-07-16 09:49:37.950 22705 INFO rally.task.context [-] Task 59ccc421-8a02-42cd-8c01-08b384ef5931 | Context users@openstack cleanup() started
2019-07-16 09:50:06.944 22705 INFO rally.task.context [-] Task 59ccc421-8a02-42cd-8c01-08b384ef5931 | Context users@openstack cleanup() finished in 28.99 sec
2019-07-16 09:50:07.371 22705 INFO rally.task.engine [-] Load duration is: 3.964389
2019-07-16 09:50:07.371 22705 INFO rally.task.engine [-] Full runner duration is: 4.017287
2019-07-16 09:50:07.371 22705 INFO rally.task.engine [-] Full duration is: 45.828583
2019-07-16 09:50:07.631 22705 INFO rally.task.engine [-] Running workload: position = 0 config = { "version": 2, "title": "A cropped version of a bigger task.", "description": "Auto-generated task from a single workload (uuid=5eb420d9-f58f-4f1d-8769-a21753f1a5d9)", "subtasks": [ { "title": "NeutronTrunks.create_and_list_trunk_subports", "description": "", "scenario": { "NeutronTrunks.create_and_list_trunk_subports": { "subport_count": 125 } }, "contexts": { "users": { "tenants": 1, "users_per_tenant": 1 }, "quotas": { "neutron": { "network": -1, "port": 1000 } } }, "runner": { "constant": { "times": 4, "concurrency": 4 } }, "hooks": [], "sla": { "failure_rate": { "max": 0 } } } ] }
2019-07-16 09:50:07.653 22705 RALLYDEBUG rally_openstack.contexts.keystone.users [-] Creating 1 tenants using 20 threads
2019-07-16 09:50:09.177 22705 RALLYDEBUG rally_openstack.contexts.keystone.users [-] Creating 1 users using 20 threads
2019-07-16 09:50:11.520 22705 INFO rally.task.context [-] Task 59ccc421-8a02-42cd-8c01-08b384ef5931 | Context users@openstack setup() finished in 3.87 sec
2019-07-16 09:50:12.235 22705 INFO rally.task.context [-] Task 59ccc421-8a02-42cd-8c01-08b384ef5931 | Context quotas@openstack setup() finished in 0.71 sec
2019-07-16 09:50:12.235 22705 INFO rally.task.context [-] Task 59ccc421-8a02-42cd-8c01-08b384ef5931 | Context cleanup@openstack setup() finished in 0.00 msec
2019-07-16 09:50:12.243 22705 RALLYDEBUG rally.task.runner [-] Starting the constant runner (task UUID: 59ccc421-8a02-42cd-8c01-08b384ef5931). timeout: 0 concurrency: 4 concurrency_per_worker: 1 times: 4 concurrency_overhead: 0 processes_to_start: 4 max_cpu_used: 16
2019-07-16 09:50:12.255 27511 RALLYDEBUG rally.task.runner [-] Starting a worker. concurrency: 1 args: {"subport_count": 125} times: 4 method_name: run timeout: 0 duration: None cls:
2019-07-16 09:50:12.258 27512 RALLYDEBUG rally.task.runner [-] Starting a worker. concurrency: 1 args: {"subport_count": 125} times: 4 method_name: run timeout: 0 duration: None cls:
2019-07-16 09:50:12.261 27513 RALLYDEBUG rally.task.runner [-] Starting a worker. concurrency: 1 args: {"subport_count": 125} times: 4 method_name: run timeout: 0 duration: None cls:
2019-07-16 09:50:12.261 27511 INFO rally.task.runner [-] Task 59ccc421-8a02-42cd-8c01-08b384ef5931 | ITER: 1 START
2019-07-16 09:50:12.264 27512 INFO rally.task.runner [-] Task 59ccc421-8a02-42cd-8c01-08b384ef5931 | ITER: 2 START
2019-07-16 09:50:12.265 27513 INFO rally.task.runner [-] Task 59ccc421-8a02-42cd-8c01-08b384ef5931 | ITER: 3 START
2019-07-16 09:50:12.265 27514 RALLYDEBUG rally.task.runner [-] Starting a worker. concurrency: 1 args: {"subport_count": 125} times: 4 method_name: run timeout: 0 duration: None cls:
2019-07-16 09:50:12.270 27514 INFO rally.task.runner [-] Task 59ccc421-8a02-42cd-8c01-08b384ef5931 | ITER: 4 START
2019-07-16 09:52:26.378 27512 WARNING rally.task.atomic [-] 'optional_action_timer' is deprecated since rally v0.10.0.Please use action_timer instead, we have improved atomic actions, now do not need to explicitly close original action.
2019-07-16 09:52:26.431 27512 WARNING rally.task.atomic [-] 'optional_action_timer' is deprecated since rally v0.10.0.Please use action_timer instead, we have improved atomic actions, now do not need to explicitly close original action.
2019-07-16 09:52:26.531 27514 WARNING rally.task.atomic [-] 'optional_action_timer' is deprecated since rally v0.10.0.Please use action_timer instead, we have improved atomic actions, now do not need to explicitly close original action.
2019-07-16 09:52:26.570 27514 WARNING rally.task.atomic [-] 'optional_action_timer' is deprecated since rally v0.10.0.Please use action_timer instead, we have improved atomic actions, now do not need to explicitly close original action.
2019-07-16 09:52:27.327 27512 INFO rally.task.runner [-] Task 59ccc421-8a02-42cd-8c01-08b384ef5931 | ITER: 2 END: OK
2019-07-16 09:52:27.482 27514 INFO rally.task.runner [-] Task 59ccc421-8a02-42cd-8c01-08b384ef5931 | ITER: 4 END: OK
2019-07-16 09:54:19.058 27513 WARNING rally.task.atomic [-] 'optional_action_timer' is deprecated since rally v0.10.0.Please use action_timer instead, we have improved atomic actions, now do not need to explicitly close original action.
2019-07-16 09:54:19.116 27513 WARNING rally.task.atomic [-] 'optional_action_timer' is deprecated since rally v0.10.0.Please use action_timer instead, we have improved atomic actions, now do not need to explicitly close original action.
2019-07-16 09:54:19.840 27511 WARNING rally.task.atomic [-] 'optional_action_timer' is deprecated since rally v0.10.0.Please use action_timer instead, we have improved atomic actions, now do not need to explicitly close original action.
2019-07-16 09:54:19.911 27511 WARNING rally.task.atomic [-] 'optional_action_timer' is deprecated since rally v0.10.0.Please use action_timer instead, we have improved atomic actions, now do not need to explicitly close original action.
2019-07-16 09:54:20.630 27513 INFO rally.task.runner [-] Task 59ccc421-8a02-42cd-8c01-08b384ef5931 | ITER: 3 END: OK
2019-07-16 09:54:20.930 27511 INFO rally.task.runner [-] Task 59ccc421-8a02-42cd-8c01-08b384ef5931 | ITER: 1 END: OK
2019-07-16 09:54:20.958 22705 INFO rally.task.context [-] Task 59ccc421-8a02-42cd-8c01-08b384ef5931 | Context cleanup@openstack cleanup() started
2019-07-16 09:54:20.960 22705 RALLYDEBUG rally_openstack.cleanup.manager [-] Cleaning up neutron vip objects
2019-07-16 09:54:22.097 22705 RALLYDEBUG rally_openstack.cleanup.manager [-] Cleaning up neutron health_monitor objects
2019-07-16 09:54:23.320 22705 RALLYDEBUG rally_openstack.cleanup.manager [-] Cleaning up neutron pool objects
2019-07-16 09:54:24.018 22705 RALLYDEBUG rally_openstack.cleanup.manager [-] Cleaning up neutron loadbalancer objects
2019-07-16 09:54:24.743 22705 RALLYDEBUG rally_openstack.cleanup.manager [-] Cleaning up neutron floatingip objects
2019-07-16 09:54:25.864 22705 RALLYDEBUG rally_openstack.cleanup.manager [-] Cleaning up neutron port objects
2019-07-16 09:54:27.881 22705 RALLYDEBUG rally_openstack.cleanup.manager [-] Deleting neutron.port object s_rally_5eb420d9_Uk22vUHi (0155e669-59fa-4dbf-a64f-0ed15feee0ae)
2019-07-16 09:54:27.884 22705 RALLYDEBUG rally_openstack.cleanup.manager [-] Deleting neutron.port object s_rally_5eb420d9_wtfCdhTe (0200f487-4fb9-4bb7-9b69-461fe7c9c301)
2019-07-16 09:54:27.885 22705 RALLYDEBUG rally_openstack.cleanup.manager [-] Deleting neutron.port object s_rally_5eb420d9_TRRXy0fG (0150a344-745e-401e-9429-85de3ab5852e)
2019-07-16 09:54:27.891 22705 RALLYDEBUG rally_openstack.cleanup.manager [-] Deleting neutron.port object s_rally_5eb420d9_F9filcM6 (020a78c3-88eb-47c4-92d2-40da97b9074c)
2019-07-16 09:54:27.895 22705 RALLYDEBUG rally_openstack.cleanup.manager [-] Deleting neutron.port object s_rally_5eb420d9_0bJ2EAen (009040a6-6ace-46be-a565-b6253a011047)
2019-07-16 09:54:27.897 22705 RALLYDEBUG rally_openstack.cleanup.manager [-] Deleting neutron.port object s_rally_5eb420d9_mO35Ytup (00be8c0b-37ee-4040-a803-6bfdb60daaf8)
2019-07-16 09:54:27.897 22705 RALLYDEBUG rally_openstack.cleanup.manager [-] Deleting neutron.port object s_rally_5eb420d9_ADOi7a7t (01b8f75e-4b4c-4e8a-9ae9-2e998d81d5a4)
2019-07-16 09:54:27.902 22705 RALLYDEBUG rally_openstack.cleanup.manager [-] Deleting neutron.port object s_rally_5eb420d9_lZJCfnk9 (050a879f-6ca9-4d35-b4c0-09df1afe6ea9)
2019-07-16 09:54:27.916 22705 RALLYDEBUG rally_openstack.cleanup.manager [-] Deleting neutron.port object s_rally_5eb420d9_OVaGtDt9 (009e3acb-7375-4397-a736-a5319aa91025)
2019-07-16 09:54:27.917 22705 RALLYDEBUG rally_openstack.cleanup.manager [-] Deleting neutron.port object s_rally_5eb420d9_1OXPTjTL (05589f68-343d-408b-89eb-586e24abe9fc)
2019-07-16 09:54:27.918 22705 RALLYDEBUG rally_openstack.cleanup.manager [-] Deleting neutron.port object s_rally_5eb420d9_pctuXRY0 (060e58c5-b245-4c2a-b108-581d4227c03c)
2019-07-16 09:54:27.925 22705 RALLYDEBUG rally_openstack.cleanup.manager [-] Deleting neutron.port object s_rally_5eb420d9_z6DnFFHC (052ad922-6edc-47b1-9e9f-36bb828177a6)
2019-07-16 09:54:27.929 22705 RALLYDEBUG rally_openstack.cleanup.manager [-] Deleting neutron.port object s_rally_5eb420d9_3T2TBJhU (06ae1730-bc4a-4919-a8e5-d413fee2c36e)
2019-07-16 09:54:27.935 22705 RALLYDEBUG rally_openstack.cleanup.manager [-] Deleting neutron.port object s_rally_5eb420d9_fWc9mitJ (07a4f822-c6e8-4af6-a2eb-c6bcae7d58ca)
2019-07-16 09:54:27.959 22705 RALLYDEBUG rally_openstack.cleanup.manager [-] Deleting neutron.port object s_rally_5eb420d9_YsoIkObs (081cd427-e3fb-4419-a52e-ea4b3c0626ee)
2019-07-16 09:54:27.998 22705 RALLYDEBUG rally_openstack.cleanup.manager [-] Deleting neutron.port object s_rally_5eb420d9_DYIiFbGA (083489e7-a0d9-497a-9b74-d2936c67ac33)
2019-07-16 09:54:28.004 22705 RALLYDEBUG rally_openstack.cleanup.manager [-] Deleting neutron.port object s_rally_5eb420d9_JHwz3XX8 (09c1f8ee-7356-49f3-929a-febbe3bc6f7e)
2019-07-16 09:54:28.012 22705 RALLYDEBUG rally_openstack.cleanup.manager [-] Deleting neutron.port object s_rally_5eb420d9_tazLYcu0 (088fdfee-e9cc-4906-85f5-a48a14a03bfa)
2019-07-16 09:54:28.029 22705 RALLYDEBUG rally_openstack.cleanup.manager [-] Deleting neutron.port object s_rally_5eb420d9_VIVsPX58 (096fdab4-e8dd-4ad2-b767-888b9fc0714d)
2019-07-16 09:54:28.049 22705 RALLYDEBUG rally_openstack.cleanup.manager [-] Deleting neutron.port object s_rally_5eb420d9_icENU5WL (09fcc1a4-2ac0-47a7-a6a0-5cc7cee24d31)
2019-07-16 09:54:30.474 22705 RALLYDEBUG rally_openstack.cleanup.manager [-] Deleting neutron.port object s_rally_5eb420d9_s4nnWGyr (0a2d0c51-5143-4db2-a982-dad0d8368065)
2019-07-16 09:54:30.557 22705 RALLYDEBUG rally_openstack.cleanup.manager [-] Deleting neutron.port object s_rally_5eb420d9_dOXkvvUS (0a57ac9b-5353-44c2-ad1b-0ad6576417e1)
2019-07-16 09:54:32.735 22705 RALLYDEBUG rally_openstack.cleanup.manager [-] Deleting neutron.port object s_rally_5eb420d9_TlWfhU3m (0b9c9519-e93b-41bd-b7ba-fc174dd1c730)
2019-07-16 09:54:33.286 22705 RALLYDEBUG rally_openstack.cleanup.manager [-] Deleting neutron.port object s_rally_5eb420d9_AjoUoLCD (0bbc511d-0548-4a16-83c8-772f6562ddb3)
2019-07-16 09:54:33.311 22705 RALLYDEBUG rally_openstack.cleanup.manager [-] Deleting neutron.port object s_rally_5eb420d9_PHgOsFTV (0cb39205-c18a-44ad-8ce3-6a52332c1ea8)
2019-07-16 09:54:33.346 22705 RALLYDEBUG rally_openstack.cleanup.manager [-] Deleting neutron.port object s_rally_5eb420d9_Sw1Wyofo (0e63c833-6739-47d7-ba7b-54ba106f7fe3)
2019-07-16 09:54:33.810 22705 RALLYDEBUG rally_openstack.cleanup.manager [-] Deleting neutron.port object s_rally_5eb420d9_6zxbU4J8 (0f1fdc7d-79d9-4baf-8061-197fd6dd4393)
2019-07-16 09:54:34.355 22705 RALLYDEBUG rally_openstack.cleanup.manager [-] Deleting neutron.port object s_rally_5eb420d9_GN9I4jkK (0fb90539-030c-466e-942f-643839f60ad1)
2019-07-16 09:54:34.475 22705 RALLYDEBUG rally_openstack.cleanup.manager [-] Deleting neutron.port object s_rally_5eb420d9_Fcn56laU (1152c4f2-c89e-476a-bbdd-7cac6e0932b5)
2019-07-16 09:54:34.664 22705 RALLYDEBUG rally_openstack.cleanup.manager [-] Deleting neutron.port object s_rally_5eb420d9_01xh6EMk (11c09435-2b3a-4c4c-b933-33e0ae484914)
2019-07-16 09:54:34.688 22705 RALLYDEBUG rally_openstack.cleanup.manager [-] Deleting neutron.port object s_rally_5eb420d9_2ricK4q5 (11d62022-9969-46b2-8068-6b4c9b4bf60e)
2019-07-16 09:54:35.201 22705 RALLYDEBUG rally_openstack.cleanup.manager [-] Deleting neutron.port object s_rally_5eb420d9_GZK2nRnB (1231d222-797e-4646-b955-d2bbafa924b1)
2019-07-16 09:54:35.556 22705 RALLYDEBUG rally_openstack.cleanup.manager [-] Deleting neutron.port object s_rally_5eb420d9_vx4xa228 (12b799d8-8e13-47bd-b2ea-e5988a340b80)
2019-07-16 09:54:36.199 22705 RALLYDEBUG rally_openstack.cleanup.manager [-] Deleting neutron.port object s_rally_5eb420d9_TdSdDBIl (1359d502-b299-46e1-9f33-db9e9a1d475e)
2019-07-16 09:54:36.286 22705 RALLYDEBUG rally_openstack.cleanup.manager [-] Deleting neutron.port object s_rally_5eb420d9_mlcFTn0W (1395d967-be56-44a9-badd-18d917d99249)
2019-07-16 09:54:36.856 22705 RALLYDEBUG rally_openstack.cleanup.manager [-] Deleting neutron.port object s_rally_5eb420d9_x6l6bDz9 (14b0336a-003a-4315-943a-c7e64f94babc)
2019-07-16 09:54:36.912 22705 RALLYDEBUG rally_openstack.cleanup.manager [-] Deleting neutron.port object s_rally_5eb420d9_YFdimBun (15c7a650-9b2c-46a3-8211-253ce154216d)
2019-07-16 09:54:36.941 22705 RALLYDEBUG rally_openstack.cleanup.manager [-] Deleting neutron.port object s_rally_5eb420d9_VIxLVAY9 (17217421-8c1d-4160-95b4-d9113b471f06)
2019-07-16 09:54:37.180 22705 RALLYDEBUG rally_openstack.cleanup.manager [-] Deleting neutron.port object s_rally_5eb420d9_XSAIze0r (17a27ba7-9aeb-41ce-9298-af2c4292531f)
2019-07-16 09:54:37.181 22705 RALLYDEBUG rally_openstack.cleanup.manager [-] Deleting neutron.port object s_rally_5eb420d9_zKgTOzdH (1795d706-decd-4fff-88fc-bef44287c676)
2019-07-16 09:54:37.188 22705 RALLYDEBUG rally_openstack.cleanup.manager [-] Deleting neutron.port object s_rally_5eb420d9_csho6RBB (17f6983d-88e3-4206-b977-3dc2a3482b58)
2019-07-16 09:54:37.195 22705 RALLYDEBUG rally_openstack.cleanup.manager [-] Deleting neutron.port object s_rally_5eb420d9_SnSVbO7b (181da1df-0655-4633-90ca-e863fec35e5e)
2019-07-16 09:54:37.219 22705 RALLYDEBUG rally_openstack.cleanup.manager [-] Deleting neutron.port object s_rally_5eb420d9_T5y994Qr (1a4e160d-bee8-44ea-82a9-de0dd3396985)
2019-07-16 09:54:37.305 22705 RALLYDEBUG rally_openstack.cleanup.manager [-] Deleting neutron.port object s_rally_5eb420d9_FZVd44SX (1a8ef030-1534-4e97-bbfa-7aa0d126c136)
2019-07-16 09:54:37.398 22705 RALLYDEBUG rally_openstack.cleanup.manager [-] Deleting neutron.port object s_rally_5eb420d9_XgnLom8I (1b6f01bf-bf8a-48e7-af82-5892fa916f84)
2019-07-16 09:54:37.404 22705 RALLYDEBUG rally_openstack.cleanup.manager [-] Deleting neutron.port object s_rally_5eb420d9_Oyd78ZsK (1c427842-fe92-4152-b88e-bf8ad61403c6)
2019-07-16 09:54:37.404 22705 RALLYDEBUG rally_openstack.cleanup.manager [-] Deleting neutron.port object s_rally_5eb420d9_MfXWfM6C (1b4b7135-897f-4f8a-9793-4360256633d1)
2019-07-16 09:54:37.722 22705 RALLYDEBUG rally_openstack.cleanup.manager [-] Deleting neutron.port object s_rally_5eb420d9_WUB5bWuw (1c44ed5c-b5d1-4f36-8c1b-2cccc3023a0e)
2019-07-16 09:54:37.900 22705 RALLYDEBUG rally_openstack.cleanup.manager [-] Deleting neutron.port object s_rally_5eb420d9_hVVXDAf7 (1c88eff3-df53-4ec8-9b39-dc8cad3562c7)
2019-07-16 09:54:37.907 22705 RALLYDEBUG rally_openstack.cleanup.manager [-] Deleting neutron.port object s_rally_5eb420d9_nk3zMkwn (1d44f6c5-f66e-498d-970a-f5893024daad)
2019-07-16 09:54:37.912 22705 RALLYDEBUG rally_openstack.cleanup.manager [-] Deleting neutron.port object s_rally_5eb420d9_cEqMBC7M (1d9a12f5-10c6-4c50-ae85-763851b1d23c)
2019-07-16 09:54:37.956 22705 RALLYDEBUG rally_openstack.cleanup.manager [-] Deleting neutron.port object s_rally_5eb420d9_OhFomRvC (1f08eacc-6467-4302-8628-bf7c88cf8143)
2019-07-16 09:54:38.386 22705 RALLYDEBUG rally_openstack.cleanup.manager [-] Deleting neutron.port object s_rally_5eb420d9_USsRvzlL (1fa131cc-ffec-4352-882f-f9819ab23aac)
2019-07-16 09:54:38.672 22705 RALLYDEBUG rally_openstack.cleanup.manager [-] Deleting neutron.port object s_rally_5eb420d9_d4nnZIyx (1fdab012-2ac4-4d12-86ae-f5f60ae81bf8)
2019-07-16 09:54:39.243 22705 RALLYDEBUG rally_openstack.cleanup.manager [-] Deleting neutron.port object s_rally_5eb420d9_3Am3h64b (202785ca-7d8b-4e84-8af0-8f78b69a8643)
2019-07-16 09:54:39.806 22705 RALLYDEBUG rally_openstack.cleanup.manager [-] Deleting neutron.port object s_rally_5eb420d9_QJCZCkAI (211f92a8-7bd6-40f3-bfb6-fbab025981a3)
2019-07-16 09:54:39.994 22705 RALLYDEBUG rally_openstack.cleanup.manager [-] Deleting neutron.port object s_rally_5eb420d9_9WnAIfo4 (2168f49d-fa45-4c1c-b4ad-551f882d549e)
2019-07-16 09:54:40.131 22705 RALLYDEBUG rally_openstack.cleanup.manager [-] Deleting neutron.port object s_rally_5eb420d9_pCLJMEdP (226cb121-4423-4708-ae5d-91264305f0ea)
2019-07-16 09:54:40.484 22705 RALLYDEBUG rally_openstack.cleanup.manager [-] Deleting neutron.port object s_rally_5eb420d9_gYymcPej (241472ce-ee27-4b48-842a-db8f453b8a03)
2019-07-16 09:54:41.136 22705 RALLYDEBUG rally_openstack.cleanup.manager [-] Deleting neutron.port object s_rally_5eb420d9_e40lDevI (2416c054-0c67-4c3a-b2f2-322a330c0a6d)
2019-07-16 09:54:41.143 22705 RALLYDEBUG rally_openstack.cleanup.manager [-] Deleting neutron.port object s_rally_5eb420d9_Iib4PBTB (24a6c288-5af4-44dc-b5d0-e819475469c2)
2019-07-16 09:54:41.206 22705 RALLYDEBUG rally_openstack.cleanup.manager [-] Deleting neutron.port object s_rally_5eb420d9_9refJlQP (24c18298-94f3-43d4-9f76-e833b857487d)
2019-07-16 09:54:41.357 22705 RALLYDEBUG rally_openstack.cleanup.manager [-] Deleting neutron.port object s_rally_5eb420d9_9MVy9c4h (26a988a6-615c-4409-adbd-bba282c34acc)
2019-07-16 09:54:41.382 22705 RALLYDEBUG rally_openstack.cleanup.manager [-] Deleting neutron.port object s_rally_5eb420d9_p64y3dP0 (274ceac3-ff4e-45ab-86e6-2ef925ca496f)
2019-07-16 09:54:41.799 22705 RALLYDEBUG rally_openstack.cleanup.manager [-] Deleting neutron.port object s_rally_5eb420d9_8Ms2Dekh (2890c309-e4f2-45b2-a63f-182ed1f26f1b)
2019-07-16 09:54:41.909 22705 RALLYDEBUG rally_openstack.cleanup.manager [-] Deleting neutron.port object s_rally_5eb420d9_BsyzOAO2 (296a8af7-32c4-40df-b0fe-5929ce9bf801)
2019-07-16 09:54:41.909 22705 RALLYDEBUG rally_openstack.cleanup.manager [-] Deleting neutron.port object s_rally_5eb420d9_bRXWm2ue (2a6d0aed-f6c8-4cd7-bafb-8d677a722e70)
2019-07-16 09:54:41.913 22705 RALLYDEBUG rally_openstack.cleanup.manager [-] Deleting neutron.port object s_rally_5eb420d9_G4yrigtj (29bec2ad-5998-42ef-b7de-24f007a4cc1a)
2019-07-16 09:54:41.958 22705 RALLYDEBUG rally_openstack.cleanup.manager [-] Deleting neutron.port object s_rally_5eb420d9_5Gy3wbUK (2ab3aa82-0c93-4d91-a688-54f8c24cce7e)
2019-07-16 09:54:42.026 22705 RALLYDEBUG rally_openstack.cleanup.manager [-] Deleting neutron.port object s_rally_5eb420d9_BYe6Wbcl (2b5b56de-4d40-40b6-88ac-12d8d1f99699)
2019-07-16 09:54:42.325 22705 RALLYDEBUG rally_openstack.cleanup.manager [-] Deleting neutron.port object s_rally_5eb420d9_eOXUhvQq (2cce3a52-9755-45a9-ae6b-19d3e3c6441c)
2019-07-16 09:54:43.404 22705 RALLYDEBUG rally_openstack.cleanup.manager [-] Deleting neutron.port object s_rally_5eb420d9_8jFMZn4L (2cd3c2a8-a828-4b51-88b6-fa264d6ddb6a)
2019-07-16 09:54:43.441 22705 RALLYDEBUG rally_openstack.cleanup.manager [-] Deleting neutron.port object s_rally_5eb420d9_Dge1iYwV (2d733251-02d2-4291-be7d-a45668b8beb9)
2019-07-16 09:54:43.621 22705 RALLYDEBUG rally_openstack.cleanup.manager [-] Deleting neutron.port object s_rally_5eb420d9_ZbWsQgeD (2e4cc43e-4953-4500-8379-34c81816c9b4)
2019-07-16 09:54:43.949 22705 RALLYDEBUG rally_openstack.cleanup.manager [-] Deleting neutron.port object s_rally_5eb420d9_ujY51ybZ (2e5f81df-24b2-4f62-b59d-d27e71aa6520)
2019-07-16 09:54:44.287 22705 RALLYDEBUG rally_openstack.cleanup.manager [-] Deleting neutron.port object s_rally_5eb420d9_u3ymqSG9 (2e947041-9e5e-4426-aeb0-c5c4b926f77b)
2019-07-16 09:54:44.290 22705 RALLYDEBUG rally_openstack.cleanup.manager [-] Deleting neutron.port object s_rally_5eb420d9_PIK7Qng4 (2ecd5144-9d18-4112-aee9-9d69d07afd93)
2019-07-16 09:54:44.329 22705 RALLYDEBUG rally_openstack.cleanup.manager [-] Deleting neutron.port object s_rally_5eb420d9_FYwzodmN (2ef7e30a-6ac7-45d5-b3ef-4b8f4fa7767b)
2019-07-16 09:54:44.383 22705 RALLYDEBUG rally_openstack.cleanup.manager [-] Deleting neutron.port object s_rally_5eb420d9_MLx2usED (2f202a11-4bb9-4348-a752-c631be565d3b)
2019-07-16 09:54:44.404 22705 RALLYDEBUG rally_openstack.cleanup.manager [-] Deleting neutron.port object s_rally_5eb420d9_J1oaRdxb (2f699b48-b400-4766-81ef-3dc7b9ef8d49)
2019-07-16 09:54:44.920 22705 RALLYDEBUG rally_openstack.cleanup.manager [-] Deleting neutron.port object s_rally_5eb420d9_0NN1BYiO (2f750e5b-4f30-41db-b690-75663780d90a)
2019-07-16 09:54:44.961 22705 RALLYDEBUG rally_openstack.cleanup.manager [-] Deleting neutron.port object s_rally_5eb420d9_tCgEF7WN (2fd31b29-9b1c-4511-bc98-10d82a94920c)
2019-07-16 09:54:44.966 22705 RALLYDEBUG rally_openstack.cleanup.manager [-] Deleting neutron.port object s_rally_5eb420d9_JSEfz7XE (301dbbdd-5950-48b8-b82b-3d1c3f00e59c)
2019-07-16 09:54:45.160 22705 RALLYDEBUG rally_openstack.cleanup.manager [-] Deleting neutron.port object s_rally_5eb420d9_M8DF9cJb (308295e6-5bee-4190-9039-c9327454ab38)
2019-07-16 09:54:45.353 22705 RALLYDEBUG rally_openstack.cleanup.manager [-] Deleting neutron.port object s_rally_5eb420d9_2sT5V14g (31deacca-8ea7-4dc1-89fe-dadea9ee083f)
2019-07-16 09:54:45.354 22705 RALLYDEBUG rally_openstack.cleanup.manager [-] Deleting neutron.port object s_rally_5eb420d9_UNxkmGL7 (310d0876-fe64-4dc1-a26f-89c8add6a7d3)
2019-07-16 09:54:45.509 22705 RALLYDEBUG rally_openstack.cleanup.manager [-] Deleting neutron.port object s_rally_5eb420d9_Wg0oxA9o (3201c178-4c51-4375-ae82-e3d65c7ecb35)
2019-07-16 09:54:45.981 22705 RALLYDEBUG rally_openstack.cleanup.manager [-] Deleting neutron.port object s_rally_5eb420d9_XpyJSnTz (3293110e-2945-43b8-9888-5384c08b83ed)
2019-07-16 09:54:46.059 22705 RALLYDEBUG rally_openstack.cleanup.manager [-] Deleting neutron.port object s_rally_5eb420d9_gdg1tsBP (32c68d06-49ca-4509-b8eb-c9817cc1dcbb)
2019-07-16 09:54:46.199 22705 RALLYDEBUG rally_openstack.cleanup.manager [-] Deleting neutron.port object s_rally_5eb420d9_0C0zGo67 (3476758d-5a17-4bf5-b085-4e2ecc0ab414)
2019-07-16 09:54:46.897 22705 RALLYDEBUG rally_openstack.cleanup.manager [-] Deleting neutron.port object s_rally_5eb420d9_lUuIApvA (34fa0364-74e1-4409-828b-ac2b68ecd738)
2019-07-16 09:54:47.145 22705 RALLYDEBUG rally_openstack.cleanup.manager [-] Deleting neutron.port object s_rally_5eb420d9_2BsYvatH (379d68c1-67d4-49ec-8e2d-bef16042a5dc)
2019-07-16 09:54:47.433 22705 RALLYDEBUG rally_openstack.cleanup.manager [-] Deleting neutron.port object s_rally_5eb420d9_2ESsBiqB (3870eeb5-26bc-4338-b99d-cbb93f86af81)
2019-07-16 09:54:47.898 22705 RALLYDEBUG rally_openstack.cleanup.manager [-] Deleting neutron.port object s_rally_5eb420d9_s6j64gxn (391e96bd-b293-47a4-8abd-f8ac94718b50)
2019-07-16 09:54:48.046 22705 RALLYDEBUG rally_openstack.cleanup.manager [-] Deleting neutron.port object s_rally_5eb420d9_xPVEJpFG (3aeb68a1-6abf-41b8-b102-4d44c1505daa)
2019-07-16 09:54:48.069 22705 RALLYDEBUG rally_openstack.cleanup.manager [-] Deleting neutron.port object s_rally_5eb420d9_2tQ3NdmN (3bde0cd6-fe2c-4772-8a04-cffe21eee4c6)
2019-07-16 09:54:48.138 22705 RALLYDEBUG rally_openstack.cleanup.manager [-] Deleting neutron.port object s_rally_5eb420d9_ee7SctWW (3bdfdb49-c487-496c-8d75-e2af96ef9677)
2019-07-16 09:54:48.141 22705 RALLYDEBUG rally_openstack.cleanup.manager [-] Deleting neutron.port object s_rally_5eb420d9_rzRhOmyp (3bed3d92-4719-460d-ac3f-f43ecc56c938)
2019-07-16 09:54:48.251 22705 RALLYDEBUG rally_openstack.cleanup.manager [-] Deleting neutron.port object s_rally_5eb420d9_BqsaXPNq (3cb97bc4-d497-4fad-af45-d0c975340e8f)
