2019-07-16 07:59:59.049 1842 RALLYDEBUG rally_openstack.cleanup.manager [-] Cleaning up nova keypairs objects
2019-07-16 07:59:59.456 1842 DEBUG novaclient.v2.client [-] REQ: curl -g -i -X GET http://172.30.9.28:8774/v2.1/os-keypairs -H "Accept: application/json" -H "User-Agent: python-novaclient" -H "X-Auth-Token: {SHA1}5dc8abd82b9d68e998db01288fa7be35679d85c4" _http_log_request /usr/lib/python2.7/site-packages/keystoneauth1/session.py:448
2019-07-16 07:59:59.649 1842 DEBUG novaclient.v2.client [-] RESP: [200] Content-Length: 16 Content-Type: application/json Date: Tue, 16 Jul 2019 07:59:59 GMT OpenStack-API-Version: compute 2.1 Server: Apache Vary: OpenStack-API-Version,X-OpenStack-Nova-API-Version X-OpenStack-Nova-API-Version: 2.1 x-compute-request-id: req-945b361f-00bb-4a38-862f-41d6c504f4e0 x-openstack-request-id: req-945b361f-00bb-4a38-862f-41d6c504f4e0 _http_log_response /usr/lib/python2.7/site-packages/keystoneauth1/session.py:479
2019-07-16 07:59:59.650 1842 DEBUG novaclient.v2.client [-] RESP BODY: {"keypairs": []} _http_log_response /usr/lib/python2.7/site-packages/keystoneauth1/session.py:511
2019-07-16 07:59:59.650 1842 DEBUG novaclient.v2.client [-] GET call to compute for http://172.30.9.28:8774/v2.1/os-keypairs used request id req-945b361f-00bb-4a38-862f-41d6c504f4e0 request /usr/lib/python2.7/site-packages/keystoneauth1/session.py:844
2019-07-16 08:00:00.067 1842 DEBUG novaclient.v2.client [-] REQ: curl -g -i -X GET http://172.30.9.28:8774/v2.1/os-keypairs -H "Accept: application/json" -H "User-Agent: python-novaclient" -H "X-Auth-Token: {SHA1}f27ebbeebc5430f32aada8e8449e90e211b10142" _http_log_request /usr/lib/python2.7/site-packages/keystoneauth1/session.py:448
2019-07-16 08:00:00.263 1842 DEBUG novaclient.v2.client [-] RESP: [200] Content-Length: 16 Content-Type: application/json Date: Tue, 16 Jul 2019 08:00:00 GMT OpenStack-API-Version: compute 2.1 Server: Apache Vary: OpenStack-API-Version,X-OpenStack-Nova-API-Version X-OpenStack-Nova-API-Version: 2.1 x-compute-request-id: req-5828137a-0461-42db-8bab-779341bc629b x-openstack-request-id: req-5828137a-0461-42db-8bab-779341bc629b _http_log_response /usr/lib/python2.7/site-packages/keystoneauth1/session.py:479
2019-07-16 08:00:00.264 1842 DEBUG novaclient.v2.client [-] RESP BODY: {"keypairs": []} _http_log_response /usr/lib/python2.7/site-packages/keystoneauth1/session.py:511
2019-07-16 08:00:00.264 1842 DEBUG novaclient.v2.client [-] GET call to compute for http://172.30.9.28:8774/v2.1/os-keypairs used request id req-5828137a-0461-42db-8bab-779341bc629b request /usr/lib/python2.7/site-packages/keystoneauth1/session.py:844
2019-07-16 08:00:00.687 1842 DEBUG novaclient.v2.client [-] REQ: curl -g -i -X GET http://172.30.9.28:8774/v2.1/os-keypairs -H "Accept: application/json" -H "User-Agent: python-novaclient" -H "X-Auth-Token: {SHA1}566ee43f08343435118a6f1b3c552df688b76fc3" _http_log_request /usr/lib/python2.7/site-packages/keystoneauth1/session.py:448
2019-07-16 08:00:00.886 1842 DEBUG novaclient.v2.client [-] RESP: [200] Content-Length: 16 Content-Type: application/json Date: Tue, 16 Jul 2019 08:00:00 GMT OpenStack-API-Version: compute 2.1 Server: Apache Vary: OpenStack-API-Version,X-OpenStack-Nova-API-Version X-OpenStack-Nova-API-Version: 2.1 x-compute-request-id: req-ccf3cce0-f620-4a10-8965-1185dd72f79c x-openstack-request-id: req-ccf3cce0-f620-4a10-8965-1185dd72f79c _http_log_response /usr/lib/python2.7/site-packages/keystoneauth1/session.py:479
2019-07-16 08:00:00.887 1842 DEBUG novaclient.v2.client [-] RESP BODY: {"keypairs": []} _http_log_response /usr/lib/python2.7/site-packages/keystoneauth1/session.py:511
2019-07-16 08:00:00.887 1842 DEBUG novaclient.v2.client [-] GET call to compute for http://172.30.9.28:8774/v2.1/os-keypairs used request id req-ccf3cce0-f620-4a10-8965-1185dd72f79c request /usr/lib/python2.7/site-packages/keystoneauth1/session.py:844
2019-07-16 08:00:01.313 1842 DEBUG novaclient.v2.client [-] REQ: curl -g -i -X GET http://172.30.9.28:8774/v2.1/os-keypairs -H "Accept: application/json" -H "User-Agent: python-novaclient" -H "X-Auth-Token: {SHA1}754bb9c2c44b7039793c66f801e2c15a9610b12f" _http_log_request /usr/lib/python2.7/site-packages/keystoneauth1/session.py:448
2019-07-16 08:00:01.513 1842 DEBUG novaclient.v2.client [-] RESP: [200] Content-Length: 16 Content-Type: application/json Date: Tue, 16 Jul 2019 08:00:01 GMT OpenStack-API-Version: compute 2.1 Server: Apache Vary: OpenStack-API-Version,X-OpenStack-Nova-API-Version X-OpenStack-Nova-API-Version: 2.1 x-compute-request-id: req-4a407c3f-a906-4395-ac2e-ae26ad96fe6d x-openstack-request-id: req-4a407c3f-a906-4395-ac2e-ae26ad96fe6d _http_log_response /usr/lib/python2.7/site-packages/keystoneauth1/session.py:479
2019-07-16 08:00:01.514 1842 DEBUG novaclient.v2.client [-] RESP BODY: {"keypairs": []} _http_log_response /usr/lib/python2.7/site-packages/keystoneauth1/session.py:511
2019-07-16 08:00:01.514 1842 DEBUG novaclient.v2.client [-] GET call to compute for http://172.30.9.28:8774/v2.1/os-keypairs used request id req-4a407c3f-a906-4395-ac2e-ae26ad96fe6d request /usr/lib/python2.7/site-packages/keystoneauth1/session.py:844
2019-07-16 08:00:01.929 1842 DEBUG novaclient.v2.client [-] REQ: curl -g -i -X GET http://172.30.9.28:8774/v2.1/os-keypairs -H "Accept: application/json" -H "User-Agent: python-novaclient" -H "X-Auth-Token: {SHA1}65fa133f9b7eca787166cec0f7552282a8a06437" _http_log_request /usr/lib/python2.7/site-packages/keystoneauth1/session.py:448
2019-07-16 08:00:02.126 1842 DEBUG novaclient.v2.client [-] RESP: [200] Content-Length: 16 Content-Type: application/json Date: Tue, 16 Jul 2019 08:00:01 GMT OpenStack-API-Version: compute 2.1 Server: Apache Vary: OpenStack-API-Version,X-OpenStack-Nova-API-Version X-OpenStack-Nova-API-Version: 2.1 x-compute-request-id: req-8b73a577-25a7-4d38-9c64-5b8e4d51d823 x-openstack-request-id: req-8b73a577-25a7-4d38-9c64-5b8e4d51d823 _http_log_response /usr/lib/python2.7/site-packages/keystoneauth1/session.py:479
2019-07-16 08:00:02.126 1842 DEBUG novaclient.v2.client [-] RESP BODY: {"keypairs": []} _http_log_response /usr/lib/python2.7/site-packages/keystoneauth1/session.py:511
2019-07-16 08:00:02.126 1842 DEBUG novaclient.v2.client [-] GET call to compute for http://172.30.9.28:8774/v2.1/os-keypairs used request id req-8b73a577-25a7-4d38-9c64-5b8e4d51d823 request /usr/lib/python2.7/site-packages/keystoneauth1/session.py:844
2019-07-16 08:00:02.545 1842 DEBUG novaclient.v2.client [-] REQ: curl -g -i -X GET http://172.30.9.28:8774/v2.1/os-keypairs -H "Accept: application/json" -H "User-Agent: python-novaclient" -H "X-Auth-Token: {SHA1}57a1e2c842ca4a3f8da5a9b9250ef546d595c826" _http_log_request /usr/lib/python2.7/site-packages/keystoneauth1/session.py:448
2019-07-16 08:00:02.841 1842 DEBUG novaclient.v2.client [-] RESP: [200] Content-Length: 16 Content-Type: application/json Date: Tue, 16 Jul 2019 08:00:02 GMT OpenStack-API-Version: compute 2.1 Server: Apache Vary: OpenStack-API-Version,X-OpenStack-Nova-API-Version X-OpenStack-Nova-API-Version: 2.1 x-compute-request-id: req-857dc7a0-2d8d-468b-b68a-ae4e85a255c3 x-openstack-request-id: req-857dc7a0-2d8d-468b-b68a-ae4e85a255c3 _http_log_response /usr/lib/python2.7/site-packages/keystoneauth1/session.py:479
2019-07-16 08:00:02.842 1842 DEBUG novaclient.v2.client [-] RESP BODY: {"keypairs": []} _http_log_response /usr/lib/python2.7/site-packages/keystoneauth1/session.py:511
2019-07-16 08:00:02.842 1842 DEBUG novaclient.v2.client [-] GET call to compute for http://172.30.9.28:8774/v2.1/os-keypairs used request id req-857dc7a0-2d8d-468b-b68a-ae4e85a255c3 request /usr/lib/python2.7/site-packages/keystoneauth1/session.py:844
2019-07-16 08:00:02.849 1842 RALLYDEBUG rally_openstack.cleanup.manager [-] Cleaning up cinder backups objects
2019-07-16 08:00:04.967 1842 RALLYDEBUG rally_openstack.cleanup.manager [-] Cleaning up cinder volume_snapshots objects
2019-07-16 08:00:07.063 1842 RALLYDEBUG rally_openstack.cleanup.manager [-] Cleaning up cinder transfers objects
2019-07-16 08:00:09.041 1842 RALLYDEBUG rally_openstack.cleanup.manager [-] Cleaning up cinder volumes objects
2019-07-16 08:00:10.964 1842 INFO rally.task.context [-] Task 10542a6a-50a3-4934-9939-c258be1b4561 | Context cleanup@openstack cleanup() finished in 16.16 sec
2019-07-16 08:00:10.964 1842 INFO rally.task.context [-] Task 10542a6a-50a3-4934-9939-c258be1b4561 | Context quotas@openstack cleanup() started
2019-07-16 08:00:11.677 1842 INFO rally.task.context [-] Task 10542a6a-50a3-4934-9939-c258be1b4561 | Context quotas@openstack cleanup() finished in 0.71 sec
2019-07-16 08:00:11.677 1842 INFO rally.task.context [-] Task 10542a6a-50a3-4934-9939-c258be1b4561 | Context api_versions@openstack cleanup() started
2019-07-16 08:00:11.678 1842 INFO rally.task.context [-] Task 10542a6a-50a3-4934-9939-c258be1b4561 | Context api_versions@openstack cleanup() finished in 0.32 msec
2019-07-16 08:00:11.678 1842 INFO rally.task.context [-] Task 10542a6a-50a3-4934-9939-c258be1b4561 | Context users@openstack cleanup() started
2019-07-16 08:00:18.465 1842 INFO rally.task.context [-] Task 10542a6a-50a3-4934-9939-c258be1b4561 | Context users@openstack cleanup() finished in 6.79 sec
2019-07-16 08:00:20.104 1842 INFO rally.task.engine [-] Load duration is: 96.356978
2019-07-16 08:00:20.105 1842 INFO rally.task.engine [-] Full runner duration is: 97.415581
2019-07-16 08:00:20.105 1842 INFO rally.task.engine [-] Full duration is: 128.880508
2019-07-16 08:00:20.336 1842 INFO rally.task.engine [-] Running workload: position = 0 config = { "version": 2, "title": "A cropped version of a bigger task.", "description": "Auto-generated task from a single workload (uuid=e192ac4e-fe7b-4366-8816-350808420dd7)", "subtasks": [ { "title": "CinderVolumes.create_volume", "description": "Create a volume.", "scenario": { "CinderVolumes.create_volume": { "size": 1 } }, "contexts": { "users": { "tenants": 3, "users_per_tenant": 2 }, "api_versions": { "cinder": { "version": 3, "service_type": "volumev3" } } }, "runner": { "constant": { "concurrency": 4, "times": 10 } }, "hooks": [], "sla": { "failure_rate": { "max": 0 } } } ] }
2019-07-16 08:00:20.350 1842 RALLYDEBUG rally_openstack.contexts.keystone.users [-] Creating 3 tenants using 20 threads
2019-07-16 08:00:22.058 1842 RALLYDEBUG rally_openstack.contexts.keystone.users [-] Creating 6 users using 20 threads
2019-07-16 08:00:24.786 1842 INFO rally.task.context [-] Task 10542a6a-50a3-4934-9939-c258be1b4561 | Context users@openstack setup() finished in 4.44 sec
2019-07-16 08:00:25.215 1842 INFO rally.task.context [-] Task 10542a6a-50a3-4934-9939-c258be1b4561 | Context api_versions@openstack setup() finished in 0.43 sec
2019-07-16 08:00:25.215 1842 INFO rally.task.context [-] Task 10542a6a-50a3-4934-9939-c258be1b4561 | Context cleanup@openstack setup() finished in 0.01 msec
2019-07-16 08:00:25.223 1842 RALLYDEBUG rally.task.runner [-] Starting the constant runner (task UUID: 10542a6a-50a3-4934-9939-c258be1b4561). timeout: 0 concurrency: 4 concurrency_per_worker: 1 times: 10 concurrency_overhead: 0 processes_to_start: 4 max_cpu_used: 16
2019-07-16 08:00:25.236 3474 RALLYDEBUG rally.task.runner [-] Starting a worker. concurrency: 1 args: {"size": 1} times: 10 method_name: run timeout: 0 duration: None cls:
2019-07-16 08:00:25.238 3475 RALLYDEBUG rally.task.runner [-] Starting a worker. concurrency: 1 args: {"size": 1} times: 10 method_name: run timeout: 0 duration: None cls:
2019-07-16 08:00:25.241 3476 RALLYDEBUG rally.task.runner [-] Starting a worker. concurrency: 1 args: {"size": 1} times: 10 method_name: run timeout: 0 duration: None cls:
2019-07-16 08:00:25.243 3474 INFO rally.task.runner [-] Task 10542a6a-50a3-4934-9939-c258be1b4561 | ITER: 1 START
2019-07-16 08:00:25.245 3477 RALLYDEBUG rally.task.runner [-] Starting a worker. concurrency: 1 args: {"size": 1} times: 10 method_name: run timeout: 0 duration: None cls:
2019-07-16 08:00:25.246 3475 INFO rally.task.runner [-] Task 10542a6a-50a3-4934-9939-c258be1b4561 | ITER: 2 START
2019-07-16 08:00:25.249 3476 INFO rally.task.runner [-] Task 10542a6a-50a3-4934-9939-c258be1b4561 | ITER: 3 START
2019-07-16 08:00:25.253 3477 INFO rally.task.runner [-] Task 10542a6a-50a3-4934-9939-c258be1b4561 | ITER: 4 START
2019-07-16 08:00:28.733 3475 INFO rally.task.runner [-] Task 10542a6a-50a3-4934-9939-c258be1b4561 | ITER: 2 END: OK
2019-07-16 08:00:28.738 3475 INFO rally.task.runner [-] Task 10542a6a-50a3-4934-9939-c258be1b4561 | ITER: 5 START
2019-07-16 08:00:28.787 3477 INFO rally.task.runner [-] Task 10542a6a-50a3-4934-9939-c258be1b4561 | ITER: 4 END: OK
2019-07-16 08:00:28.792 3477 INFO rally.task.runner [-] Task 10542a6a-50a3-4934-9939-c258be1b4561 | ITER: 6 START
2019-07-16 08:00:28.893 3474 INFO rally.task.runner [-] Task 10542a6a-50a3-4934-9939-c258be1b4561 | ITER: 1 END: OK
2019-07-16 08:00:28.898 3474 INFO rally.task.runner [-] Task 10542a6a-50a3-4934-9939-c258be1b4561 | ITER: 7 START
2019-07-16 08:00:29.053 3476 INFO rally.task.runner [-] Task 10542a6a-50a3-4934-9939-c258be1b4561 | ITER: 3 END: OK
2019-07-16 08:00:29.056 3476 INFO rally.task.runner [-] Task 10542a6a-50a3-4934-9939-c258be1b4561 | ITER: 8 START
2019-07-16 08:00:32.137 3475 INFO rally.task.runner [-] Task 10542a6a-50a3-4934-9939-c258be1b4561 | ITER: 5 END: OK
2019-07-16 08:00:32.140 3475 INFO rally.task.runner [-] Task 10542a6a-50a3-4934-9939-c258be1b4561 | ITER: 9 START
2019-07-16 08:00:32.261 3477 INFO rally.task.runner [-] Task 10542a6a-50a3-4934-9939-c258be1b4561 | ITER: 6 END: OK
2019-07-16 08:00:32.266 3477 INFO rally.task.runner [-] Task 10542a6a-50a3-4934-9939-c258be1b4561 | ITER: 10 START
2019-07-16 08:00:32.389 3474 INFO rally.task.runner [-] Task 10542a6a-50a3-4934-9939-c258be1b4561 | ITER: 7 END: OK
2019-07-16 08:00:32.485 3476 INFO rally.task.runner [-] Task 10542a6a-50a3-4934-9939-c258be1b4561 | ITER: 8 END: OK
2019-07-16 08:00:35.594 3475 INFO rally.task.runner [-] Task 10542a6a-50a3-4934-9939-c258be1b4561 | ITER: 9 END: OK
2019-07-16 08:00:35.677 3477 INFO rally.task.runner [-] Task 10542a6a-50a3-4934-9939-c258be1b4561 | ITER: 10 END: OK
2019-07-16 08:00:35.700 1842 INFO rally.task.context [-] Task 10542a6a-50a3-4934-9939-c258be1b4561 | Context cleanup@openstack cleanup() started
2019-07-16 08:00:35.703 1842 RALLYDEBUG rally_openstack.cleanup.manager [-] Cleaning up cinder backups objects
2019-07-16 08:00:37.681 1842 RALLYDEBUG rally_openstack.cleanup.manager [-] Cleaning up cinder volume_snapshots objects
2019-07-16 08:00:39.647 1842 RALLYDEBUG rally_openstack.cleanup.manager [-] Cleaning up cinder transfers objects
2019-07-16 08:00:41.590 1842 RALLYDEBUG rally_openstack.cleanup.manager [-] Cleaning up cinder volumes objects
2019-07-16 08:00:43.627 1842 RALLYDEBUG rally_openstack.cleanup.manager [-] Deleting cinder.volumes object s_rally_e192ac4e_Bl2y9DNz (6e7c7879-ea07-494a-a403-3f67128d21a0)
2019-07-16 08:00:43.632 1842 RALLYDEBUG rally_openstack.cleanup.manager [-] Deleting cinder.volumes object s_rally_e192ac4e_vwW8LVB2 (92d16e45-c5a3-4f56-8894-80f950b1efe5)
2019-07-16 08:00:43.633 1842 RALLYDEBUG rally_openstack.cleanup.manager [-] Deleting cinder.volumes object s_rally_e192ac4e_LfHgALgc (cad5ac63-dd62-4d7e-8842-1454771305cc)
2019-07-16 08:00:43.639 1842 RALLYDEBUG rally_openstack.cleanup.manager [-] Deleting cinder.volumes object s_rally_e192ac4e_RRbRIsRF (9b4b9ba8-861f-4d08-a81a-32a41d4c82cd)
2019-07-16 08:00:43.640 1842 RALLYDEBUG rally_openstack.cleanup.manager [-] Deleting cinder.volumes object s_rally_e192ac4e_c08R7D8f (749cbe5d-d0ab-401b-b2e0-fe356a9f9b53)
2019-07-16 08:00:43.641 1842 RALLYDEBUG rally_openstack.cleanup.manager [-] Deleting cinder.volumes object s_rally_e192ac4e_NMgxcEiV (7cbec937-73b0-4f4e-864c-2f5cece7f48d)
2019-07-16 08:00:43.644 1842 RALLYDEBUG rally_openstack.cleanup.manager [-] Deleting cinder.volumes object s_rally_e192ac4e_cyiadmw7 (d02dc26c-2feb-451e-b202-75ba0af3b21d)
2019-07-16 08:00:43.647 1842 RALLYDEBUG rally_openstack.cleanup.manager [-] Deleting cinder.volumes object s_rally_e192ac4e_FH2JQX3O (b0257357-ffa4-42be-9815-cf0a52e0a02a)
2019-07-16 08:00:43.652 1842 RALLYDEBUG rally_openstack.cleanup.manager [-] Deleting cinder.volumes object s_rally_e192ac4e_pSfpWJCc (b28fffb6-2b30-4ca9-baca-cdbe4cdf583d)
2019-07-16 08:00:43.654 1842 RALLYDEBUG rally_openstack.cleanup.manager [-] Deleting cinder.volumes object s_rally_e192ac4e_JPEuDvwO (60c719e9-bd28-43d4-a774-3887581deb56)
2019-07-16 08:00:48.721 1842 INFO rally.task.context [-] Task 10542a6a-50a3-4934-9939-c258be1b4561 | Context cleanup@openstack cleanup() finished in 13.02 sec
2019-07-16 08:00:48.721 1842 INFO rally.task.context [-] Task 10542a6a-50a3-4934-9939-c258be1b4561 | Context api_versions@openstack cleanup() started
2019-07-16 08:00:48.722 1842 INFO rally.task.context [-] Task 10542a6a-50a3-4934-9939-c258be1b4561 | Context api_versions@openstack cleanup() finished in 0.31 msec
2019-07-16 08:00:48.722 1842 INFO rally.task.context [-] Task 10542a6a-50a3-4934-9939-c258be1b4561 | Context users@openstack cleanup() started
2019-07-16 08:00:55.148 1842 INFO rally.task.context [-] Task 10542a6a-50a3-4934-9939-c258be1b4561 | Context users@openstack cleanup() finished in 6.43 sec
2019-07-16 08:00:56.503 1842 INFO rally.task.engine [-] Load duration is: 10.429982
2019-07-16 08:00:56.503 1842 INFO rally.task.engine [-] Full runner duration is: 10.477674
2019-07-16 08:00:56.504 1842 INFO rally.task.engine [-] Full duration is: 34.799995
2019-07-16 08:00:56.655 1842 INFO rally.task.engine [-] Running workload: position = 1 config = { "version": 2, "title": "A cropped version of a bigger task.", "description": "Auto-generated task from a single workload (uuid=55f38e84-b1c3-40b3-9ead-a4455c3fdadc)", "subtasks": [ { "title": "CinderVolumes.create_volume", "description": "Create a volume.", "scenario": { "CinderVolumes.create_volume": { "size": { "min": 1, "max": 1 } } }, "contexts": { "users": { "tenants": 3, "users_per_tenant": 2 }, "quotas": { "cinder": { "gigabytes": -1, "snapshots": -1, "volumes": -1 } }, "api_versions": { "cinder": { "version": 3, "service_type": "volumev3" } } }, "runner": { "constant": { "concurrency": 4, "times": 10 } }, "hooks": [], "sla": { "failure_rate": { "max": 0 } } } ] }
2019-07-16 08:00:56.679 1842 RALLYDEBUG rally_openstack.contexts.keystone.users [-] Creating 3 tenants using 20 threads
2019-07-16 08:00:58.773 1842 RALLYDEBUG rally_openstack.contexts.keystone.users [-] Creating 6 users using 20 threads
2019-07-16 08:01:01.543 1842 INFO rally.task.context [-] Task 10542a6a-50a3-4934-9939-c258be1b4561 | Context users@openstack setup() finished in 4.86 sec
2019-07-16 08:01:01.988 1842 INFO rally.task.context [-] Task 10542a6a-50a3-4934-9939-c258be1b4561 | Context api_versions@openstack setup() finished in 0.44 sec
2019-07-16 08:01:03.692 1842 INFO rally.task.context [-] Task 10542a6a-50a3-4934-9939-c258be1b4561 | Context quotas@openstack setup() finished in 1.70 sec
2019-07-16 08:01:03.693 1842 INFO rally.task.context [-] Task 10542a6a-50a3-4934-9939-c258be1b4561 | Context cleanup@openstack setup() finished in 0.01 msec
2019-07-16 08:01:03.703 1842 RALLYDEBUG rally.task.runner [-] Starting the constant runner (task UUID: 10542a6a-50a3-4934-9939-c258be1b4561). timeout: 0 concurrency: 4 concurrency_per_worker: 1 times: 10 concurrency_overhead: 0 processes_to_start: 4 max_cpu_used: 16
2019-07-16 08:01:03.712 3658 RALLYDEBUG rally.task.runner [-] Starting a worker. concurrency: 1 args: {"size": {"min": 1, "max": 1}} times: 10 method_name: run timeout: 0 duration: None cls:
2019-07-16 08:01:03.716 3658 INFO rally.task.runner [-] Task 10542a6a-50a3-4934-9939-c258be1b4561 | ITER: 1 START
2019-07-16 08:01:03.719 3659 RALLYDEBUG rally.task.runner [-] Starting a worker. concurrency: 1 args: {"size": {"min": 1, "max": 1}} times: 10 method_name: run timeout: 0 duration: None cls:
2019-07-16 08:01:03.719 3660 RALLYDEBUG rally.task.runner [-] Starting a worker. concurrency: 1 args: {"size": {"min": 1, "max": 1}} times: 10 method_name: run timeout: 0 duration: None cls:
2019-07-16 08:01:03.722 3663 RALLYDEBUG rally.task.runner [-] Starting a worker. concurrency: 1 args: {"size": {"min": 1, "max": 1}} times: 10 method_name: run timeout: 0 duration: None cls:
2019-07-16 08:01:03.724 3660 INFO rally.task.runner [-] Task 10542a6a-50a3-4934-9939-c258be1b4561 | ITER: 3 START
2019-07-16 08:01:03.726 3659 INFO rally.task.runner [-] Task 10542a6a-50a3-4934-9939-c258be1b4561 | ITER: 2 START
2019-07-16 08:01:03.727 3663 INFO rally.task.runner [-] Task 10542a6a-50a3-4934-9939-c258be1b4561 | ITER: 4 START
2019-07-16 08:01:07.077 3663 INFO rally.task.runner [-] Task 10542a6a-50a3-4934-9939-c258be1b4561 | ITER: 4 END: OK
2019-07-16 08:01:07.082 3663 INFO rally.task.runner [-] Task 10542a6a-50a3-4934-9939-c258be1b4561 | ITER: 5 START
2019-07-16 08:01:07.296 3658 INFO rally.task.runner [-] Task 10542a6a-50a3-4934-9939-c258be1b4561 | ITER: 1 END: OK
2019-07-16 08:01:07.302 3658 INFO rally.task.runner [-] Task 10542a6a-50a3-4934-9939-c258be1b4561 | ITER: 6 START
2019-07-16 08:01:07.553 3659 INFO rally.task.runner [-] Task 10542a6a-50a3-4934-9939-c258be1b4561 | ITER: 2 END: OK
2019-07-16 08:01:07.559 3659 INFO rally.task.runner [-] Task 10542a6a-50a3-4934-9939-c258be1b4561 | ITER: 7 START
2019-07-16 08:01:08.170 3660 INFO rally.task.runner [-] Task 10542a6a-50a3-4934-9939-c258be1b4561 | ITER: 3 END: OK
2019-07-16 08:01:08.177 3660 INFO rally.task.runner [-] Task 10542a6a-50a3-4934-9939-c258be1b4561 | ITER: 8 START
2019-07-16 08:01:10.226 3663 INFO rally.task.runner [-] Task 10542a6a-50a3-4934-9939-c258be1b4561 | ITER: 5 END: OK
2019-07-16 08:01:10.231 3663 INFO rally.task.runner [-] Task 10542a6a-50a3-4934-9939-c258be1b4561 | ITER: 9 START
2019-07-16 08:01:10.664 3658 INFO rally.task.runner [-] Task 10542a6a-50a3-4934-9939-c258be1b4561 | ITER: 6 END: OK
2019-07-16 08:01:10.669 3658 INFO rally.task.runner [-] Task 10542a6a-50a3-4934-9939-c258be1b4561 | ITER: 10 START
2019-07-16 08:01:11.024 3659 INFO rally.task.runner [-] Task 10542a6a-50a3-4934-9939-c258be1b4561 | ITER: 7 END: OK
2019-07-16 08:01:11.787 3660 INFO rally.task.runner [-] Task 10542a6a-50a3-4934-9939-c258be1b4561 | ITER: 8 END: OK
2019-07-16 08:01:13.392 3663 INFO rally.task.runner [-] Task 10542a6a-50a3-4934-9939-c258be1b4561 | ITER: 9 END: OK
2019-07-16 08:01:14.019 3658 INFO rally.task.runner [-] Task 10542a6a-50a3-4934-9939-c258be1b4561 | ITER: 10 END: OK
2019-07-16 08:01:14.049 1842 INFO rally.task.context [-] Task 10542a6a-50a3-4934-9939-c258be1b4561 | Context cleanup@openstack cleanup() started
2019-07-16 08:01:14.051 1842 RALLYDEBUG rally_openstack.cleanup.manager [-] Cleaning up cinder backups objects
2019-07-16 08:01:16.027 1842 RALLYDEBUG rally_openstack.cleanup.manager [-] Cleaning up cinder volume_snapshots objects
2019-07-16 08:01:18.163 1842 RALLYDEBUG rally_openstack.cleanup.manager [-] Cleaning up cinder transfers objects
2019-07-16 08:01:20.031 1842 RALLYDEBUG rally_openstack.cleanup.manager [-] Cleaning up cinder volumes objects
2019-07-16 08:01:22.091 1842 RALLYDEBUG rally_openstack.cleanup.manager [-] Deleting cinder.volumes object s_rally_55f38e84_zqnGvZNv (b27997dc-04e5-4858-aab5-70ee5e833867)
2019-07-16 08:01:22.095 1842 RALLYDEBUG rally_openstack.cleanup.manager [-] Deleting cinder.volumes object s_rally_55f38e84_U8IBfGJP (8adeacf4-9e71-4d8c-aca5-04de6a9b3447)
2019-07-16 08:01:22.096 1842 RALLYDEBUG rally_openstack.cleanup.manager [-] Deleting cinder.volumes object s_rally_55f38e84_ndK9l6cA (14bbe179-030f-4b9f-a04f-8883649549a4)
2019-07-16 08:01:22.097 1842 RALLYDEBUG rally_openstack.cleanup.manager [-] Deleting cinder.volumes object s_rally_55f38e84_gofnC3Zn (dd132ad1-d6d8-474b-8e3d-3df2eca15b5d)
2019-07-16 08:01:22.099 1842 RALLYDEBUG rally_openstack.cleanup.manager [-] Deleting cinder.volumes object s_rally_55f38e84_FYD1ewO4 (f4694488-c116-4bb9-9335-43cccd5d1a71)
2019-07-16 08:01:22.099 1842 RALLYDEBUG rally_openstack.cleanup.manager [-] Deleting cinder.volumes object s_rally_55f38e84_d13GKaTt (fb450eb6-ccfa-471f-a9ff-1f8e9432a546)
2019-07-16 08:01:22.102 1842 RALLYDEBUG rally_openstack.cleanup.manager [-] Deleting cinder.volumes object s_rally_55f38e84_RxA86i7o (2a2a3813-32c7-41cf-b163-cf1a7433f700)
2019-07-16 08:01:22.106 1842 RALLYDEBUG rally_openstack.cleanup.manager [-] Deleting cinder.volumes object s_rally_55f38e84_wY9t4mWe (e3f62961-a6ce-4a2e-aa72-c32ffc21f835)
2019-07-16 08:01:22.107 1842 RALLYDEBUG rally_openstack.cleanup.manager [-] Deleting cinder.volumes object s_rally_55f38e84_XBu2LLdC (54fe003c-86e4-457d-b237-27f9cb995aad)
2019-07-16 08:01:22.132 1842 RALLYDEBUG rally_openstack.cleanup.manager [-] Deleting cinder.volumes object s_rally_55f38e84_m1wO9gfi (d463070f-f06c-40c7-ac55-279f0a677ea0)
2019-07-16 08:01:25.892 1842 INFO rally.task.context [-] Task 10542a6a-50a3-4934-9939-c258be1b4561 | Context cleanup@openstack cleanup() finished in 11.84 sec
2019-07-16 08:01:25.892 1842 INFO rally.task.context [-] Task 10542a6a-50a3-4934-9939-c258be1b4561 | Context quotas@openstack cleanup() started
2019-07-16 08:01:26.152 1842 INFO rally.task.context [-] Task 10542a6a-50a3-4934-9939-c258be1b4561 | Context quotas@openstack cleanup() finished in 0.26 sec
2019-07-16 08:01:26.153 1842 INFO rally.task.context [-] Task 10542a6a-50a3-4934-9939-c258be1b4561 | Context api_versions@openstack cleanup() started
2019-07-16 08:01:26.153 1842 INFO rally.task.context [-] Task 10542a6a-50a3-4934-9939-c258be1b4561 | Context api_versions@openstack cleanup() finished in 0.32 msec
2019-07-16 08:01:26.153 1842 INFO rally.task.context [-] Task 10542a6a-50a3-4934-9939-c258be1b4561 | Context users@openstack cleanup() started
2019-07-16 08:01:32.885 1842 INFO rally.task.context [-] Task 10542a6a-50a3-4934-9939-c258be1b4561 | Context users@openstack cleanup() finished in 6.73 sec
2019-07-16 08:01:34.845 1842 INFO rally.task.engine [-] Load duration is: 10.29986
2019-07-16 08:01:34.846 1842 INFO rally.task.engine [-] Full runner duration is: 10.346687
2019-07-16 08:01:34.846 1842 INFO rally.task.engine [-] Full duration is: 36.209554
2019-07-16 08:01:35.116 1842 INFO rally.task.engine [-] Running workload: position = 0 config = { "version": 2, "title": "A cropped version of a bigger task.", "description": "Auto-generated task from a single workload (uuid=ed650538-6c5a-419e-b477-0ec86ced66ef)", "subtasks": [ { "title": "CinderVolumes.list_volumes", "description": "List all volumes.", "scenario": { "CinderVolumes.list_volumes": { "detailed": true } }, "contexts": { "users": { "tenants": 3, "users_per_tenant": 2 }, "quotas": { "cinder": { "gigabytes": -1, "snapshots": -1, "volumes": -1 } }, "api_versions": { "cinder": { "version": 3, "service_type": "volumev3" } }, "volumes": { "size": 1, "volumes_per_tenant": 4 } }, "runner": { "constant": { "concurrency": 4, "times": 10 } }, "hooks": [], "sla": { "failure_rate": { "max": 0 } } } ] }
2019-07-16 08:01:35.140 1842 RALLYDEBUG rally_openstack.contexts.keystone.users [-] Creating 3 tenants using 20 threads
2019-07-16 08:01:37.028 1842 RALLYDEBUG rally_openstack.contexts.keystone.users [-] Creating 6 users using 20 threads
2019-07-16 08:01:39.744 1842 INFO rally.task.context [-] Task 10542a6a-50a3-4934-9939-c258be1b4561 | Context users@openstack setup() finished in 4.60 sec
2019-07-16 08:01:40.169 1842 INFO rally.task.context [-] Task 10542a6a-50a3-4934-9939-c258be1b4561 | Context api_versions@openstack setup() finished in 0.42 sec
2019-07-16 08:01:41.691 1842 INFO rally.task.context [-] Task 10542a6a-50a3-4934-9939-c258be1b4561 | Context quotas@openstack setup() finished in 1.52 sec
2019-07-16 08:02:16.360 1842 INFO rally.task.context [-] Task 10542a6a-50a3-4934-9939-c258be1b4561 | Context volumes@openstack setup() finished in 34.67 sec
2019-07-16 08:02:16.368 1842 RALLYDEBUG rally.task.runner [-] Starting the constant runner (task UUID: 10542a6a-50a3-4934-9939-c258be1b4561). timeout: 0 concurrency: 4 concurrency_per_worker: 1 times: 10 concurrency_overhead: 0 processes_to_start: 4 max_cpu_used: 16
2019-07-16 08:02:16.381 3842 RALLYDEBUG rally.task.runner [-] Starting a worker. concurrency: 1 args: {"detailed": true} times: 10 method_name: run timeout: 0 duration: None cls:
2019-07-16 08:02:16.383 3843 RALLYDEBUG rally.task.runner [-] Starting a worker. concurrency: 1 args: {"detailed": true} times: 10 method_name: run timeout: 0 duration: None cls:
2019-07-16 08:02:16.386 3844 RALLYDEBUG rally.task.runner [-] Starting a worker. concurrency: 1 args: {"detailed": true} times: 10 method_name: run timeout: 0 duration: None cls:
2019-07-16 08:02:16.389 3842 INFO rally.task.runner [-] Task 10542a6a-50a3-4934-9939-c258be1b4561 | ITER: 1 START
2019-07-16 08:02:16.390 3845 RALLYDEBUG rally.task.runner [-] Starting a worker. concurrency: 1 args: {"detailed": true} times: 10 method_name: run timeout: 0 duration: None cls:
2019-07-16 08:02:16.391 3843 INFO rally.task.runner [-] Task 10542a6a-50a3-4934-9939-c258be1b4561 | ITER: 2 START
2019-07-16 08:02:16.394 3844 INFO rally.task.runner [-] Task 10542a6a-50a3-4934-9939-c258be1b4561 | ITER: 3 START
2019-07-16 08:02:16.399 3845 INFO rally.task.runner [-] Task 10542a6a-50a3-4934-9939-c258be1b4561 | ITER: 4 START
2019-07-16 08:02:17.173 3844 INFO rally.task.runner [-] Task 10542a6a-50a3-4934-9939-c258be1b4561 | ITER: 3 END: OK
2019-07-16 08:02:17.179 3844 INFO rally.task.runner [-] Task 10542a6a-50a3-4934-9939-c258be1b4561 | ITER: 5 START
2019-07-16 08:02:17.217 3845 INFO rally.task.runner [-] Task 10542a6a-50a3-4934-9939-c258be1b4561 | ITER: 4 END: OK
2019-07-16 08:02:17.223 3845 INFO rally.task.runner [-] Task 10542a6a-50a3-4934-9939-c258be1b4561 | ITER: 6 START
2019-07-16 08:02:17.254 3842 INFO rally.task.runner [-] Task 10542a6a-50a3-4934-9939-c258be1b4561 | ITER: 1 END: OK
2019-07-16 08:02:17.259 3842 INFO rally.task.runner [-] Task 10542a6a-50a3-4934-9939-c258be1b4561 | ITER: 7 START
2019-07-16 08:02:17.277 3843 INFO rally.task.runner [-] Task 10542a6a-50a3-4934-9939-c258be1b4561 | ITER: 2 END: OK
2019-07-16 08:02:17.282 3843 INFO rally.task.runner [-] Task 10542a6a-50a3-4934-9939-c258be1b4561 | ITER: 8 START
2019-07-16 08:02:17.938 3845 INFO rally.task.runner [-] Task 10542a6a-50a3-4934-9939-c258be1b4561 | ITER: 6 END: OK
2019-07-16 08:02:17.944 3845 INFO rally.task.runner [-] Task 10542a6a-50a3-4934-9939-c258be1b4561 | ITER: 9 START
2019-07-16 08:02:17.965 3842 INFO rally.task.runner [-] Task 10542a6a-50a3-4934-9939-c258be1b4561 | ITER: 7 END: OK
2019-07-16 08:02:17.971 3842 INFO rally.task.runner [-] Task 10542a6a-50a3-4934-9939-c258be1b4561 | ITER: 10 START
2019-07-16 08:02:18.066 3844 INFO rally.task.runner [-] Task 10542a6a-50a3-4934-9939-c258be1b4561 | ITER: 5 END: OK
2019-07-16 08:02:18.153 3843 INFO rally.task.runner [-] Task 10542a6a-50a3-4934-9939-c258be1b4561 | ITER: 8 END: OK
2019-07-16 08:02:18.642 3845 INFO rally.task.runner [-] Task 10542a6a-50a3-4934-9939-c258be1b4561 | ITER: 9 END: OK
2019-07-16 08:02:18.742 3842 INFO rally.task.runner [-] Task 10542a6a-50a3-4934-9939-c258be1b4561 | ITER: 10 END: OK
2019-07-16 08:02:18.763 1842 INFO rally.task.context [-] Task 10542a6a-50a3-4934-9939-c258be1b4561 | Context volumes@openstack cleanup() started
2019-07-16 08:02:18.764 1842 RALLYDEBUG rally_openstack.cleanup.manager [-] Cleaning up cinder volumes objects
2019-07-16 08:02:20.890 1842 RALLYDEBUG rally_openstack.cleanup.manager [-] Deleting cinder.volumes object c_rally_ed650538_O1oVMntO (bb96d6a4-9105-47de-8a17-7e27ab890674)
2019-07-16 08:02:20.895 1842 RALLYDEBUG rally_openstack.cleanup.manager [-] Deleting cinder.volumes object c_rally_ed650538_eN6Mxo7K (1a1919f2-f8d4-4f90-9e5d-d89acb966a1a)
2019-07-16 08:02:20.896 1842 RALLYDEBUG rally_openstack.cleanup.manager [-] Deleting cinder.volumes object c_rally_ed650538_16rxrqXA (852c2804-aca0-4f8a-bdf2-16db3e9a073c)
2019-07-16 08:02:20.900 1842 RALLYDEBUG rally_openstack.cleanup.manager [-] Deleting cinder.volumes object c_rally_ed650538_EnOq9Jgn (08deaa2b-9f68-4609-801a-9ab504a58528)
2019-07-16 08:02:20.903 1842 RALLYDEBUG rally_openstack.cleanup.manager [-] Deleting cinder.volumes object c_rally_ed650538_q51soemx (7c3b1b4c-0262-41f4-b682-fa6dd7c74dd7)
2019-07-16 08:02:20.905 1842 RALLYDEBUG rally_openstack.cleanup.manager [-] Deleting cinder.volumes object c_rally_ed650538_8ynEb0XP (b3aa1214-03a7-4785-a53e-431a350c0ab8)
2019-07-16 08:02:20.907 1842 RALLYDEBUG rally_openstack.cleanup.manager [-] Deleting cinder.volumes object c_rally_ed650538_9JmXw2t3 (b1d167a0-31d9-4504-aa5e-7b2bddfdc199)
2019-07-16 08:02:20.912 1842 RALLYDEBUG rally_openstack.cleanup.manager [-] Deleting cinder.volumes object c_rally_ed650538_jr6IxqWz (50083ed6-bca2-47ef-ab52-4a63ada39cc5)
2019-07-16 08:02:20.913 1842 RALLYDEBUG rally_openstack.cleanup.manager [-] Deleting cinder.volumes object c_rally_ed650538_m3OQUSRb (6cf73a85-1c89-4bf2-bf1a-9e8d98985360)
2019-07-16 08:02:20.917 1842 RALLYDEBUG rally_openstack.cleanup.manager [-] Deleting cinder.volumes object c_rally_ed650538_mr8Pezra (cac8df59-69d7-436b-82f5-992109e1661c)
2019-07-16 08:02:20.919 1842 RALLYDEBUG rally_openstack.cleanup.manager [-] Deleting cinder.volumes object c_rally_ed650538_QhSmLwrx (4744701a-408f-46d8-8740-3c84afccec1e)
2019-07-16 08:02:20.926 1842 RALLYDEBUG rally_openstack.cleanup.manager [-] Deleting cinder.volumes object c_rally_ed650538_SmgU6RZe (7ab89b36-72da-4718-a907-1317a68ed434)
2019-07-16 08:02:26.080 1842 INFO rally.task.context [-] Task 10542a6a-50a3-4934-9939-c258be1b4561 | Context volumes@openstack cleanup() finished in 7.32 sec
2019-07-16 08:02:26.080 1842 INFO rally.task.context [-] Task 10542a6a-50a3-4934-9939-c258be1b4561 | Context quotas@openstack cleanup() started
2019-07-16 08:02:26.603 1842 INFO rally.task.context [-] Task 10542a6a-50a3-4934-9939-c258be1b4561 | Context quotas@openstack cleanup() finished in 0.52 sec
2019-07-16 08:02:26.603 1842 INFO rally.task.context [-] Task 10542a6a-50a3-4934-9939-c258be1b4561 | Context api_versions@openstack cleanup() started
2019-07-16 08:02:26.603 1842 INFO rally.task.context [-] Task 10542a6a-50a3-4934-9939-c258be1b4561 | Context api_versions@openstack cleanup() finished in 0.32 msec
2019-07-16 08:02:26.604 1842 INFO rally.task.context [-] Task 10542a6a-50a3-4934-9939-c258be1b4561 | Context users@openstack cleanup() started
2019-07-16 08:02:33.343 1842 INFO rally.task.context [-] Task 10542a6a-50a3-4934-9939-c258be1b4561 | Context users@openstack cleanup() finished in 6.74 sec
2019-07-16 08:02:33.377 1842 INFO rally.task.engine [-] Load duration is: 2.347859
2019-07-16 08:02:33.377 1842 INFO rally.task.engine [-] Full runner duration is: 2.395791
2019-07-16 08:02:33.377 1842 INFO rally.task.engine [-] Full duration is: 58.206647
2019-07-16 08:02:33.648 1842 INFO rally.task.engine [-] Running workload: position = 0 config = { "version": 2, "title": "A cropped version of a bigger task.", "description": "Auto-generated task from a single workload (uuid=7c613a0a-db27-40b8-a418-99fe4f4507e7)", "subtasks": [ { "title": "CinderVolumes.create_and_delete_snapshot", "description": "Create and then delete a volume-snapshot.", "scenario": { "CinderVolumes.create_and_delete_snapshot": { "force": false } }, "contexts": { "users": { "tenants": 3, "users_per_tenant": 2 }, "quotas": { "cinder": { "gigabytes": -1, "snapshots": -1, "volumes": -1 } }, "api_versions": { "cinder": { "version": 3, "service_type": "volumev3" } }, "volumes": { "size": 1, "volumes_per_tenant": 1 } }, "runner": { "constant": { "concurrency": 4, "times": 10 } }, "hooks": [], "sla": { "failure_rate": { "max": 0 } } } ] }
2019-07-16 08:02:33.668 1842 RALLYDEBUG rally_openstack.contexts.keystone.users [-] Creating 3 tenants using 20 threads
2019-07-16 08:02:35.558 1842 RALLYDEBUG rally_openstack.contexts.keystone.users [-] Creating 6 users using 20 threads
2019-07-16 08:02:38.425 1842 INFO rally.task.context [-] Task 10542a6a-50a3-4934-9939-c258be1b4561 | Context users@openstack setup() finished in 4.76 sec
2019-07-16 08:02:38.844 1842 INFO rally.task.context [-] Task 10542a6a-50a3-4934-9939-c258be1b4561 | Context api_versions@openstack setup() finished in 0.42 sec
2019-07-16 08:02:40.361 1842 INFO rally.task.context [-] Task 10542a6a-50a3-4934-9939-c258be1b4561 | Context quotas@openstack setup() finished in 1.52 sec
2019-07-16 08:02:50.929 1842 INFO rally.task.context [-] Task 10542a6a-50a3-4934-9939-c258be1b4561 | Context volumes@openstack setup() finished in 10.57 sec
2019-07-16 08:02:50.930 1842 INFO rally.task.context [-] Task 10542a6a-50a3-4934-9939-c258be1b4561 | Context cleanup@openstack setup() finished in 0.01 msec
2019-07-16 08:02:50.938 1842 RALLYDEBUG rally.task.runner [-] Starting the constant runner (task UUID: 10542a6a-50a3-4934-9939-c258be1b4561). timeout: 0 concurrency: 4 concurrency_per_worker: 1 times: 10 concurrency_overhead: 0 processes_to_start: 4 max_cpu_used: 16
2019-07-16 08:02:50.951 3966 RALLYDEBUG rally.task.runner [-] Starting a worker. concurrency: 1 args: {"force": false} times: 10 method_name: run timeout: 0 duration: None cls:
2019-07-16 08:02:50.954 3967 RALLYDEBUG rally.task.runner [-] Starting a worker. concurrency: 1 args: {"force": false} times: 10 method_name: run timeout: 0 duration: None cls:
2019-07-16 08:02:50.957 3968 RALLYDEBUG rally.task.runner [-] Starting a worker. concurrency: 1 args: {"force": false} times: 10 method_name: run timeout: 0 duration: None cls:
2019-07-16 08:02:50.962 3969 RALLYDEBUG rally.task.runner [-] Starting a worker. concurrency: 1 args: {"force": false} times: 10 method_name: run timeout: 0 duration: None cls:
2019-07-16 08:02:50.966 3966 INFO rally.task.runner [-] Task 10542a6a-50a3-4934-9939-c258be1b4561 | ITER: 1 START
2019-07-16 08:02:50.969 3968 INFO rally.task.runner [-] Task 10542a6a-50a3-4934-9939-c258be1b4561 | ITER: 3 START
2019-07-16 08:02:50.970 3967 INFO rally.task.runner [-] Task 10542a6a-50a3-4934-9939-c258be1b4561 | ITER: 2 START
2019-07-16 08:02:50.973 3969 INFO rally.task.runner [-] Task 10542a6a-50a3-4934-9939-c258be1b4561 | ITER: 4 START
2019-07-16 08:02:54.749 3967 RALLYDEBUG rally.task.utils [-] Waiting for resource s_rally_7c613a0a_3DP517zE. Status changed: AVAILABLE => DELETING in 0.235016107559
2019-07-16 08:02:54.989 3968 RALLYDEBUG rally.task.utils [-] Waiting for resource s_rally_7c613a0a_v74whAXz. Status changed: AVAILABLE => DELETING in 0.217797994614
2019-07-16 08:02:55.148 3969 RALLYDEBUG rally.task.utils [-] Waiting for resource s_rally_7c613a0a_KQWSmajy. Status changed: AVAILABLE => DELETING in 0.276192903519
2019-07-16 08:02:55.149 3966 RALLYDEBUG rally.task.utils [-] Waiting for resource s_rally_7c613a0a_sgAAIJoo. Status changed: AVAILABLE => DELETING in 0.437429904938
2019-07-16 08:02:56.953 3967 INFO rally.task.runner [-] Task 10542a6a-50a3-4934-9939-c258be1b4561 | ITER: 2 END: OK
2019-07-16 08:02:56.959 3967 INFO rally.task.runner [-] Task 10542a6a-50a3-4934-9939-c258be1b4561 | ITER: 5 START
2019-07-16 08:02:57.175 3966 INFO rally.task.runner [-] Task 10542a6a-50a3-4934-9939-c258be1b4561 | ITER: 1 END: OK
2019-07-16 08:02:57.181 3966 INFO rally.task.runner [-] Task 10542a6a-50a3-4934-9939-c258be1b4561 | ITER: 6 START
2019-07-16 08:02:57.236 3968 INFO rally.task.runner [-] Task 10542a6a-50a3-4934-9939-c258be1b4561 | ITER: 3 END: OK
2019-07-16 08:02:57.241 3968 INFO rally.task.runner [-] Task 10542a6a-50a3-4934-9939-c258be1b4561 | ITER: 7 START
2019-07-16 08:02:57.400 3969 INFO rally.task.runner [-] Task 10542a6a-50a3-4934-9939-c258be1b4561 | ITER: 4 END: OK
2019-07-16 08:02:57.405 3969 INFO rally.task.runner [-] Task 10542a6a-50a3-4934-9939-c258be1b4561 | ITER: 8 START
2019-07-16 08:03:00.571 3967 RALLYDEBUG rally.task.utils [-] Waiting for resource s_rally_7c613a0a_SqGxuAN4. Status changed: AVAILABLE => DELETING in 0.218822002411
2019-07-16 08:03:00.807 3966 RALLYDEBUG rally.task.utils [-] Waiting for resource s_rally_7c613a0a_6eqlD3cQ. Status changed: AVAILABLE => DELETING in 0.0238709449768
2019-07-16 08:03:00.836 3968 RALLYDEBUG rally.task.utils [-] Waiting for resource s_rally_7c613a0a_T8ZTHm9u. Status changed: AVAILABLE => DELETING in 0.0378510951996
2019-07-16 08:03:01.214 3969 RALLYDEBUG rally.task.utils [-] Waiting for resource s_rally_7c613a0a_HZxseDcU. Status changed: AVAILABLE => DELETING in 0.268185138702
2019-07-16 08:03:02.596 3967 INFO rally.task.runner [-] Task 10542a6a-50a3-4934-9939-c258be1b4561 | ITER: 5 END: OK
2019-07-16 08:03:02.602 3967 INFO rally.task.runner [-] Task 10542a6a-50a3-4934-9939-c258be1b4561 | ITER: 9 START
2019-07-16 08:03:02.832 3966 INFO rally.task.runner [-] Task 10542a6a-50a3-4934-9939-c258be1b4561 | ITER: 6 END: OK
2019-07-16 08:03:02.836 3966 INFO rally.task.runner [-] Task 10542a6a-50a3-4934-9939-c258be1b4561 | ITER: 10 START
2019-07-16 08:03:02.865 3968 INFO rally.task.runner [-] Task 10542a6a-50a3-4934-9939-c258be1b4561 | ITER: 7 END: OK
2019-07-16 08:03:03.245 3969 INFO rally.task.runner [-] Task 10542a6a-50a3-4934-9939-c258be1b4561 | ITER: 8 END: OK
2019-07-16 08:03:06.396 3967 RALLYDEBUG rally.task.utils [-] Waiting for resource s_rally_7c613a0a_g3YVPEO4. Status changed: AVAILABLE => DELETING in 0.323924064636
2019-07-16 08:03:06.436 3966 RALLYDEBUG rally.task.utils [-] Waiting for resource s_rally_7c613a0a_P9xtfhgQ. Status changed: AVAILABLE => DELETING in 0.244098186493
2019-07-16 08:03:08.423 3967 INFO rally.task.runner [-] Task 10542a6a-50a3-4934-9939-c258be1b4561 | ITER: 9 END: OK
2019-07-16 08:03:08.651 3966 INFO rally.task.runner [-] Task 10542a6a-50a3-4934-9939-c258be1b4561 | ITER: 10 END: OK
2019-07-16 08:03:08.678 1842 INFO rally.task.context [-] Task 10542a6a-50a3-4934-9939-c258be1b4561 | Context cleanup@openstack cleanup() started
2019-07-16 08:03:08.681 1842 RALLYDEBUG rally_openstack.cleanup.manager [-] Cleaning up cinder backups objects
2019-07-16 08:03:10.822 1842 RALLYDEBUG rally_openstack.cleanup.manager [-] Cleaning up cinder volume_snapshots objects
2019-07-16 08:03:12.829 1842 RALLYDEBUG rally_openstack.cleanup.manager [-] Cleaning up cinder transfers objects
2019-07-16 08:03:14.948 1842 RALLYDEBUG rally_openstack.cleanup.manager [-] Cleaning up cinder volumes objects
2019-07-16 08:03:16.927 1842 INFO rally.task.context [-] Task 10542a6a-50a3-4934-9939-c258be1b4561 | Context cleanup@openstack cleanup() finished in 8.25 sec
2019-07-16 08:03:16.927 1842 INFO rally.task.context [-] Task 10542a6a-50a3-4934-9939-c258be1b4561 | Context volumes@openstack cleanup() started
2019-07-16 08:03:16.928 1842 RALLYDEBUG rally_openstack.cleanup.manager [-] Cleaning up cinder volumes objects
2019-07-16 08:03:19.201 1842 RALLYDEBUG rally_openstack.cleanup.manager [-] Deleting cinder.volumes object c_rally_7c613a0a_PzeOXuaA (5f27b897-8177-4a32-b0f5-1e6acca31499)
2019-07-16 08:03:19.204 1842 RALLYDEBUG rally_openstack.cleanup.manager [-] Deleting cinder.volumes object c_rally_7c613a0a_BmsCkBVX (27a4b0ec-5740-495e-b0bd-fc96bca9165f)
2019-07-16 08:03:19.205 1842 RALLYDEBUG rally_openstack.cleanup.manager [-] Deleting cinder.volumes object c_rally_7c613a0a_IU30LsQX (9b750a8d-d89f-400b-b48a-f4152d7c5e44)
2019-07-16 08:03:22.637 1842 INFO rally.task.context [-] Task 10542a6a-50a3-4934-9939-c258be1b4561 | Context volumes@openstack cleanup() finished in 5.71 sec
2019-07-16 08:03:22.638 1842 INFO rally.task.context [-] Task 10542a6a-50a3-4934-9939-c258be1b4561 | Context quotas@openstack cleanup() started
2019-07-16 08:03:23.095 1842 INFO rally.task.context [-] Task 10542a6a-50a3-4934-9939-c258be1b4561 | Context quotas@openstack cleanup() finished in 0.46 sec
2019-07-16 08:03:23.095 1842 INFO rally.task.context [-] Task 10542a6a-50a3-4934-9939-c258be1b4561 | Context api_versions@openstack cleanup() started
2019-07-16 08:03:23.095 1842 INFO rally.task.context [-] Task 10542a6a-50a3-4934-9939-c258be1b4561 | Context api_versions@openstack cleanup() finished in 0.32 msec
2019-07-16 08:03:23.096 1842 INFO rally.task.context [-] Task 10542a6a-50a3-4934-9939-c258be1b4561 | Context users@openstack cleanup() started
2019-07-16 08:03:30.341 1842 INFO rally.task.context [-] Task 10542a6a-50a3-4934-9939-c258be1b4561 | Context users@openstack cleanup() finished in 7.25 sec
2019-07-16 08:03:31.885 1842 INFO rally.task.engine [-] Load duration is: 17.68063
2019-07-16 08:03:31.885 1842 INFO rally.task.engine [-] Full runner duration is: 17.741606
2019-07-16 08:03:31.885 1842 INFO rally.task.engine [-] Full duration is: 56.679493
2019-07-16 08:03:32.111 1842 INFO rally.task.engine [-] Running workload: position = 0 config = { "version": 2, "title": "A cropped version of a bigger task.", "description": "Auto-generated task from a single workload (uuid=27340032-fddf-4ef9-8533-31ff1df05b9a)", "subtasks": [ { "title": "CinderVolumes.create_and_delete_volume", "description": "Create and then delete a volume.", "scenario": { "CinderVolumes.create_and_delete_volume": { "size": { "max": 1, "min": 1 } } }, "contexts": { "users": { "tenants": 3, "users_per_tenant": 2 }, "quotas": { "cinder": { "gigabytes": -1, "snapshots": -1, "volumes": -1 } }, "api_versions": { "cinder": { "version": 3, "service_type": "volumev3" } } }, "runner": { "constant": { "concurrency": 4, "times": 10 } }, "hooks": [], "sla": { "failure_rate": { "max": 0 } } } ] }
2019-07-16 08:03:32.133 1842 RALLYDEBUG rally_openstack.contexts.keystone.users [-] Creating 3 tenants using 20 threads
2019-07-16 08:03:33.913 1842 RALLYDEBUG rally_openstack.contexts.keystone.users [-] Creating 6 users using 20 threads
2019-07-16 08:03:36.733 1842 INFO rally.task.context [-] Task 10542a6a-50a3-4934-9939-c258be1b4561 | Context users@openstack setup() finished in 4.60 sec
2019-07-16 08:03:37.169 1842 INFO rally.task.context [-] Task 10542a6a-50a3-4934-9939-c258be1b4561 | Context api_versions@openstack setup() finished in 0.43 sec
2019-07-16 08:03:38.706 1842 INFO rally.task.context [-] Task 10542a6a-50a3-4934-9939-c258be1b4561 | Context quotas@openstack setup() finished in 1.54 sec
2019-07-16 08:03:38.707 1842 INFO rally.task.context [-] Task 10542a6a-50a3-4934-9939-c258be1b4561 | Context cleanup@openstack setup() finished in 0.01 msec
2019-07-16 08:03:38.715 1842 RALLYDEBUG rally.task.runner [-] Starting the constant runner (task UUID: 10542a6a-50a3-4934-9939-c258be1b4561). timeout: 0 concurrency: 4 concurrency_per_worker: 1 times: 10 concurrency_overhead: 0 processes_to_start: 4 max_cpu_used: 16
2019-07-16 08:03:38.728 4170 RALLYDEBUG rally.task.runner [-] Starting a worker. concurrency: 1 args: {"size": {"max": 1, "min": 1}} times: 10 method_name: run timeout: 0 duration: None cls:
2019-07-16 08:03:38.731 4171 RALLYDEBUG rally.task.runner [-] Starting a worker. concurrency: 1 args: {"size": {"max": 1, "min": 1}} times: 10 method_name: run timeout: 0 duration: None cls:
2019-07-16 08:03:38.734 4172 RALLYDEBUG rally.task.runner [-] Starting a worker. concurrency: 1 args: {"size": {"max": 1, "min": 1}} times: 10 method_name: run timeout: 0 duration: None cls:
2019-07-16 08:03:38.737 4170 INFO rally.task.runner [-] Task 10542a6a-50a3-4934-9939-c258be1b4561 | ITER: 1 START
2019-07-16 08:03:38.737 4173 RALLYDEBUG rally.task.runner [-] Starting a worker. concurrency: 1 args: {"size": {"max": 1, "min": 1}} times: 10 method_name: run timeout: 0 duration: None cls:
2019-07-16 08:03:38.739 4171 INFO rally.task.runner [-] Task 10542a6a-50a3-4934-9939-c258be1b4561 | ITER: 2 START
2019-07-16 08:03:38.742 4172 INFO rally.task.runner [-] Task 10542a6a-50a3-4934-9939-c258be1b4561 | ITER: 3 START
2019-07-16 08:03:38.745 4173 INFO rally.task.runner [-] Task 10542a6a-50a3-4934-9939-c258be1b4561 | ITER: 4 START
2019-07-16 08:03:42.760 4173 RALLYDEBUG rally.task.utils [-] Waiting for resource s_rally_27340032_ahygZ0n8. Status changed: AVAILABLE => DELETING in 0.260157823563
2019-07-16 08:03:42.776 4171 INFO rally.task.runner [-] Task 10542a6a-50a3-4934-9939-c258be1b4561 | ITER: 2 END: OK
2019-07-16 08:03:42.781 4171 INFO rally.task.runner [-] Task 10542a6a-50a3-4934-9939-c258be1b4561 | ITER: 5 START
2019-07-16 08:03:43.032 4170 INFO rally.task.runner [-] Task 10542a6a-50a3-4934-9939-c258be1b4561 | ITER: 1 END: OK
2019-07-16 08:03:43.038 4170 INFO rally.task.runner [-] Task 10542a6a-50a3-4934-9939-c258be1b4561 | ITER: 6 START
2019-07-16 08:03:43.688 4172 INFO rally.task.runner [-] Task 10542a6a-50a3-4934-9939-c258be1b4561 | ITER: 3 END: OK
2019-07-16 08:03:43.693 4172 INFO rally.task.runner [-] Task 10542a6a-50a3-4934-9939-c258be1b4561 | ITER: 7 START
2019-07-16 08:03:44.799 4173 INFO rally.task.runner [-] Task 10542a6a-50a3-4934-9939-c258be1b4561 | ITER: 4 END: OK
2019-07-16 08:03:44.805 4173 INFO rally.task.runner [-] Task 10542a6a-50a3-4934-9939-c258be1b4561 | ITER: 8 START
2019-07-16 08:03:46.696 4171 INFO rally.task.runner [-] Task 10542a6a-50a3-4934-9939-c258be1b4561 | ITER: 5 END: OK
2019-07-16 08:03:46.701 4171 INFO rally.task.runner [-] Task 10542a6a-50a3-4934-9939-c258be1b4561 | ITER: 9 START
2019-07-16 08:03:47.177 4170 RALLYDEBUG rally.task.utils [-] Waiting for resource s_rally_27340032_DHUajOnv. Status changed: AVAILABLE => DELETING in 0.243218898773
2019-07-16 08:03:47.619 4172 INFO rally.task.runner [-] Task 10542a6a-50a3-4934-9939-c258be1b4561 | ITER: 7 END: OK
2019-07-16 08:03:47.625 4172 INFO rally.task.runner [-] Task 10542a6a-50a3-4934-9939-c258be1b4561 | ITER: 10 START
2019-07-16 08:03:48.911 4173 INFO rally.task.runner [-] Task 10542a6a-50a3-4934-9939-c258be1b4561 | ITER: 8 END: OK
2019-07-16 08:03:49.393 4170 INFO rally.task.runner [-] Task 10542a6a-50a3-4934-9939-c258be1b4561 | ITER: 6 END: OK
2019-07-16 08:03:50.860 4171 INFO rally.task.runner [-] Task 10542a6a-50a3-4934-9939-c258be1b4561 | ITER: 9 END: OK
2019-07-16 08:03:51.314 4172 INFO rally.task.runner [-] Task 10542a6a-50a3-4934-9939-c258be1b4561 | ITER: 10 END: OK
2019-07-16 08:03:51.335 1842 INFO rally.task.context [-] Task 10542a6a-50a3-4934-9939-c258be1b4561 | Context cleanup@openstack cleanup() started
2019-07-16 08:03:51.337 1842 RALLYDEBUG rally_openstack.cleanup.manager [-] Cleaning up cinder backups objects
