2019-07-16 07:45:39.148 725 DEBUG glanceclient.common.http [-] Request returned failure status 404. _handle_response /usr/lib/python2.7/site-packages/glanceclient/common/http.py:125
2019-07-16 07:45:39.171 725 DEBUG glanceclient.common.http [-] Request returned failure status 404. _handle_response /usr/lib/python2.7/site-packages/glanceclient/common/http.py:125
2019-07-16 07:45:39.172 725 DEBUG glanceclient.common.http [-] Request returned failure status 404. _handle_response /usr/lib/python2.7/site-packages/glanceclient/common/http.py:125
2019-07-16 07:45:39.274 725 DEBUG glanceclient.common.http [-] Request returned failure status 404. _handle_response /usr/lib/python2.7/site-packages/glanceclient/common/http.py:125
2019-07-16 07:45:39.278 725 DEBUG glanceclient.common.http [-] Request returned failure status 404. _handle_response /usr/lib/python2.7/site-packages/glanceclient/common/http.py:125
2019-07-16 07:45:39.289 725 DEBUG glanceclient.common.http [-] Request returned failure status 404. _handle_response /usr/lib/python2.7/site-packages/glanceclient/common/http.py:125
2019-07-16 07:45:40.292 725 INFO rally.task.context [-] Task e756f1cc-2ba8-4688-9bc7-4d8f91fef394 | Context cleanup@openstack cleanup() finished in 30.21 sec
2019-07-16 07:45:40.293 725 INFO rally.task.context [-] Task e756f1cc-2ba8-4688-9bc7-4d8f91fef394 | Context quotas@openstack cleanup() started
2019-07-16 07:45:40.294 725 DEBUG novaclient.v2.client [-] REQ: curl -g -i -X DELETE http://172.30.9.28:8774/v2.1/os-quota-sets/6f0b97744e3742d3a4be2ea08b7e7460 -H "Accept: application/json" -H "User-Agent: python-novaclient" -H "X-Auth-Token: {SHA1}6f25eec77376c1a3290d6ab46b95f7f31d27bb5d" _http_log_request /usr/lib/python2.7/site-packages/keystoneauth1/session.py:448
2019-07-16 07:45:40.323 725 DEBUG novaclient.v2.client [-] RESP: [202] Content-Length: 0 Content-Type: application/json Date: Tue, 16 Jul 2019 07:45:40 GMT OpenStack-API-Version: compute 2.1 Server: Apache Vary: OpenStack-API-Version,X-OpenStack-Nova-API-Version X-OpenStack-Nova-API-Version: 2.1 x-compute-request-id: req-ca1e381a-726d-4c67-84c8-0f0c16dd7a15 x-openstack-request-id: req-ca1e381a-726d-4c67-84c8-0f0c16dd7a15 _http_log_response /usr/lib/python2.7/site-packages/keystoneauth1/session.py:479
2019-07-16 07:45:40.324 725 DEBUG novaclient.v2.client [-] DELETE call to compute for http://172.30.9.28:8774/v2.1/os-quota-sets/6f0b97744e3742d3a4be2ea08b7e7460 used request id req-ca1e381a-726d-4c67-84c8-0f0c16dd7a15 request /usr/lib/python2.7/site-packages/keystoneauth1/session.py:844
2019-07-16 07:45:40.325 725 DEBUG novaclient.v2.client [-] REQ: curl -g -i -X DELETE http://172.30.9.28:8774/v2.1/os-quota-sets/360cf1ae61ca46cab3025c551aad1267 -H "Accept: application/json" -H "User-Agent: python-novaclient" -H "X-Auth-Token: {SHA1}6f25eec77376c1a3290d6ab46b95f7f31d27bb5d" _http_log_request /usr/lib/python2.7/site-packages/keystoneauth1/session.py:448
2019-07-16 07:45:40.347 725 DEBUG novaclient.v2.client [-] RESP: [202] Content-Length: 0 Content-Type: application/json Date: Tue, 16 Jul 2019 07:45:40 GMT OpenStack-API-Version: compute 2.1 Server: Apache Vary: OpenStack-API-Version,X-OpenStack-Nova-API-Version X-OpenStack-Nova-API-Version: 2.1 x-compute-request-id: req-5fb60e4e-244c-4844-82f0-5ef2f46b52d5 x-openstack-request-id: req-5fb60e4e-244c-4844-82f0-5ef2f46b52d5 _http_log_response /usr/lib/python2.7/site-packages/keystoneauth1/session.py:479
2019-07-16 07:45:40.347 725 DEBUG novaclient.v2.client [-] DELETE call to compute for http://172.30.9.28:8774/v2.1/os-quota-sets/360cf1ae61ca46cab3025c551aad1267 used request id req-5fb60e4e-244c-4844-82f0-5ef2f46b52d5 request /usr/lib/python2.7/site-packages/keystoneauth1/session.py:844
2019-07-16 07:45:40.348 725 DEBUG novaclient.v2.client [-] REQ: curl -g -i -X DELETE http://172.30.9.28:8774/v2.1/os-quota-sets/e14fedf2bce34486a14651c0504ddd66 -H "Accept: application/json" -H "User-Agent: python-novaclient" -H "X-Auth-Token: {SHA1}6f25eec77376c1a3290d6ab46b95f7f31d27bb5d" _http_log_request /usr/lib/python2.7/site-packages/keystoneauth1/session.py:448
2019-07-16 07:45:40.365 725 DEBUG novaclient.v2.client [-] RESP: [202] Content-Length: 0 Content-Type: application/json Date: Tue, 16 Jul 2019 07:45:40 GMT OpenStack-API-Version: compute 2.1 Server: Apache Vary: OpenStack-API-Version,X-OpenStack-Nova-API-Version X-OpenStack-Nova-API-Version: 2.1 x-compute-request-id: req-8d7d9137-45b6-4357-aa86-6d19cabb6ec4 x-openstack-request-id: req-8d7d9137-45b6-4357-aa86-6d19cabb6ec4 _http_log_response /usr/lib/python2.7/site-packages/keystoneauth1/session.py:479
2019-07-16 07:45:40.366 725 DEBUG novaclient.v2.client [-] DELETE call to compute for http://172.30.9.28:8774/v2.1/os-quota-sets/e14fedf2bce34486a14651c0504ddd66 used request id req-8d7d9137-45b6-4357-aa86-6d19cabb6ec4 request /usr/lib/python2.7/site-packages/keystoneauth1/session.py:844
2019-07-16 07:45:40.366 725 INFO rally.task.context [-] Task e756f1cc-2ba8-4688-9bc7-4d8f91fef394 | Context quotas@openstack cleanup() finished in 73.55 msec
2019-07-16 07:45:40.367 725 INFO rally.task.context [-] Task e756f1cc-2ba8-4688-9bc7-4d8f91fef394 | Context users@openstack cleanup() started
2019-07-16 07:45:47.404 725 INFO rally.task.context [-] Task e756f1cc-2ba8-4688-9bc7-4d8f91fef394 | Context users@openstack cleanup() finished in 7.04 sec
2019-07-16 07:45:48.576 725 INFO rally.task.engine [-] Load duration is: 76.835669
2019-07-16 07:45:48.576 725 INFO rally.task.engine [-] Full runner duration is: 78.738707
2019-07-16 07:45:48.577 725 INFO rally.task.engine [-] Full duration is: 123.397932
2019-07-16 07:45:48.870 725 INFO rally.task.engine [-] Running workload: position = 0 config = { "version": 2, "title": "A cropped version of a bigger task.", "description": "Auto-generated task from a single workload (uuid=a542cc8a-a9aa-4241-a783-08853f6d4a4c)", "subtasks": [ { "title": "GlanceImages.create_and_deactivate_image", "description": "Create an image, then deactivate it.", "scenario": { "GlanceImages.create_and_deactivate_image": { "container_format": "bare", "disk_format": "qcow2", "image_location": "/home/opnfv/functest/images/cirros-0.4.0-x86_64-disk.img" } }, "contexts": { "users": { "tenants": 3, "users_per_tenant": 2 } }, "runner": { "constant": { "concurrency": 4, "times": 10 } }, "hooks": [], "sla": { "failure_rate": { "max": 0 } } } ] }
2019-07-16 07:45:48.893 725 RALLYDEBUG rally_openstack.contexts.keystone.users [-] Creating 3 tenants using 20 threads
2019-07-16 07:45:50.769 725 RALLYDEBUG rally_openstack.contexts.keystone.users [-] Creating 6 users using 20 threads
2019-07-16 07:45:53.403 725 INFO rally.task.context [-] Task e756f1cc-2ba8-4688-9bc7-4d8f91fef394 | Context users@openstack setup() finished in 4.51 sec
2019-07-16 07:45:53.403 725 INFO rally.task.context [-] Task e756f1cc-2ba8-4688-9bc7-4d8f91fef394 | Context cleanup@openstack setup() finished in 0.01 msec
2019-07-16 07:45:53.409 725 RALLYDEBUG rally.task.runner [-] Starting the constant runner (task UUID: e756f1cc-2ba8-4688-9bc7-4d8f91fef394). timeout: 0 concurrency: 4 concurrency_per_worker: 1 times: 10 concurrency_overhead: 0 processes_to_start: 4 max_cpu_used: 16
2019-07-16 07:45:53.421 1385 RALLYDEBUG rally.task.runner [-] Starting a worker. concurrency: 1 args: {"container_format": "bare", "disk_format": "qcow2", "image_location": "/home/opnfv/functest/images/cirros-0.4.0-x86_64-disk.img"} times: 10 method_name: run timeout: 0 duration: None cls:
2019-07-16 07:45:53.424 1386 RALLYDEBUG rally.task.runner [-] Starting a worker. concurrency: 1 args: {"container_format": "bare", "disk_format": "qcow2", "image_location": "/home/opnfv/functest/images/cirros-0.4.0-x86_64-disk.img"} times: 10 method_name: run timeout: 0 duration: None cls:
2019-07-16 07:45:53.426 1387 RALLYDEBUG rally.task.runner [-] Starting a worker. concurrency: 1 args: {"container_format": "bare", "disk_format": "qcow2", "image_location": "/home/opnfv/functest/images/cirros-0.4.0-x86_64-disk.img"} times: 10 method_name: run timeout: 0 duration: None cls:
2019-07-16 07:45:53.427 1385 INFO rally.task.runner [-] Task e756f1cc-2ba8-4688-9bc7-4d8f91fef394 | ITER: 1 START
2019-07-16 07:45:53.428 1388 RALLYDEBUG rally.task.runner [-] Starting a worker. concurrency: 1 args: {"container_format": "bare", "disk_format": "qcow2", "image_location": "/home/opnfv/functest/images/cirros-0.4.0-x86_64-disk.img"} times: 10 method_name: run timeout: 0 duration: None cls:
2019-07-16 07:45:53.431 1386 INFO rally.task.runner [-] Task e756f1cc-2ba8-4688-9bc7-4d8f91fef394 | ITER: 2 START
2019-07-16 07:45:53.432 1387 INFO rally.task.runner [-] Task e756f1cc-2ba8-4688-9bc7-4d8f91fef394 | ITER: 3 START
2019-07-16 07:45:53.434 1388 INFO rally.task.runner [-] Task e756f1cc-2ba8-4688-9bc7-4d8f91fef394 | ITER: 4 START
2019-07-16 07:45:56.717 1385 RALLYDEBUG rally.task.utils [-] Waiting for resource u'fe5c509a-d1a4-4be7-90ff-d0f799863090'. Status changed: NONE => QUEUED in 0.0295259952545
2019-07-16 07:45:56.747 1388 RALLYDEBUG rally.task.utils [-] Waiting for resource u'c5daf8ab-fd81-4d71-be1e-1821a8e497df'. Status changed: NONE => QUEUED in 0.0308618545532
2019-07-16 07:45:56.763 1387 RALLYDEBUG rally.task.utils [-] Waiting for resource u'f80f3b8c-c73c-406d-b8f7-fb93dafa9ab5'. Status changed: NONE => QUEUED in 0.033194065094
2019-07-16 07:45:56.897 1386 RALLYDEBUG rally.task.utils [-] Waiting for resource u'65ea3baf-1560-4c6a-afc5-1fc50b2b9f93'. Status changed: NONE => QUEUED in 0.0279440879822
2019-07-16 07:45:57.108 1385 RALLYDEBUG rally.task.utils [-] Waiting for resource s_rally_a542cc8a_pmEVmMVL. Status changed: QUEUED => ACTIVE in 0.0215768814087
2019-07-16 07:45:57.204 1385 INFO rally.task.runner [-] Task e756f1cc-2ba8-4688-9bc7-4d8f91fef394 | ITER: 1 END: OK
2019-07-16 07:45:57.209 1385 INFO rally.task.runner [-] Task e756f1cc-2ba8-4688-9bc7-4d8f91fef394 | ITER: 5 START
2019-07-16 07:45:58.174 1386 RALLYDEBUG rally.task.utils [-] Waiting for resource s_rally_a542cc8a_LmoyhDAf. Status changed: QUEUED => ACTIVE in 0.0226621627808
2019-07-16 07:45:58.250 1386 INFO rally.task.runner [-] Task e756f1cc-2ba8-4688-9bc7-4d8f91fef394 | ITER: 2 END: OK
2019-07-16 07:45:58.254 1386 INFO rally.task.runner [-] Task e756f1cc-2ba8-4688-9bc7-4d8f91fef394 | ITER: 6 START
2019-07-16 07:45:59.225 1387 RALLYDEBUG rally.task.utils [-] Waiting for resource s_rally_a542cc8a_7SThEkY7. Status changed: QUEUED => ACTIVE in 0.0246949195862
2019-07-16 07:45:59.228 1388 RALLYDEBUG rally.task.utils [-] Waiting for resource s_rally_a542cc8a_VD6ph19Q. Status changed: QUEUED => ACTIVE in 0.0317530632019
2019-07-16 07:45:59.327 1387 INFO rally.task.runner [-] Task e756f1cc-2ba8-4688-9bc7-4d8f91fef394 | ITER: 3 END: OK
2019-07-16 07:45:59.331 1387 INFO rally.task.runner [-] Task e756f1cc-2ba8-4688-9bc7-4d8f91fef394 | ITER: 7 START
2019-07-16 07:45:59.332 1388 INFO rally.task.runner [-] Task e756f1cc-2ba8-4688-9bc7-4d8f91fef394 | ITER: 4 END: OK
2019-07-16 07:45:59.336 1388 INFO rally.task.runner [-] Task e756f1cc-2ba8-4688-9bc7-4d8f91fef394 | ITER: 8 START
2019-07-16 07:46:00.481 1385 RALLYDEBUG rally.task.utils [-] Waiting for resource u'ed006244-a59d-44e4-a419-75b7f8a71b87'. Status changed: NONE => QUEUED in 0.0266091823578
2019-07-16 07:46:01.276 1385 RALLYDEBUG rally.task.utils [-] Waiting for resource s_rally_a542cc8a_hXbRvG83. Status changed: QUEUED => ACTIVE in 0.0205450057983
2019-07-16 07:46:01.350 1385 INFO rally.task.runner [-] Task e756f1cc-2ba8-4688-9bc7-4d8f91fef394 | ITER: 5 END: OK
2019-07-16 07:46:01.353 1385 INFO rally.task.runner [-] Task e756f1cc-2ba8-4688-9bc7-4d8f91fef394 | ITER: 9 START
2019-07-16 07:46:01.520 1386 RALLYDEBUG rally.task.utils [-] Waiting for resource u'5357371f-f7f1-45de-bcdd-a6a3fce4cf13'. Status changed: NONE => QUEUED in 0.029000043869
2019-07-16 07:46:02.316 1386 RALLYDEBUG rally.task.utils [-] Waiting for resource s_rally_a542cc8a_scQojFgC. Status changed: QUEUED => ACTIVE in 0.0207619667053
2019-07-16 07:46:02.395 1386 INFO rally.task.runner [-] Task e756f1cc-2ba8-4688-9bc7-4d8f91fef394 | ITER: 6 END: OK
2019-07-16 07:46:02.398 1386 INFO rally.task.runner [-] Task e756f1cc-2ba8-4688-9bc7-4d8f91fef394 | ITER: 10 START
2019-07-16 07:46:02.495 1388 RALLYDEBUG rally.task.utils [-] Waiting for resource u'767c77d6-f624-47a6-b9c3-9306f83a1024'. Status changed: NONE => QUEUED in 0.0267789363861
2019-07-16 07:46:02.663 1387 RALLYDEBUG rally.task.utils [-] Waiting for resource u'90df9fd1-7475-4fdc-97b8-90fe3d9b58d3'. Status changed: NONE => QUEUED in 0.0276310443878
2019-07-16 07:46:03.335 1388 RALLYDEBUG rally.task.utils [-] Waiting for resource s_rally_a542cc8a_oFMGfiGR. Status changed: QUEUED => ACTIVE in 0.0198309421539
2019-07-16 07:46:03.336 1387 RALLYDEBUG rally.task.utils [-] Waiting for resource s_rally_a542cc8a_TrKImGTf. Status changed: QUEUED => ACTIVE in 0.0210030078888
2019-07-16 07:46:03.400 1387 INFO rally.task.runner [-] Task e756f1cc-2ba8-4688-9bc7-4d8f91fef394 | ITER: 7 END: OK
2019-07-16 07:46:03.401 1388 INFO rally.task.runner [-] Task e756f1cc-2ba8-4688-9bc7-4d8f91fef394 | ITER: 8 END: OK
2019-07-16 07:46:04.572 1385 RALLYDEBUG rally.task.utils [-] Waiting for resource u'fdd2475a-f085-41ad-bd0e-a397b1c9e2d9'. Status changed: NONE => QUEUED in 0.0297060012817
2019-07-16 07:46:05.424 1385 RALLYDEBUG rally.task.utils [-] Waiting for resource s_rally_a542cc8a_uQyVE6Yc. Status changed: QUEUED => ACTIVE in 0.0180630683899
2019-07-16 07:46:05.484 1385 INFO rally.task.runner [-] Task e756f1cc-2ba8-4688-9bc7-4d8f91fef394 | ITER: 9 END: OK
2019-07-16 07:46:05.591 1386 RALLYDEBUG rally.task.utils [-] Waiting for resource u'2b5725d5-c3ba-40c7-800c-98977e965cab'. Status changed: NONE => QUEUED in 0.0269250869751
2019-07-16 07:46:06.536 1386 RALLYDEBUG rally.task.utils [-] Waiting for resource s_rally_a542cc8a_liIFGBR6. Status changed: QUEUED => ACTIVE in 0.0169749259949
2019-07-16 07:46:06.627 1386 INFO rally.task.runner [-] Task e756f1cc-2ba8-4688-9bc7-4d8f91fef394 | ITER: 10 END: OK
2019-07-16 07:46:06.657 725 INFO rally.task.context [-] Task e756f1cc-2ba8-4688-9bc7-4d8f91fef394 | Context cleanup@openstack cleanup() started
2019-07-16 07:46:06.659 725 RALLYDEBUG rally_openstack.cleanup.manager [-] Cleaning up glance images objects
2019-07-16 07:46:08.924 725 RALLYDEBUG rally_openstack.cleanup.manager [-] Deleting glance.images object s_rally_a542cc8a_liIFGBR6 (2b5725d5-c3ba-40c7-800c-98977e965cab)
2019-07-16 07:46:08.926 725 RALLYDEBUG rally_openstack.cleanup.manager [-] Deleting glance.images object s_rally_a542cc8a_scQojFgC (5357371f-f7f1-45de-bcdd-a6a3fce4cf13)
2019-07-16 07:46:08.939 725 RALLYDEBUG rally_openstack.cleanup.manager [-] Deleting glance.images object s_rally_a542cc8a_oFMGfiGR (767c77d6-f624-47a6-b9c3-9306f83a1024)
2019-07-16 07:46:08.942 725 RALLYDEBUG rally_openstack.cleanup.manager [-] Deleting glance.images object s_rally_a542cc8a_7SThEkY7 (f80f3b8c-c73c-406d-b8f7-fb93dafa9ab5)
2019-07-16 07:46:08.944 725 RALLYDEBUG rally_openstack.cleanup.manager [-] Deleting glance.images object s_rally_a542cc8a_hXbRvG83 (ed006244-a59d-44e4-a419-75b7f8a71b87)
2019-07-16 07:46:08.952 725 RALLYDEBUG rally_openstack.cleanup.manager [-] Deleting glance.images object s_rally_a542cc8a_TrKImGTf (90df9fd1-7475-4fdc-97b8-90fe3d9b58d3)
2019-07-16 07:46:08.954 725 RALLYDEBUG rally_openstack.cleanup.manager [-] Deleting glance.images object s_rally_a542cc8a_LmoyhDAf (65ea3baf-1560-4c6a-afc5-1fc50b2b9f93)
2019-07-16 07:46:08.965 725 RALLYDEBUG rally_openstack.cleanup.manager [-] Deleting glance.images object s_rally_a542cc8a_pmEVmMVL (fe5c509a-d1a4-4be7-90ff-d0f799863090)
2019-07-16 07:46:08.968 725 RALLYDEBUG rally_openstack.cleanup.manager [-] Deleting glance.images object s_rally_a542cc8a_VD6ph19Q (c5daf8ab-fd81-4d71-be1e-1821a8e497df)
2019-07-16 07:46:08.978 725 RALLYDEBUG rally_openstack.cleanup.manager [-] Deleting glance.images object s_rally_a542cc8a_uQyVE6Yc (fdd2475a-f085-41ad-bd0e-a397b1c9e2d9)
2019-07-16 07:46:11.178 725 DEBUG glanceclient.common.http [-] Request returned failure status 404. _handle_response /usr/lib/python2.7/site-packages/glanceclient/common/http.py:125
2019-07-16 07:46:11.190 725 DEBUG glanceclient.common.http [-] Request returned failure status 404. _handle_response /usr/lib/python2.7/site-packages/glanceclient/common/http.py:125
2019-07-16 07:46:11.192 725 DEBUG glanceclient.common.http [-] Request returned failure status 404. _handle_response /usr/lib/python2.7/site-packages/glanceclient/common/http.py:125
2019-07-16 07:46:11.199 725 DEBUG glanceclient.common.http [-] Request returned failure status 404. _handle_response /usr/lib/python2.7/site-packages/glanceclient/common/http.py:125
2019-07-16 07:46:11.204 725 DEBUG glanceclient.common.http [-] Request returned failure status 404. _handle_response /usr/lib/python2.7/site-packages/glanceclient/common/http.py:125
2019-07-16 07:46:11.211 725 DEBUG glanceclient.common.http [-] Request returned failure status 404. _handle_response /usr/lib/python2.7/site-packages/glanceclient/common/http.py:125
2019-07-16 07:46:12.145 725 DEBUG glanceclient.common.http [-] Request returned failure status 404. _handle_response /usr/lib/python2.7/site-packages/glanceclient/common/http.py:125
2019-07-16 07:46:12.155 725 DEBUG glanceclient.common.http [-] Request returned failure status 404. _handle_response /usr/lib/python2.7/site-packages/glanceclient/common/http.py:125
2019-07-16 07:46:12.165 725 DEBUG glanceclient.common.http [-] Request returned failure status 404. _handle_response /usr/lib/python2.7/site-packages/glanceclient/common/http.py:125
2019-07-16 07:46:12.176 725 DEBUG glanceclient.common.http [-] Request returned failure status 404. _handle_response /usr/lib/python2.7/site-packages/glanceclient/common/http.py:125
2019-07-16 07:46:12.248 725 DEBUG glanceclient.common.http [-] Request returned failure status 404. _handle_response /usr/lib/python2.7/site-packages/glanceclient/common/http.py:125
2019-07-16 07:46:12.262 725 DEBUG glanceclient.common.http [-] Request returned failure status 404. _handle_response /usr/lib/python2.7/site-packages/glanceclient/common/http.py:125
2019-07-16 07:46:12.279 725 DEBUG glanceclient.common.http [-] Request returned failure status 404. _handle_response /usr/lib/python2.7/site-packages/glanceclient/common/http.py:125
2019-07-16 07:46:12.297 725 DEBUG glanceclient.common.http [-] Request returned failure status 404. _handle_response /usr/lib/python2.7/site-packages/glanceclient/common/http.py:125
2019-07-16 07:46:12.304 725 DEBUG glanceclient.common.http [-] Request returned failure status 404. _handle_response /usr/lib/python2.7/site-packages/glanceclient/common/http.py:125
2019-07-16 07:46:12.306 725 DEBUG glanceclient.common.http [-] Request returned failure status 404. _handle_response /usr/lib/python2.7/site-packages/glanceclient/common/http.py:125
2019-07-16 07:46:12.324 725 DEBUG glanceclient.common.http [-] Request returned failure status 404. _handle_response /usr/lib/python2.7/site-packages/glanceclient/common/http.py:125
2019-07-16 07:46:12.336 725 DEBUG glanceclient.common.http [-] Request returned failure status 404. _handle_response /usr/lib/python2.7/site-packages/glanceclient/common/http.py:125
2019-07-16 07:46:12.338 725 DEBUG glanceclient.common.http [-] Request returned failure status 404. _handle_response /usr/lib/python2.7/site-packages/glanceclient/common/http.py:125
2019-07-16 07:46:12.351 725 DEBUG glanceclient.common.http [-] Request returned failure status 404. _handle_response /usr/lib/python2.7/site-packages/glanceclient/common/http.py:125
2019-07-16 07:46:13.353 725 INFO rally.task.context [-] Task e756f1cc-2ba8-4688-9bc7-4d8f91fef394 | Context cleanup@openstack cleanup() finished in 6.70 sec
2019-07-16 07:46:13.354 725 INFO rally.task.context [-] Task e756f1cc-2ba8-4688-9bc7-4d8f91fef394 | Context users@openstack cleanup() started
2019-07-16 07:46:20.313 725 INFO rally.task.context [-] Task e756f1cc-2ba8-4688-9bc7-4d8f91fef394 | Context users@openstack cleanup() finished in 6.96 sec
2019-07-16 07:46:21.079 725 INFO rally.task.engine [-] Load duration is: 12.344282
2019-07-16 07:46:21.079 725 INFO rally.task.engine [-] Full runner duration is: 13.248263
2019-07-16 07:46:21.080 725 INFO rally.task.engine [-] Full duration is: 31.422935
2019-07-16 07:46:21.318 725 INFO rally.task.engine [-] Running workload: position = 0 config = { "version": 2, "title": "A cropped version of a bigger task.", "description": "Auto-generated task from a single workload (uuid=93d70c40-5b86-48a8-b0c7-386dd8e4a5c5)", "subtasks": [ { "title": "GlanceImages.create_and_download_image", "description": "Create an image, then download data of the image.", "scenario": { "GlanceImages.create_and_download_image": { "container_format": "bare", "disk_format": "qcow2", "image_location": "/home/opnfv/functest/images/cirros-0.4.0-x86_64-disk.img" } }, "contexts": { "users": { "tenants": 3, "users_per_tenant": 2 } }, "runner": { "constant": { "concurrency": 4, "times": 10 } }, "hooks": [], "sla": { "failure_rate": { "max": 0 } } } ] }
2019-07-16 07:46:21.343 725 RALLYDEBUG rally_openstack.contexts.keystone.users [-] Creating 3 tenants using 20 threads
2019-07-16 07:46:23.325 725 RALLYDEBUG rally_openstack.contexts.keystone.users [-] Creating 6 users using 20 threads
2019-07-16 07:46:26.048 725 INFO rally.task.context [-] Task e756f1cc-2ba8-4688-9bc7-4d8f91fef394 | Context users@openstack setup() finished in 4.70 sec
2019-07-16 07:46:26.048 725 INFO rally.task.context [-] Task e756f1cc-2ba8-4688-9bc7-4d8f91fef394 | Context cleanup@openstack setup() finished in 0.01 msec
2019-07-16 07:46:26.056 725 RALLYDEBUG rally.task.runner [-] Starting the constant runner (task UUID: e756f1cc-2ba8-4688-9bc7-4d8f91fef394). timeout: 0 concurrency: 4 concurrency_per_worker: 1 times: 10 concurrency_overhead: 0 processes_to_start: 4 max_cpu_used: 16
2019-07-16 07:46:26.070 1509 RALLYDEBUG rally.task.runner [-] Starting a worker. concurrency: 1 args: {"container_format": "bare", "disk_format": "qcow2", "image_location": "/home/opnfv/functest/images/cirros-0.4.0-x86_64-disk.img"} times: 10 method_name: run timeout: 0 duration: None cls:
2019-07-16 07:46:26.073 1510 RALLYDEBUG rally.task.runner [-] Starting a worker. concurrency: 1 args: {"container_format": "bare", "disk_format": "qcow2", "image_location": "/home/opnfv/functest/images/cirros-0.4.0-x86_64-disk.img"} times: 10 method_name: run timeout: 0 duration: None cls:
2019-07-16 07:46:26.075 1511 RALLYDEBUG rally.task.runner [-] Starting a worker. concurrency: 1 args: {"container_format": "bare", "disk_format": "qcow2", "image_location": "/home/opnfv/functest/images/cirros-0.4.0-x86_64-disk.img"} times: 10 method_name: run timeout: 0 duration: None cls:
2019-07-16 07:46:26.077 1509 INFO rally.task.runner [-] Task e756f1cc-2ba8-4688-9bc7-4d8f91fef394 | ITER: 1 START
2019-07-16 07:46:26.078 1512 RALLYDEBUG rally.task.runner [-] Starting a worker. concurrency: 1 args: {"container_format": "bare", "disk_format": "qcow2", "image_location": "/home/opnfv/functest/images/cirros-0.4.0-x86_64-disk.img"} times: 10 method_name: run timeout: 0 duration: None cls:
2019-07-16 07:46:26.080 1510 INFO rally.task.runner [-] Task e756f1cc-2ba8-4688-9bc7-4d8f91fef394 | ITER: 2 START
2019-07-16 07:46:26.081 1511 INFO rally.task.runner [-] Task e756f1cc-2ba8-4688-9bc7-4d8f91fef394 | ITER: 3 START
2019-07-16 07:46:26.085 1512 INFO rally.task.runner [-] Task e756f1cc-2ba8-4688-9bc7-4d8f91fef394 | ITER: 4 START
2019-07-16 07:46:29.508 1512 RALLYDEBUG rally.task.utils [-] Waiting for resource u'0b9f4786-300f-40b4-860d-b0d07582e381'. Status changed: NONE => QUEUED in 0.0442869663239
2019-07-16 07:46:29.510 1511 RALLYDEBUG rally.task.utils [-] Waiting for resource u'46284009-9e8f-4a90-9089-b6fc8eda0cff'. Status changed: NONE => QUEUED in 0.0388259887695
2019-07-16 07:46:29.527 1510 RALLYDEBUG rally.task.utils [-] Waiting for resource u'f731bd56-fe78-4a77-afdb-5c3ceaa7f06f'. Status changed: NONE => QUEUED in 0.0323770046234
2019-07-16 07:46:29.529 1509 RALLYDEBUG rally.task.utils [-] Waiting for resource u'98f85f2d-c42a-4d9b-b800-9e55763d8b05'. Status changed: NONE => QUEUED in 0.0453779697418
2019-07-16 07:46:30.063 1510 RALLYDEBUG rally.task.utils [-] Waiting for resource s_rally_93d70c40_1gw4uenP. Status changed: QUEUED => ACTIVE in 0.0194628238678
2019-07-16 07:46:30.209 1510 INFO rally.task.runner [-] Task e756f1cc-2ba8-4688-9bc7-4d8f91fef394 | ITER: 2 END: OK
2019-07-16 07:46:30.213 1510 INFO rally.task.runner [-] Task e756f1cc-2ba8-4688-9bc7-4d8f91fef394 | ITER: 5 START
2019-07-16 07:46:32.165 1512 RALLYDEBUG rally.task.utils [-] Waiting for resource s_rally_93d70c40_fmesBaWL. Status changed: QUEUED => ACTIVE in 0.0319938659668
2019-07-16 07:46:32.193 1511 RALLYDEBUG rally.task.utils [-] Waiting for resource s_rally_93d70c40_rPJpfd18. Status changed: QUEUED => ACTIVE in 0.0393319129944
2019-07-16 07:46:32.210 1509 RALLYDEBUG rally.task.utils [-] Waiting for resource s_rally_93d70c40_cWyOJDNg. Status changed: QUEUED => ACTIVE in 0.0338678359985
2019-07-16 07:46:32.340 1512 INFO rally.task.runner [-] Task e756f1cc-2ba8-4688-9bc7-4d8f91fef394 | ITER: 4 END: OK
2019-07-16 07:46:32.344 1512 INFO rally.task.runner [-] Task e756f1cc-2ba8-4688-9bc7-4d8f91fef394 | ITER: 6 START
2019-07-16 07:46:32.496 1511 INFO rally.task.runner [-] Task e756f1cc-2ba8-4688-9bc7-4d8f91fef394 | ITER: 3 END: OK
2019-07-16 07:46:32.500 1511 INFO rally.task.runner [-] Task e756f1cc-2ba8-4688-9bc7-4d8f91fef394 | ITER: 7 START
2019-07-16 07:46:32.686 1509 INFO rally.task.runner [-] Task e756f1cc-2ba8-4688-9bc7-4d8f91fef394 | ITER: 1 END: OK
2019-07-16 07:46:32.691 1509 INFO rally.task.runner [-] Task e756f1cc-2ba8-4688-9bc7-4d8f91fef394 | ITER: 8 START
2019-07-16 07:46:33.442 1510 RALLYDEBUG rally.task.utils [-] Waiting for resource u'2646675b-b2c4-4f9a-a11d-9181eb0f4a0f'. Status changed: NONE => QUEUED in 0.0275001525879
2019-07-16 07:46:34.193 1510 RALLYDEBUG rally.task.utils [-] Waiting for resource s_rally_93d70c40_CrthH5md. Status changed: QUEUED => ACTIVE in 0.0172581672668
2019-07-16 07:46:34.332 1510 INFO rally.task.runner [-] Task e756f1cc-2ba8-4688-9bc7-4d8f91fef394 | ITER: 5 END: OK
2019-07-16 07:46:34.336 1510 INFO rally.task.runner [-] Task e756f1cc-2ba8-4688-9bc7-4d8f91fef394 | ITER: 9 START
2019-07-16 07:46:35.591 1512 RALLYDEBUG rally.task.utils [-] Waiting for resource u'947005ea-0c5d-49cf-93c3-23ab84f1f2e5'. Status changed: NONE => QUEUED in 0.0279920101166
2019-07-16 07:46:35.655 1511 RALLYDEBUG rally.task.utils [-] Waiting for resource u'29bbd5c0-6cb1-4d09-8710-8bf1c7193c69'. Status changed: NONE => QUEUED in 0.0269629955292
2019-07-16 07:46:36.433 1512 RALLYDEBUG rally.task.utils [-] Waiting for resource s_rally_93d70c40_wzgzaNm8. Status changed: QUEUED => ACTIVE in 0.0193979740143
2019-07-16 07:46:36.573 1512 INFO rally.task.runner [-] Task e756f1cc-2ba8-4688-9bc7-4d8f91fef394 | ITER: 6 END: OK
2019-07-16 07:46:36.577 1512 INFO rally.task.runner [-] Task e756f1cc-2ba8-4688-9bc7-4d8f91fef394 | ITER: 10 START
2019-07-16 07:46:37.330 1509 RALLYDEBUG rally.task.utils [-] Waiting for resource u'9ec4497b-c08e-4854-a0ff-051adda68384'. Status changed: NONE => QUEUED in 1.39696907997
2019-07-16 07:46:37.402 1511 RALLYDEBUG rally.task.utils [-] Waiting for resource s_rally_93d70c40_hlCeB2Ti. Status changed: QUEUED => ACTIVE in 0.0285432338715
2019-07-16 07:46:37.500 1510 RALLYDEBUG rally.task.utils [-] Waiting for resource u'eea0ba97-cfa3-4707-9061-ec240b6b6460'. Status changed: NONE => QUEUED in 0.0254049301147
2019-07-16 07:46:38.374 1510 RALLYDEBUG rally.task.utils [-] Waiting for resource s_rally_93d70c40_Uz6mprEc. Status changed: QUEUED => ACTIVE in 0.021821975708
2019-07-16 07:46:38.455 1511 INFO rally.task.runner [-] Task e756f1cc-2ba8-4688-9bc7-4d8f91fef394 | ITER: 7 END: OK
2019-07-16 07:46:38.496 1509 RALLYDEBUG rally.task.utils [-] Waiting for resource s_rally_93d70c40_friLULjq. Status changed: QUEUED => ACTIVE in 0.0186309814453
2019-07-16 07:46:38.525 1510 INFO rally.task.runner [-] Task e756f1cc-2ba8-4688-9bc7-4d8f91fef394 | ITER: 9 END: OK
2019-07-16 07:46:38.641 1509 INFO rally.task.runner [-] Task e756f1cc-2ba8-4688-9bc7-4d8f91fef394 | ITER: 8 END: OK
2019-07-16 07:46:39.840 1512 RALLYDEBUG rally.task.utils [-] Waiting for resource u'0cbee405-cbd7-482d-8856-0487cabbaf2a'. Status changed: NONE => QUEUED in 0.0302839279175
2019-07-16 07:46:40.416 1512 RALLYDEBUG rally.task.utils [-] Waiting for resource s_rally_93d70c40_l0DBWqxg. Status changed: QUEUED => ACTIVE in 0.0181131362915
2019-07-16 07:46:40.561 1512 INFO rally.task.runner [-] Task e756f1cc-2ba8-4688-9bc7-4d8f91fef394 | ITER: 10 END: OK
2019-07-16 07:46:40.588 725 INFO rally.task.context [-] Task e756f1cc-2ba8-4688-9bc7-4d8f91fef394 | Context cleanup@openstack cleanup() started
2019-07-16 07:46:40.591 725 RALLYDEBUG rally_openstack.cleanup.manager [-] Cleaning up glance images objects
2019-07-16 07:46:42.873 725 RALLYDEBUG rally_openstack.cleanup.manager [-] Deleting glance.images object s_rally_93d70c40_rPJpfd18 (46284009-9e8f-4a90-9089-b6fc8eda0cff)
2019-07-16 07:46:42.874 725 RALLYDEBUG rally_openstack.cleanup.manager [-] Deleting glance.images object s_rally_93d70c40_Uz6mprEc (eea0ba97-cfa3-4707-9061-ec240b6b6460)
2019-07-16 07:46:42.881 725 RALLYDEBUG rally_openstack.cleanup.manager [-] Deleting glance.images object s_rally_93d70c40_l0DBWqxg (0cbee405-cbd7-482d-8856-0487cabbaf2a)
2019-07-16 07:46:42.881 725 RALLYDEBUG rally_openstack.cleanup.manager [-] Deleting glance.images object s_rally_93d70c40_CrthH5md (2646675b-b2c4-4f9a-a11d-9181eb0f4a0f)
2019-07-16 07:46:42.882 725 RALLYDEBUG rally_openstack.cleanup.manager [-] Deleting glance.images object s_rally_93d70c40_hlCeB2Ti (29bbd5c0-6cb1-4d09-8710-8bf1c7193c69)
2019-07-16 07:46:42.883 725 RALLYDEBUG rally_openstack.cleanup.manager [-] Deleting glance.images object s_rally_93d70c40_wzgzaNm8 (947005ea-0c5d-49cf-93c3-23ab84f1f2e5)
2019-07-16 07:46:42.883 725 RALLYDEBUG rally_openstack.cleanup.manager [-] Deleting glance.images object s_rally_93d70c40_1gw4uenP (f731bd56-fe78-4a77-afdb-5c3ceaa7f06f)
2019-07-16 07:46:42.888 725 RALLYDEBUG rally_openstack.cleanup.manager [-] Deleting glance.images object s_rally_93d70c40_friLULjq (9ec4497b-c08e-4854-a0ff-051adda68384)
2019-07-16 07:46:42.891 725 RALLYDEBUG rally_openstack.cleanup.manager [-] Deleting glance.images object s_rally_93d70c40_cWyOJDNg (98f85f2d-c42a-4d9b-b800-9e55763d8b05)
2019-07-16 07:46:42.892 725 RALLYDEBUG rally_openstack.cleanup.manager [-] Deleting glance.images object s_rally_93d70c40_fmesBaWL (0b9f4786-300f-40b4-860d-b0d07582e381)
2019-07-16 07:46:44.141 725 DEBUG glanceclient.common.http [-] Request returned failure status 404. _handle_response /usr/lib/python2.7/site-packages/glanceclient/common/http.py:125
2019-07-16 07:46:44.151 725 DEBUG glanceclient.common.http [-] Request returned failure status 404. _handle_response /usr/lib/python2.7/site-packages/glanceclient/common/http.py:125
2019-07-16 07:46:44.155 725 DEBUG glanceclient.common.http [-] Request returned failure status 404. _handle_response /usr/lib/python2.7/site-packages/glanceclient/common/http.py:125
2019-07-16 07:46:44.163 725 DEBUG glanceclient.common.http [-] Request returned failure status 404. _handle_response /usr/lib/python2.7/site-packages/glanceclient/common/http.py:125
2019-07-16 07:46:45.276 725 DEBUG glanceclient.common.http [-] Request returned failure status 404. _handle_response /usr/lib/python2.7/site-packages/glanceclient/common/http.py:125
2019-07-16 07:46:45.299 725 DEBUG glanceclient.common.http [-] Request returned failure status 404. _handle_response /usr/lib/python2.7/site-packages/glanceclient/common/http.py:125
2019-07-16 07:46:45.301 725 DEBUG glanceclient.common.http [-] Request returned failure status 404. _handle_response /usr/lib/python2.7/site-packages/glanceclient/common/http.py:125
2019-07-16 07:46:45.315 725 DEBUG glanceclient.common.http [-] Request returned failure status 404. _handle_response /usr/lib/python2.7/site-packages/glanceclient/common/http.py:125
2019-07-16 07:46:46.202 725 DEBUG glanceclient.common.http [-] Request returned failure status 404. _handle_response /usr/lib/python2.7/site-packages/glanceclient/common/http.py:125
2019-07-16 07:46:46.214 725 DEBUG glanceclient.common.http [-] Request returned failure status 404. _handle_response /usr/lib/python2.7/site-packages/glanceclient/common/http.py:125
2019-07-16 07:46:46.227 725 DEBUG glanceclient.common.http [-] Request returned failure status 404. _handle_response /usr/lib/python2.7/site-packages/glanceclient/common/http.py:125
2019-07-16 07:46:46.234 725 DEBUG glanceclient.common.http [-] Request returned failure status 404. _handle_response /usr/lib/python2.7/site-packages/glanceclient/common/http.py:125
2019-07-16 07:46:46.239 725 DEBUG glanceclient.common.http [-] Request returned failure status 404. _handle_response /usr/lib/python2.7/site-packages/glanceclient/common/http.py:125
2019-07-16 07:46:46.242 725 DEBUG glanceclient.common.http [-] Request returned failure status 404. _handle_response /usr/lib/python2.7/site-packages/glanceclient/common/http.py:125
2019-07-16 07:46:46.255 725 DEBUG glanceclient.common.http [-] Request returned failure status 404. _handle_response /usr/lib/python2.7/site-packages/glanceclient/common/http.py:125
2019-07-16 07:46:46.257 725 DEBUG glanceclient.common.http [-] Request returned failure status 404. _handle_response /usr/lib/python2.7/site-packages/glanceclient/common/http.py:125
2019-07-16 07:46:46.268 725 DEBUG glanceclient.common.http [-] Request returned failure status 404. _handle_response /usr/lib/python2.7/site-packages/glanceclient/common/http.py:125
2019-07-16 07:46:46.270 725 DEBUG glanceclient.common.http [-] Request returned failure status 404. _handle_response /usr/lib/python2.7/site-packages/glanceclient/common/http.py:125
2019-07-16 07:46:46.272 725 DEBUG glanceclient.common.http [-] Request returned failure status 404. _handle_response /usr/lib/python2.7/site-packages/glanceclient/common/http.py:125
2019-07-16 07:46:46.289 725 DEBUG glanceclient.common.http [-] Request returned failure status 404. _handle_response /usr/lib/python2.7/site-packages/glanceclient/common/http.py:125
2019-07-16 07:46:47.291 725 INFO rally.task.context [-] Task e756f1cc-2ba8-4688-9bc7-4d8f91fef394 | Context cleanup@openstack cleanup() finished in 6.70 sec
2019-07-16 07:46:47.292 725 INFO rally.task.context [-] Task e756f1cc-2ba8-4688-9bc7-4d8f91fef394 | Context users@openstack cleanup() started
2019-07-16 07:46:54.779 725 INFO rally.task.context [-] Task e756f1cc-2ba8-4688-9bc7-4d8f91fef394 | Context users@openstack cleanup() finished in 7.49 sec
2019-07-16 07:46:55.576 725 INFO rally.task.engine [-] Load duration is: 13.591679
2019-07-16 07:46:55.576 725 INFO rally.task.engine [-] Full runner duration is: 14.532501
2019-07-16 07:46:55.576 725 INFO rally.task.engine [-] Full duration is: 33.438477
2019-07-16 07:46:55.935 725 INFO rally.task.engine [-] Running workload: position = 0 config = { "version": 2, "title": "A cropped version of a bigger task.", "description": "Auto-generated task from a single workload (uuid=abc21df7-9439-4e0f-bb14-f89352073b2e)", "subtasks": [ { "title": "GlanceImages.create_and_get_image", "description": "Create and get detailed information of an image.", "scenario": { "GlanceImages.create_and_get_image": { "container_format": "bare", "disk_format": "qcow2", "image_location": "/home/opnfv/functest/images/cirros-0.4.0-x86_64-disk.img" } }, "contexts": { "users": { "tenants": 3, "users_per_tenant": 2 } }, "runner": { "constant": { "concurrency": 4, "times": 10 } }, "hooks": [], "sla": { "failure_rate": { "max": 0 } } } ] }
2019-07-16 07:46:55.956 725 RALLYDEBUG rally_openstack.contexts.keystone.users [-] Creating 3 tenants using 20 threads
2019-07-16 07:46:57.743 725 RALLYDEBUG rally_openstack.contexts.keystone.users [-] Creating 6 users using 20 threads
2019-07-16 07:47:00.366 725 INFO rally.task.context [-] Task e756f1cc-2ba8-4688-9bc7-4d8f91fef394 | Context users@openstack setup() finished in 4.41 sec
2019-07-16 07:47:00.367 725 INFO rally.task.context [-] Task e756f1cc-2ba8-4688-9bc7-4d8f91fef394 | Context cleanup@openstack setup() finished in 0.01 msec
2019-07-16 07:47:00.374 725 RALLYDEBUG rally.task.runner [-] Starting the constant runner (task UUID: e756f1cc-2ba8-4688-9bc7-4d8f91fef394). timeout: 0 concurrency: 4 concurrency_per_worker: 1 times: 10 concurrency_overhead: 0 processes_to_start: 4 max_cpu_used: 16
2019-07-16 07:47:00.386 1633 RALLYDEBUG rally.task.runner [-] Starting a worker. concurrency: 1 args: {"container_format": "bare", "disk_format": "qcow2", "image_location": "/home/opnfv/functest/images/cirros-0.4.0-x86_64-disk.img"} times: 10 method_name: run timeout: 0 duration: None cls:
2019-07-16 07:47:00.388 1634 RALLYDEBUG rally.task.runner [-] Starting a worker. concurrency: 1 args: {"container_format": "bare", "disk_format": "qcow2", "image_location": "/home/opnfv/functest/images/cirros-0.4.0-x86_64-disk.img"} times: 10 method_name: run timeout: 0 duration: None cls:
2019-07-16 07:47:00.391 1635 RALLYDEBUG rally.task.runner [-] Starting a worker. concurrency: 1 args: {"container_format": "bare", "disk_format": "qcow2", "image_location": "/home/opnfv/functest/images/cirros-0.4.0-x86_64-disk.img"} times: 10 method_name: run timeout: 0 duration: None cls:
2019-07-16 07:47:00.392 1633 INFO rally.task.runner [-] Task e756f1cc-2ba8-4688-9bc7-4d8f91fef394 | ITER: 1 START
2019-07-16 07:47:00.394 1634 INFO rally.task.runner [-] Task e756f1cc-2ba8-4688-9bc7-4d8f91fef394 | ITER: 2 START
2019-07-16 07:47:00.395 1636 RALLYDEBUG rally.task.runner [-] Starting a worker. concurrency: 1 args: {"container_format": "bare", "disk_format": "qcow2", "image_location": "/home/opnfv/functest/images/cirros-0.4.0-x86_64-disk.img"} times: 10 method_name: run timeout: 0 duration: None cls:
2019-07-16 07:47:00.397 1635 INFO rally.task.runner [-] Task e756f1cc-2ba8-4688-9bc7-4d8f91fef394 | ITER: 3 START
2019-07-16 07:47:00.401 1636 INFO rally.task.runner [-] Task e756f1cc-2ba8-4688-9bc7-4d8f91fef394 | ITER: 4 START
2019-07-16 07:47:03.719 1635 RALLYDEBUG rally.task.utils [-] Waiting for resource u'5ffe12cf-cb0a-45c8-ae7e-925cce716f5a'. Status changed: NONE => QUEUED in 0.0309340953827
2019-07-16 07:47:03.745 1636 RALLYDEBUG rally.task.utils [-] Waiting for resource u'0542372b-46ca-4424-85c7-7d9286e606a0'. Status changed: NONE => QUEUED in 0.0408711433411
2019-07-16 07:47:03.807 1633 RALLYDEBUG rally.task.utils [-] Waiting for resource u'0b68acba-4736-4468-a279-0b0392b66e3b'. Status changed: NONE => QUEUED in 0.0262570381165
2019-07-16 07:47:03.828 1634 RALLYDEBUG rally.task.utils [-] Waiting for resource u'b116a018-e584-4a6f-ad03-0d6a4a5ac7c0'. Status changed: NONE => QUEUED in 0.0307121276855
2019-07-16 07:47:04.493 1635 RALLYDEBUG rally.task.utils [-] Waiting for resource s_rally_abc21df7_caydcJBG. Status changed: QUEUED => ACTIVE in 0.0192680358887
2019-07-16 07:47:04.498 1636 RALLYDEBUG rally.task.utils [-] Waiting for resource s_rally_abc21df7_cKOIYuGZ. Status changed: QUEUED => ACTIVE in 0.0225579738617
2019-07-16 07:47:04.515 1635 INFO rally.task.runner [-] Task e756f1cc-2ba8-4688-9bc7-4d8f91fef394 | ITER: 3 END: OK
2019-07-16 07:47:04.518 1636 INFO rally.task.runner [-] Task e756f1cc-2ba8-4688-9bc7-4d8f91fef394 | ITER: 4 END: OK
2019-07-16 07:47:04.519 1635 INFO rally.task.runner [-] Task e756f1cc-2ba8-4688-9bc7-4d8f91fef394 | ITER: 5 START
2019-07-16 07:47:04.523 1636 INFO rally.task.runner [-] Task e756f1cc-2ba8-4688-9bc7-4d8f91fef394 | ITER: 6 START
2019-07-16 07:47:05.171 1633 RALLYDEBUG rally.task.utils [-] Waiting for resource s_rally_abc21df7_CLLDoayE. Status changed: QUEUED => ACTIVE in 0.0188050270081
2019-07-16 07:47:05.172 1634 RALLYDEBUG rally.task.utils [-] Waiting for resource s_rally_abc21df7_LM8yx7Zp. Status changed: QUEUED => ACTIVE in 0.0195159912109
2019-07-16 07:47:05.187 1633 INFO rally.task.runner [-] Task e756f1cc-2ba8-4688-9bc7-4d8f91fef394 | ITER: 1 END: OK
2019-07-16 07:47:05.189 1634 INFO rally.task.runner [-] Task e756f1cc-2ba8-4688-9bc7-4d8f91fef394 | ITER: 2 END: OK
2019-07-16 07:47:05.190 1633 INFO rally.task.runner [-] Task e756f1cc-2ba8-4688-9bc7-4d8f91fef394 | ITER: 7 START
2019-07-16 07:47:05.193 1634 INFO rally.task.runner [-] Task e756f1cc-2ba8-4688-9bc7-4d8f91fef394 | ITER: 8 START
2019-07-16 07:47:07.814 1635 RALLYDEBUG rally.task.utils [-] Waiting for resource u'7be2f1c9-074b-40ca-aad0-0f9ff5215da0'. Status changed: NONE => QUEUED in 0.0305981636047
2019-07-16 07:47:07.821 1636 RALLYDEBUG rally.task.utils [-] Waiting for resource u'cfb906a9-1625-4c10-a175-a3c38fabe262'. Status changed: NONE => QUEUED in 0.0283250808716
2019-07-16 07:47:08.313 1636 RALLYDEBUG rally.task.utils [-] Waiting for resource s_rally_abc21df7_VUgSkRX8. Status changed: QUEUED => ACTIVE in 0.0175969600677
2019-07-16 07:47:08.322 1635 RALLYDEBUG rally.task.utils [-] Waiting for resource s_rally_abc21df7_Q5h0Xk43. Status changed: QUEUED => ACTIVE in 0.019061088562
2019-07-16 07:47:08.332 1636 INFO rally.task.runner [-] Task e756f1cc-2ba8-4688-9bc7-4d8f91fef394 | ITER: 6 END: OK
2019-07-16 07:47:08.336 1636 INFO rally.task.runner [-] Task e756f1cc-2ba8-4688-9bc7-4d8f91fef394 | ITER: 9 START
2019-07-16 07:47:08.338 1635 INFO rally.task.runner [-] Task e756f1cc-2ba8-4688-9bc7-4d8f91fef394 | ITER: 5 END: OK
2019-07-16 07:47:08.342 1635 INFO rally.task.runner [-] Task e756f1cc-2ba8-4688-9bc7-4d8f91fef394 | ITER: 10 START
2019-07-16 07:47:08.364 1633 RALLYDEBUG rally.task.utils [-] Waiting for resource u'4674326a-91ee-45cc-a264-3d60b9d86c06'. Status changed: NONE => QUEUED in 0.0261027812958
2019-07-16 07:47:08.441 1634 RALLYDEBUG rally.task.utils [-] Waiting for resource u'6aa29743-5b11-46c8-aa20-ff5ae535b41d'. Status changed: NONE => QUEUED in 0.0331511497498
2019-07-16 07:47:09.404 1633 RALLYDEBUG rally.task.utils [-] Waiting for resource s_rally_abc21df7_N8DzB5Er. Status changed: QUEUED => ACTIVE in 0.0186960697174
2019-07-16 07:47:09.404 1634 RALLYDEBUG rally.task.utils [-] Waiting for resource s_rally_abc21df7_7rddf1lx. Status changed: QUEUED => ACTIVE in 0.0189809799194
2019-07-16 07:47:09.421 1633 INFO rally.task.runner [-] Task e756f1cc-2ba8-4688-9bc7-4d8f91fef394 | ITER: 7 END: OK
2019-07-16 07:47:09.426 1634 INFO rally.task.runner [-] Task e756f1cc-2ba8-4688-9bc7-4d8f91fef394 | ITER: 8 END: OK
2019-07-16 07:47:11.695 1635 RALLYDEBUG rally.task.utils [-] Waiting for resource u'68d17555-0e60-4400-a3e0-02067f196cf3'. Status changed: NONE => QUEUED in 0.0315971374512
2019-07-16 07:47:11.757 1636 RALLYDEBUG rally.task.utils [-] Waiting for resource u'ca98af22-69cd-4247-b933-cf563c62e0d9'. Status changed: NONE => QUEUED in 0.02760887146
2019-07-16 07:47:12.667 1636 RALLYDEBUG rally.task.utils [-] Waiting for resource s_rally_abc21df7_j5SvzQth. Status changed: QUEUED => ACTIVE in 0.0189549922943
2019-07-16 07:47:12.678 1635 RALLYDEBUG rally.task.utils [-] Waiting for resource s_rally_abc21df7_eMXfVuvI. Status changed: QUEUED => ACTIVE in 0.0174160003662
2019-07-16 07:47:12.684 1636 INFO rally.task.runner [-] Task e756f1cc-2ba8-4688-9bc7-4d8f91fef394 | ITER: 9 END: OK
2019-07-16 07:47:12.695 1635 INFO rally.task.runner [-] Task e756f1cc-2ba8-4688-9bc7-4d8f91fef394 | ITER: 10 END: OK
2019-07-16 07:47:12.727 725 INFO rally.task.context [-] Task e756f1cc-2ba8-4688-9bc7-4d8f91fef394 | Context cleanup@openstack cleanup() started
2019-07-16 07:47:12.730 725 RALLYDEBUG rally_openstack.cleanup.manager [-] Cleaning up glance images objects
2019-07-16 07:47:14.935 725 RALLYDEBUG rally_openstack.cleanup.manager [-] Deleting glance.images object s_rally_abc21df7_7rddf1lx (6aa29743-5b11-46c8-aa20-ff5ae535b41d)
2019-07-16 07:47:14.936 725 RALLYDEBUG rally_openstack.cleanup.manager [-] Deleting glance.images object s_rally_abc21df7_j5SvzQth (ca98af22-69cd-4247-b933-cf563c62e0d9)
2019-07-16 07:47:14.939 725 RALLYDEBUG rally_openstack.cleanup.manager [-] Deleting glance.images object s_rally_abc21df7_Q5h0Xk43 (7be2f1c9-074b-40ca-aad0-0f9ff5215da0)
2019-07-16 07:47:14.944 725 RALLYDEBUG rally_openstack.cleanup.manager [-] Deleting glance.images object s_rally_abc21df7_cKOIYuGZ (0542372b-46ca-4424-85c7-7d9286e606a0)
2019-07-16 07:47:14.944 725 RALLYDEBUG rally_openstack.cleanup.manager [-] Deleting glance.images object s_rally_abc21df7_LM8yx7Zp (b116a018-e584-4a6f-ad03-0d6a4a5ac7c0)
2019-07-16 07:47:14.938 725 RALLYDEBUG rally_openstack.cleanup.manager [-] Deleting glance.images object s_rally_abc21df7_N8DzB5Er (4674326a-91ee-45cc-a264-3d60b9d86c06)
2019-07-16 07:47:14.947 725 RALLYDEBUG rally_openstack.cleanup.manager [-] Deleting glance.images object s_rally_abc21df7_eMXfVuvI (68d17555-0e60-4400-a3e0-02067f196cf3)
2019-07-16 07:47:14.949 725 RALLYDEBUG rally_openstack.cleanup.manager [-] Deleting glance.images object s_rally_abc21df7_caydcJBG (5ffe12cf-cb0a-45c8-ae7e-925cce716f5a)
2019-07-16 07:47:14.953 725 RALLYDEBUG rally_openstack.cleanup.manager [-] Deleting glance.images object s_rally_abc21df7_CLLDoayE (0b68acba-4736-4468-a279-0b0392b66e3b)
2019-07-16 07:47:14.965 725 RALLYDEBUG rally_openstack.cleanup.manager [-] Deleting glance.images object s_rally_abc21df7_VUgSkRX8 (cfb906a9-1625-4c10-a175-a3c38fabe262)
2019-07-16 07:47:16.238 725 DEBUG glanceclient.common.http [-] Request returned failure status 404. _handle_response /usr/lib/python2.7/site-packages/glanceclient/common/http.py:125
2019-07-16 07:47:16.259 725 DEBUG glanceclient.common.http [-] Request returned failure status 404. _handle_response /usr/lib/python2.7/site-packages/glanceclient/common/http.py:125
2019-07-16 07:47:16.262 725 DEBUG glanceclient.common.http [-] Request returned failure status 404. _handle_response /usr/lib/python2.7/site-packages/glanceclient/common/http.py:125
2019-07-16 07:47:16.268 725 DEBUG glanceclient.common.http [-] Request returned failure status 404. _handle_response /usr/lib/python2.7/site-packages/glanceclient/common/http.py:125
2019-07-16 07:47:16.273 725 DEBUG glanceclient.common.http [-] Request returned failure status 404. _handle_response /usr/lib/python2.7/site-packages/glanceclient/common/http.py:125
2019-07-16 07:47:16.278 725 DEBUG glanceclient.common.http [-] Request returned failure status 404. _handle_response /usr/lib/python2.7/site-packages/glanceclient/common/http.py:125
2019-07-16 07:47:16.279 725 DEBUG glanceclient.common.http [-] Request returned failure status 404. _handle_response /usr/lib/python2.7/site-packages/glanceclient/common/http.py:125
2019-07-16 07:47:16.286 725 DEBUG glanceclient.common.http [-] Request returned failure status 404. _handle_response /usr/lib/python2.7/site-packages/glanceclient/common/http.py:125
2019-07-16 07:47:16.293 725 DEBUG glanceclient.common.http [-] Request returned failure status 404. _handle_response /usr/lib/python2.7/site-packages/glanceclient/common/http.py:125
2019-07-16 07:47:16.296 725 DEBUG glanceclient.common.http [-] Request returned failure status 404. _handle_response /usr/lib/python2.7/site-packages/glanceclient/common/http.py:125
2019-07-16 07:47:18.347 725 DEBUG glanceclient.common.http [-] Request returned failure status 404. _handle_response /usr/lib/python2.7/site-packages/glanceclient/common/http.py:125
2019-07-16 07:47:18.349 725 DEBUG glanceclient.common.http [-] Request returned failure status 404. _handle_response /usr/lib/python2.7/site-packages/glanceclient/common/http.py:125
2019-07-16 07:47:18.359 725 DEBUG glanceclient.common.http [-] Request returned failure status 404. _handle_response /usr/lib/python2.7/site-packages/glanceclient/common/http.py:125
2019-07-16 07:47:18.360 725 DEBUG glanceclient.common.http [-] Request returned failure status 404. _handle_response /usr/lib/python2.7/site-packages/glanceclient/common/http.py:125
2019-07-16 07:47:18.373 725 DEBUG glanceclient.common.http [-] Request returned failure status 404. _handle_response /usr/lib/python2.7/site-packages/glanceclient/common/http.py:125
2019-07-16 07:47:18.377 725 DEBUG glanceclient.common.http [-] Request returned failure status 404. _handle_response /usr/lib/python2.7/site-packages/glanceclient/common/http.py:125
2019-07-16 07:47:18.388 725 DEBUG glanceclient.common.http [-] Request returned failure status 404. _handle_response /usr/lib/python2.7/site-packages/glanceclient/common/http.py:125
2019-07-16 07:47:18.392 725 DEBUG glanceclient.common.http [-] Request returned failure status 404. _handle_response /usr/lib/python2.7/site-packages/glanceclient/common/http.py:125
2019-07-16 07:47:18.404 725 DEBUG glanceclient.common.http [-] Request returned failure status 404. _handle_response /usr/lib/python2.7/site-packages/glanceclient/common/http.py:125
2019-07-16 07:47:18.416 725 DEBUG glanceclient.common.http [-] Request returned failure status 404. _handle_response /usr/lib/python2.7/site-packages/glanceclient/common/http.py:125
2019-07-16 07:47:19.419 725 INFO rally.task.context [-] Task e756f1cc-2ba8-4688-9bc7-4d8f91fef394 | Context cleanup@openstack cleanup() finished in 6.69 sec
2019-07-16 07:47:19.419 725 INFO rally.task.context [-] Task e756f1cc-2ba8-4688-9bc7-4d8f91fef394 | Context users@openstack cleanup() started
2019-07-16 07:47:27.285 725 INFO rally.task.context [-] Task e756f1cc-2ba8-4688-9bc7-4d8f91fef394 | Context users@openstack cleanup() finished in 7.87 sec
2019-07-16 07:47:28.094 725 INFO rally.task.engine [-] Load duration is: 11.431655
2019-07-16 07:47:28.095 725 INFO rally.task.engine [-] Full runner duration is: 12.35385
2019-07-16 07:47:28.095 725 INFO rally.task.engine [-] Full duration is: 31.331283
