2019-07-16 07:39:59.169 7 RALLYDEBUG rally.api [-] INFO logs from urllib3 and requests module are hide.
2019-07-16 07:39:59.169 7 RALLYDEBUG rally.api [-] urllib3 insecure warnings are hidden.
2019-07-16 07:39:59.170 7 RALLYDEBUG rally.api [-] ERROR log from boto module is hide.
2019-07-16 07:40:00.382 7 ERROR rally.cli.cliutils [-] Unexpected exception in CLI: DBRecordNotFound: Record for uuid or name is opnfv-rally not found in table envs
2019-07-16 07:40:00.382 7 ERROR rally.cli.cliutils
Traceback (most recent call last):
2019-07-16 07:40:00.382 7 ERROR rally.cli.cliutils
File "/usr/lib/python2.7/site-packages/rally/cli/cliutils.py", line 674, in run
2019-07-16 07:40:00.382 7 ERROR rally.cli.cliutils ret = fn(*fn_args, **fn_kwargs)
2019-07-16 07:40:00.382 7 ERROR rally.cli.cliutils File "", line 2, in destroy
2019-07-16 07:40:00.382 7 ERROR rally.cli.cliutils
File "/usr/lib/python2.7/site-packages/rally/cli/envutils.py", line 69, in default_from_global
2019-07-16 07:40:00.382 7 ERROR rally.cli.cliutils return f(*args, **kwargs)
2019-07-16 07:40:00.382 7 ERROR rally.cli.cliutils File "", line 2, in destroy
2019-07-16 07:40:00.382 7 ERROR rally.cli.cliutils
File "/usr/lib/python2.7/site-packages/rally/plugins/__init__.py", line 51, in ensure_plugins_are_loaded
2019-07-16 07:40:00.382 7 ERROR rally.cli.cliutils return f(*args, **kwargs)
2019-07-16 07:40:00.382 7 ERROR rally.cli.cliutils
File "/usr/lib/python2.7/site-packages/rally/cli/commands/deployment.py", line 140, in destroy
2019-07-16 07:40:00.382 7 ERROR rally.cli.cliutils api.deployment.destroy(deployment=deployment)
2019-07-16 07:40:00.382 7 ERROR rally.cli.cliutils
File "/usr/lib/python2.7/site-packages/rally/api.py", line 115, in destroy
2019-07-16 07:40:00.382 7 ERROR rally.cli.cliutils deploy = objects.Deployment.get(deployment)
2019-07-16 07:40:00.382 7 ERROR rally.cli.cliutils
File "/usr/lib/python2.7/site-packages/rally/common/objects/deploy.py", line 124, in get
2019-07-16 07:40:00.382 7 ERROR rally.cli.cliutils return Deployment(env_mgr.EnvManager.get(deploy))
2019-07-16 07:40:00.382 7 ERROR rally.cli.cliutils
File "/usr/lib/python2.7/site-packages/rally/env/env_mgr.py", line 212, in get
2019-07-16 07:40:00.382 7 ERROR rally.cli.cliutils return cls(db.env_get(uuid_or_name))
2019-07-16 07:40:00.382 7 ERROR rally.cli.cliutils
File "/usr/lib/python2.7/site-packages/rally/common/db/api.py", line 135, in wrapper
2019-07-16 07:40:00.382 7 ERROR rally.cli.cliutils result = f(session, *args, **kwargs)
2019-07-16 07:40:00.382 7 ERROR rally.cli.cliutils
File "/usr/lib/python2.7/site-packages/rally/common/db/api.py", line 521, in env_get
2019-07-16 07:40:00.382 7 ERROR rally.cli.cliutils criteria="uuid or name is %s" % uuid_or_name, table="envs")
2019-07-16 07:40:00.382 7 ERROR rally.cli.cliutils DBRecordNotFound: Record for uuid or name is opnfv-rally not found in table envs
2019-07-16 07:40:00.382 7 ERROR rally.cli.cliutils
2019-07-16 07:40:01.129 9 RALLYDEBUG rally.api [-] INFO logs from urllib3 and requests module are hide.
2019-07-16 07:40:01.129 9 RALLYDEBUG rally.api [-] urllib3 insecure warnings are hidden.
2019-07-16 07:40:01.129 9 RALLYDEBUG rally.api [-] ERROR log from boto module is hide.
2019-07-16 07:40:02.417 9 WARNING rally_openstack.platforms.existing [-] endpoint is deprecated and not used.
2019-07-16 07:40:03.328 11 RALLYDEBUG rally.api [-] INFO logs from urllib3 and requests module are hide.
2019-07-16 07:40:03.329 11 RALLYDEBUG rally.api [-] urllib3 insecure warnings are hidden.
2019-07-16 07:40:03.329 11 RALLYDEBUG rally.api [-] ERROR log from boto module is hide.
2019-07-16 07:40:06.546 14 RALLYDEBUG rally.api [-] INFO logs from urllib3 and requests module are hide.
2019-07-16 07:40:06.546 14 RALLYDEBUG rally.api [-] urllib3 insecure warnings are hidden.
2019-07-16 07:40:06.546 14 RALLYDEBUG rally.api [-] ERROR log from boto module is hide.
2019-07-16 07:40:07.863 16 RALLYDEBUG rally.api [-] INFO logs from urllib3 and requests module are hide.
2019-07-16 07:40:07.864 16 RALLYDEBUG rally.api [-] urllib3 insecure warnings are hidden.
2019-07-16 07:40:07.864 16 RALLYDEBUG rally.api [-] ERROR log from boto module is hide.
2019-07-16 07:40:09.061 16 INFO rally.task.engine [-] Task ce29c90e-90ab-40f4-a184-f3852a1134db | Starting: Task validation.
2019-07-16 07:40:09.098 16 INFO rally.task.engine [-] Task ce29c90e-90ab-40f4-a184-f3852a1134db | Starting: Task validation of syntax.
2019-07-16 07:40:09.176 16 INFO rally.task.engine [-] Task ce29c90e-90ab-40f4-a184-f3852a1134db | Completed: Task validation of syntax.
2019-07-16 07:40:09.176 16 INFO rally.task.engine [-] Task ce29c90e-90ab-40f4-a184-f3852a1134db | Starting: Task validation of required platforms.
2019-07-16 07:40:09.213 16 INFO rally.task.engine [-] Task ce29c90e-90ab-40f4-a184-f3852a1134db | Completed: Task validation of required platforms.
2019-07-16 07:40:09.213 16 INFO rally.task.engine [-] Task ce29c90e-90ab-40f4-a184-f3852a1134db | Starting: Task validation of semantic.
2019-07-16 07:40:09.213 16 INFO rally.task.engine [-] Check health of the environment 'f464f261-5081-4318-92f6-e956f56ea780'.
2019-07-16 07:40:10.032 16 INFO rally.task.engine [-] Platform existing@openstack (available: True): OK!
2019-07-16 07:40:10.058 16 RALLYDEBUG rally_openstack.contexts.keystone.users [-] Creating 1 tenants using 20 threads
2019-07-16 07:40:11.728 16 RALLYDEBUG rally_openstack.contexts.keystone.users [-] Creating 1 users using 20 threads
2019-07-16 07:40:14.183 16 INFO rally.task.context [-] Task ce29c90e-90ab-40f4-a184-f3852a1134db | Context users@openstack setup() finished in 4.12 sec
2019-07-16 07:40:14.230 16 INFO rally.task.context [-] Task ce29c90e-90ab-40f4-a184-f3852a1134db | Context users@openstack cleanup() started
2019-07-16 07:40:18.669 16 INFO rally.task.context [-] Task ce29c90e-90ab-40f4-a184-f3852a1134db | Context users@openstack cleanup() finished in 4.44 sec
2019-07-16 07:40:18.669 16 INFO rally.task.engine [-] Task ce29c90e-90ab-40f4-a184-f3852a1134db | Completed: Task validation of semantic.
2019-07-16 07:40:18.669 16 INFO rally.task.engine [-] Task ce29c90e-90ab-40f4-a184-f3852a1134db | Completed: Task validation.
2019-07-16 07:40:18.670 16 INFO rally.api [-] Task ce29c90e-90ab-40f4-a184-f3852a1134db input file is valid.
2019-07-16 07:40:18.670 16 INFO rally.api [-] Run Task ce29c90e-90ab-40f4-a184-f3852a1134db against Deployment f464f261-5081-4318-92f6-e956f56ea780
2019-07-16 07:40:18.670 16 INFO rally.task.engine [-] Task ce29c90e-90ab-40f4-a184-f3852a1134db | Starting: Running task.
2019-07-16 07:40:18.806 16 INFO rally.task.engine [-] Running workload: position = 0 config = { "version": 2, "title": "A cropped version of a bigger task.", "description": "Auto-generated task from a single workload (uuid=3c82ab20-2ed2-470f-a590-cfeed23a0e88)", "subtasks": [ { "title": "Authenticate.keystone", "description": "Check Keystone Client.", "scenario": { "Authenticate.keystone": {} }, "contexts": { "users": { "tenants": 3, "users_per_tenant": 2 } }, "runner": { "constant": { "concurrency": 4, "times": 10 } }, "hooks": [], "sla": { "failure_rate": { "max": 0 } } } ] }
2019-07-16 07:40:18.824 16 RALLYDEBUG rally_openstack.contexts.keystone.users [-] Creating 3 tenants using 20 threads
2019-07-16 07:40:20.646 16 RALLYDEBUG rally_openstack.contexts.keystone.users [-] Creating 6 users using 20 threads
2019-07-16 07:40:23.393 16 INFO rally.task.context [-] Task ce29c90e-90ab-40f4-a184-f3852a1134db | Context users@openstack setup() finished in 4.57 sec
2019-07-16 07:40:23.401 16 RALLYDEBUG rally.task.runner [-] Starting the constant runner (task UUID: ce29c90e-90ab-40f4-a184-f3852a1134db). timeout: 0 concurrency: 4 concurrency_per_worker: 1 times: 10 concurrency_overhead: 0 processes_to_start: 4 max_cpu_used: 16
2019-07-16 07:40:23.413 140 RALLYDEBUG rally.task.runner [-] Starting a worker. concurrency: 1 args: {} times: 10 method_name: run timeout: 0 duration: None cls:
2019-07-16 07:40:23.416 141 RALLYDEBUG rally.task.runner [-] Starting a worker. concurrency: 1 args: {} times: 10 method_name: run timeout: 0 duration: None cls:
2019-07-16 07:40:23.418 142 RALLYDEBUG rally.task.runner [-] Starting a worker. concurrency: 1 args: {} times: 10 method_name: run timeout: 0 duration: None cls:
2019-07-16 07:40:23.419 140 INFO rally.task.runner [-] Task ce29c90e-90ab-40f4-a184-f3852a1134db | ITER: 1 START
2019-07-16 07:40:23.421 141 INFO rally.task.runner [-] Task ce29c90e-90ab-40f4-a184-f3852a1134db | ITER: 2 START
2019-07-16 07:40:23.421 143 RALLYDEBUG rally.task.runner [-] Starting a worker. concurrency: 1 args: {} times: 10 method_name: run timeout: 0 duration: None cls:
2019-07-16 07:40:23.423 142 INFO rally.task.runner [-] Task ce29c90e-90ab-40f4-a184-f3852a1134db | ITER: 3 START
2019-07-16 07:40:23.427 143 INFO rally.task.runner [-] Task ce29c90e-90ab-40f4-a184-f3852a1134db | ITER: 4 START
2019-07-16 07:40:24.014 141 INFO rally.task.runner [-] Task ce29c90e-90ab-40f4-a184-f3852a1134db | ITER: 2 END: OK
2019-07-16 07:40:24.017 141 INFO rally.task.runner [-] Task ce29c90e-90ab-40f4-a184-f3852a1134db | ITER: 5 START
2019-07-16 07:40:24.020 143 INFO rally.task.runner [-] Task ce29c90e-90ab-40f4-a184-f3852a1134db | ITER: 4 END: OK
2019-07-16 07:40:24.023 143 INFO rally.task.runner [-] Task ce29c90e-90ab-40f4-a184-f3852a1134db | ITER: 6 START
2019-07-16 07:40:24.031 140 INFO rally.task.runner [-] Task ce29c90e-90ab-40f4-a184-f3852a1134db | ITER: 1 END: OK
2019-07-16 07:40:24.034 140 INFO rally.task.runner [-] Task ce29c90e-90ab-40f4-a184-f3852a1134db | ITER: 7 START
2019-07-16 07:40:24.035 142 INFO rally.task.runner [-] Task ce29c90e-90ab-40f4-a184-f3852a1134db | ITER: 3 END: OK
2019-07-16 07:40:24.039 142 INFO rally.task.runner [-] Task ce29c90e-90ab-40f4-a184-f3852a1134db | ITER: 8 START
2019-07-16 07:40:24.608 141 INFO rally.task.runner [-] Task ce29c90e-90ab-40f4-a184-f3852a1134db | ITER: 5 END: OK
2019-07-16 07:40:24.612 141 INFO rally.task.runner [-] Task ce29c90e-90ab-40f4-a184-f3852a1134db | ITER: 9 START
2019-07-16 07:40:24.629 143 INFO rally.task.runner [-] Task ce29c90e-90ab-40f4-a184-f3852a1134db | ITER: 6 END: OK
2019-07-16 07:40:24.632 143 INFO rally.task.runner [-] Task ce29c90e-90ab-40f4-a184-f3852a1134db | ITER: 10 START
2019-07-16 07:40:24.638 142 INFO rally.task.runner [-] Task ce29c90e-90ab-40f4-a184-f3852a1134db | ITER: 8 END: OK
2019-07-16 07:40:24.648 140 INFO rally.task.runner [-] Task ce29c90e-90ab-40f4-a184-f3852a1134db | ITER: 7 END: OK
2019-07-16 07:40:25.199 141 INFO rally.task.runner [-] Task ce29c90e-90ab-40f4-a184-f3852a1134db | ITER: 9 END: OK
2019-07-16 07:40:25.211 143 INFO rally.task.runner [-] Task ce29c90e-90ab-40f4-a184-f3852a1134db | ITER: 10 END: OK
2019-07-16 07:40:25.228 16 INFO rally.task.context [-] Task ce29c90e-90ab-40f4-a184-f3852a1134db | Context users@openstack cleanup() started
2019-07-16 07:40:32.072 16 INFO rally.task.context [-] Task ce29c90e-90ab-40f4-a184-f3852a1134db | Context users@openstack cleanup() finished in 6.84 sec
2019-07-16 07:40:32.898 16 INFO rally.task.engine [-] Load duration is: 1.790775
2019-07-16 07:40:32.898 16 INFO rally.task.engine [-] Full runner duration is: 1.827623
2019-07-16 07:40:32.898 16 INFO rally.task.engine [-] Full duration is: 13.25073
2019-07-16 07:40:33.142 16 INFO rally.task.engine [-] Running workload: position = 0 config = { "version": 2, "title": "A cropped version of a bigger task.", "description": "Auto-generated task from a single workload (uuid=333be592-19ac-4207-892b-c5f3c3c62b9c)", "subtasks": [ { "title": "Authenticate.validate_cinder", "description": "Check Cinder Client to ensure validation of token.", "scenario": { "Authenticate.validate_cinder": { "repetitions": 2 } }, "contexts": { "users": { "tenants": 3, "users_per_tenant": 2 } }, "runner": { "constant": { "concurrency": 4, "times": 10 } }, "hooks": [], "sla": { "failure_rate": { "max": 0 } } } ] }
2019-07-16 07:40:33.163 16 RALLYDEBUG rally_openstack.contexts.keystone.users [-] Creating 3 tenants using 20 threads
2019-07-16 07:40:34.969 16 RALLYDEBUG rally_openstack.contexts.keystone.users [-] Creating 6 users using 20 threads
2019-07-16 07:40:37.618 16 INFO rally.task.context [-] Task ce29c90e-90ab-40f4-a184-f3852a1134db | Context users@openstack setup() finished in 4.46 sec
2019-07-16 07:40:37.626 16 RALLYDEBUG rally.task.runner [-] Starting the constant runner (task UUID: ce29c90e-90ab-40f4-a184-f3852a1134db). timeout: 0 concurrency: 4 concurrency_per_worker: 1 times: 10 concurrency_overhead: 0 processes_to_start: 4 max_cpu_used: 16
2019-07-16 07:40:37.635 244 RALLYDEBUG rally.task.runner [-] Starting a worker. concurrency: 1 args: {"repetitions": 2} times: 10 method_name: run timeout: 0 duration: None cls:
2019-07-16 07:40:37.640 244 INFO rally.task.runner [-] Task ce29c90e-90ab-40f4-a184-f3852a1134db | ITER: 1 START
2019-07-16 07:40:37.640 245 RALLYDEBUG rally.task.runner [-] Starting a worker. concurrency: 1 args: {"repetitions": 2} times: 10 method_name: run timeout: 0 duration: None cls:
2019-07-16 07:40:37.641 246 RALLYDEBUG rally.task.runner [-] Starting a worker. concurrency: 1 args: {"repetitions": 2} times: 10 method_name: run timeout: 0 duration: None cls:
2019-07-16 07:40:37.645 247 RALLYDEBUG rally.task.runner [-] Starting a worker. concurrency: 1 args: {"repetitions": 2} times: 10 method_name: run timeout: 0 duration: None cls:
2019-07-16 07:40:37.647 245 INFO rally.task.runner [-] Task ce29c90e-90ab-40f4-a184-f3852a1134db | ITER: 2 START
2019-07-16 07:40:37.648 246 INFO rally.task.runner [-] Task ce29c90e-90ab-40f4-a184-f3852a1134db | ITER: 3 START
2019-07-16 07:40:37.651 247 INFO rally.task.runner [-] Task ce29c90e-90ab-40f4-a184-f3852a1134db | ITER: 4 START
2019-07-16 07:40:39.521 246 INFO rally.task.runner [-] Task ce29c90e-90ab-40f4-a184-f3852a1134db | ITER: 3 END: OK
2019-07-16 07:40:39.525 246 INFO rally.task.runner [-] Task ce29c90e-90ab-40f4-a184-f3852a1134db | ITER: 5 START
2019-07-16 07:40:39.528 244 INFO rally.task.runner [-] Task ce29c90e-90ab-40f4-a184-f3852a1134db | ITER: 1 END: OK
2019-07-16 07:40:39.532 244 INFO rally.task.runner [-] Task ce29c90e-90ab-40f4-a184-f3852a1134db | ITER: 6 START
2019-07-16 07:40:39.550 247 INFO rally.task.runner [-] Task ce29c90e-90ab-40f4-a184-f3852a1134db | ITER: 4 END: OK
2019-07-16 07:40:39.554 247 INFO rally.task.runner [-] Task ce29c90e-90ab-40f4-a184-f3852a1134db | ITER: 7 START
2019-07-16 07:40:39.671 245 INFO rally.task.runner [-] Task ce29c90e-90ab-40f4-a184-f3852a1134db | ITER: 2 END: OK
2019-07-16 07:40:39.675 245 INFO rally.task.runner [-] Task ce29c90e-90ab-40f4-a184-f3852a1134db | ITER: 8 START
2019-07-16 07:40:42.678 246 INFO rally.task.runner [-] Task ce29c90e-90ab-40f4-a184-f3852a1134db | ITER: 5 END: OK
2019-07-16 07:40:42.681 246 INFO rally.task.runner [-] Task ce29c90e-90ab-40f4-a184-f3852a1134db | ITER: 9 START
2019-07-16 07:40:42.747 247 INFO rally.task.runner [-] Task ce29c90e-90ab-40f4-a184-f3852a1134db | ITER: 7 END: OK
2019-07-16 07:40:42.750 247 INFO rally.task.runner [-] Task ce29c90e-90ab-40f4-a184-f3852a1134db | ITER: 10 START
2019-07-16 07:40:42.819 244 INFO rally.task.runner [-] Task ce29c90e-90ab-40f4-a184-f3852a1134db | ITER: 6 END: OK
2019-07-16 07:40:43.671 246 INFO rally.task.runner [-] Task ce29c90e-90ab-40f4-a184-f3852a1134db | ITER: 9 END: OK
2019-07-16 07:40:43.742 247 INFO rally.task.runner [-] Task ce29c90e-90ab-40f4-a184-f3852a1134db | ITER: 10 END: OK
2019-07-16 07:40:43.858 245 INFO rally.task.runner [-] Task ce29c90e-90ab-40f4-a184-f3852a1134db | ITER: 8 END: OK
2019-07-16 07:40:43.877 16 INFO rally.task.context [-] Task ce29c90e-90ab-40f4-a184-f3852a1134db | Context users@openstack cleanup() started
2019-07-16 07:40:50.738 16 INFO rally.task.context [-] Task ce29c90e-90ab-40f4-a184-f3852a1134db | Context users@openstack cleanup() finished in 6.86 sec
2019-07-16 07:40:51.270 16 INFO rally.task.engine [-] Load duration is: 6.216029
2019-07-16 07:40:51.270 16 INFO rally.task.engine [-] Full runner duration is: 6.251067
2019-07-16 07:40:51.270 16 INFO rally.task.engine [-] Full duration is: 17.578869
2019-07-16 07:40:51.505 16 INFO rally.task.engine [-] Running workload: position = 0 config = { "version": 2, "title": "A cropped version of a bigger task.", "description": "Auto-generated task from a single workload (uuid=fa987abd-4331-4d05-be83-8c340992e496)", "subtasks": [ { "title": "Authenticate.validate_glance", "description": "Check Glance Client to ensure validation of token.", "scenario": { "Authenticate.validate_glance": { "repetitions": 2 } }, "contexts": { "users": { "tenants": 3, "users_per_tenant": 2 } }, "runner": { "constant": { "concurrency": 4, "times": 10 } }, "hooks": [], "sla": { "failure_rate": { "max": 0 } } } ] }
2019-07-16 07:40:51.526 16 RALLYDEBUG rally_openstack.contexts.keystone.users [-] Creating 3 tenants using 20 threads
2019-07-16 07:40:53.283 16 RALLYDEBUG rally_openstack.contexts.keystone.users [-] Creating 6 users using 20 threads
2019-07-16 07:40:56.311 16 INFO rally.task.context [-] Task ce29c90e-90ab-40f4-a184-f3852a1134db | Context users@openstack setup() finished in 4.79 sec
2019-07-16 07:40:56.319 16 RALLYDEBUG rally.task.runner [-] Starting the constant runner (task UUID: ce29c90e-90ab-40f4-a184-f3852a1134db). timeout: 0 concurrency: 4 concurrency_per_worker: 1 times: 10 concurrency_overhead: 0 processes_to_start: 4 max_cpu_used: 16
2019-07-16 07:40:56.331 348 RALLYDEBUG rally.task.runner [-] Starting a worker. concurrency: 1 args: {"repetitions": 2} times: 10 method_name: run timeout: 0 duration: None cls:
2019-07-16 07:40:56.333 349 RALLYDEBUG rally.task.runner [-] Starting a worker. concurrency: 1 args: {"repetitions": 2} times: 10 method_name: run timeout: 0 duration: None cls:
2019-07-16 07:40:56.337 348 INFO rally.task.runner [-] Task ce29c90e-90ab-40f4-a184-f3852a1134db | ITER: 1 START
2019-07-16 07:40:56.337 350 RALLYDEBUG rally.task.runner [-] Starting a worker. concurrency: 1 args: {"repetitions": 2} times: 10 method_name: run timeout: 0 duration: None cls:
2019-07-16 07:40:56.339 349 INFO rally.task.runner [-] Task ce29c90e-90ab-40f4-a184-f3852a1134db | ITER: 2 START
2019-07-16 07:40:56.340 351 RALLYDEBUG rally.task.runner [-] Starting a worker. concurrency: 1 args: {"repetitions": 2} times: 10 method_name: run timeout: 0 duration: None cls:
2019-07-16 07:40:56.343 350 INFO rally.task.runner [-] Task ce29c90e-90ab-40f4-a184-f3852a1134db | ITER: 3 START
2019-07-16 07:40:56.346 351 INFO rally.task.runner [-] Task ce29c90e-90ab-40f4-a184-f3852a1134db | ITER: 4 START
2019-07-16 07:40:57.187 348 INFO rally.task.runner [-] Task ce29c90e-90ab-40f4-a184-f3852a1134db | ITER: 1 END: OK
2019-07-16 07:40:57.192 348 INFO rally.task.runner [-] Task ce29c90e-90ab-40f4-a184-f3852a1134db | ITER: 5 START
2019-07-16 07:40:57.216 351 INFO rally.task.runner [-] Task ce29c90e-90ab-40f4-a184-f3852a1134db | ITER: 4 END: OK
2019-07-16 07:40:57.220 351 INFO rally.task.runner [-] Task ce29c90e-90ab-40f4-a184-f3852a1134db | ITER: 6 START
2019-07-16 07:40:57.249 349 INFO rally.task.runner [-] Task ce29c90e-90ab-40f4-a184-f3852a1134db | ITER: 2 END: OK
2019-07-16 07:40:57.253 349 INFO rally.task.runner [-] Task ce29c90e-90ab-40f4-a184-f3852a1134db | ITER: 7 START
2019-07-16 07:40:57.364 350 INFO rally.task.runner [-] Task ce29c90e-90ab-40f4-a184-f3852a1134db | ITER: 3 END: OK
2019-07-16 07:40:57.369 350 INFO rally.task.runner [-] Task ce29c90e-90ab-40f4-a184-f3852a1134db | ITER: 8 START
2019-07-16 07:40:57.982 348 INFO rally.task.runner [-] Task ce29c90e-90ab-40f4-a184-f3852a1134db | ITER: 5 END: OK
2019-07-16 07:40:57.985 348 INFO rally.task.runner [-] Task ce29c90e-90ab-40f4-a184-f3852a1134db | ITER: 9 START
2019-07-16 07:40:58.028 351 INFO rally.task.runner [-] Task ce29c90e-90ab-40f4-a184-f3852a1134db | ITER: 6 END: OK
2019-07-16 07:40:58.031 351 INFO rally.task.runner [-] Task ce29c90e-90ab-40f4-a184-f3852a1134db | ITER: 10 START
2019-07-16 07:40:58.073 350 INFO rally.task.runner [-] Task ce29c90e-90ab-40f4-a184-f3852a1134db | ITER: 8 END: OK
2019-07-16 07:40:58.135 349 INFO rally.task.runner [-] Task ce29c90e-90ab-40f4-a184-f3852a1134db | ITER: 7 END: OK
2019-07-16 07:40:58.763 348 INFO rally.task.runner [-] Task ce29c90e-90ab-40f4-a184-f3852a1134db | ITER: 9 END: OK
2019-07-16 07:40:58.791 351 INFO rally.task.runner [-] Task ce29c90e-90ab-40f4-a184-f3852a1134db | ITER: 10 END: OK
2019-07-16 07:40:58.820 16 INFO rally.task.context [-] Task ce29c90e-90ab-40f4-a184-f3852a1134db | Context users@openstack cleanup() started
2019-07-16 07:41:05.542 16 INFO rally.task.context [-] Task ce29c90e-90ab-40f4-a184-f3852a1134db | Context users@openstack cleanup() finished in 6.72 sec
2019-07-16 07:41:05.598 16 INFO rally.task.engine [-] Load duration is: 2.452329
2019-07-16 07:41:05.598 16 INFO rally.task.engine [-] Full runner duration is: 2.501549
2019-07-16 07:41:05.598 16 INFO rally.task.engine [-] Full duration is: 14.01957
2019-07-16 07:41:05.866 16 INFO rally.task.engine [-] Running workload: position = 0 config = { "version": 2, "title": "A cropped version of a bigger task.", "description": "Auto-generated task from a single workload (uuid=3acc0480-7ce1-4510-be2f-67566e42b352)", "subtasks": [ { "title": "Authenticate.validate_heat", "description": "Check Heat Client to ensure validation of token.", "scenario": { "Authenticate.validate_heat": { "repetitions": 2 } }, "contexts": { "users": { "tenants": 3, "users_per_tenant": 2 } }, "runner": { "constant": { "concurrency": 4, "times": 10 } }, "hooks": [], "sla": { "failure_rate": { "max": 0 } } } ] }
2019-07-16 07:41:05.888 16 RALLYDEBUG rally_openstack.contexts.keystone.users [-] Creating 3 tenants using 20 threads
2019-07-16 07:41:07.644 16 RALLYDEBUG rally_openstack.contexts.keystone.users [-] Creating 6 users using 20 threads
2019-07-16 07:41:10.347 16 INFO rally.task.context [-] Task ce29c90e-90ab-40f4-a184-f3852a1134db | Context users@openstack setup() finished in 4.46 sec
2019-07-16 07:41:10.356 16 RALLYDEBUG rally.task.runner [-] Starting the constant runner (task UUID: ce29c90e-90ab-40f4-a184-f3852a1134db). timeout: 0 concurrency: 4 concurrency_per_worker: 1 times: 10 concurrency_overhead: 0 processes_to_start: 4 max_cpu_used: 16
2019-07-16 07:41:10.368 452 RALLYDEBUG rally.task.runner [-] Starting a worker. concurrency: 1 args: {"repetitions": 2} times: 10 method_name: run timeout: 0 duration: None cls:
2019-07-16 07:41:10.370 453 RALLYDEBUG rally.task.runner [-] Starting a worker. concurrency: 1 args: {"repetitions": 2} times: 10 method_name: run timeout: 0 duration: None cls:
2019-07-16 07:41:10.372 454 RALLYDEBUG rally.task.runner [-] Starting a worker. concurrency: 1 args: {"repetitions": 2} times: 10 method_name: run timeout: 0 duration: None cls:
2019-07-16 07:41:10.374 452 INFO rally.task.runner [-] Task ce29c90e-90ab-40f4-a184-f3852a1134db | ITER: 1 START
2019-07-16 07:41:10.375 455 RALLYDEBUG rally.task.runner [-] Starting a worker. concurrency: 1 args: {"repetitions": 2} times: 10 method_name: run timeout: 0 duration: None cls:
2019-07-16 07:41:10.377 453 INFO rally.task.runner [-] Task ce29c90e-90ab-40f4-a184-f3852a1134db | ITER: 2 START
2019-07-16 07:41:10.378 454 INFO rally.task.runner [-] Task ce29c90e-90ab-40f4-a184-f3852a1134db | ITER: 3 START
2019-07-16 07:41:10.380 455 INFO rally.task.runner [-] Task ce29c90e-90ab-40f4-a184-f3852a1134db | ITER: 4 START
2019-07-16 07:41:12.246 453 INFO rally.task.runner [-] Task ce29c90e-90ab-40f4-a184-f3852a1134db | ITER: 2 END: OK
2019-07-16 07:41:12.246 452 INFO rally.task.runner [-] Task ce29c90e-90ab-40f4-a184-f3852a1134db | ITER: 1 END: OK
2019-07-16 07:41:12.250 453 INFO rally.task.runner [-] Task ce29c90e-90ab-40f4-a184-f3852a1134db | ITER: 5 START
2019-07-16 07:41:12.250 452 INFO rally.task.runner [-] Task ce29c90e-90ab-40f4-a184-f3852a1134db | ITER: 6 START
2019-07-16 07:41:12.331 455 INFO rally.task.runner [-] Task ce29c90e-90ab-40f4-a184-f3852a1134db | ITER: 4 END: OK
2019-07-16 07:41:12.335 455 INFO rally.task.runner [-] Task ce29c90e-90ab-40f4-a184-f3852a1134db | ITER: 7 START
2019-07-16 07:41:12.387 454 INFO rally.task.runner [-] Task ce29c90e-90ab-40f4-a184-f3852a1134db | ITER: 3 END: OK
2019-07-16 07:41:12.392 454 INFO rally.task.runner [-] Task ce29c90e-90ab-40f4-a184-f3852a1134db | ITER: 8 START
2019-07-16 07:41:13.206 452 INFO rally.task.runner [-] Task ce29c90e-90ab-40f4-a184-f3852a1134db | ITER: 6 END: OK
2019-07-16 07:41:13.209 452 INFO rally.task.runner [-] Task ce29c90e-90ab-40f4-a184-f3852a1134db | ITER: 9 START
2019-07-16 07:41:13.247 453 INFO rally.task.runner [-] Task ce29c90e-90ab-40f4-a184-f3852a1134db | ITER: 5 END: OK
2019-07-16 07:41:13.251 453 INFO rally.task.runner [-] Task ce29c90e-90ab-40f4-a184-f3852a1134db | ITER: 10 START
2019-07-16 07:41:13.603 455 INFO rally.task.runner [-] Task ce29c90e-90ab-40f4-a184-f3852a1134db | ITER: 7 END: OK
2019-07-16 07:41:14.062 452 INFO rally.task.runner [-] Task ce29c90e-90ab-40f4-a184-f3852a1134db | ITER: 9 END: OK
2019-07-16 07:41:14.222 453 INFO rally.task.runner [-] Task ce29c90e-90ab-40f4-a184-f3852a1134db | ITER: 10 END: OK
2019-07-16 07:41:14.261 454 INFO rally.task.runner [-] Task ce29c90e-90ab-40f4-a184-f3852a1134db | ITER: 8 END: OK
2019-07-16 07:41:14.280 16 INFO rally.task.context [-] Task ce29c90e-90ab-40f4-a184-f3852a1134db | Context users@openstack cleanup() started
2019-07-16 07:41:22.191 16 INFO rally.task.context [-] Task ce29c90e-90ab-40f4-a184-f3852a1134db | Context users@openstack cleanup() finished in 7.91 sec
2019-07-16 07:41:23.977 16 INFO rally.task.engine [-] Load duration is: 3.885174
2019-07-16 07:41:23.978 16 INFO rally.task.engine [-] Full runner duration is: 3.925634
2019-07-16 07:41:23.978 16 INFO rally.task.engine [-] Full duration is: 16.305626
2019-07-16 07:41:24.234 16 INFO rally.task.engine [-] Running workload: position = 0 config = { "version": 2, "title": "A cropped version of a bigger task.", "description": "Auto-generated task from a single workload (uuid=0c7cf436-7450-4136-a5c2-9b9d9c808be7)", "subtasks": [ { "title": "Authenticate.validate_neutron", "description": "Check Neutron Client to ensure validation of token.", "scenario": { "Authenticate.validate_neutron": { "repetitions": 2 } }, "contexts": { "users": { "tenants": 3, "users_per_tenant": 2 } }, "runner": { "constant": { "concurrency": 4, "times": 10 } }, "hooks": [], "sla": { "failure_rate": { "max": 0 } } } ] }
2019-07-16 07:41:24.257 16 RALLYDEBUG rally_openstack.contexts.keystone.users [-] Creating 3 tenants using 20 threads
2019-07-16 07:41:26.042 16 RALLYDEBUG rally_openstack.contexts.keystone.users [-] Creating 6 users using 20 threads
2019-07-16 07:41:28.798 16 INFO rally.task.context [-] Task ce29c90e-90ab-40f4-a184-f3852a1134db | Context users@openstack setup() finished in 4.54 sec
2019-07-16 07:41:28.806 16 RALLYDEBUG rally.task.runner [-] Starting the constant runner (task UUID: ce29c90e-90ab-40f4-a184-f3852a1134db). timeout: 0 concurrency: 4 concurrency_per_worker: 1 times: 10 concurrency_overhead: 0 processes_to_start: 4 max_cpu_used: 16
2019-07-16 07:41:28.818 556 RALLYDEBUG rally.task.runner [-] Starting a worker. concurrency: 1 args: {"repetitions": 2} times: 10 method_name: run timeout: 0 duration: None cls:
2019-07-16 07:41:28.820 557 RALLYDEBUG rally.task.runner [-] Starting a worker. concurrency: 1 args: {"repetitions": 2} times: 10 method_name: run timeout: 0 duration: None cls:
2019-07-16 07:41:28.825 556 INFO rally.task.runner [-] Task ce29c90e-90ab-40f4-a184-f3852a1134db | ITER: 1 START
2019-07-16 07:41:28.824 558 RALLYDEBUG rally.task.runner [-] Starting a worker. concurrency: 1 args: {"repetitions": 2} times: 10 method_name: run timeout: 0 duration: None cls:
2019-07-16 07:41:28.826 557 INFO rally.task.runner [-] Task ce29c90e-90ab-40f4-a184-f3852a1134db | ITER: 2 START
2019-07-16 07:41:28.829 559 RALLYDEBUG rally.task.runner [-] Starting a worker. concurrency: 1 args: {"repetitions": 2} times: 10 method_name: run timeout: 0 duration: None cls:
2019-07-16 07:41:28.831 558 INFO rally.task.runner [-] Task ce29c90e-90ab-40f4-a184-f3852a1134db | ITER: 3 START
2019-07-16 07:41:28.837 559 INFO rally.task.runner [-] Task ce29c90e-90ab-40f4-a184-f3852a1134db | ITER: 4 START
2019-07-16 07:41:29.742 559 INFO rally.task.runner [-] Task ce29c90e-90ab-40f4-a184-f3852a1134db | ITER: 4 END: OK
2019-07-16 07:41:29.745 559 INFO rally.task.runner [-] Task ce29c90e-90ab-40f4-a184-f3852a1134db | ITER: 5 START
2019-07-16 07:41:30.010 556 INFO rally.task.runner [-] Task ce29c90e-90ab-40f4-a184-f3852a1134db | ITER: 1 END: OK
2019-07-16 07:41:30.014 556 INFO rally.task.runner [-] Task ce29c90e-90ab-40f4-a184-f3852a1134db | ITER: 6 START
2019-07-16 07:41:30.174 557 INFO rally.task.runner [-] Task ce29c90e-90ab-40f4-a184-f3852a1134db | ITER: 2 END: OK
2019-07-16 07:41:30.178 557 INFO rally.task.runner [-] Task ce29c90e-90ab-40f4-a184-f3852a1134db | ITER: 7 START
2019-07-16 07:41:30.179 558 INFO rally.task.runner [-] Task ce29c90e-90ab-40f4-a184-f3852a1134db | ITER: 3 END: OK
2019-07-16 07:41:30.183 558 INFO rally.task.runner [-] Task ce29c90e-90ab-40f4-a184-f3852a1134db | ITER: 8 START
2019-07-16 07:41:30.903 559 INFO rally.task.runner [-] Task ce29c90e-90ab-40f4-a184-f3852a1134db | ITER: 5 END: OK
2019-07-16 07:41:30.908 559 INFO rally.task.runner [-] Task ce29c90e-90ab-40f4-a184-f3852a1134db | ITER: 9 START
2019-07-16 07:41:31.374 556 INFO rally.task.runner [-] Task ce29c90e-90ab-40f4-a184-f3852a1134db | ITER: 6 END: OK
2019-07-16 07:41:31.378 556 INFO rally.task.runner [-] Task ce29c90e-90ab-40f4-a184-f3852a1134db | ITER: 10 START
2019-07-16 07:41:31.523 558 INFO rally.task.runner [-] Task ce29c90e-90ab-40f4-a184-f3852a1134db | ITER: 8 END: OK
2019-07-16 07:41:31.528 557 INFO rally.task.runner [-] Task ce29c90e-90ab-40f4-a184-f3852a1134db | ITER: 7 END: OK
2019-07-16 07:41:31.818 559 INFO rally.task.runner [-] Task ce29c90e-90ab-40f4-a184-f3852a1134db | ITER: 9 END: OK
2019-07-16 07:41:32.237 556 INFO rally.task.runner [-] Task ce29c90e-90ab-40f4-a184-f3852a1134db | ITER: 10 END: OK
2019-07-16 07:41:32.256 16 INFO rally.task.context [-] Task ce29c90e-90ab-40f4-a184-f3852a1134db | Context users@openstack cleanup() started
2019-07-16 07:41:38.672 16 INFO rally.task.context [-] Task ce29c90e-90ab-40f4-a184-f3852a1134db | Context users@openstack cleanup() finished in 6.42 sec
2019-07-16 07:41:40.336 16 INFO rally.task.engine [-] Load duration is: 3.411008
2019-07-16 07:41:40.337 16 INFO rally.task.engine [-] Full runner duration is: 3.450845
2019-07-16 07:41:40.337 16 INFO rally.task.engine [-] Full duration is: 14.418645
2019-07-16 07:41:40.568 16 INFO rally.task.engine [-] Running workload: position = 0 config = { "version": 2, "title": "A cropped version of a bigger task.", "description": "Auto-generated task from a single workload (uuid=4dea1496-a9e7-499a-8823-b5ebe7ef6797)", "subtasks": [ { "title": "Authenticate.validate_nova", "description": "Check Nova Client to ensure validation of token.", "scenario": { "Authenticate.validate_nova": { "repetitions": 2 } }, "contexts": { "users": { "tenants": 3, "users_per_tenant": 2 } }, "runner": { "constant": { "concurrency": 4, "times": 10 } }, "hooks": [], "sla": { "failure_rate": { "max": 0 } } } ] }
2019-07-16 07:41:40.587 16 RALLYDEBUG rally_openstack.contexts.keystone.users [-] Creating 3 tenants using 20 threads
2019-07-16 07:41:42.348 16 RALLYDEBUG rally_openstack.contexts.keystone.users [-] Creating 6 users using 20 threads
2019-07-16 07:41:45.160 16 INFO rally.task.context [-] Task ce29c90e-90ab-40f4-a184-f3852a1134db | Context users@openstack setup() finished in 4.57 sec
2019-07-16 07:41:45.169 16 RALLYDEBUG rally.task.runner [-] Starting the constant runner (task UUID: ce29c90e-90ab-40f4-a184-f3852a1134db). timeout: 0 concurrency: 4 concurrency_per_worker: 1 times: 10 concurrency_overhead: 0 processes_to_start: 4 max_cpu_used: 16
2019-07-16 07:41:45.181 660 RALLYDEBUG rally.task.runner [-] Starting a worker. concurrency: 1 args: {"repetitions": 2} times: 10 method_name: run timeout: 0 duration: None cls:
2019-07-16 07:41:45.185 661 RALLYDEBUG rally.task.runner [-] Starting a worker. concurrency: 1 args: {"repetitions": 2} times: 10 method_name: run timeout: 0 duration: None cls:
2019-07-16 07:41:45.187 660 INFO rally.task.runner [-] Task ce29c90e-90ab-40f4-a184-f3852a1134db | ITER: 1 START
2019-07-16 07:41:45.188 662 RALLYDEBUG rally.task.runner [-] Starting a worker. concurrency: 1 args: {"repetitions": 2} times: 10 method_name: run timeout: 0 duration: None cls:
2019-07-16 07:41:45.190 663 RALLYDEBUG rally.task.runner [-] Starting a worker. concurrency: 1 args: {"repetitions": 2} times: 10 method_name: run timeout: 0 duration: None cls:
2019-07-16 07:41:45.192 661 INFO rally.task.runner [-] Task ce29c90e-90ab-40f4-a184-f3852a1134db | ITER: 2 START
2019-07-16 07:41:45.194 662 INFO rally.task.runner [-] Task ce29c90e-90ab-40f4-a184-f3852a1134db | ITER: 3 START
2019-07-16 07:41:45.195 663 INFO rally.task.runner [-] Task ce29c90e-90ab-40f4-a184-f3852a1134db | ITER: 4 START
2019-07-16 07:41:45.700 660 DEBUG novaclient.v2.client [-] REQ: curl -g -i -X GET http://172.30.9.28:8774/v2.1/flavors/detail -H "Accept: application/json" -H "User-Agent: python-novaclient" -H "X-Auth-Token: {SHA1}4e2eae5bcf450d1d460c877f440be5a5ab98f40f" _http_log_request /usr/lib/python2.7/site-packages/keystoneauth1/session.py:448
2019-07-16 07:41:45.705 663 DEBUG novaclient.v2.client [-] REQ: curl -g -i -X GET http://172.30.9.28:8774/v2.1/flavors/detail -H "Accept: application/json" -H "User-Agent: python-novaclient" -H "X-Auth-Token: {SHA1}6e0b2c11602831dd77cb65d91b582cb9ab0db071" _http_log_request /usr/lib/python2.7/site-packages/keystoneauth1/session.py:448
2019-07-16 07:41:45.720 661 DEBUG novaclient.v2.client [-] REQ: curl -g -i -X GET http://172.30.9.28:8774/v2.1/flavors/detail -H "Accept: application/json" -H "User-Agent: python-novaclient" -H "X-Auth-Token: {SHA1}c73431421d50c1fe9ad37de354cabaf81b680ded" _http_log_request /usr/lib/python2.7/site-packages/keystoneauth1/session.py:448
2019-07-16 07:41:45.766 662 DEBUG novaclient.v2.client [-] REQ: curl -g -i -X GET http://172.30.9.28:8774/v2.1/flavors/detail -H "Accept: application/json" -H "User-Agent: python-novaclient" -H "X-Auth-Token: {SHA1}39d0b73ab607d5a1c54081b5d0867bfaca810997" _http_log_request /usr/lib/python2.7/site-packages/keystoneauth1/session.py:448
2019-07-16 07:41:46.007 663 DEBUG novaclient.v2.client [-] RESP: [200] Content-Encoding: gzip Content-Length: 362 Content-Type: application/json Date: Tue, 16 Jul 2019 07:41:45 GMT OpenStack-API-Version: compute 2.1 Server: Apache Vary: OpenStack-API-Version,X-OpenStack-Nova-API-Version,Accept-Encoding X-OpenStack-Nova-API-Version: 2.1 x-compute-request-id: req-5901240d-8550-452b-8968-af19e2b5d275 x-openstack-request-id: req-5901240d-8550-452b-8968-af19e2b5d275 _http_log_response /usr/lib/python2.7/site-packages/keystoneauth1/session.py:479
2019-07-16 07:41:46.008 663 DEBUG novaclient.v2.client [-] RESP BODY: {"flavors": [{"name": "rally_full-flavor_3fc1c051-6d7a-4880-8a2e-cf71f8783d3b", "links": [{"href": "http://172.30.9.28:8774/v2.1/flavors/10d37a28-5da3-4eb8-85a8-d23bbfa0b7c3", "rel": "self"}, {"href": "http://172.30.9.28:8774/flavors/10d37a28-5da3-4eb8-85a8-d23bbfa0b7c3", "rel": "bookmark"}], "ram": 512, "OS-FLV-DISABLED:disabled": false, "vcpus": 1, "swap": "", "os-flavor-access:is_public": true, "rxtx_factor": 1.0, "OS-FLV-EXT-DATA:ephemeral": 0, "disk": 1, "id": "10d37a28-5da3-4eb8-85a8-d23bbfa0b7c3"}, {"name": "rally_full-flavor_alt_3fc1c051-6d7a-4880-8a2e-cf71f8783d3b", "links": [{"href": "http://172.30.9.28:8774/v2.1/flavors/5d7758c0-7c71-40e8-80b0-b21caf78f17e", "rel": "self"}, {"href": "http://172.30.9.28:8774/flavors/5d7758c0-7c71-40e8-80b0-b21caf78f17e", "rel": "bookmark"}], "ram": 1024, "OS-FLV-DISABLED:disabled": false, "vcpus": 1, "swap": "", "os-flavor-access:is_public": true, "rxtx_factor": 1.0, "OS-FLV-EXT-DATA:ephemeral": 0, "disk": 1, "id": "5d7758c0-7c71-40e8-80b0-b21caf78f17e"}]} _http_log_response /usr/lib/python2.7/site-packages/keystoneauth1/session.py:511
2019-07-16 07:41:46.009 663 DEBUG novaclient.v2.client [-] GET call to compute for http://172.30.9.28:8774/v2.1/flavors/detail used request id req-5901240d-8550-452b-8968-af19e2b5d275 request /usr/lib/python2.7/site-packages/keystoneauth1/session.py:844
2019-07-16 07:41:46.011 663 DEBUG novaclient.v2.client [-] REQ: curl -g -i -X GET http://172.30.9.28:8774/v2.1/flavors/detail -H "Accept: application/json" -H "User-Agent: python-novaclient" -H "X-Auth-Token: {SHA1}6e0b2c11602831dd77cb65d91b582cb9ab0db071" _http_log_request /usr/lib/python2.7/site-packages/keystoneauth1/session.py:448
2019-07-16 07:41:46.032 660 DEBUG novaclient.v2.client [-] RESP: [200] Content-Encoding: gzip Content-Length: 362 Content-Type: application/json Date: Tue, 16 Jul 2019 07:41:45 GMT OpenStack-API-Version: compute 2.1 Server: Apache Vary: OpenStack-API-Version,X-OpenStack-Nova-API-Version,Accept-Encoding X-OpenStack-Nova-API-Version: 2.1 x-compute-request-id: req-b011534b-4ec0-4f0e-a7d6-f6b1bcc503bd x-openstack-request-id: req-b011534b-4ec0-4f0e-a7d6-f6b1bcc503bd _http_log_response /usr/lib/python2.7/site-packages/keystoneauth1/session.py:479
2019-07-16 07:41:46.033 660 DEBUG novaclient.v2.client [-] RESP BODY: {"flavors": [{"name": "rally_full-flavor_3fc1c051-6d7a-4880-8a2e-cf71f8783d3b", "links": [{"href": "http://172.30.9.28:8774/v2.1/flavors/10d37a28-5da3-4eb8-85a8-d23bbfa0b7c3", "rel": "self"}, {"href": "http://172.30.9.28:8774/flavors/10d37a28-5da3-4eb8-85a8-d23bbfa0b7c3", "rel": "bookmark"}], "ram": 512, "OS-FLV-DISABLED:disabled": false, "vcpus": 1, "swap": "", "os-flavor-access:is_public": true, "rxtx_factor": 1.0, "OS-FLV-EXT-DATA:ephemeral": 0, "disk": 1, "id": "10d37a28-5da3-4eb8-85a8-d23bbfa0b7c3"}, {"name": "rally_full-flavor_alt_3fc1c051-6d7a-4880-8a2e-cf71f8783d3b", "links": [{"href": "http://172.30.9.28:8774/v2.1/flavors/5d7758c0-7c71-40e8-80b0-b21caf78f17e", "rel": "self"}, {"href": "http://172.30.9.28:8774/flavors/5d7758c0-7c71-40e8-80b0-b21caf78f17e", "rel": "bookmark"}], "ram": 1024, "OS-FLV-DISABLED:disabled": false, "vcpus": 1, "swap": "", "os-flavor-access:is_public": true, "rxtx_factor": 1.0, "OS-FLV-EXT-DATA:ephemeral": 0, "disk": 1, "id": "5d7758c0-7c71-40e8-80b0-b21caf78f17e"}]} _http_log_response /usr/lib/python2.7/site-packages/keystoneauth1/session.py:511
2019-07-16 07:41:46.033 660 DEBUG novaclient.v2.client [-] GET call to compute for http://172.30.9.28:8774/v2.1/flavors/detail used request id req-b011534b-4ec0-4f0e-a7d6-f6b1bcc503bd request /usr/lib/python2.7/site-packages/keystoneauth1/session.py:844
2019-07-16 07:41:46.034 663 DEBUG novaclient.v2.client [-] RESP: [200] Content-Encoding: gzip Content-Length: 362 Content-Type: application/json Date: Tue, 16 Jul 2019 07:41:46 GMT OpenStack-API-Version: compute 2.1 Server: Apache Vary: OpenStack-API-Version,X-OpenStack-Nova-API-Version,Accept-Encoding X-OpenStack-Nova-API-Version: 2.1 x-compute-request-id: req-3e2c6a49-9f7f-4fd0-a9a3-990be771fc8f x-openstack-request-id: req-3e2c6a49-9f7f-4fd0-a9a3-990be771fc8f _http_log_response /usr/lib/python2.7/site-packages/keystoneauth1/session.py:479
2019-07-16 07:41:46.035 660 DEBUG novaclient.v2.client [-] REQ: curl -g -i -X GET http://172.30.9.28:8774/v2.1/flavors/detail -H "Accept: application/json" -H "User-Agent: python-novaclient" -H "X-Auth-Token: {SHA1}4e2eae5bcf450d1d460c877f440be5a5ab98f40f" _http_log_request /usr/lib/python2.7/site-packages/keystoneauth1/session.py:448
2019-07-16 07:41:46.035 663 DEBUG novaclient.v2.client [-] RESP BODY: {"flavors": [{"name": "rally_full-flavor_3fc1c051-6d7a-4880-8a2e-cf71f8783d3b", "links": [{"href": "http://172.30.9.28:8774/v2.1/flavors/10d37a28-5da3-4eb8-85a8-d23bbfa0b7c3", "rel": "self"}, {"href": "http://172.30.9.28:8774/flavors/10d37a28-5da3-4eb8-85a8-d23bbfa0b7c3", "rel": "bookmark"}], "ram": 512, "OS-FLV-DISABLED:disabled": false, "vcpus": 1, "swap": "", "os-flavor-access:is_public": true, "rxtx_factor": 1.0, "OS-FLV-EXT-DATA:ephemeral": 0, "disk": 1, "id": "10d37a28-5da3-4eb8-85a8-d23bbfa0b7c3"}, {"name": "rally_full-flavor_alt_3fc1c051-6d7a-4880-8a2e-cf71f8783d3b", "links": [{"href": "http://172.30.9.28:8774/v2.1/flavors/5d7758c0-7c71-40e8-80b0-b21caf78f17e", "rel": "self"}, {"href": "http://172.30.9.28:8774/flavors/5d7758c0-7c71-40e8-80b0-b21caf78f17e", "rel": "bookmark"}], "ram": 1024, "OS-FLV-DISABLED:disabled": false, "vcpus": 1, "swap": "", "os-flavor-access:is_public": true, "rxtx_factor": 1.0, "OS-FLV-EXT-DATA:ephemeral": 0, "disk": 1, "id": "5d7758c0-7c71-40e8-80b0-b21caf78f17e"}]} _http_log_response /usr/lib/python2.7/site-packages/keystoneauth1/session.py:511
2019-07-16 07:41:46.035 663 DEBUG novaclient.v2.client [-] GET call to compute for http://172.30.9.28:8774/v2.1/flavors/detail used request id req-3e2c6a49-9f7f-4fd0-a9a3-990be771fc8f request /usr/lib/python2.7/site-packages/keystoneauth1/session.py:844
2019-07-16 07:41:46.037 663 INFO rally.task.runner [-] Task ce29c90e-90ab-40f4-a184-f3852a1134db | ITER: 4 END: OK
2019-07-16 07:41:46.041 663 INFO rally.task.runner [-] Task ce29c90e-90ab-40f4-a184-f3852a1134db | ITER: 5 START
2019-07-16 07:41:46.047 661 DEBUG novaclient.v2.client [-] RESP: [200] Content-Encoding: gzip Content-Length: 362 Content-Type: application/json Date: Tue, 16 Jul 2019 07:41:45 GMT OpenStack-API-Version: compute 2.1 Server: Apache Vary: OpenStack-API-Version,X-OpenStack-Nova-API-Version,Accept-Encoding X-OpenStack-Nova-API-Version: 2.1 x-compute-request-id: req-3a0a412f-b385-428b-8063-ae6ec2cab833 x-openstack-request-id: req-3a0a412f-b385-428b-8063-ae6ec2cab833 _http_log_response /usr/lib/python2.7/site-packages/keystoneauth1/session.py:479
2019-07-16 07:41:46.048 661 DEBUG novaclient.v2.client [-] RESP BODY: {"flavors": [{"name": "rally_full-flavor_3fc1c051-6d7a-4880-8a2e-cf71f8783d3b", "links": [{"href": "http://172.30.9.28:8774/v2.1/flavors/10d37a28-5da3-4eb8-85a8-d23bbfa0b7c3", "rel": "self"}, {"href": "http://172.30.9.28:8774/flavors/10d37a28-5da3-4eb8-85a8-d23bbfa0b7c3", "rel": "bookmark"}], "ram": 512, "OS-FLV-DISABLED:disabled": false, "vcpus": 1, "swap": "", "os-flavor-access:is_public": true, "rxtx_factor": 1.0, "OS-FLV-EXT-DATA:ephemeral": 0, "disk": 1, "id": "10d37a28-5da3-4eb8-85a8-d23bbfa0b7c3"}, {"name": "rally_full-flavor_alt_3fc1c051-6d7a-4880-8a2e-cf71f8783d3b", "links": [{"href": "http://172.30.9.28:8774/v2.1/flavors/5d7758c0-7c71-40e8-80b0-b21caf78f17e", "rel": "self"}, {"href": "http://172.30.9.28:8774/flavors/5d7758c0-7c71-40e8-80b0-b21caf78f17e", "rel": "bookmark"}], "ram": 1024, "OS-FLV-DISABLED:disabled": false, "vcpus": 1, "swap": "", "os-flavor-access:is_public": true, "rxtx_factor": 1.0, "OS-FLV-EXT-DATA:ephemeral": 0, "disk": 1, "id": "5d7758c0-7c71-40e8-80b0-b21caf78f17e"}]} _http_log_response /usr/lib/python2.7/site-packages/keystoneauth1/session.py:511
2019-07-16 07:41:46.049 661 DEBUG novaclient.v2.client [-] GET call to compute for http://172.30.9.28:8774/v2.1/flavors/detail used request id req-3a0a412f-b385-428b-8063-ae6ec2cab833 request /usr/lib/python2.7/site-packages/keystoneauth1/session.py:844
2019-07-16 07:41:46.050 661 DEBUG novaclient.v2.client [-] REQ: curl -g -i -X GET http://172.30.9.28:8774/v2.1/flavors/detail -H "Accept: application/json" -H "User-Agent: python-novaclient" -H "X-Auth-Token: {SHA1}c73431421d50c1fe9ad37de354cabaf81b680ded" _http_log_request /usr/lib/python2.7/site-packages/keystoneauth1/session.py:448
2019-07-16 07:41:46.056 660 DEBUG novaclient.v2.client [-] RESP: [200] Content-Encoding: gzip Content-Length: 362 Content-Type: application/json Date: Tue, 16 Jul 2019 07:41:46 GMT OpenStack-API-Version: compute 2.1 Server: Apache Vary: OpenStack-API-Version,X-OpenStack-Nova-API-Version,Accept-Encoding X-OpenStack-Nova-API-Version: 2.1 x-compute-request-id: req-e76d0aaa-8194-4b6c-b1a8-6e436cbc00fe x-openstack-request-id: req-e76d0aaa-8194-4b6c-b1a8-6e436cbc00fe _http_log_response /usr/lib/python2.7/site-packages/keystoneauth1/session.py:479
2019-07-16 07:41:46.057 660 DEBUG novaclient.v2.client [-] RESP BODY: {"flavors": [{"name": "rally_full-flavor_3fc1c051-6d7a-4880-8a2e-cf71f8783d3b", "links": [{"href": "http://172.30.9.28:8774/v2.1/flavors/10d37a28-5da3-4eb8-85a8-d23bbfa0b7c3", "rel": "self"}, {"href": "http://172.30.9.28:8774/flavors/10d37a28-5da3-4eb8-85a8-d23bbfa0b7c3", "rel": "bookmark"}], "ram": 512, "OS-FLV-DISABLED:disabled": false, "vcpus": 1, "swap": "", "os-flavor-access:is_public": true, "rxtx_factor": 1.0, "OS-FLV-EXT-DATA:ephemeral": 0, "disk": 1, "id": "10d37a28-5da3-4eb8-85a8-d23bbfa0b7c3"}, {"name": "rally_full-flavor_alt_3fc1c051-6d7a-4880-8a2e-cf71f8783d3b", "links": [{"href": "http://172.30.9.28:8774/v2.1/flavors/5d7758c0-7c71-40e8-80b0-b21caf78f17e", "rel": "self"}, {"href": "http://172.30.9.28:8774/flavors/5d7758c0-7c71-40e8-80b0-b21caf78f17e", "rel": "bookmark"}], "ram": 1024, "OS-FLV-DISABLED:disabled": false, "vcpus": 1, "swap": "", "os-flavor-access:is_public": true, "rxtx_factor": 1.0, "OS-FLV-EXT-DATA:ephemeral": 0, "disk": 1, "id": "5d7758c0-7c71-40e8-80b0-b21caf78f17e"}]} _http_log_response /usr/lib/python2.7/site-packages/keystoneauth1/session.py:511
2019-07-16 07:41:46.057 660 DEBUG novaclient.v2.client [-] GET call to compute for http://172.30.9.28:8774/v2.1/flavors/detail used request id req-e76d0aaa-8194-4b6c-b1a8-6e436cbc00fe request /usr/lib/python2.7/site-packages/keystoneauth1/session.py:844
2019-07-16 07:41:46.058 660 INFO rally.task.runner [-] Task ce29c90e-90ab-40f4-a184-f3852a1134db | ITER: 1 END: OK
2019-07-16 07:41:46.061 662 DEBUG novaclient.v2.client [-] RESP: [200] Content-Encoding: gzip Content-Length: 362 Content-Type: application/json Date: Tue, 16 Jul 2019 07:41:45 GMT OpenStack-API-Version: compute 2.1 Server: Apache Vary: OpenStack-API-Version,X-OpenStack-Nova-API-Version,Accept-Encoding X-OpenStack-Nova-API-Version: 2.1 x-compute-request-id: req-38b519d1-c1cd-4c32-8175-704a042220c0 x-openstack-request-id: req-38b519d1-c1cd-4c32-8175-704a042220c0 _http_log_response /usr/lib/python2.7/site-packages/keystoneauth1/session.py:479
2019-07-16 07:41:46.062 662 DEBUG novaclient.v2.client [-] RESP BODY: {"flavors": [{"name": "rally_full-flavor_3fc1c051-6d7a-4880-8a2e-cf71f8783d3b", "links": [{"href": "http://172.30.9.28:8774/v2.1/flavors/10d37a28-5da3-4eb8-85a8-d23bbfa0b7c3", "rel": "self"}, {"href": "http://172.30.9.28:8774/flavors/10d37a28-5da3-4eb8-85a8-d23bbfa0b7c3", "rel": "bookmark"}], "ram": 512, "OS-FLV-DISABLED:disabled": false, "vcpus": 1, "swap": "", "os-flavor-access:is_public": true, "rxtx_factor": 1.0, "OS-FLV-EXT-DATA:ephemeral": 0, "disk": 1, "id": "10d37a28-5da3-4eb8-85a8-d23bbfa0b7c3"}, {"name": "rally_full-flavor_alt_3fc1c051-6d7a-4880-8a2e-cf71f8783d3b", "links": [{"href": "http://172.30.9.28:8774/v2.1/flavors/5d7758c0-7c71-40e8-80b0-b21caf78f17e", "rel": "self"}, {"href": "http://172.30.9.28:8774/flavors/5d7758c0-7c71-40e8-80b0-b21caf78f17e", "rel": "bookmark"}], "ram": 1024, "OS-FLV-DISABLED:disabled": false, "vcpus": 1, "swap": "", "os-flavor-access:is_public": true, "rxtx_factor": 1.0, "OS-FLV-EXT-DATA:ephemeral": 0, "disk": 1, "id": "5d7758c0-7c71-40e8-80b0-b21caf78f17e"}]} _http_log_response /usr/lib/python2.7/site-packages/keystoneauth1/session.py:511
2019-07-16 07:41:46.062 662 DEBUG novaclient.v2.client [-] GET call to compute for http://172.30.9.28:8774/v2.1/flavors/detail used request id req-38b519d1-c1cd-4c32-8175-704a042220c0 request /usr/lib/python2.7/site-packages/keystoneauth1/session.py:844
2019-07-16 07:41:46.062 660 INFO rally.task.runner [-] Task ce29c90e-90ab-40f4-a184-f3852a1134db | ITER: 6 START
2019-07-16 07:41:46.064 662 DEBUG novaclient.v2.client [-] REQ: curl -g -i -X GET http://172.30.9.28:8774/v2.1/flavors/detail -H "Accept: application/json" -H "User-Agent: python-novaclient" -H "X-Auth-Token: {SHA1}39d0b73ab607d5a1c54081b5d0867bfaca810997" _http_log_request /usr/lib/python2.7/site-packages/keystoneauth1/session.py:448
2019-07-16 07:41:46.071 661 DEBUG novaclient.v2.client [-] RESP: [200] Content-Encoding: gzip Content-Length: 362 Content-Type: application/json Date: Tue, 16 Jul 2019 07:41:46 GMT OpenStack-API-Version: compute 2.1 Server: Apache Vary: OpenStack-API-Version,X-OpenStack-Nova-API-Version,Accept-Encoding X-OpenStack-Nova-API-Version: 2.1 x-compute-request-id: req-8b8f606c-386c-4750-a187-199d5c155bfa x-openstack-request-id: req-8b8f606c-386c-4750-a187-199d5c155bfa _http_log_response /usr/lib/python2.7/site-packages/keystoneauth1/session.py:479
2019-07-16 07:41:46.071 661 DEBUG novaclient.v2.client [-] RESP BODY: {"flavors": [{"name": "rally_full-flavor_3fc1c051-6d7a-4880-8a2e-cf71f8783d3b", "links": [{"href": "http://172.30.9.28:8774/v2.1/flavors/10d37a28-5da3-4eb8-85a8-d23bbfa0b7c3", "rel": "self"}, {"href": "http://172.30.9.28:8774/flavors/10d37a28-5da3-4eb8-85a8-d23bbfa0b7c3", "rel": "bookmark"}], "ram": 512, "OS-FLV-DISABLED:disabled": false, "vcpus": 1, "swap": "", "os-flavor-access:is_public": true, "rxtx_factor": 1.0, "OS-FLV-EXT-DATA:ephemeral": 0, "disk": 1, "id": "10d37a28-5da3-4eb8-85a8-d23bbfa0b7c3"}, {"name": "rally_full-flavor_alt_3fc1c051-6d7a-4880-8a2e-cf71f8783d3b", "links": [{"href": "http://172.30.9.28:8774/v2.1/flavors/5d7758c0-7c71-40e8-80b0-b21caf78f17e", "rel": "self"}, {"href": "http://172.30.9.28:8774/flavors/5d7758c0-7c71-40e8-80b0-b21caf78f17e", "rel": "bookmark"}], "ram": 1024, "OS-FLV-DISABLED:disabled": false, "vcpus": 1, "swap": "", "os-flavor-access:is_public": true, "rxtx_factor": 1.0, "OS-FLV-EXT-DATA:ephemeral": 0, "disk": 1, "id": "5d7758c0-7c71-40e8-80b0-b21caf78f17e"}]} _http_log_response /usr/lib/python2.7/site-packages/keystoneauth1/session.py:511
2019-07-16 07:41:46.072 661 DEBUG novaclient.v2.client [-] GET call to compute for http://172.30.9.28:8774/v2.1/flavors/detail used request id req-8b8f606c-386c-4750-a187-199d5c155bfa request /usr/lib/python2.7/site-packages/keystoneauth1/session.py:844
