2019-07-16 08:10:01.139 6399 DEBUG cinderclient.v2.client [-] GET call to volumev2 for http://172.30.9.28:8776/v3/425249940a164e71b445964c617c6aeb/types/067397fd-ed0c-4ffa-9368-861daa8340c7/os-volume-type-access used request id req-88bf72b0-86bc-4bfc-a7de-405e30ee9ea6 request /usr/lib/python2.7/site-packages/keystoneauth1/session.py:844
2019-07-16 08:10:01.141 6399 INFO rally.task.runner [-] Task 10542a6a-50a3-4934-9939-c258be1b4561 | ITER: 2 END: OK
2019-07-16 08:10:01.146 6399 INFO rally.task.runner [-] Task 10542a6a-50a3-4934-9939-c258be1b4561 | ITER: 5 START
2019-07-16 08:10:01.157 6401 DEBUG cinderclient.v2.client [-] RESP: [200] Content-Encoding: gzip Content-Length: 129 Content-Type: application/json Date: Tue, 16 Jul 2019 08:10:01 GMT OpenStack-API-Version: volume 3.0 Server: Apache Vary: OpenStack-API-Version,Accept-Encoding x-compute-request-id: req-8b526a26-8fa2-4499-bb3d-b4f5604fbc1b x-openstack-request-id: req-8b526a26-8fa2-4499-bb3d-b4f5604fbc1b _http_log_response /usr/lib/python2.7/site-packages/keystoneauth1/session.py:479
2019-07-16 08:10:01.157 6401 DEBUG cinderclient.v2.client [-] RESP BODY: {"volume_type_access": [{"volume_type_id": "3edf1607-d5b1-4d32-bb46-b2aae38915d1", "project_id": "825c84ba7237495d96ea87a904331ea7"}]} _http_log_response /usr/lib/python2.7/site-packages/keystoneauth1/session.py:511
2019-07-16 08:10:01.158 6401 DEBUG cinderclient.v2.client [-] GET call to volumev2 for http://172.30.9.28:8776/v3/425249940a164e71b445964c617c6aeb/types/3edf1607-d5b1-4d32-bb46-b2aae38915d1/os-volume-type-access used request id req-8b526a26-8fa2-4499-bb3d-b4f5604fbc1b request /usr/lib/python2.7/site-packages/keystoneauth1/session.py:844
2019-07-16 08:10:01.159 6401 INFO rally.task.runner [-] Task 10542a6a-50a3-4934-9939-c258be1b4561 | ITER: 4 END: OK
2019-07-16 08:10:01.163 6401 INFO rally.task.runner [-] Task 10542a6a-50a3-4934-9939-c258be1b4561 | ITER: 6 START
2019-07-16 08:10:01.289 6398 DEBUG cinderclient.v2.client [-] RESP: [202] Content-Length: 0 Content-Type: text/html; charset=UTF-8 Date: Tue, 16 Jul 2019 08:10:00 GMT OpenStack-API-Version: volume 3.0 Server: Apache Vary: OpenStack-API-Version x-openstack-request-id: req-bb67025a-357a-454f-8129-27d39ea39020 _http_log_response /usr/lib/python2.7/site-packages/keystoneauth1/session.py:479
2019-07-16 08:10:01.290 6398 DEBUG cinderclient.v2.client [-] RESP BODY: Omitted, Content-Type is set to text/html; charset=UTF-8. Only application/json responses have their bodies logged. _http_log_response /usr/lib/python2.7/site-packages/keystoneauth1/session.py:511
2019-07-16 08:10:01.290 6398 DEBUG cinderclient.v2.client [-] POST call to volumev2 for http://172.30.9.28:8776/v3/425249940a164e71b445964c617c6aeb/types/da4a9f2e-94fe-4fd7-80fb-3c0562c591ac/action used request id req-bb67025a-357a-454f-8129-27d39ea39020 request /usr/lib/python2.7/site-packages/keystoneauth1/session.py:844
2019-07-16 08:10:01.292 6398 DEBUG cinderclient.v2.client [-] REQ: curl -g -i -X GET http://172.30.9.28:8776/v3/425249940a164e71b445964c617c6aeb/types/da4a9f2e-94fe-4fd7-80fb-3c0562c591ac/os-volume-type-access -H "Accept: application/json" -H "User-Agent: python-cinderclient" -H "X-Auth-Token: {SHA1}2372ea58cbece99a4863a86e38c80f0b71e575cd" -H "X-OpenStack-Request-ID: req-8b974d9d-84ee-4f2e-b44f-552305688368" _http_log_request /usr/lib/python2.7/site-packages/keystoneauth1/session.py:448
2019-07-16 08:10:01.417 6400 DEBUG cinderclient.v2.client [-] RESP: [200] Content-Encoding: gzip Content-Length: 128 Content-Type: application/json Date: Tue, 16 Jul 2019 08:10:01 GMT OpenStack-API-Version: volume 3.0 Server: Apache Vary: OpenStack-API-Version,Accept-Encoding x-compute-request-id: req-e89fd0eb-119f-490a-b1fb-3d5ba862a091 x-openstack-request-id: req-e89fd0eb-119f-490a-b1fb-3d5ba862a091 _http_log_response /usr/lib/python2.7/site-packages/keystoneauth1/session.py:479
2019-07-16 08:10:01.418 6400 DEBUG cinderclient.v2.client [-] RESP BODY: {"volume_type_access": [{"volume_type_id": "1eeba147-d97d-40c1-a0a1-c11240364853", "project_id": "597a39ba3ab34711a430c5fb924b7513"}]} _http_log_response /usr/lib/python2.7/site-packages/keystoneauth1/session.py:511
2019-07-16 08:10:01.418 6400 DEBUG cinderclient.v2.client [-] GET call to volumev2 for http://172.30.9.28:8776/v3/425249940a164e71b445964c617c6aeb/types/1eeba147-d97d-40c1-a0a1-c11240364853/os-volume-type-access used request id req-e89fd0eb-119f-490a-b1fb-3d5ba862a091 request /usr/lib/python2.7/site-packages/keystoneauth1/session.py:844
2019-07-16 08:10:01.419 6400 INFO rally.task.runner [-] Task 10542a6a-50a3-4934-9939-c258be1b4561 | ITER: 3 END: OK
2019-07-16 08:10:01.424 6400 INFO rally.task.runner [-] Task 10542a6a-50a3-4934-9939-c258be1b4561 | ITER: 7 START
2019-07-16 08:10:01.511 6398 DEBUG cinderclient.v2.client [-] RESP: [200] Content-Encoding: gzip Content-Length: 129 Content-Type: application/json Date: Tue, 16 Jul 2019 08:10:01 GMT OpenStack-API-Version: volume 3.0 Server: Apache Vary: OpenStack-API-Version,Accept-Encoding x-compute-request-id: req-682bef01-2ffe-4800-93a2-d0ba42d71f49 x-openstack-request-id: req-682bef01-2ffe-4800-93a2-d0ba42d71f49 _http_log_response /usr/lib/python2.7/site-packages/keystoneauth1/session.py:479
2019-07-16 08:10:01.511 6398 DEBUG cinderclient.v2.client [-] RESP BODY: {"volume_type_access": [{"volume_type_id": "da4a9f2e-94fe-4fd7-80fb-3c0562c591ac", "project_id": "597a39ba3ab34711a430c5fb924b7513"}]} _http_log_response /usr/lib/python2.7/site-packages/keystoneauth1/session.py:511
2019-07-16 08:10:01.511 6398 DEBUG cinderclient.v2.client [-] GET call to volumev2 for http://172.30.9.28:8776/v3/425249940a164e71b445964c617c6aeb/types/da4a9f2e-94fe-4fd7-80fb-3c0562c591ac/os-volume-type-access used request id req-682bef01-2ffe-4800-93a2-d0ba42d71f49 request /usr/lib/python2.7/site-packages/keystoneauth1/session.py:844
2019-07-16 08:10:01.512 6398 INFO rally.task.runner [-] Task 10542a6a-50a3-4934-9939-c258be1b4561 | ITER: 1 END: OK
2019-07-16 08:10:01.518 6398 INFO rally.task.runner [-] Task 10542a6a-50a3-4934-9939-c258be1b4561 | ITER: 8 START
2019-07-16 08:10:01.591 6401 DEBUG cinderclient.v2.client [-] REQ: curl -g -i -X POST http://172.30.9.28:8776/v3/425249940a164e71b445964c617c6aeb/types -H "Accept: application/json" -H "Content-Type: application/json" -H "User-Agent: python-cinderclient" -H "X-Auth-Token: {SHA1}52786641e64a1f9d1158e46e4df82b5f5302afe4" -d '{"volume_type": {"os-volume-type-access:is_public": false, "name": "s_rally_dbbc0e6e_en0u97gn", "description": "rally tests creating types"}}' _http_log_request /usr/lib/python2.7/site-packages/keystoneauth1/session.py:448
2019-07-16 08:10:01.599 6399 DEBUG cinderclient.v2.client [-] REQ: curl -g -i -X POST http://172.30.9.28:8776/v3/425249940a164e71b445964c617c6aeb/types -H "Accept: application/json" -H "Content-Type: application/json" -H "User-Agent: python-cinderclient" -H "X-Auth-Token: {SHA1}88995168458491df778d0797b2bf5b607034e051" -d '{"volume_type": {"os-volume-type-access:is_public": false, "name": "s_rally_dbbc0e6e_n1R1Kjz4", "description": "rally tests creating types"}}' _http_log_request /usr/lib/python2.7/site-packages/keystoneauth1/session.py:448
2019-07-16 08:10:01.832 6401 DEBUG cinderclient.v2.client [-] RESP: [200] Content-Encoding: gzip Content-Length: 175 Content-Type: application/json Date: Tue, 16 Jul 2019 08:10:01 GMT OpenStack-API-Version: volume 3.0 Server: Apache Vary: OpenStack-API-Version,Accept-Encoding x-compute-request-id: req-3c5a5bb2-0e17-4d17-a484-d13021b7e933 x-openstack-request-id: req-3c5a5bb2-0e17-4d17-a484-d13021b7e933 _http_log_response /usr/lib/python2.7/site-packages/keystoneauth1/session.py:479
2019-07-16 08:10:01.833 6401 DEBUG cinderclient.v2.client [-] RESP BODY: {"volume_type": {"name": "s_rally_dbbc0e6e_en0u97gn", "extra_specs": {}, "os-volume-type-access:is_public": false, "is_public": false, "id": "428005c3-1131-44d4-9129-71291aa2d5d2", "description": "rally tests creating types"}} _http_log_response /usr/lib/python2.7/site-packages/keystoneauth1/session.py:511
2019-07-16 08:10:01.833 6401 DEBUG cinderclient.v2.client [-] POST call to volumev2 for http://172.30.9.28:8776/v3/425249940a164e71b445964c617c6aeb/types used request id req-3c5a5bb2-0e17-4d17-a484-d13021b7e933 request /usr/lib/python2.7/site-packages/keystoneauth1/session.py:844
2019-07-16 08:10:01.835 6401 DEBUG cinderclient.v2.client [-] REQ: curl -g -i -X POST http://172.30.9.28:8776/v3/425249940a164e71b445964c617c6aeb/types/428005c3-1131-44d4-9129-71291aa2d5d2/action -H "Accept: application/json" -H "Content-Type: application/json" -H "User-Agent: python-cinderclient" -H "X-Auth-Token: {SHA1}52786641e64a1f9d1158e46e4df82b5f5302afe4" -H "X-OpenStack-Request-ID: req-3c5a5bb2-0e17-4d17-a484-d13021b7e933" -d '{"addProjectAccess": {"project": "597a39ba3ab34711a430c5fb924b7513"}}' _http_log_request /usr/lib/python2.7/site-packages/keystoneauth1/session.py:448
2019-07-16 08:10:01.847 6400 DEBUG cinderclient.v2.client [-] REQ: curl -g -i -X POST http://172.30.9.28:8776/v3/425249940a164e71b445964c617c6aeb/types -H "Accept: application/json" -H "Content-Type: application/json" -H "User-Agent: python-cinderclient" -H "X-Auth-Token: {SHA1}f02af9d90963fde6f4edefc31ae43875a50c02e6" -d '{"volume_type": {"os-volume-type-access:is_public": false, "name": "s_rally_dbbc0e6e_Ll4PJcbT", "description": "rally tests creating types"}}' _http_log_request /usr/lib/python2.7/site-packages/keystoneauth1/session.py:448
2019-07-16 08:10:01.940 6399 DEBUG cinderclient.v2.client [-] RESP: [200] Content-Encoding: gzip Content-Length: 181 Content-Type: application/json Date: Tue, 16 Jul 2019 08:10:01 GMT OpenStack-API-Version: volume 3.0 Server: Apache Vary: OpenStack-API-Version,Accept-Encoding x-compute-request-id: req-3d53eb8c-5588-4524-bfdb-4793eb4fa641 x-openstack-request-id: req-3d53eb8c-5588-4524-bfdb-4793eb4fa641 _http_log_response /usr/lib/python2.7/site-packages/keystoneauth1/session.py:479
2019-07-16 08:10:01.941 6399 DEBUG cinderclient.v2.client [-] RESP BODY: {"volume_type": {"name": "s_rally_dbbc0e6e_n1R1Kjz4", "extra_specs": {}, "os-volume-type-access:is_public": false, "is_public": false, "id": "083b399e-847d-4e8a-a4a6-dcaa96573af7", "description": "rally tests creating types"}} _http_log_response /usr/lib/python2.7/site-packages/keystoneauth1/session.py:511
2019-07-16 08:10:01.941 6399 DEBUG cinderclient.v2.client [-] POST call to volumev2 for http://172.30.9.28:8776/v3/425249940a164e71b445964c617c6aeb/types used request id req-3d53eb8c-5588-4524-bfdb-4793eb4fa641 request /usr/lib/python2.7/site-packages/keystoneauth1/session.py:844
2019-07-16 08:10:01.943 6399 DEBUG cinderclient.v2.client [-] REQ: curl -g -i -X POST http://172.30.9.28:8776/v3/425249940a164e71b445964c617c6aeb/types/083b399e-847d-4e8a-a4a6-dcaa96573af7/action -H "Accept: application/json" -H "Content-Type: application/json" -H "User-Agent: python-cinderclient" -H "X-Auth-Token: {SHA1}88995168458491df778d0797b2bf5b607034e051" -H "X-OpenStack-Request-ID: req-3d53eb8c-5588-4524-bfdb-4793eb4fa641" -d '{"addProjectAccess": {"project": "77c8d6ac862345e7ace41b7e41a4243f"}}' _http_log_request /usr/lib/python2.7/site-packages/keystoneauth1/session.py:448
2019-07-16 08:10:02.003 6398 DEBUG cinderclient.v2.client [-] REQ: curl -g -i -X POST http://172.30.9.28:8776/v3/425249940a164e71b445964c617c6aeb/types -H "Accept: application/json" -H "Content-Type: application/json" -H "User-Agent: python-cinderclient" -H "X-Auth-Token: {SHA1}3ba5c4d0ebbb95b02096e6035c63b9b105db01c0" -d '{"volume_type": {"os-volume-type-access:is_public": false, "name": "s_rally_dbbc0e6e_JOJpv0Al", "description": "rally tests creating types"}}' _http_log_request /usr/lib/python2.7/site-packages/keystoneauth1/session.py:448
2019-07-16 08:10:02.126 6400 DEBUG cinderclient.v2.client [-] RESP: [200] Content-Encoding: gzip Content-Length: 182 Content-Type: application/json Date: Tue, 16 Jul 2019 08:10:01 GMT OpenStack-API-Version: volume 3.0 Server: Apache Vary: OpenStack-API-Version,Accept-Encoding x-compute-request-id: req-47adf6da-91fe-49f6-a244-fed50aa86515 x-openstack-request-id: req-47adf6da-91fe-49f6-a244-fed50aa86515 _http_log_response /usr/lib/python2.7/site-packages/keystoneauth1/session.py:479
2019-07-16 08:10:02.127 6400 DEBUG cinderclient.v2.client [-] RESP BODY: {"volume_type": {"name": "s_rally_dbbc0e6e_Ll4PJcbT", "extra_specs": {}, "os-volume-type-access:is_public": false, "is_public": false, "id": "3de275ec-2be3-447c-a280-19e33e4a3b16", "description": "rally tests creating types"}} _http_log_response /usr/lib/python2.7/site-packages/keystoneauth1/session.py:511
2019-07-16 08:10:02.127 6400 DEBUG cinderclient.v2.client [-] POST call to volumev2 for http://172.30.9.28:8776/v3/425249940a164e71b445964c617c6aeb/types used request id req-47adf6da-91fe-49f6-a244-fed50aa86515 request /usr/lib/python2.7/site-packages/keystoneauth1/session.py:844
2019-07-16 08:10:02.129 6400 DEBUG cinderclient.v2.client [-] REQ: curl -g -i -X POST http://172.30.9.28:8776/v3/425249940a164e71b445964c617c6aeb/types/3de275ec-2be3-447c-a280-19e33e4a3b16/action -H "Accept: application/json" -H "Content-Type: application/json" -H "User-Agent: python-cinderclient" -H "X-Auth-Token: {SHA1}f02af9d90963fde6f4edefc31ae43875a50c02e6" -H "X-OpenStack-Request-ID: req-47adf6da-91fe-49f6-a244-fed50aa86515" -d '{"addProjectAccess": {"project": "825c84ba7237495d96ea87a904331ea7"}}' _http_log_request /usr/lib/python2.7/site-packages/keystoneauth1/session.py:448
2019-07-16 08:10:02.194 6399 DEBUG cinderclient.v2.client [-] RESP: [202] Content-Length: 0 Content-Type: text/html; charset=UTF-8 Date: Tue, 16 Jul 2019 08:10:01 GMT OpenStack-API-Version: volume 3.0 Server: Apache Vary: OpenStack-API-Version x-openstack-request-id: req-0e3cd1be-d0cd-43e6-a0fe-a7ae338e3449 _http_log_response /usr/lib/python2.7/site-packages/keystoneauth1/session.py:479
2019-07-16 08:10:02.195 6399 DEBUG cinderclient.v2.client [-] RESP BODY: Omitted, Content-Type is set to text/html; charset=UTF-8. Only application/json responses have their bodies logged. _http_log_response /usr/lib/python2.7/site-packages/keystoneauth1/session.py:511
2019-07-16 08:10:02.195 6399 DEBUG cinderclient.v2.client [-] POST call to volumev2 for http://172.30.9.28:8776/v3/425249940a164e71b445964c617c6aeb/types/083b399e-847d-4e8a-a4a6-dcaa96573af7/action used request id req-0e3cd1be-d0cd-43e6-a0fe-a7ae338e3449 request /usr/lib/python2.7/site-packages/keystoneauth1/session.py:844
2019-07-16 08:10:02.196 6399 DEBUG cinderclient.v2.client [-] REQ: curl -g -i -X GET http://172.30.9.28:8776/v3/425249940a164e71b445964c617c6aeb/types/083b399e-847d-4e8a-a4a6-dcaa96573af7/os-volume-type-access -H "Accept: application/json" -H "User-Agent: python-cinderclient" -H "X-Auth-Token: {SHA1}88995168458491df778d0797b2bf5b607034e051" -H "X-OpenStack-Request-ID: req-3d53eb8c-5588-4524-bfdb-4793eb4fa641" _http_log_request /usr/lib/python2.7/site-packages/keystoneauth1/session.py:448
2019-07-16 08:10:02.200 6401 DEBUG cinderclient.v2.client [-] RESP: [202] Content-Length: 0 Content-Type: text/html; charset=UTF-8 Date: Tue, 16 Jul 2019 08:10:01 GMT OpenStack-API-Version: volume 3.0 Server: Apache Vary: OpenStack-API-Version x-openstack-request-id: req-38631897-e3f3-4923-b1f6-b6bdb48efbf7 _http_log_response /usr/lib/python2.7/site-packages/keystoneauth1/session.py:479
2019-07-16 08:10:02.201 6401 DEBUG cinderclient.v2.client [-] RESP BODY: Omitted, Content-Type is set to text/html; charset=UTF-8. Only application/json responses have their bodies logged. _http_log_response /usr/lib/python2.7/site-packages/keystoneauth1/session.py:511
2019-07-16 08:10:02.201 6401 DEBUG cinderclient.v2.client [-] POST call to volumev2 for http://172.30.9.28:8776/v3/425249940a164e71b445964c617c6aeb/types/428005c3-1131-44d4-9129-71291aa2d5d2/action used request id req-38631897-e3f3-4923-b1f6-b6bdb48efbf7 request /usr/lib/python2.7/site-packages/keystoneauth1/session.py:844
2019-07-16 08:10:02.202 6401 DEBUG cinderclient.v2.client [-] REQ: curl -g -i -X GET http://172.30.9.28:8776/v3/425249940a164e71b445964c617c6aeb/types/428005c3-1131-44d4-9129-71291aa2d5d2/os-volume-type-access -H "Accept: application/json" -H "User-Agent: python-cinderclient" -H "X-Auth-Token: {SHA1}52786641e64a1f9d1158e46e4df82b5f5302afe4" -H "X-OpenStack-Request-ID: req-3c5a5bb2-0e17-4d17-a484-d13021b7e933" _http_log_request /usr/lib/python2.7/site-packages/keystoneauth1/session.py:448
2019-07-16 08:10:02.294 6398 DEBUG cinderclient.v2.client [-] RESP: [200] Content-Encoding: gzip Content-Length: 181 Content-Type: application/json Date: Tue, 16 Jul 2019 08:10:02 GMT OpenStack-API-Version: volume 3.0 Server: Apache Vary: OpenStack-API-Version,Accept-Encoding x-compute-request-id: req-5cedba5e-1f26-474f-9810-0bd55bd5e65b x-openstack-request-id: req-5cedba5e-1f26-474f-9810-0bd55bd5e65b _http_log_response /usr/lib/python2.7/site-packages/keystoneauth1/session.py:479
2019-07-16 08:10:02.295 6398 DEBUG cinderclient.v2.client [-] RESP BODY: {"volume_type": {"name": "s_rally_dbbc0e6e_JOJpv0Al", "extra_specs": {}, "os-volume-type-access:is_public": false, "is_public": false, "id": "a49c8b04-98c9-428f-8c1a-d916efc850f9", "description": "rally tests creating types"}} _http_log_response /usr/lib/python2.7/site-packages/keystoneauth1/session.py:511
2019-07-16 08:10:02.295 6398 DEBUG cinderclient.v2.client [-] POST call to volumev2 for http://172.30.9.28:8776/v3/425249940a164e71b445964c617c6aeb/types used request id req-5cedba5e-1f26-474f-9810-0bd55bd5e65b request /usr/lib/python2.7/site-packages/keystoneauth1/session.py:844
2019-07-16 08:10:02.297 6398 DEBUG cinderclient.v2.client [-] REQ: curl -g -i -X POST http://172.30.9.28:8776/v3/425249940a164e71b445964c617c6aeb/types/a49c8b04-98c9-428f-8c1a-d916efc850f9/action -H "Accept: application/json" -H "Content-Type: application/json" -H "User-Agent: python-cinderclient" -H "X-Auth-Token: {SHA1}3ba5c4d0ebbb95b02096e6035c63b9b105db01c0" -H "X-OpenStack-Request-ID: req-5cedba5e-1f26-474f-9810-0bd55bd5e65b" -d '{"addProjectAccess": {"project": "825c84ba7237495d96ea87a904331ea7"}}' _http_log_request /usr/lib/python2.7/site-packages/keystoneauth1/session.py:448
2019-07-16 08:10:02.350 6400 DEBUG cinderclient.v2.client [-] RESP: [202] Content-Length: 0 Content-Type: text/html; charset=UTF-8 Date: Tue, 16 Jul 2019 08:10:02 GMT OpenStack-API-Version: volume 3.0 Server: Apache Vary: OpenStack-API-Version x-openstack-request-id: req-c6afd0be-c134-4d0e-9de5-445132ba7f70 _http_log_response /usr/lib/python2.7/site-packages/keystoneauth1/session.py:479
2019-07-16 08:10:02.351 6400 DEBUG cinderclient.v2.client [-] RESP BODY: Omitted, Content-Type is set to text/html; charset=UTF-8. Only application/json responses have their bodies logged. _http_log_response /usr/lib/python2.7/site-packages/keystoneauth1/session.py:511
2019-07-16 08:10:02.351 6400 DEBUG cinderclient.v2.client [-] POST call to volumev2 for http://172.30.9.28:8776/v3/425249940a164e71b445964c617c6aeb/types/3de275ec-2be3-447c-a280-19e33e4a3b16/action used request id req-c6afd0be-c134-4d0e-9de5-445132ba7f70 request /usr/lib/python2.7/site-packages/keystoneauth1/session.py:844
2019-07-16 08:10:02.352 6400 DEBUG cinderclient.v2.client [-] REQ: curl -g -i -X GET http://172.30.9.28:8776/v3/425249940a164e71b445964c617c6aeb/types/3de275ec-2be3-447c-a280-19e33e4a3b16/os-volume-type-access -H "Accept: application/json" -H "User-Agent: python-cinderclient" -H "X-Auth-Token: {SHA1}f02af9d90963fde6f4edefc31ae43875a50c02e6" -H "X-OpenStack-Request-ID: req-47adf6da-91fe-49f6-a244-fed50aa86515" _http_log_request /usr/lib/python2.7/site-packages/keystoneauth1/session.py:448
2019-07-16 08:10:02.409 6399 DEBUG cinderclient.v2.client [-] RESP: [200] Content-Encoding: gzip Content-Length: 129 Content-Type: application/json Date: Tue, 16 Jul 2019 08:10:02 GMT OpenStack-API-Version: volume 3.0 Server: Apache Vary: OpenStack-API-Version,Accept-Encoding x-compute-request-id: req-b9f9f6aa-b073-4e08-85ba-7d333d9c9d69 x-openstack-request-id: req-b9f9f6aa-b073-4e08-85ba-7d333d9c9d69 _http_log_response /usr/lib/python2.7/site-packages/keystoneauth1/session.py:479
2019-07-16 08:10:02.410 6399 DEBUG cinderclient.v2.client [-] RESP BODY: {"volume_type_access": [{"volume_type_id": "083b399e-847d-4e8a-a4a6-dcaa96573af7", "project_id": "77c8d6ac862345e7ace41b7e41a4243f"}]} _http_log_response /usr/lib/python2.7/site-packages/keystoneauth1/session.py:511
2019-07-16 08:10:02.410 6399 DEBUG cinderclient.v2.client [-] GET call to volumev2 for http://172.30.9.28:8776/v3/425249940a164e71b445964c617c6aeb/types/083b399e-847d-4e8a-a4a6-dcaa96573af7/os-volume-type-access used request id req-b9f9f6aa-b073-4e08-85ba-7d333d9c9d69 request /usr/lib/python2.7/site-packages/keystoneauth1/session.py:844
2019-07-16 08:10:02.411 6399 INFO rally.task.runner [-] Task 10542a6a-50a3-4934-9939-c258be1b4561 | ITER: 5 END: OK
2019-07-16 08:10:02.415 6399 INFO rally.task.runner [-] Task 10542a6a-50a3-4934-9939-c258be1b4561 | ITER: 9 START
2019-07-16 08:10:02.440 6401 DEBUG cinderclient.v2.client [-] RESP: [200] Content-Encoding: gzip Content-Length: 129 Content-Type: application/json Date: Tue, 16 Jul 2019 08:10:02 GMT OpenStack-API-Version: volume 3.0 Server: Apache Vary: OpenStack-API-Version,Accept-Encoding x-compute-request-id: req-52f11f70-1c10-4049-832f-e5e0d5f285f8 x-openstack-request-id: req-52f11f70-1c10-4049-832f-e5e0d5f285f8 _http_log_response /usr/lib/python2.7/site-packages/keystoneauth1/session.py:479
2019-07-16 08:10:02.441 6401 DEBUG cinderclient.v2.client [-] RESP BODY: {"volume_type_access": [{"volume_type_id": "428005c3-1131-44d4-9129-71291aa2d5d2", "project_id": "597a39ba3ab34711a430c5fb924b7513"}]} _http_log_response /usr/lib/python2.7/site-packages/keystoneauth1/session.py:511
2019-07-16 08:10:02.441 6401 DEBUG cinderclient.v2.client [-] GET call to volumev2 for http://172.30.9.28:8776/v3/425249940a164e71b445964c617c6aeb/types/428005c3-1131-44d4-9129-71291aa2d5d2/os-volume-type-access used request id req-52f11f70-1c10-4049-832f-e5e0d5f285f8 request /usr/lib/python2.7/site-packages/keystoneauth1/session.py:844
2019-07-16 08:10:02.442 6401 INFO rally.task.runner [-] Task 10542a6a-50a3-4934-9939-c258be1b4561 | ITER: 6 END: OK
2019-07-16 08:10:02.446 6401 INFO rally.task.runner [-] Task 10542a6a-50a3-4934-9939-c258be1b4561 | ITER: 10 START
2019-07-16 08:10:02.548 6398 DEBUG cinderclient.v2.client [-] RESP: [202] Content-Length: 0 Content-Type: text/html; charset=UTF-8 Date: Tue, 16 Jul 2019 08:10:02 GMT OpenStack-API-Version: volume 3.0 Server: Apache Vary: OpenStack-API-Version x-openstack-request-id: req-a5983dd1-49b6-41fa-a77c-944c701a3510 _http_log_response /usr/lib/python2.7/site-packages/keystoneauth1/session.py:479
2019-07-16 08:10:02.548 6398 DEBUG cinderclient.v2.client [-] RESP BODY: Omitted, Content-Type is set to text/html; charset=UTF-8. Only application/json responses have their bodies logged. _http_log_response /usr/lib/python2.7/site-packages/keystoneauth1/session.py:511
2019-07-16 08:10:02.548 6398 DEBUG cinderclient.v2.client [-] POST call to volumev2 for http://172.30.9.28:8776/v3/425249940a164e71b445964c617c6aeb/types/a49c8b04-98c9-428f-8c1a-d916efc850f9/action used request id req-a5983dd1-49b6-41fa-a77c-944c701a3510 request /usr/lib/python2.7/site-packages/keystoneauth1/session.py:844
2019-07-16 08:10:02.550 6398 DEBUG cinderclient.v2.client [-] REQ: curl -g -i -X GET http://172.30.9.28:8776/v3/425249940a164e71b445964c617c6aeb/types/a49c8b04-98c9-428f-8c1a-d916efc850f9/os-volume-type-access -H "Accept: application/json" -H "User-Agent: python-cinderclient" -H "X-Auth-Token: {SHA1}3ba5c4d0ebbb95b02096e6035c63b9b105db01c0" -H "X-OpenStack-Request-ID: req-5cedba5e-1f26-474f-9810-0bd55bd5e65b" _http_log_request /usr/lib/python2.7/site-packages/keystoneauth1/session.py:448
2019-07-16 08:10:02.649 6400 DEBUG cinderclient.v2.client [-] RESP: [200] Content-Encoding: gzip Content-Length: 128 Content-Type: application/json Date: Tue, 16 Jul 2019 08:10:02 GMT OpenStack-API-Version: volume 3.0 Server: Apache Vary: OpenStack-API-Version,Accept-Encoding x-compute-request-id: req-d1f7fc95-2bfc-4f09-b17b-29ce2b259f3f x-openstack-request-id: req-d1f7fc95-2bfc-4f09-b17b-29ce2b259f3f _http_log_response /usr/lib/python2.7/site-packages/keystoneauth1/session.py:479
2019-07-16 08:10:02.650 6400 DEBUG cinderclient.v2.client [-] RESP BODY: {"volume_type_access": [{"volume_type_id": "3de275ec-2be3-447c-a280-19e33e4a3b16", "project_id": "825c84ba7237495d96ea87a904331ea7"}]} _http_log_response /usr/lib/python2.7/site-packages/keystoneauth1/session.py:511
2019-07-16 08:10:02.650 6400 DEBUG cinderclient.v2.client [-] GET call to volumev2 for http://172.30.9.28:8776/v3/425249940a164e71b445964c617c6aeb/types/3de275ec-2be3-447c-a280-19e33e4a3b16/os-volume-type-access used request id req-d1f7fc95-2bfc-4f09-b17b-29ce2b259f3f request /usr/lib/python2.7/site-packages/keystoneauth1/session.py:844
2019-07-16 08:10:02.651 6400 INFO rally.task.runner [-] Task 10542a6a-50a3-4934-9939-c258be1b4561 | ITER: 7 END: OK
2019-07-16 08:10:02.768 6398 DEBUG cinderclient.v2.client [-] RESP: [200] Content-Encoding: gzip Content-Length: 129 Content-Type: application/json Date: Tue, 16 Jul 2019 08:10:02 GMT OpenStack-API-Version: volume 3.0 Server: Apache Vary: OpenStack-API-Version,Accept-Encoding x-compute-request-id: req-e2a0b927-18ae-4c90-816c-df0b856917e6 x-openstack-request-id: req-e2a0b927-18ae-4c90-816c-df0b856917e6 _http_log_response /usr/lib/python2.7/site-packages/keystoneauth1/session.py:479
2019-07-16 08:10:02.768 6398 DEBUG cinderclient.v2.client [-] RESP BODY: {"volume_type_access": [{"volume_type_id": "a49c8b04-98c9-428f-8c1a-d916efc850f9", "project_id": "825c84ba7237495d96ea87a904331ea7"}]} _http_log_response /usr/lib/python2.7/site-packages/keystoneauth1/session.py:511
2019-07-16 08:10:02.769 6398 DEBUG cinderclient.v2.client [-] GET call to volumev2 for http://172.30.9.28:8776/v3/425249940a164e71b445964c617c6aeb/types/a49c8b04-98c9-428f-8c1a-d916efc850f9/os-volume-type-access used request id req-e2a0b927-18ae-4c90-816c-df0b856917e6 request /usr/lib/python2.7/site-packages/keystoneauth1/session.py:844
2019-07-16 08:10:02.770 6398 INFO rally.task.runner [-] Task 10542a6a-50a3-4934-9939-c258be1b4561 | ITER: 8 END: OK
2019-07-16 08:10:02.841 6399 DEBUG cinderclient.v2.client [-] REQ: curl -g -i -X POST http://172.30.9.28:8776/v3/425249940a164e71b445964c617c6aeb/types -H "Accept: application/json" -H "Content-Type: application/json" -H "User-Agent: python-cinderclient" -H "X-Auth-Token: {SHA1}88bf1ec7d8fa88a5b328115d44f589a379c0fe87" -d '{"volume_type": {"os-volume-type-access:is_public": false, "name": "s_rally_dbbc0e6e_wzYGAHrw", "description": "rally tests creating types"}}' _http_log_request /usr/lib/python2.7/site-packages/keystoneauth1/session.py:448
2019-07-16 08:10:02.867 6401 DEBUG cinderclient.v2.client [-] REQ: curl -g -i -X POST http://172.30.9.28:8776/v3/425249940a164e71b445964c617c6aeb/types -H "Accept: application/json" -H "Content-Type: application/json" -H "User-Agent: python-cinderclient" -H "X-Auth-Token: {SHA1}fb36a1fd882bb5a1d3b918e190781f412758e7aa" -d '{"volume_type": {"os-volume-type-access:is_public": false, "name": "s_rally_dbbc0e6e_N8RHPcds", "description": "rally tests creating types"}}' _http_log_request /usr/lib/python2.7/site-packages/keystoneauth1/session.py:448
2019-07-16 08:10:03.083 6399 DEBUG cinderclient.v2.client [-] RESP: [200] Content-Encoding: gzip Content-Length: 182 Content-Type: application/json Date: Tue, 16 Jul 2019 08:10:02 GMT OpenStack-API-Version: volume 3.0 Server: Apache Vary: OpenStack-API-Version,Accept-Encoding x-compute-request-id: req-8c421bcf-53de-4b13-9510-e039f505a58f x-openstack-request-id: req-8c421bcf-53de-4b13-9510-e039f505a58f _http_log_response /usr/lib/python2.7/site-packages/keystoneauth1/session.py:479
2019-07-16 08:10:03.084 6399 DEBUG cinderclient.v2.client [-] RESP BODY: {"volume_type": {"name": "s_rally_dbbc0e6e_wzYGAHrw", "extra_specs": {}, "os-volume-type-access:is_public": false, "is_public": false, "id": "e73eb811-7e26-425e-8228-4219baa61f42", "description": "rally tests creating types"}} _http_log_response /usr/lib/python2.7/site-packages/keystoneauth1/session.py:511
2019-07-16 08:10:03.084 6399 DEBUG cinderclient.v2.client [-] POST call to volumev2 for http://172.30.9.28:8776/v3/425249940a164e71b445964c617c6aeb/types used request id req-8c421bcf-53de-4b13-9510-e039f505a58f request /usr/lib/python2.7/site-packages/keystoneauth1/session.py:844
2019-07-16 08:10:03.086 6399 DEBUG cinderclient.v2.client [-] REQ: curl -g -i -X POST http://172.30.9.28:8776/v3/425249940a164e71b445964c617c6aeb/types/e73eb811-7e26-425e-8228-4219baa61f42/action -H "Accept: application/json" -H "Content-Type: application/json" -H "User-Agent: python-cinderclient" -H "X-Auth-Token: {SHA1}88bf1ec7d8fa88a5b328115d44f589a379c0fe87" -H "X-OpenStack-Request-ID: req-8c421bcf-53de-4b13-9510-e039f505a58f" -d '{"addProjectAccess": {"project": "77c8d6ac862345e7ace41b7e41a4243f"}}' _http_log_request /usr/lib/python2.7/site-packages/keystoneauth1/session.py:448
2019-07-16 08:10:03.112 6401 DEBUG cinderclient.v2.client [-] RESP: [200] Content-Encoding: gzip Content-Length: 182 Content-Type: application/json Date: Tue, 16 Jul 2019 08:10:02 GMT OpenStack-API-Version: volume 3.0 Server: Apache Vary: OpenStack-API-Version,Accept-Encoding x-compute-request-id: req-cbfefef1-1e0e-48d4-8113-9d09f1a02707 x-openstack-request-id: req-cbfefef1-1e0e-48d4-8113-9d09f1a02707 _http_log_response /usr/lib/python2.7/site-packages/keystoneauth1/session.py:479
2019-07-16 08:10:03.113 6401 DEBUG cinderclient.v2.client [-] RESP BODY: {"volume_type": {"name": "s_rally_dbbc0e6e_N8RHPcds", "extra_specs": {}, "os-volume-type-access:is_public": false, "is_public": false, "id": "4939086e-ce4d-4cc1-84d2-5f96ab67542b", "description": "rally tests creating types"}} _http_log_response /usr/lib/python2.7/site-packages/keystoneauth1/session.py:511
2019-07-16 08:10:03.113 6401 DEBUG cinderclient.v2.client [-] POST call to volumev2 for http://172.30.9.28:8776/v3/425249940a164e71b445964c617c6aeb/types used request id req-cbfefef1-1e0e-48d4-8113-9d09f1a02707 request /usr/lib/python2.7/site-packages/keystoneauth1/session.py:844
2019-07-16 08:10:03.115 6401 DEBUG cinderclient.v2.client [-] REQ: curl -g -i -X POST http://172.30.9.28:8776/v3/425249940a164e71b445964c617c6aeb/types/4939086e-ce4d-4cc1-84d2-5f96ab67542b/action -H "Accept: application/json" -H "Content-Type: application/json" -H "User-Agent: python-cinderclient" -H "X-Auth-Token: {SHA1}fb36a1fd882bb5a1d3b918e190781f412758e7aa" -H "X-OpenStack-Request-ID: req-cbfefef1-1e0e-48d4-8113-9d09f1a02707" -d '{"addProjectAccess": {"project": "77c8d6ac862345e7ace41b7e41a4243f"}}' _http_log_request /usr/lib/python2.7/site-packages/keystoneauth1/session.py:448
2019-07-16 08:10:03.307 6399 DEBUG cinderclient.v2.client [-] RESP: [202] Content-Length: 0 Content-Type: text/html; charset=UTF-8 Date: Tue, 16 Jul 2019 08:10:03 GMT OpenStack-API-Version: volume 3.0 Server: Apache Vary: OpenStack-API-Version x-openstack-request-id: req-fa92dc18-d188-4fd0-94eb-69d6476348e9 _http_log_response /usr/lib/python2.7/site-packages/keystoneauth1/session.py:479
2019-07-16 08:10:03.308 6399 DEBUG cinderclient.v2.client [-] RESP BODY: Omitted, Content-Type is set to text/html; charset=UTF-8. Only application/json responses have their bodies logged. _http_log_response /usr/lib/python2.7/site-packages/keystoneauth1/session.py:511
2019-07-16 08:10:03.308 6399 DEBUG cinderclient.v2.client [-] POST call to volumev2 for http://172.30.9.28:8776/v3/425249940a164e71b445964c617c6aeb/types/e73eb811-7e26-425e-8228-4219baa61f42/action used request id req-fa92dc18-d188-4fd0-94eb-69d6476348e9 request /usr/lib/python2.7/site-packages/keystoneauth1/session.py:844
2019-07-16 08:10:03.309 6399 DEBUG cinderclient.v2.client [-] REQ: curl -g -i -X GET http://172.30.9.28:8776/v3/425249940a164e71b445964c617c6aeb/types/e73eb811-7e26-425e-8228-4219baa61f42/os-volume-type-access -H "Accept: application/json" -H "User-Agent: python-cinderclient" -H "X-Auth-Token: {SHA1}88bf1ec7d8fa88a5b328115d44f589a379c0fe87" -H "X-OpenStack-Request-ID: req-8c421bcf-53de-4b13-9510-e039f505a58f" _http_log_request /usr/lib/python2.7/site-packages/keystoneauth1/session.py:448
2019-07-16 08:10:03.343 6401 DEBUG cinderclient.v2.client [-] RESP: [202] Content-Length: 0 Content-Type: text/html; charset=UTF-8 Date: Tue, 16 Jul 2019 08:10:03 GMT OpenStack-API-Version: volume 3.0 Server: Apache Vary: OpenStack-API-Version x-openstack-request-id: req-32ca4f8b-0533-4259-87af-0854eff17a5b _http_log_response /usr/lib/python2.7/site-packages/keystoneauth1/session.py:479
2019-07-16 08:10:03.343 6401 DEBUG cinderclient.v2.client [-] RESP BODY: Omitted, Content-Type is set to text/html; charset=UTF-8. Only application/json responses have their bodies logged. _http_log_response /usr/lib/python2.7/site-packages/keystoneauth1/session.py:511
2019-07-16 08:10:03.343 6401 DEBUG cinderclient.v2.client [-] POST call to volumev2 for http://172.30.9.28:8776/v3/425249940a164e71b445964c617c6aeb/types/4939086e-ce4d-4cc1-84d2-5f96ab67542b/action used request id req-32ca4f8b-0533-4259-87af-0854eff17a5b request /usr/lib/python2.7/site-packages/keystoneauth1/session.py:844
2019-07-16 08:10:03.345 6401 DEBUG cinderclient.v2.client [-] REQ: curl -g -i -X GET http://172.30.9.28:8776/v3/425249940a164e71b445964c617c6aeb/types/4939086e-ce4d-4cc1-84d2-5f96ab67542b/os-volume-type-access -H "Accept: application/json" -H "User-Agent: python-cinderclient" -H "X-Auth-Token: {SHA1}fb36a1fd882bb5a1d3b918e190781f412758e7aa" -H "X-OpenStack-Request-ID: req-cbfefef1-1e0e-48d4-8113-9d09f1a02707" _http_log_request /usr/lib/python2.7/site-packages/keystoneauth1/session.py:448
2019-07-16 08:10:03.523 6399 DEBUG cinderclient.v2.client [-] RESP: [200] Content-Encoding: gzip Content-Length: 128 Content-Type: application/json Date: Tue, 16 Jul 2019 08:10:03 GMT OpenStack-API-Version: volume 3.0 Server: Apache Vary: OpenStack-API-Version,Accept-Encoding x-compute-request-id: req-19316b0a-7fc3-4bad-b713-4baff1272e33 x-openstack-request-id: req-19316b0a-7fc3-4bad-b713-4baff1272e33 _http_log_response /usr/lib/python2.7/site-packages/keystoneauth1/session.py:479
2019-07-16 08:10:03.524 6399 DEBUG cinderclient.v2.client [-] RESP BODY: {"volume_type_access": [{"volume_type_id": "e73eb811-7e26-425e-8228-4219baa61f42", "project_id": "77c8d6ac862345e7ace41b7e41a4243f"}]} _http_log_response /usr/lib/python2.7/site-packages/keystoneauth1/session.py:511
2019-07-16 08:10:03.524 6399 DEBUG cinderclient.v2.client [-] GET call to volumev2 for http://172.30.9.28:8776/v3/425249940a164e71b445964c617c6aeb/types/e73eb811-7e26-425e-8228-4219baa61f42/os-volume-type-access used request id req-19316b0a-7fc3-4bad-b713-4baff1272e33 request /usr/lib/python2.7/site-packages/keystoneauth1/session.py:844
2019-07-16 08:10:03.525 6399 INFO rally.task.runner [-] Task 10542a6a-50a3-4934-9939-c258be1b4561 | ITER: 9 END: OK
2019-07-16 08:10:03.564 6401 DEBUG cinderclient.v2.client [-] RESP: [200] Content-Encoding: gzip Content-Length: 130 Content-Type: application/json Date: Tue, 16 Jul 2019 08:10:03 GMT OpenStack-API-Version: volume 3.0 Server: Apache Vary: OpenStack-API-Version,Accept-Encoding x-compute-request-id: req-14aab1bf-0ece-465f-b822-c7f027770eed x-openstack-request-id: req-14aab1bf-0ece-465f-b822-c7f027770eed _http_log_response /usr/lib/python2.7/site-packages/keystoneauth1/session.py:479
2019-07-16 08:10:03.564 6401 DEBUG cinderclient.v2.client [-] RESP BODY: {"volume_type_access": [{"volume_type_id": "4939086e-ce4d-4cc1-84d2-5f96ab67542b", "project_id": "77c8d6ac862345e7ace41b7e41a4243f"}]} _http_log_response /usr/lib/python2.7/site-packages/keystoneauth1/session.py:511
2019-07-16 08:10:03.565 6401 DEBUG cinderclient.v2.client [-] GET call to volumev2 for http://172.30.9.28:8776/v3/425249940a164e71b445964c617c6aeb/types/4939086e-ce4d-4cc1-84d2-5f96ab67542b/os-volume-type-access used request id req-14aab1bf-0ece-465f-b822-c7f027770eed request /usr/lib/python2.7/site-packages/keystoneauth1/session.py:844
2019-07-16 08:10:03.566 6401 INFO rally.task.runner [-] Task 10542a6a-50a3-4934-9939-c258be1b4561 | ITER: 10 END: OK
2019-07-16 08:10:03.595 1842 INFO rally.task.context [-] Task 10542a6a-50a3-4934-9939-c258be1b4561 | Context admin_cleanup@openstack cleanup() started
2019-07-16 08:10:03.597 1842 RALLYDEBUG rally_openstack.cleanup.manager [-] Cleaning up cinder volume_types objects
2019-07-16 08:10:04.267 1842 RALLYDEBUG rally_openstack.cleanup.manager [-] Deleting cinder.volume_types object s_rally_dbbc0e6e_n1R1Kjz4 (083b399e-847d-4e8a-a4a6-dcaa96573af7)
2019-07-16 08:10:04.268 1842 RALLYDEBUG rally_openstack.cleanup.manager [-] Deleting cinder.volume_types object s_rally_dbbc0e6e_Ll4PJcbT (3de275ec-2be3-447c-a280-19e33e4a3b16)
2019-07-16 08:10:04.269 1842 RALLYDEBUG rally_openstack.cleanup.manager [-] Deleting cinder.volume_types object s_rally_dbbc0e6e_OnMf7oEk (067397fd-ed0c-4ffa-9368-861daa8340c7)
2019-07-16 08:10:04.273 1842 RALLYDEBUG rally_openstack.cleanup.manager [-] Deleting cinder.volume_types object s_rally_dbbc0e6e_en0u97gn (428005c3-1131-44d4-9129-71291aa2d5d2)
2019-07-16 08:10:04.274 1842 RALLYDEBUG rally_openstack.cleanup.manager [-] Deleting cinder.volume_types object s_rally_dbbc0e6e_qoenrGkY (3edf1607-d5b1-4d32-bb46-b2aae38915d1)
2019-07-16 08:10:04.277 1842 RALLYDEBUG rally_openstack.cleanup.manager [-] Deleting cinder.volume_types object s_rally_dbbc0e6e_w3Xcd1wZ (1eeba147-d97d-40c1-a0a1-c11240364853)
2019-07-16 08:10:04.278 1842 RALLYDEBUG rally_openstack.cleanup.manager [-] Deleting cinder.volume_types object s_rally_dbbc0e6e_N8RHPcds (4939086e-ce4d-4cc1-84d2-5f96ab67542b)
2019-07-16 08:10:04.282 1842 RALLYDEBUG rally_openstack.cleanup.manager [-] Deleting cinder.volume_types object s_rally_dbbc0e6e_wzYGAHrw (e73eb811-7e26-425e-8228-4219baa61f42)
2019-07-16 08:10:04.291 1842 RALLYDEBUG rally_openstack.cleanup.manager [-] Deleting cinder.volume_types object s_rally_dbbc0e6e_RgOXuReY (da4a9f2e-94fe-4fd7-80fb-3c0562c591ac)
2019-07-16 08:10:04.304 1842 RALLYDEBUG rally_openstack.cleanup.manager [-] Deleting cinder.volume_types object s_rally_dbbc0e6e_JOJpv0Al (a49c8b04-98c9-428f-8c1a-d916efc850f9)
2019-07-16 08:10:06.659 1842 RALLYDEBUG rally_openstack.cleanup.manager [-] Cleaning up cinder image_volumes_cache objects
2019-07-16 08:10:07.624 1842 RALLYDEBUG rally_openstack.cleanup.manager [-] Cleaning up cinder quotas objects
2019-07-16 08:10:09.147 1842 RALLYDEBUG rally_openstack.cleanup.manager [-] Cleaning up cinder qos_specs objects
2019-07-16 08:10:09.787 1842 INFO rally.task.context [-] Task 10542a6a-50a3-4934-9939-c258be1b4561 | Context admin_cleanup@openstack cleanup() finished in 6.19 sec
2019-07-16 08:10:09.787 1842 INFO rally.task.context [-] Task 10542a6a-50a3-4934-9939-c258be1b4561 | Context api_versions@openstack cleanup() started
2019-07-16 08:10:09.788 1842 INFO rally.task.context [-] Task 10542a6a-50a3-4934-9939-c258be1b4561 | Context api_versions@openstack cleanup() finished in 0.32 msec
2019-07-16 08:10:09.788 1842 INFO rally.task.context [-] Task 10542a6a-50a3-4934-9939-c258be1b4561 | Context users@openstack cleanup() started
2019-07-16 08:10:16.698 1842 INFO rally.task.context [-] Task 10542a6a-50a3-4934-9939-c258be1b4561 | Context users@openstack cleanup() finished in 6.91 sec
2019-07-16 08:10:17.196 1842 INFO rally.task.engine [-] Load duration is: 3.539877
2019-07-16 08:10:17.196 1842 INFO rally.task.engine [-] Full runner duration is: 3.59123
2019-07-16 08:10:17.196 1842 INFO rally.task.engine [-] Full duration is: 21.6362
2019-07-16 08:10:17.424 1842 INFO rally.task.engine [-] Task 10542a6a-50a3-4934-9939-c258be1b4561 | Completed: Running task.
2019-07-16 08:10:18.388 6540 RALLYDEBUG rally.api [-] INFO logs from urllib3 and requests module are hide.
2019-07-16 08:10:18.388 6540 RALLYDEBUG rally.api [-] urllib3 insecure warnings are hidden.
2019-07-16 08:10:18.388 6540 RALLYDEBUG rally.api [-] ERROR log from boto module is hide.
2019-07-16 08:10:19.335 6541 RALLYDEBUG rally.api [-] INFO logs from urllib3 and requests module are hide.
2019-07-16 08:10:19.336 6541 RALLYDEBUG rally.api [-] urllib3 insecure warnings are hidden.
2019-07-16 08:10:19.336 6541 RALLYDEBUG rally.api [-] ERROR log from boto module is hide.
2019-07-16 08:10:20.475 6541 INFO rally.api [-] Building 'json' report for the following task(s): '10542a6a-50a3-4934-9939-c258be1b4561'.
2019-07-16 08:10:20.517 6541 INFO rally.api [-] The report has been successfully built.
2019-07-16 08:10:21.355 6543 RALLYDEBUG rally.api [-] INFO logs from urllib3 and requests module are hide.
2019-07-16 08:10:21.355 6543 RALLYDEBUG rally.api [-] urllib3 insecure warnings are hidden.
2019-07-16 08:10:21.355 6543 RALLYDEBUG rally.api [-] ERROR log from boto module is hide.
2019-07-16 08:10:22.714 6543 INFO rally.task.engine [-] Task aef203df-574d-4733-a299-c4f4c83d9349 | Starting: Task validation.
2019-07-16 08:10:22.759 6543 INFO rally.task.engine [-] Task aef203df-574d-4733-a299-c4f4c83d9349 | Starting: Task validation of syntax.
2019-07-16 08:10:22.937 6543 INFO rally.task.engine [-] Task aef203df-574d-4733-a299-c4f4c83d9349 | Completed: Task validation of syntax.
2019-07-16 08:10:22.937 6543 INFO rally.task.engine [-] Task aef203df-574d-4733-a299-c4f4c83d9349 | Starting: Task validation of required platforms.
2019-07-16 08:10:23.000 6543 INFO rally.task.engine [-] Task aef203df-574d-4733-a299-c4f4c83d9349 | Completed: Task validation of required platforms.
2019-07-16 08:10:23.000 6543 INFO rally.task.engine [-] Task aef203df-574d-4733-a299-c4f4c83d9349 | Starting: Task validation of semantic.
2019-07-16 08:10:23.001 6543 INFO rally.task.engine [-] Check health of the environment 'f464f261-5081-4318-92f6-e956f56ea780'.
2019-07-16 08:10:23.716 6543 INFO rally.task.engine [-] Platform existing@openstack (available: True): OK!
2019-07-16 08:10:23.734 6543 RALLYDEBUG rally_openstack.contexts.keystone.users [-] Creating 1 tenants using 20 threads
2019-07-16 08:10:25.423 6543 RALLYDEBUG rally_openstack.contexts.keystone.users [-] Creating 1 users using 20 threads
2019-07-16 08:10:27.811 6543 INFO rally.task.context [-] Task aef203df-574d-4733-a299-c4f4c83d9349 | Context users@openstack setup() finished in 4.08 sec
2019-07-16 08:10:34.781 6543 INFO rally.task.context [-] Task aef203df-574d-4733-a299-c4f4c83d9349 | Context users@openstack cleanup() started
2019-07-16 08:10:39.334 6543 INFO rally.task.context [-] Task aef203df-574d-4733-a299-c4f4c83d9349 | Context users@openstack cleanup() finished in 4.55 sec
2019-07-16 08:10:39.335 6543 INFO rally.task.engine [-] Task aef203df-574d-4733-a299-c4f4c83d9349 | Completed: Task validation of semantic.
2019-07-16 08:10:39.335 6543 INFO rally.task.engine [-] Task aef203df-574d-4733-a299-c4f4c83d9349 | Completed: Task validation.
2019-07-16 08:10:39.335 6543 INFO rally.api [-] Task aef203df-574d-4733-a299-c4f4c83d9349 input file is valid.
2019-07-16 08:10:39.336 6543 INFO rally.api [-] Run Task aef203df-574d-4733-a299-c4f4c83d9349 against Deployment f464f261-5081-4318-92f6-e956f56ea780
2019-07-16 08:10:39.336 6543 INFO rally.task.engine [-] Task aef203df-574d-4733-a299-c4f4c83d9349 | Starting: Running task.
2019-07-16 08:10:39.479 6543 INFO rally.task.engine [-] Running workload: position = 0 config = { "version": 2, "title": "A cropped version of a bigger task.", "description": "Auto-generated task from a single workload (uuid=222fac70-c138-4490-b431-d746f1d575b9)", "subtasks": [ { "title": "Gnocchi.list_capabilities", "description": "List supported aggregation methods.", "scenario": { "Gnocchi.list_capabilities": {} }, "contexts": { "users": { "tenants": 3, "users_per_tenant": 2 } }, "runner": { "constant": { "concurrency": 4, "times": 10 } }, "hooks": [], "sla": { "failure_rate": { "max": 0 } } } ] }
2019-07-16 08:10:39.501 6543 RALLYDEBUG rally_openstack.contexts.keystone.users [-] Creating 3 tenants using 20 threads
2019-07-16 08:10:41.362 6543 RALLYDEBUG rally_openstack.contexts.keystone.users [-] Creating 6 users using 20 threads
2019-07-16 08:10:44.211 6543 INFO rally.task.context [-] Task aef203df-574d-4733-a299-c4f4c83d9349 | Context users@openstack setup() finished in 4.71 sec
2019-07-16 08:10:44.218 6543 RALLYDEBUG rally.task.runner [-] Starting the constant runner (task UUID: aef203df-574d-4733-a299-c4f4c83d9349). timeout: 0 concurrency: 4 concurrency_per_worker: 1 times: 10 concurrency_overhead: 0 processes_to_start: 4 max_cpu_used: 16
2019-07-16 08:10:44.230 6667 RALLYDEBUG rally.task.runner [-] Starting a worker. concurrency: 1 args: {} times: 10 method_name: run timeout: 0 duration: None cls:
2019-07-16 08:10:44.233 6668 RALLYDEBUG rally.task.runner [-] Starting a worker. concurrency: 1 args: {} times: 10 method_name: run timeout: 0 duration: None cls:
2019-07-16 08:10:44.235 6669 RALLYDEBUG rally.task.runner [-] Starting a worker. concurrency: 1 args: {} times: 10 method_name: run timeout: 0 duration: None cls:
2019-07-16 08:10:44.236 6667 INFO rally.task.runner [-] Task aef203df-574d-4733-a299-c4f4c83d9349 | ITER: 1 START
2019-07-16 08:10:44.238 6668 INFO rally.task.runner [-] Task aef203df-574d-4733-a299-c4f4c83d9349 | ITER: 2 START
2019-07-16 08:10:44.238 6670 RALLYDEBUG rally.task.runner [-] Starting a worker. concurrency: 1 args: {} times: 10 method_name: run timeout: 0 duration: None cls:
2019-07-16 08:10:44.240 6669 INFO rally.task.runner [-] Task aef203df-574d-4733-a299-c4f4c83d9349 | ITER: 3 START
2019-07-16 08:10:44.245 6670 INFO rally.task.runner [-] Task aef203df-574d-4733-a299-c4f4c83d9349 | ITER: 4 START
2019-07-16 08:10:44.939 6669 INFO rally.task.runner [-] Task aef203df-574d-4733-a299-c4f4c83d9349 | ITER: 3 END: OK
2019-07-16 08:10:44.943 6669 INFO rally.task.runner [-] Task aef203df-574d-4733-a299-c4f4c83d9349 | ITER: 5 START
2019-07-16 08:10:44.953 6668 INFO rally.task.runner [-] Task aef203df-574d-4733-a299-c4f4c83d9349 | ITER: 2 END: OK
2019-07-16 08:10:44.957 6668 INFO rally.task.runner [-] Task aef203df-574d-4733-a299-c4f4c83d9349 | ITER: 6 START
2019-07-16 08:10:44.971 6670 INFO rally.task.runner [-] Task aef203df-574d-4733-a299-c4f4c83d9349 | ITER: 4 END: OK
2019-07-16 08:10:44.975 6670 INFO rally.task.runner [-] Task aef203df-574d-4733-a299-c4f4c83d9349 | ITER: 7 START
2019-07-16 08:10:44.985 6667 INFO rally.task.runner [-] Task aef203df-574d-4733-a299-c4f4c83d9349 | ITER: 1 END: OK
2019-07-16 08:10:44.989 6667 INFO rally.task.runner [-] Task aef203df-574d-4733-a299-c4f4c83d9349 | ITER: 8 START
2019-07-16 08:10:45.617 6669 INFO rally.task.runner [-] Task aef203df-574d-4733-a299-c4f4c83d9349 | ITER: 5 END: OK
2019-07-16 08:10:45.620 6669 INFO rally.task.runner [-] Task aef203df-574d-4733-a299-c4f4c83d9349 | ITER: 9 START
2019-07-16 08:10:45.638 6668 INFO rally.task.runner [-] Task aef203df-574d-4733-a299-c4f4c83d9349 | ITER: 6 END: OK
2019-07-16 08:10:45.641 6668 INFO rally.task.runner [-] Task aef203df-574d-4733-a299-c4f4c83d9349 | ITER: 10 START
2019-07-16 08:10:45.672 6670 INFO rally.task.runner [-] Task aef203df-574d-4733-a299-c4f4c83d9349 | ITER: 7 END: OK
2019-07-16 08:10:45.686 6667 INFO rally.task.runner [-] Task aef203df-574d-4733-a299-c4f4c83d9349 | ITER: 8 END: OK
2019-07-16 08:10:46.312 6669 INFO rally.task.runner [-] Task aef203df-574d-4733-a299-c4f4c83d9349 | ITER: 9 END: OK
2019-07-16 08:10:46.315 6668 INFO rally.task.runner [-] Task aef203df-574d-4733-a299-c4f4c83d9349 | ITER: 10 END: OK
2019-07-16 08:10:46.338 6543 INFO rally.task.context [-] Task aef203df-574d-4733-a299-c4f4c83d9349 | Context users@openstack cleanup() started
2019-07-16 08:10:53.366 6543 INFO rally.task.context [-] Task aef203df-574d-4733-a299-c4f4c83d9349 | Context users@openstack cleanup() finished in 7.03 sec
2019-07-16 08:10:53.567 6543 INFO rally.task.engine [-] Load duration is: 2.077286
2019-07-16 08:10:53.567 6543 INFO rally.task.engine [-] Full runner duration is: 2.120323
2019-07-16 08:10:53.567 6543 INFO rally.task.engine [-] Full duration is: 13.868861
2019-07-16 08:10:53.857 6543 INFO rally.task.engine [-] Running workload: position = 0 config = { "version": 2, "title": "A cropped version of a bigger task.", "description": "Auto-generated task from a single workload (uuid=584fe2fe-0751-4d5b-af20-f033f4592ae3)", "subtasks": [ { "title": "Gnocchi.get_status", "description": "Get the status of measurements processing.", "scenario": { "Gnocchi.get_status": { "detailed": false } }, "contexts": { "users": { "tenants": 3, "users_per_tenant": 2 } }, "runner": { "constant": { "concurrency": 4, "times": 10 } }, "hooks": [], "sla": { "failure_rate": { "max": 0 } } } ] }
2019-07-16 08:10:53.878 6543 RALLYDEBUG rally_openstack.contexts.keystone.users [-] Creating 3 tenants using 20 threads
2019-07-16 08:10:55.899 6543 RALLYDEBUG rally_openstack.contexts.keystone.users [-] Creating 6 users using 20 threads
2019-07-16 08:10:58.623 6543 INFO rally.task.context [-] Task aef203df-574d-4733-a299-c4f4c83d9349 | Context users@openstack setup() finished in 4.75 sec
2019-07-16 08:10:58.631 6543 RALLYDEBUG rally.task.runner [-] Starting the constant runner (task UUID: aef203df-574d-4733-a299-c4f4c83d9349). timeout: 0 concurrency: 4 concurrency_per_worker: 1 times: 10 concurrency_overhead: 0 processes_to_start: 4 max_cpu_used: 16
2019-07-16 08:10:58.643 6771 RALLYDEBUG rally.task.runner [-] Starting a worker. concurrency: 1 args: {"detailed": false} times: 10 method_name: run timeout: 0 duration: None cls:
2019-07-16 08:10:58.645 6772 RALLYDEBUG rally.task.runner [-] Starting a worker. concurrency: 1 args: {"detailed": false} times: 10 method_name: run timeout: 0 duration: None cls:
2019-07-16 08:10:58.648 6773 RALLYDEBUG rally.task.runner [-] Starting a worker. concurrency: 1 args: {"detailed": false} times: 10 method_name: run timeout: 0 duration: None cls:
