2019-07-16 07:50:10.754 1842 DEBUG novaclient.v2.client [-] REQ: curl -g -i -X GET http://172.30.9.28:8774/v2.1/servers/detail -H "Accept: application/json" -H "User-Agent: python-novaclient" -H "X-Auth-Token: {SHA1}4add5ccae5bc07765d41a110d9daaa49745a26d7" _http_log_request /usr/lib/python2.7/site-packages/keystoneauth1/session.py:448
2019-07-16 07:50:11.088 1842 DEBUG novaclient.v2.client [-] RESP: [200] Content-Length: 15 Content-Type: application/json Date: Tue, 16 Jul 2019 07:50:10 GMT OpenStack-API-Version: compute 2.1 Server: Apache Vary: OpenStack-API-Version,X-OpenStack-Nova-API-Version X-OpenStack-Nova-API-Version: 2.1 x-compute-request-id: req-ce76bf78-94d7-4cb3-bd93-97d5a8974f27 x-openstack-request-id: req-ce76bf78-94d7-4cb3-bd93-97d5a8974f27 _http_log_response /usr/lib/python2.7/site-packages/keystoneauth1/session.py:479
2019-07-16 07:50:11.089 1842 DEBUG novaclient.v2.client [-] RESP BODY: {"servers": []} _http_log_response /usr/lib/python2.7/site-packages/keystoneauth1/session.py:511
2019-07-16 07:50:11.089 1842 DEBUG novaclient.v2.client [-] GET call to compute for http://172.30.9.28:8774/v2.1/servers/detail used request id req-ce76bf78-94d7-4cb3-bd93-97d5a8974f27 request /usr/lib/python2.7/site-packages/keystoneauth1/session.py:844
2019-07-16 07:50:11.512 1842 DEBUG novaclient.v2.client [-] REQ: curl -g -i -X GET http://172.30.9.28:8774/v2.1/servers/detail -H "Accept: application/json" -H "User-Agent: python-novaclient" -H "X-Auth-Token: {SHA1}a85287e600ad45ab2584c3bcf71417efd02b6d72" _http_log_request /usr/lib/python2.7/site-packages/keystoneauth1/session.py:448
2019-07-16 07:50:11.828 1842 DEBUG novaclient.v2.client [-] RESP: [200] Content-Length: 15 Content-Type: application/json Date: Tue, 16 Jul 2019 07:50:11 GMT OpenStack-API-Version: compute 2.1 Server: Apache Vary: OpenStack-API-Version,X-OpenStack-Nova-API-Version X-OpenStack-Nova-API-Version: 2.1 x-compute-request-id: req-0178e109-814a-47d2-a287-d9748fffd015 x-openstack-request-id: req-0178e109-814a-47d2-a287-d9748fffd015 _http_log_response /usr/lib/python2.7/site-packages/keystoneauth1/session.py:479
2019-07-16 07:50:11.828 1842 DEBUG novaclient.v2.client [-] RESP BODY: {"servers": []} _http_log_response /usr/lib/python2.7/site-packages/keystoneauth1/session.py:511
2019-07-16 07:50:11.829 1842 DEBUG novaclient.v2.client [-] GET call to compute for http://172.30.9.28:8774/v2.1/servers/detail used request id req-0178e109-814a-47d2-a287-d9748fffd015 request /usr/lib/python2.7/site-packages/keystoneauth1/session.py:844
2019-07-16 07:50:12.245 1842 DEBUG novaclient.v2.client [-] REQ: curl -g -i -X GET http://172.30.9.28:8774/v2.1/servers/detail -H "Accept: application/json" -H "User-Agent: python-novaclient" -H "X-Auth-Token: {SHA1}eaaf052701f7ca711fa0ee97d2111f3598a30e77" _http_log_request /usr/lib/python2.7/site-packages/keystoneauth1/session.py:448
2019-07-16 07:50:12.503 1842 DEBUG novaclient.v2.client [-] RESP: [200] Content-Length: 15 Content-Type: application/json Date: Tue, 16 Jul 2019 07:50:12 GMT OpenStack-API-Version: compute 2.1 Server: Apache Vary: OpenStack-API-Version,X-OpenStack-Nova-API-Version X-OpenStack-Nova-API-Version: 2.1 x-compute-request-id: req-7d8b2009-e939-4306-88f4-45b8eab148d1 x-openstack-request-id: req-7d8b2009-e939-4306-88f4-45b8eab148d1 _http_log_response /usr/lib/python2.7/site-packages/keystoneauth1/session.py:479
2019-07-16 07:50:12.503 1842 DEBUG novaclient.v2.client [-] RESP BODY: {"servers": []} _http_log_response /usr/lib/python2.7/site-packages/keystoneauth1/session.py:511
2019-07-16 07:50:12.504 1842 DEBUG novaclient.v2.client [-] GET call to compute for http://172.30.9.28:8774/v2.1/servers/detail used request id req-7d8b2009-e939-4306-88f4-45b8eab148d1 request /usr/lib/python2.7/site-packages/keystoneauth1/session.py:844
2019-07-16 07:50:12.512 1842 RALLYDEBUG rally_openstack.cleanup.manager [-] Cleaning up nova server_groups objects
2019-07-16 07:50:12.934 1842 DEBUG novaclient.v2.client [-] REQ: curl -g -i -X GET http://172.30.9.28:8774/v2.1/os-server-groups -H "Accept: application/json" -H "User-Agent: python-novaclient" -H "X-Auth-Token: {SHA1}17e0ccb0437f18d415f2f7c812d90ee1b4294ff9" _http_log_request /usr/lib/python2.7/site-packages/keystoneauth1/session.py:448
2019-07-16 07:50:13.191 1842 DEBUG novaclient.v2.client [-] RESP: [200] Content-Length: 21 Content-Type: application/json Date: Tue, 16 Jul 2019 07:50:12 GMT OpenStack-API-Version: compute 2.1 Server: Apache Vary: OpenStack-API-Version,X-OpenStack-Nova-API-Version X-OpenStack-Nova-API-Version: 2.1 x-compute-request-id: req-3e1d49be-c99c-41e6-9b69-803b64196f06 x-openstack-request-id: req-3e1d49be-c99c-41e6-9b69-803b64196f06 _http_log_response /usr/lib/python2.7/site-packages/keystoneauth1/session.py:479
2019-07-16 07:50:13.191 1842 DEBUG novaclient.v2.client [-] RESP BODY: {"server_groups": []} _http_log_response /usr/lib/python2.7/site-packages/keystoneauth1/session.py:511
2019-07-16 07:50:13.192 1842 DEBUG novaclient.v2.client [-] GET call to compute for http://172.30.9.28:8774/v2.1/os-server-groups used request id req-3e1d49be-c99c-41e6-9b69-803b64196f06 request /usr/lib/python2.7/site-packages/keystoneauth1/session.py:844
2019-07-16 07:50:13.614 1842 DEBUG novaclient.v2.client [-] REQ: curl -g -i -X GET http://172.30.9.28:8774/v2.1/os-server-groups -H "Accept: application/json" -H "User-Agent: python-novaclient" -H "X-Auth-Token: {SHA1}f147292679d94229c14caa908fb13df0833122e2" _http_log_request /usr/lib/python2.7/site-packages/keystoneauth1/session.py:448
2019-07-16 07:50:13.808 1842 DEBUG novaclient.v2.client [-] RESP: [200] Content-Length: 21 Content-Type: application/json Date: Tue, 16 Jul 2019 07:50:13 GMT OpenStack-API-Version: compute 2.1 Server: Apache Vary: OpenStack-API-Version,X-OpenStack-Nova-API-Version X-OpenStack-Nova-API-Version: 2.1 x-compute-request-id: req-f42ba84e-f292-4d1b-9623-f26aa239f08f x-openstack-request-id: req-f42ba84e-f292-4d1b-9623-f26aa239f08f _http_log_response /usr/lib/python2.7/site-packages/keystoneauth1/session.py:479
2019-07-16 07:50:13.809 1842 DEBUG novaclient.v2.client [-] RESP BODY: {"server_groups": []} _http_log_response /usr/lib/python2.7/site-packages/keystoneauth1/session.py:511
2019-07-16 07:50:13.809 1842 DEBUG novaclient.v2.client [-] GET call to compute for http://172.30.9.28:8774/v2.1/os-server-groups used request id req-f42ba84e-f292-4d1b-9623-f26aa239f08f request /usr/lib/python2.7/site-packages/keystoneauth1/session.py:844
2019-07-16 07:50:14.220 1842 DEBUG novaclient.v2.client [-] REQ: curl -g -i -X GET http://172.30.9.28:8774/v2.1/os-server-groups -H "Accept: application/json" -H "User-Agent: python-novaclient" -H "X-Auth-Token: {SHA1}6cea8805a31042a79f6507134470c4e763eaefe7" _http_log_request /usr/lib/python2.7/site-packages/keystoneauth1/session.py:448
2019-07-16 07:50:14.428 1842 DEBUG novaclient.v2.client [-] RESP: [200] Content-Length: 21 Content-Type: application/json Date: Tue, 16 Jul 2019 07:50:14 GMT OpenStack-API-Version: compute 2.1 Server: Apache Vary: OpenStack-API-Version,X-OpenStack-Nova-API-Version X-OpenStack-Nova-API-Version: 2.1 x-compute-request-id: req-8d7e3d7b-c3d9-4644-9220-471beb7d1044 x-openstack-request-id: req-8d7e3d7b-c3d9-4644-9220-471beb7d1044 _http_log_response /usr/lib/python2.7/site-packages/keystoneauth1/session.py:479
2019-07-16 07:50:14.429 1842 DEBUG novaclient.v2.client [-] RESP BODY: {"server_groups": []} _http_log_response /usr/lib/python2.7/site-packages/keystoneauth1/session.py:511
2019-07-16 07:50:14.429 1842 DEBUG novaclient.v2.client [-] GET call to compute for http://172.30.9.28:8774/v2.1/os-server-groups used request id req-8d7e3d7b-c3d9-4644-9220-471beb7d1044 request /usr/lib/python2.7/site-packages/keystoneauth1/session.py:844
2019-07-16 07:50:14.436 1842 RALLYDEBUG rally_openstack.cleanup.manager [-] Cleaning up nova keypairs objects
2019-07-16 07:50:14.853 1842 DEBUG novaclient.v2.client [-] REQ: curl -g -i -X GET http://172.30.9.28:8774/v2.1/os-keypairs -H "Accept: application/json" -H "User-Agent: python-novaclient" -H "X-Auth-Token: {SHA1}b3229cc3e3ef68e7f883fc4e7133078758435a57" _http_log_request /usr/lib/python2.7/site-packages/keystoneauth1/session.py:448
2019-07-16 07:50:15.063 1842 DEBUG novaclient.v2.client [-] RESP: [200] Content-Length: 16 Content-Type: application/json Date: Tue, 16 Jul 2019 07:50:14 GMT OpenStack-API-Version: compute 2.1 Server: Apache Vary: OpenStack-API-Version,X-OpenStack-Nova-API-Version X-OpenStack-Nova-API-Version: 2.1 x-compute-request-id: req-f156d67a-b35e-4e14-a254-507a2c431dee x-openstack-request-id: req-f156d67a-b35e-4e14-a254-507a2c431dee _http_log_response /usr/lib/python2.7/site-packages/keystoneauth1/session.py:479
2019-07-16 07:50:15.063 1842 DEBUG novaclient.v2.client [-] RESP BODY: {"keypairs": []} _http_log_response /usr/lib/python2.7/site-packages/keystoneauth1/session.py:511
2019-07-16 07:50:15.064 1842 DEBUG novaclient.v2.client [-] GET call to compute for http://172.30.9.28:8774/v2.1/os-keypairs used request id req-f156d67a-b35e-4e14-a254-507a2c431dee request /usr/lib/python2.7/site-packages/keystoneauth1/session.py:844
2019-07-16 07:50:15.473 1842 DEBUG novaclient.v2.client [-] REQ: curl -g -i -X GET http://172.30.9.28:8774/v2.1/os-keypairs -H "Accept: application/json" -H "User-Agent: python-novaclient" -H "X-Auth-Token: {SHA1}771aaf6ab8ad315a822c749d5e8a21e62a62125c" _http_log_request /usr/lib/python2.7/site-packages/keystoneauth1/session.py:448
2019-07-16 07:50:15.670 1842 DEBUG novaclient.v2.client [-] RESP: [200] Content-Length: 16 Content-Type: application/json Date: Tue, 16 Jul 2019 07:50:15 GMT OpenStack-API-Version: compute 2.1 Server: Apache Vary: OpenStack-API-Version,X-OpenStack-Nova-API-Version X-OpenStack-Nova-API-Version: 2.1 x-compute-request-id: req-17063f11-efe0-4599-a966-cfea67363cfc x-openstack-request-id: req-17063f11-efe0-4599-a966-cfea67363cfc _http_log_response /usr/lib/python2.7/site-packages/keystoneauth1/session.py:479
2019-07-16 07:50:15.670 1842 DEBUG novaclient.v2.client [-] RESP BODY: {"keypairs": []} _http_log_response /usr/lib/python2.7/site-packages/keystoneauth1/session.py:511
2019-07-16 07:50:15.671 1842 DEBUG novaclient.v2.client [-] GET call to compute for http://172.30.9.28:8774/v2.1/os-keypairs used request id req-17063f11-efe0-4599-a966-cfea67363cfc request /usr/lib/python2.7/site-packages/keystoneauth1/session.py:844
2019-07-16 07:50:16.096 1842 DEBUG novaclient.v2.client [-] REQ: curl -g -i -X GET http://172.30.9.28:8774/v2.1/os-keypairs -H "Accept: application/json" -H "User-Agent: python-novaclient" -H "X-Auth-Token: {SHA1}2a0ebd21aef67ab3154f705b3cbfd4568f1dd8ef" _http_log_request /usr/lib/python2.7/site-packages/keystoneauth1/session.py:448
2019-07-16 07:50:16.396 1842 DEBUG novaclient.v2.client [-] RESP: [200] Content-Length: 16 Content-Type: application/json Date: Tue, 16 Jul 2019 07:50:16 GMT OpenStack-API-Version: compute 2.1 Server: Apache Vary: OpenStack-API-Version,X-OpenStack-Nova-API-Version X-OpenStack-Nova-API-Version: 2.1 x-compute-request-id: req-d7fe5f35-f236-4b67-b99e-1199ebba489c x-openstack-request-id: req-d7fe5f35-f236-4b67-b99e-1199ebba489c _http_log_response /usr/lib/python2.7/site-packages/keystoneauth1/session.py:479
2019-07-16 07:50:16.396 1842 DEBUG novaclient.v2.client [-] RESP BODY: {"keypairs": []} _http_log_response /usr/lib/python2.7/site-packages/keystoneauth1/session.py:511
2019-07-16 07:50:16.396 1842 DEBUG novaclient.v2.client [-] GET call to compute for http://172.30.9.28:8774/v2.1/os-keypairs used request id req-d7fe5f35-f236-4b67-b99e-1199ebba489c request /usr/lib/python2.7/site-packages/keystoneauth1/session.py:844
2019-07-16 07:50:16.831 1842 DEBUG novaclient.v2.client [-] REQ: curl -g -i -X GET http://172.30.9.28:8774/v2.1/os-keypairs -H "Accept: application/json" -H "User-Agent: python-novaclient" -H "X-Auth-Token: {SHA1}82c44f925b67d6c5c20b4c6c2695345d050f4627" _http_log_request /usr/lib/python2.7/site-packages/keystoneauth1/session.py:448
2019-07-16 07:50:17.116 1842 DEBUG novaclient.v2.client [-] RESP: [200] Content-Length: 16 Content-Type: application/json Date: Tue, 16 Jul 2019 07:50:16 GMT OpenStack-API-Version: compute 2.1 Server: Apache Vary: OpenStack-API-Version,X-OpenStack-Nova-API-Version X-OpenStack-Nova-API-Version: 2.1 x-compute-request-id: req-a056ad84-1c68-45a2-9746-3e2e7fa65a8d x-openstack-request-id: req-a056ad84-1c68-45a2-9746-3e2e7fa65a8d _http_log_response /usr/lib/python2.7/site-packages/keystoneauth1/session.py:479
2019-07-16 07:50:17.116 1842 DEBUG novaclient.v2.client [-] RESP BODY: {"keypairs": []} _http_log_response /usr/lib/python2.7/site-packages/keystoneauth1/session.py:511
2019-07-16 07:50:17.117 1842 DEBUG novaclient.v2.client [-] GET call to compute for http://172.30.9.28:8774/v2.1/os-keypairs used request id req-a056ad84-1c68-45a2-9746-3e2e7fa65a8d request /usr/lib/python2.7/site-packages/keystoneauth1/session.py:844
2019-07-16 07:50:17.543 1842 DEBUG novaclient.v2.client [-] REQ: curl -g -i -X GET http://172.30.9.28:8774/v2.1/os-keypairs -H "Accept: application/json" -H "User-Agent: python-novaclient" -H "X-Auth-Token: {SHA1}21272d25d7e24ffe7b61db136dacd47eb0e55344" _http_log_request /usr/lib/python2.7/site-packages/keystoneauth1/session.py:448
2019-07-16 07:50:17.757 1842 DEBUG novaclient.v2.client [-] RESP: [200] Content-Length: 16 Content-Type: application/json Date: Tue, 16 Jul 2019 07:50:17 GMT OpenStack-API-Version: compute 2.1 Server: Apache Vary: OpenStack-API-Version,X-OpenStack-Nova-API-Version X-OpenStack-Nova-API-Version: 2.1 x-compute-request-id: req-5edf3d70-965d-4534-a865-750467b3c2f3 x-openstack-request-id: req-5edf3d70-965d-4534-a865-750467b3c2f3 _http_log_response /usr/lib/python2.7/site-packages/keystoneauth1/session.py:479
2019-07-16 07:50:17.758 1842 DEBUG novaclient.v2.client [-] RESP BODY: {"keypairs": []} _http_log_response /usr/lib/python2.7/site-packages/keystoneauth1/session.py:511
2019-07-16 07:50:17.758 1842 DEBUG novaclient.v2.client [-] GET call to compute for http://172.30.9.28:8774/v2.1/os-keypairs used request id req-5edf3d70-965d-4534-a865-750467b3c2f3 request /usr/lib/python2.7/site-packages/keystoneauth1/session.py:844
2019-07-16 07:50:18.174 1842 DEBUG novaclient.v2.client [-] REQ: curl -g -i -X GET http://172.30.9.28:8774/v2.1/os-keypairs -H "Accept: application/json" -H "User-Agent: python-novaclient" -H "X-Auth-Token: {SHA1}92385cf1866ca1d1bc0089b47c299b0fc2208ed7" _http_log_request /usr/lib/python2.7/site-packages/keystoneauth1/session.py:448
2019-07-16 07:50:18.456 1842 DEBUG novaclient.v2.client [-] RESP: [200] Content-Length: 16 Content-Type: application/json Date: Tue, 16 Jul 2019 07:50:18 GMT OpenStack-API-Version: compute 2.1 Server: Apache Vary: OpenStack-API-Version,X-OpenStack-Nova-API-Version X-OpenStack-Nova-API-Version: 2.1 x-compute-request-id: req-8a704aec-6de0-4ab9-8708-2b1243c910f2 x-openstack-request-id: req-8a704aec-6de0-4ab9-8708-2b1243c910f2 _http_log_response /usr/lib/python2.7/site-packages/keystoneauth1/session.py:479
2019-07-16 07:50:18.457 1842 DEBUG novaclient.v2.client [-] RESP BODY: {"keypairs": []} _http_log_response /usr/lib/python2.7/site-packages/keystoneauth1/session.py:511
2019-07-16 07:50:18.457 1842 DEBUG novaclient.v2.client [-] GET call to compute for http://172.30.9.28:8774/v2.1/os-keypairs used request id req-8a704aec-6de0-4ab9-8708-2b1243c910f2 request /usr/lib/python2.7/site-packages/keystoneauth1/session.py:844
2019-07-16 07:50:18.463 1842 RALLYDEBUG rally_openstack.cleanup.manager [-] Cleaning up cinder backups objects
2019-07-16 07:50:20.626 1842 RALLYDEBUG rally_openstack.cleanup.manager [-] Cleaning up cinder volume_snapshots objects
2019-07-16 07:50:22.711 1842 RALLYDEBUG rally_openstack.cleanup.manager [-] Cleaning up cinder transfers objects
2019-07-16 07:50:24.689 1842 RALLYDEBUG rally_openstack.cleanup.manager [-] Cleaning up cinder volumes objects
2019-07-16 07:50:26.827 1842 INFO rally.task.context [-] Task 10542a6a-50a3-4934-9939-c258be1b4561 | Context cleanup@openstack cleanup() finished in 16.51 sec
2019-07-16 07:50:26.827 1842 INFO rally.task.context [-] Task 10542a6a-50a3-4934-9939-c258be1b4561 | Context quotas@openstack cleanup() started
2019-07-16 07:50:27.674 1842 INFO rally.task.context [-] Task 10542a6a-50a3-4934-9939-c258be1b4561 | Context quotas@openstack cleanup() finished in 0.85 sec
2019-07-16 07:50:27.674 1842 INFO rally.task.context [-] Task 10542a6a-50a3-4934-9939-c258be1b4561 | Context api_versions@openstack cleanup() started
2019-07-16 07:50:27.674 1842 INFO rally.task.context [-] Task 10542a6a-50a3-4934-9939-c258be1b4561 | Context api_versions@openstack cleanup() finished in 0.31 msec
2019-07-16 07:50:27.675 1842 INFO rally.task.context [-] Task 10542a6a-50a3-4934-9939-c258be1b4561 | Context users@openstack cleanup() started
2019-07-16 07:50:34.491 1842 INFO rally.task.context [-] Task 10542a6a-50a3-4934-9939-c258be1b4561 | Context users@openstack cleanup() finished in 6.82 sec
2019-07-16 07:50:36.080 1842 INFO rally.task.engine [-] Load duration is: 79.854303
2019-07-16 07:50:36.081 1842 INFO rally.task.engine [-] Full runner duration is: 80.916976
2019-07-16 07:50:36.081 1842 INFO rally.task.engine [-] Full duration is: 113.04447
2019-07-16 07:50:36.441 1842 INFO rally.task.engine [-] Running workload: position = 0 config = { "version": 2, "title": "A cropped version of a bigger task.", "description": "Auto-generated task from a single workload (uuid=27d46d17-18b9-4ba3-8b6d-a6ba52fbfb1b)", "subtasks": [ { "title": "CinderVolumes.create_and_list_snapshots", "description": "Create and then list a volume-snapshot.", "scenario": { "CinderVolumes.create_and_list_snapshots": { "detailed": true, "force": false } }, "contexts": { "users": { "tenants": 3, "users_per_tenant": 2 }, "quotas": { "cinder": { "gigabytes": -1, "snapshots": -1, "volumes": -1 } }, "api_versions": { "cinder": { "version": 3, "service_type": "volumev3" } }, "volumes": { "size": 1, "volumes_per_tenant": 1 } }, "runner": { "constant": { "concurrency": 4, "times": 10 } }, "hooks": [], "sla": { "failure_rate": { "max": 0 } } } ] }
2019-07-16 07:50:36.466 1842 RALLYDEBUG rally_openstack.contexts.keystone.users [-] Creating 3 tenants using 20 threads
2019-07-16 07:50:38.234 1842 RALLYDEBUG rally_openstack.contexts.keystone.users [-] Creating 6 users using 20 threads
2019-07-16 07:50:40.981 1842 INFO rally.task.context [-] Task 10542a6a-50a3-4934-9939-c258be1b4561 | Context users@openstack setup() finished in 4.52 sec
2019-07-16 07:50:41.539 1842 INFO rally.task.context [-] Task 10542a6a-50a3-4934-9939-c258be1b4561 | Context api_versions@openstack setup() finished in 0.56 sec
2019-07-16 07:50:43.150 1842 INFO rally.task.context [-] Task 10542a6a-50a3-4934-9939-c258be1b4561 | Context quotas@openstack setup() finished in 1.61 sec
2019-07-16 07:50:54.069 1842 INFO rally.task.context [-] Task 10542a6a-50a3-4934-9939-c258be1b4561 | Context volumes@openstack setup() finished in 10.92 sec
2019-07-16 07:50:54.070 1842 INFO rally.task.context [-] Task 10542a6a-50a3-4934-9939-c258be1b4561 | Context cleanup@openstack setup() finished in 0.00 msec
2019-07-16 07:50:54.077 1842 RALLYDEBUG rally.task.runner [-] Starting the constant runner (task UUID: 10542a6a-50a3-4934-9939-c258be1b4561). timeout: 0 concurrency: 4 concurrency_per_worker: 1 times: 10 concurrency_overhead: 0 processes_to_start: 4 max_cpu_used: 16
2019-07-16 07:50:54.090 2210 RALLYDEBUG rally.task.runner [-] Starting a worker. concurrency: 1 args: {"detailed": true, "force": false} times: 10 method_name: run timeout: 0 duration: None cls:
2019-07-16 07:50:54.092 2211 RALLYDEBUG rally.task.runner [-] Starting a worker. concurrency: 1 args: {"detailed": true, "force": false} times: 10 method_name: run timeout: 0 duration: None cls:
2019-07-16 07:50:54.095 2212 RALLYDEBUG rally.task.runner [-] Starting a worker. concurrency: 1 args: {"detailed": true, "force": false} times: 10 method_name: run timeout: 0 duration: None cls:
2019-07-16 07:50:54.098 2213 RALLYDEBUG rally.task.runner [-] Starting a worker. concurrency: 1 args: {"detailed": true, "force": false} times: 10 method_name: run timeout: 0 duration: None cls:
2019-07-16 07:50:54.102 2210 INFO rally.task.runner [-] Task 10542a6a-50a3-4934-9939-c258be1b4561 | ITER: 1 START
2019-07-16 07:50:54.104 2211 INFO rally.task.runner [-] Task 10542a6a-50a3-4934-9939-c258be1b4561 | ITER: 2 START
2019-07-16 07:50:54.107 2212 INFO rally.task.runner [-] Task 10542a6a-50a3-4934-9939-c258be1b4561 | ITER: 3 START
2019-07-16 07:50:54.110 2213 INFO rally.task.runner [-] Task 10542a6a-50a3-4934-9939-c258be1b4561 | ITER: 4 START
2019-07-16 07:50:57.732 2210 INFO rally.task.runner [-] Task 10542a6a-50a3-4934-9939-c258be1b4561 | ITER: 1 END: OK
2019-07-16 07:50:57.739 2210 INFO rally.task.runner [-] Task 10542a6a-50a3-4934-9939-c258be1b4561 | ITER: 5 START
2019-07-16 07:50:57.797 2213 INFO rally.task.runner [-] Task 10542a6a-50a3-4934-9939-c258be1b4561 | ITER: 4 END: OK
2019-07-16 07:50:57.802 2213 INFO rally.task.runner [-] Task 10542a6a-50a3-4934-9939-c258be1b4561 | ITER: 6 START
2019-07-16 07:50:57.807 2212 INFO rally.task.runner [-] Task 10542a6a-50a3-4934-9939-c258be1b4561 | ITER: 3 END: OK
2019-07-16 07:50:57.812 2212 INFO rally.task.runner [-] Task 10542a6a-50a3-4934-9939-c258be1b4561 | ITER: 7 START
2019-07-16 07:50:58.023 2211 INFO rally.task.runner [-] Task 10542a6a-50a3-4934-9939-c258be1b4561 | ITER: 2 END: OK
2019-07-16 07:50:58.028 2211 INFO rally.task.runner [-] Task 10542a6a-50a3-4934-9939-c258be1b4561 | ITER: 8 START
2019-07-16 07:51:01.034 2213 INFO rally.task.runner [-] Task 10542a6a-50a3-4934-9939-c258be1b4561 | ITER: 6 END: OK
2019-07-16 07:51:01.040 2213 INFO rally.task.runner [-] Task 10542a6a-50a3-4934-9939-c258be1b4561 | ITER: 9 START
2019-07-16 07:51:01.230 2210 INFO rally.task.runner [-] Task 10542a6a-50a3-4934-9939-c258be1b4561 | ITER: 5 END: OK
2019-07-16 07:51:01.235 2210 INFO rally.task.runner [-] Task 10542a6a-50a3-4934-9939-c258be1b4561 | ITER: 10 START
2019-07-16 07:51:01.346 2211 INFO rally.task.runner [-] Task 10542a6a-50a3-4934-9939-c258be1b4561 | ITER: 8 END: OK
2019-07-16 07:51:01.489 2212 INFO rally.task.runner [-] Task 10542a6a-50a3-4934-9939-c258be1b4561 | ITER: 7 END: OK
2019-07-16 07:51:04.604 2213 INFO rally.task.runner [-] Task 10542a6a-50a3-4934-9939-c258be1b4561 | ITER: 9 END: OK
2019-07-16 07:51:04.807 2210 INFO rally.task.runner [-] Task 10542a6a-50a3-4934-9939-c258be1b4561 | ITER: 10 END: OK
2019-07-16 07:51:04.838 1842 INFO rally.task.context [-] Task 10542a6a-50a3-4934-9939-c258be1b4561 | Context cleanup@openstack cleanup() started
2019-07-16 07:51:04.841 1842 RALLYDEBUG rally_openstack.cleanup.manager [-] Cleaning up cinder backups objects
2019-07-16 07:51:06.827 1842 RALLYDEBUG rally_openstack.cleanup.manager [-] Cleaning up cinder volume_snapshots objects
2019-07-16 07:51:08.896 1842 RALLYDEBUG rally_openstack.cleanup.manager [-] Deleting cinder.volume_snapshots object s_rally_27d46d17_lCmCPv1U (35c1e2cb-0bbf-4426-9673-d7a0b07d6a72)
2019-07-16 07:51:08.901 1842 RALLYDEBUG rally_openstack.cleanup.manager [-] Deleting cinder.volume_snapshots object s_rally_27d46d17_LDiAsEnG (f2904ce9-bd4a-4085-ae55-ae679ee7e2b2)
2019-07-16 07:51:08.910 1842 RALLYDEBUG rally_openstack.cleanup.manager [-] Deleting cinder.volume_snapshots object s_rally_27d46d17_VqAQlyil (12f2588a-43b7-448a-94e4-cf170111a036)
2019-07-16 07:51:08.911 1842 RALLYDEBUG rally_openstack.cleanup.manager [-] Deleting cinder.volume_snapshots object s_rally_27d46d17_ouSu4bJp (31146ed4-b306-4a38-bb93-ef9fdf85399e)
2019-07-16 07:51:08.912 1842 RALLYDEBUG rally_openstack.cleanup.manager [-] Deleting cinder.volume_snapshots object s_rally_27d46d17_z7BSGBcD (d3e448dc-5e2b-4ac0-a9cc-dc6841e7f5ef)
2019-07-16 07:51:08.915 1842 RALLYDEBUG rally_openstack.cleanup.manager [-] Deleting cinder.volume_snapshots object s_rally_27d46d17_HAhVOUqS (6f660bc6-dfa9-4bfb-ab15-b97cbf7a1a53)
2019-07-16 07:51:08.917 1842 RALLYDEBUG rally_openstack.cleanup.manager [-] Deleting cinder.volume_snapshots object s_rally_27d46d17_TtK46OXy (2b816a5a-51fe-4ad8-9c34-7124530052fc)
2019-07-16 07:51:08.918 1842 RALLYDEBUG rally_openstack.cleanup.manager [-] Deleting cinder.volume_snapshots object s_rally_27d46d17_AZY26fJW (5be093b8-1aeb-4dfd-b774-f4f8b90d44cc)
2019-07-16 07:51:08.919 1842 RALLYDEBUG rally_openstack.cleanup.manager [-] Deleting cinder.volume_snapshots object s_rally_27d46d17_JGcvaj2A (2c0b0339-cfdd-48db-ab58-1982ec882d42)
2019-07-16 07:51:08.929 1842 RALLYDEBUG rally_openstack.cleanup.manager [-] Deleting cinder.volume_snapshots object s_rally_27d46d17_nf0PxasC (03d8ea5c-ecb2-41ba-840e-073ea5b75ed3)
2019-07-16 07:51:13.829 1842 RALLYDEBUG rally_openstack.cleanup.manager [-] Cleaning up cinder transfers objects
2019-07-16 07:51:15.791 1842 RALLYDEBUG rally_openstack.cleanup.manager [-] Cleaning up cinder volumes objects
2019-07-16 07:51:17.934 1842 INFO rally.task.context [-] Task 10542a6a-50a3-4934-9939-c258be1b4561 | Context cleanup@openstack cleanup() finished in 13.10 sec
2019-07-16 07:51:17.934 1842 INFO rally.task.context [-] Task 10542a6a-50a3-4934-9939-c258be1b4561 | Context volumes@openstack cleanup() started
2019-07-16 07:51:17.935 1842 RALLYDEBUG rally_openstack.cleanup.manager [-] Cleaning up cinder volumes objects
2019-07-16 07:51:19.882 1842 RALLYDEBUG rally_openstack.cleanup.manager [-] Deleting cinder.volumes object c_rally_27d46d17_wRvdUdqB (774ae785-cd09-49a3-8641-807b894f0fd1)
2019-07-16 07:51:19.885 1842 RALLYDEBUG rally_openstack.cleanup.manager [-] Deleting cinder.volumes object c_rally_27d46d17_cVZYf24k (96b48fc0-700b-4395-bb21-d5b7c71b76a6)
2019-07-16 07:51:19.891 1842 RALLYDEBUG rally_openstack.cleanup.manager [-] Deleting cinder.volumes object c_rally_27d46d17_fuEfFi2R (312ffd88-013e-48b1-9146-81c1275d9da0)
2019-07-16 07:51:23.316 1842 INFO rally.task.context [-] Task 10542a6a-50a3-4934-9939-c258be1b4561 | Context volumes@openstack cleanup() finished in 5.38 sec
2019-07-16 07:51:23.316 1842 INFO rally.task.context [-] Task 10542a6a-50a3-4934-9939-c258be1b4561 | Context quotas@openstack cleanup() started
2019-07-16 07:51:23.771 1842 INFO rally.task.context [-] Task 10542a6a-50a3-4934-9939-c258be1b4561 | Context quotas@openstack cleanup() finished in 0.45 sec
2019-07-16 07:51:23.772 1842 INFO rally.task.context [-] Task 10542a6a-50a3-4934-9939-c258be1b4561 | Context api_versions@openstack cleanup() started
2019-07-16 07:51:23.772 1842 INFO rally.task.context [-] Task 10542a6a-50a3-4934-9939-c258be1b4561 | Context api_versions@openstack cleanup() finished in 0.34 msec
2019-07-16 07:51:23.772 1842 INFO rally.task.context [-] Task 10542a6a-50a3-4934-9939-c258be1b4561 | Context users@openstack cleanup() started
2019-07-16 07:51:30.931 1842 INFO rally.task.context [-] Task 10542a6a-50a3-4934-9939-c258be1b4561 | Context users@openstack cleanup() finished in 7.16 sec
2019-07-16 07:51:32.680 1842 INFO rally.task.engine [-] Load duration is: 10.701872
2019-07-16 07:51:32.681 1842 INFO rally.task.engine [-] Full runner duration is: 10.760924
2019-07-16 07:51:32.681 1842 INFO rally.task.engine [-] Full duration is: 54.46848
2019-07-16 07:51:32.937 1842 INFO rally.task.engine [-] Running workload: position = 0 config = { "version": 2, "title": "A cropped version of a bigger task.", "description": "Auto-generated task from a single workload (uuid=a0571213-f8b6-4afb-b67f-89eadf20b52f)", "subtasks": [ { "title": "CinderVolumes.create_and_list_volume", "description": "Create a volume and list all volumes.", "scenario": { "CinderVolumes.create_and_list_volume": { "detailed": true, "image": { "name": "rally_full-img_3fc1c051-6d7a-4880-8a2e-cf71f8783d3b" }, "size": 1 } }, "contexts": { "users": { "tenants": 3, "users_per_tenant": 2 }, "quotas": { "cinder": { "gigabytes": -1, "snapshots": -1, "volumes": -1 } }, "api_versions": { "cinder": { "version": 3, "service_type": "volumev3" } } }, "runner": { "constant": { "concurrency": 4, "times": 10 } }, "hooks": [], "sla": { "failure_rate": { "max": 0 } } } ] }
2019-07-16 07:51:32.962 1842 RALLYDEBUG rally_openstack.contexts.keystone.users [-] Creating 3 tenants using 20 threads
2019-07-16 07:51:34.804 1842 RALLYDEBUG rally_openstack.contexts.keystone.users [-] Creating 6 users using 20 threads
2019-07-16 07:51:37.472 1842 INFO rally.task.context [-] Task 10542a6a-50a3-4934-9939-c258be1b4561 | Context users@openstack setup() finished in 4.51 sec
2019-07-16 07:51:37.896 1842 INFO rally.task.context [-] Task 10542a6a-50a3-4934-9939-c258be1b4561 | Context api_versions@openstack setup() finished in 0.42 sec
2019-07-16 07:51:39.560 1842 INFO rally.task.context [-] Task 10542a6a-50a3-4934-9939-c258be1b4561 | Context quotas@openstack setup() finished in 1.66 sec
2019-07-16 07:51:39.560 1842 INFO rally.task.context [-] Task 10542a6a-50a3-4934-9939-c258be1b4561 | Context cleanup@openstack setup() finished in 0.00 msec
2019-07-16 07:51:40.313 1842 RALLYDEBUG rally.task.runner [-] Starting the constant runner (task UUID: 10542a6a-50a3-4934-9939-c258be1b4561). timeout: 0 concurrency: 4 concurrency_per_worker: 1 times: 10 concurrency_overhead: 0 processes_to_start: 4 max_cpu_used: 16
2019-07-16 07:51:40.326 2414 RALLYDEBUG rally.task.runner [-] Starting a worker. concurrency: 1 args: {"detailed": true, "image": "be07fc5e-0564-41c7-adca-b53a3c7da653", "size": 1} times: 10 method_name: run timeout: 0 duration: None cls:
2019-07-16 07:51:40.329 2415 RALLYDEBUG rally.task.runner [-] Starting a worker. concurrency: 1 args: {"detailed": true, "image": "be07fc5e-0564-41c7-adca-b53a3c7da653", "size": 1} times: 10 method_name: run timeout: 0 duration: None cls:
2019-07-16 07:51:40.331 2416 RALLYDEBUG rally.task.runner [-] Starting a worker. concurrency: 1 args: {"detailed": true, "image": "be07fc5e-0564-41c7-adca-b53a3c7da653", "size": 1} times: 10 method_name: run timeout: 0 duration: None cls:
2019-07-16 07:51:40.334 2414 INFO rally.task.runner [-] Task 10542a6a-50a3-4934-9939-c258be1b4561 | ITER: 1 START
2019-07-16 07:51:40.334 2417 RALLYDEBUG rally.task.runner [-] Starting a worker. concurrency: 1 args: {"detailed": true, "image": "be07fc5e-0564-41c7-adca-b53a3c7da653", "size": 1} times: 10 method_name: run timeout: 0 duration: None cls:
2019-07-16 07:51:40.337 2415 INFO rally.task.runner [-] Task 10542a6a-50a3-4934-9939-c258be1b4561 | ITER: 2 START
2019-07-16 07:51:40.338 2416 INFO rally.task.runner [-] Task 10542a6a-50a3-4934-9939-c258be1b4561 | ITER: 3 START
2019-07-16 07:51:40.342 2417 INFO rally.task.runner [-] Task 10542a6a-50a3-4934-9939-c258be1b4561 | ITER: 4 START
2019-07-16 07:51:46.549 2416 RALLYDEBUG rally.task.utils [-] Waiting for resource s_rally_a0571213_dwmAnfyx. Status changed: DOWNLOADING => AVAILABLE in 2.7817158699
2019-07-16 07:51:46.579 2417 RALLYDEBUG rally.task.utils [-] Waiting for resource s_rally_a0571213_q1HjCvFJ. Status changed: CREATING => DOWNLOADING in 2.75363111496
2019-07-16 07:51:46.671 2415 RALLYDEBUG rally.task.utils [-] Waiting for resource s_rally_a0571213_H0S4o61y. Status changed: CREATING => DOWNLOADING in 2.82949304581
2019-07-16 07:51:46.839 2416 INFO rally.task.runner [-] Task 10542a6a-50a3-4934-9939-c258be1b4561 | ITER: 3 END: OK
2019-07-16 07:51:46.845 2416 INFO rally.task.runner [-] Task 10542a6a-50a3-4934-9939-c258be1b4561 | ITER: 5 START
2019-07-16 07:51:46.854 2414 RALLYDEBUG rally.task.utils [-] Waiting for resource s_rally_a0571213_8xH1K8YM. Status changed: DOWNLOADING => AVAILABLE in 3.09470295906
2019-07-16 07:51:46.935 2414 INFO rally.task.runner [-] Task 10542a6a-50a3-4934-9939-c258be1b4561 | ITER: 1 END: OK
2019-07-16 07:51:46.940 2414 INFO rally.task.runner [-] Task 10542a6a-50a3-4934-9939-c258be1b4561 | ITER: 6 START
2019-07-16 07:51:48.725 2415 RALLYDEBUG rally.task.utils [-] Waiting for resource s_rally_a0571213_H0S4o61y. Status changed: DOWNLOADING => AVAILABLE in 2.05475592613
2019-07-16 07:51:48.832 2415 INFO rally.task.runner [-] Task 10542a6a-50a3-4934-9939-c258be1b4561 | ITER: 2 END: OK
2019-07-16 07:51:48.838 2415 INFO rally.task.runner [-] Task 10542a6a-50a3-4934-9939-c258be1b4561 | ITER: 7 START
2019-07-16 07:51:48.839 2417 RALLYDEBUG rally.task.utils [-] Waiting for resource s_rally_a0571213_q1HjCvFJ. Status changed: DOWNLOADING => AVAILABLE in 2.25918102264
2019-07-16 07:51:48.936 2417 INFO rally.task.runner [-] Task 10542a6a-50a3-4934-9939-c258be1b4561 | ITER: 4 END: OK
2019-07-16 07:51:48.942 2417 INFO rally.task.runner [-] Task 10542a6a-50a3-4934-9939-c258be1b4561 | ITER: 8 START
2019-07-16 07:51:53.267 2416 RALLYDEBUG rally.task.utils [-] Waiting for resource s_rally_a0571213_WEoPUe0f. Status changed: DOWNLOADING => AVAILABLE in 2.99799203873
2019-07-16 07:51:53.279 2414 RALLYDEBUG rally.task.utils [-] Waiting for resource s_rally_a0571213_OrTAGGcf. Status changed: DOWNLOADING => AVAILABLE in 2.97742390633
2019-07-16 07:51:53.610 2414 INFO rally.task.runner [-] Task 10542a6a-50a3-4934-9939-c258be1b4561 | ITER: 6 END: OK
2019-07-16 07:51:53.615 2414 INFO rally.task.runner [-] Task 10542a6a-50a3-4934-9939-c258be1b4561 | ITER: 9 START
2019-07-16 07:51:53.624 2416 INFO rally.task.runner [-] Task 10542a6a-50a3-4934-9939-c258be1b4561 | ITER: 5 END: OK
2019-07-16 07:51:53.629 2416 INFO rally.task.runner [-] Task 10542a6a-50a3-4934-9939-c258be1b4561 | ITER: 10 START
2019-07-16 07:51:54.828 2415 RALLYDEBUG rally.task.utils [-] Waiting for resource s_rally_a0571213_iua2RxtK. Status changed: CREATING => DOWNLOADING in 2.63784599304
2019-07-16 07:51:55.053 2417 RALLYDEBUG rally.task.utils [-] Waiting for resource s_rally_a0571213_AUDMKFYO. Status changed: CREATING => AVAILABLE in 2.82764792442
2019-07-16 07:51:55.337 2417 INFO rally.task.runner [-] Task 10542a6a-50a3-4934-9939-c258be1b4561 | ITER: 8 END: OK
2019-07-16 07:51:57.076 2415 RALLYDEBUG rally.task.utils [-] Waiting for resource s_rally_a0571213_iua2RxtK. Status changed: DOWNLOADING => AVAILABLE in 2.24780583382
2019-07-16 07:51:57.387 2415 INFO rally.task.runner [-] Task 10542a6a-50a3-4934-9939-c258be1b4561 | ITER: 7 END: OK
2019-07-16 07:51:59.668 2416 RALLYDEBUG rally.task.utils [-] Waiting for resource s_rally_a0571213_TlIL4F51. Status changed: DOWNLOADING => AVAILABLE in 2.77834701538
2019-07-16 07:51:59.795 2414 RALLYDEBUG rally.task.utils [-] Waiting for resource s_rally_a0571213_Sr0mmLSN. Status changed: DOWNLOADING => AVAILABLE in 2.88368415833
2019-07-16 07:51:59.911 2416 INFO rally.task.runner [-] Task 10542a6a-50a3-4934-9939-c258be1b4561 | ITER: 10 END: OK
2019-07-16 07:52:00.079 2414 INFO rally.task.runner [-] Task 10542a6a-50a3-4934-9939-c258be1b4561 | ITER: 9 END: OK
2019-07-16 07:52:00.108 1842 INFO rally.task.context [-] Task 10542a6a-50a3-4934-9939-c258be1b4561 | Context cleanup@openstack cleanup() started
2019-07-16 07:52:00.110 1842 RALLYDEBUG rally_openstack.cleanup.manager [-] Cleaning up cinder backups objects
2019-07-16 07:52:02.032 1842 RALLYDEBUG rally_openstack.cleanup.manager [-] Cleaning up cinder volume_snapshots objects
2019-07-16 07:52:04.002 1842 RALLYDEBUG rally_openstack.cleanup.manager [-] Cleaning up cinder transfers objects
2019-07-16 07:52:05.917 1842 RALLYDEBUG rally_openstack.cleanup.manager [-] Cleaning up cinder volumes objects
2019-07-16 07:52:08.064 1842 RALLYDEBUG rally_openstack.cleanup.manager [-] Deleting cinder.volumes object s_rally_a0571213_Sr0mmLSN (d0b4534a-5eb7-4a6c-a390-c7dca116cc92)
2019-07-16 07:52:08.066 1842 RALLYDEBUG rally_openstack.cleanup.manager [-] Deleting cinder.volumes object s_rally_a0571213_AUDMKFYO (1a8d1c61-ae16-4c1c-b595-a54e45764ed2)
2019-07-16 07:52:08.067 1842 RALLYDEBUG rally_openstack.cleanup.manager [-] Deleting cinder.volumes object s_rally_a0571213_iua2RxtK (4ab69858-4268-4499-8f80-2e114ce42fd3)
2019-07-16 07:52:08.068 1842 RALLYDEBUG rally_openstack.cleanup.manager [-] Deleting cinder.volumes object s_rally_a0571213_WEoPUe0f (bd1b9be2-0ad6-4db9-8b60-75139e14b24d)
2019-07-16 07:52:08.074 1842 RALLYDEBUG rally_openstack.cleanup.manager [-] Deleting cinder.volumes object s_rally_a0571213_8xH1K8YM (1b8ea826-0091-4bbd-82f0-4d18e8bfe2b0)
2019-07-16 07:52:08.075 1842 RALLYDEBUG rally_openstack.cleanup.manager [-] Deleting cinder.volumes object s_rally_a0571213_TlIL4F51 (d1076c13-9dd7-4bcc-bbb3-a4ca46de4717)
2019-07-16 07:52:08.084 1842 RALLYDEBUG rally_openstack.cleanup.manager [-] Deleting cinder.volumes object s_rally_a0571213_H0S4o61y (15782d65-2c7b-4993-ad92-3c34e4489f86)
2019-07-16 07:52:08.087 1842 RALLYDEBUG rally_openstack.cleanup.manager [-] Deleting cinder.volumes object s_rally_a0571213_dwmAnfyx (752a6002-fe97-4df0-8f85-52047851d2aa)
2019-07-16 07:52:08.093 1842 RALLYDEBUG rally_openstack.cleanup.manager [-] Deleting cinder.volumes object s_rally_a0571213_OrTAGGcf (49230994-80ce-498e-82f8-31698c91d6fb)
2019-07-16 07:52:08.103 1842 RALLYDEBUG rally_openstack.cleanup.manager [-] Deleting cinder.volumes object s_rally_a0571213_q1HjCvFJ (87491258-a429-4125-a68b-d2e98ad19b33)
2019-07-16 07:52:12.111 1842 INFO rally.task.context [-] Task 10542a6a-50a3-4934-9939-c258be1b4561 | Context cleanup@openstack cleanup() finished in 12.00 sec
2019-07-16 07:52:12.111 1842 INFO rally.task.context [-] Task 10542a6a-50a3-4934-9939-c258be1b4561 | Context quotas@openstack cleanup() started
2019-07-16 07:52:12.625 1842 INFO rally.task.context [-] Task 10542a6a-50a3-4934-9939-c258be1b4561 | Context quotas@openstack cleanup() finished in 0.51 sec
2019-07-16 07:52:12.625 1842 INFO rally.task.context [-] Task 10542a6a-50a3-4934-9939-c258be1b4561 | Context api_versions@openstack cleanup() started
2019-07-16 07:52:12.625 1842 INFO rally.task.context [-] Task 10542a6a-50a3-4934-9939-c258be1b4561 | Context api_versions@openstack cleanup() finished in 0.28 msec
2019-07-16 07:52:12.626 1842 INFO rally.task.context [-] Task 10542a6a-50a3-4934-9939-c258be1b4561 | Context users@openstack cleanup() started
2019-07-16 07:52:19.999 1842 INFO rally.task.context [-] Task 10542a6a-50a3-4934-9939-c258be1b4561 | Context users@openstack cleanup() finished in 7.37 sec
2019-07-16 07:52:21.156 1842 INFO rally.task.engine [-] Load duration is: 19.740893
2019-07-16 07:52:21.157 1842 INFO rally.task.engine [-] Full runner duration is: 19.79531
2019-07-16 07:52:21.157 1842 INFO rally.task.engine [-] Full duration is: 47.041845
2019-07-16 07:52:21.328 1842 INFO rally.task.engine [-] Running workload: position = 1 config = { "version": 2, "title": "A cropped version of a bigger task.", "description": "Auto-generated task from a single workload (uuid=81f818ce-b43b-41f1-956d-aef6d701334a)", "subtasks": [ { "title": "CinderVolumes.create_and_list_volume", "description": "Create a volume and list all volumes.", "scenario": { "CinderVolumes.create_and_list_volume": { "detailed": true, "size": 1 } }, "contexts": { "users": { "tenants": 3, "users_per_tenant": 2 }, "quotas": { "cinder": { "gigabytes": -1, "snapshots": -1, "volumes": -1 } }, "api_versions": { "cinder": { "version": 3, "service_type": "volumev3" } } }, "runner": { "constant": { "concurrency": 4, "times": 10 } }, "hooks": [], "sla": { "failure_rate": { "max": 0 } } } ] }
2019-07-16 07:52:21.350 1842 RALLYDEBUG rally_openstack.contexts.keystone.users [-] Creating 3 tenants using 20 threads
2019-07-16 07:52:23.256 1842 RALLYDEBUG rally_openstack.contexts.keystone.users [-] Creating 6 users using 20 threads
2019-07-16 07:52:25.962 1842 INFO rally.task.context [-] Task 10542a6a-50a3-4934-9939-c258be1b4561 | Context users@openstack setup() finished in 4.61 sec
2019-07-16 07:52:26.383 1842 INFO rally.task.context [-] Task 10542a6a-50a3-4934-9939-c258be1b4561 | Context api_versions@openstack setup() finished in 0.42 sec
2019-07-16 07:52:28.020 1842 INFO rally.task.context [-] Task 10542a6a-50a3-4934-9939-c258be1b4561 | Context quotas@openstack setup() finished in 1.64 sec
2019-07-16 07:52:28.020 1842 INFO rally.task.context [-] Task 10542a6a-50a3-4934-9939-c258be1b4561 | Context cleanup@openstack setup() finished in 0.01 msec
2019-07-16 07:52:28.029 1842 RALLYDEBUG rally.task.runner [-] Starting the constant runner (task UUID: 10542a6a-50a3-4934-9939-c258be1b4561). timeout: 0 concurrency: 4 concurrency_per_worker: 1 times: 10 concurrency_overhead: 0 processes_to_start: 4 max_cpu_used: 16
2019-07-16 07:52:28.043 2599 RALLYDEBUG rally.task.runner [-] Starting a worker. concurrency: 1 args: {"detailed": true, "size": 1} times: 10 method_name: run timeout: 0 duration: None cls:
2019-07-16 07:52:28.044 2598 RALLYDEBUG rally.task.runner [-] Starting a worker. concurrency: 1 args: {"detailed": true, "size": 1} times: 10 method_name: run timeout: 0 duration: None cls:
2019-07-16 07:52:28.051 2599 INFO rally.task.runner [-] Task 10542a6a-50a3-4934-9939-c258be1b4561 | ITER: 1 START
2019-07-16 07:52:28.053 2598 INFO rally.task.runner [-] Task 10542a6a-50a3-4934-9939-c258be1b4561 | ITER: 2 START
2019-07-16 07:52:28.053 2600 RALLYDEBUG rally.task.runner [-] Starting a worker. concurrency: 1 args: {"detailed": true, "size": 1} times: 10 method_name: run timeout: 0 duration: None cls:
2019-07-16 07:52:28.053 2601 RALLYDEBUG rally.task.runner [-] Starting a worker. concurrency: 1 args: {"detailed": true, "size": 1} times: 10 method_name: run timeout: 0 duration: None cls:
2019-07-16 07:52:28.069 2601 INFO rally.task.runner [-] Task 10542a6a-50a3-4934-9939-c258be1b4561 | ITER: 3 START
2019-07-16 07:52:28.069 2600 INFO rally.task.runner [-] Task 10542a6a-50a3-4934-9939-c258be1b4561 | ITER: 4 START
2019-07-16 07:52:31.713 2599 INFO rally.task.runner [-] Task 10542a6a-50a3-4934-9939-c258be1b4561 | ITER: 1 END: OK
2019-07-16 07:52:31.719 2599 INFO rally.task.runner [-] Task 10542a6a-50a3-4934-9939-c258be1b4561 | ITER: 5 START
2019-07-16 07:52:31.892 2601 INFO rally.task.runner [-] Task 10542a6a-50a3-4934-9939-c258be1b4561 | ITER: 3 END: OK
2019-07-16 07:52:31.897 2601 INFO rally.task.runner [-] Task 10542a6a-50a3-4934-9939-c258be1b4561 | ITER: 6 START
2019-07-16 07:52:31.900 2598 INFO rally.task.runner [-] Task 10542a6a-50a3-4934-9939-c258be1b4561 | ITER: 2 END: OK
2019-07-16 07:52:31.905 2598 INFO rally.task.runner [-] Task 10542a6a-50a3-4934-9939-c258be1b4561 | ITER: 7 START
2019-07-16 07:52:33.128 2600 INFO rally.task.runner [-] Task 10542a6a-50a3-4934-9939-c258be1b4561 | ITER: 4 END: OK
2019-07-16 07:52:33.134 2600 INFO rally.task.runner [-] Task 10542a6a-50a3-4934-9939-c258be1b4561 | ITER: 8 START
2019-07-16 07:52:35.157 2601 INFO rally.task.runner [-] Task 10542a6a-50a3-4934-9939-c258be1b4561 | ITER: 6 END: OK
2019-07-16 07:52:35.162 2601 INFO rally.task.runner [-] Task 10542a6a-50a3-4934-9939-c258be1b4561 | ITER: 9 START
2019-07-16 07:52:35.430 2599 INFO rally.task.runner [-] Task 10542a6a-50a3-4934-9939-c258be1b4561 | ITER: 5 END: OK
2019-07-16 07:52:35.435 2599 INFO rally.task.runner [-] Task 10542a6a-50a3-4934-9939-c258be1b4561 | ITER: 10 START
2019-07-16 07:52:35.567 2598 INFO rally.task.runner [-] Task 10542a6a-50a3-4934-9939-c258be1b4561 | ITER: 7 END: OK
2019-07-16 07:52:36.603 2600 INFO rally.task.runner [-] Task 10542a6a-50a3-4934-9939-c258be1b4561 | ITER: 8 END: OK
2019-07-16 07:52:38.815 2601 INFO rally.task.runner [-] Task 10542a6a-50a3-4934-9939-c258be1b4561 | ITER: 9 END: OK
2019-07-16 07:52:39.044 2599 INFO rally.task.runner [-] Task 10542a6a-50a3-4934-9939-c258be1b4561 | ITER: 10 END: OK
2019-07-16 07:52:39.069 1842 INFO rally.task.context [-] Task 10542a6a-50a3-4934-9939-c258be1b4561 | Context cleanup@openstack cleanup() started
2019-07-16 07:52:39.073 1842 RALLYDEBUG rally_openstack.cleanup.manager [-] Cleaning up cinder backups objects
2019-07-16 07:52:41.070 1842 RALLYDEBUG rally_openstack.cleanup.manager [-] Cleaning up cinder volume_snapshots objects
2019-07-16 07:52:42.950 1842 RALLYDEBUG rally_openstack.cleanup.manager [-] Cleaning up cinder transfers objects
2019-07-16 07:52:44.804 1842 RALLYDEBUG rally_openstack.cleanup.manager [-] Cleaning up cinder volumes objects
2019-07-16 07:52:46.936 1842 RALLYDEBUG rally_openstack.cleanup.manager [-] Deleting cinder.volumes object s_rally_81f818ce_Rm4nFrfX (e677d076-762e-4f55-bbc7-671163533d3d)
2019-07-16 07:52:46.943 1842 RALLYDEBUG rally_openstack.cleanup.manager [-] Deleting cinder.volumes object s_rally_81f818ce_OYHzhQGZ (4dd15b21-49ea-4603-93c1-4aefd5cc2be5)
2019-07-16 07:52:46.944 1842 RALLYDEBUG rally_openstack.cleanup.manager [-] Deleting cinder.volumes object s_rally_81f818ce_cLRl2412 (e191f1a6-481d-4bf4-bf15-62cad680eeef)
2019-07-16 07:52:46.944 1842 RALLYDEBUG rally_openstack.cleanup.manager [-] Deleting cinder.volumes object s_rally_81f818ce_tbkcFZp6 (49d8e40f-6e95-4bff-bc05-ae3d0b9a966a)
2019-07-16 07:52:46.947 1842 RALLYDEBUG rally_openstack.cleanup.manager [-] Deleting cinder.volumes object s_rally_81f818ce_DU1GnbcA (d44de331-3e65-4ea0-8d54-869e9c9c3868)
2019-07-16 07:52:46.951 1842 RALLYDEBUG rally_openstack.cleanup.manager [-] Deleting cinder.volumes object s_rally_81f818ce_A9OheZFo (5b50f5f0-6d93-4692-bb56-730f9b22a40a)
2019-07-16 07:52:46.956 1842 RALLYDEBUG rally_openstack.cleanup.manager [-] Deleting cinder.volumes object s_rally_81f818ce_NLKV5e0y (3a98c54c-ccfd-4d3c-b5bf-6831819d6b91)
2019-07-16 07:52:46.962 1842 RALLYDEBUG rally_openstack.cleanup.manager [-] Deleting cinder.volumes object s_rally_81f818ce_eIbNhkxx (e6dce798-8556-42c2-a700-d906560ad671)
2019-07-16 07:52:46.972 1842 RALLYDEBUG rally_openstack.cleanup.manager [-] Deleting cinder.volumes object s_rally_81f818ce_wkY5DpLp (46da69d5-ca9d-42b0-8919-f1c62c42f207)
2019-07-16 07:52:46.980 1842 RALLYDEBUG rally_openstack.cleanup.manager [-] Deleting cinder.volumes object s_rally_81f818ce_Q38pNpmK (c14c165c-755e-45f3-b8d3-fe73f517789f)
2019-07-16 07:52:51.916 1842 INFO rally.task.context [-] Task 10542a6a-50a3-4934-9939-c258be1b4561 | Context cleanup@openstack cleanup() finished in 12.85 sec
2019-07-16 07:52:51.917 1842 INFO rally.task.context [-] Task 10542a6a-50a3-4934-9939-c258be1b4561 | Context quotas@openstack cleanup() started
2019-07-16 07:52:52.562 1842 INFO rally.task.context [-] Task 10542a6a-50a3-4934-9939-c258be1b4561 | Context quotas@openstack cleanup() finished in 0.65 sec
2019-07-16 07:52:52.562 1842 INFO rally.task.context [-] Task 10542a6a-50a3-4934-9939-c258be1b4561 | Context api_versions@openstack cleanup() started
2019-07-16 07:52:52.563 1842 INFO rally.task.context [-] Task 10542a6a-50a3-4934-9939-c258be1b4561 | Context api_versions@openstack cleanup() finished in 0.32 msec
2019-07-16 07:52:52.563 1842 INFO rally.task.context [-] Task 10542a6a-50a3-4934-9939-c258be1b4561 | Context users@openstack cleanup() started
2019-07-16 07:53:00.254 1842 INFO rally.task.context [-] Task 10542a6a-50a3-4934-9939-c258be1b4561 | Context users@openstack cleanup() finished in 7.69 sec
2019-07-16 07:53:01.509 1842 INFO rally.task.engine [-] Load duration is: 10.984528
2019-07-16 07:53:01.510 1842 INFO rally.task.engine [-] Full runner duration is: 11.041452
2019-07-16 07:53:01.510 1842 INFO rally.task.engine [-] Full duration is: 38.906917
2019-07-16 07:53:01.747 1842 INFO rally.task.engine [-] Running workload: position = 0 config = { "version": 2, "title": "A cropped version of a bigger task.", "description": "Auto-generated task from a single workload (uuid=dcca464d-bf0e-484e-8cdd-e0644bd04d50)", "subtasks": [ { "title": "CinderVolumes.create_and_upload_volume_to_image", "description": "Create and upload a volume to image.", "scenario": { "CinderVolumes.create_and_upload_volume_to_image": { "container_format": "bare", "disk_format": "raw", "do_delete": true, "force": false, "size": 1 } }, "contexts": { "users": { "tenants": 3, "users_per_tenant": 2 }, "quotas": { "cinder": { "gigabytes": -1, "snapshots": -1, "volumes": -1 } }, "api_versions": { "cinder": { "version": 3, "service_type": "volumev3" } } }, "runner": { "constant": { "concurrency": 4, "times": 10 } }, "hooks": [], "sla": { "failure_rate": { "max": 0 } } } ] }
2019-07-16 07:53:01.771 1842 RALLYDEBUG rally_openstack.contexts.keystone.users [-] Creating 3 tenants using 20 threads
2019-07-16 07:53:03.644 1842 RALLYDEBUG rally_openstack.contexts.keystone.users [-] Creating 6 users using 20 threads
2019-07-16 07:53:06.428 1842 INFO rally.task.context [-] Task 10542a6a-50a3-4934-9939-c258be1b4561 | Context users@openstack setup() finished in 4.66 sec
2019-07-16 07:53:06.862 1842 INFO rally.task.context [-] Task 10542a6a-50a3-4934-9939-c258be1b4561 | Context api_versions@openstack setup() finished in 0.43 sec
2019-07-16 07:53:08.401 1842 INFO rally.task.context [-] Task 10542a6a-50a3-4934-9939-c258be1b4561 | Context quotas@openstack setup() finished in 1.54 sec
2019-07-16 07:53:08.402 1842 INFO rally.task.context [-] Task 10542a6a-50a3-4934-9939-c258be1b4561 | Context cleanup@openstack setup() finished in 0.01 msec
2019-07-16 07:53:08.410 1842 RALLYDEBUG rally.task.runner [-] Starting the constant runner (task UUID: 10542a6a-50a3-4934-9939-c258be1b4561). timeout: 0 concurrency: 4 concurrency_per_worker: 1 times: 10 concurrency_overhead: 0 processes_to_start: 4 max_cpu_used: 16
2019-07-16 07:53:08.422 2782 RALLYDEBUG rally.task.runner [-] Starting a worker. concurrency: 1 args: {"container_format": "bare", "disk_format": "raw", "do_delete": true, "force": false, "size": 1} times: 10 method_name: run timeout: 0 duration: None cls:
2019-07-16 07:53:08.426 2783 RALLYDEBUG rally.task.runner [-] Starting a worker. concurrency: 1 args: {"container_format": "bare", "disk_format": "raw", "do_delete": true, "force": false, "size": 1} times: 10 method_name: run timeout: 0 duration: None cls:
2019-07-16 07:53:08.428 2784 RALLYDEBUG rally.task.runner [-] Starting a worker. concurrency: 1 args: {"container_format": "bare", "disk_format": "raw", "do_delete": true, "force": false, "size": 1} times: 10 method_name: run timeout: 0 duration: None cls:
2019-07-16 07:53:08.431 2782 INFO rally.task.runner [-] Task 10542a6a-50a3-4934-9939-c258be1b4561 | ITER: 1 START
