2019-07-16 08:03:53.175 1842 RALLYDEBUG rally_openstack.cleanup.manager [-] Cleaning up cinder volume_snapshots objects
2019-07-16 08:03:55.018 1842 RALLYDEBUG rally_openstack.cleanup.manager [-] Cleaning up cinder transfers objects
2019-07-16 08:03:56.921 1842 RALLYDEBUG rally_openstack.cleanup.manager [-] Cleaning up cinder volumes objects
2019-07-16 08:03:59.138 1842 INFO rally.task.context [-] Task 10542a6a-50a3-4934-9939-c258be1b4561 | Context cleanup@openstack cleanup() finished in 7.80 sec
2019-07-16 08:03:59.138 1842 INFO rally.task.context [-] Task 10542a6a-50a3-4934-9939-c258be1b4561 | Context quotas@openstack cleanup() started
2019-07-16 08:03:59.963 1842 INFO rally.task.context [-] Task 10542a6a-50a3-4934-9939-c258be1b4561 | Context quotas@openstack cleanup() finished in 0.82 sec
2019-07-16 08:03:59.964 1842 INFO rally.task.context [-] Task 10542a6a-50a3-4934-9939-c258be1b4561 | Context api_versions@openstack cleanup() started
2019-07-16 08:03:59.964 1842 INFO rally.task.context [-] Task 10542a6a-50a3-4934-9939-c258be1b4561 | Context api_versions@openstack cleanup() finished in 0.31 msec
2019-07-16 08:03:59.964 1842 INFO rally.task.context [-] Task 10542a6a-50a3-4934-9939-c258be1b4561 | Context users@openstack cleanup() started
2019-07-16 08:04:06.901 1842 INFO rally.task.context [-] Task 10542a6a-50a3-4934-9939-c258be1b4561 | Context users@openstack cleanup() finished in 6.94 sec
2019-07-16 08:04:08.278 1842 INFO rally.task.engine [-] Load duration is: 12.573006
2019-07-16 08:04:08.279 1842 INFO rally.task.engine [-] Full runner duration is: 12.620707
2019-07-16 08:04:08.279 1842 INFO rally.task.engine [-] Full duration is: 34.770821
2019-07-16 08:04:08.446 1842 INFO rally.task.engine [-] Running workload: position = 1 config = { "version": 2, "title": "A cropped version of a bigger task.", "description": "Auto-generated task from a single workload (uuid=3b4f3fa6-397c-467a-b127-f77a326ee926)", "subtasks": [ { "title": "CinderVolumes.create_and_delete_volume", "description": "Create and then delete a volume.", "scenario": { "CinderVolumes.create_and_delete_volume": { "image": { "name": "rally_full-img_3fc1c051-6d7a-4880-8a2e-cf71f8783d3b" }, "size": 1 } }, "contexts": { "users": { "tenants": 3, "users_per_tenant": 2 }, "quotas": { "cinder": { "gigabytes": -1, "snapshots": -1, "volumes": -1 } }, "api_versions": { "cinder": { "version": 3, "service_type": "volumev3" } } }, "runner": { "constant": { "concurrency": 4, "times": 10 } }, "hooks": [], "sla": { "failure_rate": { "max": 0 } } } ] }
2019-07-16 08:04:08.466 1842 RALLYDEBUG rally_openstack.contexts.keystone.users [-] Creating 3 tenants using 20 threads
2019-07-16 08:04:10.224 1842 RALLYDEBUG rally_openstack.contexts.keystone.users [-] Creating 6 users using 20 threads
2019-07-16 08:04:12.789 1842 INFO rally.task.context [-] Task 10542a6a-50a3-4934-9939-c258be1b4561 | Context users@openstack setup() finished in 4.32 sec
2019-07-16 08:04:13.199 1842 INFO rally.task.context [-] Task 10542a6a-50a3-4934-9939-c258be1b4561 | Context api_versions@openstack setup() finished in 0.41 sec
2019-07-16 08:04:14.738 1842 INFO rally.task.context [-] Task 10542a6a-50a3-4934-9939-c258be1b4561 | Context quotas@openstack setup() finished in 1.54 sec
2019-07-16 08:04:14.738 1842 INFO rally.task.context [-] Task 10542a6a-50a3-4934-9939-c258be1b4561 | Context cleanup@openstack setup() finished in 0.01 msec
2019-07-16 08:04:15.487 1842 RALLYDEBUG rally.task.runner [-] Starting the constant runner (task UUID: 10542a6a-50a3-4934-9939-c258be1b4561). timeout: 0 concurrency: 4 concurrency_per_worker: 1 times: 10 concurrency_overhead: 0 processes_to_start: 4 max_cpu_used: 16
2019-07-16 08:04:15.500 4354 RALLYDEBUG rally.task.runner [-] Starting a worker. concurrency: 1 args: {"image": "be07fc5e-0564-41c7-adca-b53a3c7da653", "size": 1} times: 10 method_name: run timeout: 0 duration: None cls:
2019-07-16 08:04:15.502 4355 RALLYDEBUG rally.task.runner [-] Starting a worker. concurrency: 1 args: {"image": "be07fc5e-0564-41c7-adca-b53a3c7da653", "size": 1} times: 10 method_name: run timeout: 0 duration: None cls:
2019-07-16 08:04:15.505 4356 RALLYDEBUG rally.task.runner [-] Starting a worker. concurrency: 1 args: {"image": "be07fc5e-0564-41c7-adca-b53a3c7da653", "size": 1} times: 10 method_name: run timeout: 0 duration: None cls:
2019-07-16 08:04:15.508 4354 INFO rally.task.runner [-] Task 10542a6a-50a3-4934-9939-c258be1b4561 | ITER: 1 START
2019-07-16 08:04:15.509 4357 RALLYDEBUG rally.task.runner [-] Starting a worker. concurrency: 1 args: {"image": "be07fc5e-0564-41c7-adca-b53a3c7da653", "size": 1} times: 10 method_name: run timeout: 0 duration: None cls:
2019-07-16 08:04:15.511 4355 INFO rally.task.runner [-] Task 10542a6a-50a3-4934-9939-c258be1b4561 | ITER: 2 START
2019-07-16 08:04:15.514 4356 INFO rally.task.runner [-] Task 10542a6a-50a3-4934-9939-c258be1b4561 | ITER: 3 START
2019-07-16 08:04:15.517 4357 INFO rally.task.runner [-] Task 10542a6a-50a3-4934-9939-c258be1b4561 | ITER: 4 START
2019-07-16 08:04:20.003 4355 RALLYDEBUG rally.task.utils [-] Waiting for resource s_rally_3b4f3fa6_Jtt5oKBN. Status changed: CREATING => DOWNLOADING in 0.63677406311
2019-07-16 08:04:20.136 4357 RALLYDEBUG rally.task.utils [-] Waiting for resource s_rally_3b4f3fa6_S0xWMCTq. Status changed: CREATING => DOWNLOADING in 0.719054937363
2019-07-16 08:04:21.754 4356 RALLYDEBUG rally.task.utils [-] Waiting for resource s_rally_3b4f3fa6_K4udczG6. Status changed: DOWNLOADING => AVAILABLE in 3.0058221817
2019-07-16 08:04:21.885 4356 RALLYDEBUG rally.task.utils [-] Waiting for resource s_rally_3b4f3fa6_K4udczG6. Status changed: AVAILABLE => DELETING in 0.0609757900238
2019-07-16 08:04:22.108 4354 RALLYDEBUG rally.task.utils [-] Waiting for resource s_rally_3b4f3fa6_QmtZreDV. Status changed: DOWNLOADING => AVAILABLE in 2.75579214096
2019-07-16 08:04:22.202 4357 RALLYDEBUG rally.task.utils [-] Waiting for resource s_rally_3b4f3fa6_S0xWMCTq. Status changed: DOWNLOADING => AVAILABLE in 2.06612610817
2019-07-16 08:04:22.353 4357 RALLYDEBUG rally.task.utils [-] Waiting for resource s_rally_3b4f3fa6_S0xWMCTq. Status changed: AVAILABLE => DELETING in 0.0534479618073
2019-07-16 08:04:22.695 4354 RALLYDEBUG rally.task.utils [-] Waiting for resource s_rally_3b4f3fa6_QmtZreDV. Status changed: AVAILABLE => DELETING in 0.32386803627
2019-07-16 08:04:24.113 4356 INFO rally.task.runner [-] Task 10542a6a-50a3-4934-9939-c258be1b4561 | ITER: 3 END: OK
2019-07-16 08:04:24.118 4356 INFO rally.task.runner [-] Task 10542a6a-50a3-4934-9939-c258be1b4561 | ITER: 5 START
2019-07-16 08:04:24.366 4355 RALLYDEBUG rally.task.utils [-] Waiting for resource s_rally_3b4f3fa6_Jtt5oKBN. Status changed: DOWNLOADING => AVAILABLE in 4.36272907257
2019-07-16 08:04:24.602 4357 INFO rally.task.runner [-] Task 10542a6a-50a3-4934-9939-c258be1b4561 | ITER: 4 END: OK
2019-07-16 08:04:24.608 4357 INFO rally.task.runner [-] Task 10542a6a-50a3-4934-9939-c258be1b4561 | ITER: 6 START
2019-07-16 08:04:24.734 4354 INFO rally.task.runner [-] Task 10542a6a-50a3-4934-9939-c258be1b4561 | ITER: 1 END: OK
2019-07-16 08:04:24.739 4354 INFO rally.task.runner [-] Task 10542a6a-50a3-4934-9939-c258be1b4561 | ITER: 7 START
2019-07-16 08:04:24.770 4355 INFO rally.task.runner [-] Task 10542a6a-50a3-4934-9939-c258be1b4561 | ITER: 2 END: OK
2019-07-16 08:04:24.775 4355 INFO rally.task.runner [-] Task 10542a6a-50a3-4934-9939-c258be1b4561 | ITER: 8 START
2019-07-16 08:04:28.707 4354 RALLYDEBUG rally.task.utils [-] Waiting for resource s_rally_3b4f3fa6_QWPqp98x. Status changed: CREATING => DOWNLOADING in 0.685861110687
2019-07-16 08:04:30.278 4356 RALLYDEBUG rally.task.utils [-] Waiting for resource s_rally_3b4f3fa6_773iZYYM. Status changed: DOWNLOADING => AVAILABLE in 2.9161670208
2019-07-16 08:04:30.773 4357 RALLYDEBUG rally.task.utils [-] Waiting for resource s_rally_3b4f3fa6_D8d2tWVb. Status changed: DOWNLOADING => AVAILABLE in 2.92097806931
2019-07-16 08:04:30.874 4356 RALLYDEBUG rally.task.utils [-] Waiting for resource s_rally_3b4f3fa6_773iZYYM. Status changed: AVAILABLE => DELETING in 0.278928995132
2019-07-16 08:04:31.056 4354 RALLYDEBUG rally.task.utils [-] Waiting for resource s_rally_3b4f3fa6_QWPqp98x. Status changed: DOWNLOADING => AVAILABLE in 2.34947299957
2019-07-16 08:04:31.357 4357 RALLYDEBUG rally.task.utils [-] Waiting for resource s_rally_3b4f3fa6_D8d2tWVb. Status changed: AVAILABLE => DELETING in 0.290089845657
2019-07-16 08:04:31.404 4354 RALLYDEBUG rally.task.utils [-] Waiting for resource s_rally_3b4f3fa6_QWPqp98x. Status changed: AVAILABLE => DELETING in 0.250767946243
2019-07-16 08:04:33.111 4356 INFO rally.task.runner [-] Task 10542a6a-50a3-4934-9939-c258be1b4561 | ITER: 5 END: OK
2019-07-16 08:04:33.115 4356 INFO rally.task.runner [-] Task 10542a6a-50a3-4934-9939-c258be1b4561 | ITER: 9 START
2019-07-16 08:04:33.229 4355 RALLYDEBUG rally.task.utils [-] Waiting for resource s_rally_3b4f3fa6_wlly55e1. Status changed: DOWNLOADING => AVAILABLE in 4.95952010155
2019-07-16 08:04:33.402 4357 INFO rally.task.runner [-] Task 10542a6a-50a3-4934-9939-c258be1b4561 | ITER: 6 END: OK
2019-07-16 08:04:33.407 4357 INFO rally.task.runner [-] Task 10542a6a-50a3-4934-9939-c258be1b4561 | ITER: 10 START
2019-07-16 08:04:33.658 4354 INFO rally.task.runner [-] Task 10542a6a-50a3-4934-9939-c258be1b4561 | ITER: 7 END: OK
2019-07-16 08:04:33.787 4355 INFO rally.task.runner [-] Task 10542a6a-50a3-4934-9939-c258be1b4561 | ITER: 8 END: OK
2019-07-16 08:04:39.088 4356 RALLYDEBUG rally.task.utils [-] Waiting for resource s_rally_3b4f3fa6_RTaDXmp0. Status changed: DOWNLOADING => AVAILABLE in 2.70790195465
2019-07-16 08:04:39.429 4357 RALLYDEBUG rally.task.utils [-] Waiting for resource s_rally_3b4f3fa6_kTMwvCik. Status changed: DOWNLOADING => AVAILABLE in 2.63466596603
2019-07-16 08:04:39.580 4356 INFO rally.task.runner [-] Task 10542a6a-50a3-4934-9939-c258be1b4561 | ITER: 9 END: OK
2019-07-16 08:04:40.100 4357 INFO rally.task.runner [-] Task 10542a6a-50a3-4934-9939-c258be1b4561 | ITER: 10 END: OK
2019-07-16 08:04:40.127 1842 INFO rally.task.context [-] Task 10542a6a-50a3-4934-9939-c258be1b4561 | Context cleanup@openstack cleanup() started
2019-07-16 08:04:40.130 1842 RALLYDEBUG rally_openstack.cleanup.manager [-] Cleaning up cinder backups objects
2019-07-16 08:04:42.086 1842 RALLYDEBUG rally_openstack.cleanup.manager [-] Cleaning up cinder volume_snapshots objects
2019-07-16 08:04:44.111 1842 RALLYDEBUG rally_openstack.cleanup.manager [-] Cleaning up cinder transfers objects
2019-07-16 08:04:46.113 1842 RALLYDEBUG rally_openstack.cleanup.manager [-] Cleaning up cinder volumes objects
2019-07-16 08:04:48.168 1842 INFO rally.task.context [-] Task 10542a6a-50a3-4934-9939-c258be1b4561 | Context cleanup@openstack cleanup() finished in 8.04 sec
2019-07-16 08:04:48.168 1842 INFO rally.task.context [-] Task 10542a6a-50a3-4934-9939-c258be1b4561 | Context quotas@openstack cleanup() started
2019-07-16 08:04:48.624 1842 INFO rally.task.context [-] Task 10542a6a-50a3-4934-9939-c258be1b4561 | Context quotas@openstack cleanup() finished in 0.46 sec
2019-07-16 08:04:48.624 1842 INFO rally.task.context [-] Task 10542a6a-50a3-4934-9939-c258be1b4561 | Context api_versions@openstack cleanup() started
2019-07-16 08:04:48.624 1842 INFO rally.task.context [-] Task 10542a6a-50a3-4934-9939-c258be1b4561 | Context api_versions@openstack cleanup() finished in 0.30 msec
2019-07-16 08:04:48.625 1842 INFO rally.task.context [-] Task 10542a6a-50a3-4934-9939-c258be1b4561 | Context users@openstack cleanup() started
2019-07-16 08:04:55.452 1842 INFO rally.task.context [-] Task 10542a6a-50a3-4934-9939-c258be1b4561 | Context users@openstack cleanup() finished in 6.83 sec
2019-07-16 08:04:56.682 1842 INFO rally.task.engine [-] Load duration is: 24.588055
2019-07-16 08:04:56.682 1842 INFO rally.task.engine [-] Full runner duration is: 24.640864
2019-07-16 08:04:56.683 1842 INFO rally.task.engine [-] Full duration is: 46.988748
2019-07-16 08:04:56.836 1842 INFO rally.task.engine [-] Running workload: position = 2 config = { "version": 2, "title": "A cropped version of a bigger task.", "description": "Auto-generated task from a single workload (uuid=839851cd-8116-46cc-b9c5-1d8355a0966b)", "subtasks": [ { "title": "CinderVolumes.create_and_delete_volume", "description": "Create and then delete a volume.", "scenario": { "CinderVolumes.create_and_delete_volume": { "size": 1 } }, "contexts": { "users": { "tenants": 3, "users_per_tenant": 2 }, "quotas": { "cinder": { "gigabytes": -1, "snapshots": -1, "volumes": -1 } }, "api_versions": { "cinder": { "version": 3, "service_type": "volumev3" } } }, "runner": { "constant": { "concurrency": 4, "times": 10 } }, "hooks": [], "sla": { "failure_rate": { "max": 0 } } } ] }
2019-07-16 08:04:56.858 1842 RALLYDEBUG rally_openstack.contexts.keystone.users [-] Creating 3 tenants using 20 threads
2019-07-16 08:04:58.755 1842 RALLYDEBUG rally_openstack.contexts.keystone.users [-] Creating 6 users using 20 threads
2019-07-16 08:05:01.432 1842 INFO rally.task.context [-] Task 10542a6a-50a3-4934-9939-c258be1b4561 | Context users@openstack setup() finished in 4.57 sec
2019-07-16 08:05:01.849 1842 INFO rally.task.context [-] Task 10542a6a-50a3-4934-9939-c258be1b4561 | Context api_versions@openstack setup() finished in 0.42 sec
2019-07-16 08:05:03.381 1842 INFO rally.task.context [-] Task 10542a6a-50a3-4934-9939-c258be1b4561 | Context quotas@openstack setup() finished in 1.53 sec
2019-07-16 08:05:03.382 1842 INFO rally.task.context [-] Task 10542a6a-50a3-4934-9939-c258be1b4561 | Context cleanup@openstack setup() finished in 0.01 msec
2019-07-16 08:05:03.389 1842 RALLYDEBUG rally.task.runner [-] Starting the constant runner (task UUID: 10542a6a-50a3-4934-9939-c258be1b4561). timeout: 0 concurrency: 4 concurrency_per_worker: 1 times: 10 concurrency_overhead: 0 processes_to_start: 4 max_cpu_used: 16
2019-07-16 08:05:03.403 4538 RALLYDEBUG rally.task.runner [-] Starting a worker. concurrency: 1 args: {"size": 1} times: 10 method_name: run timeout: 0 duration: None cls:
2019-07-16 08:05:03.405 4539 RALLYDEBUG rally.task.runner [-] Starting a worker. concurrency: 1 args: {"size": 1} times: 10 method_name: run timeout: 0 duration: None cls:
2019-07-16 08:05:03.408 4540 RALLYDEBUG rally.task.runner [-] Starting a worker. concurrency: 1 args: {"size": 1} times: 10 method_name: run timeout: 0 duration: None cls:
2019-07-16 08:05:03.411 4541 RALLYDEBUG rally.task.runner [-] Starting a worker. concurrency: 1 args: {"size": 1} times: 10 method_name: run timeout: 0 duration: None cls:
2019-07-16 08:05:03.412 4538 INFO rally.task.runner [-] Task 10542a6a-50a3-4934-9939-c258be1b4561 | ITER: 1 START
2019-07-16 08:05:03.413 4539 INFO rally.task.runner [-] Task 10542a6a-50a3-4934-9939-c258be1b4561 | ITER: 2 START
2019-07-16 08:05:03.416 4540 INFO rally.task.runner [-] Task 10542a6a-50a3-4934-9939-c258be1b4561 | ITER: 3 START
2019-07-16 08:05:03.418 4541 INFO rally.task.runner [-] Task 10542a6a-50a3-4934-9939-c258be1b4561 | ITER: 4 START
2019-07-16 08:05:07.381 4539 INFO rally.task.runner [-] Task 10542a6a-50a3-4934-9939-c258be1b4561 | ITER: 2 END: OK
2019-07-16 08:05:07.385 4539 INFO rally.task.runner [-] Task 10542a6a-50a3-4934-9939-c258be1b4561 | ITER: 5 START
2019-07-16 08:05:07.438 4538 RALLYDEBUG rally.task.utils [-] Waiting for resource s_rally_839851cd_aK3Dd20K. Status changed: AVAILABLE => DELETING in 0.0885758399963
2019-07-16 08:05:07.584 4540 RALLYDEBUG rally.task.utils [-] Waiting for resource s_rally_839851cd_qrGcdzxJ. Status changed: AVAILABLE => DELETING in 0.299096107483
2019-07-16 08:05:07.612 4541 RALLYDEBUG rally.task.utils [-] Waiting for resource s_rally_839851cd_eTaD3Vgz. Status changed: AVAILABLE => DELETING in 0.280215978622
2019-07-16 08:05:09.655 4541 INFO rally.task.runner [-] Task 10542a6a-50a3-4934-9939-c258be1b4561 | ITER: 4 END: OK
2019-07-16 08:05:09.660 4541 INFO rally.task.runner [-] Task 10542a6a-50a3-4934-9939-c258be1b4561 | ITER: 6 START
2019-07-16 08:05:09.690 4538 INFO rally.task.runner [-] Task 10542a6a-50a3-4934-9939-c258be1b4561 | ITER: 1 END: OK
2019-07-16 08:05:09.695 4538 INFO rally.task.runner [-] Task 10542a6a-50a3-4934-9939-c258be1b4561 | ITER: 7 START
2019-07-16 08:05:09.822 4540 INFO rally.task.runner [-] Task 10542a6a-50a3-4934-9939-c258be1b4561 | ITER: 3 END: OK
2019-07-16 08:05:09.827 4540 INFO rally.task.runner [-] Task 10542a6a-50a3-4934-9939-c258be1b4561 | ITER: 8 START
2019-07-16 08:05:11.524 4539 INFO rally.task.runner [-] Task 10542a6a-50a3-4934-9939-c258be1b4561 | ITER: 5 END: OK
2019-07-16 08:05:11.530 4539 INFO rally.task.runner [-] Task 10542a6a-50a3-4934-9939-c258be1b4561 | ITER: 9 START
2019-07-16 08:05:13.348 4541 INFO rally.task.runner [-] Task 10542a6a-50a3-4934-9939-c258be1b4561 | ITER: 6 END: OK
2019-07-16 08:05:13.353 4541 INFO rally.task.runner [-] Task 10542a6a-50a3-4934-9939-c258be1b4561 | ITER: 10 START
2019-07-16 08:05:13.623 4540 RALLYDEBUG rally.task.utils [-] Waiting for resource s_rally_839851cd_TIXNDL4Y. Status changed: AVAILABLE => DELETING in 0.247507095337
2019-07-16 08:05:13.716 4538 RALLYDEBUG rally.task.utils [-] Waiting for resource s_rally_839851cd_e4u8UH4e. Status changed: AVAILABLE => DELETING in 0.239724159241
2019-07-16 08:05:15.361 4539 INFO rally.task.runner [-] Task 10542a6a-50a3-4934-9939-c258be1b4561 | ITER: 9 END: OK
2019-07-16 08:05:15.756 4538 INFO rally.task.runner [-] Task 10542a6a-50a3-4934-9939-c258be1b4561 | ITER: 7 END: OK
2019-07-16 08:05:15.847 4540 INFO rally.task.runner [-] Task 10542a6a-50a3-4934-9939-c258be1b4561 | ITER: 8 END: OK
2019-07-16 08:05:17.339 4541 INFO rally.task.runner [-] Task 10542a6a-50a3-4934-9939-c258be1b4561 | ITER: 10 END: OK
2019-07-16 08:05:17.370 1842 INFO rally.task.context [-] Task 10542a6a-50a3-4934-9939-c258be1b4561 | Context cleanup@openstack cleanup() started
2019-07-16 08:05:17.373 1842 RALLYDEBUG rally_openstack.cleanup.manager [-] Cleaning up cinder backups objects
2019-07-16 08:05:19.353 1842 RALLYDEBUG rally_openstack.cleanup.manager [-] Cleaning up cinder volume_snapshots objects
2019-07-16 08:05:21.219 1842 RALLYDEBUG rally_openstack.cleanup.manager [-] Cleaning up cinder transfers objects
2019-07-16 08:05:23.227 1842 RALLYDEBUG rally_openstack.cleanup.manager [-] Cleaning up cinder volumes objects
2019-07-16 08:05:25.262 1842 INFO rally.task.context [-] Task 10542a6a-50a3-4934-9939-c258be1b4561 | Context cleanup@openstack cleanup() finished in 7.89 sec
2019-07-16 08:05:25.263 1842 INFO rally.task.context [-] Task 10542a6a-50a3-4934-9939-c258be1b4561 | Context quotas@openstack cleanup() started
2019-07-16 08:05:25.879 1842 INFO rally.task.context [-] Task 10542a6a-50a3-4934-9939-c258be1b4561 | Context quotas@openstack cleanup() finished in 0.62 sec
2019-07-16 08:05:25.879 1842 INFO rally.task.context [-] Task 10542a6a-50a3-4934-9939-c258be1b4561 | Context api_versions@openstack cleanup() started
2019-07-16 08:05:25.880 1842 INFO rally.task.context [-] Task 10542a6a-50a3-4934-9939-c258be1b4561 | Context api_versions@openstack cleanup() finished in 0.31 msec
2019-07-16 08:05:25.880 1842 INFO rally.task.context [-] Task 10542a6a-50a3-4934-9939-c258be1b4561 | Context users@openstack cleanup() started
2019-07-16 08:05:32.785 1842 INFO rally.task.context [-] Task 10542a6a-50a3-4934-9939-c258be1b4561 | Context users@openstack cleanup() finished in 6.91 sec
2019-07-16 08:05:33.018 1842 INFO rally.task.engine [-] Load duration is: 13.923569
2019-07-16 08:05:33.018 1842 INFO rally.task.engine [-] Full runner duration is: 13.981257
2019-07-16 08:05:33.019 1842 INFO rally.task.engine [-] Full duration is: 35.930689
2019-07-16 08:05:33.285 1842 INFO rally.task.engine [-] Running workload: position = 0 config = { "version": 2, "title": "A cropped version of a bigger task.", "description": "Auto-generated task from a single workload (uuid=d995b41f-d9f1-4fe8-af61-f8183f8cddfd)", "subtasks": [ { "title": "CinderVolumes.create_and_extend_volume", "description": "Create and extend a volume and then delete it.", "scenario": { "CinderVolumes.create_and_extend_volume": { "new_size": 2, "size": 1 } }, "contexts": { "users": { "tenants": 3, "users_per_tenant": 2 }, "quotas": { "cinder": { "gigabytes": -1, "snapshots": -1, "volumes": -1 } }, "api_versions": { "cinder": { "version": 3, "service_type": "volumev3" } } }, "runner": { "constant": { "concurrency": 4, "times": 10 } }, "hooks": [], "sla": { "failure_rate": { "max": 0 } } } ] }
2019-07-16 08:05:33.310 1842 RALLYDEBUG rally_openstack.contexts.keystone.users [-] Creating 3 tenants using 20 threads
2019-07-16 08:05:35.097 1842 RALLYDEBUG rally_openstack.contexts.keystone.users [-] Creating 6 users using 20 threads
2019-07-16 08:05:37.890 1842 INFO rally.task.context [-] Task 10542a6a-50a3-4934-9939-c258be1b4561 | Context users@openstack setup() finished in 4.58 sec
2019-07-16 08:05:38.315 1842 INFO rally.task.context [-] Task 10542a6a-50a3-4934-9939-c258be1b4561 | Context api_versions@openstack setup() finished in 0.42 sec
2019-07-16 08:05:39.996 1842 INFO rally.task.context [-] Task 10542a6a-50a3-4934-9939-c258be1b4561 | Context quotas@openstack setup() finished in 1.68 sec
2019-07-16 08:05:39.997 1842 INFO rally.task.context [-] Task 10542a6a-50a3-4934-9939-c258be1b4561 | Context cleanup@openstack setup() finished in 0.01 msec
2019-07-16 08:05:40.004 1842 RALLYDEBUG rally.task.runner [-] Starting the constant runner (task UUID: 10542a6a-50a3-4934-9939-c258be1b4561). timeout: 0 concurrency: 4 concurrency_per_worker: 1 times: 10 concurrency_overhead: 0 processes_to_start: 4 max_cpu_used: 16
2019-07-16 08:05:40.017 4722 RALLYDEBUG rally.task.runner [-] Starting a worker. concurrency: 1 args: {"new_size": 2, "size": 1} times: 10 method_name: run timeout: 0 duration: None cls:
2019-07-16 08:05:40.021 4723 RALLYDEBUG rally.task.runner [-] Starting a worker. concurrency: 1 args: {"new_size": 2, "size": 1} times: 10 method_name: run timeout: 0 duration: None cls:
2019-07-16 08:05:40.023 4724 RALLYDEBUG rally.task.runner [-] Starting a worker. concurrency: 1 args: {"new_size": 2, "size": 1} times: 10 method_name: run timeout: 0 duration: None cls:
2019-07-16 08:05:40.025 4722 INFO rally.task.runner [-] Task 10542a6a-50a3-4934-9939-c258be1b4561 | ITER: 1 START
2019-07-16 08:05:40.026 4725 RALLYDEBUG rally.task.runner [-] Starting a worker. concurrency: 1 args: {"new_size": 2, "size": 1} times: 10 method_name: run timeout: 0 duration: None cls:
2019-07-16 08:05:40.029 4723 INFO rally.task.runner [-] Task 10542a6a-50a3-4934-9939-c258be1b4561 | ITER: 2 START
2019-07-16 08:05:40.030 4724 INFO rally.task.runner [-] Task 10542a6a-50a3-4934-9939-c258be1b4561 | ITER: 3 START
2019-07-16 08:05:40.033 4725 INFO rally.task.runner [-] Task 10542a6a-50a3-4934-9939-c258be1b4561 | ITER: 4 START
2019-07-16 08:05:44.195 4724 RALLYDEBUG rally.task.utils [-] Waiting for resource s_rally_d995b41f_NHVHYsaq. Status changed: AVAILABLE => EXTENDING in 0.0825409889221
2019-07-16 08:05:44.421 4723 RALLYDEBUG rally.task.utils [-] Waiting for resource s_rally_d995b41f_np5ELFCK. Status changed: AVAILABLE => EXTENDING in 0.253394126892
2019-07-16 08:05:44.424 4725 RALLYDEBUG rally.task.utils [-] Waiting for resource s_rally_d995b41f_C9lNsee7. Status changed: AVAILABLE => EXTENDING in 0.280936956406
2019-07-16 08:05:44.910 4722 INFO rally.task.runner [-] Task 10542a6a-50a3-4934-9939-c258be1b4561 | ITER: 1 END: OK
2019-07-16 08:05:44.915 4722 INFO rally.task.runner [-] Task 10542a6a-50a3-4934-9939-c258be1b4561 | ITER: 5 START
2019-07-16 08:05:46.251 4724 RALLYDEBUG rally.task.utils [-] Waiting for resource s_rally_d995b41f_NHVHYsaq. Status changed: EXTENDING => AVAILABLE in 2.05597805977
2019-07-16 08:05:46.479 4725 RALLYDEBUG rally.task.utils [-] Waiting for resource s_rally_d995b41f_C9lNsee7. Status changed: EXTENDING => AVAILABLE in 2.05495786667
2019-07-16 08:05:46.664 4723 RALLYDEBUG rally.task.utils [-] Waiting for resource s_rally_d995b41f_np5ELFCK. Status changed: EXTENDING => AVAILABLE in 2.24347281456
2019-07-16 08:05:46.785 4724 INFO rally.task.runner [-] Task 10542a6a-50a3-4934-9939-c258be1b4561 | ITER: 3 END: OK
2019-07-16 08:05:46.790 4724 INFO rally.task.runner [-] Task 10542a6a-50a3-4934-9939-c258be1b4561 | ITER: 6 START
2019-07-16 08:05:47.094 4725 RALLYDEBUG rally.task.utils [-] Waiting for resource s_rally_d995b41f_C9lNsee7. Status changed: AVAILABLE => DELETING in 0.255249023438
2019-07-16 08:05:47.297 4723 RALLYDEBUG rally.task.utils [-] Waiting for resource s_rally_d995b41f_np5ELFCK. Status changed: AVAILABLE => DELETING in 0.266708135605
2019-07-16 08:05:48.949 4722 INFO rally.task.runner [-] Task 10542a6a-50a3-4934-9939-c258be1b4561 | ITER: 5 END: OK
2019-07-16 08:05:48.955 4722 INFO rally.task.runner [-] Task 10542a6a-50a3-4934-9939-c258be1b4561 | ITER: 7 START
2019-07-16 08:05:49.129 4725 INFO rally.task.runner [-] Task 10542a6a-50a3-4934-9939-c258be1b4561 | ITER: 4 END: OK
2019-07-16 08:05:49.134 4725 INFO rally.task.runner [-] Task 10542a6a-50a3-4934-9939-c258be1b4561 | ITER: 8 START
2019-07-16 08:05:49.334 4723 INFO rally.task.runner [-] Task 10542a6a-50a3-4934-9939-c258be1b4561 | ITER: 2 END: OK
2019-07-16 08:05:49.339 4723 INFO rally.task.runner [-] Task 10542a6a-50a3-4934-9939-c258be1b4561 | ITER: 9 START
2019-07-16 08:05:50.879 4724 RALLYDEBUG rally.task.utils [-] Waiting for resource s_rally_d995b41f_GiyYcVE6. Status changed: AVAILABLE => DELETING in 0.0513029098511
2019-07-16 08:05:52.915 4724 INFO rally.task.runner [-] Task 10542a6a-50a3-4934-9939-c258be1b4561 | ITER: 6 END: OK
2019-07-16 08:05:52.920 4724 INFO rally.task.runner [-] Task 10542a6a-50a3-4934-9939-c258be1b4561 | ITER: 10 START
2019-07-16 08:05:53.034 4725 RALLYDEBUG rally.task.utils [-] Waiting for resource s_rally_d995b41f_J3SRwcvc. Status changed: AVAILABLE => EXTENDING in 0.0593450069427
2019-07-16 08:05:53.389 4722 INFO rally.task.runner [-] Task 10542a6a-50a3-4934-9939-c258be1b4561 | ITER: 7 END: OK
2019-07-16 08:05:53.466 4723 RALLYDEBUG rally.task.utils [-] Waiting for resource s_rally_d995b41f_NwnyEB5g. Status changed: AVAILABLE => DELETING in 0.0523340702057
2019-07-16 08:05:55.095 4725 RALLYDEBUG rally.task.utils [-] Waiting for resource s_rally_d995b41f_J3SRwcvc. Status changed: EXTENDING => AVAILABLE in 2.0613617897
2019-07-16 08:05:55.677 4725 INFO rally.task.runner [-] Task 10542a6a-50a3-4934-9939-c258be1b4561 | ITER: 8 END: OK
2019-07-16 08:05:55.701 4723 INFO rally.task.runner [-] Task 10542a6a-50a3-4934-9939-c258be1b4561 | ITER: 9 END: OK
2019-07-16 08:05:57.225 4724 INFO rally.task.runner [-] Task 10542a6a-50a3-4934-9939-c258be1b4561 | ITER: 10 END: OK
2019-07-16 08:05:57.253 1842 INFO rally.task.context [-] Task 10542a6a-50a3-4934-9939-c258be1b4561 | Context cleanup@openstack cleanup() started
2019-07-16 08:05:57.255 1842 RALLYDEBUG rally_openstack.cleanup.manager [-] Cleaning up cinder backups objects
2019-07-16 08:05:59.115 1842 RALLYDEBUG rally_openstack.cleanup.manager [-] Cleaning up cinder volume_snapshots objects
2019-07-16 08:06:01.135 1842 RALLYDEBUG rally_openstack.cleanup.manager [-] Cleaning up cinder transfers objects
2019-07-16 08:06:03.016 1842 RALLYDEBUG rally_openstack.cleanup.manager [-] Cleaning up cinder volumes objects
2019-07-16 08:06:04.976 1842 INFO rally.task.context [-] Task 10542a6a-50a3-4934-9939-c258be1b4561 | Context cleanup@openstack cleanup() finished in 7.72 sec
2019-07-16 08:06:04.977 1842 INFO rally.task.context [-] Task 10542a6a-50a3-4934-9939-c258be1b4561 | Context quotas@openstack cleanup() started
2019-07-16 08:06:05.654 1842 INFO rally.task.context [-] Task 10542a6a-50a3-4934-9939-c258be1b4561 | Context quotas@openstack cleanup() finished in 0.68 sec
2019-07-16 08:06:05.655 1842 INFO rally.task.context [-] Task 10542a6a-50a3-4934-9939-c258be1b4561 | Context api_versions@openstack cleanup() started
2019-07-16 08:06:05.655 1842 INFO rally.task.context [-] Task 10542a6a-50a3-4934-9939-c258be1b4561 | Context api_versions@openstack cleanup() finished in 0.30 msec
2019-07-16 08:06:05.655 1842 INFO rally.task.context [-] Task 10542a6a-50a3-4934-9939-c258be1b4561 | Context users@openstack cleanup() started
2019-07-16 08:06:12.278 1842 INFO rally.task.context [-] Task 10542a6a-50a3-4934-9939-c258be1b4561 | Context users@openstack cleanup() finished in 6.62 sec
2019-07-16 08:06:13.481 1842 INFO rally.task.engine [-] Load duration is: 17.196156
2019-07-16 08:06:13.482 1842 INFO rally.task.engine [-] Full runner duration is: 17.249334
2019-07-16 08:06:13.482 1842 INFO rally.task.engine [-] Full duration is: 38.971263
2019-07-16 08:06:13.764 1842 INFO rally.task.engine [-] Running workload: position = 0 config = { "version": 2, "title": "A cropped version of a bigger task.", "description": "Auto-generated task from a single workload (uuid=4be7d9d2-c15e-481f-bf78-a84db362fdb6)", "subtasks": [ { "title": "CinderVolumes.create_from_volume_and_delete_volume", "description": "Create volume from volume and then delete it.", "scenario": { "CinderVolumes.create_from_volume_and_delete_volume": { "size": 1 } }, "contexts": { "users": { "tenants": 3, "users_per_tenant": 2 }, "quotas": { "cinder": { "gigabytes": -1, "snapshots": -1, "volumes": -1 } }, "api_versions": { "cinder": { "version": 3, "service_type": "volumev3" } }, "volumes": { "size": 1, "volumes_per_tenant": 1 } }, "runner": { "constant": { "concurrency": 4, "times": 10 } }, "hooks": [], "sla": { "failure_rate": { "max": 0 } } } ] }
2019-07-16 08:06:13.790 1842 RALLYDEBUG rally_openstack.contexts.keystone.users [-] Creating 3 tenants using 20 threads
2019-07-16 08:06:15.602 1842 RALLYDEBUG rally_openstack.contexts.keystone.users [-] Creating 6 users using 20 threads
2019-07-16 08:06:18.394 1842 INFO rally.task.context [-] Task 10542a6a-50a3-4934-9939-c258be1b4561 | Context users@openstack setup() finished in 4.60 sec
2019-07-16 08:06:18.807 1842 INFO rally.task.context [-] Task 10542a6a-50a3-4934-9939-c258be1b4561 | Context api_versions@openstack setup() finished in 0.41 sec
2019-07-16 08:06:20.346 1842 INFO rally.task.context [-] Task 10542a6a-50a3-4934-9939-c258be1b4561 | Context quotas@openstack setup() finished in 1.54 sec
2019-07-16 08:06:31.022 1842 INFO rally.task.context [-] Task 10542a6a-50a3-4934-9939-c258be1b4561 | Context volumes@openstack setup() finished in 10.68 sec
2019-07-16 08:06:31.022 1842 INFO rally.task.context [-] Task 10542a6a-50a3-4934-9939-c258be1b4561 | Context cleanup@openstack setup() finished in 0.00 msec
2019-07-16 08:06:31.030 1842 RALLYDEBUG rally.task.runner [-] Starting the constant runner (task UUID: 10542a6a-50a3-4934-9939-c258be1b4561). timeout: 0 concurrency: 4 concurrency_per_worker: 1 times: 10 concurrency_overhead: 0 processes_to_start: 4 max_cpu_used: 16
2019-07-16 08:06:31.043 4906 RALLYDEBUG rally.task.runner [-] Starting a worker. concurrency: 1 args: {"size": 1} times: 10 method_name: run timeout: 0 duration: None cls:
2019-07-16 08:06:31.046 4907 RALLYDEBUG rally.task.runner [-] Starting a worker. concurrency: 1 args: {"size": 1} times: 10 method_name: run timeout: 0 duration: None cls:
2019-07-16 08:06:31.048 4908 RALLYDEBUG rally.task.runner [-] Starting a worker. concurrency: 1 args: {"size": 1} times: 10 method_name: run timeout: 0 duration: None cls:
2019-07-16 08:06:31.051 4909 RALLYDEBUG rally.task.runner [-] Starting a worker. concurrency: 1 args: {"size": 1} times: 10 method_name: run timeout: 0 duration: None cls:
2019-07-16 08:06:31.052 4906 INFO rally.task.runner [-] Task 10542a6a-50a3-4934-9939-c258be1b4561 | ITER: 1 START
2019-07-16 08:06:31.054 4907 INFO rally.task.runner [-] Task 10542a6a-50a3-4934-9939-c258be1b4561 | ITER: 2 START
2019-07-16 08:06:31.057 4908 INFO rally.task.runner [-] Task 10542a6a-50a3-4934-9939-c258be1b4561 | ITER: 3 START
2019-07-16 08:06:31.059 4909 INFO rally.task.runner [-] Task 10542a6a-50a3-4934-9939-c258be1b4561 | ITER: 4 START
2019-07-16 08:06:35.105 4906 RALLYDEBUG rally.task.utils [-] Waiting for resource s_rally_4be7d9d2_EOD5hsMt. Status changed: AVAILABLE => DELETING in 0.224275112152
2019-07-16 08:06:36.965 4907 RALLYDEBUG rally.task.utils [-] Waiting for resource s_rally_4be7d9d2_6qkh83tN. Status changed: CREATING => AVAILABLE in 2.74260306358
2019-07-16 08:06:37.040 4909 RALLYDEBUG rally.task.utils [-] Waiting for resource s_rally_4be7d9d2_yNY8DFsJ. Status changed: CREATING => AVAILABLE in 2.8585460186
2019-07-16 08:06:37.478 4907 RALLYDEBUG rally.task.utils [-] Waiting for resource s_rally_4be7d9d2_6qkh83tN. Status changed: AVAILABLE => DELETING in 0.248106002808
2019-07-16 08:06:37.670 4909 RALLYDEBUG rally.task.utils [-] Waiting for resource s_rally_4be7d9d2_yNY8DFsJ. Status changed: AVAILABLE => DELETING in 0.367136955261
2019-07-16 08:06:39.328 4908 RALLYDEBUG rally.task.utils [-] Waiting for resource s_rally_4be7d9d2_OcVHKRz7. Status changed: CREATING => AVAILABLE in 5.09813404083
2019-07-16 08:06:39.402 4906 INFO rally.task.runner [-] Task 10542a6a-50a3-4934-9939-c258be1b4561 | ITER: 1 END: OK
2019-07-16 08:06:39.408 4906 INFO rally.task.runner [-] Task 10542a6a-50a3-4934-9939-c258be1b4561 | ITER: 5 START
2019-07-16 08:06:39.708 4907 INFO rally.task.runner [-] Task 10542a6a-50a3-4934-9939-c258be1b4561 | ITER: 2 END: OK
2019-07-16 08:06:39.714 4907 INFO rally.task.runner [-] Task 10542a6a-50a3-4934-9939-c258be1b4561 | ITER: 6 START
2019-07-16 08:06:39.714 4909 INFO rally.task.runner [-] Task 10542a6a-50a3-4934-9939-c258be1b4561 | ITER: 4 END: OK
2019-07-16 08:06:39.720 4909 INFO rally.task.runner [-] Task 10542a6a-50a3-4934-9939-c258be1b4561 | ITER: 7 START
2019-07-16 08:06:39.947 4908 RALLYDEBUG rally.task.utils [-] Waiting for resource s_rally_4be7d9d2_OcVHKRz7. Status changed: AVAILABLE => DELETING in 0.24798989296
2019-07-16 08:06:41.982 4908 INFO rally.task.runner [-] Task 10542a6a-50a3-4934-9939-c258be1b4561 | ITER: 3 END: OK
2019-07-16 08:06:41.987 4908 INFO rally.task.runner [-] Task 10542a6a-50a3-4934-9939-c258be1b4561 | ITER: 8 START
2019-07-16 08:06:43.324 4906 RALLYDEBUG rally.task.utils [-] Waiting for resource s_rally_4be7d9d2_My34TS1c. Status changed: AVAILABLE => DELETING in 0.374271154404
2019-07-16 08:06:45.214 4909 RALLYDEBUG rally.task.utils [-] Waiting for resource s_rally_4be7d9d2_fOuYRDeM. Status changed: CREATING => AVAILABLE in 2.56105399132
2019-07-16 08:06:45.232 4907 RALLYDEBUG rally.task.utils [-] Waiting for resource s_rally_4be7d9d2_1T0k11sa. Status changed: CREATING => AVAILABLE in 2.5665409565
2019-07-16 08:06:45.371 4907 RALLYDEBUG rally.task.utils [-] Waiting for resource s_rally_4be7d9d2_1T0k11sa. Status changed: AVAILABLE => DELETING in 0.0554530620575
2019-07-16 08:06:45.546 4909 RALLYDEBUG rally.task.utils [-] Waiting for resource s_rally_4be7d9d2_fOuYRDeM. Status changed: AVAILABLE => DELETING in 0.246789932251
2019-07-16 08:06:47.719 4906 INFO rally.task.runner [-] Task 10542a6a-50a3-4934-9939-c258be1b4561 | ITER: 5 END: OK
2019-07-16 08:06:47.723 4906 INFO rally.task.runner [-] Task 10542a6a-50a3-4934-9939-c258be1b4561 | ITER: 9 START
2019-07-16 08:06:47.880 4908 RALLYDEBUG rally.task.utils [-] Waiting for resource s_rally_4be7d9d2_KOKsqc1k. Status changed: CREATING => AVAILABLE in 2.80063390732
2019-07-16 08:06:48.221 4908 RALLYDEBUG rally.task.utils [-] Waiting for resource s_rally_4be7d9d2_KOKsqc1k. Status changed: AVAILABLE => DELETING in 0.0654399394989
2019-07-16 08:06:49.733 4907 INFO rally.task.runner [-] Task 10542a6a-50a3-4934-9939-c258be1b4561 | ITER: 6 END: OK
2019-07-16 08:06:49.738 4907 INFO rally.task.runner [-] Task 10542a6a-50a3-4934-9939-c258be1b4561 | ITER: 10 START
2019-07-16 08:06:49.874 4909 INFO rally.task.runner [-] Task 10542a6a-50a3-4934-9939-c258be1b4561 | ITER: 7 END: OK
2019-07-16 08:06:50.468 4908 INFO rally.task.runner [-] Task 10542a6a-50a3-4934-9939-c258be1b4561 | ITER: 8 END: OK
2019-07-16 08:06:51.629 4906 RALLYDEBUG rally.task.utils [-] Waiting for resource s_rally_4be7d9d2_WT6dH72d. Status changed: AVAILABLE => DELETING in 0.0552070140839
2019-07-16 08:06:53.643 4907 RALLYDEBUG rally.task.utils [-] Waiting for resource s_rally_4be7d9d2_E5VhnQE3. Status changed: AVAILABLE => DELETING in 0.235824108124
2019-07-16 08:06:53.907 4906 INFO rally.task.runner [-] Task 10542a6a-50a3-4934-9939-c258be1b4561 | ITER: 9 END: OK
2019-07-16 08:06:55.867 4907 INFO rally.task.runner [-] Task 10542a6a-50a3-4934-9939-c258be1b4561 | ITER: 10 END: OK
2019-07-16 08:06:55.894 1842 INFO rally.task.context [-] Task 10542a6a-50a3-4934-9939-c258be1b4561 | Context cleanup@openstack cleanup() started
2019-07-16 08:06:55.896 1842 RALLYDEBUG rally_openstack.cleanup.manager [-] Cleaning up cinder backups objects
2019-07-16 08:06:57.757 1842 RALLYDEBUG rally_openstack.cleanup.manager [-] Cleaning up cinder volume_snapshots objects
2019-07-16 08:06:59.719 1842 RALLYDEBUG rally_openstack.cleanup.manager [-] Cleaning up cinder transfers objects
2019-07-16 08:07:01.756 1842 RALLYDEBUG rally_openstack.cleanup.manager [-] Cleaning up cinder volumes objects
2019-07-16 08:07:03.840 1842 INFO rally.task.context [-] Task 10542a6a-50a3-4934-9939-c258be1b4561 | Context cleanup@openstack cleanup() finished in 7.95 sec
2019-07-16 08:07:03.840 1842 INFO rally.task.context [-] Task 10542a6a-50a3-4934-9939-c258be1b4561 | Context volumes@openstack cleanup() started
2019-07-16 08:07:03.841 1842 RALLYDEBUG rally_openstack.cleanup.manager [-] Cleaning up cinder volumes objects
2019-07-16 08:07:05.945 1842 RALLYDEBUG rally_openstack.cleanup.manager [-] Deleting cinder.volumes object c_rally_4be7d9d2_W6qPQIqq (ba49884d-86f8-4cd0-a48c-fef372915d8c)
2019-07-16 08:07:05.952 1842 RALLYDEBUG rally_openstack.cleanup.manager [-] Deleting cinder.volumes object c_rally_4be7d9d2_8m0wr2Q4 (3c14c573-806f-4da3-aa08-4c41fbf76103)
2019-07-16 08:07:05.957 1842 RALLYDEBUG rally_openstack.cleanup.manager [-] Deleting cinder.volumes object c_rally_4be7d9d2_m16RLFaH (22ed3498-921b-4ab0-9a11-d39674f99aa8)
2019-07-16 08:07:09.246 1842 INFO rally.task.context [-] Task 10542a6a-50a3-4934-9939-c258be1b4561 | Context volumes@openstack cleanup() finished in 5.41 sec
2019-07-16 08:07:09.247 1842 INFO rally.task.context [-] Task 10542a6a-50a3-4934-9939-c258be1b4561 | Context quotas@openstack cleanup() started
2019-07-16 08:07:09.704 1842 INFO rally.task.context [-] Task 10542a6a-50a3-4934-9939-c258be1b4561 | Context quotas@openstack cleanup() finished in 0.46 sec
2019-07-16 08:07:09.704 1842 INFO rally.task.context [-] Task 10542a6a-50a3-4934-9939-c258be1b4561 | Context api_versions@openstack cleanup() started
2019-07-16 08:07:09.704 1842 INFO rally.task.context [-] Task 10542a6a-50a3-4934-9939-c258be1b4561 | Context api_versions@openstack cleanup() finished in 0.31 msec
2019-07-16 08:07:09.705 1842 INFO rally.task.context [-] Task 10542a6a-50a3-4934-9939-c258be1b4561 | Context users@openstack cleanup() started
2019-07-16 08:07:17.127 1842 INFO rally.task.context [-] Task 10542a6a-50a3-4934-9939-c258be1b4561 | Context users@openstack cleanup() finished in 7.42 sec
2019-07-16 08:07:18.036 1842 INFO rally.task.engine [-] Load duration is: 24.810403
2019-07-16 08:07:18.037 1842 INFO rally.task.engine [-] Full runner duration is: 24.865448
2019-07-16 08:07:18.037 1842 INFO rally.task.engine [-] Full duration is: 63.341226
2019-07-16 08:07:18.280 1842 INFO rally.task.engine [-] Running workload: position = 0 config = { "version": 2, "title": "A cropped version of a bigger task.", "description": "Auto-generated task from a single workload (uuid=1fed87a4-c8ae-4918-b6b1-0a15e7c82582)", "subtasks": [ { "title": "CinderQos.create_and_get_qos", "description": "Create a qos, then get details of the qos.", "scenario": { "CinderQos.create_and_get_qos": { "consumer": "both", "write_iops_sec": "10", "read_iops_sec": "1000" } }, "contexts": { "users": { "tenants": 3, "users_per_tenant": 2 }, "api_versions": { "cinder": { "version": 3, "service_type": "volumev3" } } }, "runner": { "constant": { "concurrency": 4, "times": 10 } }, "hooks": [], "sla": { "failure_rate": { "max": 0 } } } ] }
2019-07-16 08:07:18.305 1842 RALLYDEBUG rally_openstack.contexts.keystone.users [-] Creating 3 tenants using 20 threads
2019-07-16 08:07:20.176 1842 RALLYDEBUG rally_openstack.contexts.keystone.users [-] Creating 6 users using 20 threads
2019-07-16 08:07:22.829 1842 INFO rally.task.context [-] Task 10542a6a-50a3-4934-9939-c258be1b4561 | Context users@openstack setup() finished in 4.52 sec
2019-07-16 08:07:23.243 1842 INFO rally.task.context [-] Task 10542a6a-50a3-4934-9939-c258be1b4561 | Context api_versions@openstack setup() finished in 0.41 sec
2019-07-16 08:07:23.244 1842 INFO rally.task.context [-] Task 10542a6a-50a3-4934-9939-c258be1b4561 | Context admin_cleanup@openstack setup() finished in 0.01 msec
2019-07-16 08:07:23.250 1842 RALLYDEBUG rally.task.runner [-] Starting the constant runner (task UUID: 10542a6a-50a3-4934-9939-c258be1b4561). timeout: 0 concurrency: 4 concurrency_per_worker: 1 times: 10 concurrency_overhead: 0 processes_to_start: 4 max_cpu_used: 16
2019-07-16 08:07:23.263 5110 RALLYDEBUG rally.task.runner [-] Starting a worker. concurrency: 1 args: {"consumer": "both", "write_iops_sec": "10", "read_iops_sec": "1000"} times: 10 method_name: run timeout: 0 duration: None cls:
2019-07-16 08:07:23.266 5111 RALLYDEBUG rally.task.runner [-] Starting a worker. concurrency: 1 args: {"consumer": "both", "write_iops_sec": "10", "read_iops_sec": "1000"} times: 10 method_name: run timeout: 0 duration: None cls:
2019-07-16 08:07:23.268 5112 RALLYDEBUG rally.task.runner [-] Starting a worker. concurrency: 1 args: {"consumer": "both", "write_iops_sec": "10", "read_iops_sec": "1000"} times: 10 method_name: run timeout: 0 duration: None cls:
2019-07-16 08:07:23.271 5110 INFO rally.task.runner [-] Task 10542a6a-50a3-4934-9939-c258be1b4561 | ITER: 1 START
2019-07-16 08:07:23.271 5113 RALLYDEBUG rally.task.runner [-] Starting a worker. concurrency: 1 args: {"consumer": "both", "write_iops_sec": "10", "read_iops_sec": "1000"} times: 10 method_name: run timeout: 0 duration: None cls:
2019-07-16 08:07:23.273 5111 INFO rally.task.runner [-] Task 10542a6a-50a3-4934-9939-c258be1b4561 | ITER: 2 START
2019-07-16 08:07:23.275 5112 INFO rally.task.runner [-] Task 10542a6a-50a3-4934-9939-c258be1b4561 | ITER: 3 START
2019-07-16 08:07:23.277 5113 INFO rally.task.runner [-] Task 10542a6a-50a3-4934-9939-c258be1b4561 | ITER: 4 START
2019-07-16 08:07:24.311 5112 INFO rally.task.runner [-] Task 10542a6a-50a3-4934-9939-c258be1b4561 | ITER: 3 END: OK
2019-07-16 08:07:24.316 5112 INFO rally.task.runner [-] Task 10542a6a-50a3-4934-9939-c258be1b4561 | ITER: 5 START
2019-07-16 08:07:24.333 5113 INFO rally.task.runner [-] Task 10542a6a-50a3-4934-9939-c258be1b4561 | ITER: 4 END: OK
2019-07-16 08:07:24.338 5113 INFO rally.task.runner [-] Task 10542a6a-50a3-4934-9939-c258be1b4561 | ITER: 6 START
2019-07-16 08:07:24.357 5110 INFO rally.task.runner [-] Task 10542a6a-50a3-4934-9939-c258be1b4561 | ITER: 1 END: OK
2019-07-16 08:07:24.363 5110 INFO rally.task.runner [-] Task 10542a6a-50a3-4934-9939-c258be1b4561 | ITER: 7 START
2019-07-16 08:07:24.371 5111 INFO rally.task.runner [-] Task 10542a6a-50a3-4934-9939-c258be1b4561 | ITER: 2 END: OK
2019-07-16 08:07:24.377 5111 INFO rally.task.runner [-] Task 10542a6a-50a3-4934-9939-c258be1b4561 | ITER: 8 START
2019-07-16 08:07:25.291 5112 INFO rally.task.runner [-] Task 10542a6a-50a3-4934-9939-c258be1b4561 | ITER: 5 END: OK
2019-07-16 08:07:25.296 5112 INFO rally.task.runner [-] Task 10542a6a-50a3-4934-9939-c258be1b4561 | ITER: 9 START
2019-07-16 08:07:25.331 5110 INFO rally.task.runner [-] Task 10542a6a-50a3-4934-9939-c258be1b4561 | ITER: 7 END: OK
2019-07-16 08:07:25.334 5113 INFO rally.task.runner [-] Task 10542a6a-50a3-4934-9939-c258be1b4561 | ITER: 6 END: OK
2019-07-16 08:07:25.335 5110 INFO rally.task.runner [-] Task 10542a6a-50a3-4934-9939-c258be1b4561 | ITER: 10 START
2019-07-16 08:07:25.347 5111 INFO rally.task.runner [-] Task 10542a6a-50a3-4934-9939-c258be1b4561 | ITER: 8 END: OK
2019-07-16 08:07:26.159 5112 INFO rally.task.runner [-] Task 10542a6a-50a3-4934-9939-c258be1b4561 | ITER: 9 END: OK
2019-07-16 08:07:26.295 5110 INFO rally.task.runner [-] Task 10542a6a-50a3-4934-9939-c258be1b4561 | ITER: 10 END: OK
2019-07-16 08:07:26.325 1842 INFO rally.task.context [-] Task 10542a6a-50a3-4934-9939-c258be1b4561 | Context admin_cleanup@openstack cleanup() started
2019-07-16 08:07:26.327 1842 RALLYDEBUG rally_openstack.cleanup.manager [-] Cleaning up cinder volume_types objects
2019-07-16 08:07:26.974 1842 RALLYDEBUG rally_openstack.cleanup.manager [-] Cleaning up cinder image_volumes_cache objects
2019-07-16 08:07:27.961 1842 RALLYDEBUG rally_openstack.cleanup.manager [-] Cleaning up cinder quotas objects
2019-07-16 08:07:29.586 1842 RALLYDEBUG rally_openstack.cleanup.manager [-] Cleaning up cinder qos_specs objects
2019-07-16 08:07:30.216 1842 RALLYDEBUG rally_openstack.cleanup.manager [-] Deleting cinder.qos_specs object s_rally_1fed87a4_kijATcWZ (54060d22-b4d5-4126-85dd-2b09eb58284a)
2019-07-16 08:07:30.220 1842 RALLYDEBUG rally_openstack.cleanup.manager [-] Deleting cinder.qos_specs object s_rally_1fed87a4_agBoLoaD (ffac8297-cce9-4dc4-bde8-061ddde123ed)
2019-07-16 08:07:30.231 1842 RALLYDEBUG rally_openstack.cleanup.manager [-] Deleting cinder.qos_specs object s_rally_1fed87a4_gZq0HAvy (b125cd7b-1a59-4c44-a778-ede0d61f93de)
2019-07-16 08:07:30.244 1842 RALLYDEBUG rally_openstack.cleanup.manager [-] Deleting cinder.qos_specs object s_rally_1fed87a4_qcNY0HSE (a153050c-e1d0-452b-b386-70dfa4930c5d)
2019-07-16 08:07:30.244 1842 RALLYDEBUG rally_openstack.cleanup.manager [-] Deleting cinder.qos_specs object s_rally_1fed87a4_X1RWxxT0 (b0969f9f-90ef-4907-b882-c0991a7db508)
2019-07-16 08:07:30.262 1842 RALLYDEBUG rally_openstack.cleanup.manager [-] Deleting cinder.qos_specs object s_rally_1fed87a4_YnlNHxdt (3378d999-67f2-4f34-a0c4-a4d747b74dc2)
2019-07-16 08:07:30.263 1842 RALLYDEBUG rally_openstack.cleanup.manager [-] Deleting cinder.qos_specs object s_rally_1fed87a4_BJYIITS7 (fcebaf7e-cd38-4ff3-a55e-c04b73809ef2)
2019-07-16 08:07:30.276 1842 RALLYDEBUG rally_openstack.cleanup.manager [-] Deleting cinder.qos_specs object s_rally_1fed87a4_jgDfe8lz (9529d018-c3c7-45af-97e3-7af2efcc5640)
2019-07-16 08:07:30.288 1842 RALLYDEBUG rally_openstack.cleanup.manager [-] Deleting cinder.qos_specs object s_rally_1fed87a4_4jCDRw2I (53a927ce-802a-4870-aa80-3efac36f0715)
2019-07-16 08:07:30.310 1842 RALLYDEBUG rally_openstack.cleanup.manager [-] Deleting cinder.qos_specs object s_rally_1fed87a4_zUDlzPVk (293afca3-e1b2-45e9-8d06-1234c7f2989c)
2019-07-16 08:07:32.821 1842 INFO rally.task.context [-] Task 10542a6a-50a3-4934-9939-c258be1b4561 | Context admin_cleanup@openstack cleanup() finished in 6.50 sec
2019-07-16 08:07:32.821 1842 INFO rally.task.context [-] Task 10542a6a-50a3-4934-9939-c258be1b4561 | Context api_versions@openstack cleanup() started
2019-07-16 08:07:32.821 1842 INFO rally.task.context [-] Task 10542a6a-50a3-4934-9939-c258be1b4561 | Context api_versions@openstack cleanup() finished in 0.33 msec
2019-07-16 08:07:32.822 1842 INFO rally.task.context [-] Task 10542a6a-50a3-4934-9939-c258be1b4561 | Context users@openstack cleanup() started
2019-07-16 08:07:39.855 1842 INFO rally.task.context [-] Task 10542a6a-50a3-4934-9939-c258be1b4561 | Context users@openstack cleanup() finished in 7.03 sec
2019-07-16 08:07:40.429 1842 INFO rally.task.engine [-] Load duration is: 3.020688
2019-07-16 08:07:40.429 1842 INFO rally.task.engine [-] Full runner duration is: 3.075141
2019-07-16 08:07:40.430 1842 INFO rally.task.engine [-] Full duration is: 21.553418
2019-07-16 08:07:40.646 1842 INFO rally.task.engine [-] Running workload: position = 0 config = { "version": 2, "title": "A cropped version of a bigger task.", "description": "Auto-generated task from a single workload (uuid=dfb34ea5-a0b4-48f8-8784-6978bdf187a7)", "subtasks": [ { "title": "CinderQos.create_and_list_qos", "description": "Create a qos, then list all qos.", "scenario": { "CinderQos.create_and_list_qos": { "consumer": "both", "write_iops_sec": "10", "read_iops_sec": "1000" } }, "contexts": { "users": { "tenants": 3, "users_per_tenant": 2 }, "api_versions": { "cinder": { "version": 3, "service_type": "volumev3" } } }, "runner": { "constant": { "concurrency": 4, "times": 10 } }, "hooks": [], "sla": { "failure_rate": { "max": 0 } } } ] }
2019-07-16 08:07:40.669 1842 RALLYDEBUG rally_openstack.contexts.keystone.users [-] Creating 3 tenants using 20 threads
2019-07-16 08:07:42.488 1842 RALLYDEBUG rally_openstack.contexts.keystone.users [-] Creating 6 users using 20 threads
2019-07-16 08:07:45.123 1842 INFO rally.task.context [-] Task 10542a6a-50a3-4934-9939-c258be1b4561 | Context users@openstack setup() finished in 4.45 sec
2019-07-16 08:07:45.543 1842 INFO rally.task.context [-] Task 10542a6a-50a3-4934-9939-c258be1b4561 | Context api_versions@openstack setup() finished in 0.42 sec
2019-07-16 08:07:45.543 1842 INFO rally.task.context [-] Task 10542a6a-50a3-4934-9939-c258be1b4561 | Context admin_cleanup@openstack setup() finished in 0.01 msec
2019-07-16 08:07:45.550 1842 RALLYDEBUG rally.task.runner [-] Starting the constant runner (task UUID: 10542a6a-50a3-4934-9939-c258be1b4561). timeout: 0 concurrency: 4 concurrency_per_worker: 1 times: 10 concurrency_overhead: 0 processes_to_start: 4 max_cpu_used: 16
2019-07-16 08:07:45.563 5294 RALLYDEBUG rally.task.runner [-] Starting a worker. concurrency: 1 args: {"consumer": "both", "write_iops_sec": "10", "read_iops_sec": "1000"} times: 10 method_name: run timeout: 0 duration: None cls:
2019-07-16 08:07:45.566 5295 RALLYDEBUG rally.task.runner [-] Starting a worker. concurrency: 1 args: {"consumer": "both", "write_iops_sec": "10", "read_iops_sec": "1000"} times: 10 method_name: run timeout: 0 duration: None cls:
2019-07-16 08:07:45.569 5296 RALLYDEBUG rally.task.runner [-] Starting a worker. concurrency: 1 args: {"consumer": "both", "write_iops_sec": "10", "read_iops_sec": "1000"} times: 10 method_name: run timeout: 0 duration: None cls:
