2019-07-16 07:47:28.366 725 INFO rally.task.engine [-] Running workload: position = 0 config = { "version": 2, "title": "A cropped version of a bigger task.", "description": "Auto-generated task from a single workload (uuid=daa7ea86-cee2-4f99-a2d9-a338829728e9)", "subtasks": [ { "title": "GlanceImages.create_and_update_image", "description": "Create an image then update it.", "scenario": { "GlanceImages.create_and_update_image": { "container_format": "bare", "disk_format": "qcow2", "image_location": "/home/opnfv/functest/images/cirros-0.4.0-x86_64-disk.img" } }, "contexts": { "users": { "tenants": 3, "users_per_tenant": 2 } }, "runner": { "constant": { "concurrency": 4, "times": 10 } }, "hooks": [], "sla": { "failure_rate": { "max": 0 } } } ] }
2019-07-16 07:47:28.384 725 RALLYDEBUG rally_openstack.contexts.keystone.users [-] Creating 3 tenants using 20 threads
2019-07-16 07:47:30.309 725 RALLYDEBUG rally_openstack.contexts.keystone.users [-] Creating 6 users using 20 threads
2019-07-16 07:47:32.917 725 INFO rally.task.context [-] Task e756f1cc-2ba8-4688-9bc7-4d8f91fef394 | Context users@openstack setup() finished in 4.53 sec
2019-07-16 07:47:32.917 725 INFO rally.task.context [-] Task e756f1cc-2ba8-4688-9bc7-4d8f91fef394 | Context cleanup@openstack setup() finished in 0.00 msec
2019-07-16 07:47:32.925 725 RALLYDEBUG rally.task.runner [-] Starting the constant runner (task UUID: e756f1cc-2ba8-4688-9bc7-4d8f91fef394). timeout: 0 concurrency: 4 concurrency_per_worker: 1 times: 10 concurrency_overhead: 0 processes_to_start: 4 max_cpu_used: 16
2019-07-16 07:47:32.937 1757 RALLYDEBUG rally.task.runner [-] Starting a worker. concurrency: 1 args: {"container_format": "bare", "disk_format": "qcow2", "image_location": "/home/opnfv/functest/images/cirros-0.4.0-x86_64-disk.img"} times: 10 method_name: run timeout: 0 duration: None cls:
2019-07-16 07:47:32.941 1758 RALLYDEBUG rally.task.runner [-] Starting a worker. concurrency: 1 args: {"container_format": "bare", "disk_format": "qcow2", "image_location": "/home/opnfv/functest/images/cirros-0.4.0-x86_64-disk.img"} times: 10 method_name: run timeout: 0 duration: None cls:
2019-07-16 07:47:32.943 1757 INFO rally.task.runner [-] Task e756f1cc-2ba8-4688-9bc7-4d8f91fef394 | ITER: 1 START
2019-07-16 07:47:32.944 1759 RALLYDEBUG rally.task.runner [-] Starting a worker. concurrency: 1 args: {"container_format": "bare", "disk_format": "qcow2", "image_location": "/home/opnfv/functest/images/cirros-0.4.0-x86_64-disk.img"} times: 10 method_name: run timeout: 0 duration: None cls:
2019-07-16 07:47:32.947 1758 INFO rally.task.runner [-] Task e756f1cc-2ba8-4688-9bc7-4d8f91fef394 | ITER: 2 START
2019-07-16 07:47:32.947 1760 RALLYDEBUG rally.task.runner [-] Starting a worker. concurrency: 1 args: {"container_format": "bare", "disk_format": "qcow2", "image_location": "/home/opnfv/functest/images/cirros-0.4.0-x86_64-disk.img"} times: 10 method_name: run timeout: 0 duration: None cls:
2019-07-16 07:47:32.950 1759 INFO rally.task.runner [-] Task e756f1cc-2ba8-4688-9bc7-4d8f91fef394 | ITER: 3 START
2019-07-16 07:47:32.952 1760 INFO rally.task.runner [-] Task e756f1cc-2ba8-4688-9bc7-4d8f91fef394 | ITER: 4 START
2019-07-16 07:47:36.272 1758 RALLYDEBUG rally.task.utils [-] Waiting for resource u'4e1f8252-13d8-4f15-b0f4-a1d8b11c4b76'. Status changed: NONE => QUEUED in 0.0278689861298
2019-07-16 07:47:36.289 1757 RALLYDEBUG rally.task.utils [-] Waiting for resource u'7d67ceae-7c18-4303-b6a7-9a4b1e9627f0'. Status changed: NONE => QUEUED in 0.0315978527069
2019-07-16 07:47:36.648 1760 RALLYDEBUG rally.task.utils [-] Waiting for resource u'67aa0cc2-0e14-4caa-9e78-05c2675fc0c7'. Status changed: NONE => QUEUED in 0.293701171875
2019-07-16 07:47:36.650 1759 RALLYDEBUG rally.task.utils [-] Waiting for resource u'b01d6f8a-bea9-4ea9-b755-c3a4181f6d76'. Status changed: NONE => QUEUED in 0.284415006638
2019-07-16 07:47:36.689 1757 RALLYDEBUG rally.task.utils [-] Waiting for resource s_rally_daa7ea86_RzG6Xpvu. Status changed: QUEUED => ACTIVE in 0.0183598995209
2019-07-16 07:47:36.735 1758 RALLYDEBUG rally.task.utils [-] Waiting for resource s_rally_daa7ea86_LtlSuHVs. Status changed: QUEUED => ACTIVE in 0.0188810825348
2019-07-16 07:47:36.837 1757 INFO rally.task.runner [-] Task e756f1cc-2ba8-4688-9bc7-4d8f91fef394 | ITER: 1 END: OK
2019-07-16 07:47:36.841 1757 INFO rally.task.runner [-] Task e756f1cc-2ba8-4688-9bc7-4d8f91fef394 | ITER: 5 START
2019-07-16 07:47:38.847 1760 RALLYDEBUG rally.task.utils [-] Waiting for resource s_rally_daa7ea86_FOg6VcRx. Status changed: QUEUED => ACTIVE in 0.0386569499969
2019-07-16 07:47:38.850 1759 RALLYDEBUG rally.task.utils [-] Waiting for resource s_rally_daa7ea86_qzgXhE0k. Status changed: QUEUED => ACTIVE in 0.0384850502014
2019-07-16 07:47:38.852 1758 INFO rally.task.runner [-] Task e756f1cc-2ba8-4688-9bc7-4d8f91fef394 | ITER: 2 END: OK
2019-07-16 07:47:38.856 1758 INFO rally.task.runner [-] Task e756f1cc-2ba8-4688-9bc7-4d8f91fef394 | ITER: 6 START
2019-07-16 07:47:39.032 1760 INFO rally.task.runner [-] Task e756f1cc-2ba8-4688-9bc7-4d8f91fef394 | ITER: 4 END: OK
2019-07-16 07:47:39.035 1760 INFO rally.task.runner [-] Task e756f1cc-2ba8-4688-9bc7-4d8f91fef394 | ITER: 7 START
2019-07-16 07:47:39.037 1759 INFO rally.task.runner [-] Task e756f1cc-2ba8-4688-9bc7-4d8f91fef394 | ITER: 3 END: OK
2019-07-16 07:47:39.041 1759 INFO rally.task.runner [-] Task e756f1cc-2ba8-4688-9bc7-4d8f91fef394 | ITER: 8 START
2019-07-16 07:47:40.221 1757 RALLYDEBUG rally.task.utils [-] Waiting for resource u'4337e804-dc63-4ceb-9c4c-265d46b8a3f2'. Status changed: NONE => QUEUED in 0.0353338718414
2019-07-16 07:47:40.862 1757 RALLYDEBUG rally.task.utils [-] Waiting for resource s_rally_daa7ea86_NJYoFWJ7. Status changed: QUEUED => ACTIVE in 0.0172021389008
2019-07-16 07:47:40.989 1757 INFO rally.task.runner [-] Task e756f1cc-2ba8-4688-9bc7-4d8f91fef394 | ITER: 5 END: OK
2019-07-16 07:47:40.992 1757 INFO rally.task.runner [-] Task e756f1cc-2ba8-4688-9bc7-4d8f91fef394 | ITER: 9 START
2019-07-16 07:47:43.233 1758 RALLYDEBUG rally.task.utils [-] Waiting for resource u'61375ff4-1b4a-48f7-a181-37e7fb54b156'. Status changed: NONE => QUEUED in 0.0301752090454
2019-07-16 07:47:43.586 1760 RALLYDEBUG rally.task.utils [-] Waiting for resource u'317f99a0-83a0-4f15-9fb3-58081136ef47'. Status changed: NONE => QUEUED in 0.0283749103546
2019-07-16 07:47:44.094 1759 RALLYDEBUG rally.task.utils [-] Waiting for resource u'608b8ac1-8cbe-4240-a2ab-d61d7185d19b'. Status changed: NONE => QUEUED in 0.53422999382
2019-07-16 07:47:44.154 1758 RALLYDEBUG rally.task.utils [-] Waiting for resource s_rally_daa7ea86_zENHODOy. Status changed: QUEUED => ACTIVE in 0.0215430259705
2019-07-16 07:47:44.334 1757 RALLYDEBUG rally.task.utils [-] Waiting for resource u'dc6342f3-a432-4e1a-9712-f2b32a54a3c8'. Status changed: NONE => QUEUED in 0.030042886734
2019-07-16 07:47:45.205 1760 RALLYDEBUG rally.task.utils [-] Waiting for resource s_rally_daa7ea86_TJoXKTVd. Status changed: QUEUED => ACTIVE in 0.0187540054321
2019-07-16 07:47:45.211 1757 RALLYDEBUG rally.task.utils [-] Waiting for resource s_rally_daa7ea86_QiKuZVop. Status changed: QUEUED => ACTIVE in 0.018238067627
2019-07-16 07:47:45.242 1759 RALLYDEBUG rally.task.utils [-] Waiting for resource s_rally_daa7ea86_W74Sg4wq. Status changed: QUEUED => ACTIVE in 0.0248529911041
2019-07-16 07:47:45.322 1758 INFO rally.task.runner [-] Task e756f1cc-2ba8-4688-9bc7-4d8f91fef394 | ITER: 6 END: OK
2019-07-16 07:47:45.325 1758 INFO rally.task.runner [-] Task e756f1cc-2ba8-4688-9bc7-4d8f91fef394 | ITER: 10 START
2019-07-16 07:47:45.365 1760 INFO rally.task.runner [-] Task e756f1cc-2ba8-4688-9bc7-4d8f91fef394 | ITER: 7 END: OK
2019-07-16 07:47:45.386 1757 INFO rally.task.runner [-] Task e756f1cc-2ba8-4688-9bc7-4d8f91fef394 | ITER: 9 END: OK
2019-07-16 07:47:45.391 1759 INFO rally.task.runner [-] Task e756f1cc-2ba8-4688-9bc7-4d8f91fef394 | ITER: 8 END: OK
2019-07-16 07:47:48.619 1758 RALLYDEBUG rally.task.utils [-] Waiting for resource u'ed18ba39-8ea7-47f6-b651-7fa18e9ef2c1'. Status changed: NONE => QUEUED in 0.0299110412598
2019-07-16 07:47:50.115 1758 RALLYDEBUG rally.task.utils [-] Waiting for resource s_rally_daa7ea86_xHUuoVOY. Status changed: QUEUED => ACTIVE in 0.0214419364929
2019-07-16 07:47:50.242 1758 INFO rally.task.runner [-] Task e756f1cc-2ba8-4688-9bc7-4d8f91fef394 | ITER: 10 END: OK
2019-07-16 07:47:50.265 725 INFO rally.task.context [-] Task e756f1cc-2ba8-4688-9bc7-4d8f91fef394 | Context cleanup@openstack cleanup() started
2019-07-16 07:47:50.267 725 RALLYDEBUG rally_openstack.cleanup.manager [-] Cleaning up glance images objects
2019-07-16 07:47:52.686 725 RALLYDEBUG rally_openstack.cleanup.manager [-] Deleting glance.images object s_rally_daa7ea86_ffk7lWzE (317f99a0-83a0-4f15-9fb3-58081136ef47)
2019-07-16 07:47:52.687 725 RALLYDEBUG rally_openstack.cleanup.manager [-] Deleting glance.images object s_rally_daa7ea86_eB53NACx (4e1f8252-13d8-4f15-b0f4-a1d8b11c4b76)
2019-07-16 07:47:52.692 725 RALLYDEBUG rally_openstack.cleanup.manager [-] Deleting glance.images object s_rally_daa7ea86_brPn8lie (4337e804-dc63-4ceb-9c4c-265d46b8a3f2)
2019-07-16 07:47:52.696 725 RALLYDEBUG rally_openstack.cleanup.manager [-] Deleting glance.images object s_rally_daa7ea86_2KeWE8JU (61375ff4-1b4a-48f7-a181-37e7fb54b156)
2019-07-16 07:47:52.706 725 RALLYDEBUG rally_openstack.cleanup.manager [-] Deleting glance.images object s_rally_daa7ea86_sm7pySSd (b01d6f8a-bea9-4ea9-b755-c3a4181f6d76)
2019-07-16 07:47:52.711 725 RALLYDEBUG rally_openstack.cleanup.manager [-] Deleting glance.images object s_rally_daa7ea86_9UDsDxxs (ed18ba39-8ea7-47f6-b651-7fa18e9ef2c1)
2019-07-16 07:47:52.713 725 RALLYDEBUG rally_openstack.cleanup.manager [-] Deleting glance.images object s_rally_daa7ea86_kjzISW4F (608b8ac1-8cbe-4240-a2ab-d61d7185d19b)
2019-07-16 07:47:52.721 725 RALLYDEBUG rally_openstack.cleanup.manager [-] Deleting glance.images object s_rally_daa7ea86_mnASFCtr (dc6342f3-a432-4e1a-9712-f2b32a54a3c8)
2019-07-16 07:47:52.732 725 RALLYDEBUG rally_openstack.cleanup.manager [-] Deleting glance.images object s_rally_daa7ea86_DbTaPZGL (7d67ceae-7c18-4303-b6a7-9a4b1e9627f0)
2019-07-16 07:47:52.734 725 RALLYDEBUG rally_openstack.cleanup.manager [-] Deleting glance.images object s_rally_daa7ea86_nYh6vyq4 (67aa0cc2-0e14-4caa-9e78-05c2675fc0c7)
2019-07-16 07:47:54.286 725 DEBUG glanceclient.common.http [-] Request returned failure status 404. _handle_response /usr/lib/python2.7/site-packages/glanceclient/common/http.py:125
2019-07-16 07:47:54.293 725 DEBUG glanceclient.common.http [-] Request returned failure status 404. _handle_response /usr/lib/python2.7/site-packages/glanceclient/common/http.py:125
2019-07-16 07:47:54.300 725 DEBUG glanceclient.common.http [-] Request returned failure status 404. _handle_response /usr/lib/python2.7/site-packages/glanceclient/common/http.py:125
2019-07-16 07:47:54.306 725 DEBUG glanceclient.common.http [-] Request returned failure status 404. _handle_response /usr/lib/python2.7/site-packages/glanceclient/common/http.py:125
2019-07-16 07:47:54.313 725 DEBUG glanceclient.common.http [-] Request returned failure status 404. _handle_response /usr/lib/python2.7/site-packages/glanceclient/common/http.py:125
2019-07-16 07:47:54.318 725 DEBUG glanceclient.common.http [-] Request returned failure status 404. _handle_response /usr/lib/python2.7/site-packages/glanceclient/common/http.py:125
2019-07-16 07:47:54.322 725 DEBUG glanceclient.common.http [-] Request returned failure status 404. _handle_response /usr/lib/python2.7/site-packages/glanceclient/common/http.py:125
2019-07-16 07:47:54.326 725 DEBUG glanceclient.common.http [-] Request returned failure status 404. _handle_response /usr/lib/python2.7/site-packages/glanceclient/common/http.py:125
2019-07-16 07:47:54.332 725 DEBUG glanceclient.common.http [-] Request returned failure status 404. _handle_response /usr/lib/python2.7/site-packages/glanceclient/common/http.py:125
2019-07-16 07:47:54.335 725 DEBUG glanceclient.common.http [-] Request returned failure status 404. _handle_response /usr/lib/python2.7/site-packages/glanceclient/common/http.py:125
2019-07-16 07:47:55.208 725 DEBUG glanceclient.common.http [-] Request returned failure status 404. _handle_response /usr/lib/python2.7/site-packages/glanceclient/common/http.py:125
2019-07-16 07:47:55.223 725 DEBUG glanceclient.common.http [-] Request returned failure status 404. _handle_response /usr/lib/python2.7/site-packages/glanceclient/common/http.py:125
2019-07-16 07:47:55.226 725 DEBUG glanceclient.common.http [-] Request returned failure status 404. _handle_response /usr/lib/python2.7/site-packages/glanceclient/common/http.py:125
2019-07-16 07:47:55.239 725 DEBUG glanceclient.common.http [-] Request returned failure status 404. _handle_response /usr/lib/python2.7/site-packages/glanceclient/common/http.py:125
2019-07-16 07:47:56.248 725 DEBUG glanceclient.common.http [-] Request returned failure status 404. _handle_response /usr/lib/python2.7/site-packages/glanceclient/common/http.py:125
2019-07-16 07:47:56.273 725 DEBUG glanceclient.common.http [-] Request returned failure status 404. _handle_response /usr/lib/python2.7/site-packages/glanceclient/common/http.py:125
2019-07-16 07:47:56.277 725 DEBUG glanceclient.common.http [-] Request returned failure status 404. _handle_response /usr/lib/python2.7/site-packages/glanceclient/common/http.py:125
2019-07-16 07:47:56.283 725 DEBUG glanceclient.common.http [-] Request returned failure status 404. _handle_response /usr/lib/python2.7/site-packages/glanceclient/common/http.py:125
2019-07-16 07:47:56.287 725 DEBUG glanceclient.common.http [-] Request returned failure status 404. _handle_response /usr/lib/python2.7/site-packages/glanceclient/common/http.py:125
2019-07-16 07:47:56.296 725 DEBUG glanceclient.common.http [-] Request returned failure status 404. _handle_response /usr/lib/python2.7/site-packages/glanceclient/common/http.py:125
2019-07-16 07:47:57.300 725 INFO rally.task.context [-] Task e756f1cc-2ba8-4688-9bc7-4d8f91fef394 | Context cleanup@openstack cleanup() finished in 7.03 sec
2019-07-16 07:47:57.300 725 INFO rally.task.context [-] Task e756f1cc-2ba8-4688-9bc7-4d8f91fef394 | Context users@openstack cleanup() started
2019-07-16 07:48:04.176 725 INFO rally.task.context [-] Task e756f1cc-2ba8-4688-9bc7-4d8f91fef394 | Context users@openstack cleanup() finished in 6.88 sec
2019-07-16 07:48:04.529 725 INFO rally.task.engine [-] Load duration is: 16.411119
2019-07-16 07:48:04.530 725 INFO rally.task.engine [-] Full runner duration is: 17.340356
2019-07-16 07:48:04.530 725 INFO rally.task.engine [-] Full duration is: 35.793401
2019-07-16 07:48:04.761 725 INFO rally.task.engine [-] Task e756f1cc-2ba8-4688-9bc7-4d8f91fef394 | Completed: Running task.
2019-07-16 07:48:05.683 1839 RALLYDEBUG rally.api [-] INFO logs from urllib3 and requests module are hide.
2019-07-16 07:48:05.683 1839 RALLYDEBUG rally.api [-] urllib3 insecure warnings are hidden.
2019-07-16 07:48:05.683 1839 RALLYDEBUG rally.api [-] ERROR log from boto module is hide.
2019-07-16 07:48:06.419 1840 RALLYDEBUG rally.api [-] INFO logs from urllib3 and requests module are hide.
2019-07-16 07:48:06.419 1840 RALLYDEBUG rally.api [-] urllib3 insecure warnings are hidden.
2019-07-16 07:48:06.419 1840 RALLYDEBUG rally.api [-] ERROR log from boto module is hide.
2019-07-16 07:48:07.622 1840 INFO rally.api [-] Building 'json' report for the following task(s): 'e756f1cc-2ba8-4688-9bc7-4d8f91fef394'.
2019-07-16 07:48:07.639 1840 INFO rally.api [-] The report has been successfully built.
2019-07-16 07:48:08.441 1842 RALLYDEBUG rally.api [-] INFO logs from urllib3 and requests module are hide.
2019-07-16 07:48:08.441 1842 RALLYDEBUG rally.api [-] urllib3 insecure warnings are hidden.
2019-07-16 07:48:08.441 1842 RALLYDEBUG rally.api [-] ERROR log from boto module is hide.
2019-07-16 07:48:09.966 1842 INFO rally.task.engine [-] Task 10542a6a-50a3-4934-9939-c258be1b4561 | Starting: Task validation.
2019-07-16 07:48:10.007 1842 INFO rally.task.engine [-] Task 10542a6a-50a3-4934-9939-c258be1b4561 | Starting: Task validation of syntax.
2019-07-16 07:48:10.354 1842 INFO rally.task.engine [-] Task 10542a6a-50a3-4934-9939-c258be1b4561 | Completed: Task validation of syntax.
2019-07-16 07:48:10.354 1842 INFO rally.task.engine [-] Task 10542a6a-50a3-4934-9939-c258be1b4561 | Starting: Task validation of required platforms.
2019-07-16 07:48:10.457 1842 INFO rally.task.engine [-] Task 10542a6a-50a3-4934-9939-c258be1b4561 | Completed: Task validation of required platforms.
2019-07-16 07:48:10.457 1842 INFO rally.task.engine [-] Task 10542a6a-50a3-4934-9939-c258be1b4561 | Starting: Task validation of semantic.
2019-07-16 07:48:10.457 1842 INFO rally.task.engine [-] Check health of the environment 'f464f261-5081-4318-92f6-e956f56ea780'.
2019-07-16 07:48:11.192 1842 INFO rally.task.engine [-] Platform existing@openstack (available: True): OK!
2019-07-16 07:48:11.209 1842 RALLYDEBUG rally_openstack.contexts.keystone.users [-] Creating 1 tenants using 20 threads
2019-07-16 07:48:12.920 1842 RALLYDEBUG rally_openstack.contexts.keystone.users [-] Creating 1 users using 20 threads
2019-07-16 07:48:15.228 1842 INFO rally.task.context [-] Task 10542a6a-50a3-4934-9939-c258be1b4561 | Context users@openstack setup() finished in 4.02 sec
2019-07-16 07:48:16.115 1842 DEBUG novaclient.v2.client [-] REQ: curl -g -i -X GET http://172.30.9.28:8774/v2.1/flavors/detail -H "Accept: application/json" -H "User-Agent: python-novaclient" -H "X-Auth-Token: {SHA1}72c9a9df342ac38e38c4264d3d41626185d28c9a" _http_log_request /usr/lib/python2.7/site-packages/keystoneauth1/session.py:448
2019-07-16 07:48:16.404 1842 DEBUG novaclient.v2.client [-] RESP: [200] Content-Encoding: gzip Content-Length: 362 Content-Type: application/json Date: Tue, 16 Jul 2019 07:48:16 GMT OpenStack-API-Version: compute 2.1 Server: Apache Vary: OpenStack-API-Version,X-OpenStack-Nova-API-Version,Accept-Encoding X-OpenStack-Nova-API-Version: 2.1 x-compute-request-id: req-b5473412-6290-49c5-8f3f-4c01d7ed033f x-openstack-request-id: req-b5473412-6290-49c5-8f3f-4c01d7ed033f _http_log_response /usr/lib/python2.7/site-packages/keystoneauth1/session.py:479
2019-07-16 07:48:16.405 1842 DEBUG novaclient.v2.client [-] RESP BODY: {"flavors": [{"name": "rally_full-flavor_3fc1c051-6d7a-4880-8a2e-cf71f8783d3b", "links": [{"href": "http://172.30.9.28:8774/v2.1/flavors/10d37a28-5da3-4eb8-85a8-d23bbfa0b7c3", "rel": "self"}, {"href": "http://172.30.9.28:8774/flavors/10d37a28-5da3-4eb8-85a8-d23bbfa0b7c3", "rel": "bookmark"}], "ram": 512, "OS-FLV-DISABLED:disabled": false, "vcpus": 1, "swap": "", "os-flavor-access:is_public": true, "rxtx_factor": 1.0, "OS-FLV-EXT-DATA:ephemeral": 0, "disk": 1, "id": "10d37a28-5da3-4eb8-85a8-d23bbfa0b7c3"}, {"name": "rally_full-flavor_alt_3fc1c051-6d7a-4880-8a2e-cf71f8783d3b", "links": [{"href": "http://172.30.9.28:8774/v2.1/flavors/5d7758c0-7c71-40e8-80b0-b21caf78f17e", "rel": "self"}, {"href": "http://172.30.9.28:8774/flavors/5d7758c0-7c71-40e8-80b0-b21caf78f17e", "rel": "bookmark"}], "ram": 1024, "OS-FLV-DISABLED:disabled": false, "vcpus": 1, "swap": "", "os-flavor-access:is_public": true, "rxtx_factor": 1.0, "OS-FLV-EXT-DATA:ephemeral": 0, "disk": 1, "id": "5d7758c0-7c71-40e8-80b0-b21caf78f17e"}]} _http_log_response /usr/lib/python2.7/site-packages/keystoneauth1/session.py:511
2019-07-16 07:48:16.405 1842 DEBUG novaclient.v2.client [-] GET call to compute for http://172.30.9.28:8774/v2.1/flavors/detail used request id req-b5473412-6290-49c5-8f3f-4c01d7ed033f request /usr/lib/python2.7/site-packages/keystoneauth1/session.py:844
2019-07-16 07:48:16.834 1842 DEBUG novaclient.v2.client [-] REQ: curl -g -i -X GET http://172.30.9.28:8774/v2.1/flavors/10d37a28-5da3-4eb8-85a8-d23bbfa0b7c3 -H "Accept: application/json" -H "User-Agent: python-novaclient" -H "X-Auth-Token: {SHA1}79a2abaaac51b7fcb00dcbd13580165309cf9b1f" _http_log_request /usr/lib/python2.7/site-packages/keystoneauth1/session.py:448
2019-07-16 07:48:17.530 1842 DEBUG novaclient.v2.client [-] RESP: [200] Content-Encoding: gzip Content-Length: 311 Content-Type: application/json Date: Tue, 16 Jul 2019 07:48:16 GMT OpenStack-API-Version: compute 2.1 Server: Apache Vary: OpenStack-API-Version,X-OpenStack-Nova-API-Version,Accept-Encoding X-OpenStack-Nova-API-Version: 2.1 x-compute-request-id: req-b3171ca9-8063-403a-8009-36bc5a131ea9 x-openstack-request-id: req-b3171ca9-8063-403a-8009-36bc5a131ea9 _http_log_response /usr/lib/python2.7/site-packages/keystoneauth1/session.py:479
2019-07-16 07:48:17.531 1842 DEBUG novaclient.v2.client [-] RESP BODY: {"flavor": {"name": "rally_full-flavor_3fc1c051-6d7a-4880-8a2e-cf71f8783d3b", "links": [{"href": "http://172.30.9.28:8774/v2.1/flavors/10d37a28-5da3-4eb8-85a8-d23bbfa0b7c3", "rel": "self"}, {"href": "http://172.30.9.28:8774/flavors/10d37a28-5da3-4eb8-85a8-d23bbfa0b7c3", "rel": "bookmark"}], "ram": 512, "OS-FLV-DISABLED:disabled": false, "vcpus": 1, "swap": "", "os-flavor-access:is_public": true, "rxtx_factor": 1.0, "OS-FLV-EXT-DATA:ephemeral": 0, "disk": 1, "id": "10d37a28-5da3-4eb8-85a8-d23bbfa0b7c3"}} _http_log_response /usr/lib/python2.7/site-packages/keystoneauth1/session.py:511
2019-07-16 07:48:17.531 1842 DEBUG novaclient.v2.client [-] GET call to compute for http://172.30.9.28:8774/v2.1/flavors/10d37a28-5da3-4eb8-85a8-d23bbfa0b7c3 used request id req-b3171ca9-8063-403a-8009-36bc5a131ea9 request /usr/lib/python2.7/site-packages/keystoneauth1/session.py:844
2019-07-16 07:48:22.565 1842 DEBUG novaclient.v2.client [-] REQ: curl -g -i -X GET http://172.30.9.28:8774/v2.1/flavors/detail -H "Accept: application/json" -H "User-Agent: python-novaclient" -H "X-Auth-Token: {SHA1}87389d9fdab82b59b0de93e0e3db45a42c2de1e3" _http_log_request /usr/lib/python2.7/site-packages/keystoneauth1/session.py:448
2019-07-16 07:48:22.928 1842 DEBUG novaclient.v2.client [-] RESP: [200] Content-Encoding: gzip Content-Length: 362 Content-Type: application/json Date: Tue, 16 Jul 2019 07:48:22 GMT OpenStack-API-Version: compute 2.1 Server: Apache Vary: OpenStack-API-Version,X-OpenStack-Nova-API-Version,Accept-Encoding X-OpenStack-Nova-API-Version: 2.1 x-compute-request-id: req-579051e9-4e5f-4e7d-89a0-190700ff5a1e x-openstack-request-id: req-579051e9-4e5f-4e7d-89a0-190700ff5a1e _http_log_response /usr/lib/python2.7/site-packages/keystoneauth1/session.py:479
2019-07-16 07:48:22.929 1842 DEBUG novaclient.v2.client [-] RESP BODY: {"flavors": [{"name": "rally_full-flavor_3fc1c051-6d7a-4880-8a2e-cf71f8783d3b", "links": [{"href": "http://172.30.9.28:8774/v2.1/flavors/10d37a28-5da3-4eb8-85a8-d23bbfa0b7c3", "rel": "self"}, {"href": "http://172.30.9.28:8774/flavors/10d37a28-5da3-4eb8-85a8-d23bbfa0b7c3", "rel": "bookmark"}], "ram": 512, "OS-FLV-DISABLED:disabled": false, "vcpus": 1, "swap": "", "os-flavor-access:is_public": true, "rxtx_factor": 1.0, "OS-FLV-EXT-DATA:ephemeral": 0, "disk": 1, "id": "10d37a28-5da3-4eb8-85a8-d23bbfa0b7c3"}, {"name": "rally_full-flavor_alt_3fc1c051-6d7a-4880-8a2e-cf71f8783d3b", "links": [{"href": "http://172.30.9.28:8774/v2.1/flavors/5d7758c0-7c71-40e8-80b0-b21caf78f17e", "rel": "self"}, {"href": "http://172.30.9.28:8774/flavors/5d7758c0-7c71-40e8-80b0-b21caf78f17e", "rel": "bookmark"}], "ram": 1024, "OS-FLV-DISABLED:disabled": false, "vcpus": 1, "swap": "", "os-flavor-access:is_public": true, "rxtx_factor": 1.0, "OS-FLV-EXT-DATA:ephemeral": 0, "disk": 1, "id": "5d7758c0-7c71-40e8-80b0-b21caf78f17e"}]} _http_log_response /usr/lib/python2.7/site-packages/keystoneauth1/session.py:511
2019-07-16 07:48:22.929 1842 DEBUG novaclient.v2.client [-] GET call to compute for http://172.30.9.28:8774/v2.1/flavors/detail used request id req-579051e9-4e5f-4e7d-89a0-190700ff5a1e request /usr/lib/python2.7/site-packages/keystoneauth1/session.py:844
2019-07-16 07:48:23.353 1842 DEBUG novaclient.v2.client [-] REQ: curl -g -i -X GET http://172.30.9.28:8774/v2.1/flavors/10d37a28-5da3-4eb8-85a8-d23bbfa0b7c3 -H "Accept: application/json" -H "User-Agent: python-novaclient" -H "X-Auth-Token: {SHA1}bde5836700b301c766b2ffa8a056f1c53d377ada" _http_log_request /usr/lib/python2.7/site-packages/keystoneauth1/session.py:448
2019-07-16 07:48:24.021 1842 DEBUG novaclient.v2.client [-] RESP: [200] Content-Encoding: gzip Content-Length: 311 Content-Type: application/json Date: Tue, 16 Jul 2019 07:48:23 GMT OpenStack-API-Version: compute 2.1 Server: Apache Vary: OpenStack-API-Version,X-OpenStack-Nova-API-Version,Accept-Encoding X-OpenStack-Nova-API-Version: 2.1 x-compute-request-id: req-a5adbf9e-70c2-4c92-8630-adce81c28ca1 x-openstack-request-id: req-a5adbf9e-70c2-4c92-8630-adce81c28ca1 _http_log_response /usr/lib/python2.7/site-packages/keystoneauth1/session.py:479
2019-07-16 07:48:24.021 1842 DEBUG novaclient.v2.client [-] RESP BODY: {"flavor": {"name": "rally_full-flavor_3fc1c051-6d7a-4880-8a2e-cf71f8783d3b", "links": [{"href": "http://172.30.9.28:8774/v2.1/flavors/10d37a28-5da3-4eb8-85a8-d23bbfa0b7c3", "rel": "self"}, {"href": "http://172.30.9.28:8774/flavors/10d37a28-5da3-4eb8-85a8-d23bbfa0b7c3", "rel": "bookmark"}], "ram": 512, "OS-FLV-DISABLED:disabled": false, "vcpus": 1, "swap": "", "os-flavor-access:is_public": true, "rxtx_factor": 1.0, "OS-FLV-EXT-DATA:ephemeral": 0, "disk": 1, "id": "10d37a28-5da3-4eb8-85a8-d23bbfa0b7c3"}} _http_log_response /usr/lib/python2.7/site-packages/keystoneauth1/session.py:511
2019-07-16 07:48:24.022 1842 DEBUG novaclient.v2.client [-] GET call to compute for http://172.30.9.28:8774/v2.1/flavors/10d37a28-5da3-4eb8-85a8-d23bbfa0b7c3 used request id req-a5adbf9e-70c2-4c92-8630-adce81c28ca1 request /usr/lib/python2.7/site-packages/keystoneauth1/session.py:844
2019-07-16 07:48:25.897 1842 DEBUG novaclient.v2.client [-] REQ: curl -g -i -X GET http://172.30.9.28:8774/v2.1/flavors/detail -H "Accept: application/json" -H "User-Agent: python-novaclient" -H "X-Auth-Token: {SHA1}6e55587b2d8471d832ec253d672a84db2568499c" _http_log_request /usr/lib/python2.7/site-packages/keystoneauth1/session.py:448
2019-07-16 07:48:26.217 1842 DEBUG novaclient.v2.client [-] RESP: [200] Content-Encoding: gzip Content-Length: 362 Content-Type: application/json Date: Tue, 16 Jul 2019 07:48:25 GMT OpenStack-API-Version: compute 2.1 Server: Apache Vary: OpenStack-API-Version,X-OpenStack-Nova-API-Version,Accept-Encoding X-OpenStack-Nova-API-Version: 2.1 x-compute-request-id: req-8aa3cc4f-30cd-4bb1-b5c9-a75ed32f07aa x-openstack-request-id: req-8aa3cc4f-30cd-4bb1-b5c9-a75ed32f07aa _http_log_response /usr/lib/python2.7/site-packages/keystoneauth1/session.py:479
2019-07-16 07:48:26.218 1842 DEBUG novaclient.v2.client [-] RESP BODY: {"flavors": [{"name": "rally_full-flavor_3fc1c051-6d7a-4880-8a2e-cf71f8783d3b", "links": [{"href": "http://172.30.9.28:8774/v2.1/flavors/10d37a28-5da3-4eb8-85a8-d23bbfa0b7c3", "rel": "self"}, {"href": "http://172.30.9.28:8774/flavors/10d37a28-5da3-4eb8-85a8-d23bbfa0b7c3", "rel": "bookmark"}], "ram": 512, "OS-FLV-DISABLED:disabled": false, "vcpus": 1, "swap": "", "os-flavor-access:is_public": true, "rxtx_factor": 1.0, "OS-FLV-EXT-DATA:ephemeral": 0, "disk": 1, "id": "10d37a28-5da3-4eb8-85a8-d23bbfa0b7c3"}, {"name": "rally_full-flavor_alt_3fc1c051-6d7a-4880-8a2e-cf71f8783d3b", "links": [{"href": "http://172.30.9.28:8774/v2.1/flavors/5d7758c0-7c71-40e8-80b0-b21caf78f17e", "rel": "self"}, {"href": "http://172.30.9.28:8774/flavors/5d7758c0-7c71-40e8-80b0-b21caf78f17e", "rel": "bookmark"}], "ram": 1024, "OS-FLV-DISABLED:disabled": false, "vcpus": 1, "swap": "", "os-flavor-access:is_public": true, "rxtx_factor": 1.0, "OS-FLV-EXT-DATA:ephemeral": 0, "disk": 1, "id": "5d7758c0-7c71-40e8-80b0-b21caf78f17e"}]} _http_log_response /usr/lib/python2.7/site-packages/keystoneauth1/session.py:511
2019-07-16 07:48:26.219 1842 DEBUG novaclient.v2.client [-] GET call to compute for http://172.30.9.28:8774/v2.1/flavors/detail used request id req-8aa3cc4f-30cd-4bb1-b5c9-a75ed32f07aa request /usr/lib/python2.7/site-packages/keystoneauth1/session.py:844
2019-07-16 07:48:26.646 1842 DEBUG novaclient.v2.client [-] REQ: curl -g -i -X GET http://172.30.9.28:8774/v2.1/flavors/10d37a28-5da3-4eb8-85a8-d23bbfa0b7c3 -H "Accept: application/json" -H "User-Agent: python-novaclient" -H "X-Auth-Token: {SHA1}36ece261b27b1c49187404d4b411eed3f16f0c6f" _http_log_request /usr/lib/python2.7/site-packages/keystoneauth1/session.py:448
2019-07-16 07:48:26.946 1842 DEBUG novaclient.v2.client [-] RESP: [200] Content-Encoding: gzip Content-Length: 311 Content-Type: application/json Date: Tue, 16 Jul 2019 07:48:26 GMT OpenStack-API-Version: compute 2.1 Server: Apache Vary: OpenStack-API-Version,X-OpenStack-Nova-API-Version,Accept-Encoding X-OpenStack-Nova-API-Version: 2.1 x-compute-request-id: req-b5ab0777-2913-49a4-9ac7-2ce04b716245 x-openstack-request-id: req-b5ab0777-2913-49a4-9ac7-2ce04b716245 _http_log_response /usr/lib/python2.7/site-packages/keystoneauth1/session.py:479
2019-07-16 07:48:26.947 1842 DEBUG novaclient.v2.client [-] RESP BODY: {"flavor": {"name": "rally_full-flavor_3fc1c051-6d7a-4880-8a2e-cf71f8783d3b", "links": [{"href": "http://172.30.9.28:8774/v2.1/flavors/10d37a28-5da3-4eb8-85a8-d23bbfa0b7c3", "rel": "self"}, {"href": "http://172.30.9.28:8774/flavors/10d37a28-5da3-4eb8-85a8-d23bbfa0b7c3", "rel": "bookmark"}], "ram": 512, "OS-FLV-DISABLED:disabled": false, "vcpus": 1, "swap": "", "os-flavor-access:is_public": true, "rxtx_factor": 1.0, "OS-FLV-EXT-DATA:ephemeral": 0, "disk": 1, "id": "10d37a28-5da3-4eb8-85a8-d23bbfa0b7c3"}} _http_log_response /usr/lib/python2.7/site-packages/keystoneauth1/session.py:511
2019-07-16 07:48:26.947 1842 DEBUG novaclient.v2.client [-] GET call to compute for http://172.30.9.28:8774/v2.1/flavors/10d37a28-5da3-4eb8-85a8-d23bbfa0b7c3 used request id req-b5ab0777-2913-49a4-9ac7-2ce04b716245 request /usr/lib/python2.7/site-packages/keystoneauth1/session.py:844
2019-07-16 07:48:36.761 1842 INFO rally.task.context [-] Task 10542a6a-50a3-4934-9939-c258be1b4561 | Context users@openstack cleanup() started
2019-07-16 07:48:41.282 1842 INFO rally.task.context [-] Task 10542a6a-50a3-4934-9939-c258be1b4561 | Context users@openstack cleanup() finished in 4.52 sec
2019-07-16 07:48:41.282 1842 INFO rally.task.engine [-] Task 10542a6a-50a3-4934-9939-c258be1b4561 | Completed: Task validation of semantic.
2019-07-16 07:48:41.283 1842 INFO rally.task.engine [-] Task 10542a6a-50a3-4934-9939-c258be1b4561 | Completed: Task validation.
2019-07-16 07:48:41.283 1842 INFO rally.api [-] Task 10542a6a-50a3-4934-9939-c258be1b4561 input file is valid.
2019-07-16 07:48:41.283 1842 INFO rally.api [-] Run Task 10542a6a-50a3-4934-9939-c258be1b4561 against Deployment f464f261-5081-4318-92f6-e956f56ea780
2019-07-16 07:48:41.283 1842 INFO rally.task.engine [-] Task 10542a6a-50a3-4934-9939-c258be1b4561 | Starting: Running task.
2019-07-16 07:48:41.427 1842 INFO rally.task.engine [-] Running workload: position = 0 config = { "version": 2, "title": "A cropped version of a bigger task.", "description": "Auto-generated task from a single workload (uuid=568b6210-cf4f-4a54-b329-f0010e8efe60)", "subtasks": [ { "title": "CinderVolumes.create_and_attach_volume", "description": "Create a VM and attach a volume to it.", "scenario": { "CinderVolumes.create_and_attach_volume": { "flavor": { "name": "rally_full-flavor_3fc1c051-6d7a-4880-8a2e-cf71f8783d3b" }, "image": { "name": "rally_full-img_3fc1c051-6d7a-4880-8a2e-cf71f8783d3b" }, "size": 1, "nics": [ { "net-id": "3a8910e0-7041-4333-b9a3-80f48bf62da3" } ] } }, "contexts": { "users": { "tenants": 3, "users_per_tenant": 2 }, "quotas": { "cinder": { "gigabytes": -1, "snapshots": -1, "volumes": -1 } }, "api_versions": { "cinder": { "version": 3, "service_type": "volumev3" } } }, "runner": { "constant": { "concurrency": 4, "times": 10 } }, "hooks": [], "sla": { "failure_rate": { "max": 0 } } } ] }
2019-07-16 07:48:41.450 1842 RALLYDEBUG rally_openstack.contexts.keystone.users [-] Creating 3 tenants using 20 threads
2019-07-16 07:48:43.222 1842 RALLYDEBUG rally_openstack.contexts.keystone.users [-] Creating 6 users using 20 threads
2019-07-16 07:48:45.985 1842 INFO rally.task.context [-] Task 10542a6a-50a3-4934-9939-c258be1b4561 | Context users@openstack setup() finished in 4.53 sec
2019-07-16 07:48:46.402 1842 INFO rally.task.context [-] Task 10542a6a-50a3-4934-9939-c258be1b4561 | Context api_versions@openstack setup() finished in 0.42 sec
2019-07-16 07:48:47.960 1842 INFO rally.task.context [-] Task 10542a6a-50a3-4934-9939-c258be1b4561 | Context quotas@openstack setup() finished in 1.56 sec
2019-07-16 07:48:47.960 1842 INFO rally.task.context [-] Task 10542a6a-50a3-4934-9939-c258be1b4561 | Context cleanup@openstack setup() finished in 0.03 msec
2019-07-16 07:48:49.112 1842 DEBUG novaclient.v2.client [-] REQ: curl -g -i -X GET http://172.30.9.28:8774/v2.1/flavors/detail -H "Accept: application/json" -H "User-Agent: python-novaclient" -H "X-Auth-Token: {SHA1}9ed1c7edd08c99ef8fa20219af7aa49af73e7238" _http_log_request /usr/lib/python2.7/site-packages/keystoneauth1/session.py:448
2019-07-16 07:48:49.395 1842 DEBUG novaclient.v2.client [-] RESP: [200] Content-Encoding: gzip Content-Length: 362 Content-Type: application/json Date: Tue, 16 Jul 2019 07:48:49 GMT OpenStack-API-Version: compute 2.1 Server: Apache Vary: OpenStack-API-Version,X-OpenStack-Nova-API-Version,Accept-Encoding X-OpenStack-Nova-API-Version: 2.1 x-compute-request-id: req-e755834b-c8dc-4f6f-8cb1-53584b39dd5a x-openstack-request-id: req-e755834b-c8dc-4f6f-8cb1-53584b39dd5a _http_log_response /usr/lib/python2.7/site-packages/keystoneauth1/session.py:479
2019-07-16 07:48:49.396 1842 DEBUG novaclient.v2.client [-] RESP BODY: {"flavors": [{"name": "rally_full-flavor_3fc1c051-6d7a-4880-8a2e-cf71f8783d3b", "links": [{"href": "http://172.30.9.28:8774/v2.1/flavors/10d37a28-5da3-4eb8-85a8-d23bbfa0b7c3", "rel": "self"}, {"href": "http://172.30.9.28:8774/flavors/10d37a28-5da3-4eb8-85a8-d23bbfa0b7c3", "rel": "bookmark"}], "ram": 512, "OS-FLV-DISABLED:disabled": false, "vcpus": 1, "swap": "", "os-flavor-access:is_public": true, "rxtx_factor": 1.0, "OS-FLV-EXT-DATA:ephemeral": 0, "disk": 1, "id": "10d37a28-5da3-4eb8-85a8-d23bbfa0b7c3"}, {"name": "rally_full-flavor_alt_3fc1c051-6d7a-4880-8a2e-cf71f8783d3b", "links": [{"href": "http://172.30.9.28:8774/v2.1/flavors/5d7758c0-7c71-40e8-80b0-b21caf78f17e", "rel": "self"}, {"href": "http://172.30.9.28:8774/flavors/5d7758c0-7c71-40e8-80b0-b21caf78f17e", "rel": "bookmark"}], "ram": 1024, "OS-FLV-DISABLED:disabled": false, "vcpus": 1, "swap": "", "os-flavor-access:is_public": true, "rxtx_factor": 1.0, "OS-FLV-EXT-DATA:ephemeral": 0, "disk": 1, "id": "5d7758c0-7c71-40e8-80b0-b21caf78f17e"}]} _http_log_response /usr/lib/python2.7/site-packages/keystoneauth1/session.py:511
2019-07-16 07:48:49.397 1842 DEBUG novaclient.v2.client [-] GET call to compute for http://172.30.9.28:8774/v2.1/flavors/detail used request id req-e755834b-c8dc-4f6f-8cb1-53584b39dd5a request /usr/lib/python2.7/site-packages/keystoneauth1/session.py:844
2019-07-16 07:48:49.399 1842 RALLYDEBUG rally.task.runner [-] Starting the constant runner (task UUID: 10542a6a-50a3-4934-9939-c258be1b4561). timeout: 0 concurrency: 4 concurrency_per_worker: 1 times: 10 concurrency_overhead: 0 processes_to_start: 4 max_cpu_used: 16
2019-07-16 07:48:49.413 1966 RALLYDEBUG rally.task.runner [-] Starting a worker. concurrency: 1 args: {"flavor": "10d37a28-5da3-4eb8-85a8-d23bbfa0b7c3", "image": "be07fc5e-0564-41c7-adca-b53a3c7da653", "size": 1, "nics": [{"net-id": "3a8910e0-7041-4333-b9a3-80f48bf62da3"}]} times: 10 method_name: run timeout: 0 duration: None cls:
2019-07-16 07:48:49.415 1967 RALLYDEBUG rally.task.runner [-] Starting a worker. concurrency: 1 args: {"flavor": "10d37a28-5da3-4eb8-85a8-d23bbfa0b7c3", "image": "be07fc5e-0564-41c7-adca-b53a3c7da653", "size": 1, "nics": [{"net-id": "3a8910e0-7041-4333-b9a3-80f48bf62da3"}]} times: 10 method_name: run timeout: 0 duration: None cls:
2019-07-16 07:48:49.418 1968 RALLYDEBUG rally.task.runner [-] Starting a worker. concurrency: 1 args: {"flavor": "10d37a28-5da3-4eb8-85a8-d23bbfa0b7c3", "image": "be07fc5e-0564-41c7-adca-b53a3c7da653", "size": 1, "nics": [{"net-id": "3a8910e0-7041-4333-b9a3-80f48bf62da3"}]} times: 10 method_name: run timeout: 0 duration: None cls:
2019-07-16 07:48:49.421 1966 INFO rally.task.runner [-] Task 10542a6a-50a3-4934-9939-c258be1b4561 | ITER: 1 START
2019-07-16 07:48:49.421 1969 RALLYDEBUG rally.task.runner [-] Starting a worker. concurrency: 1 args: {"flavor": "10d37a28-5da3-4eb8-85a8-d23bbfa0b7c3", "image": "be07fc5e-0564-41c7-adca-b53a3c7da653", "size": 1, "nics": [{"net-id": "3a8910e0-7041-4333-b9a3-80f48bf62da3"}]} times: 10 method_name: run timeout: 0 duration: None cls:
2019-07-16 07:48:49.423 1967 INFO rally.task.runner [-] Task 10542a6a-50a3-4934-9939-c258be1b4561 | ITER: 2 START
2019-07-16 07:48:49.426 1968 INFO rally.task.runner [-] Task 10542a6a-50a3-4934-9939-c258be1b4561 | ITER: 3 START
2019-07-16 07:48:49.428 1969 INFO rally.task.runner [-] Task 10542a6a-50a3-4934-9939-c258be1b4561 | ITER: 4 START
2019-07-16 07:48:49.873 1966 DEBUG novaclient.v2.client [-] REQ: curl -g -i -X POST http://172.30.9.28:8774/v2.1/servers -H "Accept: application/json" -H "Content-Type: application/json" -H "User-Agent: python-novaclient" -H "X-Auth-Token: {SHA1}75135f533a7aff0d31b68ed5580c70799010ad30" -d '{"server": {"name": "s_rally_568b6210_KZcv9Pbw", "imageRef": "be07fc5e-0564-41c7-adca-b53a3c7da653", "flavorRef": "10d37a28-5da3-4eb8-85a8-d23bbfa0b7c3", "max_count": 1, "min_count": 1, "networks": [{"uuid": "3a8910e0-7041-4333-b9a3-80f48bf62da3"}]}}' _http_log_request /usr/lib/python2.7/site-packages/keystoneauth1/session.py:448
2019-07-16 07:48:49.874 1969 DEBUG novaclient.v2.client [-] REQ: curl -g -i -X POST http://172.30.9.28:8774/v2.1/servers -H "Accept: application/json" -H "Content-Type: application/json" -H "User-Agent: python-novaclient" -H "X-Auth-Token: {SHA1}72db1c6d9942a56ec2deecf47660fc7c4920e124" -d '{"server": {"name": "s_rally_568b6210_zZKjcKZQ", "imageRef": "be07fc5e-0564-41c7-adca-b53a3c7da653", "flavorRef": "10d37a28-5da3-4eb8-85a8-d23bbfa0b7c3", "max_count": 1, "min_count": 1, "networks": [{"uuid": "3a8910e0-7041-4333-b9a3-80f48bf62da3"}]}}' _http_log_request /usr/lib/python2.7/site-packages/keystoneauth1/session.py:448
2019-07-16 07:48:49.878 1967 DEBUG novaclient.v2.client [-] REQ: curl -g -i -X POST http://172.30.9.28:8774/v2.1/servers -H "Accept: application/json" -H "Content-Type: application/json" -H "User-Agent: python-novaclient" -H "X-Auth-Token: {SHA1}b97a4513acd63cef2f37a798c2a87a884f97fb5f" -d '{"server": {"name": "s_rally_568b6210_thwPWTzW", "imageRef": "be07fc5e-0564-41c7-adca-b53a3c7da653", "flavorRef": "10d37a28-5da3-4eb8-85a8-d23bbfa0b7c3", "max_count": 1, "min_count": 1, "networks": [{"uuid": "3a8910e0-7041-4333-b9a3-80f48bf62da3"}]}}' _http_log_request /usr/lib/python2.7/site-packages/keystoneauth1/session.py:448
2019-07-16 07:48:49.887 1968 DEBUG novaclient.v2.client [-] REQ: curl -g -i -X POST http://172.30.9.28:8774/v2.1/servers -H "Accept: application/json" -H "Content-Type: application/json" -H "User-Agent: python-novaclient" -H "X-Auth-Token: {SHA1}43c7cf76eb159acfe177c1ea4bb28bc1996af711" -d '{"server": {"name": "s_rally_568b6210_5BS7tSro", "imageRef": "be07fc5e-0564-41c7-adca-b53a3c7da653", "flavorRef": "10d37a28-5da3-4eb8-85a8-d23bbfa0b7c3", "max_count": 1, "min_count": 1, "networks": [{"uuid": "3a8910e0-7041-4333-b9a3-80f48bf62da3"}]}}' _http_log_request /usr/lib/python2.7/site-packages/keystoneauth1/session.py:448
2019-07-16 07:48:51.637 1969 DEBUG novaclient.v2.client [-] RESP: [202] Content-Length: 374 Content-Type: application/json Date: Tue, 16 Jul 2019 07:48:49 GMT OpenStack-API-Version: compute 2.1 Server: Apache Vary: OpenStack-API-Version,X-OpenStack-Nova-API-Version X-OpenStack-Nova-API-Version: 2.1 location: http://172.30.9.28:8774/v2.1/servers/340be920-518e-4a3f-ae81-9ba47ccd4ee9 x-compute-request-id: req-cf70d272-5ade-4697-8c62-5fae72f79977 x-openstack-request-id: req-cf70d272-5ade-4697-8c62-5fae72f79977 _http_log_response /usr/lib/python2.7/site-packages/keystoneauth1/session.py:479
2019-07-16 07:48:51.638 1969 DEBUG novaclient.v2.client [-] RESP BODY: {"server": {"security_groups": [{"name": "default"}], "OS-DCF:diskConfig": "MANUAL", "id": "340be920-518e-4a3f-ae81-9ba47ccd4ee9", "links": [{"href": "http://172.30.9.28:8774/v2.1/servers/340be920-518e-4a3f-ae81-9ba47ccd4ee9", "rel": "self"}, {"href": "http://172.30.9.28:8774/servers/340be920-518e-4a3f-ae81-9ba47ccd4ee9", "rel": "bookmark"}], "adminPass": "4HVW5zQaiNCJ"}} _http_log_response /usr/lib/python2.7/site-packages/keystoneauth1/session.py:511
2019-07-16 07:48:51.638 1969 DEBUG novaclient.v2.client [-] POST call to compute for http://172.30.9.28:8774/v2.1/servers used request id req-cf70d272-5ade-4697-8c62-5fae72f79977 request /usr/lib/python2.7/site-packages/keystoneauth1/session.py:844
2019-07-16 07:48:51.697 1968 DEBUG novaclient.v2.client [-] RESP: [202] Content-Length: 374 Content-Type: application/json Date: Tue, 16 Jul 2019 07:48:49 GMT OpenStack-API-Version: compute 2.1 Server: Apache Vary: OpenStack-API-Version,X-OpenStack-Nova-API-Version X-OpenStack-Nova-API-Version: 2.1 location: http://172.30.9.28:8774/v2.1/servers/d93f0c45-fe3e-4cfc-8e21-8735c0fd4527 x-compute-request-id: req-c15cb521-1123-4c05-8d06-127f4738f133 x-openstack-request-id: req-c15cb521-1123-4c05-8d06-127f4738f133 _http_log_response /usr/lib/python2.7/site-packages/keystoneauth1/session.py:479
2019-07-16 07:48:51.698 1968 DEBUG novaclient.v2.client [-] RESP BODY: {"server": {"security_groups": [{"name": "default"}], "OS-DCF:diskConfig": "MANUAL", "id": "d93f0c45-fe3e-4cfc-8e21-8735c0fd4527", "links": [{"href": "http://172.30.9.28:8774/v2.1/servers/d93f0c45-fe3e-4cfc-8e21-8735c0fd4527", "rel": "self"}, {"href": "http://172.30.9.28:8774/servers/d93f0c45-fe3e-4cfc-8e21-8735c0fd4527", "rel": "bookmark"}], "adminPass": "BbQHyD9vND5m"}} _http_log_response /usr/lib/python2.7/site-packages/keystoneauth1/session.py:511
2019-07-16 07:48:51.699 1968 DEBUG novaclient.v2.client [-] POST call to compute for http://172.30.9.28:8774/v2.1/servers used request id req-c15cb521-1123-4c05-8d06-127f4738f133 request /usr/lib/python2.7/site-packages/keystoneauth1/session.py:844
2019-07-16 07:48:51.724 1967 DEBUG novaclient.v2.client [-] RESP: [202] Content-Length: 374 Content-Type: application/json Date: Tue, 16 Jul 2019 07:48:49 GMT OpenStack-API-Version: compute 2.1 Server: Apache Vary: OpenStack-API-Version,X-OpenStack-Nova-API-Version X-OpenStack-Nova-API-Version: 2.1 location: http://172.30.9.28:8774/v2.1/servers/bdb6e90f-621c-4540-b630-fc9bfcbc90f4 x-compute-request-id: req-272ef691-34ff-4605-a428-e28143d2655d x-openstack-request-id: req-272ef691-34ff-4605-a428-e28143d2655d _http_log_response /usr/lib/python2.7/site-packages/keystoneauth1/session.py:479
2019-07-16 07:48:51.725 1967 DEBUG novaclient.v2.client [-] RESP BODY: {"server": {"security_groups": [{"name": "default"}], "OS-DCF:diskConfig": "MANUAL", "id": "bdb6e90f-621c-4540-b630-fc9bfcbc90f4", "links": [{"href": "http://172.30.9.28:8774/v2.1/servers/bdb6e90f-621c-4540-b630-fc9bfcbc90f4", "rel": "self"}, {"href": "http://172.30.9.28:8774/servers/bdb6e90f-621c-4540-b630-fc9bfcbc90f4", "rel": "bookmark"}], "adminPass": "Ybn23URozS3C"}} _http_log_response /usr/lib/python2.7/site-packages/keystoneauth1/session.py:511
2019-07-16 07:48:51.725 1967 DEBUG novaclient.v2.client [-] POST call to compute for http://172.30.9.28:8774/v2.1/servers used request id req-272ef691-34ff-4605-a428-e28143d2655d request /usr/lib/python2.7/site-packages/keystoneauth1/session.py:844
2019-07-16 07:48:52.304 1966 DEBUG novaclient.v2.client [-] RESP: [202] Content-Length: 374 Content-Type: application/json Date: Tue, 16 Jul 2019 07:48:49 GMT OpenStack-API-Version: compute 2.1 Server: Apache Vary: OpenStack-API-Version,X-OpenStack-Nova-API-Version X-OpenStack-Nova-API-Version: 2.1 location: http://172.30.9.28:8774/v2.1/servers/727d6656-02a9-482a-8e67-4fc3df865b34 x-compute-request-id: req-abc9e389-62b2-4718-bf0c-02313950bf6c x-openstack-request-id: req-abc9e389-62b2-4718-bf0c-02313950bf6c _http_log_response /usr/lib/python2.7/site-packages/keystoneauth1/session.py:479
2019-07-16 07:48:52.305 1966 DEBUG novaclient.v2.client [-] RESP BODY: {"server": {"security_groups": [{"name": "default"}], "OS-DCF:diskConfig": "MANUAL", "id": "727d6656-02a9-482a-8e67-4fc3df865b34", "links": [{"href": "http://172.30.9.28:8774/v2.1/servers/727d6656-02a9-482a-8e67-4fc3df865b34", "rel": "self"}, {"href": "http://172.30.9.28:8774/servers/727d6656-02a9-482a-8e67-4fc3df865b34", "rel": "bookmark"}], "adminPass": "zc7MbsUzF7eE"}} _http_log_response /usr/lib/python2.7/site-packages/keystoneauth1/session.py:511
2019-07-16 07:48:52.306 1966 DEBUG novaclient.v2.client [-] POST call to compute for http://172.30.9.28:8774/v2.1/servers used request id req-abc9e389-62b2-4718-bf0c-02313950bf6c request /usr/lib/python2.7/site-packages/keystoneauth1/session.py:844
2019-07-16 07:48:52.642 1969 DEBUG novaclient.v2.client [-] REQ: curl -g -i -X GET http://172.30.9.28:8774/v2.1/servers/340be920-518e-4a3f-ae81-9ba47ccd4ee9 -H "Accept: application/json" -H "User-Agent: python-novaclient" -H "X-Auth-Token: {SHA1}72db1c6d9942a56ec2deecf47660fc7c4920e124" _http_log_request /usr/lib/python2.7/site-packages/keystoneauth1/session.py:448
2019-07-16 07:48:52.703 1968 DEBUG novaclient.v2.client [-] REQ: curl -g -i -X GET http://172.30.9.28:8774/v2.1/servers/d93f0c45-fe3e-4cfc-8e21-8735c0fd4527 -H "Accept: application/json" -H "User-Agent: python-novaclient" -H "X-Auth-Token: {SHA1}43c7cf76eb159acfe177c1ea4bb28bc1996af711" _http_log_request /usr/lib/python2.7/site-packages/keystoneauth1/session.py:448
2019-07-16 07:48:52.728 1967 DEBUG novaclient.v2.client [-] REQ: curl -g -i -X GET http://172.30.9.28:8774/v2.1/servers/bdb6e90f-621c-4540-b630-fc9bfcbc90f4 -H "Accept: application/json" -H "User-Agent: python-novaclient" -H "X-Auth-Token: {SHA1}b97a4513acd63cef2f37a798c2a87a884f97fb5f" _http_log_request /usr/lib/python2.7/site-packages/keystoneauth1/session.py:448
2019-07-16 07:48:53.078 1967 DEBUG novaclient.v2.client [-] RESP: [200] Content-Encoding: gzip Content-Length: 625 Content-Type: application/json Date: Tue, 16 Jul 2019 07:48:52 GMT OpenStack-API-Version: compute 2.1 Server: Apache Vary: OpenStack-API-Version,X-OpenStack-Nova-API-Version,Accept-Encoding X-OpenStack-Nova-API-Version: 2.1 x-compute-request-id: req-9f6c8337-f807-4f94-bb0a-800dafdfaf9a x-openstack-request-id: req-9f6c8337-f807-4f94-bb0a-800dafdfaf9a _http_log_response /usr/lib/python2.7/site-packages/keystoneauth1/session.py:479
2019-07-16 07:48:53.079 1967 DEBUG novaclient.v2.client [-] RESP BODY: {"server": {"OS-EXT-STS:task_state": null, "addresses": {}, "links": [{"href": "http://172.30.9.28:8774/v2.1/servers/bdb6e90f-621c-4540-b630-fc9bfcbc90f4", "rel": "self"}, {"href": "http://172.30.9.28:8774/servers/bdb6e90f-621c-4540-b630-fc9bfcbc90f4", "rel": "bookmark"}], "image": {"id": "be07fc5e-0564-41c7-adca-b53a3c7da653", "links": [{"href": "http://172.30.9.28:8774/images/be07fc5e-0564-41c7-adca-b53a3c7da653", "rel": "bookmark"}]}, "OS-EXT-STS:vm_state": "building", "OS-SRV-USG:launched_at": null, "flavor": {"id": "10d37a28-5da3-4eb8-85a8-d23bbfa0b7c3", "links": [{"href": "http://172.30.9.28:8774/flavors/10d37a28-5da3-4eb8-85a8-d23bbfa0b7c3", "rel": "bookmark"}]}, "id": "bdb6e90f-621c-4540-b630-fc9bfcbc90f4", "user_id": "1eb3da62802b429e8db9af251781a27a", "OS-DCF:diskConfig": "MANUAL", "accessIPv4": "", "accessIPv6": "", "progress": 0, "OS-EXT-STS:power_state": 0, "OS-EXT-AZ:availability_zone": "nova", "config_drive": "", "status": "BUILD", "updated": "2019-07-16T07:48:52Z", "hostId": "72b9c887413e3d1b168b8a764c99d3a0e751bfb972fb58c06126de27", "OS-SRV-USG:terminated_at": null, "key_name": null, "name": "s_rally_568b6210_thwPWTzW", "created": "2019-07-16T07:48:51Z", "tenant_id": "d2a6f2c2e7ca49a4a6b828854bb3bf8a", "os-extended-volumes:volumes_attached": [], "metadata": {}}} _http_log_response /usr/lib/python2.7/site-packages/keystoneauth1/session.py:511
2019-07-16 07:48:53.079 1967 DEBUG novaclient.v2.client [-] GET call to compute for http://172.30.9.28:8774/v2.1/servers/bdb6e90f-621c-4540-b630-fc9bfcbc90f4 used request id req-9f6c8337-f807-4f94-bb0a-800dafdfaf9a request /usr/lib/python2.7/site-packages/keystoneauth1/session.py:844
2019-07-16 07:48:53.081 1967 DEBUG novaclient.v2.client [-] REQ: curl -g -i -X GET http://172.30.9.28:8774/v2.1/servers/bdb6e90f-621c-4540-b630-fc9bfcbc90f4 -H "Accept: application/json" -H "User-Agent: python-novaclient" -H "X-Auth-Token: {SHA1}b97a4513acd63cef2f37a798c2a87a884f97fb5f" _http_log_request /usr/lib/python2.7/site-packages/keystoneauth1/session.py:448
2019-07-16 07:48:53.310 1966 DEBUG novaclient.v2.client [-] REQ: curl -g -i -X GET http://172.30.9.28:8774/v2.1/servers/727d6656-02a9-482a-8e67-4fc3df865b34 -H "Accept: application/json" -H "User-Agent: python-novaclient" -H "X-Auth-Token: {SHA1}75135f533a7aff0d31b68ed5580c70799010ad30" _http_log_request /usr/lib/python2.7/site-packages/keystoneauth1/session.py:448
2019-07-16 07:48:53.480 1966 DEBUG novaclient.v2.client [-] RESP: [200] Content-Encoding: gzip Content-Length: 634 Content-Type: application/json Date: Tue, 16 Jul 2019 07:48:53 GMT OpenStack-API-Version: compute 2.1 Server: Apache Vary: OpenStack-API-Version,X-OpenStack-Nova-API-Version,Accept-Encoding X-OpenStack-Nova-API-Version: 2.1 x-compute-request-id: req-98823b15-ad37-4d17-b3a1-244790b57a73 x-openstack-request-id: req-98823b15-ad37-4d17-b3a1-244790b57a73 _http_log_response /usr/lib/python2.7/site-packages/keystoneauth1/session.py:479
