2019-07-14 20:37:48.879 23278 WARNING rally_openstack.scenarios.neutron.utils [-] Running this scenario without either the 'network' or 'existing_network' context is deprecated
2019-07-14 20:37:51.357 23246 INFO rally.task.runner [-] Task c4d8460c-929c-4d3f-bf0b-f5c4b9596ce4 | ITER: 8 END: OK
2019-07-14 20:37:51.360 23246 INFO rally.task.runner [-] Task c4d8460c-929c-4d3f-bf0b-f5c4b9596ce4 | ITER: 40 START
2019-07-14 20:37:51.361 23246 WARNING rally_openstack.scenarios.neutron.utils [-] Running this scenario without either the 'network' or 'existing_network' context is deprecated
2019-07-14 20:37:59.834 23245 INFO rally.task.runner [-] Task c4d8460c-929c-4d3f-bf0b-f5c4b9596ce4 | ITER: 24 END: OK
2019-07-14 20:37:59.905 23258 INFO rally.task.runner [-] Task c4d8460c-929c-4d3f-bf0b-f5c4b9596ce4 | ITER: 23 END: OK
2019-07-14 20:38:00.418 23247 INFO rally.task.runner [-] Task c4d8460c-929c-4d3f-bf0b-f5c4b9596ce4 | ITER: 21 END: OK
2019-07-14 20:38:00.646 23287 INFO rally.task.runner [-] Task c4d8460c-929c-4d3f-bf0b-f5c4b9596ce4 | ITER: 30 END: OK
2019-07-14 20:38:01.083 23266 INFO rally.task.runner [-] Task c4d8460c-929c-4d3f-bf0b-f5c4b9596ce4 | ITER: 26 END: OK
2019-07-14 20:38:01.126 23243 INFO rally.task.runner [-] Task c4d8460c-929c-4d3f-bf0b-f5c4b9596ce4 | ITER: 27 END: OK
2019-07-14 20:38:01.248 23284 INFO rally.task.runner [-] Task c4d8460c-929c-4d3f-bf0b-f5c4b9596ce4 | ITER: 29 END: OK
2019-07-14 20:38:01.599 23245 INFO rally.task.runner [-] Task c4d8460c-929c-4d3f-bf0b-f5c4b9596ce4 | ITER: 32 END: OK
2019-07-14 20:38:02.413 23246 INFO rally.task.runner [-] Task c4d8460c-929c-4d3f-bf0b-f5c4b9596ce4 | ITER: 22 END: OK
2019-07-14 20:38:02.687 23251 INFO rally.task.runner [-] Task c4d8460c-929c-4d3f-bf0b-f5c4b9596ce4 | ITER: 31 END: OK
2019-07-14 20:38:02.841 23244 INFO rally.task.runner [-] Task c4d8460c-929c-4d3f-bf0b-f5c4b9596ce4 | ITER: 33 END: OK
2019-07-14 20:38:03.007 23281 INFO rally.task.runner [-] Task c4d8460c-929c-4d3f-bf0b-f5c4b9596ce4 | ITER: 34 END: OK
2019-07-14 20:38:03.037 23271 INFO rally.task.runner [-] Task c4d8460c-929c-4d3f-bf0b-f5c4b9596ce4 | ITER: 35 END: OK
2019-07-14 20:38:03.363 23263 INFO rally.task.runner [-] Task c4d8460c-929c-4d3f-bf0b-f5c4b9596ce4 | ITER: 25 END: OK
2019-07-14 20:38:03.681 23243 INFO rally.task.runner [-] Task c4d8460c-929c-4d3f-bf0b-f5c4b9596ce4 | ITER: 28 END: OK
2019-07-14 20:38:03.824 23278 INFO rally.task.runner [-] Task c4d8460c-929c-4d3f-bf0b-f5c4b9596ce4 | ITER: 39 END: OK
2019-07-14 20:38:04.369 23288 INFO rally.task.runner [-] Task c4d8460c-929c-4d3f-bf0b-f5c4b9596ce4 | ITER: 37 END: OK
2019-07-14 20:38:04.834 23244 INFO rally.task.runner [-] Task c4d8460c-929c-4d3f-bf0b-f5c4b9596ce4 | ITER: 36 END: OK
2019-07-14 20:38:05.645 23268 INFO rally.task.runner [-] Task c4d8460c-929c-4d3f-bf0b-f5c4b9596ce4 | ITER: 38 END: OK
2019-07-14 20:38:06.390 23246 INFO rally.task.runner [-] Task c4d8460c-929c-4d3f-bf0b-f5c4b9596ce4 | ITER: 40 END: OK
2019-07-14 20:38:06.419 18997 INFO rally.task.context [-] Task c4d8460c-929c-4d3f-bf0b-f5c4b9596ce4 | Context cleanup@openstack cleanup() started
2019-07-14 20:38:06.422 18997 RALLYDEBUG rally_openstack.cleanup.manager [-] Cleaning up neutron vip objects
2019-07-14 20:38:07.162 18997 RALLYDEBUG rally_openstack.cleanup.manager [-] Cleaning up neutron health_monitor objects
2019-07-14 20:38:07.901 18997 RALLYDEBUG rally_openstack.cleanup.manager [-] Cleaning up neutron pool objects
2019-07-14 20:38:08.644 18997 RALLYDEBUG rally_openstack.cleanup.manager [-] Cleaning up neutron loadbalancer objects
2019-07-14 20:38:09.305 18997 RALLYDEBUG rally_openstack.cleanup.manager [-] Cleaning up neutron floatingip objects
2019-07-14 20:38:10.003 18997 RALLYDEBUG rally_openstack.cleanup.manager [-] Cleaning up neutron port objects
2019-07-14 20:38:11.032 18997 RALLYDEBUG rally_openstack.cleanup.manager [-] Cleaning up neutron subnet objects
2019-07-14 20:38:11.791 18997 RALLYDEBUG rally_openstack.cleanup.manager [-] Cleaning up neutron network objects
2019-07-14 20:38:12.697 18997 RALLYDEBUG rally_openstack.cleanup.manager [-] Deleting neutron.network object s_rally_3571fae7_BGXip3IU (27308647-2888-4043-9934-01e1d0cdcc22)
2019-07-14 20:38:12.703 18997 RALLYDEBUG rally_openstack.cleanup.manager [-] Deleting neutron.network object s_rally_3571fae7_x25ojsz8 (2a77f40a-6d38-45e4-aaf4-7926e2ef87cf)
2019-07-14 20:38:12.710 18997 RALLYDEBUG rally_openstack.cleanup.manager [-] Deleting neutron.network object s_rally_3571fae7_W65wzsKD (2c7e0bef-632e-4803-86be-dabf4d06d025)
2019-07-14 20:38:12.714 18997 RALLYDEBUG rally_openstack.cleanup.manager [-] Deleting neutron.network object s_rally_3571fae7_f0Ajg1m4 (2de03b00-7bbf-4a0f-a1d7-7c67bedaf800)
2019-07-14 20:38:12.723 18997 RALLYDEBUG rally_openstack.cleanup.manager [-] Deleting neutron.network object s_rally_3571fae7_CT1B9GBj (35cce022-e1fb-411e-9381-dfd5e338de2b)
2019-07-14 20:38:12.740 18997 RALLYDEBUG rally_openstack.cleanup.manager [-] Deleting neutron.network object s_rally_3571fae7_4hTSt28c (4d5b39c3-9e0d-406a-8be9-343b382afb72)
2019-07-14 20:38:12.743 18997 RALLYDEBUG rally_openstack.cleanup.manager [-] Deleting neutron.network object s_rally_3571fae7_t8fnVncH (3da304eb-9600-48b2-aeaf-616bdd10e110)
2019-07-14 20:38:12.767 18997 RALLYDEBUG rally_openstack.cleanup.manager [-] Deleting neutron.network object s_rally_3571fae7_m6AxRsQE (4f24ebbd-3d87-41cc-b9d5-9e2c39abb293)
2019-07-14 20:38:12.782 18997 RALLYDEBUG rally_openstack.cleanup.manager [-] Deleting neutron.network object s_rally_3571fae7_bAV2GtiJ (653341cd-19dc-47a3-9cab-65151461fc13)
2019-07-14 20:38:12.788 18997 RALLYDEBUG rally_openstack.cleanup.manager [-] Deleting neutron.network object s_rally_3571fae7_delmcMMo (5f149876-7eb7-478f-89e6-5a45e89ea4c2)
2019-07-14 20:38:12.805 18997 RALLYDEBUG rally_openstack.cleanup.manager [-] Deleting neutron.network object s_rally_3571fae7_y9UFinV8 (5aa168a0-3303-49e9-ada9-6f198ce11101)
2019-07-14 20:38:12.831 18997 RALLYDEBUG rally_openstack.cleanup.manager [-] Deleting neutron.network object s_rally_3571fae7_snvzpvab (689a744c-0bba-488b-89f3-951be82b0f64)
2019-07-14 20:38:12.833 18997 RALLYDEBUG rally_openstack.cleanup.manager [-] Deleting neutron.network object s_rally_3571fae7_wSR6bnJP (66f396dc-67ec-4ba0-9958-37ff88152ad9)
2019-07-14 20:38:12.850 18997 RALLYDEBUG rally_openstack.cleanup.manager [-] Deleting neutron.network object s_rally_3571fae7_hTqhKXQC (69855fb5-03c2-4bee-8b56-5dac055cfba5)
2019-07-14 20:38:12.861 18997 RALLYDEBUG rally_openstack.cleanup.manager [-] Deleting neutron.network object s_rally_3571fae7_B2RchrRM (6f6d7945-b7c8-41e2-b5cd-f046af5bc927)
2019-07-14 20:38:12.869 18997 RALLYDEBUG rally_openstack.cleanup.manager [-] Deleting neutron.network object s_rally_3571fae7_1QMZdHnX (71bcfe19-6811-44fe-be25-68b1ba0f2e14)
2019-07-14 20:38:12.882 18997 RALLYDEBUG rally_openstack.cleanup.manager [-] Deleting neutron.network object s_rally_3571fae7_FCf2lwFm (82022cfc-22d9-4be6-adf2-00eeabca9aac)
2019-07-14 20:38:12.886 18997 RALLYDEBUG rally_openstack.cleanup.manager [-] Deleting neutron.network object s_rally_3571fae7_Ffnbvdl0 (73918ae7-361d-4cc2-9ddf-8b4c1228cc8b)
2019-07-14 20:38:12.923 18997 RALLYDEBUG rally_openstack.cleanup.manager [-] Deleting neutron.network object s_rally_3571fae7_telrSOQK (82f99bd8-d750-4156-8f3f-2b93baf54a98)
2019-07-14 20:38:12.926 18997 RALLYDEBUG rally_openstack.cleanup.manager [-] Deleting neutron.network object s_rally_3571fae7_mvHYTERj (a0ffae50-b598-4ad5-a80a-8ec483683628)
2019-07-14 20:38:16.072 18997 RALLYDEBUG rally_openstack.cleanup.manager [-] Deleting neutron.network object s_rally_3571fae7_3eXR6X27 (a5485292-670f-4599-82ff-f8fb180c33da)
2019-07-14 20:38:16.121 18997 RALLYDEBUG rally_openstack.cleanup.manager [-] Deleting neutron.network object s_rally_3571fae7_9gx9YK3i (a889d946-03d8-410f-b3a1-cb43b7620710)
2019-07-14 20:38:16.181 18997 RALLYDEBUG rally_openstack.cleanup.manager [-] Deleting neutron.network object s_rally_3571fae7_JgrlPgAO (abebb187-01ab-430b-b0d5-0938552d0ef5)
2019-07-14 20:38:16.385 18997 RALLYDEBUG rally_openstack.cleanup.manager [-] Deleting neutron.network object s_rally_3571fae7_Frldbm8q (aedc58ac-63b9-41d7-bf56-599f418387bb)
2019-07-14 20:38:16.556 18997 RALLYDEBUG rally_openstack.cleanup.manager [-] Deleting neutron.network object s_rally_3571fae7_FdWwinSg (b005bc8a-c5e2-423f-9e92-18e9c22c1479)
2019-07-14 20:38:16.614 18997 RALLYDEBUG rally_openstack.cleanup.manager [-] Deleting neutron.network object s_rally_3571fae7_h3FNlGfb (b850dadd-4ae4-4994-b407-9024e930650e)
2019-07-14 20:38:16.655 18997 RALLYDEBUG rally_openstack.cleanup.manager [-] Deleting neutron.network object s_rally_3571fae7_toA8YLwJ (bd98622a-dbe9-46ba-8186-f94150b541da)
2019-07-14 20:38:16.688 18997 RALLYDEBUG rally_openstack.cleanup.manager [-] Deleting neutron.network object s_rally_3571fae7_wXKQvC6O (ca04b468-0c5e-438e-9e9e-7ef4fc31f9a8)
2019-07-14 20:38:16.722 18997 RALLYDEBUG rally_openstack.cleanup.manager [-] Deleting neutron.network object s_rally_3571fae7_1xbvZcOg (ca1c47f5-2f4d-4071-b0d6-bec952f8b949)
2019-07-14 20:38:17.245 18997 RALLYDEBUG rally_openstack.cleanup.manager [-] Deleting neutron.network object s_rally_3571fae7_3gt4jw4P (ca8cf186-b124-47a6-8ab5-b3039d9d729d)
2019-07-14 20:38:17.411 18997 RALLYDEBUG rally_openstack.cleanup.manager [-] Deleting neutron.network object s_rally_3571fae7_vJOVow2x (ccd28e46-6c84-4ad8-a14a-e8a4ccb5941f)
2019-07-14 20:38:17.434 18997 RALLYDEBUG rally_openstack.cleanup.manager [-] Deleting neutron.network object s_rally_3571fae7_BAxOkulo (d4b0c37e-f369-4cce-8698-46e87b55a1df)
2019-07-14 20:38:17.453 18997 RALLYDEBUG rally_openstack.cleanup.manager [-] Deleting neutron.network object s_rally_3571fae7_Y8kXpXIh (d4cee6b6-82d6-484c-b916-81b8e309a7cb)
2019-07-14 20:38:17.507 18997 RALLYDEBUG rally_openstack.cleanup.manager [-] Deleting neutron.network object s_rally_3571fae7_Jm38PT1G (dd1a0bb5-cb6a-4e2f-9461-69d98f87e357)
2019-07-14 20:38:17.599 18997 RALLYDEBUG rally_openstack.cleanup.manager [-] Deleting neutron.network object s_rally_3571fae7_zAcycpUF (dff85d90-b4c1-4c53-ac2e-6b50088b8dbb)
2019-07-14 20:38:17.603 18997 RALLYDEBUG rally_openstack.cleanup.manager [-] Deleting neutron.network object s_rally_3571fae7_eP476wkL (e9df0e67-778b-41d1-a748-f2816bdcfae0)
2019-07-14 20:38:17.609 18997 RALLYDEBUG rally_openstack.cleanup.manager [-] Deleting neutron.network object s_rally_3571fae7_DhJLS8xP (e59a0d51-31d6-4ed8-91d0-fc57ebf4c2ef)
2019-07-14 20:38:18.799 18997 RALLYDEBUG rally_openstack.cleanup.manager [-] Deleting neutron.network object s_rally_3571fae7_BiqWO4jR (f1318044-1953-4c57-a799-a44d21fb7308)
2019-07-14 20:38:18.856 18997 RALLYDEBUG rally_openstack.cleanup.manager [-] Deleting neutron.network object s_rally_3571fae7_muP49u9w (f5f217c9-f121-4608-981f-d1b8ba466789)
2019-07-14 20:38:18.863 18997 RALLYDEBUG rally_openstack.cleanup.manager [-] Deleting neutron.network object s_rally_3571fae7_txTAvlJM (fdf3c427-cc11-4dad-9280-b9b0711137a8)
2019-07-14 20:38:23.146 18997 RALLYDEBUG rally_openstack.cleanup.manager [-] Cleaning up neutron router objects
2019-07-14 20:38:24.261 18997 RALLYDEBUG rally_openstack.cleanup.manager [-] Cleaning up neutron security_group objects
2019-07-14 20:38:25.035 18997 INFO rally.task.context [-] Task c4d8460c-929c-4d3f-bf0b-f5c4b9596ce4 | Context cleanup@openstack cleanup() finished in 18.62 sec
2019-07-14 20:38:25.036 18997 INFO rally.task.context [-] Task c4d8460c-929c-4d3f-bf0b-f5c4b9596ce4 | Context quotas@openstack cleanup() started
2019-07-14 20:38:25.375 18997 INFO rally.task.context [-] Task c4d8460c-929c-4d3f-bf0b-f5c4b9596ce4 | Context quotas@openstack cleanup() finished in 0.34 sec
2019-07-14 20:38:25.375 18997 INFO rally.task.context [-] Task c4d8460c-929c-4d3f-bf0b-f5c4b9596ce4 | Context users@openstack cleanup() started
2019-07-14 20:38:30.655 18997 INFO rally.task.context [-] Task c4d8460c-929c-4d3f-bf0b-f5c4b9596ce4 | Context users@openstack cleanup() finished in 5.28 sec
2019-07-14 20:38:31.100 18997 INFO rally.task.engine [-] Load duration is: 40.061237
2019-07-14 20:38:31.100 18997 INFO rally.task.engine [-] Full runner duration is: 40.112748
2019-07-14 20:38:31.101 18997 INFO rally.task.engine [-] Full duration is: 69.907526
2019-07-14 20:38:31.395 18997 INFO rally.task.engine [-] Running workload: position = 0 config = { "version": 2, "title": "A cropped version of a bigger task.", "description": "Auto-generated task from a single workload (uuid=0736b40f-97bd-4080-bea5-4785e1d697fc)", "subtasks": [ { "title": "Quotas.neutron_update", "description": "Update quotas for neutron.", "scenario": { "Quotas.neutron_update": { "max_quota": 1024 } }, "contexts": { "users": { "tenants": 20, "users_per_tenant": 1 } }, "runner": { "constant": { "times": 40, "concurrency": 20 } }, "hooks": [], "sla": { "failure_rate": { "max": 0 } } } ] }
2019-07-14 20:38:31.418 18997 RALLYDEBUG rally_openstack.contexts.keystone.users [-] Creating 20 tenants using 20 threads
2019-07-14 20:38:34.061 18997 RALLYDEBUG rally_openstack.contexts.keystone.users [-] Creating 20 users using 20 threads
2019-07-14 20:38:37.684 18997 INFO rally.task.context [-] Task c4d8460c-929c-4d3f-bf0b-f5c4b9596ce4 | Context users@openstack setup() finished in 6.27 sec
2019-07-14 20:38:37.685 18997 INFO rally.task.context [-] Task c4d8460c-929c-4d3f-bf0b-f5c4b9596ce4 | Context admin_cleanup@openstack setup() finished in 0.00 msec
2019-07-14 20:38:37.692 18997 RALLYDEBUG rally.task.runner [-] Starting the constant runner (task UUID: c4d8460c-929c-4d3f-bf0b-f5c4b9596ce4). timeout: 0 concurrency: 20 concurrency_per_worker: 1 times: 40 concurrency_overhead: 4 processes_to_start: 16 max_cpu_used: 16
2019-07-14 20:38:37.706 23613 RALLYDEBUG rally.task.runner [-] Starting a worker. concurrency: 2 args: {"max_quota": 1024} times: 40 method_name: run timeout: 0 duration: None cls:
2019-07-14 20:38:37.709 23614 RALLYDEBUG rally.task.runner [-] Starting a worker. concurrency: 2 args: {"max_quota": 1024} times: 40 method_name: run timeout: 0 duration: None cls:
2019-07-14 20:38:37.711 23615 RALLYDEBUG rally.task.runner [-] Starting a worker. concurrency: 2 args: {"max_quota": 1024} times: 40 method_name: run timeout: 0 duration: None cls:
2019-07-14 20:38:37.714 23616 RALLYDEBUG rally.task.runner [-] Starting a worker. concurrency: 2 args: {"max_quota": 1024} times: 40 method_name: run timeout: 0 duration: None cls:
2019-07-14 20:38:37.718 23617 RALLYDEBUG rally.task.runner [-] Starting a worker. concurrency: 1 args: {"max_quota": 1024} times: 40 method_name: run timeout: 0 duration: None cls:
2019-07-14 20:38:37.718 23618 RALLYDEBUG rally.task.runner [-] Starting a worker. concurrency: 1 args: {"max_quota": 1024} times: 40 method_name: run timeout: 0 duration: None cls:
2019-07-14 20:38:37.721 23614 INFO rally.task.runner [-] Task c4d8460c-929c-4d3f-bf0b-f5c4b9596ce4 | ITER: 2 START
2019-07-14 20:38:37.722 23615 INFO rally.task.runner [-] Task c4d8460c-929c-4d3f-bf0b-f5c4b9596ce4 | ITER: 3 START
2019-07-14 20:38:37.723 23613 INFO rally.task.runner [-] Task c4d8460c-929c-4d3f-bf0b-f5c4b9596ce4 | ITER: 1 START
2019-07-14 20:38:37.727 23618 INFO rally.task.runner [-] Task c4d8460c-929c-4d3f-bf0b-f5c4b9596ce4 | ITER: 8 START
2019-07-14 20:38:37.726 23621 RALLYDEBUG rally.task.runner [-] Starting a worker. concurrency: 1 args: {"max_quota": 1024} times: 40 method_name: run timeout: 0 duration: None cls:
2019-07-14 20:38:37.728 23617 INFO rally.task.runner [-] Task c4d8460c-929c-4d3f-bf0b-f5c4b9596ce4 | ITER: 7 START
2019-07-14 20:38:37.728 23624 RALLYDEBUG rally.task.runner [-] Starting a worker. concurrency: 1 args: {"max_quota": 1024} times: 40 method_name: run timeout: 0 duration: None cls:
2019-07-14 20:38:37.731 23628 RALLYDEBUG rally.task.runner [-] Starting a worker. concurrency: 1 args: {"max_quota": 1024} times: 40 method_name: run timeout: 0 duration: None cls:
2019-07-14 20:38:37.732 23616 INFO rally.task.runner [-] Task c4d8460c-929c-4d3f-bf0b-f5c4b9596ce4 | ITER: 5 START
2019-07-14 20:38:37.732 23613 INFO rally.task.runner [-] Task c4d8460c-929c-4d3f-bf0b-f5c4b9596ce4 | ITER: 4 START
2019-07-14 20:38:37.734 23631 RALLYDEBUG rally.task.runner [-] Starting a worker. concurrency: 1 args: {"max_quota": 1024} times: 40 method_name: run timeout: 0 duration: None cls:
2019-07-14 20:38:37.735 23621 INFO rally.task.runner [-] Task c4d8460c-929c-4d3f-bf0b-f5c4b9596ce4 | ITER: 11 START
2019-07-14 20:38:37.736 23616 INFO rally.task.runner [-] Task c4d8460c-929c-4d3f-bf0b-f5c4b9596ce4 | ITER: 10 START
2019-07-14 20:38:37.738 23614 INFO rally.task.runner [-] Task c4d8460c-929c-4d3f-bf0b-f5c4b9596ce4 | ITER: 6 START
2019-07-14 20:38:37.738 23624 INFO rally.task.runner [-] Task c4d8460c-929c-4d3f-bf0b-f5c4b9596ce4 | ITER: 12 START
2019-07-14 20:38:37.739 23615 INFO rally.task.runner [-] Task c4d8460c-929c-4d3f-bf0b-f5c4b9596ce4 | ITER: 9 START
2019-07-14 20:38:37.742 23628 INFO rally.task.runner [-] Task c4d8460c-929c-4d3f-bf0b-f5c4b9596ce4 | ITER: 13 START
2019-07-14 20:38:37.742 23636 RALLYDEBUG rally.task.runner [-] Starting a worker. concurrency: 1 args: {"max_quota": 1024} times: 40 method_name: run timeout: 0 duration: None cls:
2019-07-14 20:38:37.744 23631 INFO rally.task.runner [-] Task c4d8460c-929c-4d3f-bf0b-f5c4b9596ce4 | ITER: 14 START
2019-07-14 20:38:37.749 23644 RALLYDEBUG rally.task.runner [-] Starting a worker. concurrency: 1 args: {"max_quota": 1024} times: 40 method_name: run timeout: 0 duration: None cls:
2019-07-14 20:38:37.754 23636 INFO rally.task.runner [-] Task c4d8460c-929c-4d3f-bf0b-f5c4b9596ce4 | ITER: 15 START
2019-07-14 20:38:37.758 23644 INFO rally.task.runner [-] Task c4d8460c-929c-4d3f-bf0b-f5c4b9596ce4 | ITER: 16 START
2019-07-14 20:38:37.760 23650 RALLYDEBUG rally.task.runner [-] Starting a worker. concurrency: 1 args: {"max_quota": 1024} times: 40 method_name: run timeout: 0 duration: None cls:
2019-07-14 20:38:37.760 23649 RALLYDEBUG rally.task.runner [-] Starting a worker. concurrency: 1 args: {"max_quota": 1024} times: 40 method_name: run timeout: 0 duration: None cls:
2019-07-14 20:38:37.770 23650 INFO rally.task.runner [-] Task c4d8460c-929c-4d3f-bf0b-f5c4b9596ce4 | ITER: 17 START
2019-07-14 20:38:37.770 23649 INFO rally.task.runner [-] Task c4d8460c-929c-4d3f-bf0b-f5c4b9596ce4 | ITER: 18 START
2019-07-14 20:38:37.774 23655 RALLYDEBUG rally.task.runner [-] Starting a worker. concurrency: 1 args: {"max_quota": 1024} times: 40 method_name: run timeout: 0 duration: None cls:
2019-07-14 20:38:37.775 23656 RALLYDEBUG rally.task.runner [-] Starting a worker. concurrency: 1 args: {"max_quota": 1024} times: 40 method_name: run timeout: 0 duration: None cls:
2019-07-14 20:38:37.781 23656 INFO rally.task.runner [-] Task c4d8460c-929c-4d3f-bf0b-f5c4b9596ce4 | ITER: 20 START
2019-07-14 20:38:37.782 23655 INFO rally.task.runner [-] Task c4d8460c-929c-4d3f-bf0b-f5c4b9596ce4 | ITER: 19 START
2019-07-14 20:38:39.845 23618 INFO rally.task.runner [-] Task c4d8460c-929c-4d3f-bf0b-f5c4b9596ce4 | ITER: 8 END: OK
2019-07-14 20:38:39.852 23618 INFO rally.task.runner [-] Task c4d8460c-929c-4d3f-bf0b-f5c4b9596ce4 | ITER: 21 START
2019-07-14 20:38:39.952 23617 INFO rally.task.runner [-] Task c4d8460c-929c-4d3f-bf0b-f5c4b9596ce4 | ITER: 7 END: OK
2019-07-14 20:38:39.958 23617 INFO rally.task.runner [-] Task c4d8460c-929c-4d3f-bf0b-f5c4b9596ce4 | ITER: 22 START
2019-07-14 20:38:40.093 23621 INFO rally.task.runner [-] Task c4d8460c-929c-4d3f-bf0b-f5c4b9596ce4 | ITER: 11 END: OK
2019-07-14 20:38:40.098 23621 INFO rally.task.runner [-] Task c4d8460c-929c-4d3f-bf0b-f5c4b9596ce4 | ITER: 23 START
2019-07-14 20:38:40.174 23616 INFO rally.task.runner [-] Task c4d8460c-929c-4d3f-bf0b-f5c4b9596ce4 | ITER: 5 END: OK
2019-07-14 20:38:40.180 23616 INFO rally.task.runner [-] Task c4d8460c-929c-4d3f-bf0b-f5c4b9596ce4 | ITER: 24 START
2019-07-14 20:38:40.392 23649 INFO rally.task.runner [-] Task c4d8460c-929c-4d3f-bf0b-f5c4b9596ce4 | ITER: 18 END: OK
2019-07-14 20:38:40.398 23649 INFO rally.task.runner [-] Task c4d8460c-929c-4d3f-bf0b-f5c4b9596ce4 | ITER: 25 START
2019-07-14 20:38:40.403 23613 INFO rally.task.runner [-] Task c4d8460c-929c-4d3f-bf0b-f5c4b9596ce4 | ITER: 4 END: OK
2019-07-14 20:38:40.409 23613 INFO rally.task.runner [-] Task c4d8460c-929c-4d3f-bf0b-f5c4b9596ce4 | ITER: 26 START
2019-07-14 20:38:40.461 23650 INFO rally.task.runner [-] Task c4d8460c-929c-4d3f-bf0b-f5c4b9596ce4 | ITER: 17 END: OK
2019-07-14 20:38:40.467 23650 INFO rally.task.runner [-] Task c4d8460c-929c-4d3f-bf0b-f5c4b9596ce4 | ITER: 27 START
2019-07-14 20:38:40.501 23614 INFO rally.task.runner [-] Task c4d8460c-929c-4d3f-bf0b-f5c4b9596ce4 | ITER: 6 END: OK
2019-07-14 20:38:40.507 23614 INFO rally.task.runner [-] Task c4d8460c-929c-4d3f-bf0b-f5c4b9596ce4 | ITER: 28 START
2019-07-14 20:38:40.536 23628 INFO rally.task.runner [-] Task c4d8460c-929c-4d3f-bf0b-f5c4b9596ce4 | ITER: 13 END: OK
2019-07-14 20:38:40.542 23628 INFO rally.task.runner [-] Task c4d8460c-929c-4d3f-bf0b-f5c4b9596ce4 | ITER: 29 START
2019-07-14 20:38:40.555 23615 INFO rally.task.runner [-] Task c4d8460c-929c-4d3f-bf0b-f5c4b9596ce4 | ITER: 3 END: OK
2019-07-14 20:38:40.561 23615 INFO rally.task.runner [-] Task c4d8460c-929c-4d3f-bf0b-f5c4b9596ce4 | ITER: 30 START
2019-07-14 20:38:40.576 23616 INFO rally.task.runner [-] Task c4d8460c-929c-4d3f-bf0b-f5c4b9596ce4 | ITER: 10 END: OK
2019-07-14 20:38:40.582 23616 INFO rally.task.runner [-] Task c4d8460c-929c-4d3f-bf0b-f5c4b9596ce4 | ITER: 31 START
2019-07-14 20:38:40.637 23631 INFO rally.task.runner [-] Task c4d8460c-929c-4d3f-bf0b-f5c4b9596ce4 | ITER: 14 END: OK
2019-07-14 20:38:40.643 23631 INFO rally.task.runner [-] Task c4d8460c-929c-4d3f-bf0b-f5c4b9596ce4 | ITER: 32 START
2019-07-14 20:38:40.648 23614 INFO rally.task.runner [-] Task c4d8460c-929c-4d3f-bf0b-f5c4b9596ce4 | ITER: 2 END: OK
2019-07-14 20:38:40.655 23614 INFO rally.task.runner [-] Task c4d8460c-929c-4d3f-bf0b-f5c4b9596ce4 | ITER: 33 START
2019-07-14 20:38:40.687 23655 INFO rally.task.runner [-] Task c4d8460c-929c-4d3f-bf0b-f5c4b9596ce4 | ITER: 19 END: OK
2019-07-14 20:38:40.695 23655 INFO rally.task.runner [-] Task c4d8460c-929c-4d3f-bf0b-f5c4b9596ce4 | ITER: 34 START
2019-07-14 20:38:40.704 23636 INFO rally.task.runner [-] Task c4d8460c-929c-4d3f-bf0b-f5c4b9596ce4 | ITER: 15 END: OK
2019-07-14 20:38:40.711 23636 INFO rally.task.runner [-] Task c4d8460c-929c-4d3f-bf0b-f5c4b9596ce4 | ITER: 35 START
2019-07-14 20:38:40.721 23644 INFO rally.task.runner [-] Task c4d8460c-929c-4d3f-bf0b-f5c4b9596ce4 | ITER: 16 END: OK
2019-07-14 20:38:40.727 23644 INFO rally.task.runner [-] Task c4d8460c-929c-4d3f-bf0b-f5c4b9596ce4 | ITER: 36 START
2019-07-14 20:38:40.734 23615 INFO rally.task.runner [-] Task c4d8460c-929c-4d3f-bf0b-f5c4b9596ce4 | ITER: 9 END: OK
2019-07-14 20:38:40.740 23615 INFO rally.task.runner [-] Task c4d8460c-929c-4d3f-bf0b-f5c4b9596ce4 | ITER: 37 START
2019-07-14 20:38:40.749 23656 INFO rally.task.runner [-] Task c4d8460c-929c-4d3f-bf0b-f5c4b9596ce4 | ITER: 20 END: OK
2019-07-14 20:38:40.755 23656 INFO rally.task.runner [-] Task c4d8460c-929c-4d3f-bf0b-f5c4b9596ce4 | ITER: 38 START
2019-07-14 20:38:40.760 23613 INFO rally.task.runner [-] Task c4d8460c-929c-4d3f-bf0b-f5c4b9596ce4 | ITER: 1 END: OK
2019-07-14 20:38:40.765 23613 INFO rally.task.runner [-] Task c4d8460c-929c-4d3f-bf0b-f5c4b9596ce4 | ITER: 39 START
2019-07-14 20:38:40.780 23624 INFO rally.task.runner [-] Task c4d8460c-929c-4d3f-bf0b-f5c4b9596ce4 | ITER: 12 END: OK
2019-07-14 20:38:40.789 23624 INFO rally.task.runner [-] Task c4d8460c-929c-4d3f-bf0b-f5c4b9596ce4 | ITER: 40 START
2019-07-14 20:38:41.032 23617 INFO rally.task.runner [-] Task c4d8460c-929c-4d3f-bf0b-f5c4b9596ce4 | ITER: 22 END: OK
2019-07-14 20:38:41.101 23618 INFO rally.task.runner [-] Task c4d8460c-929c-4d3f-bf0b-f5c4b9596ce4 | ITER: 21 END: OK
2019-07-14 20:38:41.794 23616 INFO rally.task.runner [-] Task c4d8460c-929c-4d3f-bf0b-f5c4b9596ce4 | ITER: 24 END: OK
2019-07-14 20:38:42.001 23621 INFO rally.task.runner [-] Task c4d8460c-929c-4d3f-bf0b-f5c4b9596ce4 | ITER: 23 END: OK
2019-07-14 20:38:42.464 23649 INFO rally.task.runner [-] Task c4d8460c-929c-4d3f-bf0b-f5c4b9596ce4 | ITER: 25 END: OK
2019-07-14 20:38:42.692 23614 INFO rally.task.runner [-] Task c4d8460c-929c-4d3f-bf0b-f5c4b9596ce4 | ITER: 28 END: OK
2019-07-14 20:38:42.777 23650 INFO rally.task.runner [-] Task c4d8460c-929c-4d3f-bf0b-f5c4b9596ce4 | ITER: 27 END: OK
2019-07-14 20:38:42.992 23631 INFO rally.task.runner [-] Task c4d8460c-929c-4d3f-bf0b-f5c4b9596ce4 | ITER: 32 END: OK
2019-07-14 20:38:43.010 23613 INFO rally.task.runner [-] Task c4d8460c-929c-4d3f-bf0b-f5c4b9596ce4 | ITER: 26 END: OK
2019-07-14 20:38:43.066 23616 INFO rally.task.runner [-] Task c4d8460c-929c-4d3f-bf0b-f5c4b9596ce4 | ITER: 31 END: OK
2019-07-14 20:38:43.082 23615 INFO rally.task.runner [-] Task c4d8460c-929c-4d3f-bf0b-f5c4b9596ce4 | ITER: 30 END: OK
2019-07-14 20:38:43.135 23628 INFO rally.task.runner [-] Task c4d8460c-929c-4d3f-bf0b-f5c4b9596ce4 | ITER: 29 END: OK
2019-07-14 20:38:43.191 23636 INFO rally.task.runner [-] Task c4d8460c-929c-4d3f-bf0b-f5c4b9596ce4 | ITER: 35 END: OK
2019-07-14 20:38:43.216 23655 INFO rally.task.runner [-] Task c4d8460c-929c-4d3f-bf0b-f5c4b9596ce4 | ITER: 34 END: OK
2019-07-14 20:38:43.234 23656 INFO rally.task.runner [-] Task c4d8460c-929c-4d3f-bf0b-f5c4b9596ce4 | ITER: 38 END: OK
2019-07-14 20:38:43.246 23644 INFO rally.task.runner [-] Task c4d8460c-929c-4d3f-bf0b-f5c4b9596ce4 | ITER: 36 END: OK
2019-07-14 20:38:43.255 23613 INFO rally.task.runner [-] Task c4d8460c-929c-4d3f-bf0b-f5c4b9596ce4 | ITER: 39 END: OK
2019-07-14 20:38:43.268 23624 INFO rally.task.runner [-] Task c4d8460c-929c-4d3f-bf0b-f5c4b9596ce4 | ITER: 40 END: OK
2019-07-14 20:38:43.279 23614 INFO rally.task.runner [-] Task c4d8460c-929c-4d3f-bf0b-f5c4b9596ce4 | ITER: 33 END: OK
2019-07-14 20:38:43.330 23615 INFO rally.task.runner [-] Task c4d8460c-929c-4d3f-bf0b-f5c4b9596ce4 | ITER: 37 END: OK
2019-07-14 20:38:43.356 18997 INFO rally.task.context [-] Task c4d8460c-929c-4d3f-bf0b-f5c4b9596ce4 | Context admin_cleanup@openstack cleanup() started
2019-07-14 20:38:43.359 18997 RALLYDEBUG rally_openstack.cleanup.manager [-] Cleaning up neutron quota objects
2019-07-14 20:38:48.031 18997 INFO rally.task.context [-] Task c4d8460c-929c-4d3f-bf0b-f5c4b9596ce4 | Context admin_cleanup@openstack cleanup() finished in 4.68 sec
2019-07-14 20:38:48.032 18997 INFO rally.task.context [-] Task c4d8460c-929c-4d3f-bf0b-f5c4b9596ce4 | Context users@openstack cleanup() started
2019-07-14 20:39:20.626 18997 INFO rally.task.context [-] Task c4d8460c-929c-4d3f-bf0b-f5c4b9596ce4 | Context users@openstack cleanup() finished in 32.59 sec
2019-07-14 20:39:21.682 18997 INFO rally.task.engine [-] Load duration is: 5.605139
2019-07-14 20:39:21.683 18997 INFO rally.task.engine [-] Full runner duration is: 5.664077
2019-07-14 20:39:21.683 18997 INFO rally.task.engine [-] Full duration is: 49.211368
2019-07-14 20:39:21.952 18997 INFO rally.task.engine [-] Running workload: position = 0 config = { "version": 2, "title": "A cropped version of a bigger task.", "description": "Auto-generated task from a single workload (uuid=14e51ebb-e30b-4b53-94d9-2dadc198be6f)", "subtasks": [ { "title": "NeutronTrunks.create_and_list_trunk_subports", "description": "", "scenario": { "NeutronTrunks.create_and_list_trunk_subports": { "subport_count": 125 } }, "contexts": { "users": { "tenants": 1, "users_per_tenant": 1 }, "quotas": { "neutron": { "network": -1, "port": 1000 } } }, "runner": { "constant": { "times": 4, "concurrency": 4 } }, "hooks": [], "sla": { "failure_rate": { "max": 0 } } } ] }
2019-07-14 20:39:21.976 18997 RALLYDEBUG rally_openstack.contexts.keystone.users [-] Creating 1 tenants using 20 threads
2019-07-14 20:39:23.649 18997 RALLYDEBUG rally_openstack.contexts.keystone.users [-] Creating 1 users using 20 threads
2019-07-14 20:39:26.530 18997 INFO rally.task.context [-] Task c4d8460c-929c-4d3f-bf0b-f5c4b9596ce4 | Context users@openstack setup() finished in 4.55 sec
2019-07-14 20:39:27.310 18997 INFO rally.task.context [-] Task c4d8460c-929c-4d3f-bf0b-f5c4b9596ce4 | Context quotas@openstack setup() finished in 0.78 sec
2019-07-14 20:39:27.310 18997 INFO rally.task.context [-] Task c4d8460c-929c-4d3f-bf0b-f5c4b9596ce4 | Context cleanup@openstack setup() finished in 0.01 msec
2019-07-14 20:39:27.317 18997 RALLYDEBUG rally.task.runner [-] Starting the constant runner (task UUID: c4d8460c-929c-4d3f-bf0b-f5c4b9596ce4). timeout: 0 concurrency: 4 concurrency_per_worker: 1 times: 4 concurrency_overhead: 0 processes_to_start: 4 max_cpu_used: 16
2019-07-14 20:39:27.331 23803 RALLYDEBUG rally.task.runner [-] Starting a worker. concurrency: 1 args: {"subport_count": 125} times: 4 method_name: run timeout: 0 duration: None cls:
2019-07-14 20:39:27.334 23804 RALLYDEBUG rally.task.runner [-] Starting a worker. concurrency: 1 args: {"subport_count": 125} times: 4 method_name: run timeout: 0 duration: None cls:
2019-07-14 20:39:27.336 23803 INFO rally.task.runner [-] Task c4d8460c-929c-4d3f-bf0b-f5c4b9596ce4 | ITER: 1 START
2019-07-14 20:39:27.336 23805 RALLYDEBUG rally.task.runner [-] Starting a worker. concurrency: 1 args: {"subport_count": 125} times: 4 method_name: run timeout: 0 duration: None cls:
2019-07-14 20:39:27.340 23804 INFO rally.task.runner [-] Task c4d8460c-929c-4d3f-bf0b-f5c4b9596ce4 | ITER: 2 START
2019-07-14 20:39:27.340 23806 RALLYDEBUG rally.task.runner [-] Starting a worker. concurrency: 1 args: {"subport_count": 125} times: 4 method_name: run timeout: 0 duration: None cls:
2019-07-14 20:39:27.341 23805 INFO rally.task.runner [-] Task c4d8460c-929c-4d3f-bf0b-f5c4b9596ce4 | ITER: 3 START
2019-07-14 20:39:27.346 23806 INFO rally.task.runner [-] Task c4d8460c-929c-4d3f-bf0b-f5c4b9596ce4 | ITER: 4 START
2019-07-14 20:44:15.585 23805 DEBUG neutronclient.v2_0.client [-] Error message:

504 Gateway Time-out

The server didn't respond in time. _handle_fault_response /usr/lib/python2.7/site-packages/neutronclient/v2_0/client.py:259
2019-07-14 20:44:15.595 23805 ERROR rally.task.runner [-] Iteration 3 raised Exception: NeutronClientException:

504 Gateway Time-out

The server didn't respond in time.
2019-07-14 20:44:15.595 23805 ERROR rally.task.runner
Traceback (most recent call last):
2019-07-14 20:44:15.595 23805 ERROR rally.task.runner
File "/usr/lib/python2.7/site-packages/rally/task/runner.py", line 71, in _run_scenario_once
2019-07-14 20:44:15.595 23805 ERROR rally.task.runner getattr(scenario_inst, method_name)(**scenario_kwargs)
2019-07-14 20:44:15.595 23805 ERROR rally.task.runner
File "/root/.rally/plugins/trunk_scenario.py", line 41, in run
2019-07-14 20:44:15.595 23805 ERROR rally.task.runner trunk = self._create_trunk(trunk_payload)
2019-07-14 20:44:15.595 23805 ERROR rally.task.runner
File "/usr/lib/python2.7/site-packages/rally/task/atomic.py", line 91, in func_atomic_actions
2019-07-14 20:44:15.595 23805 ERROR rally.task.runner f = func(self, *args, **kwargs)
2019-07-14 20:44:15.595 23805 ERROR rally.task.runner
File "/root/.rally/plugins/trunk_scenario.py", line 53, in _create_trunk
2019-07-14 20:44:15.595 23805 ERROR rally.task.runner return self.clients("neutron").create_trunk({'trunk': trunk_payload})
2019-07-14 20:44:15.595 23805 ERROR rally.task.runner
File "/usr/lib/python2.7/site-packages/neutronclient/v2_0/client.py", line 2091, in create_trunk
2019-07-14 20:44:15.595 23805 ERROR rally.task.runner return self.post(self.trunks_path, body=body)
2019-07-14 20:44:15.595 23805 ERROR rally.task.runner
File "/usr/lib/python2.7/site-packages/neutronclient/v2_0/client.py", line 359, in post
2019-07-14 20:44:15.595 23805 ERROR rally.task.runner headers=headers, params=params)
2019-07-14 20:44:15.595 23805 ERROR rally.task.runner
File "/usr/lib/python2.7/site-packages/neutronclient/v2_0/client.py", line 294, in do_request
2019-07-14 20:44:15.595 23805 ERROR rally.task.runner self._handle_fault_response(status_code, replybody, resp)
2019-07-14 20:44:15.595 23805 ERROR rally.task.runner
File "/usr/lib/python2.7/site-packages/neutronclient/v2_0/client.py", line 269, in _handle_fault_response
2019-07-14 20:44:15.595 23805 ERROR rally.task.runner exception_handler_v20(status_code, error_body)
2019-07-14 20:44:15.595 23805 ERROR rally.task.runner
File "/usr/lib/python2.7/site-packages/neutronclient/v2_0/client.py", line 93, in exception_handler_v20
2019-07-14 20:44:15.595 23805 ERROR rally.task.runner request_ids=request_ids)
2019-07-14 20:44:15.595 23805 ERROR rally.task.runner NeutronClientException:

504 Gateway Time-out

2019-07-14 20:44:15.595 23805 ERROR rally.task.runner The server didn't respond in time.
2019-07-14 20:44:15.595 23805 ERROR rally.task.runner
2019-07-14 20:44:15.595 23805 ERROR rally.task.runner
2019-07-14 20:44:15.595 23805 ERROR rally.task.runner
2019-07-14 20:44:15.596 23805 INFO rally.task.runner [-] Task c4d8460c-929c-4d3f-bf0b-f5c4b9596ce4 | ITER: 3 END: Error NeutronClientException:

504 Gateway Time-out

The server didn't respond in time.
2019-07-14 20:44:16.649 23804 DEBUG neutronclient.v2_0.client [-] Error message:

504 Gateway Time-out

The server didn't respond in time. _handle_fault_response /usr/lib/python2.7/site-packages/neutronclient/v2_0/client.py:259
2019-07-14 20:44:16.656 23804 ERROR rally.task.runner [-] Iteration 2 raised Exception: NeutronClientException:

504 Gateway Time-out

The server didn't respond in time.
2019-07-14 20:44:16.656 23804 ERROR rally.task.runner
Traceback (most recent call last):
2019-07-14 20:44:16.656 23804 ERROR rally.task.runner
File "/usr/lib/python2.7/site-packages/rally/task/runner.py", line 71, in _run_scenario_once
2019-07-14 20:44:16.656 23804 ERROR rally.task.runner getattr(scenario_inst, method_name)(**scenario_kwargs)
2019-07-14 20:44:16.656 23804 ERROR rally.task.runner
File "/root/.rally/plugins/trunk_scenario.py", line 41, in run
2019-07-14 20:44:16.656 23804 ERROR rally.task.runner trunk = self._create_trunk(trunk_payload)
2019-07-14 20:44:16.656 23804 ERROR rally.task.runner
File "/usr/lib/python2.7/site-packages/rally/task/atomic.py", line 91, in func_atomic_actions
2019-07-14 20:44:16.656 23804 ERROR rally.task.runner f = func(self, *args, **kwargs)
2019-07-14 20:44:16.656 23804 ERROR rally.task.runner
File "/root/.rally/plugins/trunk_scenario.py", line 53, in _create_trunk
2019-07-14 20:44:16.656 23804 ERROR rally.task.runner return self.clients("neutron").create_trunk({'trunk': trunk_payload})
2019-07-14 20:44:16.656 23804 ERROR rally.task.runner
File "/usr/lib/python2.7/site-packages/neutronclient/v2_0/client.py", line 2091, in create_trunk
2019-07-14 20:44:16.656 23804 ERROR rally.task.runner return self.post(self.trunks_path, body=body)
2019-07-14 20:44:16.656 23804 ERROR rally.task.runner
File "/usr/lib/python2.7/site-packages/neutronclient/v2_0/client.py", line 359, in post
2019-07-14 20:44:16.656 23804 ERROR rally.task.runner headers=headers, params=params)
2019-07-14 20:44:16.656 23804 ERROR rally.task.runner
File "/usr/lib/python2.7/site-packages/neutronclient/v2_0/client.py", line 294, in do_request
2019-07-14 20:44:16.656 23804 ERROR rally.task.runner self._handle_fault_response(status_code, replybody, resp)
2019-07-14 20:44:16.656 23804 ERROR rally.task.runner
File "/usr/lib/python2.7/site-packages/neutronclient/v2_0/client.py", line 269, in _handle_fault_response
2019-07-14 20:44:16.656 23804 ERROR rally.task.runner exception_handler_v20(status_code, error_body)
2019-07-14 20:44:16.656 23804 ERROR rally.task.runner
File "/usr/lib/python2.7/site-packages/neutronclient/v2_0/client.py", line 93, in exception_handler_v20
2019-07-14 20:44:16.656 23804 ERROR rally.task.runner request_ids=request_ids)
2019-07-14 20:44:16.656 23804 ERROR rally.task.runner NeutronClientException:

504 Gateway Time-out

2019-07-14 20:44:16.656 23804 ERROR rally.task.runner The server didn't respond in time.
2019-07-14 20:44:16.656 23804 ERROR rally.task.runner
2019-07-14 20:44:16.656 23804 ERROR rally.task.runner
2019-07-14 20:44:16.656 23804 ERROR rally.task.runner
2019-07-14 20:44:16.658 23804 INFO rally.task.runner [-] Task c4d8460c-929c-4d3f-bf0b-f5c4b9596ce4 | ITER: 2 END: Error NeutronClientException:

504 Gateway Time-out

The server didn't respond in time.
2019-07-14 20:44:17.267 23803 DEBUG neutronclient.v2_0.client [-] Error message:

504 Gateway Time-out

The server didn't respond in time. _handle_fault_response /usr/lib/python2.7/site-packages/neutronclient/v2_0/client.py:259
2019-07-14 20:44:17.274 23803 ERROR rally.task.runner [-] Iteration 1 raised Exception: NeutronClientException:

504 Gateway Time-out

The server didn't respond in time.
2019-07-14 20:44:17.274 23803 ERROR rally.task.runner
Traceback (most recent call last):
2019-07-14 20:44:17.274 23803 ERROR rally.task.runner
File "/usr/lib/python2.7/site-packages/rally/task/runner.py", line 71, in _run_scenario_once
2019-07-14 20:44:17.274 23803 ERROR rally.task.runner getattr(scenario_inst, method_name)(**scenario_kwargs)
2019-07-14 20:44:17.274 23803 ERROR rally.task.runner
File "/root/.rally/plugins/trunk_scenario.py", line 41, in run
2019-07-14 20:44:17.274 23803 ERROR rally.task.runner trunk = self._create_trunk(trunk_payload)
2019-07-14 20:44:17.274 23803 ERROR rally.task.runner
File "/usr/lib/python2.7/site-packages/rally/task/atomic.py", line 91, in func_atomic_actions
2019-07-14 20:44:17.274 23803 ERROR rally.task.runner f = func(self, *args, **kwargs)
2019-07-14 20:44:17.274 23803 ERROR rally.task.runner
File "/root/.rally/plugins/trunk_scenario.py", line 53, in _create_trunk
2019-07-14 20:44:17.274 23803 ERROR rally.task.runner return self.clients("neutron").create_trunk({'trunk': trunk_payload})
2019-07-14 20:44:17.274 23803 ERROR rally.task.runner
File "/usr/lib/python2.7/site-packages/neutronclient/v2_0/client.py", line 2091, in create_trunk
2019-07-14 20:44:17.274 23803 ERROR rally.task.runner return self.post(self.trunks_path, body=body)
2019-07-14 20:44:17.274 23803 ERROR rally.task.runner
File "/usr/lib/python2.7/site-packages/neutronclient/v2_0/client.py", line 359, in post
2019-07-14 20:44:17.274 23803 ERROR rally.task.runner headers=headers, params=params)
2019-07-14 20:44:17.274 23803 ERROR rally.task.runner
File "/usr/lib/python2.7/site-packages/neutronclient/v2_0/client.py", line 294, in do_request
2019-07-14 20:44:17.274 23803 ERROR rally.task.runner self._handle_fault_response(status_code, replybody, resp)
2019-07-14 20:44:17.274 23803 ERROR rally.task.runner
File "/usr/lib/python2.7/site-packages/neutronclient/v2_0/client.py", line 269, in _handle_fault_response
2019-07-14 20:44:17.274 23803 ERROR rally.task.runner exception_handler_v20(status_code, error_body)
2019-07-14 20:44:17.274 23803 ERROR rally.task.runner
File "/usr/lib/python2.7/site-packages/neutronclient/v2_0/client.py", line 93, in exception_handler_v20
2019-07-14 20:44:17.274 23803 ERROR rally.task.runner request_ids=request_ids)
2019-07-14 20:44:17.274 23803 ERROR rally.task.runner NeutronClientException:

504 Gateway Time-out

2019-07-14 20:44:17.274 23803 ERROR rally.task.runner The server didn't respond in time.
2019-07-14 20:44:17.274 23803 ERROR rally.task.runner
2019-07-14 20:44:17.274 23803 ERROR rally.task.runner
2019-07-14 20:44:17.274 23803 ERROR rally.task.runner
2019-07-14 20:44:17.276 23803 INFO rally.task.runner [-] Task c4d8460c-929c-4d3f-bf0b-f5c4b9596ce4 | ITER: 1 END: Error NeutronClientException:

504 Gateway Time-out

The server didn't respond in time.
2019-07-14 20:44:18.968 23806 DEBUG neutronclient.v2_0.client [-] Error message:

504 Gateway Time-out

The server didn't respond in time. _handle_fault_response /usr/lib/python2.7/site-packages/neutronclient/v2_0/client.py:259
2019-07-14 20:44:18.975 23806 ERROR rally.task.runner [-] Iteration 4 raised Exception: NeutronClientException:

504 Gateway Time-out

The server didn't respond in time.
2019-07-14 20:44:18.975 23806 ERROR rally.task.runner
Traceback (most recent call last):
2019-07-14 20:44:18.975 23806 ERROR rally.task.runner
File "/usr/lib/python2.7/site-packages/rally/task/runner.py", line 71, in _run_scenario_once
2019-07-14 20:44:18.975 23806 ERROR rally.task.runner getattr(scenario_inst, method_name)(**scenario_kwargs)
2019-07-14 20:44:18.975 23806 ERROR rally.task.runner
File "/root/.rally/plugins/trunk_scenario.py", line 41, in run
2019-07-14 20:44:18.975 23806 ERROR rally.task.runner trunk = self._create_trunk(trunk_payload)
2019-07-14 20:44:18.975 23806 ERROR rally.task.runner
File "/usr/lib/python2.7/site-packages/rally/task/atomic.py", line 91, in func_atomic_actions
2019-07-14 20:44:18.975 23806 ERROR rally.task.runner f = func(self, *args, **kwargs)
2019-07-14 20:44:18.975 23806 ERROR rally.task.runner
File "/root/.rally/plugins/trunk_scenario.py", line 53, in _create_trunk
2019-07-14 20:44:18.975 23806 ERROR rally.task.runner return self.clients("neutron").create_trunk({'trunk': trunk_payload})
2019-07-14 20:44:18.975 23806 ERROR rally.task.runner
File "/usr/lib/python2.7/site-packages/neutronclient/v2_0/client.py", line 2091, in create_trunk
2019-07-14 20:44:18.975 23806 ERROR rally.task.runner return self.post(self.trunks_path, body=body)
2019-07-14 20:44:18.975 23806 ERROR rally.task.runner
File "/usr/lib/python2.7/site-packages/neutronclient/v2_0/client.py", line 359, in post
2019-07-14 20:44:18.975 23806 ERROR rally.task.runner headers=headers, params=params)
2019-07-14 20:44:18.975 23806 ERROR rally.task.runner
File "/usr/lib/python2.7/site-packages/neutronclient/v2_0/client.py", line 294, in do_request
2019-07-14 20:44:18.975 23806 ERROR rally.task.runner self._handle_fault_response(status_code, replybody, resp)
2019-07-14 20:44:18.975 23806 ERROR rally.task.runner
File "/usr/lib/python2.7/site-packages/neutronclient/v2_0/client.py", line 269, in _handle_fault_response
2019-07-14 20:44:18.975 23806 ERROR rally.task.runner exception_handler_v20(status_code, error_body)
2019-07-14 20:44:18.975 23806 ERROR rally.task.runner
File "/usr/lib/python2.7/site-packages/neutronclient/v2_0/client.py", line 93, in exception_handler_v20
2019-07-14 20:44:18.975 23806 ERROR rally.task.runner request_ids=request_ids)
2019-07-14 20:44:18.975 23806 ERROR rally.task.runner NeutronClientException:

504 Gateway Time-out

2019-07-14 20:44:18.975 23806 ERROR rally.task.runner The server didn't respond in time.
2019-07-14 20:44:18.975 23806 ERROR rally.task.runner
2019-07-14 20:44:18.975 23806 ERROR rally.task.runner
2019-07-14 20:44:18.975 23806 ERROR rally.task.runner
2019-07-14 20:44:18.977 23806 INFO rally.task.runner [-] Task c4d8460c-929c-4d3f-bf0b-f5c4b9596ce4 | ITER: 4 END: Error NeutronClientException:

504 Gateway Time-out

The server didn't respond in time.
2019-07-14 20:44:19.001 18997 INFO rally.task.context [-] Task c4d8460c-929c-4d3f-bf0b-f5c4b9596ce4 | Context cleanup@openstack cleanup() started
2019-07-14 20:44:19.007 18997 RALLYDEBUG rally_openstack.cleanup.manager [-] Cleaning up neutron vip objects
2019-07-14 20:44:19.888 18997 RALLYDEBUG rally_openstack.cleanup.manager [-] Cleaning up neutron health_monitor objects
2019-07-14 20:44:20.649 18997 RALLYDEBUG rally_openstack.cleanup.manager [-] Cleaning up neutron pool objects
2019-07-14 20:44:22.045 18997 RALLYDEBUG rally_openstack.cleanup.manager [-] Cleaning up neutron loadbalancer objects
2019-07-14 20:44:22.799 18997 RALLYDEBUG rally_openstack.cleanup.manager [-] Cleaning up neutron floatingip objects
2019-07-14 20:44:24.031 18997 RALLYDEBUG rally_openstack.cleanup.manager [-] Cleaning up neutron port objects
2019-07-14 20:44:26.983 18997 RALLYDEBUG rally_openstack.cleanup.manager [-] Deleting neutron.port object s_rally_14e51ebb_bi6Q8ROH (026cab5d-bb89-456c-b387-2afd677ec2e4)
2019-07-14 20:44:26.997 18997 RALLYDEBUG rally_openstack.cleanup.manager [-] Deleting neutron.port object s_rally_14e51ebb_MYLE2jlB (00f1bda9-4d29-4ec0-a164-34ac595f0ae6)
2019-07-14 20:44:26.999 18997 RALLYDEBUG rally_openstack.cleanup.manager [-] Deleting neutron.port object s_rally_14e51ebb_9v6eNHcO (02d04cea-e88e-402e-96ef-d582a7d9353a)
2019-07-14 20:44:26.999 18997 RALLYDEBUG rally_openstack.cleanup.manager [-] Deleting neutron.port object s_rally_14e51ebb_2h0rhaVw (00cc0275-b216-4963-a736-52cb2bf3e6d5)
2019-07-14 20:44:27.005 18997 RALLYDEBUG rally_openstack.cleanup.manager [-] Deleting neutron.port object s_rally_14e51ebb_3gzcthot (0335d220-74df-41e9-8d49-29435f98bf4c)
2019-07-14 20:44:27.007 18997 RALLYDEBUG rally_openstack.cleanup.manager [-] Deleting neutron.port object s_rally_14e51ebb_78f14NtC (01a75a41-1648-4a93-89c0-41b452ff143a)
2019-07-14 20:44:27.008 18997 RALLYDEBUG rally_openstack.cleanup.manager [-] Deleting neutron.port object s_rally_14e51ebb_DQwBeUlo (02fa7d05-bd1b-4e98-9a54-74c1ee51860b)
2019-07-14 20:44:27.008 18997 RALLYDEBUG rally_openstack.cleanup.manager [-] Deleting neutron.port object s_rally_14e51ebb_zaL10R8k (02b4d49c-8151-4a67-8443-144bf69bb2ba)
2019-07-14 20:44:27.010 18997 RALLYDEBUG rally_openstack.cleanup.manager [-] Deleting neutron.port object s_rally_14e51ebb_BxHwu7hk (02a9a004-b6d9-4ebe-aa9b-a130ca918e46)
2019-07-14 20:44:27.011 18997 RALLYDEBUG rally_openstack.cleanup.manager [-] Deleting neutron.port object s_rally_14e51ebb_Nl9JShRW (0135e520-9eae-46d7-8a98-ee0b6810cde3)
2019-07-14 20:44:27.011 18997 RALLYDEBUG rally_openstack.cleanup.manager [-] Deleting neutron.port object s_rally_14e51ebb_BXhWZBSo (0257fee6-b287-423c-8159-c4956ae98f78)
2019-07-14 20:44:27.018 18997 RALLYDEBUG rally_openstack.cleanup.manager [-] Deleting neutron.port object s_rally_14e51ebb_q02XhgpU (035e3218-57f0-41f6-98e6-b670b91cb7c4)
2019-07-14 20:44:27.028 18997 RALLYDEBUG rally_openstack.cleanup.manager [-] Deleting neutron.port object s_rally_14e51ebb_3EqHcXWP (00e90197-0569-4c15-a734-f4e0afde7fb2)
2019-07-14 20:44:27.035 18997 RALLYDEBUG rally_openstack.cleanup.manager [-] Deleting neutron.port object s_rally_14e51ebb_hTlDfzEz (03702b49-0c6a-4c2f-9b7f-cf61986b7afc)
2019-07-14 20:44:27.062 18997 RALLYDEBUG rally_openstack.cleanup.manager [-] Deleting neutron.port object s_rally_14e51ebb_6OuLaknm (03f2cbd8-433e-43bc-8707-3a8e5b88d4be)
2019-07-14 20:44:27.065 18997 RALLYDEBUG rally_openstack.cleanup.manager [-] Deleting neutron.port object s_rally_14e51ebb_JsuRpvM5 (041d2caa-a879-4b9b-a153-1a461944766b)
2019-07-14 20:44:27.079 18997 RALLYDEBUG rally_openstack.cleanup.manager [-] Deleting neutron.port object s_rally_14e51ebb_zYwlQdjH (066232dd-7346-4803-b586-1b71a3b0fd9b)
2019-07-14 20:44:27.080 18997 RALLYDEBUG rally_openstack.cleanup.manager [-] Deleting neutron.port object s_rally_14e51ebb_xPXzZl7q (05499233-0f74-4344-a757-2539f6ba54fe)
2019-07-14 20:44:27.126 18997 RALLYDEBUG rally_openstack.cleanup.manager [-] Deleting neutron.port object s_rally_14e51ebb_BpvEyzxF (0683ebd7-b136-4978-b1cd-310288fa264a)
2019-07-14 20:44:27.126 18997 RALLYDEBUG rally_openstack.cleanup.manager [-] Deleting neutron.port object s_rally_14e51ebb_gWi53V6t (067c62ad-77ed-4415-8d2b-0c53db3b88e0)
2019-07-14 20:44:28.276 18997 DEBUG neutronclient.v2_0.client [-] Error message: {"NeutronError": {"message": "Port 02b4d49c-8151-4a67-8443-144bf69bb2ba is currently a subport for trunk f63e3d81-014d-465d-9b0b-fdb71f30eeeb.", "type": "PortInUseAsSubPort", "detail": ""}} _handle_fault_response /usr/lib/python2.7/site-packages/neutronclient/v2_0/client.py:259
2019-07-14 20:44:28.312 18997 DEBUG neutronclient.v2_0.client [-] Error message: {"NeutronError": {"message": "Port 026cab5d-bb89-456c-b387-2afd677ec2e4 is currently a subport for trunk 652c2eb0-2ef8-41cb-a268-e325a77325f9.", "type": "PortInUseAsSubPort", "detail": ""}} _handle_fault_response /usr/lib/python2.7/site-packages/neutronclient/v2_0/client.py:259
2019-07-14 20:44:28.336 18997 DEBUG neutronclient.v2_0.client [-] Error message: {"NeutronError": {"message": "Port 0135e520-9eae-46d7-8a98-ee0b6810cde3 is currently a subport for trunk 252d3ac9-40c8-43ed-840e-e6ce2914bd98.", "type": "PortInUseAsSubPort", "detail": ""}} _handle_fault_response /usr/lib/python2.7/site-packages/neutronclient/v2_0/client.py:259
2019-07-14 20:44:28.350 18997 DEBUG neutronclient.v2_0.client [-] Error message: {"NeutronError": {"message": "Port 02a9a004-b6d9-4ebe-aa9b-a130ca918e46 is currently a subport for trunk 652c2eb0-2ef8-41cb-a268-e325a77325f9.", "type": "PortInUseAsSubPort", "detail": ""}} _handle_fault_response /usr/lib/python2.7/site-packages/neutronclient/v2_0/client.py:259
2019-07-14 20:44:28.419 18997 DEBUG neutronclient.v2_0.client [-] Error message: {"NeutronError": {"message": "Port 00cc0275-b216-4963-a736-52cb2bf3e6d5 is currently a subport for trunk 252d3ac9-40c8-43ed-840e-e6ce2914bd98.", "type": "PortInUseAsSubPort", "detail": ""}} _handle_fault_response /usr/lib/python2.7/site-packages/neutronclient/v2_0/client.py:259
2019-07-14 20:44:28.429 18997 DEBUG neutronclient.v2_0.client [-] Error message: {"NeutronError": {"message": "Port 0135e520-9eae-46d7-8a98-ee0b6810cde3 is currently a subport for trunk 252d3ac9-40c8-43ed-840e-e6ce2914bd98.", "type": "PortInUseAsSubPort", "detail": ""}} _handle_fault_response /usr/lib/python2.7/site-packages/neutronclient/v2_0/client.py:259
2019-07-14 20:44:28.433 18997 DEBUG neutronclient.v2_0.client [-] Error message: {"NeutronError": {"message": "Port 00e90197-0569-4c15-a734-f4e0afde7fb2 is currently a subport for trunk 252d3ac9-40c8-43ed-840e-e6ce2914bd98.", "type": "PortInUseAsSubPort", "detail": ""}} _handle_fault_response /usr/lib/python2.7/site-packages/neutronclient/v2_0/client.py:259
2019-07-14 20:44:28.438 18997 DEBUG neutronclient.v2_0.client [-] Error message: {"NeutronError": {"message": "Port 0257fee6-b287-423c-8159-c4956ae98f78 is currently a subport for trunk f63e3d81-014d-465d-9b0b-fdb71f30eeeb.", "type": "PortInUseAsSubPort", "detail": ""}} _handle_fault_response /usr/lib/python2.7/site-packages/neutronclient/v2_0/client.py:259
