2019-07-14 20:35:17.526 18997 RALLYDEBUG rally_openstack.cleanup.manager [-] Deleting neutron.port object s_rally_1aa7af9e_c5HeYbwu (d7e2257d-272b-4b5d-b6e4-b1713e5cc05d)
2019-07-14 20:35:17.841 18997 RALLYDEBUG rally_openstack.cleanup.manager [-] Deleting neutron.port object s_rally_1aa7af9e_zYehelJl (d7e23406-4998-4503-9100-460c7c0bda7f)
2019-07-14 20:35:17.999 18997 RALLYDEBUG rally_openstack.cleanup.manager [-] Deleting neutron.port object s_rally_1aa7af9e_FOLKctPT (d89fe5de-5b50-47e0-a348-422d864dd112)
2019-07-14 20:35:18.179 18997 RALLYDEBUG rally_openstack.cleanup.manager [-] Deleting neutron.port object s_rally_1aa7af9e_3viYP71k (d955126a-35eb-4dbb-85ad-1614db4a0ac8)
2019-07-14 20:35:18.183 18997 RALLYDEBUG rally_openstack.cleanup.manager [-] Deleting neutron.port object s_rally_1aa7af9e_rZ9Dxuu5 (d90ddfa1-ffd5-4025-bfe6-5e93974336c2)
2019-07-14 20:35:18.345 18997 RALLYDEBUG rally_openstack.cleanup.manager [-] Deleting neutron.port object s_rally_1aa7af9e_vcjEer3W (daa98501-4eb5-4609-a506-086bfa509ef8)
2019-07-14 20:35:18.402 18997 RALLYDEBUG rally_openstack.cleanup.manager [-] Deleting neutron.port object s_rally_1aa7af9e_ZhyhZI67 (dbb23e35-3a7f-47b8-8612-75ef7a894c99)
2019-07-14 20:35:18.440 18997 RALLYDEBUG rally_openstack.cleanup.manager [-] Deleting neutron.port object s_rally_1aa7af9e_OOx0bqsu (dbf08794-3336-4227-adab-1ce44b39196f)
2019-07-14 20:35:18.502 18997 RALLYDEBUG rally_openstack.cleanup.manager [-] Deleting neutron.port object s_rally_1aa7af9e_G96jiemx (dc926704-73a7-4023-8121-ed4bb1699ee1)
2019-07-14 20:35:18.615 18997 RALLYDEBUG rally_openstack.cleanup.manager [-] Deleting neutron.port object s_rally_1aa7af9e_H55Jqqug (dda8e11e-1908-47ed-beaf-112df4c65baa)
2019-07-14 20:35:18.828 18997 RALLYDEBUG rally_openstack.cleanup.manager [-] Deleting neutron.port object s_rally_1aa7af9e_l2QWFLTX (ddfd9742-521f-4123-9349-691fbe39fbbc)
2019-07-14 20:35:18.909 18997 RALLYDEBUG rally_openstack.cleanup.manager [-] Deleting neutron.port object s_rally_1aa7af9e_o7kSAQLb (de881069-9562-429a-995f-b3606984945d)
2019-07-14 20:35:19.222 18997 RALLYDEBUG rally_openstack.cleanup.manager [-] Deleting neutron.port object s_rally_1aa7af9e_icSJBZsV (e1cca112-08f3-4554-8775-53d55a0989cb)
2019-07-14 20:35:19.434 18997 RALLYDEBUG rally_openstack.cleanup.manager [-] Deleting neutron.port object s_rally_1aa7af9e_P4bqRXFG (e2b2c616-78f5-4828-b471-1a1c7f6c6e41)
2019-07-14 20:35:19.502 18997 RALLYDEBUG rally_openstack.cleanup.manager [-] Deleting neutron.port object s_rally_1aa7af9e_ddSIfqFw (e3261113-fb65-4c56-a2ef-577620c322bd)
2019-07-14 20:35:19.712 18997 RALLYDEBUG rally_openstack.cleanup.manager [-] Deleting neutron.port object s_rally_1aa7af9e_selXgbsj (e3271980-f176-4139-80b5-d41ce14e8798)
2019-07-14 20:35:19.733 18997 RALLYDEBUG rally_openstack.cleanup.manager [-] Deleting neutron.port object s_rally_1aa7af9e_cNhrp4AD (e348df3f-c702-41b4-b965-c904756ce9bf)
2019-07-14 20:35:19.762 18997 RALLYDEBUG rally_openstack.cleanup.manager [-] Deleting neutron.port object s_rally_1aa7af9e_7oQekyvY (e453524b-4c6a-420e-bc1c-8ce6da5187cc)
2019-07-14 20:35:19.782 18997 RALLYDEBUG rally_openstack.cleanup.manager [-] Deleting neutron.port object s_rally_1aa7af9e_m6jp7zF5 (e45d3516-2681-4092-9ed3-2161ca5f7205)
2019-07-14 20:35:20.049 18997 RALLYDEBUG rally_openstack.cleanup.manager [-] Deleting neutron.port object s_rally_1aa7af9e_hbbLDKWq (e4dc6626-b3c2-402a-b3e1-ef7f2a4bb510)
2019-07-14 20:35:20.262 18997 RALLYDEBUG rally_openstack.cleanup.manager [-] Deleting neutron.port object s_rally_1aa7af9e_0fGtdxUl (e5a6341b-6f9c-4e6e-aadf-057db85bf646)
2019-07-14 20:35:20.410 18997 RALLYDEBUG rally_openstack.cleanup.manager [-] Deleting neutron.port object s_rally_1aa7af9e_ljfHntoI (e60da8a4-03b9-47f6-bc6b-5380f8c5cb4c)
2019-07-14 20:35:20.716 18997 RALLYDEBUG rally_openstack.cleanup.manager [-] Deleting neutron.port object s_rally_1aa7af9e_mmsOnZ1W (e6900c12-32eb-460b-a227-ee4411598bf1)
2019-07-14 20:35:20.739 18997 RALLYDEBUG rally_openstack.cleanup.manager [-] Deleting neutron.port object s_rally_1aa7af9e_w6ko195p (e6c23e3a-e343-47ff-a516-cad49ce1face)
2019-07-14 20:35:20.790 18997 RALLYDEBUG rally_openstack.cleanup.manager [-] Deleting neutron.port object s_rally_1aa7af9e_hpad8A0R (e81426f0-64a5-41cc-b969-3c71e2892b06)
2019-07-14 20:35:20.837 18997 RALLYDEBUG rally_openstack.cleanup.manager [-] Deleting neutron.port object s_rally_1aa7af9e_5rRzSCvn (e8652fe7-f6c7-4381-8fdd-b9cc73769ba1)
2019-07-14 20:35:21.280 18997 RALLYDEBUG rally_openstack.cleanup.manager [-] Deleting neutron.port object s_rally_1aa7af9e_DSrHaB6V (e8aa3574-c635-4b89-9d02-71887024abfc)
2019-07-14 20:35:21.346 18997 RALLYDEBUG rally_openstack.cleanup.manager [-] Deleting neutron.port object s_rally_1aa7af9e_ZsxBednZ (ea516c5f-f930-4652-87b8-a6034c66fa66)
2019-07-14 20:35:21.487 18997 RALLYDEBUG rally_openstack.cleanup.manager [-] Deleting neutron.port object s_rally_1aa7af9e_xXJbprXv (eae0874d-2d15-484b-bc35-f36170d3a23a)
2019-07-14 20:35:21.530 18997 RALLYDEBUG rally_openstack.cleanup.manager [-] Deleting neutron.port object s_rally_1aa7af9e_AkjsGdCh (eb24b1d6-bebd-449b-b918-271f7b8f9717)
2019-07-14 20:35:21.700 18997 RALLYDEBUG rally_openstack.cleanup.manager [-] Deleting neutron.port object s_rally_1aa7af9e_VUoqmEUl (eb4d62f8-7ee7-40b4-84e0-822253572f38)
2019-07-14 20:35:21.712 18997 RALLYDEBUG rally_openstack.cleanup.manager [-] Deleting neutron.port object s_rally_1aa7af9e_Bg7Sft5k (eba13b1d-9b2b-4aba-b8eb-3e1d063a86b8)
2019-07-14 20:35:21.786 18997 RALLYDEBUG rally_openstack.cleanup.manager [-] Deleting neutron.port object s_rally_1aa7af9e_rk9Wwoe1 (ec538b30-caf2-432d-9434-c53ae5a1efcd)
2019-07-14 20:35:21.805 18997 RALLYDEBUG rally_openstack.cleanup.manager [-] Deleting neutron.port object s_rally_1aa7af9e_Ly0ymrnf (eccc8144-1262-4d5f-9e3c-5dc8132ee384)
2019-07-14 20:35:21.817 18997 RALLYDEBUG rally_openstack.cleanup.manager [-] Deleting neutron.port object s_rally_1aa7af9e_xvvXdMj5 (ed592e5f-613a-4260-8826-e450006e68b0)
2019-07-14 20:35:21.954 18997 RALLYDEBUG rally_openstack.cleanup.manager [-] Deleting neutron.port object s_rally_1aa7af9e_H4LAVVlG (ee439582-e4e2-427e-83fa-b508dcb5a35a)
2019-07-14 20:35:22.035 18997 RALLYDEBUG rally_openstack.cleanup.manager [-] Deleting neutron.port object s_rally_1aa7af9e_drhiMljZ (ee860d18-cb79-4120-a861-b6f96b07cb94)
2019-07-14 20:35:22.111 18997 RALLYDEBUG rally_openstack.cleanup.manager [-] Deleting neutron.port object s_rally_1aa7af9e_1NTDdR1z (eea62ec7-70de-401b-bef7-0fb112aa460f)
2019-07-14 20:35:22.145 18997 RALLYDEBUG rally_openstack.cleanup.manager [-] Deleting neutron.port object s_rally_1aa7af9e_Fw8OLa1k (eec243b4-362f-4c63-8c19-60aca12d7fba)
2019-07-14 20:35:22.372 18997 RALLYDEBUG rally_openstack.cleanup.manager [-] Deleting neutron.port object s_rally_1aa7af9e_1SycSyZ0 (ef07f151-f393-4b89-942d-6216c3c07425)
2019-07-14 20:35:22.586 18997 RALLYDEBUG rally_openstack.cleanup.manager [-] Deleting neutron.port object s_rally_1aa7af9e_qS0GrRba (f14eba48-6398-4361-bbe0-b68025536b6d)
2019-07-14 20:35:22.877 18997 RALLYDEBUG rally_openstack.cleanup.manager [-] Deleting neutron.port object s_rally_1aa7af9e_Pl2qTuKk (f1bbc54d-851b-4cc9-bbba-2ca7daca6e09)
2019-07-14 20:35:22.975 18997 RALLYDEBUG rally_openstack.cleanup.manager [-] Deleting neutron.port object s_rally_1aa7af9e_JTdlYBmz (f26452d6-56de-4c6c-9362-064c3b76b949)
2019-07-14 20:35:23.020 18997 RALLYDEBUG rally_openstack.cleanup.manager [-] Deleting neutron.port object s_rally_1aa7af9e_GsPimLLb (f2970734-3f6f-49b7-b757-cdc6f1df4b19)
2019-07-14 20:35:23.386 18997 RALLYDEBUG rally_openstack.cleanup.manager [-] Deleting neutron.port object s_rally_1aa7af9e_9dFzvr90 (f329b812-b41a-4e01-b2aa-ea81fc75e9f7)
2019-07-14 20:35:23.499 18997 RALLYDEBUG rally_openstack.cleanup.manager [-] Deleting neutron.port object s_rally_1aa7af9e_6VecOZ7h (f36bacf7-670b-4a18-9dfd-d3ad3b69a78d)
2019-07-14 20:35:23.707 18997 RALLYDEBUG rally_openstack.cleanup.manager [-] Deleting neutron.port object s_rally_1aa7af9e_8Cmwd7cY (f38746f3-b32f-4cb9-970f-584d50785232)
2019-07-14 20:35:23.813 18997 RALLYDEBUG rally_openstack.cleanup.manager [-] Deleting neutron.port object s_rally_1aa7af9e_D4owpRW2 (f4167a33-14bc-4b4a-a8de-6efc1f7fab99)
2019-07-14 20:35:23.908 18997 RALLYDEBUG rally_openstack.cleanup.manager [-] Deleting neutron.port object s_rally_1aa7af9e_I6pPeJ6V (f5bddae8-6a7f-41de-994a-538404e540ac)
2019-07-14 20:35:23.950 18997 RALLYDEBUG rally_openstack.cleanup.manager [-] Deleting neutron.port object s_rally_1aa7af9e_CaRMegE8 (f7186698-cedc-410d-942a-352e8db220dd)
2019-07-14 20:35:23.970 18997 RALLYDEBUG rally_openstack.cleanup.manager [-] Deleting neutron.port object s_rally_1aa7af9e_LMLpsm7o (f80f66c6-a7c8-47c5-a348-5382b35fc224)
2019-07-14 20:35:24.382 18997 RALLYDEBUG rally_openstack.cleanup.manager [-] Deleting neutron.port object s_rally_1aa7af9e_zxSI5pjj (f8df40ad-bb0c-4de1-8416-7d5d99f39674)
2019-07-14 20:35:24.406 18997 RALLYDEBUG rally_openstack.cleanup.manager [-] Deleting neutron.port object s_rally_1aa7af9e_FyAQa6LE (fd128c97-7774-495a-bc07-ab0e48ca9079)
2019-07-14 20:35:24.458 18997 RALLYDEBUG rally_openstack.cleanup.manager [-] Deleting neutron.port object s_rally_1aa7af9e_BDBvAI4o (fd1e24b2-9a6d-4934-8a8f-2b81b7836bf8)
2019-07-14 20:35:24.553 18997 RALLYDEBUG rally_openstack.cleanup.manager [-] Deleting neutron.port object s_rally_1aa7af9e_i8hQZgrz (fd583018-9054-4f2a-b66a-5c99db38cb29)
2019-07-14 20:35:24.709 18997 RALLYDEBUG rally_openstack.cleanup.manager [-] Deleting neutron.port object s_rally_1aa7af9e_mhlaTiJx (fd9b48b9-e136-4387-9401-14b0b466ded1)
2019-07-14 20:35:24.763 18997 RALLYDEBUG rally_openstack.cleanup.manager [-] Deleting neutron.port object s_rally_1aa7af9e_qjAbEZmW (fdf4c275-037c-425c-a7fd-e992a2042a2c)
2019-07-14 20:35:24.812 18997 RALLYDEBUG rally_openstack.cleanup.manager [-] Deleting neutron.port object s_rally_1aa7af9e_wDmgyjO5 (fee6de77-2cf6-4172-a2b0-6ce01ccae8e7)
2019-07-14 20:35:24.813 18997 RALLYDEBUG rally_openstack.cleanup.manager [-] Deleting neutron.port object s_rally_1aa7af9e_tc8yBSC7 (fef632e1-16c0-4925-93d5-3370f6ac9592)
2019-07-14 20:35:24.894 18997 RALLYDEBUG rally_openstack.cleanup.manager [-] Deleting neutron.port object s_rally_1aa7af9e_XXCVXxRD (ff6a2d03-c247-47fc-8709-54e46f9c83c0)
2019-07-14 20:35:27.314 18997 RALLYDEBUG rally_openstack.cleanup.manager [-] Cleaning up neutron subnet objects
2019-07-14 20:35:27.972 18997 RALLYDEBUG rally_openstack.cleanup.manager [-] Cleaning up neutron network objects
2019-07-14 20:35:28.729 18997 RALLYDEBUG rally_openstack.cleanup.manager [-] Deleting neutron.network object s_rally_1aa7af9e_sDNNgjeI (00c9c2ce-42a4-4b5e-bab1-a4c17c5a8cca)
2019-07-14 20:35:28.734 18997 RALLYDEBUG rally_openstack.cleanup.manager [-] Deleting neutron.network object s_rally_1aa7af9e_DwQgqMfO (12e95482-cd5c-4f06-bb65-e42465ad0ccb)
2019-07-14 20:35:28.748 18997 RALLYDEBUG rally_openstack.cleanup.manager [-] Deleting neutron.network object s_rally_1aa7af9e_mPk96YaZ (1a8adb40-8929-44ce-8c62-7dbc3a3c9b8d)
2019-07-14 20:35:28.750 18997 RALLYDEBUG rally_openstack.cleanup.manager [-] Deleting neutron.network object s_rally_1aa7af9e_AtW518MU (2b08b7f5-fecb-4a97-95c9-7821aa682a24)
2019-07-14 20:35:28.762 18997 RALLYDEBUG rally_openstack.cleanup.manager [-] Deleting neutron.network object s_rally_1aa7af9e_Xrc6GmJJ (2f6ab8dd-fd6a-4225-bd80-e9eeb297417d)
2019-07-14 20:35:28.766 18997 RALLYDEBUG rally_openstack.cleanup.manager [-] Deleting neutron.network object s_rally_1aa7af9e_cMRxjSGF (3c568e96-7465-4cc9-ab44-96695eeefc37)
2019-07-14 20:35:28.781 18997 RALLYDEBUG rally_openstack.cleanup.manager [-] Deleting neutron.network object s_rally_1aa7af9e_3iZk3OiX (ef930fa4-e934-470f-8201-4ef235b57e36)
2019-07-14 20:35:28.790 18997 RALLYDEBUG rally_openstack.cleanup.manager [-] Deleting neutron.network object s_rally_1aa7af9e_QAspt3LQ (a8a5b859-1ecb-4ebf-adf9-a261f824c827)
2019-07-14 20:35:33.062 18997 RALLYDEBUG rally_openstack.cleanup.manager [-] Cleaning up neutron router objects
2019-07-14 20:35:34.128 18997 RALLYDEBUG rally_openstack.cleanup.manager [-] Cleaning up neutron security_group objects
2019-07-14 20:35:35.063 18997 INFO rally.task.context [-] Task c4d8460c-929c-4d3f-bf0b-f5c4b9596ce4 | Context cleanup@openstack cleanup() finished in 1.13 min
2019-07-14 20:35:35.064 18997 INFO rally.task.context [-] Task c4d8460c-929c-4d3f-bf0b-f5c4b9596ce4 | Context quotas@openstack cleanup() started
2019-07-14 20:35:35.308 18997 INFO rally.task.context [-] Task c4d8460c-929c-4d3f-bf0b-f5c4b9596ce4 | Context quotas@openstack cleanup() finished in 0.24 sec
2019-07-14 20:35:35.308 18997 INFO rally.task.context [-] Task c4d8460c-929c-4d3f-bf0b-f5c4b9596ce4 | Context users@openstack cleanup() started
2019-07-14 20:35:40.422 18997 INFO rally.task.context [-] Task c4d8460c-929c-4d3f-bf0b-f5c4b9596ce4 | Context users@openstack cleanup() finished in 5.11 sec
2019-07-14 20:35:41.729 18997 INFO rally.task.engine [-] Load duration is: 114.435214
2019-07-14 20:35:41.730 18997 INFO rally.task.engine [-] Full runner duration is: 114.487193
2019-07-14 20:35:41.730 18997 INFO rally.task.engine [-] Full duration is: 193.466523
2019-07-14 20:35:41.941 18997 INFO rally.task.engine [-] Running workload: position = 1 config = { "version": 2, "title": "A cropped version of a bigger task.", "description": "Auto-generated task from a single workload (uuid=910db6a4-7d23-4d26-ac76-9c2f9b0ee011)", "subtasks": [ { "title": "NeutronNetworks.create_and_update_ports", "description": "Create and update a given number of ports.", "scenario": { "NeutronNetworks.create_and_update_ports": { "network_create_args": {}, "port_create_args": {}, "ports_per_network": 5, "port_update_args": { "admin_state_up": false, "device_id": "dummy_id", "device_owner": "dummy_owner", "name": "_port_updated" } } }, "contexts": { "users": { "tenants": 1, "users_per_tenant": 1 }, "quotas": { "neutron": { "network": -1, "port": -1 } } }, "runner": { "constant": { "times": 40, "concurrency": 20 } }, "hooks": [], "sla": { "failure_rate": { "max": 0 } } } ] }
2019-07-14 20:35:41.965 18997 RALLYDEBUG rally_openstack.contexts.keystone.users [-] Creating 1 tenants using 20 threads
2019-07-14 20:35:43.788 18997 RALLYDEBUG rally_openstack.contexts.keystone.users [-] Creating 1 users using 20 threads
2019-07-14 20:35:46.678 18997 INFO rally.task.context [-] Task c4d8460c-929c-4d3f-bf0b-f5c4b9596ce4 | Context users@openstack setup() finished in 4.71 sec
2019-07-14 20:35:47.477 18997 INFO rally.task.context [-] Task c4d8460c-929c-4d3f-bf0b-f5c4b9596ce4 | Context quotas@openstack setup() finished in 0.80 sec
2019-07-14 20:35:47.477 18997 INFO rally.task.context [-] Task c4d8460c-929c-4d3f-bf0b-f5c4b9596ce4 | Context cleanup@openstack setup() finished in 0.01 msec
2019-07-14 20:35:47.485 18997 RALLYDEBUG rally.task.runner [-] Starting the constant runner (task UUID: c4d8460c-929c-4d3f-bf0b-f5c4b9596ce4). timeout: 0 concurrency: 20 concurrency_per_worker: 1 times: 40 concurrency_overhead: 4 processes_to_start: 16 max_cpu_used: 16
2019-07-14 20:35:47.498 22873 RALLYDEBUG rally.task.runner [-] Starting a worker. concurrency: 2 args: {"network_create_args": {}, "port_create_args": {}, "ports_per_network": 5, "port_update_args": {"admin_state_up": false, "device_id": "dummy_id", "device_owner": "dummy_owner", "name": "_port_updated"}} times: 40 method_name: run timeout: 0 duration: None cls:
2019-07-14 20:35:47.501 22874 RALLYDEBUG rally.task.runner [-] Starting a worker. concurrency: 2 args: {"network_create_args": {}, "port_create_args": {}, "ports_per_network": 5, "port_update_args": {"admin_state_up": false, "device_id": "dummy_id", "device_owner": "dummy_owner", "name": "_port_updated"}} times: 40 method_name: run timeout: 0 duration: None cls:
2019-07-14 20:35:47.503 22875 RALLYDEBUG rally.task.runner [-] Starting a worker. concurrency: 2 args: {"network_create_args": {}, "port_create_args": {}, "ports_per_network": 5, "port_update_args": {"admin_state_up": false, "device_id": "dummy_id", "device_owner": "dummy_owner", "name": "_port_updated"}} times: 40 method_name: run timeout: 0 duration: None cls:
2019-07-14 20:35:47.506 22873 INFO rally.task.runner [-] Task c4d8460c-929c-4d3f-bf0b-f5c4b9596ce4 | ITER: 1 START
2019-07-14 20:35:47.506 22876 RALLYDEBUG rally.task.runner [-] Starting a worker. concurrency: 2 args: {"network_create_args": {}, "port_create_args": {}, "ports_per_network": 5, "port_update_args": {"admin_state_up": false, "device_id": "dummy_id", "device_owner": "dummy_owner", "name": "_port_updated"}} times: 40 method_name: run timeout: 0 duration: None cls:
2019-07-14 20:35:47.509 22873 WARNING rally_openstack.scenarios.neutron.utils [-] Running this scenario without either the 'network' or 'existing_network' context is deprecated
2019-07-14 20:35:47.510 22875 INFO rally.task.runner [-] Task c4d8460c-929c-4d3f-bf0b-f5c4b9596ce4 | ITER: 4 START
2019-07-14 20:35:47.510 22878 RALLYDEBUG rally.task.runner [-] Starting a worker. concurrency: 1 args: {"network_create_args": {}, "port_create_args": {}, "ports_per_network": 5, "port_update_args": {"admin_state_up": false, "device_id": "dummy_id", "device_owner": "dummy_owner", "name": "_port_updated"}} times: 40 method_name: run timeout: 0 duration: None cls:
2019-07-14 20:35:47.513 22874 INFO rally.task.runner [-] Task c4d8460c-929c-4d3f-bf0b-f5c4b9596ce4 | ITER: 5 START
2019-07-14 20:35:47.513 22874 INFO rally.task.runner [-] Task c4d8460c-929c-4d3f-bf0b-f5c4b9596ce4 | ITER: 2 START
2019-07-14 20:35:47.516 22874 WARNING rally_openstack.scenarios.neutron.utils [-] Running this scenario without either the 'network' or 'existing_network' context is deprecated
2019-07-14 20:35:47.515 22881 RALLYDEBUG rally.task.runner [-] Starting a worker. concurrency: 1 args: {"network_create_args": {}, "port_create_args": {}, "ports_per_network": 5, "port_update_args": {"admin_state_up": false, "device_id": "dummy_id", "device_owner": "dummy_owner", "name": "_port_updated"}} times: 40 method_name: run timeout: 0 duration: None cls:
2019-07-14 20:35:47.512 22875 WARNING rally_openstack.scenarios.neutron.utils [-] Running this scenario without either the 'network' or 'existing_network' context is deprecated
2019-07-14 20:35:47.517 22878 INFO rally.task.runner [-] Task c4d8460c-929c-4d3f-bf0b-f5c4b9596ce4 | ITER: 7 START
2019-07-14 20:35:47.518 22878 WARNING rally_openstack.scenarios.neutron.utils [-] Running this scenario without either the 'network' or 'existing_network' context is deprecated
2019-07-14 20:35:47.518 22886 RALLYDEBUG rally.task.runner [-] Starting a worker. concurrency: 1 args: {"network_create_args": {}, "port_create_args": {}, "ports_per_network": 5, "port_update_args": {"admin_state_up": false, "device_id": "dummy_id", "device_owner": "dummy_owner", "name": "_port_updated"}} times: 40 method_name: run timeout: 0 duration: None cls:
2019-07-14 20:35:47.519 22876 INFO rally.task.runner [-] Task c4d8460c-929c-4d3f-bf0b-f5c4b9596ce4 | ITER: 8 START
2019-07-14 20:35:47.520 22888 RALLYDEBUG rally.task.runner [-] Starting a worker. concurrency: 1 args: {"network_create_args": {}, "port_create_args": {}, "ports_per_network": 5, "port_update_args": {"admin_state_up": false, "device_id": "dummy_id", "device_owner": "dummy_owner", "name": "_port_updated"}} times: 40 method_name: run timeout: 0 duration: None cls:
2019-07-14 20:35:47.509 22873 INFO rally.task.runner [-] Task c4d8460c-929c-4d3f-bf0b-f5c4b9596ce4 | ITER: 3 START
2019-07-14 20:35:47.522 22873 WARNING rally_openstack.scenarios.neutron.utils [-] Running this scenario without either the 'network' or 'existing_network' context is deprecated
2019-07-14 20:35:47.522 22876 INFO rally.task.runner [-] Task c4d8460c-929c-4d3f-bf0b-f5c4b9596ce4 | ITER: 6 START
2019-07-14 20:35:47.522 22876 WARNING rally_openstack.scenarios.neutron.utils [-] Running this scenario without either the 'network' or 'existing_network' context is deprecated
2019-07-14 20:35:47.524 22881 INFO rally.task.runner [-] Task c4d8460c-929c-4d3f-bf0b-f5c4b9596ce4 | ITER: 10 START
2019-07-14 20:35:47.525 22881 WARNING rally_openstack.scenarios.neutron.utils [-] Running this scenario without either the 'network' or 'existing_network' context is deprecated
2019-07-14 20:35:47.526 22888 INFO rally.task.runner [-] Task c4d8460c-929c-4d3f-bf0b-f5c4b9596ce4 | ITER: 12 START
2019-07-14 20:35:47.526 22886 INFO rally.task.runner [-] Task c4d8460c-929c-4d3f-bf0b-f5c4b9596ce4 | ITER: 11 START
2019-07-14 20:35:47.525 22891 RALLYDEBUG rally.task.runner [-] Starting a worker. concurrency: 1 args: {"network_create_args": {}, "port_create_args": {}, "ports_per_network": 5, "port_update_args": {"admin_state_up": false, "device_id": "dummy_id", "device_owner": "dummy_owner", "name": "_port_updated"}} times: 40 method_name: run timeout: 0 duration: None cls:
2019-07-14 20:35:47.527 22888 WARNING rally_openstack.scenarios.neutron.utils [-] Running this scenario without either the 'network' or 'existing_network' context is deprecated
2019-07-14 20:35:47.528 22886 WARNING rally_openstack.scenarios.neutron.utils [-] Running this scenario without either the 'network' or 'existing_network' context is deprecated
2019-07-14 20:35:47.527 22896 RALLYDEBUG rally.task.runner [-] Starting a worker. concurrency: 1 args: {"network_create_args": {}, "port_create_args": {}, "ports_per_network": 5, "port_update_args": {"admin_state_up": false, "device_id": "dummy_id", "device_owner": "dummy_owner", "name": "_port_updated"}} times: 40 method_name: run timeout: 0 duration: None cls:
2019-07-14 20:35:47.524 22874 WARNING rally_openstack.scenarios.neutron.utils [-] Running this scenario without either the 'network' or 'existing_network' context is deprecated
2019-07-14 20:35:47.520 22875 INFO rally.task.runner [-] Task c4d8460c-929c-4d3f-bf0b-f5c4b9596ce4 | ITER: 9 START
2019-07-14 20:35:47.532 22875 WARNING rally_openstack.scenarios.neutron.utils [-] Running this scenario without either the 'network' or 'existing_network' context is deprecated
2019-07-14 20:35:47.533 22904 RALLYDEBUG rally.task.runner [-] Starting a worker. concurrency: 1 args: {"network_create_args": {}, "port_create_args": {}, "ports_per_network": 5, "port_update_args": {"admin_state_up": false, "device_id": "dummy_id", "device_owner": "dummy_owner", "name": "_port_updated"}} times: 40 method_name: run timeout: 0 duration: None cls:
2019-07-14 20:35:47.534 22899 RALLYDEBUG rally.task.runner [-] Starting a worker. concurrency: 1 args: {"network_create_args": {}, "port_create_args": {}, "ports_per_network": 5, "port_update_args": {"admin_state_up": false, "device_id": "dummy_id", "device_owner": "dummy_owner", "name": "_port_updated"}} times: 40 method_name: run timeout: 0 duration: None cls:
2019-07-14 20:35:47.535 22891 INFO rally.task.runner [-] Task c4d8460c-929c-4d3f-bf0b-f5c4b9596ce4 | ITER: 13 START
2019-07-14 20:35:47.537 22891 WARNING rally_openstack.scenarios.neutron.utils [-] Running this scenario without either the 'network' or 'existing_network' context is deprecated
2019-07-14 20:35:47.523 22876 WARNING rally_openstack.scenarios.neutron.utils [-] Running this scenario without either the 'network' or 'existing_network' context is deprecated
2019-07-14 20:35:47.540 22896 INFO rally.task.runner [-] Task c4d8460c-929c-4d3f-bf0b-f5c4b9596ce4 | ITER: 14 START
2019-07-14 20:35:47.541 22899 INFO rally.task.runner [-] Task c4d8460c-929c-4d3f-bf0b-f5c4b9596ce4 | ITER: 16 START
2019-07-14 20:35:47.542 22896 WARNING rally_openstack.scenarios.neutron.utils [-] Running this scenario without either the 'network' or 'existing_network' context is deprecated
2019-07-14 20:35:47.543 22899 WARNING rally_openstack.scenarios.neutron.utils [-] Running this scenario without either the 'network' or 'existing_network' context is deprecated
2019-07-14 20:35:47.543 22908 RALLYDEBUG rally.task.runner [-] Starting a worker. concurrency: 1 args: {"network_create_args": {}, "port_create_args": {}, "ports_per_network": 5, "port_update_args": {"admin_state_up": false, "device_id": "dummy_id", "device_owner": "dummy_owner", "name": "_port_updated"}} times: 40 method_name: run timeout: 0 duration: None cls:
2019-07-14 20:35:47.544 22904 INFO rally.task.runner [-] Task c4d8460c-929c-4d3f-bf0b-f5c4b9596ce4 | ITER: 15 START
2019-07-14 20:35:47.546 22904 WARNING rally_openstack.scenarios.neutron.utils [-] Running this scenario without either the 'network' or 'existing_network' context is deprecated
2019-07-14 20:35:47.551 22908 INFO rally.task.runner [-] Task c4d8460c-929c-4d3f-bf0b-f5c4b9596ce4 | ITER: 17 START
2019-07-14 20:35:47.552 22908 WARNING rally_openstack.scenarios.neutron.utils [-] Running this scenario without either the 'network' or 'existing_network' context is deprecated
2019-07-14 20:35:47.557 22914 RALLYDEBUG rally.task.runner [-] Starting a worker. concurrency: 1 args: {"network_create_args": {}, "port_create_args": {}, "ports_per_network": 5, "port_update_args": {"admin_state_up": false, "device_id": "dummy_id", "device_owner": "dummy_owner", "name": "_port_updated"}} times: 40 method_name: run timeout: 0 duration: None cls:
2019-07-14 20:35:47.563 22917 RALLYDEBUG rally.task.runner [-] Starting a worker. concurrency: 1 args: {"network_create_args": {}, "port_create_args": {}, "ports_per_network": 5, "port_update_args": {"admin_state_up": false, "device_id": "dummy_id", "device_owner": "dummy_owner", "name": "_port_updated"}} times: 40 method_name: run timeout: 0 duration: None cls:
2019-07-14 20:35:47.564 22914 INFO rally.task.runner [-] Task c4d8460c-929c-4d3f-bf0b-f5c4b9596ce4 | ITER: 18 START
2019-07-14 20:35:47.568 22917 INFO rally.task.runner [-] Task c4d8460c-929c-4d3f-bf0b-f5c4b9596ce4 | ITER: 19 START
2019-07-14 20:35:47.569 22914 WARNING rally_openstack.scenarios.neutron.utils [-] Running this scenario without either the 'network' or 'existing_network' context is deprecated
2019-07-14 20:35:47.570 22917 WARNING rally_openstack.scenarios.neutron.utils [-] Running this scenario without either the 'network' or 'existing_network' context is deprecated
2019-07-14 20:35:47.570 22918 RALLYDEBUG rally.task.runner [-] Starting a worker. concurrency: 1 args: {"network_create_args": {}, "port_create_args": {}, "ports_per_network": 5, "port_update_args": {"admin_state_up": false, "device_id": "dummy_id", "device_owner": "dummy_owner", "name": "_port_updated"}} times: 40 method_name: run timeout: 0 duration: None cls:
2019-07-14 20:35:47.574 22918 INFO rally.task.runner [-] Task c4d8460c-929c-4d3f-bf0b-f5c4b9596ce4 | ITER: 20 START
2019-07-14 20:35:47.575 22918 WARNING rally_openstack.scenarios.neutron.utils [-] Running this scenario without either the 'network' or 'existing_network' context is deprecated
2019-07-14 20:36:03.227 22896 INFO rally.task.runner [-] Task c4d8460c-929c-4d3f-bf0b-f5c4b9596ce4 | ITER: 14 END: OK
2019-07-14 20:36:03.232 22896 INFO rally.task.runner [-] Task c4d8460c-929c-4d3f-bf0b-f5c4b9596ce4 | ITER: 21 START
2019-07-14 20:36:03.233 22896 WARNING rally_openstack.scenarios.neutron.utils [-] Running this scenario without either the 'network' or 'existing_network' context is deprecated
2019-07-14 20:36:03.672 22874 INFO rally.task.runner [-] Task c4d8460c-929c-4d3f-bf0b-f5c4b9596ce4 | ITER: 2 END: OK
2019-07-14 20:36:03.677 22874 INFO rally.task.runner [-] Task c4d8460c-929c-4d3f-bf0b-f5c4b9596ce4 | ITER: 22 START
2019-07-14 20:36:03.678 22874 WARNING rally_openstack.scenarios.neutron.utils [-] Running this scenario without either the 'network' or 'existing_network' context is deprecated
2019-07-14 20:36:04.843 22881 INFO rally.task.runner [-] Task c4d8460c-929c-4d3f-bf0b-f5c4b9596ce4 | ITER: 10 END: OK
2019-07-14 20:36:04.847 22881 INFO rally.task.runner [-] Task c4d8460c-929c-4d3f-bf0b-f5c4b9596ce4 | ITER: 23 START
2019-07-14 20:36:04.848 22881 WARNING rally_openstack.scenarios.neutron.utils [-] Running this scenario without either the 'network' or 'existing_network' context is deprecated
2019-07-14 20:36:05.024 22899 INFO rally.task.runner [-] Task c4d8460c-929c-4d3f-bf0b-f5c4b9596ce4 | ITER: 16 END: OK
2019-07-14 20:36:05.030 22899 INFO rally.task.runner [-] Task c4d8460c-929c-4d3f-bf0b-f5c4b9596ce4 | ITER: 24 START
2019-07-14 20:36:05.030 22899 WARNING rally_openstack.scenarios.neutron.utils [-] Running this scenario without either the 'network' or 'existing_network' context is deprecated
2019-07-14 20:36:05.122 22886 INFO rally.task.runner [-] Task c4d8460c-929c-4d3f-bf0b-f5c4b9596ce4 | ITER: 11 END: OK
2019-07-14 20:36:05.127 22886 INFO rally.task.runner [-] Task c4d8460c-929c-4d3f-bf0b-f5c4b9596ce4 | ITER: 25 START
2019-07-14 20:36:05.127 22886 WARNING rally_openstack.scenarios.neutron.utils [-] Running this scenario without either the 'network' or 'existing_network' context is deprecated
2019-07-14 20:36:05.252 22875 INFO rally.task.runner [-] Task c4d8460c-929c-4d3f-bf0b-f5c4b9596ce4 | ITER: 9 END: OK
2019-07-14 20:36:05.256 22875 INFO rally.task.runner [-] Task c4d8460c-929c-4d3f-bf0b-f5c4b9596ce4 | ITER: 26 START
2019-07-14 20:36:05.257 22875 WARNING rally_openstack.scenarios.neutron.utils [-] Running this scenario without either the 'network' or 'existing_network' context is deprecated
2019-07-14 20:36:05.868 22875 INFO rally.task.runner [-] Task c4d8460c-929c-4d3f-bf0b-f5c4b9596ce4 | ITER: 4 END: OK
2019-07-14 20:36:05.872 22875 INFO rally.task.runner [-] Task c4d8460c-929c-4d3f-bf0b-f5c4b9596ce4 | ITER: 27 START
2019-07-14 20:36:05.872 22875 WARNING rally_openstack.scenarios.neutron.utils [-] Running this scenario without either the 'network' or 'existing_network' context is deprecated
2019-07-14 20:36:06.062 22914 INFO rally.task.runner [-] Task c4d8460c-929c-4d3f-bf0b-f5c4b9596ce4 | ITER: 18 END: OK
2019-07-14 20:36:06.066 22914 INFO rally.task.runner [-] Task c4d8460c-929c-4d3f-bf0b-f5c4b9596ce4 | ITER: 28 START
2019-07-14 20:36:06.067 22914 WARNING rally_openstack.scenarios.neutron.utils [-] Running this scenario without either the 'network' or 'existing_network' context is deprecated
2019-07-14 20:36:06.100 22917 INFO rally.task.runner [-] Task c4d8460c-929c-4d3f-bf0b-f5c4b9596ce4 | ITER: 19 END: OK
2019-07-14 20:36:06.104 22917 INFO rally.task.runner [-] Task c4d8460c-929c-4d3f-bf0b-f5c4b9596ce4 | ITER: 29 START
2019-07-14 20:36:06.105 22917 WARNING rally_openstack.scenarios.neutron.utils [-] Running this scenario without either the 'network' or 'existing_network' context is deprecated
2019-07-14 20:36:06.108 22873 INFO rally.task.runner [-] Task c4d8460c-929c-4d3f-bf0b-f5c4b9596ce4 | ITER: 3 END: OK
2019-07-14 20:36:06.112 22873 INFO rally.task.runner [-] Task c4d8460c-929c-4d3f-bf0b-f5c4b9596ce4 | ITER: 30 START
2019-07-14 20:36:06.113 22873 WARNING rally_openstack.scenarios.neutron.utils [-] Running this scenario without either the 'network' or 'existing_network' context is deprecated
2019-07-14 20:36:06.247 22878 INFO rally.task.runner [-] Task c4d8460c-929c-4d3f-bf0b-f5c4b9596ce4 | ITER: 7 END: OK
2019-07-14 20:36:06.252 22878 INFO rally.task.runner [-] Task c4d8460c-929c-4d3f-bf0b-f5c4b9596ce4 | ITER: 31 START
2019-07-14 20:36:06.253 22878 WARNING rally_openstack.scenarios.neutron.utils [-] Running this scenario without either the 'network' or 'existing_network' context is deprecated
2019-07-14 20:36:06.587 22874 INFO rally.task.runner [-] Task c4d8460c-929c-4d3f-bf0b-f5c4b9596ce4 | ITER: 5 END: OK
2019-07-14 20:36:06.590 22874 INFO rally.task.runner [-] Task c4d8460c-929c-4d3f-bf0b-f5c4b9596ce4 | ITER: 32 START
2019-07-14 20:36:06.591 22874 WARNING rally_openstack.scenarios.neutron.utils [-] Running this scenario without either the 'network' or 'existing_network' context is deprecated
2019-07-14 20:36:06.826 22888 INFO rally.task.runner [-] Task c4d8460c-929c-4d3f-bf0b-f5c4b9596ce4 | ITER: 12 END: OK
2019-07-14 20:36:06.830 22888 INFO rally.task.runner [-] Task c4d8460c-929c-4d3f-bf0b-f5c4b9596ce4 | ITER: 33 START
2019-07-14 20:36:06.830 22888 WARNING rally_openstack.scenarios.neutron.utils [-] Running this scenario without either the 'network' or 'existing_network' context is deprecated
2019-07-14 20:36:06.846 22876 INFO rally.task.runner [-] Task c4d8460c-929c-4d3f-bf0b-f5c4b9596ce4 | ITER: 6 END: OK
2019-07-14 20:36:06.850 22876 INFO rally.task.runner [-] Task c4d8460c-929c-4d3f-bf0b-f5c4b9596ce4 | ITER: 34 START
2019-07-14 20:36:06.850 22876 WARNING rally_openstack.scenarios.neutron.utils [-] Running this scenario without either the 'network' or 'existing_network' context is deprecated
2019-07-14 20:36:07.014 22891 INFO rally.task.runner [-] Task c4d8460c-929c-4d3f-bf0b-f5c4b9596ce4 | ITER: 13 END: OK
2019-07-14 20:36:07.018 22891 INFO rally.task.runner [-] Task c4d8460c-929c-4d3f-bf0b-f5c4b9596ce4 | ITER: 35 START
2019-07-14 20:36:07.019 22891 WARNING rally_openstack.scenarios.neutron.utils [-] Running this scenario without either the 'network' or 'existing_network' context is deprecated
2019-07-14 20:36:07.611 22908 INFO rally.task.runner [-] Task c4d8460c-929c-4d3f-bf0b-f5c4b9596ce4 | ITER: 17 END: OK
2019-07-14 20:36:07.615 22908 INFO rally.task.runner [-] Task c4d8460c-929c-4d3f-bf0b-f5c4b9596ce4 | ITER: 36 START
2019-07-14 20:36:07.616 22908 WARNING rally_openstack.scenarios.neutron.utils [-] Running this scenario without either the 'network' or 'existing_network' context is deprecated
2019-07-14 20:36:07.862 22918 INFO rally.task.runner [-] Task c4d8460c-929c-4d3f-bf0b-f5c4b9596ce4 | ITER: 20 END: OK
2019-07-14 20:36:07.866 22918 INFO rally.task.runner [-] Task c4d8460c-929c-4d3f-bf0b-f5c4b9596ce4 | ITER: 37 START
2019-07-14 20:36:07.866 22918 WARNING rally_openstack.scenarios.neutron.utils [-] Running this scenario without either the 'network' or 'existing_network' context is deprecated
2019-07-14 20:36:08.022 22873 INFO rally.task.runner [-] Task c4d8460c-929c-4d3f-bf0b-f5c4b9596ce4 | ITER: 1 END: OK
2019-07-14 20:36:08.026 22873 INFO rally.task.runner [-] Task c4d8460c-929c-4d3f-bf0b-f5c4b9596ce4 | ITER: 38 START
2019-07-14 20:36:08.026 22873 WARNING rally_openstack.scenarios.neutron.utils [-] Running this scenario without either the 'network' or 'existing_network' context is deprecated
2019-07-14 20:36:08.096 22904 INFO rally.task.runner [-] Task c4d8460c-929c-4d3f-bf0b-f5c4b9596ce4 | ITER: 15 END: OK
2019-07-14 20:36:08.100 22904 INFO rally.task.runner [-] Task c4d8460c-929c-4d3f-bf0b-f5c4b9596ce4 | ITER: 39 START
2019-07-14 20:36:08.101 22904 WARNING rally_openstack.scenarios.neutron.utils [-] Running this scenario without either the 'network' or 'existing_network' context is deprecated
2019-07-14 20:36:09.121 22876 INFO rally.task.runner [-] Task c4d8460c-929c-4d3f-bf0b-f5c4b9596ce4 | ITER: 8 END: OK
2019-07-14 20:36:09.125 22876 INFO rally.task.runner [-] Task c4d8460c-929c-4d3f-bf0b-f5c4b9596ce4 | ITER: 40 START
2019-07-14 20:36:09.126 22876 WARNING rally_openstack.scenarios.neutron.utils [-] Running this scenario without either the 'network' or 'existing_network' context is deprecated
2019-07-14 20:36:19.857 22874 INFO rally.task.runner [-] Task c4d8460c-929c-4d3f-bf0b-f5c4b9596ce4 | ITER: 22 END: OK
2019-07-14 20:36:21.681 22875 INFO rally.task.runner [-] Task c4d8460c-929c-4d3f-bf0b-f5c4b9596ce4 | ITER: 26 END: OK
2019-07-14 20:36:21.898 22881 INFO rally.task.runner [-] Task c4d8460c-929c-4d3f-bf0b-f5c4b9596ce4 | ITER: 23 END: OK
2019-07-14 20:36:21.984 22896 INFO rally.task.runner [-] Task c4d8460c-929c-4d3f-bf0b-f5c4b9596ce4 | ITER: 21 END: OK
2019-07-14 20:36:22.737 22914 INFO rally.task.runner [-] Task c4d8460c-929c-4d3f-bf0b-f5c4b9596ce4 | ITER: 28 END: OK
2019-07-14 20:36:22.768 22886 INFO rally.task.runner [-] Task c4d8460c-929c-4d3f-bf0b-f5c4b9596ce4 | ITER: 25 END: OK
2019-07-14 20:36:23.312 22888 INFO rally.task.runner [-] Task c4d8460c-929c-4d3f-bf0b-f5c4b9596ce4 | ITER: 33 END: OK
2019-07-14 20:36:23.577 22875 INFO rally.task.runner [-] Task c4d8460c-929c-4d3f-bf0b-f5c4b9596ce4 | ITER: 27 END: OK
2019-07-14 20:36:23.765 22899 INFO rally.task.runner [-] Task c4d8460c-929c-4d3f-bf0b-f5c4b9596ce4 | ITER: 24 END: OK
2019-07-14 20:36:23.806 22917 INFO rally.task.runner [-] Task c4d8460c-929c-4d3f-bf0b-f5c4b9596ce4 | ITER: 29 END: OK
2019-07-14 20:36:24.019 22908 INFO rally.task.runner [-] Task c4d8460c-929c-4d3f-bf0b-f5c4b9596ce4 | ITER: 36 END: OK
2019-07-14 20:36:24.128 22878 INFO rally.task.runner [-] Task c4d8460c-929c-4d3f-bf0b-f5c4b9596ce4 | ITER: 31 END: OK
2019-07-14 20:36:24.180 22891 INFO rally.task.runner [-] Task c4d8460c-929c-4d3f-bf0b-f5c4b9596ce4 | ITER: 35 END: OK
2019-07-14 20:36:24.561 22874 INFO rally.task.runner [-] Task c4d8460c-929c-4d3f-bf0b-f5c4b9596ce4 | ITER: 32 END: OK
2019-07-14 20:36:24.978 22873 INFO rally.task.runner [-] Task c4d8460c-929c-4d3f-bf0b-f5c4b9596ce4 | ITER: 30 END: OK
2019-07-14 20:36:24.978 22876 INFO rally.task.runner [-] Task c4d8460c-929c-4d3f-bf0b-f5c4b9596ce4 | ITER: 34 END: OK
2019-07-14 20:36:25.455 22918 INFO rally.task.runner [-] Task c4d8460c-929c-4d3f-bf0b-f5c4b9596ce4 | ITER: 37 END: OK
2019-07-14 20:36:25.474 22904 INFO rally.task.runner [-] Task c4d8460c-929c-4d3f-bf0b-f5c4b9596ce4 | ITER: 39 END: OK
2019-07-14 20:36:25.903 22873 INFO rally.task.runner [-] Task c4d8460c-929c-4d3f-bf0b-f5c4b9596ce4 | ITER: 38 END: OK
2019-07-14 20:36:26.096 22876 INFO rally.task.runner [-] Task c4d8460c-929c-4d3f-bf0b-f5c4b9596ce4 | ITER: 40 END: OK
2019-07-14 20:36:26.124 18997 INFO rally.task.context [-] Task c4d8460c-929c-4d3f-bf0b-f5c4b9596ce4 | Context cleanup@openstack cleanup() started
2019-07-14 20:36:26.125 18997 RALLYDEBUG rally_openstack.cleanup.manager [-] Cleaning up neutron vip objects
2019-07-14 20:36:26.922 18997 RALLYDEBUG rally_openstack.cleanup.manager [-] Cleaning up neutron health_monitor objects
2019-07-14 20:36:27.601 18997 RALLYDEBUG rally_openstack.cleanup.manager [-] Cleaning up neutron pool objects
2019-07-14 20:36:28.243 18997 RALLYDEBUG rally_openstack.cleanup.manager [-] Cleaning up neutron loadbalancer objects
2019-07-14 20:36:28.997 18997 RALLYDEBUG rally_openstack.cleanup.manager [-] Cleaning up neutron floatingip objects
2019-07-14 20:36:29.785 18997 RALLYDEBUG rally_openstack.cleanup.manager [-] Cleaning up neutron port objects
2019-07-14 20:36:31.342 18997 RALLYDEBUG rally_openstack.cleanup.manager [-] Deleting neutron.port object s_rally_910db6a4_cWcZ8vS4 (05867fdb-ad4b-4361-b13a-0b6511fa3b2e)
2019-07-14 20:36:31.349 18997 RALLYDEBUG rally_openstack.cleanup.manager [-] Deleting neutron.port object s_rally_910db6a4_LaPJlbBw (01dc6304-6a3b-4d4c-a7f1-6915322ec5d4)
2019-07-14 20:36:31.349 18997 RALLYDEBUG rally_openstack.cleanup.manager [-] Deleting neutron.port object s_rally_910db6a4_9MPz35kB (079208f9-dcb0-4799-a68b-e9b59e282669)
2019-07-14 20:36:31.353 18997 RALLYDEBUG rally_openstack.cleanup.manager [-] Deleting neutron.port object s_rally_910db6a4_e4dphGMn (07d65c66-4bd1-451d-b1bf-e277b03e734f)
2019-07-14 20:36:31.361 18997 RALLYDEBUG rally_openstack.cleanup.manager [-] Deleting neutron.port object s_rally_910db6a4_aTDZsUv9 (0306c8fd-5fce-47e0-82c4-9f6916a7fdf2)
2019-07-14 20:36:31.365 18997 RALLYDEBUG rally_openstack.cleanup.manager [-] Deleting neutron.port object s_rally_910db6a4_wP7TvjzD (094aaee2-a5ea-42d3-be58-d62110e0af66)
2019-07-14 20:36:31.374 18997 RALLYDEBUG rally_openstack.cleanup.manager [-] Deleting neutron.port object s_rally_910db6a4_ptbPK0bS (09e9e423-3bea-493f-b450-ec38f170eb58)
2019-07-14 20:36:31.375 18997 RALLYDEBUG rally_openstack.cleanup.manager [-] Deleting neutron.port object s_rally_910db6a4_rPpuYKYe (07c91734-0b1d-47d1-8886-df8c06ca3ffb)
2019-07-14 20:36:31.387 18997 RALLYDEBUG rally_openstack.cleanup.manager [-] Deleting neutron.port object s_rally_910db6a4_dHahGDuZ (070140ae-1fa2-4f44-bc7b-e1bb3da2d7dc)
2019-07-14 20:36:31.393 18997 RALLYDEBUG rally_openstack.cleanup.manager [-] Deleting neutron.port object s_rally_910db6a4_wiAn58kh (027dc3a7-401e-43e3-acb7-fa756abed057)
2019-07-14 20:36:31.395 18997 RALLYDEBUG rally_openstack.cleanup.manager [-] Deleting neutron.port object s_rally_910db6a4_7Y73wcEg (0b24645a-b04d-45e9-8293-237126a19762)
2019-07-14 20:36:31.403 18997 RALLYDEBUG rally_openstack.cleanup.manager [-] Deleting neutron.port object s_rally_910db6a4_NUZPhiqe (0cf5137f-3533-4b4d-970a-fb4ed53043ee)
2019-07-14 20:36:31.420 18997 RALLYDEBUG rally_openstack.cleanup.manager [-] Deleting neutron.port object s_rally_910db6a4_BFOxoirY (0cfd8fd2-adde-49f7-a863-812b2bc687dd)
2019-07-14 20:36:31.425 18997 RALLYDEBUG rally_openstack.cleanup.manager [-] Deleting neutron.port object s_rally_910db6a4_1CjQ39Pk (0e126a75-6e06-443f-8fb3-8f785100f3fb)
2019-07-14 20:36:31.437 18997 RALLYDEBUG rally_openstack.cleanup.manager [-] Deleting neutron.port object s_rally_910db6a4_vcxNMkRQ (0d3c8153-f5d9-45d1-a639-d5e81af7e89b)
2019-07-14 20:36:31.440 18997 RALLYDEBUG rally_openstack.cleanup.manager [-] Deleting neutron.port object s_rally_910db6a4_iLg2Ra5a (0d96dd2d-5ef1-42cf-841b-1e9a464cebac)
2019-07-14 20:36:31.441 18997 RALLYDEBUG rally_openstack.cleanup.manager [-] Deleting neutron.port object s_rally_910db6a4_puzcbO7Q (11c1a784-1786-48d1-b9f6-786dbe47de9d)
2019-07-14 20:36:31.445 18997 RALLYDEBUG rally_openstack.cleanup.manager [-] Deleting neutron.port object s_rally_910db6a4_o5xPkmY0 (093896d0-7e45-45b8-90e6-13c4d4ceaee8)
2019-07-14 20:36:31.455 18997 RALLYDEBUG rally_openstack.cleanup.manager [-] Deleting neutron.port object s_rally_910db6a4_SNr59ttr (00c715b1-657c-4877-ac9c-2d8cf74dfce5)
2019-07-14 20:36:31.456 18997 RALLYDEBUG rally_openstack.cleanup.manager [-] Deleting neutron.port object s_rally_910db6a4_Uy3ISjDC (0ea99e0a-2f5f-4a9d-86f9-5cb3ed40243a)
2019-07-14 20:36:33.963 18997 RALLYDEBUG rally_openstack.cleanup.manager [-] Deleting neutron.port object s_rally_910db6a4_q4WSYNmJ (13b44f1b-889d-48da-9a3c-ebdc159b055b)
2019-07-14 20:36:34.015 18997 RALLYDEBUG rally_openstack.cleanup.manager [-] Deleting neutron.port object s_rally_910db6a4_6KaOzmUP (17188ea9-c1e2-4ccf-b9a7-499400b85a1d)
2019-07-14 20:36:34.109 18997 RALLYDEBUG rally_openstack.cleanup.manager [-] Deleting neutron.port object s_rally_910db6a4_XmnYyU9t (173a96b2-2d27-4e9d-a539-5995dc766d2e)
2019-07-14 20:36:34.203 18997 RALLYDEBUG rally_openstack.cleanup.manager [-] Deleting neutron.port object s_rally_910db6a4_pTX3odiW (176a1046-2bff-437e-9363-a89806976020)
2019-07-14 20:36:34.270 18997 RALLYDEBUG rally_openstack.cleanup.manager [-] Deleting neutron.port object s_rally_910db6a4_animfS7I (18756a6c-11ad-4165-b72e-569c73ac658b)
2019-07-14 20:36:34.322 18997 RALLYDEBUG rally_openstack.cleanup.manager [-] Deleting neutron.port object s_rally_910db6a4_egFzFepe (18bc45cd-ce81-4d53-9008-d1aa955128a0)
2019-07-14 20:36:34.335 18997 RALLYDEBUG rally_openstack.cleanup.manager [-] Deleting neutron.port object s_rally_910db6a4_eXMpmEb8 (1a09d98e-6614-4313-b562-b5850ea335a8)
2019-07-14 20:36:34.471 18997 RALLYDEBUG rally_openstack.cleanup.manager [-] Deleting neutron.port object s_rally_910db6a4_qgljxDWL (1adc5fc7-48bc-4ad7-a74d-769d0d9a7e83)
2019-07-14 20:36:34.521 18997 RALLYDEBUG rally_openstack.cleanup.manager [-] Deleting neutron.port object s_rally_910db6a4_ScWn53Bi (1c1d5b49-0739-49e0-876b-bf7abbb78d85)
2019-07-14 20:36:34.712 18997 RALLYDEBUG rally_openstack.cleanup.manager [-] Deleting neutron.port object s_rally_910db6a4_WQ4Vx2oz (1fc11614-88a8-41b4-937c-8c49e8352a76)
2019-07-14 20:36:34.727 18997 RALLYDEBUG rally_openstack.cleanup.manager [-] Deleting neutron.port object s_rally_910db6a4_3YDzHw1r (1fff6d98-9e4a-4754-b175-0fe25884de18)
2019-07-14 20:36:34.780 18997 RALLYDEBUG rally_openstack.cleanup.manager [-] Deleting neutron.port object s_rally_910db6a4_VGfFuK89 (21d1054a-e601-4052-8972-14d164f2b05b)
2019-07-14 20:36:34.849 18997 RALLYDEBUG rally_openstack.cleanup.manager [-] Deleting neutron.port object s_rally_910db6a4_4A8FSktT (224eeb27-1cc4-465f-85e5-ead272640106)
2019-07-14 20:36:34.910 18997 RALLYDEBUG rally_openstack.cleanup.manager [-] Deleting neutron.port object s_rally_910db6a4_yVnB0f6i (233c9d66-d775-4c1f-baf0-8aa1307c7d82)
2019-07-14 20:36:35.052 18997 RALLYDEBUG rally_openstack.cleanup.manager [-] Deleting neutron.port object s_rally_910db6a4_CNJ4KPNX (28bd18a0-9a37-46c1-a83c-32a62abfa72e)
2019-07-14 20:36:35.083 18997 RALLYDEBUG rally_openstack.cleanup.manager [-] Deleting neutron.port object s_rally_910db6a4_gsRoZrBs (29bba977-6fda-461e-a057-a11a930db3ce)
2019-07-14 20:36:35.095 18997 RALLYDEBUG rally_openstack.cleanup.manager [-] Deleting neutron.port object s_rally_910db6a4_mvRNzBc2 (2baf27b1-887a-40fb-8421-ad1c0652df20)
2019-07-14 20:36:35.134 18997 RALLYDEBUG rally_openstack.cleanup.manager [-] Deleting neutron.port object s_rally_910db6a4_UlEKXzz8 (2fcfa26b-a193-48dd-8dd0-89ff155b5ea7)
2019-07-14 20:36:35.274 18997 RALLYDEBUG rally_openstack.cleanup.manager [-] Deleting neutron.port object s_rally_910db6a4_mrNp9Krm (31486b1b-2ca5-4396-bad9-cdf2d6057ea1)
2019-07-14 20:36:35.318 18997 RALLYDEBUG rally_openstack.cleanup.manager [-] Deleting neutron.port object s_rally_910db6a4_j6rkGwix (31655f0b-07ae-40f4-ac0b-49229c17c12a)
2019-07-14 20:36:36.340 18997 RALLYDEBUG rally_openstack.cleanup.manager [-] Deleting neutron.port object s_rally_910db6a4_NNX8l04x (3264ed80-5931-4e88-b0ea-188479ad3b55)
2019-07-14 20:36:36.371 18997 RALLYDEBUG rally_openstack.cleanup.manager [-] Deleting neutron.port object s_rally_910db6a4_9r9gioYe (329077eb-856b-4ab2-8ba1-fe338f27764e)
2019-07-14 20:36:36.652 18997 RALLYDEBUG rally_openstack.cleanup.manager [-] Deleting neutron.port object s_rally_910db6a4_Ngww5Khv (333d6434-a1cd-48b5-9c59-ff82d7676adc)
2019-07-14 20:36:37.026 18997 RALLYDEBUG rally_openstack.cleanup.manager [-] Deleting neutron.port object s_rally_910db6a4_6Rj4shVl (388c9891-83e7-43c7-a9e3-147791360e8f)
2019-07-14 20:36:37.092 18997 RALLYDEBUG rally_openstack.cleanup.manager [-] Deleting neutron.port object s_rally_910db6a4_voY7GVzH (38996b56-c0a8-4143-8df6-6cbff2d288b4)
2019-07-14 20:36:37.099 18997 RALLYDEBUG rally_openstack.cleanup.manager [-] Deleting neutron.port object s_rally_910db6a4_8ixIPEZZ (39c771fe-8dea-43a5-a2ce-fdef5eb146ca)
2019-07-14 20:36:37.137 18997 RALLYDEBUG rally_openstack.cleanup.manager [-] Deleting neutron.port object s_rally_910db6a4_bx5tSnLn (3c5280fd-85e3-4d78-bda2-a04047268281)
2019-07-14 20:36:37.183 18997 RALLYDEBUG rally_openstack.cleanup.manager [-] Deleting neutron.port object s_rally_910db6a4_eHBcaPzF (3c6bc6ad-d169-491a-8d3e-c5b0c10f6519)
2019-07-14 20:36:37.205 18997 RALLYDEBUG rally_openstack.cleanup.manager [-] Deleting neutron.port object s_rally_910db6a4_PR91gDOI (3d82f7c1-d3c8-4325-b952-b416bb50d921)
2019-07-14 20:36:37.296 18997 RALLYDEBUG rally_openstack.cleanup.manager [-] Deleting neutron.port object s_rally_910db6a4_isyqiw5v (486081d0-0e5b-4406-8e07-ef01f928e118)
2019-07-14 20:36:37.441 18997 RALLYDEBUG rally_openstack.cleanup.manager [-] Deleting neutron.port object s_rally_910db6a4_lB684xnJ (494047bc-2699-41e0-a9f1-9b583cb714a3)
2019-07-14 20:36:37.541 18997 RALLYDEBUG rally_openstack.cleanup.manager [-] Deleting neutron.port object s_rally_910db6a4_HTnIuQXZ (4ac74430-def8-47f8-aec7-651fbca12e94)
2019-07-14 20:36:37.632 18997 RALLYDEBUG rally_openstack.cleanup.manager [-] Deleting neutron.port object s_rally_910db6a4_0PthMmss (4b0675c9-3f43-45ce-bf48-47081fe5578b)
2019-07-14 20:36:38.012 18997 RALLYDEBUG rally_openstack.cleanup.manager [-] Deleting neutron.port object s_rally_910db6a4_hD0kP9V2 (4b1a91de-3efb-4705-9430-24ba2873d011)
2019-07-14 20:36:38.065 18997 RALLYDEBUG rally_openstack.cleanup.manager [-] Deleting neutron.port object s_rally_910db6a4_VJu1mIGp (4bf44b1c-603f-434f-ba0e-e020efc3aa07)
2019-07-14 20:36:38.087 18997 RALLYDEBUG rally_openstack.cleanup.manager [-] Deleting neutron.port object s_rally_910db6a4_o6IJfSpK (4c8c7987-cddb-41d6-8420-34d9526311f0)
2019-07-14 20:36:38.210 18997 RALLYDEBUG rally_openstack.cleanup.manager [-] Deleting neutron.port object s_rally_910db6a4_vqd7Sha3 (4ee55854-c0f1-4e5e-9d65-63beac0657dc)
2019-07-14 20:36:38.275 18997 RALLYDEBUG rally_openstack.cleanup.manager [-] Deleting neutron.port object s_rally_910db6a4_0jRgmOzX (4f673cab-a4db-417f-8dd5-3a0897b3d63e)
2019-07-14 20:36:38.356 18997 RALLYDEBUG rally_openstack.cleanup.manager [-] Deleting neutron.port object s_rally_910db6a4_ZImVla7L (5023f739-21bd-497d-84c7-b3544b812fe0)
2019-07-14 20:36:38.530 18997 RALLYDEBUG rally_openstack.cleanup.manager [-] Deleting neutron.port object s_rally_910db6a4_yE9jVSNm (50a0d98e-e3c1-4922-8f04-c0d7bf7862e5)
2019-07-14 20:36:39.206 18997 RALLYDEBUG rally_openstack.cleanup.manager [-] Deleting neutron.port object s_rally_910db6a4_StMtJR0E (523a7880-a062-4fad-9b60-59ece5ea3d32)
2019-07-14 20:36:39.455 18997 RALLYDEBUG rally_openstack.cleanup.manager [-] Deleting neutron.port object s_rally_910db6a4_leFc8pc4 (52cfb74a-a5ea-4313-a447-9275adfa2fd1)
2019-07-14 20:36:39.629 18997 RALLYDEBUG rally_openstack.cleanup.manager [-] Deleting neutron.port object s_rally_910db6a4_3AOiUurL (5363915d-fcdb-47bf-b21a-9b6fe18351c7)
2019-07-14 20:36:39.643 18997 RALLYDEBUG rally_openstack.cleanup.manager [-] Deleting neutron.port object s_rally_910db6a4_l1TYWSUI (549eee11-1b72-46a9-94ab-882a6b6c5c59)
2019-07-14 20:36:39.703 18997 RALLYDEBUG rally_openstack.cleanup.manager [-] Deleting neutron.port object s_rally_910db6a4_FVJSWgCg (559ef2b5-7299-4b59-818f-e3197b20461d)
2019-07-14 20:36:39.763 18997 RALLYDEBUG rally_openstack.cleanup.manager [-] Deleting neutron.port object s_rally_910db6a4_oRNTIked (55adca04-1cb9-4cb0-a707-81b46e6244fc)
2019-07-14 20:36:39.887 18997 RALLYDEBUG rally_openstack.cleanup.manager [-] Deleting neutron.port object s_rally_910db6a4_Z1IAmAJv (55dc2309-5963-41bc-89ec-797af11f7378)
2019-07-14 20:36:40.058 18997 RALLYDEBUG rally_openstack.cleanup.manager [-] Deleting neutron.port object s_rally_910db6a4_IOFcCBMh (56caf615-dbf9-4d09-a41a-8dec4ed7bff0)
2019-07-14 20:36:40.077 18997 RALLYDEBUG rally_openstack.cleanup.manager [-] Deleting neutron.port object s_rally_910db6a4_4SAMo76S (572db4c1-63ed-4219-8c56-83a7e3447355)
