2019-07-14 20:18:58.169 18988 RALLYDEBUG rally.api [-] INFO logs from urllib3 and requests module are hide.
2019-07-14 20:18:58.169 18988 RALLYDEBUG rally.api [-] urllib3 insecure warnings are hidden.
2019-07-14 20:18:58.169 18988 RALLYDEBUG rally.api [-] ERROR log from boto module is hide.
2019-07-14 20:19:00.417 18990 RALLYDEBUG rally.api [-] INFO logs from urllib3 and requests module are hide.
2019-07-14 20:19:00.417 18990 RALLYDEBUG rally.api [-] urllib3 insecure warnings are hidden.
2019-07-14 20:19:00.417 18990 RALLYDEBUG rally.api [-] ERROR log from boto module is hide.
2019-07-14 20:19:01.678 18990 WARNING rally_openstack.platforms.existing [-] endpoint is deprecated and not used.
2019-07-14 20:19:02.594 18992 RALLYDEBUG rally.api [-] INFO logs from urllib3 and requests module are hide.
2019-07-14 20:19:02.594 18992 RALLYDEBUG rally.api [-] urllib3 insecure warnings are hidden.
2019-07-14 20:19:02.594 18992 RALLYDEBUG rally.api [-] ERROR log from boto module is hide.
2019-07-14 20:19:05.894 18995 RALLYDEBUG rally.api [-] INFO logs from urllib3 and requests module are hide.
2019-07-14 20:19:05.894 18995 RALLYDEBUG rally.api [-] urllib3 insecure warnings are hidden.
2019-07-14 20:19:05.894 18995 RALLYDEBUG rally.api [-] ERROR log from boto module is hide.
2019-07-14 20:19:07.965 18997 RALLYDEBUG rally.api [-] INFO logs from urllib3 and requests module are hide.
2019-07-14 20:19:07.965 18997 RALLYDEBUG rally.api [-] urllib3 insecure warnings are hidden.
2019-07-14 20:19:07.966 18997 RALLYDEBUG rally.api [-] ERROR log from boto module is hide.
2019-07-14 20:19:08.992 18997 INFO rally.common.plugin.discover [-] Loading plugins from directories /root/.rally/plugins/*
2019-07-14 20:19:08.993 18997 INFO rally.common.plugin.discover [-] Loaded module with plugins: /root/.rally/plugins/__init__.py
2019-07-14 20:19:08.995 18997 INFO rally.common.plugin.discover [-] Loaded module with plugins: /root/.rally/plugins/trunk_scenario.py
2019-07-14 20:19:09.141 18997 INFO rally.task.engine [-] Task c4d8460c-929c-4d3f-bf0b-f5c4b9596ce4 | Starting: Task validation.
2019-07-14 20:19:09.191 18997 INFO rally.task.engine [-] Task c4d8460c-929c-4d3f-bf0b-f5c4b9596ce4 | Starting: Task validation of syntax.
2019-07-14 20:19:09.392 18997 INFO rally.task.engine [-] Task c4d8460c-929c-4d3f-bf0b-f5c4b9596ce4 | Completed: Task validation of syntax.
2019-07-14 20:19:09.392 18997 INFO rally.task.engine [-] Task c4d8460c-929c-4d3f-bf0b-f5c4b9596ce4 | Starting: Task validation of required platforms.
2019-07-14 20:19:09.450 18997 INFO rally.task.engine [-] Task c4d8460c-929c-4d3f-bf0b-f5c4b9596ce4 | Completed: Task validation of required platforms.
2019-07-14 20:19:09.450 18997 INFO rally.task.engine [-] Task c4d8460c-929c-4d3f-bf0b-f5c4b9596ce4 | Starting: Task validation of semantic.
2019-07-14 20:19:09.450 18997 INFO rally.task.engine [-] Check health of the environment '40eefefd-3fb5-4b74-b653-7ee07ae69a2c'.
2019-07-14 20:19:10.269 18997 INFO rally.task.engine [-] Platform existing@openstack (available: True): OK!
2019-07-14 20:19:10.286 18997 RALLYDEBUG rally_openstack.contexts.keystone.users [-] Creating 1 tenants using 20 threads
2019-07-14 20:19:12.186 18997 RALLYDEBUG rally_openstack.contexts.keystone.users [-] Creating 1 users using 20 threads
2019-07-14 20:19:15.125 18997 INFO rally.task.context [-] Task c4d8460c-929c-4d3f-bf0b-f5c4b9596ce4 | Context users@openstack setup() finished in 4.84 sec
2019-07-14 20:19:21.361 18997 INFO rally.task.context [-] Task c4d8460c-929c-4d3f-bf0b-f5c4b9596ce4 | Context users@openstack cleanup() started
2019-07-14 20:19:27.131 18997 INFO rally.task.context [-] Task c4d8460c-929c-4d3f-bf0b-f5c4b9596ce4 | Context users@openstack cleanup() finished in 5.77 sec
2019-07-14 20:19:27.131 18997 INFO rally.task.engine [-] Task c4d8460c-929c-4d3f-bf0b-f5c4b9596ce4 | Completed: Task validation of semantic.
2019-07-14 20:19:27.132 18997 INFO rally.task.engine [-] Task c4d8460c-929c-4d3f-bf0b-f5c4b9596ce4 | Completed: Task validation.
2019-07-14 20:19:27.132 18997 INFO rally.api [-] Task c4d8460c-929c-4d3f-bf0b-f5c4b9596ce4 input file is valid.
2019-07-14 20:19:27.132 18997 INFO rally.api [-] Run Task c4d8460c-929c-4d3f-bf0b-f5c4b9596ce4 against Deployment 40eefefd-3fb5-4b74-b653-7ee07ae69a2c
2019-07-14 20:19:27.133 18997 INFO rally.task.engine [-] Task c4d8460c-929c-4d3f-bf0b-f5c4b9596ce4 | Starting: Running task.
2019-07-14 20:19:27.283 18997 INFO rally.task.engine [-] Running workload: position = 0 config = { "version": 2, "title": "A cropped version of a bigger task.", "description": "Auto-generated task from a single workload (uuid=00e4ca1c-e252-4656-8e03-aaf8dfef8f92)", "subtasks": [ { "title": "NeutronNetworks.create_and_list_networks", "description": "Check performance of list_networks action and ensure > network quotas are not exceeded", "scenario": { "NeutronNetworks.create_and_list_networks": {} }, "contexts": { "users": { "tenants": 1, "users_per_tenant": 1 }, "quotas": { "neutron": { "network": 119 } } }, "runner": { "constant": { "times": 100, "concurrency": 20 } }, "hooks": [], "sla": { "max_avg_duration_per_atomic": { "neutron.list_networks": 15 }, "failure_rate": { "max": 0 } } } ] }
2019-07-14 20:19:27.305 18997 RALLYDEBUG rally_openstack.contexts.keystone.users [-] Creating 1 tenants using 20 threads
2019-07-14 20:19:29.227 18997 RALLYDEBUG rally_openstack.contexts.keystone.users [-] Creating 1 users using 20 threads
2019-07-14 20:19:32.124 18997 INFO rally.task.context [-] Task c4d8460c-929c-4d3f-bf0b-f5c4b9596ce4 | Context users@openstack setup() finished in 4.82 sec
2019-07-14 20:19:32.946 18997 INFO rally.task.context [-] Task c4d8460c-929c-4d3f-bf0b-f5c4b9596ce4 | Context quotas@openstack setup() finished in 0.82 sec
2019-07-14 20:19:32.946 18997 INFO rally.task.context [-] Task c4d8460c-929c-4d3f-bf0b-f5c4b9596ce4 | Context cleanup@openstack setup() finished in 0.01 msec
2019-07-14 20:19:32.954 18997 RALLYDEBUG rally.task.runner [-] Starting the constant runner (task UUID: c4d8460c-929c-4d3f-bf0b-f5c4b9596ce4). timeout: 0 concurrency: 20 concurrency_per_worker: 1 times: 100 concurrency_overhead: 4 processes_to_start: 16 max_cpu_used: 16
2019-07-14 20:19:32.967 19121 RALLYDEBUG rally.task.runner [-] Starting a worker. concurrency: 2 args: {} times: 100 method_name: run timeout: 0 duration: None cls:
2019-07-14 20:19:32.969 19122 RALLYDEBUG rally.task.runner [-] Starting a worker. concurrency: 2 args: {} times: 100 method_name: run timeout: 0 duration: None cls:
2019-07-14 20:19:32.971 19123 RALLYDEBUG rally.task.runner [-] Starting a worker. concurrency: 2 args: {} times: 100 method_name: run timeout: 0 duration: None cls:
2019-07-14 20:19:32.974 19124 RALLYDEBUG rally.task.runner [-] Starting a worker. concurrency: 2 args: {} times: 100 method_name: run timeout: 0 duration: None cls:
2019-07-14 20:19:32.975 19127 RALLYDEBUG rally.task.runner [-] Starting a worker. concurrency: 1 args: {} times: 100 method_name: run timeout: 0 duration: None cls:
2019-07-14 20:19:32.976 19122 INFO rally.task.runner [-] Task c4d8460c-929c-4d3f-bf0b-f5c4b9596ce4 | ITER: 2 START
2019-07-14 20:19:32.976 19121 INFO rally.task.runner [-] Task c4d8460c-929c-4d3f-bf0b-f5c4b9596ce4 | ITER: 1 START
2019-07-14 20:19:32.979 19123 INFO rally.task.runner [-] Task c4d8460c-929c-4d3f-bf0b-f5c4b9596ce4 | ITER: 4 START
2019-07-14 20:19:32.979 19132 RALLYDEBUG rally.task.runner [-] Starting a worker. concurrency: 1 args: {} times: 100 method_name: run timeout: 0 duration: None cls:
2019-07-14 20:19:32.980 19127 INFO rally.task.runner [-] Task c4d8460c-929c-4d3f-bf0b-f5c4b9596ce4 | ITER: 8 START
2019-07-14 20:19:32.982 19121 INFO rally.task.runner [-] Task c4d8460c-929c-4d3f-bf0b-f5c4b9596ce4 | ITER: 3 START
2019-07-14 20:19:32.984 19134 RALLYDEBUG rally.task.runner [-] Starting a worker. concurrency: 1 args: {} times: 100 method_name: run timeout: 0 duration: None cls:
2019-07-14 20:19:32.985 19124 INFO rally.task.runner [-] Task c4d8460c-929c-4d3f-bf0b-f5c4b9596ce4 | ITER: 7 START
2019-07-14 20:19:32.980 19123 INFO rally.task.runner [-] Task c4d8460c-929c-4d3f-bf0b-f5c4b9596ce4 | ITER: 5 START
2019-07-14 20:19:32.986 19132 INFO rally.task.runner [-] Task c4d8460c-929c-4d3f-bf0b-f5c4b9596ce4 | ITER: 9 START
2019-07-14 20:19:32.988 19142 RALLYDEBUG rally.task.runner [-] Starting a worker. concurrency: 1 args: {} times: 100 method_name: run timeout: 0 duration: None cls:
2019-07-14 20:19:32.990 19140 RALLYDEBUG rally.task.runner [-] Starting a worker. concurrency: 1 args: {} times: 100 method_name: run timeout: 0 duration: None cls:
2019-07-14 20:19:32.992 19134 INFO rally.task.runner [-] Task c4d8460c-929c-4d3f-bf0b-f5c4b9596ce4 | ITER: 11 START
2019-07-14 20:19:32.993 19122 INFO rally.task.runner [-] Task c4d8460c-929c-4d3f-bf0b-f5c4b9596ce4 | ITER: 6 START
2019-07-14 20:19:32.992 19124 INFO rally.task.runner [-] Task c4d8460c-929c-4d3f-bf0b-f5c4b9596ce4 | ITER: 10 START
2019-07-14 20:19:32.994 19146 RALLYDEBUG rally.task.runner [-] Starting a worker. concurrency: 1 args: {} times: 100 method_name: run timeout: 0 duration: None cls:
2019-07-14 20:19:32.995 19144 RALLYDEBUG rally.task.runner [-] Starting a worker. concurrency: 1 args: {} times: 100 method_name: run timeout: 0 duration: None cls:
2019-07-14 20:19:32.997 19140 INFO rally.task.runner [-] Task c4d8460c-929c-4d3f-bf0b-f5c4b9596ce4 | ITER: 13 START
2019-07-14 20:19:32.999 19142 INFO rally.task.runner [-] Task c4d8460c-929c-4d3f-bf0b-f5c4b9596ce4 | ITER: 12 START
2019-07-14 20:19:33.002 19155 RALLYDEBUG rally.task.runner [-] Starting a worker. concurrency: 1 args: {} times: 100 method_name: run timeout: 0 duration: None cls:
2019-07-14 20:19:33.003 19144 INFO rally.task.runner [-] Task c4d8460c-929c-4d3f-bf0b-f5c4b9596ce4 | ITER: 15 START
2019-07-14 20:19:33.002 19152 RALLYDEBUG rally.task.runner [-] Starting a worker. concurrency: 1 args: {} times: 100 method_name: run timeout: 0 duration: None cls:
2019-07-14 20:19:33.006 19146 INFO rally.task.runner [-] Task c4d8460c-929c-4d3f-bf0b-f5c4b9596ce4 | ITER: 14 START
2019-07-14 20:19:33.008 19155 INFO rally.task.runner [-] Task c4d8460c-929c-4d3f-bf0b-f5c4b9596ce4 | ITER: 16 START
2019-07-14 20:19:33.010 19152 INFO rally.task.runner [-] Task c4d8460c-929c-4d3f-bf0b-f5c4b9596ce4 | ITER: 17 START
2019-07-14 20:19:33.018 19164 RALLYDEBUG rally.task.runner [-] Starting a worker. concurrency: 1 args: {} times: 100 method_name: run timeout: 0 duration: None cls:
2019-07-14 20:19:33.022 19164 INFO rally.task.runner [-] Task c4d8460c-929c-4d3f-bf0b-f5c4b9596ce4 | ITER: 18 START
2019-07-14 20:19:33.029 19167 RALLYDEBUG rally.task.runner [-] Starting a worker. concurrency: 1 args: {} times: 100 method_name: run timeout: 0 duration: None cls:
2019-07-14 20:19:33.032 19168 RALLYDEBUG rally.task.runner [-] Starting a worker. concurrency: 1 args: {} times: 100 method_name: run timeout: 0 duration: None cls:
2019-07-14 20:19:33.034 19167 INFO rally.task.runner [-] Task c4d8460c-929c-4d3f-bf0b-f5c4b9596ce4 | ITER: 19 START
2019-07-14 20:19:33.038 19168 INFO rally.task.runner [-] Task c4d8460c-929c-4d3f-bf0b-f5c4b9596ce4 | ITER: 20 START
2019-07-14 20:19:35.789 19132 INFO rally.task.runner [-] Task c4d8460c-929c-4d3f-bf0b-f5c4b9596ce4 | ITER: 9 END: OK
2019-07-14 20:19:35.794 19132 INFO rally.task.runner [-] Task c4d8460c-929c-4d3f-bf0b-f5c4b9596ce4 | ITER: 21 START
2019-07-14 20:19:35.809 19152 INFO rally.task.runner [-] Task c4d8460c-929c-4d3f-bf0b-f5c4b9596ce4 | ITER: 17 END: OK
2019-07-14 20:19:35.812 19152 INFO rally.task.runner [-] Task c4d8460c-929c-4d3f-bf0b-f5c4b9596ce4 | ITER: 22 START
2019-07-14 20:19:36.186 19155 INFO rally.task.runner [-] Task c4d8460c-929c-4d3f-bf0b-f5c4b9596ce4 | ITER: 16 END: OK
2019-07-14 20:19:36.190 19155 INFO rally.task.runner [-] Task c4d8460c-929c-4d3f-bf0b-f5c4b9596ce4 | ITER: 23 START
2019-07-14 20:19:36.437 19144 INFO rally.task.runner [-] Task c4d8460c-929c-4d3f-bf0b-f5c4b9596ce4 | ITER: 15 END: OK
2019-07-14 20:19:36.441 19144 INFO rally.task.runner [-] Task c4d8460c-929c-4d3f-bf0b-f5c4b9596ce4 | ITER: 24 START
2019-07-14 20:19:36.815 19123 INFO rally.task.runner [-] Task c4d8460c-929c-4d3f-bf0b-f5c4b9596ce4 | ITER: 4 END: OK
2019-07-14 20:19:36.819 19123 INFO rally.task.runner [-] Task c4d8460c-929c-4d3f-bf0b-f5c4b9596ce4 | ITER: 25 START
2019-07-14 20:19:37.266 19122 INFO rally.task.runner [-] Task c4d8460c-929c-4d3f-bf0b-f5c4b9596ce4 | ITER: 6 END: OK
2019-07-14 20:19:37.270 19122 INFO rally.task.runner [-] Task c4d8460c-929c-4d3f-bf0b-f5c4b9596ce4 | ITER: 26 START
2019-07-14 20:19:37.375 19127 INFO rally.task.runner [-] Task c4d8460c-929c-4d3f-bf0b-f5c4b9596ce4 | ITER: 8 END: OK
2019-07-14 20:19:37.378 19127 INFO rally.task.runner [-] Task c4d8460c-929c-4d3f-bf0b-f5c4b9596ce4 | ITER: 27 START
2019-07-14 20:19:37.521 19142 INFO rally.task.runner [-] Task c4d8460c-929c-4d3f-bf0b-f5c4b9596ce4 | ITER: 12 END: OK
2019-07-14 20:19:37.525 19142 INFO rally.task.runner [-] Task c4d8460c-929c-4d3f-bf0b-f5c4b9596ce4 | ITER: 28 START
2019-07-14 20:19:38.072 19168 INFO rally.task.runner [-] Task c4d8460c-929c-4d3f-bf0b-f5c4b9596ce4 | ITER: 20 END: OK
2019-07-14 20:19:38.077 19168 INFO rally.task.runner [-] Task c4d8460c-929c-4d3f-bf0b-f5c4b9596ce4 | ITER: 29 START
2019-07-14 20:19:38.149 19132 INFO rally.task.runner [-] Task c4d8460c-929c-4d3f-bf0b-f5c4b9596ce4 | ITER: 21 END: OK
2019-07-14 20:19:38.152 19132 INFO rally.task.runner [-] Task c4d8460c-929c-4d3f-bf0b-f5c4b9596ce4 | ITER: 30 START
2019-07-14 20:19:38.366 19124 INFO rally.task.runner [-] Task c4d8460c-929c-4d3f-bf0b-f5c4b9596ce4 | ITER: 10 END: OK
2019-07-14 20:19:38.370 19124 INFO rally.task.runner [-] Task c4d8460c-929c-4d3f-bf0b-f5c4b9596ce4 | ITER: 31 START
2019-07-14 20:19:38.399 19123 INFO rally.task.runner [-] Task c4d8460c-929c-4d3f-bf0b-f5c4b9596ce4 | ITER: 5 END: OK
2019-07-14 20:19:38.402 19123 INFO rally.task.runner [-] Task c4d8460c-929c-4d3f-bf0b-f5c4b9596ce4 | ITER: 32 START
2019-07-14 20:19:38.405 19122 INFO rally.task.runner [-] Task c4d8460c-929c-4d3f-bf0b-f5c4b9596ce4 | ITER: 2 END: OK
2019-07-14 20:19:38.408 19122 INFO rally.task.runner [-] Task c4d8460c-929c-4d3f-bf0b-f5c4b9596ce4 | ITER: 33 START
2019-07-14 20:19:38.435 19167 INFO rally.task.runner [-] Task c4d8460c-929c-4d3f-bf0b-f5c4b9596ce4 | ITER: 19 END: OK
2019-07-14 20:19:38.439 19167 INFO rally.task.runner [-] Task c4d8460c-929c-4d3f-bf0b-f5c4b9596ce4 | ITER: 34 START
2019-07-14 20:19:38.654 19164 INFO rally.task.runner [-] Task c4d8460c-929c-4d3f-bf0b-f5c4b9596ce4 | ITER: 18 END: OK
2019-07-14 20:19:38.658 19164 INFO rally.task.runner [-] Task c4d8460c-929c-4d3f-bf0b-f5c4b9596ce4 | ITER: 35 START
2019-07-14 20:19:38.723 19155 INFO rally.task.runner [-] Task c4d8460c-929c-4d3f-bf0b-f5c4b9596ce4 | ITER: 23 END: OK
2019-07-14 20:19:38.726 19155 INFO rally.task.runner [-] Task c4d8460c-929c-4d3f-bf0b-f5c4b9596ce4 | ITER: 36 START
2019-07-14 20:19:38.807 19152 INFO rally.task.runner [-] Task c4d8460c-929c-4d3f-bf0b-f5c4b9596ce4 | ITER: 22 END: OK
2019-07-14 20:19:38.811 19152 INFO rally.task.runner [-] Task c4d8460c-929c-4d3f-bf0b-f5c4b9596ce4 | ITER: 37 START
2019-07-14 20:19:39.203 19123 INFO rally.task.runner [-] Task c4d8460c-929c-4d3f-bf0b-f5c4b9596ce4 | ITER: 25 END: OK
2019-07-14 20:19:39.206 19123 INFO rally.task.runner [-] Task c4d8460c-929c-4d3f-bf0b-f5c4b9596ce4 | ITER: 38 START
2019-07-14 20:19:39.330 19144 INFO rally.task.runner [-] Task c4d8460c-929c-4d3f-bf0b-f5c4b9596ce4 | ITER: 24 END: OK
2019-07-14 20:19:39.333 19144 INFO rally.task.runner [-] Task c4d8460c-929c-4d3f-bf0b-f5c4b9596ce4 | ITER: 39 START
2019-07-14 20:19:39.995 19127 INFO rally.task.runner [-] Task c4d8460c-929c-4d3f-bf0b-f5c4b9596ce4 | ITER: 27 END: OK
2019-07-14 20:19:39.997 19127 INFO rally.task.runner [-] Task c4d8460c-929c-4d3f-bf0b-f5c4b9596ce4 | ITER: 40 START
2019-07-14 20:19:39.999 19122 INFO rally.task.runner [-] Task c4d8460c-929c-4d3f-bf0b-f5c4b9596ce4 | ITER: 26 END: OK
2019-07-14 20:19:40.002 19122 INFO rally.task.runner [-] Task c4d8460c-929c-4d3f-bf0b-f5c4b9596ce4 | ITER: 41 START
2019-07-14 20:19:40.080 19142 INFO rally.task.runner [-] Task c4d8460c-929c-4d3f-bf0b-f5c4b9596ce4 | ITER: 28 END: OK
2019-07-14 20:19:40.083 19142 INFO rally.task.runner [-] Task c4d8460c-929c-4d3f-bf0b-f5c4b9596ce4 | ITER: 42 START
2019-07-14 20:19:40.809 19132 INFO rally.task.runner [-] Task c4d8460c-929c-4d3f-bf0b-f5c4b9596ce4 | ITER: 30 END: OK
2019-07-14 20:19:40.812 19132 INFO rally.task.runner [-] Task c4d8460c-929c-4d3f-bf0b-f5c4b9596ce4 | ITER: 43 START
2019-07-14 20:19:40.927 19168 INFO rally.task.runner [-] Task c4d8460c-929c-4d3f-bf0b-f5c4b9596ce4 | ITER: 29 END: OK
2019-07-14 20:19:40.930 19168 INFO rally.task.runner [-] Task c4d8460c-929c-4d3f-bf0b-f5c4b9596ce4 | ITER: 44 START
2019-07-14 20:19:40.969 19121 INFO rally.task.runner [-] Task c4d8460c-929c-4d3f-bf0b-f5c4b9596ce4 | ITER: 3 END: OK
2019-07-14 20:19:40.973 19121 INFO rally.task.runner [-] Task c4d8460c-929c-4d3f-bf0b-f5c4b9596ce4 | ITER: 45 START
2019-07-14 20:19:41.337 19140 INFO rally.task.runner [-] Task c4d8460c-929c-4d3f-bf0b-f5c4b9596ce4 | ITER: 13 END: OK
2019-07-14 20:19:41.341 19140 INFO rally.task.runner [-] Task c4d8460c-929c-4d3f-bf0b-f5c4b9596ce4 | ITER: 46 START
2019-07-14 20:19:41.397 19124 INFO rally.task.runner [-] Task c4d8460c-929c-4d3f-bf0b-f5c4b9596ce4 | ITER: 31 END: OK
2019-07-14 20:19:41.401 19124 INFO rally.task.runner [-] Task c4d8460c-929c-4d3f-bf0b-f5c4b9596ce4 | ITER: 47 START
2019-07-14 20:19:41.441 19124 INFO rally.task.runner [-] Task c4d8460c-929c-4d3f-bf0b-f5c4b9596ce4 | ITER: 7 END: OK
2019-07-14 20:19:41.444 19124 INFO rally.task.runner [-] Task c4d8460c-929c-4d3f-bf0b-f5c4b9596ce4 | ITER: 48 START
2019-07-14 20:19:41.480 19123 INFO rally.task.runner [-] Task c4d8460c-929c-4d3f-bf0b-f5c4b9596ce4 | ITER: 32 END: OK
2019-07-14 20:19:41.483 19123 INFO rally.task.runner [-] Task c4d8460c-929c-4d3f-bf0b-f5c4b9596ce4 | ITER: 49 START
2019-07-14 20:19:41.565 19123 INFO rally.task.runner [-] Task c4d8460c-929c-4d3f-bf0b-f5c4b9596ce4 | ITER: 38 END: OK
2019-07-14 20:19:41.568 19123 INFO rally.task.runner [-] Task c4d8460c-929c-4d3f-bf0b-f5c4b9596ce4 | ITER: 50 START
2019-07-14 20:19:41.571 19122 INFO rally.task.runner [-] Task c4d8460c-929c-4d3f-bf0b-f5c4b9596ce4 | ITER: 33 END: OK
2019-07-14 20:19:41.574 19122 INFO rally.task.runner [-] Task c4d8460c-929c-4d3f-bf0b-f5c4b9596ce4 | ITER: 51 START
2019-07-14 20:19:41.638 19167 INFO rally.task.runner [-] Task c4d8460c-929c-4d3f-bf0b-f5c4b9596ce4 | ITER: 34 END: OK
2019-07-14 20:19:41.641 19167 INFO rally.task.runner [-] Task c4d8460c-929c-4d3f-bf0b-f5c4b9596ce4 | ITER: 52 START
2019-07-14 20:19:41.643 19146 INFO rally.task.runner [-] Task c4d8460c-929c-4d3f-bf0b-f5c4b9596ce4 | ITER: 14 END: OK
2019-07-14 20:19:41.645 19146 INFO rally.task.runner [-] Task c4d8460c-929c-4d3f-bf0b-f5c4b9596ce4 | ITER: 53 START
2019-07-14 20:19:41.841 19155 INFO rally.task.runner [-] Task c4d8460c-929c-4d3f-bf0b-f5c4b9596ce4 | ITER: 36 END: OK
2019-07-14 20:19:41.844 19155 INFO rally.task.runner [-] Task c4d8460c-929c-4d3f-bf0b-f5c4b9596ce4 | ITER: 54 START
2019-07-14 20:19:41.872 19164 INFO rally.task.runner [-] Task c4d8460c-929c-4d3f-bf0b-f5c4b9596ce4 | ITER: 35 END: OK
2019-07-14 20:19:41.875 19164 INFO rally.task.runner [-] Task c4d8460c-929c-4d3f-bf0b-f5c4b9596ce4 | ITER: 55 START
2019-07-14 20:19:41.941 19121 INFO rally.task.runner [-] Task c4d8460c-929c-4d3f-bf0b-f5c4b9596ce4 | ITER: 1 END: OK
2019-07-14 20:19:41.945 19121 INFO rally.task.runner [-] Task c4d8460c-929c-4d3f-bf0b-f5c4b9596ce4 | ITER: 56 START
2019-07-14 20:19:42.240 19134 INFO rally.task.runner [-] Task c4d8460c-929c-4d3f-bf0b-f5c4b9596ce4 | ITER: 11 END: OK
2019-07-14 20:19:42.243 19134 INFO rally.task.runner [-] Task c4d8460c-929c-4d3f-bf0b-f5c4b9596ce4 | ITER: 57 START
2019-07-14 20:19:42.674 19127 INFO rally.task.runner [-] Task c4d8460c-929c-4d3f-bf0b-f5c4b9596ce4 | ITER: 40 END: OK
2019-07-14 20:19:42.677 19127 INFO rally.task.runner [-] Task c4d8460c-929c-4d3f-bf0b-f5c4b9596ce4 | ITER: 58 START
2019-07-14 20:19:42.835 19144 INFO rally.task.runner [-] Task c4d8460c-929c-4d3f-bf0b-f5c4b9596ce4 | ITER: 39 END: OK
2019-07-14 20:19:42.838 19144 INFO rally.task.runner [-] Task c4d8460c-929c-4d3f-bf0b-f5c4b9596ce4 | ITER: 59 START
2019-07-14 20:19:43.075 19152 INFO rally.task.runner [-] Task c4d8460c-929c-4d3f-bf0b-f5c4b9596ce4 | ITER: 37 END: OK
2019-07-14 20:19:43.079 19152 INFO rally.task.runner [-] Task c4d8460c-929c-4d3f-bf0b-f5c4b9596ce4 | ITER: 60 START
2019-07-14 20:19:43.197 19122 INFO rally.task.runner [-] Task c4d8460c-929c-4d3f-bf0b-f5c4b9596ce4 | ITER: 41 END: OK
2019-07-14 20:19:43.201 19122 INFO rally.task.runner [-] Task c4d8460c-929c-4d3f-bf0b-f5c4b9596ce4 | ITER: 61 START
2019-07-14 20:19:43.270 19142 INFO rally.task.runner [-] Task c4d8460c-929c-4d3f-bf0b-f5c4b9596ce4 | ITER: 42 END: OK
2019-07-14 20:19:43.273 19142 INFO rally.task.runner [-] Task c4d8460c-929c-4d3f-bf0b-f5c4b9596ce4 | ITER: 62 START
2019-07-14 20:19:43.333 19132 INFO rally.task.runner [-] Task c4d8460c-929c-4d3f-bf0b-f5c4b9596ce4 | ITER: 43 END: OK
2019-07-14 20:19:43.336 19132 INFO rally.task.runner [-] Task c4d8460c-929c-4d3f-bf0b-f5c4b9596ce4 | ITER: 63 START
2019-07-14 20:19:43.417 19168 INFO rally.task.runner [-] Task c4d8460c-929c-4d3f-bf0b-f5c4b9596ce4 | ITER: 44 END: OK
2019-07-14 20:19:43.421 19168 INFO rally.task.runner [-] Task c4d8460c-929c-4d3f-bf0b-f5c4b9596ce4 | ITER: 64 START
2019-07-14 20:19:44.083 19121 INFO rally.task.runner [-] Task c4d8460c-929c-4d3f-bf0b-f5c4b9596ce4 | ITER: 45 END: OK
2019-07-14 20:19:44.085 19121 INFO rally.task.runner [-] Task c4d8460c-929c-4d3f-bf0b-f5c4b9596ce4 | ITER: 65 START
2019-07-14 20:19:44.399 19124 INFO rally.task.runner [-] Task c4d8460c-929c-4d3f-bf0b-f5c4b9596ce4 | ITER: 48 END: OK
2019-07-14 20:19:44.403 19124 INFO rally.task.runner [-] Task c4d8460c-929c-4d3f-bf0b-f5c4b9596ce4 | ITER: 66 START
2019-07-14 20:19:44.660 19122 INFO rally.task.runner [-] Task c4d8460c-929c-4d3f-bf0b-f5c4b9596ce4 | ITER: 51 END: OK
2019-07-14 20:19:44.663 19122 INFO rally.task.runner [-] Task c4d8460c-929c-4d3f-bf0b-f5c4b9596ce4 | ITER: 67 START
2019-07-14 20:19:44.678 19123 INFO rally.task.runner [-] Task c4d8460c-929c-4d3f-bf0b-f5c4b9596ce4 | ITER: 49 END: OK
2019-07-14 20:19:44.681 19123 INFO rally.task.runner [-] Task c4d8460c-929c-4d3f-bf0b-f5c4b9596ce4 | ITER: 68 START
2019-07-14 20:19:44.795 19164 INFO rally.task.runner [-] Task c4d8460c-929c-4d3f-bf0b-f5c4b9596ce4 | ITER: 55 END: OK
2019-07-14 20:19:44.798 19164 INFO rally.task.runner [-] Task c4d8460c-929c-4d3f-bf0b-f5c4b9596ce4 | ITER: 69 START
2019-07-14 20:19:44.889 19123 INFO rally.task.runner [-] Task c4d8460c-929c-4d3f-bf0b-f5c4b9596ce4 | ITER: 50 END: OK
2019-07-14 20:19:44.891 19123 INFO rally.task.runner [-] Task c4d8460c-929c-4d3f-bf0b-f5c4b9596ce4 | ITER: 70 START
2019-07-14 20:19:44.959 19140 INFO rally.task.runner [-] Task c4d8460c-929c-4d3f-bf0b-f5c4b9596ce4 | ITER: 46 END: OK
2019-07-14 20:19:44.963 19140 INFO rally.task.runner [-] Task c4d8460c-929c-4d3f-bf0b-f5c4b9596ce4 | ITER: 71 START
2019-07-14 20:19:44.967 19167 INFO rally.task.runner [-] Task c4d8460c-929c-4d3f-bf0b-f5c4b9596ce4 | ITER: 52 END: OK
2019-07-14 20:19:44.967 19124 INFO rally.task.runner [-] Task c4d8460c-929c-4d3f-bf0b-f5c4b9596ce4 | ITER: 47 END: OK
2019-07-14 20:19:44.970 19167 INFO rally.task.runner [-] Task c4d8460c-929c-4d3f-bf0b-f5c4b9596ce4 | ITER: 72 START
2019-07-14 20:19:44.970 19124 INFO rally.task.runner [-] Task c4d8460c-929c-4d3f-bf0b-f5c4b9596ce4 | ITER: 73 START
2019-07-14 20:19:44.992 19146 INFO rally.task.runner [-] Task c4d8460c-929c-4d3f-bf0b-f5c4b9596ce4 | ITER: 53 END: OK
2019-07-14 20:19:44.994 19146 INFO rally.task.runner [-] Task c4d8460c-929c-4d3f-bf0b-f5c4b9596ce4 | ITER: 74 START
2019-07-14 20:19:45.004 19134 INFO rally.task.runner [-] Task c4d8460c-929c-4d3f-bf0b-f5c4b9596ce4 | ITER: 57 END: OK
2019-07-14 20:19:45.006 19134 INFO rally.task.runner [-] Task c4d8460c-929c-4d3f-bf0b-f5c4b9596ce4 | ITER: 75 START
2019-07-14 20:19:45.036 19121 INFO rally.task.runner [-] Task c4d8460c-929c-4d3f-bf0b-f5c4b9596ce4 | ITER: 56 END: OK
2019-07-14 20:19:45.039 19121 INFO rally.task.runner [-] Task c4d8460c-929c-4d3f-bf0b-f5c4b9596ce4 | ITER: 76 START
2019-07-14 20:19:45.741 19155 INFO rally.task.runner [-] Task c4d8460c-929c-4d3f-bf0b-f5c4b9596ce4 | ITER: 54 END: OK
2019-07-14 20:19:45.744 19155 INFO rally.task.runner [-] Task c4d8460c-929c-4d3f-bf0b-f5c4b9596ce4 | ITER: 77 START
2019-07-14 20:19:45.950 19144 INFO rally.task.runner [-] Task c4d8460c-929c-4d3f-bf0b-f5c4b9596ce4 | ITER: 59 END: OK
2019-07-14 20:19:45.954 19144 INFO rally.task.runner [-] Task c4d8460c-929c-4d3f-bf0b-f5c4b9596ce4 | ITER: 78 START
2019-07-14 20:19:46.249 19142 INFO rally.task.runner [-] Task c4d8460c-929c-4d3f-bf0b-f5c4b9596ce4 | ITER: 62 END: OK
2019-07-14 20:19:46.252 19142 INFO rally.task.runner [-] Task c4d8460c-929c-4d3f-bf0b-f5c4b9596ce4 | ITER: 79 START
2019-07-14 20:19:46.291 19127 INFO rally.task.runner [-] Task c4d8460c-929c-4d3f-bf0b-f5c4b9596ce4 | ITER: 58 END: OK
2019-07-14 20:19:46.294 19127 INFO rally.task.runner [-] Task c4d8460c-929c-4d3f-bf0b-f5c4b9596ce4 | ITER: 80 START
2019-07-14 20:19:46.326 19132 INFO rally.task.runner [-] Task c4d8460c-929c-4d3f-bf0b-f5c4b9596ce4 | ITER: 63 END: OK
2019-07-14 20:19:46.329 19132 INFO rally.task.runner [-] Task c4d8460c-929c-4d3f-bf0b-f5c4b9596ce4 | ITER: 81 START
2019-07-14 20:19:46.432 19122 INFO rally.task.runner [-] Task c4d8460c-929c-4d3f-bf0b-f5c4b9596ce4 | ITER: 61 END: OK
2019-07-14 20:19:46.435 19122 INFO rally.task.runner [-] Task c4d8460c-929c-4d3f-bf0b-f5c4b9596ce4 | ITER: 82 START
2019-07-14 20:19:46.525 19168 INFO rally.task.runner [-] Task c4d8460c-929c-4d3f-bf0b-f5c4b9596ce4 | ITER: 64 END: OK
2019-07-14 20:19:46.528 19168 INFO rally.task.runner [-] Task c4d8460c-929c-4d3f-bf0b-f5c4b9596ce4 | ITER: 83 START
2019-07-14 20:19:46.606 19152 INFO rally.task.runner [-] Task c4d8460c-929c-4d3f-bf0b-f5c4b9596ce4 | ITER: 60 END: OK
2019-07-14 20:19:46.609 19152 INFO rally.task.runner [-] Task c4d8460c-929c-4d3f-bf0b-f5c4b9596ce4 | ITER: 84 START
2019-07-14 20:19:47.454 19121 INFO rally.task.runner [-] Task c4d8460c-929c-4d3f-bf0b-f5c4b9596ce4 | ITER: 65 END: OK
2019-07-14 20:19:47.457 19121 INFO rally.task.runner [-] Task c4d8460c-929c-4d3f-bf0b-f5c4b9596ce4 | ITER: 85 START
2019-07-14 20:19:47.751 19124 INFO rally.task.runner [-] Task c4d8460c-929c-4d3f-bf0b-f5c4b9596ce4 | ITER: 66 END: OK
2019-07-14 20:19:47.754 19164 INFO rally.task.runner [-] Task c4d8460c-929c-4d3f-bf0b-f5c4b9596ce4 | ITER: 69 END: OK
2019-07-14 20:19:47.755 19124 INFO rally.task.runner [-] Task c4d8460c-929c-4d3f-bf0b-f5c4b9596ce4 | ITER: 86 START
2019-07-14 20:19:47.757 19164 INFO rally.task.runner [-] Task c4d8460c-929c-4d3f-bf0b-f5c4b9596ce4 | ITER: 87 START
2019-07-14 20:19:47.817 19123 INFO rally.task.runner [-] Task c4d8460c-929c-4d3f-bf0b-f5c4b9596ce4 | ITER: 68 END: OK
2019-07-14 20:19:47.821 19123 INFO rally.task.runner [-] Task c4d8460c-929c-4d3f-bf0b-f5c4b9596ce4 | ITER: 88 START
2019-07-14 20:19:48.111 19121 INFO rally.task.runner [-] Task c4d8460c-929c-4d3f-bf0b-f5c4b9596ce4 | ITER: 76 END: OK
2019-07-14 20:19:48.114 19121 INFO rally.task.runner [-] Task c4d8460c-929c-4d3f-bf0b-f5c4b9596ce4 | ITER: 89 START
2019-07-14 20:19:48.405 19124 INFO rally.task.runner [-] Task c4d8460c-929c-4d3f-bf0b-f5c4b9596ce4 | ITER: 73 END: OK
2019-07-14 20:19:48.408 19124 INFO rally.task.runner [-] Task c4d8460c-929c-4d3f-bf0b-f5c4b9596ce4 | ITER: 90 START
2019-07-14 20:19:48.451 19167 INFO rally.task.runner [-] Task c4d8460c-929c-4d3f-bf0b-f5c4b9596ce4 | ITER: 72 END: OK
2019-07-14 20:19:48.454 19167 INFO rally.task.runner [-] Task c4d8460c-929c-4d3f-bf0b-f5c4b9596ce4 | ITER: 91 START
2019-07-14 20:19:48.478 19123 INFO rally.task.runner [-] Task c4d8460c-929c-4d3f-bf0b-f5c4b9596ce4 | ITER: 70 END: OK
2019-07-14 20:19:48.481 19123 INFO rally.task.runner [-] Task c4d8460c-929c-4d3f-bf0b-f5c4b9596ce4 | ITER: 92 START
2019-07-14 20:19:48.614 19134 INFO rally.task.runner [-] Task c4d8460c-929c-4d3f-bf0b-f5c4b9596ce4 | ITER: 75 END: OK
2019-07-14 20:19:48.616 19134 INFO rally.task.runner [-] Task c4d8460c-929c-4d3f-bf0b-f5c4b9596ce4 | ITER: 93 START
2019-07-14 20:19:48.725 19122 INFO rally.task.runner [-] Task c4d8460c-929c-4d3f-bf0b-f5c4b9596ce4 | ITER: 67 END: OK
2019-07-14 20:19:48.727 19122 INFO rally.task.runner [-] Task c4d8460c-929c-4d3f-bf0b-f5c4b9596ce4 | ITER: 94 START
2019-07-14 20:19:48.734 19155 INFO rally.task.runner [-] Task c4d8460c-929c-4d3f-bf0b-f5c4b9596ce4 | ITER: 77 END: OK
2019-07-14 20:19:48.737 19155 INFO rally.task.runner [-] Task c4d8460c-929c-4d3f-bf0b-f5c4b9596ce4 | ITER: 95 START
2019-07-14 20:19:48.757 19140 INFO rally.task.runner [-] Task c4d8460c-929c-4d3f-bf0b-f5c4b9596ce4 | ITER: 71 END: OK
2019-07-14 20:19:48.759 19140 INFO rally.task.runner [-] Task c4d8460c-929c-4d3f-bf0b-f5c4b9596ce4 | ITER: 96 START
2019-07-14 20:19:48.789 19146 INFO rally.task.runner [-] Task c4d8460c-929c-4d3f-bf0b-f5c4b9596ce4 | ITER: 74 END: OK
2019-07-14 20:19:48.791 19146 INFO rally.task.runner [-] Task c4d8460c-929c-4d3f-bf0b-f5c4b9596ce4 | ITER: 97 START
2019-07-14 20:19:49.570 19144 INFO rally.task.runner [-] Task c4d8460c-929c-4d3f-bf0b-f5c4b9596ce4 | ITER: 78 END: OK
2019-07-14 20:19:49.573 19144 INFO rally.task.runner [-] Task c4d8460c-929c-4d3f-bf0b-f5c4b9596ce4 | ITER: 98 START
2019-07-14 20:19:49.667 19168 INFO rally.task.runner [-] Task c4d8460c-929c-4d3f-bf0b-f5c4b9596ce4 | ITER: 83 END: OK
2019-07-14 20:19:49.670 19168 INFO rally.task.runner [-] Task c4d8460c-929c-4d3f-bf0b-f5c4b9596ce4 | ITER: 99 START
2019-07-14 20:19:49.986 19142 INFO rally.task.runner [-] Task c4d8460c-929c-4d3f-bf0b-f5c4b9596ce4 | ITER: 79 END: OK
2019-07-14 20:19:49.989 19142 INFO rally.task.runner [-] Task c4d8460c-929c-4d3f-bf0b-f5c4b9596ce4 | ITER: 100 START
2019-07-14 20:19:50.075 19132 INFO rally.task.runner [-] Task c4d8460c-929c-4d3f-bf0b-f5c4b9596ce4 | ITER: 81 END: OK
2019-07-14 20:19:50.117 19121 INFO rally.task.runner [-] Task c4d8460c-929c-4d3f-bf0b-f5c4b9596ce4 | ITER: 85 END: OK
2019-07-14 20:19:50.284 19127 INFO rally.task.runner [-] Task c4d8460c-929c-4d3f-bf0b-f5c4b9596ce4 | ITER: 80 END: OK
2019-07-14 20:19:50.323 19122 INFO rally.task.runner [-] Task c4d8460c-929c-4d3f-bf0b-f5c4b9596ce4 | ITER: 82 END: OK
2019-07-14 20:19:50.595 19164 INFO rally.task.runner [-] Task c4d8460c-929c-4d3f-bf0b-f5c4b9596ce4 | ITER: 87 END: OK
2019-07-14 20:19:50.663 19124 INFO rally.task.runner [-] Task c4d8460c-929c-4d3f-bf0b-f5c4b9596ce4 | ITER: 86 END: OK
2019-07-14 20:19:51.020 19123 INFO rally.task.runner [-] Task c4d8460c-929c-4d3f-bf0b-f5c4b9596ce4 | ITER: 88 END: OK
2019-07-14 20:19:51.204 19121 INFO rally.task.runner [-] Task c4d8460c-929c-4d3f-bf0b-f5c4b9596ce4 | ITER: 89 END: OK
2019-07-14 20:19:51.217 19152 INFO rally.task.runner [-] Task c4d8460c-929c-4d3f-bf0b-f5c4b9596ce4 | ITER: 84 END: OK
2019-07-14 20:19:51.388 19140 INFO rally.task.runner [-] Task c4d8460c-929c-4d3f-bf0b-f5c4b9596ce4 | ITER: 96 END: OK
2019-07-14 20:19:51.430 19123 INFO rally.task.runner [-] Task c4d8460c-929c-4d3f-bf0b-f5c4b9596ce4 | ITER: 92 END: OK
2019-07-14 20:19:51.547 19122 INFO rally.task.runner [-] Task c4d8460c-929c-4d3f-bf0b-f5c4b9596ce4 | ITER: 94 END: OK
2019-07-14 20:19:51.594 19167 INFO rally.task.runner [-] Task c4d8460c-929c-4d3f-bf0b-f5c4b9596ce4 | ITER: 91 END: OK
2019-07-14 20:19:51.750 19124 INFO rally.task.runner [-] Task c4d8460c-929c-4d3f-bf0b-f5c4b9596ce4 | ITER: 90 END: OK
2019-07-14 20:19:51.820 19146 INFO rally.task.runner [-] Task c4d8460c-929c-4d3f-bf0b-f5c4b9596ce4 | ITER: 97 END: OK
2019-07-14 20:19:51.865 19155 INFO rally.task.runner [-] Task c4d8460c-929c-4d3f-bf0b-f5c4b9596ce4 | ITER: 95 END: OK
2019-07-14 20:19:52.317 19142 INFO rally.task.runner [-] Task c4d8460c-929c-4d3f-bf0b-f5c4b9596ce4 | ITER: 100 END: OK
2019-07-14 20:19:52.350 19134 INFO rally.task.runner [-] Task c4d8460c-929c-4d3f-bf0b-f5c4b9596ce4 | ITER: 93 END: OK
2019-07-14 20:19:53.264 19144 INFO rally.task.runner [-] Task c4d8460c-929c-4d3f-bf0b-f5c4b9596ce4 | ITER: 98 END: OK
2019-07-14 20:19:53.557 19168 INFO rally.task.runner [-] Task c4d8460c-929c-4d3f-bf0b-f5c4b9596ce4 | ITER: 99 END: OK
2019-07-14 20:19:53.577 18997 INFO rally.task.context [-] Task c4d8460c-929c-4d3f-bf0b-f5c4b9596ce4 | Context cleanup@openstack cleanup() started
2019-07-14 20:19:53.579 18997 RALLYDEBUG rally_openstack.cleanup.manager [-] Cleaning up neutron vip objects
2019-07-14 20:19:54.212 18997 RALLYDEBUG rally_openstack.cleanup.manager [-] Cleaning up neutron health_monitor objects
2019-07-14 20:19:54.956 18997 RALLYDEBUG rally_openstack.cleanup.manager [-] Cleaning up neutron pool objects
2019-07-14 20:19:55.619 18997 RALLYDEBUG rally_openstack.cleanup.manager [-] Cleaning up neutron loadbalancer objects
2019-07-14 20:19:56.354 18997 RALLYDEBUG rally_openstack.cleanup.manager [-] Cleaning up neutron floatingip objects
2019-07-14 20:19:57.220 18997 RALLYDEBUG rally_openstack.cleanup.manager [-] Cleaning up neutron port objects
2019-07-14 20:19:58.426 18997 RALLYDEBUG rally_openstack.cleanup.manager [-] Cleaning up neutron subnet objects
2019-07-14 20:19:59.100 18997 RALLYDEBUG rally_openstack.cleanup.manager [-] Cleaning up neutron network objects
2019-07-14 20:20:00.136 18997 RALLYDEBUG rally_openstack.cleanup.manager [-] Deleting neutron.network object s_rally_00e4ca1c_xPzYNxPC (021190f3-6525-472e-8391-034824a0d490)
2019-07-14 20:20:00.140 18997 RALLYDEBUG rally_openstack.cleanup.manager [-] Deleting neutron.network object s_rally_00e4ca1c_mS0JjeO7 (03f537dc-d820-409e-b619-9207bddb373a)
2019-07-14 20:20:00.147 18997 RALLYDEBUG rally_openstack.cleanup.manager [-] Deleting neutron.network object s_rally_00e4ca1c_Zf14Vimq (08ebf5c7-fca6-441c-a4e0-cf537822b948)
2019-07-14 20:20:00.158 18997 RALLYDEBUG rally_openstack.cleanup.manager [-] Deleting neutron.network object s_rally_00e4ca1c_bt1kQVB9 (0cefeef9-a4f1-46df-b839-f02b436529a9)
2019-07-14 20:20:00.172 18997 RALLYDEBUG rally_openstack.cleanup.manager [-] Deleting neutron.network object s_rally_00e4ca1c_19WOWisF (17175e1d-f063-4453-bd0a-896ac71fb50b)
2019-07-14 20:20:00.172 18997 RALLYDEBUG rally_openstack.cleanup.manager [-] Deleting neutron.network object s_rally_00e4ca1c_kUcclh1u (0f257207-883e-44ca-83db-cd3ad7d197aa)
2019-07-14 20:20:00.178 18997 RALLYDEBUG rally_openstack.cleanup.manager [-] Deleting neutron.network object s_rally_00e4ca1c_LE4m3kkW (1760fd14-8f12-49da-b214-2f8b9d88ac73)
2019-07-14 20:20:00.191 18997 RALLYDEBUG rally_openstack.cleanup.manager [-] Deleting neutron.network object s_rally_00e4ca1c_hk08NPPd (17a233af-214a-4869-917b-1350c14a98c0)
2019-07-14 20:20:00.199 18997 RALLYDEBUG rally_openstack.cleanup.manager [-] Deleting neutron.network object s_rally_00e4ca1c_SnNHpt7f (1c461a21-2dba-4171-9f65-8b845dadd773)
2019-07-14 20:20:00.210 18997 RALLYDEBUG rally_openstack.cleanup.manager [-] Deleting neutron.network object s_rally_00e4ca1c_1wcXtjK8 (2552078e-1564-472a-b54d-6e6aa2cff45f)
2019-07-14 20:20:00.210 18997 RALLYDEBUG rally_openstack.cleanup.manager [-] Deleting neutron.network object s_rally_00e4ca1c_Mp4KLN5F (23429aeb-8b39-4660-949c-43a7394aef89)
2019-07-14 20:20:00.227 18997 RALLYDEBUG rally_openstack.cleanup.manager [-] Deleting neutron.network object s_rally_00e4ca1c_kjvnWtjg (262f24bd-d9d0-46c3-8142-e724c2adb71f)
2019-07-14 20:20:00.258 18997 RALLYDEBUG rally_openstack.cleanup.manager [-] Deleting neutron.network object s_rally_00e4ca1c_Cz0vPd2m (28472546-e740-40bc-9925-9b15e21707b6)
2019-07-14 20:20:00.284 18997 RALLYDEBUG rally_openstack.cleanup.manager [-] Deleting neutron.network object s_rally_00e4ca1c_24Xlq0Ow (2b50f2b4-ecf1-4945-aa7b-b13354eba97c)
2019-07-14 20:20:00.289 18997 RALLYDEBUG rally_openstack.cleanup.manager [-] Deleting neutron.network object s_rally_00e4ca1c_Cu0mm17Q (2c7eef3f-6de8-4819-a414-29ce953d8423)
2019-07-14 20:20:00.301 18997 RALLYDEBUG rally_openstack.cleanup.manager [-] Deleting neutron.network object s_rally_00e4ca1c_LmVc7EFp (327980e8-ce0a-4c7b-8ec7-dd550fd05797)
2019-07-14 20:20:00.324 18997 RALLYDEBUG rally_openstack.cleanup.manager [-] Deleting neutron.network object s_rally_00e4ca1c_j69gH2To (338feff3-b948-426c-a7b6-42abde468e8a)
2019-07-14 20:20:00.338 18997 RALLYDEBUG rally_openstack.cleanup.manager [-] Deleting neutron.network object s_rally_00e4ca1c_GN7qcwQS (346c5c59-7ffc-4873-a453-42b65b400ead)
2019-07-14 20:20:00.345 18997 RALLYDEBUG rally_openstack.cleanup.manager [-] Deleting neutron.network object s_rally_00e4ca1c_M3RWcqjp (35532d9c-0132-4e8f-83cd-581085879e32)
2019-07-14 20:20:00.354 18997 RALLYDEBUG rally_openstack.cleanup.manager [-] Deleting neutron.network object s_rally_00e4ca1c_DZ3j84H3 (3543f459-e771-4cad-a311-c0865968d0db)
2019-07-14 20:20:03.924 18997 RALLYDEBUG rally_openstack.cleanup.manager [-] Deleting neutron.network object s_rally_00e4ca1c_jVRgBeCd (3762d094-b335-4c0d-b810-29ebb4246f28)
2019-07-14 20:20:04.139 18997 RALLYDEBUG rally_openstack.cleanup.manager [-] Deleting neutron.network object s_rally_00e4ca1c_CvGnDtci (3e353ab7-2086-4e4a-814c-dd96c9fb0fe9)
2019-07-14 20:20:04.146 18997 RALLYDEBUG rally_openstack.cleanup.manager [-] Deleting neutron.network object s_rally_00e4ca1c_5JWd91rH (4073b810-8e4e-49dc-a2ff-278124cbc9f5)
2019-07-14 20:20:04.165 18997 RALLYDEBUG rally_openstack.cleanup.manager [-] Deleting neutron.network object s_rally_00e4ca1c_pRQtEQ4z (42b3ef6a-9621-4ce3-bce3-8fe05e690aad)
2019-07-14 20:20:04.179 18997 RALLYDEBUG rally_openstack.cleanup.manager [-] Deleting neutron.network object s_rally_00e4ca1c_BHtXURT4 (42cc522a-ef79-467c-9828-45c2eb073996)
2019-07-14 20:20:04.206 18997 RALLYDEBUG rally_openstack.cleanup.manager [-] Deleting neutron.network object s_rally_00e4ca1c_hp6qGYTP (4c54a83e-7b0b-4703-baae-38874d9289cf)
2019-07-14 20:20:04.213 18997 RALLYDEBUG rally_openstack.cleanup.manager [-] Deleting neutron.network object s_rally_00e4ca1c_henbP3h0 (4d2c905f-0752-4543-8dee-a254c81cc9e2)
2019-07-14 20:20:04.378 18997 RALLYDEBUG rally_openstack.cleanup.manager [-] Deleting neutron.network object s_rally_00e4ca1c_A90EFnVr (4d7f9a6f-9eef-4730-8f78-d9f679afc8e5)
2019-07-14 20:20:04.749 18997 RALLYDEBUG rally_openstack.cleanup.manager [-] Deleting neutron.network object s_rally_00e4ca1c_HtIosO4S (4e6ac0c4-f3d2-4317-874f-b3f7288d48f0)
2019-07-14 20:20:04.923 18997 RALLYDEBUG rally_openstack.cleanup.manager [-] Deleting neutron.network object s_rally_00e4ca1c_gxq7nVso (52d36a4d-f433-437e-a036-96c276bc631a)
2019-07-14 20:20:05.108 18997 RALLYDEBUG rally_openstack.cleanup.manager [-] Deleting neutron.network object s_rally_00e4ca1c_NaKJo3uX (5773254e-6393-49f9-ab20-48813b9ef5d8)
2019-07-14 20:20:05.130 18997 RALLYDEBUG rally_openstack.cleanup.manager [-] Deleting neutron.network object s_rally_00e4ca1c_NPvZb05u (5bac3f1f-fd13-42c4-ad2b-b2c7248afad4)
2019-07-14 20:20:05.311 18997 RALLYDEBUG rally_openstack.cleanup.manager [-] Deleting neutron.network object s_rally_00e4ca1c_GnnDnMPA (5c524cf8-2bae-4faa-a664-b74507b51a19)
2019-07-14 20:20:05.317 18997 RALLYDEBUG rally_openstack.cleanup.manager [-] Deleting neutron.network object s_rally_00e4ca1c_WhIQUPgi (5e5701e5-39b9-43f1-b5c5-7e28f3a3a617)
2019-07-14 20:20:05.573 18997 RALLYDEBUG rally_openstack.cleanup.manager [-] Deleting neutron.network object s_rally_00e4ca1c_ru0RsH3P (5f664d91-02b0-47f9-8390-9232fd06fc08)
2019-07-14 20:20:05.802 18997 RALLYDEBUG rally_openstack.cleanup.manager [-] Deleting neutron.network object s_rally_00e4ca1c_OhHqHpU9 (5fc18b7e-2faf-4992-b924-7176ad1a572c)
2019-07-14 20:20:05.821 18997 RALLYDEBUG rally_openstack.cleanup.manager [-] Deleting neutron.network object s_rally_00e4ca1c_1Wzoxu1J (6592072c-62b0-46c9-9dfa-00c128e5f876)
2019-07-14 20:20:06.229 18997 RALLYDEBUG rally_openstack.cleanup.manager [-] Deleting neutron.network object s_rally_00e4ca1c_0rex9L16 (661b02c4-ad82-416e-bc09-c4750592e220)
2019-07-14 20:20:06.244 18997 RALLYDEBUG rally_openstack.cleanup.manager [-] Deleting neutron.network object s_rally_00e4ca1c_EdeUuaHO (67f9d654-ae98-4c7e-b454-0090801e317e)
2019-07-14 20:20:06.263 18997 RALLYDEBUG rally_openstack.cleanup.manager [-] Deleting neutron.network object s_rally_00e4ca1c_wh7uf2hg (68331002-bc6b-4e88-b60e-70e956ff75b6)
2019-07-14 20:20:07.325 18997 RALLYDEBUG rally_openstack.cleanup.manager [-] Deleting neutron.network object s_rally_00e4ca1c_6rKszngR (6aee6d19-c3d4-4e2d-87ef-509dff56649d)
2019-07-14 20:20:07.336 18997 RALLYDEBUG rally_openstack.cleanup.manager [-] Deleting neutron.network object s_rally_00e4ca1c_T2KGzUrs (6aefd107-1acf-4364-a868-6c026bdf1812)
2019-07-14 20:20:07.505 18997 RALLYDEBUG rally_openstack.cleanup.manager [-] Deleting neutron.network object s_rally_00e4ca1c_eAgPfo02 (6d7e86f1-874d-4420-861a-488b94f02f81)
2019-07-14 20:20:07.520 18997 RALLYDEBUG rally_openstack.cleanup.manager [-] Deleting neutron.network object s_rally_00e4ca1c_5C2zMBEr (6f38d153-9107-470b-8af4-4cb32896bc93)
2019-07-14 20:20:07.603 18997 RALLYDEBUG rally_openstack.cleanup.manager [-] Deleting neutron.network object s_rally_00e4ca1c_KTcKbFKr (762c458d-d836-4501-8467-9da1c4be6e1a)
2019-07-14 20:20:07.710 18997 RALLYDEBUG rally_openstack.cleanup.manager [-] Deleting neutron.network object s_rally_00e4ca1c_Q4gbfMrR (76e59c15-f6b1-4cb3-94ae-d969866ec94a)
2019-07-14 20:20:08.310 18997 RALLYDEBUG rally_openstack.cleanup.manager [-] Deleting neutron.network object s_rally_00e4ca1c_RgW0e6Ej (7755847c-7b36-4e39-adeb-757fa8db40fe)
2019-07-14 20:20:08.396 18997 RALLYDEBUG rally_openstack.cleanup.manager [-] Deleting neutron.network object s_rally_00e4ca1c_nt6ppn5s (779d2e92-f504-4cf5-a8bc-319416243429)
2019-07-14 20:20:08.414 18997 RALLYDEBUG rally_openstack.cleanup.manager [-] Deleting neutron.network object s_rally_00e4ca1c_anmcqJr0 (79b080fb-1d4a-48d7-8938-ba109a7cc542)
2019-07-14 20:20:08.475 18997 RALLYDEBUG rally_openstack.cleanup.manager [-] Deleting neutron.network object s_rally_00e4ca1c_4znkTdh4 (79bf029f-521a-49bf-9534-44c238a90519)
2019-07-14 20:20:08.556 18997 RALLYDEBUG rally_openstack.cleanup.manager [-] Deleting neutron.network object s_rally_00e4ca1c_u7rG4JWK (86860b3d-b86f-4589-97ac-9dd03c8c9578)
2019-07-14 20:20:08.673 18997 RALLYDEBUG rally_openstack.cleanup.manager [-] Deleting neutron.network object s_rally_00e4ca1c_Kj3fBCTs (89c7e3cd-0ce5-4f40-b59b-b48a6c7d6c1e)
2019-07-14 20:20:08.690 18997 RALLYDEBUG rally_openstack.cleanup.manager [-] Deleting neutron.network object s_rally_00e4ca1c_1fUMRaIj (8a016711-1afa-4b25-9828-20ae2e49ea1a)
2019-07-14 20:20:08.822 18997 RALLYDEBUG rally_openstack.cleanup.manager [-] Deleting neutron.network object s_rally_00e4ca1c_pD4sssls (8be4eeb1-1551-42f7-b42b-7d48397d5785)
2019-07-14 20:20:08.922 18997 RALLYDEBUG rally_openstack.cleanup.manager [-] Deleting neutron.network object s_rally_00e4ca1c_Zfp3PuaX (90eacdbd-cd95-4b51-8ccb-1497bb0ca4a8)
2019-07-14 20:20:09.160 18997 RALLYDEBUG rally_openstack.cleanup.manager [-] Deleting neutron.network object s_rally_00e4ca1c_aeuDOaTI (92e20b71-e103-491c-8bc9-d817922e0e56)
2019-07-14 20:20:09.344 18997 RALLYDEBUG rally_openstack.cleanup.manager [-] Deleting neutron.network object s_rally_00e4ca1c_wYRGXVmR (9c0e3791-9e1c-468e-966b-bd7a61f0881f)
2019-07-14 20:20:09.542 18997 RALLYDEBUG rally_openstack.cleanup.manager [-] Deleting neutron.network object s_rally_00e4ca1c_Pa3q3ZPC (9c7ac695-d360-450e-b4be-9ef3f49c2276)
2019-07-14 20:20:09.709 18997 RALLYDEBUG rally_openstack.cleanup.manager [-] Deleting neutron.network object s_rally_00e4ca1c_sIfe780a (9ddb815a-97d7-4fa9-9dc2-45c9e7332e23)
2019-07-14 20:20:09.930 18997 RALLYDEBUG rally_openstack.cleanup.manager [-] Deleting neutron.network object s_rally_00e4ca1c_1YUQCQqe (9fa2a56a-fe25-49dd-874d-e6d16f61eb44)
2019-07-14 20:20:10.666 18997 RALLYDEBUG rally_openstack.cleanup.manager [-] Deleting neutron.network object s_rally_00e4ca1c_t53OPNdd (a4353223-89bc-491e-b649-1f2cd3bebd41)
2019-07-14 20:20:10.718 18997 RALLYDEBUG rally_openstack.cleanup.manager [-] Deleting neutron.network object s_rally_00e4ca1c_piKIYcat (a60d0ec2-2f7e-44a4-b7e8-1b5ab620ede5)
2019-07-14 20:20:10.801 18997 RALLYDEBUG rally_openstack.cleanup.manager [-] Deleting neutron.network object s_rally_00e4ca1c_JbXh1yg1 (a76cc655-dd6c-4dc4-b512-20f4a64fdeb2)
2019-07-14 20:20:10.948 18997 RALLYDEBUG rally_openstack.cleanup.manager [-] Deleting neutron.network object s_rally_00e4ca1c_uL9BBm23 (a7aafb9d-78a6-45dc-a98a-f5b9aec0d3f3)
2019-07-14 20:20:11.072 18997 RALLYDEBUG rally_openstack.cleanup.manager [-] Deleting neutron.network object s_rally_00e4ca1c_uDIeIzQN (a99024ec-4a45-49b9-b3d7-4d39c7ddf6c9)
2019-07-14 20:20:11.287 18997 RALLYDEBUG rally_openstack.cleanup.manager [-] Deleting neutron.network object s_rally_00e4ca1c_BAAm1SSS (ac1c8cd5-0faa-4db3-a444-324eff91ff21)
2019-07-14 20:20:11.640 18997 RALLYDEBUG rally_openstack.cleanup.manager [-] Deleting neutron.network object s_rally_00e4ca1c_lTqWCe31 (ae5df712-f980-4973-a1ba-aacb6df4d8e4)
2019-07-14 20:20:11.687 18997 RALLYDEBUG rally_openstack.cleanup.manager [-] Deleting neutron.network object s_rally_00e4ca1c_z5yIgNvV (ae7351f2-ccdb-41ec-8696-7b478bf80f47)
2019-07-14 20:20:11.953 18997 RALLYDEBUG rally_openstack.cleanup.manager [-] Deleting neutron.network object s_rally_00e4ca1c_zzjvkbnu (af65786e-b504-472a-843b-5e5151607fc9)
2019-07-14 20:20:12.032 18997 RALLYDEBUG rally_openstack.cleanup.manager [-] Deleting neutron.network object s_rally_00e4ca1c_6HXx2mMx (afeb6350-921f-429c-89b9-ba75aef795c4)
2019-07-14 20:20:12.083 18997 RALLYDEBUG rally_openstack.cleanup.manager [-] Deleting neutron.network object s_rally_00e4ca1c_pcfmUXL4 (b01671f6-9e91-4af1-af58-45d3ca2b70bd)
2019-07-14 20:20:12.416 18997 RALLYDEBUG rally_openstack.cleanup.manager [-] Deleting neutron.network object s_rally_00e4ca1c_mWOnhGEL (b10d01c1-250b-4964-add9-913a241f95ce)
2019-07-14 20:20:12.490 18997 RALLYDEBUG rally_openstack.cleanup.manager [-] Deleting neutron.network object s_rally_00e4ca1c_U27KhH9m (b1212b97-5f16-4fb7-8981-4a84f5ce948d)
2019-07-14 20:20:12.652 18997 RALLYDEBUG rally_openstack.cleanup.manager [-] Deleting neutron.network object s_rally_00e4ca1c_U4pphFlD (b1e9bb15-643d-4bbc-b980-a4d434cc1538)
2019-07-14 20:20:12.836 18997 RALLYDEBUG rally_openstack.cleanup.manager [-] Deleting neutron.network object s_rally_00e4ca1c_4llTgQ3r (b4f9763d-39fa-408d-8905-7f54cd9aabc2)
2019-07-14 20:20:12.982 18997 RALLYDEBUG rally_openstack.cleanup.manager [-] Deleting neutron.network object s_rally_00e4ca1c_EVQt1Ow9 (bae2e343-f6df-405e-aafc-521002bee467)
2019-07-14 20:20:13.123 18997 RALLYDEBUG rally_openstack.cleanup.manager [-] Deleting neutron.network object s_rally_00e4ca1c_7mfTeTcL (bea78d31-89cf-43db-a61e-714af51c941f)
2019-07-14 20:20:13.140 18997 RALLYDEBUG rally_openstack.cleanup.manager [-] Deleting neutron.network object s_rally_00e4ca1c_r8E4bDUe (c271575f-205c-43e1-9dde-1fc37ab5349a)
2019-07-14 20:20:13.140 18997 RALLYDEBUG rally_openstack.cleanup.manager [-] Deleting neutron.network object s_rally_00e4ca1c_hyC9vvvF (c360ef84-6feb-46c1-98b4-56f854088b35)
2019-07-14 20:20:13.512 18997 RALLYDEBUG rally_openstack.cleanup.manager [-] Deleting neutron.network object s_rally_00e4ca1c_KF069LtV (c3d4a703-9e7d-43f8-99c5-35b502aa5946)
2019-07-14 20:20:13.635 18997 RALLYDEBUG rally_openstack.cleanup.manager [-] Deleting neutron.network object s_rally_00e4ca1c_sk0lgeXz (c427c831-f76a-47cc-86c0-302d445d5310)
2019-07-14 20:20:14.069 18997 RALLYDEBUG rally_openstack.cleanup.manager [-] Deleting neutron.network object s_rally_00e4ca1c_FYihKDjn (c68b72fe-fcc7-47c9-84c6-09e7786f29a3)
2019-07-14 20:20:14.202 18997 RALLYDEBUG rally_openstack.cleanup.manager [-] Deleting neutron.network object s_rally_00e4ca1c_gBoGong0 (c77c09ed-74af-40c6-9dc9-8d8428e1bba3)
2019-07-14 20:20:14.425 18997 RALLYDEBUG rally_openstack.cleanup.manager [-] Deleting neutron.network object s_rally_00e4ca1c_jVuNDQYu (cb5ee8dd-33ea-429f-bb99-e6e4b13fd24d)
2019-07-14 20:20:14.476 18997 RALLYDEBUG rally_openstack.cleanup.manager [-] Deleting neutron.network object s_rally_00e4ca1c_Dbf5LLzc (ce5e7341-953b-4c2f-8ca4-877a0aef4c3b)
2019-07-14 20:20:14.854 18997 RALLYDEBUG rally_openstack.cleanup.manager [-] Deleting neutron.network object s_rally_00e4ca1c_U5yacPCJ (cf41cbe4-46e9-42af-b065-d921bff0d59f)
2019-07-14 20:20:14.943 18997 RALLYDEBUG rally_openstack.cleanup.manager [-] Deleting neutron.network object s_rally_00e4ca1c_chi1KuEC (d63875de-ada2-4498-9994-57385a5fbfb3)
2019-07-14 20:20:15.319 18997 RALLYDEBUG rally_openstack.cleanup.manager [-] Deleting neutron.network object s_rally_00e4ca1c_zFGVaQuY (d847b4a7-d6d9-40a7-927b-bbb54b2e5ffd)
2019-07-14 20:20:15.349 18997 RALLYDEBUG rally_openstack.cleanup.manager [-] Deleting neutron.network object s_rally_00e4ca1c_UaJdEv6Z (db3b4e20-eb79-4e1c-9ec7-a5e1deaeb6cf)
2019-07-14 20:20:15.520 18997 RALLYDEBUG rally_openstack.cleanup.manager [-] Deleting neutron.network object s_rally_00e4ca1c_JvwNQGeQ (df892070-7589-41f8-9e1e-285a3f430ee6)
2019-07-14 20:20:15.696 18997 RALLYDEBUG rally_openstack.cleanup.manager [-] Deleting neutron.network object s_rally_00e4ca1c_8DHffH4S (e0775a67-5ac1-41ad-8d1d-dd86e4a3a4e8)
2019-07-14 20:20:15.841 18997 RALLYDEBUG rally_openstack.cleanup.manager [-] Deleting neutron.network object s_rally_00e4ca1c_jcxW4Vs1 (e31676e0-d683-4be3-9a8b-a0900736b75f)
2019-07-14 20:20:15.856 18997 RALLYDEBUG rally_openstack.cleanup.manager [-] Deleting neutron.network object s_rally_00e4ca1c_VQNWgaBJ (e7f598ec-19c2-4b04-9036-06b952436ca3)
2019-07-14 20:20:15.989 18997 RALLYDEBUG rally_openstack.cleanup.manager [-] Deleting neutron.network object s_rally_00e4ca1c_i3WuVhv1 (e87f4663-1852-46b5-bae3-e593539d8db7)
2019-07-14 20:20:16.418 18997 RALLYDEBUG rally_openstack.cleanup.manager [-] Deleting neutron.network object s_rally_00e4ca1c_6MxJy2Zy (eab18658-b6cc-4042-83a4-c524246c7178)
2019-07-14 20:20:16.516 18997 RALLYDEBUG rally_openstack.cleanup.manager [-] Deleting neutron.network object s_rally_00e4ca1c_1HMvCA6P (ebeeb3d1-54b7-437f-a94d-b846cef85c09)
