2019-07-14 20:25:25.920 21094 WARNING rally_openstack.scenarios.neutron.utils [-] Running this scenario without either the 'network' or 'existing_network' context is deprecated
2019-07-14 20:25:25.922 21097 INFO rally.task.runner [-] Task c4d8460c-929c-4d3f-bf0b-f5c4b9596ce4 | ITER: 9 START
2019-07-14 20:25:25.922 21108 RALLYDEBUG rally.task.runner [-] Starting a worker. concurrency: 1 args: {"network_create_args": {}, "subnet_create_args": {}, "subnet_cidr_start": "1.1.0.0/30", "subnets_per_network": 2} times: 40 method_name: run timeout: 0 duration: None cls:
2019-07-14 20:25:25.923 21091 WARNING rally_openstack.scenarios.neutron.utils [-] Running this scenario without either the 'network' or 'existing_network' context is deprecated
2019-07-14 20:25:25.921 21094 INFO rally.task.runner [-] Task c4d8460c-929c-4d3f-bf0b-f5c4b9596ce4 | ITER: 7 START
2019-07-14 20:25:25.924 21092 INFO rally.task.runner [-] Task c4d8460c-929c-4d3f-bf0b-f5c4b9596ce4 | ITER: 3 START
2019-07-14 20:25:25.924 21097 WARNING rally_openstack.scenarios.neutron.utils [-] Running this scenario without either the 'network' or 'existing_network' context is deprecated
2019-07-14 20:25:25.925 21102 INFO rally.task.runner [-] Task c4d8460c-929c-4d3f-bf0b-f5c4b9596ce4 | ITER: 10 START
2019-07-14 20:25:25.925 21092 WARNING rally_openstack.scenarios.neutron.utils [-] Running this scenario without either the 'network' or 'existing_network' context is deprecated
2019-07-14 20:25:25.927 21102 WARNING rally_openstack.scenarios.neutron.utils [-] Running this scenario without either the 'network' or 'existing_network' context is deprecated
2019-07-14 20:25:25.928 21106 INFO rally.task.runner [-] Task c4d8460c-929c-4d3f-bf0b-f5c4b9596ce4 | ITER: 11 START
2019-07-14 20:25:25.928 21094 WARNING rally_openstack.scenarios.neutron.utils [-] Running this scenario without either the 'network' or 'existing_network' context is deprecated
2019-07-14 20:25:25.929 21108 INFO rally.task.runner [-] Task c4d8460c-929c-4d3f-bf0b-f5c4b9596ce4 | ITER: 12 START
2019-07-14 20:25:25.930 21106 WARNING rally_openstack.scenarios.neutron.utils [-] Running this scenario without either the 'network' or 'existing_network' context is deprecated
2019-07-14 20:25:25.929 21112 RALLYDEBUG rally.task.runner [-] Starting a worker. concurrency: 1 args: {"network_create_args": {}, "subnet_create_args": {}, "subnet_cidr_start": "1.1.0.0/30", "subnets_per_network": 2} times: 40 method_name: run timeout: 0 duration: None cls:
2019-07-14 20:25:25.931 21108 WARNING rally_openstack.scenarios.neutron.utils [-] Running this scenario without either the 'network' or 'existing_network' context is deprecated
2019-07-14 20:25:25.935 21116 RALLYDEBUG rally.task.runner [-] Starting a worker. concurrency: 1 args: {"network_create_args": {}, "subnet_create_args": {}, "subnet_cidr_start": "1.1.0.0/30", "subnets_per_network": 2} times: 40 method_name: run timeout: 0 duration: None cls:
2019-07-14 20:25:25.936 21112 INFO rally.task.runner [-] Task c4d8460c-929c-4d3f-bf0b-f5c4b9596ce4 | ITER: 13 START
2019-07-14 20:25:25.938 21112 WARNING rally_openstack.scenarios.neutron.utils [-] Running this scenario without either the 'network' or 'existing_network' context is deprecated
2019-07-14 20:25:25.940 21121 RALLYDEBUG rally.task.runner [-] Starting a worker. concurrency: 1 args: {"network_create_args": {}, "subnet_create_args": {}, "subnet_cidr_start": "1.1.0.0/30", "subnets_per_network": 2} times: 40 method_name: run timeout: 0 duration: None cls:
2019-07-14 20:25:25.943 21116 INFO rally.task.runner [-] Task c4d8460c-929c-4d3f-bf0b-f5c4b9596ce4 | ITER: 14 START
2019-07-14 20:25:25.944 21116 WARNING rally_openstack.scenarios.neutron.utils [-] Running this scenario without either the 'network' or 'existing_network' context is deprecated
2019-07-14 20:25:25.949 21121 INFO rally.task.runner [-] Task c4d8460c-929c-4d3f-bf0b-f5c4b9596ce4 | ITER: 15 START
2019-07-14 20:25:25.955 21121 WARNING rally_openstack.scenarios.neutron.utils [-] Running this scenario without either the 'network' or 'existing_network' context is deprecated
2019-07-14 20:25:25.957 21124 RALLYDEBUG rally.task.runner [-] Starting a worker. concurrency: 1 args: {"network_create_args": {}, "subnet_create_args": {}, "subnet_cidr_start": "1.1.0.0/30", "subnets_per_network": 2} times: 40 method_name: run timeout: 0 duration: None cls:
2019-07-14 20:25:25.959 21129 RALLYDEBUG rally.task.runner [-] Starting a worker. concurrency: 1 args: {"network_create_args": {}, "subnet_create_args": {}, "subnet_cidr_start": "1.1.0.0/30", "subnets_per_network": 2} times: 40 method_name: run timeout: 0 duration: None cls:
2019-07-14 20:25:25.963 21124 INFO rally.task.runner [-] Task c4d8460c-929c-4d3f-bf0b-f5c4b9596ce4 | ITER: 16 START
2019-07-14 20:25:25.964 21124 WARNING rally_openstack.scenarios.neutron.utils [-] Running this scenario without either the 'network' or 'existing_network' context is deprecated
2019-07-14 20:25:25.966 21129 INFO rally.task.runner [-] Task c4d8460c-929c-4d3f-bf0b-f5c4b9596ce4 | ITER: 17 START
2019-07-14 20:25:25.966 21130 RALLYDEBUG rally.task.runner [-] Starting a worker. concurrency: 1 args: {"network_create_args": {}, "subnet_create_args": {}, "subnet_cidr_start": "1.1.0.0/30", "subnets_per_network": 2} times: 40 method_name: run timeout: 0 duration: None cls:
2019-07-14 20:25:25.967 21129 WARNING rally_openstack.scenarios.neutron.utils [-] Running this scenario without either the 'network' or 'existing_network' context is deprecated
2019-07-14 20:25:25.968 21133 RALLYDEBUG rally.task.runner [-] Starting a worker. concurrency: 1 args: {"network_create_args": {}, "subnet_create_args": {}, "subnet_cidr_start": "1.1.0.0/30", "subnets_per_network": 2} times: 40 method_name: run timeout: 0 duration: None cls:
2019-07-14 20:25:25.972 21130 INFO rally.task.runner [-] Task c4d8460c-929c-4d3f-bf0b-f5c4b9596ce4 | ITER: 18 START
2019-07-14 20:25:25.973 21133 INFO rally.task.runner [-] Task c4d8460c-929c-4d3f-bf0b-f5c4b9596ce4 | ITER: 19 START
2019-07-14 20:25:25.974 21133 WARNING rally_openstack.scenarios.neutron.utils [-] Running this scenario without either the 'network' or 'existing_network' context is deprecated
2019-07-14 20:25:25.974 21130 WARNING rally_openstack.scenarios.neutron.utils [-] Running this scenario without either the 'network' or 'existing_network' context is deprecated
2019-07-14 20:25:25.974 21136 RALLYDEBUG rally.task.runner [-] Starting a worker. concurrency: 1 args: {"network_create_args": {}, "subnet_create_args": {}, "subnet_cidr_start": "1.1.0.0/30", "subnets_per_network": 2} times: 40 method_name: run timeout: 0 duration: None cls:
2019-07-14 20:25:25.979 21136 INFO rally.task.runner [-] Task c4d8460c-929c-4d3f-bf0b-f5c4b9596ce4 | ITER: 20 START
2019-07-14 20:25:25.980 21136 WARNING rally_openstack.scenarios.neutron.utils [-] Running this scenario without either the 'network' or 'existing_network' context is deprecated
2019-07-14 20:25:28.408 21097 RALLYDEBUG rally_openstack.wrappers.network [-] CIDR generated: 1.1.4.96/30
2019-07-14 20:25:28.510 21091 RALLYDEBUG rally_openstack.wrappers.network [-] CIDR generated: 1.1.4.100/30
2019-07-14 20:25:28.891 21093 RALLYDEBUG rally_openstack.wrappers.network [-] CIDR generated: 1.1.4.104/30
2019-07-14 20:25:29.444 21129 RALLYDEBUG rally_openstack.wrappers.network [-] CIDR generated: 1.1.4.108/30
2019-07-14 20:25:29.466 21121 RALLYDEBUG rally_openstack.wrappers.network [-] CIDR generated: 1.1.4.112/30
2019-07-14 20:25:29.696 21136 RALLYDEBUG rally_openstack.wrappers.network [-] CIDR generated: 1.1.4.116/30
2019-07-14 20:25:29.728 21116 RALLYDEBUG rally_openstack.wrappers.network [-] CIDR generated: 1.1.4.120/30
2019-07-14 20:25:30.501 21091 RALLYDEBUG rally_openstack.wrappers.network [-] CIDR generated: 1.1.4.124/30
2019-07-14 20:25:30.533 21097 RALLYDEBUG rally_openstack.wrappers.network [-] CIDR generated: 1.1.4.128/30
2019-07-14 20:25:30.657 21124 RALLYDEBUG rally_openstack.wrappers.network [-] CIDR generated: 1.1.4.132/30
2019-07-14 20:25:30.675 21133 RALLYDEBUG rally_openstack.wrappers.network [-] CIDR generated: 1.1.4.136/30
2019-07-14 20:25:30.801 21112 RALLYDEBUG rally_openstack.wrappers.network [-] CIDR generated: 1.1.4.140/30
2019-07-14 20:25:31.298 21093 RALLYDEBUG rally_openstack.wrappers.network [-] CIDR generated: 1.1.4.144/30
2019-07-14 20:25:31.309 21121 RALLYDEBUG rally_openstack.wrappers.network [-] CIDR generated: 1.1.4.148/30
2019-07-14 20:25:31.331 21106 RALLYDEBUG rally_openstack.wrappers.network [-] CIDR generated: 1.1.4.152/30
2019-07-14 20:25:31.597 21129 RALLYDEBUG rally_openstack.wrappers.network [-] CIDR generated: 1.1.4.156/30
2019-07-14 20:25:31.611 21102 RALLYDEBUG rally_openstack.wrappers.network [-] CIDR generated: 1.1.4.160/30
2019-07-14 20:25:31.690 21093 RALLYDEBUG rally_openstack.wrappers.network [-] CIDR generated: 1.1.4.164/30
2019-07-14 20:25:31.716 21136 RALLYDEBUG rally_openstack.wrappers.network [-] CIDR generated: 1.1.4.168/30
2019-07-14 20:25:31.862 21116 RALLYDEBUG rally_openstack.wrappers.network [-] CIDR generated: 1.1.4.172/30
2019-07-14 20:25:32.185 21094 RALLYDEBUG rally_openstack.wrappers.network [-] CIDR generated: 1.1.4.176/30
2019-07-14 20:25:32.425 21133 RALLYDEBUG rally_openstack.wrappers.network [-] CIDR generated: 1.1.4.180/30
2019-07-14 20:25:32.753 21124 RALLYDEBUG rally_openstack.wrappers.network [-] CIDR generated: 1.1.4.184/30
2019-07-14 20:25:33.174 21112 RALLYDEBUG rally_openstack.wrappers.network [-] CIDR generated: 1.1.4.188/30
2019-07-14 20:25:33.177 21094 RALLYDEBUG rally_openstack.wrappers.network [-] CIDR generated: 1.1.4.192/30
2019-07-14 20:25:33.298 21092 RALLYDEBUG rally_openstack.wrappers.network [-] CIDR generated: 1.1.4.196/30
2019-07-14 20:25:33.354 21108 RALLYDEBUG rally_openstack.wrappers.network [-] CIDR generated: 1.1.4.200/30
2019-07-14 20:25:33.377 21130 RALLYDEBUG rally_openstack.wrappers.network [-] CIDR generated: 1.1.4.204/30
2019-07-14 20:25:33.398 21091 RALLYDEBUG rally_openstack.wrappers.network [-] CIDR generated: 1.1.4.208/30
2019-07-14 20:25:33.500 21092 RALLYDEBUG rally_openstack.wrappers.network [-] CIDR generated: 1.1.4.212/30
2019-07-14 20:25:34.334 21102 RALLYDEBUG rally_openstack.wrappers.network [-] CIDR generated: 1.1.4.216/30
2019-07-14 20:25:35.467 21091 RALLYDEBUG rally_openstack.wrappers.network [-] CIDR generated: 1.1.4.220/30
2019-07-14 20:25:35.785 21094 RALLYDEBUG rally_openstack.wrappers.network [-] CIDR generated: 1.1.4.224/30
2019-07-14 20:25:35.897 21108 RALLYDEBUG rally_openstack.wrappers.network [-] CIDR generated: 1.1.4.228/30
2019-07-14 20:25:36.106 21092 RALLYDEBUG rally_openstack.wrappers.network [-] CIDR generated: 1.1.4.232/30
2019-07-14 20:25:36.782 21121 INFO rally.task.runner [-] Task c4d8460c-929c-4d3f-bf0b-f5c4b9596ce4 | ITER: 15 END: OK
2019-07-14 20:25:36.787 21121 INFO rally.task.runner [-] Task c4d8460c-929c-4d3f-bf0b-f5c4b9596ce4 | ITER: 21 START
2019-07-14 20:25:36.787 21121 WARNING rally_openstack.scenarios.neutron.utils [-] Running this scenario without either the 'network' or 'existing_network' context is deprecated
2019-07-14 20:25:36.916 21097 INFO rally.task.runner [-] Task c4d8460c-929c-4d3f-bf0b-f5c4b9596ce4 | ITER: 9 END: OK
2019-07-14 20:25:36.920 21097 INFO rally.task.runner [-] Task c4d8460c-929c-4d3f-bf0b-f5c4b9596ce4 | ITER: 22 START
2019-07-14 20:25:36.921 21097 WARNING rally_openstack.scenarios.neutron.utils [-] Running this scenario without either the 'network' or 'existing_network' context is deprecated
2019-07-14 20:25:37.048 21106 RALLYDEBUG rally_openstack.wrappers.network [-] CIDR generated: 1.1.4.236/30
2019-07-14 20:25:37.048 21091 INFO rally.task.runner [-] Task c4d8460c-929c-4d3f-bf0b-f5c4b9596ce4 | ITER: 4 END: OK
2019-07-14 20:25:37.052 21091 INFO rally.task.runner [-] Task c4d8460c-929c-4d3f-bf0b-f5c4b9596ce4 | ITER: 23 START
2019-07-14 20:25:37.053 21091 WARNING rally_openstack.scenarios.neutron.utils [-] Running this scenario without either the 'network' or 'existing_network' context is deprecated
2019-07-14 20:25:37.200 21094 RALLYDEBUG rally_openstack.wrappers.network [-] CIDR generated: 1.1.4.240/30
2019-07-14 20:25:37.219 21093 RALLYDEBUG rally_openstack.wrappers.network [-] CIDR generated: 1.1.4.244/30
2019-07-14 20:25:37.801 21129 INFO rally.task.runner [-] Task c4d8460c-929c-4d3f-bf0b-f5c4b9596ce4 | ITER: 17 END: OK
2019-07-14 20:25:37.806 21129 INFO rally.task.runner [-] Task c4d8460c-929c-4d3f-bf0b-f5c4b9596ce4 | ITER: 24 START
2019-07-14 20:25:37.807 21129 WARNING rally_openstack.scenarios.neutron.utils [-] Running this scenario without either the 'network' or 'existing_network' context is deprecated
2019-07-14 20:25:37.860 21130 RALLYDEBUG rally_openstack.wrappers.network [-] CIDR generated: 1.1.4.248/30
2019-07-14 20:25:37.906 21136 INFO rally.task.runner [-] Task c4d8460c-929c-4d3f-bf0b-f5c4b9596ce4 | ITER: 20 END: OK
2019-07-14 20:25:37.911 21136 INFO rally.task.runner [-] Task c4d8460c-929c-4d3f-bf0b-f5c4b9596ce4 | ITER: 25 START
2019-07-14 20:25:37.912 21136 WARNING rally_openstack.scenarios.neutron.utils [-] Running this scenario without either the 'network' or 'existing_network' context is deprecated
2019-07-14 20:25:37.981 21092 RALLYDEBUG rally_openstack.wrappers.network [-] CIDR generated: 1.1.4.252/30
2019-07-14 20:25:38.114 21116 INFO rally.task.runner [-] Task c4d8460c-929c-4d3f-bf0b-f5c4b9596ce4 | ITER: 14 END: OK
2019-07-14 20:25:38.118 21116 INFO rally.task.runner [-] Task c4d8460c-929c-4d3f-bf0b-f5c4b9596ce4 | ITER: 26 START
2019-07-14 20:25:38.119 21116 WARNING rally_openstack.scenarios.neutron.utils [-] Running this scenario without either the 'network' or 'existing_network' context is deprecated
2019-07-14 20:25:38.469 21093 INFO rally.task.runner [-] Task c4d8460c-929c-4d3f-bf0b-f5c4b9596ce4 | ITER: 5 END: OK
2019-07-14 20:25:38.474 21093 INFO rally.task.runner [-] Task c4d8460c-929c-4d3f-bf0b-f5c4b9596ce4 | ITER: 27 START
2019-07-14 20:25:38.474 21093 WARNING rally_openstack.scenarios.neutron.utils [-] Running this scenario without either the 'network' or 'existing_network' context is deprecated
2019-07-14 20:25:39.185 21112 INFO rally.task.runner [-] Task c4d8460c-929c-4d3f-bf0b-f5c4b9596ce4 | ITER: 13 END: OK
2019-07-14 20:25:39.190 21112 INFO rally.task.runner [-] Task c4d8460c-929c-4d3f-bf0b-f5c4b9596ce4 | ITER: 28 START
2019-07-14 20:25:39.191 21112 WARNING rally_openstack.scenarios.neutron.utils [-] Running this scenario without either the 'network' or 'existing_network' context is deprecated
2019-07-14 20:25:39.280 21091 RALLYDEBUG rally_openstack.wrappers.network [-] CIDR generated: 1.1.5.0/30
2019-07-14 20:25:39.347 21133 INFO rally.task.runner [-] Task c4d8460c-929c-4d3f-bf0b-f5c4b9596ce4 | ITER: 19 END: OK
2019-07-14 20:25:39.351 21133 INFO rally.task.runner [-] Task c4d8460c-929c-4d3f-bf0b-f5c4b9596ce4 | ITER: 29 START
2019-07-14 20:25:39.352 21133 WARNING rally_openstack.scenarios.neutron.utils [-] Running this scenario without either the 'network' or 'existing_network' context is deprecated
2019-07-14 20:25:39.806 21097 RALLYDEBUG rally_openstack.wrappers.network [-] CIDR generated: 1.1.5.4/30
2019-07-14 20:25:39.864 21121 RALLYDEBUG rally_openstack.wrappers.network [-] CIDR generated: 1.1.5.8/30
2019-07-14 20:25:39.948 21124 INFO rally.task.runner [-] Task c4d8460c-929c-4d3f-bf0b-f5c4b9596ce4 | ITER: 16 END: OK
2019-07-14 20:25:39.953 21124 INFO rally.task.runner [-] Task c4d8460c-929c-4d3f-bf0b-f5c4b9596ce4 | ITER: 30 START
2019-07-14 20:25:39.953 21124 WARNING rally_openstack.scenarios.neutron.utils [-] Running this scenario without either the 'network' or 'existing_network' context is deprecated
2019-07-14 20:25:40.214 21136 RALLYDEBUG rally_openstack.wrappers.network [-] CIDR generated: 1.1.5.12/30
2019-07-14 20:25:40.456 21116 RALLYDEBUG rally_openstack.wrappers.network [-] CIDR generated: 1.1.5.16/30
2019-07-14 20:25:41.131 21093 RALLYDEBUG rally_openstack.wrappers.network [-] CIDR generated: 1.1.5.20/30
2019-07-14 20:25:41.363 21091 RALLYDEBUG rally_openstack.wrappers.network [-] CIDR generated: 1.1.5.24/30
2019-07-14 20:25:41.441 21129 RALLYDEBUG rally_openstack.wrappers.network [-] CIDR generated: 1.1.5.28/30
2019-07-14 20:25:41.603 21112 RALLYDEBUG rally_openstack.wrappers.network [-] CIDR generated: 1.1.5.32/30
2019-07-14 20:25:41.899 21097 RALLYDEBUG rally_openstack.wrappers.network [-] CIDR generated: 1.1.5.36/30
2019-07-14 20:25:42.142 21124 RALLYDEBUG rally_openstack.wrappers.network [-] CIDR generated: 1.1.5.40/30
2019-07-14 20:25:42.306 21091 INFO rally.task.runner [-] Task c4d8460c-929c-4d3f-bf0b-f5c4b9596ce4 | ITER: 1 END: OK
2019-07-14 20:25:42.310 21091 INFO rally.task.runner [-] Task c4d8460c-929c-4d3f-bf0b-f5c4b9596ce4 | ITER: 31 START
2019-07-14 20:25:42.311 21091 WARNING rally_openstack.scenarios.neutron.utils [-] Running this scenario without either the 'network' or 'existing_network' context is deprecated
2019-07-14 20:25:42.488 21102 INFO rally.task.runner [-] Task c4d8460c-929c-4d3f-bf0b-f5c4b9596ce4 | ITER: 10 END: OK
2019-07-14 20:25:42.492 21102 INFO rally.task.runner [-] Task c4d8460c-929c-4d3f-bf0b-f5c4b9596ce4 | ITER: 32 START
2019-07-14 20:25:42.493 21102 WARNING rally_openstack.scenarios.neutron.utils [-] Running this scenario without either the 'network' or 'existing_network' context is deprecated
2019-07-14 20:25:42.827 21136 RALLYDEBUG rally_openstack.wrappers.network [-] CIDR generated: 1.1.5.44/30
2019-07-14 20:25:42.866 21121 RALLYDEBUG rally_openstack.wrappers.network [-] CIDR generated: 1.1.5.48/30
2019-07-14 20:25:43.142 21094 INFO rally.task.runner [-] Task c4d8460c-929c-4d3f-bf0b-f5c4b9596ce4 | ITER: 8 END: OK
2019-07-14 20:25:43.146 21094 INFO rally.task.runner [-] Task c4d8460c-929c-4d3f-bf0b-f5c4b9596ce4 | ITER: 33 START
2019-07-14 20:25:43.147 21094 WARNING rally_openstack.scenarios.neutron.utils [-] Running this scenario without either the 'network' or 'existing_network' context is deprecated
2019-07-14 20:25:43.186 21133 RALLYDEBUG rally_openstack.wrappers.network [-] CIDR generated: 1.1.5.52/30
2019-07-14 20:25:43.341 21092 INFO rally.task.runner [-] Task c4d8460c-929c-4d3f-bf0b-f5c4b9596ce4 | ITER: 3 END: OK
2019-07-14 20:25:43.346 21092 INFO rally.task.runner [-] Task c4d8460c-929c-4d3f-bf0b-f5c4b9596ce4 | ITER: 34 START
2019-07-14 20:25:43.346 21092 WARNING rally_openstack.scenarios.neutron.utils [-] Running this scenario without either the 'network' or 'existing_network' context is deprecated
2019-07-14 20:25:43.756 21116 RALLYDEBUG rally_openstack.wrappers.network [-] CIDR generated: 1.1.5.56/30
2019-07-14 20:25:44.058 21093 RALLYDEBUG rally_openstack.wrappers.network [-] CIDR generated: 1.1.5.60/30
2019-07-14 20:25:44.136 21112 RALLYDEBUG rally_openstack.wrappers.network [-] CIDR generated: 1.1.5.64/30
2019-07-14 20:25:44.407 21124 RALLYDEBUG rally_openstack.wrappers.network [-] CIDR generated: 1.1.5.68/30
2019-07-14 20:25:44.432 21129 RALLYDEBUG rally_openstack.wrappers.network [-] CIDR generated: 1.1.5.72/30
2019-07-14 20:25:44.904 21093 INFO rally.task.runner [-] Task c4d8460c-929c-4d3f-bf0b-f5c4b9596ce4 | ITER: 6 END: OK
2019-07-14 20:25:44.907 21093 INFO rally.task.runner [-] Task c4d8460c-929c-4d3f-bf0b-f5c4b9596ce4 | ITER: 35 START
2019-07-14 20:25:44.908 21093 WARNING rally_openstack.scenarios.neutron.utils [-] Running this scenario without either the 'network' or 'existing_network' context is deprecated
2019-07-14 20:25:44.969 21106 INFO rally.task.runner [-] Task c4d8460c-929c-4d3f-bf0b-f5c4b9596ce4 | ITER: 11 END: OK
2019-07-14 20:25:44.969 21094 INFO rally.task.runner [-] Task c4d8460c-929c-4d3f-bf0b-f5c4b9596ce4 | ITER: 7 END: OK
2019-07-14 20:25:44.974 21094 INFO rally.task.runner [-] Task c4d8460c-929c-4d3f-bf0b-f5c4b9596ce4 | ITER: 36 START
2019-07-14 20:25:44.974 21106 INFO rally.task.runner [-] Task c4d8460c-929c-4d3f-bf0b-f5c4b9596ce4 | ITER: 37 START
2019-07-14 20:25:44.974 21094 WARNING rally_openstack.scenarios.neutron.utils [-] Running this scenario without either the 'network' or 'existing_network' context is deprecated
2019-07-14 20:25:44.974 21106 WARNING rally_openstack.scenarios.neutron.utils [-] Running this scenario without either the 'network' or 'existing_network' context is deprecated
2019-07-14 20:25:44.982 21102 RALLYDEBUG rally_openstack.wrappers.network [-] CIDR generated: 1.1.5.76/30
2019-07-14 20:25:45.231 21091 RALLYDEBUG rally_openstack.wrappers.network [-] CIDR generated: 1.1.5.80/30
2019-07-14 20:25:45.524 21108 INFO rally.task.runner [-] Task c4d8460c-929c-4d3f-bf0b-f5c4b9596ce4 | ITER: 12 END: OK
2019-07-14 20:25:45.529 21108 INFO rally.task.runner [-] Task c4d8460c-929c-4d3f-bf0b-f5c4b9596ce4 | ITER: 38 START
2019-07-14 20:25:45.530 21108 WARNING rally_openstack.scenarios.neutron.utils [-] Running this scenario without either the 'network' or 'existing_network' context is deprecated
2019-07-14 20:25:45.700 21092 RALLYDEBUG rally_openstack.wrappers.network [-] CIDR generated: 1.1.5.84/30
2019-07-14 20:25:45.824 21092 INFO rally.task.runner [-] Task c4d8460c-929c-4d3f-bf0b-f5c4b9596ce4 | ITER: 2 END: OK
2019-07-14 20:25:45.828 21092 INFO rally.task.runner [-] Task c4d8460c-929c-4d3f-bf0b-f5c4b9596ce4 | ITER: 39 START
2019-07-14 20:25:45.829 21092 WARNING rally_openstack.scenarios.neutron.utils [-] Running this scenario without either the 'network' or 'existing_network' context is deprecated
2019-07-14 20:25:46.184 21094 RALLYDEBUG rally_openstack.wrappers.network [-] CIDR generated: 1.1.5.88/30
2019-07-14 20:25:46.588 21133 RALLYDEBUG rally_openstack.wrappers.network [-] CIDR generated: 1.1.5.92/30
2019-07-14 20:25:47.312 21094 RALLYDEBUG rally_openstack.wrappers.network [-] CIDR generated: 1.1.5.96/30
2019-07-14 20:25:47.432 21093 RALLYDEBUG rally_openstack.wrappers.network [-] CIDR generated: 1.1.5.100/30
2019-07-14 20:25:47.510 21092 RALLYDEBUG rally_openstack.wrappers.network [-] CIDR generated: 1.1.5.104/30
2019-07-14 20:25:47.633 21106 RALLYDEBUG rally_openstack.wrappers.network [-] CIDR generated: 1.1.5.108/30
2019-07-14 20:25:48.119 21091 INFO rally.task.runner [-] Task c4d8460c-929c-4d3f-bf0b-f5c4b9596ce4 | ITER: 23 END: OK
2019-07-14 20:25:48.122 21091 INFO rally.task.runner [-] Task c4d8460c-929c-4d3f-bf0b-f5c4b9596ce4 | ITER: 40 START
2019-07-14 20:25:48.123 21091 WARNING rally_openstack.scenarios.neutron.utils [-] Running this scenario without either the 'network' or 'existing_network' context is deprecated
2019-07-14 20:25:48.138 21102 RALLYDEBUG rally_openstack.wrappers.network [-] CIDR generated: 1.1.5.112/30
2019-07-14 20:25:48.315 21130 INFO rally.task.runner [-] Task c4d8460c-929c-4d3f-bf0b-f5c4b9596ce4 | ITER: 18 END: OK
2019-07-14 20:25:48.689 21091 RALLYDEBUG rally_openstack.wrappers.network [-] CIDR generated: 1.1.5.116/30
2019-07-14 20:25:48.770 21108 RALLYDEBUG rally_openstack.wrappers.network [-] CIDR generated: 1.1.5.120/30
2019-07-14 20:25:48.872 21092 RALLYDEBUG rally_openstack.wrappers.network [-] CIDR generated: 1.1.5.124/30
2019-07-14 20:25:48.914 21121 INFO rally.task.runner [-] Task c4d8460c-929c-4d3f-bf0b-f5c4b9596ce4 | ITER: 21 END: OK
2019-07-14 20:25:49.203 21094 RALLYDEBUG rally_openstack.wrappers.network [-] CIDR generated: 1.1.5.128/30
2019-07-14 20:25:49.257 21097 INFO rally.task.runner [-] Task c4d8460c-929c-4d3f-bf0b-f5c4b9596ce4 | ITER: 22 END: OK
2019-07-14 20:25:49.785 21094 RALLYDEBUG rally_openstack.wrappers.network [-] CIDR generated: 1.1.5.132/30
2019-07-14 20:25:50.014 21124 INFO rally.task.runner [-] Task c4d8460c-929c-4d3f-bf0b-f5c4b9596ce4 | ITER: 30 END: OK
2019-07-14 20:25:50.168 21091 RALLYDEBUG rally_openstack.wrappers.network [-] CIDR generated: 1.1.5.136/30
2019-07-14 20:25:50.260 21136 INFO rally.task.runner [-] Task c4d8460c-929c-4d3f-bf0b-f5c4b9596ce4 | ITER: 25 END: OK
2019-07-14 20:25:50.555 21116 INFO rally.task.runner [-] Task c4d8460c-929c-4d3f-bf0b-f5c4b9596ce4 | ITER: 26 END: OK
2019-07-14 20:25:50.578 21112 INFO rally.task.runner [-] Task c4d8460c-929c-4d3f-bf0b-f5c4b9596ce4 | ITER: 28 END: OK
2019-07-14 20:25:50.812 21092 RALLYDEBUG rally_openstack.wrappers.network [-] CIDR generated: 1.1.5.140/30
2019-07-14 20:25:50.825 21129 INFO rally.task.runner [-] Task c4d8460c-929c-4d3f-bf0b-f5c4b9596ce4 | ITER: 24 END: OK
2019-07-14 20:25:51.502 21093 RALLYDEBUG rally_openstack.wrappers.network [-] CIDR generated: 1.1.5.144/30
2019-07-14 20:25:51.537 21108 RALLYDEBUG rally_openstack.wrappers.network [-] CIDR generated: 1.1.5.148/30
2019-07-14 20:25:51.581 21106 RALLYDEBUG rally_openstack.wrappers.network [-] CIDR generated: 1.1.5.152/30
2019-07-14 20:25:52.204 21091 RALLYDEBUG rally_openstack.wrappers.network [-] CIDR generated: 1.1.5.156/30
2019-07-14 20:25:52.492 21133 INFO rally.task.runner [-] Task c4d8460c-929c-4d3f-bf0b-f5c4b9596ce4 | ITER: 29 END: OK
2019-07-14 20:25:53.574 21093 INFO rally.task.runner [-] Task c4d8460c-929c-4d3f-bf0b-f5c4b9596ce4 | ITER: 27 END: OK
2019-07-14 20:25:53.602 21091 INFO rally.task.runner [-] Task c4d8460c-929c-4d3f-bf0b-f5c4b9596ce4 | ITER: 31 END: OK
2019-07-14 20:25:53.771 21092 INFO rally.task.runner [-] Task c4d8460c-929c-4d3f-bf0b-f5c4b9596ce4 | ITER: 34 END: OK
2019-07-14 20:25:55.557 21094 INFO rally.task.runner [-] Task c4d8460c-929c-4d3f-bf0b-f5c4b9596ce4 | ITER: 36 END: OK
2019-07-14 20:25:55.600 21102 INFO rally.task.runner [-] Task c4d8460c-929c-4d3f-bf0b-f5c4b9596ce4 | ITER: 32 END: OK
2019-07-14 20:25:55.881 21092 INFO rally.task.runner [-] Task c4d8460c-929c-4d3f-bf0b-f5c4b9596ce4 | ITER: 39 END: OK
2019-07-14 20:25:56.178 21094 INFO rally.task.runner [-] Task c4d8460c-929c-4d3f-bf0b-f5c4b9596ce4 | ITER: 33 END: OK
2019-07-14 20:25:57.275 21106 INFO rally.task.runner [-] Task c4d8460c-929c-4d3f-bf0b-f5c4b9596ce4 | ITER: 37 END: OK
2019-07-14 20:25:57.326 21108 INFO rally.task.runner [-] Task c4d8460c-929c-4d3f-bf0b-f5c4b9596ce4 | ITER: 38 END: OK
2019-07-14 20:25:57.509 21091 INFO rally.task.runner [-] Task c4d8460c-929c-4d3f-bf0b-f5c4b9596ce4 | ITER: 40 END: OK
2019-07-14 20:25:58.268 21093 INFO rally.task.runner [-] Task c4d8460c-929c-4d3f-bf0b-f5c4b9596ce4 | ITER: 35 END: OK
2019-07-14 20:25:58.296 18997 INFO rally.task.context [-] Task c4d8460c-929c-4d3f-bf0b-f5c4b9596ce4 | Context cleanup@openstack cleanup() started
2019-07-14 20:25:58.299 18997 RALLYDEBUG rally_openstack.cleanup.manager [-] Cleaning up neutron vip objects
2019-07-14 20:25:59.031 18997 RALLYDEBUG rally_openstack.cleanup.manager [-] Cleaning up neutron health_monitor objects
2019-07-14 20:25:59.665 18997 RALLYDEBUG rally_openstack.cleanup.manager [-] Cleaning up neutron pool objects
2019-07-14 20:26:00.389 18997 RALLYDEBUG rally_openstack.cleanup.manager [-] Cleaning up neutron loadbalancer objects
2019-07-14 20:26:01.152 18997 RALLYDEBUG rally_openstack.cleanup.manager [-] Cleaning up neutron floatingip objects
2019-07-14 20:26:02.250 18997 RALLYDEBUG rally_openstack.cleanup.manager [-] Cleaning up neutron port objects
2019-07-14 20:26:03.222 18997 RALLYDEBUG rally_openstack.cleanup.manager [-] Cleaning up neutron subnet objects
2019-07-14 20:26:04.017 18997 RALLYDEBUG rally_openstack.cleanup.manager [-] Cleaning up neutron network objects
2019-07-14 20:26:04.839 18997 RALLYDEBUG rally_openstack.cleanup.manager [-] Deleting neutron.network object s_rally_4090b414_Qj4lFERy (06350b11-7abe-48e5-bd5a-bc5ba4a0011f)
2019-07-14 20:26:04.839 18997 RALLYDEBUG rally_openstack.cleanup.manager [-] Deleting neutron.network object s_rally_4090b414_Ly1lu34R (006c0319-7fe3-46d7-ac49-f808f6aad95f)
2019-07-14 20:26:04.847 18997 RALLYDEBUG rally_openstack.cleanup.manager [-] Deleting neutron.network object s_rally_4090b414_aIu6Xa9Q (06b574f6-acd0-43f9-bd66-0f421497eba7)
2019-07-14 20:26:04.853 18997 RALLYDEBUG rally_openstack.cleanup.manager [-] Deleting neutron.network object s_rally_4090b414_iMR6KUCB (0a626aa5-479e-46b2-a892-29c4e48e85a1)
2019-07-14 20:26:04.856 18997 RALLYDEBUG rally_openstack.cleanup.manager [-] Deleting neutron.network object s_rally_4090b414_ywt4hSYV (09c1a749-7a3c-4f24-92d6-929b861b00f6)
2019-07-14 20:26:04.872 18997 RALLYDEBUG rally_openstack.cleanup.manager [-] Deleting neutron.network object s_rally_4090b414_PdzwccGj (0aba88f7-e170-4561-8e9c-2aea6b189b61)
2019-07-14 20:26:04.882 18997 RALLYDEBUG rally_openstack.cleanup.manager [-] Deleting neutron.network object s_rally_4090b414_RXonEZ0o (0dbb4386-af20-4498-97fe-4e5adc425548)
2019-07-14 20:26:04.902 18997 RALLYDEBUG rally_openstack.cleanup.manager [-] Deleting neutron.network object s_rally_4090b414_oVdGJXVa (0fdb20a7-be48-41db-97f4-f34222130d8d)
2019-07-14 20:26:04.904 18997 RALLYDEBUG rally_openstack.cleanup.manager [-] Deleting neutron.network object s_rally_4090b414_srG9foPT (197e34ed-73da-4c95-81ec-d2acc057680b)
2019-07-14 20:26:04.919 18997 RALLYDEBUG rally_openstack.cleanup.manager [-] Deleting neutron.network object s_rally_4090b414_vVFH6mVo (1a0ed4aa-c121-40d6-a7c4-c0ee8b6124e7)
2019-07-14 20:26:04.922 18997 RALLYDEBUG rally_openstack.cleanup.manager [-] Deleting neutron.network object s_rally_4090b414_oFvznnmk (1cdc801c-9b5f-43ed-8e50-61dcf215590c)
2019-07-14 20:26:04.925 18997 RALLYDEBUG rally_openstack.cleanup.manager [-] Deleting neutron.network object s_rally_4090b414_yWcNcXjZ (2883adac-7cc5-46cd-b716-623d387af65c)
2019-07-14 20:26:04.952 18997 RALLYDEBUG rally_openstack.cleanup.manager [-] Deleting neutron.network object s_rally_4090b414_tf2IXsko (3f0df9ba-b6b5-46a7-80a7-8142c516fe7e)
2019-07-14 20:26:04.976 18997 RALLYDEBUG rally_openstack.cleanup.manager [-] Deleting neutron.network object s_rally_4090b414_zjs6w7Og (51dff86f-3aae-4aae-a206-2b77cc28c5cf)
2019-07-14 20:26:04.982 18997 RALLYDEBUG rally_openstack.cleanup.manager [-] Deleting neutron.network object s_rally_4090b414_AVXsbCxH (5119716c-ea23-44e2-8004-2b96758ea3ba)
2019-07-14 20:26:04.988 18997 RALLYDEBUG rally_openstack.cleanup.manager [-] Deleting neutron.network object s_rally_4090b414_ONfMXVB1 (45f41b8e-bc7a-4973-bbdf-87364df2aacd)
2019-07-14 20:26:04.995 18997 RALLYDEBUG rally_openstack.cleanup.manager [-] Deleting neutron.network object s_rally_4090b414_fPZapQPL (5210f360-d95d-4a1f-8a71-0db40739110c)
2019-07-14 20:26:04.998 18997 RALLYDEBUG rally_openstack.cleanup.manager [-] Deleting neutron.network object s_rally_4090b414_eKkDxG3C (59f6b510-c416-4433-af6b-b3cf5565419b)
2019-07-14 20:26:05.021 18997 RALLYDEBUG rally_openstack.cleanup.manager [-] Deleting neutron.network object s_rally_4090b414_oVUM4030 (85ae8248-9702-474b-bb2b-ad3cae34a494)
2019-07-14 20:26:05.031 18997 RALLYDEBUG rally_openstack.cleanup.manager [-] Deleting neutron.network object s_rally_4090b414_A28jY2dm (5badcdea-8826-422e-ae44-310c3120b0c1)
2019-07-14 20:26:08.541 18997 RALLYDEBUG rally_openstack.cleanup.manager [-] Deleting neutron.network object s_rally_4090b414_7Caog80L (88f9f5c9-8bed-4e8b-80e4-7dfcd5f34af1)
2019-07-14 20:26:08.551 18997 RALLYDEBUG rally_openstack.cleanup.manager [-] Deleting neutron.network object s_rally_4090b414_eDbs8Q3m (89ddd1b7-bd73-4702-bfee-3fa42fa6cfb8)
2019-07-14 20:26:08.554 18997 RALLYDEBUG rally_openstack.cleanup.manager [-] Deleting neutron.network object s_rally_4090b414_BeA6Dcgs (a27c1681-24d5-4c13-824a-63cb4092380d)
2019-07-14 20:26:08.556 18997 RALLYDEBUG rally_openstack.cleanup.manager [-] Deleting neutron.network object s_rally_4090b414_fublC9hj (9ed530d6-6c50-4eb5-af66-526a1a3bd200)
2019-07-14 20:26:08.685 18997 RALLYDEBUG rally_openstack.cleanup.manager [-] Deleting neutron.network object s_rally_4090b414_9op9eYtj (ad967f59-97db-4648-8859-8eb959c9166f)
2019-07-14 20:26:08.709 18997 RALLYDEBUG rally_openstack.cleanup.manager [-] Deleting neutron.network object s_rally_4090b414_0Kf2zccN (b0050cc2-6b1d-494c-b075-f1c455c322ef)
2019-07-14 20:26:08.725 18997 RALLYDEBUG rally_openstack.cleanup.manager [-] Deleting neutron.network object s_rally_4090b414_Mr6FSwyM (b0b0b2b7-fd34-4c73-bfc7-43db6b816158)
2019-07-14 20:26:08.773 18997 RALLYDEBUG rally_openstack.cleanup.manager [-] Deleting neutron.network object s_rally_4090b414_zxjBAQIy (b1515a0d-b119-4a08-bf4d-0611b5bd3c72)
2019-07-14 20:26:08.817 18997 RALLYDEBUG rally_openstack.cleanup.manager [-] Deleting neutron.network object s_rally_4090b414_fHwefwok (b5b9a0cd-f9dc-4f4b-8a56-f06dd27b1800)
2019-07-14 20:26:09.636 18997 RALLYDEBUG rally_openstack.cleanup.manager [-] Deleting neutron.network object s_rally_4090b414_SsnBv1OH (b5e98d16-61bb-46fd-a4a7-66188b0c50ef)
2019-07-14 20:26:09.669 18997 RALLYDEBUG rally_openstack.cleanup.manager [-] Deleting neutron.network object s_rally_4090b414_M4bLUdpq (b8a78f70-7faa-4b30-baba-08550b3299c3)
2019-07-14 20:26:09.714 18997 RALLYDEBUG rally_openstack.cleanup.manager [-] Deleting neutron.network object s_rally_4090b414_8QKehy7r (c6e8e593-3411-45af-a73e-baca304830a8)
2019-07-14 20:26:09.891 18997 RALLYDEBUG rally_openstack.cleanup.manager [-] Deleting neutron.network object s_rally_4090b414_ubmXXqsn (c839cece-f73f-46be-afbb-3370b1333d9c)
2019-07-14 20:26:09.898 18997 RALLYDEBUG rally_openstack.cleanup.manager [-] Deleting neutron.network object s_rally_4090b414_PP5SdlcP (c8fd30a5-c9fc-4cdd-a05f-3d097a2e664a)
2019-07-14 20:26:10.055 18997 RALLYDEBUG rally_openstack.cleanup.manager [-] Deleting neutron.network object s_rally_4090b414_GGsGPBGC (db0b8beb-f613-42a2-98aa-5c3b792b4326)
2019-07-14 20:26:10.372 18997 RALLYDEBUG rally_openstack.cleanup.manager [-] Deleting neutron.network object s_rally_4090b414_nNnn69IA (dc59ad94-a64d-4553-9eb7-5fa206cf6c02)
2019-07-14 20:26:10.376 18997 RALLYDEBUG rally_openstack.cleanup.manager [-] Deleting neutron.network object s_rally_4090b414_8Vt6VtHC (ee08c118-9db3-4db1-8a5e-24da50e1f4c4)
2019-07-14 20:26:11.384 18997 RALLYDEBUG rally_openstack.cleanup.manager [-] Deleting neutron.network object s_rally_4090b414_r77AonTX (f3ed4a99-6610-467e-9de7-ec2444e60c79)
2019-07-14 20:26:11.469 18997 RALLYDEBUG rally_openstack.cleanup.manager [-] Deleting neutron.network object s_rally_4090b414_FA8zxlIT (fd74af88-f6b8-466d-96e0-0e2af15f790b)
2019-07-14 20:26:11.623 18997 RALLYDEBUG rally_openstack.cleanup.manager [-] Deleting neutron.network object s_rally_4090b414_MRWE1rQa (fe50796f-8376-4242-b671-906a8b99a9f8)
2019-07-14 20:26:14.676 18997 RALLYDEBUG rally_openstack.cleanup.manager [-] Cleaning up neutron router objects
2019-07-14 20:26:15.474 18997 RALLYDEBUG rally_openstack.cleanup.manager [-] Cleaning up neutron security_group objects
2019-07-14 20:26:16.245 18997 INFO rally.task.context [-] Task c4d8460c-929c-4d3f-bf0b-f5c4b9596ce4 | Context cleanup@openstack cleanup() finished in 17.95 sec
2019-07-14 20:26:16.246 18997 INFO rally.task.context [-] Task c4d8460c-929c-4d3f-bf0b-f5c4b9596ce4 | Context quotas@openstack cleanup() started
2019-07-14 20:26:16.484 18997 INFO rally.task.context [-] Task c4d8460c-929c-4d3f-bf0b-f5c4b9596ce4 | Context quotas@openstack cleanup() finished in 0.24 sec
2019-07-14 20:26:16.485 18997 INFO rally.task.context [-] Task c4d8460c-929c-4d3f-bf0b-f5c4b9596ce4 | Context users@openstack cleanup() started
2019-07-14 20:26:21.868 18997 INFO rally.task.context [-] Task c4d8460c-929c-4d3f-bf0b-f5c4b9596ce4 | Context users@openstack cleanup() finished in 5.38 sec
2019-07-14 20:26:22.470 18997 INFO rally.task.engine [-] Load duration is: 32.36006
2019-07-14 20:26:22.471 18997 INFO rally.task.engine [-] Full runner duration is: 32.411991
2019-07-14 20:26:22.471 18997 INFO rally.task.engine [-] Full duration is: 61.648349
2019-07-14 20:26:22.722 18997 INFO rally.task.engine [-] Running workload: position = 0 config = { "version": 2, "title": "A cropped version of a bigger task.", "description": "Auto-generated task from a single workload (uuid=7f14361e-a2f9-4ee0-8b96-0c514335d970)", "subtasks": [ { "title": "NeutronNetworks.create_and_list_routers", "description": "Create and a given number of routers and list all routers.", "scenario": { "NeutronNetworks.create_and_list_routers": { "network_create_args": null, "subnet_create_args": null, "subnet_cidr_start": "1.1.0.0/30", "subnets_per_network": 2, "router_create_args": null } }, "contexts": { "users": { "tenants": 1, "users_per_tenant": 1 }, "quotas": { "neutron": { "network": -1, "subnet": -1, "router": -1 } } }, "runner": { "constant": { "times": 40, "concurrency": 20 } }, "hooks": [], "sla": { "failure_rate": { "max": 0 } } } ] }
2019-07-14 20:26:22.745 18997 RALLYDEBUG rally_openstack.contexts.keystone.users [-] Creating 1 tenants using 20 threads
2019-07-14 20:26:24.691 18997 RALLYDEBUG rally_openstack.contexts.keystone.users [-] Creating 1 users using 20 threads
2019-07-14 20:26:27.743 18997 INFO rally.task.context [-] Task c4d8460c-929c-4d3f-bf0b-f5c4b9596ce4 | Context users@openstack setup() finished in 5.00 sec
2019-07-14 20:26:28.614 18997 INFO rally.task.context [-] Task c4d8460c-929c-4d3f-bf0b-f5c4b9596ce4 | Context quotas@openstack setup() finished in 0.87 sec
2019-07-14 20:26:28.615 18997 INFO rally.task.context [-] Task c4d8460c-929c-4d3f-bf0b-f5c4b9596ce4 | Context cleanup@openstack setup() finished in 0.00 msec
2019-07-14 20:26:28.622 18997 RALLYDEBUG rally.task.runner [-] Starting the constant runner (task UUID: c4d8460c-929c-4d3f-bf0b-f5c4b9596ce4). timeout: 0 concurrency: 20 concurrency_per_worker: 1 times: 40 concurrency_overhead: 4 processes_to_start: 16 max_cpu_used: 16
2019-07-14 20:26:28.636 21461 RALLYDEBUG rally.task.runner [-] Starting a worker. concurrency: 2 args: {"network_create_args": null, "subnet_create_args": null, "subnet_cidr_start": "1.1.0.0/30", "subnets_per_network": 2, "router_create_args": null} times: 40 method_name: run timeout: 0 duration: None cls:
2019-07-14 20:26:28.639 21462 RALLYDEBUG rally.task.runner [-] Starting a worker. concurrency: 2 args: {"network_create_args": null, "subnet_create_args": null, "subnet_cidr_start": "1.1.0.0/30", "subnets_per_network": 2, "router_create_args": null} times: 40 method_name: run timeout: 0 duration: None cls:
2019-07-14 20:26:28.642 21463 RALLYDEBUG rally.task.runner [-] Starting a worker. concurrency: 2 args: {"network_create_args": null, "subnet_create_args": null, "subnet_cidr_start": "1.1.0.0/30", "subnets_per_network": 2, "router_create_args": null} times: 40 method_name: run timeout: 0 duration: None cls:
2019-07-14 20:26:28.644 21461 INFO rally.task.runner [-] Task c4d8460c-929c-4d3f-bf0b-f5c4b9596ce4 | ITER: 1 START
2019-07-14 20:26:28.646 21464 RALLYDEBUG rally.task.runner [-] Starting a worker. concurrency: 2 args: {"network_create_args": null, "subnet_create_args": null, "subnet_cidr_start": "1.1.0.0/30", "subnets_per_network": 2, "router_create_args": null} times: 40 method_name: run timeout: 0 duration: None cls:
2019-07-14 20:26:28.648 21462 INFO rally.task.runner [-] Task c4d8460c-929c-4d3f-bf0b-f5c4b9596ce4 | ITER: 3 START
2019-07-14 20:26:28.649 21462 INFO rally.task.runner [-] Task c4d8460c-929c-4d3f-bf0b-f5c4b9596ce4 | ITER: 5 START
2019-07-14 20:26:28.650 21463 INFO rally.task.runner [-] Task c4d8460c-929c-4d3f-bf0b-f5c4b9596ce4 | ITER: 4 START
2019-07-14 20:26:28.650 21466 RALLYDEBUG rally.task.runner [-] Starting a worker. concurrency: 1 args: {"network_create_args": null, "subnet_create_args": null, "subnet_cidr_start": "1.1.0.0/30", "subnets_per_network": 2, "router_create_args": null} times: 40 method_name: run timeout: 0 duration: None cls:
2019-07-14 20:26:28.652 21468 RALLYDEBUG rally.task.runner [-] Starting a worker. concurrency: 1 args: {"network_create_args": null, "subnet_create_args": null, "subnet_cidr_start": "1.1.0.0/30", "subnets_per_network": 2, "router_create_args": null} times: 40 method_name: run timeout: 0 duration: None cls:
2019-07-14 20:26:28.650 21463 INFO rally.task.runner [-] Task c4d8460c-929c-4d3f-bf0b-f5c4b9596ce4 | ITER: 6 START
2019-07-14 20:26:28.654 21471 RALLYDEBUG rally.task.runner [-] Starting a worker. concurrency: 1 args: {"network_create_args": null, "subnet_create_args": null, "subnet_cidr_start": "1.1.0.0/30", "subnets_per_network": 2, "router_create_args": null} times: 40 method_name: run timeout: 0 duration: None cls:
2019-07-14 20:26:28.656 21468 INFO rally.task.runner [-] Task c4d8460c-929c-4d3f-bf0b-f5c4b9596ce4 | ITER: 10 START
2019-07-14 20:26:28.657 21466 INFO rally.task.runner [-] Task c4d8460c-929c-4d3f-bf0b-f5c4b9596ce4 | ITER: 8 START
2019-07-14 20:26:28.657 21464 INFO rally.task.runner [-] Task c4d8460c-929c-4d3f-bf0b-f5c4b9596ce4 | ITER: 7 START
2019-07-14 20:26:28.658 21476 RALLYDEBUG rally.task.runner [-] Starting a worker. concurrency: 1 args: {"network_create_args": null, "subnet_create_args": null, "subnet_cidr_start": "1.1.0.0/30", "subnets_per_network": 2, "router_create_args": null} times: 40 method_name: run timeout: 0 duration: None cls:
2019-07-14 20:26:28.660 21471 INFO rally.task.runner [-] Task c4d8460c-929c-4d3f-bf0b-f5c4b9596ce4 | ITER: 11 START
2019-07-14 20:26:28.662 21461 INFO rally.task.runner [-] Task c4d8460c-929c-4d3f-bf0b-f5c4b9596ce4 | ITER: 2 START
2019-07-14 20:26:28.664 21476 INFO rally.task.runner [-] Task c4d8460c-929c-4d3f-bf0b-f5c4b9596ce4 | ITER: 12 START
2019-07-14 20:26:28.669 21484 RALLYDEBUG rally.task.runner [-] Starting a worker. concurrency: 1 args: {"network_create_args": null, "subnet_create_args": null, "subnet_cidr_start": "1.1.0.0/30", "subnets_per_network": 2, "router_create_args": null} times: 40 method_name: run timeout: 0 duration: None cls:
2019-07-14 20:26:28.667 21464 INFO rally.task.runner [-] Task c4d8460c-929c-4d3f-bf0b-f5c4b9596ce4 | ITER: 9 START
2019-07-14 20:26:28.674 21490 RALLYDEBUG rally.task.runner [-] Starting a worker. concurrency: 1 args: {"network_create_args": null, "subnet_create_args": null, "subnet_cidr_start": "1.1.0.0/30", "subnets_per_network": 2, "router_create_args": null} times: 40 method_name: run timeout: 0 duration: None cls:
2019-07-14 20:26:28.676 21484 INFO rally.task.runner [-] Task c4d8460c-929c-4d3f-bf0b-f5c4b9596ce4 | ITER: 13 START
2019-07-14 20:26:28.680 21490 INFO rally.task.runner [-] Task c4d8460c-929c-4d3f-bf0b-f5c4b9596ce4 | ITER: 14 START
2019-07-14 20:26:28.684 21493 RALLYDEBUG rally.task.runner [-] Starting a worker. concurrency: 1 args: {"network_create_args": null, "subnet_create_args": null, "subnet_cidr_start": "1.1.0.0/30", "subnets_per_network": 2, "router_create_args": null} times: 40 method_name: run timeout: 0 duration: None cls:
2019-07-14 20:26:28.689 21493 INFO rally.task.runner [-] Task c4d8460c-929c-4d3f-bf0b-f5c4b9596ce4 | ITER: 15 START
2019-07-14 20:26:28.697 21498 RALLYDEBUG rally.task.runner [-] Starting a worker. concurrency: 1 args: {"network_create_args": null, "subnet_create_args": null, "subnet_cidr_start": "1.1.0.0/30", "subnets_per_network": 2, "router_create_args": null} times: 40 method_name: run timeout: 0 duration: None cls:
2019-07-14 20:26:28.701 21498 INFO rally.task.runner [-] Task c4d8460c-929c-4d3f-bf0b-f5c4b9596ce4 | ITER: 16 START
2019-07-14 20:26:28.702 21499 RALLYDEBUG rally.task.runner [-] Starting a worker. concurrency: 1 args: {"network_create_args": null, "subnet_create_args": null, "subnet_cidr_start": "1.1.0.0/30", "subnets_per_network": 2, "router_create_args": null} times: 40 method_name: run timeout: 0 duration: None cls:
2019-07-14 20:26:28.708 21499 INFO rally.task.runner [-] Task c4d8460c-929c-4d3f-bf0b-f5c4b9596ce4 | ITER: 17 START
2019-07-14 20:26:28.708 21502 RALLYDEBUG rally.task.runner [-] Starting a worker. concurrency: 1 args: {"network_create_args": null, "subnet_create_args": null, "subnet_cidr_start": "1.1.0.0/30", "subnets_per_network": 2, "router_create_args": null} times: 40 method_name: run timeout: 0 duration: None cls:
2019-07-14 20:26:28.713 21502 INFO rally.task.runner [-] Task c4d8460c-929c-4d3f-bf0b-f5c4b9596ce4 | ITER: 18 START
2019-07-14 20:26:28.713 21504 RALLYDEBUG rally.task.runner [-] Starting a worker. concurrency: 1 args: {"network_create_args": null, "subnet_create_args": null, "subnet_cidr_start": "1.1.0.0/30", "subnets_per_network": 2, "router_create_args": null} times: 40 method_name: run timeout: 0 duration: None cls:
2019-07-14 20:26:28.716 21506 RALLYDEBUG rally.task.runner [-] Starting a worker. concurrency: 1 args: {"network_create_args": null, "subnet_create_args": null, "subnet_cidr_start": "1.1.0.0/30", "subnets_per_network": 2, "router_create_args": null} times: 40 method_name: run timeout: 0 duration: None cls:
2019-07-14 20:26:28.716 21504 INFO rally.task.runner [-] Task c4d8460c-929c-4d3f-bf0b-f5c4b9596ce4 | ITER: 19 START
2019-07-14 20:26:28.720 21506 INFO rally.task.runner [-] Task c4d8460c-929c-4d3f-bf0b-f5c4b9596ce4 | ITER: 20 START
2019-07-14 20:26:30.773 21476 RALLYDEBUG rally_openstack.wrappers.network [-] CIDR generated: 1.1.5.160/30
2019-07-14 20:26:30.870 21466 RALLYDEBUG rally_openstack.wrappers.network [-] CIDR generated: 1.1.5.164/30
2019-07-14 20:26:31.052 21464 RALLYDEBUG rally_openstack.wrappers.network [-] CIDR generated: 1.1.5.168/30
2019-07-14 20:26:31.118 21504 RALLYDEBUG rally_openstack.wrappers.network [-] CIDR generated: 1.1.5.172/30
2019-07-14 20:26:31.346 21502 RALLYDEBUG rally_openstack.wrappers.network [-] CIDR generated: 1.1.5.176/30
2019-07-14 20:26:31.679 21498 RALLYDEBUG rally_openstack.wrappers.network [-] CIDR generated: 1.1.5.180/30
2019-07-14 20:26:31.759 21468 RALLYDEBUG rally_openstack.wrappers.network [-] CIDR generated: 1.1.5.184/30
2019-07-14 20:26:31.770 21463 RALLYDEBUG rally_openstack.wrappers.network [-] CIDR generated: 1.1.5.188/30
2019-07-14 20:26:31.779 21471 RALLYDEBUG rally_openstack.wrappers.network [-] CIDR generated: 1.1.5.192/30
2019-07-14 20:26:31.944 21461 RALLYDEBUG rally_openstack.wrappers.network [-] CIDR generated: 1.1.5.196/30
2019-07-14 20:26:32.053 21506 RALLYDEBUG rally_openstack.wrappers.network [-] CIDR generated: 1.1.5.200/30
2019-07-14 20:26:32.755 21504 RALLYDEBUG rally_openstack.wrappers.network [-] CIDR generated: 1.1.5.204/30
2019-07-14 20:26:33.038 21466 RALLYDEBUG rally_openstack.wrappers.network [-] CIDR generated: 1.1.5.208/30
2019-07-14 20:26:33.064 21476 RALLYDEBUG rally_openstack.wrappers.network [-] CIDR generated: 1.1.5.212/30
2019-07-14 20:26:33.419 21464 RALLYDEBUG rally_openstack.wrappers.network [-] CIDR generated: 1.1.5.216/30
2019-07-14 20:26:33.827 21502 RALLYDEBUG rally_openstack.wrappers.network [-] CIDR generated: 1.1.5.220/30
2019-07-14 20:26:33.928 21499 RALLYDEBUG rally_openstack.wrappers.network [-] CIDR generated: 1.1.5.224/30
2019-07-14 20:26:33.955 21484 RALLYDEBUG rally_openstack.wrappers.network [-] CIDR generated: 1.1.5.228/30
2019-07-14 20:26:34.036 21490 RALLYDEBUG rally_openstack.wrappers.network [-] CIDR generated: 1.1.5.232/30
2019-07-14 20:26:34.058 21468 RALLYDEBUG rally_openstack.wrappers.network [-] CIDR generated: 1.1.5.236/30
2019-07-14 20:26:34.106 21461 RALLYDEBUG rally_openstack.wrappers.network [-] CIDR generated: 1.1.5.240/30
2019-07-14 20:26:34.240 21471 RALLYDEBUG rally_openstack.wrappers.network [-] CIDR generated: 1.1.5.244/30
2019-07-14 20:26:34.318 21498 RALLYDEBUG rally_openstack.wrappers.network [-] CIDR generated: 1.1.5.248/30
2019-07-14 20:26:34.382 21463 RALLYDEBUG rally_openstack.wrappers.network [-] CIDR generated: 1.1.5.252/30
2019-07-14 20:26:34.651 21506 RALLYDEBUG rally_openstack.wrappers.network [-] CIDR generated: 1.1.6.0/30
2019-07-14 20:26:34.660 21463 RALLYDEBUG rally_openstack.wrappers.network [-] CIDR generated: 1.1.6.4/30
2019-07-14 20:26:34.875 21462 RALLYDEBUG rally_openstack.wrappers.network [-] CIDR generated: 1.1.6.8/30
2019-07-14 20:26:34.915 21461 RALLYDEBUG rally_openstack.wrappers.network [-] CIDR generated: 1.1.6.12/30
2019-07-14 20:26:35.113 21462 RALLYDEBUG rally_openstack.wrappers.network [-] CIDR generated: 1.1.6.16/30
2019-07-14 20:26:35.139 21493 RALLYDEBUG rally_openstack.wrappers.network [-] CIDR generated: 1.1.6.20/30
2019-07-14 20:26:35.150 21464 RALLYDEBUG rally_openstack.wrappers.network [-] CIDR generated: 1.1.6.24/30
2019-07-14 20:26:36.242 21490 RALLYDEBUG rally_openstack.wrappers.network [-] CIDR generated: 1.1.6.28/30
2019-07-14 20:26:36.468 21499 RALLYDEBUG rally_openstack.wrappers.network [-] CIDR generated: 1.1.6.32/30
2019-07-14 20:26:36.590 21484 RALLYDEBUG rally_openstack.wrappers.network [-] CIDR generated: 1.1.6.36/30
2019-07-14 20:26:37.413 21461 RALLYDEBUG rally_openstack.wrappers.network [-] CIDR generated: 1.1.6.40/30
2019-07-14 20:26:37.510 21462 RALLYDEBUG rally_openstack.wrappers.network [-] CIDR generated: 1.1.6.44/30
2019-07-14 20:26:37.542 21464 RALLYDEBUG rally_openstack.wrappers.network [-] CIDR generated: 1.1.6.48/30
2019-07-14 20:26:38.315 21463 RALLYDEBUG rally_openstack.wrappers.network [-] CIDR generated: 1.1.6.52/30
2019-07-14 20:26:38.917 21462 RALLYDEBUG rally_openstack.wrappers.network [-] CIDR generated: 1.1.6.56/30
2019-07-14 20:26:39.072 21493 RALLYDEBUG rally_openstack.wrappers.network [-] CIDR generated: 1.1.6.60/30
2019-07-14 20:26:45.195 21504 INFO rally.task.runner [-] Task c4d8460c-929c-4d3f-bf0b-f5c4b9596ce4 | ITER: 19 END: OK
2019-07-14 20:26:45.199 21504 INFO rally.task.runner [-] Task c4d8460c-929c-4d3f-bf0b-f5c4b9596ce4 | ITER: 21 START
2019-07-14 20:26:45.907 21476 INFO rally.task.runner [-] Task c4d8460c-929c-4d3f-bf0b-f5c4b9596ce4 | ITER: 12 END: OK
2019-07-14 20:26:45.912 21476 INFO rally.task.runner [-] Task c4d8460c-929c-4d3f-bf0b-f5c4b9596ce4 | ITER: 22 START
2019-07-14 20:26:47.054 21466 INFO rally.task.runner [-] Task c4d8460c-929c-4d3f-bf0b-f5c4b9596ce4 | ITER: 8 END: OK
2019-07-14 20:26:47.060 21466 INFO rally.task.runner [-] Task c4d8460c-929c-4d3f-bf0b-f5c4b9596ce4 | ITER: 23 START
2019-07-14 20:26:47.221 21463 INFO rally.task.runner [-] Task c4d8460c-929c-4d3f-bf0b-f5c4b9596ce4 | ITER: 4 END: OK
2019-07-14 20:26:47.226 21463 INFO rally.task.runner [-] Task c4d8460c-929c-4d3f-bf0b-f5c4b9596ce4 | ITER: 24 START
2019-07-14 20:26:47.728 21502 INFO rally.task.runner [-] Task c4d8460c-929c-4d3f-bf0b-f5c4b9596ce4 | ITER: 18 END: OK
2019-07-14 20:26:47.733 21502 INFO rally.task.runner [-] Task c4d8460c-929c-4d3f-bf0b-f5c4b9596ce4 | ITER: 25 START
2019-07-14 20:26:47.980 21504 RALLYDEBUG rally_openstack.wrappers.network [-] CIDR generated: 1.1.6.64/30
