2019-07-14 20:36:40.090 18997 RALLYDEBUG rally_openstack.cleanup.manager [-] Deleting neutron.port object s_rally_910db6a4_XIiegHhB (58836d37-5a40-4860-979d-689eb2c5e0e7)
2019-07-14 20:36:40.192 18997 RALLYDEBUG rally_openstack.cleanup.manager [-] Deleting neutron.port object s_rally_910db6a4_J3g9PVv1 (58840a08-eef3-4371-aaa5-c44db5accead)
2019-07-14 20:36:40.374 18997 RALLYDEBUG rally_openstack.cleanup.manager [-] Deleting neutron.port object s_rally_910db6a4_jh5hvaJV (59ffa398-6237-49dc-ad99-f37409d0d3bb)
2019-07-14 20:36:40.380 18997 RALLYDEBUG rally_openstack.cleanup.manager [-] Deleting neutron.port object s_rally_910db6a4_H1TA5WQy (5bb5031d-7c52-420e-9cc9-60ee1893d115)
2019-07-14 20:36:40.413 18997 RALLYDEBUG rally_openstack.cleanup.manager [-] Deleting neutron.port object s_rally_910db6a4_rOzUNCmC (5c3385ef-d874-4732-8af0-54d95e00cd8a)
2019-07-14 20:36:40.471 18997 RALLYDEBUG rally_openstack.cleanup.manager [-] Deleting neutron.port object s_rally_910db6a4_N34pp8kp (5d9f2080-a94d-4280-b2e7-2087d9073796)
2019-07-14 20:36:40.555 18997 RALLYDEBUG rally_openstack.cleanup.manager [-] Deleting neutron.port object s_rally_910db6a4_502AjBBT (6140eb23-569b-4382-802f-c56a8008ea96)
2019-07-14 20:36:40.987 18997 RALLYDEBUG rally_openstack.cleanup.manager [-] Deleting neutron.port object s_rally_910db6a4_pTNoQlid (61f79843-25e9-443f-b48a-0c349acc7549)
2019-07-14 20:36:41.055 18997 RALLYDEBUG rally_openstack.cleanup.manager [-] Deleting neutron.port object s_rally_910db6a4_itGtL1mW (624db8c6-9764-406d-8bae-62b603f130d6)
2019-07-14 20:36:41.302 18997 RALLYDEBUG rally_openstack.cleanup.manager [-] Deleting neutron.port object s_rally_910db6a4_vkNZ6K3S (626a272b-d82d-487f-9144-110fdfcc2447)
2019-07-14 20:36:41.351 18997 RALLYDEBUG rally_openstack.cleanup.manager [-] Deleting neutron.port object s_rally_910db6a4_UPCRlWiX (62a9491b-e8f6-44b1-9ffd-7cf19a9e3440)
2019-07-14 20:36:41.766 18997 RALLYDEBUG rally_openstack.cleanup.manager [-] Deleting neutron.port object s_rally_910db6a4_mQ5XgZZe (64491c7f-ae27-4568-ab0c-bf438078db95)
2019-07-14 20:36:41.831 18997 RALLYDEBUG rally_openstack.cleanup.manager [-] Deleting neutron.port object s_rally_910db6a4_LeLqKPf0 (64c27aff-7cef-4d8e-be69-90f4cf5c4815)
2019-07-14 20:36:41.950 18997 RALLYDEBUG rally_openstack.cleanup.manager [-] Deleting neutron.port object s_rally_910db6a4_tO6I6lxl (658d23a2-66f0-4c50-94f7-2f49639d87ab)
2019-07-14 20:36:42.088 18997 RALLYDEBUG rally_openstack.cleanup.manager [-] Deleting neutron.port object s_rally_910db6a4_TfMAMUWO (67108cdf-e15a-4770-abaa-072fd869a6b6)
2019-07-14 20:36:42.278 18997 RALLYDEBUG rally_openstack.cleanup.manager [-] Deleting neutron.port object s_rally_910db6a4_AYulzG4t (67750938-3734-4dbd-9f30-960e032471b3)
2019-07-14 20:36:42.333 18997 RALLYDEBUG rally_openstack.cleanup.manager [-] Deleting neutron.port object s_rally_910db6a4_06HVG2b1 (69a1666e-3bd6-430e-8ca6-a84f39a6844d)
2019-07-14 20:36:42.345 18997 RALLYDEBUG rally_openstack.cleanup.manager [-] Deleting neutron.port object s_rally_910db6a4_THToamSx (6afc9c34-7a00-45a5-83c8-5c977e321672)
2019-07-14 20:36:42.397 18997 RALLYDEBUG rally_openstack.cleanup.manager [-] Deleting neutron.port object s_rally_910db6a4_VMXZM5Cn (6bbe7fb4-ec44-45ee-aa28-76b86dff7fa6)
2019-07-14 20:36:42.539 18997 RALLYDEBUG rally_openstack.cleanup.manager [-] Deleting neutron.port object s_rally_910db6a4_qkTRP1mu (6e40751c-ea06-4330-8922-967346341c9d)
2019-07-14 20:36:42.614 18997 RALLYDEBUG rally_openstack.cleanup.manager [-] Deleting neutron.port object s_rally_910db6a4_SBqtQktb (6ee44d6d-835d-4974-a56d-72362d350638)
2019-07-14 20:36:42.796 18997 RALLYDEBUG rally_openstack.cleanup.manager [-] Deleting neutron.port object s_rally_910db6a4_9VCLmWtl (73ac3e2c-67d6-45de-984c-ffc878824c3e)
2019-07-14 20:36:42.836 18997 RALLYDEBUG rally_openstack.cleanup.manager [-] Deleting neutron.port object s_rally_910db6a4_NgZMha3K (75c030ac-2b77-44db-8aba-4c12fa8e9657)
2019-07-14 20:36:42.922 18997 RALLYDEBUG rally_openstack.cleanup.manager [-] Deleting neutron.port object s_rally_910db6a4_75lhleET (760a5fba-3069-4888-8377-260e97a177ae)
2019-07-14 20:36:43.125 18997 RALLYDEBUG rally_openstack.cleanup.manager [-] Deleting neutron.port object s_rally_910db6a4_mAJXslD8 (786b632e-106e-45fa-b9c8-6724d94a3528)
2019-07-14 20:36:43.162 18997 RALLYDEBUG rally_openstack.cleanup.manager [-] Deleting neutron.port object s_rally_910db6a4_D81Pm68y (7ad40c7c-0bf5-451e-81fe-841a6fd5fecc)
2019-07-14 20:36:43.283 18997 RALLYDEBUG rally_openstack.cleanup.manager [-] Deleting neutron.port object s_rally_910db6a4_nRk6atpf (7c226e19-6001-4f2e-9da0-c1d3313c12ff)
2019-07-14 20:36:43.451 18997 RALLYDEBUG rally_openstack.cleanup.manager [-] Deleting neutron.port object s_rally_910db6a4_dmM9TPIv (7daf4886-0e9c-4841-bca1-30e11c333dba)
2019-07-14 20:36:43.867 18997 RALLYDEBUG rally_openstack.cleanup.manager [-] Deleting neutron.port object s_rally_910db6a4_uQlif4fL (7ea6a1ea-8c25-40df-95ef-11e7634c3f24)
2019-07-14 20:36:43.960 18997 RALLYDEBUG rally_openstack.cleanup.manager [-] Deleting neutron.port object s_rally_910db6a4_8SSKQb8p (7eba60ae-0262-419c-9782-d6824b6cc35e)
2019-07-14 20:36:44.099 18997 RALLYDEBUG rally_openstack.cleanup.manager [-] Deleting neutron.port object s_rally_910db6a4_HQDDGvVf (7f362b23-0fff-4e09-b042-135d2dfc71b7)
2019-07-14 20:36:44.205 18997 RALLYDEBUG rally_openstack.cleanup.manager [-] Deleting neutron.port object s_rally_910db6a4_mOaAvB9e (7f78d6b9-0d1c-46a9-b3f9-3e8ff7f6883e)
2019-07-14 20:36:44.310 18997 RALLYDEBUG rally_openstack.cleanup.manager [-] Deleting neutron.port object s_rally_910db6a4_sWqkcbna (80775062-4add-4e41-8821-e71391c582a5)
2019-07-14 20:36:44.530 18997 RALLYDEBUG rally_openstack.cleanup.manager [-] Deleting neutron.port object s_rally_910db6a4_uQPdEgQN (80a93bf1-b8e1-4e74-a33a-e745dfa57b07)
2019-07-14 20:36:44.622 18997 RALLYDEBUG rally_openstack.cleanup.manager [-] Deleting neutron.port object s_rally_910db6a4_tgm1FeR1 (85abd422-3d7f-4b55-97da-198d8d257741)
2019-07-14 20:36:44.722 18997 RALLYDEBUG rally_openstack.cleanup.manager [-] Deleting neutron.port object s_rally_910db6a4_QnBLvzyw (868739a1-2b21-4a6e-87f1-b513c8bf46f3)
2019-07-14 20:36:44.860 18997 RALLYDEBUG rally_openstack.cleanup.manager [-] Deleting neutron.port object s_rally_910db6a4_US5Yu9WX (8921ccde-23ff-45d9-82ac-19a7fd4a1c39)
2019-07-14 20:36:44.898 18997 RALLYDEBUG rally_openstack.cleanup.manager [-] Deleting neutron.port object s_rally_910db6a4_ZXSmOnmy (8a4fbe42-67a3-4910-9a51-bfa8fd620d47)
2019-07-14 20:36:44.983 18997 RALLYDEBUG rally_openstack.cleanup.manager [-] Deleting neutron.port object s_rally_910db6a4_IsfRqCd0 (8acb0c67-ef28-4d99-893d-51e3f80de36c)
2019-07-14 20:36:45.144 18997 RALLYDEBUG rally_openstack.cleanup.manager [-] Deleting neutron.port object s_rally_910db6a4_87gSiZFn (8b3c7db1-3998-4fa8-b108-0b264dfbc10d)
2019-07-14 20:36:45.184 18997 RALLYDEBUG rally_openstack.cleanup.manager [-] Deleting neutron.port object s_rally_910db6a4_Kmt1usZo (8ceda977-1254-4029-9684-c685b2698a46)
2019-07-14 20:36:45.388 18997 RALLYDEBUG rally_openstack.cleanup.manager [-] Deleting neutron.port object s_rally_910db6a4_abBZrmbw (8e28b351-6251-449d-8274-86345c721f92)
2019-07-14 20:36:45.436 18997 RALLYDEBUG rally_openstack.cleanup.manager [-] Deleting neutron.port object s_rally_910db6a4_DVF3oaL8 (8e68d7b2-a0a5-4bf8-bb40-4e7d3a89c93c)
2019-07-14 20:36:45.458 18997 RALLYDEBUG rally_openstack.cleanup.manager [-] Deleting neutron.port object s_rally_910db6a4_VkxHOQ1k (8f2c1edd-29d0-4342-9fe9-185b41dfc0fb)
2019-07-14 20:36:45.855 18997 RALLYDEBUG rally_openstack.cleanup.manager [-] Deleting neutron.port object s_rally_910db6a4_eC0ZwxPd (914b7521-5ddd-4136-813b-bdc94c50b844)
2019-07-14 20:36:45.856 18997 RALLYDEBUG rally_openstack.cleanup.manager [-] Deleting neutron.port object s_rally_910db6a4_ZlUzbLwx (90415ab2-bdb5-460f-b47e-3c4ec74c852d)
2019-07-14 20:36:46.007 18997 RALLYDEBUG rally_openstack.cleanup.manager [-] Deleting neutron.port object s_rally_910db6a4_TKhxYUzL (9186bedd-d988-4400-a0e9-834a9c3ea216)
2019-07-14 20:36:46.072 18997 RALLYDEBUG rally_openstack.cleanup.manager [-] Deleting neutron.port object s_rally_910db6a4_ws9xSIaJ (92568327-b657-4415-978f-410ae1ffb78d)
2019-07-14 20:36:46.203 18997 RALLYDEBUG rally_openstack.cleanup.manager [-] Deleting neutron.port object s_rally_910db6a4_x7TWtJgR (9340186b-4eda-4078-8b55-90abf2fb70c3)
2019-07-14 20:36:46.257 18997 RALLYDEBUG rally_openstack.cleanup.manager [-] Deleting neutron.port object s_rally_910db6a4_wX9UPYdB (9471bbd2-f7e6-4790-863f-f26d4db474b3)
2019-07-14 20:36:46.294 18997 RALLYDEBUG rally_openstack.cleanup.manager [-] Deleting neutron.port object s_rally_910db6a4_YzfstTG7 (9486cf75-6ed5-450f-9153-1ba845926eeb)
2019-07-14 20:36:46.596 18997 RALLYDEBUG rally_openstack.cleanup.manager [-] Deleting neutron.port object s_rally_910db6a4_7Jh8lVbf (96dff9b5-f1a3-4c43-9c41-c8a02aeaf75b)
2019-07-14 20:36:46.660 18997 RALLYDEBUG rally_openstack.cleanup.manager [-] Deleting neutron.port object s_rally_910db6a4_nZzMkNrS (97922857-7e2f-4c60-a5bb-96cb9a850558)
2019-07-14 20:36:46.745 18997 RALLYDEBUG rally_openstack.cleanup.manager [-] Deleting neutron.port object s_rally_910db6a4_ZH42U0eY (981c9d0c-221a-420a-85a1-c33425060f1a)
2019-07-14 20:36:46.888 18997 RALLYDEBUG rally_openstack.cleanup.manager [-] Deleting neutron.port object s_rally_910db6a4_E3dlTZiH (98d99162-174f-4759-ab43-b5029571ba12)
2019-07-14 20:36:47.039 18997 RALLYDEBUG rally_openstack.cleanup.manager [-] Deleting neutron.port object s_rally_910db6a4_S13URcgg (99f3c26d-3d12-4925-b3ca-d1c8e366ba6b)
2019-07-14 20:36:47.386 18997 RALLYDEBUG rally_openstack.cleanup.manager [-] Deleting neutron.port object s_rally_910db6a4_2R9XpiaD (9d6d796c-f57c-4784-a505-002475943e0e)
2019-07-14 20:36:47.521 18997 RALLYDEBUG rally_openstack.cleanup.manager [-] Deleting neutron.port object s_rally_910db6a4_Oo1ym6LW (a0f1673e-8d0c-4399-8ebd-1c9b71aaf5c3)
2019-07-14 20:36:47.586 18997 RALLYDEBUG rally_openstack.cleanup.manager [-] Deleting neutron.port object s_rally_910db6a4_deNqPeLs (a281f63a-9b85-435e-a3d8-cad1e8a4449f)
2019-07-14 20:36:47.730 18997 RALLYDEBUG rally_openstack.cleanup.manager [-] Deleting neutron.port object s_rally_910db6a4_HDoDo1c8 (a3626c28-0d12-4039-8cc3-eee4c7babf35)
2019-07-14 20:36:47.771 18997 RALLYDEBUG rally_openstack.cleanup.manager [-] Deleting neutron.port object s_rally_910db6a4_NZXZL3YJ (a3c6a562-5f2c-4235-8058-fa4774b2fe8a)
2019-07-14 20:36:47.815 18997 RALLYDEBUG rally_openstack.cleanup.manager [-] Deleting neutron.port object s_rally_910db6a4_3Y4dD727 (a587f554-9f3a-4bc4-bd78-ffb3d98b1920)
2019-07-14 20:36:47.846 18997 RALLYDEBUG rally_openstack.cleanup.manager [-] Deleting neutron.port object s_rally_910db6a4_E6k6qrWm (aabd0f9b-c3d7-4454-9a03-44335f906d3f)
2019-07-14 20:36:47.847 18997 RALLYDEBUG rally_openstack.cleanup.manager [-] Deleting neutron.port object s_rally_910db6a4_Npabi7Vf (a804ac41-0e02-4248-8777-ca8123ed34f4)
2019-07-14 20:36:48.491 18997 RALLYDEBUG rally_openstack.cleanup.manager [-] Deleting neutron.port object s_rally_910db6a4_um1IYlwh (aac3d4b3-47d2-4136-a394-ad537070fd63)
2019-07-14 20:36:48.606 18997 RALLYDEBUG rally_openstack.cleanup.manager [-] Deleting neutron.port object s_rally_910db6a4_tbOibivO (ad8fba11-1068-4dbd-a86d-ad53380fa327)
2019-07-14 20:36:48.633 18997 RALLYDEBUG rally_openstack.cleanup.manager [-] Deleting neutron.port object s_rally_910db6a4_kd685OTf (b00a71e6-0ce7-4ed9-ad72-e0c1b95b30c3)
2019-07-14 20:36:48.647 18997 RALLYDEBUG rally_openstack.cleanup.manager [-] Deleting neutron.port object s_rally_910db6a4_FiHCvqbP (b1921ca5-cf70-48ac-b920-df5f0500ebac)
2019-07-14 20:36:48.672 18997 RALLYDEBUG rally_openstack.cleanup.manager [-] Deleting neutron.port object s_rally_910db6a4_rlgyuF02 (b2a86220-298a-4347-96d7-3d323a2e5e32)
2019-07-14 20:36:49.316 18997 RALLYDEBUG rally_openstack.cleanup.manager [-] Deleting neutron.port object s_rally_910db6a4_Lf9g0O1j (b932e517-fd3e-423b-9218-21c1cff65112)
2019-07-14 20:36:49.343 18997 RALLYDEBUG rally_openstack.cleanup.manager [-] Deleting neutron.port object s_rally_910db6a4_mW0Hhqdp (baecfb11-77ba-46ce-ac5b-5cc2f8b18dbb)
2019-07-14 20:36:49.343 18997 RALLYDEBUG rally_openstack.cleanup.manager [-] Deleting neutron.port object s_rally_910db6a4_CAyRjVnJ (b9446b9b-ad8e-4058-b4d1-02639728f84e)
2019-07-14 20:36:49.425 18997 RALLYDEBUG rally_openstack.cleanup.manager [-] Deleting neutron.port object s_rally_910db6a4_FzCUACsZ (bb87b3d6-dd0e-4ad1-a813-9c8fe032b5b2)
2019-07-14 20:36:49.476 18997 RALLYDEBUG rally_openstack.cleanup.manager [-] Deleting neutron.port object s_rally_910db6a4_IeAr900Z (bc3062bb-0cf2-47e2-a39a-d01b9817c3f2)
2019-07-14 20:36:49.520 18997 RALLYDEBUG rally_openstack.cleanup.manager [-] Deleting neutron.port object s_rally_910db6a4_GXZWJAbZ (c024bac3-019f-4fc8-a1e9-274a4de46e1d)
2019-07-14 20:36:49.554 18997 RALLYDEBUG rally_openstack.cleanup.manager [-] Deleting neutron.port object s_rally_910db6a4_YLrQvqOU (c13928d9-ee3b-469f-b173-64677e2ec063)
2019-07-14 20:36:49.920 18997 RALLYDEBUG rally_openstack.cleanup.manager [-] Deleting neutron.port object s_rally_910db6a4_xCRhaYFj (c16d18be-cd5b-463a-acc0-5d9ebb8bae25)
2019-07-14 20:36:50.053 18997 RALLYDEBUG rally_openstack.cleanup.manager [-] Deleting neutron.port object s_rally_910db6a4_TTW1O0g5 (c3482abc-17cf-4560-b7dd-466f9fa5aa1e)
2019-07-14 20:36:50.231 18997 RALLYDEBUG rally_openstack.cleanup.manager [-] Deleting neutron.port object s_rally_910db6a4_iY42ruZ3 (c430ccb8-1548-432c-9348-41c73d0ea7d7)
2019-07-14 20:36:50.249 18997 RALLYDEBUG rally_openstack.cleanup.manager [-] Deleting neutron.port object s_rally_910db6a4_OI5PCgem (c60c3424-c4eb-4354-bd54-57286d37932d)
2019-07-14 20:36:50.454 18997 RALLYDEBUG rally_openstack.cleanup.manager [-] Deleting neutron.port object s_rally_910db6a4_rQ8j9VnB (c64d0b1d-5095-44d4-b135-9c8cd393fd12)
2019-07-14 20:36:50.505 18997 RALLYDEBUG rally_openstack.cleanup.manager [-] Deleting neutron.port object s_rally_910db6a4_AOb2ZlTr (c6f53c74-0a79-4256-b83a-4c2e2f648f07)
2019-07-14 20:36:50.589 18997 RALLYDEBUG rally_openstack.cleanup.manager [-] Deleting neutron.port object s_rally_910db6a4_KiHrMZPJ (c7906c85-525b-4ca0-bd69-74ec3fabb507)
2019-07-14 20:36:50.713 18997 RALLYDEBUG rally_openstack.cleanup.manager [-] Deleting neutron.port object s_rally_910db6a4_0Y4Wog4m (c7f3b168-d57b-4c0a-8f4f-6bf5d7167b6d)
2019-07-14 20:36:50.867 18997 RALLYDEBUG rally_openstack.cleanup.manager [-] Deleting neutron.port object s_rally_910db6a4_b5Pdwqbo (c8a28120-f29a-4d5f-8a58-54982db6f75f)
2019-07-14 20:36:50.887 18997 RALLYDEBUG rally_openstack.cleanup.manager [-] Deleting neutron.port object s_rally_910db6a4_WoaRO7ey (c90e294f-bfb5-4828-9994-254329ae133e)
2019-07-14 20:36:51.059 18997 RALLYDEBUG rally_openstack.cleanup.manager [-] Deleting neutron.port object s_rally_910db6a4_FIujqIpI (ca7d815f-f5d5-423d-a3a4-ece56c653076)
2019-07-14 20:36:51.173 18997 RALLYDEBUG rally_openstack.cleanup.manager [-] Deleting neutron.port object s_rally_910db6a4_GOAYdNno (cb77eea5-9d8a-4236-af1a-f06a16365d72)
2019-07-14 20:36:51.342 18997 RALLYDEBUG rally_openstack.cleanup.manager [-] Deleting neutron.port object s_rally_910db6a4_UO0M6ja0 (cd4f724d-4e82-4cf2-9c05-1eb5c4247ff1)
2019-07-14 20:36:51.566 18997 RALLYDEBUG rally_openstack.cleanup.manager [-] Deleting neutron.port object s_rally_910db6a4_f0q6My9o (ce9a3299-c2b0-4c8c-bbb5-a7c029bb88dc)
2019-07-14 20:36:51.617 18997 RALLYDEBUG rally_openstack.cleanup.manager [-] Deleting neutron.port object s_rally_910db6a4_K29p3rZG (cee9196e-94d4-4475-bd8b-6160bf327c30)
2019-07-14 20:36:51.732 18997 RALLYDEBUG rally_openstack.cleanup.manager [-] Deleting neutron.port object s_rally_910db6a4_pmYdKUwi (d22fec67-8d73-413d-8158-1e11667fe43f)
2019-07-14 20:36:51.760 18997 RALLYDEBUG rally_openstack.cleanup.manager [-] Deleting neutron.port object s_rally_910db6a4_Oang08vM (d25690b7-a1bd-46c7-b77c-bef8cc04b4de)
2019-07-14 20:36:51.973 18997 RALLYDEBUG rally_openstack.cleanup.manager [-] Deleting neutron.port object s_rally_910db6a4_fhLv4wSo (d5b00340-b239-4343-86aa-d96b7cc647d0)
2019-07-14 20:36:52.079 18997 RALLYDEBUG rally_openstack.cleanup.manager [-] Deleting neutron.port object s_rally_910db6a4_P3ltB5nh (d753fb9b-58fa-41c3-956d-513fb8351ca7)
2019-07-14 20:36:52.120 18997 RALLYDEBUG rally_openstack.cleanup.manager [-] Deleting neutron.port object s_rally_910db6a4_PvZXmBgI (d8effcc8-0c04-4fa0-8069-56573a72a886)
2019-07-14 20:36:52.694 18997 RALLYDEBUG rally_openstack.cleanup.manager [-] Deleting neutron.port object s_rally_910db6a4_jWEli5IG (d9e4fc2f-71ab-4a1c-86b3-bb595c1f7446)
2019-07-14 20:36:52.828 18997 RALLYDEBUG rally_openstack.cleanup.manager [-] Deleting neutron.port object s_rally_910db6a4_Qp5ndZka (da4f4753-2c2c-42c5-9da4-27370b6cce83)
2019-07-14 20:36:52.887 18997 RALLYDEBUG rally_openstack.cleanup.manager [-] Deleting neutron.port object s_rally_910db6a4_LBpcn4tx (daf7d32f-5905-4343-8692-b81188071093)
2019-07-14 20:36:52.916 18997 RALLYDEBUG rally_openstack.cleanup.manager [-] Deleting neutron.port object s_rally_910db6a4_TGyAFj2E (dd62d0f9-0827-4e18-aa2a-bea61da08cdf)
2019-07-14 20:36:52.971 18997 RALLYDEBUG rally_openstack.cleanup.manager [-] Deleting neutron.port object s_rally_910db6a4_lWkmjCI0 (ddf4e191-bf34-447c-a41b-58c893a4423d)
2019-07-14 20:36:53.156 18997 RALLYDEBUG rally_openstack.cleanup.manager [-] Deleting neutron.port object s_rally_910db6a4_8JMV7bx4 (de497638-889f-4e80-b80b-d94f4dc8d14f)
2019-07-14 20:36:53.175 18997 RALLYDEBUG rally_openstack.cleanup.manager [-] Deleting neutron.port object s_rally_910db6a4_UkMCKfxc (e060143f-96e5-43e8-bb0e-b20e6b2c7d9e)
2019-07-14 20:36:53.204 18997 RALLYDEBUG rally_openstack.cleanup.manager [-] Deleting neutron.port object s_rally_910db6a4_VbwpYW9r (e1b44bc9-23d2-4621-99d3-c327616dfe99)
2019-07-14 20:36:53.566 18997 RALLYDEBUG rally_openstack.cleanup.manager [-] Deleting neutron.port object s_rally_910db6a4_NLTBoyng (e1be3a49-c881-439e-b810-68d205e670b2)
2019-07-14 20:36:53.732 18997 RALLYDEBUG rally_openstack.cleanup.manager [-] Deleting neutron.port object s_rally_910db6a4_Fh4siBw4 (e1f5b2c0-5429-488d-a88a-ebeea8fede86)
2019-07-14 20:36:53.787 18997 RALLYDEBUG rally_openstack.cleanup.manager [-] Deleting neutron.port object s_rally_910db6a4_wPecjNSn (e33bc00c-4d4d-41c2-9daf-c17dedf28513)
2019-07-14 20:36:54.006 18997 RALLYDEBUG rally_openstack.cleanup.manager [-] Deleting neutron.port object s_rally_910db6a4_XUtfQDHy (e4b3ad67-a045-41fc-bd24-d63fb1e48c3c)
2019-07-14 20:36:54.020 18997 RALLYDEBUG rally_openstack.cleanup.manager [-] Deleting neutron.port object s_rally_910db6a4_JMTOt4XU (e72f65dc-1d45-493f-9da1-33c506972d88)
2019-07-14 20:36:54.064 18997 RALLYDEBUG rally_openstack.cleanup.manager [-] Deleting neutron.port object s_rally_910db6a4_8QMBwVsJ (e732df2b-a02f-4916-ab3f-a5de22bd7dd1)
2019-07-14 20:36:54.124 18997 RALLYDEBUG rally_openstack.cleanup.manager [-] Deleting neutron.port object s_rally_910db6a4_NKmCYZFT (e8bbc1e2-7750-4683-88af-920b99ed4e59)
2019-07-14 20:36:54.133 18997 RALLYDEBUG rally_openstack.cleanup.manager [-] Deleting neutron.port object s_rally_910db6a4_E5cDSHWU (eb355ae3-c118-48c6-a245-3aeaf68875e4)
2019-07-14 20:36:54.327 18997 RALLYDEBUG rally_openstack.cleanup.manager [-] Deleting neutron.port object s_rally_910db6a4_lkyA9tz3 (ec607ed0-c18b-4453-b31f-455b597219a1)
2019-07-14 20:36:54.496 18997 RALLYDEBUG rally_openstack.cleanup.manager [-] Deleting neutron.port object s_rally_910db6a4_eARan1Uk (ec864f5b-2bc0-4006-87f7-d8eb7c4b8413)
2019-07-14 20:36:54.568 18997 RALLYDEBUG rally_openstack.cleanup.manager [-] Deleting neutron.port object s_rally_910db6a4_FnX2Qsgc (ed65a0d7-32a1-4221-8b49-0b3a6483757e)
2019-07-14 20:36:54.662 18997 RALLYDEBUG rally_openstack.cleanup.manager [-] Deleting neutron.port object s_rally_910db6a4_iZY7vEkB (ed66a941-27d3-4812-8f54-6659e95911f1)
2019-07-14 20:36:55.053 18997 RALLYDEBUG rally_openstack.cleanup.manager [-] Deleting neutron.port object s_rally_910db6a4_wT5ycqnw (f17b44c1-f317-45d6-9718-1128c4bc4826)
2019-07-14 20:36:55.155 18997 RALLYDEBUG rally_openstack.cleanup.manager [-] Deleting neutron.port object s_rally_910db6a4_FCLHgdWd (f2163fbb-912f-4fae-b8cb-dafc1aed8401)
2019-07-14 20:36:55.240 18997 RALLYDEBUG rally_openstack.cleanup.manager [-] Deleting neutron.port object s_rally_910db6a4_LVbqeM7M (f259c9f0-5c8c-4885-8921-e45eec144094)
2019-07-14 20:36:55.374 18997 RALLYDEBUG rally_openstack.cleanup.manager [-] Deleting neutron.port object s_rally_910db6a4_hsWat5yU (f2837e9d-7f93-4e50-b092-11ea62cea792)
2019-07-14 20:36:55.502 18997 RALLYDEBUG rally_openstack.cleanup.manager [-] Deleting neutron.port object s_rally_910db6a4_1iJcwrXe (f50b740f-fa00-4d92-b71d-b4e3947fed4a)
2019-07-14 20:36:55.546 18997 RALLYDEBUG rally_openstack.cleanup.manager [-] Deleting neutron.port object s_rally_910db6a4_7whHypI5 (f51c626e-cf6b-43c5-843f-61614d5af14d)
2019-07-14 20:36:55.567 18997 RALLYDEBUG rally_openstack.cleanup.manager [-] Deleting neutron.port object s_rally_910db6a4_K59uXdf0 (f5f9956d-da38-4e54-a12f-40e417a91eca)
2019-07-14 20:36:55.936 18997 RALLYDEBUG rally_openstack.cleanup.manager [-] Deleting neutron.port object s_rally_910db6a4_LmA3sNa1 (f6dea8c9-0767-4995-9ee0-43b8c87f144a)
2019-07-14 20:36:56.012 18997 RALLYDEBUG rally_openstack.cleanup.manager [-] Deleting neutron.port object s_rally_910db6a4_KFSV5YPo (f9b7be26-6814-4940-bb98-70af0b222746)
2019-07-14 20:36:56.149 18997 RALLYDEBUG rally_openstack.cleanup.manager [-] Deleting neutron.port object s_rally_910db6a4_sM18qSUa (fb136b8c-a3a8-4221-ab82-c93fbafbfa5f)
2019-07-14 20:36:56.443 18997 RALLYDEBUG rally_openstack.cleanup.manager [-] Deleting neutron.port object s_rally_910db6a4_21ubt3w5 (fb16924f-e32e-40a0-aead-5f8a0871b849)
2019-07-14 20:36:56.472 18997 RALLYDEBUG rally_openstack.cleanup.manager [-] Deleting neutron.port object s_rally_910db6a4_UmeEmohG (fbc4ca49-a113-4b90-b222-5a3b070846b6)
2019-07-14 20:36:56.612 18997 RALLYDEBUG rally_openstack.cleanup.manager [-] Deleting neutron.port object s_rally_910db6a4_AW3zd7ro (fc28e099-1776-4dc6-9f32-68304e7b52ac)
2019-07-14 20:36:56.694 18997 RALLYDEBUG rally_openstack.cleanup.manager [-] Deleting neutron.port object s_rally_910db6a4_lFPwMCeS (fd1e9389-bb16-4ce9-afa8-1fb6e42c3954)
2019-07-14 20:36:56.981 18997 RALLYDEBUG rally_openstack.cleanup.manager [-] Deleting neutron.port object s_rally_910db6a4_VonOvmvd (ff58e6fa-c3b4-4d21-a48e-efac250494b9)
2019-07-14 20:36:59.317 18997 RALLYDEBUG rally_openstack.cleanup.manager [-] Cleaning up neutron subnet objects
2019-07-14 20:36:59.988 18997 RALLYDEBUG rally_openstack.cleanup.manager [-] Cleaning up neutron network objects
2019-07-14 20:37:00.788 18997 RALLYDEBUG rally_openstack.cleanup.manager [-] Deleting neutron.network object s_rally_910db6a4_072y5XGi (1df36cef-24eb-4d0f-838b-4124fe5473fd)
2019-07-14 20:37:00.793 18997 RALLYDEBUG rally_openstack.cleanup.manager [-] Deleting neutron.network object s_rally_910db6a4_IeuutEyj (25457a65-2a16-4811-89a4-ea52a2d68b91)
2019-07-14 20:37:00.805 18997 RALLYDEBUG rally_openstack.cleanup.manager [-] Deleting neutron.network object s_rally_910db6a4_Rhj9wIzS (26786df2-10b4-4cae-aa53-8a6bb4fba501)
2019-07-14 20:37:00.808 18997 RALLYDEBUG rally_openstack.cleanup.manager [-] Deleting neutron.network object s_rally_910db6a4_fik5jLw3 (26643733-adc7-4d89-93ff-4c063a037b69)
2019-07-14 20:37:00.818 18997 RALLYDEBUG rally_openstack.cleanup.manager [-] Deleting neutron.network object s_rally_910db6a4_TrrTc6Dy (2a137c2b-d8db-47ef-ae36-2c7dfc81f4ab)
2019-07-14 20:37:00.826 18997 RALLYDEBUG rally_openstack.cleanup.manager [-] Deleting neutron.network object s_rally_910db6a4_0McJPCzm (31ec40e5-cf63-4faa-9bad-6729984afed7)
2019-07-14 20:37:00.836 18997 RALLYDEBUG rally_openstack.cleanup.manager [-] Deleting neutron.network object s_rally_910db6a4_TKK6hnFn (3da1c10b-9d42-4da9-8ea5-dc0eb5d39ebf)
2019-07-14 20:37:00.859 18997 RALLYDEBUG rally_openstack.cleanup.manager [-] Deleting neutron.network object s_rally_910db6a4_MaOOHtpG (3e063666-f6b4-400a-a4be-bae8f987d6ee)
2019-07-14 20:37:00.867 18997 RALLYDEBUG rally_openstack.cleanup.manager [-] Deleting neutron.network object s_rally_910db6a4_ARq0hXWR (41cc55a3-f6ad-461b-b89f-8d3c520c0017)
2019-07-14 20:37:00.899 18997 RALLYDEBUG rally_openstack.cleanup.manager [-] Deleting neutron.network object s_rally_910db6a4_sNuLTfeW (4d3a6ac5-1fbe-4359-9341-b8e2eee002a6)
2019-07-14 20:37:00.901 18997 RALLYDEBUG rally_openstack.cleanup.manager [-] Deleting neutron.network object s_rally_910db6a4_u67LLPbg (4ba30dbc-9915-4f2d-a47f-abea4838a01a)
2019-07-14 20:37:00.905 18997 RALLYDEBUG rally_openstack.cleanup.manager [-] Deleting neutron.network object s_rally_910db6a4_TK5M4OA8 (682a2b14-432a-4466-8679-125fe45eda10)
2019-07-14 20:37:00.908 18997 RALLYDEBUG rally_openstack.cleanup.manager [-] Deleting neutron.network object s_rally_910db6a4_h7IfZ4dA (547c5e2d-ce2b-4404-b182-4b85c76fd8b1)
2019-07-14 20:37:00.913 18997 RALLYDEBUG rally_openstack.cleanup.manager [-] Deleting neutron.network object s_rally_910db6a4_13b0xsUC (6b4fa8d8-d4c6-4073-b0b7-8c167e3bde34)
2019-07-14 20:37:00.918 18997 RALLYDEBUG rally_openstack.cleanup.manager [-] Deleting neutron.network object s_rally_910db6a4_ji66ZcNj (6cb80387-f035-47d2-a5ab-2d136897478e)
2019-07-14 20:37:00.951 18997 RALLYDEBUG rally_openstack.cleanup.manager [-] Deleting neutron.network object s_rally_910db6a4_wFjCdy0I (75762ec5-a01f-4deb-900a-c9cd3caebc57)
2019-07-14 20:37:00.962 18997 RALLYDEBUG rally_openstack.cleanup.manager [-] Deleting neutron.network object s_rally_910db6a4_6mo6BhcK (7ae88544-7cc9-4499-b084-0a10d750c37f)
2019-07-14 20:37:00.968 18997 RALLYDEBUG rally_openstack.cleanup.manager [-] Deleting neutron.network object s_rally_910db6a4_wwQ1xVtB (8505e22a-504d-478e-b6a7-c66504fbd3b5)
2019-07-14 20:37:00.974 18997 RALLYDEBUG rally_openstack.cleanup.manager [-] Deleting neutron.network object s_rally_910db6a4_Gupf81MI (88a3660c-6c60-4786-a485-1f3d05e8ce3f)
2019-07-14 20:37:00.989 18997 RALLYDEBUG rally_openstack.cleanup.manager [-] Deleting neutron.network object s_rally_910db6a4_sOFcxwfc (97687117-bc1e-474f-abe9-6b50d1774fc3)
2019-07-14 20:37:04.363 18997 RALLYDEBUG rally_openstack.cleanup.manager [-] Deleting neutron.network object s_rally_910db6a4_u6KOcENe (9b45fe88-7b06-4cd7-9e91-6b99a5725597)
2019-07-14 20:37:04.384 18997 RALLYDEBUG rally_openstack.cleanup.manager [-] Deleting neutron.network object s_rally_910db6a4_J4vuP0hv (9b4a5d35-2cd7-44f7-bc03-6e4563486bd8)
2019-07-14 20:37:04.488 18997 RALLYDEBUG rally_openstack.cleanup.manager [-] Deleting neutron.network object s_rally_910db6a4_Suh0Ylw2 (9b7d5893-96eb-4efc-a919-8cd13c211dcb)
2019-07-14 20:37:04.523 18997 RALLYDEBUG rally_openstack.cleanup.manager [-] Deleting neutron.network object s_rally_910db6a4_Pj7ou4qT (9feb5b74-a8cc-44d5-b61b-bcc0a79bd412)
2019-07-14 20:37:04.647 18997 RALLYDEBUG rally_openstack.cleanup.manager [-] Deleting neutron.network object s_rally_910db6a4_qww7kg9V (a5db4f65-22aa-4724-b18a-f75376acb699)
2019-07-14 20:37:04.768 18997 RALLYDEBUG rally_openstack.cleanup.manager [-] Deleting neutron.network object s_rally_910db6a4_bfEDSKrg (a64532ce-3af4-4dc0-a6f9-1445dd3cc8fe)
2019-07-14 20:37:04.799 18997 RALLYDEBUG rally_openstack.cleanup.manager [-] Deleting neutron.network object s_rally_910db6a4_NIrqFsJW (adc2a3a5-3833-4ad9-a730-56811d48b39a)
2019-07-14 20:37:04.818 18997 RALLYDEBUG rally_openstack.cleanup.manager [-] Deleting neutron.network object s_rally_910db6a4_XTrTkpoW (af34a5db-a6f0-4d7a-afb3-0bda75b89d6e)
2019-07-14 20:37:05.648 18997 RALLYDEBUG rally_openstack.cleanup.manager [-] Deleting neutron.network object s_rally_910db6a4_KygalWds (b44e2756-e1ea-4c5a-949f-0f4174b6007e)
2019-07-14 20:37:05.649 18997 RALLYDEBUG rally_openstack.cleanup.manager [-] Deleting neutron.network object s_rally_910db6a4_SNeZP38M (b4c82ffb-dea1-47b8-a41c-9fc89fa6ca5a)
2019-07-14 20:37:05.708 18997 RALLYDEBUG rally_openstack.cleanup.manager [-] Deleting neutron.network object s_rally_910db6a4_j9btMLEU (cba430d4-c69a-4fde-9a08-89a9f864ed48)
2019-07-14 20:37:05.750 18997 RALLYDEBUG rally_openstack.cleanup.manager [-] Deleting neutron.network object s_rally_910db6a4_HIoCvjTE (ccd5aaf0-d9cc-4fcb-8ba4-a152ca193b96)
2019-07-14 20:37:07.235 18997 RALLYDEBUG rally_openstack.cleanup.manager [-] Deleting neutron.network object s_rally_910db6a4_64jPyFsB (cdda7551-d505-45dc-8852-c02c1bea5cf6)
2019-07-14 20:37:07.282 18997 RALLYDEBUG rally_openstack.cleanup.manager [-] Deleting neutron.network object s_rally_910db6a4_ZRw2B0CL (d613e198-fe1b-42e5-925f-441e2b652d6b)
2019-07-14 20:37:07.311 18997 RALLYDEBUG rally_openstack.cleanup.manager [-] Deleting neutron.network object s_rally_910db6a4_vvepJ7Mv (d8d1ed2f-8a43-45a2-8a99-252b1ec8f871)
2019-07-14 20:37:07.845 18997 RALLYDEBUG rally_openstack.cleanup.manager [-] Deleting neutron.network object s_rally_910db6a4_Z6j2cO86 (dc7f46a6-3e12-41bd-87b1-b730376eb300)
2019-07-14 20:37:08.011 18997 RALLYDEBUG rally_openstack.cleanup.manager [-] Deleting neutron.network object s_rally_910db6a4_Z5C4rqso (e4c5e3aa-fe2b-444b-85fc-90d262148db5)
2019-07-14 20:37:08.089 18997 RALLYDEBUG rally_openstack.cleanup.manager [-] Deleting neutron.network object s_rally_910db6a4_LZXDAI0a (e8f498a0-9dff-4779-9961-36dd80d6d61f)
2019-07-14 20:37:08.109 18997 RALLYDEBUG rally_openstack.cleanup.manager [-] Deleting neutron.network object s_rally_910db6a4_Bh6XNReO (f518c2ff-b98c-40e6-91c1-4f1d72bdfcaf)
2019-07-14 20:37:08.246 18997 RALLYDEBUG rally_openstack.cleanup.manager [-] Deleting neutron.network object s_rally_910db6a4_gH2CcQk7 (fd91508e-4bd6-4cf4-b44d-0343dbeee294)
2019-07-14 20:37:11.984 18997 RALLYDEBUG rally_openstack.cleanup.manager [-] Cleaning up neutron router objects
2019-07-14 20:37:12.686 18997 RALLYDEBUG rally_openstack.cleanup.manager [-] Cleaning up neutron security_group objects
2019-07-14 20:37:13.682 18997 INFO rally.task.context [-] Task c4d8460c-929c-4d3f-bf0b-f5c4b9596ce4 | Context cleanup@openstack cleanup() finished in 47.56 sec
2019-07-14 20:37:13.682 18997 INFO rally.task.context [-] Task c4d8460c-929c-4d3f-bf0b-f5c4b9596ce4 | Context quotas@openstack cleanup() started
2019-07-14 20:37:13.919 18997 INFO rally.task.context [-] Task c4d8460c-929c-4d3f-bf0b-f5c4b9596ce4 | Context quotas@openstack cleanup() finished in 0.24 sec
2019-07-14 20:37:13.919 18997 INFO rally.task.context [-] Task c4d8460c-929c-4d3f-bf0b-f5c4b9596ce4 | Context users@openstack cleanup() started
2019-07-14 20:37:19.221 18997 INFO rally.task.context [-] Task c4d8460c-929c-4d3f-bf0b-f5c4b9596ce4 | Context users@openstack cleanup() finished in 5.30 sec
2019-07-14 20:37:20.520 18997 INFO rally.task.engine [-] Load duration is: 38.586631
2019-07-14 20:37:20.521 18997 INFO rally.task.engine [-] Full runner duration is: 38.639548
2019-07-14 20:37:20.521 18997 INFO rally.task.engine [-] Full duration is: 97.259883
2019-07-14 20:37:20.730 18997 INFO rally.task.engine [-] Running workload: position = 2 config = { "version": 2, "title": "A cropped version of a bigger task.", "description": "Auto-generated task from a single workload (uuid=3571fae7-00f1-483a-b6eb-9ca3782255ac)", "subtasks": [ { "title": "NeutronNetworks.create_and_delete_ports", "description": "Create and delete a port.", "scenario": { "NeutronNetworks.create_and_delete_ports": { "network_create_args": {}, "port_create_args": {}, "ports_per_network": 5 } }, "contexts": { "users": { "tenants": 1, "users_per_tenant": 1 }, "quotas": { "neutron": { "network": -1, "port": -1 } } }, "runner": { "constant": { "times": 40, "concurrency": 20 } }, "hooks": [], "sla": { "failure_rate": { "max": 0 } } } ] }
2019-07-14 20:37:20.750 18997 RALLYDEBUG rally_openstack.contexts.keystone.users [-] Creating 1 tenants using 20 threads
2019-07-14 20:37:22.659 18997 RALLYDEBUG rally_openstack.contexts.keystone.users [-] Creating 1 users using 20 threads
2019-07-14 20:37:25.495 18997 INFO rally.task.context [-] Task c4d8460c-929c-4d3f-bf0b-f5c4b9596ce4 | Context users@openstack setup() finished in 4.75 sec
2019-07-14 20:37:26.299 18997 INFO rally.task.context [-] Task c4d8460c-929c-4d3f-bf0b-f5c4b9596ce4 | Context quotas@openstack setup() finished in 0.80 sec
2019-07-14 20:37:26.299 18997 INFO rally.task.context [-] Task c4d8460c-929c-4d3f-bf0b-f5c4b9596ce4 | Context cleanup@openstack setup() finished in 0.00 msec
2019-07-14 20:37:26.307 18997 RALLYDEBUG rally.task.runner [-] Starting the constant runner (task UUID: c4d8460c-929c-4d3f-bf0b-f5c4b9596ce4). timeout: 0 concurrency: 20 concurrency_per_worker: 1 times: 40 concurrency_overhead: 4 processes_to_start: 16 max_cpu_used: 16
2019-07-14 20:37:26.320 23243 RALLYDEBUG rally.task.runner [-] Starting a worker. concurrency: 2 args: {"network_create_args": {}, "port_create_args": {}, "ports_per_network": 5} times: 40 method_name: run timeout: 0 duration: None cls:
2019-07-14 20:37:26.322 23244 RALLYDEBUG rally.task.runner [-] Starting a worker. concurrency: 2 args: {"network_create_args": {}, "port_create_args": {}, "ports_per_network": 5} times: 40 method_name: run timeout: 0 duration: None cls:
2019-07-14 20:37:26.325 23245 RALLYDEBUG rally.task.runner [-] Starting a worker. concurrency: 2 args: {"network_create_args": {}, "port_create_args": {}, "ports_per_network": 5} times: 40 method_name: run timeout: 0 duration: None cls:
2019-07-14 20:37:26.327 23243 INFO rally.task.runner [-] Task c4d8460c-929c-4d3f-bf0b-f5c4b9596ce4 | ITER: 1 START
2019-07-14 20:37:26.328 23246 RALLYDEBUG rally.task.runner [-] Starting a worker. concurrency: 2 args: {"network_create_args": {}, "port_create_args": {}, "ports_per_network": 5} times: 40 method_name: run timeout: 0 duration: None cls:
2019-07-14 20:37:26.329 23243 WARNING rally_openstack.scenarios.neutron.utils [-] Running this scenario without either the 'network' or 'existing_network' context is deprecated
2019-07-14 20:37:26.332 23244 INFO rally.task.runner [-] Task c4d8460c-929c-4d3f-bf0b-f5c4b9596ce4 | ITER: 2 START
2019-07-14 20:37:26.332 23247 RALLYDEBUG rally.task.runner [-] Starting a worker. concurrency: 1 args: {"network_create_args": {}, "port_create_args": {}, "ports_per_network": 5} times: 40 method_name: run timeout: 0 duration: None cls:
2019-07-14 20:37:26.332 23245 INFO rally.task.runner [-] Task c4d8460c-929c-4d3f-bf0b-f5c4b9596ce4 | ITER: 4 START
2019-07-14 20:37:26.333 23244 WARNING rally_openstack.scenarios.neutron.utils [-] Running this scenario without either the 'network' or 'existing_network' context is deprecated
2019-07-14 20:37:26.335 23245 WARNING rally_openstack.scenarios.neutron.utils [-] Running this scenario without either the 'network' or 'existing_network' context is deprecated
2019-07-14 20:37:26.336 23251 RALLYDEBUG rally.task.runner [-] Starting a worker. concurrency: 1 args: {"network_create_args": {}, "port_create_args": {}, "ports_per_network": 5} times: 40 method_name: run timeout: 0 duration: None cls:
2019-07-14 20:37:26.337 23246 INFO rally.task.runner [-] Task c4d8460c-929c-4d3f-bf0b-f5c4b9596ce4 | ITER: 6 START
2019-07-14 20:37:26.339 23246 WARNING rally_openstack.scenarios.neutron.utils [-] Running this scenario without either the 'network' or 'existing_network' context is deprecated
2019-07-14 20:37:26.340 23247 INFO rally.task.runner [-] Task c4d8460c-929c-4d3f-bf0b-f5c4b9596ce4 | ITER: 9 START
2019-07-14 20:37:26.341 23243 INFO rally.task.runner [-] Task c4d8460c-929c-4d3f-bf0b-f5c4b9596ce4 | ITER: 3 START
2019-07-14 20:37:26.342 23243 WARNING rally_openstack.scenarios.neutron.utils [-] Running this scenario without either the 'network' or 'existing_network' context is deprecated
2019-07-14 20:37:26.339 23244 INFO rally.task.runner [-] Task c4d8460c-929c-4d3f-bf0b-f5c4b9596ce4 | ITER: 5 START
2019-07-14 20:37:26.342 23247 WARNING rally_openstack.scenarios.neutron.utils [-] Running this scenario without either the 'network' or 'existing_network' context is deprecated
2019-07-14 20:37:26.341 23258 RALLYDEBUG rally.task.runner [-] Starting a worker. concurrency: 1 args: {"network_create_args": {}, "port_create_args": {}, "ports_per_network": 5} times: 40 method_name: run timeout: 0 duration: None cls:
2019-07-14 20:37:26.343 23251 INFO rally.task.runner [-] Task c4d8460c-929c-4d3f-bf0b-f5c4b9596ce4 | ITER: 10 START
2019-07-14 20:37:26.345 23251 WARNING rally_openstack.scenarios.neutron.utils [-] Running this scenario without either the 'network' or 'existing_network' context is deprecated
2019-07-14 20:37:26.343 23244 WARNING rally_openstack.scenarios.neutron.utils [-] Running this scenario without either the 'network' or 'existing_network' context is deprecated
2019-07-14 20:37:26.340 23246 INFO rally.task.runner [-] Task c4d8460c-929c-4d3f-bf0b-f5c4b9596ce4 | ITER: 8 START
2019-07-14 20:37:26.350 23246 WARNING rally_openstack.scenarios.neutron.utils [-] Running this scenario without either the 'network' or 'existing_network' context is deprecated
2019-07-14 20:37:26.350 23266 RALLYDEBUG rally.task.runner [-] Starting a worker. concurrency: 1 args: {"network_create_args": {}, "port_create_args": {}, "ports_per_network": 5} times: 40 method_name: run timeout: 0 duration: None cls:
2019-07-14 20:37:26.351 23258 INFO rally.task.runner [-] Task c4d8460c-929c-4d3f-bf0b-f5c4b9596ce4 | ITER: 11 START
2019-07-14 20:37:26.350 23263 RALLYDEBUG rally.task.runner [-] Starting a worker. concurrency: 1 args: {"network_create_args": {}, "port_create_args": {}, "ports_per_network": 5} times: 40 method_name: run timeout: 0 duration: None cls:
2019-07-14 20:37:26.353 23258 WARNING rally_openstack.scenarios.neutron.utils [-] Running this scenario without either the 'network' or 'existing_network' context is deprecated
2019-07-14 20:37:26.353 23245 INFO rally.task.runner [-] Task c4d8460c-929c-4d3f-bf0b-f5c4b9596ce4 | ITER: 7 START
2019-07-14 20:37:26.354 23245 WARNING rally_openstack.scenarios.neutron.utils [-] Running this scenario without either the 'network' or 'existing_network' context is deprecated
2019-07-14 20:37:26.357 23266 INFO rally.task.runner [-] Task c4d8460c-929c-4d3f-bf0b-f5c4b9596ce4 | ITER: 12 START
2019-07-14 20:37:26.356 23268 RALLYDEBUG rally.task.runner [-] Starting a worker. concurrency: 1 args: {"network_create_args": {}, "port_create_args": {}, "ports_per_network": 5} times: 40 method_name: run timeout: 0 duration: None cls:
2019-07-14 20:37:26.359 23266 WARNING rally_openstack.scenarios.neutron.utils [-] Running this scenario without either the 'network' or 'existing_network' context is deprecated
2019-07-14 20:37:26.359 23263 INFO rally.task.runner [-] Task c4d8460c-929c-4d3f-bf0b-f5c4b9596ce4 | ITER: 13 START
2019-07-14 20:37:26.361 23263 WARNING rally_openstack.scenarios.neutron.utils [-] Running this scenario without either the 'network' or 'existing_network' context is deprecated
2019-07-14 20:37:26.362 23268 INFO rally.task.runner [-] Task c4d8460c-929c-4d3f-bf0b-f5c4b9596ce4 | ITER: 14 START
2019-07-14 20:37:26.362 23271 RALLYDEBUG rally.task.runner [-] Starting a worker. concurrency: 1 args: {"network_create_args": {}, "port_create_args": {}, "ports_per_network": 5} times: 40 method_name: run timeout: 0 duration: None cls:
2019-07-14 20:37:26.363 23268 WARNING rally_openstack.scenarios.neutron.utils [-] Running this scenario without either the 'network' or 'existing_network' context is deprecated
2019-07-14 20:37:26.372 23278 RALLYDEBUG rally.task.runner [-] Starting a worker. concurrency: 1 args: {"network_create_args": {}, "port_create_args": {}, "ports_per_network": 5} times: 40 method_name: run timeout: 0 duration: None cls:
2019-07-14 20:37:26.374 23271 INFO rally.task.runner [-] Task c4d8460c-929c-4d3f-bf0b-f5c4b9596ce4 | ITER: 15 START
2019-07-14 20:37:26.375 23271 WARNING rally_openstack.scenarios.neutron.utils [-] Running this scenario without either the 'network' or 'existing_network' context is deprecated
2019-07-14 20:37:26.377 23278 INFO rally.task.runner [-] Task c4d8460c-929c-4d3f-bf0b-f5c4b9596ce4 | ITER: 16 START
2019-07-14 20:37:26.379 23278 WARNING rally_openstack.scenarios.neutron.utils [-] Running this scenario without either the 'network' or 'existing_network' context is deprecated
2019-07-14 20:37:26.380 23281 RALLYDEBUG rally.task.runner [-] Starting a worker. concurrency: 1 args: {"network_create_args": {}, "port_create_args": {}, "ports_per_network": 5} times: 40 method_name: run timeout: 0 duration: None cls:
2019-07-14 20:37:26.385 23281 INFO rally.task.runner [-] Task c4d8460c-929c-4d3f-bf0b-f5c4b9596ce4 | ITER: 17 START
2019-07-14 20:37:26.386 23281 WARNING rally_openstack.scenarios.neutron.utils [-] Running this scenario without either the 'network' or 'existing_network' context is deprecated
2019-07-14 20:37:26.388 23284 RALLYDEBUG rally.task.runner [-] Starting a worker. concurrency: 1 args: {"network_create_args": {}, "port_create_args": {}, "ports_per_network": 5} times: 40 method_name: run timeout: 0 duration: None cls:
2019-07-14 20:37:26.391 23287 RALLYDEBUG rally.task.runner [-] Starting a worker. concurrency: 1 args: {"network_create_args": {}, "port_create_args": {}, "ports_per_network": 5} times: 40 method_name: run timeout: 0 duration: None cls:
2019-07-14 20:37:26.394 23284 INFO rally.task.runner [-] Task c4d8460c-929c-4d3f-bf0b-f5c4b9596ce4 | ITER: 18 START
2019-07-14 20:37:26.395 23284 WARNING rally_openstack.scenarios.neutron.utils [-] Running this scenario without either the 'network' or 'existing_network' context is deprecated
2019-07-14 20:37:26.396 23287 INFO rally.task.runner [-] Task c4d8460c-929c-4d3f-bf0b-f5c4b9596ce4 | ITER: 19 START
2019-07-14 20:37:26.396 23288 RALLYDEBUG rally.task.runner [-] Starting a worker. concurrency: 1 args: {"network_create_args": {}, "port_create_args": {}, "ports_per_network": 5} times: 40 method_name: run timeout: 0 duration: None cls:
2019-07-14 20:37:26.397 23287 WARNING rally_openstack.scenarios.neutron.utils [-] Running this scenario without either the 'network' or 'existing_network' context is deprecated
2019-07-14 20:37:26.400 23288 INFO rally.task.runner [-] Task c4d8460c-929c-4d3f-bf0b-f5c4b9596ce4 | ITER: 20 START
2019-07-14 20:37:26.402 23288 WARNING rally_openstack.scenarios.neutron.utils [-] Running this scenario without either the 'network' or 'existing_network' context is deprecated
2019-07-14 20:37:41.480 23247 INFO rally.task.runner [-] Task c4d8460c-929c-4d3f-bf0b-f5c4b9596ce4 | ITER: 9 END: OK
2019-07-14 20:37:41.484 23247 INFO rally.task.runner [-] Task c4d8460c-929c-4d3f-bf0b-f5c4b9596ce4 | ITER: 21 START
2019-07-14 20:37:41.485 23247 WARNING rally_openstack.scenarios.neutron.utils [-] Running this scenario without either the 'network' or 'existing_network' context is deprecated
2019-07-14 20:37:42.816 23246 INFO rally.task.runner [-] Task c4d8460c-929c-4d3f-bf0b-f5c4b9596ce4 | ITER: 6 END: OK
2019-07-14 20:37:42.821 23246 INFO rally.task.runner [-] Task c4d8460c-929c-4d3f-bf0b-f5c4b9596ce4 | ITER: 22 START
2019-07-14 20:37:42.821 23246 WARNING rally_openstack.scenarios.neutron.utils [-] Running this scenario without either the 'network' or 'existing_network' context is deprecated
2019-07-14 20:37:43.093 23258 INFO rally.task.runner [-] Task c4d8460c-929c-4d3f-bf0b-f5c4b9596ce4 | ITER: 11 END: OK
2019-07-14 20:37:43.098 23258 INFO rally.task.runner [-] Task c4d8460c-929c-4d3f-bf0b-f5c4b9596ce4 | ITER: 23 START
2019-07-14 20:37:43.098 23258 WARNING rally_openstack.scenarios.neutron.utils [-] Running this scenario without either the 'network' or 'existing_network' context is deprecated
2019-07-14 20:37:43.333 23245 INFO rally.task.runner [-] Task c4d8460c-929c-4d3f-bf0b-f5c4b9596ce4 | ITER: 7 END: OK
2019-07-14 20:37:43.338 23245 INFO rally.task.runner [-] Task c4d8460c-929c-4d3f-bf0b-f5c4b9596ce4 | ITER: 24 START
2019-07-14 20:37:43.339 23245 WARNING rally_openstack.scenarios.neutron.utils [-] Running this scenario without either the 'network' or 'existing_network' context is deprecated
2019-07-14 20:37:43.616 23263 INFO rally.task.runner [-] Task c4d8460c-929c-4d3f-bf0b-f5c4b9596ce4 | ITER: 13 END: OK
2019-07-14 20:37:43.620 23263 INFO rally.task.runner [-] Task c4d8460c-929c-4d3f-bf0b-f5c4b9596ce4 | ITER: 25 START
2019-07-14 20:37:43.621 23263 WARNING rally_openstack.scenarios.neutron.utils [-] Running this scenario without either the 'network' or 'existing_network' context is deprecated
2019-07-14 20:37:43.777 23266 INFO rally.task.runner [-] Task c4d8460c-929c-4d3f-bf0b-f5c4b9596ce4 | ITER: 12 END: OK
2019-07-14 20:37:43.781 23266 INFO rally.task.runner [-] Task c4d8460c-929c-4d3f-bf0b-f5c4b9596ce4 | ITER: 26 START
2019-07-14 20:37:43.782 23266 WARNING rally_openstack.scenarios.neutron.utils [-] Running this scenario without either the 'network' or 'existing_network' context is deprecated
2019-07-14 20:37:43.798 23243 INFO rally.task.runner [-] Task c4d8460c-929c-4d3f-bf0b-f5c4b9596ce4 | ITER: 1 END: OK
2019-07-14 20:37:43.802 23243 INFO rally.task.runner [-] Task c4d8460c-929c-4d3f-bf0b-f5c4b9596ce4 | ITER: 27 START
2019-07-14 20:37:43.802 23243 WARNING rally_openstack.scenarios.neutron.utils [-] Running this scenario without either the 'network' or 'existing_network' context is deprecated
2019-07-14 20:37:44.246 23243 INFO rally.task.runner [-] Task c4d8460c-929c-4d3f-bf0b-f5c4b9596ce4 | ITER: 3 END: OK
2019-07-14 20:37:44.250 23243 INFO rally.task.runner [-] Task c4d8460c-929c-4d3f-bf0b-f5c4b9596ce4 | ITER: 28 START
2019-07-14 20:37:44.251 23243 WARNING rally_openstack.scenarios.neutron.utils [-] Running this scenario without either the 'network' or 'existing_network' context is deprecated
2019-07-14 20:37:45.517 23284 INFO rally.task.runner [-] Task c4d8460c-929c-4d3f-bf0b-f5c4b9596ce4 | ITER: 18 END: OK
2019-07-14 20:37:45.522 23284 INFO rally.task.runner [-] Task c4d8460c-929c-4d3f-bf0b-f5c4b9596ce4 | ITER: 29 START
2019-07-14 20:37:45.523 23284 WARNING rally_openstack.scenarios.neutron.utils [-] Running this scenario without either the 'network' or 'existing_network' context is deprecated
2019-07-14 20:37:46.059 23287 INFO rally.task.runner [-] Task c4d8460c-929c-4d3f-bf0b-f5c4b9596ce4 | ITER: 19 END: OK
2019-07-14 20:37:46.063 23287 INFO rally.task.runner [-] Task c4d8460c-929c-4d3f-bf0b-f5c4b9596ce4 | ITER: 30 START
2019-07-14 20:37:46.064 23287 WARNING rally_openstack.scenarios.neutron.utils [-] Running this scenario without either the 'network' or 'existing_network' context is deprecated
2019-07-14 20:37:46.337 23251 INFO rally.task.runner [-] Task c4d8460c-929c-4d3f-bf0b-f5c4b9596ce4 | ITER: 10 END: OK
2019-07-14 20:37:46.341 23251 INFO rally.task.runner [-] Task c4d8460c-929c-4d3f-bf0b-f5c4b9596ce4 | ITER: 31 START
2019-07-14 20:37:46.342 23251 WARNING rally_openstack.scenarios.neutron.utils [-] Running this scenario without either the 'network' or 'existing_network' context is deprecated
2019-07-14 20:37:46.542 23245 INFO rally.task.runner [-] Task c4d8460c-929c-4d3f-bf0b-f5c4b9596ce4 | ITER: 4 END: OK
2019-07-14 20:37:46.545 23245 INFO rally.task.runner [-] Task c4d8460c-929c-4d3f-bf0b-f5c4b9596ce4 | ITER: 32 START
2019-07-14 20:37:46.546 23245 WARNING rally_openstack.scenarios.neutron.utils [-] Running this scenario without either the 'network' or 'existing_network' context is deprecated
2019-07-14 20:37:46.726 23244 INFO rally.task.runner [-] Task c4d8460c-929c-4d3f-bf0b-f5c4b9596ce4 | ITER: 5 END: OK
2019-07-14 20:37:46.730 23244 INFO rally.task.runner [-] Task c4d8460c-929c-4d3f-bf0b-f5c4b9596ce4 | ITER: 33 START
2019-07-14 20:37:46.731 23244 WARNING rally_openstack.scenarios.neutron.utils [-] Running this scenario without either the 'network' or 'existing_network' context is deprecated
2019-07-14 20:37:46.765 23281 INFO rally.task.runner [-] Task c4d8460c-929c-4d3f-bf0b-f5c4b9596ce4 | ITER: 17 END: OK
2019-07-14 20:37:46.769 23281 INFO rally.task.runner [-] Task c4d8460c-929c-4d3f-bf0b-f5c4b9596ce4 | ITER: 34 START
2019-07-14 20:37:46.769 23281 WARNING rally_openstack.scenarios.neutron.utils [-] Running this scenario without either the 'network' or 'existing_network' context is deprecated
2019-07-14 20:37:47.116 23271 INFO rally.task.runner [-] Task c4d8460c-929c-4d3f-bf0b-f5c4b9596ce4 | ITER: 15 END: OK
2019-07-14 20:37:47.120 23271 INFO rally.task.runner [-] Task c4d8460c-929c-4d3f-bf0b-f5c4b9596ce4 | ITER: 35 START
2019-07-14 20:37:47.121 23271 WARNING rally_openstack.scenarios.neutron.utils [-] Running this scenario without either the 'network' or 'existing_network' context is deprecated
2019-07-14 20:37:47.974 23244 INFO rally.task.runner [-] Task c4d8460c-929c-4d3f-bf0b-f5c4b9596ce4 | ITER: 2 END: OK
2019-07-14 20:37:47.977 23244 INFO rally.task.runner [-] Task c4d8460c-929c-4d3f-bf0b-f5c4b9596ce4 | ITER: 36 START
2019-07-14 20:37:47.978 23244 WARNING rally_openstack.scenarios.neutron.utils [-] Running this scenario without either the 'network' or 'existing_network' context is deprecated
2019-07-14 20:37:48.032 23288 INFO rally.task.runner [-] Task c4d8460c-929c-4d3f-bf0b-f5c4b9596ce4 | ITER: 20 END: OK
2019-07-14 20:37:48.035 23288 INFO rally.task.runner [-] Task c4d8460c-929c-4d3f-bf0b-f5c4b9596ce4 | ITER: 37 START
2019-07-14 20:37:48.036 23288 WARNING rally_openstack.scenarios.neutron.utils [-] Running this scenario without either the 'network' or 'existing_network' context is deprecated
2019-07-14 20:37:48.410 23268 INFO rally.task.runner [-] Task c4d8460c-929c-4d3f-bf0b-f5c4b9596ce4 | ITER: 14 END: OK
2019-07-14 20:37:48.414 23268 INFO rally.task.runner [-] Task c4d8460c-929c-4d3f-bf0b-f5c4b9596ce4 | ITER: 38 START
2019-07-14 20:37:48.415 23268 WARNING rally_openstack.scenarios.neutron.utils [-] Running this scenario without either the 'network' or 'existing_network' context is deprecated
2019-07-14 20:37:48.873 23278 INFO rally.task.runner [-] Task c4d8460c-929c-4d3f-bf0b-f5c4b9596ce4 | ITER: 16 END: OK
2019-07-14 20:37:48.878 23278 INFO rally.task.runner [-] Task c4d8460c-929c-4d3f-bf0b-f5c4b9596ce4 | ITER: 39 START
