2019-07-14 18:32:19.384 7 RALLYDEBUG rally.api [-] INFO logs from urllib3 and requests module are hide.
2019-07-14 18:32:19.384 7 RALLYDEBUG rally.api [-] urllib3 insecure warnings are hidden.
2019-07-14 18:32:19.384 7 RALLYDEBUG rally.api [-] ERROR log from boto module is hide.
2019-07-14 18:32:20.577 7 ERROR rally.cli.cliutils [-] Unexpected exception in CLI: DBRecordNotFound: Record for uuid or name is opnfv-rally not found in table envs
2019-07-14 18:32:20.577 7 ERROR rally.cli.cliutils
Traceback (most recent call last):
2019-07-14 18:32:20.577 7 ERROR rally.cli.cliutils
File "/usr/lib/python2.7/site-packages/rally/cli/cliutils.py", line 674, in run
2019-07-14 18:32:20.577 7 ERROR rally.cli.cliutils ret = fn(*fn_args, **fn_kwargs)
2019-07-14 18:32:20.577 7 ERROR rally.cli.cliutils File "", line 2, in destroy
2019-07-14 18:32:20.577 7 ERROR rally.cli.cliutils
File "/usr/lib/python2.7/site-packages/rally/cli/envutils.py", line 69, in default_from_global
2019-07-14 18:32:20.577 7 ERROR rally.cli.cliutils return f(*args, **kwargs)
2019-07-14 18:32:20.577 7 ERROR rally.cli.cliutils File "", line 2, in destroy
2019-07-14 18:32:20.577 7 ERROR rally.cli.cliutils
File "/usr/lib/python2.7/site-packages/rally/plugins/__init__.py", line 51, in ensure_plugins_are_loaded
2019-07-14 18:32:20.577 7 ERROR rally.cli.cliutils return f(*args, **kwargs)
2019-07-14 18:32:20.577 7 ERROR rally.cli.cliutils
File "/usr/lib/python2.7/site-packages/rally/cli/commands/deployment.py", line 140, in destroy
2019-07-14 18:32:20.577 7 ERROR rally.cli.cliutils api.deployment.destroy(deployment=deployment)
2019-07-14 18:32:20.577 7 ERROR rally.cli.cliutils
File "/usr/lib/python2.7/site-packages/rally/api.py", line 115, in destroy
2019-07-14 18:32:20.577 7 ERROR rally.cli.cliutils deploy = objects.Deployment.get(deployment)
2019-07-14 18:32:20.577 7 ERROR rally.cli.cliutils
File "/usr/lib/python2.7/site-packages/rally/common/objects/deploy.py", line 124, in get
2019-07-14 18:32:20.577 7 ERROR rally.cli.cliutils return Deployment(env_mgr.EnvManager.get(deploy))
2019-07-14 18:32:20.577 7 ERROR rally.cli.cliutils
File "/usr/lib/python2.7/site-packages/rally/env/env_mgr.py", line 212, in get
2019-07-14 18:32:20.577 7 ERROR rally.cli.cliutils return cls(db.env_get(uuid_or_name))
2019-07-14 18:32:20.577 7 ERROR rally.cli.cliutils
File "/usr/lib/python2.7/site-packages/rally/common/db/api.py", line 135, in wrapper
2019-07-14 18:32:20.577 7 ERROR rally.cli.cliutils result = f(session, *args, **kwargs)
2019-07-14 18:32:20.577 7 ERROR rally.cli.cliutils
File "/usr/lib/python2.7/site-packages/rally/common/db/api.py", line 521, in env_get
2019-07-14 18:32:20.577 7 ERROR rally.cli.cliutils criteria="uuid or name is %s" % uuid_or_name, table="envs")
2019-07-14 18:32:20.577 7 ERROR rally.cli.cliutils DBRecordNotFound: Record for uuid or name is opnfv-rally not found in table envs
2019-07-14 18:32:20.577 7 ERROR rally.cli.cliutils
2019-07-14 18:32:21.327 9 RALLYDEBUG rally.api [-] INFO logs from urllib3 and requests module are hide.
2019-07-14 18:32:21.327 9 RALLYDEBUG rally.api [-] urllib3 insecure warnings are hidden.
2019-07-14 18:32:21.327 9 RALLYDEBUG rally.api [-] ERROR log from boto module is hide.
2019-07-14 18:32:22.604 9 WARNING rally_openstack.platforms.existing [-] endpoint is deprecated and not used.
2019-07-14 18:32:23.559 11 RALLYDEBUG rally.api [-] INFO logs from urllib3 and requests module are hide.
2019-07-14 18:32:23.559 11 RALLYDEBUG rally.api [-] urllib3 insecure warnings are hidden.
2019-07-14 18:32:23.559 11 RALLYDEBUG rally.api [-] ERROR log from boto module is hide.
2019-07-14 18:32:26.916 14 RALLYDEBUG rally.api [-] INFO logs from urllib3 and requests module are hide.
2019-07-14 18:32:26.916 14 RALLYDEBUG rally.api [-] urllib3 insecure warnings are hidden.
2019-07-14 18:32:26.916 14 RALLYDEBUG rally.api [-] ERROR log from boto module is hide.
2019-07-14 18:32:29.069 16 RALLYDEBUG rally.api [-] INFO logs from urllib3 and requests module are hide.
2019-07-14 18:32:29.069 16 RALLYDEBUG rally.api [-] urllib3 insecure warnings are hidden.
2019-07-14 18:32:29.069 16 RALLYDEBUG rally.api [-] ERROR log from boto module is hide.
2019-07-14 18:32:30.448 16 INFO rally.task.engine [-] Task 00d1642b-6ecd-4b46-ae25-c249dc3767a0 | Starting: Task validation.
2019-07-14 18:32:30.489 16 INFO rally.task.engine [-] Task 00d1642b-6ecd-4b46-ae25-c249dc3767a0 | Starting: Task validation of syntax.
2019-07-14 18:32:30.547 16 INFO rally.task.engine [-] Task 00d1642b-6ecd-4b46-ae25-c249dc3767a0 | Completed: Task validation of syntax.
2019-07-14 18:32:30.547 16 INFO rally.task.engine [-] Task 00d1642b-6ecd-4b46-ae25-c249dc3767a0 | Starting: Task validation of required platforms.
2019-07-14 18:32:30.577 16 INFO rally.task.engine [-] Task 00d1642b-6ecd-4b46-ae25-c249dc3767a0 | Completed: Task validation of required platforms.
2019-07-14 18:32:30.577 16 INFO rally.task.engine [-] Task 00d1642b-6ecd-4b46-ae25-c249dc3767a0 | Starting: Task validation of semantic.
2019-07-14 18:32:30.578 16 INFO rally.task.engine [-] Check health of the environment 'e1742109-4454-4135-802a-176285225049'.
2019-07-14 18:32:31.344 16 INFO rally.task.engine [-] Platform existing@openstack (available: True): OK!
2019-07-14 18:32:31.357 16 RALLYDEBUG rally_openstack.contexts.keystone.users [-] Creating 1 tenants using 20 threads
2019-07-14 18:32:33.272 16 RALLYDEBUG rally_openstack.contexts.keystone.users [-] Creating 1 users using 20 threads
2019-07-14 18:32:36.142 16 INFO rally.task.context [-] Task 00d1642b-6ecd-4b46-ae25-c249dc3767a0 | Context users@openstack setup() finished in 4.78 sec
2019-07-14 18:32:36.185 16 INFO rally.task.context [-] Task 00d1642b-6ecd-4b46-ae25-c249dc3767a0 | Context users@openstack cleanup() started
2019-07-14 18:32:42.320 16 INFO rally.task.context [-] Task 00d1642b-6ecd-4b46-ae25-c249dc3767a0 | Context users@openstack cleanup() finished in 6.13 sec
2019-07-14 18:32:42.320 16 INFO rally.task.engine [-] Task 00d1642b-6ecd-4b46-ae25-c249dc3767a0 | Completed: Task validation of semantic.
2019-07-14 18:32:42.321 16 INFO rally.task.engine [-] Task 00d1642b-6ecd-4b46-ae25-c249dc3767a0 | Completed: Task validation.
2019-07-14 18:32:42.321 16 INFO rally.api [-] Task 00d1642b-6ecd-4b46-ae25-c249dc3767a0 input file is valid.
2019-07-14 18:32:42.321 16 INFO rally.api [-] Run Task 00d1642b-6ecd-4b46-ae25-c249dc3767a0 against Deployment e1742109-4454-4135-802a-176285225049
2019-07-14 18:32:42.322 16 INFO rally.task.engine [-] Task 00d1642b-6ecd-4b46-ae25-c249dc3767a0 | Starting: Running task.
2019-07-14 18:32:42.448 16 INFO rally.task.engine [-] Running workload: position = 0 config = { "version": 2, "title": "A cropped version of a bigger task.", "description": "Auto-generated task from a single workload (uuid=a7826a54-3cf4-44c3-a3de-4b93be78bce1)", "subtasks": [ { "title": "Authenticate.keystone", "description": "Check Keystone Client.", "scenario": { "Authenticate.keystone": {} }, "contexts": { "users": { "tenants": 3, "users_per_tenant": 2 } }, "runner": { "constant": { "concurrency": 4, "times": 10 } }, "hooks": [], "sla": { "failure_rate": { "max": 0 } } } ] }
2019-07-14 18:32:42.468 16 RALLYDEBUG rally_openstack.contexts.keystone.users [-] Creating 3 tenants using 20 threads
2019-07-14 18:32:44.356 16 RALLYDEBUG rally_openstack.contexts.keystone.users [-] Creating 6 users using 20 threads
2019-07-14 18:32:47.287 16 INFO rally.task.context [-] Task 00d1642b-6ecd-4b46-ae25-c249dc3767a0 | Context users@openstack setup() finished in 4.82 sec
2019-07-14 18:32:47.296 16 RALLYDEBUG rally.task.runner [-] Starting the constant runner (task UUID: 00d1642b-6ecd-4b46-ae25-c249dc3767a0). timeout: 0 concurrency: 4 concurrency_per_worker: 1 times: 10 concurrency_overhead: 0 processes_to_start: 4 max_cpu_used: 16
2019-07-14 18:32:47.310 140 RALLYDEBUG rally.task.runner [-] Starting a worker. concurrency: 1 args: {} times: 10 method_name: run timeout: 0 duration: None cls:
2019-07-14 18:32:47.312 141 RALLYDEBUG rally.task.runner [-] Starting a worker. concurrency: 1 args: {} times: 10 method_name: run timeout: 0 duration: None cls:
2019-07-14 18:32:47.315 142 RALLYDEBUG rally.task.runner [-] Starting a worker. concurrency: 1 args: {} times: 10 method_name: run timeout: 0 duration: None cls:
2019-07-14 18:32:47.317 140 INFO rally.task.runner [-] Task 00d1642b-6ecd-4b46-ae25-c249dc3767a0 | ITER: 1 START
2019-07-14 18:32:47.317 141 INFO rally.task.runner [-] Task 00d1642b-6ecd-4b46-ae25-c249dc3767a0 | ITER: 2 START
2019-07-14 18:32:47.318 143 RALLYDEBUG rally.task.runner [-] Starting a worker. concurrency: 1 args: {} times: 10 method_name: run timeout: 0 duration: None cls:
2019-07-14 18:32:47.321 142 INFO rally.task.runner [-] Task 00d1642b-6ecd-4b46-ae25-c249dc3767a0 | ITER: 3 START
2019-07-14 18:32:47.324 143 INFO rally.task.runner [-] Task 00d1642b-6ecd-4b46-ae25-c249dc3767a0 | ITER: 4 START
2019-07-14 18:32:47.935 142 INFO rally.task.runner [-] Task 00d1642b-6ecd-4b46-ae25-c249dc3767a0 | ITER: 3 END: OK
2019-07-14 18:32:47.939 142 INFO rally.task.runner [-] Task 00d1642b-6ecd-4b46-ae25-c249dc3767a0 | ITER: 5 START
2019-07-14 18:32:47.947 141 INFO rally.task.runner [-] Task 00d1642b-6ecd-4b46-ae25-c249dc3767a0 | ITER: 2 END: OK
2019-07-14 18:32:47.950 141 INFO rally.task.runner [-] Task 00d1642b-6ecd-4b46-ae25-c249dc3767a0 | ITER: 6 START
2019-07-14 18:32:47.953 140 INFO rally.task.runner [-] Task 00d1642b-6ecd-4b46-ae25-c249dc3767a0 | ITER: 1 END: OK
2019-07-14 18:32:47.957 140 INFO rally.task.runner [-] Task 00d1642b-6ecd-4b46-ae25-c249dc3767a0 | ITER: 7 START
2019-07-14 18:32:47.964 143 INFO rally.task.runner [-] Task 00d1642b-6ecd-4b46-ae25-c249dc3767a0 | ITER: 4 END: OK
2019-07-14 18:32:47.968 143 INFO rally.task.runner [-] Task 00d1642b-6ecd-4b46-ae25-c249dc3767a0 | ITER: 8 START
2019-07-14 18:32:48.536 141 INFO rally.task.runner [-] Task 00d1642b-6ecd-4b46-ae25-c249dc3767a0 | ITER: 6 END: OK
2019-07-14 18:32:48.540 141 INFO rally.task.runner [-] Task 00d1642b-6ecd-4b46-ae25-c249dc3767a0 | ITER: 9 START
2019-07-14 18:32:48.552 142 INFO rally.task.runner [-] Task 00d1642b-6ecd-4b46-ae25-c249dc3767a0 | ITER: 5 END: OK
2019-07-14 18:32:48.556 142 INFO rally.task.runner [-] Task 00d1642b-6ecd-4b46-ae25-c249dc3767a0 | ITER: 10 START
2019-07-14 18:32:48.567 140 INFO rally.task.runner [-] Task 00d1642b-6ecd-4b46-ae25-c249dc3767a0 | ITER: 7 END: OK
2019-07-14 18:32:48.576 143 INFO rally.task.runner [-] Task 00d1642b-6ecd-4b46-ae25-c249dc3767a0 | ITER: 8 END: OK
2019-07-14 18:32:49.150 141 INFO rally.task.runner [-] Task 00d1642b-6ecd-4b46-ae25-c249dc3767a0 | ITER: 9 END: OK
2019-07-14 18:32:49.153 142 INFO rally.task.runner [-] Task 00d1642b-6ecd-4b46-ae25-c249dc3767a0 | ITER: 10 END: OK
2019-07-14 18:32:49.180 16 INFO rally.task.context [-] Task 00d1642b-6ecd-4b46-ae25-c249dc3767a0 | Context users@openstack cleanup() started
2019-07-14 18:32:58.044 16 INFO rally.task.context [-] Task 00d1642b-6ecd-4b46-ae25-c249dc3767a0 | Context users@openstack cleanup() finished in 8.86 sec
2019-07-14 18:32:58.560 16 INFO rally.task.engine [-] Load duration is: 1.834418
2019-07-14 18:32:58.560 16 INFO rally.task.engine [-] Full runner duration is: 1.886366
2019-07-14 18:32:58.561 16 INFO rally.task.engine [-] Full duration is: 15.57901
2019-07-14 18:32:58.766 16 INFO rally.task.engine [-] Running workload: position = 0 config = { "version": 2, "title": "A cropped version of a bigger task.", "description": "Auto-generated task from a single workload (uuid=a0af6ee4-1e13-4f6e-906d-375058404bd3)", "subtasks": [ { "title": "Authenticate.validate_cinder", "description": "Check Cinder Client to ensure validation of token.", "scenario": { "Authenticate.validate_cinder": { "repetitions": 2 } }, "contexts": { "users": { "tenants": 3, "users_per_tenant": 2 } }, "runner": { "constant": { "concurrency": 4, "times": 10 } }, "hooks": [], "sla": { "failure_rate": { "max": 0 } } } ] }
2019-07-14 18:32:58.787 16 RALLYDEBUG rally_openstack.contexts.keystone.users [-] Creating 3 tenants using 20 threads
2019-07-14 18:33:00.787 16 RALLYDEBUG rally_openstack.contexts.keystone.users [-] Creating 6 users using 20 threads
2019-07-14 18:33:03.685 16 INFO rally.task.context [-] Task 00d1642b-6ecd-4b46-ae25-c249dc3767a0 | Context users@openstack setup() finished in 4.90 sec
2019-07-14 18:33:03.689 16 RALLYDEBUG rally.task.runner [-] Starting the constant runner (task UUID: 00d1642b-6ecd-4b46-ae25-c249dc3767a0). timeout: 0 concurrency: 4 concurrency_per_worker: 1 times: 10 concurrency_overhead: 0 processes_to_start: 4 max_cpu_used: 16
2019-07-14 18:33:03.700 244 RALLYDEBUG rally.task.runner [-] Starting a worker. concurrency: 1 args: {"repetitions": 2} times: 10 method_name: run timeout: 0 duration: None cls:
2019-07-14 18:33:03.701 245 RALLYDEBUG rally.task.runner [-] Starting a worker. concurrency: 1 args: {"repetitions": 2} times: 10 method_name: run timeout: 0 duration: None cls:
2019-07-14 18:33:03.702 246 RALLYDEBUG rally.task.runner [-] Starting a worker. concurrency: 1 args: {"repetitions": 2} times: 10 method_name: run timeout: 0 duration: None cls:
2019-07-14 18:33:03.704 247 RALLYDEBUG rally.task.runner [-] Starting a worker. concurrency: 1 args: {"repetitions": 2} times: 10 method_name: run timeout: 0 duration: None cls:
2019-07-14 18:33:03.706 244 INFO rally.task.runner [-] Task 00d1642b-6ecd-4b46-ae25-c249dc3767a0 | ITER: 1 START
2019-07-14 18:33:03.707 245 INFO rally.task.runner [-] Task 00d1642b-6ecd-4b46-ae25-c249dc3767a0 | ITER: 2 START
2019-07-14 18:33:03.709 246 INFO rally.task.runner [-] Task 00d1642b-6ecd-4b46-ae25-c249dc3767a0 | ITER: 3 START
2019-07-14 18:33:03.710 247 INFO rally.task.runner [-] Task 00d1642b-6ecd-4b46-ae25-c249dc3767a0 | ITER: 4 START
2019-07-14 18:33:05.599 247 INFO rally.task.runner [-] Task 00d1642b-6ecd-4b46-ae25-c249dc3767a0 | ITER: 4 END: OK
2019-07-14 18:33:05.603 247 INFO rally.task.runner [-] Task 00d1642b-6ecd-4b46-ae25-c249dc3767a0 | ITER: 5 START
2019-07-14 18:33:05.642 246 INFO rally.task.runner [-] Task 00d1642b-6ecd-4b46-ae25-c249dc3767a0 | ITER: 3 END: OK
2019-07-14 18:33:05.646 246 INFO rally.task.runner [-] Task 00d1642b-6ecd-4b46-ae25-c249dc3767a0 | ITER: 6 START
2019-07-14 18:33:05.700 244 INFO rally.task.runner [-] Task 00d1642b-6ecd-4b46-ae25-c249dc3767a0 | ITER: 1 END: OK
2019-07-14 18:33:05.703 244 INFO rally.task.runner [-] Task 00d1642b-6ecd-4b46-ae25-c249dc3767a0 | ITER: 7 START
2019-07-14 18:33:05.715 245 INFO rally.task.runner [-] Task 00d1642b-6ecd-4b46-ae25-c249dc3767a0 | ITER: 2 END: OK
2019-07-14 18:33:05.719 245 INFO rally.task.runner [-] Task 00d1642b-6ecd-4b46-ae25-c249dc3767a0 | ITER: 8 START
2019-07-14 18:33:07.074 244 INFO rally.task.runner [-] Task 00d1642b-6ecd-4b46-ae25-c249dc3767a0 | ITER: 7 END: OK
2019-07-14 18:33:07.078 244 INFO rally.task.runner [-] Task 00d1642b-6ecd-4b46-ae25-c249dc3767a0 | ITER: 9 START
2019-07-14 18:33:07.105 246 INFO rally.task.runner [-] Task 00d1642b-6ecd-4b46-ae25-c249dc3767a0 | ITER: 6 END: OK
2019-07-14 18:33:07.108 246 INFO rally.task.runner [-] Task 00d1642b-6ecd-4b46-ae25-c249dc3767a0 | ITER: 10 START
2019-07-14 18:33:07.452 247 INFO rally.task.runner [-] Task 00d1642b-6ecd-4b46-ae25-c249dc3767a0 | ITER: 5 END: OK
2019-07-14 18:33:07.694 245 INFO rally.task.runner [-] Task 00d1642b-6ecd-4b46-ae25-c249dc3767a0 | ITER: 8 END: OK
2019-07-14 18:33:08.894 246 INFO rally.task.runner [-] Task 00d1642b-6ecd-4b46-ae25-c249dc3767a0 | ITER: 10 END: OK
2019-07-14 18:33:08.953 244 INFO rally.task.runner [-] Task 00d1642b-6ecd-4b46-ae25-c249dc3767a0 | ITER: 9 END: OK
2019-07-14 18:33:08.979 16 INFO rally.task.context [-] Task 00d1642b-6ecd-4b46-ae25-c249dc3767a0 | Context users@openstack cleanup() started
2019-07-14 18:33:17.326 16 INFO rally.task.context [-] Task 00d1642b-6ecd-4b46-ae25-c249dc3767a0 | Context users@openstack cleanup() finished in 8.35 sec
2019-07-14 18:33:18.910 16 INFO rally.task.engine [-] Load duration is: 5.245857
2019-07-14 18:33:18.910 16 INFO rally.task.engine [-] Full runner duration is: 5.290788
2019-07-14 18:33:18.911 16 INFO rally.task.engine [-] Full duration is: 18.539574
2019-07-14 18:33:19.147 16 INFO rally.task.engine [-] Running workload: position = 0 config = { "version": 2, "title": "A cropped version of a bigger task.", "description": "Auto-generated task from a single workload (uuid=1deb7091-4d7d-46b6-b5e6-2dd0f190b385)", "subtasks": [ { "title": "Authenticate.validate_glance", "description": "Check Glance Client to ensure validation of token.", "scenario": { "Authenticate.validate_glance": { "repetitions": 2 } }, "contexts": { "users": { "tenants": 3, "users_per_tenant": 2 } }, "runner": { "constant": { "concurrency": 4, "times": 10 } }, "hooks": [], "sla": { "failure_rate": { "max": 0 } } } ] }
2019-07-14 18:33:19.169 16 RALLYDEBUG rally_openstack.contexts.keystone.users [-] Creating 3 tenants using 20 threads
2019-07-14 18:33:21.056 16 RALLYDEBUG rally_openstack.contexts.keystone.users [-] Creating 6 users using 20 threads
2019-07-14 18:33:23.755 16 INFO rally.task.context [-] Task 00d1642b-6ecd-4b46-ae25-c249dc3767a0 | Context users@openstack setup() finished in 4.59 sec
2019-07-14 18:33:23.763 16 RALLYDEBUG rally.task.runner [-] Starting the constant runner (task UUID: 00d1642b-6ecd-4b46-ae25-c249dc3767a0). timeout: 0 concurrency: 4 concurrency_per_worker: 1 times: 10 concurrency_overhead: 0 processes_to_start: 4 max_cpu_used: 16
2019-07-14 18:33:23.776 348 RALLYDEBUG rally.task.runner [-] Starting a worker. concurrency: 1 args: {"repetitions": 2} times: 10 method_name: run timeout: 0 duration: None cls:
2019-07-14 18:33:23.779 349 RALLYDEBUG rally.task.runner [-] Starting a worker. concurrency: 1 args: {"repetitions": 2} times: 10 method_name: run timeout: 0 duration: None cls:
2019-07-14 18:33:23.782 348 INFO rally.task.runner [-] Task 00d1642b-6ecd-4b46-ae25-c249dc3767a0 | ITER: 1 START
2019-07-14 18:33:23.782 350 RALLYDEBUG rally.task.runner [-] Starting a worker. concurrency: 1 args: {"repetitions": 2} times: 10 method_name: run timeout: 0 duration: None cls:
2019-07-14 18:33:23.784 351 RALLYDEBUG rally.task.runner [-] Starting a worker. concurrency: 1 args: {"repetitions": 2} times: 10 method_name: run timeout: 0 duration: None cls:
2019-07-14 18:33:23.786 349 INFO rally.task.runner [-] Task 00d1642b-6ecd-4b46-ae25-c249dc3767a0 | ITER: 2 START
2019-07-14 18:33:23.788 350 INFO rally.task.runner [-] Task 00d1642b-6ecd-4b46-ae25-c249dc3767a0 | ITER: 3 START
2019-07-14 18:33:23.788 351 INFO rally.task.runner [-] Task 00d1642b-6ecd-4b46-ae25-c249dc3767a0 | ITER: 4 START
2019-07-14 18:33:25.144 349 INFO rally.task.runner [-] Task 00d1642b-6ecd-4b46-ae25-c249dc3767a0 | ITER: 2 END: OK
2019-07-14 18:33:25.147 348 INFO rally.task.runner [-] Task 00d1642b-6ecd-4b46-ae25-c249dc3767a0 | ITER: 1 END: OK
2019-07-14 18:33:25.149 349 INFO rally.task.runner [-] Task 00d1642b-6ecd-4b46-ae25-c249dc3767a0 | ITER: 5 START
2019-07-14 18:33:25.151 348 INFO rally.task.runner [-] Task 00d1642b-6ecd-4b46-ae25-c249dc3767a0 | ITER: 6 START
2019-07-14 18:33:25.154 351 INFO rally.task.runner [-] Task 00d1642b-6ecd-4b46-ae25-c249dc3767a0 | ITER: 4 END: OK
2019-07-14 18:33:25.159 351 INFO rally.task.runner [-] Task 00d1642b-6ecd-4b46-ae25-c249dc3767a0 | ITER: 7 START
2019-07-14 18:33:25.224 350 INFO rally.task.runner [-] Task 00d1642b-6ecd-4b46-ae25-c249dc3767a0 | ITER: 3 END: OK
2019-07-14 18:33:25.229 350 INFO rally.task.runner [-] Task 00d1642b-6ecd-4b46-ae25-c249dc3767a0 | ITER: 8 START
2019-07-14 18:33:25.938 348 INFO rally.task.runner [-] Task 00d1642b-6ecd-4b46-ae25-c249dc3767a0 | ITER: 6 END: OK
2019-07-14 18:33:25.942 348 INFO rally.task.runner [-] Task 00d1642b-6ecd-4b46-ae25-c249dc3767a0 | ITER: 9 START
2019-07-14 18:33:26.308 350 INFO rally.task.runner [-] Task 00d1642b-6ecd-4b46-ae25-c249dc3767a0 | ITER: 8 END: OK
2019-07-14 18:33:26.311 350 INFO rally.task.runner [-] Task 00d1642b-6ecd-4b46-ae25-c249dc3767a0 | ITER: 10 START
2019-07-14 18:33:26.507 349 INFO rally.task.runner [-] Task 00d1642b-6ecd-4b46-ae25-c249dc3767a0 | ITER: 5 END: OK
2019-07-14 18:33:26.983 351 INFO rally.task.runner [-] Task 00d1642b-6ecd-4b46-ae25-c249dc3767a0 | ITER: 7 END: OK
2019-07-14 18:33:27.042 348 INFO rally.task.runner [-] Task 00d1642b-6ecd-4b46-ae25-c249dc3767a0 | ITER: 9 END: OK
2019-07-14 18:33:28.005 350 INFO rally.task.runner [-] Task 00d1642b-6ecd-4b46-ae25-c249dc3767a0 | ITER: 10 END: OK
2019-07-14 18:33:28.031 16 INFO rally.task.context [-] Task 00d1642b-6ecd-4b46-ae25-c249dc3767a0 | Context users@openstack cleanup() started
2019-07-14 18:33:37.133 16 INFO rally.task.context [-] Task 00d1642b-6ecd-4b46-ae25-c249dc3767a0 | Context users@openstack cleanup() finished in 9.10 sec
2019-07-14 18:33:37.446 16 INFO rally.task.engine [-] Load duration is: 4.221588
2019-07-14 18:33:37.446 16 INFO rally.task.engine [-] Full runner duration is: 4.268119
2019-07-14 18:33:37.447 16 INFO rally.task.engine [-] Full duration is: 17.966416
2019-07-14 18:33:37.680 16 INFO rally.task.engine [-] Running workload: position = 0 config = { "version": 2, "title": "A cropped version of a bigger task.", "description": "Auto-generated task from a single workload (uuid=a986eb14-19b4-42ce-9143-2b4bef22d600)", "subtasks": [ { "title": "Authenticate.validate_heat", "description": "Check Heat Client to ensure validation of token.", "scenario": { "Authenticate.validate_heat": { "repetitions": 2 } }, "contexts": { "users": { "tenants": 3, "users_per_tenant": 2 } }, "runner": { "constant": { "concurrency": 4, "times": 10 } }, "hooks": [], "sla": { "failure_rate": { "max": 0 } } } ] }
2019-07-14 18:33:37.704 16 RALLYDEBUG rally_openstack.contexts.keystone.users [-] Creating 3 tenants using 20 threads
2019-07-14 18:33:39.678 16 RALLYDEBUG rally_openstack.contexts.keystone.users [-] Creating 6 users using 20 threads
2019-07-14 18:33:42.541 16 INFO rally.task.context [-] Task 00d1642b-6ecd-4b46-ae25-c249dc3767a0 | Context users@openstack setup() finished in 4.84 sec
2019-07-14 18:33:42.551 16 RALLYDEBUG rally.task.runner [-] Starting the constant runner (task UUID: 00d1642b-6ecd-4b46-ae25-c249dc3767a0). timeout: 0 concurrency: 4 concurrency_per_worker: 1 times: 10 concurrency_overhead: 0 processes_to_start: 4 max_cpu_used: 16
2019-07-14 18:33:42.564 452 RALLYDEBUG rally.task.runner [-] Starting a worker. concurrency: 1 args: {"repetitions": 2} times: 10 method_name: run timeout: 0 duration: None cls:
2019-07-14 18:33:42.565 453 RALLYDEBUG rally.task.runner [-] Starting a worker. concurrency: 1 args: {"repetitions": 2} times: 10 method_name: run timeout: 0 duration: None cls:
2019-07-14 18:33:42.569 454 RALLYDEBUG rally.task.runner [-] Starting a worker. concurrency: 1 args: {"repetitions": 2} times: 10 method_name: run timeout: 0 duration: None cls:
2019-07-14 18:33:42.571 453 INFO rally.task.runner [-] Task 00d1642b-6ecd-4b46-ae25-c249dc3767a0 | ITER: 2 START
2019-07-14 18:33:42.571 452 INFO rally.task.runner [-] Task 00d1642b-6ecd-4b46-ae25-c249dc3767a0 | ITER: 1 START
2019-07-14 18:33:42.571 455 RALLYDEBUG rally.task.runner [-] Starting a worker. concurrency: 1 args: {"repetitions": 2} times: 10 method_name: run timeout: 0 duration: None cls:
2019-07-14 18:33:42.574 454 INFO rally.task.runner [-] Task 00d1642b-6ecd-4b46-ae25-c249dc3767a0 | ITER: 3 START
2019-07-14 18:33:42.576 455 INFO rally.task.runner [-] Task 00d1642b-6ecd-4b46-ae25-c249dc3767a0 | ITER: 4 START
2019-07-14 18:33:44.683 452 INFO rally.task.runner [-] Task 00d1642b-6ecd-4b46-ae25-c249dc3767a0 | ITER: 1 END: OK
2019-07-14 18:33:44.688 452 INFO rally.task.runner [-] Task 00d1642b-6ecd-4b46-ae25-c249dc3767a0 | ITER: 5 START
2019-07-14 18:33:44.688 453 INFO rally.task.runner [-] Task 00d1642b-6ecd-4b46-ae25-c249dc3767a0 | ITER: 2 END: OK
2019-07-14 18:33:44.692 453 INFO rally.task.runner [-] Task 00d1642b-6ecd-4b46-ae25-c249dc3767a0 | ITER: 6 START
2019-07-14 18:33:44.697 454 INFO rally.task.runner [-] Task 00d1642b-6ecd-4b46-ae25-c249dc3767a0 | ITER: 3 END: OK
2019-07-14 18:33:44.701 454 INFO rally.task.runner [-] Task 00d1642b-6ecd-4b46-ae25-c249dc3767a0 | ITER: 7 START
2019-07-14 18:33:44.733 455 INFO rally.task.runner [-] Task 00d1642b-6ecd-4b46-ae25-c249dc3767a0 | ITER: 4 END: OK
2019-07-14 18:33:44.736 455 INFO rally.task.runner [-] Task 00d1642b-6ecd-4b46-ae25-c249dc3767a0 | ITER: 8 START
2019-07-14 18:33:46.114 453 INFO rally.task.runner [-] Task 00d1642b-6ecd-4b46-ae25-c249dc3767a0 | ITER: 6 END: OK
2019-07-14 18:33:46.118 453 INFO rally.task.runner [-] Task 00d1642b-6ecd-4b46-ae25-c249dc3767a0 | ITER: 9 START
2019-07-14 18:33:46.614 452 INFO rally.task.runner [-] Task 00d1642b-6ecd-4b46-ae25-c249dc3767a0 | ITER: 5 END: OK
2019-07-14 18:33:46.618 452 INFO rally.task.runner [-] Task 00d1642b-6ecd-4b46-ae25-c249dc3767a0 | ITER: 10 START
2019-07-14 18:33:46.713 454 INFO rally.task.runner [-] Task 00d1642b-6ecd-4b46-ae25-c249dc3767a0 | ITER: 7 END: OK
2019-07-14 18:33:46.725 455 INFO rally.task.runner [-] Task 00d1642b-6ecd-4b46-ae25-c249dc3767a0 | ITER: 8 END: OK
2019-07-14 18:33:47.997 453 INFO rally.task.runner [-] Task 00d1642b-6ecd-4b46-ae25-c249dc3767a0 | ITER: 9 END: OK
2019-07-14 18:33:48.453 452 INFO rally.task.runner [-] Task 00d1642b-6ecd-4b46-ae25-c249dc3767a0 | ITER: 10 END: OK
2019-07-14 18:33:48.473 16 INFO rally.task.context [-] Task 00d1642b-6ecd-4b46-ae25-c249dc3767a0 | Context users@openstack cleanup() started
2019-07-14 18:33:57.145 16 INFO rally.task.context [-] Task 00d1642b-6ecd-4b46-ae25-c249dc3767a0 | Context users@openstack cleanup() finished in 8.67 sec
2019-07-14 18:33:57.826 16 INFO rally.task.engine [-] Load duration is: 5.880935
2019-07-14 18:33:57.826 16 INFO rally.task.engine [-] Full runner duration is: 5.924403
2019-07-14 18:33:57.827 16 INFO rally.task.engine [-] Full duration is: 19.443708
2019-07-14 18:33:58.030 16 INFO rally.task.engine [-] Running workload: position = 0 config = { "version": 2, "title": "A cropped version of a bigger task.", "description": "Auto-generated task from a single workload (uuid=8f900c7a-3bdf-486e-beab-6bfdb7645ce8)", "subtasks": [ { "title": "Authenticate.validate_neutron", "description": "Check Neutron Client to ensure validation of token.", "scenario": { "Authenticate.validate_neutron": { "repetitions": 2 } }, "contexts": { "users": { "tenants": 3, "users_per_tenant": 2 } }, "runner": { "constant": { "concurrency": 4, "times": 10 } }, "hooks": [], "sla": { "failure_rate": { "max": 0 } } } ] }
2019-07-14 18:33:58.049 16 RALLYDEBUG rally_openstack.contexts.keystone.users [-] Creating 3 tenants using 20 threads
2019-07-14 18:34:00.019 16 RALLYDEBUG rally_openstack.contexts.keystone.users [-] Creating 6 users using 20 threads
2019-07-14 18:34:02.776 16 INFO rally.task.context [-] Task 00d1642b-6ecd-4b46-ae25-c249dc3767a0 | Context users@openstack setup() finished in 4.73 sec
2019-07-14 18:34:02.784 16 RALLYDEBUG rally.task.runner [-] Starting the constant runner (task UUID: 00d1642b-6ecd-4b46-ae25-c249dc3767a0). timeout: 0 concurrency: 4 concurrency_per_worker: 1 times: 10 concurrency_overhead: 0 processes_to_start: 4 max_cpu_used: 16
2019-07-14 18:34:02.797 557 RALLYDEBUG rally.task.runner [-] Starting a worker. concurrency: 1 args: {"repetitions": 2} times: 10 method_name: run timeout: 0 duration: None cls:
2019-07-14 18:34:02.796 556 RALLYDEBUG rally.task.runner [-] Starting a worker. concurrency: 1 args: {"repetitions": 2} times: 10 method_name: run timeout: 0 duration: None cls:
2019-07-14 18:34:02.801 557 INFO rally.task.runner [-] Task 00d1642b-6ecd-4b46-ae25-c249dc3767a0 | ITER: 1 START
2019-07-14 18:34:02.802 558 RALLYDEBUG rally.task.runner [-] Starting a worker. concurrency: 1 args: {"repetitions": 2} times: 10 method_name: run timeout: 0 duration: None cls:
2019-07-14 18:34:02.803 556 INFO rally.task.runner [-] Task 00d1642b-6ecd-4b46-ae25-c249dc3767a0 | ITER: 2 START
2019-07-14 18:34:02.805 559 RALLYDEBUG rally.task.runner [-] Starting a worker. concurrency: 1 args: {"repetitions": 2} times: 10 method_name: run timeout: 0 duration: None cls:
2019-07-14 18:34:02.809 558 INFO rally.task.runner [-] Task 00d1642b-6ecd-4b46-ae25-c249dc3767a0 | ITER: 3 START
2019-07-14 18:34:02.810 559 INFO rally.task.runner [-] Task 00d1642b-6ecd-4b46-ae25-c249dc3767a0 | ITER: 4 START
2019-07-14 18:34:03.831 559 INFO rally.task.runner [-] Task 00d1642b-6ecd-4b46-ae25-c249dc3767a0 | ITER: 4 END: OK
2019-07-14 18:34:03.836 559 INFO rally.task.runner [-] Task 00d1642b-6ecd-4b46-ae25-c249dc3767a0 | ITER: 5 START
2019-07-14 18:34:04.051 557 INFO rally.task.runner [-] Task 00d1642b-6ecd-4b46-ae25-c249dc3767a0 | ITER: 1 END: OK
2019-07-14 18:34:04.056 557 INFO rally.task.runner [-] Task 00d1642b-6ecd-4b46-ae25-c249dc3767a0 | ITER: 6 START
2019-07-14 18:34:04.164 556 INFO rally.task.runner [-] Task 00d1642b-6ecd-4b46-ae25-c249dc3767a0 | ITER: 2 END: OK
2019-07-14 18:34:04.169 556 INFO rally.task.runner [-] Task 00d1642b-6ecd-4b46-ae25-c249dc3767a0 | ITER: 7 START
2019-07-14 18:34:04.249 558 INFO rally.task.runner [-] Task 00d1642b-6ecd-4b46-ae25-c249dc3767a0 | ITER: 3 END: OK
2019-07-14 18:34:04.254 558 INFO rally.task.runner [-] Task 00d1642b-6ecd-4b46-ae25-c249dc3767a0 | ITER: 8 START
2019-07-14 18:34:05.096 556 INFO rally.task.runner [-] Task 00d1642b-6ecd-4b46-ae25-c249dc3767a0 | ITER: 7 END: OK
2019-07-14 18:34:05.100 556 INFO rally.task.runner [-] Task 00d1642b-6ecd-4b46-ae25-c249dc3767a0 | ITER: 9 START
2019-07-14 18:34:05.426 558 INFO rally.task.runner [-] Task 00d1642b-6ecd-4b46-ae25-c249dc3767a0 | ITER: 8 END: OK
2019-07-14 18:34:05.429 558 INFO rally.task.runner [-] Task 00d1642b-6ecd-4b46-ae25-c249dc3767a0 | ITER: 10 START
2019-07-14 18:34:05.461 559 INFO rally.task.runner [-] Task 00d1642b-6ecd-4b46-ae25-c249dc3767a0 | ITER: 5 END: OK
2019-07-14 18:34:05.560 557 INFO rally.task.runner [-] Task 00d1642b-6ecd-4b46-ae25-c249dc3767a0 | ITER: 6 END: OK
2019-07-14 18:34:06.262 556 INFO rally.task.runner [-] Task 00d1642b-6ecd-4b46-ae25-c249dc3767a0 | ITER: 9 END: OK
2019-07-14 18:34:06.664 558 INFO rally.task.runner [-] Task 00d1642b-6ecd-4b46-ae25-c249dc3767a0 | ITER: 10 END: OK
2019-07-14 18:34:06.685 16 INFO rally.task.context [-] Task 00d1642b-6ecd-4b46-ae25-c249dc3767a0 | Context users@openstack cleanup() started
2019-07-14 18:34:14.881 16 INFO rally.task.context [-] Task 00d1642b-6ecd-4b46-ae25-c249dc3767a0 | Context users@openstack cleanup() finished in 8.20 sec
2019-07-14 18:34:16.148 16 INFO rally.task.engine [-] Load duration is: 3.862271
2019-07-14 18:34:16.149 16 INFO rally.task.engine [-] Full runner duration is: 3.901044
2019-07-14 18:34:16.149 16 INFO rally.task.engine [-] Full duration is: 16.833133
2019-07-14 18:34:16.374 16 INFO rally.task.engine [-] Running workload: position = 0 config = { "version": 2, "title": "A cropped version of a bigger task.", "description": "Auto-generated task from a single workload (uuid=e107501f-574f-4dad-9b66-34dff92d9fd4)", "subtasks": [ { "title": "Authenticate.validate_nova", "description": "Check Nova Client to ensure validation of token.", "scenario": { "Authenticate.validate_nova": { "repetitions": 2 } }, "contexts": { "users": { "tenants": 3, "users_per_tenant": 2 } }, "runner": { "constant": { "concurrency": 4, "times": 10 } }, "hooks": [], "sla": { "failure_rate": { "max": 0 } } } ] }
2019-07-14 18:34:16.395 16 RALLYDEBUG rally_openstack.contexts.keystone.users [-] Creating 3 tenants using 20 threads
2019-07-14 18:34:18.300 16 RALLYDEBUG rally_openstack.contexts.keystone.users [-] Creating 6 users using 20 threads
2019-07-14 18:34:21.188 16 INFO rally.task.context [-] Task 00d1642b-6ecd-4b46-ae25-c249dc3767a0 | Context users@openstack setup() finished in 4.79 sec
2019-07-14 18:34:21.196 16 RALLYDEBUG rally.task.runner [-] Starting the constant runner (task UUID: 00d1642b-6ecd-4b46-ae25-c249dc3767a0). timeout: 0 concurrency: 4 concurrency_per_worker: 1 times: 10 concurrency_overhead: 0 processes_to_start: 4 max_cpu_used: 16
2019-07-14 18:34:21.209 660 RALLYDEBUG rally.task.runner [-] Starting a worker. concurrency: 1 args: {"repetitions": 2} times: 10 method_name: run timeout: 0 duration: None cls:
2019-07-14 18:34:21.211 661 RALLYDEBUG rally.task.runner [-] Starting a worker. concurrency: 1 args: {"repetitions": 2} times: 10 method_name: run timeout: 0 duration: None cls:
2019-07-14 18:34:21.214 662 RALLYDEBUG rally.task.runner [-] Starting a worker. concurrency: 1 args: {"repetitions": 2} times: 10 method_name: run timeout: 0 duration: None cls:
2019-07-14 18:34:21.215 660 INFO rally.task.runner [-] Task 00d1642b-6ecd-4b46-ae25-c249dc3767a0 | ITER: 1 START
2019-07-14 18:34:21.217 661 INFO rally.task.runner [-] Task 00d1642b-6ecd-4b46-ae25-c249dc3767a0 | ITER: 2 START
2019-07-14 18:34:21.217 663 RALLYDEBUG rally.task.runner [-] Starting a worker. concurrency: 1 args: {"repetitions": 2} times: 10 method_name: run timeout: 0 duration: None cls:
2019-07-14 18:34:21.220 662 INFO rally.task.runner [-] Task 00d1642b-6ecd-4b46-ae25-c249dc3767a0 | ITER: 3 START
2019-07-14 18:34:21.225 663 INFO rally.task.runner [-] Task 00d1642b-6ecd-4b46-ae25-c249dc3767a0 | ITER: 4 START
2019-07-14 18:34:21.715 661 DEBUG novaclient.v2.client [-] REQ: curl -g -i -X GET http://172.30.9.42:8774/v2.1/flavors/detail -H "Accept: application/json" -H "User-Agent: python-novaclient" -H "X-Auth-Token: {SHA1}c17dd93ff88ae05da75502070cece2efd962877d" _http_log_request /usr/lib/python2.7/site-packages/keystoneauth1/session.py:448
2019-07-14 18:34:21.716 662 DEBUG novaclient.v2.client [-] REQ: curl -g -i -X GET http://172.30.9.42:8774/v2.1/flavors/detail -H "Accept: application/json" -H "User-Agent: python-novaclient" -H "X-Auth-Token: {SHA1}21ad652042a8f9d0e17bc79719e8527553dbe2e6" _http_log_request /usr/lib/python2.7/site-packages/keystoneauth1/session.py:448
2019-07-14 18:34:21.724 663 DEBUG novaclient.v2.client [-] REQ: curl -g -i -X GET http://172.30.9.42:8774/v2.1/flavors/detail -H "Accept: application/json" -H "User-Agent: python-novaclient" -H "X-Auth-Token: {SHA1}15d3728fe879adc307440a29f964ecff13f9af61" _http_log_request /usr/lib/python2.7/site-packages/keystoneauth1/session.py:448
2019-07-14 18:34:21.728 660 DEBUG novaclient.v2.client [-] REQ: curl -g -i -X GET http://172.30.9.42:8774/v2.1/flavors/detail -H "Accept: application/json" -H "User-Agent: python-novaclient" -H "X-Auth-Token: {SHA1}42044d1728e4c0e2d9ceaff16cb3b2f3b6077afb" _http_log_request /usr/lib/python2.7/site-packages/keystoneauth1/session.py:448
2019-07-14 18:34:21.993 661 DEBUG novaclient.v2.client [-] RESP: [200] Content-Encoding: gzip Content-Length: 363 Content-Type: application/json Date: Sun, 14 Jul 2019 18:34:21 GMT OpenStack-API-Version: compute 2.1 Server: Apache Vary: OpenStack-API-Version,X-OpenStack-Nova-API-Version,Accept-Encoding X-OpenStack-Nova-API-Version: 2.1 x-compute-request-id: req-3c3c3a3c-2f6b-46e8-8d11-509acf12a3c6 x-openstack-request-id: req-3c3c3a3c-2f6b-46e8-8d11-509acf12a3c6 _http_log_response /usr/lib/python2.7/site-packages/keystoneauth1/session.py:479
2019-07-14 18:34:21.994 661 DEBUG novaclient.v2.client [-] RESP BODY: {"flavors": [{"name": "rally_full-flavor_d23f5a40-5994-49e4-98ec-8191e7af42f0", "links": [{"href": "http://172.30.9.42:8774/v2.1/flavors/5d8c2726-2025-415d-abb0-e374d724f882", "rel": "self"}, {"href": "http://172.30.9.42:8774/flavors/5d8c2726-2025-415d-abb0-e374d724f882", "rel": "bookmark"}], "ram": 512, "OS-FLV-DISABLED:disabled": false, "vcpus": 1, "swap": "", "os-flavor-access:is_public": true, "rxtx_factor": 1.0, "OS-FLV-EXT-DATA:ephemeral": 0, "disk": 1, "id": "5d8c2726-2025-415d-abb0-e374d724f882"}, {"name": "rally_full-flavor_alt_d23f5a40-5994-49e4-98ec-8191e7af42f0", "links": [{"href": "http://172.30.9.42:8774/v2.1/flavors/cbbfaebe-052d-4469-9ed5-4a19c55c54a0", "rel": "self"}, {"href": "http://172.30.9.42:8774/flavors/cbbfaebe-052d-4469-9ed5-4a19c55c54a0", "rel": "bookmark"}], "ram": 1024, "OS-FLV-DISABLED:disabled": false, "vcpus": 1, "swap": "", "os-flavor-access:is_public": true, "rxtx_factor": 1.0, "OS-FLV-EXT-DATA:ephemeral": 0, "disk": 1, "id": "cbbfaebe-052d-4469-9ed5-4a19c55c54a0"}]} _http_log_response /usr/lib/python2.7/site-packages/keystoneauth1/session.py:511
2019-07-14 18:34:21.995 661 DEBUG novaclient.v2.client [-] GET call to compute for http://172.30.9.42:8774/v2.1/flavors/detail used request id req-3c3c3a3c-2f6b-46e8-8d11-509acf12a3c6 request /usr/lib/python2.7/site-packages/keystoneauth1/session.py:844
2019-07-14 18:34:21.997 661 DEBUG novaclient.v2.client [-] REQ: curl -g -i -X GET http://172.30.9.42:8774/v2.1/flavors/detail -H "Accept: application/json" -H "User-Agent: python-novaclient" -H "X-Auth-Token: {SHA1}c17dd93ff88ae05da75502070cece2efd962877d" _http_log_request /usr/lib/python2.7/site-packages/keystoneauth1/session.py:448
2019-07-14 18:34:22.008 663 DEBUG novaclient.v2.client [-] RESP: [200] Content-Encoding: gzip Content-Length: 363 Content-Type: application/json Date: Sun, 14 Jul 2019 18:34:21 GMT OpenStack-API-Version: compute 2.1 Server: Apache Vary: OpenStack-API-Version,X-OpenStack-Nova-API-Version,Accept-Encoding X-OpenStack-Nova-API-Version: 2.1 x-compute-request-id: req-41aad5b2-9221-463e-aabb-80a655c5dca2 x-openstack-request-id: req-41aad5b2-9221-463e-aabb-80a655c5dca2 _http_log_response /usr/lib/python2.7/site-packages/keystoneauth1/session.py:479
2019-07-14 18:34:22.009 663 DEBUG novaclient.v2.client [-] RESP BODY: {"flavors": [{"name": "rally_full-flavor_d23f5a40-5994-49e4-98ec-8191e7af42f0", "links": [{"href": "http://172.30.9.42:8774/v2.1/flavors/5d8c2726-2025-415d-abb0-e374d724f882", "rel": "self"}, {"href": "http://172.30.9.42:8774/flavors/5d8c2726-2025-415d-abb0-e374d724f882", "rel": "bookmark"}], "ram": 512, "OS-FLV-DISABLED:disabled": false, "vcpus": 1, "swap": "", "os-flavor-access:is_public": true, "rxtx_factor": 1.0, "OS-FLV-EXT-DATA:ephemeral": 0, "disk": 1, "id": "5d8c2726-2025-415d-abb0-e374d724f882"}, {"name": "rally_full-flavor_alt_d23f5a40-5994-49e4-98ec-8191e7af42f0", "links": [{"href": "http://172.30.9.42:8774/v2.1/flavors/cbbfaebe-052d-4469-9ed5-4a19c55c54a0", "rel": "self"}, {"href": "http://172.30.9.42:8774/flavors/cbbfaebe-052d-4469-9ed5-4a19c55c54a0", "rel": "bookmark"}], "ram": 1024, "OS-FLV-DISABLED:disabled": false, "vcpus": 1, "swap": "", "os-flavor-access:is_public": true, "rxtx_factor": 1.0, "OS-FLV-EXT-DATA:ephemeral": 0, "disk": 1, "id": "cbbfaebe-052d-4469-9ed5-4a19c55c54a0"}]} _http_log_response /usr/lib/python2.7/site-packages/keystoneauth1/session.py:511
2019-07-14 18:34:22.009 663 DEBUG novaclient.v2.client [-] GET call to compute for http://172.30.9.42:8774/v2.1/flavors/detail used request id req-41aad5b2-9221-463e-aabb-80a655c5dca2 request /usr/lib/python2.7/site-packages/keystoneauth1/session.py:844
2019-07-14 18:34:22.010 663 DEBUG novaclient.v2.client [-] REQ: curl -g -i -X GET http://172.30.9.42:8774/v2.1/flavors/detail -H "Accept: application/json" -H "User-Agent: python-novaclient" -H "X-Auth-Token: {SHA1}15d3728fe879adc307440a29f964ecff13f9af61" _http_log_request /usr/lib/python2.7/site-packages/keystoneauth1/session.py:448
2019-07-14 18:34:22.025 661 DEBUG novaclient.v2.client [-] RESP: [200] Content-Encoding: gzip Content-Length: 363 Content-Type: application/json Date: Sun, 14 Jul 2019 18:34:22 GMT OpenStack-API-Version: compute 2.1 Server: Apache Vary: OpenStack-API-Version,X-OpenStack-Nova-API-Version,Accept-Encoding X-OpenStack-Nova-API-Version: 2.1 x-compute-request-id: req-cb0967aa-257d-449a-b54b-95761a1dac30 x-openstack-request-id: req-cb0967aa-257d-449a-b54b-95761a1dac30 _http_log_response /usr/lib/python2.7/site-packages/keystoneauth1/session.py:479
2019-07-14 18:34:22.026 661 DEBUG novaclient.v2.client [-] RESP BODY: {"flavors": [{"name": "rally_full-flavor_d23f5a40-5994-49e4-98ec-8191e7af42f0", "links": [{"href": "http://172.30.9.42:8774/v2.1/flavors/5d8c2726-2025-415d-abb0-e374d724f882", "rel": "self"}, {"href": "http://172.30.9.42:8774/flavors/5d8c2726-2025-415d-abb0-e374d724f882", "rel": "bookmark"}], "ram": 512, "OS-FLV-DISABLED:disabled": false, "vcpus": 1, "swap": "", "os-flavor-access:is_public": true, "rxtx_factor": 1.0, "OS-FLV-EXT-DATA:ephemeral": 0, "disk": 1, "id": "5d8c2726-2025-415d-abb0-e374d724f882"}, {"name": "rally_full-flavor_alt_d23f5a40-5994-49e4-98ec-8191e7af42f0", "links": [{"href": "http://172.30.9.42:8774/v2.1/flavors/cbbfaebe-052d-4469-9ed5-4a19c55c54a0", "rel": "self"}, {"href": "http://172.30.9.42:8774/flavors/cbbfaebe-052d-4469-9ed5-4a19c55c54a0", "rel": "bookmark"}], "ram": 1024, "OS-FLV-DISABLED:disabled": false, "vcpus": 1, "swap": "", "os-flavor-access:is_public": true, "rxtx_factor": 1.0, "OS-FLV-EXT-DATA:ephemeral": 0, "disk": 1, "id": "cbbfaebe-052d-4469-9ed5-4a19c55c54a0"}]} _http_log_response /usr/lib/python2.7/site-packages/keystoneauth1/session.py:511
2019-07-14 18:34:22.026 661 DEBUG novaclient.v2.client [-] GET call to compute for http://172.30.9.42:8774/v2.1/flavors/detail used request id req-cb0967aa-257d-449a-b54b-95761a1dac30 request /usr/lib/python2.7/site-packages/keystoneauth1/session.py:844
2019-07-14 18:34:22.027 661 INFO rally.task.runner [-] Task 00d1642b-6ecd-4b46-ae25-c249dc3767a0 | ITER: 2 END: OK
2019-07-14 18:34:22.031 663 DEBUG novaclient.v2.client [-] RESP: [200] Content-Encoding: gzip Content-Length: 363 Content-Type: application/json Date: Sun, 14 Jul 2019 18:34:22 GMT OpenStack-API-Version: compute 2.1 Server: Apache Vary: OpenStack-API-Version,X-OpenStack-Nova-API-Version,Accept-Encoding X-OpenStack-Nova-API-Version: 2.1 x-compute-request-id: req-b44ef4b5-5c43-49df-9225-000e85c41d93 x-openstack-request-id: req-b44ef4b5-5c43-49df-9225-000e85c41d93 _http_log_response /usr/lib/python2.7/site-packages/keystoneauth1/session.py:479
2019-07-14 18:34:22.032 663 DEBUG novaclient.v2.client [-] RESP BODY: {"flavors": [{"name": "rally_full-flavor_d23f5a40-5994-49e4-98ec-8191e7af42f0", "links": [{"href": "http://172.30.9.42:8774/v2.1/flavors/5d8c2726-2025-415d-abb0-e374d724f882", "rel": "self"}, {"href": "http://172.30.9.42:8774/flavors/5d8c2726-2025-415d-abb0-e374d724f882", "rel": "bookmark"}], "ram": 512, "OS-FLV-DISABLED:disabled": false, "vcpus": 1, "swap": "", "os-flavor-access:is_public": true, "rxtx_factor": 1.0, "OS-FLV-EXT-DATA:ephemeral": 0, "disk": 1, "id": "5d8c2726-2025-415d-abb0-e374d724f882"}, {"name": "rally_full-flavor_alt_d23f5a40-5994-49e4-98ec-8191e7af42f0", "links": [{"href": "http://172.30.9.42:8774/v2.1/flavors/cbbfaebe-052d-4469-9ed5-4a19c55c54a0", "rel": "self"}, {"href": "http://172.30.9.42:8774/flavors/cbbfaebe-052d-4469-9ed5-4a19c55c54a0", "rel": "bookmark"}], "ram": 1024, "OS-FLV-DISABLED:disabled": false, "vcpus": 1, "swap": "", "os-flavor-access:is_public": true, "rxtx_factor": 1.0, "OS-FLV-EXT-DATA:ephemeral": 0, "disk": 1, "id": "cbbfaebe-052d-4469-9ed5-4a19c55c54a0"}]} _http_log_response /usr/lib/python2.7/site-packages/keystoneauth1/session.py:511
2019-07-14 18:34:22.032 661 INFO rally.task.runner [-] Task 00d1642b-6ecd-4b46-ae25-c249dc3767a0 | ITER: 5 START
2019-07-14 18:34:22.032 663 DEBUG novaclient.v2.client [-] GET call to compute for http://172.30.9.42:8774/v2.1/flavors/detail used request id req-b44ef4b5-5c43-49df-9225-000e85c41d93 request /usr/lib/python2.7/site-packages/keystoneauth1/session.py:844
2019-07-14 18:34:22.033 663 INFO rally.task.runner [-] Task 00d1642b-6ecd-4b46-ae25-c249dc3767a0 | ITER: 4 END: OK
2019-07-14 18:34:22.034 660 DEBUG novaclient.v2.client [-] RESP: [200] Content-Encoding: gzip Content-Length: 363 Content-Type: application/json Date: Sun, 14 Jul 2019 18:34:21 GMT OpenStack-API-Version: compute 2.1 Server: Apache Vary: OpenStack-API-Version,X-OpenStack-Nova-API-Version,Accept-Encoding X-OpenStack-Nova-API-Version: 2.1 x-compute-request-id: req-9f055554-94fc-4eff-9469-e4d5f2d5e30d x-openstack-request-id: req-9f055554-94fc-4eff-9469-e4d5f2d5e30d _http_log_response /usr/lib/python2.7/site-packages/keystoneauth1/session.py:479
2019-07-14 18:34:22.035 660 DEBUG novaclient.v2.client [-] RESP BODY: {"flavors": [{"name": "rally_full-flavor_d23f5a40-5994-49e4-98ec-8191e7af42f0", "links": [{"href": "http://172.30.9.42:8774/v2.1/flavors/5d8c2726-2025-415d-abb0-e374d724f882", "rel": "self"}, {"href": "http://172.30.9.42:8774/flavors/5d8c2726-2025-415d-abb0-e374d724f882", "rel": "bookmark"}], "ram": 512, "OS-FLV-DISABLED:disabled": false, "vcpus": 1, "swap": "", "os-flavor-access:is_public": true, "rxtx_factor": 1.0, "OS-FLV-EXT-DATA:ephemeral": 0, "disk": 1, "id": "5d8c2726-2025-415d-abb0-e374d724f882"}, {"name": "rally_full-flavor_alt_d23f5a40-5994-49e4-98ec-8191e7af42f0", "links": [{"href": "http://172.30.9.42:8774/v2.1/flavors/cbbfaebe-052d-4469-9ed5-4a19c55c54a0", "rel": "self"}, {"href": "http://172.30.9.42:8774/flavors/cbbfaebe-052d-4469-9ed5-4a19c55c54a0", "rel": "bookmark"}], "ram": 1024, "OS-FLV-DISABLED:disabled": false, "vcpus": 1, "swap": "", "os-flavor-access:is_public": true, "rxtx_factor": 1.0, "OS-FLV-EXT-DATA:ephemeral": 0, "disk": 1, "id": "cbbfaebe-052d-4469-9ed5-4a19c55c54a0"}]} _http_log_response /usr/lib/python2.7/site-packages/keystoneauth1/session.py:511
2019-07-14 18:34:22.035 660 DEBUG novaclient.v2.client [-] GET call to compute for http://172.30.9.42:8774/v2.1/flavors/detail used request id req-9f055554-94fc-4eff-9469-e4d5f2d5e30d request /usr/lib/python2.7/site-packages/keystoneauth1/session.py:844
2019-07-14 18:34:22.037 660 DEBUG novaclient.v2.client [-] REQ: curl -g -i -X GET http://172.30.9.42:8774/v2.1/flavors/detail -H "Accept: application/json" -H "User-Agent: python-novaclient" -H "X-Auth-Token: {SHA1}42044d1728e4c0e2d9ceaff16cb3b2f3b6077afb" _http_log_request /usr/lib/python2.7/site-packages/keystoneauth1/session.py:448
2019-07-14 18:34:22.037 663 INFO rally.task.runner [-] Task 00d1642b-6ecd-4b46-ae25-c249dc3767a0 | ITER: 6 START
2019-07-14 18:34:22.066 660 DEBUG novaclient.v2.client [-] RESP: [200] Content-Encoding: gzip Content-Length: 363 Content-Type: application/json Date: Sun, 14 Jul 2019 18:34:22 GMT OpenStack-API-Version: compute 2.1 Server: Apache Vary: OpenStack-API-Version,X-OpenStack-Nova-API-Version,Accept-Encoding X-OpenStack-Nova-API-Version: 2.1 x-compute-request-id: req-6015fe90-cd8e-4dd1-9582-0c32eb784112 x-openstack-request-id: req-6015fe90-cd8e-4dd1-9582-0c32eb784112 _http_log_response /usr/lib/python2.7/site-packages/keystoneauth1/session.py:479
2019-07-14 18:34:22.067 660 DEBUG novaclient.v2.client [-] RESP BODY: {"flavors": [{"name": "rally_full-flavor_d23f5a40-5994-49e4-98ec-8191e7af42f0", "links": [{"href": "http://172.30.9.42:8774/v2.1/flavors/5d8c2726-2025-415d-abb0-e374d724f882", "rel": "self"}, {"href": "http://172.30.9.42:8774/flavors/5d8c2726-2025-415d-abb0-e374d724f882", "rel": "bookmark"}], "ram": 512, "OS-FLV-DISABLED:disabled": false, "vcpus": 1, "swap": "", "os-flavor-access:is_public": true, "rxtx_factor": 1.0, "OS-FLV-EXT-DATA:ephemeral": 0, "disk": 1, "id": "5d8c2726-2025-415d-abb0-e374d724f882"}, {"name": "rally_full-flavor_alt_d23f5a40-5994-49e4-98ec-8191e7af42f0", "links": [{"href": "http://172.30.9.42:8774/v2.1/flavors/cbbfaebe-052d-4469-9ed5-4a19c55c54a0", "rel": "self"}, {"href": "http://172.30.9.42:8774/flavors/cbbfaebe-052d-4469-9ed5-4a19c55c54a0", "rel": "bookmark"}], "ram": 1024, "OS-FLV-DISABLED:disabled": false, "vcpus": 1, "swap": "", "os-flavor-access:is_public": true, "rxtx_factor": 1.0, "OS-FLV-EXT-DATA:ephemeral": 0, "disk": 1, "id": "cbbfaebe-052d-4469-9ed5-4a19c55c54a0"}]} _http_log_response /usr/lib/python2.7/site-packages/keystoneauth1/session.py:511
2019-07-14 18:34:22.067 660 DEBUG novaclient.v2.client [-] GET call to compute for http://172.30.9.42:8774/v2.1/flavors/detail used request id req-6015fe90-cd8e-4dd1-9582-0c32eb784112 request /usr/lib/python2.7/site-packages/keystoneauth1/session.py:844
2019-07-14 18:34:22.068 660 INFO rally.task.runner [-] Task 00d1642b-6ecd-4b46-ae25-c249dc3767a0 | ITER: 1 END: OK
2019-07-14 18:34:22.071 660 INFO rally.task.runner [-] Task 00d1642b-6ecd-4b46-ae25-c249dc3767a0 | ITER: 7 START
2019-07-14 18:34:22.420 662 DEBUG novaclient.v2.client [-] RESP: [200] Content-Encoding: gzip Content-Length: 363 Content-Type: application/json Date: Sun, 14 Jul 2019 18:34:21 GMT OpenStack-API-Version: compute 2.1 Server: Apache Vary: OpenStack-API-Version,X-OpenStack-Nova-API-Version,Accept-Encoding X-OpenStack-Nova-API-Version: 2.1 x-compute-request-id: req-56e7ba70-b49b-4d1d-b985-4a8d830e3660 x-openstack-request-id: req-56e7ba70-b49b-4d1d-b985-4a8d830e3660 _http_log_response /usr/lib/python2.7/site-packages/keystoneauth1/session.py:479
2019-07-14 18:34:22.421 662 DEBUG novaclient.v2.client [-] RESP BODY: {"flavors": [{"name": "rally_full-flavor_d23f5a40-5994-49e4-98ec-8191e7af42f0", "links": [{"href": "http://172.30.9.42:8774/v2.1/flavors/5d8c2726-2025-415d-abb0-e374d724f882", "rel": "self"}, {"href": "http://172.30.9.42:8774/flavors/5d8c2726-2025-415d-abb0-e374d724f882", "rel": "bookmark"}], "ram": 512, "OS-FLV-DISABLED:disabled": false, "vcpus": 1, "swap": "", "os-flavor-access:is_public": true, "rxtx_factor": 1.0, "OS-FLV-EXT-DATA:ephemeral": 0, "disk": 1, "id": "5d8c2726-2025-415d-abb0-e374d724f882"}, {"name": "rally_full-flavor_alt_d23f5a40-5994-49e4-98ec-8191e7af42f0", "links": [{"href": "http://172.30.9.42:8774/v2.1/flavors/cbbfaebe-052d-4469-9ed5-4a19c55c54a0", "rel": "self"}, {"href": "http://172.30.9.42:8774/flavors/cbbfaebe-052d-4469-9ed5-4a19c55c54a0", "rel": "bookmark"}], "ram": 1024, "OS-FLV-DISABLED:disabled": false, "vcpus": 1, "swap": "", "os-flavor-access:is_public": true, "rxtx_factor": 1.0, "OS-FLV-EXT-DATA:ephemeral": 0, "disk": 1, "id": "cbbfaebe-052d-4469-9ed5-4a19c55c54a0"}]} _http_log_response /usr/lib/python2.7/site-packages/keystoneauth1/session.py:511
2019-07-14 18:34:22.422 662 DEBUG novaclient.v2.client [-] GET call to compute for http://172.30.9.42:8774/v2.1/flavors/detail used request id req-56e7ba70-b49b-4d1d-b985-4a8d830e3660 request /usr/lib/python2.7/site-packages/keystoneauth1/session.py:844
