2019-07-14 19:07:27.772 6400 DEBUG cinderclient.v2.client [-] REQ: curl -g -i -X GET http://172.30.9.42:8776/v3/0c9deaa0db3e4d7eb28795c0323d0014/types/853ce972-9d6c-4312-9270-8be90647b42e/os-volume-type-access -H "Accept: application/json" -H "User-Agent: python-cinderclient" -H "X-Auth-Token: {SHA1}6f75a2ca6fd1e4247ea767120ddd3506ac34ee73" -H "X-OpenStack-Request-ID: req-eeb3fbab-1422-4f06-9565-10528cef644a" _http_log_request /usr/lib/python2.7/site-packages/keystoneauth1/session.py:448
2019-07-14 19:07:27.787 6401 DEBUG cinderclient.v2.client [-] RESP: [202] Content-Length: 0 Content-Type: text/html; charset=UTF-8 Date: Sun, 14 Jul 2019 19:07:27 GMT OpenStack-API-Version: volume 3.0 Server: Apache Vary: OpenStack-API-Version x-openstack-request-id: req-22163d51-788f-4fbe-92ce-cf6b3b574aee _http_log_response /usr/lib/python2.7/site-packages/keystoneauth1/session.py:479
2019-07-14 19:07:27.788 6401 DEBUG cinderclient.v2.client [-] RESP BODY: Omitted, Content-Type is set to text/html; charset=UTF-8. Only application/json responses have their bodies logged. _http_log_response /usr/lib/python2.7/site-packages/keystoneauth1/session.py:511
2019-07-14 19:07:27.788 6401 DEBUG cinderclient.v2.client [-] POST call to volumev2 for http://172.30.9.42:8776/v3/0c9deaa0db3e4d7eb28795c0323d0014/types/d5f37205-f5c9-4789-be35-8a59bdb6d313/action used request id req-22163d51-788f-4fbe-92ce-cf6b3b574aee request /usr/lib/python2.7/site-packages/keystoneauth1/session.py:844
2019-07-14 19:07:27.790 6401 DEBUG cinderclient.v2.client [-] REQ: curl -g -i -X GET http://172.30.9.42:8776/v3/0c9deaa0db3e4d7eb28795c0323d0014/types/d5f37205-f5c9-4789-be35-8a59bdb6d313/os-volume-type-access -H "Accept: application/json" -H "User-Agent: python-cinderclient" -H "X-Auth-Token: {SHA1}06a7fddc16b6437c763e0817a3eb183020bf9ba7" -H "X-OpenStack-Request-ID: req-7024e51b-d56a-4414-9411-c7b15b1dabaf" _http_log_request /usr/lib/python2.7/site-packages/keystoneauth1/session.py:448
2019-07-14 19:07:27.968 6399 DEBUG cinderclient.v2.client [-] RESP: [200] Content-Encoding: gzip Content-Length: 129 Content-Type: application/json Date: Sun, 14 Jul 2019 19:07:27 GMT OpenStack-API-Version: volume 3.0 Server: Apache Vary: OpenStack-API-Version,Accept-Encoding x-compute-request-id: req-27be5779-80e3-4bf4-8838-7169e8d1c0b5 x-openstack-request-id: req-27be5779-80e3-4bf4-8838-7169e8d1c0b5 _http_log_response /usr/lib/python2.7/site-packages/keystoneauth1/session.py:479
2019-07-14 19:07:27.969 6399 DEBUG cinderclient.v2.client [-] RESP BODY: {"volume_type_access": [{"volume_type_id": "8a4af062-7c17-4d26-a335-e908fc90c3af", "project_id": "1e1f2b9d3e14413ea7d3b6affe06fef6"}]} _http_log_response /usr/lib/python2.7/site-packages/keystoneauth1/session.py:511
2019-07-14 19:07:27.969 6399 DEBUG cinderclient.v2.client [-] GET call to volumev2 for http://172.30.9.42:8776/v3/0c9deaa0db3e4d7eb28795c0323d0014/types/8a4af062-7c17-4d26-a335-e908fc90c3af/os-volume-type-access used request id req-27be5779-80e3-4bf4-8838-7169e8d1c0b5 request /usr/lib/python2.7/site-packages/keystoneauth1/session.py:844
2019-07-14 19:07:27.970 6399 INFO rally.task.runner [-] Task a2ba8c58-e95f-421f-bb64-c42925d28e52 | ITER: 2 END: OK
2019-07-14 19:07:27.975 6399 INFO rally.task.runner [-] Task a2ba8c58-e95f-421f-bb64-c42925d28e52 | ITER: 5 START
2019-07-14 19:07:27.991 6398 DEBUG cinderclient.v2.client [-] RESP: [200] Content-Encoding: gzip Content-Length: 128 Content-Type: application/json Date: Sun, 14 Jul 2019 19:07:27 GMT OpenStack-API-Version: volume 3.0 Server: Apache Vary: OpenStack-API-Version,Accept-Encoding x-compute-request-id: req-8c41bbc4-ebcf-4ea1-b8aa-2980613fc0fa x-openstack-request-id: req-8c41bbc4-ebcf-4ea1-b8aa-2980613fc0fa _http_log_response /usr/lib/python2.7/site-packages/keystoneauth1/session.py:479
2019-07-14 19:07:27.992 6398 DEBUG cinderclient.v2.client [-] RESP BODY: {"volume_type_access": [{"volume_type_id": "83c9729a-0dff-44a7-84a5-f42434e9e44c", "project_id": "1e1f2b9d3e14413ea7d3b6affe06fef6"}]} _http_log_response /usr/lib/python2.7/site-packages/keystoneauth1/session.py:511
2019-07-14 19:07:27.992 6398 DEBUG cinderclient.v2.client [-] GET call to volumev2 for http://172.30.9.42:8776/v3/0c9deaa0db3e4d7eb28795c0323d0014/types/83c9729a-0dff-44a7-84a5-f42434e9e44c/os-volume-type-access used request id req-8c41bbc4-ebcf-4ea1-b8aa-2980613fc0fa request /usr/lib/python2.7/site-packages/keystoneauth1/session.py:844
2019-07-14 19:07:27.993 6398 INFO rally.task.runner [-] Task a2ba8c58-e95f-421f-bb64-c42925d28e52 | ITER: 1 END: OK
2019-07-14 19:07:27.997 6398 INFO rally.task.runner [-] Task a2ba8c58-e95f-421f-bb64-c42925d28e52 | ITER: 6 START
2019-07-14 19:07:28.083 6400 DEBUG cinderclient.v2.client [-] RESP: [200] Content-Encoding: gzip Content-Length: 130 Content-Type: application/json Date: Sun, 14 Jul 2019 19:07:27 GMT OpenStack-API-Version: volume 3.0 Server: Apache Vary: OpenStack-API-Version,Accept-Encoding x-compute-request-id: req-f6738db0-7da3-4768-a872-27f44c38286a x-openstack-request-id: req-f6738db0-7da3-4768-a872-27f44c38286a _http_log_response /usr/lib/python2.7/site-packages/keystoneauth1/session.py:479
2019-07-14 19:07:28.083 6400 DEBUG cinderclient.v2.client [-] RESP BODY: {"volume_type_access": [{"volume_type_id": "853ce972-9d6c-4312-9270-8be90647b42e", "project_id": "1e1f2b9d3e14413ea7d3b6affe06fef6"}]} _http_log_response /usr/lib/python2.7/site-packages/keystoneauth1/session.py:511
2019-07-14 19:07:28.084 6400 DEBUG cinderclient.v2.client [-] GET call to volumev2 for http://172.30.9.42:8776/v3/0c9deaa0db3e4d7eb28795c0323d0014/types/853ce972-9d6c-4312-9270-8be90647b42e/os-volume-type-access used request id req-f6738db0-7da3-4768-a872-27f44c38286a request /usr/lib/python2.7/site-packages/keystoneauth1/session.py:844
2019-07-14 19:07:28.085 6400 INFO rally.task.runner [-] Task a2ba8c58-e95f-421f-bb64-c42925d28e52 | ITER: 3 END: OK
2019-07-14 19:07:28.090 6400 INFO rally.task.runner [-] Task a2ba8c58-e95f-421f-bb64-c42925d28e52 | ITER: 7 START
2019-07-14 19:07:28.098 6401 DEBUG cinderclient.v2.client [-] RESP: [200] Content-Encoding: gzip Content-Length: 129 Content-Type: application/json Date: Sun, 14 Jul 2019 19:07:27 GMT OpenStack-API-Version: volume 3.0 Server: Apache Vary: OpenStack-API-Version,Accept-Encoding x-compute-request-id: req-24bab111-824e-4b80-ab7b-23c5474fddd6 x-openstack-request-id: req-24bab111-824e-4b80-ab7b-23c5474fddd6 _http_log_response /usr/lib/python2.7/site-packages/keystoneauth1/session.py:479
2019-07-14 19:07:28.099 6401 DEBUG cinderclient.v2.client [-] RESP BODY: {"volume_type_access": [{"volume_type_id": "d5f37205-f5c9-4789-be35-8a59bdb6d313", "project_id": "b69fffb8a410472eadf4c240f68bce94"}]} _http_log_response /usr/lib/python2.7/site-packages/keystoneauth1/session.py:511
2019-07-14 19:07:28.099 6401 DEBUG cinderclient.v2.client [-] GET call to volumev2 for http://172.30.9.42:8776/v3/0c9deaa0db3e4d7eb28795c0323d0014/types/d5f37205-f5c9-4789-be35-8a59bdb6d313/os-volume-type-access used request id req-24bab111-824e-4b80-ab7b-23c5474fddd6 request /usr/lib/python2.7/site-packages/keystoneauth1/session.py:844
2019-07-14 19:07:28.100 6401 INFO rally.task.runner [-] Task a2ba8c58-e95f-421f-bb64-c42925d28e52 | ITER: 4 END: OK
2019-07-14 19:07:28.105 6401 INFO rally.task.runner [-] Task a2ba8c58-e95f-421f-bb64-c42925d28e52 | ITER: 8 START
2019-07-14 19:07:28.430 6399 DEBUG cinderclient.v2.client [-] REQ: curl -g -i -X POST http://172.30.9.42:8776/v3/0c9deaa0db3e4d7eb28795c0323d0014/types -H "Accept: application/json" -H "Content-Type: application/json" -H "User-Agent: python-cinderclient" -H "X-Auth-Token: {SHA1}17a48e2f6f2c3a1c066c39b9e127e9142c021660" -d '{"volume_type": {"os-volume-type-access:is_public": false, "name": "s_rally_6d1dc1f7_s8rzhbeY", "description": "rally tests creating types"}}' _http_log_request /usr/lib/python2.7/site-packages/keystoneauth1/session.py:448
2019-07-14 19:07:28.465 6398 DEBUG cinderclient.v2.client [-] REQ: curl -g -i -X POST http://172.30.9.42:8776/v3/0c9deaa0db3e4d7eb28795c0323d0014/types -H "Accept: application/json" -H "Content-Type: application/json" -H "User-Agent: python-cinderclient" -H "X-Auth-Token: {SHA1}2703a280b59f01bd6a899abd3d1252b3425b4371" -d '{"volume_type": {"os-volume-type-access:is_public": false, "name": "s_rally_6d1dc1f7_dSrwFIwx", "description": "rally tests creating types"}}' _http_log_request /usr/lib/python2.7/site-packages/keystoneauth1/session.py:448
2019-07-14 19:07:28.540 6400 DEBUG cinderclient.v2.client [-] REQ: curl -g -i -X POST http://172.30.9.42:8776/v3/0c9deaa0db3e4d7eb28795c0323d0014/types -H "Accept: application/json" -H "Content-Type: application/json" -H "User-Agent: python-cinderclient" -H "X-Auth-Token: {SHA1}f972b45284a71a2a00aca2583a66bd7143271e8e" -d '{"volume_type": {"os-volume-type-access:is_public": false, "name": "s_rally_6d1dc1f7_opOKA0MO", "description": "rally tests creating types"}}' _http_log_request /usr/lib/python2.7/site-packages/keystoneauth1/session.py:448
2019-07-14 19:07:28.554 6401 DEBUG cinderclient.v2.client [-] REQ: curl -g -i -X POST http://172.30.9.42:8776/v3/0c9deaa0db3e4d7eb28795c0323d0014/types -H "Accept: application/json" -H "Content-Type: application/json" -H "User-Agent: python-cinderclient" -H "X-Auth-Token: {SHA1}f62de53829286f9ae9d9f72132fcba842abe3315" -d '{"volume_type": {"os-volume-type-access:is_public": false, "name": "s_rally_6d1dc1f7_sFcSlU47", "description": "rally tests creating types"}}' _http_log_request /usr/lib/python2.7/site-packages/keystoneauth1/session.py:448
2019-07-14 19:07:28.769 6399 DEBUG cinderclient.v2.client [-] RESP: [200] Content-Encoding: gzip Content-Length: 176 Content-Type: application/json Date: Sun, 14 Jul 2019 19:07:28 GMT OpenStack-API-Version: volume 3.0 Server: Apache Vary: OpenStack-API-Version,Accept-Encoding x-compute-request-id: req-8fac4d58-c330-4716-a819-5b31e4ab0966 x-openstack-request-id: req-8fac4d58-c330-4716-a819-5b31e4ab0966 _http_log_response /usr/lib/python2.7/site-packages/keystoneauth1/session.py:479
2019-07-14 19:07:28.769 6399 DEBUG cinderclient.v2.client [-] RESP BODY: {"volume_type": {"name": "s_rally_6d1dc1f7_s8rzhbeY", "extra_specs": {}, "os-volume-type-access:is_public": false, "is_public": false, "id": "acc4e2c1-25ff-4fcf-af8e-ef0efea141ea", "description": "rally tests creating types"}} _http_log_response /usr/lib/python2.7/site-packages/keystoneauth1/session.py:511
2019-07-14 19:07:28.770 6399 DEBUG cinderclient.v2.client [-] POST call to volumev2 for http://172.30.9.42:8776/v3/0c9deaa0db3e4d7eb28795c0323d0014/types used request id req-8fac4d58-c330-4716-a819-5b31e4ab0966 request /usr/lib/python2.7/site-packages/keystoneauth1/session.py:844
2019-07-14 19:07:28.772 6399 DEBUG cinderclient.v2.client [-] REQ: curl -g -i -X POST http://172.30.9.42:8776/v3/0c9deaa0db3e4d7eb28795c0323d0014/types/acc4e2c1-25ff-4fcf-af8e-ef0efea141ea/action -H "Accept: application/json" -H "Content-Type: application/json" -H "User-Agent: python-cinderclient" -H "X-Auth-Token: {SHA1}17a48e2f6f2c3a1c066c39b9e127e9142c021660" -H "X-OpenStack-Request-ID: req-8fac4d58-c330-4716-a819-5b31e4ab0966" -d '{"addProjectAccess": {"project": "b69fffb8a410472eadf4c240f68bce94"}}' _http_log_request /usr/lib/python2.7/site-packages/keystoneauth1/session.py:448
2019-07-14 19:07:28.805 6398 DEBUG cinderclient.v2.client [-] RESP: [200] Content-Encoding: gzip Content-Length: 183 Content-Type: application/json Date: Sun, 14 Jul 2019 19:07:28 GMT OpenStack-API-Version: volume 3.0 Server: Apache Vary: OpenStack-API-Version,Accept-Encoding x-compute-request-id: req-b9fc53a3-c4e2-49e0-9861-e9131af0b1e8 x-openstack-request-id: req-b9fc53a3-c4e2-49e0-9861-e9131af0b1e8 _http_log_response /usr/lib/python2.7/site-packages/keystoneauth1/session.py:479
2019-07-14 19:07:28.805 6398 DEBUG cinderclient.v2.client [-] RESP BODY: {"volume_type": {"name": "s_rally_6d1dc1f7_dSrwFIwx", "extra_specs": {}, "os-volume-type-access:is_public": false, "is_public": false, "id": "ea24085c-c329-43d6-bda4-e7d79720772e", "description": "rally tests creating types"}} _http_log_response /usr/lib/python2.7/site-packages/keystoneauth1/session.py:511
2019-07-14 19:07:28.805 6398 DEBUG cinderclient.v2.client [-] POST call to volumev2 for http://172.30.9.42:8776/v3/0c9deaa0db3e4d7eb28795c0323d0014/types used request id req-b9fc53a3-c4e2-49e0-9861-e9131af0b1e8 request /usr/lib/python2.7/site-packages/keystoneauth1/session.py:844
2019-07-14 19:07:28.807 6398 DEBUG cinderclient.v2.client [-] REQ: curl -g -i -X POST http://172.30.9.42:8776/v3/0c9deaa0db3e4d7eb28795c0323d0014/types/ea24085c-c329-43d6-bda4-e7d79720772e/action -H "Accept: application/json" -H "Content-Type: application/json" -H "User-Agent: python-cinderclient" -H "X-Auth-Token: {SHA1}2703a280b59f01bd6a899abd3d1252b3425b4371" -H "X-OpenStack-Request-ID: req-b9fc53a3-c4e2-49e0-9861-e9131af0b1e8" -d '{"addProjectAccess": {"project": "1e1f2b9d3e14413ea7d3b6affe06fef6"}}' _http_log_request /usr/lib/python2.7/site-packages/keystoneauth1/session.py:448
2019-07-14 19:07:28.878 6401 DEBUG cinderclient.v2.client [-] RESP: [200] Content-Encoding: gzip Content-Length: 180 Content-Type: application/json Date: Sun, 14 Jul 2019 19:07:28 GMT OpenStack-API-Version: volume 3.0 Server: Apache Vary: OpenStack-API-Version,Accept-Encoding x-compute-request-id: req-e4f38ecd-d8d8-44d5-bc62-fd49b64e3df7 x-openstack-request-id: req-e4f38ecd-d8d8-44d5-bc62-fd49b64e3df7 _http_log_response /usr/lib/python2.7/site-packages/keystoneauth1/session.py:479
2019-07-14 19:07:28.879 6401 DEBUG cinderclient.v2.client [-] RESP BODY: {"volume_type": {"name": "s_rally_6d1dc1f7_sFcSlU47", "extra_specs": {}, "os-volume-type-access:is_public": false, "is_public": false, "id": "fa42e8b2-f42a-41c2-84e9-ab5cac76a864", "description": "rally tests creating types"}} _http_log_response /usr/lib/python2.7/site-packages/keystoneauth1/session.py:511
2019-07-14 19:07:28.879 6401 DEBUG cinderclient.v2.client [-] POST call to volumev2 for http://172.30.9.42:8776/v3/0c9deaa0db3e4d7eb28795c0323d0014/types used request id req-e4f38ecd-d8d8-44d5-bc62-fd49b64e3df7 request /usr/lib/python2.7/site-packages/keystoneauth1/session.py:844
2019-07-14 19:07:28.880 6401 DEBUG cinderclient.v2.client [-] REQ: curl -g -i -X POST http://172.30.9.42:8776/v3/0c9deaa0db3e4d7eb28795c0323d0014/types/fa42e8b2-f42a-41c2-84e9-ab5cac76a864/action -H "Accept: application/json" -H "Content-Type: application/json" -H "User-Agent: python-cinderclient" -H "X-Auth-Token: {SHA1}f62de53829286f9ae9d9f72132fcba842abe3315" -H "X-OpenStack-Request-ID: req-e4f38ecd-d8d8-44d5-bc62-fd49b64e3df7" -d '{"addProjectAccess": {"project": "5a49a6a4ea99411e8bd087c6fd4b4f5f"}}' _http_log_request /usr/lib/python2.7/site-packages/keystoneauth1/session.py:448
2019-07-14 19:07:28.892 6400 DEBUG cinderclient.v2.client [-] RESP: [200] Content-Encoding: gzip Content-Length: 182 Content-Type: application/json Date: Sun, 14 Jul 2019 19:07:28 GMT OpenStack-API-Version: volume 3.0 Server: Apache Vary: OpenStack-API-Version,Accept-Encoding x-compute-request-id: req-df355a0c-0455-4858-8b05-29c6d8092519 x-openstack-request-id: req-df355a0c-0455-4858-8b05-29c6d8092519 _http_log_response /usr/lib/python2.7/site-packages/keystoneauth1/session.py:479
2019-07-14 19:07:28.893 6400 DEBUG cinderclient.v2.client [-] RESP BODY: {"volume_type": {"name": "s_rally_6d1dc1f7_opOKA0MO", "extra_specs": {}, "os-volume-type-access:is_public": false, "is_public": false, "id": "ee79acc8-95b7-4ca0-b962-01ce8f19e2b6", "description": "rally tests creating types"}} _http_log_response /usr/lib/python2.7/site-packages/keystoneauth1/session.py:511
2019-07-14 19:07:28.893 6400 DEBUG cinderclient.v2.client [-] POST call to volumev2 for http://172.30.9.42:8776/v3/0c9deaa0db3e4d7eb28795c0323d0014/types used request id req-df355a0c-0455-4858-8b05-29c6d8092519 request /usr/lib/python2.7/site-packages/keystoneauth1/session.py:844
2019-07-14 19:07:28.894 6400 DEBUG cinderclient.v2.client [-] REQ: curl -g -i -X POST http://172.30.9.42:8776/v3/0c9deaa0db3e4d7eb28795c0323d0014/types/ee79acc8-95b7-4ca0-b962-01ce8f19e2b6/action -H "Accept: application/json" -H "Content-Type: application/json" -H "User-Agent: python-cinderclient" -H "X-Auth-Token: {SHA1}f972b45284a71a2a00aca2583a66bd7143271e8e" -H "X-OpenStack-Request-ID: req-df355a0c-0455-4858-8b05-29c6d8092519" -d '{"addProjectAccess": {"project": "5a49a6a4ea99411e8bd087c6fd4b4f5f"}}' _http_log_request /usr/lib/python2.7/site-packages/keystoneauth1/session.py:448
2019-07-14 19:07:29.102 6399 DEBUG cinderclient.v2.client [-] RESP: [202] Content-Length: 0 Content-Type: text/html; charset=UTF-8 Date: Sun, 14 Jul 2019 19:07:28 GMT OpenStack-API-Version: volume 3.0 Server: Apache Vary: OpenStack-API-Version x-openstack-request-id: req-6e315dd5-8770-46c4-91e2-30aa2d3f3cd1 _http_log_response /usr/lib/python2.7/site-packages/keystoneauth1/session.py:479
2019-07-14 19:07:29.102 6399 DEBUG cinderclient.v2.client [-] RESP BODY: Omitted, Content-Type is set to text/html; charset=UTF-8. Only application/json responses have their bodies logged. _http_log_response /usr/lib/python2.7/site-packages/keystoneauth1/session.py:511
2019-07-14 19:07:29.102 6399 DEBUG cinderclient.v2.client [-] POST call to volumev2 for http://172.30.9.42:8776/v3/0c9deaa0db3e4d7eb28795c0323d0014/types/acc4e2c1-25ff-4fcf-af8e-ef0efea141ea/action used request id req-6e315dd5-8770-46c4-91e2-30aa2d3f3cd1 request /usr/lib/python2.7/site-packages/keystoneauth1/session.py:844
2019-07-14 19:07:29.104 6399 DEBUG cinderclient.v2.client [-] REQ: curl -g -i -X GET http://172.30.9.42:8776/v3/0c9deaa0db3e4d7eb28795c0323d0014/types/acc4e2c1-25ff-4fcf-af8e-ef0efea141ea/os-volume-type-access -H "Accept: application/json" -H "User-Agent: python-cinderclient" -H "X-Auth-Token: {SHA1}17a48e2f6f2c3a1c066c39b9e127e9142c021660" -H "X-OpenStack-Request-ID: req-8fac4d58-c330-4716-a819-5b31e4ab0966" _http_log_request /usr/lib/python2.7/site-packages/keystoneauth1/session.py:448
2019-07-14 19:07:29.113 6398 DEBUG cinderclient.v2.client [-] RESP: [202] Content-Length: 0 Content-Type: text/html; charset=UTF-8 Date: Sun, 14 Jul 2019 19:07:28 GMT OpenStack-API-Version: volume 3.0 Server: Apache Vary: OpenStack-API-Version x-openstack-request-id: req-f36a916c-0558-4d96-8593-38b95bf4bf2b _http_log_response /usr/lib/python2.7/site-packages/keystoneauth1/session.py:479
2019-07-14 19:07:29.114 6398 DEBUG cinderclient.v2.client [-] RESP BODY: Omitted, Content-Type is set to text/html; charset=UTF-8. Only application/json responses have their bodies logged. _http_log_response /usr/lib/python2.7/site-packages/keystoneauth1/session.py:511
2019-07-14 19:07:29.114 6398 DEBUG cinderclient.v2.client [-] POST call to volumev2 for http://172.30.9.42:8776/v3/0c9deaa0db3e4d7eb28795c0323d0014/types/ea24085c-c329-43d6-bda4-e7d79720772e/action used request id req-f36a916c-0558-4d96-8593-38b95bf4bf2b request /usr/lib/python2.7/site-packages/keystoneauth1/session.py:844
2019-07-14 19:07:29.115 6398 DEBUG cinderclient.v2.client [-] REQ: curl -g -i -X GET http://172.30.9.42:8776/v3/0c9deaa0db3e4d7eb28795c0323d0014/types/ea24085c-c329-43d6-bda4-e7d79720772e/os-volume-type-access -H "Accept: application/json" -H "User-Agent: python-cinderclient" -H "X-Auth-Token: {SHA1}2703a280b59f01bd6a899abd3d1252b3425b4371" -H "X-OpenStack-Request-ID: req-b9fc53a3-c4e2-49e0-9861-e9131af0b1e8" _http_log_request /usr/lib/python2.7/site-packages/keystoneauth1/session.py:448
2019-07-14 19:07:29.140 6400 DEBUG cinderclient.v2.client [-] RESP: [202] Content-Length: 0 Content-Type: text/html; charset=UTF-8 Date: Sun, 14 Jul 2019 19:07:28 GMT OpenStack-API-Version: volume 3.0 Server: Apache Vary: OpenStack-API-Version x-openstack-request-id: req-c9eb14f3-a466-483f-8cd6-019a27f2e4b9 _http_log_response /usr/lib/python2.7/site-packages/keystoneauth1/session.py:479
2019-07-14 19:07:29.141 6400 DEBUG cinderclient.v2.client [-] RESP BODY: Omitted, Content-Type is set to text/html; charset=UTF-8. Only application/json responses have their bodies logged. _http_log_response /usr/lib/python2.7/site-packages/keystoneauth1/session.py:511
2019-07-14 19:07:29.141 6400 DEBUG cinderclient.v2.client [-] POST call to volumev2 for http://172.30.9.42:8776/v3/0c9deaa0db3e4d7eb28795c0323d0014/types/ee79acc8-95b7-4ca0-b962-01ce8f19e2b6/action used request id req-c9eb14f3-a466-483f-8cd6-019a27f2e4b9 request /usr/lib/python2.7/site-packages/keystoneauth1/session.py:844
2019-07-14 19:07:29.142 6400 DEBUG cinderclient.v2.client [-] REQ: curl -g -i -X GET http://172.30.9.42:8776/v3/0c9deaa0db3e4d7eb28795c0323d0014/types/ee79acc8-95b7-4ca0-b962-01ce8f19e2b6/os-volume-type-access -H "Accept: application/json" -H "User-Agent: python-cinderclient" -H "X-Auth-Token: {SHA1}f972b45284a71a2a00aca2583a66bd7143271e8e" -H "X-OpenStack-Request-ID: req-df355a0c-0455-4858-8b05-29c6d8092519" _http_log_request /usr/lib/python2.7/site-packages/keystoneauth1/session.py:448
2019-07-14 19:07:29.208 6401 DEBUG cinderclient.v2.client [-] RESP: [202] Content-Length: 0 Content-Type: text/html; charset=UTF-8 Date: Sun, 14 Jul 2019 19:07:28 GMT OpenStack-API-Version: volume 3.0 Server: Apache Vary: OpenStack-API-Version x-openstack-request-id: req-816ebc26-77fd-4ec7-b9fe-f3e6f069517f _http_log_response /usr/lib/python2.7/site-packages/keystoneauth1/session.py:479
2019-07-14 19:07:29.209 6401 DEBUG cinderclient.v2.client [-] RESP BODY: Omitted, Content-Type is set to text/html; charset=UTF-8. Only application/json responses have their bodies logged. _http_log_response /usr/lib/python2.7/site-packages/keystoneauth1/session.py:511
2019-07-14 19:07:29.209 6401 DEBUG cinderclient.v2.client [-] POST call to volumev2 for http://172.30.9.42:8776/v3/0c9deaa0db3e4d7eb28795c0323d0014/types/fa42e8b2-f42a-41c2-84e9-ab5cac76a864/action used request id req-816ebc26-77fd-4ec7-b9fe-f3e6f069517f request /usr/lib/python2.7/site-packages/keystoneauth1/session.py:844
2019-07-14 19:07:29.210 6401 DEBUG cinderclient.v2.client [-] REQ: curl -g -i -X GET http://172.30.9.42:8776/v3/0c9deaa0db3e4d7eb28795c0323d0014/types/fa42e8b2-f42a-41c2-84e9-ab5cac76a864/os-volume-type-access -H "Accept: application/json" -H "User-Agent: python-cinderclient" -H "X-Auth-Token: {SHA1}f62de53829286f9ae9d9f72132fcba842abe3315" -H "X-OpenStack-Request-ID: req-e4f38ecd-d8d8-44d5-bc62-fd49b64e3df7" _http_log_request /usr/lib/python2.7/site-packages/keystoneauth1/session.py:448
2019-07-14 19:07:29.312 6399 DEBUG cinderclient.v2.client [-] RESP: [200] Content-Encoding: gzip Content-Length: 127 Content-Type: application/json Date: Sun, 14 Jul 2019 19:07:29 GMT OpenStack-API-Version: volume 3.0 Server: Apache Vary: OpenStack-API-Version,Accept-Encoding x-compute-request-id: req-51130bef-583a-4e2b-87ec-98bc3343027e x-openstack-request-id: req-51130bef-583a-4e2b-87ec-98bc3343027e _http_log_response /usr/lib/python2.7/site-packages/keystoneauth1/session.py:479
2019-07-14 19:07:29.313 6399 DEBUG cinderclient.v2.client [-] RESP BODY: {"volume_type_access": [{"volume_type_id": "acc4e2c1-25ff-4fcf-af8e-ef0efea141ea", "project_id": "b69fffb8a410472eadf4c240f68bce94"}]} _http_log_response /usr/lib/python2.7/site-packages/keystoneauth1/session.py:511
2019-07-14 19:07:29.313 6399 DEBUG cinderclient.v2.client [-] GET call to volumev2 for http://172.30.9.42:8776/v3/0c9deaa0db3e4d7eb28795c0323d0014/types/acc4e2c1-25ff-4fcf-af8e-ef0efea141ea/os-volume-type-access used request id req-51130bef-583a-4e2b-87ec-98bc3343027e request /usr/lib/python2.7/site-packages/keystoneauth1/session.py:844
2019-07-14 19:07:29.314 6399 INFO rally.task.runner [-] Task a2ba8c58-e95f-421f-bb64-c42925d28e52 | ITER: 5 END: OK
2019-07-14 19:07:29.318 6399 INFO rally.task.runner [-] Task a2ba8c58-e95f-421f-bb64-c42925d28e52 | ITER: 9 START
2019-07-14 19:07:29.331 6398 DEBUG cinderclient.v2.client [-] RESP: [200] Content-Encoding: gzip Content-Length: 129 Content-Type: application/json Date: Sun, 14 Jul 2019 19:07:29 GMT OpenStack-API-Version: volume 3.0 Server: Apache Vary: OpenStack-API-Version,Accept-Encoding x-compute-request-id: req-bad7a745-a294-4f26-9912-7a5fb096e8dc x-openstack-request-id: req-bad7a745-a294-4f26-9912-7a5fb096e8dc _http_log_response /usr/lib/python2.7/site-packages/keystoneauth1/session.py:479
2019-07-14 19:07:29.331 6398 DEBUG cinderclient.v2.client [-] RESP BODY: {"volume_type_access": [{"volume_type_id": "ea24085c-c329-43d6-bda4-e7d79720772e", "project_id": "1e1f2b9d3e14413ea7d3b6affe06fef6"}]} _http_log_response /usr/lib/python2.7/site-packages/keystoneauth1/session.py:511
2019-07-14 19:07:29.332 6398 DEBUG cinderclient.v2.client [-] GET call to volumev2 for http://172.30.9.42:8776/v3/0c9deaa0db3e4d7eb28795c0323d0014/types/ea24085c-c329-43d6-bda4-e7d79720772e/os-volume-type-access used request id req-bad7a745-a294-4f26-9912-7a5fb096e8dc request /usr/lib/python2.7/site-packages/keystoneauth1/session.py:844
2019-07-14 19:07:29.333 6398 INFO rally.task.runner [-] Task a2ba8c58-e95f-421f-bb64-c42925d28e52 | ITER: 6 END: OK
2019-07-14 19:07:29.337 6398 INFO rally.task.runner [-] Task a2ba8c58-e95f-421f-bb64-c42925d28e52 | ITER: 10 START
2019-07-14 19:07:29.357 6400 DEBUG cinderclient.v2.client [-] RESP: [200] Content-Encoding: gzip Content-Length: 129 Content-Type: application/json Date: Sun, 14 Jul 2019 19:07:29 GMT OpenStack-API-Version: volume 3.0 Server: Apache Vary: OpenStack-API-Version,Accept-Encoding x-compute-request-id: req-d9106975-1a33-4b63-a894-48480940678a x-openstack-request-id: req-d9106975-1a33-4b63-a894-48480940678a _http_log_response /usr/lib/python2.7/site-packages/keystoneauth1/session.py:479
2019-07-14 19:07:29.357 6400 DEBUG cinderclient.v2.client [-] RESP BODY: {"volume_type_access": [{"volume_type_id": "ee79acc8-95b7-4ca0-b962-01ce8f19e2b6", "project_id": "5a49a6a4ea99411e8bd087c6fd4b4f5f"}]} _http_log_response /usr/lib/python2.7/site-packages/keystoneauth1/session.py:511
2019-07-14 19:07:29.357 6400 DEBUG cinderclient.v2.client [-] GET call to volumev2 for http://172.30.9.42:8776/v3/0c9deaa0db3e4d7eb28795c0323d0014/types/ee79acc8-95b7-4ca0-b962-01ce8f19e2b6/os-volume-type-access used request id req-d9106975-1a33-4b63-a894-48480940678a request /usr/lib/python2.7/site-packages/keystoneauth1/session.py:844
2019-07-14 19:07:29.358 6400 INFO rally.task.runner [-] Task a2ba8c58-e95f-421f-bb64-c42925d28e52 | ITER: 7 END: OK
2019-07-14 19:07:29.501 6401 DEBUG cinderclient.v2.client [-] RESP: [200] Content-Encoding: gzip Content-Length: 129 Content-Type: application/json Date: Sun, 14 Jul 2019 19:07:29 GMT OpenStack-API-Version: volume 3.0 Server: Apache Vary: OpenStack-API-Version,Accept-Encoding x-compute-request-id: req-28dd37bc-e4c5-4de2-81b5-d4878c148808 x-openstack-request-id: req-28dd37bc-e4c5-4de2-81b5-d4878c148808 _http_log_response /usr/lib/python2.7/site-packages/keystoneauth1/session.py:479
2019-07-14 19:07:29.502 6401 DEBUG cinderclient.v2.client [-] RESP BODY: {"volume_type_access": [{"volume_type_id": "fa42e8b2-f42a-41c2-84e9-ab5cac76a864", "project_id": "5a49a6a4ea99411e8bd087c6fd4b4f5f"}]} _http_log_response /usr/lib/python2.7/site-packages/keystoneauth1/session.py:511
2019-07-14 19:07:29.502 6401 DEBUG cinderclient.v2.client [-] GET call to volumev2 for http://172.30.9.42:8776/v3/0c9deaa0db3e4d7eb28795c0323d0014/types/fa42e8b2-f42a-41c2-84e9-ab5cac76a864/os-volume-type-access used request id req-28dd37bc-e4c5-4de2-81b5-d4878c148808 request /usr/lib/python2.7/site-packages/keystoneauth1/session.py:844
2019-07-14 19:07:29.503 6401 INFO rally.task.runner [-] Task a2ba8c58-e95f-421f-bb64-c42925d28e52 | ITER: 8 END: OK
2019-07-14 19:07:29.778 6399 DEBUG cinderclient.v2.client [-] REQ: curl -g -i -X POST http://172.30.9.42:8776/v3/0c9deaa0db3e4d7eb28795c0323d0014/types -H "Accept: application/json" -H "Content-Type: application/json" -H "User-Agent: python-cinderclient" -H "X-Auth-Token: {SHA1}3ef07a7998cff23e924ab11b17af106fca4c92fa" -d '{"volume_type": {"os-volume-type-access:is_public": false, "name": "s_rally_6d1dc1f7_2t29AANx", "description": "rally tests creating types"}}' _http_log_request /usr/lib/python2.7/site-packages/keystoneauth1/session.py:448
2019-07-14 19:07:29.788 6398 DEBUG cinderclient.v2.client [-] REQ: curl -g -i -X POST http://172.30.9.42:8776/v3/0c9deaa0db3e4d7eb28795c0323d0014/types -H "Accept: application/json" -H "Content-Type: application/json" -H "User-Agent: python-cinderclient" -H "X-Auth-Token: {SHA1}0158e3a661b87a1f0197498f997a578c5b80f833" -d '{"volume_type": {"os-volume-type-access:is_public": false, "name": "s_rally_6d1dc1f7_RCVkmeGW", "description": "rally tests creating types"}}' _http_log_request /usr/lib/python2.7/site-packages/keystoneauth1/session.py:448
2019-07-14 19:07:30.103 6399 DEBUG cinderclient.v2.client [-] RESP: [200] Content-Encoding: gzip Content-Length: 181 Content-Type: application/json Date: Sun, 14 Jul 2019 19:07:29 GMT OpenStack-API-Version: volume 3.0 Server: Apache Vary: OpenStack-API-Version,Accept-Encoding x-compute-request-id: req-7c5dbae8-3a66-4dc8-bfea-7e99b885f2ba x-openstack-request-id: req-7c5dbae8-3a66-4dc8-bfea-7e99b885f2ba _http_log_response /usr/lib/python2.7/site-packages/keystoneauth1/session.py:479
2019-07-14 19:07:30.104 6399 DEBUG cinderclient.v2.client [-] RESP BODY: {"volume_type": {"name": "s_rally_6d1dc1f7_2t29AANx", "extra_specs": {}, "os-volume-type-access:is_public": false, "is_public": false, "id": "e8ad9323-eb21-4c27-9040-34614bd5005d", "description": "rally tests creating types"}} _http_log_response /usr/lib/python2.7/site-packages/keystoneauth1/session.py:511
2019-07-14 19:07:30.104 6399 DEBUG cinderclient.v2.client [-] POST call to volumev2 for http://172.30.9.42:8776/v3/0c9deaa0db3e4d7eb28795c0323d0014/types used request id req-7c5dbae8-3a66-4dc8-bfea-7e99b885f2ba request /usr/lib/python2.7/site-packages/keystoneauth1/session.py:844
2019-07-14 19:07:30.106 6399 DEBUG cinderclient.v2.client [-] REQ: curl -g -i -X POST http://172.30.9.42:8776/v3/0c9deaa0db3e4d7eb28795c0323d0014/types/e8ad9323-eb21-4c27-9040-34614bd5005d/action -H "Accept: application/json" -H "Content-Type: application/json" -H "User-Agent: python-cinderclient" -H "X-Auth-Token: {SHA1}3ef07a7998cff23e924ab11b17af106fca4c92fa" -H "X-OpenStack-Request-ID: req-7c5dbae8-3a66-4dc8-bfea-7e99b885f2ba" -d '{"addProjectAccess": {"project": "5a49a6a4ea99411e8bd087c6fd4b4f5f"}}' _http_log_request /usr/lib/python2.7/site-packages/keystoneauth1/session.py:448
2019-07-14 19:07:30.116 6398 DEBUG cinderclient.v2.client [-] RESP: [200] Content-Encoding: gzip Content-Length: 185 Content-Type: application/json Date: Sun, 14 Jul 2019 19:07:29 GMT OpenStack-API-Version: volume 3.0 Server: Apache Vary: OpenStack-API-Version,Accept-Encoding x-compute-request-id: req-a8e35408-2319-41ba-9eae-54e86ff7059c x-openstack-request-id: req-a8e35408-2319-41ba-9eae-54e86ff7059c _http_log_response /usr/lib/python2.7/site-packages/keystoneauth1/session.py:479
2019-07-14 19:07:30.116 6398 DEBUG cinderclient.v2.client [-] RESP BODY: {"volume_type": {"name": "s_rally_6d1dc1f7_RCVkmeGW", "extra_specs": {}, "os-volume-type-access:is_public": false, "is_public": false, "id": "5b91b0cb-a3f3-4072-8fc9-4cbc55955818", "description": "rally tests creating types"}} _http_log_response /usr/lib/python2.7/site-packages/keystoneauth1/session.py:511
2019-07-14 19:07:30.117 6398 DEBUG cinderclient.v2.client [-] POST call to volumev2 for http://172.30.9.42:8776/v3/0c9deaa0db3e4d7eb28795c0323d0014/types used request id req-a8e35408-2319-41ba-9eae-54e86ff7059c request /usr/lib/python2.7/site-packages/keystoneauth1/session.py:844
2019-07-14 19:07:30.118 6398 DEBUG cinderclient.v2.client [-] REQ: curl -g -i -X POST http://172.30.9.42:8776/v3/0c9deaa0db3e4d7eb28795c0323d0014/types/5b91b0cb-a3f3-4072-8fc9-4cbc55955818/action -H "Accept: application/json" -H "Content-Type: application/json" -H "User-Agent: python-cinderclient" -H "X-Auth-Token: {SHA1}0158e3a661b87a1f0197498f997a578c5b80f833" -H "X-OpenStack-Request-ID: req-a8e35408-2319-41ba-9eae-54e86ff7059c" -d '{"addProjectAccess": {"project": "b69fffb8a410472eadf4c240f68bce94"}}' _http_log_request /usr/lib/python2.7/site-packages/keystoneauth1/session.py:448
2019-07-14 19:07:30.344 6399 DEBUG cinderclient.v2.client [-] RESP: [202] Content-Length: 0 Content-Type: text/html; charset=UTF-8 Date: Sun, 14 Jul 2019 19:07:30 GMT OpenStack-API-Version: volume 3.0 Server: Apache Vary: OpenStack-API-Version x-openstack-request-id: req-9d2e1e3e-65da-4801-8426-1c6e6e539747 _http_log_response /usr/lib/python2.7/site-packages/keystoneauth1/session.py:479
2019-07-14 19:07:30.344 6399 DEBUG cinderclient.v2.client [-] RESP BODY: Omitted, Content-Type is set to text/html; charset=UTF-8. Only application/json responses have their bodies logged. _http_log_response /usr/lib/python2.7/site-packages/keystoneauth1/session.py:511
2019-07-14 19:07:30.344 6399 DEBUG cinderclient.v2.client [-] POST call to volumev2 for http://172.30.9.42:8776/v3/0c9deaa0db3e4d7eb28795c0323d0014/types/e8ad9323-eb21-4c27-9040-34614bd5005d/action used request id req-9d2e1e3e-65da-4801-8426-1c6e6e539747 request /usr/lib/python2.7/site-packages/keystoneauth1/session.py:844
2019-07-14 19:07:30.346 6399 DEBUG cinderclient.v2.client [-] REQ: curl -g -i -X GET http://172.30.9.42:8776/v3/0c9deaa0db3e4d7eb28795c0323d0014/types/e8ad9323-eb21-4c27-9040-34614bd5005d/os-volume-type-access -H "Accept: application/json" -H "User-Agent: python-cinderclient" -H "X-Auth-Token: {SHA1}3ef07a7998cff23e924ab11b17af106fca4c92fa" -H "X-OpenStack-Request-ID: req-7c5dbae8-3a66-4dc8-bfea-7e99b885f2ba" _http_log_request /usr/lib/python2.7/site-packages/keystoneauth1/session.py:448
2019-07-14 19:07:30.353 6398 DEBUG cinderclient.v2.client [-] RESP: [202] Content-Length: 0 Content-Type: text/html; charset=UTF-8 Date: Sun, 14 Jul 2019 19:07:30 GMT OpenStack-API-Version: volume 3.0 Server: Apache Vary: OpenStack-API-Version x-openstack-request-id: req-6b701a6f-679c-4960-b6d9-9bc497fd50fd _http_log_response /usr/lib/python2.7/site-packages/keystoneauth1/session.py:479
2019-07-14 19:07:30.353 6398 DEBUG cinderclient.v2.client [-] RESP BODY: Omitted, Content-Type is set to text/html; charset=UTF-8. Only application/json responses have their bodies logged. _http_log_response /usr/lib/python2.7/site-packages/keystoneauth1/session.py:511
2019-07-14 19:07:30.353 6398 DEBUG cinderclient.v2.client [-] POST call to volumev2 for http://172.30.9.42:8776/v3/0c9deaa0db3e4d7eb28795c0323d0014/types/5b91b0cb-a3f3-4072-8fc9-4cbc55955818/action used request id req-6b701a6f-679c-4960-b6d9-9bc497fd50fd request /usr/lib/python2.7/site-packages/keystoneauth1/session.py:844
2019-07-14 19:07:30.355 6398 DEBUG cinderclient.v2.client [-] REQ: curl -g -i -X GET http://172.30.9.42:8776/v3/0c9deaa0db3e4d7eb28795c0323d0014/types/5b91b0cb-a3f3-4072-8fc9-4cbc55955818/os-volume-type-access -H "Accept: application/json" -H "User-Agent: python-cinderclient" -H "X-Auth-Token: {SHA1}0158e3a661b87a1f0197498f997a578c5b80f833" -H "X-OpenStack-Request-ID: req-a8e35408-2319-41ba-9eae-54e86ff7059c" _http_log_request /usr/lib/python2.7/site-packages/keystoneauth1/session.py:448
2019-07-14 19:07:30.630 6398 DEBUG cinderclient.v2.client [-] RESP: [200] Content-Encoding: gzip Content-Length: 129 Content-Type: application/json Date: Sun, 14 Jul 2019 19:07:30 GMT OpenStack-API-Version: volume 3.0 Server: Apache Vary: OpenStack-API-Version,Accept-Encoding x-compute-request-id: req-8f2f87a8-cfca-421e-a70e-ffca4335e2c9 x-openstack-request-id: req-8f2f87a8-cfca-421e-a70e-ffca4335e2c9 _http_log_response /usr/lib/python2.7/site-packages/keystoneauth1/session.py:479
2019-07-14 19:07:30.630 6398 DEBUG cinderclient.v2.client [-] RESP BODY: {"volume_type_access": [{"volume_type_id": "5b91b0cb-a3f3-4072-8fc9-4cbc55955818", "project_id": "b69fffb8a410472eadf4c240f68bce94"}]} _http_log_response /usr/lib/python2.7/site-packages/keystoneauth1/session.py:511
2019-07-14 19:07:30.631 6398 DEBUG cinderclient.v2.client [-] GET call to volumev2 for http://172.30.9.42:8776/v3/0c9deaa0db3e4d7eb28795c0323d0014/types/5b91b0cb-a3f3-4072-8fc9-4cbc55955818/os-volume-type-access used request id req-8f2f87a8-cfca-421e-a70e-ffca4335e2c9 request /usr/lib/python2.7/site-packages/keystoneauth1/session.py:844
2019-07-14 19:07:30.632 6398 INFO rally.task.runner [-] Task a2ba8c58-e95f-421f-bb64-c42925d28e52 | ITER: 10 END: OK
2019-07-14 19:07:30.638 6399 DEBUG cinderclient.v2.client [-] RESP: [200] Content-Encoding: gzip Content-Length: 129 Content-Type: application/json Date: Sun, 14 Jul 2019 19:07:30 GMT OpenStack-API-Version: volume 3.0 Server: Apache Vary: OpenStack-API-Version,Accept-Encoding x-compute-request-id: req-a9893be3-8112-494c-86c2-f2d7a537541e x-openstack-request-id: req-a9893be3-8112-494c-86c2-f2d7a537541e _http_log_response /usr/lib/python2.7/site-packages/keystoneauth1/session.py:479
2019-07-14 19:07:30.638 6399 DEBUG cinderclient.v2.client [-] RESP BODY: {"volume_type_access": [{"volume_type_id": "e8ad9323-eb21-4c27-9040-34614bd5005d", "project_id": "5a49a6a4ea99411e8bd087c6fd4b4f5f"}]} _http_log_response /usr/lib/python2.7/site-packages/keystoneauth1/session.py:511
2019-07-14 19:07:30.638 6399 DEBUG cinderclient.v2.client [-] GET call to volumev2 for http://172.30.9.42:8776/v3/0c9deaa0db3e4d7eb28795c0323d0014/types/e8ad9323-eb21-4c27-9040-34614bd5005d/os-volume-type-access used request id req-a9893be3-8112-494c-86c2-f2d7a537541e request /usr/lib/python2.7/site-packages/keystoneauth1/session.py:844
2019-07-14 19:07:30.639 6399 INFO rally.task.runner [-] Task a2ba8c58-e95f-421f-bb64-c42925d28e52 | ITER: 9 END: OK
2019-07-14 19:07:30.661 1842 INFO rally.task.context [-] Task a2ba8c58-e95f-421f-bb64-c42925d28e52 | Context admin_cleanup@openstack cleanup() started
2019-07-14 19:07:30.663 1842 RALLYDEBUG rally_openstack.cleanup.manager [-] Cleaning up cinder volume_types objects
2019-07-14 19:07:31.373 1842 RALLYDEBUG rally_openstack.cleanup.manager [-] Deleting cinder.volume_types object s_rally_6d1dc1f7_2t29AANx (e8ad9323-eb21-4c27-9040-34614bd5005d)
2019-07-14 19:07:31.374 1842 RALLYDEBUG rally_openstack.cleanup.manager [-] Deleting cinder.volume_types object s_rally_6d1dc1f7_QV7Ww36C (8a4af062-7c17-4d26-a335-e908fc90c3af)
2019-07-14 19:07:31.378 1842 RALLYDEBUG rally_openstack.cleanup.manager [-] Deleting cinder.volume_types object s_rally_6d1dc1f7_s8rzhbeY (acc4e2c1-25ff-4fcf-af8e-ef0efea141ea)
2019-07-14 19:07:31.389 1842 RALLYDEBUG rally_openstack.cleanup.manager [-] Deleting cinder.volume_types object s_rally_6d1dc1f7_YQR1WAFs (83c9729a-0dff-44a7-84a5-f42434e9e44c)
2019-07-14 19:07:31.391 1842 RALLYDEBUG rally_openstack.cleanup.manager [-] Deleting cinder.volume_types object s_rally_6d1dc1f7_GiZ3E6zt (853ce972-9d6c-4312-9270-8be90647b42e)
2019-07-14 19:07:31.393 1842 RALLYDEBUG rally_openstack.cleanup.manager [-] Deleting cinder.volume_types object s_rally_6d1dc1f7_RCVkmeGW (5b91b0cb-a3f3-4072-8fc9-4cbc55955818)
2019-07-14 19:07:31.397 1842 RALLYDEBUG rally_openstack.cleanup.manager [-] Deleting cinder.volume_types object s_rally_6d1dc1f7_dSrwFIwx (ea24085c-c329-43d6-bda4-e7d79720772e)
2019-07-14 19:07:31.408 1842 RALLYDEBUG rally_openstack.cleanup.manager [-] Deleting cinder.volume_types object s_rally_6d1dc1f7_opOKA0MO (ee79acc8-95b7-4ca0-b962-01ce8f19e2b6)
2019-07-14 19:07:31.409 1842 RALLYDEBUG rally_openstack.cleanup.manager [-] Deleting cinder.volume_types object s_rally_6d1dc1f7_sFcSlU47 (fa42e8b2-f42a-41c2-84e9-ab5cac76a864)
2019-07-14 19:07:31.415 1842 RALLYDEBUG rally_openstack.cleanup.manager [-] Deleting cinder.volume_types object s_rally_6d1dc1f7_QOvRwIqo (d5f37205-f5c9-4789-be35-8a59bdb6d313)
2019-07-14 19:07:33.806 1842 RALLYDEBUG rally_openstack.cleanup.manager [-] Cleaning up cinder image_volumes_cache objects
2019-07-14 19:07:35.089 1842 RALLYDEBUG rally_openstack.cleanup.manager [-] Cleaning up cinder quotas objects
2019-07-14 19:07:36.848 1842 RALLYDEBUG rally_openstack.cleanup.manager [-] Cleaning up cinder qos_specs objects
2019-07-14 19:07:37.592 1842 INFO rally.task.context [-] Task a2ba8c58-e95f-421f-bb64-c42925d28e52 | Context admin_cleanup@openstack cleanup() finished in 6.93 sec
2019-07-14 19:07:37.593 1842 INFO rally.task.context [-] Task a2ba8c58-e95f-421f-bb64-c42925d28e52 | Context api_versions@openstack cleanup() started
2019-07-14 19:07:37.593 1842 INFO rally.task.context [-] Task a2ba8c58-e95f-421f-bb64-c42925d28e52 | Context api_versions@openstack cleanup() finished in 0.31 msec
2019-07-14 19:07:37.593 1842 INFO rally.task.context [-] Task a2ba8c58-e95f-421f-bb64-c42925d28e52 | Context users@openstack cleanup() started
2019-07-14 19:07:45.550 1842 INFO rally.task.context [-] Task a2ba8c58-e95f-421f-bb64-c42925d28e52 | Context users@openstack cleanup() finished in 7.96 sec
2019-07-14 19:07:47.552 1842 INFO rally.task.engine [-] Load duration is: 4.051198
2019-07-14 19:07:47.553 1842 INFO rally.task.engine [-] Full runner duration is: 4.095573
2019-07-14 19:07:47.553 1842 INFO rally.task.engine [-] Full duration is: 24.172861
2019-07-14 19:07:47.737 1842 INFO rally.task.engine [-] Task a2ba8c58-e95f-421f-bb64-c42925d28e52 | Completed: Running task.
2019-07-14 19:07:48.839 6540 RALLYDEBUG rally.api [-] INFO logs from urllib3 and requests module are hide.
2019-07-14 19:07:48.840 6540 RALLYDEBUG rally.api [-] urllib3 insecure warnings are hidden.
2019-07-14 19:07:48.840 6540 RALLYDEBUG rally.api [-] ERROR log from boto module is hide.
2019-07-14 19:07:49.857 6541 RALLYDEBUG rally.api [-] INFO logs from urllib3 and requests module are hide.
2019-07-14 19:07:49.857 6541 RALLYDEBUG rally.api [-] urllib3 insecure warnings are hidden.
2019-07-14 19:07:49.857 6541 RALLYDEBUG rally.api [-] ERROR log from boto module is hide.
2019-07-14 19:07:51.030 6541 INFO rally.api [-] Building 'json' report for the following task(s): 'a2ba8c58-e95f-421f-bb64-c42925d28e52'.
2019-07-14 19:07:51.072 6541 INFO rally.api [-] The report has been successfully built.
2019-07-14 19:07:51.890 6543 RALLYDEBUG rally.api [-] INFO logs from urllib3 and requests module are hide.
2019-07-14 19:07:51.890 6543 RALLYDEBUG rally.api [-] urllib3 insecure warnings are hidden.
2019-07-14 19:07:51.890 6543 RALLYDEBUG rally.api [-] ERROR log from boto module is hide.
2019-07-14 19:07:53.188 6543 INFO rally.task.engine [-] Task bf401649-303b-41b4-b0f4-15beea1129ef | Starting: Task validation.
2019-07-14 19:07:53.222 6543 INFO rally.task.engine [-] Task bf401649-303b-41b4-b0f4-15beea1129ef | Starting: Task validation of syntax.
2019-07-14 19:07:53.374 6543 INFO rally.task.engine [-] Task bf401649-303b-41b4-b0f4-15beea1129ef | Completed: Task validation of syntax.
2019-07-14 19:07:53.374 6543 INFO rally.task.engine [-] Task bf401649-303b-41b4-b0f4-15beea1129ef | Starting: Task validation of required platforms.
2019-07-14 19:07:53.432 6543 INFO rally.task.engine [-] Task bf401649-303b-41b4-b0f4-15beea1129ef | Completed: Task validation of required platforms.
2019-07-14 19:07:53.432 6543 INFO rally.task.engine [-] Task bf401649-303b-41b4-b0f4-15beea1129ef | Starting: Task validation of semantic.
2019-07-14 19:07:53.433 6543 INFO rally.task.engine [-] Check health of the environment 'e1742109-4454-4135-802a-176285225049'.
2019-07-14 19:07:54.262 6543 INFO rally.task.engine [-] Platform existing@openstack (available: True): OK!
2019-07-14 19:07:54.280 6543 RALLYDEBUG rally_openstack.contexts.keystone.users [-] Creating 1 tenants using 20 threads
2019-07-14 19:07:56.263 6543 RALLYDEBUG rally_openstack.contexts.keystone.users [-] Creating 1 users using 20 threads
2019-07-14 19:07:59.069 6543 INFO rally.task.context [-] Task bf401649-303b-41b4-b0f4-15beea1129ef | Context users@openstack setup() finished in 4.79 sec
2019-07-14 19:08:06.476 6543 INFO rally.task.context [-] Task bf401649-303b-41b4-b0f4-15beea1129ef | Context users@openstack cleanup() started
2019-07-14 19:08:11.991 6543 INFO rally.task.context [-] Task bf401649-303b-41b4-b0f4-15beea1129ef | Context users@openstack cleanup() finished in 5.52 sec
2019-07-14 19:08:11.991 6543 INFO rally.task.engine [-] Task bf401649-303b-41b4-b0f4-15beea1129ef | Completed: Task validation of semantic.
2019-07-14 19:08:11.992 6543 INFO rally.task.engine [-] Task bf401649-303b-41b4-b0f4-15beea1129ef | Completed: Task validation.
2019-07-14 19:08:11.992 6543 INFO rally.api [-] Task bf401649-303b-41b4-b0f4-15beea1129ef input file is valid.
2019-07-14 19:08:11.992 6543 INFO rally.api [-] Run Task bf401649-303b-41b4-b0f4-15beea1129ef against Deployment e1742109-4454-4135-802a-176285225049
2019-07-14 19:08:11.993 6543 INFO rally.task.engine [-] Task bf401649-303b-41b4-b0f4-15beea1129ef | Starting: Running task.
2019-07-14 19:08:12.124 6543 INFO rally.task.engine [-] Running workload: position = 0 config = { "version": 2, "title": "A cropped version of a bigger task.", "description": "Auto-generated task from a single workload (uuid=8cb64993-3544-4ecf-bc5f-ea350dc686a0)", "subtasks": [ { "title": "Gnocchi.list_capabilities", "description": "List supported aggregation methods.", "scenario": { "Gnocchi.list_capabilities": {} }, "contexts": { "users": { "tenants": 3, "users_per_tenant": 2 } }, "runner": { "constant": { "concurrency": 4, "times": 10 } }, "hooks": [], "sla": { "failure_rate": { "max": 0 } } } ] }
2019-07-14 19:08:12.143 6543 RALLYDEBUG rally_openstack.contexts.keystone.users [-] Creating 3 tenants using 20 threads
2019-07-14 19:08:14.143 6543 RALLYDEBUG rally_openstack.contexts.keystone.users [-] Creating 6 users using 20 threads
2019-07-14 19:08:16.885 6543 INFO rally.task.context [-] Task bf401649-303b-41b4-b0f4-15beea1129ef | Context users@openstack setup() finished in 4.74 sec
2019-07-14 19:08:16.892 6543 RALLYDEBUG rally.task.runner [-] Starting the constant runner (task UUID: bf401649-303b-41b4-b0f4-15beea1129ef). timeout: 0 concurrency: 4 concurrency_per_worker: 1 times: 10 concurrency_overhead: 0 processes_to_start: 4 max_cpu_used: 16
2019-07-14 19:08:16.905 6667 RALLYDEBUG rally.task.runner [-] Starting a worker. concurrency: 1 args: {} times: 10 method_name: run timeout: 0 duration: None cls:
2019-07-14 19:08:16.907 6668 RALLYDEBUG rally.task.runner [-] Starting a worker. concurrency: 1 args: {} times: 10 method_name: run timeout: 0 duration: None cls:
2019-07-14 19:08:16.909 6669 RALLYDEBUG rally.task.runner [-] Starting a worker. concurrency: 1 args: {} times: 10 method_name: run timeout: 0 duration: None cls:
2019-07-14 19:08:16.910 6667 INFO rally.task.runner [-] Task bf401649-303b-41b4-b0f4-15beea1129ef | ITER: 1 START
2019-07-14 19:08:16.911 6670 RALLYDEBUG rally.task.runner [-] Starting a worker. concurrency: 1 args: {} times: 10 method_name: run timeout: 0 duration: None cls:
2019-07-14 19:08:16.913 6668 INFO rally.task.runner [-] Task bf401649-303b-41b4-b0f4-15beea1129ef | ITER: 2 START
2019-07-14 19:08:16.915 6669 INFO rally.task.runner [-] Task bf401649-303b-41b4-b0f4-15beea1129ef | ITER: 3 START
2019-07-14 19:08:16.915 6670 INFO rally.task.runner [-] Task bf401649-303b-41b4-b0f4-15beea1129ef | ITER: 4 START
2019-07-14 19:08:17.628 6668 INFO rally.task.runner [-] Task bf401649-303b-41b4-b0f4-15beea1129ef | ITER: 2 END: OK
2019-07-14 19:08:17.632 6668 INFO rally.task.runner [-] Task bf401649-303b-41b4-b0f4-15beea1129ef | ITER: 5 START
2019-07-14 19:08:17.634 6670 INFO rally.task.runner [-] Task bf401649-303b-41b4-b0f4-15beea1129ef | ITER: 4 END: OK
2019-07-14 19:08:17.637 6670 INFO rally.task.runner [-] Task bf401649-303b-41b4-b0f4-15beea1129ef | ITER: 6 START
2019-07-14 19:08:17.640 6667 INFO rally.task.runner [-] Task bf401649-303b-41b4-b0f4-15beea1129ef | ITER: 1 END: OK
2019-07-14 19:08:17.643 6667 INFO rally.task.runner [-] Task bf401649-303b-41b4-b0f4-15beea1129ef | ITER: 7 START
2019-07-14 19:08:17.652 6669 INFO rally.task.runner [-] Task bf401649-303b-41b4-b0f4-15beea1129ef | ITER: 3 END: OK
2019-07-14 19:08:17.656 6669 INFO rally.task.runner [-] Task bf401649-303b-41b4-b0f4-15beea1129ef | ITER: 8 START
2019-07-14 19:08:18.350 6670 INFO rally.task.runner [-] Task bf401649-303b-41b4-b0f4-15beea1129ef | ITER: 6 END: OK
2019-07-14 19:08:18.354 6670 INFO rally.task.runner [-] Task bf401649-303b-41b4-b0f4-15beea1129ef | ITER: 9 START
2019-07-14 19:08:18.360 6667 INFO rally.task.runner [-] Task bf401649-303b-41b4-b0f4-15beea1129ef | ITER: 7 END: OK
2019-07-14 19:08:18.363 6667 INFO rally.task.runner [-] Task bf401649-303b-41b4-b0f4-15beea1129ef | ITER: 10 START
2019-07-14 19:08:18.384 6669 INFO rally.task.runner [-] Task bf401649-303b-41b4-b0f4-15beea1129ef | ITER: 8 END: OK
2019-07-14 19:08:18.478 6668 INFO rally.task.runner [-] Task bf401649-303b-41b4-b0f4-15beea1129ef | ITER: 5 END: OK
2019-07-14 19:08:19.060 6670 INFO rally.task.runner [-] Task bf401649-303b-41b4-b0f4-15beea1129ef | ITER: 9 END: OK
2019-07-14 19:08:19.064 6667 INFO rally.task.runner [-] Task bf401649-303b-41b4-b0f4-15beea1129ef | ITER: 10 END: OK
2019-07-14 19:08:19.090 6543 INFO rally.task.context [-] Task bf401649-303b-41b4-b0f4-15beea1129ef | Context users@openstack cleanup() started
2019-07-14 19:08:27.328 6543 INFO rally.task.context [-] Task bf401649-303b-41b4-b0f4-15beea1129ef | Context users@openstack cleanup() finished in 8.24 sec
2019-07-14 19:08:28.257 6543 INFO rally.task.engine [-] Load duration is: 2.151208
2019-07-14 19:08:28.258 6543 INFO rally.task.engine [-] Full runner duration is: 2.198344
2019-07-14 19:08:28.258 6543 INFO rally.task.engine [-] Full duration is: 15.187015
2019-07-14 19:08:28.493 6543 INFO rally.task.engine [-] Running workload: position = 0 config = { "version": 2, "title": "A cropped version of a bigger task.", "description": "Auto-generated task from a single workload (uuid=ac315844-4d50-4bfd-aaf5-351a6cff64de)", "subtasks": [ { "title": "Gnocchi.get_status", "description": "Get the status of measurements processing.", "scenario": { "Gnocchi.get_status": { "detailed": false } }, "contexts": { "users": { "tenants": 3, "users_per_tenant": 2 } }, "runner": { "constant": { "concurrency": 4, "times": 10 } }, "hooks": [], "sla": { "failure_rate": { "max": 0 } } } ] }
