2019-07-14 19:00:24.204 1842 INFO rally.task.context [-] Task a2ba8c58-e95f-421f-bb64-c42925d28e52 | Context users@openstack cleanup() finished in 8.16 sec
2019-07-14 19:00:24.549 1842 INFO rally.task.engine [-] Load duration is: 19.042921
2019-07-14 19:00:24.550 1842 INFO rally.task.engine [-] Full runner duration is: 19.088613
2019-07-14 19:00:24.550 1842 INFO rally.task.engine [-] Full duration is: 43.837185
2019-07-14 19:00:24.723 1842 INFO rally.task.engine [-] Running workload: position = 1 config = { "version": 2, "title": "A cropped version of a bigger task.", "description": "Auto-generated task from a single workload (uuid=2e718e1f-a0bd-4d5b-b9f8-e6a6c7264fc2)", "subtasks": [ { "title": "CinderVolumes.create_and_delete_volume", "description": "Create and then delete a volume.", "scenario": { "CinderVolumes.create_and_delete_volume": { "image": { "name": "rally_full-img_d23f5a40-5994-49e4-98ec-8191e7af42f0" }, "size": 1 } }, "contexts": { "users": { "tenants": 3, "users_per_tenant": 2 }, "quotas": { "cinder": { "gigabytes": -1, "snapshots": -1, "volumes": -1 } }, "api_versions": { "cinder": { "version": 3, "service_type": "volumev3" } } }, "runner": { "constant": { "concurrency": 4, "times": 10 } }, "hooks": [], "sla": { "failure_rate": { "max": 0 } } } ] }
2019-07-14 19:00:24.748 1842 RALLYDEBUG rally_openstack.contexts.keystone.users [-] Creating 3 tenants using 20 threads
2019-07-14 19:00:26.557 1842 RALLYDEBUG rally_openstack.contexts.keystone.users [-] Creating 6 users using 20 threads
2019-07-14 19:00:29.658 1842 INFO rally.task.context [-] Task a2ba8c58-e95f-421f-bb64-c42925d28e52 | Context users@openstack setup() finished in 4.91 sec
2019-07-14 19:00:30.093 1842 INFO rally.task.context [-] Task a2ba8c58-e95f-421f-bb64-c42925d28e52 | Context api_versions@openstack setup() finished in 0.43 sec
2019-07-14 19:00:31.743 1842 INFO rally.task.context [-] Task a2ba8c58-e95f-421f-bb64-c42925d28e52 | Context quotas@openstack setup() finished in 1.65 sec
2019-07-14 19:00:31.743 1842 INFO rally.task.context [-] Task a2ba8c58-e95f-421f-bb64-c42925d28e52 | Context cleanup@openstack setup() finished in 0.01 msec
2019-07-14 19:00:32.768 1842 RALLYDEBUG rally.task.runner [-] Starting the constant runner (task UUID: a2ba8c58-e95f-421f-bb64-c42925d28e52). timeout: 0 concurrency: 4 concurrency_per_worker: 1 times: 10 concurrency_overhead: 0 processes_to_start: 4 max_cpu_used: 16
2019-07-14 19:00:32.779 4354 RALLYDEBUG rally.task.runner [-] Starting a worker. concurrency: 1 args: {"image": "5c5b607b-e28f-45e8-a02e-5cb226e867ab", "size": 1} times: 10 method_name: run timeout: 0 duration: None cls:
2019-07-14 19:00:32.783 4355 RALLYDEBUG rally.task.runner [-] Starting a worker. concurrency: 1 args: {"image": "5c5b607b-e28f-45e8-a02e-5cb226e867ab", "size": 1} times: 10 method_name: run timeout: 0 duration: None cls:
2019-07-14 19:00:32.786 4354 INFO rally.task.runner [-] Task a2ba8c58-e95f-421f-bb64-c42925d28e52 | ITER: 1 START
2019-07-14 19:00:32.786 4356 RALLYDEBUG rally.task.runner [-] Starting a worker. concurrency: 1 args: {"image": "5c5b607b-e28f-45e8-a02e-5cb226e867ab", "size": 1} times: 10 method_name: run timeout: 0 duration: None cls:
2019-07-14 19:00:32.792 4355 INFO rally.task.runner [-] Task a2ba8c58-e95f-421f-bb64-c42925d28e52 | ITER: 2 START
2019-07-14 19:00:32.791 4357 RALLYDEBUG rally.task.runner [-] Starting a worker. concurrency: 1 args: {"image": "5c5b607b-e28f-45e8-a02e-5cb226e867ab", "size": 1} times: 10 method_name: run timeout: 0 duration: None cls:
2019-07-14 19:00:32.794 4356 INFO rally.task.runner [-] Task a2ba8c58-e95f-421f-bb64-c42925d28e52 | ITER: 3 START
2019-07-14 19:00:32.802 4357 INFO rally.task.runner [-] Task a2ba8c58-e95f-421f-bb64-c42925d28e52 | ITER: 4 START
2019-07-14 19:00:40.250 4354 RALLYDEBUG rally.task.utils [-] Waiting for resource s_rally_2e718e1f_tRY37frU. Status changed: CREATING => DOWNLOADING in 3.05059695244
2019-07-14 19:00:42.019 4356 RALLYDEBUG rally.task.utils [-] Waiting for resource s_rally_2e718e1f_PJFRhDP8. Status changed: CREATING => DOWNLOADING in 4.97498297691
2019-07-14 19:00:42.929 4357 RALLYDEBUG rally.task.utils [-] Waiting for resource s_rally_2e718e1f_I6m8OaEx. Status changed: CREATING => DOWNLOADING in 5.28142094612
2019-07-14 19:00:47.511 4355 RALLYDEBUG rally.task.utils [-] Waiting for resource s_rally_2e718e1f_W2fVTGsV. Status changed: CREATING => DOWNLOADING in 10.0931270123
2019-07-14 19:00:51.422 4356 RALLYDEBUG rally.task.utils [-] Waiting for resource s_rally_2e718e1f_PJFRhDP8. Status changed: DOWNLOADING => AVAILABLE in 9.4026620388
2019-07-14 19:00:51.880 4354 RALLYDEBUG rally.task.utils [-] Waiting for resource s_rally_2e718e1f_tRY37frU. Status changed: DOWNLOADING => AVAILABLE in 11.6298592091
2019-07-14 19:00:52.004 4357 RALLYDEBUG rally.task.utils [-] Waiting for resource s_rally_2e718e1f_I6m8OaEx. Status changed: DOWNLOADING => AVAILABLE in 9.07564687729
2019-07-14 19:00:52.088 4356 RALLYDEBUG rally.task.utils [-] Waiting for resource s_rally_2e718e1f_PJFRhDP8. Status changed: AVAILABLE => DELETING in 0.355067968369
2019-07-14 19:00:52.347 4354 RALLYDEBUG rally.task.utils [-] Waiting for resource s_rally_2e718e1f_tRY37frU. Status changed: AVAILABLE => DELETING in 0.342675924301
2019-07-14 19:00:52.664 4357 RALLYDEBUG rally.task.utils [-] Waiting for resource s_rally_2e718e1f_I6m8OaEx. Status changed: AVAILABLE => DELETING in 0.253632068634
2019-07-14 19:00:54.280 4355 RALLYDEBUG rally.task.utils [-] Waiting for resource s_rally_2e718e1f_W2fVTGsV. Status changed: DOWNLOADING => AVAILABLE in 6.76972699165
2019-07-14 19:00:54.436 4356 INFO rally.task.runner [-] Task a2ba8c58-e95f-421f-bb64-c42925d28e52 | ITER: 3 END: OK
2019-07-14 19:00:54.441 4356 INFO rally.task.runner [-] Task a2ba8c58-e95f-421f-bb64-c42925d28e52 | ITER: 5 START
2019-07-14 19:00:54.666 4354 INFO rally.task.runner [-] Task a2ba8c58-e95f-421f-bb64-c42925d28e52 | ITER: 1 END: OK
2019-07-14 19:00:54.672 4354 INFO rally.task.runner [-] Task a2ba8c58-e95f-421f-bb64-c42925d28e52 | ITER: 6 START
2019-07-14 19:00:54.980 4355 RALLYDEBUG rally.task.utils [-] Waiting for resource s_rally_2e718e1f_W2fVTGsV. Status changed: AVAILABLE => DELETING in 0.347693920135
2019-07-14 19:00:55.001 4357 INFO rally.task.runner [-] Task a2ba8c58-e95f-421f-bb64-c42925d28e52 | ITER: 4 END: OK
2019-07-14 19:00:55.007 4357 INFO rally.task.runner [-] Task a2ba8c58-e95f-421f-bb64-c42925d28e52 | ITER: 7 START
2019-07-14 19:00:57.309 4355 INFO rally.task.runner [-] Task a2ba8c58-e95f-421f-bb64-c42925d28e52 | ITER: 2 END: OK
2019-07-14 19:00:57.314 4355 INFO rally.task.runner [-] Task a2ba8c58-e95f-421f-bb64-c42925d28e52 | ITER: 8 START
2019-07-14 19:01:02.164 4356 RALLYDEBUG rally.task.utils [-] Waiting for resource s_rally_2e718e1f_EJaJOQv4. Status changed: CREATING => DOWNLOADING in 3.02478814125
2019-07-14 19:01:04.044 4354 RALLYDEBUG rally.task.utils [-] Waiting for resource s_rally_2e718e1f_vxAez2yW. Status changed: CREATING => DOWNLOADING in 5.10659003258
2019-07-14 19:01:04.415 4356 RALLYDEBUG rally.task.utils [-] Waiting for resource s_rally_2e718e1f_EJaJOQv4. Status changed: DOWNLOADING => AVAILABLE in 2.25132489204
2019-07-14 19:01:05.160 4356 RALLYDEBUG rally.task.utils [-] Waiting for resource s_rally_2e718e1f_EJaJOQv4. Status changed: AVAILABLE => DELETING in 0.402607917786
2019-07-14 19:01:07.509 4356 INFO rally.task.runner [-] Task a2ba8c58-e95f-421f-bb64-c42925d28e52 | ITER: 5 END: OK
2019-07-14 19:01:07.515 4356 INFO rally.task.runner [-] Task a2ba8c58-e95f-421f-bb64-c42925d28e52 | ITER: 9 START
2019-07-14 19:01:08.598 4355 RALLYDEBUG rally.task.utils [-] Waiting for resource s_rally_2e718e1f_JMTxAC0L. Status changed: CREATING => DOWNLOADING in 7.34161806107
2019-07-14 19:01:09.510 4357 RALLYDEBUG rally.task.utils [-] Waiting for resource s_rally_2e718e1f_Xj71FvxD. Status changed: CREATING => DOWNLOADING in 9.7278008461
2019-07-14 19:01:15.450 4354 RALLYDEBUG rally.task.utils [-] Waiting for resource s_rally_2e718e1f_vxAez2yW. Status changed: DOWNLOADING => AVAILABLE in 11.4052569866
2019-07-14 19:01:15.628 4355 RALLYDEBUG rally.task.utils [-] Waiting for resource s_rally_2e718e1f_JMTxAC0L. Status changed: DOWNLOADING => AVAILABLE in 7.03000998497
2019-07-14 19:01:15.791 4354 INFO rally.task.runner [-] Task a2ba8c58-e95f-421f-bb64-c42925d28e52 | ITER: 6 END: OK
2019-07-14 19:01:15.797 4354 INFO rally.task.runner [-] Task a2ba8c58-e95f-421f-bb64-c42925d28e52 | ITER: 10 START
2019-07-14 19:01:16.242 4355 RALLYDEBUG rally.task.utils [-] Waiting for resource s_rally_2e718e1f_JMTxAC0L. Status changed: AVAILABLE => DELETING in 0.335064888
2019-07-14 19:01:16.268 4357 RALLYDEBUG rally.task.utils [-] Waiting for resource s_rally_2e718e1f_Xj71FvxD. Status changed: DOWNLOADING => AVAILABLE in 6.75820112228
2019-07-14 19:01:16.922 4357 INFO rally.task.runner [-] Task a2ba8c58-e95f-421f-bb64-c42925d28e52 | ITER: 7 END: OK
2019-07-14 19:01:18.280 4355 INFO rally.task.runner [-] Task a2ba8c58-e95f-421f-bb64-c42925d28e52 | ITER: 8 END: OK
2019-07-14 19:01:20.399 4356 RALLYDEBUG rally.task.utils [-] Waiting for resource s_rally_2e718e1f_7tRC6lxe. Status changed: CREATING => DOWNLOADING in 7.565721035
2019-07-14 19:01:22.728 4356 RALLYDEBUG rally.task.utils [-] Waiting for resource s_rally_2e718e1f_7tRC6lxe. Status changed: DOWNLOADING => AVAILABLE in 2.3288860321
2019-07-14 19:01:23.180 4356 RALLYDEBUG rally.task.utils [-] Waiting for resource s_rally_2e718e1f_7tRC6lxe. Status changed: AVAILABLE => DELETING in 0.0522801876068
2019-07-14 19:01:25.504 4356 INFO rally.task.runner [-] Task a2ba8c58-e95f-421f-bb64-c42925d28e52 | ITER: 9 END: OK
2019-07-14 19:01:25.758 4354 RALLYDEBUG rally.task.utils [-] Waiting for resource s_rally_2e718e1f_hENLSDaP. Status changed: CREATING => DOWNLOADING in 5.44477200508
2019-07-14 19:01:28.112 4354 RALLYDEBUG rally.task.utils [-] Waiting for resource s_rally_2e718e1f_hENLSDaP. Status changed: DOWNLOADING => AVAILABLE in 2.35353708267
2019-07-14 19:01:28.639 4354 INFO rally.task.runner [-] Task a2ba8c58-e95f-421f-bb64-c42925d28e52 | ITER: 10 END: OK
2019-07-14 19:01:28.666 1842 INFO rally.task.context [-] Task a2ba8c58-e95f-421f-bb64-c42925d28e52 | Context cleanup@openstack cleanup() started
2019-07-14 19:01:28.668 1842 RALLYDEBUG rally_openstack.cleanup.manager [-] Cleaning up cinder backups objects
2019-07-14 19:01:31.095 1842 RALLYDEBUG rally_openstack.cleanup.manager [-] Cleaning up cinder volume_snapshots objects
2019-07-14 19:01:33.331 1842 RALLYDEBUG rally_openstack.cleanup.manager [-] Cleaning up cinder transfers objects
2019-07-14 19:01:35.599 1842 RALLYDEBUG rally_openstack.cleanup.manager [-] Cleaning up cinder volumes objects
2019-07-14 19:01:37.831 1842 INFO rally.task.context [-] Task a2ba8c58-e95f-421f-bb64-c42925d28e52 | Context cleanup@openstack cleanup() finished in 9.16 sec
2019-07-14 19:01:37.831 1842 INFO rally.task.context [-] Task a2ba8c58-e95f-421f-bb64-c42925d28e52 | Context quotas@openstack cleanup() started
2019-07-14 19:01:38.220 1842 INFO rally.task.context [-] Task a2ba8c58-e95f-421f-bb64-c42925d28e52 | Context quotas@openstack cleanup() finished in 0.39 sec
2019-07-14 19:01:38.221 1842 INFO rally.task.context [-] Task a2ba8c58-e95f-421f-bb64-c42925d28e52 | Context api_versions@openstack cleanup() started
2019-07-14 19:01:38.221 1842 INFO rally.task.context [-] Task a2ba8c58-e95f-421f-bb64-c42925d28e52 | Context api_versions@openstack cleanup() finished in 0.33 msec
2019-07-14 19:01:38.221 1842 INFO rally.task.context [-] Task a2ba8c58-e95f-421f-bb64-c42925d28e52 | Context users@openstack cleanup() started
2019-07-14 19:01:46.617 1842 INFO rally.task.context [-] Task a2ba8c58-e95f-421f-bb64-c42925d28e52 | Context users@openstack cleanup() finished in 8.40 sec
2019-07-14 19:01:47.051 1842 INFO rally.task.engine [-] Load duration is: 55.849801
2019-07-14 19:01:47.052 1842 INFO rally.task.engine [-] Full runner duration is: 55.898291
2019-07-14 19:01:47.052 1842 INFO rally.task.engine [-] Full duration is: 81.874863
2019-07-14 19:01:47.216 1842 INFO rally.task.engine [-] Running workload: position = 2 config = { "version": 2, "title": "A cropped version of a bigger task.", "description": "Auto-generated task from a single workload (uuid=f143d6d7-7825-49cc-b581-d0e225c1227f)", "subtasks": [ { "title": "CinderVolumes.create_and_delete_volume", "description": "Create and then delete a volume.", "scenario": { "CinderVolumes.create_and_delete_volume": { "size": 1 } }, "contexts": { "users": { "tenants": 3, "users_per_tenant": 2 }, "quotas": { "cinder": { "gigabytes": -1, "snapshots": -1, "volumes": -1 } }, "api_versions": { "cinder": { "version": 3, "service_type": "volumev3" } } }, "runner": { "constant": { "concurrency": 4, "times": 10 } }, "hooks": [], "sla": { "failure_rate": { "max": 0 } } } ] }
2019-07-14 19:01:47.239 1842 RALLYDEBUG rally_openstack.contexts.keystone.users [-] Creating 3 tenants using 20 threads
2019-07-14 19:01:49.025 1842 RALLYDEBUG rally_openstack.contexts.keystone.users [-] Creating 6 users using 20 threads
2019-07-14 19:01:51.889 1842 INFO rally.task.context [-] Task a2ba8c58-e95f-421f-bb64-c42925d28e52 | Context users@openstack setup() finished in 4.65 sec
2019-07-14 19:01:52.313 1842 INFO rally.task.context [-] Task a2ba8c58-e95f-421f-bb64-c42925d28e52 | Context api_versions@openstack setup() finished in 0.42 sec
2019-07-14 19:01:53.973 1842 INFO rally.task.context [-] Task a2ba8c58-e95f-421f-bb64-c42925d28e52 | Context quotas@openstack setup() finished in 1.66 sec
2019-07-14 19:01:53.974 1842 INFO rally.task.context [-] Task a2ba8c58-e95f-421f-bb64-c42925d28e52 | Context cleanup@openstack setup() finished in 0.00 msec
2019-07-14 19:01:53.981 1842 RALLYDEBUG rally.task.runner [-] Starting the constant runner (task UUID: a2ba8c58-e95f-421f-bb64-c42925d28e52). timeout: 0 concurrency: 4 concurrency_per_worker: 1 times: 10 concurrency_overhead: 0 processes_to_start: 4 max_cpu_used: 16
2019-07-14 19:01:53.993 4538 RALLYDEBUG rally.task.runner [-] Starting a worker. concurrency: 1 args: {"size": 1} times: 10 method_name: run timeout: 0 duration: None cls:
2019-07-14 19:01:53.996 4539 RALLYDEBUG rally.task.runner [-] Starting a worker. concurrency: 1 args: {"size": 1} times: 10 method_name: run timeout: 0 duration: None cls:
2019-07-14 19:01:53.999 4540 RALLYDEBUG rally.task.runner [-] Starting a worker. concurrency: 1 args: {"size": 1} times: 10 method_name: run timeout: 0 duration: None cls:
2019-07-14 19:01:54.001 4538 INFO rally.task.runner [-] Task a2ba8c58-e95f-421f-bb64-c42925d28e52 | ITER: 1 START
2019-07-14 19:01:54.002 4541 RALLYDEBUG rally.task.runner [-] Starting a worker. concurrency: 1 args: {"size": 1} times: 10 method_name: run timeout: 0 duration: None cls:
2019-07-14 19:01:54.003 4539 INFO rally.task.runner [-] Task a2ba8c58-e95f-421f-bb64-c42925d28e52 | ITER: 2 START
2019-07-14 19:01:54.007 4540 INFO rally.task.runner [-] Task a2ba8c58-e95f-421f-bb64-c42925d28e52 | ITER: 3 START
2019-07-14 19:01:54.009 4541 INFO rally.task.runner [-] Task a2ba8c58-e95f-421f-bb64-c42925d28e52 | ITER: 4 START
2019-07-14 19:01:58.204 4539 RALLYDEBUG rally.task.utils [-] Waiting for resource s_rally_f143d6d7_mmkwynZE. Status changed: AVAILABLE => DELETING in 0.332021951675
2019-07-14 19:01:58.403 4540 RALLYDEBUG rally.task.utils [-] Waiting for resource s_rally_f143d6d7_T1kZBTsz. Status changed: AVAILABLE => DELETING in 0.340200901031
2019-07-14 19:01:58.439 4538 RALLYDEBUG rally.task.utils [-] Waiting for resource s_rally_f143d6d7_PiFvBxCC. Status changed: AVAILABLE => DELETING in 0.447756052017
2019-07-14 19:01:58.440 4541 RALLYDEBUG rally.task.utils [-] Waiting for resource s_rally_f143d6d7_hLt6DuJX. Status changed: AVAILABLE => DELETING in 0.407181024551
2019-07-14 19:02:00.675 4539 INFO rally.task.runner [-] Task a2ba8c58-e95f-421f-bb64-c42925d28e52 | ITER: 2 END: OK
2019-07-14 19:02:00.679 4538 INFO rally.task.runner [-] Task a2ba8c58-e95f-421f-bb64-c42925d28e52 | ITER: 1 END: OK
2019-07-14 19:02:00.681 4539 INFO rally.task.runner [-] Task a2ba8c58-e95f-421f-bb64-c42925d28e52 | ITER: 5 START
2019-07-14 19:02:00.686 4538 INFO rally.task.runner [-] Task a2ba8c58-e95f-421f-bb64-c42925d28e52 | ITER: 6 START
2019-07-14 19:02:00.729 4540 INFO rally.task.runner [-] Task a2ba8c58-e95f-421f-bb64-c42925d28e52 | ITER: 3 END: OK
2019-07-14 19:02:00.734 4540 INFO rally.task.runner [-] Task a2ba8c58-e95f-421f-bb64-c42925d28e52 | ITER: 7 START
2019-07-14 19:02:00.759 4541 INFO rally.task.runner [-] Task a2ba8c58-e95f-421f-bb64-c42925d28e52 | ITER: 4 END: OK
2019-07-14 19:02:00.764 4541 INFO rally.task.runner [-] Task a2ba8c58-e95f-421f-bb64-c42925d28e52 | ITER: 8 START
2019-07-14 19:02:04.868 4540 RALLYDEBUG rally.task.utils [-] Waiting for resource s_rally_f143d6d7_af8wwhdi. Status changed: AVAILABLE => DELETING in 0.0758919715881
2019-07-14 19:02:05.053 4538 INFO rally.task.runner [-] Task a2ba8c58-e95f-421f-bb64-c42925d28e52 | ITER: 6 END: OK
2019-07-14 19:02:05.058 4538 INFO rally.task.runner [-] Task a2ba8c58-e95f-421f-bb64-c42925d28e52 | ITER: 9 START
2019-07-14 19:02:05.358 4539 RALLYDEBUG rally.task.utils [-] Waiting for resource s_rally_f143d6d7_LBeYhD5w. Status changed: AVAILABLE => DELETING in 0.264856815338
2019-07-14 19:02:05.393 4541 RALLYDEBUG rally.task.utils [-] Waiting for resource s_rally_f143d6d7_ATdIGsMe. Status changed: AVAILABLE => DELETING in 0.515961885452
2019-07-14 19:02:07.194 4540 INFO rally.task.runner [-] Task a2ba8c58-e95f-421f-bb64-c42925d28e52 | ITER: 7 END: OK
2019-07-14 19:02:07.197 4540 INFO rally.task.runner [-] Task a2ba8c58-e95f-421f-bb64-c42925d28e52 | ITER: 10 START
2019-07-14 19:02:07.645 4541 INFO rally.task.runner [-] Task a2ba8c58-e95f-421f-bb64-c42925d28e52 | ITER: 8 END: OK
2019-07-14 19:02:07.680 4539 INFO rally.task.runner [-] Task a2ba8c58-e95f-421f-bb64-c42925d28e52 | ITER: 5 END: OK
2019-07-14 19:02:09.180 4538 INFO rally.task.runner [-] Task a2ba8c58-e95f-421f-bb64-c42925d28e52 | ITER: 9 END: OK
2019-07-14 19:02:11.576 4540 INFO rally.task.runner [-] Task a2ba8c58-e95f-421f-bb64-c42925d28e52 | ITER: 10 END: OK
2019-07-14 19:02:11.602 1842 INFO rally.task.context [-] Task a2ba8c58-e95f-421f-bb64-c42925d28e52 | Context cleanup@openstack cleanup() started
2019-07-14 19:02:11.604 1842 RALLYDEBUG rally_openstack.cleanup.manager [-] Cleaning up cinder backups objects
2019-07-14 19:02:13.769 1842 RALLYDEBUG rally_openstack.cleanup.manager [-] Cleaning up cinder volume_snapshots objects
2019-07-14 19:02:15.876 1842 RALLYDEBUG rally_openstack.cleanup.manager [-] Cleaning up cinder transfers objects
2019-07-14 19:02:18.155 1842 RALLYDEBUG rally_openstack.cleanup.manager [-] Cleaning up cinder volumes objects
2019-07-14 19:02:20.350 1842 INFO rally.task.context [-] Task a2ba8c58-e95f-421f-bb64-c42925d28e52 | Context cleanup@openstack cleanup() finished in 8.75 sec
2019-07-14 19:02:20.350 1842 INFO rally.task.context [-] Task a2ba8c58-e95f-421f-bb64-c42925d28e52 | Context quotas@openstack cleanup() started
2019-07-14 19:02:21.202 1842 INFO rally.task.context [-] Task a2ba8c58-e95f-421f-bb64-c42925d28e52 | Context quotas@openstack cleanup() finished in 0.85 sec
2019-07-14 19:02:21.203 1842 INFO rally.task.context [-] Task a2ba8c58-e95f-421f-bb64-c42925d28e52 | Context api_versions@openstack cleanup() started
2019-07-14 19:02:21.203 1842 INFO rally.task.context [-] Task a2ba8c58-e95f-421f-bb64-c42925d28e52 | Context api_versions@openstack cleanup() finished in 0.34 msec
2019-07-14 19:02:21.204 1842 INFO rally.task.context [-] Task a2ba8c58-e95f-421f-bb64-c42925d28e52 | Context users@openstack cleanup() started
2019-07-14 19:02:29.001 1842 INFO rally.task.context [-] Task a2ba8c58-e95f-421f-bb64-c42925d28e52 | Context users@openstack cleanup() finished in 7.80 sec
2019-07-14 19:02:29.416 1842 INFO rally.task.engine [-] Load duration is: 17.571934
2019-07-14 19:02:29.416 1842 INFO rally.task.engine [-] Full runner duration is: 17.621271
2019-07-14 19:02:29.417 1842 INFO rally.task.engine [-] Full duration is: 41.767211
2019-07-14 19:02:29.653 1842 INFO rally.task.engine [-] Running workload: position = 0 config = { "version": 2, "title": "A cropped version of a bigger task.", "description": "Auto-generated task from a single workload (uuid=0dbff6cc-b618-479e-b8ee-006fb5910135)", "subtasks": [ { "title": "CinderVolumes.create_and_extend_volume", "description": "Create and extend a volume and then delete it.", "scenario": { "CinderVolumes.create_and_extend_volume": { "new_size": 2, "size": 1 } }, "contexts": { "users": { "tenants": 3, "users_per_tenant": 2 }, "quotas": { "cinder": { "gigabytes": -1, "snapshots": -1, "volumes": -1 } }, "api_versions": { "cinder": { "version": 3, "service_type": "volumev3" } } }, "runner": { "constant": { "concurrency": 4, "times": 10 } }, "hooks": [], "sla": { "failure_rate": { "max": 0 } } } ] }
2019-07-14 19:02:29.678 1842 RALLYDEBUG rally_openstack.contexts.keystone.users [-] Creating 3 tenants using 20 threads
2019-07-14 19:02:31.594 1842 RALLYDEBUG rally_openstack.contexts.keystone.users [-] Creating 6 users using 20 threads
2019-07-14 19:02:34.345 1842 INFO rally.task.context [-] Task a2ba8c58-e95f-421f-bb64-c42925d28e52 | Context users@openstack setup() finished in 4.67 sec
2019-07-14 19:02:34.778 1842 INFO rally.task.context [-] Task a2ba8c58-e95f-421f-bb64-c42925d28e52 | Context api_versions@openstack setup() finished in 0.43 sec
2019-07-14 19:02:36.622 1842 INFO rally.task.context [-] Task a2ba8c58-e95f-421f-bb64-c42925d28e52 | Context quotas@openstack setup() finished in 1.84 sec
2019-07-14 19:02:36.623 1842 INFO rally.task.context [-] Task a2ba8c58-e95f-421f-bb64-c42925d28e52 | Context cleanup@openstack setup() finished in 0.01 msec
2019-07-14 19:02:36.630 1842 RALLYDEBUG rally.task.runner [-] Starting the constant runner (task UUID: a2ba8c58-e95f-421f-bb64-c42925d28e52). timeout: 0 concurrency: 4 concurrency_per_worker: 1 times: 10 concurrency_overhead: 0 processes_to_start: 4 max_cpu_used: 16
2019-07-14 19:02:36.641 4722 RALLYDEBUG rally.task.runner [-] Starting a worker. concurrency: 1 args: {"new_size": 2, "size": 1} times: 10 method_name: run timeout: 0 duration: None cls:
2019-07-14 19:02:36.646 4723 RALLYDEBUG rally.task.runner [-] Starting a worker. concurrency: 1 args: {"new_size": 2, "size": 1} times: 10 method_name: run timeout: 0 duration: None cls:
2019-07-14 19:02:36.646 4724 RALLYDEBUG rally.task.runner [-] Starting a worker. concurrency: 1 args: {"new_size": 2, "size": 1} times: 10 method_name: run timeout: 0 duration: None cls:
2019-07-14 19:02:36.648 4722 INFO rally.task.runner [-] Task a2ba8c58-e95f-421f-bb64-c42925d28e52 | ITER: 1 START
2019-07-14 19:02:36.649 4725 RALLYDEBUG rally.task.runner [-] Starting a worker. concurrency: 1 args: {"new_size": 2, "size": 1} times: 10 method_name: run timeout: 0 duration: None cls:
2019-07-14 19:02:36.650 4724 INFO rally.task.runner [-] Task a2ba8c58-e95f-421f-bb64-c42925d28e52 | ITER: 2 START
2019-07-14 19:02:36.653 4725 INFO rally.task.runner [-] Task a2ba8c58-e95f-421f-bb64-c42925d28e52 | ITER: 4 START
2019-07-14 19:02:36.652 4723 INFO rally.task.runner [-] Task a2ba8c58-e95f-421f-bb64-c42925d28e52 | ITER: 3 START
2019-07-14 19:02:41.239 4722 RALLYDEBUG rally.task.utils [-] Waiting for resource s_rally_0dbff6cc_08ULalTM. Status changed: AVAILABLE => EXTENDING in 0.297724962234
2019-07-14 19:02:41.341 4724 RALLYDEBUG rally.task.utils [-] Waiting for resource s_rally_0dbff6cc_hbJagjwf. Status changed: AVAILABLE => EXTENDING in 0.262102127075
2019-07-14 19:02:41.381 4723 RALLYDEBUG rally.task.utils [-] Waiting for resource s_rally_0dbff6cc_d0Gw8J6j. Status changed: AVAILABLE => EXTENDING in 0.272891998291
2019-07-14 19:02:42.050 4725 INFO rally.task.runner [-] Task a2ba8c58-e95f-421f-bb64-c42925d28e52 | ITER: 4 END: OK
2019-07-14 19:02:42.055 4725 INFO rally.task.runner [-] Task a2ba8c58-e95f-421f-bb64-c42925d28e52 | ITER: 5 START
2019-07-14 19:02:43.302 4722 RALLYDEBUG rally.task.utils [-] Waiting for resource s_rally_0dbff6cc_08ULalTM. Status changed: EXTENDING => AVAILABLE in 2.06344604492
2019-07-14 19:02:43.682 4722 RALLYDEBUG rally.task.utils [-] Waiting for resource s_rally_0dbff6cc_08ULalTM. Status changed: AVAILABLE => DELETING in 0.0626730918884
2019-07-14 19:02:43.727 4724 RALLYDEBUG rally.task.utils [-] Waiting for resource s_rally_0dbff6cc_hbJagjwf. Status changed: EXTENDING => AVAILABLE in 2.3859360218
2019-07-14 19:02:43.839 4723 RALLYDEBUG rally.task.utils [-] Waiting for resource s_rally_0dbff6cc_d0Gw8J6j. Status changed: EXTENDING => AVAILABLE in 2.45780682564
2019-07-14 19:02:44.272 4723 RALLYDEBUG rally.task.utils [-] Waiting for resource s_rally_0dbff6cc_d0Gw8J6j. Status changed: AVAILABLE => DELETING in 0.346089839935
2019-07-14 19:02:44.290 4724 RALLYDEBUG rally.task.utils [-] Waiting for resource s_rally_0dbff6cc_hbJagjwf. Status changed: AVAILABLE => DELETING in 0.268512964249
2019-07-14 19:02:45.981 4722 INFO rally.task.runner [-] Task a2ba8c58-e95f-421f-bb64-c42925d28e52 | ITER: 1 END: OK
2019-07-14 19:02:45.986 4722 INFO rally.task.runner [-] Task a2ba8c58-e95f-421f-bb64-c42925d28e52 | ITER: 6 START
2019-07-14 19:02:46.312 4723 INFO rally.task.runner [-] Task a2ba8c58-e95f-421f-bb64-c42925d28e52 | ITER: 3 END: OK
2019-07-14 19:02:46.317 4723 INFO rally.task.runner [-] Task a2ba8c58-e95f-421f-bb64-c42925d28e52 | ITER: 7 START
2019-07-14 19:02:46.606 4724 INFO rally.task.runner [-] Task a2ba8c58-e95f-421f-bb64-c42925d28e52 | ITER: 2 END: OK
2019-07-14 19:02:46.612 4724 INFO rally.task.runner [-] Task a2ba8c58-e95f-421f-bb64-c42925d28e52 | ITER: 8 START
2019-07-14 19:02:46.914 4725 INFO rally.task.runner [-] Task a2ba8c58-e95f-421f-bb64-c42925d28e52 | ITER: 5 END: OK
2019-07-14 19:02:46.919 4725 INFO rally.task.runner [-] Task a2ba8c58-e95f-421f-bb64-c42925d28e52 | ITER: 9 START
2019-07-14 19:02:51.185 4722 INFO rally.task.runner [-] Task a2ba8c58-e95f-421f-bb64-c42925d28e52 | ITER: 6 END: OK
2019-07-14 19:02:51.190 4722 INFO rally.task.runner [-] Task a2ba8c58-e95f-421f-bb64-c42925d28e52 | ITER: 10 START
2019-07-14 19:02:51.416 4723 RALLYDEBUG rally.task.utils [-] Waiting for resource s_rally_0dbff6cc_hASYA0j1. Status changed: AVAILABLE => DELETING in 0.348320007324
2019-07-14 19:02:51.438 4725 RALLYDEBUG rally.task.utils [-] Waiting for resource s_rally_0dbff6cc_fBZbgYIX. Status changed: AVAILABLE => EXTENDING in 0.27102804184
2019-07-14 19:02:51.639 4724 RALLYDEBUG rally.task.utils [-] Waiting for resource s_rally_0dbff6cc_Lo3TV0VE. Status changed: AVAILABLE => DELETING in 0.325674057007
2019-07-14 19:02:53.741 4723 INFO rally.task.runner [-] Task a2ba8c58-e95f-421f-bb64-c42925d28e52 | ITER: 7 END: OK
2019-07-14 19:02:53.762 4725 RALLYDEBUG rally.task.utils [-] Waiting for resource s_rally_0dbff6cc_fBZbgYIX. Status changed: EXTENDING => AVAILABLE in 2.32424902916
2019-07-14 19:02:54.036 4724 INFO rally.task.runner [-] Task a2ba8c58-e95f-421f-bb64-c42925d28e52 | ITER: 8 END: OK
2019-07-14 19:02:54.511 4725 INFO rally.task.runner [-] Task a2ba8c58-e95f-421f-bb64-c42925d28e52 | ITER: 9 END: OK
2019-07-14 19:02:56.321 4722 INFO rally.task.runner [-] Task a2ba8c58-e95f-421f-bb64-c42925d28e52 | ITER: 10 END: OK
2019-07-14 19:02:56.342 1842 INFO rally.task.context [-] Task a2ba8c58-e95f-421f-bb64-c42925d28e52 | Context cleanup@openstack cleanup() started
2019-07-14 19:02:56.344 1842 RALLYDEBUG rally_openstack.cleanup.manager [-] Cleaning up cinder backups objects
2019-07-14 19:02:58.405 1842 RALLYDEBUG rally_openstack.cleanup.manager [-] Cleaning up cinder volume_snapshots objects
2019-07-14 19:03:00.384 1842 RALLYDEBUG rally_openstack.cleanup.manager [-] Cleaning up cinder transfers objects
2019-07-14 19:03:02.637 1842 RALLYDEBUG rally_openstack.cleanup.manager [-] Cleaning up cinder volumes objects
2019-07-14 19:03:04.857 1842 INFO rally.task.context [-] Task a2ba8c58-e95f-421f-bb64-c42925d28e52 | Context cleanup@openstack cleanup() finished in 8.52 sec
2019-07-14 19:03:04.857 1842 INFO rally.task.context [-] Task a2ba8c58-e95f-421f-bb64-c42925d28e52 | Context quotas@openstack cleanup() started
2019-07-14 19:03:05.896 1842 INFO rally.task.context [-] Task a2ba8c58-e95f-421f-bb64-c42925d28e52 | Context quotas@openstack cleanup() finished in 1.04 sec
2019-07-14 19:03:05.897 1842 INFO rally.task.context [-] Task a2ba8c58-e95f-421f-bb64-c42925d28e52 | Context api_versions@openstack cleanup() started
2019-07-14 19:03:05.897 1842 INFO rally.task.context [-] Task a2ba8c58-e95f-421f-bb64-c42925d28e52 | Context api_versions@openstack cleanup() finished in 0.34 msec
2019-07-14 19:03:05.897 1842 INFO rally.task.context [-] Task a2ba8c58-e95f-421f-bb64-c42925d28e52 | Context users@openstack cleanup() started
2019-07-14 19:03:14.000 1842 INFO rally.task.context [-] Task a2ba8c58-e95f-421f-bb64-c42925d28e52 | Context users@openstack cleanup() finished in 8.10 sec
2019-07-14 19:03:15.871 1842 INFO rally.task.engine [-] Load duration is: 19.669933
2019-07-14 19:03:15.871 1842 INFO rally.task.engine [-] Full runner duration is: 19.711881
2019-07-14 19:03:15.872 1842 INFO rally.task.engine [-] Full duration is: 44.325614
2019-07-14 19:03:16.119 1842 INFO rally.task.engine [-] Running workload: position = 0 config = { "version": 2, "title": "A cropped version of a bigger task.", "description": "Auto-generated task from a single workload (uuid=f866da8c-c7a5-44d3-b3ad-d1d810e6b508)", "subtasks": [ { "title": "CinderVolumes.create_from_volume_and_delete_volume", "description": "Create volume from volume and then delete it.", "scenario": { "CinderVolumes.create_from_volume_and_delete_volume": { "size": 1 } }, "contexts": { "users": { "tenants": 3, "users_per_tenant": 2 }, "quotas": { "cinder": { "gigabytes": -1, "snapshots": -1, "volumes": -1 } }, "api_versions": { "cinder": { "version": 3, "service_type": "volumev3" } }, "volumes": { "size": 1, "volumes_per_tenant": 1 } }, "runner": { "constant": { "concurrency": 4, "times": 10 } }, "hooks": [], "sla": { "failure_rate": { "max": 0 } } } ] }
2019-07-14 19:03:16.144 1842 RALLYDEBUG rally_openstack.contexts.keystone.users [-] Creating 3 tenants using 20 threads
2019-07-14 19:03:18.044 1842 RALLYDEBUG rally_openstack.contexts.keystone.users [-] Creating 6 users using 20 threads
2019-07-14 19:03:20.860 1842 INFO rally.task.context [-] Task a2ba8c58-e95f-421f-bb64-c42925d28e52 | Context users@openstack setup() finished in 4.72 sec
2019-07-14 19:03:21.287 1842 INFO rally.task.context [-] Task a2ba8c58-e95f-421f-bb64-c42925d28e52 | Context api_versions@openstack setup() finished in 0.43 sec
2019-07-14 19:03:23.019 1842 INFO rally.task.context [-] Task a2ba8c58-e95f-421f-bb64-c42925d28e52 | Context quotas@openstack setup() finished in 1.73 sec
2019-07-14 19:03:34.070 1842 INFO rally.task.context [-] Task a2ba8c58-e95f-421f-bb64-c42925d28e52 | Context volumes@openstack setup() finished in 11.05 sec
2019-07-14 19:03:34.070 1842 INFO rally.task.context [-] Task a2ba8c58-e95f-421f-bb64-c42925d28e52 | Context cleanup@openstack setup() finished in 0.00 msec
2019-07-14 19:03:34.077 1842 RALLYDEBUG rally.task.runner [-] Starting the constant runner (task UUID: a2ba8c58-e95f-421f-bb64-c42925d28e52). timeout: 0 concurrency: 4 concurrency_per_worker: 1 times: 10 concurrency_overhead: 0 processes_to_start: 4 max_cpu_used: 16
2019-07-14 19:03:34.090 4906 RALLYDEBUG rally.task.runner [-] Starting a worker. concurrency: 1 args: {"size": 1} times: 10 method_name: run timeout: 0 duration: None cls:
2019-07-14 19:03:34.097 4907 RALLYDEBUG rally.task.runner [-] Starting a worker. concurrency: 1 args: {"size": 1} times: 10 method_name: run timeout: 0 duration: None cls:
2019-07-14 19:03:34.100 4908 RALLYDEBUG rally.task.runner [-] Starting a worker. concurrency: 1 args: {"size": 1} times: 10 method_name: run timeout: 0 duration: None cls:
2019-07-14 19:03:34.101 4906 INFO rally.task.runner [-] Task a2ba8c58-e95f-421f-bb64-c42925d28e52 | ITER: 1 START
2019-07-14 19:03:34.104 4907 INFO rally.task.runner [-] Task a2ba8c58-e95f-421f-bb64-c42925d28e52 | ITER: 2 START
2019-07-14 19:03:34.107 4908 INFO rally.task.runner [-] Task a2ba8c58-e95f-421f-bb64-c42925d28e52 | ITER: 3 START
2019-07-14 19:03:34.106 4909 RALLYDEBUG rally.task.runner [-] Starting a worker. concurrency: 1 args: {"size": 1} times: 10 method_name: run timeout: 0 duration: None cls:
2019-07-14 19:03:34.114 4909 INFO rally.task.runner [-] Task a2ba8c58-e95f-421f-bb64-c42925d28e52 | ITER: 4 START
2019-07-14 19:03:38.360 4907 RALLYDEBUG rally.task.utils [-] Waiting for resource s_rally_f866da8c_366l3wFX. Status changed: AVAILABLE => DELETING in 0.255931854248
2019-07-14 19:03:38.621 4906 RALLYDEBUG rally.task.utils [-] Waiting for resource s_rally_f866da8c_wSaVWa6z. Status changed: AVAILABLE => DELETING in 0.366944074631
2019-07-14 19:03:40.228 4908 RALLYDEBUG rally.task.utils [-] Waiting for resource s_rally_f866da8c_Q69d3fL6. Status changed: CREATING => AVAILABLE in 2.89283108711
2019-07-14 19:03:40.845 4908 RALLYDEBUG rally.task.utils [-] Waiting for resource s_rally_f866da8c_Q69d3fL6. Status changed: AVAILABLE => DELETING in 0.248920917511
2019-07-14 19:03:42.738 4907 INFO rally.task.runner [-] Task a2ba8c58-e95f-421f-bb64-c42925d28e52 | ITER: 2 END: OK
2019-07-14 19:03:42.744 4907 INFO rally.task.runner [-] Task a2ba8c58-e95f-421f-bb64-c42925d28e52 | ITER: 5 START
2019-07-14 19:03:42.747 4909 RALLYDEBUG rally.task.utils [-] Waiting for resource s_rally_f866da8c_7xIAsm8a. Status changed: CREATING => AVAILABLE in 5.39951205254
2019-07-14 19:03:43.089 4908 INFO rally.task.runner [-] Task a2ba8c58-e95f-421f-bb64-c42925d28e52 | ITER: 3 END: OK
2019-07-14 19:03:43.095 4908 INFO rally.task.runner [-] Task a2ba8c58-e95f-421f-bb64-c42925d28e52 | ITER: 6 START
2019-07-14 19:03:43.218 4906 INFO rally.task.runner [-] Task a2ba8c58-e95f-421f-bb64-c42925d28e52 | ITER: 1 END: OK
2019-07-14 19:03:43.225 4906 INFO rally.task.runner [-] Task a2ba8c58-e95f-421f-bb64-c42925d28e52 | ITER: 7 START
2019-07-14 19:03:43.462 4909 RALLYDEBUG rally.task.utils [-] Waiting for resource s_rally_f866da8c_7xIAsm8a. Status changed: AVAILABLE => DELETING in 0.310664892197
2019-07-14 19:03:45.701 4909 INFO rally.task.runner [-] Task a2ba8c58-e95f-421f-bb64-c42925d28e52 | ITER: 4 END: OK
2019-07-14 19:03:45.709 4909 INFO rally.task.runner [-] Task a2ba8c58-e95f-421f-bb64-c42925d28e52 | ITER: 8 START
2019-07-14 19:03:47.340 4907 RALLYDEBUG rally.task.utils [-] Waiting for resource s_rally_f866da8c_Vc0wv5Qi. Status changed: AVAILABLE => DELETING in 0.271977186203
2019-07-14 19:03:49.037 4908 RALLYDEBUG rally.task.utils [-] Waiting for resource s_rally_f866da8c_z6ja80o6. Status changed: CREATING => AVAILABLE in 2.74361300468
2019-07-14 19:03:49.255 4906 RALLYDEBUG rally.task.utils [-] Waiting for resource s_rally_f866da8c_yDINHZVj. Status changed: CREATING => AVAILABLE in 2.91622114182
2019-07-14 19:03:49.389 4907 INFO rally.task.runner [-] Task a2ba8c58-e95f-421f-bb64-c42925d28e52 | ITER: 5 END: OK
2019-07-14 19:03:49.393 4907 INFO rally.task.runner [-] Task a2ba8c58-e95f-421f-bb64-c42925d28e52 | ITER: 9 START
2019-07-14 19:03:49.526 4909 RALLYDEBUG rally.task.utils [-] Waiting for resource s_rally_f866da8c_TeezwWiB. Status changed: CREATING => AVAILABLE in 0.721294879913
2019-07-14 19:03:49.676 4908 RALLYDEBUG rally.task.utils [-] Waiting for resource s_rally_f866da8c_z6ja80o6. Status changed: AVAILABLE => DELETING in 0.350469112396
2019-07-14 19:03:49.954 4906 RALLYDEBUG rally.task.utils [-] Waiting for resource s_rally_f866da8c_yDINHZVj. Status changed: AVAILABLE => DELETING in 0.334094047546
2019-07-14 19:03:50.201 4909 RALLYDEBUG rally.task.utils [-] Waiting for resource s_rally_f866da8c_TeezwWiB. Status changed: AVAILABLE => DELETING in 0.324102878571
2019-07-14 19:03:54.180 4908 INFO rally.task.runner [-] Task a2ba8c58-e95f-421f-bb64-c42925d28e52 | ITER: 6 END: OK
2019-07-14 19:03:54.186 4908 INFO rally.task.runner [-] Task a2ba8c58-e95f-421f-bb64-c42925d28e52 | ITER: 10 START
2019-07-14 19:03:54.358 4906 INFO rally.task.runner [-] Task a2ba8c58-e95f-421f-bb64-c42925d28e52 | ITER: 7 END: OK
2019-07-14 19:03:54.882 4909 INFO rally.task.runner [-] Task a2ba8c58-e95f-421f-bb64-c42925d28e52 | ITER: 8 END: OK
2019-07-14 19:03:55.254 4907 RALLYDEBUG rally.task.utils [-] Waiting for resource s_rally_f866da8c_KqgVEoO4. Status changed: CREATING => AVAILABLE in 2.67334318161
2019-07-14 19:03:55.966 4907 RALLYDEBUG rally.task.utils [-] Waiting for resource s_rally_f866da8c_KqgVEoO4. Status changed: AVAILABLE => DELETING in 0.339921951294
2019-07-14 19:03:58.204 4907 INFO rally.task.runner [-] Task a2ba8c58-e95f-421f-bb64-c42925d28e52 | ITER: 9 END: OK
2019-07-14 19:03:58.330 4908 RALLYDEBUG rally.task.utils [-] Waiting for resource s_rally_f866da8c_PKsFuDHr. Status changed: AVAILABLE => DELETING in 0.350800037384
2019-07-14 19:04:00.583 4908 INFO rally.task.runner [-] Task a2ba8c58-e95f-421f-bb64-c42925d28e52 | ITER: 10 END: OK
2019-07-14 19:04:00.610 1842 INFO rally.task.context [-] Task a2ba8c58-e95f-421f-bb64-c42925d28e52 | Context cleanup@openstack cleanup() started
2019-07-14 19:04:00.612 1842 RALLYDEBUG rally_openstack.cleanup.manager [-] Cleaning up cinder backups objects
2019-07-14 19:04:02.782 1842 RALLYDEBUG rally_openstack.cleanup.manager [-] Cleaning up cinder volume_snapshots objects
2019-07-14 19:04:04.910 1842 RALLYDEBUG rally_openstack.cleanup.manager [-] Cleaning up cinder transfers objects
2019-07-14 19:04:07.252 1842 RALLYDEBUG rally_openstack.cleanup.manager [-] Cleaning up cinder volumes objects
2019-07-14 19:04:09.420 1842 INFO rally.task.context [-] Task a2ba8c58-e95f-421f-bb64-c42925d28e52 | Context cleanup@openstack cleanup() finished in 8.81 sec
2019-07-14 19:04:09.421 1842 INFO rally.task.context [-] Task a2ba8c58-e95f-421f-bb64-c42925d28e52 | Context volumes@openstack cleanup() started
2019-07-14 19:04:09.421 1842 RALLYDEBUG rally_openstack.cleanup.manager [-] Cleaning up cinder volumes objects
2019-07-14 19:04:11.836 1842 RALLYDEBUG rally_openstack.cleanup.manager [-] Deleting cinder.volumes object c_rally_f866da8c_FEcsVukG (40cdcb25-b5e6-4a37-a3bb-87cab65e866d)
2019-07-14 19:04:11.842 1842 RALLYDEBUG rally_openstack.cleanup.manager [-] Deleting cinder.volumes object c_rally_f866da8c_R26zr0rQ (6a3c92b9-de45-47c9-a79d-5b29d86efdf6)
2019-07-14 19:04:11.843 1842 RALLYDEBUG rally_openstack.cleanup.manager [-] Deleting cinder.volumes object c_rally_f866da8c_dL81xO5Z (509c6bb9-3e0f-4607-8f83-a80a426467b4)
2019-07-14 19:04:15.374 1842 INFO rally.task.context [-] Task a2ba8c58-e95f-421f-bb64-c42925d28e52 | Context volumes@openstack cleanup() finished in 5.95 sec
2019-07-14 19:04:15.375 1842 INFO rally.task.context [-] Task a2ba8c58-e95f-421f-bb64-c42925d28e52 | Context quotas@openstack cleanup() started
2019-07-14 19:04:16.549 1842 INFO rally.task.context [-] Task a2ba8c58-e95f-421f-bb64-c42925d28e52 | Context quotas@openstack cleanup() finished in 1.17 sec
2019-07-14 19:04:16.549 1842 INFO rally.task.context [-] Task a2ba8c58-e95f-421f-bb64-c42925d28e52 | Context api_versions@openstack cleanup() started
2019-07-14 19:04:16.550 1842 INFO rally.task.context [-] Task a2ba8c58-e95f-421f-bb64-c42925d28e52 | Context api_versions@openstack cleanup() finished in 0.30 msec
2019-07-14 19:04:16.550 1842 INFO rally.task.context [-] Task a2ba8c58-e95f-421f-bb64-c42925d28e52 | Context users@openstack cleanup() started
2019-07-14 19:04:25.086 1842 INFO rally.task.context [-] Task a2ba8c58-e95f-421f-bb64-c42925d28e52 | Context users@openstack cleanup() finished in 8.54 sec
2019-07-14 19:04:26.426 1842 INFO rally.task.engine [-] Load duration is: 26.477874
2019-07-14 19:04:26.427 1842 INFO rally.task.engine [-] Full runner duration is: 26.532493
2019-07-14 19:04:26.427 1842 INFO rally.task.engine [-] Full duration is: 68.947001
2019-07-14 19:04:26.665 1842 INFO rally.task.engine [-] Running workload: position = 0 config = { "version": 2, "title": "A cropped version of a bigger task.", "description": "Auto-generated task from a single workload (uuid=b5b13795-7987-4545-8247-071df2d02cbf)", "subtasks": [ { "title": "CinderQos.create_and_get_qos", "description": "Create a qos, then get details of the qos.", "scenario": { "CinderQos.create_and_get_qos": { "consumer": "both", "write_iops_sec": "10", "read_iops_sec": "1000" } }, "contexts": { "users": { "tenants": 3, "users_per_tenant": 2 }, "api_versions": { "cinder": { "version": 3, "service_type": "volumev3" } } }, "runner": { "constant": { "concurrency": 4, "times": 10 } }, "hooks": [], "sla": { "failure_rate": { "max": 0 } } } ] }
2019-07-14 19:04:26.686 1842 RALLYDEBUG rally_openstack.contexts.keystone.users [-] Creating 3 tenants using 20 threads
2019-07-14 19:04:28.569 1842 RALLYDEBUG rally_openstack.contexts.keystone.users [-] Creating 6 users using 20 threads
2019-07-14 19:04:31.530 1842 INFO rally.task.context [-] Task a2ba8c58-e95f-421f-bb64-c42925d28e52 | Context users@openstack setup() finished in 4.84 sec
2019-07-14 19:04:31.957 1842 INFO rally.task.context [-] Task a2ba8c58-e95f-421f-bb64-c42925d28e52 | Context api_versions@openstack setup() finished in 0.43 sec
2019-07-14 19:04:31.958 1842 INFO rally.task.context [-] Task a2ba8c58-e95f-421f-bb64-c42925d28e52 | Context admin_cleanup@openstack setup() finished in 0.00 msec
2019-07-14 19:04:31.965 1842 RALLYDEBUG rally.task.runner [-] Starting the constant runner (task UUID: a2ba8c58-e95f-421f-bb64-c42925d28e52). timeout: 0 concurrency: 4 concurrency_per_worker: 1 times: 10 concurrency_overhead: 0 processes_to_start: 4 max_cpu_used: 16
2019-07-14 19:04:31.977 5110 RALLYDEBUG rally.task.runner [-] Starting a worker. concurrency: 1 args: {"consumer": "both", "write_iops_sec": "10", "read_iops_sec": "1000"} times: 10 method_name: run timeout: 0 duration: None cls:
2019-07-14 19:04:31.980 5111 RALLYDEBUG rally.task.runner [-] Starting a worker. concurrency: 1 args: {"consumer": "both", "write_iops_sec": "10", "read_iops_sec": "1000"} times: 10 method_name: run timeout: 0 duration: None cls:
2019-07-14 19:04:31.981 5112 RALLYDEBUG rally.task.runner [-] Starting a worker. concurrency: 1 args: {"consumer": "both", "write_iops_sec": "10", "read_iops_sec": "1000"} times: 10 method_name: run timeout: 0 duration: None cls:
2019-07-14 19:04:31.982 5110 INFO rally.task.runner [-] Task a2ba8c58-e95f-421f-bb64-c42925d28e52 | ITER: 1 START
2019-07-14 19:04:31.987 5111 INFO rally.task.runner [-] Task a2ba8c58-e95f-421f-bb64-c42925d28e52 | ITER: 2 START
2019-07-14 19:04:31.987 5112 INFO rally.task.runner [-] Task a2ba8c58-e95f-421f-bb64-c42925d28e52 | ITER: 3 START
2019-07-14 19:04:31.987 5113 RALLYDEBUG rally.task.runner [-] Starting a worker. concurrency: 1 args: {"consumer": "both", "write_iops_sec": "10", "read_iops_sec": "1000"} times: 10 method_name: run timeout: 0 duration: None cls:
2019-07-14 19:04:31.994 5113 INFO rally.task.runner [-] Task a2ba8c58-e95f-421f-bb64-c42925d28e52 | ITER: 4 START
2019-07-14 19:04:33.129 5112 INFO rally.task.runner [-] Task a2ba8c58-e95f-421f-bb64-c42925d28e52 | ITER: 3 END: OK
2019-07-14 19:04:33.129 5113 INFO rally.task.runner [-] Task a2ba8c58-e95f-421f-bb64-c42925d28e52 | ITER: 4 END: OK
2019-07-14 19:04:33.133 5111 INFO rally.task.runner [-] Task a2ba8c58-e95f-421f-bb64-c42925d28e52 | ITER: 2 END: OK
2019-07-14 19:04:33.134 5113 INFO rally.task.runner [-] Task a2ba8c58-e95f-421f-bb64-c42925d28e52 | ITER: 5 START
2019-07-14 19:04:33.134 5112 INFO rally.task.runner [-] Task a2ba8c58-e95f-421f-bb64-c42925d28e52 | ITER: 6 START
2019-07-14 19:04:33.137 5111 INFO rally.task.runner [-] Task a2ba8c58-e95f-421f-bb64-c42925d28e52 | ITER: 7 START
2019-07-14 19:04:33.142 5110 INFO rally.task.runner [-] Task a2ba8c58-e95f-421f-bb64-c42925d28e52 | ITER: 1 END: OK
2019-07-14 19:04:33.148 5110 INFO rally.task.runner [-] Task a2ba8c58-e95f-421f-bb64-c42925d28e52 | ITER: 8 START
2019-07-14 19:04:34.200 5113 INFO rally.task.runner [-] Task a2ba8c58-e95f-421f-bb64-c42925d28e52 | ITER: 5 END: OK
2019-07-14 19:04:34.200 5112 INFO rally.task.runner [-] Task a2ba8c58-e95f-421f-bb64-c42925d28e52 | ITER: 6 END: OK
2019-07-14 19:04:34.204 5112 INFO rally.task.runner [-] Task a2ba8c58-e95f-421f-bb64-c42925d28e52 | ITER: 10 START
2019-07-14 19:04:34.204 5113 INFO rally.task.runner [-] Task a2ba8c58-e95f-421f-bb64-c42925d28e52 | ITER: 9 START
2019-07-14 19:04:34.215 5111 INFO rally.task.runner [-] Task a2ba8c58-e95f-421f-bb64-c42925d28e52 | ITER: 7 END: OK
2019-07-14 19:04:34.252 5110 INFO rally.task.runner [-] Task a2ba8c58-e95f-421f-bb64-c42925d28e52 | ITER: 8 END: OK
2019-07-14 19:04:35.168 5113 INFO rally.task.runner [-] Task a2ba8c58-e95f-421f-bb64-c42925d28e52 | ITER: 9 END: OK
2019-07-14 19:04:35.203 5112 INFO rally.task.runner [-] Task a2ba8c58-e95f-421f-bb64-c42925d28e52 | ITER: 10 END: OK
2019-07-14 19:04:35.228 1842 INFO rally.task.context [-] Task a2ba8c58-e95f-421f-bb64-c42925d28e52 | Context admin_cleanup@openstack cleanup() started
2019-07-14 19:04:35.231 1842 RALLYDEBUG rally_openstack.cleanup.manager [-] Cleaning up cinder volume_types objects
2019-07-14 19:04:36.009 1842 RALLYDEBUG rally_openstack.cleanup.manager [-] Cleaning up cinder image_volumes_cache objects
2019-07-14 19:04:37.316 1842 RALLYDEBUG rally_openstack.cleanup.manager [-] Cleaning up cinder quotas objects
2019-07-14 19:04:39.155 1842 RALLYDEBUG rally_openstack.cleanup.manager [-] Cleaning up cinder qos_specs objects
2019-07-14 19:04:39.909 1842 RALLYDEBUG rally_openstack.cleanup.manager [-] Deleting cinder.qos_specs object s_rally_b5b13795_939JQYAI (daf6e035-8b31-41f9-a0ef-9a35abb61b9d)
2019-07-14 19:04:39.923 1842 RALLYDEBUG rally_openstack.cleanup.manager [-] Deleting cinder.qos_specs object s_rally_b5b13795_hjiUQR1J (5b20a771-50d5-40a0-9042-1243f9bf49c9)
2019-07-14 19:04:39.928 1842 RALLYDEBUG rally_openstack.cleanup.manager [-] Deleting cinder.qos_specs object s_rally_b5b13795_62SwHycb (93aa40f3-1ef6-4730-aa95-eeeeb9b5893b)
2019-07-14 19:04:39.928 1842 RALLYDEBUG rally_openstack.cleanup.manager [-] Deleting cinder.qos_specs object s_rally_b5b13795_dYhfO8c6 (99a9b3f9-ab23-49ff-93e9-6315e5152bd9)
2019-07-14 19:04:39.939 1842 RALLYDEBUG rally_openstack.cleanup.manager [-] Deleting cinder.qos_specs object s_rally_b5b13795_cweIPdB0 (754d2aac-8067-4294-9fd3-90cd6ad26716)
2019-07-14 19:04:39.946 1842 RALLYDEBUG rally_openstack.cleanup.manager [-] Deleting cinder.qos_specs object s_rally_b5b13795_qSnBXyLz (55fc79ad-3b3e-4afe-836a-d24bafb41e27)
2019-07-14 19:04:39.970 1842 RALLYDEBUG rally_openstack.cleanup.manager [-] Deleting cinder.qos_specs object s_rally_b5b13795_g3p3SN7c (8bf67a76-c118-4157-aed2-2e9a47afd660)
2019-07-14 19:04:39.983 1842 RALLYDEBUG rally_openstack.cleanup.manager [-] Deleting cinder.qos_specs object s_rally_b5b13795_t3JBfBG0 (7296ccd0-f9e3-4a9e-b251-4a8ef5ea5bd8)
2019-07-14 19:04:39.991 1842 RALLYDEBUG rally_openstack.cleanup.manager [-] Deleting cinder.qos_specs object s_rally_b5b13795_aHiyozSS (34a725c1-1ad8-40b0-bbf9-cf23b4d21207)
2019-07-14 19:04:40.008 1842 RALLYDEBUG rally_openstack.cleanup.manager [-] Deleting cinder.qos_specs object s_rally_b5b13795_oVmnvOe1 (29c55b69-7389-4c04-98cd-1b081240d9f2)
2019-07-14 19:04:42.462 1842 INFO rally.task.context [-] Task a2ba8c58-e95f-421f-bb64-c42925d28e52 | Context admin_cleanup@openstack cleanup() finished in 7.23 sec
2019-07-14 19:04:42.463 1842 INFO rally.task.context [-] Task a2ba8c58-e95f-421f-bb64-c42925d28e52 | Context api_versions@openstack cleanup() started
2019-07-14 19:04:42.463 1842 INFO rally.task.context [-] Task a2ba8c58-e95f-421f-bb64-c42925d28e52 | Context api_versions@openstack cleanup() finished in 0.38 msec
2019-07-14 19:04:42.464 1842 INFO rally.task.context [-] Task a2ba8c58-e95f-421f-bb64-c42925d28e52 | Context users@openstack cleanup() started
2019-07-14 19:04:50.617 1842 INFO rally.task.context [-] Task a2ba8c58-e95f-421f-bb64-c42925d28e52 | Context users@openstack cleanup() finished in 8.15 sec
2019-07-14 19:04:50.812 1842 INFO rally.task.engine [-] Load duration is: 3.216986
2019-07-14 19:04:50.812 1842 INFO rally.task.engine [-] Full runner duration is: 3.263911
2019-07-14 19:04:50.813 1842 INFO rally.task.engine [-] Full duration is: 23.932812
2019-07-14 19:04:51.055 1842 INFO rally.task.engine [-] Running workload: position = 0 config = { "version": 2, "title": "A cropped version of a bigger task.", "description": "Auto-generated task from a single workload (uuid=6e39b2d2-b3fd-470a-9ae9-5bc2d1b47254)", "subtasks": [ { "title": "CinderQos.create_and_list_qos", "description": "Create a qos, then list all qos.", "scenario": { "CinderQos.create_and_list_qos": { "consumer": "both", "write_iops_sec": "10", "read_iops_sec": "1000" } }, "contexts": { "users": { "tenants": 3, "users_per_tenant": 2 }, "api_versions": { "cinder": { "version": 3, "service_type": "volumev3" } } }, "runner": { "constant": { "concurrency": 4, "times": 10 } }, "hooks": [], "sla": { "failure_rate": { "max": 0 } } } ] }
2019-07-14 19:04:51.077 1842 RALLYDEBUG rally_openstack.contexts.keystone.users [-] Creating 3 tenants using 20 threads
2019-07-14 19:04:52.958 1842 RALLYDEBUG rally_openstack.contexts.keystone.users [-] Creating 6 users using 20 threads
2019-07-14 19:04:55.785 1842 INFO rally.task.context [-] Task a2ba8c58-e95f-421f-bb64-c42925d28e52 | Context users@openstack setup() finished in 4.71 sec
2019-07-14 19:04:56.217 1842 INFO rally.task.context [-] Task a2ba8c58-e95f-421f-bb64-c42925d28e52 | Context api_versions@openstack setup() finished in 0.43 sec
2019-07-14 19:04:56.217 1842 INFO rally.task.context [-] Task a2ba8c58-e95f-421f-bb64-c42925d28e52 | Context admin_cleanup@openstack setup() finished in 0.01 msec
2019-07-14 19:04:56.224 1842 RALLYDEBUG rally.task.runner [-] Starting the constant runner (task UUID: a2ba8c58-e95f-421f-bb64-c42925d28e52). timeout: 0 concurrency: 4 concurrency_per_worker: 1 times: 10 concurrency_overhead: 0 processes_to_start: 4 max_cpu_used: 16
