2019-07-14 19:11:03.534 6543 INFO rally.task.context [-] Task bf401649-303b-41b4-b0f4-15beea1129ef | Context admin_cleanup@openstack cleanup() started
2019-07-14 19:11:03.536 6543 RALLYDEBUG rally_openstack.cleanup.manager [-] Cleaning up gnocchi resource_type objects
2019-07-14 19:11:04.387 6543 RALLYDEBUG rally_openstack.cleanup.manager [-] Deleting gnocchi.resource_type object s_rally_6a6a6d78_rmGFtC3u (s_rally_6a6a6d78_rmGFtC3u)
2019-07-14 19:11:04.388 6543 RALLYDEBUG rally_openstack.cleanup.manager [-] Deleting gnocchi.resource_type object s_rally_6a6a6d78_q4HJMrFJ (s_rally_6a6a6d78_q4HJMrFJ)
2019-07-14 19:11:04.392 6543 RALLYDEBUG rally_openstack.cleanup.manager [-] Deleting gnocchi.resource_type object s_rally_6a6a6d78_KLgofAqi (s_rally_6a6a6d78_KLgofAqi)
2019-07-14 19:11:04.416 6543 RALLYDEBUG rally_openstack.cleanup.manager [-] Deleting gnocchi.resource_type object s_rally_6a6a6d78_FdxDISAM (s_rally_6a6a6d78_FdxDISAM)
2019-07-14 19:11:04.422 6543 RALLYDEBUG rally_openstack.cleanup.manager [-] Deleting gnocchi.resource_type object s_rally_6a6a6d78_lHz6tDUN (s_rally_6a6a6d78_lHz6tDUN)
2019-07-14 19:11:04.428 6543 RALLYDEBUG rally_openstack.cleanup.manager [-] Deleting gnocchi.resource_type object s_rally_6a6a6d78_Tls4BLsK (s_rally_6a6a6d78_Tls4BLsK)
2019-07-14 19:11:04.440 6543 RALLYDEBUG rally_openstack.cleanup.manager [-] Deleting gnocchi.resource_type object s_rally_6a6a6d78_VnxAJWbq (s_rally_6a6a6d78_VnxAJWbq)
2019-07-14 19:11:04.441 6543 RALLYDEBUG rally_openstack.cleanup.manager [-] Deleting gnocchi.resource_type object s_rally_6a6a6d78_xWP7UoxK (s_rally_6a6a6d78_xWP7UoxK)
2019-07-14 19:11:04.444 6543 RALLYDEBUG rally_openstack.cleanup.manager [-] Deleting gnocchi.resource_type object s_rally_6a6a6d78_JuWhj4bQ (s_rally_6a6a6d78_JuWhj4bQ)
2019-07-14 19:11:04.462 6543 RALLYDEBUG rally_openstack.cleanup.manager [-] Deleting gnocchi.resource_type object s_rally_6a6a6d78_VBEp2HSb (s_rally_6a6a6d78_VBEp2HSb)
2019-07-14 19:11:07.850 6543 INFO rally.task.context [-] Task bf401649-303b-41b4-b0f4-15beea1129ef | Context admin_cleanup@openstack cleanup() finished in 4.32 sec
2019-07-14 19:11:07.851 6543 INFO rally.task.context [-] Task bf401649-303b-41b4-b0f4-15beea1129ef | Context users@openstack cleanup() started
2019-07-14 19:11:16.448 6543 INFO rally.task.context [-] Task bf401649-303b-41b4-b0f4-15beea1129ef | Context users@openstack cleanup() finished in 8.60 sec
2019-07-14 19:11:17.315 6543 INFO rally.task.engine [-] Load duration is: 7.5183
2019-07-14 19:11:17.316 6543 INFO rally.task.engine [-] Full runner duration is: 7.56848
2019-07-14 19:11:17.316 6543 INFO rally.task.engine [-] Full duration is: 25.261653
2019-07-14 19:11:17.549 6543 INFO rally.task.engine [-] Running workload: position = 0 config = { "version": 2, "title": "A cropped version of a bigger task.", "description": "Auto-generated task from a single workload (uuid=7ca51394-dd47-4110-8f56-e2a99da0f0f3)", "subtasks": [ { "title": "GnocchiResourceType.create_delete_resource_type", "description": "Create resource type and then delete it.", "scenario": { "GnocchiResourceType.create_delete_resource_type": { "attributes": { "foo": { "required": false, "type": "string" }, "bar": { "required": true, "type": "number" } } } }, "contexts": { "users": { "tenants": 3, "users_per_tenant": 2 } }, "runner": { "constant": { "concurrency": 4, "times": 10 } }, "hooks": [], "sla": { "failure_rate": { "max": 0 } } } ] }
2019-07-14 19:11:17.578 6543 RALLYDEBUG rally_openstack.contexts.keystone.users [-] Creating 3 tenants using 20 threads
2019-07-14 19:11:19.424 6543 RALLYDEBUG rally_openstack.contexts.keystone.users [-] Creating 6 users using 20 threads
2019-07-14 19:11:22.359 6543 INFO rally.task.context [-] Task bf401649-303b-41b4-b0f4-15beea1129ef | Context users@openstack setup() finished in 4.78 sec
2019-07-14 19:11:22.359 6543 INFO rally.task.context [-] Task bf401649-303b-41b4-b0f4-15beea1129ef | Context admin_cleanup@openstack setup() finished in 0.01 msec
2019-07-14 19:11:22.367 6543 RALLYDEBUG rally.task.runner [-] Starting the constant runner (task UUID: bf401649-303b-41b4-b0f4-15beea1129ef). timeout: 0 concurrency: 4 concurrency_per_worker: 1 times: 10 concurrency_overhead: 0 processes_to_start: 4 max_cpu_used: 16
2019-07-14 19:11:22.380 7807 RALLYDEBUG rally.task.runner [-] Starting a worker. concurrency: 1 args: {"attributes": {"foo": {"required": false, "type": "string"}, "bar": {"required": true, "type": "number"}}} times: 10 method_name: run timeout: 0 duration: None cls:
2019-07-14 19:11:22.382 7808 RALLYDEBUG rally.task.runner [-] Starting a worker. concurrency: 1 args: {"attributes": {"foo": {"required": false, "type": "string"}, "bar": {"required": true, "type": "number"}}} times: 10 method_name: run timeout: 0 duration: None cls:
2019-07-14 19:11:22.385 7809 RALLYDEBUG rally.task.runner [-] Starting a worker. concurrency: 1 args: {"attributes": {"foo": {"required": false, "type": "string"}, "bar": {"required": true, "type": "number"}}} times: 10 method_name: run timeout: 0 duration: None cls:
2019-07-14 19:11:22.387 7807 INFO rally.task.runner [-] Task bf401649-303b-41b4-b0f4-15beea1129ef | ITER: 1 START
2019-07-14 19:11:22.388 7810 RALLYDEBUG rally.task.runner [-] Starting a worker. concurrency: 1 args: {"attributes": {"foo": {"required": false, "type": "string"}, "bar": {"required": true, "type": "number"}}} times: 10 method_name: run timeout: 0 duration: None cls:
2019-07-14 19:11:22.389 7808 INFO rally.task.runner [-] Task bf401649-303b-41b4-b0f4-15beea1129ef | ITER: 2 START
2019-07-14 19:11:22.392 7809 INFO rally.task.runner [-] Task bf401649-303b-41b4-b0f4-15beea1129ef | ITER: 3 START
2019-07-14 19:11:22.395 7810 INFO rally.task.runner [-] Task bf401649-303b-41b4-b0f4-15beea1129ef | ITER: 4 START
2019-07-14 19:11:25.385 7810 INFO rally.task.runner [-] Task bf401649-303b-41b4-b0f4-15beea1129ef | ITER: 4 END: OK
2019-07-14 19:11:25.391 7810 INFO rally.task.runner [-] Task bf401649-303b-41b4-b0f4-15beea1129ef | ITER: 5 START
2019-07-14 19:11:25.594 7808 INFO rally.task.runner [-] Task bf401649-303b-41b4-b0f4-15beea1129ef | ITER: 2 END: OK
2019-07-14 19:11:25.599 7808 INFO rally.task.runner [-] Task bf401649-303b-41b4-b0f4-15beea1129ef | ITER: 6 START
2019-07-14 19:11:25.696 7807 INFO rally.task.runner [-] Task bf401649-303b-41b4-b0f4-15beea1129ef | ITER: 1 END: OK
2019-07-14 19:11:25.702 7807 INFO rally.task.runner [-] Task bf401649-303b-41b4-b0f4-15beea1129ef | ITER: 7 START
2019-07-14 19:11:25.858 7809 INFO rally.task.runner [-] Task bf401649-303b-41b4-b0f4-15beea1129ef | ITER: 3 END: OK
2019-07-14 19:11:25.862 7809 INFO rally.task.runner [-] Task bf401649-303b-41b4-b0f4-15beea1129ef | ITER: 8 START
2019-07-14 19:11:28.720 7810 INFO rally.task.runner [-] Task bf401649-303b-41b4-b0f4-15beea1129ef | ITER: 5 END: OK
2019-07-14 19:11:28.724 7810 INFO rally.task.runner [-] Task bf401649-303b-41b4-b0f4-15beea1129ef | ITER: 9 START
2019-07-14 19:11:29.247 7807 INFO rally.task.runner [-] Task bf401649-303b-41b4-b0f4-15beea1129ef | ITER: 7 END: OK
2019-07-14 19:11:29.251 7807 INFO rally.task.runner [-] Task bf401649-303b-41b4-b0f4-15beea1129ef | ITER: 10 START
2019-07-14 19:11:29.253 7808 INFO rally.task.runner [-] Task bf401649-303b-41b4-b0f4-15beea1129ef | ITER: 6 END: OK
2019-07-14 19:11:29.259 7809 INFO rally.task.runner [-] Task bf401649-303b-41b4-b0f4-15beea1129ef | ITER: 8 END: OK
2019-07-14 19:11:30.984 7810 INFO rally.task.runner [-] Task bf401649-303b-41b4-b0f4-15beea1129ef | ITER: 9 END: OK
2019-07-14 19:11:31.355 7807 INFO rally.task.runner [-] Task bf401649-303b-41b4-b0f4-15beea1129ef | ITER: 10 END: OK
2019-07-14 19:11:31.376 6543 INFO rally.task.context [-] Task bf401649-303b-41b4-b0f4-15beea1129ef | Context admin_cleanup@openstack cleanup() started
2019-07-14 19:11:31.379 6543 RALLYDEBUG rally_openstack.cleanup.manager [-] Cleaning up gnocchi resource_type objects
2019-07-14 19:11:32.226 6543 INFO rally.task.context [-] Task bf401649-303b-41b4-b0f4-15beea1129ef | Context admin_cleanup@openstack cleanup() finished in 0.85 sec
2019-07-14 19:11:32.226 6543 INFO rally.task.context [-] Task bf401649-303b-41b4-b0f4-15beea1129ef | Context users@openstack cleanup() started
2019-07-14 19:11:40.776 6543 INFO rally.task.context [-] Task bf401649-303b-41b4-b0f4-15beea1129ef | Context users@openstack cleanup() finished in 8.55 sec
2019-07-14 19:11:41.681 6543 INFO rally.task.engine [-] Load duration is: 8.96519
2019-07-14 19:11:41.681 6543 INFO rally.task.engine [-] Full runner duration is: 9.0097
2019-07-14 19:11:41.682 6543 INFO rally.task.engine [-] Full duration is: 23.200828
2019-07-14 19:11:41.927 6543 INFO rally.task.engine [-] Running workload: position = 0 config = { "version": 2, "title": "A cropped version of a bigger task.", "description": "Auto-generated task from a single workload (uuid=0a2bfbcd-cf9b-4803-a41f-369c1fbffb1e)", "subtasks": [ { "title": "GnocchiMetric.list_metric", "description": "List metrics.", "scenario": { "GnocchiMetric.list_metric": { "limit": 10000 } }, "contexts": { "users": { "tenants": 3, "users_per_tenant": 2 } }, "runner": { "constant": { "concurrency": 4, "times": 10 } }, "hooks": [], "sla": { "failure_rate": { "max": 0 } } } ] }
2019-07-14 19:11:41.948 6543 RALLYDEBUG rally_openstack.contexts.keystone.users [-] Creating 3 tenants using 20 threads
2019-07-14 19:11:44.011 6543 RALLYDEBUG rally_openstack.contexts.keystone.users [-] Creating 6 users using 20 threads
2019-07-14 19:11:46.710 6543 INFO rally.task.context [-] Task bf401649-303b-41b4-b0f4-15beea1129ef | Context users@openstack setup() finished in 4.76 sec
2019-07-14 19:11:46.718 6543 RALLYDEBUG rally.task.runner [-] Starting the constant runner (task UUID: bf401649-303b-41b4-b0f4-15beea1129ef). timeout: 0 concurrency: 4 concurrency_per_worker: 1 times: 10 concurrency_overhead: 0 processes_to_start: 4 max_cpu_used: 16
2019-07-14 19:11:46.730 7931 RALLYDEBUG rally.task.runner [-] Starting a worker. concurrency: 1 args: {"limit": 10000} times: 10 method_name: run timeout: 0 duration: None cls:
2019-07-14 19:11:46.734 7932 RALLYDEBUG rally.task.runner [-] Starting a worker. concurrency: 1 args: {"limit": 10000} times: 10 method_name: run timeout: 0 duration: None cls:
2019-07-14 19:11:46.736 7931 INFO rally.task.runner [-] Task bf401649-303b-41b4-b0f4-15beea1129ef | ITER: 1 START
2019-07-14 19:11:46.738 7933 RALLYDEBUG rally.task.runner [-] Starting a worker. concurrency: 1 args: {"limit": 10000} times: 10 method_name: run timeout: 0 duration: None cls:
2019-07-14 19:11:46.741 7932 INFO rally.task.runner [-] Task bf401649-303b-41b4-b0f4-15beea1129ef | ITER: 2 START
2019-07-14 19:11:46.741 7935 RALLYDEBUG rally.task.runner [-] Starting a worker. concurrency: 1 args: {"limit": 10000} times: 10 method_name: run timeout: 0 duration: None cls:
2019-07-14 19:11:46.744 7933 INFO rally.task.runner [-] Task bf401649-303b-41b4-b0f4-15beea1129ef | ITER: 3 START
2019-07-14 19:11:46.747 7935 INFO rally.task.runner [-] Task bf401649-303b-41b4-b0f4-15beea1129ef | ITER: 4 START
2019-07-14 19:11:47.462 7932 INFO rally.task.runner [-] Task bf401649-303b-41b4-b0f4-15beea1129ef | ITER: 2 END: OK
2019-07-14 19:11:47.466 7932 INFO rally.task.runner [-] Task bf401649-303b-41b4-b0f4-15beea1129ef | ITER: 5 START
2019-07-14 19:11:47.481 7935 INFO rally.task.runner [-] Task bf401649-303b-41b4-b0f4-15beea1129ef | ITER: 4 END: OK
2019-07-14 19:11:47.485 7935 INFO rally.task.runner [-] Task bf401649-303b-41b4-b0f4-15beea1129ef | ITER: 6 START
2019-07-14 19:11:47.555 7931 INFO rally.task.runner [-] Task bf401649-303b-41b4-b0f4-15beea1129ef | ITER: 1 END: OK
2019-07-14 19:11:47.559 7931 INFO rally.task.runner [-] Task bf401649-303b-41b4-b0f4-15beea1129ef | ITER: 7 START
2019-07-14 19:11:47.567 7933 INFO rally.task.runner [-] Task bf401649-303b-41b4-b0f4-15beea1129ef | ITER: 3 END: OK
2019-07-14 19:11:47.571 7933 INFO rally.task.runner [-] Task bf401649-303b-41b4-b0f4-15beea1129ef | ITER: 8 START
2019-07-14 19:11:48.202 7935 INFO rally.task.runner [-] Task bf401649-303b-41b4-b0f4-15beea1129ef | ITER: 6 END: OK
2019-07-14 19:11:48.206 7935 INFO rally.task.runner [-] Task bf401649-303b-41b4-b0f4-15beea1129ef | ITER: 9 START
2019-07-14 19:11:48.261 7932 INFO rally.task.runner [-] Task bf401649-303b-41b4-b0f4-15beea1129ef | ITER: 5 END: OK
2019-07-14 19:11:48.265 7932 INFO rally.task.runner [-] Task bf401649-303b-41b4-b0f4-15beea1129ef | ITER: 10 START
2019-07-14 19:11:48.296 7931 INFO rally.task.runner [-] Task bf401649-303b-41b4-b0f4-15beea1129ef | ITER: 7 END: OK
2019-07-14 19:11:48.315 7933 INFO rally.task.runner [-] Task bf401649-303b-41b4-b0f4-15beea1129ef | ITER: 8 END: OK
2019-07-14 19:11:48.927 7935 INFO rally.task.runner [-] Task bf401649-303b-41b4-b0f4-15beea1129ef | ITER: 9 END: OK
2019-07-14 19:11:48.985 7932 INFO rally.task.runner [-] Task bf401649-303b-41b4-b0f4-15beea1129ef | ITER: 10 END: OK
2019-07-14 19:11:49.008 6543 INFO rally.task.context [-] Task bf401649-303b-41b4-b0f4-15beea1129ef | Context users@openstack cleanup() started
2019-07-14 19:11:56.861 6543 INFO rally.task.context [-] Task bf401649-303b-41b4-b0f4-15beea1129ef | Context users@openstack cleanup() finished in 7.85 sec
2019-07-14 19:11:58.031 6543 INFO rally.task.engine [-] Load duration is: 2.246917
2019-07-14 19:11:58.031 6543 INFO rally.task.engine [-] Full runner duration is: 2.29035
2019-07-14 19:11:58.031 6543 INFO rally.task.engine [-] Full duration is: 14.913715
2019-07-14 19:11:58.290 6543 INFO rally.task.engine [-] Running workload: position = 0 config = { "version": 2, "title": "A cropped version of a bigger task.", "description": "Auto-generated task from a single workload (uuid=f16f1f48-3a35-475b-8ab2-42e470bded13)", "subtasks": [ { "title": "GnocchiMetric.create_metric", "description": "Create metric.", "scenario": { "GnocchiMetric.create_metric": { "archive_policy_name": "low" } }, "contexts": { "users": { "tenants": 3, "users_per_tenant": 2 } }, "runner": { "constant": { "concurrency": 4, "times": 10 } }, "hooks": [], "sla": { "failure_rate": { "max": 0 } } } ] }
2019-07-14 19:11:58.315 6543 RALLYDEBUG rally_openstack.contexts.keystone.users [-] Creating 3 tenants using 20 threads
2019-07-14 19:12:00.311 6543 RALLYDEBUG rally_openstack.contexts.keystone.users [-] Creating 6 users using 20 threads
2019-07-14 19:12:03.168 6543 INFO rally.task.context [-] Task bf401649-303b-41b4-b0f4-15beea1129ef | Context users@openstack setup() finished in 4.85 sec
2019-07-14 19:12:03.168 6543 INFO rally.task.context [-] Task bf401649-303b-41b4-b0f4-15beea1129ef | Context cleanup@openstack setup() finished in 0.01 msec
2019-07-14 19:12:03.174 6543 RALLYDEBUG rally.task.runner [-] Starting the constant runner (task UUID: bf401649-303b-41b4-b0f4-15beea1129ef). timeout: 0 concurrency: 4 concurrency_per_worker: 1 times: 10 concurrency_overhead: 0 processes_to_start: 4 max_cpu_used: 16
2019-07-14 19:12:03.187 8035 RALLYDEBUG rally.task.runner [-] Starting a worker. concurrency: 1 args: {"archive_policy_name": "low"} times: 10 method_name: run timeout: 0 duration: None cls:
2019-07-14 19:12:03.189 8036 RALLYDEBUG rally.task.runner [-] Starting a worker. concurrency: 1 args: {"archive_policy_name": "low"} times: 10 method_name: run timeout: 0 duration: None cls:
2019-07-14 19:12:03.190 8037 RALLYDEBUG rally.task.runner [-] Starting a worker. concurrency: 1 args: {"archive_policy_name": "low"} times: 10 method_name: run timeout: 0 duration: None cls:
2019-07-14 19:12:03.191 8038 RALLYDEBUG rally.task.runner [-] Starting a worker. concurrency: 1 args: {"archive_policy_name": "low"} times: 10 method_name: run timeout: 0 duration: None cls:
2019-07-14 19:12:03.193 8035 INFO rally.task.runner [-] Task bf401649-303b-41b4-b0f4-15beea1129ef | ITER: 1 START
2019-07-14 19:12:03.195 8036 INFO rally.task.runner [-] Task bf401649-303b-41b4-b0f4-15beea1129ef | ITER: 2 START
2019-07-14 19:12:03.195 8037 INFO rally.task.runner [-] T