2019-07-14 18:55:48.501 1842 DEBUG novaclient.v2.client [-] GET call to compute for http://172.30.9.42:8774/v2.1/os-keypairs used request id req-79be6482-0bb4-4090-bd35-3bf56d024f01 request /usr/lib/python2.7/site-packages/keystoneauth1/session.py:844
2019-07-14 18:55:48.924 1842 DEBUG novaclient.v2.client [-] REQ: curl -g -i -X GET http://172.30.9.42:8774/v2.1/os-keypairs -H "Accept: application/json" -H "User-Agent: python-novaclient" -H "X-Auth-Token: {SHA1}4d6bfd9adc65438e6388fcda5dbce5f555517de6" _http_log_request /usr/lib/python2.7/site-packages/keystoneauth1/session.py:448
2019-07-14 18:55:49.310 1842 DEBUG novaclient.v2.client [-] RESP: [200] Content-Length: 16 Content-Type: application/json Date: Sun, 14 Jul 2019 18:55:48 GMT OpenStack-API-Version: compute 2.1 Server: Apache Vary: OpenStack-API-Version,X-OpenStack-Nova-API-Version X-OpenStack-Nova-API-Version: 2.1 x-compute-request-id: req-2cade1be-d7e5-496f-8136-5923c48276b4 x-openstack-request-id: req-2cade1be-d7e5-496f-8136-5923c48276b4 _http_log_response /usr/lib/python2.7/site-packages/keystoneauth1/session.py:479
2019-07-14 18:55:49.311 1842 DEBUG novaclient.v2.client [-] RESP BODY: {"keypairs": []} _http_log_response /usr/lib/python2.7/site-packages/keystoneauth1/session.py:511
2019-07-14 18:55:49.311 1842 DEBUG novaclient.v2.client [-] GET call to compute for http://172.30.9.42:8774/v2.1/os-keypairs used request id req-2cade1be-d7e5-496f-8136-5923c48276b4 request /usr/lib/python2.7/site-packages/keystoneauth1/session.py:844
2019-07-14 18:55:49.735 1842 DEBUG novaclient.v2.client [-] REQ: curl -g -i -X GET http://172.30.9.42:8774/v2.1/os-keypairs -H "Accept: application/json" -H "User-Agent: python-novaclient" -H "X-Auth-Token: {SHA1}0e72598d4b349625086d33a4f288466abd5f010d" _http_log_request /usr/lib/python2.7/site-packages/keystoneauth1/session.py:448
2019-07-14 18:55:50.037 1842 DEBUG novaclient.v2.client [-] RESP: [200] Content-Length: 16 Content-Type: application/json Date: Sun, 14 Jul 2019 18:55:49 GMT OpenStack-API-Version: compute 2.1 Server: Apache Vary: OpenStack-API-Version,X-OpenStack-Nova-API-Version X-OpenStack-Nova-API-Version: 2.1 x-compute-request-id: req-9776a183-52c2-4e97-94ec-fce7c96c4649 x-openstack-request-id: req-9776a183-52c2-4e97-94ec-fce7c96c4649 _http_log_response /usr/lib/python2.7/site-packages/keystoneauth1/session.py:479
2019-07-14 18:55:50.038 1842 DEBUG novaclient.v2.client [-] RESP BODY: {"keypairs": []} _http_log_response /usr/lib/python2.7/site-packages/keystoneauth1/session.py:511
2019-07-14 18:55:50.038 1842 DEBUG novaclient.v2.client [-] GET call to compute for http://172.30.9.42:8774/v2.1/os-keypairs used request id req-9776a183-52c2-4e97-94ec-fce7c96c4649 request /usr/lib/python2.7/site-packages/keystoneauth1/session.py:844
2019-07-14 18:55:50.460 1842 DEBUG novaclient.v2.client [-] REQ: curl -g -i -X GET http://172.30.9.42:8774/v2.1/os-keypairs -H "Accept: application/json" -H "User-Agent: python-novaclient" -H "X-Auth-Token: {SHA1}175586b2bd79b6c86bc475d4ddff52f9af0d21bd" _http_log_request /usr/lib/python2.7/site-packages/keystoneauth1/session.py:448
2019-07-14 18:55:50.765 1842 DEBUG novaclient.v2.client [-] RESP: [200] Content-Length: 16 Content-Type: application/json Date: Sun, 14 Jul 2019 18:55:50 GMT OpenStack-API-Version: compute 2.1 Server: Apache Vary: OpenStack-API-Version,X-OpenStack-Nova-API-Version X-OpenStack-Nova-API-Version: 2.1 x-compute-request-id: req-b98a77dc-a880-47f6-a896-ea1ee1be2049 x-openstack-request-id: req-b98a77dc-a880-47f6-a896-ea1ee1be2049 _http_log_response /usr/lib/python2.7/site-packages/keystoneauth1/session.py:479
2019-07-14 18:55:50.766 1842 DEBUG novaclient.v2.client [-] RESP BODY: {"keypairs": []} _http_log_response /usr/lib/python2.7/site-packages/keystoneauth1/session.py:511
2019-07-14 18:55:50.766 1842 DEBUG novaclient.v2.client [-] GET call to compute for http://172.30.9.42:8774/v2.1/os-keypairs used request id req-b98a77dc-a880-47f6-a896-ea1ee1be2049 request /usr/lib/python2.7/site-packages/keystoneauth1/session.py:844
2019-07-14 18:55:51.211 1842 DEBUG novaclient.v2.client [-] REQ: curl -g -i -X GET http://172.30.9.42:8774/v2.1/os-keypairs -H "Accept: application/json" -H "User-Agent: python-novaclient" -H "X-Auth-Token: {SHA1}c82a5f1c2c6dc96d44082bea3da168ac8cd72f98" _http_log_request /usr/lib/python2.7/site-packages/keystoneauth1/session.py:448
2019-07-14 18:55:51.535 1842 DEBUG novaclient.v2.client [-] RESP: [200] Content-Length: 16 Content-Type: application/json Date: Sun, 14 Jul 2019 18:55:51 GMT OpenStack-API-Version: compute 2.1 Server: Apache Vary: OpenStack-API-Version,X-OpenStack-Nova-API-Version X-OpenStack-Nova-API-Version: 2.1 x-compute-request-id: req-775c7c4f-ef23-45eb-a16e-747127643e60 x-openstack-request-id: req-775c7c4f-ef23-45eb-a16e-747127643e60 _http_log_response /usr/lib/python2.7/site-packages/keystoneauth1/session.py:479
2019-07-14 18:55:51.536 1842 DEBUG novaclient.v2.client [-] RESP BODY: {"keypairs": []} _http_log_response /usr/lib/python2.7/site-packages/keystoneauth1/session.py:511
2019-07-14 18:55:51.536 1842 DEBUG novaclient.v2.client [-] GET call to compute for http://172.30.9.42:8774/v2.1/os-keypairs used request id req-775c7c4f-ef23-45eb-a16e-747127643e60 request /usr/lib/python2.7/site-packages/keystoneauth1/session.py:844
2019-07-14 18:55:51.542 1842 RALLYDEBUG rally_openstack.cleanup.manager [-] Cleaning up cinder backups objects
2019-07-14 18:55:53.815 1842 RALLYDEBUG rally_openstack.cleanup.manager [-] Cleaning up cinder volume_snapshots objects
2019-07-14 18:55:56.064 1842 RALLYDEBUG rally_openstack.cleanup.manager [-] Cleaning up cinder transfers objects
2019-07-14 18:55:58.292 1842 RALLYDEBUG rally_openstack.cleanup.manager [-] Cleaning up cinder volumes objects
2019-07-14 18:56:00.494 1842 INFO rally.task.context [-] Task a2ba8c58-e95f-421f-bb64-c42925d28e52 | Context cleanup@openstack cleanup() finished in 18.17 sec
2019-07-14 18:56:00.494 1842 INFO rally.task.context [-] Task a2ba8c58-e95f-421f-bb64-c42925d28e52 | Context quotas@openstack cleanup() started
2019-07-14 18:56:01.482 1842 INFO rally.task.context [-] Task a2ba8c58-e95f-421f-bb64-c42925d28e52 | Context quotas@openstack cleanup() finished in 0.99 sec
2019-07-14 18:56:01.482 1842 INFO rally.task.context [-] Task a2ba8c58-e95f-421f-bb64-c42925d28e52 | Context api_versions@openstack cleanup() started
2019-07-14 18:56:01.483 1842 INFO rally.task.context [-] Task a2ba8c58-e95f-421f-bb64-c42925d28e52 | Context api_versions@openstack cleanup() finished in 0.29 msec
2019-07-14 18:56:01.483 1842 INFO rally.task.context [-] Task a2ba8c58-e95f-421f-bb64-c42925d28e52 | Context users@openstack cleanup() started
2019-07-14 18:56:09.445 1842 INFO rally.task.context [-] Task a2ba8c58-e95f-421f-bb64-c42925d28e52 | Context users@openstack cleanup() finished in 7.96 sec
2019-07-14 18:56:09.979 1842 INFO rally.task.engine [-] Load duration is: 116.958717
2019-07-14 18:56:09.979 1842 INFO rally.task.engine [-] Full runner duration is: 118.00451
2019-07-14 18:56:09.980 1842 INFO rally.task.engine [-] Full duration is: 154.014991
2019-07-14 18:56:10.245 1842 INFO rally.task.engine [-] Running workload: position = 0 config = { "version": 2, "title": "A cropped version of a bigger task.", "description": "Auto-generated task from a single workload (uuid=66f9fd97-db10-49c7-8258-b67e48194a36)", "subtasks": [ { "title": "CinderVolumes.create_volume", "description": "Create a volume.", "scenario": { "CinderVolumes.create_volume": { "size": 1 } }, "contexts": { "users": { "tenants": 3, "users_per_tenant": 2 }, "api_versions": { "cinder": { "version": 3, "service_type": "volumev3" } } }, "runner": { "constant": { "concurrency": 4, "times": 10 } }, "hooks": [], "sla": { "failure_rate": { "max": 0 } } } ] }
2019-07-14 18:56:10.269 1842 RALLYDEBUG rally_openstack.contexts.keystone.users [-] Creating 3 tenants using 20 threads
2019-07-14 18:56:12.152 1842 RALLYDEBUG rally_openstack.contexts.keystone.users [-] Creating 6 users using 20 threads
2019-07-14 18:56:15.109 1842 INFO rally.task.context [-] Task a2ba8c58-e95f-421f-bb64-c42925d28e52 | Context users@openstack setup() finished in 4.84 sec
2019-07-14 18:56:15.528 1842 INFO rally.task.context [-] Task a2ba8c58-e95f-421f-bb64-c42925d28e52 | Context api_versions@openstack setup() finished in 0.42 sec
2019-07-14 18:56:15.529 1842 INFO rally.task.context [-] Task a2ba8c58-e95f-421f-bb64-c42925d28e52 | Context cleanup@openstack setup() finished in 0.01 msec
2019-07-14 18:56:15.536 1842 RALLYDEBUG rally.task.runner [-] Starting the constant runner (task UUID: a2ba8c58-e95f-421f-bb64-c42925d28e52). timeout: 0 concurrency: 4 concurrency_per_worker: 1 times: 10 concurrency_overhead: 0 processes_to_start: 4 max_cpu_used: 16
2019-07-14 18:56:15.549 3474 RALLYDEBUG rally.task.runner [-] Starting a worker. concurrency: 1 args: {"size": 1} times: 10 method_name: run timeout: 0 duration: None cls:
2019-07-14 18:56:15.552 3475 RALLYDEBUG rally.task.runner [-] Starting a worker. concurrency: 1 args: {"size": 1} times: 10 method_name: run timeout: 0 duration: None cls:
2019-07-14 18:56:15.554 3476 RALLYDEBUG rally.task.runner [-] Starting a worker. concurrency: 1 args: {"size": 1} times: 10 method_name: run timeout: 0 duration: None cls:
2019-07-14 18:56:15.557 3474 INFO rally.task.runner [-] Task a2ba8c58-e95f-421f-bb64-c42925d28e52 | ITER: 1 START
2019-07-14 18:56:15.558 3477 RALLYDEBUG rally.task.runner [-] Starting a worker. concurrency: 1 args: {"size": 1} times: 10 method_name: run timeout: 0 duration: None cls:
2019-07-14 18:56:15.559 3475 INFO rally.task.runner [-] Task a2ba8c58-e95f-421f-bb64-c42925d28e52 | ITER: 2 START
2019-07-14 18:56:15.562 3476 INFO rally.task.runner [-] Task a2ba8c58-e95f-421f-bb64-c42925d28e52 | ITER: 3 START
2019-07-14 18:56:15.565 3477 INFO rally.task.runner [-] Task a2ba8c58-e95f-421f-bb64-c42925d28e52 | ITER: 4 START
2019-07-14 18:56:19.316 3474 INFO rally.task.runner [-] Task a2ba8c58-e95f-421f-bb64-c42925d28e52 | ITER: 1 END: OK
2019-07-14 18:56:19.319 3475 INFO rally.task.runner [-] Task a2ba8c58-e95f-421f-bb64-c42925d28e52 | ITER: 2 END: OK
2019-07-14 18:56:19.321 3474 INFO rally.task.runner [-] Task a2ba8c58-e95f-421f-bb64-c42925d28e52 | ITER: 5 START
2019-07-14 18:56:19.324 3475 INFO rally.task.runner [-] Task a2ba8c58-e95f-421f-bb64-c42925d28e52 | ITER: 6 START
2019-07-14 18:56:19.332 3477 INFO rally.task.runner [-] Task a2ba8c58-e95f-421f-bb64-c42925d28e52 | ITER: 4 END: OK
2019-07-14 18:56:19.337 3477 INFO rally.task.runner [-] Task a2ba8c58-e95f-421f-bb64-c42925d28e52 | ITER: 7 START
2019-07-14 18:56:19.487 3476 INFO rally.task.runner [-] Task a2ba8c58-e95f-421f-bb64-c42925d28e52 | ITER: 3 END: OK
2019-07-14 18:56:19.492 3476 INFO rally.task.runner [-] Task a2ba8c58-e95f-421f-bb64-c42925d28e52 | ITER: 8 START
2019-07-14 18:56:23.004 3475 INFO rally.task.runner [-] Task a2ba8c58-e95f-421f-bb64-c42925d28e52 | ITER: 6 END: OK
2019-07-14 18:56:23.009 3475 INFO rally.task.runner [-] Task a2ba8c58-e95f-421f-bb64-c42925d28e52 | ITER: 9 START
2019-07-14 18:56:23.047 3474 INFO rally.task.runner [-] Task a2ba8c58-e95f-421f-bb64-c42925d28e52 | ITER: 5 END: OK
2019-07-14 18:56:23.051 3474 INFO rally.task.runner [-] Task a2ba8c58-e95f-421f-bb64-c42925d28e52 | ITER: 10 START
2019-07-14 18:56:23.163 3477 INFO rally.task.runner [-] Task a2ba8c58-e95f-421f-bb64-c42925d28e52 | ITER: 7 END: OK
2019-07-14 18:56:23.236 3476 INFO rally.task.runner [-] Task a2ba8c58-e95f-421f-bb64-c42925d28e52 | ITER: 8 END: OK
2019-07-14 18:56:26.585 3475 INFO rally.task.runner [-] Task a2ba8c58-e95f-421f-bb64-c42925d28e52 | ITER: 9 END: OK
2019-07-14 18:56:26.884 3474 INFO rally.task.runner [-] Task a2ba8c58-e95f-421f-bb64-c42925d28e52 | ITER: 10 END: OK
2019-07-14 18:56:26.905 1842 INFO rally.task.context [-] Task a2ba8c58-e95f-421f-bb64-c42925d28e52 | Context cleanup@openstack cleanup() started
2019-07-14 18:56:26.907 1842 RALLYDEBUG rally_openstack.cleanup.manager [-] Cleaning up cinder backups objects
2019-07-14 18:56:29.150 1842 RALLYDEBUG rally_openstack.cleanup.manager [-] Cleaning up cinder volume_snapshots objects
2019-07-14 18:56:31.409 1842 RALLYDEBUG rally_openstack.cleanup.manager [-] Cleaning up cinder transfers objects
2019-07-14 18:56:33.688 1842 RALLYDEBUG rally_openstack.cleanup.manager [-] Cleaning up cinder volumes objects
2019-07-14 18:56:36.140 1842 RALLYDEBUG rally_openstack.cleanup.manager [-] Deleting cinder.volumes object s_rally_66f9fd97_ShmFfVkd (7baa9fcd-7858-4666-b091-0558f19a104b)
2019-07-14 18:56:36.140 1842 RALLYDEBUG rally_openstack.cleanup.manager [-] Deleting cinder.volumes object s_rally_66f9fd97_w0YwhfXK (5db354dc-558e-4320-b561-03019adc019d)
2019-07-14 18:56:36.141 1842 RALLYDEBUG rally_openstack.cleanup.manager [-] Deleting cinder.volumes object s_rally_66f9fd97_qtfCeXkO (2ad61f6c-a72e-4c4d-b6ad-a0eb869669a7)
2019-07-14 18:56:36.143 1842 RALLYDEBUG rally_openstack.cleanup.manager [-] Deleting cinder.volumes object s_rally_66f9fd97_4tUb8WnX (e7a1c1bd-552a-42ce-be75-b760a80c4b14)
2019-07-14 18:56:36.143 1842 RALLYDEBUG rally_openstack.cleanup.manager [-] Deleting cinder.volumes object s_rally_66f9fd97_6jzE3Fo1 (5ef3e808-849b-4140-a73b-07619b3f1c56)
2019-07-14 18:56:36.144 1842 RALLYDEBUG rally_openstack.cleanup.manager [-] Deleting cinder.volumes object s_rally_66f9fd97_gts4ggCn (e283780f-2bfc-438c-9867-ce64e361baf2)
2019-07-14 18:56:36.147 1842 RALLYDEBUG rally_openstack.cleanup.manager [-] Deleting cinder.volumes object s_rally_66f9fd97_Wh5p3wFN (90c5548a-353d-4801-92ba-ed44353884c3)
2019-07-14 18:56:36.151 1842 RALLYDEBUG rally_openstack.cleanup.manager [-] Deleting cinder.volumes object s_rally_66f9fd97_9OemBo1U (16e8fb39-ea5c-4223-877a-8820292a26e2)
2019-07-14 18:56:36.151 1842 RALLYDEBUG rally_openstack.cleanup.manager [-] Deleting cinder.volumes object s_rally_66f9fd97_x4FnPQDr (b9a7c3aa-ab40-4724-b650-b7c03468b1f9)
2019-07-14 18:56:36.151 1842 RALLYDEBUG rally_openstack.cleanup.manager [-] Deleting cinder.volumes object s_rally_66f9fd97_Ywj71LeI (6ac95e7b-c3d0-42d8-9504-ab80b291f4d9)
2019-07-14 18:56:41.339 1842 INFO rally.task.context [-] Task a2ba8c58-e95f-421f-bb64-c42925d28e52 | Context cleanup@openstack cleanup() finished in 14.43 sec
2019-07-14 18:56:41.340 1842 INFO rally.task.context [-] Task a2ba8c58-e95f-421f-bb64-c42925d28e52 | Context api_versions@openstack cleanup() started
2019-07-14 18:56:41.340 1842 INFO rally.task.context [-] Task a2ba8c58-e95f-421f-bb64-c42925d28e52 | Context api_versions@openstack cleanup() finished in 0.34 msec
2019-07-14 18:56:41.341 1842 INFO rally.task.context [-] Task a2ba8c58-e95f-421f-bb64-c42925d28e52 | Context users@openstack cleanup() started
2019-07-14 18:56:49.558 1842 INFO rally.task.context [-] Task a2ba8c58-e95f-421f-bb64-c42925d28e52 | Context users@openstack cleanup() finished in 8.22 sec
2019-07-14 18:56:50.445 1842 INFO rally.task.engine [-] Load duration is: 11.323087
2019-07-14 18:56:50.445 1842 INFO rally.task.engine [-] Full runner duration is: 11.368747
2019-07-14 18:56:50.445 1842 INFO rally.task.engine [-] Full duration is: 39.294141
2019-07-14 18:56:50.616 1842 INFO rally.task.engine [-] Running workload: position = 1 config = { "version": 2, "title": "A cropped version of a bigger task.", "description": "Auto-generated task from a single workload (uuid=e823209e-f0f9-40f6-a294-8bef9a7c48eb)", "subtasks": [ { "title": "CinderVolumes.create_volume", "description": "Create a volume.", "scenario": { "CinderVolumes.create_volume": { "size": { "min": 1, "max": 1 } } }, "contexts": { "users": { "tenants": 3, "users_per_tenant": 2 }, "quotas": { "cinder": { "gigabytes": -1, "snapshots": -1, "volumes": -1 } }, "api_versions": { "cinder": { "version": 3, "service_type": "volumev3" } } }, "runner": { "constant": { "concurrency": 4, "times": 10 } }, "hooks": [], "sla": { "failure_rate": { "max": 0 } } } ] }
2019-07-14 18:56:50.639 1842 RALLYDEBUG rally_openstack.contexts.keystone.users [-] Creating 3 tenants using 20 threads
2019-07-14 18:56:52.496 1842 RALLYDEBUG rally_openstack.contexts.keystone.users [-] Creating 6 users using 20 threads
2019-07-14 18:56:55.258 1842 INFO rally.task.context [-] Task a2ba8c58-e95f-421f-bb64-c42925d28e52 | Context users@openstack setup() finished in 4.62 sec
2019-07-14 18:56:55.679 1842 INFO rally.task.context [-] Task a2ba8c58-e95f-421f-bb64-c42925d28e52 | Context api_versions@openstack setup() finished in 0.42 sec
2019-07-14 18:56:57.373 1842 INFO rally.task.context [-] Task a2ba8c58-e95f-421f-bb64-c42925d28e52 | Context quotas@openstack setup() finished in 1.69 sec
2019-07-14 18:56:57.373 1842 INFO rally.task.context [-] Task a2ba8c58-e95f-421f-bb64-c42925d28e52 | Context cleanup@openstack setup() finished in 0.01 msec
2019-07-14 18:56:57.381 1842 RALLYDEBUG rally.task.runner [-] Starting the constant runner (task UUID: a2ba8c58-e95f-421f-bb64-c42925d28e52). timeout: 0 concurrency: 4 concurrency_per_worker: 1 times: 10 concurrency_overhead: 0 processes_to_start: 4 max_cpu_used: 16
2019-07-14 18:56:57.395 3658 RALLYDEBUG rally.task.runner [-] Starting a worker. concurrency: 1 args: {"size": {"min": 1, "max": 1}} times: 10 method_name: run timeout: 0 duration: None cls:
2019-07-14 18:56:57.398 3659 RALLYDEBUG rally.task.runner [-] Starting a worker. concurrency: 1 args: {"size": {"min": 1, "max": 1}} times: 10 method_name: run timeout: 0 duration: None cls:
2019-07-14 18:56:57.400 3660 RALLYDEBUG rally.task.runner [-] Starting a worker. concurrency: 1 args: {"size": {"min": 1, "max": 1}} times: 10 method_name: run timeout: 0 duration: None cls:
2019-07-14 18:56:57.403 3658 INFO rally.task.runner [-] Task a2ba8c58-e95f-421f-bb64-c42925d28e52 | ITER: 1 START
2019-07-14 18:56:57.403 3661 RALLYDEBUG rally.task.runner [-] Starting a worker. concurrency: 1 args: {"size": {"min": 1, "max": 1}} times: 10 method_name: run timeout: 0 duration: None cls:
2019-07-14 18:56:57.407 3659 INFO rally.task.runner [-] Task a2ba8c58-e95f-421f-bb64-c42925d28e52 | ITER: 2 START
2019-07-14 18:56:57.407 3660 INFO rally.task.runner [-] Task a2ba8c58-e95f-421f-bb64-c42925d28e52 | ITER: 3 START
2019-07-14 18:56:57.411 3661 INFO rally.task.runner [-] Task a2ba8c58-e95f-421f-bb64-c42925d28e52 | ITER: 4 START
2019-07-14 18:57:00.998 3658 INFO rally.task.runner [-] Task a2ba8c58-e95f-421f-bb64-c42925d28e52 | ITER: 1 END: OK
2019-07-14 18:57:01.004 3658 INFO rally.task.runner [-] Task a2ba8c58-e95f-421f-bb64-c42925d28e52 | ITER: 5 START
2019-07-14 18:57:01.142 3659 INFO rally.task.runner [-] Task a2ba8c58-e95f-421f-bb64-c42925d28e52 | ITER: 2 END: OK
2019-07-14 18:57:01.147 3659 INFO rally.task.runner [-] Task a2ba8c58-e95f-421f-bb64-c42925d28e52 | ITER: 6 START
2019-07-14 18:57:01.176 3661 INFO rally.task.runner [-] Task a2ba8c58-e95f-421f-bb64-c42925d28e52 | ITER: 4 END: OK
2019-07-14 18:57:01.182 3661 INFO rally.task.runner [-] Task a2ba8c58-e95f-421f-bb64-c42925d28e52 | ITER: 7 START
2019-07-14 18:57:01.205 3660 INFO rally.task.runner [-] Task a2ba8c58-e95f-421f-bb64-c42925d28e52 | ITER: 3 END: OK
2019-07-14 18:57:01.211 3660 INFO rally.task.runner [-] Task a2ba8c58-e95f-421f-bb64-c42925d28e52 | ITER: 8 START
2019-07-14 18:57:04.529 3661 INFO rally.task.runner [-] Task a2ba8c58-e95f-421f-bb64-c42925d28e52 | ITER: 7 END: OK
2019-07-14 18:57:04.533 3661 INFO rally.task.runner [-] Task a2ba8c58-e95f-421f-bb64-c42925d28e52 | ITER: 9 START
2019-07-14 18:57:04.666 3658 INFO rally.task.runner [-] Task a2ba8c58-e95f-421f-bb64-c42925d28e52 | ITER: 5 END: OK
2019-07-14 18:57:04.670 3658 INFO rally.task.runner [-] Task a2ba8c58-e95f-421f-bb64-c42925d28e52 | ITER: 10 START
2019-07-14 18:57:04.858 3659 INFO rally.task.runner [-] Task a2ba8c58-e95f-421f-bb64-c42925d28e52 | ITER: 6 END: OK
2019-07-14 18:57:05.108 3660 INFO rally.task.runner [-] Task a2ba8c58-e95f-421f-bb64-c42925d28e52 | ITER: 8 END: OK
2019-07-14 18:57:08.103 3661 INFO rally.task.runner [-] Task a2ba8c58-e95f-421f-bb64-c42925d28e52 | ITER: 9 END: OK
2019-07-14 18:57:08.167 3658 INFO rally.task.runner [-] Task a2ba8c58-e95f-421f-bb64-c42925d28e52 | ITER: 10 END: OK
2019-07-14 18:57:08.193 1842 INFO rally.task.context [-] Task a2ba8c58-e95f-421f-bb64-c42925d28e52 | Context cleanup@openstack cleanup() started
2019-07-14 18:57:08.195 1842 RALLYDEBUG rally_openstack.cleanup.manager [-] Cleaning up cinder backups objects
2019-07-14 18:57:10.425 1842 RALLYDEBUG rally_openstack.cleanup.manager [-] Cleaning up cinder volume_snapshots objects
2019-07-14 18:57:12.570 1842 RALLYDEBUG rally_openstack.cleanup.manager [-] Cleaning up cinder transfers objects
2019-07-14 18:57:14.625 1842 RALLYDEBUG rally_openstack.cleanup.manager [-] Cleaning up cinder volumes objects
2019-07-14 18:57:17.061 1842 RALLYDEBUG rally_openstack.cleanup.manager [-] Deleting cinder.volumes object s_rally_e823209e_J0qxUtOA (bee8d9bb-2a19-4d10-95a6-3705ef404201)
2019-07-14 18:57:17.062 1842 RALLYDEBUG rally_openstack.cleanup.manager [-] Deleting cinder.volumes object s_rally_e823209e_GwArhkBt (e02ef7cc-4f3f-44b4-abeb-a6fff6db87e8)
2019-07-14 18:57:17.064 1842 RALLYDEBUG rally_openstack.cleanup.manager [-] Deleting cinder.volumes object s_rally_e823209e_ZBKpzMDZ (b69ea0e1-c453-4741-b016-7f2f96824306)
2019-07-14 18:57:17.066 1842 RALLYDEBUG rally_openstack.cleanup.manager [-] Deleting cinder.volumes object s_rally_e823209e_lUNuR2tN (60597183-7576-40da-ab15-1d6cb7368dae)
2019-07-14 18:57:17.075 1842 RALLYDEBUG rally_openstack.cleanup.manager [-] Deleting cinder.volumes object s_rally_e823209e_NG99L4t2 (7c8058e7-be27-4951-a0bf-484be60b41fe)
2019-07-14 18:57:17.077 1842 RALLYDEBUG rally_openstack.cleanup.manager [-] Deleting cinder.volumes object s_rally_e823209e_tcc3Vx5T (78ea0d21-d6c9-4d7d-86e2-cbdbd0f02b18)
2019-07-14 18:57:17.080 1842 RALLYDEBUG rally_openstack.cleanup.manager [-] Deleting cinder.volumes object s_rally_e823209e_bPNxAm4H (e5efe9c8-d8b3-4151-8555-9a13cafa51eb)
2019-07-14 18:57:17.083 1842 RALLYDEBUG rally_openstack.cleanup.manager [-] Deleting cinder.volumes object s_rally_e823209e_xdl1b9OM (3e8752bb-c691-45a3-bc73-928bbe86da51)
2019-07-14 18:57:17.083 1842 RALLYDEBUG rally_openstack.cleanup.manager [-] Deleting cinder.volumes object s_rally_e823209e_pACmNzpn (40708b1b-659b-4d7c-9ba4-df4fb3533280)
2019-07-14 18:57:17.085 1842 RALLYDEBUG rally_openstack.cleanup.manager [-] Deleting cinder.volumes object s_rally_e823209e_ePlICfKv (8362c48d-c5f7-4fd4-a335-d0b025c5ca86)
2019-07-14 18:57:20.860 1842 INFO rally.task.context [-] Task a2ba8c58-e95f-421f-bb64-c42925d28e52 | Context cleanup@openstack cleanup() finished in 12.67 sec
2019-07-14 18:57:20.861 1842 INFO rally.task.context [-] Task a2ba8c58-e95f-421f-bb64-c42925d28e52 | Context quotas@openstack cleanup() started
2019-07-14 18:57:21.724 1842 INFO rally.task.context [-] Task a2ba8c58-e95f-421f-bb64-c42925d28e52 | Context quotas@openstack cleanup() finished in 0.86 sec
2019-07-14 18:57:21.725 1842 INFO rally.task.context [-] Task a2ba8c58-e95f-421f-bb64-c42925d28e52 | Context api_versions@openstack cleanup() started
2019-07-14 18:57:21.725 1842 INFO rally.task.context [-] Task a2ba8c58-e95f-421f-bb64-c42925d28e52 | Context api_versions@openstack cleanup() finished in 0.33 msec
2019-07-14 18:57:21.725 1842 INFO rally.task.context [-] Task a2ba8c58-e95f-421f-bb64-c42925d28e52 | Context users@openstack cleanup() started
2019-07-14 18:57:30.009 1842 INFO rally.task.context [-] Task a2ba8c58-e95f-421f-bb64-c42925d28e52 | Context users@openstack cleanup() finished in 8.28 sec
2019-07-14 18:57:30.833 1842 INFO rally.task.engine [-] Load duration is: 10.760673
2019-07-14 18:57:30.833 1842 INFO rally.task.engine [-] Full runner duration is: 10.811994
2019-07-14 18:57:30.834 1842 INFO rally.task.engine [-] Full duration is: 39.372731
2019-07-14 18:57:31.083 1842 INFO rally.task.engine [-] Running workload: position = 0 config = { "version": 2, "title": "A cropped version of a bigger task.", "description": "Auto-generated task from a single workload (uuid=7d9f8005-2db2-4f51-a456-e0aab5fde55c)", "subtasks": [ { "title": "CinderVolumes.list_volumes", "description": "List all volumes.", "scenario": { "CinderVolumes.list_volumes": { "detailed": true } }, "contexts": { "users": { "tenants": 3, "users_per_tenant": 2 }, "quotas": { "cinder": { "gigabytes": -1, "snapshots": -1, "volumes": -1 } }, "api_versions": { "cinder": { "version": 3, "service_type": "volumev3" } }, "volumes": { "size": 1, "volumes_per_tenant": 4 } }, "runner": { "constant": { "concurrency": 4, "times": 10 } }, "hooks": [], "sla": { "failure_rate": { "max": 0 } } } ] }
2019-07-14 18:57:31.107 1842 RALLYDEBUG rally_openstack.contexts.keystone.users [-] Creating 3 tenants using 20 threads
2019-07-14 18:57:32.981 1842 RALLYDEBUG rally_openstack.contexts.keystone.users [-] Creating 6 users using 20 threads
2019-07-14 18:57:35.862 1842 INFO rally.task.context [-] Task a2ba8c58-e95f-421f-bb64-c42925d28e52 | Context users@openstack setup() finished in 4.76 sec
2019-07-14 18:57:36.286 1842 INFO rally.task.context [-] Task a2ba8c58-e95f-421f-bb64-c42925d28e52 | Context api_versions@openstack setup() finished in 0.42 sec
2019-07-14 18:57:37.996 1842 INFO rally.task.context [-] Task a2ba8c58-e95f-421f-bb64-c42925d28e52 | Context quotas@openstack setup() finished in 1.71 sec
2019-07-14 18:58:17.438 1842 INFO rally.task.context [-] Task a2ba8c58-e95f-421f-bb64-c42925d28e52 | Context volumes@openstack setup() finished in 39.44 sec
2019-07-14 18:58:17.447 1842 RALLYDEBUG rally.task.runner [-] Starting the constant runner (task UUID: a2ba8c58-e95f-421f-bb64-c42925d28e52). timeout: 0 concurrency: 4 concurrency_per_worker: 1 times: 10 concurrency_overhead: 0 processes_to_start: 4 max_cpu_used: 16
2019-07-14 18:58:17.461 3842 RALLYDEBUG rally.task.runner [-] Starting a worker. concurrency: 1 args: {"detailed": true} times: 10 method_name: run timeout: 0 duration: None cls:
2019-07-14 18:58:17.463 3843 RALLYDEBUG rally.task.runner [-] Starting a worker. concurrency: 1 args: {"detailed": true} times: 10 method_name: run timeout: 0 duration: None cls:
2019-07-14 18:58:17.466 3844 RALLYDEBUG rally.task.runner [-] Starting a worker. concurrency: 1 args: {"detailed": true} times: 10 method_name: run timeout: 0 duration: None cls:
2019-07-14 18:58:17.469 3845 RALLYDEBUG rally.task.runner [-] Starting a worker. concurrency: 1 args: {"detailed": true} times: 10 method_name: run timeout: 0 duration: None cls:
2019-07-14 18:58:17.470 3842 INFO rally.task.runner [-] Task a2ba8c58-e95f-421f-bb64-c42925d28e52 | ITER: 1 START
2019-07-14 18:58:17.472 3843 INFO rally.task.runner [-] Task a2ba8c58-e95f-421f-bb64-c42925d28e52 | ITER: 2 START
2019-07-14 18:58:17.473 3844 INFO rally.task.runner [-] Task a2ba8c58-e95f-421f-bb64-c42925d28e52 | ITER: 3 START
2019-07-14 18:58:17.477 3845 INFO rally.task.runner [-] Task a2ba8c58-e95f-421f-bb64-c42925d28e52 | ITER: 4 START
2019-07-14 18:58:18.275 3844 INFO rally.task.runner [-] Task a2ba8c58-e95f-421f-bb64-c42925d28e52 | ITER: 3 END: OK
2019-07-14 18:58:18.281 3844 INFO rally.task.runner [-] Task a2ba8c58-e95f-421f-bb64-c42925d28e52 | ITER: 5 START
2019-07-14 18:58:18.292 3843 INFO rally.task.runner [-] Task a2ba8c58-e95f-421f-bb64-c42925d28e52 | ITER: 2 END: OK
2019-07-14 18:58:18.297 3843 INFO rally.task.runner [-] Task a2ba8c58-e95f-421f-bb64-c42925d28e52 | ITER: 6 START
2019-07-14 18:58:18.389 3845 INFO rally.task.runner [-] Task a2ba8c58-e95f-421f-bb64-c42925d28e52 | ITER: 4 END: OK
2019-07-14 18:58:18.395 3845 INFO rally.task.runner [-] Task a2ba8c58-e95f-421f-bb64-c42925d28e52 | ITER: 7 START
2019-07-14 18:58:18.469 3842 INFO rally.task.runner [-] Task a2ba8c58-e95f-421f-bb64-c42925d28e52 | ITER: 1 END: OK
2019-07-14 18:58:18.475 3842 INFO rally.task.runner [-] Task a2ba8c58-e95f-421f-bb64-c42925d28e52 | ITER: 8 START
2019-07-14 18:58:19.086 3843 INFO rally.task.runner [-] Task a2ba8c58-e95f-421f-bb64-c42925d28e52 | ITER: 6 END: OK
2019-07-14 18:58:19.091 3843 INFO rally.task.runner [-] Task a2ba8c58-e95f-421f-bb64-c42925d28e52 | ITER: 9 START
2019-07-14 18:58:19.098 3844 INFO rally.task.runner [-] Task a2ba8c58-e95f-421f-bb64-c42925d28e52 | ITER: 5 END: OK
2019-07-14 18:58:19.103 3844 INFO rally.task.runner [-] Task a2ba8c58-e95f-421f-bb64-c42925d28e52 | ITER: 10 START
2019-07-14 18:58:19.198 3845 INFO rally.task.runner [-] Task a2ba8c58-e95f-421f-bb64-c42925d28e52 | ITER: 7 END: OK
2019-07-14 18:58:19.281 3842 INFO rally.task.runner [-] Task a2ba8c58-e95f-421f-bb64-c42925d28e52 | ITER: 8 END: OK
2019-07-14 18:58:19.911 3844 INFO rally.task.runner [-] Task a2ba8c58-e95f-421f-bb64-c42925d28e52 | ITER: 10 END: OK
2019-07-14 18:58:19.966 3843 INFO rally.task.runner [-] Task a2ba8c58-e95f-421f-bb64-c42925d28e52 | ITER: 9 END: OK
2019-07-14 18:58:19.995 1842 INFO rally.task.context [-] Task a2ba8c58-e95f-421f-bb64-c42925d28e52 | Context volumes@openstack cleanup() started
2019-07-14 18:58:19.996 1842 RALLYDEBUG rally_openstack.cleanup.manager [-] Cleaning up cinder volumes objects
2019-07-14 18:58:22.289 1842 RALLYDEBUG rally_openstack.cleanup.manager [-] Deleting cinder.volumes object c_rally_7d9f8005_TvjD2Wii (c8c91c46-a143-41fa-8b7e-13bcefa447d4)
2019-07-14 18:58:22.295 1842 RALLYDEBUG rally_openstack.cleanup.manager [-] Deleting cinder.volumes object c_rally_7d9f8005_MhrJGAQO (366aff36-b13a-478f-9686-c13ba367a11f)
2019-07-14 18:58:22.295 1842 RALLYDEBUG rally_openstack.cleanup.manager [-] Deleting cinder.volumes object c_rally_7d9f8005_Uq1YF1Jv (66438f26-020e-405b-9493-40a1a3397345)
2019-07-14 18:58:22.299 1842 RALLYDEBUG rally_openstack.cleanup.manager [-] Deleting cinder.volumes object c_rally_7d9f8005_ijuY69p2 (1d6dd452-2ff0-461c-ab8d-d3e2d0c7f00a)
2019-07-14 18:58:22.303 1842 RALLYDEBUG rally_openstack.cleanup.manager [-] Deleting cinder.volumes object c_rally_7d9f8005_j4MjkJOg (b0623e27-9f5f-4d62-b2c6-d5aff22121ff)
2019-07-14 18:58:22.306 1842 RALLYDEBUG rally_openstack.cleanup.manager [-] Deleting cinder.volumes object c_rally_7d9f8005_cbXzOFVv (4e4d3801-78bd-4076-be26-b0bb0fbba401)
2019-07-14 18:58:22.309 1842 RALLYDEBUG rally_openstack.cleanup.manager [-] Deleting cinder.volumes object c_rally_7d9f8005_uGDMcvI9 (fb2707e3-680b-487e-8d00-c076935d9148)
2019-07-14 18:58:22.316 1842 RALLYDEBUG rally_openstack.cleanup.manager [-] Deleting cinder.volumes object c_rally_7d9f8005_66owNpsp (abda9e26-9606-4a5a-bb5e-62c3d5046f46)
2019-07-14 18:58:22.319 1842 RALLYDEBUG rally_openstack.cleanup.manager [-] Deleting cinder.volumes object c_rally_7d9f8005_0UeZWUSn (1a43a17b-7840-43e6-a4a4-537268d66a35)
2019-07-14 18:58:22.327 1842 RALLYDEBUG rally_openstack.cleanup.manager [-] Deleting cinder.volumes object c_rally_7d9f8005_6UrH7RJ0 (565b76be-f17a-4c6a-9d82-a1844dfba8ca)
2019-07-14 18:58:22.331 1842 RALLYDEBUG rally_openstack.cleanup.manager [-] Deleting cinder.volumes object c_rally_7d9f8005_hoDsTJPK (f604c1eb-162b-41ff-ae30-1ab19f3c3c1c)
2019-07-14 18:58:22.335 1842 RALLYDEBUG rally_openstack.cleanup.manager [-] Deleting cinder.volumes object c_rally_7d9f8005_oAm7TFhw (32abe984-5b59-482d-b9dd-794974a20c62)
2019-07-14 18:58:27.654 1842 INFO rally.task.context [-] Task a2ba8c58-e95f-421f-bb64-c42925d28e52 | Context volumes@openstack cleanup() finished in 7.66 sec
2019-07-14 18:58:27.654 1842 INFO rally.task.context [-] Task a2ba8c58-e95f-421f-bb64-c42925d28e52 | Context quotas@openstack cleanup() started
2019-07-14 18:58:28.030 1842 INFO rally.task.context [-] Task a2ba8c58-e95f-421f-bb64-c42925d28e52 | Context quotas@openstack cleanup() finished in 0.38 sec
2019-07-14 18:58:28.030 1842 INFO rally.task.context [-] Task a2ba8c58-e95f-421f-bb64-c42925d28e52 | Context api_versions@openstack cleanup() started
2019-07-14 18:58:28.030 1842 INFO rally.task.context [-] Task a2ba8c58-e95f-421f-bb64-c42925d28e52 | Context api_versions@openstack cleanup() finished in 0.32 msec
2019-07-14 18:58:28.031 1842 INFO rally.task.context [-] Task a2ba8c58-e95f-421f-bb64-c42925d28e52 | Context users@openstack cleanup() started
2019-07-14 18:58:36.421 1842 INFO rally.task.context [-] Task a2ba8c58-e95f-421f-bb64-c42925d28e52 | Context users@openstack cleanup() finished in 8.39 sec
2019-07-14 18:58:37.538 1842 INFO rally.task.engine [-] Load duration is: 2.492638
2019-07-14 18:58:37.539 1842 INFO rally.task.engine [-] Full runner duration is: 2.549587
2019-07-14 18:58:37.539 1842 INFO rally.task.engine [-] Full duration is: 65.317144
2019-07-14 18:58:37.797 1842 INFO rally.task.engine [-] Running workload: position = 0 config = { "version": 2, "title": "A cropped version of a bigger task.", "description": "Auto-generated task from a single workload (uuid=857eb9d2-13ec-42f0-b29c-a8df0a8d1a16)", "subtasks": [ { "title": "CinderVolumes.create_and_delete_snapshot", "description": "Create and then delete a volume-snapshot.", "scenario": { "CinderVolumes.create_and_delete_snapshot": { "force": false } }, "contexts": { "users": { "tenants": 3, "users_per_tenant": 2 }, "quotas": { "cinder": { "gigabytes": -1, "snapshots": -1, "volumes": -1 } }, "api_versions": { "cinder": { "version": 3, "service_type": "volumev3" } }, "volumes": { "size": 1, "volumes_per_tenant": 1 } }, "runner": { "constant": { "concurrency": 4, "times": 10 } }, "hooks": [], "sla": { "failure_rate": { "max": 0 } } } ] }
2019-07-14 18:58:37.824 1842 RALLYDEBUG rally_openstack.contexts.keystone.users [-] Creating 3 tenants using 20 threads
2019-07-14 18:58:39.649 1842 RALLYDEBUG rally_openstack.contexts.keystone.users [-] Creating 6 users using 20 threads
2019-07-14 18:58:42.494 1842 INFO rally.task.context [-] Task a2ba8c58-e95f-421f-bb64-c42925d28e52 | Context users@openstack setup() finished in 4.67 sec
2019-07-14 18:58:42.932 1842 INFO rally.task.context [-] Task a2ba8c58-e95f-421f-bb64-c42925d28e52 | Context api_versions@openstack setup() finished in 0.44 sec
2019-07-14 18:58:44.719 1842 INFO rally.task.context [-] Task a2ba8c58-e95f-421f-bb64-c42925d28e52 | Context quotas@openstack setup() finished in 1.79 sec
2019-07-14 18:58:55.662 1842 INFO rally.task.context [-] Task a2ba8c58-e95f-421f-bb64-c42925d28e52 | Context volumes@openstack setup() finished in 10.94 sec
2019-07-14 18:58:55.662 1842 INFO rally.task.context [-] Task a2ba8c58-e95f-421f-bb64-c42925d28e52 | Context cleanup@openstack setup() finished in 0.02 msec
2019-07-14 18:58:55.671 1842 RALLYDEBUG rally.task.runner [-] Starting the constant runner (task UUID: a2ba8c58-e95f-421f-bb64-c42925d28e52). timeout: 0 concurrency: 4 concurrency_per_worker: 1 times: 10 concurrency_overhead: 0 processes_to_start: 4 max_cpu_used: 16
2019-07-14 18:58:55.684 3966 RALLYDEBUG rally.task.runner [-] Starting a worker. concurrency: 1 args: {"force": false} times: 10 method_name: run timeout: 0 duration: None cls:
2019-07-14 18:58:55.686 3967 RALLYDEBUG rally.task.runner [-] Starting a worker. concurrency: 1 args: {"force": false} times: 10 method_name: run timeout: 0 duration: None cls:
2019-07-14 18:58:55.689 3968 RALLYDEBUG rally.task.runner [-] Starting a worker. concurrency: 1 args: {"force": false} times: 10 method_name: run timeout: 0 duration: None cls:
2019-07-14 18:58:55.693 3966 INFO rally.task.runner [-] Task a2ba8c58-e95f-421f-bb64-c42925d28e52 | ITER: 1 START
2019-07-14 18:58:55.693 3969 RALLYDEBUG rally.task.runner [-] Starting a worker. concurrency: 1 args: {"force": false} times: 10 method_name: run timeout: 0 duration: None cls:
2019-07-14 18:58:55.694 3967 INFO rally.task.runner [-] Task a2ba8c58-e95f-421f-bb64-c42925d28e52 | ITER: 2 START
2019-07-14 18:58:55.697 3968 INFO rally.task.runner [-] Task a2ba8c58-e95f-421f-bb64-c42925d28e52 | ITER: 3 START
2019-07-14 18:58:55.700 3969 INFO rally.task.runner [-] Task a2ba8c58-e95f-421f-bb64-c42925d28e52 | ITER: 4 START
2019-07-14 18:58:59.844 3968 RALLYDEBUG rally.task.utils [-] Waiting for resource s_rally_857eb9d2_6u6YgOIl. Status changed: AVAILABLE => DELETING in 0.30921792984
2019-07-14 18:59:00.001 3966 RALLYDEBUG rally.task.utils [-] Waiting for resource s_rally_857eb9d2_ZvRm0hzn. Status changed: AVAILABLE => DELETING in 0.311310052872
2019-07-14 18:59:00.011 3967 RALLYDEBUG rally.task.utils [-] Waiting for resource s_rally_857eb9d2_Vbyziwfi. Status changed: AVAILABLE => DELETING in 0.348120927811
2019-07-14 18:59:00.061 3969 RALLYDEBUG rally.task.utils [-] Waiting for resource s_rally_857eb9d2_H8ewRMhe. Status changed: AVAILABLE => DELETING in 0.316411018372
2019-07-14 18:59:02.061 3968 INFO rally.task.runner [-] Task a2ba8c58-e95f-421f-bb64-c42925d28e52 | ITER: 3 END: OK
2019-07-14 18:59:02.066 3968 INFO rally.task.runner [-] Task a2ba8c58-e95f-421f-bb64-c42925d28e52 | ITER: 5 START
2019-07-14 18:59:02.086 3969 INFO rally.task.runner [-] Task a2ba8c58-e95f-421f-bb64-c42925d28e52 | ITER: 4 END: OK
2019-07-14 18:59:02.091 3969 INFO rally.task.runner [-] Task a2ba8c58-e95f-421f-bb64-c42925d28e52 | ITER: 6 START
2019-07-14 18:59:02.235 3967 INFO rally.task.runner [-] Task a2ba8c58-e95f-421f-bb64-c42925d28e52 | ITER: 2 END: OK
2019-07-14 18:59:02.240 3967 INFO rally.task.runner [-] Task a2ba8c58-e95f-421f-bb64-c42925d28e52 | ITER: 7 START
2019-07-14 18:59:02.309 3966 INFO rally.task.runner [-] Task a2ba8c58-e95f-421f-bb64-c42925d28e52 | ITER: 1 END: OK
2019-07-14 18:59:02.314 3966 INFO rally.task.runner [-] Task a2ba8c58-e95f-421f-bb64-c42925d28e52 | ITER: 8 START
2019-07-14 18:59:06.245 3967 RALLYDEBUG rally.task.utils [-] Waiting for resource s_rally_857eb9d2_ngBmfocN. Status changed: AVAILABLE => DELETING in 0.244982004166
2019-07-14 18:59:06.283 3969 RALLYDEBUG rally.task.utils [-] Waiting for resource s_rally_857eb9d2_0M0G1wEr. Status changed: AVAILABLE => DELETING in 0.351561784744
2019-07-14 18:59:06.405 3968 RALLYDEBUG rally.task.utils [-] Waiting for resource s_rally_857eb9d2_A5WYTxUM. Status changed: AVAILABLE => DELETING in 0.322309017181
2019-07-14 18:59:06.643 3966 RALLYDEBUG rally.task.utils [-] Waiting for resource s_rally_857eb9d2_msXAVFLU. Status changed: AVAILABLE => DELETING in 0.310341119766
2019-07-14 18:59:08.553 3967 INFO rally.task.runner [-] Task a2ba8c58-e95f-421f-bb64-c42925d28e52 | ITER: 7 END: OK
2019-07-14 18:59:08.558 3967 INFO rally.task.runner [-] Task a2ba8c58-e95f-421f-bb64-c42925d28e52 | ITER: 9 START
2019-07-14 18:59:08.597 3969 INFO rally.task.runner [-] Task a2ba8c58-e95f-421f-bb64-c42925d28e52 | ITER: 6 END: OK
2019-07-14 18:59:08.602 3969 INFO rally.task.runner [-] Task a2ba8c58-e95f-421f-bb64-c42925d28e52 | ITER: 10 START
2019-07-14 18:59:08.707 3968 INFO rally.task.runner [-] Task a2ba8c58-e95f-421f-bb64-c42925d28e52 | ITER: 5 END: OK
2019-07-14 18:59:08.858 3966 INFO rally.task.runner [-] Task a2ba8c58-e95f-421f-bb64-c42925d28e52 | ITER: 8 END: OK
2019-07-14 18:59:12.469 3967 RALLYDEBUG rally.task.utils [-] Waiting for resource s_rally_857eb9d2_Jm4O3fb0. Status changed: AVAILABLE => DELETING in 0.215854167938
2019-07-14 18:59:12.792 3969 RALLYDEBUG rally.task.utils [-] Waiting for resource s_rally_857eb9d2_OGVcxWgm. Status changed: AVAILABLE => DELETING in 0.226096868515
2019-07-14 18:59:14.790 3967 INFO rally.task.runner [-] Task a2ba8c58-e95f-421f-bb64-c42925d28e52 | ITER: 9 END: OK
2019-07-14 18:59:15.013 3969 INFO rally.task.runner [-] Task a2ba8c58-e95f-421f-bb64-c42925d28e52 | ITER: 10 END: OK
2019-07-14 18:59:15.043 1842 INFO rally.task.context [-] Task a2ba8c58-e95f-421f-bb64-c42925d28e52 | Context cleanup@openstack cleanup() started
2019-07-14 18:59:15.045 1842 RALLYDEBUG rally_openstack.cleanup.manager [-] Cleaning up cinder backups objects
2019-07-14 18:59:17.259 1842 RALLYDEBUG rally_openstack.cleanup.manager [-] Cleaning up cinder volume_snapshots objects
2019-07-14 18:59:19.398 1842 RALLYDEBUG rally_openstack.cleanup.manager [-] Cleaning up cinder transfers objects
2019-07-14 18:59:21.609 1842 RALLYDEBUG rally_openstack.cleanup.manager [-] Cleaning up cinder volumes objects
2019-07-14 18:59:23.999 1842 INFO rally.task.context [-] Task a2ba8c58-e95f-421f-bb64-c42925d28e52 | Context cleanup@openstack cleanup() finished in 8.96 sec
2019-07-14 18:59:24.000 1842 INFO rally.task.context [-] Task a2ba8c58-e95f-421f-bb64-c42925d28e52 | Context volumes@openstack cleanup() started
2019-07-14 18:59:24.000 1842 RALLYDEBUG rally_openstack.cleanup.manager [-] Cleaning up cinder volumes objects
2019-07-14 18:59:26.132 1842 RALLYDEBUG rally_openstack.cleanup.manager [-] Deleting cinder.volumes object c_rally_857eb9d2_6xM73sYT (cca2c535-1314-4681-ae5c-8865a18c6eb1)
2019-07-14 18:59:26.137 1842 RALLYDEBUG rally_openstack.cleanup.manager [-] Deleting cinder.volumes object c_rally_857eb9d2_ktymekTA (8971f8b6-0e40-4034-aabd-8e41dab45fbe)
2019-07-14 18:59:26.137 1842 RALLYDEBUG rally_openstack.cleanup.manager [-] Deleting cinder.volumes object c_rally_857eb9d2_dMgPGWWB (121e832b-f583-404d-87b7-27a3867d82bf)
2019-07-14 18:59:29.564 1842 INFO rally.task.context [-] Task a2ba8c58-e95f-421f-bb64-c42925d28e52 | Context volumes@openstack cleanup() finished in 5.56 sec
2019-07-14 18:59:29.565 1842 INFO rally.task.context [-] Task a2ba8c58-e95f-421f-bb64-c42925d28e52 | Context quotas@openstack cleanup() started
2019-07-14 18:59:30.387 1842 INFO rally.task.context [-] Task a2ba8c58-e95f-421f-bb64-c42925d28e52 | Context quotas@openstack cleanup() finished in 0.82 sec
2019-07-14 18:59:30.387 1842 INFO rally.task.context [-] Task a2ba8c58-e95f-421f-bb64-c42925d28e52 | Context api_versions@openstack cleanup() started
2019-07-14 18:59:30.388 1842 INFO rally.task.context [-] Task a2ba8c58-e95f-421f-bb64-c42925d28e52 | Context api_versions@openstack cleanup() finished in 0.32 msec
2019-07-14 18:59:30.388 1842 INFO rally.task.context [-] Task a2ba8c58-e95f-421f-bb64-c42925d28e52 | Context users@openstack cleanup() started
2019-07-14 18:59:39.006 1842 INFO rally.task.context [-] Task a2ba8c58-e95f-421f-bb64-c42925d28e52 | Context users@openstack cleanup() finished in 8.62 sec
2019-07-14 18:59:40.091 1842 INFO rally.task.engine [-] Load duration is: 19.315457
2019-07-14 18:59:40.091 1842 INFO rally.task.engine [-] Full runner duration is: 19.373476
2019-07-14 18:59:40.092 1842 INFO rally.task.engine [-] Full duration is: 61.186044
2019-07-14 18:59:40.347 1842 INFO rally.task.engine [-] Running workload: position = 0 config = { "version": 2, "title": "A cropped version of a bigger task.", "description": "Auto-generated task from a single workload (uuid=c9807311-b694-4b58-9c93-d445b671e5b7)", "subtasks": [ { "title": "CinderVolumes.create_and_delete_volume", "description": "Create and then delete a volume.", "scenario": { "CinderVolumes.create_and_delete_volume": { "size": { "max": 1, "min": 1 } } }, "contexts": { "users": { "tenants": 3, "users_per_tenant": 2 }, "quotas": { "cinder": { "gigabytes": -1, "snapshots": -1, "volumes": -1 } }, "api_versions": { "cinder": { "version": 3, "service_type": "volumev3" } } }, "runner": { "constant": { "concurrency": 4, "times": 10 } }, "hooks": [], "sla": { "failure_rate": { "max": 0 } } } ] }
2019-07-14 18:59:40.371 1842 RALLYDEBUG rally_openstack.contexts.keystone.users [-] Creating 3 tenants using 20 threads
2019-07-14 18:59:42.209 1842 RALLYDEBUG rally_openstack.contexts.keystone.users [-] Creating 6 users using 20 threads
2019-07-14 18:59:45.030 1842 INFO rally.task.context [-] Task a2ba8c58-e95f-421f-bb64-c42925d28e52 | Context users@openstack setup() finished in 4.66 sec
2019-07-14 18:59:45.455 1842 INFO rally.task.context [-] Task a2ba8c58-e95f-421f-bb64-c42925d28e52 | Context api_versions@openstack setup() finished in 0.42 sec
2019-07-14 18:59:47.122 1842 INFO rally.task.context [-] Task a2ba8c58-e95f-421f-bb64-c42925d28e52 | Context quotas@openstack setup() finished in 1.67 sec
2019-07-14 18:59:47.122 1842 INFO rally.task.context [-] Task a2ba8c58-e95f-421f-bb64-c42925d28e52 | Context cleanup@openstack setup() finished in 0.00 msec
2019-07-14 18:59:47.129 1842 RALLYDEBUG rally.task.runner [-] Starting the constant runner (task UUID: a2ba8c58-e95f-421f-bb64-c42925d28e52). timeout: 0 concurrency: 4 concurrency_per_worker: 1 times: 10 concurrency_overhead: 0 processes_to_start: 4 max_cpu_used: 16
2019-07-14 18:59:47.143 4170 RALLYDEBUG rally.task.runner [-] Starting a worker. concurrency: 1 args: {"size": {"max": 1, "min": 1}} times: 10 method_name: run timeout: 0 duration: None cls:
2019-07-14 18:59:47.144 4171 RALLYDEBUG rally.task.runner [-] Starting a worker. concurrency: 1 args: {"size": {"max": 1, "min": 1}} times: 10 method_name: run timeout: 0 duration: None cls:
2019-07-14 18:59:47.144 4172 RALLYDEBUG rally.task.runner [-] Starting a worker. concurrency: 1 args: {"size": {"max": 1, "min": 1}} times: 10 method_name: run timeout: 0 duration: None cls:
2019-07-14 18:59:47.150 4172 INFO rally.task.runner [-] Task a2ba8c58-e95f-421f-bb64-c42925d28e52 | ITER: 2 START
2019-07-14 18:59:47.149 4173 RALLYDEBUG rally.task.runner [-] Starting a worker. concurrency: 1 args: {"size": {"max": 1, "min": 1}} times: 10 method_name: run timeout: 0 duration: None cls:
2019-07-14 18:59:47.151 4170 INFO rally.task.runner [-] Task a2ba8c58-e95f-421f-bb64-c42925d28e52 | ITER: 1 START
2019-07-14 18:59:47.151 4171 INFO rally.task.runner [-] Task a2ba8c58-e95f-421f-bb64-c42925d28e52 | ITER: 3 START
2019-07-14 18:59:47.158 4173 INFO rally.task.runner [-] Task a2ba8c58-e95f-421f-bb64-c42925d28e52 | ITER: 4 START
2019-07-14 18:59:51.295 4172 INFO rally.task.runner [-] Task a2ba8c58-e95f-421f-bb64-c42925d28e52 | ITER: 2 END: OK
2019-07-14 18:59:51.300 4172 INFO rally.task.runner [-] Task a2ba8c58-e95f-421f-bb64-c42925d28e52 | ITER: 5 START
2019-07-14 18:59:51.596 4171 RALLYDEBUG rally.task.utils [-] Waiting for resource s_rally_c9807311_2wJ6xWN8. Status changed: AVAILABLE => DELETING in 0.347854137421
2019-07-14 18:59:51.647 4173 RALLYDEBUG rally.task.utils [-] Waiting for resource s_rally_c9807311_oaKPBLV8. Status changed: AVAILABLE => DELETING in 0.356986999512
2019-07-14 18:59:51.799 4170 RALLYDEBUG rally.task.utils [-] Waiting for resource s_rally_c9807311_VZ2UvQbr. Status changed: AVAILABLE => DELETING in 0.274724006653
2019-07-14 18:59:53.871 4173 INFO rally.task.runner [-] Task a2ba8c58-e95f-421f-bb64-c42925d28e52 | ITER: 4 END: OK
2019-07-14 18:59:53.877 4173 INFO rally.task.runner [-] Task a2ba8c58-e95f-421f-bb64-c42925d28e52 | ITER: 6 START
2019-07-14 18:59:53.908 4171 INFO rally.task.runner [-] Task a2ba8c58-e95f-421f-bb64-c42925d28e52 | ITER: 3 END: OK
2019-07-14 18:59:53.912 4171 INFO rally.task.runner [-] Task a2ba8c58-e95f-421f-bb64-c42925d28e52 | ITER: 7 START
2019-07-14 18:59:54.120 4170 INFO rally.task.runner [-] Task a2ba8c58-e95f-421f-bb64-c42925d28e52 | ITER: 1 END: OK
2019-07-14 18:59:54.126 4170 INFO rally.task.runner [-] Task a2ba8c58-e95f-421f-bb64-c42925d28e52 | ITER: 8 START
2019-07-14 18:59:55.442 4172 RALLYDEBUG rally.task.utils [-] Waiting for resource s_rally_c9807311_5mGSSZvJ. Status changed: AVAILABLE => DELETING in 0.350970983505
2019-07-14 18:59:57.671 4172 INFO rally.task.runner [-] Task a2ba8c58-e95f-421f-bb64-c42925d28e52 | ITER: 5 END: OK
2019-07-14 18:59:57.675 4172 INFO rally.task.runner [-] Task a2ba8c58-e95f-421f-bb64-c42925d28e52 | ITER: 9 START
2019-07-14 18:59:57.784 4173 RALLYDEBUG rally.task.utils [-] Waiting for resource s_rally_c9807311_tzyImBJy. Status changed: AVAILABLE => DELETING in 0.055162191391
2019-07-14 18:59:58.118 4171 RALLYDEBUG rally.task.utils [-] Waiting for resource s_rally_c9807311_0G3mm1hH. Status changed: AVAILABLE => DELETING in 0.247411966324
2019-07-14 18:59:58.529 4170 RALLYDEBUG rally.task.utils [-] Waiting for resource s_rally_c9807311_N0lLOSGh. Status changed: AVAILABLE => DELETING in 0.32919883728
2019-07-14 18:59:59.822 4173 INFO rally.task.runner [-] Task a2ba8c58-e95f-421f-bb64-c42925d28e52 | ITER: 6 END: OK
2019-07-14 18:59:59.828 4173 INFO rally.task.runner [-] Task a2ba8c58-e95f-421f-bb64-c42925d28e52 | ITER: 10 START
2019-07-14 19:00:00.440 4171 INFO rally.task.runner [-] Task a2ba8c58-e95f-421f-bb64-c42925d28e52 | ITER: 7 END: OK
2019-07-14 19:00:00.775 4170 INFO rally.task.runner [-] Task a2ba8c58-e95f-421f-bb64-c42925d28e52 | ITER: 8 END: OK
2019-07-14 19:00:02.025 4172 INFO rally.task.runner [-] Task a2ba8c58-e95f-421f-bb64-c42925d28e52 | ITER: 9 END: OK
2019-07-14 19:00:03.951 4173 RALLYDEBUG rally.task.utils [-] Waiting for resource s_rally_c9807311_WzWzStjn. Status changed: AVAILABLE => DELETING in 0.321357011795
2019-07-14 19:00:06.196 4173 INFO rally.task.runner [-] Task a2ba8c58-e95f-421f-bb64-c42925d28e52 | ITER: 10 END: OK
2019-07-14 19:00:06.217 1842 INFO rally.task.context [-] Task a2ba8c58-e95f-421f-bb64-c42925d28e52 | Context cleanup@openstack cleanup() started
2019-07-14 19:00:06.219 1842 RALLYDEBUG rally_openstack.cleanup.manager [-] Cleaning up cinder backups objects
2019-07-14 19:00:08.543 1842 RALLYDEBUG rally_openstack.cleanup.manager [-] Cleaning up cinder volume_snapshots objects
2019-07-14 19:00:10.698 1842 RALLYDEBUG rally_openstack.cleanup.manager [-] Cleaning up cinder transfers objects
2019-07-14 19:00:12.907 1842 RALLYDEBUG rally_openstack.cleanup.manager [-] Cleaning up cinder volumes objects
2019-07-14 19:00:15.143 1842 INFO rally.task.context [-] Task a2ba8c58-e95f-421f-bb64-c42925d28e52 | Context cleanup@openstack cleanup() finished in 8.93 sec
2019-07-14 19:00:15.144 1842 INFO rally.task.context [-] Task a2ba8c58-e95f-421f-bb64-c42925d28e52 | Context quotas@openstack cleanup() started
2019-07-14 19:00:16.047 1842 INFO rally.task.context [-] Task a2ba8c58-e95f-421f-bb64-c42925d28e52 | Context quotas@openstack cleanup() finished in 0.90 sec
2019-07-14 19:00:16.048 1842 INFO rally.task.context [-] Task a2ba8c58-e95f-421f-bb64-c42925d28e52 | Context api_versions@openstack cleanup() started
2019-07-14 19:00:16.048 1842 INFO rally.task.context [-] Task a2ba8c58-e95f-421f-bb64-c42925d28e52 | Context api_versions@openstack cleanup() finished in 0.35 msec
2019-07-14 19:00:16.049 1842 INFO rally.task.context [-] Task a2ba8c58-e95f-421f-bb64-c42925d28e52 | Context users@openstack cleanup() started
