2019-07-14 18:44:21.287 1842 DEBUG novaclient.v2.client [-] RESP BODY: {"server_groups": []} _http_log_response /usr/lib/python2.7/site-packages/keystoneauth1/session.py:511
2019-07-14 18:44:21.287 1842 DEBUG novaclient.v2.client [-] GET call to compute for http://172.30.9.42:8774/v2.1/os-server-groups used request id req-102eac7a-a52b-462a-b98c-1380fdba2925 request /usr/lib/python2.7/site-packages/keystoneauth1/session.py:844
2019-07-14 18:44:21.736 1842 DEBUG novaclient.v2.client [-] REQ: curl -g -i -X GET http://172.30.9.42:8774/v2.1/os-server-groups -H "Accept: application/json" -H "User-Agent: python-novaclient" -H "X-Auth-Token: {SHA1}34b3acff50cd2677e4b63ff5b40be3dd690a2172" _http_log_request /usr/lib/python2.7/site-packages/keystoneauth1/session.py:448
2019-07-14 18:44:22.053 1842 DEBUG novaclient.v2.client [-] RESP: [200] Content-Length: 21 Content-Type: application/json Date: Sun, 14 Jul 2019 18:44:21 GMT OpenStack-API-Version: compute 2.1 Server: Apache Vary: OpenStack-API-Version,X-OpenStack-Nova-API-Version X-OpenStack-Nova-API-Version: 2.1 x-compute-request-id: req-5ef9c7d5-04fa-44fb-a369-e87de5c8d02d x-openstack-request-id: req-5ef9c7d5-04fa-44fb-a369-e87de5c8d02d _http_log_response /usr/lib/python2.7/site-packages/keystoneauth1/session.py:479
2019-07-14 18:44:22.053 1842 DEBUG novaclient.v2.client [-] RESP BODY: {"server_groups": []} _http_log_response /usr/lib/python2.7/site-packages/keystoneauth1/session.py:511
2019-07-14 18:44:22.054 1842 DEBUG novaclient.v2.client [-] GET call to compute for http://172.30.9.42:8774/v2.1/os-server-groups used request id req-5ef9c7d5-04fa-44fb-a369-e87de5c8d02d request /usr/lib/python2.7/site-packages/keystoneauth1/session.py:844
2019-07-14 18:44:22.485 1842 DEBUG novaclient.v2.client [-] REQ: curl -g -i -X GET http://172.30.9.42:8774/v2.1/os-server-groups -H "Accept: application/json" -H "User-Agent: python-novaclient" -H "X-Auth-Token: {SHA1}761b568afdf16eea15a5b347207181b40fbade18" _http_log_request /usr/lib/python2.7/site-packages/keystoneauth1/session.py:448
2019-07-14 18:44:22.784 1842 DEBUG novaclient.v2.client [-] RESP: [200] Content-Length: 21 Content-Type: application/json Date: Sun, 14 Jul 2019 18:44:22 GMT OpenStack-API-Version: compute 2.1 Server: Apache Vary: OpenStack-API-Version,X-OpenStack-Nova-API-Version X-OpenStack-Nova-API-Version: 2.1 x-compute-request-id: req-8c982048-6c6c-445a-9795-171b4c859744 x-openstack-request-id: req-8c982048-6c6c-445a-9795-171b4c859744 _http_log_response /usr/lib/python2.7/site-packages/keystoneauth1/session.py:479
2019-07-14 18:44:22.785 1842 DEBUG novaclient.v2.client [-] RESP BODY: {"server_groups": []} _http_log_response /usr/lib/python2.7/site-packages/keystoneauth1/session.py:511
2019-07-14 18:44:22.785 1842 DEBUG novaclient.v2.client [-] GET call to compute for http://172.30.9.42:8774/v2.1/os-server-groups used request id req-8c982048-6c6c-445a-9795-171b4c859744 request /usr/lib/python2.7/site-packages/keystoneauth1/session.py:844
2019-07-14 18:44:22.792 1842 RALLYDEBUG rally_openstack.cleanup.manager [-] Cleaning up nova keypairs objects
2019-07-14 18:44:23.319 1842 DEBUG novaclient.v2.client [-] REQ: curl -g -i -X GET http://172.30.9.42:8774/v2.1/os-keypairs -H "Accept: application/json" -H "User-Agent: python-novaclient" -H "X-Auth-Token: {SHA1}f065a18c359c12dbc9b3fb7d037c703cbfdb21c8" _http_log_request /usr/lib/python2.7/site-packages/keystoneauth1/session.py:448
2019-07-14 18:44:23.640 1842 DEBUG novaclient.v2.client [-] RESP: [200] Content-Length: 16 Content-Type: application/json Date: Sun, 14 Jul 2019 18:44:23 GMT OpenStack-API-Version: compute 2.1 Server: Apache Vary: OpenStack-API-Version,X-OpenStack-Nova-API-Version X-OpenStack-Nova-API-Version: 2.1 x-compute-request-id: req-83f29932-a4ac-4246-9070-ee79c227cb59 x-openstack-request-id: req-83f29932-a4ac-4246-9070-ee79c227cb59 _http_log_response /usr/lib/python2.7/site-packages/keystoneauth1/session.py:479
2019-07-14 18:44:23.640 1842 DEBUG novaclient.v2.client [-] RESP BODY: {"keypairs": []} _http_log_response /usr/lib/python2.7/site-packages/keystoneauth1/session.py:511
2019-07-14 18:44:23.641 1842 DEBUG novaclient.v2.client [-] GET call to compute for http://172.30.9.42:8774/v2.1/os-keypairs used request id req-83f29932-a4ac-4246-9070-ee79c227cb59 request /usr/lib/python2.7/site-packages/keystoneauth1/session.py:844
2019-07-14 18:44:24.172 1842 DEBUG novaclient.v2.client [-] REQ: curl -g -i -X GET http://172.30.9.42:8774/v2.1/os-keypairs -H "Accept: application/json" -H "User-Agent: python-novaclient" -H "X-Auth-Token: {SHA1}e6115be69555ef60c292b3864fd542a7c8c9e2d2" _http_log_request /usr/lib/python2.7/site-packages/keystoneauth1/session.py:448
2019-07-14 18:44:24.491 1842 DEBUG novaclient.v2.client [-] RESP: [200] Content-Length: 16 Content-Type: application/json Date: Sun, 14 Jul 2019 18:44:24 GMT OpenStack-API-Version: compute 2.1 Server: Apache Vary: OpenStack-API-Version,X-OpenStack-Nova-API-Version X-OpenStack-Nova-API-Version: 2.1 x-compute-request-id: req-53b81c3c-9712-4b57-9eff-c0bf13b8221d x-openstack-request-id: req-53b81c3c-9712-4b57-9eff-c0bf13b8221d _http_log_response /usr/lib/python2.7/site-packages/keystoneauth1/session.py:479
2019-07-14 18:44:24.491 1842 DEBUG novaclient.v2.client [-] RESP BODY: {"keypairs": []} _http_log_response /usr/lib/python2.7/site-packages/keystoneauth1/session.py:511
2019-07-14 18:44:24.492 1842 DEBUG novaclient.v2.client [-] GET call to compute for http://172.30.9.42:8774/v2.1/os-keypairs used request id req-53b81c3c-9712-4b57-9eff-c0bf13b8221d request /usr/lib/python2.7/site-packages/keystoneauth1/session.py:844
2019-07-14 18:44:24.923 1842 DEBUG novaclient.v2.client [-] REQ: curl -g -i -X GET http://172.30.9.42:8774/v2.1/os-keypairs -H "Accept: application/json" -H "User-Agent: python-novaclient" -H "X-Auth-Token: {SHA1}e1b24e07e6cf4572140052b12c59bfea7f79adef" _http_log_request /usr/lib/python2.7/site-packages/keystoneauth1/session.py:448
2019-07-14 18:44:25.246 1842 DEBUG novaclient.v2.client [-] RESP: [200] Content-Length: 16 Content-Type: application/json Date: Sun, 14 Jul 2019 18:44:24 GMT OpenStack-API-Version: compute 2.1 Server: Apache Vary: OpenStack-API-Version,X-OpenStack-Nova-API-Version X-OpenStack-Nova-API-Version: 2.1 x-compute-request-id: req-f647aecc-6413-49d4-a3c4-59577173cc4f x-openstack-request-id: req-f647aecc-6413-49d4-a3c4-59577173cc4f _http_log_response /usr/lib/python2.7/site-packages/keystoneauth1/session.py:479
2019-07-14 18:44:25.246 1842 DEBUG novaclient.v2.client [-] RESP BODY: {"keypairs": []} _http_log_response /usr/lib/python2.7/site-packages/keystoneauth1/session.py:511
2019-07-14 18:44:25.247 1842 DEBUG novaclient.v2.client [-] GET call to compute for http://172.30.9.42:8774/v2.1/os-keypairs used request id req-f647aecc-6413-49d4-a3c4-59577173cc4f request /usr/lib/python2.7/site-packages/keystoneauth1/session.py:844
2019-07-14 18:44:25.675 1842 DEBUG novaclient.v2.client [-] REQ: curl -g -i -X GET http://172.30.9.42:8774/v2.1/os-keypairs -H "Accept: application/json" -H "User-Agent: python-novaclient" -H "X-Auth-Token: {SHA1}f8c1e866b6a385dc674711e94686724ab5e0c906" _http_log_request /usr/lib/python2.7/site-packages/keystoneauth1/session.py:448
2019-07-14 18:44:26.103 1842 DEBUG novaclient.v2.client [-] RESP: [200] Content-Length: 16 Content-Type: application/json Date: Sun, 14 Jul 2019 18:44:25 GMT OpenStack-API-Version: compute 2.1 Server: Apache Vary: OpenStack-API-Version,X-OpenStack-Nova-API-Version X-OpenStack-Nova-API-Version: 2.1 x-compute-request-id: req-1c5397bd-3c5f-48ac-836f-fdbb30b9cd56 x-openstack-request-id: req-1c5397bd-3c5f-48ac-836f-fdbb30b9cd56 _http_log_response /usr/lib/python2.7/site-packages/keystoneauth1/session.py:479
2019-07-14 18:44:26.104 1842 DEBUG novaclient.v2.client [-] RESP BODY: {"keypairs": []} _http_log_response /usr/lib/python2.7/site-packages/keystoneauth1/session.py:511
2019-07-14 18:44:26.104 1842 DEBUG novaclient.v2.client [-] GET call to compute for http://172.30.9.42:8774/v2.1/os-keypairs used request id req-1c5397bd-3c5f-48ac-836f-fdbb30b9cd56 request /usr/lib/python2.7/site-packages/keystoneauth1/session.py:844
2019-07-14 18:44:26.531 1842 DEBUG novaclient.v2.client [-] REQ: curl -g -i -X GET http://172.30.9.42:8774/v2.1/os-keypairs -H "Accept: application/json" -H "User-Agent: python-novaclient" -H "X-Auth-Token: {SHA1}50ebaf57e90f4adcb3c6ec9a4112aa59bc05f520" _http_log_request /usr/lib/python2.7/site-packages/keystoneauth1/session.py:448
2019-07-14 18:44:26.921 1842 DEBUG novaclient.v2.client [-] RESP: [200] Content-Length: 16 Content-Type: application/json Date: Sun, 14 Jul 2019 18:44:26 GMT OpenStack-API-Version: compute 2.1 Server: Apache Vary: OpenStack-API-Version,X-OpenStack-Nova-API-Version X-OpenStack-Nova-API-Version: 2.1 x-compute-request-id: req-85bccdca-e62c-4ce1-9faf-db75dcec8cd1 x-openstack-request-id: req-85bccdca-e62c-4ce1-9faf-db75dcec8cd1 _http_log_response /usr/lib/python2.7/site-packages/keystoneauth1/session.py:479
2019-07-14 18:44:26.922 1842 DEBUG novaclient.v2.client [-] RESP BODY: {"keypairs": []} _http_log_response /usr/lib/python2.7/site-packages/keystoneauth1/session.py:511
2019-07-14 18:44:26.922 1842 DEBUG novaclient.v2.client [-] GET call to compute for http://172.30.9.42:8774/v2.1/os-keypairs used request id req-85bccdca-e62c-4ce1-9faf-db75dcec8cd1 request /usr/lib/python2.7/site-packages/keystoneauth1/session.py:844
2019-07-14 18:44:27.363 1842 DEBUG novaclient.v2.client [-] REQ: curl -g -i -X GET http://172.30.9.42:8774/v2.1/os-keypairs -H "Accept: application/json" -H "User-Agent: python-novaclient" -H "X-Auth-Token: {SHA1}0fd6e4fa0ec5c6da431512050b62fbaf5d3d3ad3" _http_log_request /usr/lib/python2.7/site-packages/keystoneauth1/session.py:448
2019-07-14 18:44:27.636 1842 DEBUG novaclient.v2.client [-] RESP: [200] Content-Length: 16 Content-Type: application/json Date: Sun, 14 Jul 2019 18:44:27 GMT OpenStack-API-Version: compute 2.1 Server: Apache Vary: OpenStack-API-Version,X-OpenStack-Nova-API-Version X-OpenStack-Nova-API-Version: 2.1 x-compute-request-id: req-ae19ccfc-b89a-491e-a704-12e64a37de8b x-openstack-request-id: req-ae19ccfc-b89a-491e-a704-12e64a37de8b _http_log_response /usr/lib/python2.7/site-packages/keystoneauth1/session.py:479
2019-07-14 18:44:27.637 1842 DEBUG novaclient.v2.client [-] RESP BODY: {"keypairs": []} _http_log_response /usr/lib/python2.7/site-packages/keystoneauth1/session.py:511
2019-07-14 18:44:27.637 1842 DEBUG novaclient.v2.client [-] GET call to compute for http://172.30.9.42:8774/v2.1/os-keypairs used request id req-ae19ccfc-b89a-491e-a704-12e64a37de8b request /usr/lib/python2.7/site-packages/keystoneauth1/session.py:844
2019-07-14 18:44:27.645 1842 RALLYDEBUG rally_openstack.cleanup.manager [-] Cleaning up cinder backups objects
2019-07-14 18:44:29.897 1842 RALLYDEBUG rally_openstack.cleanup.manager [-] Cleaning up cinder volume_snapshots objects
2019-07-14 18:44:32.139 1842 RALLYDEBUG rally_openstack.cleanup.manager [-] Cleaning up cinder transfers objects
2019-07-14 18:44:34.180 1842 RALLYDEBUG rally_openstack.cleanup.manager [-] Cleaning up cinder volumes objects
2019-07-14 18:44:36.490 1842 INFO rally.task.context [-] Task a2ba8c58-e95f-421f-bb64-c42925d28e52 | Context cleanup@openstack cleanup() finished in 18.40 sec
2019-07-14 18:44:36.491 1842 INFO rally.task.context [-] Task a2ba8c58-e95f-421f-bb64-c42925d28e52 | Context quotas@openstack cleanup() started
2019-07-14 18:44:37.189 1842 INFO rally.task.context [-] Task a2ba8c58-e95f-421f-bb64-c42925d28e52 | Context quotas@openstack cleanup() finished in 0.70 sec
2019-07-14 18:44:37.189 1842 INFO rally.task.context [-] Task a2ba8c58-e95f-421f-bb64-c42925d28e52 | Context api_versions@openstack cleanup() started
2019-07-14 18:44:37.189 1842 INFO rally.task.context [-] Task a2ba8c58-e95f-421f-bb64-c42925d28e52 | Context api_versions@openstack cleanup() finished in 0.33 msec
2019-07-14 18:44:37.190 1842 INFO rally.task.context [-] Task a2ba8c58-e95f-421f-bb64-c42925d28e52 | Context users@openstack cleanup() started
2019-07-14 18:44:45.124 1842 INFO rally.task.context [-] Task a2ba8c58-e95f-421f-bb64-c42925d28e52 | Context users@openstack cleanup() finished in 7.93 sec
2019-07-14 18:44:45.766 1842 INFO rally.task.engine [-] Load duration is: 105.646283
2019-07-14 18:44:45.766 1842 INFO rally.task.engine [-] Full runner duration is: 106.703125
2019-07-14 18:44:45.766 1842 INFO rally.task.engine [-] Full duration is: 143.934389
2019-07-14 18:44:46.029 1842 INFO rally.task.engine [-] Running workload: position = 0 config = { "version": 2, "title": "A cropped version of a bigger task.", "description": "Auto-generated task from a single workload (uuid=2a2ebf29-c26d-43a6-845a-9727fc57948a)", "subtasks": [ { "title": "CinderVolumes.create_and_list_snapshots", "description": "Create and then list a volume-snapshot.", "scenario": { "CinderVolumes.create_and_list_snapshots": { "detailed": true, "force": false } }, "contexts": { "users": { "tenants": 3, "users_per_tenant": 2 }, "quotas": { "cinder": { "gigabytes": -1, "snapshots": -1, "volumes": -1 } }, "api_versions": { "cinder": { "version": 3, "service_type": "volumev3" } }, "volumes": { "size": 1, "volumes_per_tenant": 1 } }, "runner": { "constant": { "concurrency": 4, "times": 10 } }, "hooks": [], "sla": { "failure_rate": { "max": 0 } } } ] }
2019-07-14 18:44:46.066 1842 RALLYDEBUG rally_openstack.contexts.keystone.users [-] Creating 3 tenants using 20 threads
2019-07-14 18:44:47.897 1842 RALLYDEBUG rally_openstack.contexts.keystone.users [-] Creating 6 users using 20 threads
2019-07-14 18:44:50.695 1842 INFO rally.task.context [-] Task a2ba8c58-e95f-421f-bb64-c42925d28e52 | Context users@openstack setup() finished in 4.63 sec
2019-07-14 18:44:51.123 1842 INFO rally.task.context [-] Task a2ba8c58-e95f-421f-bb64-c42925d28e52 | Context api_versions@openstack setup() finished in 0.43 sec
2019-07-14 18:44:52.917 1842 INFO rally.task.context [-] Task a2ba8c58-e95f-421f-bb64-c42925d28e52 | Context quotas@openstack setup() finished in 1.79 sec
2019-07-14 18:45:04.296 1842 INFO rally.task.context [-] Task a2ba8c58-e95f-421f-bb64-c42925d28e52 | Context volumes@openstack setup() finished in 11.38 sec
2019-07-14 18:45:04.297 1842 INFO rally.task.context [-] Task a2ba8c58-e95f-421f-bb64-c42925d28e52 | Context cleanup@openstack setup() finished in 0.01 msec
2019-07-14 18:45:04.306 1842 RALLYDEBUG rally.task.runner [-] Starting the constant runner (task UUID: a2ba8c58-e95f-421f-bb64-c42925d28e52). timeout: 0 concurrency: 4 concurrency_per_worker: 1 times: 10 concurrency_overhead: 0 processes_to_start: 4 max_cpu_used: 16
2019-07-14 18:45:04.316 2210 RALLYDEBUG rally.task.runner [-] Starting a worker. concurrency: 1 args: {"detailed": true, "force": false} times: 10 method_name: run timeout: 0 duration: None cls:
2019-07-14 18:45:04.320 2211 RALLYDEBUG rally.task.runner [-] Starting a worker. concurrency: 1 args: {"detailed": true, "force": false} times: 10 method_name: run timeout: 0 duration: None cls:
2019-07-14 18:45:04.321 2212 RALLYDEBUG rally.task.runner [-] Starting a worker. concurrency: 1 args: {"detailed": true, "force": false} times: 10 method_name: run timeout: 0 duration: None cls:
2019-07-14 18:45:04.322 2210 INFO rally.task.runner [-] Task a2ba8c58-e95f-421f-bb64-c42925d28e52 | ITER: 1 START
2019-07-14 18:45:04.325 2213 RALLYDEBUG rally.task.runner [-] Starting a worker. concurrency: 1 args: {"detailed": true, "force": false} times: 10 method_name: run timeout: 0 duration: None cls:
2019-07-14 18:45:04.327 2211 INFO rally.task.runner [-] Task a2ba8c58-e95f-421f-bb64-c42925d28e52 | ITER: 2 START
2019-07-14 18:45:04.328 2212 INFO rally.task.runner [-] Task a2ba8c58-e95f-421f-bb64-c42925d28e52 | ITER: 3 START
2019-07-14 18:45:04.333 2213 INFO rally.task.runner [-] Task a2ba8c58-e95f-421f-bb64-c42925d28e52 | ITER: 4 START
2019-07-14 18:45:08.143 2212 INFO rally.task.runner [-] Task a2ba8c58-e95f-421f-bb64-c42925d28e52 | ITER: 3 END: OK
2019-07-14 18:45:08.149 2212 INFO rally.task.runner [-] Task a2ba8c58-e95f-421f-bb64-c42925d28e52 | ITER: 5 START
2019-07-14 18:45:08.175 2211 INFO rally.task.runner [-] Task a2ba8c58-e95f-421f-bb64-c42925d28e52 | ITER: 2 END: OK
2019-07-14 18:45:08.181 2211 INFO rally.task.runner [-] Task a2ba8c58-e95f-421f-bb64-c42925d28e52 | ITER: 6 START
2019-07-14 18:45:08.267 2210 INFO rally.task.runner [-] Task a2ba8c58-e95f-421f-bb64-c42925d28e52 | ITER: 1 END: OK
2019-07-14 18:45:08.273 2210 INFO rally.task.runner [-] Task a2ba8c58-e95f-421f-bb64-c42925d28e52 | ITER: 7 START
2019-07-14 18:45:08.344 2213 INFO rally.task.runner [-] Task a2ba8c58-e95f-421f-bb64-c42925d28e52 | ITER: 4 END: OK
2019-07-14 18:45:08.350 2213 INFO rally.task.runner [-] Task a2ba8c58-e95f-421f-bb64-c42925d28e52 | ITER: 8 START
2019-07-14 18:45:11.966 2212 INFO rally.task.runner [-] Task a2ba8c58-e95f-421f-bb64-c42925d28e52 | ITER: 5 END: OK
2019-07-14 18:45:11.971 2212 INFO rally.task.runner [-] Task a2ba8c58-e95f-421f-bb64-c42925d28e52 | ITER: 9 START
2019-07-14 18:45:11.979 2210 INFO rally.task.runner [-] Task a2ba8c58-e95f-421f-bb64-c42925d28e52 | ITER: 7 END: OK
2019-07-14 18:45:11.984 2210 INFO rally.task.runner [-] Task a2ba8c58-e95f-421f-bb64-c42925d28e52 | ITER: 10 START
2019-07-14 18:45:12.056 2213 INFO rally.task.runner [-] Task a2ba8c58-e95f-421f-bb64-c42925d28e52 | ITER: 8 END: OK
2019-07-14 18:45:12.230 2211 INFO rally.task.runner [-] Task a2ba8c58-e95f-421f-bb64-c42925d28e52 | ITER: 6 END: OK
2019-07-14 18:45:15.696 2212 INFO rally.task.runner [-] Task a2ba8c58-e95f-421f-bb64-c42925d28e52 | ITER: 9 END: OK
2019-07-14 18:45:15.738 2210 INFO rally.task.runner [-] Task a2ba8c58-e95f-421f-bb64-c42925d28e52 | ITER: 10 END: OK
2019-07-14 18:45:15.765 1842 INFO rally.task.context [-] Task a2ba8c58-e95f-421f-bb64-c42925d28e52 | Context cleanup@openstack cleanup() started
2019-07-14 18:45:15.768 1842 RALLYDEBUG rally_openstack.cleanup.manager [-] Cleaning up cinder backups objects
2019-07-14 18:45:17.909 1842 RALLYDEBUG rally_openstack.cleanup.manager [-] Cleaning up cinder volume_snapshots objects
2019-07-14 18:45:20.204 1842 RALLYDEBUG rally_openstack.cleanup.manager [-] Deleting cinder.volume_snapshots object s_rally_2a2ebf29_AwKcGAH7 (2f629697-97df-486a-aa3b-d6a9f3445fa7)
2019-07-14 18:45:20.204 1842 RALLYDEBUG rally_openstack.cleanup.manager [-] Deleting cinder.volume_snapshots object s_rally_2a2ebf29_7b2GuEh6 (62b241fa-ac0c-48a7-8486-89513fc6f432)
2019-07-14 18:45:20.207 1842 RALLYDEBUG rally_openstack.cleanup.manager [-] Deleting cinder.volume_snapshots object s_rally_2a2ebf29_rCgUTXLq (72ee715d-d899-46b6-9718-168eddd06769)
2019-07-14 18:45:20.208 1842 RALLYDEBUG rally_openstack.cleanup.manager [-] Deleting cinder.volume_snapshots object s_rally_2a2ebf29_XnUciLwg (16b50ef0-5f8a-4907-8f43-4da8a29dc6b5)
2019-07-14 18:45:20.210 1842 RALLYDEBUG rally_openstack.cleanup.manager [-] Deleting cinder.volume_snapshots object s_rally_2a2ebf29_vubSXxmA (52a4ee31-9ff7-4dea-a158-ef75f9705e30)
2019-07-14 18:45:20.213 1842 RALLYDEBUG rally_openstack.cleanup.manager [-] Deleting cinder.volume_snapshots object s_rally_2a2ebf29_mz3IChTC (9c698380-23dd-4de2-bf6c-3a7f276658fd)
2019-07-14 18:45:20.213 1842 RALLYDEBUG rally_openstack.cleanup.manager [-] Deleting cinder.volume_snapshots object s_rally_2a2ebf29_yjAhRf5v (cdac7ff8-cd60-449b-b224-678c2253110c)
2019-07-14 18:45:20.221 1842 RALLYDEBUG rally_openstack.cleanup.manager [-] Deleting cinder.volume_snapshots object s_rally_2a2ebf29_9vHfQUxL (9c79413b-6f57-46d5-86cd-89a5a1304550)
2019-07-14 18:45:20.233 1842 RALLYDEBUG rally_openstack.cleanup.manager [-] Deleting cinder.volume_snapshots object s_rally_2a2ebf29_3WBh9DAP (badb399c-dc58-40bd-bed1-0964d84ecd29)
2019-07-14 18:45:20.233 1842 RALLYDEBUG rally_openstack.cleanup.manager [-] Deleting cinder.volume_snapshots object s_rally_2a2ebf29_Eurue0QX (1d13f275-82fb-4e0c-a334-a465fd3b0867)
2019-07-14 18:45:25.199 1842 RALLYDEBUG rally_openstack.cleanup.manager [-] Cleaning up cinder transfers objects
2019-07-14 18:45:27.248 1842 RALLYDEBUG rally_openstack.cleanup.manager [-] Cleaning up cinder volumes objects
2019-07-14 18:45:29.415 1842 INFO rally.task.context [-] Task a2ba8c58-e95f-421f-bb64-c42925d28e52 | Context cleanup@openstack cleanup() finished in 13.65 sec
2019-07-14 18:45:29.416 1842 INFO rally.task.context [-] Task a2ba8c58-e95f-421f-bb64-c42925d28e52 | Context volumes@openstack cleanup() started
2019-07-14 18:45:29.417 1842 RALLYDEBUG rally_openstack.cleanup.manager [-] Cleaning up cinder volumes objects
2019-07-14 18:45:31.769 1842 RALLYDEBUG rally_openstack.cleanup.manager [-] Deleting cinder.volumes object c_rally_2a2ebf29_HrMiUpP8 (37d5a9be-6cbe-4072-86b4-425af4b9c080)
2019-07-14 18:45:31.770 1842 RALLYDEBUG rally_openstack.cleanup.manager [-] Deleting cinder.volumes object c_rally_2a2ebf29_QzKS9P94 (0ff44db8-e4fb-4f44-b112-7694f09ec136)
2019-07-14 18:45:31.778 1842 RALLYDEBUG rally_openstack.cleanup.manager [-] Deleting cinder.volumes object c_rally_2a2ebf29_qeyjb454 (66dbf384-4925-4fd1-92c5-95af45dc060b)
2019-07-14 18:45:35.234 1842 INFO rally.task.context [-] Task a2ba8c58-e95f-421f-bb64-c42925d28e52 | Context volumes@openstack cleanup() finished in 5.82 sec
2019-07-14 18:45:35.235 1842 INFO rally.task.context [-] Task a2ba8c58-e95f-421f-bb64-c42925d28e52 | Context quotas@openstack cleanup() started
2019-07-14 18:45:36.027 1842 INFO rally.task.context [-] Task a2ba8c58-e95f-421f-bb64-c42925d28e52 | Context quotas@openstack cleanup() finished in 0.79 sec
2019-07-14 18:45:36.027 1842 INFO rally.task.context [-] Task a2ba8c58-e95f-421f-bb64-c42925d28e52 | Context api_versions@openstack cleanup() started
2019-07-14 18:45:36.028 1842 INFO rally.task.context [-] Task a2ba8c58-e95f-421f-bb64-c42925d28e52 | Context api_versions@openstack cleanup() finished in 0.30 msec
2019-07-14 18:45:36.028 1842 INFO rally.task.context [-] Task a2ba8c58-e95f-421f-bb64-c42925d28e52 | Context users@openstack cleanup() started
2019-07-14 18:45:44.516 1842 INFO rally.task.context [-] Task a2ba8c58-e95f-421f-bb64-c42925d28e52 | Context users@openstack cleanup() finished in 8.49 sec
2019-07-14 18:45:46.369 1842 INFO rally.task.engine [-] Load duration is: 11.412346
2019-07-14 18:45:46.369 1842 INFO rally.task.engine [-] Full runner duration is: 11.461591
2019-07-14 18:45:46.370 1842 INFO rally.task.engine [-] Full duration is: 58.453348
2019-07-14 18:45:46.617 1842 INFO rally.task.engine [-] Running workload: position = 0 config = { "version": 2, "title": "A cropped version of a bigger task.", "description": "Auto-generated task from a single workload (uuid=3d849e0a-74fe-4a36-9989-110982546b86)", "subtasks": [ { "title": "CinderVolumes.create_and_list_volume", "description": "Create a volume and list all volumes.", "scenario": { "CinderVolumes.create_and_list_volume": { "detailed": true, "image": { "name": "rally_full-img_d23f5a40-5994-49e4-98ec-8191e7af42f0" }, "size": 1 } }, "contexts": { "users": { "tenants": 3, "users_per_tenant": 2 }, "quotas": { "cinder": { "gigabytes": -1, "snapshots": -1, "volumes": -1 } }, "api_versions": { "cinder": { "version": 3, "service_type": "volumev3" } } }, "runner": { "constant": { "concurrency": 4, "times": 10 } }, "hooks": [], "sla": { "failure_rate": { "max": 0 } } } ] }
2019-07-14 18:45:46.643 1842 RALLYDEBUG rally_openstack.contexts.keystone.users [-] Creating 3 tenants using 20 threads
2019-07-14 18:45:48.469 1842 RALLYDEBUG rally_openstack.contexts.keystone.users [-] Creating 6 users using 20 threads
2019-07-14 18:45:51.284 1842 INFO rally.task.context [-] Task a2ba8c58-e95f-421f-bb64-c42925d28e52 | Context users@openstack setup() finished in 4.64 sec
2019-07-14 18:45:51.723 1842 INFO rally.task.context [-] Task a2ba8c58-e95f-421f-bb64-c42925d28e52 | Context api_versions@openstack setup() finished in 0.44 sec
2019-07-14 18:45:53.410 1842 INFO rally.task.context [-] Task a2ba8c58-e95f-421f-bb64-c42925d28e52 | Context quotas@openstack setup() finished in 1.69 sec
2019-07-14 18:45:53.410 1842 INFO rally.task.context [-] Task a2ba8c58-e95f-421f-bb64-c42925d28e52 | Context cleanup@openstack setup() finished in 0.01 msec
2019-07-14 18:45:54.891 1842 RALLYDEBUG rally.task.runner [-] Starting the constant runner (task UUID: a2ba8c58-e95f-421f-bb64-c42925d28e52). timeout: 0 concurrency: 4 concurrency_per_worker: 1 times: 10 concurrency_overhead: 0 processes_to_start: 4 max_cpu_used: 16
2019-07-14 18:45:54.903 2414 RALLYDEBUG rally.task.runner [-] Starting a worker. concurrency: 1 args: {"detailed": true, "image": "5c5b607b-e28f-45e8-a02e-5cb226e867ab", "size": 1} times: 10 method_name: run timeout: 0 duration: None cls:
2019-07-14 18:45:54.907 2415 RALLYDEBUG rally.task.runner [-] Starting a worker. concurrency: 1 args: {"detailed": true, "image": "5c5b607b-e28f-45e8-a02e-5cb226e867ab", "size": 1} times: 10 method_name: run timeout: 0 duration: None cls:
2019-07-14 18:45:54.909 2416 RALLYDEBUG rally.task.runner [-] Starting a worker. concurrency: 1 args: {"detailed": true, "image": "5c5b607b-e28f-45e8-a02e-5cb226e867ab", "size": 1} times: 10 method_name: run timeout: 0 duration: None cls:
2019-07-14 18:45:54.911 2414 INFO rally.task.runner [-] Task a2ba8c58-e95f-421f-bb64-c42925d28e52 | ITER: 1 START
2019-07-14 18:45:54.912 2417 RALLYDEBUG rally.task.runner [-] Starting a worker. concurrency: 1 args: {"detailed": true, "image": "5c5b607b-e28f-45e8-a02e-5cb226e867ab", "size": 1} times: 10 method_name: run timeout: 0 duration: None cls:
2019-07-14 18:45:54.916 2415 INFO rally.task.runner [-] Task a2ba8c58-e95f-421f-bb64-c42925d28e52 | ITER: 2 START
2019-07-14 18:45:54.917 2416 INFO rally.task.runner [-] Task a2ba8c58-e95f-421f-bb64-c42925d28e52 | ITER: 3 START
2019-07-14 18:45:54.920 2417 INFO rally.task.runner [-] Task a2ba8c58-e95f-421f-bb64-c42925d28e52 | ITER: 4 START
2019-07-14 18:46:02.320 2414 RALLYDEBUG rally.task.utils [-] Waiting for resource s_rally_3d849e0a_8Q8xoFPU. Status changed: CREATING => DOWNLOADING in 3.03668093681
2019-07-14 18:46:02.666 2415 RALLYDEBUG rally.task.utils [-] Waiting for resource s_rally_3d849e0a_AO8DhDT0. Status changed: CREATING => DOWNLOADING in 3.05974507332
2019-07-14 18:46:09.259 2414 RALLYDEBUG rally.task.utils [-] Waiting for resource s_rally_3d849e0a_8Q8xoFPU. Status changed: DOWNLOADING => AVAILABLE in 6.93903493881
2019-07-14 18:46:09.338 2414 INFO rally.task.runner [-] Task a2ba8c58-e95f-421f-bb64-c42925d28e52 | ITER: 1 END: OK
2019-07-14 18:46:09.343 2414 INFO rally.task.runner [-] Task a2ba8c58-e95f-421f-bb64-c42925d28e52 | ITER: 5 START
2019-07-14 18:46:09.577 2416 RALLYDEBUG rally.task.utils [-] Waiting for resource s_rally_3d849e0a_TZhvgcKO. Status changed: CREATING => DOWNLOADING in 9.76686882973
2019-07-14 18:46:09.710 2415 RALLYDEBUG rally.task.utils [-] Waiting for resource s_rally_3d849e0a_AO8DhDT0. Status changed: DOWNLOADING => AVAILABLE in 7.04417896271
2019-07-14 18:46:09.915 2417 RALLYDEBUG rally.task.utils [-] Waiting for resource s_rally_3d849e0a_vH5ePew8. Status changed: CREATING => DOWNLOADING in 10.039069891
2019-07-14 18:46:10.027 2415 INFO rally.task.runner [-] Task a2ba8c58-e95f-421f-bb64-c42925d28e52 | ITER: 2 END: OK
2019-07-14 18:46:10.032 2415 INFO rally.task.runner [-] Task a2ba8c58-e95f-421f-bb64-c42925d28e52 | ITER: 6 START
2019-07-14 18:46:14.514 2417 RALLYDEBUG rally.task.utils [-] Waiting for resource s_rally_3d849e0a_vH5ePew8. Status changed: DOWNLOADING => AVAILABLE in 4.59957003593
2019-07-14 18:46:14.953 2417 INFO rally.task.runner [-] Task a2ba8c58-e95f-421f-bb64-c42925d28e52 | ITER: 4 END: OK
2019-07-14 18:46:14.959 2417 INFO rally.task.runner [-] Task a2ba8c58-e95f-421f-bb64-c42925d28e52 | ITER: 7 START
2019-07-14 18:46:16.032 2416 RALLYDEBUG rally.task.utils [-] Waiting for resource s_rally_3d849e0a_TZhvgcKO. Status changed: DOWNLOADING => AVAILABLE in 6.45457100868
2019-07-14 18:46:16.382 2416 INFO rally.task.runner [-] Task a2ba8c58-e95f-421f-bb64-c42925d28e52 | ITER: 3 END: OK
2019-07-14 18:46:16.387 2416 INFO rally.task.runner [-] Task a2ba8c58-e95f-421f-bb64-c42925d28e52 | ITER: 8 START
2019-07-14 18:46:17.932 2415 RALLYDEBUG rally.task.utils [-] Waiting for resource s_rally_3d849e0a_Uozl1Wtg. Status changed: CREATING => DOWNLOADING in 3.10151815414
2019-07-14 18:46:21.768 2414 RALLYDEBUG rally.task.utils [-] Waiting for resource s_rally_3d849e0a_Q2mhCgOT. Status changed: CREATING => DOWNLOADING in 7.28282594681
2019-07-14 18:46:22.323 2415 RALLYDEBUG rally.task.utils [-] Waiting for resource s_rally_3d849e0a_Uozl1Wtg. Status changed: DOWNLOADING => AVAILABLE in 4.39131689072
2019-07-14 18:46:22.409 2415 INFO rally.task.runner [-] Task a2ba8c58-e95f-421f-bb64-c42925d28e52 | ITER: 6 END: OK
2019-07-14 18:46:22.414 2415 INFO rally.task.runner [-] Task a2ba8c58-e95f-421f-bb64-c42925d28e52 | ITER: 9 START
2019-07-14 18:46:26.166 2414 RALLYDEBUG rally.task.utils [-] Waiting for resource s_rally_3d849e0a_Q2mhCgOT. Status changed: DOWNLOADING => AVAILABLE in 4.39808702469
2019-07-14 18:46:26.457 2414 INFO rally.task.runner [-] Task a2ba8c58-e95f-421f-bb64-c42925d28e52 | ITER: 5 END: OK
2019-07-14 18:46:26.464 2414 INFO rally.task.runner [-] Task a2ba8c58-e95f-421f-bb64-c42925d28e52 | ITER: 10 START
2019-07-14 18:46:27.504 2417 RALLYDEBUG rally.task.utils [-] Waiting for resource s_rally_3d849e0a_ycZWbady. Status changed: CREATING => DOWNLOADING in 7.64106297493
2019-07-14 18:46:28.016 2416 RALLYDEBUG rally.task.utils [-] Waiting for resource s_rally_3d849e0a_fEdPSeAV. Status changed: CREATING => DOWNLOADING in 7.58777594566
2019-07-14 18:46:31.885 2417 RALLYDEBUG rally.task.utils [-] Waiting for resource s_rally_3d849e0a_ycZWbady. Status changed: DOWNLOADING => AVAILABLE in 4.38136315346
2019-07-14 18:46:32.267 2417 INFO rally.task.runner [-] Task a2ba8c58-e95f-421f-bb64-c42925d28e52 | ITER: 7 END: OK
2019-07-14 18:46:32.728 2416 RALLYDEBUG rally.task.utils [-] Waiting for resource s_rally_3d849e0a_fEdPSeAV. Status changed: DOWNLOADING => AVAILABLE in 4.71208310127
2019-07-14 18:46:32.813 2416 INFO rally.task.runner [-] Task a2ba8c58-e95f-421f-bb64-c42925d28e52 | ITER: 8 END: OK
2019-07-14 18:46:35.413 2415 RALLYDEBUG rally.task.utils [-] Waiting for resource s_rally_3d849e0a_x5HO2007. Status changed: CREATING => DOWNLOADING in 7.58530497551
2019-07-14 18:46:36.028 2414 RALLYDEBUG rally.task.utils [-] Waiting for resource s_rally_3d849e0a_vGRV5cQy. Status changed: CREATING => DOWNLOADING in 4.99043107033
2019-07-14 18:46:40.102 2415 RALLYDEBUG rally.task.utils [-] Waiting for resource s_rally_3d849e0a_x5HO2007. Status changed: DOWNLOADING => AVAILABLE in 4.68967485428
2019-07-14 18:46:40.449 2415 INFO rally.task.runner [-] Task a2ba8c58-e95f-421f-bb64-c42925d28e52 | ITER: 9 END: OK
2019-07-14 18:46:40.732 2414 RALLYDEBUG rally.task.utils [-] Waiting for resource s_rally_3d849e0a_vGRV5cQy. Status changed: DOWNLOADING => AVAILABLE in 4.70450186729
2019-07-14 18:46:40.994 2414 INFO rally.task.runner [-] Task a2ba8c58-e95f-421f-bb64-c42925d28e52 | ITER: 10 END: OK
2019-07-14 18:46:41.023 1842 INFO rally.task.context [-] Task a2ba8c58-e95f-421f-bb64-c42925d28e52 | Context cleanup@openstack cleanup() started
2019-07-14 18:46:41.025 1842 RALLYDEBUG rally_openstack.cleanup.manager [-] Cleaning up cinder backups objects
2019-07-14 18:46:43.188 1842 RALLYDEBUG rally_openstack.cleanup.manager [-] Cleaning up cinder volume_snapshots objects
2019-07-14 18:46:45.324 1842 RALLYDEBUG rally_openstack.cleanup.manager [-] Cleaning up cinder transfers objects
2019-07-14 18:46:47.520 1842 RALLYDEBUG rally_openstack.cleanup.manager [-] Cleaning up cinder volumes objects
2019-07-14 18:46:50.082 1842 RALLYDEBUG rally_openstack.cleanup.manager [-] Deleting cinder.volumes object s_rally_3d849e0a_fEdPSeAV (2db30530-f803-421d-be19-5896aa0374f8)
2019-07-14 18:46:50.091 1842 RALLYDEBUG rally_openstack.cleanup.manager [-] Deleting cinder.volumes object s_rally_3d849e0a_Uozl1Wtg (4b932eea-d84d-4e9e-9061-6250bc1ffde5)
2019-07-14 18:46:50.101 1842 RALLYDEBUG rally_openstack.cleanup.manager [-] Deleting cinder.volumes object s_rally_3d849e0a_AO8DhDT0 (c0de7ef2-2c7d-47cc-8c2c-e7e27ad58207)
2019-07-14 18:46:50.108 1842 RALLYDEBUG rally_openstack.cleanup.manager [-] Deleting cinder.volumes object s_rally_3d849e0a_ycZWbady (772652e9-03ab-4192-8073-dd6ddac85746)
2019-07-14 18:46:50.109 1842 RALLYDEBUG rally_openstack.cleanup.manager [-] Deleting cinder.volumes object s_rally_3d849e0a_vH5ePew8 (d334add5-d4bd-4e9d-8061-389b044d0f3c)
2019-07-14 18:46:50.110 1842 RALLYDEBUG rally_openstack.cleanup.manager [-] Deleting cinder.volumes object s_rally_3d849e0a_x5HO2007 (9c267e2b-1a29-441f-b6f5-811ac401ea4f)
2019-07-14 18:46:50.110 1842 RALLYDEBUG rally_openstack.cleanup.manager [-] Deleting cinder.volumes object s_rally_3d849e0a_TZhvgcKO (3053fd2f-aa8c-42f8-a0bd-b55be0e30001)
2019-07-14 18:46:50.120 1842 RALLYDEBUG rally_openstack.cleanup.manager [-] Deleting cinder.volumes object s_rally_3d849e0a_8Q8xoFPU (8a76ef21-65b6-4e99-b2bb-b3ac4c39c6d6)
2019-07-14 18:46:50.127 1842 RALLYDEBUG rally_openstack.cleanup.manager [-] Deleting cinder.volumes object s_rally_3d849e0a_vGRV5cQy (a944632f-924d-4511-bb40-6ef79a506f6e)
2019-07-14 18:46:50.131 1842 RALLYDEBUG rally_openstack.cleanup.manager [-] Deleting cinder.volumes object s_rally_3d849e0a_Q2mhCgOT (daeb483d-d553-4433-b5bb-864bfbf3fb2a)
2019-07-14 18:46:53.946 1842 INFO rally.task.context [-] Task a2ba8c58-e95f-421f-bb64-c42925d28e52 | Context cleanup@openstack cleanup() finished in 12.92 sec
2019-07-14 18:46:53.946 1842 INFO rally.task.context [-] Task a2ba8c58-e95f-421f-bb64-c42925d28e52 | Context quotas@openstack cleanup() started
2019-07-14 18:46:54.870 1842 INFO rally.task.context [-] Task a2ba8c58-e95f-421f-bb64-c42925d28e52 | Context quotas@openstack cleanup() finished in 0.92 sec
2019-07-14 18:46:54.871 1842 INFO rally.task.context [-] Task a2ba8c58-e95f-421f-bb64-c42925d28e52 | Context api_versions@openstack cleanup() started
2019-07-14 18:46:54.871 1842 INFO rally.task.context [-] Task a2ba8c58-e95f-421f-bb64-c42925d28e52 | Context api_versions@openstack cleanup() finished in 0.31 msec
2019-07-14 18:46:54.871 1842 INFO rally.task.context [-] Task a2ba8c58-e95f-421f-bb64-c42925d28e52 | Context users@openstack cleanup() started
2019-07-14 18:47:03.720 1842 INFO rally.task.context [-] Task a2ba8c58-e95f-421f-bb64-c42925d28e52 | Context users@openstack cleanup() finished in 8.85 sec
2019-07-14 18:47:04.954 1842 INFO rally.task.engine [-] Load duration is: 46.07921
2019-07-14 18:47:04.955 1842 INFO rally.task.engine [-] Full runner duration is: 46.131836
2019-07-14 18:47:04.955 1842 INFO rally.task.engine [-] Full duration is: 77.080953
2019-07-14 18:47:05.144 1842 INFO rally.task.engine [-] Running workload: position = 1 config = { "version": 2, "title": "A cropped version of a bigger task.", "description": "Auto-generated task from a single workload (uuid=017503ce-85d0-4a78-afb9-cc6a7de5e1f7)", "subtasks": [ { "title": "CinderVolumes.create_and_list_volume", "description": "Create a volume and list all volumes.", "scenario": { "CinderVolumes.create_and_list_volume": { "detailed": true, "size": 1 } }, "contexts": { "users": { "tenants": 3, "users_per_tenant": 2 }, "quotas": { "cinder": { "gigabytes": -1, "snapshots": -1, "volumes": -1 } }, "api_versions": { "cinder": { "version": 3, "service_type": "volumev3" } } }, "runner": { "constant": { "concurrency": 4, "times": 10 } }, "hooks": [], "sla": { "failure_rate": { "max": 0 } } } ] }
2019-07-14 18:47:05.167 1842 RALLYDEBUG rally_openstack.contexts.keystone.users [-] Creating 3 tenants using 20 threads
2019-07-14 18:47:06.991 1842 RALLYDEBUG rally_openstack.contexts.keystone.users [-] Creating 6 users using 20 threads
2019-07-14 18:47:09.822 1842 INFO rally.task.context [-] Task a2ba8c58-e95f-421f-bb64-c42925d28e52 | Context users@openstack setup() finished in 4.66 sec
2019-07-14 18:47:10.250 1842 INFO rally.task.context [-] Task a2ba8c58-e95f-421f-bb64-c42925d28e52 | Context api_versions@openstack setup() finished in 0.43 sec
2019-07-14 18:47:12.067 1842 INFO rally.task.context [-] Task a2ba8c58-e95f-421f-bb64-c42925d28e52 | Context quotas@openstack setup() finished in 1.82 sec
2019-07-14 18:47:12.067 1842 INFO rally.task.context [-] Task a2ba8c58-e95f-421f-bb64-c42925d28e52 | Context cleanup@openstack setup() finished in 0.01 msec
2019-07-14 18:47:12.075 1842 RALLYDEBUG rally.task.runner [-] Starting the constant runner (task UUID: a2ba8c58-e95f-421f-bb64-c42925d28e52). timeout: 0 concurrency: 4 concurrency_per_worker: 1 times: 10 concurrency_overhead: 0 processes_to_start: 4 max_cpu_used: 16
2019-07-14 18:47:12.088 2598 RALLYDEBUG rally.task.runner [-] Starting a worker. concurrency: 1 args: {"detailed": true, "size": 1} times: 10 method_name: run timeout: 0 duration: None cls:
2019-07-14 18:47:12.091 2599 RALLYDEBUG rally.task.runner [-] Starting a worker. concurrency: 1 args: {"detailed": true, "size": 1} times: 10 method_name: run timeout: 0 duration: None cls:
2019-07-14 18:47:12.095 2600 RALLYDEBUG rally.task.runner [-] Starting a worker. concurrency: 1 args: {"detailed": true, "size": 1} times: 10 method_name: run timeout: 0 duration: None cls:
2019-07-14 18:47:12.096 2598 INFO rally.task.runner [-] Task a2ba8c58-e95f-421f-bb64-c42925d28e52 | ITER: 1 START
2019-07-14 18:47:12.098 2601 RALLYDEBUG rally.task.runner [-] Starting a worker. concurrency: 1 args: {"detailed": true, "size": 1} times: 10 method_name: run timeout: 0 duration: None cls:
2019-07-14 18:47:12.099 2599 INFO rally.task.runner [-] Task a2ba8c58-e95f-421f-bb64-c42925d28e52 | ITER: 2 START
2019-07-14 18:47:12.102 2600 INFO rally.task.runner [-] Task a2ba8c58-e95f-421f-bb64-c42925d28e52 | ITER: 3 START
2019-07-14 18:47:12.105 2601 INFO rally.task.runner [-] Task a2ba8c58-e95f-421f-bb64-c42925d28e52 | ITER: 4 START
2019-07-14 18:47:16.240 2601 INFO rally.task.runner [-] Task a2ba8c58-e95f-421f-bb64-c42925d28e52 | ITER: 4 END: OK
2019-07-14 18:47:16.245 2601 INFO rally.task.runner [-] Task a2ba8c58-e95f-421f-bb64-c42925d28e52 | ITER: 5 START
2019-07-14 18:47:16.306 2599 INFO rally.task.runner [-] Task a2ba8c58-e95f-421f-bb64-c42925d28e52 | ITER: 2 END: OK
2019-07-14 18:47:16.311 2599 INFO rally.task.runner [-] Task a2ba8c58-e95f-421f-bb64-c42925d28e52 | ITER: 6 START
2019-07-14 18:47:16.328 2598 INFO rally.task.runner [-] Task a2ba8c58-e95f-421f-bb64-c42925d28e52 | ITER: 1 END: OK
2019-07-14 18:47:16.333 2598 INFO rally.task.runner [-] Task a2ba8c58-e95f-421f-bb64-c42925d28e52 | ITER: 7 START
2019-07-14 18:47:16.375 2600 INFO rally.task.runner [-] Task a2ba8c58-e95f-421f-bb64-c42925d28e52 | ITER: 3 END: OK
2019-07-14 18:47:16.379 2600 INFO rally.task.runner [-] Task a2ba8c58-e95f-421f-bb64-c42925d28e52 | ITER: 8 START
2019-07-14 18:47:20.144 2598 INFO rally.task.runner [-] Task a2ba8c58-e95f-421f-bb64-c42925d28e52 | ITER: 7 END: OK
2019-07-14 18:47:20.149 2598 INFO rally.task.runner [-] Task a2ba8c58-e95f-421f-bb64-c42925d28e52 | ITER: 9 START
2019-07-14 18:47:20.234 2600 INFO rally.task.runner [-] Task a2ba8c58-e95f-421f-bb64-c42925d28e52 | ITER: 8 END: OK
2019-07-14 18:47:20.238 2600 INFO rally.task.runner [-] Task a2ba8c58-e95f-421f-bb64-c42925d28e52 | ITER: 10 START
2019-07-14 18:47:20.277 2599 INFO rally.task.runner [-] Task a2ba8c58-e95f-421f-bb64-c42925d28e52 | ITER: 6 END: OK
2019-07-14 18:47:20.352 2601 INFO rally.task.runner [-] Task a2ba8c58-e95f-421f-bb64-c42925d28e52 | ITER: 5 END: OK
2019-07-14 18:47:23.884 2600 INFO rally.task.runner [-] Task a2ba8c58-e95f-421f-bb64-c42925d28e52 | ITER: 10 END: OK
2019-07-14 18:47:24.069 2598 INFO rally.task.runner [-] Task a2ba8c58-e95f-421f-bb64-c42925d28e52 | ITER: 9 END: OK
2019-07-14 18:47:24.094 1842 INFO rally.task.context [-] Task a2ba8c58-e95f-421f-bb64-c42925d28e52 | Context cleanup@openstack cleanup() started
2019-07-14 18:47:24.096 1842 RALLYDEBUG rally_openstack.cleanup.manager [-] Cleaning up cinder backups objects
2019-07-14 18:47:26.205 1842 RALLYDEBUG rally_openstack.cleanup.manager [-] Cleaning up cinder volume_snapshots objects
2019-07-14 18:47:28.424 1842 RALLYDEBUG rally_openstack.cleanup.manager [-] Cleaning up cinder transfers objects
2019-07-14 18:47:30.527 1842 RALLYDEBUG rally_openstack.cleanup.manager [-] Cleaning up cinder volumes objects
2019-07-14 18:47:33.124 1842 RALLYDEBUG rally_openstack.cleanup.manager [-] Deleting cinder.volumes object s_rally_017503ce_YkeFiMZl (267055ea-82af-4b23-afdc-1bee5f909e1e)
2019-07-14 18:47:33.125 1842 RALLYDEBUG rally_openstack.cleanup.manager [-] Deleting cinder.volumes object s_rally_017503ce_fi7PJbL4 (d029e4cf-144f-4b6f-b76d-4c6e1223d95c)
2019-07-14 18:47:33.125 1842 RALLYDEBUG rally_openstack.cleanup.manager [-] Deleting cinder.volumes object s_rally_017503ce_C7qGguo2 (a8355f0e-ed78-4b67-a305-3fb0856ce199)
2019-07-14 18:47:33.126 1842 RALLYDEBUG rally_openstack.cleanup.manager [-] Deleting cinder.volumes object s_rally_017503ce_0USlgeIm (7f086503-dbba-47e8-b554-b56f12612e79)
2019-07-14 18:47:33.136 1842 RALLYDEBUG rally_openstack.cleanup.manager [-] Deleting cinder.volumes object s_rally_017503ce_ZCW6AY1j (f4f048f3-08be-4eeb-bc4e-3e77aa3d6b82)
2019-07-14 18:47:33.136 1842 RALLYDEBUG rally_openstack.cleanup.manager [-] Deleting cinder.volumes object s_rally_017503ce_47tSOSFq (abc78a1a-4bb0-4d46-a0ad-fbf69b69cf7e)
2019-07-14 18:47:33.137 1842 RALLYDEBUG rally_openstack.cleanup.manager [-] Deleting cinder.volumes object s_rally_017503ce_4KXE7wHM (b79c567d-283a-4ef2-a35e-e5fd02b62087)
2019-07-14 18:47:33.143 1842 RALLYDEBUG rally_openstack.cleanup.manager [-] Deleting cinder.volumes object s_rally_017503ce_XHEaRQ6u (e84a4192-f190-4c88-a94e-2ee58ba53601)
2019-07-14 18:47:33.148 1842 RALLYDEBUG rally_openstack.cleanup.manager [-] Deleting cinder.volumes object s_rally_017503ce_jPX5i58H (422cab8a-9830-46ef-adb6-343390cdc0e5)
2019-07-14 18:47:33.152 1842 RALLYDEBUG rally_openstack.cleanup.manager [-] Deleting cinder.volumes object s_rally_017503ce_uQYQStWI (b74a9eea-6731-44fe-9c56-b585bc21262a)
2019-07-14 18:47:37.200 1842 INFO rally.task.context [-] Task a2ba8c58-e95f-421f-bb64-c42925d28e52 | Context cleanup@openstack cleanup() finished in 13.11 sec
2019-07-14 18:47:37.201 1842 INFO rally.task.context [-] Task a2ba8c58-e95f-421f-bb64-c42925d28e52 | Context quotas@openstack cleanup() started
2019-07-14 18:47:38.090 1842 INFO rally.task.context [-] Task a2ba8c58-e95f-421f-bb64-c42925d28e52 | Context quotas@openstack cleanup() finished in 0.89 sec
2019-07-14 18:47:38.090 1842 INFO rally.task.context [-] Task a2ba8c58-e95f-421f-bb64-c42925d28e52 | Context api_versions@openstack cleanup() started
2019-07-14 18:47:38.090 1842 INFO rally.task.context [-] Task a2ba8c58-e95f-421f-bb64-c42925d28e52 | Context api_versions@openstack cleanup() finished in 0.29 msec
2019-07-14 18:47:38.091 1842 INFO rally.task.context [-] Task a2ba8c58-e95f-421f-bb64-c42925d28e52 | Context users@openstack cleanup() started
2019-07-14 18:47:46.367 1842 INFO rally.task.context [-] Task a2ba8c58-e95f-421f-bb64-c42925d28e52 | Context users@openstack cleanup() finished in 8.28 sec
2019-07-14 18:47:47.360 1842 INFO rally.task.engine [-] Load duration is: 11.970223
2019-07-14 18:47:47.361 1842 INFO rally.task.engine [-] Full runner duration is: 12.018668
2019-07-14 18:47:47.361 1842 INFO rally.task.engine [-] Full duration is: 41.204347
2019-07-14 18:47:47.612 1842 INFO rally.task.engine [-] Running workload: position = 0 config = { "version": 2, "title": "A cropped version of a bigger task.", "description": "Auto-generated task from a single workload (uuid=6a75f48c-309c-479c-93b0-fad6e0114bc0)", "subtasks": [ { "title": "CinderVolumes.create_and_upload_volume_to_image", "description": "Create and upload a volume to image.", "scenario": { "CinderVolumes.create_and_upload_volume_to_image": { "container_format": "bare", "disk_format": "raw", "do_delete": true, "force": false, "size": 1 } }, "contexts": { "users": { "tenants": 3, "users_per_tenant": 2 }, "quotas": { "cinder": { "gigabytes": -1, "snapshots": -1, "volumes": -1 } }, "api_versions": { "cinder": { "version": 3, "service_type": "volumev3" } } }, "runner": { "constant": { "concurrency": 4, "times": 10 } }, "hooks": [], "sla": { "failure_rate": { "max": 0 } } } ] }
2019-07-14 18:47:47.634 1842 RALLYDEBUG rally_openstack.contexts.keystone.users [-] Creating 3 tenants using 20 threads
2019-07-14 18:47:49.549 1842 RALLYDEBUG rally_openstack.contexts.keystone.users [-] Creating 6 users using 20 threads
2019-07-14 18:47:52.342 1842 INFO rally.task.context [-] Task a2ba8c58-e95f-421f-bb64-c42925d28e52 | Context users@openstack setup() finished in 4.71 sec
2019-07-14 18:47:52.769 1842 INFO rally.task.context [-] Task a2ba8c58-e95f-421f-bb64-c42925d28e52 | Context api_versions@openstack setup() finished in 0.43 sec
2019-07-14 18:47:54.454 1842 INFO rally.task.context [-] Task a2ba8c58-e95f-421f-bb64-c42925d28e52 | Context quotas@openstack setup() finished in 1.68 sec
2019-07-14 18:47:54.455 1842 INFO rally.task.context [-] Task a2ba8c58-e95f-421f-bb64-c42925d28e52 | Context cleanup@openstack setup() finished in 0.00 msec
2019-07-14 18:47:54.462 1842 RALLYDEBUG rally.task.runner [-] Starting the constant runner (task UUID: a2ba8c58-e95f-421f-bb64-c42925d28e52). timeout: 0 concurrency: 4 concurrency_per_worker: 1 times: 10 concurrency_overhead: 0 processes_to_start: 4 max_cpu_used: 16
2019-07-14 18:47:54.475 2782 RALLYDEBUG rally.task.runner [-] Starting a worker. concurrency: 1 args: {"container_format": "bare", "disk_format": "raw", "do_delete": true, "force": false, "size": 1} times: 10 method_name: run timeout: 0 duration: None cls:
2019-07-14 18:47:54.479 2783 RALLYDEBUG rally.task.runner [-] Starting a worker. concurrency: 1 args: {"container_format": "bare", "disk_format": "raw", "do_delete": true, "force": false, "size": 1} times: 10 method_name: run timeout: 0 duration: None cls:
2019-07-14 18:47:54.482 2784 RALLYDEBUG rally.task.runner [-] Starting a worker. concurrency: 1 args: {"container_format": "bare", "disk_format": "raw", "do_delete": true, "force": false, "size": 1} times: 10 method_name: run timeout: 0 duration: None cls:
2019-07-14 18:47:54.483 2782 INFO rally.task.runner [-] Task a2ba8c58-e95f-421f-bb64-c42925d28e52 | ITER: 1 START
2019-07-14 18:47:54.484 2785 RALLYDEBUG rally.task.runner [-] Starting a worker. concurrency: 1 args: {"container_format": "bare", "disk_format": "raw", "do_delete": true, "force": false, "size": 1} times: 10 method_name: run timeout: 0 duration: None cls:
2019-07-14 18:47:54.487 2783 INFO rally.task.runner [-] Task a2ba8c58-e95f-421f-bb64-c42925d28e52 | ITER: 2 START
2019-07-14 18:47:54.489 2784 INFO rally.task.runner [-] Task a2ba8c58-e95f-421f-bb64-c42925d28e52 | ITER: 3 START
2019-07-14 18:47:54.492 2785 INFO rally.task.runner [-] Task a2ba8c58-e95f-421f-bb64-c42925d28e52 | ITER: 4 START
2019-07-14 18:47:59.906 2782 RALLYDEBUG rally.task.utils [-] Waiting for resource s_rally_6a75f48c_TjWWGdTG. Status changed: AVAILABLE => UPLOADING in 0.337840080261
2019-07-14 18:48:00.223 2784 RALLYDEBUG rally.task.utils [-] Waiting for resource s_rally_6a75f48c_fdJAwcRq. Status changed: AVAILABLE => UPLOADING in 0.337784051895
2019-07-14 18:48:00.450 2783 RALLYDEBUG rally.task.utils [-] Waiting for resource s_rally_6a75f48c_eoJcub1N. Status changed: AVAILABLE => UPLOADING in 0.318428993225
2019-07-14 18:48:00.535 2785 RALLYDEBUG rally.task.utils [-] Waiting for resource s_rally_6a75f48c_1C9Ywerg. Status changed: AVAILABLE => UPLOADING in 0.439583063126
2019-07-14 18:48:50.006 2785 RALLYDEBUG rally.task.utils [-] Waiting for resource s_rally_6a75f48c_1C9Ywerg. Status changed: UPLOADING => AVAILABLE in 49.4707939625
2019-07-14 18:48:50.063 2782 RALLYDEBUG rally.task.utils [-] Waiting for resource s_rally_6a75f48c_TjWWGdTG. Status changed: UPLOADING => AVAILABLE in 50.1569948196
2019-07-14 18:48:50.809 2783 RALLYDEBUG rally.task.utils [-] Waiting for resource s_rally_6a75f48c_eoJcub1N. Status changed: UPLOADING => AVAILABLE in 50.3593001366
2019-07-14 18:48:51.294 2785 RALLYDEBUG rally.task.utils [-] Waiting for resource s_rally_6a75f48c_1C9Ywerg. Status changed: AVAILABLE => DELETING in 0.379114866257
2019-07-14 18:48:51.510 2784 RALLYDEBUG rally.task.utils [-] Waiting for resource s_rally_6a75f48c_fdJAwcRq. Status changed: UPLOADING => AVAILABLE in 51.2867519855
2019-07-14 18:48:51.926 2783 RALLYDEBUG rally.task.utils [-] Waiting for resource s_rally_6a75f48c_eoJcub1N. Status changed: AVAILABLE => DELETING in 0.0994908809662
2019-07-14 18:48:52.717 2782 INFO rally.task.runner [-] Task a2ba8c58-e95f-421f-bb64-c42925d28e52 | ITER: 1 END: OK
2019-07-14 18:48:52.723 2782 INFO rally.task.runner [-] Task a2ba8c58-e95f-421f-bb64-c42925d28e52 | ITER: 5 START
2019-07-14 18:48:53.382 2784 INFO rally.task.runner [-] Task a2ba8c58-e95f-421f-bb64-c42925d28e52 | ITER: 3 END: OK
2019-07-14 18:48:53.390 2784 INFO rally.task.runner [-] Task a2ba8c58-e95f-421f-bb64-c42925d28e52 | ITER: 6 START
2019-07-14 18:48:54.513 2785 INFO rally.task.runner [-] Task a2ba8c58-e95f-421f-bb64-c42925d28e52 | ITER: 4 END: OK
2019-07-14 18:48:54.521 2785 INFO rally.task.runner [-] Task a2ba8c58-e95f-421f-bb64-c42925d28e52 | ITER: 7 START
2019-07-14 18:48:55.567 2783 INFO rally.task.runner [-] Task a2ba8c58-e95f-421f-bb64-c42925d28e52 | ITER: 2 END: OK
2019-07-14 18:48:55.575 2783 INFO rally.task.runner [-] Task a2ba8c58-e95f-421f-bb64-c42925d28e52 | ITER: 8 START
2019-07-14 18:48:58.425 2782 RALLYDEBUG rally.task.utils [-] Waiting for resource s_rally_6a75f48c_eZjB80Vp. Status changed: AVAILABLE => UPLOADING in 0.343971014023
2019-07-14 18:48:58.902 2784 RALLYDEBUG rally.task.utils [-] Waiting for resource s_rally_6a75f48c_7rjm49gO. Status changed: AVAILABLE => UPLOADING in 0.277621030807
2019-07-14 18:49:00.098 2785 RALLYDEBUG rally.task.utils [-] Waiting for resource s_rally_6a75f48c_YR6n4Uqp. Status changed: AVAILABLE => UPLOADING in 0.322369098663
