2019-07-14 09:47:09.587 22705 RALLYDEBUG rally_openstack.cleanup.manager [-] Deleting neutron.port object s_rally_52bdd781_yK9v3jCl (da3b7efb-734c-44d2-86c1-2eb37024f444)
2019-07-14 09:47:09.808 22705 RALLYDEBUG rally_openstack.cleanup.manager [-] Deleting neutron.port object s_rally_52bdd781_S9oowfB7 (da4e06b0-f746-4f0b-8a20-3bfcfdb6374a)
2019-07-14 09:47:10.805 22705 RALLYDEBUG rally_openstack.cleanup.manager [-] Deleting neutron.port object s_rally_52bdd781_Tuo9ynqx (da51cc03-49cb-4eed-abf3-5efac78fda7f)
2019-07-14 09:47:10.910 22705 RALLYDEBUG rally_openstack.cleanup.manager [-] Deleting neutron.port object s_rally_52bdd781_rbCI84tz (da66fa33-aa4b-46da-b264-a3425612882e)
2019-07-14 09:47:10.996 22705 RALLYDEBUG rally_openstack.cleanup.manager [-] Deleting neutron.port object s_rally_52bdd781_gvwGkx8u (da8185ed-7acf-436e-88b9-f1563dafdb9f)
2019-07-14 09:47:11.307 22705 RALLYDEBUG rally_openstack.cleanup.manager [-] Deleting neutron.port object s_rally_52bdd781_b9Vr8Wmm (da956faf-ffec-481d-b7f8-85483039ab32)
2019-07-14 09:47:11.308 22705 RALLYDEBUG rally_openstack.cleanup.manager [-] Deleting neutron.port object s_rally_52bdd781_sX3v0fJE (dac918da-9d84-4da8-8b03-d87ca795271a)
2019-07-14 09:47:11.419 22705 RALLYDEBUG rally_openstack.cleanup.manager [-] Deleting neutron.port object s_rally_52bdd781_eVr34Duo (dad8b032-70a6-46e9-8c77-8dfc90975c32)
2019-07-14 09:47:11.467 22705 RALLYDEBUG rally_openstack.cleanup.manager [-] Deleting neutron.port object s_rally_52bdd781_g0R9LFYw (dba7db82-6672-43f1-b2b2-5f51d96afc66)
2019-07-14 09:47:11.496 22705 RALLYDEBUG rally_openstack.cleanup.manager [-] Deleting neutron.port object s_rally_52bdd781_KzMYu7yq (dc4fc872-67aa-4ba0-a17c-0abdb4930447)
2019-07-14 09:47:11.551 22705 RALLYDEBUG rally_openstack.cleanup.manager [-] Deleting neutron.port object s_rally_52bdd781_Ag0t1PXZ (de763770-5df7-46b3-bad1-2e653b5ec171)
2019-07-14 09:47:11.600 22705 RALLYDEBUG rally_openstack.cleanup.manager [-] Deleting neutron.port object s_rally_52bdd781_0GyZFFTK (de80aacd-a32c-4f19-9367-689703475224)
2019-07-14 09:47:11.689 22705 RALLYDEBUG rally_openstack.cleanup.manager [-] Deleting neutron.port object s_rally_52bdd781_IJZkd1wE (dedc3a4a-ca82-4469-bd77-13fe644e3420)
2019-07-14 09:47:11.734 22705 RALLYDEBUG rally_openstack.cleanup.manager [-] Deleting neutron.port object s_rally_52bdd781_qlL7shzK (df56537f-64d7-466d-a4bb-3fc8e6c7e202)
2019-07-14 09:47:11.803 22705 RALLYDEBUG rally_openstack.cleanup.manager [-] Deleting neutron.port object s_rally_52bdd781_2oABrrGN (e115821e-e29e-452e-8815-cf0e1cba8f24)
2019-07-14 09:47:11.817 22705 RALLYDEBUG rally_openstack.cleanup.manager [-] Deleting neutron.port object s_rally_52bdd781_O3uWsHnG (e24ebc04-da62-49b9-9c36-4178f983e547)
2019-07-14 09:47:12.260 22705 RALLYDEBUG rally_openstack.cleanup.manager [-] Deleting neutron.port object s_rally_52bdd781_rb1EMCVu (e2935e6d-a148-4515-831b-a0f35fb028e9)
2019-07-14 09:47:12.312 22705 RALLYDEBUG rally_openstack.cleanup.manager [-] Deleting neutron.port object s_rally_52bdd781_owDLd2ro (e2a44731-3a79-40f0-99be-ad65f39c4197)
2019-07-14 09:47:12.410 22705 RALLYDEBUG rally_openstack.cleanup.manager [-] Deleting neutron.port object s_rally_52bdd781_sxfeKidj (e303a728-764e-43ad-9067-9d7beaa8c674)
2019-07-14 09:47:12.418 22705 RALLYDEBUG rally_openstack.cleanup.manager [-] Deleting neutron.port object s_rally_52bdd781_OE2AVOZn (e32046ec-fb9d-40d3-9ff7-1bd994cfa238)
2019-07-14 09:47:12.449 22705 RALLYDEBUG rally_openstack.cleanup.manager [-] Deleting neutron.port object s_rally_52bdd781_evfp42p5 (e3b28df7-999a-4db0-b121-04326dd781da)
2019-07-14 09:47:12.453 22705 RALLYDEBUG rally_openstack.cleanup.manager [-] Deleting neutron.port object s_rally_52bdd781_JAXOGjyl (e3e67c60-600e-4c12-b23a-90129bdb7371)
2019-07-14 09:47:13.194 22705 RALLYDEBUG rally_openstack.cleanup.manager [-] Deleting neutron.port object s_rally_52bdd781_8ujIzDBr (e3ecb32f-99ec-47e9-9cf4-e31e113747c5)
2019-07-14 09:47:13.334 22705 RALLYDEBUG rally_openstack.cleanup.manager [-] Deleting neutron.port object s_rally_52bdd781_8cyv749M (e4800a83-4659-4100-adef-5ad92fce0a82)
2019-07-14 09:47:13.587 22705 RALLYDEBUG rally_openstack.cleanup.manager [-] Deleting neutron.port object s_rally_52bdd781_czXoij1o (e4dc2368-78cd-4a7c-a23d-511bb264c8c9)
2019-07-14 09:47:13.812 22705 RALLYDEBUG rally_openstack.cleanup.manager [-] Deleting neutron.port object s_rally_52bdd781_fE1GovKu (e56512a8-64cd-4baa-8f9c-52025cfc59e1)
2019-07-14 09:47:13.822 22705 RALLYDEBUG rally_openstack.cleanup.manager [-] Deleting neutron.port object s_rally_52bdd781_k32rc0Il (e5ca4fbe-6a7e-48c5-990a-b07dfd8ed2e4)
2019-07-14 09:47:14.331 22705 RALLYDEBUG rally_openstack.cleanup.manager [-] Deleting neutron.port object s_rally_52bdd781_Y74ccdWV (e6155e00-9b86-4a26-a6fc-1aca7236f5b5)
2019-07-14 09:47:14.568 22705 RALLYDEBUG rally_openstack.cleanup.manager [-] Deleting neutron.port object s_rally_52bdd781_cKkEZgMR (e6e31132-e89f-497d-89e8-f40b20d560c3)
2019-07-14 09:47:14.777 22705 RALLYDEBUG rally_openstack.cleanup.manager [-] Deleting neutron.port object s_rally_52bdd781_IorEMSMs (e7f69ee9-a429-4456-b78a-4e17ececbe5f)
2019-07-14 09:47:14.872 22705 RALLYDEBUG rally_openstack.cleanup.manager [-] Deleting neutron.port object s_rally_52bdd781_9q5lw0ia (eaed70e2-7da7-4bd4-a06f-b6977da8f7ce)
2019-07-14 09:47:14.897 22705 RALLYDEBUG rally_openstack.cleanup.manager [-] Deleting neutron.port object s_rally_52bdd781_ab6ijs0A (ec3778d0-3a6a-4c9d-b040-08501a93e6a8)
2019-07-14 09:47:14.916 22705 RALLYDEBUG rally_openstack.cleanup.manager [-] Deleting neutron.port object s_rally_52bdd781_Rbz31haA (ece583ab-8e7a-405a-aa6b-ab02a83d349a)
2019-07-14 09:47:15.042 22705 RALLYDEBUG rally_openstack.cleanup.manager [-] Deleting neutron.port object s_rally_52bdd781_jODkb6jw (ee9cac6a-aadf-4c2e-acd4-1cf9931e1fa0)
2019-07-14 09:47:15.081 22705 RALLYDEBUG rally_openstack.cleanup.manager [-] Deleting neutron.port object s_rally_52bdd781_yUA508tk (ef276b77-f2b1-4db0-9b22-2c346f0c2750)
2019-07-14 09:47:15.176 22705 RALLYDEBUG rally_openstack.cleanup.manager [-] Deleting neutron.port object s_rally_52bdd781_wAmWVkrZ (efb9330a-04c6-4c9c-baf2-40dcb65db919)
2019-07-14 09:47:15.306 22705 RALLYDEBUG rally_openstack.cleanup.manager [-] Deleting neutron.port object s_rally_52bdd781_T1NSsz50 (f0571774-15bc-4d7d-9247-654784f3f2ef)
2019-07-14 09:47:15.529 22705 RALLYDEBUG rally_openstack.cleanup.manager [-] Deleting neutron.port object s_rally_52bdd781_JkmJJyfF (f1cdd17b-b566-4dc4-97cb-9b0ad787b189)
2019-07-14 09:47:15.581 22705 RALLYDEBUG rally_openstack.cleanup.manager [-] Deleting neutron.port object s_rally_52bdd781_JSTv4iVj (f29f97ce-1149-47ab-9436-f24eca0832e4)
2019-07-14 09:47:15.689 22705 RALLYDEBUG rally_openstack.cleanup.manager [-] Deleting neutron.port object s_rally_52bdd781_I5SweapJ (f342a790-bc8b-4ee8-9a64-11a5bdde4c47)
2019-07-14 09:47:15.892 22705 RALLYDEBUG rally_openstack.cleanup.manager [-] Deleting neutron.port object s_rally_52bdd781_4JtzDsZP (f3bc3cc0-4e54-4e35-8ff8-7f44c3b62743)
2019-07-14 09:47:16.165 22705 RALLYDEBUG rally_openstack.cleanup.manager [-] Deleting neutron.port object s_rally_52bdd781_V7jfFqDb (f4c73244-b9e0-4ff3-b794-6293e8b7f207)
2019-07-14 09:47:16.170 22705 RALLYDEBUG rally_openstack.cleanup.manager [-] Deleting neutron.port object s_rally_52bdd781_HoDBO5Lu (f52cf608-ec66-4f5d-a166-f6e445d078ce)
2019-07-14 09:47:16.192 22705 RALLYDEBUG rally_openstack.cleanup.manager [-] Deleting neutron.port object s_rally_52bdd781_g5lWgT59 (f559cb97-fc1b-4709-8f5e-d5b67f8f2ddd)
2019-07-14 09:47:16.296 22705 RALLYDEBUG rally_openstack.cleanup.manager [-] Deleting neutron.port object s_rally_52bdd781_R61CU0XY (f5913a87-f4dc-4a57-9dbe-5b396daa90c0)
2019-07-14 09:47:16.717 22705 RALLYDEBUG rally_openstack.cleanup.manager [-] Deleting neutron.port object s_rally_52bdd781_jKT06gb2 (f5fe7b41-3e36-4bc9-a9c3-667b6dbe2af8)
2019-07-14 09:47:16.914 22705 RALLYDEBUG rally_openstack.cleanup.manager [-] Deleting neutron.port object s_rally_52bdd781_24JFfmiM (f6c979e7-7634-4f5e-8250-9c8950b7a9e8)
2019-07-14 09:47:17.203 22705 RALLYDEBUG rally_openstack.cleanup.manager [-] Deleting neutron.port object s_rally_52bdd781_FH3alB37 (f6e08b06-6901-453a-accc-01907c2ae154)
2019-07-14 09:47:17.406 22705 RALLYDEBUG rally_openstack.cleanup.manager [-] Deleting neutron.port object s_rally_52bdd781_QzxEB6bf (f7c938c5-dfb1-45da-950c-4ab15c385033)
2019-07-14 09:47:17.533 22705 RALLYDEBUG rally_openstack.cleanup.manager [-] Deleting neutron.port object s_rally_52bdd781_xUuwdika (f87d2265-2a08-4971-a3f2-960d44f91d00)
2019-07-14 09:47:17.716 22705 RALLYDEBUG rally_openstack.cleanup.manager [-] Deleting neutron.port object s_rally_52bdd781_cPgxQhrV (f9d58163-8dad-4cd3-83d9-930a0b542004)
2019-07-14 09:47:17.883 22705 RALLYDEBUG rally_openstack.cleanup.manager [-] Deleting neutron.port object s_rally_52bdd781_uGuUaE6E (fab8d71f-9fe9-4be0-8d06-61159a030882)
2019-07-14 09:47:17.963 22705 RALLYDEBUG rally_openstack.cleanup.manager [-] Deleting neutron.port object s_rally_52bdd781_uXJ9AlsA (fad493af-2a7b-44f9-b550-6e04efde0b7f)
2019-07-14 09:47:18.081 22705 RALLYDEBUG rally_openstack.cleanup.manager [-] Deleting neutron.port object s_rally_52bdd781_83Insxuv (fb68d17f-c49a-4196-8263-acbf27e4cb06)
2019-07-14 09:47:18.364 22705 RALLYDEBUG rally_openstack.cleanup.manager [-] Deleting neutron.port object s_rally_52bdd781_2bTYG1tc (fbf1c2ae-60c9-46a1-b6a4-86e0526c6e63)
2019-07-14 09:47:18.761 22705 RALLYDEBUG rally_openstack.cleanup.manager [-] Deleting neutron.port object s_rally_52bdd781_sZlw0Fxg (fbfe4cf2-01f0-4312-9e0d-535b2a57cbd0)
2019-07-14 09:47:19.376 22705 RALLYDEBUG rally_openstack.cleanup.manager [-] Deleting neutron.port object s_rally_52bdd781_4lUiawk8 (fc592ec7-73eb-4cb2-b9fd-e553582d4cd7)
2019-07-14 09:47:19.380 22705 RALLYDEBUG rally_openstack.cleanup.manager [-] Deleting neutron.port object s_rally_52bdd781_2WFB7ALa (fd9801c9-5e7e-472b-8daa-d2f6a72353a6)
2019-07-14 09:47:19.381 22705 RALLYDEBUG rally_openstack.cleanup.manager [-] Deleting neutron.port object s_rally_52bdd781_kVqrVsQH (fee800b0-a802-4265-8328-042ee8398cd4)
2019-07-14 09:47:19.385 22705 RALLYDEBUG rally_openstack.cleanup.manager [-] Deleting neutron.port object s_rally_52bdd781_EPSkRghe (fd5381da-7741-4c6e-b608-73e9e412f952)
2019-07-14 09:47:22.457 22705 RALLYDEBUG rally_openstack.cleanup.manager [-] Cleaning up neutron subnet objects
2019-07-14 09:47:23.105 22705 RALLYDEBUG rally_openstack.cleanup.manager [-] Cleaning up neutron network objects
2019-07-14 09:47:23.825 22705 RALLYDEBUG rally_openstack.cleanup.manager [-] Deleting neutron.network object s_rally_52bdd781_tQUzEysQ (0b8a7de9-3a5a-434d-b8e7-037b0554c9f4)
2019-07-14 09:47:23.832 22705 RALLYDEBUG rally_openstack.cleanup.manager [-] Deleting neutron.network object s_rally_52bdd781_luNRrgzJ (2ffc5192-44be-4415-a614-a9e7292980af)
2019-07-14 09:47:23.840 22705 RALLYDEBUG rally_openstack.cleanup.manager [-] Deleting neutron.network object s_rally_52bdd781_M24LipTT (3188fca2-9c9f-40b1-a15d-495a4e773a89)
2019-07-14 09:47:23.848 22705 RALLYDEBUG rally_openstack.cleanup.manager [-] Deleting neutron.network object s_rally_52bdd781_zrNWXDAS (4ebf96d7-ce44-4ff5-ac61-8db9f9bc6aff)
2019-07-14 09:47:23.851 22705 RALLYDEBUG rally_openstack.cleanup.manager [-] Deleting neutron.network object s_rally_52bdd781_HBnA1OKu (6d62d3c3-73be-47c8-a4cd-157987dcac4b)
2019-07-14 09:47:23.861 22705 RALLYDEBUG rally_openstack.cleanup.manager [-] Deleting neutron.network object s_rally_52bdd781_MNcjzURE (775fe5c5-f215-41f5-a20e-f96e8b0d2ffe)
2019-07-14 09:47:23.879 22705 RALLYDEBUG rally_openstack.cleanup.manager [-] Deleting neutron.network object s_rally_52bdd781_IWnPQpN5 (e0b2bb88-556c-46f8-8c4e-bc2b72c9bbe5)
2019-07-14 09:47:23.883 22705 RALLYDEBUG rally_openstack.cleanup.manager [-] Deleting neutron.network object s_rally_52bdd781_a4NGJH9l (d09c9f51-b01a-4c0b-b0f0-d5f717b6da0e)
2019-07-14 09:47:27.419 22705 RALLYDEBUG rally_openstack.cleanup.manager [-] Cleaning up neutron router objects
2019-07-14 09:47:28.082 22705 RALLYDEBUG rally_openstack.cleanup.manager [-] Cleaning up neutron security_group objects
2019-07-14 09:47:28.747 22705 INFO rally.task.context [-] Task 29f1ba68-2839-475c-b580-0200f2e5da47 | Context cleanup@openstack cleanup() finished in 1.31 min
2019-07-14 09:47:28.748 22705 INFO rally.task.context [-] Task 29f1ba68-2839-475c-b580-0200f2e5da47 | Context quotas@openstack cleanup() started
2019-07-14 09:47:28.973 22705 INFO rally.task.context [-] Task 29f1ba68-2839-475c-b580-0200f2e5da47 | Context quotas@openstack cleanup() finished in 0.22 sec
2019-07-14 09:47:28.973 22705 INFO rally.task.context [-] Task 29f1ba68-2839-475c-b580-0200f2e5da47 | Context users@openstack cleanup() started
2019-07-14 09:47:33.528 22705 INFO rally.task.context [-] Task 29f1ba68-2839-475c-b580-0200f2e5da47 | Context users@openstack cleanup() finished in 4.55 sec
2019-07-14 09:47:35.304 22705 INFO rally.task.engine [-] Load duration is: 100.03119
2019-07-14 09:47:35.304 22705 INFO rally.task.engine [-] Full runner duration is: 100.080476
2019-07-14 09:47:35.305 22705 INFO rally.task.engine [-] Full duration is: 188.941373
2019-07-14 09:47:35.498 22705 INFO rally.task.engine [-] Running workload: position = 1 config = { "version": 2, "title": "A cropped version of a bigger task.", "description": "Auto-generated task from a single workload (uuid=6c995dfb-c116-4698-bcac-2a7dc2567f46)", "subtasks": [ { "title": "NeutronNetworks.create_and_update_ports", "description": "Create and update a given number of ports.", "scenario": { "NeutronNetworks.create_and_update_ports": { "network_create_args": {}, "port_create_args": {}, "ports_per_network": 5, "port_update_args": { "admin_state_up": false, "device_id": "dummy_id", "device_owner": "dummy_owner", "name": "_port_updated" } } }, "contexts": { "users": { "tenants": 1, "users_per_tenant": 1 }, "quotas": { "neutron": { "network": -1, "port": -1 } } }, "runner": { "constant": { "times": 40, "concurrency": 20 } }, "hooks": [], "sla": { "failure_rate": { "max": 0 } } } ] }
2019-07-14 09:47:35.521 22705 RALLYDEBUG rally_openstack.contexts.keystone.users [-] Creating 1 tenants using 20 threads
2019-07-14 09:47:37.240 22705 RALLYDEBUG rally_openstack.contexts.keystone.users [-] Creating 1 users using 20 threads
2019-07-14 09:47:39.789 22705 INFO rally.task.context [-] Task 29f1ba68-2839-475c-b580-0200f2e5da47 | Context users@openstack setup() finished in 4.27 sec
2019-07-14 09:47:40.593 22705 INFO rally.task.context [-] Task 29f1ba68-2839-475c-b580-0200f2e5da47 | Context quotas@openstack setup() finished in 0.80 sec
2019-07-14 09:47:40.593 22705 INFO rally.task.context [-] Task 29f1ba68-2839-475c-b580-0200f2e5da47 | Context cleanup@openstack setup() finished in 0.01 msec
2019-07-14 09:47:40.602 22705 RALLYDEBUG rally.task.runner [-] Starting the constant runner (task UUID: 29f1ba68-2839-475c-b580-0200f2e5da47). timeout: 0 concurrency: 20 concurrency_per_worker: 1 times: 40 concurrency_overhead: 4 processes_to_start: 16 max_cpu_used: 16
2019-07-14 09:47:40.613 26581 RALLYDEBUG rally.task.runner [-] Starting a worker. concurrency: 2 args: {"network_create_args": {}, "port_create_args": {}, "ports_per_network": 5, "port_update_args": {"admin_state_up": false, "device_id": "dummy_id", "device_owner": "dummy_owner", "name": "_port_updated"}} times: 40 method_name: run timeout: 0 duration: None cls:
2019-07-14 09:47:40.617 26581 INFO rally.task.runner [-] Task 29f1ba68-2839-475c-b580-0200f2e5da47 | ITER: 1 START
2019-07-14 09:47:40.618 26582 RALLYDEBUG rally.task.runner [-] Starting a worker. concurrency: 2 args: {"network_create_args": {}, "port_create_args": {}, "ports_per_network": 5, "port_update_args": {"admin_state_up": false, "device_id": "dummy_id", "device_owner": "dummy_owner", "name": "_port_updated"}} times: 40 method_name: run timeout: 0 duration: None cls:
2019-07-14 09:47:40.620 26581 WARNING rally_openstack.scenarios.neutron.utils [-] Running this scenario without either the 'network' or 'existing_network' context is deprecated
2019-07-14 09:47:40.621 26581 INFO rally.task.runner [-] Task 29f1ba68-2839-475c-b580-0200f2e5da47 | ITER: 2 START
2019-07-14 09:47:40.620 26583 RALLYDEBUG rally.task.runner [-] Starting a worker. concurrency: 2 args: {"network_create_args": {}, "port_create_args": {}, "ports_per_network": 5, "port_update_args": {"admin_state_up": false, "device_id": "dummy_id", "device_owner": "dummy_owner", "name": "_port_updated"}} times: 40 method_name: run timeout: 0 duration: None cls:
2019-07-14 09:47:40.621 26585 RALLYDEBUG rally.task.runner [-] Starting a worker. concurrency: 2 args: {"network_create_args": {}, "port_create_args": {}, "ports_per_network": 5, "port_update_args": {"admin_state_up": false, "device_id": "dummy_id", "device_owner": "dummy_owner", "name": "_port_updated"}} times: 40 method_name: run timeout: 0 duration: None cls:
2019-07-14 09:47:40.623 26588 RALLYDEBUG rally.task.runner [-] Starting a worker. concurrency: 1 args: {"network_create_args": {}, "port_create_args": {}, "ports_per_network": 5, "port_update_args": {"admin_state_up": false, "device_id": "dummy_id", "device_owner": "dummy_owner", "name": "_port_updated"}} times: 40 method_name: run timeout: 0 duration: None cls:
2019-07-14 09:47:40.625 26581 WARNING rally_openstack.scenarios.neutron.utils [-] Running this scenario without either the 'network' or 'existing_network' context is deprecated
2019-07-14 09:47:40.626 26582 INFO rally.task.runner [-] Task 29f1ba68-2839-475c-b580-0200f2e5da47 | ITER: 3 START
2019-07-14 09:47:40.627 26589 RALLYDEBUG rally.task.runner [-] Starting a worker. concurrency: 1 args: {"network_create_args": {}, "port_create_args": {}, "ports_per_network": 5, "port_update_args": {"admin_state_up": false, "device_id": "dummy_id", "device_owner": "dummy_owner", "name": "_port_updated"}} times: 40 method_name: run timeout: 0 duration: None cls:
2019-07-14 09:47:40.628 26585 INFO rally.task.runner [-] Task 29f1ba68-2839-475c-b580-0200f2e5da47 | ITER: 5 START
2019-07-14 09:47:40.629 26585 WARNING rally_openstack.scenarios.neutron.utils [-] Running this scenario without either the 'network' or 'existing_network' context is deprecated
2019-07-14 09:47:40.629 26588 INFO rally.task.runner [-] Task 29f1ba68-2839-475c-b580-0200f2e5da47 | ITER: 7 START
2019-07-14 09:47:40.629 26583 INFO rally.task.runner [-] Task 29f1ba68-2839-475c-b580-0200f2e5da47 | ITER: 8 START
2019-07-14 09:47:40.630 26582 WARNING rally_openstack.scenarios.neutron.utils [-] Running this scenario without either the 'network' or 'existing_network' context is deprecated
2019-07-14 09:47:40.630 26595 RALLYDEBUG rally.task.runner [-] Starting a worker. concurrency: 1 args: {"network_create_args": {}, "port_create_args": {}, "ports_per_network": 5, "port_update_args": {"admin_state_up": false, "device_id": "dummy_id", "device_owner": "dummy_owner", "name": "_port_updated"}} times: 40 method_name: run timeout: 0 duration: None cls:
2019-07-14 09:47:40.631 26588 WARNING rally_openstack.scenarios.neutron.utils [-] Running this scenario without either the 'network' or 'existing_network' context is deprecated
2019-07-14 09:47:40.631 26583 WARNING rally_openstack.scenarios.neutron.utils [-] Running this scenario without either the 'network' or 'existing_network' context is deprecated
2019-07-14 09:47:40.633 26589 INFO rally.task.runner [-] Task 29f1ba68-2839-475c-b580-0200f2e5da47 | ITER: 10 START
2019-07-14 09:47:40.634 26589 WARNING rally_openstack.scenarios.neutron.utils [-] Running this scenario without either the 'network' or 'existing_network' context is deprecated
2019-07-14 09:47:40.634 26595 INFO rally.task.runner [-] Task 29f1ba68-2839-475c-b580-0200f2e5da47 | ITER: 11 START
2019-07-14 09:47:40.633 26602 RALLYDEBUG rally.task.runner [-] Starting a worker. concurrency: 1 args: {"network_create_args": {}, "port_create_args": {}, "ports_per_network": 5, "port_update_args": {"admin_state_up": false, "device_id": "dummy_id", "device_owner": "dummy_owner", "name": "_port_updated"}} times: 40 method_name: run timeout: 0 duration: None cls:
2019-07-14 09:47:40.635 26595 WARNING rally_openstack.scenarios.neutron.utils [-] Running this scenario without either the 'network' or 'existing_network' context is deprecated
2019-07-14 09:47:40.635 26585 INFO rally.task.runner [-] Task 29f1ba68-2839-475c-b580-0200f2e5da47 | ITER: 9 START
2019-07-14 09:47:40.636 26585 WARNING rally_openstack.scenarios.neutron.utils [-] Running this scenario without either the 'network' or 'existing_network' context is deprecated
2019-07-14 09:47:40.637 26605 RALLYDEBUG rally.task.runner [-] Starting a worker. concurrency: 1 args: {"network_create_args": {}, "port_create_args": {}, "ports_per_network": 5, "port_update_args": {"admin_state_up": false, "device_id": "dummy_id", "device_owner": "dummy_owner", "name": "_port_updated"}} times: 40 method_name: run timeout: 0 duration: None cls:
2019-07-14 09:47:40.638 26582 INFO rally.task.runner [-] Task 29f1ba68-2839-475c-b580-0200f2e5da47 | ITER: 6 START
2019-07-14 09:47:40.639 26582 WARNING rally_openstack.scenarios.neutron.utils [-] Running this scenario without either the 'network' or 'existing_network' context is deprecated
2019-07-14 09:47:40.639 26602 INFO rally.task.runner [-] Task 29f1ba68-2839-475c-b580-0200f2e5da47 | ITER: 12 START
2019-07-14 09:47:40.640 26602 WARNING rally_openstack.scenarios.neutron.utils [-] Running this scenario without either the 'network' or 'existing_network' context is deprecated
2019-07-14 09:47:40.641 26605 INFO rally.task.runner [-] Task 29f1ba68-2839-475c-b580-0200f2e5da47 | ITER: 13 START
2019-07-14 09:47:40.642 26605 WARNING rally_openstack.scenarios.neutron.utils [-] Running this scenario without either the 'network' or 'existing_network' context is deprecated
2019-07-14 09:47:40.642 26608 RALLYDEBUG rally.task.runner [-] Starting a worker. concurrency: 1 args: {"network_create_args": {}, "port_create_args": {}, "ports_per_network": 5, "port_update_args": {"admin_state_up": false, "device_id": "dummy_id", "device_owner": "dummy_owner", "name": "_port_updated"}} times: 40 method_name: run timeout: 0 duration: None cls:
2019-07-14 09:47:40.647 26608 INFO rally.task.runner [-] Task 29f1ba68-2839-475c-b580-0200f2e5da47 | ITER: 14 START
2019-07-14 09:47:40.647 26583 INFO rally.task.runner [-] Task 29f1ba68-2839-475c-b580-0200f2e5da47 | ITER: 4 START
2019-07-14 09:47:40.648 26608 WARNING rally_openstack.scenarios.neutron.utils [-] Running this scenario without either the 'network' or 'existing_network' context is deprecated
2019-07-14 09:47:40.648 26583 WARNING rally_openstack.scenarios.neutron.utils [-] Running this scenario without either the 'network' or 'existing_network' context is deprecated
2019-07-14 09:47:40.650 26613 RALLYDEBUG rally.task.runner [-] Starting a worker. concurrency: 1 args: {"network_create_args": {}, "port_create_args": {}, "ports_per_network": 5, "port_update_args": {"admin_state_up": false, "device_id": "dummy_id", "device_owner": "dummy_owner", "name": "_port_updated"}} times: 40 method_name: run timeout: 0 duration: None cls:
2019-07-14 09:47:40.654 26613 INFO rally.task.runner [-] Task 29f1ba68-2839-475c-b580-0200f2e5da47 | ITER: 15 START
2019-07-14 09:47:40.655 26613 WARNING rally_openstack.scenarios.neutron.utils [-] Running this scenario without either the 'network' or 'existing_network' context is deprecated
2019-07-14 09:47:40.658 26618 RALLYDEBUG rally.task.runner [-] Starting a worker. concurrency: 1 args: {"network_create_args": {}, "port_create_args": {}, "ports_per_network": 5, "port_update_args": {"admin_state_up": false, "device_id": "dummy_id", "device_owner": "dummy_owner", "name": "_port_updated"}} times: 40 method_name: run timeout: 0 duration: None cls:
2019-07-14 09:47:40.661 26618 INFO rally.task.runner [-] Task 29f1ba68-2839-475c-b580-0200f2e5da47 | ITER: 16 START
2019-07-14 09:47:40.662 26618 WARNING rally_openstack.scenarios.neutron.utils [-] Running this scenario without either the 'network' or 'existing_network' context is deprecated
2019-07-14 09:47:40.665 26621 RALLYDEBUG rally.task.runner [-] Starting a worker. concurrency: 1 args: {"network_create_args": {}, "port_create_args": {}, "ports_per_network": 5, "port_update_args": {"admin_state_up": false, "device_id": "dummy_id", "device_owner": "dummy_owner", "name": "_port_updated"}} times: 40 method_name: run timeout: 0 duration: None cls:
2019-07-14 09:47:40.668 26621 INFO rally.task.runner [-] Task 29f1ba68-2839-475c-b580-0200f2e5da47 | ITER: 17 START
2019-07-14 09:47:40.669 26621 WARNING rally_openstack.scenarios.neutron.utils [-] Running this scenario without either the 'network' or 'existing_network' context is deprecated
2019-07-14 09:47:40.676 26624 RALLYDEBUG rally.task.runner [-] Starting a worker. concurrency: 1 args: {"network_create_args": {}, "port_create_args": {}, "ports_per_network": 5, "port_update_args": {"admin_state_up": false, "device_id": "dummy_id", "device_owner": "dummy_owner", "name": "_port_updated"}} times: 40 method_name: run timeout: 0 duration: None cls:
2019-07-14 09:47:40.679 26624 INFO rally.task.runner [-] Task 29f1ba68-2839-475c-b580-0200f2e5da47 | ITER: 18 START
2019-07-14 09:47:40.680 26624 WARNING rally_openstack.scenarios.neutron.utils [-] Running this scenario without either the 'network' or 'existing_network' context is deprecated
2019-07-14 09:47:40.681 26625 RALLYDEBUG rally.task.runner [-] Starting a worker. concurrency: 1 args: {"network_create_args": {}, "port_create_args": {}, "ports_per_network": 5, "port_update_args": {"admin_state_up": false, "device_id": "dummy_id", "device_owner": "dummy_owner", "name": "_port_updated"}} times: 40 method_name: run timeout: 0 duration: None cls:
2019-07-14 09:47:40.685 26625 INFO rally.task.runner [-] Task 29f1ba68-2839-475c-b580-0200f2e5da47 | ITER: 19 START
2019-07-14 09:47:40.686 26625 WARNING rally_openstack.scenarios.neutron.utils [-] Running this scenario without either the 'network' or 'existing_network' context is deprecated
2019-07-14 09:47:40.689 26628 RALLYDEBUG rally.task.runner [-] Starting a worker. concurrency: 1 args: {"network_create_args": {}, "port_create_args": {}, "ports_per_network": 5, "port_update_args": {"admin_state_up": false, "device_id": "dummy_id", "device_owner": "dummy_owner", "name": "_port_updated"}} times: 40 method_name: run timeout: 0 duration: None cls:
2019-07-14 09:47:40.694 26628 INFO rally.task.runner [-] Task 29f1ba68-2839-475c-b580-0200f2e5da47 | ITER: 20 START
2019-07-14 09:47:40.695 26628 WARNING rally_openstack.scenarios.neutron.utils [-] Running this scenario without either the 'network' or 'existing_network' context is deprecated
2019-07-14 09:47:50.413 26624 INFO rally.task.runner [-] Task 29f1ba68-2839-475c-b580-0200f2e5da47 | ITER: 18 END: OK
2019-07-14 09:47:50.416 26624 INFO rally.task.runner [-] Task 29f1ba68-2839-475c-b580-0200f2e5da47 | ITER: 21 START
2019-07-14 09:47:50.417 26624 WARNING rally_openstack.scenarios.neutron.utils [-] Running this scenario without either the 'network' or 'existing_network' context is deprecated
2019-07-14 09:47:50.659 26583 INFO rally.task.runner [-] Task 29f1ba68-2839-475c-b580-0200f2e5da47 | ITER: 4 END: OK
2019-07-14 09:47:50.662 26583 INFO rally.task.runner [-] Task 29f1ba68-2839-475c-b580-0200f2e5da47 | ITER: 22 START
2019-07-14 09:47:50.663 26583 WARNING rally_openstack.scenarios.neutron.utils [-] Running this scenario without either the 'network' or 'existing_network' context is deprecated
2019-07-14 09:47:50.699 26588 INFO rally.task.runner [-] Task 29f1ba68-2839-475c-b580-0200f2e5da47 | ITER: 7 END: OK
2019-07-14 09:47:50.702 26588 INFO rally.task.runner [-] Task 29f1ba68-2839-475c-b580-0200f2e5da47 | ITER: 23 START
2019-07-14 09:47:50.703 26588 WARNING rally_openstack.scenarios.neutron.utils [-] Running this scenario without either the 'network' or 'existing_network' context is deprecated
2019-07-14 09:47:50.868 26628 INFO rally.task.runner [-] Task 29f1ba68-2839-475c-b580-0200f2e5da47 | ITER: 20 END: OK
2019-07-14 09:47:50.871 26628 INFO rally.task.runner [-] Task 29f1ba68-2839-475c-b580-0200f2e5da47 | ITER: 24 START
2019-07-14 09:47:50.871 26628 WARNING rally_openstack.scenarios.neutron.utils [-] Running this scenario without either the 'network' or 'existing_network' context is deprecated
2019-07-14 09:47:50.953 26583 INFO rally.task.runner [-] Task 29f1ba68-2839-475c-b580-0200f2e5da47 | ITER: 8 END: OK
2019-07-14 09:47:50.956 26583 INFO rally.task.runner [-] Task 29f1ba68-2839-475c-b580-0200f2e5da47 | ITER: 25 START
2019-07-14 09:47:50.956 26583 WARNING rally_openstack.scenarios.neutron.utils [-] Running this scenario without either the 'network' or 'existing_network' context is deprecated
2019-07-14 09:47:58.258 26628 INFO rally.task.runner [-] Task 29f1ba68-2839-475c-b580-0200f2e5da47 | ITER: 24 END: OK
2019-07-14 09:47:58.262 26628 INFO rally.task.runner [-] Task 29f1ba68-2839-475c-b580-0200f2e5da47 | ITER: 26 START
2019-07-14 09:47:58.263 26628 WARNING rally_openstack.scenarios.neutron.utils [-] Running this scenario without either the 'network' or 'existing_network' context is deprecated
2019-07-14 09:48:02.121 26605 INFO rally.task.runner [-] Task 29f1ba68-2839-475c-b580-0200f2e5da47 | ITER: 13 END: OK
2019-07-14 09:48:02.126 26605 INFO rally.task.runner [-] Task 29f1ba68-2839-475c-b580-0200f2e5da47 | ITER: 27 START
2019-07-14 09:48:02.127 26605 WARNING rally_openstack.scenarios.neutron.utils [-] Running this scenario without either the 'network' or 'existing_network' context is deprecated
2019-07-14 09:48:02.821 26582 INFO rally.task.runner [-] Task 29f1ba68-2839-475c-b580-0200f2e5da47 | ITER: 6 END: OK
2019-07-14 09:48:02.826 26582 INFO rally.task.runner [-] Task 29f1ba68-2839-475c-b580-0200f2e5da47 | ITER: 28 START
2019-07-14 09:48:02.826 26582 WARNING rally_openstack.scenarios.neutron.utils [-] Running this scenario without either the 'network' or 'existing_network' context is deprecated
2019-07-14 09:48:02.988 26625 INFO rally.task.runner [-] Task 29f1ba68-2839-475c-b580-0200f2e5da47 | ITER: 19 END: OK
2019-07-14 09:48:02.993 26625 INFO rally.task.runner [-] Task 29f1ba68-2839-475c-b580-0200f2e5da47 | ITER: 29 START
2019-07-14 09:48:02.993 26625 WARNING rally_openstack.scenarios.neutron.utils [-] Running this scenario without either the 'network' or 'existing_network' context is deprecated
2019-07-14 09:48:03.556 26624 INFO rally.task.runner [-] Task 29f1ba68-2839-475c-b580-0200f2e5da47 | ITER: 21 END: OK
2019-07-14 09:48:03.560 26624 INFO rally.task.runner [-] Task 29f1ba68-2839-475c-b580-0200f2e5da47 | ITER: 30 START
2019-07-14 09:48:03.561 26624 WARNING rally_openstack.scenarios.neutron.utils [-] Running this scenario without either the 'network' or 'existing_network' context is deprecated
2019-07-14 09:48:03.965 26583 INFO rally.task.runner [-] Task 29f1ba68-2839-475c-b580-0200f2e5da47 | ITER: 22 END: OK
2019-07-14 09:48:03.970 26583 INFO rally.task.runner [-] Task 29f1ba68-2839-475c-b580-0200f2e5da47 | ITER: 31 START
2019-07-14 09:48:03.971 26583 WARNING rally_openstack.scenarios.neutron.utils [-] Running this scenario without either the 'network' or 'existing_network' context is deprecated
2019-07-14 09:48:04.373 26588 INFO rally.task.runner [-] Task 29f1ba68-2839-475c-b580-0200f2e5da47 | ITER: 23 END: OK
2019-07-14 09:48:04.377 26588 INFO rally.task.runner [-] Task 29f1ba68-2839-475c-b580-0200f2e5da47 | ITER: 32 START
2019-07-14 09:48:04.378 26588 WARNING rally_openstack.scenarios.neutron.utils [-] Running this scenario without either the 'network' or 'existing_network' context is deprecated
2019-07-14 09:48:04.634 26583 INFO rally.task.runner [-] Task 29f1ba68-2839-475c-b580-0200f2e5da47 | ITER: 25 END: OK
2019-07-14 09:48:04.639 26583 INFO rally.task.runner [-] Task 29f1ba68-2839-475c-b580-0200f2e5da47 | ITER: 33 START
2019-07-14 09:48:04.639 26583 WARNING rally_openstack.scenarios.neutron.utils [-] Running this scenario without either the 'network' or 'existing_network' context is deprecated
2019-07-14 09:48:09.350 26628 INFO rally.task.runner [-] Task 29f1ba68-2839-475c-b580-0200f2e5da47 | ITER: 26 END: OK
2019-07-14 09:48:09.355 26628 INFO rally.task.runner [-] Task 29f1ba68-2839-475c-b580-0200f2e5da47 | ITER: 34 START
2019-07-14 09:48:09.356 26628 WARNING rally_openstack.scenarios.neutron.utils [-] Running this scenario without either the 'network' or 'existing_network' context is deprecated
2019-07-14 09:48:10.975 26605 INFO rally.task.runner [-] Task 29f1ba68-2839-475c-b580-0200f2e5da47 | ITER: 27 END: OK
2019-07-14 09:48:10.984 26605 INFO rally.task.runner [-] Task 29f1ba68-2839-475c-b580-0200f2e5da47 | ITER: 35 START
2019-07-14 09:48:10.985 26605 WARNING rally_openstack.scenarios.neutron.utils [-] Running this scenario without either the 'network' or 'existing_network' context is deprecated
2019-07-14 09:48:12.856 26624 INFO rally.task.runner [-] Task 29f1ba68-2839-475c-b580-0200f2e5da47 | ITER: 30 END: OK
2019-07-14 09:48:12.862 26624 INFO rally.task.runner [-] Task 29f1ba68-2839-475c-b580-0200f2e5da47 | ITER: 36 START
2019-07-14 09:48:12.863 26624 WARNING rally_openstack.scenarios.neutron.utils [-] Running this scenario without either the 'network' or 'existing_network' context is deprecated
2019-07-14 09:48:12.884 26583 INFO rally.task.runner [-] Task 29f1ba68-2839-475c-b580-0200f2e5da47 | ITER: 31 END: OK
2019-07-14 09:48:12.889 26583 INFO rally.task.runner [-] Task 29f1ba68-2839-475c-b580-0200f2e5da47 | ITER: 37 START
2019-07-14 09:48:12.890 26583 WARNING rally_openstack.scenarios.neutron.utils [-] Running this scenario without either the 'network' or 'existing_network' context is deprecated
2019-07-14 09:48:13.877 26588 INFO rally.task.runner [-] Task 29f1ba68-2839-475c-b580-0200f2e5da47 | ITER: 32 END: OK
2019-07-14 09:48:13.885 26588 INFO rally.task.runner [-] Task 29f1ba68-2839-475c-b580-0200f2e5da47 | ITER: 38 START
2019-07-14 09:48:13.886 26588 WARNING rally_openstack.scenarios.neutron.utils [-] Running this scenario without either the 'network' or 'existing_network' context is deprecated
2019-07-14 09:48:14.081 26602 INFO rally.task.runner [-] Task 29f1ba68-2839-475c-b580-0200f2e5da47 | ITER: 12 END: OK
2019-07-14 09:48:14.089 26602 INFO rally.task.runner [-] Task 29f1ba68-2839-475c-b580-0200f2e5da47 | ITER: 39 START
2019-07-14 09:48:14.090 26602 WARNING rally_openstack.scenarios.neutron.utils [-] Running this scenario without either the 'network' or 'existing_network' context is deprecated
2019-07-14 09:48:14.128 26608 INFO rally.task.runner [-] Task 29f1ba68-2839-475c-b580-0200f2e5da47 | ITER: 14 END: OK
2019-07-14 09:48:14.135 26608 INFO rally.task.runner [-] Task 29f1ba68-2839-475c-b580-0200f2e5da47 | ITER: 40 START
2019-07-14 09:48:14.136 26608 WARNING rally_openstack.scenarios.neutron.utils [-] Running this scenario without either the 'network' or 'existing_network' context is deprecated
2019-07-14 09:48:14.146 26621 INFO rally.task.runner [-] Task 29f1ba68-2839-475c-b580-0200f2e5da47 | ITER: 17 END: OK
2019-07-14 09:48:14.155 26595 INFO rally.task.runner [-] Task 29f1ba68-2839-475c-b580-0200f2e5da47 | ITER: 11 END: OK
2019-07-14 09:48:14.376 26582 INFO rally.task.runner [-] Task 29f1ba68-2839-475c-b580-0200f2e5da47 | ITER: 28 END: OK
2019-07-14 09:48:14.762 26618 INFO rally.task.runner [-] Task 29f1ba68-2839-475c-b580-0200f2e5da47 | ITER: 16 END: OK
2019-07-14 09:48:17.422 26625 INFO rally.task.runner [-] Task 29f1ba68-2839-475c-b580-0200f2e5da47 | ITER: 29 END: OK
2019-07-14 09:48:17.833 26628 INFO rally.task.runner [-] Task 29f1ba68-2839-475c-b580-0200f2e5da47 | ITER: 34 END: OK
2019-07-14 09:48:18.904 26583 INFO rally.task.runner [-] Task 29f1ba68-2839-475c-b580-0200f2e5da47 | ITER: 33 END: OK
2019-07-14 09:48:21.742 26608 INFO rally.task.runner [-] Task 29f1ba68-2839-475c-b580-0200f2e5da47 | ITER: 40 END: OK
2019-07-14 09:48:21.779 26588 INFO rally.task.runner [-] Task 29f1ba68-2839-475c-b580-0200f2e5da47 | ITER: 38 END: OK
2019-07-14 09:48:22.378 26605 INFO rally.task.runner [-] Task 29f1ba68-2839-475c-b580-0200f2e5da47 | ITER: 35 END: OK
2019-07-14 09:48:24.972 26602 INFO rally.task.runner [-] Task 29f1ba68-2839-475c-b580-0200f2e5da47 | ITER: 39 END: OK
2019-07-14 09:48:25.645 26624 INFO rally.task.runner [-] Task 29f1ba68-2839-475c-b580-0200f2e5da47 | ITER: 36 END: OK
2019-07-14 09:48:25.755 26583 INFO rally.task.runner [-] Task 29f1ba68-2839-475c-b580-0200f2e5da47 | ITER: 37 END: OK
2019-07-14 09:48:28.519 26613 INFO rally.task.runner [-] Task 29f1ba68-2839-475c-b580-0200f2e5da47 | ITER: 15 END: OK
2019-07-14 09:48:28.742 26585 INFO rally.task.runner [-] Task 29f1ba68-2839-475c-b580-0200f2e5da47 | ITER: 5 END: OK
2019-07-14 09:48:28.939 26589 INFO rally.task.runner [-] Task 29f1ba68-2839-475c-b580-0200f2e5da47 | ITER: 10 END: OK
2019-07-14 09:48:28.987 26581 INFO rally.task.runner [-] Task 29f1ba68-2839-475c-b580-0200f2e5da47 | ITER: 2 END: OK
2019-07-14 09:48:29.010 26581 INFO rally.task.runner [-] Task 29f1ba68-2839-475c-b580-0200f2e5da47 | ITER: 1 END: OK
2019-07-14 09:48:29.057 26585 INFO rally.task.runner [-] Task 29f1ba68-2839-475c-b580-0200f2e5da47 | ITER: 9 END: OK
2019-07-14 09:48:29.108 26582 INFO rally.task.runner [-] Task 29f1ba68-2839-475c-b580-0200f2e5da47 | ITER: 3 END: OK
2019-07-14 09:48:29.134 22705 INFO rally.task.context [-] Task 29f1ba68-2839-475c-b580-0200f2e5da47 | Context cleanup@openstack cleanup() started
2019-07-14 09:48:29.136 22705 RALLYDEBUG rally_openstack.cleanup.manager [-] Cleaning up neutron vip objects
2019-07-14 09:48:29.868 22705 RALLYDEBUG rally_openstack.cleanup.manager [-] Cleaning up neutron health_monitor objects
2019-07-14 09:48:30.572 22705 RALLYDEBUG rally_openstack.cleanup.manager [-] Cleaning up neutron pool objects
2019-07-14 09:48:31.184 22705 RALLYDEBUG rally_openstack.cleanup.manager [-] Cleaning up neutron loadbalancer objects
2019-07-14 09:48:31.881 22705 RALLYDEBUG rally_openstack.cleanup.manager [-] Cleaning up neutron floatingip objects
2019-07-14 09:48:32.900 22705 RALLYDEBUG rally_openstack.cleanup.manager [-] Cleaning up neutron port objects
2019-07-14 09:48:34.043 22705 RALLYDEBUG rally_openstack.cleanup.manager [-] Deleting neutron.port object s_rally_6c995dfb_tz3oKeWM (0866f68f-2171-4596-ac56-850237e4ad6e)
2019-07-14 09:48:34.051 22705 RALLYDEBUG rally_openstack.cleanup.manager [-] Deleting neutron.port object s_rally_6c995dfb_GeV00cfE (061808b7-5dea-4bf0-951c-cf3140355867)
2019-07-14 09:48:34.052 22705 RALLYDEBUG rally_openstack.cleanup.manager [-] Deleting neutron.port object s_rally_6c995dfb_nOjvOKO3 (03a24198-3008-42a7-a614-05d9137cb885)
2019-07-14 09:48:34.053 22705 RALLYDEBUG rally_openstack.cleanup.manager [-] Deleting neutron.port object s_rally_6c995dfb_5OJIkoTn (0a3acbb4-1512-45f7-8be1-936f36698123)
2019-07-14 09:48:34.056 22705 RALLYDEBUG rally_openstack.cleanup.manager [-] Deleting neutron.port object s_rally_6c995dfb_UT2XWBuA (04377a55-1590-49e9-a40b-b87625da30da)
2019-07-14 09:48:34.058 22705 RALLYDEBUG rally_openstack.cleanup.manager [-] Deleting neutron.port object s_rally_6c995dfb_GVviwmdb (083f10af-0931-4cbc-ab30-0415e1565064)
2019-07-14 09:48:34.058 22705 RALLYDEBUG rally_openstack.cleanup.manager [-] Deleting neutron.port object s_rally_6c995dfb_9xUKWa94 (0537f34e-7248-4afa-8183-c31d73b59960)
2019-07-14 09:48:34.059 22705 RALLYDEBUG rally_openstack.cleanup.manager [-] Deleting neutron.port object s_rally_6c995dfb_8kHHGCoB (0b1469ce-6753-4179-886e-8916edf10d79)
2019-07-14 09:48:34.059 22705 RALLYDEBUG rally_openstack.cleanup.manager [-] Deleting neutron.port object s_rally_6c995dfb_Jjj8Wjuf (07b7d6f0-7f27-4a7f-8df0-5804bb2b8855)
2019-07-14 09:48:34.073 22705 RALLYDEBUG rally_openstack.cleanup.manager [-] Deleting neutron.port object s_rally_6c995dfb_09FMIJLa (0b43a6a0-6b55-4b31-8e7b-1af5f96434d1)
2019-07-14 09:48:34.074 22705 RALLYDEBUG rally_openstack.cleanup.manager [-] Deleting neutron.port object s_rally_6c995dfb_pxpV0vid (0b927bb2-8215-44c3-a587-04c3835ea15a)
2019-07-14 09:48:34.081 22705 RALLYDEBUG rally_openstack.cleanup.manager [-] Deleting neutron.port object s_rally_6c995dfb_AhAcbn7z (08ad3692-bd0e-471e-a281-755fa9cbfa98)
2019-07-14 09:48:34.086 22705 RALLYDEBUG rally_openstack.cleanup.manager [-] Deleting neutron.port object s_rally_6c995dfb_wzUGVBdr (08fbd1fd-7d2c-45b7-8048-c3633608f4bd)
2019-07-14 09:48:34.110 22705 RALLYDEBUG rally_openstack.cleanup.manager [-] Deleting neutron.port object s_rally_6c995dfb_PIM3tJhS (0f306b6b-91a7-4dc8-8269-9e28aefd50d9)
2019-07-14 09:48:34.112 22705 RALLYDEBUG rally_openstack.cleanup.manager [-] Deleting neutron.port object s_rally_6c995dfb_cRHjM81G (0c5470d8-b22f-4e85-ac24-431b94b05e8c)
2019-07-14 09:48:34.119 22705 RALLYDEBUG rally_openstack.cleanup.manager [-] Deleting neutron.port object s_rally_6c995dfb_GwQamleO (0d2e9d6b-8c3a-4de0-bf56-9efac0caaf92)
2019-07-14 09:48:34.133 22705 RALLYDEBUG rally_openstack.cleanup.manager [-] Deleting neutron.port object s_rally_6c995dfb_ZGWeVdLk (0790b929-f333-4ffa-a1ba-25ccab95ba62)
2019-07-14 09:48:34.146 22705 RALLYDEBUG rally_openstack.cleanup.manager [-] Deleting neutron.port object s_rally_6c995dfb_eE2ouQcV (0f75bef0-db74-41e3-956f-5edfefd6440d)
2019-07-14 09:48:34.161 22705 RALLYDEBUG rally_openstack.cleanup.manager [-] Deleting neutron.port object s_rally_6c995dfb_sTrttE72 (1410a417-253e-4290-8088-4ed3f3315ac3)
2019-07-14 09:48:34.175 22705 RALLYDEBUG rally_openstack.cleanup.manager [-] Deleting neutron.port object s_rally_6c995dfb_Nco4PFC2 (1428f875-e3b6-4705-be88-0eac6671ee4c)
2019-07-14 09:48:36.698 22705 RALLYDEBUG rally_openstack.cleanup.manager [-] Deleting neutron.port object s_rally_6c995dfb_Y0JDRCUb (16adbe03-98ac-4435-be5a-e1ad9d1b4a16)
2019-07-14 09:48:36.821 22705 RALLYDEBUG rally_openstack.cleanup.manager [-] Deleting neutron.port object s_rally_6c995dfb_4CNXM0NQ (17ba7beb-5353-4a8b-8092-bcb71cc527b5)
2019-07-14 09:48:37.052 22705 RALLYDEBUG rally_openstack.cleanup.manager [-] Deleting neutron.port object s_rally_6c995dfb_EOMLyPAp (1854b893-fd03-4de1-96da-4d20d619af0d)
2019-07-14 09:48:37.178 22705 RALLYDEBUG rally_openstack.cleanup.manager [-] Deleting neutron.port object s_rally_6c995dfb_cH7G8scV (19015606-1889-4de8-ac2a-341866ff506d)
2019-07-14 09:48:37.327 22705 RALLYDEBUG rally_openstack.cleanup.manager [-] Deleting neutron.port object s_rally_6c995dfb_6Z5fmBI9 (19f66794-c6ba-4074-8a61-b58c992b4de9)
2019-07-14 09:48:38.051 22705 RALLYDEBUG rally_openstack.cleanup.manager [-] Deleting neutron.port object s_rally_6c995dfb_ONtzIirp (1e65892d-8d30-424e-9059-4c67bd0d5170)
2019-07-14 09:48:38.390 22705 RALLYDEBUG rally_openstack.cleanup.manager [-] Deleting neutron.port object s_rally_6c995dfb_IYPhlX21 (1efdc84e-b9bc-4c25-957d-8c7d5715f869)
2019-07-14 09:48:38.587 22705 RALLYDEBUG rally_openstack.cleanup.manager [-] Deleting neutron.port object s_rally_6c995dfb_EEuxJ1GJ (237d170f-5a69-4f75-ae63-c1add5e84a8c)
2019-07-14 09:48:38.588 22705 RALLYDEBUG rally_openstack.cleanup.manager [-] Deleting neutron.port object s_rally_6c995dfb_xokq7Xok (1fe07a9b-aae0-4dfc-83c8-960ea287646f)
2019-07-14 09:48:39.277 22705 RALLYDEBUG rally_openstack.cleanup.manager [-] Deleting neutron.port object s_rally_6c995dfb_pcw9eI7H (23a3bf07-b433-43ce-933a-23ca11d35043)
2019-07-14 09:48:39.310 22705 RALLYDEBUG rally_openstack.cleanup.manager [-] Deleting neutron.port object s_rally_6c995dfb_nfAPsuvf (293b45a4-5b1c-4032-bf84-2eeec5c90b07)
2019-07-14 09:48:39.350 22705 RALLYDEBUG rally_openstack.cleanup.manager [-] Deleting neutron.port object s_rally_6c995dfb_mHsPgS12 (2cade9ed-c997-4268-8ea8-d50c4cfcd858)
2019-07-14 09:48:39.485 22705 RALLYDEBUG rally_openstack.cleanup.manager [-] Deleting neutron.port object s_rally_6c995dfb_rJED8BZO (2d07e28c-c2d4-4cbd-ac0b-623e379b2463)
2019-07-14 09:48:39.643 22705 RALLYDEBUG rally_openstack.cleanup.manager [-] Deleting neutron.port object s_rally_6c995dfb_LWQPVYFc (2e6c95b3-bcf2-4af5-af12-dd92fd918cc1)
2019-07-14 09:48:39.685 22705 RALLYDEBUG rally_openstack.cleanup.manager [-] Deleting neutron.port object s_rally_6c995dfb_BBh9Z9lU (2efa1a8a-c215-438a-9a3c-82ffb9d7d23f)
2019-07-14 09:48:40.264 22705 RALLYDEBUG rally_openstack.cleanup.manager [-] Deleting neutron.port object s_rally_6c995dfb_07HhgEz8 (3000e903-6e19-4201-9eed-4688c8ae72c1)
2019-07-14 09:48:40.532 22705 RALLYDEBUG rally_openstack.cleanup.manager [-] Deleting neutron.port object s_rally_6c995dfb_dccbXfSI (31239a54-2884-45ec-995b-501701b12a32)
2019-07-14 09:48:40.577 22705 RALLYDEBUG rally_openstack.cleanup.manager [-] Deleting neutron.port object s_rally_6c995dfb_kIkmApVt (31d5bb75-ab43-426d-b22c-fc83c0d8122e)
2019-07-14 09:48:40.585 22705 RALLYDEBUG rally_openstack.cleanup.manager [-] Deleting neutron.port object s_rally_6c995dfb_w6ZDatl7 (3230a719-8ffc-41a3-9153-ceb2ee5d8426)
2019-07-14 09:48:40.931 22705 RALLYDEBUG rally_openstack.cleanup.manager [-] Deleting neutron.port object s_rally_6c995dfb_LvDw5srM (35edad98-45c4-492c-823a-aad147076f8c)
2019-07-14 09:48:40.931 22705 RALLYDEBUG rally_openstack.cleanup.manager [-] Deleting neutron.port object s_rally_6c995dfb_JOeMkSur (362ed7a0-1a78-429c-befe-c15e3db623b8)
2019-07-14 09:48:41.081 22705 RALLYDEBUG rally_openstack.cleanup.manager [-] Deleting neutron.port object s_rally_6c995dfb_50hUxQkV (372505c7-a96d-4132-8372-a5d40b965c3b)
2019-07-14 09:48:41.284 22705 RALLYDEBUG rally_openstack.cleanup.manager [-] Deleting neutron.port object s_rally_6c995dfb_TSJvIhZz (378ea1ba-0837-4261-89d3-f58d229995a4)
2019-07-14 09:48:41.813 22705 RALLYDEBUG rally_openstack.cleanup.manager [-] Deleting neutron.port object s_rally_6c995dfb_1P2jIJJ1 (37c21e95-3827-4eab-b487-8cd5c3f5e1e4)
2019-07-14 09:48:42.091 22705 RALLYDEBUG rally_openstack.cleanup.manager [-] Deleting neutron.port object s_rally_6c995dfb_SPTOrA28 (397ba48a-81e9-427b-91d9-d8d8aa03452e)
2019-07-14 09:48:42.115 22705 RALLYDEBUG rally_openstack.cleanup.manager [-] Deleting neutron.port object s_rally_6c995dfb_ZjKxwwDD (398521b9-cb24-4bdd-88e6-cbe32a9e2201)
2019-07-14 09:48:42.134 22705 RALLYDEBUG rally_openstack.cleanup.manager [-] Deleting neutron.port object s_rally_6c995dfb_KaTAc2UM (3b8229f7-add4-4e69-9ce1-54ece3044265)
2019-07-14 09:48:42.319 22705 RALLYDEBUG rally_openstack.cleanup.manager [-] Deleting neutron.port object s_rally_6c995dfb_f0fgjKuI (3bccd029-d29e-4952-a214-93b44baf8cc1)
2019-07-14 09:48:42.391 22705 RALLYDEBUG rally_openstack.cleanup.manager [-] Deleting neutron.port object s_rally_6c995dfb_8XeHbUwT (3fa1860c-05ce-43da-bbb0-21ee034b4e51)
2019-07-14 09:48:42.430 22705 RALLYDEBUG rally_openstack.cleanup.manager [-] Deleting neutron.port object s_rally_6c995dfb_SRNc2Vra (4085db1e-163e-40b6-b010-a366e5ca90be)
2019-07-14 09:48:42.665 22705 RALLYDEBUG rally_openstack.cleanup.manager [-] Deleting neutron.port object s_rally_6c995dfb_52IiKMv2 (4113d9d8-a464-4d08-8ee2-38e6741ca441)
2019-07-14 09:48:42.828 22705 RALLYDEBUG rally_openstack.cleanup.manager [-] Deleting neutron.port object s_rally_6c995dfb_MC4jfcFK (44680582-67d0-46cd-bccc-b7544f4fadfd)
2019-07-14 09:48:42.861 22705 RALLYDEBUG rally_openstack.cleanup.manager [-] Deleting neutron.port object s_rally_6c995dfb_Ge4uFetI (449c3eb9-9e7e-4c6f-af63-b074d05a2e5d)
2019-07-14 09:48:42.921 22705 RALLYDEBUG rally_openstack.cleanup.manager [-] Deleting neutron.port object s_rally_6c995dfb_x1UB8wa3 (46e238fb-d810-49da-8b00-6f4f54d65a96)
2019-07-14 09:48:43.386 22705 RALLYDEBUG rally_openstack.cleanup.manager [-] Deleting neutron.port object s_rally_6c995dfb_ydqYW47H (4709ef49-53ce-4244-80be-658d690b7908)
2019-07-14 09:48:43.439 22705 RALLYDEBUG rally_openstack.cleanup.manager [-] Deleting neutron.port object s_rally_6c995dfb_B7Tx5dGy (48b0314b-9c9c-4941-bf46-da2df2e7c384)
2019-07-14 09:48:43.489 22705 RALLYDEBUG rally_openstack.cleanup.manager [-] Deleting neutron.port object s_rally_6c995dfb_S48c7RdB (4919cae9-1f3d-43f4-af90-85e8071fe56f)
2019-07-14 09:48:43.493 22705 RALLYDEBUG rally_openstack.cleanup.manager [-] Deleting neutron.port object s_rally_6c995dfb_lf2GP9rS (4a7473ea-c538-4043-ab86-acbcbaa3e5eb)
2019-07-14 09:48:43.523 22705 RALLYDEBUG rally_openstack.cleanup.manager [-] Deleting neutron.port object s_rally_6c995dfb_9yAHnyJS (4c4debab-a0bc-4500-af3c-e50ee9e11518)
2019-07-14 09:48:43.626 22705 RALLYDEBUG rally_openstack.cleanup.manager [-] Deleting neutron.port object s_rally_6c995dfb_ljyLxW0H (4ccce29b-3654-41c6-9514-cae3e257fec3)
2019-07-14 09:48:43.767 22705 RALLYDEBUG rally_openstack.cleanup.manager [-] Deleting neutron.port object s_rally_6c995dfb_dW1G5cul (4de2c448-e3a1-4e2a-9d82-8ab606346e9d)
2019-07-14 09:48:43.774 22705 RALLYDEBUG rally_openstack.cleanup.manager [-] Deleting neutron.port object s_rally_6c995dfb_g9fma8me (4e89f29e-b36c-469c-b01d-66298338ab06)
2019-07-14 09:48:43.818 22705 RALLYDEBUG rally_openstack.cleanup.manager [-] Deleting neutron.port object s_rally_6c995dfb_igfYjaKx (533bb02a-a956-46c0-8bb5-9bc12e1283dc)
2019-07-14 09:48:44.616 22705 RALLYDEBUG rally_openstack.cleanup.manager [-] Deleting neutron.port object s_rally_6c995dfb_k5bqyVUE (5648fc6b-faf6-41f8-8fda-afb3c880bb01)
2019-07-14 09:48:44.723 22705 RALLYDEBUG rally_openstack.cleanup.manager [-] Deleting neutron.port object s_rally_6c995dfb_rBfG1VhQ (56f62756-60e5-4142-815b-14389f52d698)
2019-07-14 09:48:44.747 22705 RALLYDEBUG rally_openstack.cleanup.manager [-] Deleting neutron.port object s_rally_6c995dfb_GFPtvaGe (5a31cd3b-d325-4832-b95a-f7275ecfc291)
2019-07-14 09:48:44.780 22705 RALLYDEBUG rally_openstack.cleanup.manager [-] Deleting neutron.port object s_rally_6c995dfb_WOUst2qa (5b244c2e-1339-4758-a313-1f1319f3ba2e)
2019-07-14 09:48:44.965 22705 RALLYDEBUG rally_openstack.cleanup.manager [-] Deleting neutron.port object s_rally_6c995dfb_apY1mLkX (5b36516f-9510-49d3-9479-4b48623b7502)
2019-07-14 09:48:45.061 22705 RALLYDEBUG rally_openstack.cleanup.manager [-] Deleting neutron.port object s_rally_6c995dfb_wjx4ngQe (5b87478d-5c92-4f5d-9638-c6b7879c4e2b)
