2019-07-14 09:48:45.197 22705 RALLYDEBUG rally_openstack.cleanup.manager [-] Deleting neutron.port object s_rally_6c995dfb_W7YhXG7n (5c1ad88e-e9b2-4931-8733-0f72e008603e)
2019-07-14 09:48:45.269 22705 RALLYDEBUG rally_openstack.cleanup.manager [-] Deleting neutron.port object s_rally_6c995dfb_xLXSTxNz (5fc691b9-57d3-404e-8ea0-126b86517b20)
2019-07-14 09:48:45.375 22705 RALLYDEBUG rally_openstack.cleanup.manager [-] Deleting neutron.port object s_rally_6c995dfb_YTjO18Zh (63de6921-1da2-48f4-8e9d-eed82f61ff5c)
2019-07-14 09:48:45.792 22705 RALLYDEBUG rally_openstack.cleanup.manager [-] Deleting neutron.port object s_rally_6c995dfb_EcPA4B7C (63fea4a9-30d6-4091-acd3-62959f8e94b9)
2019-07-14 09:48:45.926 22705 RALLYDEBUG rally_openstack.cleanup.manager [-] Deleting neutron.port object s_rally_6c995dfb_bYe6TtXe (640b31b6-df91-487b-b931-b2824343aa6a)
2019-07-14 09:48:46.119 22705 RALLYDEBUG rally_openstack.cleanup.manager [-] Deleting neutron.port object s_rally_6c995dfb_uKUcqP0n (649b3801-05ed-4347-bcc3-070b83990d71)
2019-07-14 09:48:46.247 22705 RALLYDEBUG rally_openstack.cleanup.manager [-] Deleting neutron.port object s_rally_6c995dfb_sG7doNKb (649c6bfa-6c14-44e0-91d4-0b574e7e91a9)
2019-07-14 09:48:46.486 22705 RALLYDEBUG rally_openstack.cleanup.manager [-] Deleting neutron.port object s_rally_6c995dfb_LJa1Wcsx (64c385f5-9e76-4e31-b7ba-28ded1ccb289)
2019-07-14 09:48:46.754 22705 RALLYDEBUG rally_openstack.cleanup.manager [-] Deleting neutron.port object s_rally_6c995dfb_z5BOIjv7 (64e6803d-7bcb-4045-a9d2-36771a5c2fda)
2019-07-14 09:48:46.867 22705 RALLYDEBUG rally_openstack.cleanup.manager [-] Deleting neutron.port object s_rally_6c995dfb_QZesmFrj (66dfd976-a28e-4ac4-91b2-a3c66daa8e3c)
2019-07-14 09:48:46.875 22705 RALLYDEBUG rally_openstack.cleanup.manager [-] Deleting neutron.port object s_rally_6c995dfb_NDg2XI9M (68801cd0-0c0d-4dd5-add9-77155e09a0a1)
2019-07-14 09:48:46.934 22705 RALLYDEBUG rally_openstack.cleanup.manager [-] Deleting neutron.port object s_rally_6c995dfb_cP8zoCyO (69aa1c48-bba1-4505-87dd-d0706475ca59)
2019-07-14 09:48:46.983 22705 RALLYDEBUG rally_openstack.cleanup.manager [-] Deleting neutron.port object s_rally_6c995dfb_irqO34Fb (6b5fbdff-78ef-4480-b7f5-f408d498df5b)
2019-07-14 09:48:47.309 22705 RALLYDEBUG rally_openstack.cleanup.manager [-] Deleting neutron.port object s_rally_6c995dfb_seG9U7yI (6b780747-ccea-4c32-873f-4c680f392ca6)
2019-07-14 09:48:47.310 22705 RALLYDEBUG rally_openstack.cleanup.manager [-] Deleting neutron.port object s_rally_6c995dfb_cj3kBIFf (6ea55e03-c6c7-400f-a514-8e8c94e87ea4)
2019-07-14 09:48:47.466 22705 RALLYDEBUG rally_openstack.cleanup.manager [-] Deleting neutron.port object s_rally_6c995dfb_PKHEiyH3 (700bbbe3-48d5-4cb0-b17d-c9fc78609627)
2019-07-14 09:48:47.749 22705 RALLYDEBUG rally_openstack.cleanup.manager [-] Deleting neutron.port object s_rally_6c995dfb_T7sRw9TA (706ad9ac-b757-49ed-b7fe-5e05ed1a2662)
2019-07-14 09:48:47.772 22705 RALLYDEBUG rally_openstack.cleanup.manager [-] Deleting neutron.port object s_rally_6c995dfb_MzP9lgMR (70bbb7af-7911-4a13-89ca-e12dd94a1e1a)
2019-07-14 09:48:47.815 22705 RALLYDEBUG rally_openstack.cleanup.manager [-] Deleting neutron.port object s_rally_6c995dfb_hpBQgo23 (71112322-7a6c-4d1b-8365-cd39be7dc4c3)
2019-07-14 09:48:48.023 22705 RALLYDEBUG rally_openstack.cleanup.manager [-] Deleting neutron.port object s_rally_6c995dfb_7YdwCmG2 (73661b35-9576-4dd5-a04b-ed1b42b2b745)
2019-07-14 09:48:48.156 22705 RALLYDEBUG rally_openstack.cleanup.manager [-] Deleting neutron.port object s_rally_6c995dfb_8JpJvMN8 (77f5d9ad-1427-4e0e-8ecf-8ca92a504762)
2019-07-14 09:48:48.998 22705 RALLYDEBUG rally_openstack.cleanup.manager [-] Deleting neutron.port object s_rally_6c995dfb_2xqgR0Tt (78eb635e-b79c-4154-accb-cf9e21321f29)
2019-07-14 09:48:49.152 22705 RALLYDEBUG rally_openstack.cleanup.manager [-] Deleting neutron.port object s_rally_6c995dfb_vwlQyFGD (79e5d891-70a0-407e-92df-74ec8aa6d5d3)
2019-07-14 09:48:49.153 22705 RALLYDEBUG rally_openstack.cleanup.manager [-] Deleting neutron.port object s_rally_6c995dfb_QaOcgd97 (79d095ba-a827-47a5-bce9-ff5ddc001b95)
2019-07-14 09:48:49.220 22705 RALLYDEBUG rally_openstack.cleanup.manager [-] Deleting neutron.port object s_rally_6c995dfb_cDFNGDcH (79e6372e-5edf-4234-adf1-76679f7ec62c)
2019-07-14 09:48:49.297 22705 RALLYDEBUG rally_openstack.cleanup.manager [-] Deleting neutron.port object s_rally_6c995dfb_u65eM533 (79fd4e13-9dc2-4d10-89aa-3947661a8c89)
2019-07-14 09:48:49.322 22705 RALLYDEBUG rally_openstack.cleanup.manager [-] Deleting neutron.port object s_rally_6c995dfb_WX6GGkhD (7b17820a-0095-46ef-8a2b-e712d1f8602f)
2019-07-14 09:48:49.347 22705 RALLYDEBUG rally_openstack.cleanup.manager [-] Deleting neutron.port object s_rally_6c995dfb_Mwvv8iC3 (7b7b3984-4a25-4cc9-927b-3fc20445c366)
2019-07-14 09:48:49.387 22705 RALLYDEBUG rally_openstack.cleanup.manager [-] Deleting neutron.port object s_rally_6c995dfb_AhHpawpi (7dbfba32-46bc-4dac-997e-d6dc37b2441a)
2019-07-14 09:48:49.645 22705 RALLYDEBUG rally_openstack.cleanup.manager [-] Deleting neutron.port object s_rally_6c995dfb_sI3ID3n7 (7f6cb821-bcd3-4197-8054-6ca3a3a41f6d)
2019-07-14 09:48:50.073 22705 RALLYDEBUG rally_openstack.cleanup.manager [-] Deleting neutron.port object s_rally_6c995dfb_Ou4hImjr (80fd5213-8168-43f4-ae30-08e43d8a7cba)
2019-07-14 09:48:50.110 22705 RALLYDEBUG rally_openstack.cleanup.manager [-] Deleting neutron.port object s_rally_6c995dfb_3jb1yR6i (81a2c2aa-e664-44b7-9505-4f0762317cd5)
2019-07-14 09:48:50.202 22705 RALLYDEBUG rally_openstack.cleanup.manager [-] Deleting neutron.port object s_rally_6c995dfb_YjveTSkl (841ea894-4521-425e-92c0-7053f10a1d30)
2019-07-14 09:48:50.230 22705 RALLYDEBUG rally_openstack.cleanup.manager [-] Deleting neutron.port object s_rally_6c995dfb_mrDCIl3U (845b91c9-179d-482b-a8ae-cbdf0f165b35)
2019-07-14 09:48:50.364 22705 RALLYDEBUG rally_openstack.cleanup.manager [-] Deleting neutron.port object s_rally_6c995dfb_XkXpZFQq (8462ac1a-f871-4738-a580-fbdc440ba6d4)
2019-07-14 09:48:50.427 22705 RALLYDEBUG rally_openstack.cleanup.manager [-] Deleting neutron.port object s_rally_6c995dfb_YoYzy98L (85b69238-8041-4627-a1df-78698e8a817e)
2019-07-14 09:48:50.431 22705 RALLYDEBUG rally_openstack.cleanup.manager [-] Deleting neutron.port object s_rally_6c995dfb_N8JFmwaa (846f23a5-974b-4a52-9097-d5d986088ea3)
2019-07-14 09:48:50.538 22705 RALLYDEBUG rally_openstack.cleanup.manager [-] Deleting neutron.port object s_rally_6c995dfb_RJfxxllI (8948a359-5a94-4eec-952c-0b9780b050e8)
2019-07-14 09:48:50.545 22705 RALLYDEBUG rally_openstack.cleanup.manager [-] Deleting neutron.port object s_rally_6c995dfb_ycqSoOss (89df6959-733b-4787-84ee-b16e28f1bde7)
2019-07-14 09:48:50.551 22705 RALLYDEBUG rally_openstack.cleanup.manager [-] Deleting neutron.port object s_rally_6c995dfb_OHc9Uonc (8b3c4317-486a-41c4-8d26-bb98e898bc60)
2019-07-14 09:48:50.776 22705 RALLYDEBUG rally_openstack.cleanup.manager [-] Deleting neutron.port object s_rally_6c995dfb_p15brr6j (8c18f130-4ec6-4aa9-8f26-616f543f14e4)
2019-07-14 09:48:51.654 22705 RALLYDEBUG rally_openstack.cleanup.manager [-] Deleting neutron.port object s_rally_6c995dfb_2v7Z8wYO (8d9ea280-1a3f-4c7d-b236-e81ed267fe49)
2019-07-14 09:48:51.839 22705 RALLYDEBUG rally_openstack.cleanup.manager [-] Deleting neutron.port object s_rally_6c995dfb_bO6XwKw6 (8de9b419-853d-4fa1-9642-b29cde7d8d58)
2019-07-14 09:48:52.053 22705 RALLYDEBUG rally_openstack.cleanup.manager [-] Deleting neutron.port object s_rally_6c995dfb_rnnN87kc (8eb976ff-9ab0-4a03-8307-0a949a734697)
2019-07-14 09:48:52.093 22705 RALLYDEBUG rally_openstack.cleanup.manager [-] Deleting neutron.port object s_rally_6c995dfb_wbSqR86m (8f94f6ec-42c0-4e5e-ae25-937a7942fc76)
2019-07-14 09:48:52.369 22705 RALLYDEBUG rally_openstack.cleanup.manager [-] Deleting neutron.port object s_rally_6c995dfb_wjeqBR7p (9099c87a-f7c3-46a1-ad86-0e9a450ae99f)
2019-07-14 09:48:52.375 22705 RALLYDEBUG rally_openstack.cleanup.manager [-] Deleting neutron.port object s_rally_6c995dfb_XhXueukf (90bf285a-c341-4b42-beea-7d042bcfb968)
2019-07-14 09:48:52.392 22705 RALLYDEBUG rally_openstack.cleanup.manager [-] Deleting neutron.port object s_rally_6c995dfb_CsyubN91 (93ddf861-ea73-4198-b87c-182e6dfb68d5)
2019-07-14 09:48:52.477 22705 RALLYDEBUG rally_openstack.cleanup.manager [-] Deleting neutron.port object s_rally_6c995dfb_n7enlUw3 (93e5b38d-2795-4cd6-ad5e-9545f6b3a04f)
2019-07-14 09:48:52.656 22705 RALLYDEBUG rally_openstack.cleanup.manager [-] Deleting neutron.port object s_rally_6c995dfb_1wJzVOW8 (95aa08f5-3cb6-46f7-bef1-8d1d1e3a5253)
2019-07-14 09:48:53.027 22705 RALLYDEBUG rally_openstack.cleanup.manager [-] Deleting neutron.port object s_rally_6c995dfb_6d9GKUpr (96ed9798-d1b6-4209-a6d4-d05d8e529512)
2019-07-14 09:48:53.436 22705 RALLYDEBUG rally_openstack.cleanup.manager [-] Deleting neutron.port object s_rally_6c995dfb_nNcSHDU2 (97bb5a24-ca06-4a80-a604-9e0e2189f1f1)
2019-07-14 09:48:53.521 22705 RALLYDEBUG rally_openstack.cleanup.manager [-] Deleting neutron.port object s_rally_6c995dfb_P8RcEt5J (98850081-8b5e-4f2a-82cb-eb1d2daa5002)
2019-07-14 09:48:53.716 22705 RALLYDEBUG rally_openstack.cleanup.manager [-] Deleting neutron.port object s_rally_6c995dfb_L1CzyGYU (99e46399-23c9-4e42-93c7-1b130638bb20)
2019-07-14 09:48:53.781 22705 RALLYDEBUG rally_openstack.cleanup.manager [-] Deleting neutron.port object s_rally_6c995dfb_aFDORmLl (9a3cd61a-44a4-4ac6-a4d6-9ee95ca02e13)
2019-07-14 09:48:53.946 22705 RALLYDEBUG rally_openstack.cleanup.manager [-] Deleting neutron.port object s_rally_6c995dfb_GKmq37Zh (9a7383d4-cee5-411d-8e11-0f176caddcdb)
2019-07-14 09:48:53.953 22705 RALLYDEBUG rally_openstack.cleanup.manager [-] Deleting neutron.port object s_rally_6c995dfb_4BtTN1El (9c5ac0f6-f4de-4367-bec2-912911b6e298)
2019-07-14 09:48:54.091 22705 RALLYDEBUG rally_openstack.cleanup.manager [-] Deleting neutron.port object s_rally_6c995dfb_UpdqUy5b (9d6f7644-68ca-48a2-a128-7bb284d8609f)
2019-07-14 09:48:54.104 22705 RALLYDEBUG rally_openstack.cleanup.manager [-] Deleting neutron.port object s_rally_6c995dfb_3EY82lBi (9e7a520d-0639-4c7a-8221-5cb589d2ce9f)
2019-07-14 09:48:54.175 22705 RALLYDEBUG rally_openstack.cleanup.manager [-] Deleting neutron.port object s_rally_6c995dfb_vdt1FEve (9f965a06-31ce-444c-a99c-02a53b0dcd42)
2019-07-14 09:48:54.306 22705 RALLYDEBUG rally_openstack.cleanup.manager [-] Deleting neutron.port object s_rally_6c995dfb_PfbDtPus (a091e629-94bb-4755-9ed2-524b1e773af4)
2019-07-14 09:48:54.307 22705 RALLYDEBUG rally_openstack.cleanup.manager [-] Deleting neutron.port object s_rally_6c995dfb_kPvACT8Z (a471bed6-7293-4d14-a78f-65a140a40843)
2019-07-14 09:48:54.608 22705 RALLYDEBUG rally_openstack.cleanup.manager [-] Deleting neutron.port object s_rally_6c995dfb_czhtgPgd (a49d42f0-4db6-4371-82a1-01588863d615)
2019-07-14 09:48:54.645 22705 RALLYDEBUG rally_openstack.cleanup.manager [-] Deleting neutron.port object s_rally_6c995dfb_r1L3WQ4A (a5ea347e-6e3a-48c3-86cd-49bbaa272c90)
2019-07-14 09:48:54.753 22705 RALLYDEBUG rally_openstack.cleanup.manager [-] Deleting neutron.port object s_rally_6c995dfb_fHwbIVTV (a90824e5-28c8-4f63-a671-73c94afe7e25)
2019-07-14 09:48:55.169 22705 RALLYDEBUG rally_openstack.cleanup.manager [-] Deleting neutron.port object s_rally_6c995dfb_VMyjoOlb (a94c8a8e-b89f-4691-aee3-d63be4d54441)
2019-07-14 09:48:55.503 22705 RALLYDEBUG rally_openstack.cleanup.manager [-] Deleting neutron.port object s_rally_6c995dfb_IcIz4TBS (a9f976fe-5d50-4639-a1c6-126a12640d40)
2019-07-14 09:48:55.504 22705 RALLYDEBUG rally_openstack.cleanup.manager [-] Deleting neutron.port object s_rally_6c995dfb_7EJhpSaM (aa63d3b0-fd3a-4916-ab6e-85b93f7fac5a)
2019-07-14 09:48:55.804 22705 RALLYDEBUG rally_openstack.cleanup.manager [-] Deleting neutron.port object s_rally_6c995dfb_GX1aFONO (aa697150-a8f4-453a-9713-2f170ce3d81c)
2019-07-14 09:48:55.982 22705 RALLYDEBUG rally_openstack.cleanup.manager [-] Deleting neutron.port object s_rally_6c995dfb_eenn6lnL (ab590eeb-d60c-4aae-83ad-29f45fdbdb91)
2019-07-14 09:48:55.983 22705 RALLYDEBUG rally_openstack.cleanup.manager [-] Deleting neutron.port object s_rally_6c995dfb_WGbZx9yo (aab488b6-2777-4dd3-9117-99fad0652f5e)
2019-07-14 09:48:56.017 22705 RALLYDEBUG rally_openstack.cleanup.manager [-] Deleting neutron.port object s_rally_6c995dfb_BuFXh860 (ac27efe8-d4c4-447f-b478-9f94ef7e37bb)
2019-07-14 09:48:56.024 22705 RALLYDEBUG rally_openstack.cleanup.manager [-] Deleting neutron.port object s_rally_6c995dfb_OIz8WzGA (acac8cc9-63e4-4a42-a6ce-4d9a35d41698)
2019-07-14 09:48:56.343 22705 RALLYDEBUG rally_openstack.cleanup.manager [-] Deleting neutron.port object s_rally_6c995dfb_6DX840pe (acdedcba-6da3-4ee6-aa1f-beb7ee4b8c42)
2019-07-14 09:48:56.368 22705 RALLYDEBUG rally_openstack.cleanup.manager [-] Deleting neutron.port object s_rally_6c995dfb_hjFUBc45 (b0a2f537-6664-4484-9c75-03e920bfe4e0)
2019-07-14 09:48:56.513 22705 RALLYDEBUG rally_openstack.cleanup.manager [-] Deleting neutron.port object s_rally_6c995dfb_ZQe2dmA3 (b23822ea-1193-4b9d-a35f-a3c625eca327)
2019-07-14 09:48:56.549 22705 RALLYDEBUG rally_openstack.cleanup.manager [-] Deleting neutron.port object s_rally_6c995dfb_rXm9utSj (b421c59e-184f-4877-a8b4-77cf2716e363)
2019-07-14 09:48:57.251 22705 RALLYDEBUG rally_openstack.cleanup.manager [-] Deleting neutron.port object s_rally_6c995dfb_cSN14XaO (b5b51b61-7110-4570-ad90-416ec2ea9c7b)
2019-07-14 09:48:57.334 22705 RALLYDEBUG rally_openstack.cleanup.manager [-] Deleting neutron.port object s_rally_6c995dfb_ofzLphUz (b91b887f-f0de-4506-99dc-5fa85387ce74)
2019-07-14 09:48:57.341 22705 RALLYDEBUG rally_openstack.cleanup.manager [-] Deleting neutron.port object s_rally_6c995dfb_wQqo3gS8 (bc5956c2-04d2-4321-8305-22070f390794)
2019-07-14 09:48:57.405 22705 RALLYDEBUG rally_openstack.cleanup.manager [-] Deleting neutron.port object s_rally_6c995dfb_VjEKfWuF (bcee3f01-b9f1-453c-b8f6-adefa8990042)
2019-07-14 09:48:57.575 22705 RALLYDEBUG rally_openstack.cleanup.manager [-] Deleting neutron.port object s_rally_6c995dfb_kIs225qP (be5dcc03-2409-40a2-8e77-d7db683fbeb5)
2019-07-14 09:48:57.847 22705 RALLYDEBUG rally_openstack.cleanup.manager [-] Deleting neutron.port object s_rally_6c995dfb_ADbVfqo1 (bee943a8-05a2-499d-ac9b-33412eb90bcd)
2019-07-14 09:48:57.873 22705 RALLYDEBUG rally_openstack.cleanup.manager [-] Deleting neutron.port object s_rally_6c995dfb_JgOy1PAH (befb21e4-ad15-45a0-b514-66b9bb952aed)
2019-07-14 09:48:57.938 22705 RALLYDEBUG rally_openstack.cleanup.manager [-] Deleting neutron.port object s_rally_6c995dfb_y8umU6zJ (c063af86-0369-48af-bfd8-1f53097f1856)
2019-07-14 09:48:57.973 22705 RALLYDEBUG rally_openstack.cleanup.manager [-] Deleting neutron.port object s_rally_6c995dfb_xHi58fMX (c086851b-189f-42a4-9cbb-b30ca4fa4ffb)
2019-07-14 09:48:58.001 22705 RALLYDEBUG rally_openstack.cleanup.manager [-] Deleting neutron.port object s_rally_6c995dfb_iSS3YYfh (c0bc0489-8e1a-45e6-b0c3-983e4c94d3e8)
2019-07-14 09:48:58.044 22705 RALLYDEBUG rally_openstack.cleanup.manager [-] Deleting neutron.port object s_rally_6c995dfb_nfWiYnLv (c100c242-a536-46c7-ae53-c56942ec9004)
2019-07-14 09:48:58.411 22705 RALLYDEBUG rally_openstack.cleanup.manager [-] Deleting neutron.port object s_rally_6c995dfb_W3KFodfh (c141603e-d45b-4976-8a01-9906fe399f1a)
2019-07-14 09:48:58.448 22705 RALLYDEBUG rally_openstack.cleanup.manager [-] Deleting neutron.port object s_rally_6c995dfb_eXTdLeBb (c40183f4-5c7f-44d8-9d01-6457717cacfb)
2019-07-14 09:48:58.504 22705 RALLYDEBUG rally_openstack.cleanup.manager [-] Deleting neutron.port object s_rally_6c995dfb_gaws9DGW (c4d8553d-cb4a-4bce-8e02-1fda80adab58)
2019-07-14 09:48:58.654 22705 RALLYDEBUG rally_openstack.cleanup.manager [-] Deleting neutron.port object s_rally_6c995dfb_7LqzmIlA (c524fe6a-044c-48f4-8246-97e538f3b2e8)
2019-07-14 09:48:58.677 22705 RALLYDEBUG rally_openstack.cleanup.manager [-] Deleting neutron.port object s_rally_6c995dfb_NriwF0XP (c6176ba8-8cc9-4c69-a043-2bd12b43ba34)
2019-07-14 09:48:59.496 22705 RALLYDEBUG rally_openstack.cleanup.manager [-] Deleting neutron.port object s_rally_6c995dfb_DjDSsm0b (c688c470-7294-488e-b68f-877e0c177a57)
2019-07-14 09:48:59.637 22705 RALLYDEBUG rally_openstack.cleanup.manager [-] Deleting neutron.port object s_rally_6c995dfb_xEeINNur (c7150432-7005-451c-8e22-97d86c6d759f)
2019-07-14 09:48:59.719 22705 RALLYDEBUG rally_openstack.cleanup.manager [-] Deleting neutron.port object s_rally_6c995dfb_f21Vose3 (c9b0eaf5-a7b0-40e1-bee9-f3ca75d7f102)
2019-07-14 09:48:59.773 22705 RALLYDEBUG rally_openstack.cleanup.manager [-] Deleting neutron.port object s_rally_6c995dfb_wHsBctki (cd1b6d19-57f2-4110-b196-362aa239e65e)
2019-07-14 09:49:00.530 22705 RALLYDEBUG rally_openstack.cleanup.manager [-] Deleting neutron.port object s_rally_6c995dfb_71PvtT4j (cdbb3ba9-63bf-4219-a0bb-8e218cfcb1ce)
2019-07-14 09:49:00.543 22705 RALLYDEBUG rally_openstack.cleanup.manager [-] Deleting neutron.port object s_rally_6c995dfb_0KOK8e2Y (d00fa74d-5929-4aca-931b-ec56425346e6)
2019-07-14 09:49:00.685 22705 RALLYDEBUG rally_openstack.cleanup.manager [-] Deleting neutron.port object s_rally_6c995dfb_kgWPGtGo (d3252d2a-a071-463e-ad46-665578b6439a)
2019-07-14 09:49:00.872 22705 RALLYDEBUG rally_openstack.cleanup.manager [-] Deleting neutron.port object s_rally_6c995dfb_zBeZXm1q (d55dc5fc-cdea-456c-91a6-a28c8c5028fc)
2019-07-14 09:49:00.889 22705 RALLYDEBUG rally_openstack.cleanup.manager [-] Deleting neutron.port object s_rally_6c995dfb_WnCy4IPQ (d81eb989-b102-4427-841d-7ead912acc21)
2019-07-14 09:49:00.993 22705 RALLYDEBUG rally_openstack.cleanup.manager [-] Deleting neutron.port object s_rally_6c995dfb_N9qug1Yq (d9dfa722-5e8c-4fc0-8ad0-b5bb0f464e65)
2019-07-14 09:49:01.053 22705 RALLYDEBUG rally_openstack.cleanup.manager [-] Deleting neutron.port object s_rally_6c995dfb_TnT04P67 (db4dd19a-6581-4dfc-a26a-29b79f55dfb8)
2019-07-14 09:49:01.175 22705 RALLYDEBUG rally_openstack.cleanup.manager [-] Deleting neutron.port object s_rally_6c995dfb_PFu5fotp (de3509f7-3368-4a0e-b132-316cb469c2e1)
2019-07-14 09:49:01.182 22705 RALLYDEBUG rally_openstack.cleanup.manager [-] Deleting neutron.port object s_rally_6c995dfb_aem1H1UF (e01ed2d9-9095-4476-b545-c0a98fac67aa)
2019-07-14 09:49:01.238 22705 RALLYDEBUG rally_openstack.cleanup.manager [-] Deleting neutron.port object s_rally_6c995dfb_DW6oZ5ph (e1e90b7e-147f-42a8-95bb-93a126be6647)
2019-07-14 09:49:01.329 22705 RALLYDEBUG rally_openstack.cleanup.manager [-] Deleting neutron.port object s_rally_6c995dfb_wEph5vS7 (e3e72d44-041c-4632-b5b8-5eb1ff595c4e)
2019-07-14 09:49:01.331 22705 RALLYDEBUG rally_openstack.cleanup.manager [-] Deleting neutron.port object s_rally_6c995dfb_WfqnUtbD (e3e37c43-248b-4d5d-a405-f33673ccfa8d)
2019-07-14 09:49:01.380 22705 RALLYDEBUG rally_openstack.cleanup.manager [-] Deleting neutron.port object s_rally_6c995dfb_SodL4Ypa (e7dafa2f-fd42-45c3-9324-f8c5bdfaa2fc)
2019-07-14 09:49:01.486 22705 RALLYDEBUG rally_openstack.cleanup.manager [-] Deleting neutron.port object s_rally_6c995dfb_P6dttlyu (e9948a34-689c-490c-a667-d0200e9c664c)
2019-07-14 09:49:01.730 22705 RALLYDEBUG rally_openstack.cleanup.manager [-] Deleting neutron.port object s_rally_6c995dfb_osmjBuDk (e9cbc1ca-1bbc-47b9-99a7-7c7d1b8089b7)
2019-07-14 09:49:01.730 22705 RALLYDEBUG rally_openstack.cleanup.manager [-] Deleting neutron.port object s_rally_6c995dfb_SRw60smX (ecc11cb0-fee1-477f-9101-745d02af2251)
2019-07-14 09:49:01.901 22705 RALLYDEBUG rally_openstack.cleanup.manager [-] Deleting neutron.port object s_rally_6c995dfb_PiyLpH1t (eda88f29-5957-4e8a-9e2a-fdbd338ab01b)
2019-07-14 09:49:01.976 22705 RALLYDEBUG rally_openstack.cleanup.manager [-] Deleting neutron.port object s_rally_6c995dfb_1P04v4Ao (ef8f832e-65a9-4cfa-bf8c-ab4a86baa542)
2019-07-14 09:49:02.542 22705 RALLYDEBUG rally_openstack.cleanup.manager [-] Deleting neutron.port object s_rally_6c995dfb_KIalpLFA (f065d47f-a8f9-4f4b-9f16-e7e335c15278)
2019-07-14 09:49:02.765 22705 RALLYDEBUG rally_openstack.cleanup.manager [-] Deleting neutron.port object s_rally_6c995dfb_7RC1C9XY (f06bdfbd-ac4e-45be-a186-e657f96ddf20)
2019-07-14 09:49:03.088 22705 RALLYDEBUG rally_openstack.cleanup.manager [-] Deleting neutron.port object s_rally_6c995dfb_NGXBLjwM (f0cbdca2-893d-43d0-8df8-54f4e93a914b)
2019-07-14 09:49:03.676 22705 RALLYDEBUG rally_openstack.cleanup.manager [-] Deleting neutron.port object s_rally_6c995dfb_sZKAACzu (f1fc5292-1e88-48ae-9d01-2c5bb7e682ee)
2019-07-14 09:49:03.749 22705 RALLYDEBUG rally_openstack.cleanup.manager [-] Deleting neutron.port object s_rally_6c995dfb_T7JkymZQ (f23513a7-ec0c-4623-b529-18dbfaacbebc)
2019-07-14 09:49:03.779 22705 RALLYDEBUG rally_openstack.cleanup.manager [-] Deleting neutron.port object s_rally_6c995dfb_o4qmgIc0 (f4aee2cd-b15d-4e50-9218-cf4086dbc80f)
2019-07-14 09:49:04.055 22705 RALLYDEBUG rally_openstack.cleanup.manager [-] Deleting neutron.port object s_rally_6c995dfb_7dENomJw (f550cd2c-4645-47fa-be9e-552c7a6d4e10)
2019-07-14 09:49:04.132 22705 RALLYDEBUG rally_openstack.cleanup.manager [-] Deleting neutron.port object s_rally_6c995dfb_SUr73hly (f5a88d55-80d7-4858-afca-fc320af2e9ba)
2019-07-14 09:49:04.181 22705 RALLYDEBUG rally_openstack.cleanup.manager [-] Deleting neutron.port object s_rally_6c995dfb_s3QOzjIx (f67a73c4-c614-4677-80ce-1d88e3c2bc1a)
2019-07-14 09:49:04.269 22705 RALLYDEBUG rally_openstack.cleanup.manager [-] Deleting neutron.port object s_rally_6c995dfb_F9mG8USy (f6e19762-3e54-493c-bdeb-c118adaf93b9)
2019-07-14 09:49:04.275 22705 RALLYDEBUG rally_openstack.cleanup.manager [-] Deleting neutron.port object s_rally_6c995dfb_7la4VO4u (f71410dd-053d-458d-b308-d695e5d60d2a)
2019-07-14 09:49:04.506 22705 RALLYDEBUG rally_openstack.cleanup.manager [-] Deleting neutron.port object s_rally_6c995dfb_CpuYd1tt (f8bb83ef-13b5-4171-921f-aba0c04577df)
2019-07-14 09:49:04.528 22705 RALLYDEBUG rally_openstack.cleanup.manager [-] Deleting neutron.port object s_rally_6c995dfb_0HOAX2Gy (f8f42275-a898-4791-a914-f3775af53c41)
2019-07-14 09:49:04.610 22705 RALLYDEBUG rally_openstack.cleanup.manager [-] Deleting neutron.port object s_rally_6c995dfb_koFdlix3 (fa3947e3-b279-4545-a623-8c0ed8183150)
2019-07-14 09:49:04.653 22705 RALLYDEBUG rally_openstack.cleanup.manager [-] Deleting neutron.port object s_rally_6c995dfb_WRW6hvoy (ff0e60ce-3540-4233-bccb-01d8a20ac0bc)
2019-07-14 09:49:04.796 22705 RALLYDEBUG rally_openstack.cleanup.manager [-] Deleting neutron.port object s_rally_6c995dfb_qE8sWd77 (ffe8e76e-d452-460b-9be9-bb898d9eb266)
2019-07-14 09:49:07.449 22705 RALLYDEBUG rally_openstack.cleanup.manager [-] Cleaning up neutron subnet objects
2019-07-14 09:49:08.092 22705 RALLYDEBUG rally_openstack.cleanup.manager [-] Cleaning up neutron network objects
2019-07-14 09:49:09.166 22705 RALLYDEBUG rally_openstack.cleanup.manager [-] Deleting neutron.network object s_rally_6c995dfb_V4LTEynW (07da22c4-b2fd-49be-8d29-4f7f00c76dac)
2019-07-14 09:49:09.172 22705 RALLYDEBUG rally_openstack.cleanup.manager [-] Deleting neutron.network object s_rally_6c995dfb_KJPVPJj8 (1ec327dc-a83f-4c64-9cb1-645ebc50e7df)
2019-07-14 09:49:09.179 22705 RALLYDEBUG rally_openstack.cleanup.manager [-] Deleting neutron.network object s_rally_6c995dfb_vIRmZBxW (20dd7e9c-f128-4b07-8a75-26e2b76ee254)
2019-07-14 09:49:09.188 22705 RALLYDEBUG rally_openstack.cleanup.manager [-] Deleting neutron.network object s_rally_6c995dfb_HVFps64p (21b8de48-f599-4866-9cab-359e3c72c40d)
2019-07-14 09:49:09.198 22705 RALLYDEBUG rally_openstack.cleanup.manager [-] Deleting neutron.network object s_rally_6c995dfb_XIEF6hl5 (270f30f6-b4f1-463b-934c-a689d9fe900f)
2019-07-14 09:49:09.209 22705 RALLYDEBUG rally_openstack.cleanup.manager [-] Deleting neutron.network object s_rally_6c995dfb_q7tTESuK (33619c18-91df-4bad-ae84-c2dbaf629b10)
2019-07-14 09:49:09.210 22705 RALLYDEBUG rally_openstack.cleanup.manager [-] Deleting neutron.network object s_rally_6c995dfb_8e3wzGzq (2b00d2b4-1fde-4fbc-ade5-245820cbc051)
2019-07-14 09:49:09.233 22705 RALLYDEBUG rally_openstack.cleanup.manager [-] Deleting neutron.network object s_rally_6c995dfb_R7PMltgM (38f0e81a-88c2-4326-bb21-fe6980668405)
2019-07-14 09:49:09.242 22705 RALLYDEBUG rally_openstack.cleanup.manager [-] Deleting neutron.network object s_rally_6c995dfb_yox03SMT (33a64129-f2fb-41ca-a73f-d7c63e1f0b27)
2019-07-14 09:49:09.254 22705 RALLYDEBUG rally_openstack.cleanup.manager [-] Deleting neutron.network object s_rally_6c995dfb_VpUwNzkg (3b736b70-6d48-410b-9beb-c1bf636d1c65)
2019-07-14 09:49:09.267 22705 RALLYDEBUG rally_openstack.cleanup.manager [-] Deleting neutron.network object s_rally_6c995dfb_71Gx7W5y (45599f03-ea54-4979-89b2-dfd90db000d7)
2019-07-14 09:49:09.290 22705 RALLYDEBUG rally_openstack.cleanup.manager [-] Deleting neutron.network object s_rally_6c995dfb_QAzcYAox (45c70138-5ecf-492c-b463-c37d8968c4b8)
2019-07-14 09:49:09.294 22705 RALLYDEBUG rally_openstack.cleanup.manager [-] Deleting neutron.network object s_rally_6c995dfb_FJjavXkF (4d902a1c-3ec4-4415-b6dc-7dbe6c00ec9e)
2019-07-14 09:49:09.322 22705 RALLYDEBUG rally_openstack.cleanup.manager [-] Deleting neutron.network object s_rally_6c995dfb_qPAkCM1u (4aa7cfa0-50a0-4590-9f83-1eb4d00b5dfb)
2019-07-14 09:49:09.345 22705 RALLYDEBUG rally_openstack.cleanup.manager [-] Deleting neutron.network object s_rally_6c995dfb_T8BPIc51 (69db6f1e-5116-4091-b578-72c1a737a133)
2019-07-14 09:49:09.354 22705 RALLYDEBUG rally_openstack.cleanup.manager [-] Deleting neutron.network object s_rally_6c995dfb_sozR7Nnn (5242cc23-ce80-4c7d-aaa6-45266ce5f226)
2019-07-14 09:49:09.364 22705 RALLYDEBUG rally_openstack.cleanup.manager [-] Deleting neutron.network object s_rally_6c995dfb_czxW8RNd (554b2bc8-be75-4c27-8649-e84548b00211)
2019-07-14 09:49:09.399 22705 RALLYDEBUG rally_openstack.cleanup.manager [-] Deleting neutron.network object s_rally_6c995dfb_VvRuE1r9 (6e2f9d93-a277-469a-90e4-128fee9f8ac8)
2019-07-14 09:49:09.410 22705 RALLYDEBUG rally_openstack.cleanup.manager [-] Deleting neutron.network object s_rally_6c995dfb_7lls5ejM (7029bad1-8e3a-482c-a574-a5c9de21b85d)
2019-07-14 09:49:09.422 22705 RALLYDEBUG rally_openstack.cleanup.manager [-] Deleting neutron.network object s_rally_6c995dfb_qIT4oob6 (70bb0286-9879-46f9-afc8-d72e35bfb217)
2019-07-14 09:49:12.784 22705 RALLYDEBUG rally_openstack.cleanup.manager [-] Deleting neutron.network object s_rally_6c995dfb_NqGqtDaN (7440ab05-28d1-4d09-b676-7ac4a7fdc1a5)
2019-07-14 09:49:13.268 22705 RALLYDEBUG rally_openstack.cleanup.manager [-] Deleting neutron.network object s_rally_6c995dfb_HA726nMs (75b70fd8-43c3-46e2-b857-f0af15f327d8)
2019-07-14 09:49:13.358 22705 RALLYDEBUG rally_openstack.cleanup.manager [-] Deleting neutron.network object s_rally_6c995dfb_0iqkUFJ5 (7cbcec08-df92-4c01-9e53-1738ba668680)
2019-07-14 09:49:13.430 22705 RALLYDEBUG rally_openstack.cleanup.manager [-] Deleting neutron.network object s_rally_6c995dfb_GRfNUAL8 (7e045f3b-a061-471b-9cbf-fc5dba66683b)
2019-07-14 09:49:13.656 22705 RALLYDEBUG rally_openstack.cleanup.manager [-] Deleting neutron.network object s_rally_6c995dfb_49TNlCtL (93d1945e-2de3-40c7-9c39-4dafadd1c5d1)
2019-07-14 09:49:13.746 22705 RALLYDEBUG rally_openstack.cleanup.manager [-] Deleting neutron.network object s_rally_6c995dfb_y2QwJZlc (967267c3-0cbc-40f6-b6ea-2502695fb45c)
2019-07-14 09:49:13.800 22705 RALLYDEBUG rally_openstack.cleanup.manager [-] Deleting neutron.network object s_rally_6c995dfb_qyTt7xqJ (9b0e01e1-8609-4508-8fb8-30d9621ef2a3)
2019-07-14 09:49:13.817 22705 RALLYDEBUG rally_openstack.cleanup.manager [-] Deleting neutron.network object s_rally_6c995dfb_OcijUZTE (a8380883-2bb1-4d01-b22e-cc96a9eda7c4)
2019-07-14 09:49:13.835 22705 RALLYDEBUG rally_openstack.cleanup.manager [-] Deleting neutron.network object s_rally_6c995dfb_xnTHMSKy (a8e31b41-589c-4913-a3f0-f0b172695440)
2019-07-14 09:49:13.852 22705 RALLYDEBUG rally_openstack.cleanup.manager [-] Deleting neutron.network object s_rally_6c995dfb_ewTFSRf8 (b9d161f7-9700-427e-bef0-ea8acf489708)
2019-07-14 09:49:13.865 22705 RALLYDEBUG rally_openstack.cleanup.manager [-] Deleting neutron.network object s_rally_6c995dfb_s4ffJpSb (c43aa738-c53c-4349-b870-e9495bc34526)
2019-07-14 09:49:13.912 22705 RALLYDEBUG rally_openstack.cleanup.manager [-] Deleting neutron.network object s_rally_6c995dfb_dTpUQmy3 (ca8c3f62-9dc0-40a6-93e5-01245a201aa6)
2019-07-14 09:49:13.916 22705 RALLYDEBUG rally_openstack.cleanup.manager [-] Deleting neutron.network object s_rally_6c995dfb_fqflvUsi (ca189f8a-d14e-428e-a096-504beffad615)
2019-07-14 09:49:13.987 22705 RALLYDEBUG rally_openstack.cleanup.manager [-] Deleting neutron.network object s_rally_6c995dfb_UyPzvTzz (dbab06ec-703a-4b74-b7fb-94be3e913b4c)
2019-07-14 09:49:15.622 22705 RALLYDEBUG rally_openstack.cleanup.manager [-] Deleting neutron.network object s_rally_6c995dfb_hN24VSkm (e6bc66d9-e599-4c5c-a42c-017e5271c63d)
2019-07-14 09:49:16.547 22705 RALLYDEBUG rally_openstack.cleanup.manager [-] Deleting neutron.network object s_rally_6c995dfb_wcSx7oPn (e9b3c4c5-9449-4774-864a-f552981d8452)
2019-07-14 09:49:16.707 22705 RALLYDEBUG rally_openstack.cleanup.manager [-] Deleting neutron.network object s_rally_6c995dfb_2yzFB63L (f05fc8b0-0d38-4352-8045-3bd62071e47b)
2019-07-14 09:49:16.796 22705 RALLYDEBUG rally_openstack.cleanup.manager [-] Deleting neutron.network object s_rally_6c995dfb_YKjy8zPl (f0850a71-bccf-45ef-8550-a203a669edcb)
2019-07-14 09:49:16.841 22705 RALLYDEBUG rally_openstack.cleanup.manager [-] Deleting neutron.network object s_rally_6c995dfb_OHy8G3q6 (f15e3871-1649-43ea-9d0d-1bc76f7c4493)
2019-07-14 09:49:16.891 22705 RALLYDEBUG rally_openstack.cleanup.manager [-] Deleting neutron.network object s_rally_6c995dfb_9EskKD06 (f913a06f-8738-4912-b96e-cbe2da2c0efa)
2019-07-14 09:49:19.953 22705 RALLYDEBUG rally_openstack.cleanup.manager [-] Cleaning up neutron router objects
2019-07-14 09:49:20.612 22705 RALLYDEBUG rally_openstack.cleanup.manager [-] Cleaning up neutron security_group objects
2019-07-14 09:49:21.271 22705 INFO rally.task.context [-] Task 29f1ba68-2839-475c-b580-0200f2e5da47 | Context cleanup@openstack cleanup() finished in 52.14 sec
2019-07-14 09:49:21.272 22705 INFO rally.task.context [-] Task 29f1ba68-2839-475c-b580-0200f2e5da47 | Context quotas@openstack cleanup() started
2019-07-14 09:49:21.545 22705 INFO rally.task.context [-] Task 29f1ba68-2839-475c-b580-0200f2e5da47 | Context quotas@openstack cleanup() finished in 0.27 sec
2019-07-14 09:49:21.545 22705 INFO rally.task.context [-] Task 29f1ba68-2839-475c-b580-0200f2e5da47 | Context users@openstack cleanup() started
2019-07-14 09:49:26.279 22705 INFO rally.task.context [-] Task 29f1ba68-2839-475c-b580-0200f2e5da47 | Context users@openstack cleanup() finished in 4.73 sec
2019-07-14 09:49:27.999 22705 INFO rally.task.engine [-] Load duration is: 48.488118
2019-07-14 09:49:27.999 22705 INFO rally.task.engine [-] Full runner duration is: 48.533499
2019-07-14 09:49:27.999 22705 INFO rally.task.engine [-] Full duration is: 110.761512
2019-07-14 09:49:28.170 22705 INFO rally.task.engine [-] Running workload: position = 2 config = { "version": 2, "title": "A cropped version of a bigger task.", "description": "Auto-generated task from a single workload (uuid=27e6f56d-b511-48e5-add0-0a173bf53e68)", "subtasks": [ { "title": "NeutronNetworks.create_and_delete_ports", "description": "Create and delete a port.", "scenario": { "NeutronNetworks.create_and_delete_ports": { "network_create_args": {}, "port_create_args": {}, "ports_per_network": 5 } }, "contexts": { "users": { "tenants": 1, "users_per_tenant": 1 }, "quotas": { "neutron": { "network": -1, "port": -1 } } }, "runner": { "constant": { "times": 40, "concurrency": 20 } }, "hooks": [], "sla": { "failure_rate": { "max": 0 } } } ] }
2019-07-14 09:49:28.193 22705 RALLYDEBUG rally_openstack.contexts.keystone.users [-] Creating 1 tenants using 20 threads
2019-07-14 09:49:29.986 22705 RALLYDEBUG rally_openstack.contexts.keystone.users [-] Creating 1 users using 20 threads
2019-07-14 09:49:32.436 22705 INFO rally.task.context [-] Task 29f1ba68-2839-475c-b580-0200f2e5da47 | Context users@openstack setup() finished in 4.24 sec
2019-07-14 09:49:33.170 22705 INFO rally.task.context [-] Task 29f1ba68-2839-475c-b580-0200f2e5da47 | Context quotas@openstack setup() finished in 0.73 sec
2019-07-14 09:49:33.170 22705 INFO rally.task.context [-] Task 29f1ba68-2839-475c-b580-0200f2e5da47 | Context cleanup@openstack setup() finished in 0.00 msec
2019-07-14 09:49:33.176 22705 RALLYDEBUG rally.task.runner [-] Starting the constant runner (task UUID: 29f1ba68-2839-475c-b580-0200f2e5da47). timeout: 0 concurrency: 20 concurrency_per_worker: 1 times: 40 concurrency_overhead: 4 processes_to_start: 16 max_cpu_used: 16
2019-07-14 09:49:33.188 26951 RALLYDEBUG rally.task.runner [-] Starting a worker. concurrency: 2 args: {"network_create_args": {}, "port_create_args": {}, "ports_per_network": 5} times: 40 method_name: run timeout: 0 duration: None cls:
2019-07-14 09:49:33.190 26952 RALLYDEBUG rally.task.runner [-] Starting a worker. concurrency: 2 args: {"network_create_args": {}, "port_create_args": {}, "ports_per_network": 5} times: 40 method_name: run timeout: 0 duration: None cls:
2019-07-14 09:49:33.193 26953 RALLYDEBUG rally.task.runner [-] Starting a worker. concurrency: 2 args: {"network_create_args": {}, "port_create_args": {}, "ports_per_network": 5} times: 40 method_name: run timeout: 0 duration: None cls:
2019-07-14 09:49:33.197 26954 RALLYDEBUG rally.task.runner [-] Starting a worker. concurrency: 2 args: {"network_create_args": {}, "port_create_args": {}, "ports_per_network": 5} times: 40 method_name: run timeout: 0 duration: None cls:
2019-07-14 09:49:33.197 26951 INFO rally.task.runner [-] Task 29f1ba68-2839-475c-b580-0200f2e5da47 | ITER: 1 START
2019-07-14 09:49:33.198 26955 RALLYDEBUG rally.task.runner [-] Starting a worker. concurrency: 1 args: {"network_create_args": {}, "port_create_args": {}, "ports_per_network": 5} times: 40 method_name: run timeout: 0 duration: None cls:
2019-07-14 09:49:33.198 26951 INFO rally.task.runner [-] Task 29f1ba68-2839-475c-b580-0200f2e5da47 | ITER: 3 START
2019-07-14 09:49:33.200 26951 WARNING rally_openstack.scenarios.neutron.utils [-] Running this scenario without either the 'network' or 'existing_network' context is deprecated
2019-07-14 09:49:33.199 26952 INFO rally.task.runner [-] Task 29f1ba68-2839-475c-b580-0200f2e5da47 | ITER: 2 START
2019-07-14 09:49:33.201 26952 INFO rally.task.runner [-] Task 29f1ba68-2839-475c-b580-0200f2e5da47 | ITER: 5 START
2019-07-14 09:49:33.202 26952 WARNING rally_openstack.scenarios.neutron.utils [-] Running this scenario without either the 'network' or 'existing_network' context is deprecated
2019-07-14 09:49:33.203 26953 INFO rally.task.runner [-] Task 29f1ba68-2839-475c-b580-0200f2e5da47 | ITER: 4 START
2019-07-14 09:49:33.203 26959 RALLYDEBUG rally.task.runner [-] Starting a worker. concurrency: 1 args: {"network_create_args": {}, "port_create_args": {}, "ports_per_network": 5} times: 40 method_name: run timeout: 0 duration: None cls:
2019-07-14 09:49:33.205 26955 INFO rally.task.runner [-] Task 29f1ba68-2839-475c-b580-0200f2e5da47 | ITER: 8 START
2019-07-14 09:49:33.205 26953 WARNING rally_openstack.scenarios.neutron.utils [-] Running this scenario without either the 'network' or 'existing_network' context is deprecated
2019-07-14 09:49:33.205 26954 INFO rally.task.runner [-] Task 29f1ba68-2839-475c-b580-0200f2e5da47 | ITER: 6 START
2019-07-14 09:49:33.201 26951 WARNING rally_openstack.scenarios.neutron.utils [-] Running this scenario without either the 'network' or 'existing_network' context is deprecated
2019-07-14 09:49:33.207 26955 WARNING rally_openstack.scenarios.neutron.utils [-] Running this scenario without either the 'network' or 'existing_network' context is deprecated
2019-07-14 09:49:33.208 26953 INFO rally.task.runner [-] Task 29f1ba68-2839-475c-b580-0200f2e5da47 | ITER: 7 START
2019-07-14 09:49:33.203 26952 WARNING rally_openstack.scenarios.neutron.utils [-] Running this scenario without either the 'network' or 'existing_network' context is deprecated
2019-07-14 09:49:33.207 26954 INFO rally.task.runner [-] Task 29f1ba68-2839-475c-b580-0200f2e5da47 | ITER: 9 START
2019-07-14 09:49:33.208 26965 RALLYDEBUG rally.task.runner [-] Starting a worker. concurrency: 1 args: {"network_create_args": {}, "port_create_args": {}, "ports_per_network": 5} times: 40 method_name: run timeout: 0 duration: None cls:
2019-07-14 09:49:33.208 26968 RALLYDEBUG rally.task.runner [-] Starting a worker. concurrency: 1 args: {"network_create_args": {}, "port_create_args": {}, "ports_per_network": 5} times: 40 method_name: run timeout: 0 duration: None cls:
2019-07-14 09:49:33.208 26954 WARNING rally_openstack.scenarios.neutron.utils [-] Running this scenario without either the 'network' or 'existing_network' context is deprecated
2019-07-14 09:49:33.209 26959 INFO rally.task.runner [-] Task 29f1ba68-2839-475c-b580-0200f2e5da47 | ITER: 10 START
2019-07-14 09:49:33.208 26953 WARNING rally_openstack.scenarios.neutron.utils [-] Running this scenario without either the 'network' or 'existing_network' context is deprecated
2019-07-14 09:49:33.211 26959 WARNING rally_openstack.scenarios.neutron.utils [-] Running this scenario without either the 'network' or 'existing_network' context is deprecated
2019-07-14 09:49:33.209 26954 WARNING rally_openstack.scenarios.neutron.utils [-] Running this scenario without either the 'network' or 'existing_network' context is deprecated
2019-07-14 09:49:33.211 26973 RALLYDEBUG rally.task.runner [-] Starting a worker. concurrency: 1 args: {"network_create_args": {}, "port_create_args": {}, "ports_per_network": 5} times: 40 method_name: run timeout: 0 duration: None cls:
2019-07-14 09:49:33.214 26968 INFO rally.task.runner [-] Task 29f1ba68-2839-475c-b580-0200f2e5da47 | ITER: 12 START
2019-07-14 09:49:33.216 26968 WARNING rally_openstack.scenarios.neutron.utils [-] Running this scenario without either the 'network' or 'existing_network' context is deprecated
2019-07-14 09:49:33.216 26965 INFO rally.task.runner [-] Task 29f1ba68-2839-475c-b580-0200f2e5da47 | ITER: 11 START
2019-07-14 09:49:33.218 26965 WARNING rally_openstack.scenarios.neutron.utils [-] Running this scenario without either the 'network' or 'existing_network' context is deprecated
2019-07-14 09:49:33.218 26973 INFO rally.task.runner [-] Task 29f1ba68-2839-475c-b580-0200f2e5da47 | ITER: 13 START
2019-07-14 09:49:33.218 26976 RALLYDEBUG rally.task.runner [-] Starting a worker. concurrency: 1 args: {"network_create_args": {}, "port_create_args": {}, "ports_per_network": 5} times: 40 method_name: run timeout: 0 duration: None cls:
2019-07-14 09:49:33.221 26973 WARNING rally_openstack.scenarios.neutron.utils [-] Running this scenario without either the 'network' or 'existing_network' context is deprecated
2019-07-14 09:49:33.225 26976 INFO rally.task.runner [-] Task 29f1ba68-2839-475c-b580-0200f2e5da47 | ITER: 14 START
2019-07-14 09:49:33.227 26976 WARNING rally_openstack.scenarios.neutron.utils [-] Running this scenario without either the 'network' or 'existing_network' context is deprecated
2019-07-14 09:49:33.226 26983 RALLYDEBUG rally.task.runner [-] Starting a worker. concurrency: 1 args: {"network_create_args": {}, "port_create_args": {}, "ports_per_network": 5} times: 40 method_name: run timeout: 0 duration: None cls:
2019-07-14 09:49:33.227 26984 RALLYDEBUG rally.task.runner [-] Starting a worker. concurrency: 1 args: {"network_create_args": {}, "port_create_args": {}, "ports_per_network": 5} times: 40 method_name: run timeout: 0 duration: None cls:
2019-07-14 09:49:33.232 26984 INFO rally.task.runner [-] Task 29f1ba68-2839-475c-b580-0200f2e5da47 | ITER: 16 START
2019-07-14 09:49:33.233 26984 WARNING rally_openstack.scenarios.neutron.utils [-] Running this scenario without either the 'network' or 'existing_network' context is deprecated
2019-07-14 09:49:33.234 26983 INFO rally.task.runner [-] Task 29f1ba68-2839-475c-b580-0200f2e5da47 | ITER: 15 START
2019-07-14 09:49:33.236 26987 RALLYDEBUG rally.task.runner [-] Starting a worker. concurrency: 1 args: {"network_create_args": {}, "port_create_args": {}, "ports_per_network": 5} times: 40 method_name: run timeout: 0 duration: None cls:
2019-07-14 09:49:33.237 26983 WARNING rally_openstack.scenarios.neutron.utils [-] Running this scenario without either the 'network' or 'existing_network' context is deprecated
2019-07-14 09:49:33.245 26992 RALLYDEBUG rally.task.runner [-] Starting a worker. concurrency: 1 args: {"network_create_args": {}, "port_create_args": {}, "ports_per_network": 5} times: 40 method_name: run timeout: 0 duration: None cls:
2019-07-14 09:49:33.242 26987 INFO rally.task.runner [-] Task 29f1ba68-2839-475c-b580-0200f2e5da47 | ITER: 17 START
2019-07-14 09:49:33.247 26987 WARNING rally_openstack.scenarios.neutron.utils [-] Running this scenario without either the 'network' or 'existing_network' context is deprecated
2019-07-14 09:49:33.251 26992 INFO rally.task.runner [-] Task 29f1ba68-2839-475c-b580-0200f2e5da47 | ITER: 18 START
2019-07-14 09:49:33.251 26995 RALLYDEBUG rally.task.runner [-] Starting a worker. concurrency: 1 args: {"network_create_args": {}, "port_create_args": {}, "ports_per_network": 5} times: 40 method_name: run timeout: 0 duration: None cls:
2019-07-14 09:49:33.252 26992 WARNING rally_openstack.scenarios.neutron.utils [-] Running this scenario without either the 'network' or 'existing_network' context is deprecated
2019-07-14 09:49:33.256 26995 INFO rally.task.runner [-] Task 29f1ba68-2839-475c-b580-0200f2e5da47 | ITER: 19 START
2019-07-14 09:49:33.256 26996 RALLYDEBUG rally.task.runner [-] Starting a worker. concurrency: 1 args: {"network_create_args": {}, "port_create_args": {}, "ports_per_network": 5} times: 40 method_name: run timeout: 0 duration: None cls:
2019-07-14 09:49:33.257 26995 WARNING rally_openstack.scenarios.neutron.utils [-] Running this scenario without either the 'network' or 'existing_network' context is deprecated
2019-07-14 09:49:33.260 26996 INFO rally.task.runner [-] Task 29f1ba68-2839-475c-b580-0200f2e5da47 | ITER: 20 START
2019-07-14 09:49:33.261 26996 WARNING rally_openstack.scenarios.neutron.utils [-] Running this scenario without either the 'network' or 'existing_network' context is deprecated
2019-07-14 09:49:43.661 26968 INFO rally.task.runner [-] Task 29f1ba68-2839-475c-b580-0200f2e5da47 | ITER: 12 END: OK
2019-07-14 09:49:43.666 26968 INFO rally.task.runner [-] Task 29f1ba68-2839-475c-b580-0200f2e5da47 | ITER: 21 START
2019-07-14 09:49:43.666 26968 WARNING rally_openstack.scenarios.neutron.utils [-] Running this scenario without either the 'network' or 'existing_network' context is deprecated
2019-07-14 09:49:44.053 26973 INFO rally.task.runner [-] Task 29f1ba68-2839-475c-b580-0200f2e5da47 | ITER: 13 END: OK
2019-07-14 09:49:44.058 26973 INFO rally.task.runner [-] Task 29f1ba68-2839-475c-b580-0200f2e5da47 | ITER: 22 START
2019-07-14 09:49:44.058 26973 WARNING rally_openstack.scenarios.neutron.utils [-] Running this scenario without either the 'network' or 'existing_network' context is deprecated
2019-07-14 09:49:44.260 26984 INFO rally.task.runner [-] Task 29f1ba68-2839-475c-b580-0200f2e5da47 | ITER: 16 END: OK
2019-07-14 09:49:44.265 26984 INFO rally.task.runner [-] Task 29f1ba68-2839-475c-b580-0200f2e5da47 | ITER: 23 START
2019-07-14 09:49:44.265 26984 WARNING rally_openstack.scenarios.neutron.utils [-] Running this scenario without either the 'network' or 'existing_network' context is deprecated
2019-07-14 09:49:44.285 26983 INFO rally.task.runner [-] Task 29f1ba68-2839-475c-b580-0200f2e5da47 | ITER: 15 END: OK
2019-07-14 09:49:44.289 26983 INFO rally.task.runner [-] Task 29f1ba68-2839-475c-b580-0200f2e5da47 | ITER: 24 START
2019-07-14 09:49:44.289 26983 WARNING rally_openstack.scenarios.neutron.utils [-] Running this scenario without either the 'network' or 'existing_network' context is deprecated
2019-07-14 09:49:51.345 26995 INFO rally.task.runner [-] Task 29f1ba68-2839-475c-b580-0200f2e5da47 | ITER: 19 END: OK
2019-07-14 09:49:51.349 26995 INFO rally.task.runner [-] Task 29f1ba68-2839-475c-b580-0200f2e5da47 | ITER: 25 START
2019-07-14 09:49:51.350 26995 WARNING rally_openstack.scenarios.neutron.utils [-] Running this scenario without either the 'network' or 'existing_network' context is deprecated
2019-07-14 09:49:51.443 26996 INFO rally.task.runner [-] Task 29f1ba68-2839-475c-b580-0200f2e5da47 | ITER: 20 END: OK
2019-07-14 09:49:51.447 26996 INFO rally.task.runner [-] Task 29f1ba68-2839-475c-b580-0200f2e5da47 | ITER: 26 START
2019-07-14 09:49:51.448 26996 WARNING rally_openstack.scenarios.neutron.utils [-] Running this scenario without either the 'network' or 'existing_network' context is deprecated
2019-07-14 09:49:51.486 26968 INFO rally.task.runner [-] Task 29f1ba68-2839-475c-b580-0200f2e5da47 | ITER: 21 END: OK
2019-07-14 09:49:51.489 26968 INFO rally.task.runner [-] Task 29f1ba68-2839-475c-b580-0200f2e5da47 | ITER: 27 START
2019-07-14 09:49:51.490 26968 WARNING rally_openstack.scenarios.neutron.utils [-] Running this scenario without either the 'network' or 'existing_network' context is deprecated
2019-07-14 09:49:53.477 26984 INFO rally.task.runner [-] Task 29f1ba68-2839-475c-b580-0200f2e5da47 | ITER: 23 END: OK
2019-07-14 09:49:53.481 26984 INFO rally.task.runner [-] Task 29f1ba68-2839-475c-b580-0200f2e5da47 | ITER: 28 START
2019-07-14 09:49:53.482 26984 WARNING rally_openstack.scenarios.neutron.utils [-] Running this scenario without either the 'network' or 'existing_network' context is deprecated
2019-07-14 09:49:56.113 26952 INFO rally.task.runner [-] Task 29f1ba68-2839-475c-b580-0200f2e5da47 | ITER: 2 END: OK
2019-07-14 09:49:56.118 26952 INFO rally.task.runner [-] Task 29f1ba68-2839-475c-b580-0200f2e5da47 | ITER: 29 START
2019-07-14 09:49:56.119 26952 WARNING rally_openstack.scenarios.neutron.utils [-] Running this scenario without either the 'network' or 'existing_network' context is deprecated
2019-07-14 09:49:56.443 26992 INFO rally.task.runner [-] Task 29f1ba68-2839-475c-b580-0200f2e5da47 | ITER: 18 END: OK
2019-07-14 09:49:56.447 26992 INFO rally.task.runner [-] Task 29f1ba68-2839-475c-b580-0200f2e5da47 | ITER: 30 START
2019-07-14 09:49:56.447 26992 WARNING rally_openstack.scenarios.neutron.utils [-] Running this scenario without either the 'network' or 'existing_network' context is deprecated
2019-07-14 09:49:56.449 26954 INFO rally.task.runner [-] Task 29f1ba68-2839-475c-b580-0200f2e5da47 | ITER: 6 END: OK
2019-07-14 09:49:56.452 26954 INFO rally.task.runner [-] Task 29f1ba68-2839-475c-b580-0200f2e5da47 | ITER: 31 START
2019-07-14 09:49:56.452 26954 WARNING rally_openstack.scenarios.neutron.utils [-] Running this scenario without either the 'network' or 'existing_network' context is deprecated
2019-07-14 09:50:00.141 26951 INFO rally.task.runner [-] Task 29f1ba68-2839-475c-b580-0200f2e5da47 | ITER: 3 END: OK
2019-07-14 09:50:00.145 26951 INFO rally.task.runner [-] Task 29f1ba68-2839-475c-b580-0200f2e5da47 | ITER: 32 START
2019-07-14 09:50:00.146 26951 WARNING rally_openstack.scenarios.neutron.utils [-] Running this scenario without either the 'network' or 'existing_network' context is deprecated
2019-07-14 09:50:00.255 26953 INFO rally.task.runner [-] Task 29f1ba68-2839-475c-b580-0200f2e5da47 | ITER: 7 END: OK
2019-07-14 09:50:00.260 26953 INFO rally.task.runner [-] Task 29f1ba68-2839-475c-b580-0200f2e5da47 | ITER: 33 START
2019-07-14 09:50:00.260 26953 WARNING rally_openstack.scenarios.neutron.utils [-] Running this scenario without either the 'network' or 'existing_network' context is deprecated
2019-07-14 09:50:00.289 26976 INFO rally.task.runner [-] Task 29f1ba68-2839-475c-b580-0200f2e5da47 | ITER: 14 END: OK
2019-07-14 09:50:00.293 26976 INFO rally.task.runner [-] Task 29f1ba68-2839-475c-b580-0200f2e5da47 | ITER: 34 START
2019-07-14 09:50:00.293 26976 WARNING rally_openstack.scenarios.neutron.utils [-] Running this scenario without either the 'network' or 'existing_network' context is deprecated
2019-07-14 09:50:00.650 26973 INFO rally.task.runner [-] Task 29f1ba68-2839-475c-b580-0200f2e5da47 | ITER: 22 END: OK
2019-07-14 09:50:00.653 26973 INFO rally.task.runner [-] Task 29f1ba68-2839-475c-b580-0200f2e5da47 | ITER: 35 START
2019-07-14 09:50:00.654 26973 WARNING rally_openstack.scenarios.neutron.utils [-] Running this scenario without either the 'network' or 'existing_network' context is deprecated
2019-07-14 09:50:00.780 26995 INFO rally.task.runner [-] Task 29f1ba68-2839-475c-b580-0200f2e5da47 | ITER: 25 END: OK
2019-07-14 09:50:00.783 26995 INFO rally.task.runner [-] Task 29f1ba68-2839-475c-b580-0200f2e5da47 | ITER: 36 START
2019-07-14 09:50:00.784 26995 WARNING rally_openstack.scenarios.neutron.utils [-] Running this scenario without either the 'network' or 'existing_network' context is deprecated
2019-07-14 09:50:01.354 26983 INFO rally.task.runner [-] Task 29f1ba68-2839-475c-b580-0200f2e5da47 | ITER: 24 END: OK
2019-07-14 09:50:01.358 26983 INFO rally.task.runner [-] Task 29f1ba68-2839-475c-b580-0200f2e5da47 | ITER: 37 START
2019-07-14 09:50:01.358 26983 WARNING rally_openstack.scenarios.neutron.utils [-] Running this scenario without either the 'network' or 'existing_network' context is deprecated
2019-07-14 09:50:05.189 26968 INFO rally.task.runner [-] Task 29f1ba68-2839-475c-b580-0200f2e5da47 | ITER: 27 END: OK
2019-07-14 09:50:05.198 26968 INFO rally.task.runner [-] Task 29f1ba68-2839-475c-b580-0200f2e5da47 | ITER: 38 START
2019-07-14 09:50:05.199 26968 WARNING rally_openstack.scenarios.neutron.utils [-] Running this scenario without either the 'network' or 'existing_network' context is deprecated
2019-07-14 09:50:05.731 26952 INFO rally.task.runner [-] Task 29f1ba68-2839-475c-b580-0200f2e5da47 | ITER: 29 END: OK
2019-07-14 09:50:05.737 26952 INFO rally.task.runner [-] Task 29f1ba68-2839-475c-b580-0200f2e5da47 | ITER: 39 START
