2019-07-14 09:34:12.628 24804 WARNING rally_openstack.scenarios.neutron.utils [-] Running this scenario without either the 'network' or 'existing_network' context is deprecated
2019-07-14 09:34:12.628 24801 WARNING rally_openstack.scenarios.neutron.utils [-] Running this scenario without either the 'network' or 'existing_network' context is deprecated
2019-07-14 09:34:12.632 24809 INFO rally.task.runner [-] Task 29f1ba68-2839-475c-b580-0200f2e5da47 | ITER: 10 START
2019-07-14 09:34:12.631 24815 RALLYDEBUG rally.task.runner [-] Starting a worker. concurrency: 1 args: {"network_create_args": {}, "subnet_create_args": {}, "subnet_cidr_start": "1.1.0.0/30", "subnets_per_network": 2} times: 40 method_name: run timeout: 0 duration: None cls:
2019-07-14 09:34:12.632 24806 INFO rally.task.runner [-] Task 29f1ba68-2839-475c-b580-0200f2e5da47 | ITER: 9 START
2019-07-14 09:34:12.633 24809 WARNING rally_openstack.scenarios.neutron.utils [-] Running this scenario without either the 'network' or 'existing_network' context is deprecated
2019-07-14 09:34:12.633 24806 WARNING rally_openstack.scenarios.neutron.utils [-] Running this scenario without either the 'network' or 'existing_network' context is deprecated
2019-07-14 09:34:12.632 24818 RALLYDEBUG rally.task.runner [-] Starting a worker. concurrency: 1 args: {"network_create_args": {}, "subnet_create_args": {}, "subnet_cidr_start": "1.1.0.0/30", "subnets_per_network": 2} times: 40 method_name: run timeout: 0 duration: None cls:
2019-07-14 09:34:12.634 24819 RALLYDEBUG rally.task.runner [-] Starting a worker. concurrency: 1 args: {"network_create_args": {}, "subnet_create_args": {}, "subnet_cidr_start": "1.1.0.0/30", "subnets_per_network": 2} times: 40 method_name: run timeout: 0 duration: None cls:
2019-07-14 09:34:12.637 24815 INFO rally.task.runner [-] Task 29f1ba68-2839-475c-b580-0200f2e5da47 | ITER: 11 START
2019-07-14 09:34:12.638 24815 WARNING rally_openstack.scenarios.neutron.utils [-] Running this scenario without either the 'network' or 'existing_network' context is deprecated
2019-07-14 09:34:12.638 24801 INFO rally.task.runner [-] Task 29f1ba68-2839-475c-b580-0200f2e5da47 | ITER: 8 START
2019-07-14 09:34:12.638 24818 INFO rally.task.runner [-] Task 29f1ba68-2839-475c-b580-0200f2e5da47 | ITER: 12 START
2019-07-14 09:34:12.639 24801 WARNING rally_openstack.scenarios.neutron.utils [-] Running this scenario without either the 'network' or 'existing_network' context is deprecated
2019-07-14 09:34:12.639 24819 INFO rally.task.runner [-] Task 29f1ba68-2839-475c-b580-0200f2e5da47 | ITER: 13 START
2019-07-14 09:34:12.640 24818 WARNING rally_openstack.scenarios.neutron.utils [-] Running this scenario without either the 'network' or 'existing_network' context is deprecated
2019-07-14 09:34:12.640 24819 WARNING rally_openstack.scenarios.neutron.utils [-] Running this scenario without either the 'network' or 'existing_network' context is deprecated
2019-07-14 09:34:12.639 24824 RALLYDEBUG rally.task.runner [-] Starting a worker. concurrency: 1 args: {"network_create_args": {}, "subnet_create_args": {}, "subnet_cidr_start": "1.1.0.0/30", "subnets_per_network": 2} times: 40 method_name: run timeout: 0 duration: None cls:
2019-07-14 09:34:12.646 24824 INFO rally.task.runner [-] Task 29f1ba68-2839-475c-b580-0200f2e5da47 | ITER: 14 START
2019-07-14 09:34:12.648 24824 WARNING rally_openstack.scenarios.neutron.utils [-] Running this scenario without either the 'network' or 'existing_network' context is deprecated
2019-07-14 09:34:12.649 24831 RALLYDEBUG rally.task.runner [-] Starting a worker. concurrency: 1 args: {"network_create_args": {}, "subnet_create_args": {}, "subnet_cidr_start": "1.1.0.0/30", "subnets_per_network": 2} times: 40 method_name: run timeout: 0 duration: None cls:
2019-07-14 09:34:12.653 24831 INFO rally.task.runner [-] Task 29f1ba68-2839-475c-b580-0200f2e5da47 | ITER: 15 START
2019-07-14 09:34:12.654 24831 WARNING rally_openstack.scenarios.neutron.utils [-] Running this scenario without either the 'network' or 'existing_network' context is deprecated
2019-07-14 09:34:12.659 24836 RALLYDEBUG rally.task.runner [-] Starting a worker. concurrency: 1 args: {"network_create_args": {}, "subnet_create_args": {}, "subnet_cidr_start": "1.1.0.0/30", "subnets_per_network": 2} times: 40 method_name: run timeout: 0 duration: None cls:
2019-07-14 09:34:12.662 24836 INFO rally.task.runner [-] Task 29f1ba68-2839-475c-b580-0200f2e5da47 | ITER: 16 START
2019-07-14 09:34:12.663 24836 WARNING rally_openstack.scenarios.neutron.utils [-] Running this scenario without either the 'network' or 'existing_network' context is deprecated
2019-07-14 09:34:12.668 24839 RALLYDEBUG rally.task.runner [-] Starting a worker. concurrency: 1 args: {"network_create_args": {}, "subnet_create_args": {}, "subnet_cidr_start": "1.1.0.0/30", "subnets_per_network": 2} times: 40 method_name: run timeout: 0 duration: None cls:
2019-07-14 09:34:12.670 24840 RALLYDEBUG rally.task.runner [-] Starting a worker. concurrency: 1 args: {"network_create_args": {}, "subnet_create_args": {}, "subnet_cidr_start": "1.1.0.0/30", "subnets_per_network": 2} times: 40 method_name: run timeout: 0 duration: None cls:
2019-07-14 09:34:12.673 24839 INFO rally.task.runner [-] Task 29f1ba68-2839-475c-b580-0200f2e5da47 | ITER: 17 START
2019-07-14 09:34:12.674 24840 INFO rally.task.runner [-] Task 29f1ba68-2839-475c-b580-0200f2e5da47 | ITER: 18 START
2019-07-14 09:34:12.675 24839 WARNING rally_openstack.scenarios.neutron.utils [-] Running this scenario without either the 'network' or 'existing_network' context is deprecated
2019-07-14 09:34:12.674 24841 RALLYDEBUG rally.task.runner [-] Starting a worker. concurrency: 1 args: {"network_create_args": {}, "subnet_create_args": {}, "subnet_cidr_start": "1.1.0.0/30", "subnets_per_network": 2} times: 40 method_name: run timeout: 0 duration: None cls:
2019-07-14 09:34:12.676 24840 WARNING rally_openstack.scenarios.neutron.utils [-] Running this scenario without either the 'network' or 'existing_network' context is deprecated
2019-07-14 09:34:12.679 24841 INFO rally.task.runner [-] Task 29f1ba68-2839-475c-b580-0200f2e5da47 | ITER: 19 START
2019-07-14 09:34:12.681 24841 WARNING rally_openstack.scenarios.neutron.utils [-] Running this scenario without either the 'network' or 'existing_network' context is deprecated
2019-07-14 09:34:12.681 24846 RALLYDEBUG rally.task.runner [-] Starting a worker. concurrency: 1 args: {"network_create_args": {}, "subnet_create_args": {}, "subnet_cidr_start": "1.1.0.0/30", "subnets_per_network": 2} times: 40 method_name: run timeout: 0 duration: None cls:
2019-07-14 09:34:12.685 24846 INFO rally.task.runner [-] Task 29f1ba68-2839-475c-b580-0200f2e5da47 | ITER: 20 START
2019-07-14 09:34:12.686 24846 WARNING rally_openstack.scenarios.neutron.utils [-] Running this scenario without either the 'network' or 'existing_network' context is deprecated
2019-07-14 09:34:14.682 24800 RALLYDEBUG rally_openstack.wrappers.network [-] CIDR generated: 1.1.4.96/30
2019-07-14 09:34:14.683 24804 RALLYDEBUG rally_openstack.wrappers.network [-] CIDR generated: 1.1.4.100/30
2019-07-14 09:34:14.854 24806 RALLYDEBUG rally_openstack.wrappers.network [-] CIDR generated: 1.1.4.104/30
2019-07-14 09:34:14.926 24836 RALLYDEBUG rally_openstack.wrappers.network [-] CIDR generated: 1.1.4.108/30
2019-07-14 09:34:14.991 24819 RALLYDEBUG rally_openstack.wrappers.network [-] CIDR generated: 1.1.4.112/30
2019-07-14 09:34:15.028 24831 RALLYDEBUG rally_openstack.wrappers.network [-] CIDR generated: 1.1.4.116/30
2019-07-14 09:34:15.053 24804 RALLYDEBUG rally_openstack.wrappers.network [-] CIDR generated: 1.1.4.120/30
2019-07-14 09:34:15.108 24809 RALLYDEBUG rally_openstack.wrappers.network [-] CIDR generated: 1.1.4.124/30
2019-07-14 09:34:15.109 24846 RALLYDEBUG rally_openstack.wrappers.network [-] CIDR generated: 1.1.4.128/30
2019-07-14 09:34:15.154 24815 RALLYDEBUG rally_openstack.wrappers.network [-] CIDR generated: 1.1.4.132/30
2019-07-14 09:34:15.160 24801 RALLYDEBUG rally_openstack.wrappers.network [-] CIDR generated: 1.1.4.136/30
2019-07-14 09:34:15.487 24800 RALLYDEBUG rally_openstack.wrappers.network [-] CIDR generated: 1.1.4.140/30
2019-07-14 09:34:15.721 24841 RALLYDEBUG rally_openstack.wrappers.network [-] CIDR generated: 1.1.4.144/30
2019-07-14 09:34:15.799 24801 RALLYDEBUG rally_openstack.wrappers.network [-] CIDR generated: 1.1.4.148/30
2019-07-14 09:34:16.067 24799 RALLYDEBUG rally_openstack.wrappers.network [-] CIDR generated: 1.1.4.152/30
2019-07-14 09:34:16.170 24819 RALLYDEBUG rally_openstack.wrappers.network [-] CIDR generated: 1.1.4.156/30
2019-07-14 09:34:16.344 24839 RALLYDEBUG rally_openstack.wrappers.network [-] CIDR generated: 1.1.4.160/30
2019-07-14 09:34:16.664 24840 RALLYDEBUG rally_openstack.wrappers.network [-] CIDR generated: 1.1.4.164/30
2019-07-14 09:34:16.983 24800 RALLYDEBUG rally_openstack.wrappers.network [-] CIDR generated: 1.1.4.168/30
2019-07-14 09:34:17.071 24804 RALLYDEBUG rally_openstack.wrappers.network [-] CIDR generated: 1.1.4.172/30
2019-07-14 09:34:17.088 24836 RALLYDEBUG rally_openstack.wrappers.network [-] CIDR generated: 1.1.4.176/30
2019-07-14 09:34:17.106 24818 RALLYDEBUG rally_openstack.wrappers.network [-] CIDR generated: 1.1.4.180/30
2019-07-14 09:34:17.359 24841 RALLYDEBUG rally_openstack.wrappers.network [-] CIDR generated: 1.1.4.184/30
2019-07-14 09:34:17.536 24799 RALLYDEBUG rally_openstack.wrappers.network [-] CIDR generated: 1.1.4.188/30
2019-07-14 09:34:17.570 24824 RALLYDEBUG rally_openstack.wrappers.network [-] CIDR generated: 1.1.4.192/30
2019-07-14 09:34:18.758 24815 RALLYDEBUG rally_openstack.wrappers.network [-] CIDR generated: 1.1.4.196/30
2019-07-14 09:34:19.168 24839 RALLYDEBUG rally_openstack.wrappers.network [-] CIDR generated: 1.1.4.200/30
2019-07-14 09:34:19.429 24801 RALLYDEBUG rally_openstack.wrappers.network [-] CIDR generated: 1.1.4.204/30
2019-07-14 09:34:19.978 24801 RALLYDEBUG rally_openstack.wrappers.network [-] CIDR generated: 1.1.4.208/30
2019-07-14 09:34:20.079 24831 RALLYDEBUG rally_openstack.wrappers.network [-] CIDR generated: 1.1.4.212/30
2019-07-14 09:34:20.299 24846 RALLYDEBUG rally_openstack.wrappers.network [-] CIDR generated: 1.1.4.216/30
2019-07-14 09:34:20.747 24819 INFO rally.task.runner [-] Task 29f1ba68-2839-475c-b580-0200f2e5da47 | ITER: 13 END: OK
2019-07-14 09:34:20.752 24819 INFO rally.task.runner [-] Task 29f1ba68-2839-475c-b580-0200f2e5da47 | ITER: 21 START
2019-07-14 09:34:20.752 24819 WARNING rally_openstack.scenarios.neutron.utils [-] Running this scenario without either the 'network' or 'existing_network' context is deprecated
2019-07-14 09:34:21.750 24819 RALLYDEBUG rally_openstack.wrappers.network [-] CIDR generated: 1.1.4.220/30
2019-07-14 09:34:21.870 24840 RALLYDEBUG rally_openstack.wrappers.network [-] CIDR generated: 1.1.4.224/30
2019-07-14 09:34:22.674 24806 RALLYDEBUG rally_openstack.wrappers.network [-] CIDR generated: 1.1.4.228/30
2019-07-14 09:34:22.740 24809 RALLYDEBUG rally_openstack.wrappers.network [-] CIDR generated: 1.1.4.232/30
2019-07-14 09:34:22.810 24804 RALLYDEBUG rally_openstack.wrappers.network [-] CIDR generated: 1.1.4.236/30
2019-07-14 09:34:22.831 24824 RALLYDEBUG rally_openstack.wrappers.network [-] CIDR generated: 1.1.4.240/30
2019-07-14 09:34:22.933 24841 INFO rally.task.runner [-] Task 29f1ba68-2839-475c-b580-0200f2e5da47 | ITER: 19 END: OK
2019-07-14 09:34:22.938 24841 INFO rally.task.runner [-] Task 29f1ba68-2839-475c-b580-0200f2e5da47 | ITER: 22 START
2019-07-14 09:34:22.938 24841 WARNING rally_openstack.scenarios.neutron.utils [-] Running this scenario without either the 'network' or 'existing_network' context is deprecated
2019-07-14 09:34:22.994 24800 RALLYDEBUG rally_openstack.wrappers.network [-] CIDR generated: 1.1.4.244/30
2019-07-14 09:34:23.159 24819 RALLYDEBUG rally_openstack.wrappers.network [-] CIDR generated: 1.1.4.248/30
2019-07-14 09:34:23.584 24799 RALLYDEBUG rally_openstack.wrappers.network [-] CIDR generated: 1.1.4.252/30
2019-07-14 09:34:23.874 24818 RALLYDEBUG rally_openstack.wrappers.network [-] CIDR generated: 1.1.5.0/30
2019-07-14 09:34:23.966 24841 RALLYDEBUG rally_openstack.wrappers.network [-] CIDR generated: 1.1.5.4/30
2019-07-14 09:34:24.131 24800 INFO rally.task.runner [-] Task 29f1ba68-2839-475c-b580-0200f2e5da47 | ITER: 4 END: OK
2019-07-14 09:34:24.136 24800 INFO rally.task.runner [-] Task 29f1ba68-2839-475c-b580-0200f2e5da47 | ITER: 23 START
2019-07-14 09:34:24.136 24800 WARNING rally_openstack.scenarios.neutron.utils [-] Running this scenario without either the 'network' or 'existing_network' context is deprecated
2019-07-14 09:34:24.182 24804 INFO rally.task.runner [-] Task 29f1ba68-2839-475c-b580-0200f2e5da47 | ITER: 5 END: OK
2019-07-14 09:34:24.186 24804 INFO rally.task.runner [-] Task 29f1ba68-2839-475c-b580-0200f2e5da47 | ITER: 24 START
2019-07-14 09:34:24.186 24804 WARNING rally_openstack.scenarios.neutron.utils [-] Running this scenario without either the 'network' or 'existing_network' context is deprecated
2019-07-14 09:34:24.202 24836 INFO rally.task.runner [-] Task 29f1ba68-2839-475c-b580-0200f2e5da47 | ITER: 16 END: OK
2019-07-14 09:34:24.206 24836 INFO rally.task.runner [-] Task 29f1ba68-2839-475c-b580-0200f2e5da47 | ITER: 25 START
2019-07-14 09:34:24.206 24836 WARNING rally_openstack.scenarios.neutron.utils [-] Running this scenario without either the 'network' or 'existing_network' context is deprecated
2019-07-14 09:34:24.280 24799 RALLYDEBUG rally_openstack.wrappers.network [-] CIDR generated: 1.1.5.8/30
2019-07-14 09:34:24.998 24841 RALLYDEBUG rally_openstack.wrappers.network [-] CIDR generated: 1.1.5.12/30
2019-07-14 09:34:25.339 24800 RALLYDEBUG rally_openstack.wrappers.network [-] CIDR generated: 1.1.5.16/30
2019-07-14 09:34:25.347 24839 INFO rally.task.runner [-] Task 29f1ba68-2839-475c-b580-0200f2e5da47 | ITER: 17 END: OK
2019-07-14 09:34:25.350 24839 INFO rally.task.runner [-] Task 29f1ba68-2839-475c-b580-0200f2e5da47 | ITER: 26 START
2019-07-14 09:34:25.351 24839 WARNING rally_openstack.scenarios.neutron.utils [-] Running this scenario without either the 'network' or 'existing_network' context is deprecated
2019-07-14 09:34:25.735 24804 RALLYDEBUG rally_openstack.wrappers.network [-] CIDR generated: 1.1.5.20/30
2019-07-14 09:34:25.954 24819 INFO rally.task.runner [-] Task 29f1ba68-2839-475c-b580-0200f2e5da47 | ITER: 21 END: OK
2019-07-14 09:34:25.957 24819 INFO rally.task.runner [-] Task 29f1ba68-2839-475c-b580-0200f2e5da47 | ITER: 27 START
2019-07-14 09:34:25.958 24819 WARNING rally_openstack.scenarios.neutron.utils [-] Running this scenario without either the 'network' or 'existing_network' context is deprecated
2019-07-14 09:34:26.226 24836 RALLYDEBUG rally_openstack.wrappers.network [-] CIDR generated: 1.1.5.24/30
2019-07-14 09:34:26.429 24839 RALLYDEBUG rally_openstack.wrappers.network [-] CIDR generated: 1.1.5.28/30
2019-07-14 09:34:26.583 24800 RALLYDEBUG rally_openstack.wrappers.network [-] CIDR generated: 1.1.5.32/30
2019-07-14 09:34:27.629 24819 RALLYDEBUG rally_openstack.wrappers.network [-] CIDR generated: 1.1.5.36/30
2019-07-14 09:34:27.765 24841 INFO rally.task.runner [-] Task 29f1ba68-2839-475c-b580-0200f2e5da47 | ITER: 22 END: OK
2019-07-14 09:34:27.769 24841 INFO rally.task.runner [-] Task 29f1ba68-2839-475c-b580-0200f2e5da47 | ITER: 28 START
2019-07-14 09:34:27.770 24841 WARNING rally_openstack.scenarios.neutron.utils [-] Running this scenario without either the 'network' or 'existing_network' context is deprecated
2019-07-14 09:34:27.925 24804 RALLYDEBUG rally_openstack.wrappers.network [-] CIDR generated: 1.1.5.40/30
2019-07-14 09:34:27.981 24801 INFO rally.task.runner [-] Task 29f1ba68-2839-475c-b580-0200f2e5da47 | ITER: 6 END: OK
2019-07-14 09:34:27.986 24801 INFO rally.task.runner [-] Task 29f1ba68-2839-475c-b580-0200f2e5da47 | ITER: 29 START
2019-07-14 09:34:27.986 24801 WARNING rally_openstack.scenarios.neutron.utils [-] Running this scenario without either the 'network' or 'existing_network' context is deprecated
2019-07-14 09:34:28.335 24836 RALLYDEBUG rally_openstack.wrappers.network [-] CIDR generated: 1.1.5.44/30
2019-07-14 09:34:28.550 24839 RALLYDEBUG rally_openstack.wrappers.network [-] CIDR generated: 1.1.5.48/30
2019-07-14 09:34:28.634 24815 INFO rally.task.runner [-] Task 29f1ba68-2839-475c-b580-0200f2e5da47 | ITER: 11 END: OK
2019-07-14 09:34:28.639 24815 INFO rally.task.runner [-] Task 29f1ba68-2839-475c-b580-0200f2e5da47 | ITER: 30 START
2019-07-14 09:34:28.640 24815 WARNING rally_openstack.scenarios.neutron.utils [-] Running this scenario without either the 'network' or 'existing_network' context is deprecated
2019-07-14 09:34:28.858 24841 RALLYDEBUG rally_openstack.wrappers.network [-] CIDR generated: 1.1.5.52/30
2019-07-14 09:34:28.959 24801 INFO rally.task.runner [-] Task 29f1ba68-2839-475c-b580-0200f2e5da47 | ITER: 8 END: OK
2019-07-14 09:34:28.962 24801 INFO rally.task.runner [-] Task 29f1ba68-2839-475c-b580-0200f2e5da47 | ITER: 31 START
2019-07-14 09:34:28.963 24801 WARNING rally_openstack.scenarios.neutron.utils [-] Running this scenario without either the 'network' or 'existing_network' context is deprecated
2019-07-14 09:34:28.987 24801 RALLYDEBUG rally_openstack.wrappers.network [-] CIDR generated: 1.1.5.56/30
2019-07-14 09:34:29.336 24800 INFO rally.task.runner [-] Task 29f1ba68-2839-475c-b580-0200f2e5da47 | ITER: 23 END: OK
2019-07-14 09:34:29.340 24800 INFO rally.task.runner [-] Task 29f1ba68-2839-475c-b580-0200f2e5da47 | ITER: 32 START
2019-07-14 09:34:29.341 24800 WARNING rally_openstack.scenarios.neutron.utils [-] Running this scenario without either the 'network' or 'existing_network' context is deprecated
2019-07-14 09:34:29.849 24815 RALLYDEBUG rally_openstack.wrappers.network [-] CIDR generated: 1.1.5.60/30
2019-07-14 09:34:29.883 24819 RALLYDEBUG rally_openstack.wrappers.network [-] CIDR generated: 1.1.5.64/30
2019-07-14 09:34:30.118 24841 RALLYDEBUG rally_openstack.wrappers.network [-] CIDR generated: 1.1.5.68/30
2019-07-14 09:34:30.360 24801 RALLYDEBUG rally_openstack.wrappers.network [-] CIDR generated: 1.1.5.72/30
2019-07-14 09:34:30.701 24801 RALLYDEBUG rally_openstack.wrappers.network [-] CIDR generated: 1.1.5.76/30
2019-07-14 09:34:30.812 24846 INFO rally.task.runner [-] Task 29f1ba68-2839-475c-b580-0200f2e5da47 | ITER: 20 END: OK
2019-07-14 09:34:30.816 24846 INFO rally.task.runner [-] Task 29f1ba68-2839-475c-b580-0200f2e5da47 | ITER: 33 START
2019-07-14 09:34:30.817 24846 WARNING rally_openstack.scenarios.neutron.utils [-] Running this scenario without either the 'network' or 'existing_network' context is deprecated
2019-07-14 09:34:30.850 24800 RALLYDEBUG rally_openstack.wrappers.network [-] CIDR generated: 1.1.5.80/30
2019-07-14 09:34:30.934 24831 INFO rally.task.runner [-] Task 29f1ba68-2839-475c-b580-0200f2e5da47 | ITER: 15 END: OK
2019-07-14 09:34:30.938 24831 INFO rally.task.runner [-] Task 29f1ba68-2839-475c-b580-0200f2e5da47 | ITER: 34 START
2019-07-14 09:34:30.938 24831 WARNING rally_openstack.scenarios.neutron.utils [-] Running this scenario without either the 'network' or 'existing_network' context is deprecated
2019-07-14 09:34:31.149 24815 RALLYDEBUG rally_openstack.wrappers.network [-] CIDR generated: 1.1.5.84/30
2019-07-14 09:34:31.818 24840 INFO rally.task.runner [-] Task 29f1ba68-2839-475c-b580-0200f2e5da47 | ITER: 18 END: OK
2019-07-14 09:34:31.822 24840 INFO rally.task.runner [-] Task 29f1ba68-2839-475c-b580-0200f2e5da47 | ITER: 35 START
2019-07-14 09:34:31.822 24840 WARNING rally_openstack.scenarios.neutron.utils [-] Running this scenario without either the 'network' or 'existing_network' context is deprecated
2019-07-14 09:34:32.208 24824 INFO rally.task.runner [-] Task 29f1ba68-2839-475c-b580-0200f2e5da47 | ITER: 14 END: OK
2019-07-14 09:34:32.213 24824 INFO rally.task.runner [-] Task 29f1ba68-2839-475c-b580-0200f2e5da47 | ITER: 36 START
2019-07-14 09:34:32.214 24824 WARNING rally_openstack.scenarios.neutron.utils [-] Running this scenario without either the 'network' or 'existing_network' context is deprecated
2019-07-14 09:34:32.649 24846 RALLYDEBUG rally_openstack.wrappers.network [-] CIDR generated: 1.1.5.88/30
2019-07-14 09:34:32.808 24801 RALLYDEBUG rally_openstack.wrappers.network [-] CIDR generated: 1.1.5.92/30
2019-07-14 09:34:33.245 24831 RALLYDEBUG rally_openstack.wrappers.network [-] CIDR generated: 1.1.5.96/30
2019-07-14 09:34:33.587 24804 INFO rally.task.runner [-] Task 29f1ba68-2839-475c-b580-0200f2e5da47 | ITER: 24 END: OK
2019-07-14 09:34:33.591 24804 INFO rally.task.runner [-] Task 29f1ba68-2839-475c-b580-0200f2e5da47 | ITER: 37 START
2019-07-14 09:34:33.591 24804 WARNING rally_openstack.scenarios.neutron.utils [-] Running this scenario without either the 'network' or 'existing_network' context is deprecated
2019-07-14 09:34:35.116 24840 RALLYDEBUG rally_openstack.wrappers.network [-] CIDR generated: 1.1.5.100/30
2019-07-14 09:34:35.234 24836 INFO rally.task.runner [-] Task 29f1ba68-2839-475c-b580-0200f2e5da47 | ITER: 25 END: OK
2019-07-14 09:34:35.237 24836 INFO rally.task.runner [-] Task 29f1ba68-2839-475c-b580-0200f2e5da47 | ITER: 38 START
2019-07-14 09:34:35.238 24836 WARNING rally_openstack.scenarios.neutron.utils [-] Running this scenario without either the 'network' or 'existing_network' context is deprecated
2019-07-14 09:34:35.296 24800 RALLYDEBUG rally_openstack.wrappers.network [-] CIDR generated: 1.1.5.104/30
2019-07-14 09:34:35.465 24801 INFO rally.task.runner [-] Task 29f1ba68-2839-475c-b580-0200f2e5da47 | ITER: 29 END: OK
2019-07-14 09:34:35.468 24801 INFO rally.task.runner [-] Task 29f1ba68-2839-475c-b580-0200f2e5da47 | ITER: 39 START
2019-07-14 09:34:35.469 24801 WARNING rally_openstack.scenarios.neutron.utils [-] Running this scenario without either the 'network' or 'existing_network' context is deprecated
2019-07-14 09:34:35.645 24804 RALLYDEBUG rally_openstack.wrappers.network [-] CIDR generated: 1.1.5.108/30
2019-07-14 09:34:35.683 24841 INFO rally.task.runner [-] Task 29f1ba68-2839-475c-b580-0200f2e5da47 | ITER: 28 END: OK
2019-07-14 09:34:35.688 24841 INFO rally.task.runner [-] Task 29f1ba68-2839-475c-b580-0200f2e5da47 | ITER: 40 START
2019-07-14 09:34:35.688 24841 WARNING rally_openstack.scenarios.neutron.utils [-] Running this scenario without either the 'network' or 'existing_network' context is deprecated
2019-07-14 09:34:35.741 24824 RALLYDEBUG rally_openstack.wrappers.network [-] CIDR generated: 1.1.5.112/30
2019-07-14 09:34:35.897 24839 INFO rally.task.runner [-] Task 29f1ba68-2839-475c-b580-0200f2e5da47 | ITER: 26 END: OK
2019-07-14 09:34:36.530 24836 RALLYDEBUG rally_openstack.wrappers.network [-] CIDR generated: 1.1.5.116/30
2019-07-14 09:34:36.799 24819 INFO rally.task.runner [-] Task 29f1ba68-2839-475c-b580-0200f2e5da47 | ITER: 27 END: OK
2019-07-14 09:34:36.865 24831 RALLYDEBUG rally_openstack.wrappers.network [-] CIDR generated: 1.1.5.120/30
2019-07-14 09:34:36.919 24801 RALLYDEBUG rally_openstack.wrappers.network [-] CIDR generated: 1.1.5.124/30
2019-07-14 09:34:37.019 24815 INFO rally.task.runner [-] Task 29f1ba68-2839-475c-b580-0200f2e5da47 | ITER: 30 END: OK
2019-07-14 09:34:37.083 24804 RALLYDEBUG rally_openstack.wrappers.network [-] CIDR generated: 1.1.5.128/30
2019-07-14 09:34:37.106 24841 RALLYDEBUG rally_openstack.wrappers.network [-] CIDR generated: 1.1.5.132/30
2019-07-14 09:34:37.134 24846 RALLYDEBUG rally_openstack.wrappers.network [-] CIDR generated: 1.1.5.136/30
2019-07-14 09:34:37.163 24824 RALLYDEBUG rally_openstack.wrappers.network [-] CIDR generated: 1.1.5.140/30
2019-07-14 09:34:37.164 24840 RALLYDEBUG rally_openstack.wrappers.network [-] CIDR generated: 1.1.5.144/30
2019-07-14 09:34:38.418 24836 RALLYDEBUG rally_openstack.wrappers.network [-] CIDR generated: 1.1.5.148/30
2019-07-14 09:34:38.460 24801 RALLYDEBUG rally_openstack.wrappers.network [-] CIDR generated: 1.1.5.152/30
2019-07-14 09:34:39.068 24841 RALLYDEBUG rally_openstack.wrappers.network [-] CIDR generated: 1.1.5.156/30
2019-07-14 09:34:40.457 24801 INFO rally.task.runner [-] Task 29f1ba68-2839-475c-b580-0200f2e5da47 | ITER: 31 END: OK
2019-07-14 09:34:40.660 24831 INFO rally.task.runner [-] Task 29f1ba68-2839-475c-b580-0200f2e5da47 | ITER: 34 END: OK
2019-07-14 09:34:40.960 24846 INFO rally.task.runner [-] Task 29f1ba68-2839-475c-b580-0200f2e5da47 | ITER: 33 END: OK
2019-07-14 09:34:40.987 24800 INFO rally.task.runner [-] Task 29f1ba68-2839-475c-b580-0200f2e5da47 | ITER: 32 END: OK
2019-07-14 09:34:41.018 24824 INFO rally.task.runner [-] Task 29f1ba68-2839-475c-b580-0200f2e5da47 | ITER: 36 END: OK
2019-07-14 09:34:41.099 24840 INFO rally.task.runner [-] Task 29f1ba68-2839-475c-b580-0200f2e5da47 | ITER: 35 END: OK
2019-07-14 09:34:41.153 24804 INFO rally.task.runner [-] Task 29f1ba68-2839-475c-b580-0200f2e5da47 | ITER: 37 END: OK
2019-07-14 09:34:41.804 24801 INFO rally.task.runner [-] Task 29f1ba68-2839-475c-b580-0200f2e5da47 | ITER: 39 END: OK
2019-07-14 09:34:41.842 24836 INFO rally.task.runner [-] Task 29f1ba68-2839-475c-b580-0200f2e5da47 | ITER: 38 END: OK
2019-07-14 09:34:42.138 24841 INFO rally.task.runner [-] Task 29f1ba68-2839-475c-b580-0200f2e5da47 | ITER: 40 END: OK
2019-07-14 09:34:42.256 24818 INFO rally.task.runner [-] Task 29f1ba68-2839-475c-b580-0200f2e5da47 | ITER: 12 END: OK
2019-07-14 09:34:42.435 24799 INFO rally.task.runner [-] Task 29f1ba68-2839-475c-b580-0200f2e5da47 | ITER: 2 END: OK
2019-07-14 09:34:43.234 24799 INFO rally.task.runner [-] Task 29f1ba68-2839-475c-b580-0200f2e5da47 | ITER: 1 END: OK
2019-07-14 09:34:44.783 24800 INFO rally.task.runner [-] Task 29f1ba68-2839-475c-b580-0200f2e5da47 | ITER: 3 END: OK
2019-07-14 09:34:44.867 24806 INFO rally.task.runner [-] Task 29f1ba68-2839-475c-b580-0200f2e5da47 | ITER: 9 END: OK
2019-07-14 09:34:44.982 24804 INFO rally.task.runner [-] Task 29f1ba68-2839-475c-b580-0200f2e5da47 | ITER: 7 END: OK
2019-07-14 09:34:45.008 24809 INFO rally.task.runner [-] Task 29f1ba68-2839-475c-b580-0200f2e5da47 | ITER: 10 END: OK
2019-07-14 09:34:45.036 22705 INFO rally.task.context [-] Task 29f1ba68-2839-475c-b580-0200f2e5da47 | Context cleanup@openstack cleanup() started
2019-07-14 09:34:45.037 22705 RALLYDEBUG rally_openstack.cleanup.manager [-] Cleaning up neutron vip objects
2019-07-14 09:34:45.797 22705 RALLYDEBUG rally_openstack.cleanup.manager [-] Cleaning up neutron health_monitor objects
2019-07-14 09:34:46.514 22705 RALLYDEBUG rally_openstack.cleanup.manager [-] Cleaning up neutron pool objects
2019-07-14 09:34:47.196 22705 RALLYDEBUG rally_openstack.cleanup.manager [-] Cleaning up neutron loadbalancer objects
2019-07-14 09:34:47.894 22705 RALLYDEBUG rally_openstack.cleanup.manager [-] Cleaning up neutron floatingip objects
2019-07-14 09:34:48.631 22705 RALLYDEBUG rally_openstack.cleanup.manager [-] Cleaning up neutron port objects
2019-07-14 09:34:49.372 22705 RALLYDEBUG rally_openstack.cleanup.manager [-] Cleaning up neutron subnet objects
2019-07-14 09:34:50.131 22705 RALLYDEBUG rally_openstack.cleanup.manager [-] Cleaning up neutron network objects
2019-07-14 09:34:50.932 22705 RALLYDEBUG rally_openstack.cleanup.manager [-] Deleting neutron.network object s_rally_94e0537c_vJCV65JL (03a1913f-0b86-470e-ab3a-bc5cbb008b74)
2019-07-14 09:34:50.939 22705 RALLYDEBUG rally_openstack.cleanup.manager [-] Deleting neutron.network object s_rally_94e0537c_37iUU4GI (17ad626d-a522-4cd1-9078-7b1208f0ca7b)
2019-07-14 09:34:50.945 22705 RALLYDEBUG rally_openstack.cleanup.manager [-] Deleting neutron.network object s_rally_94e0537c_GYxaIFxZ (1f30dd0e-1243-4a07-b8f7-eea05d56443f)
2019-07-14 09:34:50.952 22705 RALLYDEBUG rally_openstack.cleanup.manager [-] Deleting neutron.network object s_rally_94e0537c_YeTTvhxw (23c28067-84b3-4b19-a934-f053fdd9eb2b)
2019-07-14 09:34:51.078 22705 RALLYDEBUG rally_openstack.cleanup.manager [-] Deleting neutron.network object s_rally_94e0537c_qxc7J7zU (24ce6fd2-6f3d-42f7-a507-4509472d1c26)
2019-07-14 09:34:51.084 22705 RALLYDEBUG rally_openstack.cleanup.manager [-] Deleting neutron.network object s_rally_94e0537c_YdRRYKks (271dce76-91d6-433b-b2f2-1e0b1e0b329a)
2019-07-14 09:34:51.100 22705 RALLYDEBUG rally_openstack.cleanup.manager [-] Deleting neutron.network object s_rally_94e0537c_dUvtFWwv (3bb469ff-f131-4c2d-bf53-6ac11e7f856e)
2019-07-14 09:34:51.106 22705 RALLYDEBUG rally_openstack.cleanup.manager [-] Deleting neutron.network object s_rally_94e0537c_JYmPxHXB (3b3eed29-2682-4fe1-81af-b64e4ccd644e)
2019-07-14 09:34:51.111 22705 RALLYDEBUG rally_openstack.cleanup.manager [-] Deleting neutron.network object s_rally_94e0537c_0z8Rg8bJ (46da9486-da7f-4b11-80f2-55278a8c299a)
2019-07-14 09:34:51.133 22705 RALLYDEBUG rally_openstack.cleanup.manager [-] Deleting neutron.network object s_rally_94e0537c_3MSLNuRl (47ebdaa5-70e1-496a-b6fd-4e09bae2b59d)
2019-07-14 09:34:51.135 22705 RALLYDEBUG rally_openstack.cleanup.manager [-] Deleting neutron.network object s_rally_94e0537c_FhtVYLlo (5061237f-7928-4365-b0d9-51c226afd732)
2019-07-14 09:34:51.150 22705 RALLYDEBUG rally_openstack.cleanup.manager [-] Deleting neutron.network object s_rally_94e0537c_CSUckX3i (50953c30-9df3-4246-8763-9ea23b0aba35)
2019-07-14 09:34:51.163 22705 RALLYDEBUG rally_openstack.cleanup.manager [-] Deleting neutron.network object s_rally_94e0537c_k0WZve6X (53d6e13d-8fba-47d7-b103-56dd90a60aba)
2019-07-14 09:34:51.175 22705 RALLYDEBUG rally_openstack.cleanup.manager [-] Deleting neutron.network object s_rally_94e0537c_2R3bDlPg (54528c08-99b5-4c3e-9b16-fcacace92e6a)
2019-07-14 09:34:51.191 22705 RALLYDEBUG rally_openstack.cleanup.manager [-] Deleting neutron.network object s_rally_94e0537c_7JeWOlWo (584fe393-4e12-47f0-a5cd-0b5c266b39d0)
2019-07-14 09:34:51.209 22705 RALLYDEBUG rally_openstack.cleanup.manager [-] Deleting neutron.network object s_rally_94e0537c_8KOqUDz2 (6534809f-23e7-4de8-b179-04e0685956ef)
2019-07-14 09:34:51.228 22705 RALLYDEBUG rally_openstack.cleanup.manager [-] Deleting neutron.network object s_rally_94e0537c_Tf0Q12kj (5bb0ff64-3cb1-4612-9b0d-f5598e864f75)
2019-07-14 09:34:51.230 22705 RALLYDEBUG rally_openstack.cleanup.manager [-] Deleting neutron.network object s_rally_94e0537c_YKyuieOQ (6785d0cb-df18-48a3-bfc3-6fa9a0f12153)
2019-07-14 09:34:51.238 22705 RALLYDEBUG rally_openstack.cleanup.manager [-] Deleting neutron.network object s_rally_94e0537c_rcm43gOq (6a84bf97-84e4-4998-9701-c23462baf492)
2019-07-14 09:34:51.242 22705 RALLYDEBUG rally_openstack.cleanup.manager [-] Deleting neutron.network object s_rally_94e0537c_8AvphbgB (6b530087-e43f-4e78-8bd7-9fb6c2701032)
2019-07-14 09:34:54.281 22705 RALLYDEBUG rally_openstack.cleanup.manager [-] Deleting neutron.network object s_rally_94e0537c_SGPmE2Yo (6f692154-1d91-40fc-b4af-fb2e6989f5ba)
2019-07-14 09:34:54.606 22705 RALLYDEBUG rally_openstack.cleanup.manager [-] Deleting neutron.network object s_rally_94e0537c_7avjQJIn (767b1fc5-1fec-44ec-89a4-b67118bf0eb5)
2019-07-14 09:34:54.836 22705 RALLYDEBUG rally_openstack.cleanup.manager [-] Deleting neutron.network object s_rally_94e0537c_jCRCI7Hz (7ec4c81a-71ff-4482-8818-258576da7f1c)
2019-07-14 09:34:55.115 22705 RALLYDEBUG rally_openstack.cleanup.manager [-] Deleting neutron.network object s_rally_94e0537c_FgXvB6bG (7f8906df-2bc4-4c70-a55e-706e8213c7a2)
2019-07-14 09:34:55.327 22705 RALLYDEBUG rally_openstack.cleanup.manager [-] Deleting neutron.network object s_rally_94e0537c_ItJkjhi3 (868137ac-9199-4500-8e14-1976773ed006)
2019-07-14 09:34:55.643 22705 RALLYDEBUG rally_openstack.cleanup.manager [-] Deleting neutron.network object s_rally_94e0537c_7uPoqdIV (87608531-4b6b-4ecf-b018-139b59cc8fec)
2019-07-14 09:34:56.521 22705 RALLYDEBUG rally_openstack.cleanup.manager [-] Deleting neutron.network object s_rally_94e0537c_VSE1gdIT (8cd36102-5b93-4c95-a4bf-131b9f96a4ea)
2019-07-14 09:34:56.539 22705 RALLYDEBUG rally_openstack.cleanup.manager [-] Deleting neutron.network object s_rally_94e0537c_UCUoo9VU (8d93305b-78a6-4e4b-a5ea-118679dc8c1d)
2019-07-14 09:34:56.549 22705 RALLYDEBUG rally_openstack.cleanup.manager [-] Deleting neutron.network object s_rally_94e0537c_qjM8TOaA (a813a4e0-92d8-4639-a57f-b6513f2994a8)
2019-07-14 09:34:56.631 22705 RALLYDEBUG rally_openstack.cleanup.manager [-] Deleting neutron.network object s_rally_94e0537c_0zKKShGn (a8f7d16e-aef3-4164-9dce-5c7e61929652)
2019-07-14 09:34:56.884 22705 RALLYDEBUG rally_openstack.cleanup.manager [-] Deleting neutron.network object s_rally_94e0537c_tNg1MpWk (c8709d83-e33a-413c-8458-fd6421bc3848)
2019-07-14 09:34:56.885 22705 RALLYDEBUG rally_openstack.cleanup.manager [-] Deleting neutron.network object s_rally_94e0537c_Gq98m32P (b415bb00-0b4f-4142-97ea-2045064ad8b1)
2019-07-14 09:34:57.247 22705 RALLYDEBUG rally_openstack.cleanup.manager [-] Deleting neutron.network object s_rally_94e0537c_bXDQ2TjL (cefee956-3e4b-4810-b968-828f5a425f38)
2019-07-14 09:34:57.252 22705 RALLYDEBUG rally_openstack.cleanup.manager [-] Deleting neutron.network object s_rally_94e0537c_cmzA3wyI (d48b580a-4708-400b-8f84-8e9aa32f9b87)
2019-07-14 09:34:58.405 22705 RALLYDEBUG rally_openstack.cleanup.manager [-] Deleting neutron.network object s_rally_94e0537c_f38jUSbZ (d73803ee-3227-45e7-a1e1-f40477244352)
2019-07-14 09:34:58.430 22705 RALLYDEBUG rally_openstack.cleanup.manager [-] Deleting neutron.network object s_rally_94e0537c_HlR6oU6o (e2d3fe6d-3967-4e0b-9cb8-a7c96187cb44)
2019-07-14 09:34:58.563 22705 RALLYDEBUG rally_openstack.cleanup.manager [-] Deleting neutron.network object s_rally_94e0537c_lHZWJVvj (e9f757e6-d961-4621-8f65-e0e658570da5)
2019-07-14 09:34:58.581 22705 RALLYDEBUG rally_openstack.cleanup.manager [-] Deleting neutron.network object s_rally_94e0537c_5QYQIjED (f0653886-2659-4c4b-8697-c14b7b7f109c)
2019-07-14 09:34:58.804 22705 RALLYDEBUG rally_openstack.cleanup.manager [-] Deleting neutron.network object s_rally_94e0537c_L4BPInL4 (fd230f82-2b99-4f5c-b4a6-88f0ec5c0fed)
2019-07-14 09:34:59.013 22705 RALLYDEBUG rally_openstack.cleanup.manager [-] Deleting neutron.network object s_rally_94e0537c_4QEEbYqG (fd37eff4-2021-4b01-9a60-faa284a77dc1)
2019-07-14 09:35:04.170 22705 RALLYDEBUG rally_openstack.cleanup.manager [-] Cleaning up neutron router objects
2019-07-14 09:35:04.851 22705 RALLYDEBUG rally_openstack.cleanup.manager [-] Cleaning up neutron security_group objects
2019-07-14 09:35:05.502 22705 INFO rally.task.context [-] Task 29f1ba68-2839-475c-b580-0200f2e5da47 | Context cleanup@openstack cleanup() finished in 20.47 sec
2019-07-14 09:35:05.502 22705 INFO rally.task.context [-] Task 29f1ba68-2839-475c-b580-0200f2e5da47 | Context quotas@openstack cleanup() started
2019-07-14 09:35:05.734 22705 INFO rally.task.context [-] Task 29f1ba68-2839-475c-b580-0200f2e5da47 | Context quotas@openstack cleanup() finished in 0.23 sec
2019-07-14 09:35:05.734 22705 INFO rally.task.context [-] Task 29f1ba68-2839-475c-b580-0200f2e5da47 | Context users@openstack cleanup() started
2019-07-14 09:35:10.341 22705 INFO rally.task.context [-] Task 29f1ba68-2839-475c-b580-0200f2e5da47 | Context users@openstack cleanup() finished in 4.61 sec
2019-07-14 09:35:11.547 22705 INFO rally.task.engine [-] Load duration is: 32.391468
2019-07-14 09:35:11.548 22705 INFO rally.task.engine [-] Full runner duration is: 32.437169
2019-07-14 09:35:11.548 22705 INFO rally.task.engine [-] Full duration is: 63.036706
2019-07-14 09:35:11.773 22705 INFO rally.task.engine [-] Running workload: position = 0 config = { "version": 2, "title": "A cropped version of a bigger task.", "description": "Auto-generated task from a single workload (uuid=c20ff81e-d5ac-44c8-a63b-7c927e6d51b9)", "subtasks": [ { "title": "NeutronNetworks.create_and_list_routers", "description": "Create and a given number of routers and list all routers.", "scenario": { "NeutronNetworks.create_and_list_routers": { "network_create_args": null, "subnet_create_args": null, "subnet_cidr_start": "1.1.0.0/30", "subnets_per_network": 2, "router_create_args": null } }, "contexts": { "users": { "tenants": 1, "users_per_tenant": 1 }, "quotas": { "neutron": { "network": -1, "subnet": -1, "router": -1 } } }, "runner": { "constant": { "times": 40, "concurrency": 20 } }, "hooks": [], "sla": { "failure_rate": { "max": 0 } } } ] }
2019-07-14 09:35:11.796 22705 RALLYDEBUG rally_openstack.contexts.keystone.users [-] Creating 1 tenants using 20 threads
2019-07-14 09:35:13.990 22705 RALLYDEBUG rally_openstack.contexts.keystone.users [-] Creating 1 users using 20 threads
2019-07-14 09:35:16.312 22705 INFO rally.task.context [-] Task 29f1ba68-2839-475c-b580-0200f2e5da47 | Context users@openstack setup() finished in 4.52 sec
2019-07-14 09:35:17.097 22705 INFO rally.task.context [-] Task 29f1ba68-2839-475c-b580-0200f2e5da47 | Context quotas@openstack setup() finished in 0.78 sec
2019-07-14 09:35:17.097 22705 INFO rally.task.context [-] Task 29f1ba68-2839-475c-b580-0200f2e5da47 | Context cleanup@openstack setup() finished in 0.01 msec
2019-07-14 09:35:17.104 22705 RALLYDEBUG rally.task.runner [-] Starting the constant runner (task UUID: 29f1ba68-2839-475c-b580-0200f2e5da47). timeout: 0 concurrency: 20 concurrency_per_worker: 1 times: 40 concurrency_overhead: 4 processes_to_start: 16 max_cpu_used: 16
2019-07-14 09:35:17.116 25169 RALLYDEBUG rally.task.runner [-] Starting a worker. concurrency: 2 args: {"network_create_args": null, "subnet_create_args": null, "subnet_cidr_start": "1.1.0.0/30", "subnets_per_network": 2, "router_create_args": null} times: 40 method_name: run timeout: 0 duration: None cls:
2019-07-14 09:35:17.121 25171 RALLYDEBUG rally.task.runner [-] Starting a worker. concurrency: 2 args: {"network_create_args": null, "subnet_create_args": null, "subnet_cidr_start": "1.1.0.0/30", "subnets_per_network": 2, "router_create_args": null} times: 40 method_name: run timeout: 0 duration: None cls:
2019-07-14 09:35:17.120 25170 RALLYDEBUG rally.task.runner [-] Starting a worker. concurrency: 2 args: {"network_create_args": null, "subnet_create_args": null, "subnet_cidr_start": "1.1.0.0/30", "subnets_per_network": 2, "router_create_args": null} times: 40 method_name: run timeout: 0 duration: None cls:
2019-07-14 09:35:17.122 25169 INFO rally.task.runner [-] Task 29f1ba68-2839-475c-b580-0200f2e5da47 | ITER: 1 START
2019-07-14 09:35:17.126 25170 INFO rally.task.runner [-] Task 29f1ba68-2839-475c-b580-0200f2e5da47 | ITER: 4 START
2019-07-14 09:35:17.126 25172 RALLYDEBUG rally.task.runner [-] Starting a worker. concurrency: 2 args: {"network_create_args": null, "subnet_create_args": null, "subnet_cidr_start": "1.1.0.0/30", "subnets_per_network": 2, "router_create_args": null} times: 40 method_name: run timeout: 0 duration: None cls:
2019-07-14 09:35:17.127 25175 RALLYDEBUG rally.task.runner [-] Starting a worker. concurrency: 1 args: {"network_create_args": null, "subnet_create_args": null, "subnet_cidr_start": "1.1.0.0/30", "subnets_per_network": 2, "router_create_args": null} times: 40 method_name: run timeout: 0 duration: None cls:
2019-07-14 09:35:17.126 25171 INFO rally.task.runner [-] Task 29f1ba68-2839-475c-b580-0200f2e5da47 | ITER: 3 START
2019-07-14 09:35:17.127 25171 INFO rally.task.runner [-] Task 29f1ba68-2839-475c-b580-0200f2e5da47 | ITER: 5 START
2019-07-14 09:35:17.131 25175 INFO rally.task.runner [-] Task 29f1ba68-2839-475c-b580-0200f2e5da47 | ITER: 8 START
2019-07-14 09:35:17.134 25172 INFO rally.task.runner [-] Task 29f1ba68-2839-475c-b580-0200f2e5da47 | ITER: 7 START
2019-07-14 09:35:17.133 25179 RALLYDEBUG rally.task.runner [-] Starting a worker. concurrency: 1 args: {"network_create_args": null, "subnet_create_args": null, "subnet_cidr_start": "1.1.0.0/30", "subnets_per_network": 2, "router_create_args": null} times: 40 method_name: run timeout: 0 duration: None cls:
2019-07-14 09:35:17.137 25169 INFO rally.task.runner [-] Task 29f1ba68-2839-475c-b580-0200f2e5da47 | ITER: 2 START
2019-07-14 09:35:17.138 25183 RALLYDEBUG rally.task.runner [-] Starting a worker. concurrency: 1 args: {"network_create_args": null, "subnet_create_args": null, "subnet_cidr_start": "1.1.0.0/30", "subnets_per_network": 2, "router_create_args": null} times: 40 method_name: run timeout: 0 duration: None cls:
2019-07-14 09:35:17.141 25179 INFO rally.task.runner [-] Task 29f1ba68-2839-475c-b580-0200f2e5da47 | ITER: 10 START
2019-07-14 09:35:17.144 25183 INFO rally.task.runner [-] Task 29f1ba68-2839-475c-b580-0200f2e5da47 | ITER: 11 START
2019-07-14 09:35:17.144 25170 INFO rally.task.runner [-] Task 29f1ba68-2839-475c-b580-0200f2e5da47 | ITER: 6 START
2019-07-14 09:35:17.144 25172 INFO rally.task.runner [-] Task 29f1ba68-2839-475c-b580-0200f2e5da47 | ITER: 9 START
2019-07-14 09:35:17.148 25195 RALLYDEBUG rally.task.runner [-] Starting a worker. concurrency: 1 args: {"network_create_args": null, "subnet_create_args": null, "subnet_cidr_start": "1.1.0.0/30", "subnets_per_network": 2, "router_create_args": null} times: 40 method_name: run timeout: 0 duration: None cls:
2019-07-14 09:35:17.151 25195 INFO rally.task.runner [-] Task 29f1ba68-2839-475c-b580-0200f2e5da47 | ITER: 12 START
2019-07-14 09:35:17.152 25189 RALLYDEBUG rally.task.runner [-] Starting a worker. concurrency: 1 args: {"network_create_args": null, "subnet_create_args": null, "subnet_cidr_start": "1.1.0.0/30", "subnets_per_network": 2, "router_create_args": null} times: 40 method_name: run timeout: 0 duration: None cls:
2019-07-14 09:35:17.155 25196 RALLYDEBUG rally.task.runner [-] Starting a worker. concurrency: 1 args: {"network_create_args": null, "subnet_create_args": null, "subnet_cidr_start": "1.1.0.0/30", "subnets_per_network": 2, "router_create_args": null} times: 40 method_name: run timeout: 0 duration: None cls:
2019-07-14 09:35:17.161 25189 INFO rally.task.runner [-] Task 29f1ba68-2839-475c-b580-0200f2e5da47 | ITER: 13 START
2019-07-14 09:35:17.162 25196 INFO rally.task.runner [-] Task 29f1ba68-2839-475c-b580-0200f2e5da47 | ITER: 14 START
2019-07-14 09:35:17.162 25199 RALLYDEBUG rally.task.runner [-] Starting a worker. concurrency: 1 args: {"network_create_args": null, "subnet_create_args": null, "subnet_cidr_start": "1.1.0.0/30", "subnets_per_network": 2, "router_create_args": null} times: 40 method_name: run timeout: 0 duration: None cls:
2019-07-14 09:35:17.167 25199 INFO rally.task.runner [-] Task 29f1ba68-2839-475c-b580-0200f2e5da47 | ITER: 15 START
2019-07-14 09:35:17.175 25207 RALLYDEBUG rally.task.runner [-] Starting a worker. concurrency: 1 args: {"network_create_args": null, "subnet_create_args": null, "subnet_cidr_start": "1.1.0.0/30", "subnets_per_network": 2, "router_create_args": null} times: 40 method_name: run timeout: 0 duration: None cls:
2019-07-14 09:35:17.176 25205 RALLYDEBUG rally.task.runner [-] Starting a worker. concurrency: 1 args: {"network_create_args": null, "subnet_create_args": null, "subnet_cidr_start": "1.1.0.0/30", "subnets_per_network": 2, "router_create_args": null} times: 40 method_name: run timeout: 0 duration: None cls:
2019-07-14 09:35:17.179 25207 INFO rally.task.runner [-] Task 29f1ba68-2839-475c-b580-0200f2e5da47 | ITER: 16 START
2019-07-14 09:35:17.180 25208 RALLYDEBUG rally.task.runner [-] Starting a worker. concurrency: 1 args: {"network_create_args": null, "subnet_create_args": null, "subnet_cidr_start": "1.1.0.0/30", "subnets_per_network": 2, "router_create_args": null} times: 40 method_name: run timeout: 0 duration: None cls:
2019-07-14 09:35:17.181 25205 INFO rally.task.runner [-] Task 29f1ba68-2839-475c-b580-0200f2e5da47 | ITER: 17 START
2019-07-14 09:35:17.183 25208 INFO rally.task.runner [-] Task 29f1ba68-2839-475c-b580-0200f2e5da47 | ITER: 18 START
2019-07-14 09:35:17.186 25212 RALLYDEBUG rally.task.runner [-] Starting a worker. concurrency: 1 args: {"network_create_args": null, "subnet_create_args": null, "subnet_cidr_start": "1.1.0.0/30", "subnets_per_network": 2, "router_create_args": null} times: 40 method_name: run timeout: 0 duration: None cls:
2019-07-14 09:35:17.189 25216 RALLYDEBUG rally.task.runner [-] Starting a worker. concurrency: 1 args: {"network_create_args": null, "subnet_create_args": null, "subnet_cidr_start": "1.1.0.0/30", "subnets_per_network": 2, "router_create_args": null} times: 40 method_name: run timeout: 0 duration: None cls:
2019-07-14 09:35:17.190 25212 INFO rally.task.runner [-] Task 29f1ba68-2839-475c-b580-0200f2e5da47 | ITER: 19 START
2019-07-14 09:35:17.192 25216 INFO rally.task.runner [-] Task 29f1ba68-2839-475c-b580-0200f2e5da47 | ITER: 20 START
2019-07-14 09:35:18.861 25179 RALLYDEBUG rally_openstack.wrappers.network [-] CIDR generated: 1.1.5.160/30
2019-07-14 09:35:18.891 25195 RALLYDEBUG rally_openstack.wrappers.network [-] CIDR generated: 1.1.5.164/30
2019-07-14 09:35:18.892 25171 RALLYDEBUG rally_openstack.wrappers.network [-] CIDR generated: 1.1.5.168/30
2019-07-14 09:35:18.909 25169 RALLYDEBUG rally_openstack.wrappers.network [-] CIDR generated: 1.1.5.172/30
2019-07-14 09:35:18.961 25170 RALLYDEBUG rally_openstack.wrappers.network [-] CIDR generated: 1.1.5.176/30
2019-07-14 09:35:19.103 25169 RALLYDEBUG rally_openstack.wrappers.network [-] CIDR generated: 1.1.5.180/30
2019-07-14 09:35:19.104 25171 RALLYDEBUG rally_openstack.wrappers.network [-] CIDR generated: 1.1.5.184/30
2019-07-14 09:35:19.117 25196 RALLYDEBUG rally_openstack.wrappers.network [-] CIDR generated: 1.1.5.188/30
2019-07-14 09:35:19.138 25172 RALLYDEBUG rally_openstack.wrappers.network [-] CIDR generated: 1.1.5.192/30
2019-07-14 09:35:19.221 25183 RALLYDEBUG rally_openstack.wrappers.network [-] CIDR generated: 1.1.5.196/30
2019-07-14 09:35:19.369 25172 RALLYDEBUG rally_openstack.wrappers.network [-] CIDR generated: 1.1.5.200/30
2019-07-14 09:35:19.428 25216 RALLYDEBUG rally_openstack.wrappers.network [-] CIDR generated: 1.1.5.204/30
2019-07-14 09:35:19.527 25170 RALLYDEBUG rally_openstack.wrappers.network [-] CIDR generated: 1.1.5.208/30
2019-07-14 09:35:19.922 25175 RALLYDEBUG rally_openstack.wrappers.network [-] CIDR generated: 1.1.5.212/30
2019-07-14 09:35:20.151 25189 RALLYDEBUG rally_openstack.wrappers.network [-] CIDR generated: 1.1.5.216/30
2019-07-14 09:35:20.443 25212 RALLYDEBUG rally_openstack.wrappers.network [-] CIDR generated: 1.1.5.220/30
2019-07-14 09:35:20.444 25207 RALLYDEBUG rally_openstack.wrappers.network [-] CIDR generated: 1.1.5.224/30
2019-07-14 09:35:20.488 25169 RALLYDEBUG rally_openstack.wrappers.network [-] CIDR generated: 1.1.5.228/30
2019-07-14 09:35:20.514 25171 RALLYDEBUG rally_openstack.wrappers.network [-] CIDR generated: 1.1.5.232/30
2019-07-14 09:35:20.599 25208 RALLYDEBUG rally_openstack.wrappers.network [-] CIDR generated: 1.1.5.236/30
2019-07-14 09:35:20.629 25196 RALLYDEBUG rally_openstack.wrappers.network [-] CIDR generated: 1.1.5.240/30
2019-07-14 09:35:20.703 25205 RALLYDEBUG rally_openstack.wrappers.network [-] CIDR generated: 1.1.5.244/30
2019-07-14 09:35:20.739 25199 RALLYDEBUG rally_openstack.wrappers.network [-] CIDR generated: 1.1.5.248/30
2019-07-14 09:35:21.282 25195 RALLYDEBUG rally_openstack.wrappers.network [-] CIDR generated: 1.1.5.252/30
2019-07-14 09:35:21.823 25183 RALLYDEBUG rally_openstack.wrappers.network [-] CIDR generated: 1.1.6.0/30
2019-07-14 09:35:22.155 25170 RALLYDEBUG rally_openstack.wrappers.network [-] CIDR generated: 1.1.6.4/30
2019-07-14 09:35:22.239 25216 RALLYDEBUG rally_openstack.wrappers.network [-] CIDR generated: 1.1.6.8/30
2019-07-14 09:35:23.758 25170 RALLYDEBUG rally_openstack.wrappers.network [-] CIDR generated: 1.1.6.12/30
2019-07-14 09:35:24.302 25172 RALLYDEBUG rally_openstack.wrappers.network [-] CIDR generated: 1.1.6.16/30
2019-07-14 09:35:24.583 25169 RALLYDEBUG rally_openstack.wrappers.network [-] CIDR generated: 1.1.6.20/30
2019-07-14 09:35:24.753 25172 RALLYDEBUG rally_openstack.wrappers.network [-] CIDR generated: 1.1.6.24/30
2019-07-14 09:35:25.046 25175 RALLYDEBUG rally_openstack.wrappers.network [-] CIDR generated: 1.1.6.28/30
2019-07-14 09:35:25.143 25189 RALLYDEBUG rally_openstack.wrappers.network [-] CIDR generated: 1.1.6.32/30
2019-07-14 09:35:25.845 25199 RALLYDEBUG rally_openstack.wrappers.network [-] CIDR generated: 1.1.6.36/30
2019-07-14 09:35:25.867 25179 RALLYDEBUG rally_openstack.wrappers.network [-] CIDR generated: 1.1.6.40/30
2019-07-14 09:35:25.891 25208 RALLYDEBUG rally_openstack.wrappers.network [-] CIDR generated: 1.1.6.44/30
2019-07-14 09:35:26.078 25171 RALLYDEBUG rally_openstack.wrappers.network [-] CIDR generated: 1.1.6.48/30
2019-07-14 09:35:26.508 25212 RALLYDEBUG rally_openstack.wrappers.network [-] CIDR generated: 1.1.6.52/30
2019-07-14 09:35:26.730 25207 RALLYDEBUG rally_openstack.wrappers.network [-] CIDR generated: 1.1.6.56/30
2019-07-14 09:35:26.947 25205 RALLYDEBUG rally_openstack.wrappers.network [-] CIDR generated: 1.1.6.60/30
2019-07-14 09:35:30.868 25196 INFO rally.task.runner [-] Task 29f1ba68-2839-475c-b580-0200f2e5da47 | ITER: 14 END: OK
2019-07-14 09:35:30.872 25196 INFO rally.task.runner [-] Task 29f1ba68-2839-475c-b580-0200f2e5da47 | ITER: 21 START
2019-07-14 09:35:31.019 25171 INFO rally.task.runner [-] Task 29f1ba68-2839-475c-b580-0200f2e5da47 | ITER: 5 END: OK
2019-07-14 09:35:31.023 25171 INFO rally.task.runner [-] Task 29f1ba68-2839-475c-b580-0200f2e5da47 | ITER: 22 START
2019-07-14 09:35:31.379 25169 INFO rally.task.runner [-] Task 29f1ba68-2839-475c-b580-0200f2e5da47 | ITER: 1 END: OK
2019-07-14 09:35:31.384 25169 INFO rally.task.runner [-] Task 29f1ba68-2839-475c-b580-0200f2e5da47 | ITER: 23 START
2019-07-14 09:35:32.318 25196 RALLYDEBUG rally_openstack.wrappers.network [-] CIDR generated: 1.1.6.64/30
2019-07-14 09:35:32.437 25171 RALLYDEBUG rally_openstack.wrappers.network [-] CIDR generated: 1.1.6.68/30
2019-07-14 09:35:33.031 25169 RALLYDEBUG rally_openstack.wrappers.network [-] CIDR generated: 1.1.6.72/30
2019-07-14 09:35:35.681 25196 RALLYDEBUG rally_openstack.wrappers.network [-] CIDR generated: 1.1.6.76/30
2019-07-14 09:35:35.719 25171 RALLYDEBUG rally_openstack.wrappers.network [-] CIDR generated: 1.1.6.80/30
2019-07-14 09:35:36.558 25169 RALLYDEBUG rally_openstack.wrappers.network [-] CIDR generated: 1.1.6.84/30
