2019-07-14 09:27:43.131 22696 RALLYDEBUG rally.api [-] INFO logs from urllib3 and requests module are hide.
2019-07-14 09:27:43.131 22696 RALLYDEBUG rally.api [-] urllib3 insecure warnings are hidden.
2019-07-14 09:27:43.131 22696 RALLYDEBUG rally.api [-] ERROR log from boto module is hide.
2019-07-14 09:27:45.348 22698 RALLYDEBUG rally.api [-] INFO logs from urllib3 and requests module are hide.
2019-07-14 09:27:45.348 22698 RALLYDEBUG rally.api [-] urllib3 insecure warnings are hidden.
2019-07-14 09:27:45.349 22698 RALLYDEBUG rally.api [-] ERROR log from boto module is hide.
2019-07-14 09:27:46.575 22698 WARNING rally_openstack.platforms.existing [-] endpoint is deprecated and not used.
2019-07-14 09:27:47.493 22700 RALLYDEBUG rally.api [-] INFO logs from urllib3 and requests module are hide.
2019-07-14 09:27:47.493 22700 RALLYDEBUG rally.api [-] urllib3 insecure warnings are hidden.
2019-07-14 09:27:47.493 22700 RALLYDEBUG rally.api [-] ERROR log from boto module is hide.
2019-07-14 09:27:50.744 22703 RALLYDEBUG rally.api [-] INFO logs from urllib3 and requests module are hide.
2019-07-14 09:27:50.744 22703 RALLYDEBUG rally.api [-] urllib3 insecure warnings are hidden.
2019-07-14 09:27:50.744 22703 RALLYDEBUG rally.api [-] ERROR log from boto module is hide.
2019-07-14 09:27:52.799 22705 RALLYDEBUG rally.api [-] INFO logs from urllib3 and requests module are hide.
2019-07-14 09:27:52.800 22705 RALLYDEBUG rally.api [-] urllib3 insecure warnings are hidden.
2019-07-14 09:27:52.800 22705 RALLYDEBUG rally.api [-] ERROR log from boto module is hide.
2019-07-14 09:27:54.000 22705 INFO rally.common.plugin.discover [-] Loading plugins from directories /root/.rally/plugins/*
2019-07-14 09:27:54.000 22705 INFO rally.common.plugin.discover [-] Loaded module with plugins: /root/.rally/plugins/__init__.py
2019-07-14 09:27:54.003 22705 INFO rally.common.plugin.discover [-] Loaded module with plugins: /root/.rally/plugins/trunk_scenario.py
2019-07-14 09:27:54.177 22705 INFO rally.task.engine [-] Task 29f1ba68-2839-475c-b580-0200f2e5da47 | Starting: Task validation.
2019-07-14 09:27:54.227 22705 INFO rally.task.engine [-] Task 29f1ba68-2839-475c-b580-0200f2e5da47 | Starting: Task validation of syntax.
2019-07-14 09:27:54.430 22705 INFO rally.task.engine [-] Task 29f1ba68-2839-475c-b580-0200f2e5da47 | Completed: Task validation of syntax.
2019-07-14 09:27:54.430 22705 INFO rally.task.engine [-] Task 29f1ba68-2839-475c-b580-0200f2e5da47 | Starting: Task validation of required platforms.
2019-07-14 09:27:54.488 22705 INFO rally.task.engine [-] Task 29f1ba68-2839-475c-b580-0200f2e5da47 | Completed: Task validation of required platforms.
2019-07-14 09:27:54.488 22705 INFO rally.task.engine [-] Task 29f1ba68-2839-475c-b580-0200f2e5da47 | Starting: Task validation of semantic.
2019-07-14 09:27:54.488 22705 INFO rally.task.engine [-] Check health of the environment 'fca179b2-84cc-419d-9ad0-5cd2b4c2b401'.
2019-07-14 09:27:55.322 22705 INFO rally.task.engine [-] Platform existing@openstack (available: True): OK!
2019-07-14 09:27:55.340 22705 RALLYDEBUG rally_openstack.contexts.keystone.users [-] Creating 1 tenants using 20 threads
2019-07-14 09:27:56.964 22705 RALLYDEBUG rally_openstack.contexts.keystone.users [-] Creating 1 users using 20 threads
2019-07-14 09:27:59.356 22705 INFO rally.task.context [-] Task 29f1ba68-2839-475c-b580-0200f2e5da47 | Context users@openstack setup() finished in 4.02 sec
2019-07-14 09:28:05.550 22705 INFO rally.task.context [-] Task 29f1ba68-2839-475c-b580-0200f2e5da47 | Context users@openstack cleanup() started
2019-07-14 09:28:10.451 22705 INFO rally.task.context [-] Task 29f1ba68-2839-475c-b580-0200f2e5da47 | Context users@openstack cleanup() finished in 4.90 sec
2019-07-14 09:28:10.452 22705 INFO rally.task.engine [-] Task 29f1ba68-2839-475c-b580-0200f2e5da47 | Completed: Task validation of semantic.
2019-07-14 09:28:10.452 22705 INFO rally.task.engine [-] Task 29f1ba68-2839-475c-b580-0200f2e5da47 | Completed: Task validation.
2019-07-14 09:28:10.452 22705 INFO rally.api [-] Task 29f1ba68-2839-475c-b580-0200f2e5da47 input file is valid.
2019-07-14 09:28:10.453 22705 INFO rally.api [-] Run Task 29f1ba68-2839-475c-b580-0200f2e5da47 against Deployment fca179b2-84cc-419d-9ad0-5cd2b4c2b401
2019-07-14 09:28:10.453 22705 INFO rally.task.engine [-] Task 29f1ba68-2839-475c-b580-0200f2e5da47 | Starting: Running task.
2019-07-14 09:28:10.598 22705 INFO rally.task.engine [-] Running workload: position = 0 config = { "version": 2, "title": "A cropped version of a bigger task.", "description": "Auto-generated task from a single workload (uuid=0cbb8c09-a3c7-4c04-a5a6-750fdf8dfef6)", "subtasks": [ { "title": "NeutronNetworks.create_and_list_networks", "description": "Check performance of list_networks action and ensure > network quotas are not exceeded", "scenario": { "NeutronNetworks.create_and_list_networks": {} }, "contexts": { "users": { "tenants": 1, "users_per_tenant": 1 }, "quotas": { "neutron": { "network": 119 } } }, "runner": { "constant": { "times": 100, "concurrency": 20 } }, "hooks": [], "sla": { "max_avg_duration_per_atomic": { "neutron.list_networks": 15 }, "failure_rate": { "max": 0 } } } ] }
2019-07-14 09:28:10.624 22705 RALLYDEBUG rally_openstack.contexts.keystone.users [-] Creating 1 tenants using 20 threads
2019-07-14 09:28:12.282 22705 RALLYDEBUG rally_openstack.contexts.keystone.users [-] Creating 1 users using 20 threads
2019-07-14 09:28:14.879 22705 INFO rally.task.context [-] Task 29f1ba68-2839-475c-b580-0200f2e5da47 | Context users@openstack setup() finished in 4.25 sec
2019-07-14 09:28:15.613 22705 INFO rally.task.context [-] Task 29f1ba68-2839-475c-b580-0200f2e5da47 | Context quotas@openstack setup() finished in 0.73 sec
2019-07-14 09:28:15.613 22705 INFO rally.task.context [-] Task 29f1ba68-2839-475c-b580-0200f2e5da47 | Context cleanup@openstack setup() finished in 0.04 msec
2019-07-14 09:28:15.621 22705 RALLYDEBUG rally.task.runner [-] Starting the constant runner (task UUID: 29f1ba68-2839-475c-b580-0200f2e5da47). timeout: 0 concurrency: 20 concurrency_per_worker: 1 times: 100 concurrency_overhead: 4 processes_to_start: 16 max_cpu_used: 16
2019-07-14 09:28:15.636 22829 RALLYDEBUG rally.task.runner [-] Starting a worker. concurrency: 2 args: {} times: 100 method_name: run timeout: 0 duration: None cls:
2019-07-14 09:28:15.639 22830 RALLYDEBUG rally.task.runner [-] Starting a worker. concurrency: 2 args: {} times: 100 method_name: run timeout: 0 duration: None cls:
2019-07-14 09:28:15.642 22831 RALLYDEBUG rally.task.runner [-] Starting a worker. concurrency: 2 args: {} times: 100 method_name: run timeout: 0 duration: None cls:
2019-07-14 09:28:15.644 22832 RALLYDEBUG rally.task.runner [-] Starting a worker. concurrency: 2 args: {} times: 100 method_name: run timeout: 0 duration: None cls:
2019-07-14 09:28:15.645 22829 INFO rally.task.runner [-] Task 29f1ba68-2839-475c-b580-0200f2e5da47 | ITER: 1 START
2019-07-14 09:28:15.647 22830 INFO rally.task.runner [-] Task 29f1ba68-2839-475c-b580-0200f2e5da47 | ITER: 2 START
2019-07-14 09:28:15.649 22835 RALLYDEBUG rally.task.runner [-] Starting a worker. concurrency: 1 args: {} times: 100 method_name: run timeout: 0 duration: None cls:
2019-07-14 09:28:15.651 22839 RALLYDEBUG rally.task.runner [-] Starting a worker. concurrency: 1 args: {} times: 100 method_name: run timeout: 0 duration: None cls:
2019-07-14 09:28:15.651 22830 INFO rally.task.runner [-] Task 29f1ba68-2839-475c-b580-0200f2e5da47 | ITER: 4 START
2019-07-14 09:28:15.650 22831 INFO rally.task.runner [-] Task 29f1ba68-2839-475c-b580-0200f2e5da47 | ITER: 5 START
2019-07-14 09:28:15.652 22829 INFO rally.task.runner [-] Task 29f1ba68-2839-475c-b580-0200f2e5da47 | ITER: 3 START
2019-07-14 09:28:15.654 22832 INFO rally.task.runner [-] Task 29f1ba68-2839-475c-b580-0200f2e5da47 | ITER: 6 START
2019-07-14 09:28:15.657 22845 RALLYDEBUG rally.task.runner [-] Starting a worker. concurrency: 1 args: {} times: 100 method_name: run timeout: 0 duration: None cls:
2019-07-14 09:28:15.659 22839 INFO rally.task.runner [-] Task 29f1ba68-2839-475c-b580-0200f2e5da47 | ITER: 10 START
2019-07-14 09:28:15.657 22835 INFO rally.task.runner [-] Task 29f1ba68-2839-475c-b580-0200f2e5da47 | ITER: 9 START
2019-07-14 09:28:15.654 22832 INFO rally.task.runner [-] Task 29f1ba68-2839-475c-b580-0200f2e5da47 | ITER: 8 START
2019-07-14 09:28:15.662 22831 INFO rally.task.runner [-] Task 29f1ba68-2839-475c-b580-0200f2e5da47 | ITER: 7 START
2019-07-14 09:28:15.665 22852 RALLYDEBUG rally.task.runner [-] Starting a worker. concurrency: 1 args: {} times: 100 method_name: run timeout: 0 duration: None cls:
2019-07-14 09:28:15.666 22845 INFO rally.task.runner [-] Task 29f1ba68-2839-475c-b580-0200f2e5da47 | ITER: 11 START
2019-07-14 09:28:15.665 22847 RALLYDEBUG rally.task.runner [-] Starting a worker. concurrency: 1 args: {} times: 100 method_name: run timeout: 0 duration: None cls:
2019-07-14 09:28:15.667 22854 RALLYDEBUG rally.task.runner [-] Starting a worker. concurrency: 1 args: {} times: 100 method_name: run timeout: 0 duration: None cls:
2019-07-14 09:28:15.671 22857 RALLYDEBUG rally.task.runner [-] Starting a worker. concurrency: 1 args: {} times: 100 method_name: run timeout: 0 duration: None cls:
2019-07-14 09:28:15.673 22847 INFO rally.task.runner [-] Task 29f1ba68-2839-475c-b580-0200f2e5da47 | ITER: 13 START
2019-07-14 09:28:15.674 22854 INFO rally.task.runner [-] Task 29f1ba68-2839-475c-b580-0200f2e5da47 | ITER: 14 START
2019-07-14 09:28:15.674 22858 RALLYDEBUG rally.task.runner [-] Starting a worker. concurrency: 1 args: {} times: 100 method_name: run timeout: 0 duration: None cls:
2019-07-14 09:28:15.676 22852 INFO rally.task.runner [-] Task 29f1ba68-2839-475c-b580-0200f2e5da47 | ITER: 12 START
2019-07-14 09:28:15.679 22857 INFO rally.task.runner [-] Task 29f1ba68-2839-475c-b580-0200f2e5da47 | ITER: 15 START
2019-07-14 09:28:15.680 22864 RALLYDEBUG rally.task.runner [-] Starting a worker. concurrency: 1 args: {} times: 100 method_name: run timeout: 0 duration: None cls:
2019-07-14 09:28:15.684 22858 INFO rally.task.runner [-] Task 29f1ba68-2839-475c-b580-0200f2e5da47 | ITER: 16 START
2019-07-14 09:28:15.686 22864 INFO rally.task.runner [-] Task 29f1ba68-2839-475c-b580-0200f2e5da47 | ITER: 17 START
2019-07-14 09:28:15.687 22868 RALLYDEBUG rally.task.runner [-] Starting a worker. concurrency: 1 args: {} times: 100 method_name: run timeout: 0 duration: None cls:
2019-07-14 09:28:15.693 22873 RALLYDEBUG rally.task.runner [-] Starting a worker. concurrency: 1 args: {} times: 100 method_name: run timeout: 0 duration: None cls:
2019-07-14 09:28:15.695 22868 INFO rally.task.runner [-] Task 29f1ba68-2839-475c-b580-0200f2e5da47 | ITER: 18 START
2019-07-14 09:28:15.702 22876 RALLYDEBUG rally.task.runner [-] Starting a worker. concurrency: 1 args: {} times: 100 method_name: run timeout: 0 duration: None cls:
2019-07-14 09:28:15.706 22873 INFO rally.task.runner [-] Task 29f1ba68-2839-475c-b580-0200f2e5da47 | ITER: 19 START
2019-07-14 09:28:15.709 22876 INFO rally.task.runner [-] Task 29f1ba68-2839-475c-b580-0200f2e5da47 | ITER: 20 START
2019-07-14 09:28:17.139 22829 INFO rally.task.runner [-] Task 29f1ba68-2839-475c-b580-0200f2e5da47 | ITER: 3 END: OK
2019-07-14 09:28:17.142 22829 INFO rally.task.runner [-] Task 29f1ba68-2839-475c-b580-0200f2e5da47 | ITER: 21 START
2019-07-14 09:28:17.240 22839 INFO rally.task.runner [-] Task 29f1ba68-2839-475c-b580-0200f2e5da47 | ITER: 10 END: OK
2019-07-14 09:28:17.243 22839 INFO rally.task.runner [-] Task 29f1ba68-2839-475c-b580-0200f2e5da47 | ITER: 22 START
2019-07-14 09:28:17.403 22858 INFO rally.task.runner [-] Task 29f1ba68-2839-475c-b580-0200f2e5da47 | ITER: 16 END: OK
2019-07-14 09:28:17.407 22858 INFO rally.task.runner [-] Task 29f1ba68-2839-475c-b580-0200f2e5da47 | ITER: 23 START
2019-07-14 09:28:17.703 22845 INFO rally.task.runner [-] Task 29f1ba68-2839-475c-b580-0200f2e5da47 | ITER: 11 END: OK
2019-07-14 09:28:17.706 22845 INFO rally.task.runner [-] Task 29f1ba68-2839-475c-b580-0200f2e5da47 | ITER: 24 START
2019-07-14 09:28:18.270 22829 INFO rally.task.runner [-] Task 29f1ba68-2839-475c-b580-0200f2e5da47 | ITER: 1 END: OK
2019-07-14 09:28:18.273 22829 INFO rally.task.runner [-] Task 29f1ba68-2839-475c-b580-0200f2e5da47 | ITER: 25 START
2019-07-14 09:28:18.384 22831 INFO rally.task.runner [-] Task 29f1ba68-2839-475c-b580-0200f2e5da47 | ITER: 5 END: OK
2019-07-14 09:28:18.388 22831 INFO rally.task.runner [-] Task 29f1ba68-2839-475c-b580-0200f2e5da47 | ITER: 26 START
2019-07-14 09:28:18.647 22831 INFO rally.task.runner [-] Task 29f1ba68-2839-475c-b580-0200f2e5da47 | ITER: 7 END: OK
2019-07-14 09:28:18.650 22831 INFO rally.task.runner [-] Task 29f1ba68-2839-475c-b580-0200f2e5da47 | ITER: 27 START
2019-07-14 09:28:18.666 22832 INFO rally.task.runner [-] Task 29f1ba68-2839-475c-b580-0200f2e5da47 | ITER: 6 END: OK
2019-07-14 09:28:18.669 22832 INFO rally.task.runner [-] Task 29f1ba68-2839-475c-b580-0200f2e5da47 | ITER: 28 START
2019-07-14 09:28:18.771 22835 INFO rally.task.runner [-] Task 29f1ba68-2839-475c-b580-0200f2e5da47 | ITER: 9 END: OK
2019-07-14 09:28:18.775 22835 INFO rally.task.runner [-] Task 29f1ba68-2839-475c-b580-0200f2e5da47 | ITER: 29 START
2019-07-14 09:28:19.285 22832 INFO rally.task.runner [-] Task 29f1ba68-2839-475c-b580-0200f2e5da47 | ITER: 8 END: OK
2019-07-14 09:28:19.288 22832 INFO rally.task.runner [-] Task 29f1ba68-2839-475c-b580-0200f2e5da47 | ITER: 30 START
2019-07-14 09:28:19.316 22847 INFO rally.task.runner [-] Task 29f1ba68-2839-475c-b580-0200f2e5da47 | ITER: 13 END: OK
2019-07-14 09:28:19.319 22847 INFO rally.task.runner [-] Task 29f1ba68-2839-475c-b580-0200f2e5da47 | ITER: 31 START
2019-07-14 09:28:19.411 22864 INFO rally.task.runner [-] Task 29f1ba68-2839-475c-b580-0200f2e5da47 | ITER: 17 END: OK
2019-07-14 09:28:19.415 22864 INFO rally.task.runner [-] Task 29f1ba68-2839-475c-b580-0200f2e5da47 | ITER: 32 START
2019-07-14 09:28:19.576 22857 INFO rally.task.runner [-] Task 29f1ba68-2839-475c-b580-0200f2e5da47 | ITER: 15 END: OK
2019-07-14 09:28:19.580 22857 INFO rally.task.runner [-] Task 29f1ba68-2839-475c-b580-0200f2e5da47 | ITER: 33 START
2019-07-14 09:28:19.691 22830 INFO rally.task.runner [-] Task 29f1ba68-2839-475c-b580-0200f2e5da47 | ITER: 2 END: OK
2019-07-14 09:28:19.694 22830 INFO rally.task.runner [-] Task 29f1ba68-2839-475c-b580-0200f2e5da47 | ITER: 34 START
2019-07-14 09:28:19.705 22830 INFO rally.task.runner [-] Task 29f1ba68-2839-475c-b580-0200f2e5da47 | ITER: 4 END: OK
2019-07-14 09:28:19.708 22830 INFO rally.task.runner [-] Task 29f1ba68-2839-475c-b580-0200f2e5da47 | ITER: 35 START
2019-07-14 09:28:19.805 22876 INFO rally.task.runner [-] Task 29f1ba68-2839-475c-b580-0200f2e5da47 | ITER: 20 END: OK
2019-07-14 09:28:19.806 22873 INFO rally.task.runner [-] Task 29f1ba68-2839-475c-b580-0200f2e5da47 | ITER: 19 END: OK
2019-07-14 09:28:19.808 22876 INFO rally.task.runner [-] Task 29f1ba68-2839-475c-b580-0200f2e5da47 | ITER: 36 START
2019-07-14 09:28:19.809 22873 INFO rally.task.runner [-] Task 29f1ba68-2839-475c-b580-0200f2e5da47 | ITER: 37 START
2019-07-14 09:28:19.813 22854 INFO rally.task.runner [-] Task 29f1ba68-2839-475c-b580-0200f2e5da47 | ITER: 14 END: OK
2019-07-14 09:28:19.817 22854 INFO rally.task.runner [-] Task 29f1ba68-2839-475c-b580-0200f2e5da47 | ITER: 38 START
2019-07-14 09:28:20.216 22868 INFO rally.task.runner [-] Task 29f1ba68-2839-475c-b580-0200f2e5da47 | ITER: 18 END: OK
2019-07-14 09:28:20.220 22868 INFO rally.task.runner [-] Task 29f1ba68-2839-475c-b580-0200f2e5da47 | ITER: 39 START
2019-07-14 09:28:20.225 22852 INFO rally.task.runner [-] Task 29f1ba68-2839-475c-b580-0200f2e5da47 | ITER: 12 END: OK
2019-07-14 09:28:20.228 22852 INFO rally.task.runner [-] Task 29f1ba68-2839-475c-b580-0200f2e5da47 | ITER: 40 START
2019-07-14 09:28:20.929 22864 INFO rally.task.runner [-] Task 29f1ba68-2839-475c-b580-0200f2e5da47 | ITER: 32 END: OK
2019-07-14 09:28:20.932 22864 INFO rally.task.runner [-] Task 29f1ba68-2839-475c-b580-0200f2e5da47 | ITER: 41 START
2019-07-14 09:28:21.308 22832 INFO rally.task.runner [-] Task 29f1ba68-2839-475c-b580-0200f2e5da47 | ITER: 28 END: OK
2019-07-14 09:28:21.311 22832 INFO rally.task.runner [-] Task 29f1ba68-2839-475c-b580-0200f2e5da47 | ITER: 42 START
2019-07-14 09:28:21.580 22831 INFO rally.task.runner [-] Task 29f1ba68-2839-475c-b580-0200f2e5da47 | ITER: 26 END: OK
2019-07-14 09:28:21.584 22831 INFO rally.task.runner [-] Task 29f1ba68-2839-475c-b580-0200f2e5da47 | ITER: 43 START
2019-07-14 09:28:21.742 22839 INFO rally.task.runner [-] Task 29f1ba68-2839-475c-b580-0200f2e5da47 | ITER: 22 END: OK
2019-07-14 09:28:21.745 22839 INFO rally.task.runner [-] Task 29f1ba68-2839-475c-b580-0200f2e5da47 | ITER: 44 START
2019-07-14 09:28:21.860 22858 INFO rally.task.runner [-] Task 29f1ba68-2839-475c-b580-0200f2e5da47 | ITER: 23 END: OK
2019-07-14 09:28:21.863 22858 INFO rally.task.runner [-] Task 29f1ba68-2839-475c-b580-0200f2e5da47 | ITER: 45 START
2019-07-14 09:28:22.495 22832 INFO rally.task.runner [-] Task 29f1ba68-2839-475c-b580-0200f2e5da47 | ITER: 30 END: OK
2019-07-14 09:28:22.499 22832 INFO rally.task.runner [-] Task 29f1ba68-2839-475c-b580-0200f2e5da47 | ITER: 46 START
2019-07-14 09:28:22.515 22830 INFO rally.task.runner [-] Task 29f1ba68-2839-475c-b580-0200f2e5da47 | ITER: 34 END: OK
2019-07-14 09:28:22.518 22830 INFO rally.task.runner [-] Task 29f1ba68-2839-475c-b580-0200f2e5da47 | ITER: 47 START
2019-07-14 09:28:22.710 22873 INFO rally.task.runner [-] Task 29f1ba68-2839-475c-b580-0200f2e5da47 | ITER: 37 END: OK
2019-07-14 09:28:22.713 22873 INFO rally.task.runner [-] Task 29f1ba68-2839-475c-b580-0200f2e5da47 | ITER: 48 START
2019-07-14 09:28:22.728 22854 INFO rally.task.runner [-] Task 29f1ba68-2839-475c-b580-0200f2e5da47 | ITER: 38 END: OK
2019-07-14 09:28:22.732 22854 INFO rally.task.runner [-] Task 29f1ba68-2839-475c-b580-0200f2e5da47 | ITER: 49 START
2019-07-14 09:28:22.976 22829 INFO rally.task.runner [-] Task 29f1ba68-2839-475c-b580-0200f2e5da47 | ITER: 25 END: OK
2019-07-14 09:28:22.979 22829 INFO rally.task.runner [-] Task 29f1ba68-2839-475c-b580-0200f2e5da47 | ITER: 50 START
2019-07-14 09:28:23.041 22868 INFO rally.task.runner [-] Task 29f1ba68-2839-475c-b580-0200f2e5da47 | ITER: 39 END: OK
2019-07-14 09:28:23.044 22868 INFO rally.task.runner [-] Task 29f1ba68-2839-475c-b580-0200f2e5da47 | ITER: 51 START
2019-07-14 09:28:23.083 22835 INFO rally.task.runner [-] Task 29f1ba68-2839-475c-b580-0200f2e5da47 | ITER: 29 END: OK
2019-07-14 09:28:23.086 22835 INFO rally.task.runner [-] Task 29f1ba68-2839-475c-b580-0200f2e5da47 | ITER: 52 START
2019-07-14 09:28:23.191 22864 INFO rally.task.runner [-] Task 29f1ba68-2839-475c-b580-0200f2e5da47 | ITER: 41 END: OK
2019-07-14 09:28:23.191 22832 INFO rally.task.runner [-] Task 29f1ba68-2839-475c-b580-0200f2e5da47 | ITER: 42 END: OK
2019-07-14 09:28:23.194 22864 INFO rally.task.runner [-] Task 29f1ba68-2839-475c-b580-0200f2e5da47 | ITER: 53 START
2019-07-14 09:28:23.195 22832 INFO rally.task.runner [-] Task 29f1ba68-2839-475c-b580-0200f2e5da47 | ITER: 54 START
2019-07-14 09:28:23.198 22831 INFO rally.task.runner [-] Task 29f1ba68-2839-475c-b580-0200f2e5da47 | ITER: 43 END: OK
2019-07-14 09:28:23.201 22831 INFO rally.task.runner [-] Task 29f1ba68-2839-475c-b580-0200f2e5da47 | ITER: 55 START
2019-07-14 09:28:23.218 22829 INFO rally.task.runner [-] Task 29f1ba68-2839-475c-b580-0200f2e5da47 | ITER: 21 END: OK
2019-07-14 09:28:23.222 22829 INFO rally.task.runner [-] Task 29f1ba68-2839-475c-b580-0200f2e5da47 | ITER: 56 START
2019-07-14 09:28:23.355 22845 INFO rally.task.runner [-] Task 29f1ba68-2839-475c-b580-0200f2e5da47 | ITER: 24 END: OK
2019-07-14 09:28:23.359 22845 INFO rally.task.runner [-] Task 29f1ba68-2839-475c-b580-0200f2e5da47 | ITER: 57 START
2019-07-14 09:28:23.472 22852 INFO rally.task.runner [-] Task 29f1ba68-2839-475c-b580-0200f2e5da47 | ITER: 40 END: OK
2019-07-14 09:28:23.474 22830 INFO rally.task.runner [-] Task 29f1ba68-2839-475c-b580-0200f2e5da47 | ITER: 35 END: OK
2019-07-14 09:28:23.475 22852 INFO rally.task.runner [-] Task 29f1ba68-2839-475c-b580-0200f2e5da47 | ITER: 58 START
2019-07-14 09:28:23.477 22830 INFO rally.task.runner [-] Task 29f1ba68-2839-475c-b580-0200f2e5da47 | ITER: 59 START
2019-07-14 09:28:23.581 22839 INFO rally.task.runner [-] Task 29f1ba68-2839-475c-b580-0200f2e5da47 | ITER: 44 END: OK
2019-07-14 09:28:23.584 22839 INFO rally.task.runner [-] Task 29f1ba68-2839-475c-b580-0200f2e5da47 | ITER: 60 START
2019-07-14 09:28:23.701 22858 INFO rally.task.runner [-] Task 29f1ba68-2839-475c-b580-0200f2e5da47 | ITER: 45 END: OK
2019-07-14 09:28:23.704 22858 INFO rally.task.runner [-] Task 29f1ba68-2839-475c-b580-0200f2e5da47 | ITER: 61 START
2019-07-14 09:28:23.787 22847 INFO rally.task.runner [-] Task 29f1ba68-2839-475c-b580-0200f2e5da47 | ITER: 31 END: OK
2019-07-14 09:28:23.790 22847 INFO rally.task.runner [-] Task 29f1ba68-2839-475c-b580-0200f2e5da47 | ITER: 62 START
2019-07-14 09:28:24.365 22873 INFO rally.task.runner [-] Task 29f1ba68-2839-475c-b580-0200f2e5da47 | ITER: 48 END: OK
2019-07-14 09:28:24.368 22873 INFO rally.task.runner [-] Task 29f1ba68-2839-475c-b580-0200f2e5da47 | ITER: 63 START
2019-07-14 09:28:24.547 22854 INFO rally.task.runner [-] Task 29f1ba68-2839-475c-b580-0200f2e5da47 | ITER: 49 END: OK
2019-07-14 09:28:24.550 22854 INFO rally.task.runner [-] Task 29f1ba68-2839-475c-b580-0200f2e5da47 | ITER: 64 START
2019-07-14 09:28:24.633 22876 INFO rally.task.runner [-] Task 29f1ba68-2839-475c-b580-0200f2e5da47 | ITER: 36 END: OK
2019-07-14 09:28:24.636 22876 INFO rally.task.runner [-] Task 29f1ba68-2839-475c-b580-0200f2e5da47 | ITER: 65 START
2019-07-14 09:28:24.782 22831 INFO rally.task.runner [-] Task 29f1ba68-2839-475c-b580-0200f2e5da47 | ITER: 27 END: OK
2019-07-14 09:28:24.785 22831 INFO rally.task.runner [-] Task 29f1ba68-2839-475c-b580-0200f2e5da47 | ITER: 66 START
2019-07-14 09:28:24.951 22857 INFO rally.task.runner [-] Task 29f1ba68-2839-475c-b580-0200f2e5da47 | ITER: 33 END: OK
2019-07-14 09:28:24.954 22857 INFO rally.task.runner [-] Task 29f1ba68-2839-475c-b580-0200f2e5da47 | ITER: 67 START
2019-07-14 09:28:25.207 22832 INFO rally.task.runner [-] Task 29f1ba68-2839-475c-b580-0200f2e5da47 | ITER: 46 END: OK
2019-07-14 09:28:25.208 22830 INFO rally.task.runner [-] Task 29f1ba68-2839-475c-b580-0200f2e5da47 | ITER: 47 END: OK
2019-07-14 09:28:25.210 22832 INFO rally.task.runner [-] Task 29f1ba68-2839-475c-b580-0200f2e5da47 | ITER: 68 START
2019-07-14 09:28:25.212 22830 INFO rally.task.runner [-] Task 29f1ba68-2839-475c-b580-0200f2e5da47 | ITER: 69 START
2019-07-14 09:28:25.216 22831 INFO rally.task.runner [-] Task 29f1ba68-2839-475c-b580-0200f2e5da47 | ITER: 55 END: OK
2019-07-14 09:28:25.219 22831 INFO rally.task.runner [-] Task 29f1ba68-2839-475c-b580-0200f2e5da47 | ITER: 70 START
2019-07-14 09:28:25.243 22868 INFO rally.task.runner [-] Task 29f1ba68-2839-475c-b580-0200f2e5da47 | ITER: 51 END: OK
2019-07-14 09:28:25.245 22868 INFO rally.task.runner [-] Task 29f1ba68-2839-475c-b580-0200f2e5da47 | ITER: 71 START
2019-07-14 09:28:25.311 22829 INFO rally.task.runner [-] Task 29f1ba68-2839-475c-b580-0200f2e5da47 | ITER: 56 END: OK
2019-07-14 09:28:25.314 22829 INFO rally.task.runner [-] Task 29f1ba68-2839-475c-b580-0200f2e5da47 | ITER: 72 START
2019-07-14 09:28:25.584 22829 INFO rally.task.runner [-] Task 29f1ba68-2839-475c-b580-0200f2e5da47 | ITER: 50 END: OK
2019-07-14 09:28:25.587 22829 INFO rally.task.runner [-] Task 29f1ba68-2839-475c-b580-0200f2e5da47 | ITER: 73 START
2019-07-14 09:28:25.685 22835 INFO rally.task.runner [-] Task 29f1ba68-2839-475c-b580-0200f2e5da47 | ITER: 52 END: OK
2019-07-14 09:28:25.688 22835 INFO rally.task.runner [-] Task 29f1ba68-2839-475c-b580-0200f2e5da47 | ITER: 74 START
2019-07-14 09:28:25.827 22845 INFO rally.task.runner [-] Task 29f1ba68-2839-475c-b580-0200f2e5da47 | ITER: 57 END: OK
2019-07-14 09:28:25.830 22845 INFO rally.task.runner [-] Task 29f1ba68-2839-475c-b580-0200f2e5da47 | ITER: 75 START
2019-07-14 09:28:25.839 22858 INFO rally.task.runner [-] Task 29f1ba68-2839-475c-b580-0200f2e5da47 | ITER: 61 END: OK
2019-07-14 09:28:25.841 22858 INFO rally.task.runner [-] Task 29f1ba68-2839-475c-b580-0200f2e5da47 | ITER: 76 START
2019-07-14 09:28:25.894 22839 INFO rally.task.runner [-] Task 29f1ba68-2839-475c-b580-0200f2e5da47 | ITER: 60 END: OK
2019-07-14 09:28:25.898 22839 INFO rally.task.runner [-] Task 29f1ba68-2839-475c-b580-0200f2e5da47 | ITER: 77 START
2019-07-14 09:28:26.237 22864 INFO rally.task.runner [-] Task 29f1ba68-2839-475c-b580-0200f2e5da47 | ITER: 53 END: OK
2019-07-14 09:28:26.240 22864 INFO rally.task.runner [-] Task 29f1ba68-2839-475c-b580-0200f2e5da47 | ITER: 78 START
2019-07-14 09:28:26.387 22873 INFO rally.task.runner [-] Task 29f1ba68-2839-475c-b580-0200f2e5da47 | ITER: 63 END: OK
2019-07-14 09:28:26.390 22873 INFO rally.task.runner [-] Task 29f1ba68-2839-475c-b580-0200f2e5da47 | ITER: 79 START
2019-07-14 09:28:26.477 22852 INFO rally.task.runner [-] Task 29f1ba68-2839-475c-b580-0200f2e5da47 | ITER: 58 END: OK
2019-07-14 09:28:26.480 22832 INFO rally.task.runner [-] Task 29f1ba68-2839-475c-b580-0200f2e5da47 | ITER: 54 END: OK
2019-07-14 09:28:26.480 22852 INFO rally.task.runner [-] Task 29f1ba68-2839-475c-b580-0200f2e5da47 | ITER: 80 START
2019-07-14 09:28:26.484 22832 INFO rally.task.runner [-] Task 29f1ba68-2839-475c-b580-0200f2e5da47 | ITER: 81 START
2019-07-14 09:28:26.494 22876 INFO rally.task.runner [-] Task 29f1ba68-2839-475c-b580-0200f2e5da47 | ITER: 65 END: OK
2019-07-14 09:28:26.498 22876 INFO rally.task.runner [-] Task 29f1ba68-2839-475c-b580-0200f2e5da47 | ITER: 82 START
2019-07-14 09:28:26.587 22830 INFO rally.task.runner [-] Task 29f1ba68-2839-475c-b580-0200f2e5da47 | ITER: 59 END: OK
2019-07-14 09:28:26.590 22830 INFO rally.task.runner [-] Task 29f1ba68-2839-475c-b580-0200f2e5da47 | ITER: 83 START
2019-07-14 09:28:26.977 22854 INFO rally.task.runner [-] Task 29f1ba68-2839-475c-b580-0200f2e5da47 | ITER: 64 END: OK
2019-07-14 09:28:26.981 22854 INFO rally.task.runner [-] Task 29f1ba68-2839-475c-b580-0200f2e5da47 | ITER: 84 START
2019-07-14 09:28:27.220 22868 INFO rally.task.runner [-] Task 29f1ba68-2839-475c-b580-0200f2e5da47 | ITER: 71 END: OK
2019-07-14 09:28:27.223 22847 INFO rally.task.runner [-] Task 29f1ba68-2839-475c-b580-0200f2e5da47 | ITER: 62 END: OK
2019-07-14 09:28:27.223 22868 INFO rally.task.runner [-] Task 29f1ba68-2839-475c-b580-0200f2e5da47 | ITER: 85 START
2019-07-14 09:28:27.226 22847 INFO rally.task.runner [-] Task 29f1ba68-2839-475c-b580-0200f2e5da47 | ITER: 86 START
2019-07-14 09:28:27.406 22830 INFO rally.task.runner [-] Task 29f1ba68-2839-475c-b580-0200f2e5da47 | ITER: 69 END: OK
2019-07-14 09:28:27.410 22830 INFO rally.task.runner [-] Task 29f1ba68-2839-475c-b580-0200f2e5da47 | ITER: 87 START
2019-07-14 09:28:27.583 22831 INFO rally.task.runner [-] Task 29f1ba68-2839-475c-b580-0200f2e5da47 | ITER: 70 END: OK
2019-07-14 09:28:27.586 22831 INFO rally.task.runner [-] Task 29f1ba68-2839-475c-b580-0200f2e5da47 | ITER: 88 START
2019-07-14 09:28:27.743 22831 INFO rally.task.runner [-] Task 29f1ba68-2839-475c-b580-0200f2e5da47 | ITER: 66 END: OK
2019-07-14 09:28:27.746 22831 INFO rally.task.runner [-] Task 29f1ba68-2839-475c-b580-0200f2e5da47 | ITER: 89 START
2019-07-14 09:28:27.878 22857 INFO rally.task.runner [-] Task 29f1ba68-2839-475c-b580-0200f2e5da47 | ITER: 67 END: OK
2019-07-14 09:28:27.882 22857 INFO rally.task.runner [-] Task 29f1ba68-2839-475c-b580-0200f2e5da47 | ITER: 90 START
2019-07-14 09:28:27.890 22829 INFO rally.task.runner [-] Task 29f1ba68-2839-475c-b580-0200f2e5da47 | ITER: 72 END: OK
2019-07-14 09:28:27.893 22829 INFO rally.task.runner [-] Task 29f1ba68-2839-475c-b580-0200f2e5da47 | ITER: 91 START
2019-07-14 09:28:27.896 22832 INFO rally.task.runner [-] Task 29f1ba68-2839-475c-b580-0200f2e5da47 | ITER: 68 END: OK
2019-07-14 09:28:27.899 22832 INFO rally.task.runner [-] Task 29f1ba68-2839-475c-b580-0200f2e5da47 | ITER: 92 START
2019-07-14 09:28:27.914 22858 INFO rally.task.runner [-] Task 29f1ba68-2839-475c-b580-0200f2e5da47 | ITER: 76 END: OK
2019-07-14 09:28:27.917 22858 INFO rally.task.runner [-] Task 29f1ba68-2839-475c-b580-0200f2e5da47 | ITER: 93 START
2019-07-14 09:28:28.295 22839 INFO rally.task.runner [-] Task 29f1ba68-2839-475c-b580-0200f2e5da47 | ITER: 77 END: OK
2019-07-14 09:28:28.298 22839 INFO rally.task.runner [-] Task 29f1ba68-2839-475c-b580-0200f2e5da47 | ITER: 94 START
2019-07-14 09:28:28.354 22852 INFO rally.task.runner [-] Task 29f1ba68-2839-475c-b580-0200f2e5da47 | ITER: 80 END: OK
2019-07-14 09:28:28.357 22852 INFO rally.task.runner [-] Task 29f1ba68-2839-475c-b580-0200f2e5da47 | ITER: 95 START
2019-07-14 09:28:28.590 22835 INFO rally.task.runner [-] Task 29f1ba68-2839-475c-b580-0200f2e5da47 | ITER: 74 END: OK
2019-07-14 09:28:28.593 22835 INFO rally.task.runner [-] Task 29f1ba68-2839-475c-b580-0200f2e5da47 | ITER: 96 START
2019-07-14 09:28:28.609 22864 INFO rally.task.runner [-] Task 29f1ba68-2839-475c-b580-0200f2e5da47 | ITER: 78 END: OK
2019-07-14 09:28:28.612 22864 INFO rally.task.runner [-] Task 29f1ba68-2839-475c-b580-0200f2e5da47 | ITER: 97 START
2019-07-14 09:28:28.920 22873 INFO rally.task.runner [-] Task 29f1ba68-2839-475c-b580-0200f2e5da47 | ITER: 79 END: OK
2019-07-14 09:28:28.923 22873 INFO rally.task.runner [-] Task 29f1ba68-2839-475c-b580-0200f2e5da47 | ITER: 98 START
2019-07-14 09:28:29.217 22876 INFO rally.task.runner [-] Task 29f1ba68-2839-475c-b580-0200f2e5da47 | ITER: 82 END: OK
2019-07-14 09:28:29.220 22876 INFO rally.task.runner [-] Task 29f1ba68-2839-475c-b580-0200f2e5da47 | ITER: 99 START
2019-07-14 09:28:29.287 22830 INFO rally.task.runner [-] Task 29f1ba68-2839-475c-b580-0200f2e5da47 | ITER: 83 END: OK
2019-07-14 09:28:29.291 22830 INFO rally.task.runner [-] Task 29f1ba68-2839-475c-b580-0200f2e5da47 | ITER: 100 START
2019-07-14 09:28:29.321 22845 INFO rally.task.runner [-] Task 29f1ba68-2839-475c-b580-0200f2e5da47 | ITER: 75 END: OK
2019-07-14 09:28:29.325 22868 INFO rally.task.runner [-] Task 29f1ba68-2839-475c-b580-0200f2e5da47 | ITER: 85 END: OK
2019-07-14 09:28:29.330 22847 INFO rally.task.runner [-] Task 29f1ba68-2839-475c-b580-0200f2e5da47 | ITER: 86 END: OK
2019-07-14 09:28:29.331 22830 INFO rally.task.runner [-] Task 29f1ba68-2839-475c-b580-0200f2e5da47 | ITER: 87 END: OK
2019-07-14 09:28:29.379 22832 INFO rally.task.runner [-] Task 29f1ba68-2839-475c-b580-0200f2e5da47 | ITER: 81 END: OK
2019-07-14 09:28:29.484 22854 INFO rally.task.runner [-] Task 29f1ba68-2839-475c-b580-0200f2e5da47 | ITER: 84 END: OK
2019-07-14 09:28:29.522 22829 INFO rally.task.runner [-] Task 29f1ba68-2839-475c-b580-0200f2e5da47 | ITER: 73 END: OK
2019-07-14 09:28:29.731 22831 INFO rally.task.runner [-] Task 29f1ba68-2839-475c-b580-0200f2e5da47 | ITER: 88 END: OK
2019-07-14 09:28:30.231 22831 INFO rally.task.runner [-] Task 29f1ba68-2839-475c-b580-0200f2e5da47 | ITER: 89 END: OK
2019-07-14 09:28:30.826 22857 INFO rally.task.runner [-] Task 29f1ba68-2839-475c-b580-0200f2e5da47 | ITER: 90 END: OK
2019-07-14 09:28:30.826 22829 INFO rally.task.runner [-] Task 29f1ba68-2839-475c-b580-0200f2e5da47 | ITER: 91 END: OK
2019-07-14 09:28:30.829 22839 INFO rally.task.runner [-] Task 29f1ba68-2839-475c-b580-0200f2e5da47 | ITER: 94 END: OK
2019-07-14 09:28:30.836 22832 INFO rally.task.runner [-] Task 29f1ba68-2839-475c-b580-0200f2e5da47 | ITER: 92 END: OK
2019-07-14 09:28:30.935 22858 INFO rally.task.runner [-] Task 29f1ba68-2839-475c-b580-0200f2e5da47 | ITER: 93 END: OK
2019-07-14 09:28:31.058 22830 INFO rally.task.runner [-] Task 29f1ba68-2839-475c-b580-0200f2e5da47 | ITER: 100 END: OK
2019-07-14 09:28:31.257 22873 INFO rally.task.runner [-] Task 29f1ba68-2839-475c-b580-0200f2e5da47 | ITER: 98 END: OK
2019-07-14 09:28:31.335 22876 INFO rally.task.runner [-] Task 29f1ba68-2839-475c-b580-0200f2e5da47 | ITER: 99 END: OK
2019-07-14 09:28:31.346 22864 INFO rally.task.runner [-] Task 29f1ba68-2839-475c-b580-0200f2e5da47 | ITER: 97 END: OK
2019-07-14 09:28:31.374 22852 INFO rally.task.runner [-] Task 29f1ba68-2839-475c-b580-0200f2e5da47 | ITER: 95 END: OK
2019-07-14 09:28:31.553 22835 INFO rally.task.runner [-] Task 29f1ba68-2839-475c-b580-0200f2e5da47 | ITER: 96 END: OK
2019-07-14 09:28:31.574 22705 INFO rally.task.context [-] Task 29f1ba68-2839-475c-b580-0200f2e5da47 | Context cleanup@openstack cleanup() started
2019-07-14 09:28:31.577 22705 RALLYDEBUG rally_openstack.cleanup.manager [-] Cleaning up neutron vip objects
2019-07-14 09:28:32.192 22705 RALLYDEBUG rally_openstack.cleanup.manager [-] Cleaning up neutron health_monitor objects
2019-07-14 09:28:32.821 22705 RALLYDEBUG rally_openstack.cleanup.manager [-] Cleaning up neutron pool objects
2019-07-14 09:28:33.441 22705 RALLYDEBUG rally_openstack.cleanup.manager [-] Cleaning up neutron loadbalancer objects
2019-07-14 09:28:34.071 22705 RALLYDEBUG rally_openstack.cleanup.manager [-] Cleaning up neutron floatingip objects
2019-07-14 09:28:34.758 22705 RALLYDEBUG rally_openstack.cleanup.manager [-] Cleaning up neutron port objects
2019-07-14 09:28:35.395 22705 RALLYDEBUG rally_openstack.cleanup.manager [-] Cleaning up neutron subnet objects
2019-07-14 09:28:36.172 22705 RALLYDEBUG rally_openstack.cleanup.manager [-] Cleaning up neutron network objects
2019-07-14 09:28:37.104 22705 RALLYDEBUG rally_openstack.cleanup.manager [-] Deleting neutron.network object s_rally_0cbb8c09_LcEhe7dd (058643d5-9e30-4c8e-b324-a9ebba141ed4)
2019-07-14 09:28:37.105 22705 RALLYDEBUG rally_openstack.cleanup.manager [-] Deleting neutron.network object s_rally_0cbb8c09_cWkZLl3t (14e7b6d9-3481-4281-a6dc-ceb4b3b0da75)
2019-07-14 09:28:37.105 22705 RALLYDEBUG rally_openstack.cleanup.manager [-] Deleting neutron.network object s_rally_0cbb8c09_RCeqiZhs (226fd71f-a5ed-4d74-be44-415486d61131)
2019-07-14 09:28:37.118 22705 RALLYDEBUG rally_openstack.cleanup.manager [-] Deleting neutron.network object s_rally_0cbb8c09_xqGoQ9pX (23723234-0e50-4892-8b08-5621ffa9fb73)
2019-07-14 09:28:37.125 22705 RALLYDEBUG rally_openstack.cleanup.manager [-] Deleting neutron.network object s_rally_0cbb8c09_n6kKgZNm (25527f3b-60f0-4e6e-a349-f0bc61bb936b)
2019-07-14 09:28:37.136 22705 RALLYDEBUG rally_openstack.cleanup.manager [-] Deleting neutron.network object s_rally_0cbb8c09_F6GEsFGU (06da2c45-cce5-43c3-8ac2-61fb7453e0dc)
2019-07-14 09:28:37.137 22705 RALLYDEBUG rally_openstack.cleanup.manager [-] Deleting neutron.network object s_rally_0cbb8c09_RRea7TiV (0b78aee8-f196-4d6c-b73e-eee5f442b418)
2019-07-14 09:28:37.144 22705 RALLYDEBUG rally_openstack.cleanup.manager [-] Deleting neutron.network object s_rally_0cbb8c09_PC9JW4BG (1f1ccae7-32d8-41ef-8fbd-5662e10988cd)
2019-07-14 09:28:37.145 22705 RALLYDEBUG rally_openstack.cleanup.manager [-] Deleting neutron.network object s_rally_0cbb8c09_9M1cxhAM (2c321d71-14c6-4e52-b2a2-7519e0bbf25c)
2019-07-14 09:28:37.146 22705 RALLYDEBUG rally_openstack.cleanup.manager [-] Deleting neutron.network object s_rally_0cbb8c09_81VCnNwh (0b75ba3d-b495-4b27-b2eb-2de8ce49c8a4)
2019-07-14 09:28:37.147 22705 RALLYDEBUG rally_openstack.cleanup.manager [-] Deleting neutron.network object s_rally_0cbb8c09_O2cNHrJ5 (12078489-2547-4cca-b247-aa6289e2d466)
2019-07-14 09:28:37.154 22705 RALLYDEBUG rally_openstack.cleanup.manager [-] Deleting neutron.network object s_rally_0cbb8c09_ou2Eit0T (1233927f-0cdc-4f8a-8d68-e26206ac582e)
2019-07-14 09:28:37.156 22705 RALLYDEBUG rally_openstack.cleanup.manager [-] Deleting neutron.network object s_rally_0cbb8c09_XWs0vycK (26450aa5-b4cc-41df-be10-4bd92608fc13)
2019-07-14 09:28:37.156 22705 RALLYDEBUG rally_openstack.cleanup.manager [-] Deleting neutron.network object s_rally_0cbb8c09_Fg3wOoBe (129d3414-4d30-433e-81cb-8ccc4943373c)
2019-07-14 09:28:37.157 22705 RALLYDEBUG rally_openstack.cleanup.manager [-] Deleting neutron.network object s_rally_0cbb8c09_syG9guFD (2d8b99be-b3b6-4c96-9380-3bffba3e99f9)
2019-07-14 09:28:37.160 22705 RALLYDEBUG rally_openstack.cleanup.manager [-] Deleting neutron.network object s_rally_0cbb8c09_1lTp7iBi (0f985c85-7c04-4761-9986-d06577c428bb)
2019-07-14 09:28:37.162 22705 RALLYDEBUG rally_openstack.cleanup.manager [-] Deleting neutron.network object s_rally_0cbb8c09_809XqSZt (030704a3-aae2-4598-b70a-deea2e90129a)
2019-07-14 09:28:37.167 22705 RALLYDEBUG rally_openstack.cleanup.manager [-] Deleting neutron.network object s_rally_0cbb8c09_bJTNy2TQ (30ab4827-8ebb-4eee-b47b-e931d5a90c4c)
2019-07-14 09:28:37.175 22705 RALLYDEBUG rally_openstack.cleanup.manager [-] Deleting neutron.network object s_rally_0cbb8c09_wsRqQEVK (33ee8abf-255a-4d84-ba47-e29246e44906)
2019-07-14 09:28:37.176 22705 RALLYDEBUG rally_openstack.cleanup.manager [-] Deleting neutron.network object s_rally_0cbb8c09_OI6EXzWJ (32f77daf-69e5-4ba7-a2b2-9343113c3bea)
2019-07-14 09:28:40.687 22705 RALLYDEBUG rally_openstack.cleanup.manager [-] Deleting neutron.network object s_rally_0cbb8c09_4ADP1SRH (3492ff48-6fcd-4c02-a16f-baaeb707700d)
2019-07-14 09:28:40.710 22705 RALLYDEBUG rally_openstack.cleanup.manager [-] Deleting neutron.network object s_rally_0cbb8c09_BvuY6auI (361b8ec1-9b19-4d2a-a480-4ba4856f4f31)
2019-07-14 09:28:41.477 22705 RALLYDEBUG rally_openstack.cleanup.manager [-] Deleting neutron.network object s_rally_0cbb8c09_es3XXgr8 (37d61254-e41e-45ac-943c-9c68f852a6df)
2019-07-14 09:28:41.487 22705 RALLYDEBUG rally_openstack.cleanup.manager [-] Deleting neutron.network object s_rally_0cbb8c09_wBj3jfxt (38106592-141f-4bdd-9223-0b9402c61669)
2019-07-14 09:28:41.814 22705 RALLYDEBUG rally_openstack.cleanup.manager [-] Deleting neutron.network object s_rally_0cbb8c09_TwliHiEM (421e100f-b7d9-49a2-a393-e112f5ceef5f)
2019-07-14 09:28:41.857 22705 RALLYDEBUG rally_openstack.cleanup.manager [-] Deleting neutron.network object s_rally_0cbb8c09_jLakAnOK (4257e8e7-fd2b-4a4b-be04-1aa664f8e05b)
2019-07-14 09:28:41.898 22705 RALLYDEBUG rally_openstack.cleanup.manager [-] Deleting neutron.network object s_rally_0cbb8c09_nDnxFZEZ (43b33c10-aea7-4322-878e-96307eb19ced)
2019-07-14 09:28:41.904 22705 RALLYDEBUG rally_openstack.cleanup.manager [-] Deleting neutron.network object s_rally_0cbb8c09_cYdCA05s (44a91795-a413-4b60-95e6-e74aabc7d946)
2019-07-14 09:28:41.937 22705 RALLYDEBUG rally_openstack.cleanup.manager [-] Deleting neutron.network object s_rally_0cbb8c09_6ExsAjBw (45ced01f-a362-456d-9a44-dac3ac20cdf8)
2019-07-14 09:28:41.938 22705 RALLYDEBUG rally_openstack.cleanup.manager [-] Deleting neutron.network object s_rally_0cbb8c09_nq9TVrgN (4691ed0b-d083-4581-a11b-fa96e08e8b20)
2019-07-14 09:28:41.989 22705 RALLYDEBUG rally_openstack.cleanup.manager [-] Deleting neutron.network object s_rally_0cbb8c09_4Dpx6LJB (495e96b5-61c7-4f6e-b7eb-4c10260df232)
2019-07-14 09:28:42.238 22705 RALLYDEBUG rally_openstack.cleanup.manager [-] Deleting neutron.network object s_rally_0cbb8c09_PxUe0FoG (4b7552b9-06a0-4263-93f4-b798a9a5e49c)
2019-07-14 09:28:42.249 22705 RALLYDEBUG rally_openstack.cleanup.manager [-] Deleting neutron.network object s_rally_0cbb8c09_IDyljLWY (52917ceb-43db-4839-a7cc-c198a6eb3382)
2019-07-14 09:28:42.408 22705 RALLYDEBUG rally_openstack.cleanup.manager [-] Deleting neutron.network object s_rally_0cbb8c09_EL5nBY6Y (55cc5ff1-3b08-4a7e-bf60-95a32e16bf80)
2019-07-14 09:28:42.494 22705 RALLYDEBUG rally_openstack.cleanup.manager [-] Deleting neutron.network object s_rally_0cbb8c09_hPrGBbDn (568f18d9-18b2-4c6b-aa1d-42d992529f26)
2019-07-14 09:28:42.642 22705 RALLYDEBUG rally_openstack.cleanup.manager [-] Deleting neutron.network object s_rally_0cbb8c09_rrIAcbRb (586f7a56-8e7b-4747-bc0f-24ee00d1b30e)
2019-07-14 09:28:42.683 22705 RALLYDEBUG rally_openstack.cleanup.manager [-] Deleting neutron.network object s_rally_0cbb8c09_NuBIa2Ma (597b2300-8862-4b3e-8332-2fddd88e06ec)
2019-07-14 09:28:42.973 22705 RALLYDEBUG rally_openstack.cleanup.manager [-] Deleting neutron.network object s_rally_0cbb8c09_HS2o7YOs (606d1cb9-6555-48a4-a450-15f06eb705a7)
2019-07-14 09:28:42.974 22705 RALLYDEBUG rally_openstack.cleanup.manager [-] Deleting neutron.network object s_rally_0cbb8c09_u27Ch0gL (5d9adc4c-55fe-4a71-8efe-9e689357e7bd)
2019-07-14 09:28:43.014 22705 RALLYDEBUG rally_openstack.cleanup.manager [-] Deleting neutron.network object s_rally_0cbb8c09_r7MDbixt (650bb8f4-5409-4204-b5bf-264e7b6615b6)
2019-07-14 09:28:44.706 22705 RALLYDEBUG rally_openstack.cleanup.manager [-] Deleting neutron.network object s_rally_0cbb8c09_0yZsGpDl (681f6946-978d-4b95-8119-7906e3103ed6)
2019-07-14 09:28:44.837 22705 RALLYDEBUG rally_openstack.cleanup.manager [-] Deleting neutron.network object s_rally_0cbb8c09_LCApOYcI (6b2dc2c9-fcc3-4ee7-bff7-e591c0f89d95)
2019-07-14 09:28:44.901 22705 RALLYDEBUG rally_openstack.cleanup.manager [-] Deleting neutron.network object s_rally_0cbb8c09_CEPCCvCt (6eacf19e-9d48-49ca-a507-071fe8564fe4)
2019-07-14 09:28:44.911 22705 RALLYDEBUG rally_openstack.cleanup.manager [-] Deleting neutron.network object s_rally_0cbb8c09_AN8r12CP (70a82939-8328-46bb-8b3b-409680e69467)
2019-07-14 09:28:45.451 22705 RALLYDEBUG rally_openstack.cleanup.manager [-] Deleting neutron.network object s_rally_0cbb8c09_UrAu1S2s (748082b6-8245-4dcb-ad8a-a51ff57b0bb7)
2019-07-14 09:28:45.677 22705 RALLYDEBUG rally_openstack.cleanup.manager [-] Deleting neutron.network object s_rally_0cbb8c09_xJnhaee3 (7530945d-17e5-4863-a7be-3069a00d9a8b)
2019-07-14 09:28:45.729 22705 RALLYDEBUG rally_openstack.cleanup.manager [-] Deleting neutron.network object s_rally_0cbb8c09_RnHp3H6L (76609e52-b4e1-457a-8929-4982fa916a3a)
2019-07-14 09:28:45.803 22705 RALLYDEBUG rally_openstack.cleanup.manager [-] Deleting neutron.network object s_rally_0cbb8c09_qJiTnLva (77797526-a874-43f9-9603-036ff3df3a89)
2019-07-14 09:28:46.155 22705 RALLYDEBUG rally_openstack.cleanup.manager [-] Deleting neutron.network object s_rally_0cbb8c09_8XLIFldc (7a0f1ef7-ecd8-49cb-9d4e-8e978dfcfc97)
2019-07-14 09:28:46.259 22705 RALLYDEBUG rally_openstack.cleanup.manager [-] Deleting neutron.network object s_rally_0cbb8c09_TgPE9vqF (7a8a067e-8325-4547-a67c-25efcd8b5324)
2019-07-14 09:28:46.282 22705 RALLYDEBUG rally_openstack.cleanup.manager [-] Deleting neutron.network object s_rally_0cbb8c09_EG9vfV0W (7acd42c0-88bb-43b8-a01d-decdeb1c2fad)
2019-07-14 09:28:46.362 22705 RALLYDEBUG rally_openstack.cleanup.manager [-] Deleting neutron.network object s_rally_0cbb8c09_rP4T4Drq (7d065c8c-293c-493e-aa5e-c98dd0dde450)
2019-07-14 09:28:46.465 22705 RALLYDEBUG rally_openstack.cleanup.manager [-] Deleting neutron.network object s_rally_0cbb8c09_Q55ch3VC (7fcddd21-465d-487e-bba1-80789c7ee75c)
2019-07-14 09:28:46.507 22705 RALLYDEBUG rally_openstack.cleanup.manager [-] Deleting neutron.network object s_rally_0cbb8c09_FEQMIryb (83f7c46d-54b3-4fd9-902e-133bb3588184)
2019-07-14 09:28:46.650 22705 RALLYDEBUG rally_openstack.cleanup.manager [-] Deleting neutron.network object s_rally_0cbb8c09_y9UmItvM (8eb3beac-1f6e-4175-b4f4-dd2f9c95afec)
2019-07-14 09:28:47.249 22705 RALLYDEBUG rally_openstack.cleanup.manager [-] Deleting neutron.network object s_rally_0cbb8c09_PANRx2om (910a47ad-7d8c-4866-9f39-8e7fdb640650)
2019-07-14 09:28:47.277 22705 RALLYDEBUG rally_openstack.cleanup.manager [-] Deleting neutron.network object s_rally_0cbb8c09_q2lUsD6l (958964db-db31-4003-9ff4-d1663c96346c)
2019-07-14 09:28:47.329 22705 RALLYDEBUG rally_openstack.cleanup.manager [-] Deleting neutron.network object s_rally_0cbb8c09_J7KSUWkN (9759d525-979d-4ee4-a53e-77111372eec1)
2019-07-14 09:28:47.545 22705 RALLYDEBUG rally_openstack.cleanup.manager [-] Deleting neutron.network object s_rally_0cbb8c09_rEKJq30D (98a6c20b-9de7-4ea8-8ab1-8952aeeca4f3)
2019-07-14 09:28:47.938 22705 RALLYDEBUG rally_openstack.cleanup.manager [-] Deleting neutron.network object s_rally_0cbb8c09_3xiDogWR (9ecc0887-b01a-41c4-90e5-03459c31b1e5)
2019-07-14 09:28:47.956 22705 RALLYDEBUG rally_openstack.cleanup.manager [-] Deleting neutron.network object s_rally_0cbb8c09_PVduhdxh (a5cf1c00-f037-4a56-901e-0cf41a09509f)
2019-07-14 09:28:48.033 22705 RALLYDEBUG rally_openstack.cleanup.manager [-] Deleting neutron.network object s_rally_0cbb8c09_wtL4oW58 (ab495b32-549e-47e8-ad96-540fac0bc22a)
2019-07-14 09:28:48.092 22705 RALLYDEBUG rally_openstack.cleanup.manager [-] Deleting neutron.network object s_rally_0cbb8c09_jTwJYiSe (ae028b3e-86f5-4e01-9fee-375acd7cfecb)
2019-07-14 09:28:48.346 22705 RALLYDEBUG rally_openstack.cleanup.manager [-] Deleting neutron.network object s_rally_0cbb8c09_FgzohYnz (af969b79-8dc6-45b8-8b76-d022547026c3)
2019-07-14 09:28:48.515 22705 RALLYDEBUG rally_openstack.cleanup.manager [-] Deleting neutron.network object s_rally_0cbb8c09_rD42mjlU (b0f30347-4040-4e8c-aeea-016128604e18)
2019-07-14 09:28:48.524 22705 RALLYDEBUG rally_openstack.cleanup.manager [-] Deleting neutron.network object s_rally_0cbb8c09_YUyBhQmk (b1ea35f7-df6d-470f-ab48-de3e61722e6b)
2019-07-14 09:28:49.451 22705 RALLYDEBUG rally_openstack.cleanup.manager [-] Deleting neutron.network object s_rally_0cbb8c09_JxutMdMG (b33dc3eb-5fa5-4cd6-bb67-63123375d5ed)
2019-07-14 09:28:49.528 22705 RALLYDEBUG rally_openstack.cleanup.manager [-] Deleting neutron.network object s_rally_0cbb8c09_rXhguyVT (b8822a6a-9882-4d5a-9c04-6279e90cc985)
2019-07-14 09:28:49.653 22705 RALLYDEBUG rally_openstack.cleanup.manager [-] Deleting neutron.network object s_rally_0cbb8c09_YbCVBsIK (b8d95c1e-95b2-454b-a349-3646fde5e60c)
2019-07-14 09:28:49.766 22705 RALLYDEBUG rally_openstack.cleanup.manager [-] Deleting neutron.network object s_rally_0cbb8c09_1oeygffU (be901186-b0da-41f5-9e0d-84b930e8e2f2)
2019-07-14 09:28:50.125 22705 RALLYDEBUG rally_openstack.cleanup.manager [-] Deleting neutron.network object s_rally_0cbb8c09_P1rXBN8T (c1824280-240a-45c4-97a1-b581c3b6931f)
2019-07-14 09:28:50.254 22705 RALLYDEBUG rally_openstack.cleanup.manager [-] Deleting neutron.network object s_rally_0cbb8c09_G4IpTzMM (c70118ce-4c28-4ad9-a117-f09bc559fdf3)
2019-07-14 09:28:50.288 22705 RALLYDEBUG rally_openstack.cleanup.manager [-] Deleting neutron.network object s_rally_0cbb8c09_eLH5GAsD (cab44f21-ec1e-4e5d-94ab-89f9c63d2593)
2019-07-14 09:28:50.559 22705 RALLYDEBUG rally_openstack.cleanup.manager [-] Deleting neutron.network object s_rally_0cbb8c09_Yf2NeiFB (cd93e84c-2af9-4764-be12-3214342d393f)
2019-07-14 09:28:51.090 22705 RALLYDEBUG rally_openstack.cleanup.manager [-] Deleting neutron.network object s_rally_0cbb8c09_X7wM7iBQ (cf63a523-7ea4-4b27-867c-f7b594b1bf2b)
2019-07-14 09:28:51.213 22705 RALLYDEBUG rally_openstack.cleanup.manager [-] Deleting neutron.network object s_rally_0cbb8c09_hKqWFXR9 (d0e4fd8e-3c19-440e-a96b-2af71b5c6547)
2019-07-14 09:28:51.226 22705 RALLYDEBUG rally_openstack.cleanup.manager [-] Deleting neutron.network object s_rally_0cbb8c09_ms6Ehy4c (d6e7dde8-b771-4f79-8b32-072a7efe0647)
2019-07-14 09:28:51.664 22705 RALLYDEBUG rally_openstack.cleanup.manager [-] Deleting neutron.network object s_rally_0cbb8c09_PnSgLrvs (da0906ec-b929-4d6b-8ee6-01a84241514a)
2019-07-14 09:28:51.670 22705 RALLYDEBUG rally_openstack.cleanup.manager [-] Deleting neutron.network object s_rally_0cbb8c09_LqIcOFRK (dc3ee32c-8fac-4756-b1e5-8b1aa444457a)
2019-07-14 09:28:51.725 22705 RALLYDEBUG rally_openstack.cleanup.manager [-] Deleting neutron.network object s_rally_0cbb8c09_vWy7H2Cf (dd768113-a2db-4c06-bc07-f21c8aa69487)
2019-07-14 09:28:52.276 22705 RALLYDEBUG rally_openstack.cleanup.manager [-] Deleting neutron.network object s_rally_0cbb8c09_oWdybzfz (dff15de4-2a52-4dd6-a0fe-24abbd281d1a)
2019-07-14 09:28:52.493 22705 RALLYDEBUG rally_openstack.cleanup.manager [-] Deleting neutron.network object s_rally_0cbb8c09_HG7dZNZu (e0b5cca0-6021-4cfd-801c-ce200ef7a853)
2019-07-14 09:28:52.576 22705 RALLYDEBUG rally_openstack.cleanup.manager [-] Deleting neutron.network object s_rally_0cbb8c09_QUZqPqyA (e0e0d783-d281-4f1b-bc86-e5a378713049)
2019-07-14 09:28:52.602 22705 RALLYDEBUG rally_openstack.cleanup.manager [-] Deleting neutron.network object s_rally_0cbb8c09_QxVvMlyT (e14c78db-e01f-4907-822e-e23cc259ab1b)
2019-07-14 09:28:52.733 22705 RALLYDEBUG rally_openstack.cleanup.manager [-] Deleting neutron.network object s_rally_0cbb8c09_fxBnm7CY (e3b91520-41e6-49e2-b68e-ab77a3b8e7b3)
2019-07-14 09:28:52.905 22705 RALLYDEBUG rally_openstack.cleanup.manager [-] Deleting neutron.network object s_rally_0cbb8c09_eWqTJzKo (e585c95d-4bdb-4137-8dc5-595a067b8c30)
2019-07-14 09:28:52.977 22705 RALLYDEBUG rally_openstack.cleanup.manager [-] Deleting neutron.network object s_rally_0cbb8c09_CRmOV9vm (e659010f-f868-4b26-9951-96f1bd600182)
2019-07-14 09:28:53.048 22705 RALLYDEBUG rally_openstack.cleanup.manager [-] Deleting neutron.network object s_rally_0cbb8c09_y8LNcTk0 (e73ad1af-c92c-4b7c-8985-ec73642d4dc6)
2019-07-14 09:28:53.054 22705 RALLYDEBUG rally_openstack.cleanup.manager [-] Deleting neutron.network object s_rally_0cbb8c09_ybhLc83J (e91b9ac9-6468-4e61-af0e-24d85de33545)
2019-07-14 09:28:53.179 22705 RALLYDEBUG rally_openstack.cleanup.manager [-] Deleting neutron.network object s_rally_0cbb8c09_PzebfZvO (eaea9d4e-923d-4c4f-9197-ec94f21e9e5c)
2019-07-14 09:28:53.185 22705 RALLYDEBUG rally_openstack.cleanup.manager [-] Deleting neutron.network object s_rally_0cbb8c09_umFed6jB (eb266e28-0e72-4989-90b8-7d1ec0594176)
2019-07-14 09:28:53.199 22705 RALLYDEBUG rally_openstack.cleanup.manager [-] Deleting neutron.network object s_rally_0cbb8c09_BhFyW6CE (ebce0e0a-2491-426b-9b74-12f86d3380fa)
2019-07-14 09:28:53.491 22705 RALLYDEBUG rally_openstack.cleanup.manager [-] Deleting neutron.network object s_rally_0cbb8c09_x0BSaMmC (ed9a32d9-6fb8-4c3a-bd28-16b4c9bf1158)
2019-07-14 09:28:53.534 22705 RALLYDEBUG rally_openstack.cleanup.manager [-] Deleting neutron.network object s_rally_0cbb8c09_XcmL3lFo (ee915620-3d5c-4081-a608-472bf9922afb)
2019-07-14 09:28:54.240 22705 RALLYDEBUG rally_openstack.cleanup.manager [-] Deleting neutron.network object s_rally_0cbb8c09_YlCBTq4D (f37ce1a7-e446-493d-9456-6d0909173709)
2019-07-14 09:28:54.499 22705 RALLYDEBUG rally_openstack.cleanup.manager [-] Deleting neutron.network object s_rally_0cbb8c09_62acqllW (f39887d8-4da3-42ed-99b9-e08a00729740)
