2019-07-14 09:50:05.738 26952 WARNING rally_openstack.scenarios.neutron.utils [-] Running this scenario without either the 'network' or 'existing_network' context is deprecated
2019-07-14 09:50:06.041 26996 INFO rally.task.runner [-] Task 29f1ba68-2839-475c-b580-0200f2e5da47 | ITER: 26 END: OK
2019-07-14 09:50:06.047 26996 INFO rally.task.runner [-] Task 29f1ba68-2839-475c-b580-0200f2e5da47 | ITER: 40 START
2019-07-14 09:50:06.048 26996 WARNING rally_openstack.scenarios.neutron.utils [-] Running this scenario without either the 'network' or 'existing_network' context is deprecated
2019-07-14 09:50:07.485 26965 INFO rally.task.runner [-] Task 29f1ba68-2839-475c-b580-0200f2e5da47 | ITER: 11 END: OK
2019-07-14 09:50:08.396 26959 INFO rally.task.runner [-] Task 29f1ba68-2839-475c-b580-0200f2e5da47 | ITER: 10 END: OK
2019-07-14 09:50:08.640 26955 INFO rally.task.runner [-] Task 29f1ba68-2839-475c-b580-0200f2e5da47 | ITER: 8 END: OK
2019-07-14 09:50:09.121 26951 INFO rally.task.runner [-] Task 29f1ba68-2839-475c-b580-0200f2e5da47 | ITER: 1 END: OK
2019-07-14 09:50:09.191 26987 INFO rally.task.runner [-] Task 29f1ba68-2839-475c-b580-0200f2e5da47 | ITER: 17 END: OK
2019-07-14 09:50:09.277 26953 INFO rally.task.runner [-] Task 29f1ba68-2839-475c-b580-0200f2e5da47 | ITER: 4 END: OK
2019-07-14 09:50:09.352 26954 INFO rally.task.runner [-] Task 29f1ba68-2839-475c-b580-0200f2e5da47 | ITER: 9 END: OK
2019-07-14 09:50:09.393 26952 INFO rally.task.runner [-] Task 29f1ba68-2839-475c-b580-0200f2e5da47 | ITER: 5 END: OK
2019-07-14 09:50:09.737 26953 INFO rally.task.runner [-] Task 29f1ba68-2839-475c-b580-0200f2e5da47 | ITER: 33 END: OK
2019-07-14 09:50:12.043 26984 INFO rally.task.runner [-] Task 29f1ba68-2839-475c-b580-0200f2e5da47 | ITER: 28 END: OK
2019-07-14 09:50:13.249 26952 INFO rally.task.runner [-] Task 29f1ba68-2839-475c-b580-0200f2e5da47 | ITER: 39 END: OK
2019-07-14 09:50:14.312 26996 INFO rally.task.runner [-] Task 29f1ba68-2839-475c-b580-0200f2e5da47 | ITER: 40 END: OK
2019-07-14 09:50:14.721 26968 INFO rally.task.runner [-] Task 29f1ba68-2839-475c-b580-0200f2e5da47 | ITER: 38 END: OK
2019-07-14 09:50:15.669 26951 INFO rally.task.runner [-] Task 29f1ba68-2839-475c-b580-0200f2e5da47 | ITER: 32 END: OK
2019-07-14 09:50:16.140 26983 INFO rally.task.runner [-] Task 29f1ba68-2839-475c-b580-0200f2e5da47 | ITER: 37 END: OK
2019-07-14 09:50:16.994 26954 INFO rally.task.runner [-] Task 29f1ba68-2839-475c-b580-0200f2e5da47 | ITER: 31 END: OK
2019-07-14 09:50:17.025 26992 INFO rally.task.runner [-] Task 29f1ba68-2839-475c-b580-0200f2e5da47 | ITER: 30 END: OK
2019-07-14 09:50:20.818 26995 INFO rally.task.runner [-] Task 29f1ba68-2839-475c-b580-0200f2e5da47 | ITER: 36 END: OK
2019-07-14 09:50:21.004 26973 INFO rally.task.runner [-] Task 29f1ba68-2839-475c-b580-0200f2e5da47 | ITER: 35 END: OK
2019-07-14 09:50:21.146 26976 INFO rally.task.runner [-] Task 29f1ba68-2839-475c-b580-0200f2e5da47 | ITER: 34 END: OK
2019-07-14 09:50:21.182 22705 INFO rally.task.context [-] Task 29f1ba68-2839-475c-b580-0200f2e5da47 | Context cleanup@openstack cleanup() started
2019-07-14 09:50:21.185 22705 RALLYDEBUG rally_openstack.cleanup.manager [-] Cleaning up neutron vip objects
2019-07-14 09:50:21.997 22705 RALLYDEBUG rally_openstack.cleanup.manager [-] Cleaning up neutron health_monitor objects
2019-07-14 09:50:22.708 22705 RALLYDEBUG rally_openstack.cleanup.manager [-] Cleaning up neutron pool objects
2019-07-14 09:50:23.422 22705 RALLYDEBUG rally_openstack.cleanup.manager [-] Cleaning up neutron loadbalancer objects
2019-07-14 09:50:24.129 22705 RALLYDEBUG rally_openstack.cleanup.manager [-] Cleaning up neutron floatingip objects
2019-07-14 09:50:24.873 22705 RALLYDEBUG rally_openstack.cleanup.manager [-] Cleaning up neutron port objects
2019-07-14 09:50:25.526 22705 RALLYDEBUG rally_openstack.cleanup.manager [-] Cleaning up neutron subnet objects
2019-07-14 09:50:26.173 22705 RALLYDEBUG rally_openstack.cleanup.manager [-] Cleaning up neutron network objects
2019-07-14 09:50:27.020 22705 RALLYDEBUG rally_openstack.cleanup.manager [-] Deleting neutron.network object s_rally_27e6f56d_NTFW558w (0947f90f-e20f-4394-b4ad-e452a333158d)
2019-07-14 09:50:27.021 22705 RALLYDEBUG rally_openstack.cleanup.manager [-] Deleting neutron.network object s_rally_27e6f56d_Wr64Codl (3682f9d2-3b42-4bcc-9dc7-ddb0c75dd61c)
2019-07-14 09:50:27.030 22705 RALLYDEBUG rally_openstack.cleanup.manager [-] Deleting neutron.network object s_rally_27e6f56d_rT4GvHI6 (2c7ced65-3899-4838-be0b-eb0018b92321)
2019-07-14 09:50:27.031 22705 RALLYDEBUG rally_openstack.cleanup.manager [-] Deleting neutron.network object s_rally_27e6f56d_dGSHNJPU (336615c2-e2e7-4def-970b-facce662d4ec)
2019-07-14 09:50:27.031 22705 RALLYDEBUG rally_openstack.cleanup.manager [-] Deleting neutron.network object s_rally_27e6f56d_lhQnKzuA (06f62446-fc59-4ed0-9558-2b7b98b247f0)
2019-07-14 09:50:27.034 22705 RALLYDEBUG rally_openstack.cleanup.manager [-] Deleting neutron.network object s_rally_27e6f56d_Ld6xFc1K (1533ee02-ee51-46b0-b877-4e43883d3531)
2019-07-14 09:50:27.035 22705 RALLYDEBUG rally_openstack.cleanup.manager [-] Deleting neutron.network object s_rally_27e6f56d_Ah7sbBat (48718d64-f7d6-4162-b44b-de3487e70840)
2019-07-14 09:50:27.037 22705 RALLYDEBUG rally_openstack.cleanup.manager [-] Deleting neutron.network object s_rally_27e6f56d_RpJlN2tk (4f81cc66-5b76-4f23-ac96-c429eccbb052)
2019-07-14 09:50:27.042 22705 RALLYDEBUG rally_openstack.cleanup.manager [-] Deleting neutron.network object s_rally_27e6f56d_ogK37LyB (4b750260-aee2-474b-b32d-56ad017d1f58)
2019-07-14 09:50:27.047 22705 RALLYDEBUG rally_openstack.cleanup.manager [-] Deleting neutron.network object s_rally_27e6f56d_ufhfzoZm (37e29c23-ec73-4832-8368-78b762a9dff2)
2019-07-14 09:50:27.049 22705 RALLYDEBUG rally_openstack.cleanup.manager [-] Deleting neutron.network object s_rally_27e6f56d_DUNhhDai (57f8c912-c45a-4982-927a-f7385d1fec4a)
2019-07-14 09:50:27.050 22705 RALLYDEBUG rally_openstack.cleanup.manager [-] Deleting neutron.network object s_rally_27e6f56d_SwruDaZN (2b166258-5249-4299-87a5-62ce1f402f9c)
2019-07-14 09:50:27.066 22705 RALLYDEBUG rally_openstack.cleanup.manager [-] Deleting neutron.network object s_rally_27e6f56d_K4WaiMSk (5646ed42-1f54-451b-82c6-971e4ac62653)
2019-07-14 09:50:27.070 22705 RALLYDEBUG rally_openstack.cleanup.manager [-] Deleting neutron.network object s_rally_27e6f56d_6HDGFVwt (60b22adc-c4e1-41e2-8814-a88c61875863)
2019-07-14 09:50:27.080 22705 RALLYDEBUG rally_openstack.cleanup.manager [-] Deleting neutron.network object s_rally_27e6f56d_WkGV92Cw (44c8f31a-d9d8-455d-9f77-a0c9f424e3b6)
2019-07-14 09:50:27.092 22705 RALLYDEBUG rally_openstack.cleanup.manager [-] Deleting neutron.network object s_rally_27e6f56d_Cx5HBMfq (657d2d81-c0b8-4171-8760-fe249c2b8353)
2019-07-14 09:50:27.092 22705 RALLYDEBUG rally_openstack.cleanup.manager [-] Deleting neutron.network object s_rally_27e6f56d_2g1nx2NZ (64124c3e-db6b-422c-8254-69f547996087)
2019-07-14 09:50:27.119 22705 RALLYDEBUG rally_openstack.cleanup.manager [-] Deleting neutron.network object s_rally_27e6f56d_pvMY6xe5 (6c38adf0-b49a-494a-85a6-ff9f99816a9a)
2019-07-14 09:50:27.135 22705 RALLYDEBUG rally_openstack.cleanup.manager [-] Deleting neutron.network object s_rally_27e6f56d_QyDoGSy8 (8ecda162-dfcc-43f8-bfdd-15b6dd26d001)
2019-07-14 09:50:27.146 22705 RALLYDEBUG rally_openstack.cleanup.manager [-] Deleting neutron.network object s_rally_27e6f56d_xLcItTIa (8fb53942-9bf1-4293-b6d3-ed735789955b)
2019-07-14 09:50:29.768 22705 RALLYDEBUG rally_openstack.cleanup.manager [-] Deleting neutron.network object s_rally_27e6f56d_uiNI8ORD (9426d437-c01b-4719-b433-a16a954643b7)
2019-07-14 09:50:30.164 22705 RALLYDEBUG rally_openstack.cleanup.manager [-] Deleting neutron.network object s_rally_27e6f56d_vKFWV8Xw (9603f720-5493-4b42-8111-d5208aab6721)
2019-07-14 09:50:30.211 22705 RALLYDEBUG rally_openstack.cleanup.manager [-] Deleting neutron.network object s_rally_27e6f56d_IUeJz0oZ (9a8c5128-0118-4b6c-90dc-3e340984dd82)
2019-07-14 09:50:31.419 22705 RALLYDEBUG rally_openstack.cleanup.manager [-] Deleting neutron.network object s_rally_27e6f56d_J2MFBUMI (9f6adb55-b0bc-4def-bddf-d3afd8fc3247)
2019-07-14 09:50:32.223 22705 RALLYDEBUG rally_openstack.cleanup.manager [-] Deleting neutron.network object s_rally_27e6f56d_XEE6Gv2z (a1b14629-9495-4937-aad0-ce75cf8523f6)
2019-07-14 09:50:32.750 22705 RALLYDEBUG rally_openstack.cleanup.manager [-] Deleting neutron.network object s_rally_27e6f56d_RYOzBFAP (b9c4a63f-02c6-4d56-8aaf-89bcb684e499)
2019-07-14 09:50:32.817 22705 RALLYDEBUG rally_openstack.cleanup.manager [-] Deleting neutron.network object s_rally_27e6f56d_pBLja2Ui (bc92348e-812d-444f-aa7d-ecfa472519cd)
2019-07-14 09:50:33.038 22705 RALLYDEBUG rally_openstack.cleanup.manager [-] Deleting neutron.network object s_rally_27e6f56d_CIqmDQ16 (bd7fb04f-ce71-42c4-aa07-e72e8f94797e)
2019-07-14 09:50:33.070 22705 RALLYDEBUG rally_openstack.cleanup.manager [-] Deleting neutron.network object s_rally_27e6f56d_pdIRmtKI (be7d6c7e-5c44-49ff-a409-71be18ed7318)
2019-07-14 09:50:33.352 22705 RALLYDEBUG rally_openstack.cleanup.manager [-] Deleting neutron.network object s_rally_27e6f56d_eAGtPnfN (c37e2955-8654-4752-b021-9211662d679f)
2019-07-14 09:50:33.822 22705 RALLYDEBUG rally_openstack.cleanup.manager [-] Deleting neutron.network object s_rally_27e6f56d_R7iLakhf (cd303165-00f1-432c-9927-00896e47125a)
2019-07-14 09:50:33.997 22705 RALLYDEBUG rally_openstack.cleanup.manager [-] Deleting neutron.network object s_rally_27e6f56d_9fldpaGd (d0d524ae-da6c-4872-aac1-6a4da6063160)
2019-07-14 09:50:34.336 22705 RALLYDEBUG rally_openstack.cleanup.manager [-] Deleting neutron.network object s_rally_27e6f56d_Kux9TqHR (d4a47d3a-d4f9-4da0-a619-61d3248b83b6)
2019-07-14 09:50:34.531 22705 RALLYDEBUG rally_openstack.cleanup.manager [-] Deleting neutron.network object s_rally_27e6f56d_q0WThUW4 (d4fde7bd-6a01-4619-bbff-20f0148bd9a3)
2019-07-14 09:50:34.737 22705 RALLYDEBUG rally_openstack.cleanup.manager [-] Deleting neutron.network object s_rally_27e6f56d_JTNcNqS6 (d8b456ff-8343-413c-80bc-0a6891f31e37)
2019-07-14 09:50:34.738 22705 RALLYDEBUG rally_openstack.cleanup.manager [-] Deleting neutron.network object s_rally_27e6f56d_epTVMoPe (d8578b59-84e8-4e7e-b507-7512870d27d1)
2019-07-14 09:50:34.924 22705 RALLYDEBUG rally_openstack.cleanup.manager [-] Deleting neutron.network object s_rally_27e6f56d_cpMxZArR (e20125d5-3e89-452e-a9c4-84e3d050ba26)
2019-07-14 09:50:35.050 22705 RALLYDEBUG rally_openstack.cleanup.manager [-] Deleting neutron.network object s_rally_27e6f56d_Okl5Ui0a (e22efcbd-2043-430e-af33-ba354d04b692)
2019-07-14 09:50:35.160 22705 RALLYDEBUG rally_openstack.cleanup.manager [-] Deleting neutron.network object s_rally_27e6f56d_5J35kavE (e4c6ed5f-5cbf-4c35-aea6-1b073e361a11)
2019-07-14 09:50:35.274 22705 RALLYDEBUG rally_openstack.cleanup.manager [-] Deleting neutron.network object s_rally_27e6f56d_eX1dkCYI (f89a6549-3abd-4bfc-8d51-40e22cf129f0)
2019-07-14 09:50:38.385 22705 RALLYDEBUG rally_openstack.cleanup.manager [-] Cleaning up neutron router objects
2019-07-14 09:50:39.055 22705 RALLYDEBUG rally_openstack.cleanup.manager [-] Cleaning up neutron security_group objects
2019-07-14 09:50:39.695 22705 INFO rally.task.context [-] Task 29f1ba68-2839-475c-b580-0200f2e5da47 | Context cleanup@openstack cleanup() finished in 18.51 sec
2019-07-14 09:50:39.696 22705 INFO rally.task.context [-] Task 29f1ba68-2839-475c-b580-0200f2e5da47 | Context quotas@openstack cleanup() started
2019-07-14 09:50:40.016 22705 INFO rally.task.context [-] Task 29f1ba68-2839-475c-b580-0200f2e5da47 | Context quotas@openstack cleanup() finished in 0.32 sec
2019-07-14 09:50:40.017 22705 INFO rally.task.context [-] Task 29f1ba68-2839-475c-b580-0200f2e5da47 | Context users@openstack cleanup() started
2019-07-14 09:50:44.139 22705 INFO rally.task.context [-] Task 29f1ba68-2839-475c-b580-0200f2e5da47 | Context users@openstack cleanup() finished in 4.12 sec
2019-07-14 09:50:44.646 22705 INFO rally.task.engine [-] Load duration is: 47.945482
2019-07-14 09:50:44.646 22705 INFO rally.task.engine [-] Full runner duration is: 48.006641
2019-07-14 09:50:44.647 22705 INFO rally.task.engine [-] Full duration is: 75.949707
2019-07-14 09:50:44.916 22705 INFO rally.task.engine [-] Running workload: position = 0 config = { "version": 2, "title": "A cropped version of a bigger task.", "description": "Auto-generated task from a single workload (uuid=4c7b3299-c536-456f-b1cd-c12f8318373d)", "subtasks": [ { "title": "Quotas.neutron_update", "description": "Update quotas for neutron.", "scenario": { "Quotas.neutron_update": { "max_quota": 1024 } }, "contexts": { "users": { "tenants": 20, "users_per_tenant": 1 } }, "runner": { "constant": { "times": 40, "concurrency": 20 } }, "hooks": [], "sla": { "failure_rate": { "max": 0 } } } ] }
2019-07-14 09:50:44.938 22705 RALLYDEBUG rally_openstack.contexts.keystone.users [-] Creating 20 tenants using 20 threads
2019-07-14 09:50:48.801 22705 RALLYDEBUG rally_openstack.contexts.keystone.users [-] Creating 20 users using 20 threads
2019-07-14 09:50:54.152 22705 INFO rally.task.context [-] Task 29f1ba68-2839-475c-b580-0200f2e5da47 | Context users@openstack setup() finished in 9.21 sec
2019-07-14 09:50:54.152 22705 INFO rally.task.context [-] Task 29f1ba68-2839-475c-b580-0200f2e5da47 | Context admin_cleanup@openstack setup() finished in 0.01 msec
2019-07-14 09:50:54.160 22705 RALLYDEBUG rally.task.runner [-] Starting the constant runner (task UUID: 29f1ba68-2839-475c-b580-0200f2e5da47). timeout: 0 concurrency: 20 concurrency_per_worker: 1 times: 40 concurrency_overhead: 4 processes_to_start: 16 max_cpu_used: 16
2019-07-14 09:50:54.170 27321 RALLYDEBUG rally.task.runner [-] Starting a worker. concurrency: 2 args: {"max_quota": 1024} times: 40 method_name: run timeout: 0 duration: None cls:
2019-07-14 09:50:54.176 27321 INFO rally.task.runner [-] Task 29f1ba68-2839-475c-b580-0200f2e5da47 | ITER: 1 START
2019-07-14 09:50:54.177 27322 RALLYDEBUG rally.task.runner [-] Starting a worker. concurrency: 2 args: {"max_quota": 1024} times: 40 method_name: run timeout: 0 duration: None cls:
2019-07-14 09:50:54.179 27323 RALLYDEBUG rally.task.runner [-] Starting a worker. concurrency: 2 args: {"max_quota": 1024} times: 40 method_name: run timeout: 0 duration: None cls:
2019-07-14 09:50:54.183 27325 RALLYDEBUG rally.task.runner [-] Starting a worker. concurrency: 2 args: {"max_quota": 1024} times: 40 method_name: run timeout: 0 duration: None cls:
2019-07-14 09:50:54.191 27321 INFO rally.task.runner [-] Task 29f1ba68-2839-475c-b580-0200f2e5da47 | ITER: 2 START
2019-07-14 09:50:54.191 27327 RALLYDEBUG rally.task.runner [-] Starting a worker. concurrency: 1 args: {"max_quota": 1024} times: 40 method_name: run timeout: 0 duration: None cls:
2019-07-14 09:50:54.193 27325 INFO rally.task.runner [-] Task 29f1ba68-2839-475c-b580-0200f2e5da47 | ITER: 5 START
2019-07-14 09:50:54.194 27322 INFO rally.task.runner [-] Task 29f1ba68-2839-475c-b580-0200f2e5da47 | ITER: 6 START
2019-07-14 09:50:54.197 27322 INFO rally.task.runner [-] Task 29f1ba68-2839-475c-b580-0200f2e5da47 | ITER: 3 START
2019-07-14 09:50:54.197 27330 RALLYDEBUG rally.task.runner [-] Starting a worker. concurrency: 1 args: {"max_quota": 1024} times: 40 method_name: run timeout: 0 duration: None cls:
2019-07-14 09:50:54.199 27323 INFO rally.task.runner [-] Task 29f1ba68-2839-475c-b580-0200f2e5da47 | ITER: 4 START
2019-07-14 09:50:54.199 27327 INFO rally.task.runner [-] Task 29f1ba68-2839-475c-b580-0200f2e5da47 | ITER: 9 START
2019-07-14 09:50:54.201 27325 INFO rally.task.runner [-] Task 29f1ba68-2839-475c-b580-0200f2e5da47 | ITER: 8 START
2019-07-14 09:50:54.204 27323 INFO rally.task.runner [-] Task 29f1ba68-2839-475c-b580-0200f2e5da47 | ITER: 7 START
2019-07-14 09:50:54.204 27337 RALLYDEBUG rally.task.runner [-] Starting a worker. concurrency: 1 args: {"max_quota": 1024} times: 40 method_name: run timeout: 0 duration: None cls:
2019-07-14 09:50:54.208 27342 RALLYDEBUG rally.task.runner [-] Starting a worker. concurrency: 1 args: {"max_quota": 1024} times: 40 method_name: run timeout: 0 duration: None cls:
2019-07-14 09:50:54.208 27330 INFO rally.task.runner [-] Task 29f1ba68-2839-475c-b580-0200f2e5da47 | ITER: 10 START
2019-07-14 09:50:54.213 27342 INFO rally.task.runner [-] Task 29f1ba68-2839-475c-b580-0200f2e5da47 | ITER: 12 START
2019-07-14 09:50:54.216 27345 RALLYDEBUG rally.task.runner [-] Starting a worker. concurrency: 1 args: {"max_quota": 1024} times: 40 method_name: run timeout: 0 duration: None cls:
2019-07-14 09:50:54.217 27337 INFO rally.task.runner [-] Task 29f1ba68-2839-475c-b580-0200f2e5da47 | ITER: 11 START
2019-07-14 09:50:54.223 27348 RALLYDEBUG rally.task.runner [-] Starting a worker. concurrency: 1 args: {"max_quota": 1024} times: 40 method_name: run timeout: 0 duration: None cls:
2019-07-14 09:50:54.233 27348 INFO rally.task.runner [-] Task 29f1ba68-2839-475c-b580-0200f2e5da47 | ITER: 14 START
2019-07-14 09:50:54.233 27351 RALLYDEBUG rally.task.runner [-] Starting a worker. concurrency: 1 args: {"max_quota": 1024} times: 40 method_name: run timeout: 0 duration: None cls:
2019-07-14 09:50:54.235 27345 INFO rally.task.runner [-] Task 29f1ba68-2839-475c-b580-0200f2e5da47 | ITER: 13 START
2019-07-14 09:50:54.236 27353 RALLYDEBUG rally.task.runner [-] Starting a worker. concurrency: 1 args: {"max_quota": 1024} times: 40 method_name: run timeout: 0 duration: None cls:
2019-07-14 09:50:54.241 27351 INFO rally.task.runner [-] Task 29f1ba68-2839-475c-b580-0200f2e5da47 | ITER: 15 START
2019-07-14 09:50:54.242 27357 RALLYDEBUG rally.task.runner [-] Starting a worker. concurrency: 1 args: {"max_quota": 1024} times: 40 method_name: run timeout: 0 duration: None cls:
2019-07-14 09:50:54.244 27353 INFO rally.task.runner [-] Task 29f1ba68-2839-475c-b580-0200f2e5da47 | ITER: 16 START
2019-07-14 09:50:54.247 27357 INFO rally.task.runner [-] Task 29f1ba68-2839-475c-b580-0200f2e5da47 | ITER: 17 START
2019-07-14 09:50:54.248 27360 RALLYDEBUG rally.task.runner [-] Starting a worker. concurrency: 1 args: {"max_quota": 1024} times: 40 method_name: run timeout: 0 duration: None cls:
2019-07-14 09:50:54.251 27365 RALLYDEBUG rally.task.runner [-] Starting a worker. concurrency: 1 args: {"max_quota": 1024} times: 40 method_name: run timeout: 0 duration: None cls:
2019-07-14 09:50:54.254 27366 RALLYDEBUG rally.task.runner [-] Starting a worker. concurrency: 1 args: {"max_quota": 1024} times: 40 method_name: run timeout: 0 duration: None cls:
2019-07-14 09:50:54.255 27360 INFO rally.task.runner [-] Task 29f1ba68-2839-475c-b580-0200f2e5da47 | ITER: 18 START
2019-07-14 09:50:54.256 27365 INFO rally.task.runner [-] Task 29f1ba68-2839-475c-b580-0200f2e5da47 | ITER: 19 START
2019-07-14 09:50:54.258 27366 INFO rally.task.runner [-] Task 29f1ba68-2839-475c-b580-0200f2e5da47 | ITER: 20 START
2019-07-14 09:50:55.617 27322 INFO rally.task.runner [-] Task 29f1ba68-2839-475c-b580-0200f2e5da47 | ITER: 3 END: OK
2019-07-14 09:50:55.624 27322 INFO rally.task.runner [-] Task 29f1ba68-2839-475c-b580-0200f2e5da47 | ITER: 21 START
2019-07-14 09:50:55.707 27321 INFO rally.task.runner [-] Task 29f1ba68-2839-475c-b580-0200f2e5da47 | ITER: 1 END: OK
2019-07-14 09:50:55.714 27321 INFO rally.task.runner [-] Task 29f1ba68-2839-475c-b580-0200f2e5da47 | ITER: 22 START
2019-07-14 09:50:55.758 27337 INFO rally.task.runner [-] Task 29f1ba68-2839-475c-b580-0200f2e5da47 | ITER: 11 END: OK
2019-07-14 09:50:55.766 27337 INFO rally.task.runner [-] Task 29f1ba68-2839-475c-b580-0200f2e5da47 | ITER: 23 START
2019-07-14 09:50:55.821 27330 INFO rally.task.runner [-] Task 29f1ba68-2839-475c-b580-0200f2e5da47 | ITER: 10 END: OK
2019-07-14 09:50:55.827 27330 INFO rally.task.runner [-] Task 29f1ba68-2839-475c-b580-0200f2e5da47 | ITER: 24 START
2019-07-14 09:50:55.842 27323 INFO rally.task.runner [-] Task 29f1ba68-2839-475c-b580-0200f2e5da47 | ITER: 4 END: OK
2019-07-14 09:50:55.849 27342 INFO rally.task.runner [-] Task 29f1ba68-2839-475c-b580-0200f2e5da47 | ITER: 12 END: OK
2019-07-14 09:50:55.847 27323 INFO rally.task.runner [-] Task 29f1ba68-2839-475c-b580-0200f2e5da47 | ITER: 7 END: OK
2019-07-14 09:50:55.852 27323 INFO rally.task.runner [-] Task 29f1ba68-2839-475c-b580-0200f2e5da47 | ITER: 25 START
2019-07-14 09:50:55.855 27342 INFO rally.task.runner [-] Task 29f1ba68-2839-475c-b580-0200f2e5da47 | ITER: 26 START
2019-07-14 09:50:55.864 27323 INFO rally.task.runner [-] Task 29f1ba68-2839-475c-b580-0200f2e5da47 | ITER: 27 START
2019-07-14 09:50:55.865 27322 INFO rally.task.runner [-] Task 29f1ba68-2839-475c-b580-0200f2e5da47 | ITER: 6 END: OK
2019-07-14 09:50:55.870 27322 INFO rally.task.runner [-] Task 29f1ba68-2839-475c-b580-0200f2e5da47 | ITER: 28 START
2019-07-14 09:50:55.878 27321 INFO rally.task.runner [-] Task 29f1ba68-2839-475c-b580-0200f2e5da47 | ITER: 2 END: OK
2019-07-14 09:50:55.884 27321 INFO rally.task.runner [-] Task 29f1ba68-2839-475c-b580-0200f2e5da47 | ITER: 29 START
2019-07-14 09:50:55.891 27325 INFO rally.task.runner [-] Task 29f1ba68-2839-475c-b580-0200f2e5da47 | ITER: 5 END: OK
2019-07-14 09:50:55.895 27325 INFO rally.task.runner [-] Task 29f1ba68-2839-475c-b580-0200f2e5da47 | ITER: 8 END: OK
2019-07-14 09:50:55.896 27327 INFO rally.task.runner [-] Task 29f1ba68-2839-475c-b580-0200f2e5da47 | ITER: 9 END: OK
2019-07-14 09:50:55.899 27325 INFO rally.task.runner [-] Task 29f1ba68-2839-475c-b580-0200f2e5da47 | ITER: 30 START
2019-07-14 09:50:55.902 27327 INFO rally.task.runner [-] Task 29f1ba68-2839-475c-b580-0200f2e5da47 | ITER: 31 START
2019-07-14 09:50:55.910 27325 INFO rally.task.runner [-] Task 29f1ba68-2839-475c-b580-0200f2e5da47 | ITER: 32 START
2019-07-14 09:50:55.982 27357 INFO rally.task.runner [-] Task 29f1ba68-2839-475c-b580-0200f2e5da47 | ITER: 17 END: OK
2019-07-14 09:50:55.986 27357 INFO rally.task.runner [-] Task 29f1ba68-2839-475c-b580-0200f2e5da47 | ITER: 33 START
2019-07-14 09:50:56.075 27345 INFO rally.task.runner [-] Task 29f1ba68-2839-475c-b580-0200f2e5da47 | ITER: 13 END: OK
2019-07-14 09:50:56.082 27345 INFO rally.task.runner [-] Task 29f1ba68-2839-475c-b580-0200f2e5da47 | ITER: 34 START
2019-07-14 09:50:56.151 27366 INFO rally.task.runner [-] Task 29f1ba68-2839-475c-b580-0200f2e5da47 | ITER: 20 END: OK
2019-07-14 09:50:56.161 27366 INFO rally.task.runner [-] Task 29f1ba68-2839-475c-b580-0200f2e5da47 | ITER: 35 START
2019-07-14 09:50:56.233 27351 INFO rally.task.runner [-] Task 29f1ba68-2839-475c-b580-0200f2e5da47 | ITER: 15 END: OK
2019-07-14 09:50:56.239 27351 INFO rally.task.runner [-] Task 29f1ba68-2839-475c-b580-0200f2e5da47 | ITER: 36 START
2019-07-14 09:50:56.245 27348 INFO rally.task.runner [-] Task 29f1ba68-2839-475c-b580-0200f2e5da47 | ITER: 14 END: OK
2019-07-14 09:50:56.251 27348 INFO rally.task.runner [-] Task 29f1ba68-2839-475c-b580-0200f2e5da47 | ITER: 37 START
2019-07-14 09:50:56.259 27365 INFO rally.task.runner [-] Task 29f1ba68-2839-475c-b580-0200f2e5da47 | ITER: 19 END: OK
2019-07-14 09:50:56.265 27365 INFO rally.task.runner [-] Task 29f1ba68-2839-475c-b580-0200f2e5da47 | ITER: 38 START
2019-07-14 09:50:56.277 27353 INFO rally.task.runner [-] Task 29f1ba68-2839-475c-b580-0200f2e5da47 | ITER: 16 END: OK
2019-07-14 09:50:56.283 27353 INFO rally.task.runner [-] Task 29f1ba68-2839-475c-b580-0200f2e5da47 | ITER: 39 START
2019-07-14 09:50:56.289 27360 INFO rally.task.runner [-] Task 29f1ba68-2839-475c-b580-0200f2e5da47 | ITER: 18 END: OK
2019-07-14 09:50:56.295 27360 INFO rally.task.runner [-] Task 29f1ba68-2839-475c-b580-0200f2e5da47 | ITER: 40 START
2019-07-14 09:50:57.009 27322 INFO rally.task.runner [-] Task 29f1ba68-2839-475c-b580-0200f2e5da47 | ITER: 21 END: OK
2019-07-14 09:50:57.088 27337 INFO rally.task.runner [-] Task 29f1ba68-2839-475c-b580-0200f2e5da47 | ITER: 23 END: OK
2019-07-14 09:50:57.157 27321 INFO rally.task.runner [-] Task 29f1ba68-2839-475c-b580-0200f2e5da47 | ITER: 22 END: OK
2019-07-14 09:50:57.221 27322 INFO rally.task.runner [-] Task 29f1ba68-2839-475c-b580-0200f2e5da47 | ITER: 28 END: OK
2019-07-14 09:50:57.235 27327 INFO rally.task.runner [-] Task 29f1ba68-2839-475c-b580-0200f2e5da47 | ITER: 31 END: OK
2019-07-14 09:50:57.253 27330 INFO rally.task.runner [-] Task 29f1ba68-2839-475c-b580-0200f2e5da47 | ITER: 24 END: OK
2019-07-14 09:50:57.300 27323 INFO rally.task.runner [-] Task 29f1ba68-2839-475c-b580-0200f2e5da47 | ITER: 27 END: OK
2019-07-14 09:50:57.303 27325 INFO rally.task.runner [-] Task 29f1ba68-2839-475c-b580-0200f2e5da47 | ITER: 32 END: OK
2019-07-14 09:50:57.348 27342 INFO rally.task.runner [-] Task 29f1ba68-2839-475c-b580-0200f2e5da47 | ITER: 26 END: OK
2019-07-14 09:50:57.350 27323 INFO rally.task.runner [-] Task 29f1ba68-2839-475c-b580-0200f2e5da47 | ITER: 25 END: OK
2019-07-14 09:50:57.383 27321 INFO rally.task.runner [-] Task 29f1ba68-2839-475c-b580-0200f2e5da47 | ITER: 29 END: OK
2019-07-14 09:50:57.414 27325 INFO rally.task.runner [-] Task 29f1ba68-2839-475c-b580-0200f2e5da47 | ITER: 30 END: OK
2019-07-14 09:50:57.428 27357 INFO rally.task.runner [-] Task 29f1ba68-2839-475c-b580-0200f2e5da47 | ITER: 33 END: OK
2019-07-14 09:50:57.430 27366 INFO rally.task.runner [-] Task 29f1ba68-2839-475c-b580-0200f2e5da47 | ITER: 35 END: OK
2019-07-14 09:50:57.442 27345 INFO rally.task.runner [-] Task 29f1ba68-2839-475c-b580-0200f2e5da47 | ITER: 34 END: OK
2019-07-14 09:50:57.480 27351 INFO rally.task.runner [-] Task 29f1ba68-2839-475c-b580-0200f2e5da47 | ITER: 36 END: OK
2019-07-14 09:50:57.517 27360 INFO rally.task.runner [-] Task 29f1ba68-2839-475c-b580-0200f2e5da47 | ITER: 40 END: OK
2019-07-14 09:50:57.520 27365 INFO rally.task.runner [-] Task 29f1ba68-2839-475c-b580-0200f2e5da47 | ITER: 38 END: OK
2019-07-14 09:50:57.520 27348 INFO rally.task.runner [-] Task 29f1ba68-2839-475c-b580-0200f2e5da47 | ITER: 37 END: OK
2019-07-14 09:50:57.565 27353 INFO rally.task.runner [-] Task 29f1ba68-2839-475c-b580-0200f2e5da47 | ITER: 39 END: OK
2019-07-14 09:50:57.592 22705 INFO rally.task.context [-] Task 29f1ba68-2839-475c-b580-0200f2e5da47 | Context admin_cleanup@openstack cleanup() started
2019-07-14 09:50:57.595 22705 RALLYDEBUG rally_openstack.cleanup.manager [-] Cleaning up neutron quota objects
2019-07-14 09:51:01.223 22705 INFO rally.task.context [-] Task 29f1ba68-2839-475c-b580-0200f2e5da47 | Context admin_cleanup@openstack cleanup() finished in 3.63 sec
2019-07-14 09:51:01.223 22705 INFO rally.task.context [-] Task 29f1ba68-2839-475c-b580-0200f2e5da47 | Context users@openstack cleanup() started
2019-07-14 09:51:29.146 22705 INFO rally.task.context [-] Task 29f1ba68-2839-475c-b580-0200f2e5da47 | Context users@openstack cleanup() finished in 27.92 sec
2019-07-14 09:51:31.146 22705 INFO rally.task.engine [-] Load duration is: 3.38738
2019-07-14 09:51:31.146 22705 INFO rally.task.engine [-] Full runner duration is: 3.43329
2019-07-14 09:51:31.146 22705 INFO rally.task.engine [-] Full duration is: 44.210648
2019-07-14 09:51:31.367 22705 INFO rally.task.engine [-] Running workload: position = 0 config = { "version": 2, "title": "A cropped version of a bigger task.", "description": "Auto-generated task from a single workload (uuid=a4e416f4-7204-4224-b3ae-3fba2f58e83c)", "subtasks": [ { "title": "NeutronTrunks.create_and_list_trunk_subports", "description": "", "scenario": { "NeutronTrunks.create_and_list_trunk_subports": { "subport_count": 125 } }, "contexts": { "users": { "tenants": 1, "users_per_tenant": 1 }, "quotas": { "neutron": { "network": -1, "port": 1000 } } }, "runner": { "constant": { "times": 4, "concurrency": 4 } }, "hooks": [], "sla": { "failure_rate": { "max": 0 } } } ] }
2019-07-14 09:51:31.379 22705 RALLYDEBUG rally_openstack.contexts.keystone.users [-] Creating 1 tenants using 20 threads
2019-07-14 09:51:33.003 22705 RALLYDEBUG rally_openstack.contexts.keystone.users [-] Creating 1 users using 20 threads
2019-07-14 09:51:35.347 22705 INFO rally.task.context [-] Task 29f1ba68-2839-475c-b580-0200f2e5da47 | Context users@openstack setup() finished in 3.97 sec
2019-07-14 09:51:36.180 22705 INFO rally.task.context [-] Task 29f1ba68-2839-475c-b580-0200f2e5da47 | Context quotas@openstack setup() finished in 0.83 sec
2019-07-14 09:51:36.180 22705 INFO rally.task.context [-] Task 29f1ba68-2839-475c-b580-0200f2e5da47 | Context cleanup@openstack setup() finished in 0.01 msec
2019-07-14 09:51:36.188 22705 RALLYDEBUG rally.task.runner [-] Starting the constant runner (task UUID: 29f1ba68-2839-475c-b580-0200f2e5da47). timeout: 0 concurrency: 4 concurrency_per_worker: 1 times: 4 concurrency_overhead: 0 processes_to_start: 4 max_cpu_used: 16
2019-07-14 09:51:36.203 27511 RALLYDEBUG rally.task.runner [-] Starting a worker. concurrency: 1 args: {"subport_count": 125} times: 4 method_name: run timeout: 0 duration: None cls:
2019-07-14 09:51:36.206 27512 RALLYDEBUG rally.task.runner [-] Starting a worker. concurrency: 1 args: {"subport_count": 125} times: 4 method_name: run timeout: 0 duration: None cls:
2019-07-14 09:51:36.208 27511 INFO rally.task.runner [-] Task 29f1ba68-2839-475c-b580-0200f2e5da47 | ITER: 1 START
2019-07-14 09:51:36.209 27513 RALLYDEBUG rally.task.runner [-] Starting a worker. concurrency: 1 args: {"subport_count": 125} times: 4 method_name: run timeout: 0 duration: None cls:
2019-07-14 09:51:36.211 27512 INFO rally.task.runner [-] Task 29f1ba68-2839-475c-b580-0200f2e5da47 | ITER: 2 START
2019-07-14 09:51:36.213 27514 RALLYDEBUG rally.task.runner [-] Starting a worker. concurrency: 1 args: {"subport_count": 125} times: 4 method_name: run timeout: 0 duration: None cls:
2019-07-14 09:51:36.214 27513 INFO rally.task.runner [-] Task 29f1ba68-2839-475c-b580-0200f2e5da47 | ITER: 3 START
2019-07-14 09:51:36.218 27514 INFO rally.task.runner [-] Task 29f1ba68-2839-475c-b580-0200f2e5da47 | ITER: 4 START
2019-07-14 09:54:02.769 27511 WARNING rally.task.atomic [-] 'optional_action_timer' is deprecated since rally v0.10.0.Please use action_timer instead, we have improved atomic actions, now do not need to explicitly close original action.
2019-07-14 09:54:02.814 27511 WARNING rally.task.atomic [-] 'optional_action_timer' is deprecated since rally v0.10.0.Please use action_timer instead, we have improved atomic actions, now do not need to explicitly close original action.
2019-07-14 09:54:03.604 27511 INFO rally.task.runner [-] Task 29f1ba68-2839-475c-b580-0200f2e5da47 | ITER: 1 END: OK
2019-07-14 09:54:03.806 27514 WARNING rally.task.atomic [-] 'optional_action_timer' is deprecated since rally v0.10.0.Please use action_timer instead, we have improved atomic actions, now do not need to explicitly close original action.
2019-07-14 09:54:03.842 27514 WARNING rally.task.atomic [-] 'optional_action_timer' is deprecated since rally v0.10.0.Please use action_timer instead, we have improved atomic actions, now do not need to explicitly close original action.
2019-07-14 09:54:04.597 27514 INFO rally.task.runner [-] Task 29f1ba68-2839-475c-b580-0200f2e5da47 | ITER: 4 END: OK
2019-07-14 09:54:05.099 27512 WARNING rally.task.atomic [-] 'optional_action_timer' is deprecated since rally v0.10.0.Please use action_timer instead, we have improved atomic actions, now do not need to explicitly close original action.
2019-07-14 09:54:05.145 27512 WARNING rally.task.atomic [-] 'optional_action_timer' is deprecated since rally v0.10.0.Please use action_timer instead, we have improved atomic actions, now do not need to explicitly close original action.
2019-07-14 09:54:05.682 27512 INFO rally.task.runner [-] Task 29f1ba68-2839-475c-b580-0200f2e5da47 | ITER: 2 END: OK
2019-07-14 09:54:07.555 27513 WARNING rally.task.atomic [-] 'optional_action_timer' is deprecated since rally v0.10.0.Please use action_timer instead, we have improved atomic actions, now do not need to explicitly close original action.
2019-07-14 09:54:07.594 27513 WARNING rally.task.atomic [-] 'optional_action_timer' is deprecated since rally v0.10.0.Please use action_timer instead, we have improved atomic actions, now do not need to explicitly close original action.
2019-07-14 09:54:08.151 27513 INFO rally.task.runner [-] Task 29f1ba68-2839-475c-b580-0200f2e5da47 | ITER: 3 END: OK
2019-07-14 09:54:08.182 22705 INFO rally.task.context [-] Task 29f1ba68-2839-475c-b580-0200f2e5da47 | Context cleanup@openstack cleanup() started
2019-07-14 09:54:08.184 22705 RALLYDEBUG rally_openstack.cleanup.manager [-] Cleaning up neutron vip objects
2019-07-14 09:54:08.912 22705 RALLYDEBUG rally_openstack.cleanup.manager [-] Cleaning up neutron health_monitor objects
2019-07-14 09:54:10.035 22705 RALLYDEBUG rally_openstack.cleanup.manager [-] Cleaning up neutron pool objects
2019-07-14 09:54:10.795 22705 RALLYDEBUG rally_openstack.cleanup.manager [-] Cleaning up neutron loadbalancer objects
2019-07-14 09:54:11.904 22705 RALLYDEBUG rally_openstack.cleanup.manager [-] Cleaning up neutron floatingip objects
2019-07-14 09:54:12.651 22705 RALLYDEBUG rally_openstack.cleanup.manager [-] Cleaning up neutron port objects
2019-07-14 09:54:14.464 22705 RALLYDEBUG rally_openstack.cleanup.manager [-] Deleting neutron.port object s_rally_a4e416f4_tLAf59fv (0207b8a5-cd35-4d21-b308-0e0f76a552cc)
2019-07-14 09:54:14.466 22705 RALLYDEBUG rally_openstack.cleanup.manager [-] Deleting neutron.port object s_rally_a4e416f4_N42xgGlA (0720f50b-9df9-46b8-8e3a-c87b0cd8e101)
2019-07-14 09:54:14.473 22705 RALLYDEBUG rally_openstack.cleanup.manager [-] Deleting neutron.port object s_rally_a4e416f4_UqSXnFy7 (022ff97d-d36f-4c09-93f3-48e4e8c6388e)
2019-07-14 09:54:14.477 22705 RALLYDEBUG rally_openstack.cleanup.manager [-] Deleting neutron.port object s_rally_a4e416f4_32MaGZ5P (04512bb1-dbde-49c2-a51b-1c97851da946)
2019-07-14 09:54:14.481 22705 RALLYDEBUG rally_openstack.cleanup.manager [-] Deleting neutron.port object s_rally_a4e416f4_YXlNWkud (07a1716a-1499-4e34-9252-bcc8bf8ba94d)
2019-07-14 09:54:14.484 22705 RALLYDEBUG rally_openstack.cleanup.manager [-] Deleting neutron.port object s_rally_a4e416f4_RVd0rsVu (02ec27eb-3c55-48b1-be85-0db2daaeaf23)
2019-07-14 09:54:14.486 22705 RALLYDEBUG rally_openstack.cleanup.manager [-] Deleting neutron.port object s_rally_a4e416f4_XyDda1ow (07ae390c-503a-41d3-b933-f4e185c23a28)
2019-07-14 09:54:14.491 22705 RALLYDEBUG rally_openstack.cleanup.manager [-] Deleting neutron.port object s_rally_a4e416f4_g1ftgR5b (04fdc6fd-2554-4b32-a6a6-adf8835fc701)
2019-07-14 09:54:14.492 22705 RALLYDEBUG rally_openstack.cleanup.manager [-] Deleting neutron.port object s_rally_a4e416f4_AuZrSJiH (0177b13a-a9e6-42eb-a550-fbb6aad25f17)
2019-07-14 09:54:14.499 22705 RALLYDEBUG rally_openstack.cleanup.manager [-] Deleting neutron.port object s_rally_a4e416f4_nwE8nnU5 (04986b66-7137-4075-84c5-6d5e1efd9976)
2019-07-14 09:54:14.502 22705 RALLYDEBUG rally_openstack.cleanup.manager [-] Deleting neutron.port object s_rally_a4e416f4_1IHepanS (06d35eb7-f7fa-477b-8f3b-69c3eb53dfc2)
2019-07-14 09:54:14.514 22705 RALLYDEBUG rally_openstack.cleanup.manager [-] Deleting neutron.port object s_rally_a4e416f4_QsY31wRE (088c9293-effd-4793-8ea5-22f59d61bbce)
2019-07-14 09:54:14.514 22705 RALLYDEBUG rally_openstack.cleanup.manager [-] Deleting neutron.port object s_rally_a4e416f4_UVeBvjaf (08b0c00a-7cf8-4b0c-8aa4-e7ede6295c27)
2019-07-14 09:54:14.518 22705 RALLYDEBUG rally_openstack.cleanup.manager [-] Deleting neutron.port object s_rally_a4e416f4_z1mZOt99 (08ecf75d-86d3-48fb-923b-daf345040c7b)
2019-07-14 09:54:14.532 22705 RALLYDEBUG rally_openstack.cleanup.manager [-] Deleting neutron.port object s_rally_a4e416f4_11G9K4LB (0562c9a9-2b3f-4032-a489-5242831441d0)
2019-07-14 09:54:14.555 22705 RALLYDEBUG rally_openstack.cleanup.manager [-] Deleting neutron.port object s_rally_a4e416f4_AHd8cZpp (09421255-0934-45c1-84cf-3cb6e9b15756)
2019-07-14 09:54:14.560 22705 RALLYDEBUG rally_openstack.cleanup.manager [-] Deleting neutron.port object s_rally_a4e416f4_UJD50RR7 (0954bb73-c45a-48c7-a9a3-356c6f63f551)
2019-07-14 09:54:14.567 22705 RALLYDEBUG rally_openstack.cleanup.manager [-] Deleting neutron.port object s_rally_a4e416f4_KhIe1kjZ (0970f95a-3bce-4c1d-8278-cac0b6ebdeb8)
2019-07-14 09:54:14.575 22705 RALLYDEBUG rally_openstack.cleanup.manager [-] Deleting neutron.port object s_rally_a4e416f4_3IvWxoib (0a6daf79-7f79-4264-89af-527479b5e238)
2019-07-14 09:54:14.589 22705 RALLYDEBUG rally_openstack.cleanup.manager [-] Deleting neutron.port object s_rally_a4e416f4_DJvYk9YV (0ab51209-37f1-4eb3-99fd-ae026dafffcd)
2019-07-14 09:54:17.167 22705 RALLYDEBUG rally_openstack.cleanup.manager [-] Deleting neutron.port object s_rally_a4e416f4_p41wtj83 (0ab740fd-25ca-4fd7-b87a-1a4d926acbf5)
2019-07-14 09:54:17.179 22705 RALLYDEBUG rally_openstack.cleanup.manager [-] Deleting neutron.port object s_rally_a4e416f4_mS5AdPQ0 (0aea1c41-35e2-4d62-867e-2003d61a5de9)
2019-07-14 09:54:17.327 22705 RALLYDEBUG rally_openstack.cleanup.manager [-] Deleting neutron.port object s_rally_a4e416f4_fx2OAonN (0ba50df7-a884-445f-933a-ba7059d4dbf5)
2019-07-14 09:54:17.472 22705 RALLYDEBUG rally_openstack.cleanup.manager [-] Deleting neutron.port object s_rally_a4e416f4_Pr9Dr9ya (0bd409a6-9764-47b9-8814-de841f9fba8d)
2019-07-14 09:54:19.171 22705 RALLYDEBUG rally_openstack.cleanup.manager [-] Deleting neutron.port object s_rally_a4e416f4_4qqwhs0S (0fd90715-3fb4-4783-bd02-d46b26f81ec6)
2019-07-14 09:54:19.642 22705 RALLYDEBUG rally_openstack.cleanup.manager [-] Deleting neutron.port object s_rally_a4e416f4_QTRXhz8S (1122a178-7378-4dfa-925e-41e51d4eb2ab)
2019-07-14 09:54:20.003 22705 RALLYDEBUG rally_openstack.cleanup.manager [-] Deleting neutron.port object s_rally_a4e416f4_YE777CUq (12014fbc-3713-4fc2-85ac-1d66bcb14c65)
2019-07-14 09:54:20.390 22705 RALLYDEBUG rally_openstack.cleanup.manager [-] Deleting neutron.port object s_rally_a4e416f4_H2ra1WNB (1296d74c-be9d-4117-b2ef-3c1fce5e7861)
2019-07-14 09:54:20.452 22705 RALLYDEBUG rally_openstack.cleanup.manager [-] Deleting neutron.port object s_rally_a4e416f4_xZlWJuhi (136d3982-8646-4237-93f2-f11b744cd77c)
2019-07-14 09:54:20.865 22705 RALLYDEBUG rally_openstack.cleanup.manager [-] Deleting neutron.port object s_rally_a4e416f4_MRtLoJoT (14322671-9760-4c14-9d0a-c055fa2693b0)
2019-07-14 09:54:21.649 22705 RALLYDEBUG rally_openstack.cleanup.manager [-] Deleting neutron.port object s_rally_a4e416f4_LIWQbUbx (148319ad-4bb8-433a-b59d-a800c82aa0f0)
2019-07-14 09:54:21.650 22705 RALLYDEBUG rally_openstack.cleanup.manager [-] Deleting neutron.port object s_rally_a4e416f4_OrALi0V1 (143e6dcf-ce89-44e2-92e0-d47ddc86e450)
2019-07-14 09:54:21.862 22705 RALLYDEBUG rally_openstack.cleanup.manager [-] Deleting neutron.port object s_rally_a4e416f4_IaowPkmG (15046d7f-d88a-477c-9dc3-b48e123ee8d2)
2019-07-14 09:54:22.005 22705 RALLYDEBUG rally_openstack.cleanup.manager [-] Deleting neutron.port object s_rally_a4e416f4_B7wiTP2O (162ca383-debe-455f-b577-4879a8dc5c88)
2019-07-14 09:54:22.121 22705 RALLYDEBUG rally_openstack.cleanup.manager [-] Deleting neutron.port object s_rally_a4e416f4_bqA0K3rL (16d94cd2-19d9-42e8-8ada-01b0e36dca57)
2019-07-14 09:54:22.184 22705 RALLYDEBUG rally_openstack.cleanup.manager [-] Deleting neutron.port object s_rally_a4e416f4_HXhB6Nf3 (17b13841-12fe-4c43-8cf0-9bdb8c85ee03)
2019-07-14 09:54:22.280 22705 RALLYDEBUG rally_openstack.cleanup.manager [-] Deleting neutron.port object s_rally_a4e416f4_kg6XFftO (17b4253a-67c4-486e-b613-76775440f1ff)
2019-07-14 09:54:22.289 22705 RALLYDEBUG rally_openstack.cleanup.manager [-] Deleting neutron.port object s_rally_a4e416f4_x2hsm8cD (17fa0be3-7f64-401d-bfd6-dae80505e906)
2019-07-14 09:54:22.299 22705 RALLYDEBUG rally_openstack.cleanup.manager [-] Deleting neutron.port object s_rally_a4e416f4_aSXVp5Zq (18a9d054-9d64-4388-94cf-b5ec3659d880)
2019-07-14 09:54:22.339 22705 RALLYDEBUG rally_openstack.cleanup.manager [-] Deleting neutron.port object s_rally_a4e416f4_T80K6ISM (1902ee32-f3aa-4b77-8f93-3ae7727eecc8)
2019-07-14 09:54:22.478 22705 RALLYDEBUG rally_openstack.cleanup.manager [-] Deleting neutron.port object s_rally_a4e416f4_c5v4bZbx (1a5047d3-cff8-4326-9679-51d2476cfcac)
2019-07-14 09:54:22.815 22705 RALLYDEBUG rally_openstack.cleanup.manager [-] Deleting neutron.port object s_rally_a4e416f4_p66jzWus (1b90414f-5eaf-4b18-9a96-837ed1831533)
2019-07-14 09:54:23.106 22705 RALLYDEBUG rally_openstack.cleanup.manager [-] Deleting neutron.port object s_rally_a4e416f4_dGZdikd7 (1ba08d0b-37bc-4753-9ad2-ef3f5ab11d1f)
2019-07-14 09:54:23.163 22705 RALLYDEBUG rally_openstack.cleanup.manager [-] Deleting neutron.port object s_rally_a4e416f4_08SWrpbi (1c20b448-ea0c-4374-b24c-f746ed1d31ba)
2019-07-14 09:54:23.169 22705 RALLYDEBUG rally_openstack.cleanup.manager [-] Deleting neutron.port object s_rally_a4e416f4_RRbgfHxf (1d00fd10-160c-4bd3-a4cd-11b4a19f1ac7)
2019-07-14 09:54:23.178 22705 RALLYDEBUG rally_openstack.cleanup.manager [-] Deleting neutron.port object s_rally_a4e416f4_lNWR5pTT (1d241b62-5d71-4c48-88bd-8e0acf25fd1b)
2019-07-14 09:54:23.305 22705 RALLYDEBUG rally_openstack.cleanup.manager [-] Deleting neutron.port object s_rally_a4e416f4_WOz54Ayy (1d64ea7b-3cce-47ec-b066-47598597b15d)
2019-07-14 09:54:23.525 22705 RALLYDEBUG rally_openstack.cleanup.manager [-] Deleting neutron.port object s_rally_a4e416f4_AMbEQEV9 (1dccf44c-81c1-4b64-9f16-0988c12e69eb)
2019-07-14 09:54:23.525 22705 RALLYDEBUG rally_openstack.cleanup.manager [-] Deleting neutron.port object s_rally_a4e416f4_tHA8Ym8E (1d9b7fb8-c391-4d3c-be20-ffac58ebb6bc)
2019-07-14 09:54:23.628 22705 RALLYDEBUG rally_openstack.cleanup.manager [-] Deleting neutron.port object s_rally_a4e416f4_AVSaaIv1 (1e006b53-594d-4a7a-9cc4-5a60c5ed8d0b)
2019-07-14 09:54:24.769 22705 RALLYDEBUG rally_openstack.cleanup.manager [-] Deleting neutron.port object s_rally_a4e416f4_cB1OQWBg (1e393767-bc8c-449d-888c-5b44ca6f2713)
2019-07-14 09:54:25.129 22705 RALLYDEBUG rally_openstack.cleanup.manager [-] Deleting neutron.port object s_rally_a4e416f4_ObwuqZ6l (1e769971-aa6b-4b27-84a5-1dc2065efbac)
2019-07-14 09:54:25.194 22705 RALLYDEBUG rally_openstack.cleanup.manager [-] Deleting neutron.port object s_rally_a4e416f4_vX5y592c (1eb5ca72-921c-4038-8a7f-11800d309b00)
2019-07-14 09:54:25.312 22705 RALLYDEBUG rally_openstack.cleanup.manager [-] Deleting neutron.port object s_rally_a4e416f4_vIVRHn20 (1fb58626-5f06-44c9-8be8-d9bc59ff8ce6)
2019-07-14 09:54:25.397 22705 RALLYDEBUG rally_openstack.cleanup.manager [-] Deleting neutron.port object s_rally_a4e416f4_FPbhyHVb (20534568-4a3c-4ec2-8f6a-ea44812c213a)
2019-07-14 09:54:25.427 22705 RALLYDEBUG rally_openstack.cleanup.manager [-] Deleting neutron.port object s_rally_a4e416f4_bkbXKy4b (2076efe4-5ef5-4b97-9ea6-81552b71fe8b)
2019-07-14 09:54:25.477 22705 RALLYDEBUG rally_openstack.cleanup.manager [-] Deleting neutron.port object s_rally_a4e416f4_f7AHPZSd (2155f633-8bdf-41e8-978e-9da7e7e7b8ba)
2019-07-14 09:54:25.590 22705 RALLYDEBUG rally_openstack.cleanup.manager [-] Deleting neutron.port object s_rally_a4e416f4_cF0cgY7s (217097bb-d721-42a6-a46a-a3eba67b125f)
2019-07-14 09:54:25.820 22705 RALLYDEBUG rally_openstack.cleanup.manager [-] Deleting neutron.port object s_rally_a4e416f4_eallTycF (2171145d-6e34-470a-ae4d-64accd57914f)
2019-07-14 09:54:25.990 22705 RALLYDEBUG rally_openstack.cleanup.manager [-] Deleting neutron.port object s_rally_a4e416f4_QkhwluRl (21da8596-4c88-4acb-895a-0f90eb8fa3b9)
2019-07-14 09:54:26.052 22705 RALLYDEBUG rally_openstack.cleanup.manager [-] Deleting neutron.port object s_rally_a4e416f4_xpgNQx4N (21e5c434-353f-47b9-b237-b29ee43db6d4)
2019-07-14 09:54:26.544 22705 RALLYDEBUG rally_openstack.cleanup.manager [-] Deleting neutron.port object s_rally_a4e416f4_zxBNAk5o (22b3a666-5d38-4108-a182-5c327e49dcce)
2019-07-14 09:54:26.706 22705 RALLYDEBUG rally_openstack.cleanup.manager [-] Deleting neutron.port object s_rally_a4e416f4_SQ1M5Hu4 (23ec2d49-5561-4fd1-bb86-33eed9ed0668)
2019-07-14 09:54:26.991 22705 RALLYDEBUG rally_openstack.cleanup.manager [-] Deleting neutron.port object s_rally_a4e416f4_Va7RrezM (248f2513-bdb7-4d2a-a932-81425f3939b2)
2019-07-14 09:54:27.187 22705 RALLYDEBUG rally_openstack.cleanup.manager [-] Deleting neutron.port object s_rally_a4e416f4_BU1Tvphu (24e3e5cb-b7ed-43ab-a502-04f7abc786ae)
2019-07-14 09:54:27.478 22705 RALLYDEBUG rally_openstack.cleanup.manager [-] Deleting neutron.port object s_rally_a4e416f4_7252JXgL (24f05632-00c4-4c8c-a5c3-6a1fb8c502f4)
2019-07-14 09:54:27.588 22705 RALLYDEBUG rally_openstack.cleanup.manager [-] Deleting neutron.port object s_rally_a4e416f4_0MdWMJYp (258e516a-9f57-4d7f-80d6-dc142dc28ef9)
2019-07-14 09:54:28.077 22705 RALLYDEBUG rally_openstack.cleanup.manager [-] Deleting neutron.port object s_rally_a4e416f4_n35oUsdA (25db4296-e7ca-46c5-8ce6-ebe62c3b8200)
2019-07-14 09:54:28.115 22705 RALLYDEBUG rally_openstack.cleanup.manager [-] Deleting neutron.port object s_rally_a4e416f4_NXxEoQI4 (26659206-be74-4dcb-9fda-d49b999c461f)
2019-07-14 09:54:28.150 22705 RALLYDEBUG rally_openstack.cleanup.manager [-] Deleting neutron.port object s_rally_a4e416f4_NbQof4Cn (2702032f-e248-4fd1-b4be-792cd8053824)
2019-07-14 09:54:28.312 22705 RALLYDEBUG rally_openstack.cleanup.manager [-] Deleting neutron.port object s_rally_a4e416f4_I1xiKKtE (27401d01-3389-47fd-a880-808a8a56daa4)
2019-07-14 09:54:28.414 22705 RALLYDEBUG rally_openstack.cleanup.manager [-] Deleting neutron.port object s_rally_a4e416f4_uNoL0L2p (27c4d805-cc47-459c-8d11-5f32cbfc5fb9)
2019-07-14 09:54:28.454 22705 RALLYDEBUG rally_openstack.cleanup.manager [-] Deleting neutron.port object s_rally_a4e416f4_torUMJJr (27ffdb35-71ec-4654-81ec-0cfad53fae5d)
2019-07-14 09:54:28.710 22705 RALLYDEBUG rally_openstack.cleanup.manager [-] Deleting neutron.port object s_rally_a4e416f4_fOON3DBs (281d1608-63d8-440c-b485-b5f777130cb9)
2019-07-14 09:54:28.824 22705 RALLYDEBUG rally_openstack.cleanup.manager [-] Deleting neutron.port object s_rally_a4e416f4_GSVQfXTP (2893a8c5-8bd6-4678-a0a3-d5fc95b7f01f)
2019-07-14 09:54:29.124 22705 RALLYDEBUG rally_openstack.cleanup.manager [-] Deleting neutron.port object s_rally_a4e416f4_GVXA8I8v (291b3c58-55cc-4cc8-9385-d1201a9fa761)
2019-07-14 09:54:29.654 22705 RALLYDEBUG rally_openstack.cleanup.manager [-] Deleting neutron.port object s_rally_a4e416f4_OT3m5zWd (29acf84f-e0ac-429f-986e-f749d1107ec4)
2019-07-14 09:54:29.655 22705 RALLYDEBUG rally_openstack.cleanup.manager [-] Deleting neutron.port object s_rally_a4e416f4_pb6UHba2 (297728ef-e90d-44a6-ac14-d950847adbd4)
2019-07-14 09:54:29.983 22705 RALLYDEBUG rally_openstack.cleanup.manager [-] Deleting neutron.port object s_rally_a4e416f4_0H96Banx (29e0a884-98e6-4408-9196-7bcc4cf88c60)
2019-07-14 09:54:30.039 22705 RALLYDEBUG rally_openstack.cleanup.manager [-] Deleting neutron.port object s_rally_a4e416f4_vKIZ1VUo (2a0e691e-afe3-473c-8f3d-9d437d9c288d)
2019-07-14 09:54:30.246 22705 RALLYDEBUG rally_openstack.cleanup.manager [-] Deleting neutron.port object s_rally_a4e416f4_hA8r0QmQ (2a4eaf92-28e8-4fef-88e3-6d04dde34266)
2019-07-14 09:54:30.295 22705 RALLYDEBUG rally_openstack.cleanup.manager [-] Deleting neutron.port object s_rally_a4e416f4_WA9LxQD1 (2a5e9f66-75da-4a63-bb16-c370db9919d4)
2019-07-14 09:54:30.555 22705 RALLYDEBUG rally_openstack.cleanup.manager [-] Deleting neutron.port object s_rally_a4e416f4_yxnFWeCf (2b014ceb-5f5a-48c5-8b9e-cbb99715d8d4)
2019-07-14 09:54:30.694 22705 RALLYDEBUG rally_openstack.cleanup.manager [-] Deleting neutron.port object s_rally_a4e416f4_p9YqkFBE (2b87fb0e-68aa-4aa7-9b01-aea52a9382fc)
2019-07-14 09:54:30.695 22705 RALLYDEBUG rally_openstack.cleanup.manager [-] Deleting neutron.port object s_rally_a4e416f4_n5Lxhdox (2be01608-ea1b-4e4b-a1c7-d661eded39b9)
2019-07-14 09:54:30.769 22705 RALLYDEBUG rally_openstack.cleanup.manager [-] Deleting neutron.port object s_rally_a4e416f4_2c6ezOh9 (2c5643fb-819c-4632-ab77-4643064c169f)
2019-07-14 09:54:30.790 22705 RALLYDEBUG rally_openstack.cleanup.manager [-] Deleting neutron.port object s_rally_a4e416f4_5qSAo1pu (2d0b2c9b-48a7-4f94-a2c3-565133e1aeff)
2019-07-14 09:54:30.908 22705 RALLYDEBUG rally_openstack.cleanup.manager [-] Deleting neutron.port object s_rally_a4e416f4_u6C7diwO (2d4bd2a4-47db-4dff-bdf7-071bb5a97dd7)
2019-07-14 09:54:31.298 22705 RALLYDEBUG rally_openstack.cleanup.manager [-] Deleting neutron.port object s_rally_a4e416f4_px1BDujN (2db58c5e-7ecd-4af0-b895-7e4ec66f07d7)
2019-07-14 09:54:31.322 22705 RALLYDEBUG rally_openstack.cleanup.manager [-] Deleting neutron.port object s_rally_a4e416f4_UkLcrPFe (2dc05662-d79f-45fb-9c40-111520488c2b)
2019-07-14 09:54:31.336 22705 RALLYDEBUG rally_openstack.cleanup.manager [-] Deleting neutron.port object s_rally_a4e416f4_Vfm7OaoH (2e6c78de-f421-47e3-983b-2b89ec314270)
2019-07-14 09:54:31.795 22705 RALLYDEBUG rally_openstack.cleanup.manager [-] Deleting neutron.port object s_rally_a4e416f4_2Kl90g9k (30c94049-33b0-46fe-834d-5a590859eff0)
2019-07-14 09:54:31.981 22705 RALLYDEBUG rally_openstack.cleanup.manager [-] Deleting neutron.port object s_rally_a4e416f4_JftzGJHs (31a8b3bf-4a7b-4393-b5e1-c73067a28817)
2019-07-14 09:54:32.634 22705 RALLYDEBUG rally_openstack.cleanup.manager [-] Deleting neutron.port object s_rally_a4e416f4_pAW1FSFX (32768c93-b8d7-4664-9e6f-923e82710520)
2019-07-14 09:54:32.804 22705 RALLYDEBUG rally_openstack.cleanup.manager [-] Deleting neutron.port object s_rally_a4e416f4_UjmjKEO1 (3297f8c9-285f-47bd-a39e-182ac1eb1b46)
2019-07-14 09:54:32.843 22705 RALLYDEBUG rally_openstack.cleanup.manager [-] Deleting neutron.port object s_rally_a4e416f4_ja82ziS7 (33e30f7b-8a8f-4935-a5e2-dd260408fa63)
2019-07-14 09:54:33.362 22705 RALLYDEBUG rally_openstack.cleanup.manager [-] Deleting neutron.port object s_rally_a4e416f4_Oq0TEaTZ (3552ab3a-df83-4ce8-8e43-4c2f17d96fda)
2019-07-14 09:54:33.376 22705 RALLYDEBUG rally_openstack.cleanup.manager [-] Deleting neutron.port object s_rally_a4e416f4_08UN19G6 (36bf95bb-a190-4b33-8cdc-6b703da4bf50)
2019-07-14 09:54:33.384 22705 RALLYDEBUG rally_openstack.cleanup.manager [-] Deleting neutron.port object s_rally_a4e416f4_lFnCoBly (375ef51d-9aaf-4802-9b98-c76748942676)
