2019-07-14 08:02:02.552 1842 INFO rally.task.context [-] Task 1dc11c14-0b89-49d7-8078-08a0fb3a35bc | Context cleanup@openstack setup() finished in 0.01 msec
2019-07-14 08:02:02.560 1842 RALLYDEBUG rally.task.runner [-] Starting the constant runner (task UUID: 1dc11c14-0b89-49d7-8078-08a0fb3a35bc). timeout: 0 concurrency: 4 concurrency_per_worker: 1 times: 10 concurrency_overhead: 0 processes_to_start: 4 max_cpu_used: 16
2019-07-14 08:02:02.571 3658 RALLYDEBUG rally.task.runner [-] Starting a worker. concurrency: 1 args: {"size": {"min": 1, "max": 1}} times: 10 method_name: run timeout: 0 duration: None cls:
2019-07-14 08:02:02.577 3658 INFO rally.task.runner [-] Task 1dc11c14-0b89-49d7-8078-08a0fb3a35bc | ITER: 1 START
2019-07-14 08:02:02.577 3659 RALLYDEBUG rally.task.runner [-] Starting a worker. concurrency: 1 args: {"size": {"min": 1, "max": 1}} times: 10 method_name: run timeout: 0 duration: None cls:
2019-07-14 08:02:02.579 3660 RALLYDEBUG rally.task.runner [-] Starting a worker. concurrency: 1 args: {"size": {"min": 1, "max": 1}} times: 10 method_name: run timeout: 0 duration: None cls:
2019-07-14 08:02:02.582 3661 RALLYDEBUG rally.task.runner [-] Starting a worker. concurrency: 1 args: {"size": {"min": 1, "max": 1}} times: 10 method_name: run timeout: 0 duration: None cls:
2019-07-14 08:02:02.585 3659 INFO rally.task.runner [-] Task 1dc11c14-0b89-49d7-8078-08a0fb3a35bc | ITER: 2 START
2019-07-14 08:02:02.587 3660 INFO rally.task.runner [-] Task 1dc11c14-0b89-49d7-8078-08a0fb3a35bc | ITER: 3 START
2019-07-14 08:02:02.591 3661 INFO rally.task.runner [-] Task 1dc11c14-0b89-49d7-8078-08a0fb3a35bc | ITER: 4 START
2019-07-14 08:02:06.061 3661 INFO rally.task.runner [-] Task 1dc11c14-0b89-49d7-8078-08a0fb3a35bc | ITER: 4 END: OK
2019-07-14 08:02:06.067 3661 INFO rally.task.runner [-] Task 1dc11c14-0b89-49d7-8078-08a0fb3a35bc | ITER: 5 START
2019-07-14 08:02:06.248 3660 INFO rally.task.runner [-] Task 1dc11c14-0b89-49d7-8078-08a0fb3a35bc | ITER: 3 END: OK
2019-07-14 08:02:06.253 3660 INFO rally.task.runner [-] Task 1dc11c14-0b89-49d7-8078-08a0fb3a35bc | ITER: 6 START
2019-07-14 08:02:06.271 3658 INFO rally.task.runner [-] Task 1dc11c14-0b89-49d7-8078-08a0fb3a35bc | ITER: 1 END: OK
2019-07-14 08:02:06.276 3658 INFO rally.task.runner [-] Task 1dc11c14-0b89-49d7-8078-08a0fb3a35bc | ITER: 7 START
2019-07-14 08:02:06.304 3659 INFO rally.task.runner [-] Task 1dc11c14-0b89-49d7-8078-08a0fb3a35bc | ITER: 2 END: OK
2019-07-14 08:02:06.309 3659 INFO rally.task.runner [-] Task 1dc11c14-0b89-49d7-8078-08a0fb3a35bc | ITER: 8 START
2019-07-14 08:02:09.480 3658 INFO rally.task.runner [-] Task 1dc11c14-0b89-49d7-8078-08a0fb3a35bc | ITER: 7 END: OK
2019-07-14 08:02:09.484 3658 INFO rally.task.runner [-] Task 1dc11c14-0b89-49d7-8078-08a0fb3a35bc | ITER: 9 START
2019-07-14 08:02:09.679 3661 INFO rally.task.runner [-] Task 1dc11c14-0b89-49d7-8078-08a0fb3a35bc | ITER: 5 END: OK
2019-07-14 08:02:09.683 3661 INFO rally.task.runner [-] Task 1dc11c14-0b89-49d7-8078-08a0fb3a35bc | ITER: 10 START
2019-07-14 08:02:09.891 3660 INFO rally.task.runner [-] Task 1dc11c14-0b89-49d7-8078-08a0fb3a35bc | ITER: 6 END: OK
2019-07-14 08:02:09.922 3659 INFO rally.task.runner [-] Task 1dc11c14-0b89-49d7-8078-08a0fb3a35bc | ITER: 8 END: OK
2019-07-14 08:02:12.909 3658 INFO rally.task.runner [-] Task 1dc11c14-0b89-49d7-8078-08a0fb3a35bc | ITER: 9 END: OK
2019-07-14 08:02:12.984 3661 INFO rally.task.runner [-] Task 1dc11c14-0b89-49d7-8078-08a0fb3a35bc | ITER: 10 END: OK
2019-07-14 08:02:13.009 1842 INFO rally.task.context [-] Task 1dc11c14-0b89-49d7-8078-08a0fb3a35bc | Context cleanup@openstack cleanup() started
2019-07-14 08:02:13.012 1842 RALLYDEBUG rally_openstack.cleanup.manager [-] Cleaning up cinder backups objects
2019-07-14 08:02:15.096 1842 RALLYDEBUG rally_openstack.cleanup.manager [-] Cleaning up cinder volume_snapshots objects
2019-07-14 08:02:16.954 1842 RALLYDEBUG rally_openstack.cleanup.manager [-] Cleaning up cinder transfers objects
2019-07-14 08:02:18.816 1842 RALLYDEBUG rally_openstack.cleanup.manager [-] Cleaning up cinder volumes objects
2019-07-14 08:02:20.866 1842 RALLYDEBUG rally_openstack.cleanup.manager [-] Deleting cinder.volumes object s_rally_b81d8fd9_sQFlZUXx (b846a9e8-6e96-4ec5-bd06-e21902ffd4e6)
2019-07-14 08:02:20.874 1842 RALLYDEBUG rally_openstack.cleanup.manager [-] Deleting cinder.volumes object s_rally_b81d8fd9_AuAFprlk (4b676855-fa45-402f-8322-e7f1a5ae4b4f)
2019-07-14 08:02:20.875 1842 RALLYDEBUG rally_openstack.cleanup.manager [-] Deleting cinder.volumes object s_rally_b81d8fd9_mlFv2FYd (6a755aec-e862-47da-8a06-1dec9583e922)
2019-07-14 08:02:20.884 1842 RALLYDEBUG rally_openstack.cleanup.manager [-] Deleting cinder.volumes object s_rally_b81d8fd9_Bw0B7BP3 (0e8728ac-cca4-42d1-b78d-51acbc4e5c25)
2019-07-14 08:02:20.898 1842 RALLYDEBUG rally_openstack.cleanup.manager [-] Deleting cinder.volumes object s_rally_b81d8fd9_YQ1ai0xu (e1ae234f-7fd9-4473-99a9-9ca690801f1a)
2019-07-14 08:02:20.898 1842 RALLYDEBUG rally_openstack.cleanup.manager [-] Deleting cinder.volumes object s_rally_b81d8fd9_LKUHmLRj (c0531d7e-0adc-42c2-bae5-ce1fe5113263)
2019-07-14 08:02:20.900 1842 RALLYDEBUG rally_openstack.cleanup.manager [-] Deleting cinder.volumes object s_rally_b81d8fd9_hKYIpPQH (38c8afc7-81f6-428f-a7fe-c5e8643c0a8d)
2019-07-14 08:02:20.902 1842 RALLYDEBUG rally_openstack.cleanup.manager [-] Deleting cinder.volumes object s_rally_b81d8fd9_Yr4hi3FF (b2c58c10-1846-4be6-8c43-875cd31a05fe)
2019-07-14 08:02:20.903 1842 RALLYDEBUG rally_openstack.cleanup.manager [-] Deleting cinder.volumes object s_rally_b81d8fd9_AAPQ3PpF (d01bd386-c16a-432f-87f1-4b767b6a3e31)
2019-07-14 08:02:20.906 1842 RALLYDEBUG rally_openstack.cleanup.manager [-] Deleting cinder.volumes object s_rally_b81d8fd9_KM3VOozb (d8c0bf96-768e-498d-b022-7aefc755d72f)
2019-07-14 08:02:25.467 1842 INFO rally.task.context [-] Task 1dc11c14-0b89-49d7-8078-08a0fb3a35bc | Context cleanup@openstack cleanup() finished in 12.46 sec
2019-07-14 08:02:25.467 1842 INFO rally.task.context [-] Task 1dc11c14-0b89-49d7-8078-08a0fb3a35bc | Context quotas@openstack cleanup() started
2019-07-14 08:02:26.129 1842 INFO rally.task.context [-] Task 1dc11c14-0b89-49d7-8078-08a0fb3a35bc | Context quotas@openstack cleanup() finished in 0.66 sec
2019-07-14 08:02:26.129 1842 INFO rally.task.context [-] Task 1dc11c14-0b89-49d7-8078-08a0fb3a35bc | Context api_versions@openstack cleanup() started
2019-07-14 08:02:26.130 1842 INFO rally.task.context [-] Task 1dc11c14-0b89-49d7-8078-08a0fb3a35bc | Context api_versions@openstack cleanup() finished in 0.32 msec
2019-07-14 08:02:26.130 1842 INFO rally.task.context [-] Task 1dc11c14-0b89-49d7-8078-08a0fb3a35bc | Context users@openstack cleanup() started
2019-07-14 08:02:33.907 1842 INFO rally.task.context [-] Task 1dc11c14-0b89-49d7-8078-08a0fb3a35bc | Context users@openstack cleanup() finished in 7.78 sec
2019-07-14 08:02:34.144 1842 INFO rally.task.engine [-] Load duration is: 10.401568
2019-07-14 08:02:34.144 1842 INFO rally.task.engine [-] Full runner duration is: 10.449327
2019-07-14 08:02:34.144 1842 INFO rally.task.engine [-] Full duration is: 37.934724
2019-07-14 08:02:34.386 1842 INFO rally.task.engine [-] Running workload: position = 0 config = { "version": 2, "title": "A cropped version of a bigger task.", "description": "Auto-generated task from a single workload (uuid=41262c87-c368-4fd1-b487-160f99578150)", "subtasks": [ { "title": "CinderVolumes.list_volumes", "description": "List all volumes.", "scenario": { "CinderVolumes.list_volumes": { "detailed": true } }, "contexts": { "users": { "tenants": 3, "users_per_tenant": 2 }, "quotas": { "cinder": { "gigabytes": -1, "snapshots": -1, "volumes": -1 } }, "api_versions": { "cinder": { "version": 3, "service_type": "volumev3" } }, "volumes": { "size": 1, "volumes_per_tenant": 4 } }, "runner": { "constant": { "concurrency": 4, "times": 10 } }, "hooks": [], "sla": { "failure_rate": { "max": 0 } } } ] }
2019-07-14 08:02:34.409 1842 RALLYDEBUG rally_openstack.contexts.keystone.users [-] Creating 3 tenants using 20 threads
2019-07-14 08:02:36.169 1842 RALLYDEBUG rally_openstack.contexts.keystone.users [-] Creating 6 users using 20 threads
2019-07-14 08:02:38.977 1842 INFO rally.task.context [-] Task 1dc11c14-0b89-49d7-8078-08a0fb3a35bc | Context users@openstack setup() finished in 4.57 sec
2019-07-14 08:02:39.404 1842 INFO rally.task.context [-] Task 1dc11c14-0b89-49d7-8078-08a0fb3a35bc | Context api_versions@openstack setup() finished in 0.43 sec
2019-07-14 08:02:40.934 1842 INFO rally.task.context [-] Task 1dc11c14-0b89-49d7-8078-08a0fb3a35bc | Context quotas@openstack setup() finished in 1.53 sec
2019-07-14 08:03:16.464 1842 INFO rally.task.context [-] Task 1dc11c14-0b89-49d7-8078-08a0fb3a35bc | Context volumes@openstack setup() finished in 35.53 sec
2019-07-14 08:03:16.474 1842 RALLYDEBUG rally.task.runner [-] Starting the constant runner (task UUID: 1dc11c14-0b89-49d7-8078-08a0fb3a35bc). timeout: 0 concurrency: 4 concurrency_per_worker: 1 times: 10 concurrency_overhead: 0 processes_to_start: 4 max_cpu_used: 16
2019-07-14 08:03:16.487 3842 RALLYDEBUG rally.task.runner [-] Starting a worker. concurrency: 1 args: {"detailed": true} times: 10 method_name: run timeout: 0 duration: None cls:
2019-07-14 08:03:16.489 3844 RALLYDEBUG rally.task.runner [-] Starting a worker. concurrency: 1 args: {"detailed": true} times: 10 method_name: run timeout: 0 duration: None cls:
2019-07-14 08:03:16.490 3843 RALLYDEBUG rally.task.runner [-] Starting a worker. concurrency: 1 args: {"detailed": true} times: 10 method_name: run timeout: 0 duration: None cls:
2019-07-14 08:03:16.494 3844 INFO rally.task.runner [-] Task 1dc11c14-0b89-49d7-8078-08a0fb3a35bc | ITER: 2 START
2019-07-14 08:03:16.496 3842 INFO rally.task.runner [-] Task 1dc11c14-0b89-49d7-8078-08a0fb3a35bc | ITER: 1 START
2019-07-14 08:03:16.495 3845 RALLYDEBUG rally.task.runner [-] Starting a worker. concurrency: 1 args: {"detailed": true} times: 10 method_name: run timeout: 0 duration: None cls:
2019-07-14 08:03:16.498 3843 INFO rally.task.runner [-] Task 1dc11c14-0b89-49d7-8078-08a0fb3a35bc | ITER: 3 START
2019-07-14 08:03:16.504 3845 INFO rally.task.runner [-] Task 1dc11c14-0b89-49d7-8078-08a0fb3a35bc | ITER: 4 START
2019-07-14 08:03:17.232 3843 INFO rally.task.runner [-] Task 1dc11c14-0b89-49d7-8078-08a0fb3a35bc | ITER: 3 END: OK
2019-07-14 08:03:17.238 3843 INFO rally.task.runner [-] Task 1dc11c14-0b89-49d7-8078-08a0fb3a35bc | ITER: 5 START
2019-07-14 08:03:17.268 3844 INFO rally.task.runner [-] Task 1dc11c14-0b89-49d7-8078-08a0fb3a35bc | ITER: 2 END: OK
2019-07-14 08:03:17.271 3842 INFO rally.task.runner [-] Task 1dc11c14-0b89-49d7-8078-08a0fb3a35bc | ITER: 1 END: OK
2019-07-14 08:03:17.272 3844 INFO rally.task.runner [-] Task 1dc11c14-0b89-49d7-8078-08a0fb3a35bc | ITER: 6 START
2019-07-14 08:03:17.276 3842 INFO rally.task.runner [-] Task 1dc11c14-0b89-49d7-8078-08a0fb3a35bc | ITER: 7 START
2019-07-14 08:03:17.417 3845 INFO rally.task.runner [-] Task 1dc11c14-0b89-49d7-8078-08a0fb3a35bc | ITER: 4 END: OK
2019-07-14 08:03:17.423 3845 INFO rally.task.runner [-] Task 1dc11c14-0b89-49d7-8078-08a0fb3a35bc | ITER: 8 START
2019-07-14 08:03:18.021 3843 INFO rally.task.runner [-] Task 1dc11c14-0b89-49d7-8078-08a0fb3a35bc | ITER: 5 END: OK
2019-07-14 08:03:18.026 3843 INFO rally.task.runner [-] Task 1dc11c14-0b89-49d7-8078-08a0fb3a35bc | ITER: 9 START
2019-07-14 08:03:18.033 3844 INFO rally.task.runner [-] Task 1dc11c14-0b89-49d7-8078-08a0fb3a35bc | ITER: 6 END: OK
2019-07-14 08:03:18.037 3844 INFO rally.task.runner [-] Task 1dc11c14-0b89-49d7-8078-08a0fb3a35bc | ITER: 10 START
2019-07-14 08:03:18.089 3842 INFO rally.task.runner [-] Task 1dc11c14-0b89-49d7-8078-08a0fb3a35bc | ITER: 7 END: OK
2019-07-14 08:03:18.237 3845 INFO rally.task.runner [-] Task 1dc11c14-0b89-49d7-8078-08a0fb3a35bc | ITER: 8 END: OK
2019-07-14 08:03:18.714 3843 INFO rally.task.runner [-] Task 1dc11c14-0b89-49d7-8078-08a0fb3a35bc | ITER: 9 END: OK
2019-07-14 08:03:18.796 3844 INFO rally.task.runner [-] Task 1dc11c14-0b89-49d7-8078-08a0fb3a35bc | ITER: 10 END: OK
2019-07-14 08:03:18.825 1842 INFO rally.task.context [-] Task 1dc11c14-0b89-49d7-8078-08a0fb3a35bc | Context volumes@openstack cleanup() started
2019-07-14 08:03:18.827 1842 RALLYDEBUG rally_openstack.cleanup.manager [-] Cleaning up cinder volumes objects
2019-07-14 08:03:21.079 1842 RALLYDEBUG rally_openstack.cleanup.manager [-] Deleting cinder.volumes object c_rally_41262c87_kemumk8h (aba13c43-1865-4397-ba62-f648ebbd8b58)
2019-07-14 08:03:21.083 1842 RALLYDEBUG rally_openstack.cleanup.manager [-] Deleting cinder.volumes object c_rally_41262c87_NupVsHLj (e31d0aef-b9b8-40b9-8fe3-d61c7bc84df7)
2019-07-14 08:03:21.089 1842 RALLYDEBUG rally_openstack.cleanup.manager [-] Deleting cinder.volumes object c_rally_41262c87_aLZgIpkr (fc668519-9655-4f91-891b-d5aac0a18d18)
2019-07-14 08:03:21.091 1842 RALLYDEBUG rally_openstack.cleanup.manager [-] Deleting cinder.volumes object c_rally_41262c87_LpjHVqsK (e77fafdc-81f5-4ffd-9118-1f7259cfd001)
2019-07-14 08:03:21.093 1842 RALLYDEBUG rally_openstack.cleanup.manager [-] Deleting cinder.volumes object c_rally_41262c87_Pj0i1rsf (ed486c92-0fcf-4c80-8059-c01e51710e30)
2019-07-14 08:03:21.097 1842 RALLYDEBUG rally_openstack.cleanup.manager [-] Deleting cinder.volumes object c_rally_41262c87_NFt3uxlt (1dc0c2ec-92db-4f9d-b131-45d7d8e4260c)
2019-07-14 08:03:21.102 1842 RALLYDEBUG rally_openstack.cleanup.manager [-] Deleting cinder.volumes object c_rally_41262c87_FG9ILNPG (bab0afec-cbba-4796-8286-bfd60d360288)
2019-07-14 08:03:21.107 1842 RALLYDEBUG rally_openstack.cleanup.manager [-] Deleting cinder.volumes object c_rally_41262c87_jIGWemmU (3cef4899-8b1c-45f3-91e5-a0bc53528212)
2019-07-14 08:03:21.113 1842 RALLYDEBUG rally_openstack.cleanup.manager [-] Deleting cinder.volumes object c_rally_41262c87_S5K3rb5q (fd1889c6-d59c-43c0-9008-6a6ebfde2fbd)
2019-07-14 08:03:21.122 1842 RALLYDEBUG rally_openstack.cleanup.manager [-] Deleting cinder.volumes object c_rally_41262c87_qFxUb3jg (15e7ab05-8f7c-4879-baa9-fa1c449712fc)
2019-07-14 08:03:21.142 1842 RALLYDEBUG rally_openstack.cleanup.manager [-] Deleting cinder.volumes object c_rally_41262c87_VMc6Tddp (c397273e-f398-4b79-b3c5-e04e01b9a45f)
2019-07-14 08:03:21.146 1842 RALLYDEBUG rally_openstack.cleanup.manager [-] Deleting cinder.volumes object c_rally_41262c87_teeqpf3P (aa2c46b1-05f2-48b8-afe4-f846ca164ee4)
2019-07-14 08:03:26.456 1842 INFO rally.task.context [-] Task 1dc11c14-0b89-49d7-8078-08a0fb3a35bc | Context volumes@openstack cleanup() finished in 7.63 sec
2019-07-14 08:03:26.456 1842 INFO rally.task.context [-] Task 1dc11c14-0b89-49d7-8078-08a0fb3a35bc | Context quotas@openstack cleanup() started
2019-07-14 08:03:26.922 1842 INFO rally.task.context [-] Task 1dc11c14-0b89-49d7-8078-08a0fb3a35bc | Context quotas@openstack cleanup() finished in 0.47 sec
2019-07-14 08:03:26.922 1842 INFO rally.task.context [-] Task 1dc11c14-0b89-49d7-8078-08a0fb3a35bc | Context api_versions@openstack cleanup() started
2019-07-14 08:03:26.922 1842 INFO rally.task.context [-] Task 1dc11c14-0b89-49d7-8078-08a0fb3a35bc | Context api_versions@openstack cleanup() finished in 0.33 msec
2019-07-14 08:03:26.923 1842 INFO rally.task.context [-] Task 1dc11c14-0b89-49d7-8078-08a0fb3a35bc | Context users@openstack cleanup() started
2019-07-14 08:03:34.475 1842 INFO rally.task.context [-] Task 1dc11c14-0b89-49d7-8078-08a0fb3a35bc | Context users@openstack cleanup() finished in 7.55 sec
2019-07-14 08:03:34.648 1842 INFO rally.task.engine [-] Load duration is: 2.297262
2019-07-14 08:03:34.649 1842 INFO rally.task.engine [-] Full runner duration is: 2.35292
2019-07-14 08:03:34.649 1842 INFO rally.task.engine [-] Full duration is: 60.06899
2019-07-14 08:03:34.882 1842 INFO rally.task.engine [-] Running workload: position = 0 config = { "version": 2, "title": "A cropped version of a bigger task.", "description": "Auto-generated task from a single workload (uuid=aa6242f7-0348-46fa-8d56-799aa8747d3b)", "subtasks": [ { "title": "CinderVolumes.create_and_delete_snapshot", "description": "Create and then delete a volume-snapshot.", "scenario": { "CinderVolumes.create_and_delete_snapshot": { "force": false } }, "contexts": { "users": { "tenants": 3, "users_per_tenant": 2 }, "quotas": { "cinder": { "gigabytes": -1, "snapshots": -1, "volumes": -1 } }, "api_versions": { "cinder": { "version": 3, "service_type": "volumev3" } }, "volumes": { "size": 1, "volumes_per_tenant": 1 } }, "runner": { "constant": { "concurrency": 4, "times": 10 } }, "hooks": [], "sla": { "failure_rate": { "max": 0 } } } ] }
2019-07-14 08:03:34.900 1842 RALLYDEBUG rally_openstack.contexts.keystone.users [-] Creating 3 tenants using 20 threads
2019-07-14 08:03:36.800 1842 RALLYDEBUG rally_openstack.contexts.keystone.users [-] Creating 6 users using 20 threads
2019-07-14 08:03:39.393 1842 INFO rally.task.context [-] Task 1dc11c14-0b89-49d7-8078-08a0fb3a35bc | Context users@openstack setup() finished in 4.49 sec
2019-07-14 08:03:39.814 1842 INFO rally.task.context [-] Task 1dc11c14-0b89-49d7-8078-08a0fb3a35bc | Context api_versions@openstack setup() finished in 0.42 sec
2019-07-14 08:03:41.367 1842 INFO rally.task.context [-] Task 1dc11c14-0b89-49d7-8078-08a0fb3a35bc | Context quotas@openstack setup() finished in 1.55 sec
2019-07-14 08:03:52.036 1842 INFO rally.task.context [-] Task 1dc11c14-0b89-49d7-8078-08a0fb3a35bc | Context volumes@openstack setup() finished in 10.67 sec
2019-07-14 08:03:52.036 1842 INFO rally.task.context [-] Task 1dc11c14-0b89-49d7-8078-08a0fb3a35bc | Context cleanup@openstack setup() finished in 0.01 msec
2019-07-14 08:03:52.044 1842 RALLYDEBUG rally.task.runner [-] Starting the constant runner (task UUID: 1dc11c14-0b89-49d7-8078-08a0fb3a35bc). timeout: 0 concurrency: 4 concurrency_per_worker: 1 times: 10 concurrency_overhead: 0 processes_to_start: 4 max_cpu_used: 16
2019-07-14 08:03:52.056 3966 RALLYDEBUG rally.task.runner [-] Starting a worker. concurrency: 1 args: {"force": false} times: 10 method_name: run timeout: 0 duration: None cls:
2019-07-14 08:03:52.060 3967 RALLYDEBUG rally.task.runner [-] Starting a worker. concurrency: 1 args: {"force": false} times: 10 method_name: run timeout: 0 duration: None cls:
2019-07-14 08:03:52.063 3969 RALLYDEBUG rally.task.runner [-] Starting a worker. concurrency: 1 args: {"force": false} times: 10 method_name: run timeout: 0 duration: None cls:
2019-07-14 08:03:52.063 3968 RALLYDEBUG rally.task.runner [-] Starting a worker. concurrency: 1 args: {"force": false} times: 10 method_name: run timeout: 0 duration: None cls:
2019-07-14 08:03:52.066 3966 INFO rally.task.runner [-] Task 1dc11c14-0b89-49d7-8078-08a0fb3a35bc | ITER: 1 START
2019-07-14 08:03:52.070 3969 INFO rally.task.runner [-] Task 1dc11c14-0b89-49d7-8078-08a0fb3a35bc | ITER: 3 START
2019-07-14 08:03:52.072 3967 INFO rally.task.runner [-] Task 1dc11c14-0b89-49d7-8078-08a0fb3a35bc | ITER: 2 START
2019-07-14 08:03:52.074 3968 INFO rally.task.runner [-] Task 1dc11c14-0b89-49d7-8078-08a0fb3a35bc | ITER: 4 START
2019-07-14 08:03:55.709 3969 RALLYDEBUG rally.task.utils [-] Waiting for resource s_rally_aa6242f7_5ZilNel4. Status changed: AVAILABLE => DELETING in 0.0234930515289
2019-07-14 08:03:55.771 3966 RALLYDEBUG rally.task.utils [-] Waiting for resource s_rally_aa6242f7_v1PB7yJS. Status changed: AVAILABLE => DELETING in 0.0254521369934
2019-07-14 08:03:55.946 3967 RALLYDEBUG rally.task.utils [-] Waiting for resource s_rally_aa6242f7_RjLRQy2L. Status changed: AVAILABLE => DELETING in 0.214065074921
2019-07-14 08:03:55.988 3968 RALLYDEBUG rally.task.utils [-] Waiting for resource s_rally_aa6242f7_EHjHJoy6. Status changed: AVAILABLE => DELETING in 0.232049942017
2019-07-14 08:03:57.940 3969 INFO rally.task.runner [-] Task 1dc11c14-0b89-49d7-8078-08a0fb3a35bc | ITER: 3 END: OK
2019-07-14 08:03:57.946 3969 INFO rally.task.runner [-] Task 1dc11c14-0b89-49d7-8078-08a0fb3a35bc | ITER: 5 START
2019-07-14 08:03:57.996 3966 INFO rally.task.runner [-] Task 1dc11c14-0b89-49d7-8078-08a0fb3a35bc | ITER: 1 END: OK
2019-07-14 08:03:58.000 3966 INFO rally.task.runner [-] Task 1dc11c14-0b89-49d7-8078-08a0fb3a35bc | ITER: 6 START
2019-07-14 08:03:58.155 3967 INFO rally.task.runner [-] Task 1dc11c14-0b89-49d7-8078-08a0fb3a35bc | ITER: 2 END: OK
2019-07-14 08:03:58.160 3967 INFO rally.task.runner [-] Task 1dc11c14-0b89-49d7-8078-08a0fb3a35bc | ITER: 7 START
2019-07-14 08:03:58.295 3968 INFO rally.task.runner [-] Task 1dc11c14-0b89-49d7-8078-08a0fb3a35bc | ITER: 4 END: OK
2019-07-14 08:03:58.300 3968 INFO rally.task.runner [-] Task 1dc11c14-0b89-49d7-8078-08a0fb3a35bc | ITER: 8 START
2019-07-14 08:04:01.656 3969 RALLYDEBUG rally.task.utils [-] Waiting for resource s_rally_aa6242f7_SvJPZDNB. Status changed: AVAILABLE => DELETING in 0.34831404686
2019-07-14 08:04:01.756 3967 RALLYDEBUG rally.task.utils [-] Waiting for resource s_rally_aa6242f7_jDWnI1qK. Status changed: AVAILABLE => DELETING in 0.220288038254
2019-07-14 08:04:01.967 3966 RALLYDEBUG rally.task.utils [-] Waiting for resource s_rally_aa6242f7_txYdhpgT. Status changed: AVAILABLE => DELETING in 0.221585988998
2019-07-14 08:04:02.157 3968 RALLYDEBUG rally.task.utils [-] Waiting for resource s_rally_aa6242f7_blhs8RNg. Status changed: AVAILABLE => DELETING in 0.20849108696
2019-07-14 08:04:03.683 3969 INFO rally.task.runner [-] Task 1dc11c14-0b89-49d7-8078-08a0fb3a35bc | ITER: 5 END: OK
2019-07-14 08:04:03.688 3969 INFO rally.task.runner [-] Task 1dc11c14-0b89-49d7-8078-08a0fb3a35bc | ITER: 9 START
2019-07-14 08:04:03.782 3967 INFO rally.task.runner [-] Task 1dc11c14-0b89-49d7-8078-08a0fb3a35bc | ITER: 7 END: OK
2019-07-14 08:04:03.787 3967 INFO rally.task.runner [-] Task 1dc11c14-0b89-49d7-8078-08a0fb3a35bc | ITER: 10 START
2019-07-14 08:04:04.183 3966 INFO rally.task.runner [-] Task 1dc11c14-0b89-49d7-8078-08a0fb3a35bc | ITER: 6 END: OK
2019-07-14 08:04:04.189 3968 INFO rally.task.runner [-] Task 1dc11c14-0b89-49d7-8078-08a0fb3a35bc | ITER: 8 END: OK
2019-07-14 08:04:07.381 3967 RALLYDEBUG rally.task.utils [-] Waiting for resource s_rally_aa6242f7_KP38rjt0. Status changed: AVAILABLE => DELETING in 0.0243170261383
2019-07-14 08:04:07.555 3969 RALLYDEBUG rally.task.utils [-] Waiting for resource s_rally_aa6242f7_iPdDUi0D. Status changed: AVAILABLE => DELETING in 0.221987962723
2019-07-14 08:04:09.580 3969 INFO rally.task.runner [-] Task 1dc11c14-0b89-49d7-8078-08a0fb3a35bc | ITER: 9 END: OK
2019-07-14 08:04:09.601 3967 INFO rally.task.runner [-] Task 1dc11c14-0b89-49d7-8078-08a0fb3a35bc | ITER: 10 END: OK
2019-07-14 08:04:09.629 1842 INFO rally.task.context [-] Task 1dc11c14-0b89-49d7-8078-08a0fb3a35bc | Context cleanup@openstack cleanup() started
2019-07-14 08:04:09.632 1842 RALLYDEBUG rally_openstack.cleanup.manager [-] Cleaning up cinder backups objects
2019-07-14 08:04:11.591 1842 RALLYDEBUG rally_openstack.cleanup.manager [-] Cleaning up cinder volume_snapshots objects
2019-07-14 08:04:13.558 1842 RALLYDEBUG rally_openstack.cleanup.manager [-] Cleaning up cinder transfers objects
2019-07-14 08:04:15.417 1842 RALLYDEBUG rally_openstack.cleanup.manager [-] Cleaning up cinder volumes objects
2019-07-14 08:04:17.459 1842 INFO rally.task.context [-] Task 1dc11c14-0b89-49d7-8078-08a0fb3a35bc | Context cleanup@openstack cleanup() finished in 7.83 sec
2019-07-14 08:04:17.460 1842 INFO rally.task.context [-] Task 1dc11c14-0b89-49d7-8078-08a0fb3a35bc | Context volumes@openstack cleanup() started
2019-07-14 08:04:17.461 1842 RALLYDEBUG rally_openstack.cleanup.manager [-] Cleaning up cinder volumes objects
2019-07-14 08:04:19.407 1842 RALLYDEBUG rally_openstack.cleanup.manager [-] Deleting cinder.volumes object c_rally_aa6242f7_C1Nkj2IR (3ea1e588-260a-4da5-8ec6-8b3a474943d7)
2019-07-14 08:04:19.408 1842 RALLYDEBUG rally_openstack.cleanup.manager [-] Deleting cinder.volumes object c_rally_aa6242f7_Vs6P1NOH (044132ca-6af7-4afb-aaea-084bb8a9b46f)
2019-07-14 08:04:19.414 1842 RALLYDEBUG rally_openstack.cleanup.manager [-] Deleting cinder.volumes object c_rally_aa6242f7_lnnvu3Zz (dde9841e-ef00-454f-9e57-733a3643f8bd)
2019-07-14 08:04:22.801 1842 INFO rally.task.context [-] Task 1dc11c14-0b89-49d7-8078-08a0fb3a35bc | Context volumes@openstack cleanup() finished in 5.34 sec
2019-07-14 08:04:22.802 1842 INFO rally.task.context [-] Task 1dc11c14-0b89-49d7-8078-08a0fb3a35bc | Context quotas@openstack cleanup() started
2019-07-14 08:04:23.331 1842 INFO rally.task.context [-] Task 1dc11c14-0b89-49d7-8078-08a0fb3a35bc | Context quotas@openstack cleanup() finished in 0.53 sec
2019-07-14 08:04:23.331 1842 INFO rally.task.context [-] Task 1dc11c14-0b89-49d7-8078-08a0fb3a35bc | Context api_versions@openstack cleanup() started
2019-07-14 08:04:23.332 1842 INFO rally.task.context [-] Task 1dc11c14-0b89-49d7-8078-08a0fb3a35bc | Context api_versions@openstack cleanup() finished in 0.30 msec
2019-07-14 08:04:23.332 1842 INFO rally.task.context [-] Task 1dc11c14-0b89-49d7-8078-08a0fb3a35bc | Context users@openstack cleanup() started
2019-07-14 08:04:30.232 1842 INFO rally.task.context [-] Task 1dc11c14-0b89-49d7-8078-08a0fb3a35bc | Context users@openstack cleanup() finished in 6.90 sec
2019-07-14 08:04:31.100 1842 INFO rally.task.engine [-] Load duration is: 17.531301
2019-07-14 08:04:31.100 1842 INFO rally.task.engine [-] Full runner duration is: 17.585848
2019-07-14 08:04:31.100 1842 INFO rally.task.engine [-] Full duration is: 55.33609
2019-07-14 08:04:31.296 1842 INFO rally.task.engine [-] Running workload: position = 0 config = { "version": 2, "title": "A cropped version of a bigger task.", "description": "Auto-generated task from a single workload (uuid=04b6d597-55c3-4cc1-b218-54344ecb5826)", "subtasks": [ { "title": "CinderVolumes.create_and_delete_volume", "description": "Create and then delete a volume.", "scenario": { "CinderVolumes.create_and_delete_volume": { "size": { "max": 1, "min": 1 } } }, "contexts": { "users": { "tenants": 3, "users_per_tenant": 2 }, "quotas": { "cinder": { "gigabytes": -1, "snapshots": -1, "volumes": -1 } }, "api_versions": { "cinder": { "version": 3, "service_type": "volumev3" } } }, "runner": { "constant": { "concurrency": 4, "times": 10 } }, "hooks": [], "sla": { "failure_rate": { "max": 0 } } } ] }
2019-07-14 08:04:31.311 1842 RALLYDEBUG rally_openstack.contexts.keystone.users [-] Creating 3 tenants using 20 threads
2019-07-14 08:04:33.166 1842 RALLYDEBUG rally_openstack.contexts.keystone.users [-] Creating 6 users using 20 threads
2019-07-14 08:04:35.817 1842 INFO rally.task.context [-] Task 1dc11c14-0b89-49d7-8078-08a0fb3a35bc | Context users@openstack setup() finished in 4.51 sec
2019-07-14 08:04:36.246 1842 INFO rally.task.context [-] Task 1dc11c14-0b89-49d7-8078-08a0fb3a35bc | Context api_versions@openstack setup() finished in 0.43 sec
2019-07-14 08:04:37.768 1842 INFO rally.task.context [-] Task 1dc11c14-0b89-49d7-8078-08a0fb3a35bc | Context quotas@openstack setup() finished in 1.52 sec
2019-07-14 08:04:37.769 1842 INFO rally.task.context [-] Task 1dc11c14-0b89-49d7-8078-08a0fb3a35bc | Context cleanup@openstack setup() finished in 0.02 msec
2019-07-14 08:04:37.776 1842 RALLYDEBUG rally.task.runner [-] Starting the constant runner (task UUID: 1dc11c14-0b89-49d7-8078-08a0fb3a35bc). timeout: 0 concurrency: 4 concurrency_per_worker: 1 times: 10 concurrency_overhead: 0 processes_to_start: 4 max_cpu_used: 16
2019-07-14 08:04:37.790 4170 RALLYDEBUG rally.task.runner [-] Starting a worker. concurrency: 1 args: {"size": {"max": 1, "min": 1}} times: 10 method_name: run timeout: 0 duration: None cls:
2019-07-14 08:04:37.793 4171 RALLYDEBUG rally.task.runner [-] Starting a worker. concurrency: 1 args: {"size": {"max": 1, "min": 1}} times: 10 method_name: run timeout: 0 duration: None cls:
2019-07-14 08:04:37.795 4172 RALLYDEBUG rally.task.runner [-] Starting a worker. concurrency: 1 args: {"size": {"max": 1, "min": 1}} times: 10 method_name: run timeout: 0 duration: None cls:
2019-07-14 08:04:37.798 4170 INFO rally.task.runner [-] Task 1dc11c14-0b89-49d7-8078-08a0fb3a35bc | ITER: 1 START
2019-07-14 08:04:37.800 4173 RALLYDEBUG rally.task.runner [-] Starting a worker. concurrency: 1 args: {"size": {"max": 1, "min": 1}} times: 10 method_name: run timeout: 0 duration: None cls:
2019-07-14 08:04:37.802 4171 INFO rally.task.runner [-] Task 1dc11c14-0b89-49d7-8078-08a0fb3a35bc | ITER: 2 START
2019-07-14 08:04:37.802 4172 INFO rally.task.runner [-] Task 1dc11c14-0b89-49d7-8078-08a0fb3a35bc | ITER: 3 START
2019-07-14 08:04:37.808 4173 INFO rally.task.runner [-] Task 1dc11c14-0b89-49d7-8078-08a0fb3a35bc | ITER: 4 START
2019-07-14 08:04:41.746 4172 RALLYDEBUG rally.task.utils [-] Waiting for resource s_rally_04b6d597_PZYB5rym. Status changed: AVAILABLE => DELETING in 0.271186828613
2019-07-14 08:04:41.780 4170 RALLYDEBUG rally.task.utils [-] Waiting for resource s_rally_04b6d597_Y8pdypmw. Status changed: AVAILABLE => DELETING in 0.0580718517303
2019-07-14 08:04:41.803 4171 RALLYDEBUG rally.task.utils [-] Waiting for resource s_rally_04b6d597_QvV0b1lU. Status changed: AVAILABLE => DELETING in 0.291918992996
2019-07-14 08:04:41.984 4173 RALLYDEBUG rally.task.utils [-] Waiting for resource s_rally_04b6d597_Vp9Tld5w. Status changed: AVAILABLE => DELETING in 0.345066070557
2019-07-14 08:04:43.841 4171 INFO rally.task.runner [-] Task 1dc11c14-0b89-49d7-8078-08a0fb3a35bc | ITER: 2 END: OK
2019-07-14 08:04:43.847 4171 INFO rally.task.runner [-] Task 1dc11c14-0b89-49d7-8078-08a0fb3a35bc | ITER: 5 START
2019-07-14 08:04:44.021 4170 INFO rally.task.runner [-] Task 1dc11c14-0b89-49d7-8078-08a0fb3a35bc | ITER: 1 END: OK
2019-07-14 08:04:44.023 4173 INFO rally.task.runner [-] Task 1dc11c14-0b89-49d7-8078-08a0fb3a35bc | ITER: 4 END: OK
2019-07-14 08:04:44.025 4170 INFO rally.task.runner [-] Task 1dc11c14-0b89-49d7-8078-08a0fb3a35bc | ITER: 6 START
2019-07-14 08:04:44.029 4173 INFO rally.task.runner [-] Task 1dc11c14-0b89-49d7-8078-08a0fb3a35bc | ITER: 7 START
2019-07-14 08:04:44.069 4172 INFO rally.task.runner [-] Task 1dc11c14-0b89-49d7-8078-08a0fb3a35bc | ITER: 3 END: OK
2019-07-14 08:04:44.074 4172 INFO rally.task.runner [-] Task 1dc11c14-0b89-49d7-8078-08a0fb3a35bc | ITER: 8 START
2019-07-14 08:04:47.447 4171 RALLYDEBUG rally.task.utils [-] Waiting for resource s_rally_04b6d597_4A14kvUF. Status changed: AVAILABLE => DELETING in 0.0600221157074
2019-07-14 08:04:47.972 4170 RALLYDEBUG rally.task.utils [-] Waiting for resource s_rally_04b6d597_VYJaOTTS. Status changed: AVAILABLE => DELETING in 0.267912149429
2019-07-14 08:04:48.002 4173 RALLYDEBUG rally.task.utils [-] Waiting for resource s_rally_04b6d597_HYKOAL2c. Status changed: AVAILABLE => DELETING in 0.344131946564
2019-07-14 08:04:48.020 4172 RALLYDEBUG rally.task.utils [-] Waiting for resource s_rally_04b6d597_iQv2Yuit. Status changed: AVAILABLE => DELETING in 0.0665009021759
2019-07-14 08:04:49.671 4171 INFO rally.task.runner [-] Task 1dc11c14-0b89-49d7-8078-08a0fb3a35bc | ITER: 5 END: OK
2019-07-14 08:04:49.676 4171 INFO rally.task.runner [-] Task 1dc11c14-0b89-49d7-8078-08a0fb3a35bc | ITER: 9 START
2019-07-14 08:04:50.044 4173 INFO rally.task.runner [-] Task 1dc11c14-0b89-49d7-8078-08a0fb3a35bc | ITER: 7 END: OK
2019-07-14 08:04:50.049 4173 INFO rally.task.runner [-] Task 1dc11c14-0b89-49d7-8078-08a0fb3a35bc | ITER: 10 START
2019-07-14 08:04:50.070 4172 INFO rally.task.runner [-] Task 1dc11c14-0b89-49d7-8078-08a0fb3a35bc | ITER: 8 END: OK
2019-07-14 08:04:50.208 4170 INFO rally.task.runner [-] Task 1dc11c14-0b89-49d7-8078-08a0fb3a35bc | ITER: 6 END: OK
2019-07-14 08:04:53.369 4171 RALLYDEBUG rally.task.utils [-] Waiting for resource s_rally_04b6d597_Nql2TLqX. Status changed: AVAILABLE => DELETING in 0.0545039176941
2019-07-14 08:04:53.668 4173 RALLYDEBUG rally.task.utils [-] Waiting for resource s_rally_04b6d597_ulv5arJ7. Status changed: AVAILABLE => DELETING in 0.234151124954
2019-07-14 08:04:55.594 4171 INFO rally.task.runner [-] Task 1dc11c14-0b89-49d7-8078-08a0fb3a35bc | ITER: 9 END: OK
2019-07-14 08:04:55.883 4173 INFO rally.task.runner [-] Task 1dc11c14-0b89-49d7-8078-08a0fb3a35bc | ITER: 10 END: OK
2019-07-14 08:04:55.905 1842 INFO rally.task.context [-] Task 1dc11c14-0b89-49d7-8078-08a0fb3a35bc | Context cleanup@openstack cleanup() started
2019-07-14 08:04:55.908 1842 RALLYDEBUG rally_openstack.cleanup.manager [-] Cleaning up cinder backups objects
2019-07-14 08:04:57.866 1842 RALLYDEBUG rally_openstack.cleanup.manager [-] Cleaning up cinder volume_snapshots objects
2019-07-14 08:04:59.876 1842 RALLYDEBUG rally_openstack.cleanup.manager [-] Cleaning up cinder transfers objects
2019-07-14 08:05:01.801 1842 RALLYDEBUG rally_openstack.cleanup.manager [-] Cleaning up cinder volumes objects
2019-07-14 08:05:03.807 1842 INFO rally.task.context [-] Task 1dc11c14-0b89-49d7-8078-08a0fb3a35bc | Context cleanup@openstack cleanup() finished in 7.90 sec
2019-07-14 08:05:03.807 1842 INFO rally.task.context [-] Task 1dc11c14-0b89-49d7-8078-08a0fb3a35bc | Context quotas@openstack cleanup() started
2019-07-14 08:05:04.434 1842 INFO rally.task.context [-] Task 1dc11c14-0b89-49d7-8078-08a0fb3a35bc | Context quotas@openstack cleanup() finished in 0.63 sec
2019-07-14 08:05:04.435 1842 INFO rally.task.context [-] Task 1dc11c14-0b89-49d7-8078-08a0fb3a35bc | Context api_versions@openstack cleanup() started
2019-07-14 08:05:04.435 1842 INFO rally.task.context [-] Task 1dc11c14-0b89-49d7-8078-08a0fb3a35bc | Context api_versions@openstack cleanup() finished in 0.31 msec
2019-07-14 08:05:04.435 1842 INFO rally.task.context [-] Task 1dc11c14-0b89-49d7-8078-08a0fb3a35bc | Context users@openstack cleanup() started
2019-07-14 08:05:11.496 1842 INFO rally.task.context [-] Task 1dc11c14-0b89-49d7-8078-08a0fb3a35bc | Context users@openstack cleanup() finished in 7.06 sec
2019-07-14 08:05:13.475 1842 INFO rally.task.engine [-] Load duration is: 18.082378
2019-07-14 08:05:13.476 1842 INFO rally.task.engine [-] Full runner duration is: 18.129134
2019-07-14 08:05:13.476 1842 INFO rally.task.engine [-] Full duration is: 40.189938
2019-07-14 08:05:13.642 1842 INFO rally.task.engine [-] Running workload: position = 1 config = { "version": 2, "title": "A cropped version of a bigger task.", "description": "Auto-generated task from a single workload (uuid=a78ee42c-aa6e-4273-acf6-16a7060804e8)", "subtasks": [ { "title": "CinderVolumes.create_and_delete_volume", "description": "Create and then delete a volume.", "scenario": { "CinderVolumes.create_and_delete_volume": { "image": { "name": "rally_full-img_caebe5f6-d744-4b1c-8e09-af7743963b77" }, "size": 1 } }, "contexts": { "users": { "tenants": 3, "users_per_tenant": 2 }, "quotas": { "cinder": { "gigabytes": -1, "snapshots": -1, "volumes": -1 } }, "api_versions": { "cinder": { "version": 3, "service_type": "volumev3" } } }, "runner": { "constant": { "concurrency": 4, "times": 10 } }, "hooks": [], "sla": { "failure_rate": { "max": 0 } } } ] }
2019-07-14 08:05:13.668 1842 RALLYDEBUG rally_openstack.contexts.keystone.users [-] Creating 3 tenants using 20 threads
2019-07-14 08:05:15.557 1842 RALLYDEBUG rally_openstack.contexts.keystone.users [-] Creating 6 users using 20 threads
2019-07-14 08:05:18.174 1842 INFO rally.task.context [-] Task 1dc11c14-0b89-49d7-8078-08a0fb3a35bc | Context users@openstack setup() finished in 4.51 sec
2019-07-14 08:05:18.599 1842 INFO rally.task.context [-] Task 1dc11c14-0b89-49d7-8078-08a0fb3a35bc | Context api_versions@openstack setup() finished in 0.42 sec
2019-07-14 08:05:20.128 1842 INFO rally.task.context [-] Task 1dc11c14-0b89-49d7-8078-08a0fb3a35bc | Context quotas@openstack setup() finished in 1.53 sec
2019-07-14 08:05:20.129 1842 INFO rally.task.context [-] Task 1dc11c14-0b89-49d7-8078-08a0fb3a35bc | Context cleanup@openstack setup() finished in 0.01 msec
2019-07-14 08:05:20.861 1842 RALLYDEBUG rally.task.runner [-] Starting the constant runner (task UUID: 1dc11c14-0b89-49d7-8078-08a0fb3a35bc). timeout: 0 concurrency: 4 concurrency_per_worker: 1 times: 10 concurrency_overhead: 0 processes_to_start: 4 max_cpu_used: 16
2019-07-14 08:05:20.874 4354 RALLYDEBUG rally.task.runner [-] Starting a worker. concurrency: 1 args: {"image": "eac7d18a-0543-4fa3-bc64-67c3def7e148", "size": 1} times: 10 method_name: run timeout: 0 duration: None cls:
2019-07-14 08:05:20.878 4356 RALLYDEBUG rally.task.runner [-] Starting a worker. concurrency: 1 args: {"image": "eac7d18a-0543-4fa3-bc64-67c3def7e148", "size": 1} times: 10 method_name: run timeout: 0 duration: None cls:
2019-07-14 08:05:20.878 4355 RALLYDEBUG rally.task.runner [-] Starting a worker. concurrency: 1 args: {"image": "eac7d18a-0543-4fa3-bc64-67c3def7e148", "size": 1} times: 10 method_name: run timeout: 0 duration: None cls:
2019-07-14 08:05:20.881 4357 RALLYDEBUG rally.task.runner [-] Starting a worker. concurrency: 1 args: {"image": "eac7d18a-0543-4fa3-bc64-67c3def7e148", "size": 1} times: 10 method_name: run timeout: 0 duration: None cls:
2019-07-14 08:05:20.883 4354 INFO rally.task.runner [-] Task 1dc11c14-0b89-49d7-8078-08a0fb3a35bc | ITER: 1 START
2019-07-14 08:05:20.885 4356 INFO rally.task.runner [-] Task 1dc11c14-0b89-49d7-8078-08a0fb3a35bc | ITER: 2 START
2019-07-14 08:05:20.886 4355 INFO rally.task.runner [-] Task 1dc11c14-0b89-49d7-8078-08a0fb3a35bc | ITER: 3 START
2019-07-14 08:05:20.887 4357 INFO rally.task.runner [-] Task 1dc11c14-0b89-49d7-8078-08a0fb3a35bc | ITER: 4 START
2019-07-14 08:05:25.190 4355 RALLYDEBUG rally.task.utils [-] Waiting for resource s_rally_a78ee42c_5P4duT29. Status changed: CREATING => DOWNLOADING in 0.827107906342
2019-07-14 08:05:27.064 4354 RALLYDEBUG rally.task.utils [-] Waiting for resource s_rally_a78ee42c_TdarJY4k. Status changed: DOWNLOADING => AVAILABLE in 2.57837486267
2019-07-14 08:05:27.441 4357 RALLYDEBUG rally.task.utils [-] Waiting for resource s_rally_a78ee42c_8vw8G2MA. Status changed: DOWNLOADING => AVAILABLE in 3.05021905899
2019-07-14 08:05:27.607 4355 RALLYDEBUG rally.task.utils [-] Waiting for resource s_rally_a78ee42c_5P4duT29. Status changed: DOWNLOADING => AVAILABLE in 2.41703295708
2019-07-14 08:05:27.675 4354 RALLYDEBUG rally.task.utils [-] Waiting for resource s_rally_a78ee42c_TdarJY4k. Status changed: AVAILABLE => DELETING in 0.244021177292
2019-07-14 08:05:27.936 4355 RALLYDEBUG rally.task.utils [-] Waiting for resource s_rally_a78ee42c_5P4duT29. Status changed: AVAILABLE => DELETING in 0.25849199295
2019-07-14 08:05:28.098 4357 RALLYDEBUG rally.task.utils [-] Waiting for resource s_rally_a78ee42c_8vw8G2MA. Status changed: AVAILABLE => DELETING in 0.253263950348
2019-07-14 08:05:29.397 4356 RALLYDEBUG rally.task.utils [-] Waiting for resource s_rally_a78ee42c_mLLawnkN. Status changed: DOWNLOADING => AVAILABLE in 4.98082399368
2019-07-14 08:05:29.919 4354 INFO rally.task.runner [-] Task 1dc11c14-0b89-49d7-8078-08a0fb3a35bc | ITER: 1 END: OK
2019-07-14 08:05:29.924 4354 INFO rally.task.runner [-] Task 1dc11c14-0b89-49d7-8078-08a0fb3a35bc | ITER: 5 START
2019-07-14 08:05:30.153 4356 INFO rally.task.runner [-] Task 1dc11c14-0b89-49d7-8078-08a0fb3a35bc | ITER: 2 END: OK
2019-07-14 08:05:30.159 4356 INFO rally.task.runner [-] Task 1dc11c14-0b89-49d7-8078-08a0fb3a35bc | ITER: 6 START
2019-07-14 08:05:30.317 4355 INFO rally.task.runner [-] Task 1dc11c14-0b89-49d7-8078-08a0fb3a35bc | ITER: 3 END: OK
2019-07-14 08:05:30.321 4355 INFO rally.task.runner [-] Task 1dc11c14-0b89-49d7-8078-08a0fb3a35bc | ITER: 7 START
2019-07-14 08:05:30.416 4357 INFO rally.task.runner [-] Task 1dc11c14-0b89-49d7-8078-08a0fb3a35bc | ITER: 4 END: OK
2019-07-14 08:05:30.422 4357 INFO rally.task.runner [-] Task 1dc11c14-0b89-49d7-8078-08a0fb3a35bc | ITER: 8 START
2019-07-14 08:05:34.090 4356 RALLYDEBUG rally.task.utils [-] Waiting for resource s_rally_a78ee42c_hMPj6alH. Status changed: CREATING => DOWNLOADING in 0.696058988571
2019-07-14 08:05:36.155 4354 RALLYDEBUG rally.task.utils [-] Waiting for resource s_rally_a78ee42c_2K1SGHtq. Status changed: DOWNLOADING => AVAILABLE in 2.97150397301
2019-07-14 08:05:36.412 4356 RALLYDEBUG rally.task.utils [-] Waiting for resource s_rally_a78ee42c_hMPj6alH. Status changed: DOWNLOADING => AVAILABLE in 2.32214999199
2019-07-14 08:05:36.464 4355 RALLYDEBUG rally.task.utils [-] Waiting for resource s_rally_a78ee42c_2RJuOqdy. Status changed: DOWNLOADING => AVAILABLE in 2.8604631424
2019-07-14 08:05:36.692 4357 RALLYDEBUG rally.task.utils [-] Waiting for resource s_rally_a78ee42c_G7tOdBe3. Status changed: DOWNLOADING => AVAILABLE in 2.88009095192
2019-07-14 08:05:36.786 4354 RALLYDEBUG rally.task.utils [-] Waiting for resource s_rally_a78ee42c_2K1SGHtq. Status changed: AVAILABLE => DELETING in 0.287760972977
2019-07-14 08:05:36.837 4356 RALLYDEBUG rally.task.utils [-] Waiting for resource s_rally_a78ee42c_hMPj6alH. Status changed: AVAILABLE => DELETING in 0.0627250671387
2019-07-14 08:05:36.903 4355 INFO rally.task.runner [-] Task 1dc11c14-0b89-49d7-8078-08a0fb3a35bc | ITER: 7 END: OK
2019-07-14 08:05:36.907 4355 INFO rally.task.runner [-] Task 1dc11c14-0b89-49d7-8078-08a0fb3a35bc | ITER: 9 START
2019-07-14 08:05:37.396 4357 RALLYDEBUG rally.task.utils [-] Waiting for resource s_rally_a78ee42c_G7tOdBe3. Status changed: AVAILABLE => DELETING in 0.274974107742
2019-07-14 08:05:39.044 4354 INFO rally.task.runner [-] Task 1dc11c14-0b89-49d7-8078-08a0fb3a35bc | ITER: 5 END: OK
2019-07-14 08:05:39.049 4354 INFO rally.task.runner [-] Task 1dc11c14-0b89-49d7-8078-08a0fb3a35bc | ITER: 10 START
2019-07-14 08:05:39.061 4356 INFO rally.task.runner [-] Task 1dc11c14-0b89-49d7-8078-08a0fb3a35bc | ITER: 6 END: OK
2019-07-14 08:05:39.611 4357 INFO rally.task.runner [-] Task 1dc11c14-0b89-49d7-8078-08a0fb3a35bc | ITER: 8 END: OK
2019-07-14 08:05:42.943 4355 RALLYDEBUG rally.task.utils [-] Waiting for resource s_rally_a78ee42c_bxDtAr9m. Status changed: DOWNLOADING => AVAILABLE in 2.73960185051
2019-07-14 08:05:43.506 4355 INFO rally.task.runner [-] Task 1dc11c14-0b89-49d7-8078-08a0fb3a35bc | ITER: 9 END: OK
2019-07-14 08:05:45.114 4354 RALLYDEBUG rally.task.utils [-] Waiting for resource s_rally_a78ee42c_WPwNvYtp. Status changed: DOWNLOADING => AVAILABLE in 2.7887980938
2019-07-14 08:05:45.471 4354 INFO rally.task.runner [-] Task 1dc11c14-0b89-49d7-8078-08a0fb3a35bc | ITER: 10 END: OK
2019-07-14 08:05:45.496 1842 INFO rally.task.context [-] Task 1dc11c14-0b89-49d7-8078-08a0fb3a35bc | Context cleanup@openstack cleanup() started
2019-07-14 08:05:45.499 1842 RALLYDEBUG rally_openstack.cleanup.manager [-] Cleaning up cinder backups objects
2019-07-14 08:05:47.356 1842 RALLYDEBUG rally_openstack.cleanup.manager [-] Cleaning up cinder volume_snapshots objects
2019-07-14 08:05:49.389 1842 RALLYDEBUG rally_openstack.cleanup.manager [-] Cleaning up cinder transfers objects
2019-07-14 08:05:51.357 1842 RALLYDEBUG rally_openstack.cleanup.manager [-] Cleaning up cinder volumes objects
2019-07-14 08:05:53.470 1842 INFO rally.task.context [-] Task 1dc11c14-0b89-49d7-8078-08a0fb3a35bc | Context cleanup@openstack cleanup() finished in 7.97 sec
2019-07-14 08:05:53.470 1842 INFO rally.task.context [-] Task 1dc11c14-0b89-49d7-8078-08a0fb3a35bc | Context quotas@openstack cleanup() started
2019-07-14 08:05:54.115 1842 INFO rally.task.context [-] Task 1dc11c14-0b89-49d7-8078-08a0fb3a35bc | Context quotas@openstack cleanup() finished in 0.64 sec
2019-07-14 08:05:54.115 1842 INFO rally.task.context [-] Task 1dc11c14-0b89-49d7-8078-08a0fb3a35bc | Context api_versions@openstack cleanup() started
2019-07-14 08:05:54.115 1842 INFO rally.task.context [-] Task 1dc11c14-0b89-49d7-8078-08a0fb3a35bc | Context api_versions@openstack cleanup() finished in 0.20 msec
2019-07-14 08:05:54.115 1842 INFO rally.task.context [-] Task 1dc11c14-0b89-49d7-8078-08a0fb3a35bc | Context users@openstack cleanup() started
2019-07-14 08:06:00.803 1842 INFO rally.task.context [-] Task 1dc11c14-0b89-49d7-8078-08a0fb3a35bc | Context users@openstack cleanup() finished in 6.69 sec
2019-07-14 08:06:01.876 1842 INFO rally.task.engine [-] Load duration is: 24.582868
2019-07-14 08:06:01.877 1842 INFO rally.task.engine [-] Full runner duration is: 24.635722
2019-07-14 08:06:01.877 1842 INFO rally.task.engine [-] Full duration is: 47.138728
2019-07-14 08:06:02.027 1842 INFO rally.task.engine [-] Running workload: position = 2 config = { "version": 2, "title": "A cropped version of a bigger task.", "description": "Auto-generated task from a single workload (uuid=af76e664-dc1c-4c5c-96be-271d76e02bd0)", "subtasks": [ { "title": "CinderVolumes.create_and_delete_volume", "description": "Create and then delete a volume.", "scenario": { "CinderVolumes.create_and_delete_volume": { "size": 1 } }, "contexts": { "users": { "tenants": 3, "users_per_tenant": 2 }, "quotas": { "cinder": { "gigabytes": -1, "snapshots": -1, "volumes": -1 } }, "api_versions": { "cinder": { "version": 3, "service_type": "volumev3" } } }, "runner": { "constant": { "concurrency": 4, "times": 10 } }, "hooks": [], "sla": { "failure_rate": { "max": 0 } } } ] }
2019-07-14 08:06:02.051 1842 RALLYDEBUG rally_openstack.contexts.keystone.users [-] Creating 3 tenants using 20 threads
2019-07-14 08:06:03.826 1842 RALLYDEBUG rally_openstack.contexts.keystone.users [-] Creating 6 users using 20 threads
2019-07-14 08:06:06.565 1842 INFO rally.task.context [-] Task 1dc11c14-0b89-49d7-8078-08a0fb3a35bc | Context users@openstack setup() finished in 4.51 sec
2019-07-14 08:06:06.997 1842 INFO rally.task.context [-] Task 1dc11c14-0b89-49d7-8078-08a0fb3a35bc | Context api_versions@openstack setup() finished in 0.43 sec
2019-07-14 08:06:08.528 1842 INFO rally.task.context [-] Task 1dc11c14-0b89-49d7-8078-08a0fb3a35bc | Context quotas@openstack setup() finished in 1.53 sec
2019-07-14 08:06:08.529 1842 INFO rally.task.context [-] Task 1dc11c14-0b89-49d7-8078-08a0fb3a35bc | Context cleanup@openstack setup() finished in 0.00 msec
2019-07-14 08:06:08.536 1842 RALLYDEBUG rally.task.runner [-] Starting the constant runner (task UUID: 1dc11c14-0b89-49d7-8078-08a0fb3a35bc). timeout: 0 concurrency: 4 concurrency_per_worker: 1 times: 10 concurrency_overhead: 0 processes_to_start: 4 max_cpu_used: 16
2019-07-14 08:06:08.548 4538 RALLYDEBUG rally.task.runner [-] Starting a worker. concurrency: 1 args: {"size": 1} times: 10 method_name: run timeout: 0 duration: None cls:
2019-07-14 08:06:08.553 4539 RALLYDEBUG rally.task.runner [-] Starting a worker. concurrency: 1 args: {"size": 1} times: 10 method_name: run timeout: 0 duration: None cls:
2019-07-14 08:06:08.554 4540 RALLYDEBUG rally.task.runner [-] Starting a worker. concurrency: 1 args: {"size": 1} times: 10 method_name: run timeout: 0 duration: None cls:
2019-07-14 08:06:08.555 4538 INFO rally.task.runner [-] Task 1dc11c14-0b89-49d7-8078-08a0fb3a35bc | ITER: 1 START
2019-07-14 08:06:08.555 4541 RALLYDEBUG rally.task.runner [-] Starting a worker. concurrency: 1 args: {"size": 1} times: 10 method_name: run timeout: 0 duration: None cls:
2019-07-14 08:06:08.559 4541 INFO rally.task.runner [-] Task 1dc11c14-0b89-49d7-8078-08a0fb3a35bc | ITER: 4 START
2019-07-14 08:06:08.562 4539 INFO rally.task.runner [-] Task 1dc11c14-0b89-49d7-8078-08a0fb3a35bc | ITER: 2 START
2019-07-14 08:06:08.562 4540 INFO rally.task.runner [-] Task 1dc11c14-0b89-49d7-8078-08a0fb3a35bc | ITER: 3 START
2019-07-14 08:06:12.373 4539 RALLYDEBUG rally.task.utils [-] Waiting for resource s_rally_af76e664_qxxnlkFG. Status changed: AVAILABLE => DELETING in 0.0705349445343
2019-07-14 08:06:12.585 4541 RALLYDEBUG rally.task.utils [-] Waiting for resource s_rally_af76e664_SmMN7qax. Status changed: AVAILABLE => DELETING in 0.259135007858
2019-07-14 08:06:12.702 4540 RALLYDEBUG rally.task.utils [-] Waiting for resource s_rally_af76e664_T1Ud2cRy. Status changed: AVAILABLE => DELETING in 0.263170003891
2019-07-14 08:06:12.820 4538 RALLYDEBUG rally.task.utils [-] Waiting for resource s_rally_af76e664_44wYUgvV. Status changed: AVAILABLE => DELETING in 0.242811918259
2019-07-14 08:06:14.617 4539 INFO rally.task.runner [-] Task 1dc11c14-0b89-49d7-8078-08a0fb3a35bc | ITER: 2 END: OK
2019-07-14 08:06:14.623 4539 INFO rally.task.runner [-] Task 1dc11c14-0b89-49d7-8078-08a0fb3a35bc | ITER: 5 START
2019-07-14 08:06:14.823 4541 INFO rally.task.runner [-] Task 1dc11c14-0b89-49d7-8078-08a0fb3a35bc | ITER: 4 END: OK
2019-07-14 08:06:14.828 4541 INFO rally.task.runner [-] Task 1dc11c14-0b89-49d7-8078-08a0fb3a35bc | ITER: 6 START
2019-07-14 08:06:14.861 4538 INFO rally.task.runner [-] Task 1dc11c14-0b89-49d7-8078-08a0fb3a35bc | ITER: 1 END: OK
2019-07-14 08:06:14.867 4538 INFO rally.task.runner [-] Task 1dc11c14-0b89-49d7-8078-08a0fb3a35bc | ITER: 7 START
2019-07-14 08:06:15.019 4540 INFO rally.task.runner [-] Task 1dc11c14-0b89-49d7-8078-08a0fb3a35bc | ITER: 3 END: OK
2019-07-14 08:06:15.022 4540 INFO rally.task.runner [-] Task 1dc11c14-0b89-49d7-8078-08a0fb3a35bc | ITER: 8 START
2019-07-14 08:06:18.391 4539 RALLYDEBUG rally.task.utils [-] Waiting for resource s_rally_af76e664_4ph5fZqu. Status changed: AVAILABLE => DELETING in 0.0593979358673
2019-07-14 08:06:18.698 4538 RALLYDEBUG rally.task.utils [-] Waiting for resource s_rally_af76e664_XC2wM3d7. Status changed: AVAILABLE => DELETING in 0.262202978134
2019-07-14 08:06:18.753 4540 RALLYDEBUG rally.task.utils [-] Waiting for resource s_rally_af76e664_Tj1ooh6Q. Status changed: AVAILABLE => DELETING in 0.264847040176
2019-07-14 08:06:18.804 4541 RALLYDEBUG rally.task.utils [-] Waiting for resource s_rally_af76e664_4hMlbq45. Status changed: AVAILABLE => DELETING in 0.0708649158478
2019-07-14 08:06:20.432 4539 INFO rally.task.runner [-] Task 1dc11c14-0b89-49d7-8078-08a0fb3a35bc | ITER: 5 END: OK
2019-07-14 08:06:20.437 4539 INFO rally.task.runner [-] Task 1dc11c14-0b89-49d7-8078-08a0fb3a35bc | ITER: 9 START
2019-07-14 08:06:20.940 4538 INFO rally.task.runner [-] Task 1dc11c14-0b89-49d7-8078-08a0fb3a35bc | ITER: 7 END: OK
2019-07-14 08:06:20.945 4538 INFO rally.task.runner [-] Task 1dc11c14-0b89-49d7-8078-08a0fb3a35bc | ITER: 10 START
