2019-07-14 07:46:28.995 725 DEBUG glanceclient.common.http [-] Request returned failure status 404. _handle_response /usr/lib/python2.7/site-packages/glanceclient/common/http.py:125
2019-07-14 07:46:31.031 725 DEBUG glanceclient.common.http [-] Request returned failure status 404. _handle_response /usr/lib/python2.7/site-packages/glanceclient/common/http.py:125
2019-07-14 07:46:31.033 725 DEBUG glanceclient.common.http [-] Request returned failure status 404. _handle_response /usr/lib/python2.7/site-packages/glanceclient/common/http.py:125
2019-07-14 07:46:31.066 725 DEBUG glanceclient.common.http [-] Request returned failure status 404. _handle_response /usr/lib/python2.7/site-packages/glanceclient/common/http.py:125
2019-07-14 07:46:31.080 725 DEBUG glanceclient.common.http [-] Request returned failure status 404. _handle_response /usr/lib/python2.7/site-packages/glanceclient/common/http.py:125
2019-07-14 07:46:31.083 725 DEBUG glanceclient.common.http [-] Request returned failure status 404. _handle_response /usr/lib/python2.7/site-packages/glanceclient/common/http.py:125
2019-07-14 07:46:31.084 725 DEBUG glanceclient.common.http [-] Request returned failure status 404. _handle_response /usr/lib/python2.7/site-packages/glanceclient/common/http.py:125
2019-07-14 07:46:31.088 725 DEBUG glanceclient.common.http [-] Request returned failure status 404. _handle_response /usr/lib/python2.7/site-packages/glanceclient/common/http.py:125
2019-07-14 07:46:31.100 725 DEBUG glanceclient.common.http [-] Request returned failure status 404. _handle_response /usr/lib/python2.7/site-packages/glanceclient/common/http.py:125
2019-07-14 07:46:32.102 725 INFO rally.task.context [-] Task d373f49d-7147-496d-b2ec-ebf33e6e4ee8 | Context cleanup@openstack cleanup() finished in 35.47 sec
2019-07-14 07:46:32.103 725 INFO rally.task.context [-] Task d373f49d-7147-496d-b2ec-ebf33e6e4ee8 | Context quotas@openstack cleanup() started
2019-07-14 07:46:32.104 725 DEBUG novaclient.v2.client [-] REQ: curl -g -i -X DELETE http://172.30.9.21:8774/v2.1/os-quota-sets/4eab42673d2f422b835c6dbe8ed3ed98 -H "Accept: application/json" -H "User-Agent: python-novaclient" -H "X-Auth-Token: {SHA1}1844c4006bb0daae9744600541b13263d9f9dbd9" _http_log_request /usr/lib/python2.7/site-packages/keystoneauth1/session.py:448
2019-07-14 07:46:32.133 725 DEBUG novaclient.v2.client [-] RESP: [202] Content-Length: 0 Content-Type: application/json Date: Sun, 14 Jul 2019 07:46:32 GMT OpenStack-API-Version: compute 2.1 Server: Apache Vary: OpenStack-API-Version,X-OpenStack-Nova-API-Version X-OpenStack-Nova-API-Version: 2.1 x-compute-request-id: req-8146ce1d-590f-4cf0-8f28-6f7498f036e0 x-openstack-request-id: req-8146ce1d-590f-4cf0-8f28-6f7498f036e0 _http_log_response /usr/lib/python2.7/site-packages/keystoneauth1/session.py:479
2019-07-14 07:46:32.134 725 DEBUG novaclient.v2.client [-] DELETE call to compute for http://172.30.9.21:8774/v2.1/os-quota-sets/4eab42673d2f422b835c6dbe8ed3ed98 used request id req-8146ce1d-590f-4cf0-8f28-6f7498f036e0 request /usr/lib/python2.7/site-packages/keystoneauth1/session.py:844
2019-07-14 07:46:32.135 725 DEBUG novaclient.v2.client [-] REQ: curl -g -i -X DELETE http://172.30.9.21:8774/v2.1/os-quota-sets/0d2ec6d8417e4295a767e6bfa26ed7ec -H "Accept: application/json" -H "User-Agent: python-novaclient" -H "X-Auth-Token: {SHA1}1844c4006bb0daae9744600541b13263d9f9dbd9" _http_log_request /usr/lib/python2.7/site-packages/keystoneauth1/session.py:448
2019-07-14 07:46:32.157 725 DEBUG novaclient.v2.client [-] RESP: [202] Content-Length: 0 Content-Type: application/json Date: Sun, 14 Jul 2019 07:46:32 GMT OpenStack-API-Version: compute 2.1 Server: Apache Vary: OpenStack-API-Version,X-OpenStack-Nova-API-Version X-OpenStack-Nova-API-Version: 2.1 x-compute-request-id: req-d427c565-5849-4a74-abb0-b53377281a89 x-openstack-request-id: req-d427c565-5849-4a74-abb0-b53377281a89 _http_log_response /usr/lib/python2.7/site-packages/keystoneauth1/session.py:479
2019-07-14 07:46:32.157 725 DEBUG novaclient.v2.client [-] DELETE call to compute for http://172.30.9.21:8774/v2.1/os-quota-sets/0d2ec6d8417e4295a767e6bfa26ed7ec used request id req-d427c565-5849-4a74-abb0-b53377281a89 request /usr/lib/python2.7/site-packages/keystoneauth1/session.py:844
2019-07-14 07:46:32.158 725 DEBUG novaclient.v2.client [-] REQ: curl -g -i -X DELETE http://172.30.9.21:8774/v2.1/os-quota-sets/f78c3f5384d6480aa3340b9d4470f7b1 -H "Accept: application/json" -H "User-Agent: python-novaclient" -H "X-Auth-Token: {SHA1}1844c4006bb0daae9744600541b13263d9f9dbd9" _http_log_request /usr/lib/python2.7/site-packages/keystoneauth1/session.py:448
2019-07-14 07:46:32.188 725 DEBUG novaclient.v2.client [-] RESP: [202] Content-Length: 0 Content-Type: application/json Date: Sun, 14 Jul 2019 07:46:32 GMT OpenStack-API-Version: compute 2.1 Server: Apache Vary: OpenStack-API-Version,X-OpenStack-Nova-API-Version X-OpenStack-Nova-API-Version: 2.1 x-compute-request-id: req-b268a5f6-f28e-488f-9285-5d46630ef558 x-openstack-request-id: req-b268a5f6-f28e-488f-9285-5d46630ef558 _http_log_response /usr/lib/python2.7/site-packages/keystoneauth1/session.py:479
2019-07-14 07:46:32.189 725 DEBUG novaclient.v2.client [-] DELETE call to compute for http://172.30.9.21:8774/v2.1/os-quota-sets/f78c3f5384d6480aa3340b9d4470f7b1 used request id req-b268a5f6-f28e-488f-9285-5d46630ef558 request /usr/lib/python2.7/site-packages/keystoneauth1/session.py:844
2019-07-14 07:46:32.189 725 INFO rally.task.context [-] Task d373f49d-7147-496d-b2ec-ebf33e6e4ee8 | Context quotas@openstack cleanup() finished in 86.51 msec
2019-07-14 07:46:32.190 725 INFO rally.task.context [-] Task d373f49d-7147-496d-b2ec-ebf33e6e4ee8 | Context users@openstack cleanup() started
2019-07-14 07:46:38.954 725 INFO rally.task.context [-] Task d373f49d-7147-496d-b2ec-ebf33e6e4ee8 | Context users@openstack cleanup() finished in 6.76 sec
2019-07-14 07:46:38.998 725 INFO rally.task.engine [-] Load duration is: 78.966988
2019-07-14 07:46:38.998 725 INFO rally.task.engine [-] Full runner duration is: 80.878994
2019-07-14 07:46:38.999 725 INFO rally.task.engine [-] Full duration is: 130.440404
2019-07-14 07:46:39.225 725 INFO rally.task.engine [-] Running workload: position = 0 config = { "version": 2, "title": "A cropped version of a bigger task.", "description": "Auto-generated task from a single workload (uuid=53b34ade-3b3c-4f33-b1b8-00f7ea74bba2)", "subtasks": [ { "title": "GlanceImages.create_and_deactivate_image", "description": "Create an image, then deactivate it.", "scenario": { "GlanceImages.create_and_deactivate_image": { "container_format": "bare", "disk_format": "qcow2", "image_location": "/home/opnfv/functest/images/cirros-0.4.0-x86_64-disk.img" } }, "contexts": { "users": { "tenants": 3, "users_per_tenant": 2 } }, "runner": { "constant": { "concurrency": 4, "times": 10 } }, "hooks": [], "sla": { "failure_rate": { "max": 0 } } } ] }
2019-07-14 07:46:39.246 725 RALLYDEBUG rally_openstack.contexts.keystone.users [-] Creating 3 tenants using 20 threads
2019-07-14 07:46:41.193 725 RALLYDEBUG rally_openstack.contexts.keystone.users [-] Creating 6 users using 20 threads
2019-07-14 07:46:43.747 725 INFO rally.task.context [-] Task d373f49d-7147-496d-b2ec-ebf33e6e4ee8 | Context users@openstack setup() finished in 4.50 sec
2019-07-14 07:46:43.748 725 INFO rally.task.context [-] Task d373f49d-7147-496d-b2ec-ebf33e6e4ee8 | Context cleanup@openstack setup() finished in 0.01 msec
2019-07-14 07:46:43.755 725 RALLYDEBUG rally.task.runner [-] Starting the constant runner (task UUID: d373f49d-7147-496d-b2ec-ebf33e6e4ee8). timeout: 0 concurrency: 4 concurrency_per_worker: 1 times: 10 concurrency_overhead: 0 processes_to_start: 4 max_cpu_used: 16
2019-07-14 07:46:43.767 1385 RALLYDEBUG rally.task.runner [-] Starting a worker. concurrency: 1 args: {"container_format": "bare", "disk_format": "qcow2", "image_location": "/home/opnfv/functest/images/cirros-0.4.0-x86_64-disk.img"} times: 10 method_name: run timeout: 0 duration: None cls:
2019-07-14 07:46:43.771 1386 RALLYDEBUG rally.task.runner [-] Starting a worker. concurrency: 1 args: {"container_format": "bare", "disk_format": "qcow2", "image_location": "/home/opnfv/functest/images/cirros-0.4.0-x86_64-disk.img"} times: 10 method_name: run timeout: 0 duration: None cls:
2019-07-14 07:46:43.774 1385 INFO rally.task.runner [-] Task d373f49d-7147-496d-b2ec-ebf33e6e4ee8 | ITER: 1 START
2019-07-14 07:46:43.774 1387 RALLYDEBUG rally.task.runner [-] Starting a worker. concurrency: 1 args: {"container_format": "bare", "disk_format": "qcow2", "image_location": "/home/opnfv/functest/images/cirros-0.4.0-x86_64-disk.img"} times: 10 method_name: run timeout: 0 duration: None cls:
2019-07-14 07:46:43.778 1386 INFO rally.task.runner [-] Task d373f49d-7147-496d-b2ec-ebf33e6e4ee8 | ITER: 2 START
2019-07-14 07:46:43.777 1388 RALLYDEBUG rally.task.runner [-] Starting a worker. concurrency: 1 args: {"container_format": "bare", "disk_format": "qcow2", "image_location": "/home/opnfv/functest/images/cirros-0.4.0-x86_64-disk.img"} times: 10 method_name: run timeout: 0 duration: None cls:
2019-07-14 07:46:43.780 1387 INFO rally.task.runner [-] Task d373f49d-7147-496d-b2ec-ebf33e6e4ee8 | ITER: 3 START
2019-07-14 07:46:43.783 1388 INFO rally.task.runner [-] Task d373f49d-7147-496d-b2ec-ebf33e6e4ee8 | ITER: 4 START
2019-07-14 07:46:47.043 1387 RALLYDEBUG rally.task.utils [-] Waiting for resource u'6fa80374-3e2a-4b5a-b149-877c1e414670'. Status changed: NONE => QUEUED in 0.0300261974335
2019-07-14 07:46:47.049 1385 RALLYDEBUG rally.task.utils [-] Waiting for resource u'd9af4e13-9fc6-4606-a4b1-08680fc434aa'. Status changed: NONE => QUEUED in 0.0293729305267
2019-07-14 07:46:47.077 1388 RALLYDEBUG rally.task.utils [-] Waiting for resource u'32f31b45-62ce-4bca-a16f-a2f18e1effa7'. Status changed: NONE => QUEUED in 0.0313818454742
2019-07-14 07:46:47.092 1386 RALLYDEBUG rally.task.utils [-] Waiting for resource u'4cba1730-45db-42d3-a4bf-cd663976c20e'. Status changed: NONE => QUEUED in 0.0331809520721
2019-07-14 07:46:47.831 1387 RALLYDEBUG rally.task.utils [-] Waiting for resource s_rally_53b34ade_dmeW9AMQ. Status changed: QUEUED => ACTIVE in 0.0187880992889
2019-07-14 07:46:47.836 1385 RALLYDEBUG rally.task.utils [-] Waiting for resource s_rally_53b34ade_j0Zd37Ty. Status changed: QUEUED => ACTIVE in 0.0188889503479
2019-07-14 07:46:47.905 1387 INFO rally.task.runner [-] Task d373f49d-7147-496d-b2ec-ebf33e6e4ee8 | ITER: 3 END: OK
2019-07-14 07:46:47.910 1387 INFO rally.task.runner [-] Task d373f49d-7147-496d-b2ec-ebf33e6e4ee8 | ITER: 5 START
2019-07-14 07:46:47.939 1385 INFO rally.task.runner [-] Task d373f49d-7147-496d-b2ec-ebf33e6e4ee8 | ITER: 1 END: OK
2019-07-14 07:46:47.943 1385 INFO rally.task.runner [-] Task d373f49d-7147-496d-b2ec-ebf33e6e4ee8 | ITER: 6 START
2019-07-14 07:46:48.969 1388 RALLYDEBUG rally.task.utils [-] Waiting for resource s_rally_53b34ade_r6cCQNeE. Status changed: QUEUED => ACTIVE in 0.0253310203552
2019-07-14 07:46:49.025 1386 RALLYDEBUG rally.task.utils [-] Waiting for resource s_rally_53b34ade_GrsP8GPC. Status changed: QUEUED => ACTIVE in 0.0357620716095
2019-07-14 07:46:49.088 1388 INFO rally.task.runner [-] Task d373f49d-7147-496d-b2ec-ebf33e6e4ee8 | ITER: 4 END: OK
2019-07-14 07:46:49.093 1388 INFO rally.task.runner [-] Task d373f49d-7147-496d-b2ec-ebf33e6e4ee8 | ITER: 7 START
2019-07-14 07:46:49.104 1386 INFO rally.task.runner [-] Task d373f49d-7147-496d-b2ec-ebf33e6e4ee8 | ITER: 2 END: OK
2019-07-14 07:46:49.108 1386 INFO rally.task.runner [-] Task d373f49d-7147-496d-b2ec-ebf33e6e4ee8 | ITER: 8 START
2019-07-14 07:46:51.210 1387 RALLYDEBUG rally.task.utils [-] Waiting for resource u'6b383ace-2a0e-4f2b-8f84-3f28485b5753'. Status changed: NONE => QUEUED in 0.028195142746
2019-07-14 07:46:51.250 1385 RALLYDEBUG rally.task.utils [-] Waiting for resource u'4415e6a8-2e8f-42c8-869d-68e37a82573f'. Status changed: NONE => QUEUED in 0.0266511440277
2019-07-14 07:46:51.914 1385 RALLYDEBUG rally.task.utils [-] Waiting for resource s_rally_53b34ade_b24yf8Va. Status changed: QUEUED => ACTIVE in 0.0188179016113
2019-07-14 07:46:51.916 1387 RALLYDEBUG rally.task.utils [-] Waiting for resource s_rally_53b34ade_wfgmB8Ly. Status changed: QUEUED => ACTIVE in 0.019259929657
2019-07-14 07:46:52.000 1385 INFO rally.task.runner [-] Task d373f49d-7147-496d-b2ec-ebf33e6e4ee8 | ITER: 6 END: OK
2019-07-14 07:46:52.004 1385 INFO rally.task.runner [-] Task d373f49d-7147-496d-b2ec-ebf33e6e4ee8 | ITER: 9 START
2019-07-14 07:46:52.011 1387 INFO rally.task.runner [-] Task d373f49d-7147-496d-b2ec-ebf33e6e4ee8 | ITER: 5 END: OK
2019-07-14 07:46:52.015 1387 INFO rally.task.runner [-] Task d373f49d-7147-496d-b2ec-ebf33e6e4ee8 | ITER: 10 START
2019-07-14 07:46:52.334 1388 RALLYDEBUG rally.task.utils [-] Waiting for resource u'00b7c0ba-1710-4520-9745-c68c85b7ac50'. Status changed: NONE => QUEUED in 0.0273010730743
2019-07-14 07:46:52.358 1386 RALLYDEBUG rally.task.utils [-] Waiting for resource u'30b4c23e-f0ee-4082-a4d7-fe891f07f072'. Status changed: NONE => QUEUED in 0.0279660224915
2019-07-14 07:46:53.960 1386 RALLYDEBUG rally.task.utils [-] Waiting for resource s_rally_53b34ade_Jd7SlQZU. Status changed: QUEUED => ACTIVE in 0.0198450088501
2019-07-14 07:46:53.967 1388 RALLYDEBUG rally.task.utils [-] Waiting for resource s_rally_53b34ade_hWXDLDPm. Status changed: QUEUED => ACTIVE in 0.0179109573364
2019-07-14 07:46:54.031 1386 INFO rally.task.runner [-] Task d373f49d-7147-496d-b2ec-ebf33e6e4ee8 | ITER: 8 END: OK
2019-07-14 07:46:54.042 1388 INFO rally.task.runner [-] Task d373f49d-7147-496d-b2ec-ebf33e6e4ee8 | ITER: 7 END: OK
2019-07-14 07:46:55.271 1387 RALLYDEBUG rally.task.utils [-] Waiting for resource u'354df15c-ade2-4bb1-b520-ea5508fa73b6'. Status changed: NONE => QUEUED in 0.0310440063477
2019-07-14 07:46:55.274 1385 RALLYDEBUG rally.task.utils [-] Waiting for resource u'4c780c3e-4e11-4e2b-9f4e-35c8726217a7'. Status changed: NONE => QUEUED in 0.0288548469543
2019-07-14 07:46:55.999 1385 RALLYDEBUG rally.task.utils [-] Waiting for resource s_rally_53b34ade_nxO7Gh5V. Status changed: QUEUED => ACTIVE in 0.0186741352081
2019-07-14 07:46:56.007 1387 RALLYDEBUG rally.task.utils [-] Waiting for resource s_rally_53b34ade_tWN05tl5. Status changed: QUEUED => ACTIVE in 0.0204110145569
2019-07-14 07:46:56.059 1385 INFO rally.task.runner [-] Task d373f49d-7147-496d-b2ec-ebf33e6e4ee8 | ITER: 9 END: OK
2019-07-14 07:46:56.064 1387 INFO rally.task.runner [-] Task d373f49d-7147-496d-b2ec-ebf33e6e4ee8 | ITER: 10 END: OK
2019-07-14 07:46:56.090 725 INFO rally.task.context [-] Task d373f49d-7147-496d-b2ec-ebf33e6e4ee8 | Context cleanup@openstack cleanup() started
2019-07-14 07:46:56.092 725 RALLYDEBUG rally_openstack.cleanup.manager [-] Cleaning up glance images objects
2019-07-14 07:46:58.178 725 RALLYDEBUG rally_openstack.cleanup.manager [-] Deleting glance.images object s_rally_53b34ade_Jd7SlQZU (30b4c23e-f0ee-4082-a4d7-fe891f07f072)
2019-07-14 07:46:58.179 725 RALLYDEBUG rally_openstack.cleanup.manager [-] Deleting glance.images object s_rally_53b34ade_r6cCQNeE (32f31b45-62ce-4bca-a16f-a2f18e1effa7)
2019-07-14 07:46:58.183 725 RALLYDEBUG rally_openstack.cleanup.manager [-] Deleting glance.images object s_rally_53b34ade_dmeW9AMQ (6fa80374-3e2a-4b5a-b149-877c1e414670)
2019-07-14 07:46:58.186 725 RALLYDEBUG rally_openstack.cleanup.manager [-] Deleting glance.images object s_rally_53b34ade_wfgmB8Ly (6b383ace-2a0e-4f2b-8f84-3f28485b5753)
2019-07-14 07:46:58.182 725 RALLYDEBUG rally_openstack.cleanup.manager [-] Deleting glance.images object s_rally_53b34ade_b24yf8Va (4415e6a8-2e8f-42c8-869d-68e37a82573f)
2019-07-14 07:46:58.193 725 RALLYDEBUG rally_openstack.cleanup.manager [-] Deleting glance.images object s_rally_53b34ade_hWXDLDPm (00b7c0ba-1710-4520-9745-c68c85b7ac50)
2019-07-14 07:46:58.194 725 RALLYDEBUG rally_openstack.cleanup.manager [-] Deleting glance.images object s_rally_53b34ade_nxO7Gh5V (4c780c3e-4e11-4e2b-9f4e-35c8726217a7)
2019-07-14 07:46:58.197 725 RALLYDEBUG rally_openstack.cleanup.manager [-] Deleting glance.images object s_rally_53b34ade_j0Zd37Ty (d9af4e13-9fc6-4606-a4b1-08680fc434aa)
2019-07-14 07:46:58.200 725 RALLYDEBUG rally_openstack.cleanup.manager [-] Deleting glance.images object s_rally_53b34ade_tWN05tl5 (354df15c-ade2-4bb1-b520-ea5508fa73b6)
2019-07-14 07:46:58.201 725 RALLYDEBUG rally_openstack.cleanup.manager [-] Deleting glance.images object s_rally_53b34ade_GrsP8GPC (4cba1730-45db-42d3-a4bf-cd663976c20e)
2019-07-14 07:46:59.888 725 DEBUG glanceclient.common.http [-] Request returned failure status 404. _handle_response /usr/lib/python2.7/site-packages/glanceclient/common/http.py:125
2019-07-14 07:46:59.901 725 DEBUG glanceclient.common.http [-] Request returned failure status 404. _handle_response /usr/lib/python2.7/site-packages/glanceclient/common/http.py:125
2019-07-14 07:46:59.910 725 DEBUG glanceclient.common.http [-] Request returned failure status 404. _handle_response /usr/lib/python2.7/site-packages/glanceclient/common/http.py:125
2019-07-14 07:46:59.911 725 DEBUG glanceclient.common.http [-] Request returned failure status 404. _handle_response /usr/lib/python2.7/site-packages/glanceclient/common/http.py:125
2019-07-14 07:46:59.918 725 DEBUG glanceclient.common.http [-] Request returned failure status 404. _handle_response /usr/lib/python2.7/site-packages/glanceclient/common/http.py:125
2019-07-14 07:46:59.922 725 DEBUG glanceclient.common.http [-] Request returned failure status 404. _handle_response /usr/lib/python2.7/site-packages/glanceclient/common/http.py:125
2019-07-14 07:46:59.922 725 DEBUG glanceclient.common.http [-] Request returned failure status 404. _handle_response /usr/lib/python2.7/site-packages/glanceclient/common/http.py:125
2019-07-14 07:46:59.926 725 DEBUG glanceclient.common.http [-] Request returned failure status 404. _handle_response /usr/lib/python2.7/site-packages/glanceclient/common/http.py:125
2019-07-14 07:46:59.931 725 DEBUG glanceclient.common.http [-] Request returned failure status 404. _handle_response /usr/lib/python2.7/site-packages/glanceclient/common/http.py:125
2019-07-14 07:46:59.959 725 DEBUG glanceclient.common.http [-] Request returned failure status 404. _handle_response /usr/lib/python2.7/site-packages/glanceclient/common/http.py:125
2019-07-14 07:47:00.841 725 DEBUG glanceclient.common.http [-] Request returned failure status 404. _handle_response /usr/lib/python2.7/site-packages/glanceclient/common/http.py:125
2019-07-14 07:47:00.861 725 DEBUG glanceclient.common.http [-] Request returned failure status 404. _handle_response /usr/lib/python2.7/site-packages/glanceclient/common/http.py:125
2019-07-14 07:47:00.965 725 DEBUG glanceclient.common.http [-] Request returned failure status 404. _handle_response /usr/lib/python2.7/site-packages/glanceclient/common/http.py:125
2019-07-14 07:47:00.972 725 DEBUG glanceclient.common.http [-] Request returned failure status 404. _handle_response /usr/lib/python2.7/site-packages/glanceclient/common/http.py:125
2019-07-14 07:47:00.982 725 DEBUG glanceclient.common.http [-] Request returned failure status 404. _handle_response /usr/lib/python2.7/site-packages/glanceclient/common/http.py:125
2019-07-14 07:47:01.882 725 DEBUG glanceclient.common.http [-] Request returned failure status 404. _handle_response /usr/lib/python2.7/site-packages/glanceclient/common/http.py:125
2019-07-14 07:47:01.885 725 DEBUG glanceclient.common.http [-] Request returned failure status 404. _handle_response /usr/lib/python2.7/site-packages/glanceclient/common/http.py:125
2019-07-14 07:47:01.897 725 DEBUG glanceclient.common.http [-] Request returned failure status 404. _handle_response /usr/lib/python2.7/site-packages/glanceclient/common/http.py:125
2019-07-14 07:47:01.958 725 DEBUG glanceclient.common.http [-] Request returned failure status 404. _handle_response /usr/lib/python2.7/site-packages/glanceclient/common/http.py:125
2019-07-14 07:47:01.970 725 DEBUG glanceclient.common.http [-] Request returned failure status 404. _handle_response /usr/lib/python2.7/site-packages/glanceclient/common/http.py:125
2019-07-14 07:47:02.973 725 INFO rally.task.context [-] Task d373f49d-7147-496d-b2ec-ebf33e6e4ee8 | Context cleanup@openstack cleanup() finished in 6.88 sec
2019-07-14 07:47:02.973 725 INFO rally.task.context [-] Task d373f49d-7147-496d-b2ec-ebf33e6e4ee8 | Context users@openstack cleanup() started
2019-07-14 07:47:10.037 725 INFO rally.task.context [-] Task d373f49d-7147-496d-b2ec-ebf33e6e4ee8 | Context users@openstack cleanup() finished in 7.06 sec
2019-07-14 07:47:11.403 725 INFO rally.task.engine [-] Load duration is: 11.426439
2019-07-14 07:47:11.404 725 INFO rally.task.engine [-] Full runner duration is: 12.335144
2019-07-14 07:47:11.404 725 INFO rally.task.engine [-] Full duration is: 30.794758
2019-07-14 07:47:11.617 725 INFO rally.task.engine [-] Running workload: position = 0 config = { "version": 2, "title": "A cropped version of a bigger task.", "description": "Auto-generated task from a single workload (uuid=af1db5e7-af19-4b91-9976-1d35adf13806)", "subtasks": [ { "title": "GlanceImages.create_and_download_image", "description": "Create an image, then download data of the image.", "scenario": { "GlanceImages.create_and_download_image": { "container_format": "bare", "disk_format": "qcow2", "image_location": "/home/opnfv/functest/images/cirros-0.4.0-x86_64-disk.img" } }, "contexts": { "users": { "tenants": 3, "users_per_tenant": 2 } }, "runner": { "constant": { "concurrency": 4, "times": 10 } }, "hooks": [], "sla": { "failure_rate": { "max": 0 } } } ] }
2019-07-14 07:47:11.642 725 RALLYDEBUG rally_openstack.contexts.keystone.users [-] Creating 3 tenants using 20 threads
2019-07-14 07:47:13.427 725 RALLYDEBUG rally_openstack.contexts.keystone.users [-] Creating 6 users using 20 threads
2019-07-14 07:47:16.072 725 INFO rally.task.context [-] Task d373f49d-7147-496d-b2ec-ebf33e6e4ee8 | Context users@openstack setup() finished in 4.43 sec
2019-07-14 07:47:16.073 725 INFO rally.task.context [-] Task d373f49d-7147-496d-b2ec-ebf33e6e4ee8 | Context cleanup@openstack setup() finished in 0.01 msec
2019-07-14 07:47:16.081 725 RALLYDEBUG rally.task.runner [-] Starting the constant runner (task UUID: d373f49d-7147-496d-b2ec-ebf33e6e4ee8). timeout: 0 concurrency: 4 concurrency_per_worker: 1 times: 10 concurrency_overhead: 0 processes_to_start: 4 max_cpu_used: 16
2019-07-14 07:47:16.094 1510 RALLYDEBUG rally.task.runner [-] Starting a worker. concurrency: 1 args: {"container_format": "bare", "disk_format": "qcow2", "image_location": "/home/opnfv/functest/images/cirros-0.4.0-x86_64-disk.img"} times: 10 method_name: run timeout: 0 duration: None cls:
2019-07-14 07:47:16.094 1509 RALLYDEBUG rally.task.runner [-] Starting a worker. concurrency: 1 args: {"container_format": "bare", "disk_format": "qcow2", "image_location": "/home/opnfv/functest/images/cirros-0.4.0-x86_64-disk.img"} times: 10 method_name: run timeout: 0 duration: None cls:
2019-07-14 07:47:16.099 1510 INFO rally.task.runner [-] Task d373f49d-7147-496d-b2ec-ebf33e6e4ee8 | ITER: 1 START
2019-07-14 07:47:16.100 1509 INFO rally.task.runner [-] Task d373f49d-7147-496d-b2ec-ebf33e6e4ee8 | ITER: 2 START
2019-07-14 07:47:16.100 1511 RALLYDEBUG rally.task.runner [-] Starting a worker. concurrency: 1 args: {"container_format": "bare", "disk_format": "qcow2", "image_location": "/home/opnfv/functest/images/cirros-0.4.0-x86_64-disk.img"} times: 10 method_name: run timeout: 0 duration: None cls:
2019-07-14 07:47:16.103 1512 RALLYDEBUG rally.task.runner [-] Starting a worker. concurrency: 1 args: {"container_format": "bare", "disk_format": "qcow2", "image_location": "/home/opnfv/functest/images/cirros-0.4.0-x86_64-disk.img"} times: 10 method_name: run timeout: 0 duration: None cls:
2019-07-14 07:47:16.107 1511 INFO rally.task.runner [-] Task d373f49d-7147-496d-b2ec-ebf33e6e4ee8 | ITER: 3 START
2019-07-14 07:47:16.109 1512 INFO rally.task.runner [-] Task d373f49d-7147-496d-b2ec-ebf33e6e4ee8 | ITER: 4 START
2019-07-14 07:47:19.369 1510 RALLYDEBUG rally.task.utils [-] Waiting for resource u'b8d2ce1e-6e2a-42dc-9acf-16fc6b766145'. Status changed: NONE => QUEUED in 0.0321509838104
2019-07-14 07:47:19.378 1509 RALLYDEBUG rally.task.utils [-] Waiting for resource u'562a0009-8e27-497d-ad80-f6e1953ccda1'. Status changed: NONE => QUEUED in 0.0271790027618
2019-07-14 07:47:19.390 1511 RALLYDEBUG rally.task.utils [-] Waiting for resource u'e3a13188-7c11-49b4-a136-ae5890548795'. Status changed: NONE => QUEUED in 0.0371289253235
2019-07-14 07:47:19.827 1512 RALLYDEBUG rally.task.utils [-] Waiting for resource u'cdecb436-b855-402a-8e6c-ee505894b94f'. Status changed: NONE => QUEUED in 0.377259016037
2019-07-14 07:47:19.858 1509 RALLYDEBUG rally.task.utils [-] Waiting for resource s_rally_af1db5e7_YWu3nREX. Status changed: QUEUED => ACTIVE in 0.0190739631653
2019-07-14 07:47:20.003 1509 INFO rally.task.runner [-] Task d373f49d-7147-496d-b2ec-ebf33e6e4ee8 | ITER: 2 END: OK
2019-07-14 07:47:20.007 1509 INFO rally.task.runner [-] Task d373f49d-7147-496d-b2ec-ebf33e6e4ee8 | ITER: 5 START
2019-07-14 07:47:20.918 1510 RALLYDEBUG rally.task.utils [-] Waiting for resource s_rally_af1db5e7_9PN9SYUD. Status changed: QUEUED => ACTIVE in 0.0340309143066
2019-07-14 07:47:22.038 1510 INFO rally.task.runner [-] Task d373f49d-7147-496d-b2ec-ebf33e6e4ee8 | ITER: 1 END: OK
2019-07-14 07:47:22.042 1510 INFO rally.task.runner [-] Task d373f49d-7147-496d-b2ec-ebf33e6e4ee8 | ITER: 6 START
2019-07-14 07:47:22.075 1511 RALLYDEBUG rally.task.utils [-] Waiting for resource s_rally_af1db5e7_zj23KBMd. Status changed: QUEUED => ACTIVE in 0.163432121277
2019-07-14 07:47:22.115 1512 RALLYDEBUG rally.task.utils [-] Waiting for resource s_rally_af1db5e7_guOx0Ddk. Status changed: QUEUED => ACTIVE in 0.0264790058136
2019-07-14 07:47:22.232 1511 INFO rally.task.runner [-] Task d373f49d-7147-496d-b2ec-ebf33e6e4ee8 | ITER: 3 END: OK
2019-07-14 07:47:22.236 1511 INFO rally.task.runner [-] Task d373f49d-7147-496d-b2ec-ebf33e6e4ee8 | ITER: 7 START
2019-07-14 07:47:22.380 1512 INFO rally.task.runner [-] Task d373f49d-7147-496d-b2ec-ebf33e6e4ee8 | ITER: 4 END: OK
2019-07-14 07:47:22.384 1512 INFO rally.task.runner [-] Task d373f49d-7147-496d-b2ec-ebf33e6e4ee8 | ITER: 8 START
2019-07-14 07:47:23.268 1509 RALLYDEBUG rally.task.utils [-] Waiting for resource u'ea73f20f-fdba-4495-9302-b3c5f8fb10fe'. Status changed: NONE => QUEUED in 0.0240569114685
2019-07-14 07:47:24.013 1509 RALLYDEBUG rally.task.utils [-] Waiting for resource s_rally_af1db5e7_iqbePUtO. Status changed: QUEUED => ACTIVE in 0.0233449935913
2019-07-14 07:47:24.167 1509 INFO rally.task.runner [-] Task d373f49d-7147-496d-b2ec-ebf33e6e4ee8 | ITER: 5 END: OK
2019-07-14 07:47:24.171 1509 INFO rally.task.runner [-] Task d373f49d-7147-496d-b2ec-ebf33e6e4ee8 | ITER: 9 START
2019-07-14 07:47:25.286 1510 RALLYDEBUG rally.task.utils [-] Waiting for resource u'0761f035-9360-4368-ba71-ecdeb3cedc7e'. Status changed: NONE => QUEUED in 0.0264999866486
2019-07-14 07:47:25.549 1512 RALLYDEBUG rally.task.utils [-] Waiting for resource u'5e3b78f1-f688-4799-88ba-1bbac7789d4a'. Status changed: NONE => QUEUED in 0.0274119377136
2019-07-14 07:47:25.614 1511 RALLYDEBUG rally.task.utils [-] Waiting for resource u'2b57b739-6b3e-4b95-9cdd-471d719695bf'. Status changed: NONE => QUEUED in 0.116101980209
2019-07-14 07:47:26.070 1512 RALLYDEBUG rally.task.utils [-] Waiting for resource s_rally_af1db5e7_fiODmjri. Status changed: QUEUED => ACTIVE in 0.0191609859467
2019-07-14 07:47:26.079 1510 RALLYDEBUG rally.task.utils [-] Waiting for resource s_rally_af1db5e7_qmP1ACYU. Status changed: QUEUED => ACTIVE in 0.0193908214569
2019-07-14 07:47:26.080 1511 RALLYDEBUG rally.task.utils [-] Waiting for resource s_rally_af1db5e7_zA9c698V. Status changed: QUEUED => ACTIVE in 0.0219149589539
2019-07-14 07:47:26.233 1510 INFO rally.task.runner [-] Task d373f49d-7147-496d-b2ec-ebf33e6e4ee8 | ITER: 6 END: OK
2019-07-14 07:47:26.237 1510 INFO rally.task.runner [-] Task d373f49d-7147-496d-b2ec-ebf33e6e4ee8 | ITER: 10 START
2019-07-14 07:47:26.242 1512 INFO rally.task.runner [-] Task d373f49d-7147-496d-b2ec-ebf33e6e4ee8 | ITER: 8 END: OK
2019-07-14 07:47:26.247 1511 INFO rally.task.runner [-] Task d373f49d-7147-496d-b2ec-ebf33e6e4ee8 | ITER: 7 END: OK
2019-07-14 07:47:27.342 1509 RALLYDEBUG rally.task.utils [-] Waiting for resource u'85dc50cc-aa0d-488d-b67b-6d8c038b4ce7'. Status changed: NONE => QUEUED in 0.0292069911957
2019-07-14 07:47:28.137 1509 RALLYDEBUG rally.task.utils [-] Waiting for resource s_rally_af1db5e7_LSisEfxD. Status changed: QUEUED => ACTIVE in 0.0195081233978
2019-07-14 07:47:28.275 1509 INFO rally.task.runner [-] Task d373f49d-7147-496d-b2ec-ebf33e6e4ee8 | ITER: 9 END: OK
2019-07-14 07:47:29.475 1510 RALLYDEBUG rally.task.utils [-] Waiting for resource u'0a204057-afe7-4102-8ab5-a0cb74aa5bd1'. Status changed: NONE => QUEUED in 0.031956911087
2019-07-14 07:47:30.200 1510 RALLYDEBUG rally.task.utils [-] Waiting for resource s_rally_af1db5e7_ysY2VptY. Status changed: QUEUED => ACTIVE in 0.017676115036
2019-07-14 07:47:30.341 1510 INFO rally.task.runner [-] Task d373f49d-7147-496d-b2ec-ebf33e6e4ee8 | ITER: 10 END: OK
2019-07-14 07:47:30.365 725 INFO rally.task.context [-] Task d373f49d-7147-496d-b2ec-ebf33e6e4ee8 | Context cleanup@openstack cleanup() started
2019-07-14 07:47:30.368 725 RALLYDEBUG rally_openstack.cleanup.manager [-] Cleaning up glance images objects
2019-07-14 07:47:32.630 725 RALLYDEBUG rally_openstack.cleanup.manager [-] Deleting glance.images object s_rally_af1db5e7_zA9c698V (2b57b739-6b3e-4b95-9cdd-471d719695bf)
2019-07-14 07:47:32.631 725 RALLYDEBUG rally_openstack.cleanup.manager [-] Deleting glance.images object s_rally_af1db5e7_YWu3nREX (562a0009-8e27-497d-ad80-f6e1953ccda1)
2019-07-14 07:47:32.632 725 RALLYDEBUG rally_openstack.cleanup.manager [-] Deleting glance.images object s_rally_af1db5e7_ysY2VptY (0a204057-afe7-4102-8ab5-a0cb74aa5bd1)
2019-07-14 07:47:32.637 725 RALLYDEBUG rally_openstack.cleanup.manager [-] Deleting glance.images object s_rally_af1db5e7_LSisEfxD (85dc50cc-aa0d-488d-b67b-6d8c038b4ce7)
2019-07-14 07:47:32.640 725 RALLYDEBUG rally_openstack.cleanup.manager [-] Deleting glance.images object s_rally_af1db5e7_9PN9SYUD (b8d2ce1e-6e2a-42dc-9acf-16fc6b766145)
2019-07-14 07:47:32.641 725 RALLYDEBUG rally_openstack.cleanup.manager [-] Deleting glance.images object s_rally_af1db5e7_zj23KBMd (e3a13188-7c11-49b4-a136-ae5890548795)
2019-07-14 07:47:32.645 725 RALLYDEBUG rally_openstack.cleanup.manager [-] Deleting glance.images object s_rally_af1db5e7_qmP1ACYU (0761f035-9360-4368-ba71-ecdeb3cedc7e)
2019-07-14 07:47:32.650 725 RALLYDEBUG rally_openstack.cleanup.manager [-] Deleting glance.images object s_rally_af1db5e7_fiODmjri (5e3b78f1-f688-4799-88ba-1bbac7789d4a)
2019-07-14 07:47:32.652 725 RALLYDEBUG rally_openstack.cleanup.manager [-] Deleting glance.images object s_rally_af1db5e7_guOx0Ddk (cdecb436-b855-402a-8e6c-ee505894b94f)
2019-07-14 07:47:32.683 725 RALLYDEBUG rally_openstack.cleanup.manager [-] Deleting glance.images object s_rally_af1db5e7_iqbePUtO (ea73f20f-fdba-4495-9302-b3c5f8fb10fe)
2019-07-14 07:47:33.933 725 DEBUG glanceclient.common.http [-] Request returned failure status 404. _handle_response /usr/lib/python2.7/site-packages/glanceclient/common/http.py:125
2019-07-14 07:47:33.947 725 DEBUG glanceclient.common.http [-] Request returned failure status 404. _handle_response /usr/lib/python2.7/site-packages/glanceclient/common/http.py:125
2019-07-14 07:47:33.954 725 DEBUG glanceclient.common.http [-] Request returned failure status 404. _handle_response /usr/lib/python2.7/site-packages/glanceclient/common/http.py:125
2019-07-14 07:47:33.962 725 DEBUG glanceclient.common.http [-] Request returned failure status 404. _handle_response /usr/lib/python2.7/site-packages/glanceclient/common/http.py:125
2019-07-14 07:47:33.967 725 DEBUG glanceclient.common.http [-] Request returned failure status 404. _handle_response /usr/lib/python2.7/site-packages/glanceclient/common/http.py:125
2019-07-14 07:47:33.968 725 DEBUG glanceclient.common.http [-] Request returned failure status 404. _handle_response /usr/lib/python2.7/site-packages/glanceclient/common/http.py:125
2019-07-14 07:47:33.978 725 DEBUG glanceclient.common.http [-] Request returned failure status 404. _handle_response /usr/lib/python2.7/site-packages/glanceclient/common/http.py:125
2019-07-14 07:47:33.984 725 DEBUG glanceclient.common.http [-] Request returned failure status 404. _handle_response /usr/lib/python2.7/site-packages/glanceclient/common/http.py:125
2019-07-14 07:47:36.014 725 DEBUG glanceclient.common.http [-] Request returned failure status 404. _handle_response /usr/lib/python2.7/site-packages/glanceclient/common/http.py:125
2019-07-14 07:47:36.052 725 DEBUG glanceclient.common.http [-] Request returned failure status 404. _handle_response /usr/lib/python2.7/site-packages/glanceclient/common/http.py:125
2019-07-14 07:47:36.053 725 DEBUG glanceclient.common.http [-] Request returned failure status 404. _handle_response /usr/lib/python2.7/site-packages/glanceclient/common/http.py:125
2019-07-14 07:47:36.055 725 DEBUG glanceclient.common.http [-] Request returned failure status 404. _handle_response /usr/lib/python2.7/site-packages/glanceclient/common/http.py:125
2019-07-14 07:47:36.059 725 DEBUG glanceclient.common.http [-] Request returned failure status 404. _handle_response /usr/lib/python2.7/site-packages/glanceclient/common/http.py:125
2019-07-14 07:47:36.066 725 DEBUG glanceclient.common.http [-] Request returned failure status 404. _handle_response /usr/lib/python2.7/site-packages/glanceclient/common/http.py:125
2019-07-14 07:47:36.090 725 DEBUG glanceclient.common.http [-] Request returned failure status 404. _handle_response /usr/lib/python2.7/site-packages/glanceclient/common/http.py:125
2019-07-14 07:47:36.091 725 DEBUG glanceclient.common.http [-] Request returned failure status 404. _handle_response /usr/lib/python2.7/site-packages/glanceclient/common/http.py:125
2019-07-14 07:47:36.095 725 DEBUG glanceclient.common.http [-] Request returned failure status 404. _handle_response /usr/lib/python2.7/site-packages/glanceclient/common/http.py:125
2019-07-14 07:47:36.097 725 DEBUG glanceclient.common.http [-] Request returned failure status 404. _handle_response /usr/lib/python2.7/site-packages/glanceclient/common/http.py:125
2019-07-14 07:47:36.098 725 DEBUG glanceclient.common.http [-] Request returned failure status 404. _handle_response /usr/lib/python2.7/site-packages/glanceclient/common/http.py:125
2019-07-14 07:47:36.109 725 DEBUG glanceclient.common.http [-] Request returned failure status 404. _handle_response /usr/lib/python2.7/site-packages/glanceclient/common/http.py:125
2019-07-14 07:47:37.112 725 INFO rally.task.context [-] Task d373f49d-7147-496d-b2ec-ebf33e6e4ee8 | Context cleanup@openstack cleanup() finished in 6.75 sec
2019-07-14 07:47:37.112 725 INFO rally.task.context [-] Task d373f49d-7147-496d-b2ec-ebf33e6e4ee8 | Context users@openstack cleanup() started
2019-07-14 07:47:44.168 725 INFO rally.task.context [-] Task d373f49d-7147-496d-b2ec-ebf33e6e4ee8 | Context users@openstack cleanup() finished in 7.06 sec
2019-07-14 07:47:45.785 725 INFO rally.task.engine [-] Load duration is: 13.390844
2019-07-14 07:47:45.785 725 INFO rally.task.engine [-] Full runner duration is: 14.284905
2019-07-14 07:47:45.785 725 INFO rally.task.engine [-] Full duration is: 32.531116
2019-07-14 07:47:45.996 725 INFO rally.task.engine [-] Running workload: position = 0 config = { "version": 2, "title": "A cropped version of a bigger task.", "description": "Auto-generated task from a single workload (uuid=9a46fa14-4909-4e65-98b8-a8ef2055bab4)", "subtasks": [ { "title": "GlanceImages.create_and_get_image", "description": "Create and get detailed information of an image.", "scenario": { "GlanceImages.create_and_get_image": { "container_format": "bare", "disk_format": "qcow2", "image_location": "/home/opnfv/functest/images/cirros-0.4.0-x86_64-disk.img" } }, "contexts": { "users": { "tenants": 3, "users_per_tenant": 2 } }, "runner": { "constant": { "concurrency": 4, "times": 10 } }, "hooks": [], "sla": { "failure_rate": { "max": 0 } } } ] }
2019-07-14 07:47:46.011 725 RALLYDEBUG rally_openstack.contexts.keystone.users [-] Creating 3 tenants using 20 threads
2019-07-14 07:47:47.834 725 RALLYDEBUG rally_openstack.contexts.keystone.users [-] Creating 6 users using 20 threads
2019-07-14 07:47:50.483 725 INFO rally.task.context [-] Task d373f49d-7147-496d-b2ec-ebf33e6e4ee8 | Context users@openstack setup() finished in 4.47 sec
2019-07-14 07:47:50.484 725 INFO rally.task.context [-] Task d373f49d-7147-496d-b2ec-ebf33e6e4ee8 | Context cleanup@openstack setup() finished in 0.00 msec
2019-07-14 07:47:50.490 725 RALLYDEBUG rally.task.runner [-] Starting the constant runner (task UUID: d373f49d-7147-496d-b2ec-ebf33e6e4ee8). timeout: 0 concurrency: 4 concurrency_per_worker: 1 times: 10 concurrency_overhead: 0 processes_to_start: 4 max_cpu_used: 16
2019-07-14 07:47:50.502 1633 RALLYDEBUG rally.task.runner [-] Starting a worker. concurrency: 1 args: {"container_format": "bare", "disk_format": "qcow2", "image_location": "/home/opnfv/functest/images/cirros-0.4.0-x86_64-disk.img"} times: 10 method_name: run timeout: 0 duration: None cls:
2019-07-14 07:47:50.503 1635 RALLYDEBUG rally.task.runner [-] Starting a worker. concurrency: 1 args: {"container_format": "bare", "disk_format": "qcow2", "image_location": "/home/opnfv/functest/images/cirros-0.4.0-x86_64-disk.img"} times: 10 method_name: run timeout: 0 duration: None cls:
2019-07-14 07:47:50.503 1634 RALLYDEBUG rally.task.runner [-] Starting a worker. concurrency: 1 args: {"container_format": "bare", "disk_format": "qcow2", "image_location": "/home/opnfv/functest/images/cirros-0.4.0-x86_64-disk.img"} times: 10 method_name: run timeout: 0 duration: None cls:
2019-07-14 07:47:50.506 1635 INFO rally.task.runner [-] Task d373f49d-7147-496d-b2ec-ebf33e6e4ee8 | ITER: 2 START
2019-07-14 07:47:50.507 1636 RALLYDEBUG rally.task.runner [-] Starting a worker. concurrency: 1 args: {"container_format": "bare", "disk_format": "qcow2", "image_location": "/home/opnfv/functest/images/cirros-0.4.0-x86_64-disk.img"} times: 10 method_name: run timeout: 0 duration: None cls:
2019-07-14 07:47:50.508 1633 INFO rally.task.runner [-] Task d373f49d-7147-496d-b2ec-ebf33e6e4ee8 | ITER: 1 START
2019-07-14 07:47:50.509 1634 INFO rally.task.runner [-] Task d373f49d-7147-496d-b2ec-ebf33e6e4ee8 | ITER: 3 START
2019-07-14 07:47:50.512 1636 INFO rally.task.runner [-] Task d373f49d-7147-496d-b2ec-ebf33e6e4ee8 | ITER: 4 START
2019-07-14 07:47:53.762 1635 RALLYDEBUG rally.task.utils [-] Waiting for resource u'5b3197e0-66a1-44e8-aa0f-a0dd832dfe47'. Status changed: NONE => QUEUED in 0.0274529457092
2019-07-14 07:47:53.812 1634 RALLYDEBUG rally.task.utils [-] Waiting for resource u'fa89c2a6-0a4d-49ca-8c0b-9ba7d4614688'. Status changed: NONE => QUEUED in 0.027624130249
2019-07-14 07:47:53.813 1636 RALLYDEBUG rally.task.utils [-] Waiting for resource u'b3785d56-1ccd-4b4e-bae2-076be8f2b407'. Status changed: NONE => QUEUED in 0.0278520584106
2019-07-14 07:47:53.823 1633 RALLYDEBUG rally.task.utils [-] Waiting for resource u'e5d68984-a126-4ba0-a786-7e6c8138dddd'. Status changed: NONE => QUEUED in 0.0315980911255
2019-07-14 07:47:54.618 1635 RALLYDEBUG rally.task.utils [-] Waiting for resource s_rally_9a46fa14_Ma5p8Rs2. Status changed: QUEUED => ACTIVE in 0.0180599689484
2019-07-14 07:47:54.618 1634 RALLYDEBUG rally.task.utils [-] Waiting for resource s_rally_9a46fa14_VFh9StTh. Status changed: QUEUED => ACTIVE in 0.0181000232697
2019-07-14 07:47:54.635 1635 INFO rally.task.runner [-] Task d373f49d-7147-496d-b2ec-ebf33e6e4ee8 | ITER: 2 END: OK
2019-07-14 07:47:54.635 1634 INFO rally.task.runner [-] Task d373f49d-7147-496d-b2ec-ebf33e6e4ee8 | ITER: 3 END: OK
2019-07-14 07:47:54.639 1635 INFO rally.task.runner [-] Task d373f49d-7147-496d-b2ec-ebf33e6e4ee8 | ITER: 5 START
2019-07-14 07:47:54.640 1634 INFO rally.task.runner [-] Task d373f49d-7147-496d-b2ec-ebf33e6e4ee8 | ITER: 6 START
2019-07-14 07:47:55.269 1636 RALLYDEBUG rally.task.utils [-] Waiting for resource s_rally_9a46fa14_JpTNl2aH. Status changed: QUEUED => ACTIVE in 0.0233860015869
2019-07-14 07:47:55.290 1636 INFO rally.task.runner [-] Task d373f49d-7147-496d-b2ec-ebf33e6e4ee8 | ITER: 4 END: OK
2019-07-14 07:47:55.293 1636 INFO rally.task.runner [-] Task d373f49d-7147-496d-b2ec-ebf33e6e4ee8 | ITER: 7 START
2019-07-14 07:47:55.347 1633 RALLYDEBUG rally.task.utils [-] Waiting for resource s_rally_9a46fa14_AMJU8JRF. Status changed: QUEUED => ACTIVE in 0.117815971375
2019-07-14 07:47:55.366 1633 INFO rally.task.runner [-] Task d373f49d-7147-496d-b2ec-ebf33e6e4ee8 | ITER: 1 END: OK
2019-07-14 07:47:55.370 1633 INFO rally.task.runner [-] Task d373f49d-7147-496d-b2ec-ebf33e6e4ee8 | ITER: 8 START
2019-07-14 07:47:57.946 1634 RALLYDEBUG rally.task.utils [-] Waiting for resource u'94bcfe22-31f8-423e-a7e6-04492ed22166'. Status changed: NONE => QUEUED in 0.0374000072479
2019-07-14 07:47:57.948 1635 RALLYDEBUG rally.task.utils [-] Waiting for resource u'8c69551d-1d63-4a4a-a34e-2f6082ed5353'. Status changed: NONE => QUEUED in 0.0322768688202
2019-07-14 07:47:58.497 1636 RALLYDEBUG rally.task.utils [-] Waiting for resource u'3257e016-1e70-49a3-b5a6-935ad14dd353'. Status changed: NONE => QUEUED in 0.0300347805023
2019-07-14 07:47:58.640 1633 RALLYDEBUG rally.task.utils [-] Waiting for resource u'fb587cab-75a9-4f56-bf98-cda1c596be2e'. Status changed: NONE => QUEUED in 0.0272779464722
2019-07-14 07:47:59.371 1634 RALLYDEBUG rally.task.utils [-] Waiting for resource s_rally_9a46fa14_vb6nXzDe. Status changed: QUEUED => ACTIVE in 0.0186100006104
2019-07-14 07:47:59.396 1634 INFO rally.task.runner [-] Task d373f49d-7147-496d-b2ec-ebf33e6e4ee8 | ITER: 6 END: OK
2019-07-14 07:47:59.396 1633 RALLYDEBUG rally.task.utils [-] Waiting for resource s_rally_9a46fa14_CvWCeJmB. Status changed: QUEUED => ACTIVE in 0.0221920013428
2019-07-14 07:47:59.400 1634 INFO rally.task.runner [-] Task d373f49d-7147-496d-b2ec-ebf33e6e4ee8 | ITER: 9 START
2019-07-14 07:47:59.406 1636 RALLYDEBUG rally.task.utils [-] Waiting for resource s_rally_9a46fa14_6fMqljce. Status changed: QUEUED => ACTIVE in 0.0203940868378
2019-07-14 07:47:59.416 1635 RALLYDEBUG rally.task.utils [-] Waiting for resource s_rally_9a46fa14_RHwZLlH4. Status changed: QUEUED => ACTIVE in 0.0199558734894
2019-07-14 07:47:59.417 1633 INFO rally.task.runner [-] Task d373f49d-7147-496d-b2ec-ebf33e6e4ee8 | ITER: 8 END: OK
2019-07-14 07:47:59.420 1633 INFO rally.task.runner [-] Task d373f49d-7147-496d-b2ec-ebf33e6e4ee8 | ITER: 10 START
2019-07-14 07:47:59.427 1636 INFO rally.task.runner [-] Task d373f49d-7147-496d-b2ec-ebf33e6e4ee8 | ITER: 7 END: OK
2019-07-14 07:47:59.438 1635 INFO rally.task.runner [-] Task d373f49d-7147-496d-b2ec-ebf33e6e4ee8 | ITER: 5 END: OK
2019-07-14 07:48:02.623 1633 RALLYDEBUG rally.task.utils [-] Waiting for resource u'ee86e8bb-45a2-45d4-9fd7-c60ff3f905a1'. Status changed: NONE => QUEUED in 0.0313940048218
2019-07-14 07:48:02.671 1634 RALLYDEBUG rally.task.utils [-] Waiting for resource u'4028ed3c-e354-4de9-ac22-8e6e170a2a30'. Status changed: NONE => QUEUED in 0.0376038551331
2019-07-14 07:48:04.897 1633 RALLYDEBUG rally.task.utils [-] Waiting for resource s_rally_9a46fa14_VIJYkUMq. Status changed: QUEUED => ACTIVE in 0.0254988670349
2019-07-14 07:48:04.925 1633 INFO rally.task.runner [-] Task d373f49d-7147-496d-b2ec-ebf33e6e4ee8 | ITER: 10 END: OK
2019-07-14 07:48:04.929 1634 RALLYDEBUG rally.task.utils [-] Waiting for resource s_rally_9a46fa14_kq3yZIt4. Status changed: QUEUED => ACTIVE in 0.0208270549774
2019-07-14 07:48:04.947 1634 INFO rally.task.runner [-] Task d373f49d-7147-496d-b2ec-ebf33e6e4ee8 | ITER: 9 END: OK
2019-07-14 07:48:04.975 725 INFO rally.task.context [-] Task d373f49d-7147-496d-b2ec-ebf33e6e4ee8 | Context cleanup@openstack cleanup() started
2019-07-14 07:48:04.977 725 RALLYDEBUG rally_openstack.cleanup.manager [-] Cleaning up glance images objects
2019-07-14 07:48:07.179 725 RALLYDEBUG rally_openstack.cleanup.manager [-] Deleting glance.images object s_rally_9a46fa14_VIJYkUMq (ee86e8bb-45a2-45d4-9fd7-c60ff3f905a1)
2019-07-14 07:48:07.184 725 RALLYDEBUG rally_openstack.cleanup.manager [-] Deleting glance.images object s_rally_9a46fa14_vb6nXzDe (94bcfe22-31f8-423e-a7e6-04492ed22166)
2019-07-14 07:48:07.189 725 RALLYDEBUG rally_openstack.cleanup.manager [-] Deleting glance.images object s_rally_9a46fa14_AMJU8JRF (e5d68984-a126-4ba0-a786-7e6c8138dddd)
2019-07-14 07:48:07.191 725 RALLYDEBUG rally_openstack.cleanup.manager [-] Deleting glance.images object s_rally_9a46fa14_6fMqljce (3257e016-1e70-49a3-b5a6-935ad14dd353)
2019-07-14 07:48:07.202 725 RALLYDEBUG rally_openstack.cleanup.manager [-] Deleting glance.images object s_rally_9a46fa14_CvWCeJmB (fb587cab-75a9-4f56-bf98-cda1c596be2e)
2019-07-14 07:48:07.213 725 RALLYDEBUG rally_openstack.cleanup.manager [-] Deleting glance.images object s_rally_9a46fa14_VFh9StTh (fa89c2a6-0a4d-49ca-8c0b-9ba7d4614688)
2019-07-14 07:48:07.226 725 RALLYDEBUG rally_openstack.cleanup.manager [-] Deleting glance.images object s_rally_9a46fa14_kq3yZIt4 (4028ed3c-e354-4de9-ac22-8e6e170a2a30)
2019-07-14 07:48:07.241 725 RALLYDEBUG rally_openstack.cleanup.manager [-] Deleting glance.images object s_rally_9a46fa14_JpTNl2aH (b3785d56-1ccd-4b4e-bae2-076be8f2b407)
2019-07-14 07:48:07.249 725 RALLYDEBUG rally_openstack.cleanup.manager [-] Deleting glance.images object s_rally_9a46fa14_RHwZLlH4 (8c69551d-1d63-4a4a-a34e-2f6082ed5353)
2019-07-14 07:48:07.277 725 RALLYDEBUG rally_openstack.cleanup.manager [-] Deleting glance.images object s_rally_9a46fa14_Ma5p8Rs2 (5b3197e0-66a1-44e8-aa0f-a0dd832dfe47)
2019-07-14 07:48:09.512 725 DEBUG glanceclient.common.http [-] Request returned failure status 404. _handle_response /usr/lib/python2.7/site-packages/glanceclient/common/http.py:125
2019-07-14 07:48:09.535 725 DEBUG glanceclient.common.http [-] Request returned failure status 404. _handle_response /usr/lib/python2.7/site-packages/glanceclient/common/http.py:125
2019-07-14 07:48:09.541 725 DEBUG glanceclient.common.http [-] Request returned failure status 404. _handle_response /usr/lib/python2.7/site-packages/glanceclient/common/http.py:125
2019-07-14 07:48:09.542 725 DEBUG glanceclient.common.http [-] Request returned failure status 404. _handle_response /usr/lib/python2.7/site-packages/glanceclient/common/http.py:125
2019-07-14 07:48:09.542 725 DEBUG glanceclient.common.http [-] Request returned failure status 404. _handle_response /usr/lib/python2.7/site-packages/glanceclient/common/http.py:125
2019-07-14 07:48:09.550 725 DEBUG glanceclient.common.http [-] Request returned failure status 404. _handle_response /usr/lib/python2.7/site-packages/glanceclient/common/http.py:125
2019-07-14 07:48:09.562 725 DEBUG glanceclient.common.http [-] Request returned failure status 404. _handle_response /usr/lib/python2.7/site-packages/glanceclient/common/http.py:125
2019-07-14 07:48:09.564 725 DEBUG glanceclient.common.http [-] Request returned failure status 404. _handle_response /usr/lib/python2.7/site-packages/glanceclient/common/http.py:125
2019-07-14 07:48:10.619 725 DEBUG glanceclient.common.http [-] Request returned failure status 404. _handle_response /usr/lib/python2.7/site-packages/glanceclient/common/http.py:125
2019-07-14 07:48:10.628 725 DEBUG glanceclient.common.http [-] Request returned failure status 404. _handle_response /usr/lib/python2.7/site-packages/glanceclient/common/http.py:125
2019-07-14 07:48:10.649 725 DEBUG glanceclient.common.http [-] Request returned failure status 404. _handle_response /usr/lib/python2.7/site-packages/glanceclient/common/http.py:125
2019-07-14 07:48:10.651 725 DEBUG glanceclient.common.http [-] Request returned failure status 404. _handle_response /usr/lib/python2.7/site-packages/glanceclient/common/http.py:125
2019-07-14 07:48:10.653 725 DEBUG glanceclient.common.http [-] Request returned failure status 404. _handle_response /usr/lib/python2.7/site-packages/glanceclient/common/http.py:125
2019-07-14 07:48:10.665 725 DEBUG glanceclient.common.http [-] Request returned failure status 404. _handle_response /usr/lib/python2.7/site-packages/glanceclient/common/http.py:125
2019-07-14 07:48:11.644 725 DEBUG glanceclient.common.http [-] Request returned failure status 404. _handle_response /usr/lib/python2.7/site-packages/glanceclient/common/http.py:125
2019-07-14 07:48:11.675 725 DEBUG glanceclient.common.http [-] Request returned failure status 404. _handle_response /usr/lib/python2.7/site-packages/glanceclient/common/http.py:125
2019-07-14 07:48:11.678 725 DEBUG glanceclient.common.http [-] Request returned failure status 404. _handle_response /usr/lib/python2.7/site-packages/glanceclient/common/http.py:125
2019-07-14 07:48:11.695 725 DEBUG glanceclient.common.http [-] Request returned failure status 404. _handle_response /usr/lib/python2.7/site-packages/glanceclient/common/http.py:125
2019-07-14 07:48:11.705 725 DEBUG glanceclient.common.http [-] Request returned failure status 404. _handle_response /usr/lib/python2.7/site-packages/glanceclient/common/http.py:125
2019-07-14 07:48:11.716 725 DEBUG glanceclient.common.http [-] Request returned failure status 404. _handle_response /usr/lib/python2.7/site-packages/glanceclient/common/http.py:125
2019-07-14 07:48:12.719 725 INFO rally.task.context [-] Task d373f49d-7147-496d-b2ec-ebf33e6e4ee8 | Context cleanup@openstack cleanup() finished in 7.74 sec
2019-07-14 07:48:12.720 725 INFO rally.task.context [-] Task d373f49d-7147-496d-b2ec-ebf33e6e4ee8 | Context users@openstack cleanup() started
2019-07-14 07:48:19.778 725 INFO rally.task.context [-] Task d373f49d-7147-496d-b2ec-ebf33e6e4ee8 | Context users@openstack cleanup() finished in 7.06 sec
