2019-07-14 07:48:20.156 725 INFO rally.task.engine [-] Load duration is: 13.597862
2019-07-14 07:48:20.157 725 INFO rally.task.engine [-] Full runner duration is: 14.485719
2019-07-14 07:48:20.157 725 INFO rally.task.engine [-] Full duration is: 33.770814
2019-07-14 07:48:20.387 725 INFO rally.task.engine [-] Running workload: position = 0 config = { "version": 2, "title": "A cropped version of a bigger task.", "description": "Auto-generated task from a single workload (uuid=167027ad-7577-491c-81b5-144aa69bc7cc)", "subtasks": [ { "title": "GlanceImages.create_and_update_image", "description": "Create an image then update it.", "scenario": { "GlanceImages.create_and_update_image": { "container_format": "bare", "disk_format": "qcow2", "image_location": "/home/opnfv/functest/images/cirros-0.4.0-x86_64-disk.img" } }, "contexts": { "users": { "tenants": 3, "users_per_tenant": 2 } }, "runner": { "constant": { "concurrency": 4, "times": 10 } }, "hooks": [], "sla": { "failure_rate": { "max": 0 } } } ] }
2019-07-14 07:48:20.405 725 RALLYDEBUG rally_openstack.contexts.keystone.users [-] Creating 3 tenants using 20 threads
2019-07-14 07:48:22.227 725 RALLYDEBUG rally_openstack.contexts.keystone.users [-] Creating 6 users using 20 threads
2019-07-14 07:48:25.000 725 INFO rally.task.context [-] Task d373f49d-7147-496d-b2ec-ebf33e6e4ee8 | Context users@openstack setup() finished in 4.60 sec
2019-07-14 07:48:25.000 725 INFO rally.task.context [-] Task d373f49d-7147-496d-b2ec-ebf33e6e4ee8 | Context cleanup@openstack setup() finished in 0.01 msec
2019-07-14 07:48:25.008 725 RALLYDEBUG rally.task.runner [-] Starting the constant runner (task UUID: d373f49d-7147-496d-b2ec-ebf33e6e4ee8). timeout: 0 concurrency: 4 concurrency_per_worker: 1 times: 10 concurrency_overhead: 0 processes_to_start: 4 max_cpu_used: 16
2019-07-14 07:48:25.020 1757 RALLYDEBUG rally.task.runner [-] Starting a worker. concurrency: 1 args: {"container_format": "bare", "disk_format": "qcow2", "image_location": "/home/opnfv/functest/images/cirros-0.4.0-x86_64-disk.img"} times: 10 method_name: run timeout: 0 duration: None cls:
2019-07-14 07:48:25.024 1759 RALLYDEBUG rally.task.runner [-] Starting a worker. concurrency: 1 args: {"container_format": "bare", "disk_format": "qcow2", "image_location": "/home/opnfv/functest/images/cirros-0.4.0-x86_64-disk.img"} times: 10 method_name: run timeout: 0 duration: None cls:
2019-07-14 07:48:25.024 1758 RALLYDEBUG rally.task.runner [-] Starting a worker. concurrency: 1 args: {"container_format": "bare", "disk_format": "qcow2", "image_location": "/home/opnfv/functest/images/cirros-0.4.0-x86_64-disk.img"} times: 10 method_name: run timeout: 0 duration: None cls:
2019-07-14 07:48:25.027 1757 INFO rally.task.runner [-] Task d373f49d-7147-496d-b2ec-ebf33e6e4ee8 | ITER: 1 START
2019-07-14 07:48:25.028 1759 INFO rally.task.runner [-] Task d373f49d-7147-496d-b2ec-ebf33e6e4ee8 | ITER: 2 START
2019-07-14 07:48:25.029 1758 INFO rally.task.runner [-] Task d373f49d-7147-496d-b2ec-ebf33e6e4ee8 | ITER: 3 START
2019-07-14 07:48:25.033 1761 RALLYDEBUG rally.task.runner [-] Starting a worker. concurrency: 1 args: {"container_format": "bare", "disk_format": "qcow2", "image_location": "/home/opnfv/functest/images/cirros-0.4.0-x86_64-disk.img"} times: 10 method_name: run timeout: 0 duration: None cls:
2019-07-14 07:48:25.039 1761 INFO rally.task.runner [-] Task d373f49d-7147-496d-b2ec-ebf33e6e4ee8 | ITER: 4 START
2019-07-14 07:48:28.315 1761 RALLYDEBUG rally.task.utils [-] Waiting for resource u'f2308026-8372-47ad-8f30-588c8a02745e'. Status changed: NONE => QUEUED in 0.0291759967804
2019-07-14 07:48:28.423 1758 RALLYDEBUG rally.task.utils [-] Waiting for resource u'183db50d-b365-4d8e-972a-767a03028c23'. Status changed: NONE => QUEUED in 0.0371050834656
2019-07-14 07:48:28.440 1757 RALLYDEBUG rally.task.utils [-] Waiting for resource u'863a27c5-2f7b-4338-8047-7ab4d01ca703'. Status changed: NONE => QUEUED in 0.0400350093842
2019-07-14 07:48:28.449 1759 RALLYDEBUG rally.task.utils [-] Waiting for resource u'530255bb-10a6-4465-9f6c-ce40e951fa65'. Status changed: NONE => QUEUED in 0.0439219474792
2019-07-14 07:48:28.759 1761 RALLYDEBUG rally.task.utils [-] Waiting for resource s_rally_167027ad_wWsuvpBQ. Status changed: QUEUED => ACTIVE in 0.0189049243927
2019-07-14 07:48:28.882 1761 INFO rally.task.runner [-] Task d373f49d-7147-496d-b2ec-ebf33e6e4ee8 | ITER: 4 END: OK
2019-07-14 07:48:28.885 1761 INFO rally.task.runner [-] Task d373f49d-7147-496d-b2ec-ebf33e6e4ee8 | ITER: 5 START
2019-07-14 07:48:31.903 1757 RALLYDEBUG rally.task.utils [-] Waiting for resource s_rally_167027ad_cQ3aaR2P. Status changed: QUEUED => ACTIVE in 0.0302438735962
2019-07-14 07:48:31.922 1758 RALLYDEBUG rally.task.utils [-] Waiting for resource s_rally_167027ad_w9kKPfAx. Status changed: QUEUED => ACTIVE in 0.0305979251862
2019-07-14 07:48:31.954 1759 RALLYDEBUG rally.task.utils [-] Waiting for resource s_rally_167027ad_smNxFQgk. Status changed: QUEUED => ACTIVE in 0.0297470092773
2019-07-14 07:48:32.114 1758 INFO rally.task.runner [-] Task d373f49d-7147-496d-b2ec-ebf33e6e4ee8 | ITER: 3 END: OK
2019-07-14 07:48:32.118 1757 INFO rally.task.runner [-] Task d373f49d-7147-496d-b2ec-ebf33e6e4ee8 | ITER: 1 END: OK
2019-07-14 07:48:32.118 1758 INFO rally.task.runner [-] Task d373f49d-7147-496d-b2ec-ebf33e6e4ee8 | ITER: 6 START
2019-07-14 07:48:32.122 1757 INFO rally.task.runner [-] Task d373f49d-7147-496d-b2ec-ebf33e6e4ee8 | ITER: 7 START
2019-07-14 07:48:32.142 1759 INFO rally.task.runner [-] Task d373f49d-7147-496d-b2ec-ebf33e6e4ee8 | ITER: 2 END: OK
2019-07-14 07:48:32.145 1759 INFO rally.task.runner [-] Task d373f49d-7147-496d-b2ec-ebf33e6e4ee8 | ITER: 8 START
2019-07-14 07:48:32.229 1761 RALLYDEBUG rally.task.utils [-] Waiting for resource u'91cfecf7-1362-4c18-abe0-f8f52221e642'. Status changed: NONE => QUEUED in 0.0271999835968
2019-07-14 07:48:32.950 1761 RALLYDEBUG rally.task.utils [-] Waiting for resource s_rally_167027ad_Yc6LhXp1. Status changed: QUEUED => ACTIVE in 0.0196580886841
2019-07-14 07:48:33.092 1761 INFO rally.task.runner [-] Task d373f49d-7147-496d-b2ec-ebf33e6e4ee8 | ITER: 5 END: OK
2019-07-14 07:48:33.095 1761 INFO rally.task.runner [-] Task d373f49d-7147-496d-b2ec-ebf33e6e4ee8 | ITER: 9 START
2019-07-14 07:48:35.424 1758 RALLYDEBUG rally.task.utils [-] Waiting for resource u'26420fcd-bc6a-4007-8f1d-e4fa3593aa68'. Status changed: NONE => QUEUED in 0.0300579071045
2019-07-14 07:48:35.452 1759 RALLYDEBUG rally.task.utils [-] Waiting for resource u'9193f42d-5c71-4263-9394-0dfa19b8c9b5'. Status changed: NONE => QUEUED in 0.0296719074249
2019-07-14 07:48:35.504 1757 RALLYDEBUG rally.task.utils [-] Waiting for resource u'dcdb2127-80bc-4ac3-ba5c-f8568d9b972d'. Status changed: NONE => QUEUED in 0.0335609912872
2019-07-14 07:48:36.359 1758 RALLYDEBUG rally.task.utils [-] Waiting for resource s_rally_167027ad_y556ztOT. Status changed: QUEUED => ACTIVE in 0.0202968120575
2019-07-14 07:48:36.391 1761 RALLYDEBUG rally.task.utils [-] Waiting for resource u'7c70cfcb-cbca-4d5d-89da-9597e9d5858d'. Status changed: NONE => QUEUED in 0.0298030376434
2019-07-14 07:48:36.494 1758 INFO rally.task.runner [-] Task d373f49d-7147-496d-b2ec-ebf33e6e4ee8 | ITER: 6 END: OK
2019-07-14 07:48:36.498 1758 INFO rally.task.runner [-] Task d373f49d-7147-496d-b2ec-ebf33e6e4ee8 | ITER: 10 START
2019-07-14 07:48:37.050 1757 RALLYDEBUG rally.task.utils [-] Waiting for resource s_rally_167027ad_qdHZjia5. Status changed: QUEUED => ACTIVE in 0.020112991333
2019-07-14 07:48:37.050 1761 RALLYDEBUG rally.task.utils [-] Waiting for resource s_rally_167027ad_EbK2ccRu. Status changed: QUEUED => ACTIVE in 0.0179669857025
2019-07-14 07:48:37.053 1759 RALLYDEBUG rally.task.utils [-] Waiting for resource s_rally_167027ad_RCrATMqC. Status changed: QUEUED => ACTIVE in 0.0193798542023
2019-07-14 07:48:37.206 1757 INFO rally.task.runner [-] Task d373f49d-7147-496d-b2ec-ebf33e6e4ee8 | ITER: 7 END: OK
2019-07-14 07:48:37.206 1759 INFO rally.task.runner [-] Task d373f49d-7147-496d-b2ec-ebf33e6e4ee8 | ITER: 8 END: OK
2019-07-14 07:48:37.217 1761 INFO rally.task.runner [-] Task d373f49d-7147-496d-b2ec-ebf33e6e4ee8 | ITER: 9 END: OK
2019-07-14 07:48:39.773 1758 RALLYDEBUG rally.task.utils [-] Waiting for resource u'228fb33a-ef48-42bc-a908-2b6aa9e3e179'. Status changed: NONE => QUEUED in 0.0315308570862
2019-07-14 07:48:40.157 1758 RALLYDEBUG rally.task.utils [-] Waiting for resource s_rally_167027ad_urgj9O0S. Status changed: QUEUED => ACTIVE in 0.0182790756226
2019-07-14 07:48:40.286 1758 INFO rally.task.runner [-] Task d373f49d-7147-496d-b2ec-ebf33e6e4ee8 | ITER: 10 END: OK
2019-07-14 07:48:40.311 725 INFO rally.task.context [-] Task d373f49d-7147-496d-b2ec-ebf33e6e4ee8 | Context cleanup@openstack cleanup() started
2019-07-14 07:48:40.312 725 RALLYDEBUG rally_openstack.cleanup.manager [-] Cleaning up glance images objects
2019-07-14 07:48:42.503 725 RALLYDEBUG rally_openstack.cleanup.manager [-] Deleting glance.images object s_rally_167027ad_WX3nuPtX (dcdb2127-80bc-4ac3-ba5c-f8568d9b972d)
2019-07-14 07:48:42.504 725 RALLYDEBUG rally_openstack.cleanup.manager [-] Deleting glance.images object s_rally_167027ad_GmaCQ3vb (183db50d-b365-4d8e-972a-767a03028c23)
2019-07-14 07:48:42.516 725 RALLYDEBUG rally_openstack.cleanup.manager [-] Deleting glance.images object s_rally_167027ad_86TliVAQ (228fb33a-ef48-42bc-a908-2b6aa9e3e179)
2019-07-14 07:48:42.519 725 RALLYDEBUG rally_openstack.cleanup.manager [-] Deleting glance.images object s_rally_167027ad_TODZ1RC3 (7c70cfcb-cbca-4d5d-89da-9597e9d5858d)
2019-07-14 07:48:42.521 725 RALLYDEBUG rally_openstack.cleanup.manager [-] Deleting glance.images object s_rally_167027ad_MRH1yFle (26420fcd-bc6a-4007-8f1d-e4fa3593aa68)
2019-07-14 07:48:42.530 725 RALLYDEBUG rally_openstack.cleanup.manager [-] Deleting glance.images object s_rally_167027ad_KXAI3tjT (9193f42d-5c71-4263-9394-0dfa19b8c9b5)
2019-07-14 07:48:42.531 725 RALLYDEBUG rally_openstack.cleanup.manager [-] Deleting glance.images object s_rally_167027ad_7iLh9blU (f2308026-8372-47ad-8f30-588c8a02745e)
2019-07-14 07:48:42.546 725 RALLYDEBUG rally_openstack.cleanup.manager [-] Deleting glance.images object s_rally_167027ad_bNBWixVA (530255bb-10a6-4465-9f6c-ce40e951fa65)
2019-07-14 07:48:42.549 725 RALLYDEBUG rally_openstack.cleanup.manager [-] Deleting glance.images object s_rally_167027ad_EJIWfI80 (91cfecf7-1362-4c18-abe0-f8f52221e642)
2019-07-14 07:48:42.560 725 RALLYDEBUG rally_openstack.cleanup.manager [-] Deleting glance.images object s_rally_167027ad_efZcU8Rb (863a27c5-2f7b-4338-8047-7ab4d01ca703)
2019-07-14 07:48:43.971 725 DEBUG glanceclient.common.http [-] Request returned failure status 404. _handle_response /usr/lib/python2.7/site-packages/glanceclient/common/http.py:125
2019-07-14 07:48:43.973 725 DEBUG glanceclient.common.http [-] Request returned failure status 404. _handle_response /usr/lib/python2.7/site-packages/glanceclient/common/http.py:125
2019-07-14 07:48:43.974 725 DEBUG glanceclient.common.http [-] Request returned failure status 404. _handle_response /usr/lib/python2.7/site-packages/glanceclient/common/http.py:125
2019-07-14 07:48:43.985 725 DEBUG glanceclient.common.http [-] Request returned failure status 404. _handle_response /usr/lib/python2.7/site-packages/glanceclient/common/http.py:125
2019-07-14 07:48:43.991 725 DEBUG glanceclient.common.http [-] Request returned failure status 404. _handle_response /usr/lib/python2.7/site-packages/glanceclient/common/http.py:125
2019-07-14 07:48:43.995 725 DEBUG glanceclient.common.http [-] Request returned failure status 404. _handle_response /usr/lib/python2.7/site-packages/glanceclient/common/http.py:125
2019-07-14 07:48:43.997 725 DEBUG glanceclient.common.http [-] Request returned failure status 404. _handle_response /usr/lib/python2.7/site-packages/glanceclient/common/http.py:125
2019-07-14 07:48:44.000 725 DEBUG glanceclient.common.http [-] Request returned failure status 404. _handle_response /usr/lib/python2.7/site-packages/glanceclient/common/http.py:125
2019-07-14 07:48:44.973 725 DEBUG glanceclient.common.http [-] Request returned failure status 404. _handle_response /usr/lib/python2.7/site-packages/glanceclient/common/http.py:125
2019-07-14 07:48:44.977 725 DEBUG glanceclient.common.http [-] Request returned failure status 404. _handle_response /usr/lib/python2.7/site-packages/glanceclient/common/http.py:125
2019-07-14 07:48:44.995 725 DEBUG glanceclient.common.http [-] Request returned failure status 404. _handle_response /usr/lib/python2.7/site-packages/glanceclient/common/http.py:125
2019-07-14 07:48:44.995 725 DEBUG glanceclient.common.http [-] Request returned failure status 404. _handle_response /usr/lib/python2.7/site-packages/glanceclient/common/http.py:125
2019-07-14 07:48:45.016 725 DEBUG glanceclient.common.http [-] Request returned failure status 404. _handle_response /usr/lib/python2.7/site-packages/glanceclient/common/http.py:125
2019-07-14 07:48:45.019 725 DEBUG glanceclient.common.http [-] Request returned failure status 404. _handle_response /usr/lib/python2.7/site-packages/glanceclient/common/http.py:125
2019-07-14 07:48:45.024 725 DEBUG glanceclient.common.http [-] Request returned failure status 404. _handle_response /usr/lib/python2.7/site-packages/glanceclient/common/http.py:125
2019-07-14 07:48:45.028 725 DEBUG glanceclient.common.http [-] Request returned failure status 404. _handle_response /usr/lib/python2.7/site-packages/glanceclient/common/http.py:125
2019-07-14 07:48:45.032 725 DEBUG glanceclient.common.http [-] Request returned failure status 404. _handle_response /usr/lib/python2.7/site-packages/glanceclient/common/http.py:125
2019-07-14 07:48:45.036 725 DEBUG glanceclient.common.http [-] Request returned failure status 404. _handle_response /usr/lib/python2.7/site-packages/glanceclient/common/http.py:125
2019-07-14 07:48:45.040 725 DEBUG glanceclient.common.http [-] Request returned failure status 404. _handle_response /usr/lib/python2.7/site-packages/glanceclient/common/http.py:125
2019-07-14 07:48:45.045 725 DEBUG glanceclient.common.http [-] Request returned failure status 404. _handle_response /usr/lib/python2.7/site-packages/glanceclient/common/http.py:125
2019-07-14 07:48:46.048 725 INFO rally.task.context [-] Task d373f49d-7147-496d-b2ec-ebf33e6e4ee8 | Context cleanup@openstack cleanup() finished in 5.74 sec
2019-07-14 07:48:46.048 725 INFO rally.task.context [-] Task d373f49d-7147-496d-b2ec-ebf33e6e4ee8 | Context users@openstack cleanup() started
2019-07-14 07:48:53.226 725 INFO rally.task.context [-] Task d373f49d-7147-496d-b2ec-ebf33e6e4ee8 | Context users@openstack cleanup() finished in 7.18 sec
2019-07-14 07:48:54.631 725 INFO rally.task.engine [-] Load duration is: 14.397405
2019-07-14 07:48:54.631 725 INFO rally.task.engine [-] Full runner duration is: 15.30316
2019-07-14 07:48:54.632 725 INFO rally.task.engine [-] Full duration is: 32.823555
2019-07-14 07:48:54.832 725 INFO rally.task.engine [-] Task d373f49d-7147-496d-b2ec-ebf33e6e4ee8 | Completed: Running task.
2019-07-14 07:48:55.765 1839 RALLYDEBUG rally.api [-] INFO logs from urllib3 and requests module are hide.
2019-07-14 07:48:55.765 1839 RALLYDEBUG rally.api [-] urllib3 insecure warnings are hidden.
2019-07-14 07:48:55.765 1839 RALLYDEBUG rally.api [-] ERROR log from boto module is hide.
2019-07-14 07:48:56.665 1840 RALLYDEBUG rally.api [-] INFO logs from urllib3 and requests module are hide.
2019-07-14 07:48:56.665 1840 RALLYDEBUG rally.api [-] urllib3 insecure warnings are hidden.
2019-07-14 07:48:56.665 1840 RALLYDEBUG rally.api [-] ERROR log from boto module is hide.
2019-07-14 07:48:57.911 1840 INFO rally.api [-] Building 'json' report for the following task(s): 'd373f49d-7147-496d-b2ec-ebf33e6e4ee8'.
2019-07-14 07:48:57.929 1840 INFO rally.api [-] The report has been successfully built.
2019-07-14 07:48:58.725 1842 RALLYDEBUG rally.api [-] INFO logs from urllib3 and requests module are hide.
2019-07-14 07:48:58.725 1842 RALLYDEBUG rally.api [-] urllib3 insecure warnings are hidden.
2019-07-14 07:48:58.725 1842 RALLYDEBUG rally.api [-] ERROR log from boto module is hide.
2019-07-14 07:49:00.291 1842 INFO rally.task.engine [-] Task 1dc11c14-0b89-49d7-8078-08a0fb3a35bc | Starting: Task validation.
2019-07-14 07:49:00.329 1842 INFO rally.task.engine [-] Task 1dc11c14-0b89-49d7-8078-08a0fb3a35bc | Starting: Task validation of syntax.
2019-07-14 07:49:00.649 1842 INFO rally.task.engine [-] Task 1dc11c14-0b89-49d7-8078-08a0fb3a35bc | Completed: Task validation of syntax.
2019-07-14 07:49:00.649 1842 INFO rally.task.engine [-] Task 1dc11c14-0b89-49d7-8078-08a0fb3a35bc | Starting: Task validation of required platforms.
2019-07-14 07:49:00.751 1842 INFO rally.task.engine [-] Task 1dc11c14-0b89-49d7-8078-08a0fb3a35bc | Completed: Task validation of required platforms.
2019-07-14 07:49:00.752 1842 INFO rally.task.engine [-] Task 1dc11c14-0b89-49d7-8078-08a0fb3a35bc | Starting: Task validation of semantic.
2019-07-14 07:49:00.752 1842 INFO rally.task.engine [-] Check health of the environment '3499e492-37d9-47ed-9eca-91d72b546445'.
2019-07-14 07:49:01.543 1842 INFO rally.task.engine [-] Platform existing@openstack (available: True): OK!
2019-07-14 07:49:01.560 1842 RALLYDEBUG rally_openstack.contexts.keystone.users [-] Creating 1 tenants using 20 threads
2019-07-14 07:49:03.341 1842 RALLYDEBUG rally_openstack.contexts.keystone.users [-] Creating 1 users using 20 threads
2019-07-14 07:49:05.947 1842 INFO rally.task.context [-] Task 1dc11c14-0b89-49d7-8078-08a0fb3a35bc | Context users@openstack setup() finished in 4.39 sec
2019-07-14 07:49:06.963 1842 DEBUG novaclient.v2.client [-] REQ: curl -g -i -X GET http://172.30.9.21:8774/v2.1/flavors/detail -H "Accept: application/json" -H "User-Agent: python-novaclient" -H "X-Auth-Token: {SHA1}7a06e43b5000b4b2de1afe6182f662c3ffb10f06" _http_log_request /usr/lib/python2.7/site-packages/keystoneauth1/session.py:448
2019-07-14 07:49:07.251 1842 DEBUG novaclient.v2.client [-] RESP: [200] Content-Encoding: gzip Content-Length: 362 Content-Type: application/json Date: Sun, 14 Jul 2019 07:49:06 GMT OpenStack-API-Version: compute 2.1 Server: Apache Vary: OpenStack-API-Version,X-OpenStack-Nova-API-Version,Accept-Encoding X-OpenStack-Nova-API-Version: 2.1 x-compute-request-id: req-6f009d65-ec75-46df-86d3-86656dbcb454 x-openstack-request-id: req-6f009d65-ec75-46df-86d3-86656dbcb454 _http_log_response /usr/lib/python2.7/site-packages/keystoneauth1/session.py:479
2019-07-14 07:49:07.252 1842 DEBUG novaclient.v2.client [-] RESP BODY: {"flavors": [{"name": "rally_full-flavor_caebe5f6-d744-4b1c-8e09-af7743963b77", "links": [{"href": "http://172.30.9.21:8774/v2.1/flavors/54e080a8-56ca-4986-a27e-07edeb0e92a1", "rel": "self"}, {"href": "http://172.30.9.21:8774/flavors/54e080a8-56ca-4986-a27e-07edeb0e92a1", "rel": "bookmark"}], "ram": 512, "OS-FLV-DISABLED:disabled": false, "vcpus": 1, "swap": "", "os-flavor-access:is_public": true, "rxtx_factor": 1.0, "OS-FLV-EXT-DATA:ephemeral": 0, "disk": 1, "id": "54e080a8-56ca-4986-a27e-07edeb0e92a1"}, {"name": "rally_full-flavor_alt_caebe5f6-d744-4b1c-8e09-af7743963b77", "links": [{"href": "http://172.30.9.21:8774/v2.1/flavors/bceecd8d-9a2f-49f0-893e-5f0833a09402", "rel": "self"}, {"href": "http://172.30.9.21:8774/flavors/bceecd8d-9a2f-49f0-893e-5f0833a09402", "rel": "bookmark"}], "ram": 1024, "OS-FLV-DISABLED:disabled": false, "vcpus": 1, "swap": "", "os-flavor-access:is_public": true, "rxtx_factor": 1.0, "OS-FLV-EXT-DATA:ephemeral": 0, "disk": 1, "id": "bceecd8d-9a2f-49f0-893e-5f0833a09402"}]} _http_log_response /usr/lib/python2.7/site-packages/keystoneauth1/session.py:511
2019-07-14 07:49:07.252 1842 DEBUG novaclient.v2.client [-] GET call to compute for http://172.30.9.21:8774/v2.1/flavors/detail used request id req-6f009d65-ec75-46df-86d3-86656dbcb454 request /usr/lib/python2.7/site-packages/keystoneauth1/session.py:844
2019-07-14 07:49:07.749 1842 DEBUG novaclient.v2.client [-] REQ: curl -g -i -X GET http://172.30.9.21:8774/v2.1/flavors/54e080a8-56ca-4986-a27e-07edeb0e92a1 -H "Accept: application/json" -H "User-Agent: python-novaclient" -H "X-Auth-Token: {SHA1}6ebfb00c5d64dbae71c7cbba8244f825da35afda" _http_log_request /usr/lib/python2.7/site-packages/keystoneauth1/session.py:448
2019-07-14 07:49:08.025 1842 DEBUG novaclient.v2.client [-] RESP: [200] Content-Encoding: gzip Content-Length: 311 Content-Type: application/json Date: Sun, 14 Jul 2019 07:49:07 GMT OpenStack-API-Version: compute 2.1 Server: Apache Vary: OpenStack-API-Version,X-OpenStack-Nova-API-Version,Accept-Encoding X-OpenStack-Nova-API-Version: 2.1 x-compute-request-id: req-d70af988-58ec-43c5-af40-df0917b0a528 x-openstack-request-id: req-d70af988-58ec-43c5-af40-df0917b0a528 _http_log_response /usr/lib/python2.7/site-packages/keystoneauth1/session.py:479
2019-07-14 07:49:08.025 1842 DEBUG novaclient.v2.client [-] RESP BODY: {"flavor": {"name": "rally_full-flavor_caebe5f6-d744-4b1c-8e09-af7743963b77", "links": [{"href": "http://172.30.9.21:8774/v2.1/flavors/54e080a8-56ca-4986-a27e-07edeb0e92a1", "rel": "self"}, {"href": "http://172.30.9.21:8774/flavors/54e080a8-56ca-4986-a27e-07edeb0e92a1", "rel": "bookmark"}], "ram": 512, "OS-FLV-DISABLED:disabled": false, "vcpus": 1, "swap": "", "os-flavor-access:is_public": true, "rxtx_factor": 1.0, "OS-FLV-EXT-DATA:ephemeral": 0, "disk": 1, "id": "54e080a8-56ca-4986-a27e-07edeb0e92a1"}} _http_log_response /usr/lib/python2.7/site-packages/keystoneauth1/session.py:511
2019-07-14 07:49:08.026 1842 DEBUG novaclient.v2.client [-] GET call to compute for http://172.30.9.21:8774/v2.1/flavors/54e080a8-56ca-4986-a27e-07edeb0e92a1 used request id req-d70af988-58ec-43c5-af40-df0917b0a528 request /usr/lib/python2.7/site-packages/keystoneauth1/session.py:844
2019-07-14 07:49:13.187 1842 DEBUG novaclient.v2.client [-] REQ: curl -g -i -X GET http://172.30.9.21:8774/v2.1/flavors/detail -H "Accept: application/json" -H "User-Agent: python-novaclient" -H "X-Auth-Token: {SHA1}49b036d368759292b61499d90896f5716d2ff294" _http_log_request /usr/lib/python2.7/site-packages/keystoneauth1/session.py:448
2019-07-14 07:49:13.451 1842 DEBUG novaclient.v2.client [-] RESP: [200] Content-Encoding: gzip Content-Length: 362 Content-Type: application/json Date: Sun, 14 Jul 2019 07:49:13 GMT OpenStack-API-Version: compute 2.1 Server: Apache Vary: OpenStack-API-Version,X-OpenStack-Nova-API-Version,Accept-Encoding X-OpenStack-Nova-API-Version: 2.1 x-compute-request-id: req-7e8cff44-174c-4c23-b9ac-3918be154d8d x-openstack-request-id: req-7e8cff44-174c-4c23-b9ac-3918be154d8d _http_log_response /usr/lib/python2.7/site-packages/keystoneauth1/session.py:479
2019-07-14 07:49:13.452 1842 DEBUG novaclient.v2.client [-] RESP BODY: {"flavors": [{"name": "rally_full-flavor_caebe5f6-d744-4b1c-8e09-af7743963b77", "links": [{"href": "http://172.30.9.21:8774/v2.1/flavors/54e080a8-56ca-4986-a27e-07edeb0e92a1", "rel": "self"}, {"href": "http://172.30.9.21:8774/flavors/54e080a8-56ca-4986-a27e-07edeb0e92a1", "rel": "bookmark"}], "ram": 512, "OS-FLV-DISABLED:disabled": false, "vcpus": 1, "swap": "", "os-flavor-access:is_public": true, "rxtx_factor": 1.0, "OS-FLV-EXT-DATA:ephemeral": 0, "disk": 1, "id": "54e080a8-56ca-4986-a27e-07edeb0e92a1"}, {"name": "rally_full-flavor_alt_caebe5f6-d744-4b1c-8e09-af7743963b77", "links": [{"href": "http://172.30.9.21:8774/v2.1/flavors/bceecd8d-9a2f-49f0-893e-5f0833a09402", "rel": "self"}, {"href": "http://172.30.9.21:8774/flavors/bceecd8d-9a2f-49f0-893e-5f0833a09402", "rel": "bookmark"}], "ram": 1024, "OS-FLV-DISABLED:disabled": false, "vcpus": 1, "swap": "", "os-flavor-access:is_public": true, "rxtx_factor": 1.0, "OS-FLV-EXT-DATA:ephemeral": 0, "disk": 1, "id": "bceecd8d-9a2f-49f0-893e-5f0833a09402"}]} _http_log_response /usr/lib/python2.7/site-packages/keystoneauth1/session.py:511
2019-07-14 07:49:13.452 1842 DEBUG novaclient.v2.client [-] GET call to compute for http://172.30.9.21:8774/v2.1/flavors/detail used request id req-7e8cff44-174c-4c23-b9ac-3918be154d8d request /usr/lib/python2.7/site-packages/keystoneauth1/session.py:844
2019-07-14 07:49:13.860 1842 DEBUG novaclient.v2.client [-] REQ: curl -g -i -X GET http://172.30.9.21:8774/v2.1/flavors/54e080a8-56ca-4986-a27e-07edeb0e92a1 -H "Accept: application/json" -H "User-Agent: python-novaclient" -H "X-Auth-Token: {SHA1}61418c35c2d62e84a252607469fccf16d3d2661d" _http_log_request /usr/lib/python2.7/site-packages/keystoneauth1/session.py:448
2019-07-14 07:49:14.141 1842 DEBUG novaclient.v2.client [-] RESP: [200] Content-Encoding: gzip Content-Length: 311 Content-Type: application/json Date: Sun, 14 Jul 2019 07:49:13 GMT OpenStack-API-Version: compute 2.1 Server: Apache Vary: OpenStack-API-Version,X-OpenStack-Nova-API-Version,Accept-Encoding X-OpenStack-Nova-API-Version: 2.1 x-compute-request-id: req-ef03ea1a-5529-4b51-9fb1-6e1f146c1d12 x-openstack-request-id: req-ef03ea1a-5529-4b51-9fb1-6e1f146c1d12 _http_log_response /usr/lib/python2.7/site-packages/keystoneauth1/session.py:479
2019-07-14 07:49:14.141 1842 DEBUG novaclient.v2.client [-] RESP BODY: {"flavor": {"name": "rally_full-flavor_caebe5f6-d744-4b1c-8e09-af7743963b77", "links": [{"href": "http://172.30.9.21:8774/v2.1/flavors/54e080a8-56ca-4986-a27e-07edeb0e92a1", "rel": "self"}, {"href": "http://172.30.9.21:8774/flavors/54e080a8-56ca-4986-a27e-07edeb0e92a1", "rel": "bookmark"}], "ram": 512, "OS-FLV-DISABLED:disabled": false, "vcpus": 1, "swap": "", "os-flavor-access:is_public": true, "rxtx_factor": 1.0, "OS-FLV-EXT-DATA:ephemeral": 0, "disk": 1, "id": "54e080a8-56ca-4986-a27e-07edeb0e92a1"}} _http_log_response /usr/lib/python2.7/site-packages/keystoneauth1/session.py:511
2019-07-14 07:49:14.142 1842 DEBUG novaclient.v2.client [-] GET call to compute for http://172.30.9.21:8774/v2.1/flavors/54e080a8-56ca-4986-a27e-07edeb0e92a1 used request id req-ef03ea1a-5529-4b51-9fb1-6e1f146c1d12 request /usr/lib/python2.7/site-packages/keystoneauth1/session.py:844
2019-07-14 07:49:16.016 1842 DEBUG novaclient.v2.client [-] REQ: curl -g -i -X GET http://172.30.9.21:8774/v2.1/flavors/detail -H "Accept: application/json" -H "User-Agent: python-novaclient" -H "X-Auth-Token: {SHA1}4dc43db6df15bb1306f504b7ab27f5d41eedbdf8" _http_log_request /usr/lib/python2.7/site-packages/keystoneauth1/session.py:448
2019-07-14 07:49:16.417 1842 DEBUG novaclient.v2.client [-] RESP: [200] Content-Encoding: gzip Content-Length: 362 Content-Type: application/json Date: Sun, 14 Jul 2019 07:49:16 GMT OpenStack-API-Version: compute 2.1 Server: Apache Vary: OpenStack-API-Version,X-OpenStack-Nova-API-Version,Accept-Encoding X-OpenStack-Nova-API-Version: 2.1 x-compute-request-id: req-59b5b92b-6f54-41b4-a224-d6049075aa64 x-openstack-request-id: req-59b5b92b-6f54-41b4-a224-d6049075aa64 _http_log_response /usr/lib/python2.7/site-packages/keystoneauth1/session.py:479
2019-07-14 07:49:16.418 1842 DEBUG novaclient.v2.client [-] RESP BODY: {"flavors": [{"name": "rally_full-flavor_caebe5f6-d744-4b1c-8e09-af7743963b77", "links": [{"href": "http://172.30.9.21:8774/v2.1/flavors/54e080a8-56ca-4986-a27e-07edeb0e92a1", "rel": "self"}, {"href": "http://172.30.9.21:8774/flavors/54e080a8-56ca-4986-a27e-07edeb0e92a1", "rel": "bookmark"}], "ram": 512, "OS-FLV-DISABLED:disabled": false, "vcpus": 1, "swap": "", "os-flavor-access:is_public": true, "rxtx_factor": 1.0, "OS-FLV-EXT-DATA:ephemeral": 0, "disk": 1, "id": "54e080a8-56ca-4986-a27e-07edeb0e92a1"}, {"name": "rally_full-flavor_alt_caebe5f6-d744-4b1c-8e09-af7743963b77", "links": [{"href": "http://172.30.9.21:8774/v2.1/flavors/bceecd8d-9a2f-49f0-893e-5f0833a09402", "rel": "self"}, {"href": "http://172.30.9.21:8774/flavors/bceecd8d-9a2f-49f0-893e-5f0833a09402", "rel": "bookmark"}], "ram": 1024, "OS-FLV-DISABLED:disabled": false, "vcpus": 1, "swap": "", "os-flavor-access:is_public": true, "rxtx_factor": 1.0, "OS-FLV-EXT-DATA:ephemeral": 0, "disk": 1, "id": "bceecd8d-9a2f-49f0-893e-5f0833a09402"}]} _http_log_response /usr/lib/python2.7/site-packages/keystoneauth1/session.py:511
2019-07-14 07:49:16.418 1842 DEBUG novaclient.v2.client [-] GET call to compute for http://172.30.9.21:8774/v2.1/flavors/detail used request id req-59b5b92b-6f54-41b4-a224-d6049075aa64 request /usr/lib/python2.7/site-packages/keystoneauth1/session.py:844
2019-07-14 07:49:16.828 1842 DEBUG novaclient.v2.client [-] REQ: curl -g -i -X GET http://172.30.9.21:8774/v2.1/flavors/54e080a8-56ca-4986-a27e-07edeb0e92a1 -H "Accept: application/json" -H "User-Agent: python-novaclient" -H "X-Auth-Token: {SHA1}c109839b06fe54be3ff89afb69cf3d16bbf9bea5" _http_log_request /usr/lib/python2.7/site-packages/keystoneauth1/session.py:448
2019-07-14 07:49:17.049 1842 DEBUG novaclient.v2.client [-] RESP: [200] Content-Encoding: gzip Content-Length: 311 Content-Type: application/json Date: Sun, 14 Jul 2019 07:49:16 GMT OpenStack-API-Version: compute 2.1 Server: Apache Vary: OpenStack-API-Version,X-OpenStack-Nova-API-Version,Accept-Encoding X-OpenStack-Nova-API-Version: 2.1 x-compute-request-id: req-c617172f-0d33-4221-92b0-41c509319532 x-openstack-request-id: req-c617172f-0d33-4221-92b0-41c509319532 _http_log_response /usr/lib/python2.7/site-packages/keystoneauth1/session.py:479
2019-07-14 07:49:17.050 1842 DEBUG novaclient.v2.client [-] RESP BODY: {"flavor": {"name": "rally_full-flavor_caebe5f6-d744-4b1c-8e09-af7743963b77", "links": [{"href": "http://172.30.9.21:8774/v2.1/flavors/54e080a8-56ca-4986-a27e-07edeb0e92a1", "rel": "self"}, {"href": "http://172.30.9.21:8774/flavors/54e080a8-56ca-4986-a27e-07edeb0e92a1", "rel": "bookmark"}], "ram": 512, "OS-FLV-DISABLED:disabled": false, "vcpus": 1, "swap": "", "os-flavor-access:is_public": true, "rxtx_factor": 1.0, "OS-FLV-EXT-DATA:ephemeral": 0, "disk": 1, "id": "54e080a8-56ca-4986-a27e-07edeb0e92a1"}} _http_log_response /usr/lib/python2.7/site-packages/keystoneauth1/session.py:511
2019-07-14 07:49:17.050 1842 DEBUG novaclient.v2.client [-] GET call to compute for http://172.30.9.21:8774/v2.1/flavors/54e080a8-56ca-4986-a27e-07edeb0e92a1 used request id req-c617172f-0d33-4221-92b0-41c509319532 request /usr/lib/python2.7/site-packages/keystoneauth1/session.py:844
2019-07-14 07:49:26.796 1842 INFO rally.task.context [-] Task 1dc11c14-0b89-49d7-8078-08a0fb3a35bc | Context users@openstack cleanup() started
2019-07-14 07:49:31.038 1842 INFO rally.task.context [-] Task 1dc11c14-0b89-49d7-8078-08a0fb3a35bc | Context users@openstack cleanup() finished in 4.24 sec
2019-07-14 07:49:31.038 1842 INFO rally.task.engine [-] Task 1dc11c14-0b89-49d7-8078-08a0fb3a35bc | Completed: Task validation of semantic.
2019-07-14 07:49:31.038 1842 INFO rally.task.engine [-] Task 1dc11c14-0b89-49d7-8078-08a0fb3a35bc | Completed: Task validation.
2019-07-14 07:49:31.039 1842 INFO rally.api [-] Task 1dc11c14-0b89-49d7-8078-08a0fb3a35bc input file is valid.
2019-07-14 07:49:31.039 1842 INFO rally.api [-] Run Task 1dc11c14-0b89-49d7-8078-08a0fb3a35bc against Deployment 3499e492-37d9-47ed-9eca-91d72b546445
2019-07-14 07:49:31.039 1842 INFO rally.task.engine [-] Task 1dc11c14-0b89-49d7-8078-08a0fb3a35bc | Starting: Running task.
2019-07-14 07:49:31.172 1842 INFO rally.task.engine [-] Running workload: position = 0 config = { "version": 2, "title": "A cropped version of a bigger task.", "description": "Auto-generated task from a single workload (uuid=93f29968-14f9-42ba-8fd5-f2f01ce52525)", "subtasks": [ { "title": "CinderVolumes.create_and_attach_volume", "description": "Create a VM and attach a volume to it.", "scenario": { "CinderVolumes.create_and_attach_volume": { "flavor": { "name": "rally_full-flavor_caebe5f6-d744-4b1c-8e09-af7743963b77" }, "image": { "name": "rally_full-img_caebe5f6-d744-4b1c-8e09-af7743963b77" }, "size": 1, "nics": [ { "net-id": "53cb3ef0-c5c7-4d2b-b070-b6a6325dec2f" } ] } }, "contexts": { "users": { "tenants": 3, "users_per_tenant": 2 }, "quotas": { "cinder": { "gigabytes": -1, "snapshots": -1, "volumes": -1 } }, "api_versions": { "cinder": { "version": 3, "service_type": "volumev3" } } }, "runner": { "constant": { "concurrency": 4, "times": 10 } }, "hooks": [], "sla": { "failure_rate": { "max": 0 } } } ] }
2019-07-14 07:49:31.195 1842 RALLYDEBUG rally_openstack.contexts.keystone.users [-] Creating 3 tenants using 20 threads
2019-07-14 07:49:33.031 1842 RALLYDEBUG rally_openstack.contexts.keystone.users [-] Creating 6 users using 20 threads
2019-07-14 07:49:35.773 1842 INFO rally.task.context [-] Task 1dc11c14-0b89-49d7-8078-08a0fb3a35bc | Context users@openstack setup() finished in 4.58 sec
2019-07-14 07:49:36.192 1842 INFO rally.task.context [-] Task 1dc11c14-0b89-49d7-8078-08a0fb3a35bc | Context api_versions@openstack setup() finished in 0.42 sec
2019-07-14 07:49:37.971 1842 INFO rally.task.context [-] Task 1dc11c14-0b89-49d7-8078-08a0fb3a35bc | Context quotas@openstack setup() finished in 1.78 sec
2019-07-14 07:49:37.971 1842 INFO rally.task.context [-] Task 1dc11c14-0b89-49d7-8078-08a0fb3a35bc | Context cleanup@openstack setup() finished in 0.01 msec
2019-07-14 07:49:39.165 1842 DEBUG novaclient.v2.client [-] REQ: curl -g -i -X GET http://172.30.9.21:8774/v2.1/flavors/detail -H "Accept: application/json" -H "User-Agent: python-novaclient" -H "X-Auth-Token: {SHA1}b15abbb00f8ea7b746dc192f49f451694152e4b8" _http_log_request /usr/lib/python2.7/site-packages/keystoneauth1/session.py:448
2019-07-14 07:49:39.446 1842 DEBUG novaclient.v2.client [-] RESP: [200] Content-Encoding: gzip Content-Length: 362 Content-Type: application/json Date: Sun, 14 Jul 2019 07:49:39 GMT OpenStack-API-Version: compute 2.1 Server: Apache Vary: OpenStack-API-Version,X-OpenStack-Nova-API-Version,Accept-Encoding X-OpenStack-Nova-API-Version: 2.1 x-compute-request-id: req-e43f8386-ad8f-4b55-a917-703eb06e16c9 x-openstack-request-id: req-e43f8386-ad8f-4b55-a917-703eb06e16c9 _http_log_response /usr/lib/python2.7/site-packages/keystoneauth1/session.py:479
2019-07-14 07:49:39.447 1842 DEBUG novaclient.v2.client [-] RESP BODY: {"flavors": [{"name": "rally_full-flavor_caebe5f6-d744-4b1c-8e09-af7743963b77", "links": [{"href": "http://172.30.9.21:8774/v2.1/flavors/54e080a8-56ca-4986-a27e-07edeb0e92a1", "rel": "self"}, {"href": "http://172.30.9.21:8774/flavors/54e080a8-56ca-4986-a27e-07edeb0e92a1", "rel": "bookmark"}], "ram": 512, "OS-FLV-DISABLED:disabled": false, "vcpus": 1, "swap": "", "os-flavor-access:is_public": true, "rxtx_factor": 1.0, "OS-FLV-EXT-DATA:ephemeral": 0, "disk": 1, "id": "54e080a8-56ca-4986-a27e-07edeb0e92a1"}, {"name": "rally_full-flavor_alt_caebe5f6-d744-4b1c-8e09-af7743963b77", "links": [{"href": "http://172.30.9.21:8774/v2.1/flavors/bceecd8d-9a2f-49f0-893e-5f0833a09402", "rel": "self"}, {"href": "http://172.30.9.21:8774/flavors/bceecd8d-9a2f-49f0-893e-5f0833a09402", "rel": "bookmark"}], "ram": 1024, "OS-FLV-DISABLED:disabled": false, "vcpus": 1, "swap": "", "os-flavor-access:is_public": true, "rxtx_factor": 1.0, "OS-FLV-EXT-DATA:ephemeral": 0, "disk": 1, "id": "bceecd8d-9a2f-49f0-893e-5f0833a09402"}]} _http_log_response /usr/lib/python2.7/site-packages/keystoneauth1/session.py:511
2019-07-14 07:49:39.447 1842 DEBUG novaclient.v2.client [-] GET call to compute for http://172.30.9.21:8774/v2.1/flavors/detail used request id req-e43f8386-ad8f-4b55-a917-703eb06e16c9 request /usr/lib/python2.7/site-packages/keystoneauth1/session.py:844
2019-07-14 07:49:39.449 1842 RALLYDEBUG rally.task.runner [-] Starting the constant runner (task UUID: 1dc11c14-0b89-49d7-8078-08a0fb3a35bc). timeout: 0 concurrency: 4 concurrency_per_worker: 1 times: 10 concurrency_overhead: 0 processes_to_start: 4 max_cpu_used: 16
2019-07-14 07:49:39.461 1966 RALLYDEBUG rally.task.runner [-] Starting a worker. concurrency: 1 args: {"flavor": "54e080a8-56ca-4986-a27e-07edeb0e92a1", "image": "eac7d18a-0543-4fa3-bc64-67c3def7e148", "size": 1, "nics": [{"net-id": "53cb3ef0-c5c7-4d2b-b070-b6a6325dec2f"}]} times: 10 method_name: run timeout: 0 duration: None cls:
2019-07-14 07:49:39.465 1967 RALLYDEBUG rally.task.runner [-] Starting a worker. concurrency: 1 args: {"flavor": "54e080a8-56ca-4986-a27e-07edeb0e92a1", "image": "eac7d18a-0543-4fa3-bc64-67c3def7e148", "size": 1, "nics": [{"net-id": "53cb3ef0-c5c7-4d2b-b070-b6a6325dec2f"}]} times: 10 method_name: run timeout: 0 duration: None cls:
2019-07-14 07:49:39.467 1966 INFO rally.task.runner [-] Task 1dc11c14-0b89-49d7-8078-08a0fb3a35bc | ITER: 1 START
2019-07-14 07:49:39.467 1968 RALLYDEBUG rally.task.runner [-] Starting a worker. concurrency: 1 args: {"flavor": "54e080a8-56ca-4986-a27e-07edeb0e92a1", "image": "eac7d18a-0543-4fa3-bc64-67c3def7e148", "size": 1, "nics": [{"net-id": "53cb3ef0-c5c7-4d2b-b070-b6a6325dec2f"}]} times: 10 method_name: run timeout: 0 duration: None cls:
2019-07-14 07:49:39.471 1969 RALLYDEBUG rally.task.runner [-] Starting a worker. concurrency: 1 args: {"flavor": "54e080a8-56ca-4986-a27e-07edeb0e92a1", "image": "eac7d18a-0543-4fa3-bc64-67c3def7e148", "size": 1, "nics": [{"net-id": "53cb3ef0-c5c7-4d2b-b070-b6a6325dec2f"}]} times: 10 method_name: run timeout: 0 duration: None cls:
2019-07-14 07:49:39.474 1967 INFO rally.task.runner [-] Task 1dc11c14-0b89-49d7-8078-08a0fb3a35bc | ITER: 2 START
2019-07-14 07:49:39.475 1968 INFO rally.task.runner [-] Task 1dc11c14-0b89-49d7-8078-08a0fb3a35bc | ITER: 3 START
2019-07-14 07:49:39.478 1969 INFO rally.task.runner [-] Task 1dc11c14-0b89-49d7-8078-08a0fb3a35bc | ITER: 4 START
2019-07-14 07:49:39.913 1966 DEBUG novaclient.v2.client [-] REQ: curl -g -i -X POST http://172.30.9.21:8774/v2.1/servers -H "Accept: application/json" -H "Content-Type: application/json" -H "User-Agent: python-novaclient" -H "X-Auth-Token: {SHA1}b2a153b254ba24c8351127bdaa425c6b8141c9d6" -d '{"server": {"name": "s_rally_93f29968_US3idAym", "imageRef": "eac7d18a-0543-4fa3-bc64-67c3def7e148", "flavorRef": "54e080a8-56ca-4986-a27e-07edeb0e92a1", "max_count": 1, "min_count": 1, "networks": [{"uuid": "53cb3ef0-c5c7-4d2b-b070-b6a6325dec2f"}]}}' _http_log_request /usr/lib/python2.7/site-packages/keystoneauth1/session.py:448
2019-07-14 07:49:39.920 1969 DEBUG novaclient.v2.client [-] REQ: curl -g -i -X POST http://172.30.9.21:8774/v2.1/servers -H "Accept: application/json" -H "Content-Type: application/json" -H "User-Agent: python-novaclient" -H "X-Auth-Token: {SHA1}ec1069b9e3b802683bc8a1bd6702f8d43e0fee5e" -d '{"server": {"name": "s_rally_93f29968_FPW98Sov", "imageRef": "eac7d18a-0543-4fa3-bc64-67c3def7e148", "flavorRef": "54e080a8-56ca-4986-a27e-07edeb0e92a1", "max_count": 1, "min_count": 1, "networks": [{"uuid": "53cb3ef0-c5c7-4d2b-b070-b6a6325dec2f"}]}}' _http_log_request /usr/lib/python2.7/site-packages/keystoneauth1/session.py:448
2019-07-14 07:49:39.920 1968 DEBUG novaclient.v2.client [-] REQ: curl -g -i -X POST http://172.30.9.21:8774/v2.1/servers -H "Accept: application/json" -H "Content-Type: application/json" -H "User-Agent: python-novaclient" -H "X-Auth-Token: {SHA1}98bf9717da2c48c8f8c5ea5e3041f259cd45852b" -d '{"server": {"name": "s_rally_93f29968_hu7V0kYk", "imageRef": "eac7d18a-0543-4fa3-bc64-67c3def7e148", "flavorRef": "54e080a8-56ca-4986-a27e-07edeb0e92a1", "max_count": 1, "min_count": 1, "networks": [{"uuid": "53cb3ef0-c5c7-4d2b-b070-b6a6325dec2f"}]}}' _http_log_request /usr/lib/python2.7/site-packages/keystoneauth1/session.py:448
2019-07-14 07:49:39.920 1967 DEBUG novaclient.v2.client [-] REQ: curl -g -i -X POST http://172.30.9.21:8774/v2.1/servers -H "Accept: application/json" -H "Content-Type: application/json" -H "User-Agent: python-novaclient" -H "X-Auth-Token: {SHA1}ce3f410cb22ff6bc29600b50c8f1e421d33a6222" -d '{"server": {"name": "s_rally_93f29968_9TS4qeN6", "imageRef": "eac7d18a-0543-4fa3-bc64-67c3def7e148", "flavorRef": "54e080a8-56ca-4986-a27e-07edeb0e92a1", "max_count": 1, "min_count": 1, "networks": [{"uuid": "53cb3ef0-c5c7-4d2b-b070-b6a6325dec2f"}]}}' _http_log_request /usr/lib/python2.7/site-packages/keystoneauth1/session.py:448
2019-07-14 07:49:42.021 1967 DEBUG novaclient.v2.client [-] RESP: [202] Content-Length: 374 Content-Type: application/json Date: Sun, 14 Jul 2019 07:49:39 GMT OpenStack-API-Version: compute 2.1 Server: Apache Vary: OpenStack-API-Version,X-OpenStack-Nova-API-Version X-OpenStack-Nova-API-Version: 2.1 location: http://172.30.9.21:8774/v2.1/servers/0165d515-e340-4ec6-a3ab-193dff31a28e x-compute-request-id: req-6bc99c33-9620-40d2-a0c9-659f95c8970a x-openstack-request-id: req-6bc99c33-9620-40d2-a0c9-659f95c8970a _http_log_response /usr/lib/python2.7/site-packages/keystoneauth1/session.py:479
2019-07-14 07:49:42.022 1967 DEBUG novaclient.v2.client [-] RESP BODY: {"server": {"security_groups": [{"name": "default"}], "OS-DCF:diskConfig": "MANUAL", "id": "0165d515-e340-4ec6-a3ab-193dff31a28e", "links": [{"href": "http://172.30.9.21:8774/v2.1/servers/0165d515-e340-4ec6-a3ab-193dff31a28e", "rel": "self"}, {"href": "http://172.30.9.21:8774/servers/0165d515-e340-4ec6-a3ab-193dff31a28e", "rel": "bookmark"}], "adminPass": "piaw6NeKYhgH"}} _http_log_response /usr/lib/python2.7/site-packages/keystoneauth1/session.py:511
2019-07-14 07:49:42.023 1967 DEBUG novaclient.v2.client [-] POST call to compute for http://172.30.9.21:8774/v2.1/servers used request id req-6bc99c33-9620-40d2-a0c9-659f95c8970a request /usr/lib/python2.7/site-packages/keystoneauth1/session.py:844
2019-07-14 07:49:42.243 1966 DEBUG novaclient.v2.client [-] RESP: [202] Content-Length: 374 Content-Type: application/json Date: Sun, 14 Jul 2019 07:49:39 GMT OpenStack-API-Version: compute 2.1 Server: Apache Vary: OpenStack-API-Version,X-OpenStack-Nova-API-Version X-OpenStack-Nova-API-Version: 2.1 location: http://172.30.9.21:8774/v2.1/servers/1e55ae44-e861-42f5-bea1-a7e22cb82159 x-compute-request-id: req-9ac380c1-83da-4769-9587-3d57ceb94bb0 x-openstack-request-id: req-9ac380c1-83da-4769-9587-3d57ceb94bb0 _http_log_response /usr/lib/python2.7/site-packages/keystoneauth1/session.py:479
2019-07-14 07:49:42.244 1966 DEBUG novaclient.v2.client [-] RESP BODY: {"server": {"security_groups": [{"name": "default"}], "OS-DCF:diskConfig": "MANUAL", "id": "1e55ae44-e861-42f5-bea1-a7e22cb82159", "links": [{"href": "http://172.30.9.21:8774/v2.1/servers/1e55ae44-e861-42f5-bea1-a7e22cb82159", "rel": "self"}, {"href": "http://172.30.9.21:8774/servers/1e55ae44-e861-42f5-bea1-a7e22cb82159", "rel": "bookmark"}], "adminPass": "GE7aV3JUGZcn"}} _http_log_response /usr/lib/python2.7/site-packages/keystoneauth1/session.py:511
2019-07-14 07:49:42.244 1966 DEBUG novaclient.v2.client [-] POST call to compute for http://172.30.9.21:8774/v2.1/servers used request id req-9ac380c1-83da-4769-9587-3d57ceb94bb0 request /usr/lib/python2.7/site-packages/keystoneauth1/session.py:844
2019-07-14 07:49:43.027 1967 DEBUG novaclient.v2.client [-] REQ: curl -g -i -X GET http://172.30.9.21:8774/v2.1/servers/0165d515-e340-4ec6-a3ab-193dff31a28e -H "Accept: application/json" -H "User-Agent: python-novaclient" -H "X-Auth-Token: {SHA1}ce3f410cb22ff6bc29600b50c8f1e421d33a6222" _http_log_request /usr/lib/python2.7/site-packages/keystoneauth1/session.py:448
2019-07-14 07:49:43.100 1969 DEBUG novaclient.v2.client [-] RESP: [202] Content-Length: 374 Content-Type: application/json Date: Sun, 14 Jul 2019 07:49:39 GMT OpenStack-API-Version: compute 2.1 Server: Apache Vary: OpenStack-API-Version,X-OpenStack-Nova-API-Version X-OpenStack-Nova-API-Version: 2.1 location: http://172.30.9.21:8774/v2.1/servers/c2737a37-b83e-4f57-91a7-c8f816bbd22d x-compute-request-id: req-970407eb-4cd5-4045-95aa-a0ec4003b260 x-openstack-request-id: req-970407eb-4cd5-4045-95aa-a0ec4003b260 _http_log_response /usr/lib/python2.7/site-packages/keystoneauth1/session.py:479
2019-07-14 07:49:43.101 1969 DEBUG novaclient.v2.client [-] RESP BODY: {"server": {"security_groups": [{"name": "default"}], "OS-DCF:diskConfig": "MANUAL", "id": "c2737a37-b83e-4f57-91a7-c8f816bbd22d", "links": [{"href": "http://172.30.9.21:8774/v2.1/servers/c2737a37-b83e-4f57-91a7-c8f816bbd22d", "rel": "self"}, {"href": "http://172.30.9.21:8774/servers/c2737a37-b83e-4f57-91a7-c8f816bbd22d", "rel": "bookmark"}], "adminPass": "m735jT7CJu8Q"}} _http_log_response /usr/lib/python2.7/site-packages/keystoneauth1/session.py:511
2019-07-14 07:49:43.102 1969 DEBUG novaclient.v2.client [-] POST call to compute for http://172.30.9.21:8774/v2.1/servers used request id req-970407eb-4cd5-4045-95aa-a0ec4003b260 request /usr/lib/python2.7/site-packages/keystoneauth1/session.py:844
2019-07-14 07:49:43.248 1966 DEBUG novaclient.v2.client [-] REQ: curl -g -i -X GET http://172.30.9.21:8774/v2.1/servers/1e55ae44-e861-42f5-bea1-a7e22cb82159 -H "Accept: application/json" -H "User-Agent: python-novaclient" -H "X-Auth-Token: {SHA1}b2a153b254ba24c8351127bdaa425c6b8141c9d6" _http_log_request /usr/lib/python2.7/site-packages/keystoneauth1/session.py:448
2019-07-14 07:49:43.545 1968 DEBUG novaclient.v2.client [-] RESP: [202] Content-Length: 374 Content-Type: application/json Date: Sun, 14 Jul 2019 07:49:39 GMT OpenStack-API-Version: compute 2.1 Server: Apache Vary: OpenStack-API-Version,X-OpenStack-Nova-API-Version X-OpenStack-Nova-API-Version: 2.1 location: http://172.30.9.21:8774/v2.1/servers/251c785c-327a-45d3-a5ca-ed648a2e4dd2 x-compute-request-id: req-ed551d7c-f300-42d0-931a-c5fe91809e36 x-openstack-request-id: req-ed551d7c-f300-42d0-931a-c5fe91809e36 _http_log_response /usr/lib/python2.7/site-packages/keystoneauth1/session.py:479
2019-07-14 07:49:43.546 1968 DEBUG novaclient.v2.client [-] RESP BODY: {"server": {"security_groups": [{"name": "default"}], "OS-DCF:diskConfig": "MANUAL", "id": "251c785c-327a-45d3-a5ca-ed648a2e4dd2", "links": [{"href": "http://172.30.9.21:8774/v2.1/servers/251c785c-327a-45d3-a5ca-ed648a2e4dd2", "rel": "self"}, {"href": "http://172.30.9.21:8774/servers/251c785c-327a-45d3-a5ca-ed648a2e4dd2", "rel": "bookmark"}], "adminPass": "5WD39bAgygex"}} _http_log_response /usr/lib/python2.7/site-packages/keystoneauth1/session.py:511
2019-07-14 07:49:43.546 1968 DEBUG novaclient.v2.client [-] POST call to compute for http://172.30.9.21:8774/v2.1/servers used request id req-ed551d7c-f300-42d0-931a-c5fe91809e36 request /usr/lib/python2.7/site-packages/keystoneauth1/session.py:844
2019-07-14 07:49:43.654 1967 DEBUG novaclient.v2.client [-] RESP: [200] Content-Encoding: gzip Content-Length: 629 Content-Type: application/json Date: Sun, 14 Jul 2019 07:49:43 GMT OpenStack-API-Version: compute 2.1 Server: Apache Vary: OpenStack-API-Version,X-OpenStack-Nova-API-Version,Accept-Encoding X-OpenStack-Nova-API-Version: 2.1 x-compute-request-id: req-397c35b3-89c5-4c96-897f-ef7f22e65bd3 x-openstack-request-id: req-397c35b3-89c5-4c96-897f-ef7f22e65bd3 _http_log_response /usr/lib/python2.7/site-packages/keystoneauth1/session.py:479
2019-07-14 07:49:43.655 1967 DEBUG novaclient.v2.client [-] RESP BODY: {"server": {"OS-EXT-STS:task_state": "networking", "addresses": {}, "links": [{"href": "http://172.30.9.21:8774/v2.1/servers/0165d515-e340-4ec6-a3ab-193dff31a28e", "rel": "self"}, {"href": "http://172.30.9.21:8774/servers/0165d515-e340-4ec6-a3ab-193dff31a28e", "rel": "bookmark"}], "image": {"id": "eac7d18a-0543-4fa3-bc64-67c3def7e148", "links": [{"href": "http://172.30.9.21:8774/images/eac7d18a-0543-4fa3-bc64-67c3def7e148", "rel": "bookmark"}]}, "OS-EXT-STS:vm_state": "building", "OS-SRV-USG:launched_at": null, "flavor": {"id": "54e080a8-56ca-4986-a27e-07edeb0e92a1", "links": [{"href": "http://172.30.9.21:8774/flavors/54e080a8-56ca-4986-a27e-07edeb0e92a1", "rel": "bookmark"}]}, "id": "0165d515-e340-4ec6-a3ab-193dff31a28e", "user_id": "ec5d2ea8218b4a9fa4c064ec31b30f64", "OS-DCF:diskConfig": "MANUAL", "accessIPv4": "", "accessIPv6": "", "progress": 0, "OS-EXT-STS:power_state": 0, "OS-EXT-AZ:availability_zone": "nova", "config_drive": "", "status": "BUILD", "updated": "2019-07-14T07:49:42Z", "hostId": "92ce60c8318aad65ca46025c73de52486810bb633adce1b665ede56a", "OS-SRV-USG:terminated_at": null, "key_name": null, "name": "s_rally_93f29968_9TS4qeN6", "created": "2019-07-14T07:49:41Z", "tenant_id": "f159e161508c4ef88f64610e0f09efd8", "os-extended-volumes:volumes_attached": [], "metadata": {}}} _http_log_response /usr/lib/python2.7/site-packages/keystoneauth1/session.py:511
2019-07-14 07:49:43.655 1967 DEBUG novaclient.v2.client [-] GET call to compute for http://172.30.9.21:8774/v2.1/servers/0165d515-e340-4ec6-a3ab-193dff31a28e used request id req-397c35b3-89c5-4c96-897f-ef7f22e65bd3 request /usr/lib/python2.7/site-packages/keystoneauth1/session.py:844
2019-07-14 07:49:43.656 1967 DEBUG novaclient.v2.client [-] REQ: curl -g -i -X GET http://172.30.9.21:8774/v2.1/servers/0165d515-e340-4ec6-a3ab-193dff31a28e -H "Accept: application/json" -H "User-Agent: python-novaclient" -H "X-Auth-Token: {SHA1}ce3f410cb22ff6bc29600b50c8f1e421d33a6222" _http_log_request /usr/lib/python2.7/site-packages/keystoneauth1/session.py:448
2019-07-14 07:49:44.022 1966 DEBUG novaclient.v2.client [-] RESP: [200] Content-Encoding: gzip Content-Length: 620 Content-Type: application/json Date: Sun, 14 Jul 2019 07:49:43 GMT OpenStack-API-Version: compute 2.1 Server: Apache Vary: OpenStack-API-Version,X-OpenStack-Nova-API-Version,Accept-Encoding X-OpenStack-Nova-API-Version: 2.1 x-compute-request-id: req-9b2a85ec-cf52-47ce-8d19-0c4c60fee479 x-openstack-request-id: req-9b2a85ec-cf52-47ce-8d19-0c4c60fee479 _http_log_response /usr/lib/python2.7/site-packages/keystoneauth1/session.py:479
