2019-07-14 07:40:41.758 7 RALLYDEBUG rally.api [-] INFO logs from urllib3 and requests module are hide.
2019-07-14 07:40:41.758 7 RALLYDEBUG rally.api [-] urllib3 insecure warnings are hidden.
2019-07-14 07:40:41.758 7 RALLYDEBUG rally.api [-] ERROR log from boto module is hide.
2019-07-14 07:40:42.806 7 ERROR rally.cli.cliutils [-] Unexpected exception in CLI: DBRecordNotFound: Record for uuid or name is opnfv-rally not found in table envs
2019-07-14 07:40:42.806 7 ERROR rally.cli.cliutils
Traceback (most recent call last):
2019-07-14 07:40:42.806 7 ERROR rally.cli.cliutils
File "/usr/lib/python2.7/site-packages/rally/cli/cliutils.py", line 674, in run
2019-07-14 07:40:42.806 7 ERROR rally.cli.cliutils ret = fn(*fn_args, **fn_kwargs)
2019-07-14 07:40:42.806 7 ERROR rally.cli.cliutils File "", line 2, in destroy
2019-07-14 07:40:42.806 7 ERROR rally.cli.cliutils
File "/usr/lib/python2.7/site-packages/rally/cli/envutils.py", line 69, in default_from_global
2019-07-14 07:40:42.806 7 ERROR rally.cli.cliutils return f(*args, **kwargs)
2019-07-14 07:40:42.806 7 ERROR rally.cli.cliutils File "", line 2, in destroy
2019-07-14 07:40:42.806 7 ERROR rally.cli.cliutils
File "/usr/lib/python2.7/site-packages/rally/plugins/__init__.py", line 51, in ensure_plugins_are_loaded
2019-07-14 07:40:42.806 7 ERROR rally.cli.cliutils return f(*args, **kwargs)
2019-07-14 07:40:42.806 7 ERROR rally.cli.cliutils
File "/usr/lib/python2.7/site-packages/rally/cli/commands/deployment.py", line 140, in destroy
2019-07-14 07:40:42.806 7 ERROR rally.cli.cliutils api.deployment.destroy(deployment=deployment)
2019-07-14 07:40:42.806 7 ERROR rally.cli.cliutils
File "/usr/lib/python2.7/site-packages/rally/api.py", line 115, in destroy
2019-07-14 07:40:42.806 7 ERROR rally.cli.cliutils deploy = objects.Deployment.get(deployment)
2019-07-14 07:40:42.806 7 ERROR rally.cli.cliutils
File "/usr/lib/python2.7/site-packages/rally/common/objects/deploy.py", line 124, in get
2019-07-14 07:40:42.806 7 ERROR rally.cli.cliutils return Deployment(env_mgr.EnvManager.get(deploy))
2019-07-14 07:40:42.806 7 ERROR rally.cli.cliutils
File "/usr/lib/python2.7/site-packages/rally/env/env_mgr.py", line 212, in get
2019-07-14 07:40:42.806 7 ERROR rally.cli.cliutils return cls(db.env_get(uuid_or_name))
2019-07-14 07:40:42.806 7 ERROR rally.cli.cliutils
File "/usr/lib/python2.7/site-packages/rally/common/db/api.py", line 135, in wrapper
2019-07-14 07:40:42.806 7 ERROR rally.cli.cliutils result = f(session, *args, **kwargs)
2019-07-14 07:40:42.806 7 ERROR rally.cli.cliutils
File "/usr/lib/python2.7/site-packages/rally/common/db/api.py", line 521, in env_get
2019-07-14 07:40:42.806 7 ERROR rally.cli.cliutils criteria="uuid or name is %s" % uuid_or_name, table="envs")
2019-07-14 07:40:42.806 7 ERROR rally.cli.cliutils DBRecordNotFound: Record for uuid or name is opnfv-rally not found in table envs
2019-07-14 07:40:42.806 7 ERROR rally.cli.cliutils
2019-07-14 07:40:43.541 9 RALLYDEBUG rally.api [-] INFO logs from urllib3 and requests module are hide.
2019-07-14 07:40:43.541 9 RALLYDEBUG rally.api [-] urllib3 insecure warnings are hidden.
2019-07-14 07:40:43.541 9 RALLYDEBUG rally.api [-] ERROR log from boto module is hide.
2019-07-14 07:40:44.813 9 WARNING rally_openstack.platforms.existing [-] endpoint is deprecated and not used.
2019-07-14 07:40:45.674 11 RALLYDEBUG rally.api [-] INFO logs from urllib3 and requests module are hide.
2019-07-14 07:40:45.674 11 RALLYDEBUG rally.api [-] urllib3 insecure warnings are hidden.
2019-07-14 07:40:45.674 11 RALLYDEBUG rally.api [-] ERROR log from boto module is hide.
2019-07-14 07:40:48.996 14 RALLYDEBUG rally.api [-] INFO logs from urllib3 and requests module are hide.
2019-07-14 07:40:48.996 14 RALLYDEBUG rally.api [-] urllib3 insecure warnings are hidden.
2019-07-14 07:40:48.997 14 RALLYDEBUG rally.api [-] ERROR log from boto module is hide.
2019-07-14 07:40:50.353 16 RALLYDEBUG rally.api [-] INFO logs from urllib3 and requests module are hide.
2019-07-14 07:40:50.353 16 RALLYDEBUG rally.api [-] urllib3 insecure warnings are hidden.
2019-07-14 07:40:50.353 16 RALLYDEBUG rally.api [-] ERROR log from boto module is hide.
2019-07-14 07:40:51.571 16 INFO rally.task.engine [-] Task ff0ea57f-5bcc-488b-a816-5ef92277b350 | Starting: Task validation.
2019-07-14 07:40:51.608 16 INFO rally.task.engine [-] Task ff0ea57f-5bcc-488b-a816-5ef92277b350 | Starting: Task validation of syntax.
2019-07-14 07:40:51.686 16 INFO rally.task.engine [-] Task ff0ea57f-5bcc-488b-a816-5ef92277b350 | Completed: Task validation of syntax.
2019-07-14 07:40:51.687 16 INFO rally.task.engine [-] Task ff0ea57f-5bcc-488b-a816-5ef92277b350 | Starting: Task validation of required platforms.
2019-07-14 07:40:51.721 16 INFO rally.task.engine [-] Task ff0ea57f-5bcc-488b-a816-5ef92277b350 | Completed: Task validation of required platforms.
2019-07-14 07:40:51.722 16 INFO rally.task.engine [-] Task ff0ea57f-5bcc-488b-a816-5ef92277b350 | Starting: Task validation of semantic.
2019-07-14 07:40:51.722 16 INFO rally.task.engine [-] Check health of the environment '3499e492-37d9-47ed-9eca-91d72b546445'.
2019-07-14 07:40:52.546 16 INFO rally.task.engine [-] Platform existing@openstack (available: True): OK!
2019-07-14 07:40:52.565 16 RALLYDEBUG rally_openstack.contexts.keystone.users [-] Creating 1 tenants using 20 threads
2019-07-14 07:40:54.173 16 RALLYDEBUG rally_openstack.contexts.keystone.users [-] Creating 1 users using 20 threads
2019-07-14 07:40:56.509 16 INFO rally.task.context [-] Task ff0ea57f-5bcc-488b-a816-5ef92277b350 | Context users@openstack setup() finished in 3.94 sec
2019-07-14 07:40:56.556 16 INFO rally.task.context [-] Task ff0ea57f-5bcc-488b-a816-5ef92277b350 | Context users@openstack cleanup() started
2019-07-14 07:41:01.097 16 INFO rally.task.context [-] Task ff0ea57f-5bcc-488b-a816-5ef92277b350 | Context users@openstack cleanup() finished in 4.54 sec
2019-07-14 07:41:01.098 16 INFO rally.task.engine [-] Task ff0ea57f-5bcc-488b-a816-5ef92277b350 | Completed: Task validation of semantic.
2019-07-14 07:41:01.098 16 INFO rally.task.engine [-] Task ff0ea57f-5bcc-488b-a816-5ef92277b350 | Completed: Task validation.
2019-07-14 07:41:01.099 16 INFO rally.api [-] Task ff0ea57f-5bcc-488b-a816-5ef92277b350 input file is valid.
2019-07-14 07:41:01.099 16 INFO rally.api [-] Run Task ff0ea57f-5bcc-488b-a816-5ef92277b350 against Deployment 3499e492-37d9-47ed-9eca-91d72b546445
2019-07-14 07:41:01.099 16 INFO rally.task.engine [-] Task ff0ea57f-5bcc-488b-a816-5ef92277b350 | Starting: Running task.
2019-07-14 07:41:01.231 16 INFO rally.task.engine [-] Running workload: position = 0 config = { "version": 2, "title": "A cropped version of a bigger task.", "description": "Auto-generated task from a single workload (uuid=07c15639-4cd0-4b34-a9ac-32d28a956b3f)", "subtasks": [ { "title": "Authenticate.keystone", "description": "Check Keystone Client.", "scenario": { "Authenticate.keystone": {} }, "contexts": { "users": { "tenants": 3, "users_per_tenant": 2 } }, "runner": { "constant": { "concurrency": 4, "times": 10 } }, "hooks": [], "sla": { "failure_rate": { "max": 0 } } } ] }
2019-07-14 07:41:01.253 16 RALLYDEBUG rally_openstack.contexts.keystone.users [-] Creating 3 tenants using 20 threads
2019-07-14 07:41:03.049 16 RALLYDEBUG rally_openstack.contexts.keystone.users [-] Creating 6 users using 20 threads
2019-07-14 07:41:05.918 16 INFO rally.task.context [-] Task ff0ea57f-5bcc-488b-a816-5ef92277b350 | Context users@openstack setup() finished in 4.67 sec
2019-07-14 07:41:05.926 16 RALLYDEBUG rally.task.runner [-] Starting the constant runner (task UUID: ff0ea57f-5bcc-488b-a816-5ef92277b350). timeout: 0 concurrency: 4 concurrency_per_worker: 1 times: 10 concurrency_overhead: 0 processes_to_start: 4 max_cpu_used: 16
2019-07-14 07:41:05.940 140 RALLYDEBUG rally.task.runner [-] Starting a worker. concurrency: 1 args: {} times: 10 method_name: run timeout: 0 duration: None cls:
2019-07-14 07:41:05.943 141 RALLYDEBUG rally.task.runner [-] Starting a worker. concurrency: 1 args: {} times: 10 method_name: run timeout: 0 duration: None cls:
2019-07-14 07:41:05.946 140 INFO rally.task.runner [-] Task ff0ea57f-5bcc-488b-a816-5ef92277b350 | ITER: 1 START
2019-07-14 07:41:05.945 142 RALLYDEBUG rally.task.runner [-] Starting a worker. concurrency: 1 args: {} times: 10 method_name: run timeout: 0 duration: None cls:
2019-07-14 07:41:05.949 141 INFO rally.task.runner [-] Task ff0ea57f-5bcc-488b-a816-5ef92277b350 | ITER: 2 START
2019-07-14 07:41:05.948 143 RALLYDEBUG rally.task.runner [-] Starting a worker. concurrency: 1 args: {} times: 10 method_name: run timeout: 0 duration: None cls:
2019-07-14 07:41:05.950 142 INFO rally.task.runner [-] Task ff0ea57f-5bcc-488b-a816-5ef92277b350 | ITER: 3 START
2019-07-14 07:41:05.953 143 INFO rally.task.runner [-] Task ff0ea57f-5bcc-488b-a816-5ef92277b350 | ITER: 4 START
2019-07-14 07:41:06.548 140 INFO rally.task.runner [-] Task ff0ea57f-5bcc-488b-a816-5ef92277b350 | ITER: 1 END: OK
2019-07-14 07:41:06.552 140 INFO rally.task.runner [-] Task ff0ea57f-5bcc-488b-a816-5ef92277b350 | ITER: 5 START
2019-07-14 07:41:06.567 141 INFO rally.task.runner [-] Task ff0ea57f-5bcc-488b-a816-5ef92277b350 | ITER: 2 END: OK
2019-07-14 07:41:06.567 143 INFO rally.task.runner [-] Task ff0ea57f-5bcc-488b-a816-5ef92277b350 | ITER: 4 END: OK
2019-07-14 07:41:06.570 141 INFO rally.task.runner [-] Task ff0ea57f-5bcc-488b-a816-5ef92277b350 | ITER: 6 START
2019-07-14 07:41:06.571 143 INFO rally.task.runner [-] Task ff0ea57f-5bcc-488b-a816-5ef92277b350 | ITER: 7 START
2019-07-14 07:41:06.586 142 INFO rally.task.runner [-] Task ff0ea57f-5bcc-488b-a816-5ef92277b350 | ITER: 3 END: OK
2019-07-14 07:41:06.590 142 INFO rally.task.runner [-] Task ff0ea57f-5bcc-488b-a816-5ef92277b350 | ITER: 8 START
2019-07-14 07:41:07.147 140 INFO rally.task.runner [-] Task ff0ea57f-5bcc-488b-a816-5ef92277b350 | ITER: 5 END: OK
2019-07-14 07:41:07.151 140 INFO rally.task.runner [-] Task ff0ea57f-5bcc-488b-a816-5ef92277b350 | ITER: 9 START
2019-07-14 07:41:07.163 141 INFO rally.task.runner [-] Task ff0ea57f-5bcc-488b-a816-5ef92277b350 | ITER: 6 END: OK
2019-07-14 07:41:07.167 141 INFO rally.task.runner [-] Task ff0ea57f-5bcc-488b-a816-5ef92277b350 | ITER: 10 START
2019-07-14 07:41:07.172 143 INFO rally.task.runner [-] Task ff0ea57f-5bcc-488b-a816-5ef92277b350 | ITER: 7 END: OK
2019-07-14 07:41:07.191 142 INFO rally.task.runner [-] Task ff0ea57f-5bcc-488b-a816-5ef92277b350 | ITER: 8 END: OK
2019-07-14 07:41:07.749 141 INFO rally.task.runner [-] Task ff0ea57f-5bcc-488b-a816-5ef92277b350 | ITER: 10 END: OK
2019-07-14 07:41:07.771 140 INFO rally.task.runner [-] Task ff0ea57f-5bcc-488b-a816-5ef92277b350 | ITER: 9 END: OK
2019-07-14 07:41:07.792 16 INFO rally.task.context [-] Task ff0ea57f-5bcc-488b-a816-5ef92277b350 | Context users@openstack cleanup() started
2019-07-14 07:41:14.463 16 INFO rally.task.context [-] Task ff0ea57f-5bcc-488b-a816-5ef92277b350 | Context users@openstack cleanup() finished in 6.67 sec
2019-07-14 07:41:15.341 16 INFO rally.task.engine [-] Load duration is: 1.824001
2019-07-14 07:41:15.342 16 INFO rally.task.engine [-] Full runner duration is: 1.86712
2019-07-14 07:41:15.342 16 INFO rally.task.engine [-] Full duration is: 13.214941
2019-07-14 07:41:21.969 16 INFO rally.task.engine [-] Running workload: position = 0 config = { "version": 2, "title": "A cropped version of a bigger task.", "description": "Auto-generated task from a single workload (uuid=e65a0b3b-ee2a-4f90-b738-65509a9c724b)", "subtasks": [ { "title": "Authenticate.validate_cinder", "description": "Check Cinder Client to ensure validation of token.", "scenario": { "Authenticate.validate_cinder": { "repetitions": 2 } }, "contexts": { "users": { "tenants": 3, "users_per_tenant": 2 } }, "runner": { "constant": { "concurrency": 4, "times": 10 } }, "hooks": [], "sla": { "failure_rate": { "max": 0 } } } ] }
2019-07-14 07:41:21.985 16 RALLYDEBUG rally_openstack.contexts.keystone.users [-] Creating 3 tenants using 20 threads
2019-07-14 07:41:23.835 16 RALLYDEBUG rally_openstack.contexts.keystone.users [-] Creating 6 users using 20 threads
2019-07-14 07:41:26.500 16 INFO rally.task.context [-] Task ff0ea57f-5bcc-488b-a816-5ef92277b350 | Context users@openstack setup() finished in 4.52 sec
2019-07-14 07:41:26.512 16 RALLYDEBUG rally.task.runner [-] Starting the constant runner (task UUID: ff0ea57f-5bcc-488b-a816-5ef92277b350). timeout: 0 concurrency: 4 concurrency_per_worker: 1 times: 10 concurrency_overhead: 0 processes_to_start: 4 max_cpu_used: 16
2019-07-14 07:41:26.524 244 RALLYDEBUG rally.task.runner [-] Starting a worker. concurrency: 1 args: {"repetitions": 2} times: 10 method_name: run timeout: 0 duration: None cls:
2019-07-14 07:41:26.525 245 RALLYDEBUG rally.task.runner [-] Starting a worker. concurrency: 1 args: {"repetitions": 2} times: 10 method_name: run timeout: 0 duration: None cls:
2019-07-14 07:41:26.530 245 INFO rally.task.runner [-] Task ff0ea57f-5bcc-488b-a816-5ef92277b350 | ITER: 2 START
2019-07-14 07:41:26.530 246 RALLYDEBUG rally.task.runner [-] Starting a worker. concurrency: 1 args: {"repetitions": 2} times: 10 method_name: run timeout: 0 duration: None cls:
2019-07-14 07:41:26.531 244 INFO rally.task.runner [-] Task ff0ea57f-5bcc-488b-a816-5ef92277b350 | ITER: 1 START
2019-07-14 07:41:26.531 247 RALLYDEBUG rally.task.runner [-] Starting a worker. concurrency: 1 args: {"repetitions": 2} times: 10 method_name: run timeout: 0 duration: None cls:
2019-07-14 07:41:26.535 247 INFO rally.task.runner [-] Task ff0ea57f-5bcc-488b-a816-5ef92277b350 | ITER: 4 START
2019-07-14 07:41:26.536 246 INFO rally.task.runner [-] Task ff0ea57f-5bcc-488b-a816-5ef92277b350 | ITER: 3 START
2019-07-14 07:41:28.397 246 INFO rally.task.runner [-] Task ff0ea57f-5bcc-488b-a816-5ef92277b350 | ITER: 3 END: OK
2019-07-14 07:41:28.400 246 INFO rally.task.runner [-] Task ff0ea57f-5bcc-488b-a816-5ef92277b350 | ITER: 5 START
2019-07-14 07:41:28.439 244 INFO rally.task.runner [-] Task ff0ea57f-5bcc-488b-a816-5ef92277b350 | ITER: 1 END: OK
2019-07-14 07:41:28.444 244 INFO rally.task.runner [-] Task ff0ea57f-5bcc-488b-a816-5ef92277b350 | ITER: 6 START
2019-07-14 07:41:28.464 247 INFO rally.task.runner [-] Task ff0ea57f-5bcc-488b-a816-5ef92277b350 | ITER: 4 END: OK
2019-07-14 07:41:28.466 245 INFO rally.task.runner [-] Task ff0ea57f-5bcc-488b-a816-5ef92277b350 | ITER: 2 END: OK
2019-07-14 07:41:28.468 247 INFO rally.task.runner [-] Task ff0ea57f-5bcc-488b-a816-5ef92277b350 | ITER: 7 START
2019-07-14 07:41:28.470 245 INFO rally.task.runner [-] Task ff0ea57f-5bcc-488b-a816-5ef92277b350 | ITER: 8 START
2019-07-14 07:41:29.838 244 INFO rally.task.runner [-] Task ff0ea57f-5bcc-488b-a816-5ef92277b350 | ITER: 6 END: OK
2019-07-14 07:41:29.842 244 INFO rally.task.runner [-] Task ff0ea57f-5bcc-488b-a816-5ef92277b350 | ITER: 9 START
2019-07-14 07:41:30.837 245 INFO rally.task.runner [-] Task ff0ea57f-5bcc-488b-a816-5ef92277b350 | ITER: 8 END: OK
2019-07-14 07:41:30.841 245 INFO rally.task.runner [-] Task ff0ea57f-5bcc-488b-a816-5ef92277b350 | ITER: 10 START
2019-07-14 07:41:31.855 245 INFO rally.task.runner [-] Task ff0ea57f-5bcc-488b-a816-5ef92277b350 | ITER: 10 END: OK
2019-07-14 07:41:32.149 246 INFO rally.task.runner [-] Task ff0ea57f-5bcc-488b-a816-5ef92277b350 | ITER: 5 END: OK
2019-07-14 07:41:32.286 247 INFO rally.task.runner [-] Task ff0ea57f-5bcc-488b-a816-5ef92277b350 | ITER: 7 END: OK
2019-07-14 07:41:32.790 244 INFO rally.task.runner [-] Task ff0ea57f-5bcc-488b-a816-5ef92277b350 | ITER: 9 END: OK
2019-07-14 07:41:32.818 16 INFO rally.task.context [-] Task ff0ea57f-5bcc-488b-a816-5ef92277b350 | Context users@openstack cleanup() started
2019-07-14 07:41:39.967 16 INFO rally.task.context [-] Task ff0ea57f-5bcc-488b-a816-5ef92277b350 | Context users@openstack cleanup() finished in 7.15 sec
2019-07-14 07:41:40.077 16 INFO rally.task.engine [-] Load duration is: 6.25881
2019-07-14 07:41:40.077 16 INFO rally.task.engine [-] Full runner duration is: 6.3089
2019-07-14 07:41:40.077 16 INFO rally.task.engine [-] Full duration is: 17.984701
2019-07-14 07:41:40.295 16 INFO rally.task.engine [-] Running workload: position = 0 config = { "version": 2, "title": "A cropped version of a bigger task.", "description": "Auto-generated task from a single workload (uuid=704b1e9e-948b-4ced-be60-18b4d8bf4047)", "subtasks": [ { "title": "Authenticate.validate_glance", "description": "Check Glance Client to ensure validation of token.", "scenario": { "Authenticate.validate_glance": { "repetitions": 2 } }, "contexts": { "users": { "tenants": 3, "users_per_tenant": 2 } }, "runner": { "constant": { "concurrency": 4, "times": 10 } }, "hooks": [], "sla": { "failure_rate": { "max": 0 } } } ] }
2019-07-14 07:41:40.313 16 RALLYDEBUG rally_openstack.contexts.keystone.users [-] Creating 3 tenants using 20 threads
2019-07-14 07:41:42.094 16 RALLYDEBUG rally_openstack.contexts.keystone.users [-] Creating 6 users using 20 threads
2019-07-14 07:41:44.816 16 INFO rally.task.context [-] Task ff0ea57f-5bcc-488b-a816-5ef92277b350 | Context users@openstack setup() finished in 4.50 sec
2019-07-14 07:41:44.824 16 RALLYDEBUG rally.task.runner [-] Starting the constant runner (task UUID: ff0ea57f-5bcc-488b-a816-5ef92277b350). timeout: 0 concurrency: 4 concurrency_per_worker: 1 times: 10 concurrency_overhead: 0 processes_to_start: 4 max_cpu_used: 16
2019-07-14 07:41:44.836 348 RALLYDEBUG rally.task.runner [-] Starting a worker. concurrency: 1 args: {"repetitions": 2} times: 10 method_name: run timeout: 0 duration: None cls:
2019-07-14 07:41:44.838 350 RALLYDEBUG rally.task.runner [-] Starting a worker. concurrency: 1 args: {"repetitions": 2} times: 10 method_name: run timeout: 0 duration: None cls:
2019-07-14 07:41:44.839 349 RALLYDEBUG rally.task.runner [-] Starting a worker. concurrency: 1 args: {"repetitions": 2} times: 10 method_name: run timeout: 0 duration: None cls:
2019-07-14 07:41:44.842 348 INFO rally.task.runner [-] Task ff0ea57f-5bcc-488b-a816-5ef92277b350 | ITER: 1 START
2019-07-14 07:41:44.842 350 INFO rally.task.runner [-] Task ff0ea57f-5bcc-488b-a816-5ef92277b350 | ITER: 2 START
2019-07-14 07:41:44.845 349 INFO rally.task.runner [-] Task ff0ea57f-5bcc-488b-a816-5ef92277b350 | ITER: 3 START
2019-07-14 07:41:44.844 351 RALLYDEBUG rally.task.runner [-] Starting a worker. concurrency: 1 args: {"repetitions": 2} times: 10 method_name: run timeout: 0 duration: None cls:
2019-07-14 07:41:44.850 351 INFO rally.task.runner [-] Task ff0ea57f-5bcc-488b-a816-5ef92277b350 | ITER: 4 START
2019-07-14 07:41:45.719 350 INFO rally.task.runner [-] Task ff0ea57f-5bcc-488b-a816-5ef92277b350 | ITER: 2 END: OK
2019-07-14 07:41:45.724 350 INFO rally.task.runner [-] Task ff0ea57f-5bcc-488b-a816-5ef92277b350 | ITER: 5 START
2019-07-14 07:41:45.748 351 INFO rally.task.runner [-] Task ff0ea57f-5bcc-488b-a816-5ef92277b350 | ITER: 4 END: OK
2019-07-14 07:41:45.752 351 INFO rally.task.runner [-] Task ff0ea57f-5bcc-488b-a816-5ef92277b350 | ITER: 6 START
2019-07-14 07:41:45.755 348 INFO rally.task.runner [-] Task ff0ea57f-5bcc-488b-a816-5ef92277b350 | ITER: 1 END: OK
2019-07-14 07:41:45.758 348 INFO rally.task.runner [-] Task ff0ea57f-5bcc-488b-a816-5ef92277b350 | ITER: 7 START
2019-07-14 07:41:45.805 349 INFO rally.task.runner [-] Task ff0ea57f-5bcc-488b-a816-5ef92277b350 | ITER: 3 END: OK
2019-07-14 07:41:45.809 349 INFO rally.task.runner [-] Task ff0ea57f-5bcc-488b-a816-5ef92277b350 | ITER: 8 START
2019-07-14 07:41:46.535 350 INFO rally.task.runner [-] Task ff0ea57f-5bcc-488b-a816-5ef92277b350 | ITER: 5 END: OK
2019-07-14 07:41:46.540 350 INFO rally.task.runner [-] Task ff0ea57f-5bcc-488b-a816-5ef92277b350 | ITER: 9 START
2019-07-14 07:41:46.645 349 INFO rally.task.runner [-] Task ff0ea57f-5bcc-488b-a816-5ef92277b350 | ITER: 8 END: OK
2019-07-14 07:41:46.650 349 INFO rally.task.runner [-] Task ff0ea57f-5bcc-488b-a816-5ef92277b350 | ITER: 10 START
2019-07-14 07:41:46.704 348 INFO rally.task.runner [-] Task ff0ea57f-5bcc-488b-a816-5ef92277b350 | ITER: 7 END: OK
2019-07-14 07:41:46.707 351 INFO rally.task.runner [-] Task ff0ea57f-5bcc-488b-a816-5ef92277b350 | ITER: 6 END: OK
2019-07-14 07:41:47.439 350 INFO rally.task.runner [-] Task ff0ea57f-5bcc-488b-a816-5ef92277b350 | ITER: 9 END: OK
2019-07-14 07:41:47.441 349 INFO rally.task.runner [-] Task ff0ea57f-5bcc-488b-a816-5ef92277b350 | ITER: 10 END: OK
2019-07-14 07:41:47.466 16 INFO rally.task.context [-] Task ff0ea57f-5bcc-488b-a816-5ef92277b350 | Context users@openstack cleanup() started
2019-07-14 07:41:54.088 16 INFO rally.task.context [-] Task ff0ea57f-5bcc-488b-a816-5ef92277b350 | Context users@openstack cleanup() finished in 6.62 sec
2019-07-14 07:41:54.395 16 INFO rally.task.engine [-] Load duration is: 2.59784
2019-07-14 07:41:54.396 16 INFO rally.task.engine [-] Full runner duration is: 2.64223
2019-07-14 07:41:54.396 16 INFO rally.task.engine [-] Full duration is: 13.775702
2019-07-14 07:41:54.597 16 INFO rally.task.engine [-] Running workload: position = 0 config = { "version": 2, "title": "A cropped version of a bigger task.", "description": "Auto-generated task from a single workload (uuid=6de3a8a7-377b-43c7-b478-1968b962b63b)", "subtasks": [ { "title": "Authenticate.validate_heat", "description": "Check Heat Client to ensure validation of token.", "scenario": { "Authenticate.validate_heat": { "repetitions": 2 } }, "contexts": { "users": { "tenants": 3, "users_per_tenant": 2 } }, "runner": { "constant": { "concurrency": 4, "times": 10 } }, "hooks": [], "sla": { "failure_rate": { "max": 0 } } } ] }
2019-07-14 07:41:54.620 16 RALLYDEBUG rally_openstack.contexts.keystone.users [-] Creating 3 tenants using 20 threads
2019-07-14 07:41:56.436 16 RALLYDEBUG rally_openstack.contexts.keystone.users [-] Creating 6 users using 20 threads
2019-07-14 07:41:59.149 16 INFO rally.task.context [-] Task ff0ea57f-5bcc-488b-a816-5ef92277b350 | Context users@openstack setup() finished in 4.53 sec
2019-07-14 07:41:59.156 16 RALLYDEBUG rally.task.runner [-] Starting the constant runner (task UUID: ff0ea57f-5bcc-488b-a816-5ef92277b350). timeout: 0 concurrency: 4 concurrency_per_worker: 1 times: 10 concurrency_overhead: 0 processes_to_start: 4 max_cpu_used: 16
2019-07-14 07:41:59.168 452 RALLYDEBUG rally.task.runner [-] Starting a worker. concurrency: 1 args: {"repetitions": 2} times: 10 method_name: run timeout: 0 duration: None cls:
2019-07-14 07:41:59.171 454 RALLYDEBUG rally.task.runner [-] Starting a worker. concurrency: 1 args: {"repetitions": 2} times: 10 method_name: run timeout: 0 duration: None cls:
2019-07-14 07:41:59.171 453 RALLYDEBUG rally.task.runner [-] Starting a worker. concurrency: 1 args: {"repetitions": 2} times: 10 method_name: run timeout: 0 duration: None cls:
2019-07-14 07:41:59.175 452 INFO rally.task.runner [-] Task ff0ea57f-5bcc-488b-a816-5ef92277b350 | ITER: 1 START
2019-07-14 07:41:59.175 454 INFO rally.task.runner [-] Task ff0ea57f-5bcc-488b-a816-5ef92277b350 | ITER: 2 START
2019-07-14 07:41:59.176 453 INFO rally.task.runner [-] Task ff0ea57f-5bcc-488b-a816-5ef92277b350 | ITER: 3 START
2019-07-14 07:41:59.177 455 RALLYDEBUG rally.task.runner [-] Starting a worker. concurrency: 1 args: {"repetitions": 2} times: 10 method_name: run timeout: 0 duration: None cls:
2019-07-14 07:41:59.183 455 INFO rally.task.runner [-] Task ff0ea57f-5bcc-488b-a816-5ef92277b350 | ITER: 4 START
2019-07-14 07:42:01.013 455 INFO rally.task.runner [-] Task ff0ea57f-5bcc-488b-a816-5ef92277b350 | ITER: 4 END: OK
2019-07-14 07:42:01.018 455 INFO rally.task.runner [-] Task ff0ea57f-5bcc-488b-a816-5ef92277b350 | ITER: 5 START
2019-07-14 07:42:01.051 452 INFO rally.task.runner [-] Task ff0ea57f-5bcc-488b-a816-5ef92277b350 | ITER: 1 END: OK
2019-07-14 07:42:01.055 452 INFO rally.task.runner [-] Task ff0ea57f-5bcc-488b-a816-5ef92277b350 | ITER: 6 START
2019-07-14 07:42:01.074 454 INFO rally.task.runner [-] Task ff0ea57f-5bcc-488b-a816-5ef92277b350 | ITER: 2 END: OK
2019-07-14 07:42:01.078 454 INFO rally.task.runner [-] Task ff0ea57f-5bcc-488b-a816-5ef92277b350 | ITER: 7 START
2019-07-14 07:42:01.089 453 INFO rally.task.runner [-] Task ff0ea57f-5bcc-488b-a816-5ef92277b350 | ITER: 3 END: OK
2019-07-14 07:42:01.093 453 INFO rally.task.runner [-] Task ff0ea57f-5bcc-488b-a816-5ef92277b350 | ITER: 8 START
2019-07-14 07:42:01.928 452 INFO rally.task.runner [-] Task ff0ea57f-5bcc-488b-a816-5ef92277b350 | ITER: 6 END: OK
2019-07-14 07:42:01.932 452 INFO rally.task.runner [-] Task ff0ea57f-5bcc-488b-a816-5ef92277b350 | ITER: 9 START
2019-07-14 07:42:02.115 454 INFO rally.task.runner [-] Task ff0ea57f-5bcc-488b-a816-5ef92277b350 | ITER: 7 END: OK
2019-07-14 07:42:02.118 454 INFO rally.task.runner [-] Task ff0ea57f-5bcc-488b-a816-5ef92277b350 | ITER: 10 START
2019-07-14 07:42:02.567 453 INFO rally.task.runner [-] Task ff0ea57f-5bcc-488b-a816-5ef92277b350 | ITER: 8 END: OK
2019-07-14 07:42:02.760 455 INFO rally.task.runner [-] Task ff0ea57f-5bcc-488b-a816-5ef92277b350 | ITER: 5 END: OK
2019-07-14 07:42:02.956 454 INFO rally.task.runner [-] Task ff0ea57f-5bcc-488b-a816-5ef92277b350 | ITER: 10 END: OK
2019-07-14 07:42:03.356 452 INFO rally.task.runner [-] Task ff0ea57f-5bcc-488b-a816-5ef92277b350 | ITER: 9 END: OK
2019-07-14 07:42:03.383 16 INFO rally.task.context [-] Task ff0ea57f-5bcc-488b-a816-5ef92277b350 | Context users@openstack cleanup() started
2019-07-14 07:42:10.958 16 INFO rally.task.context [-] Task ff0ea57f-5bcc-488b-a816-5ef92277b350 | Context users@openstack cleanup() finished in 7.58 sec
2019-07-14 07:42:12.707 16 INFO rally.task.engine [-] Load duration is: 4.180167
2019-07-14 07:42:12.708 16 INFO rally.task.engine [-] Full runner duration is: 4.22761
2019-07-14 07:42:12.708 16 INFO rally.task.engine [-] Full duration is: 16.340369
2019-07-14 07:42:12.930 16 INFO rally.task.engine [-] Running workload: position = 0 config = { "version": 2, "title": "A cropped version of a bigger task.", "description": "Auto-generated task from a single workload (uuid=6410d796-a56b-4daf-87cd-95be2b9b97bb)", "subtasks": [ { "title": "Authenticate.validate_neutron", "description": "Check Neutron Client to ensure validation of token.", "scenario": { "Authenticate.validate_neutron": { "repetitions": 2 } }, "contexts": { "users": { "tenants": 3, "users_per_tenant": 2 } }, "runner": { "constant": { "concurrency": 4, "times": 10 } }, "hooks": [], "sla": { "failure_rate": { "max": 0 } } } ] }
2019-07-14 07:42:12.950 16 RALLYDEBUG rally_openstack.contexts.keystone.users [-] Creating 3 tenants using 20 threads
2019-07-14 07:42:14.622 16 RALLYDEBUG rally_openstack.contexts.keystone.users [-] Creating 6 users using 20 threads
2019-07-14 07:42:17.402 16 INFO rally.task.context [-] Task ff0ea57f-5bcc-488b-a816-5ef92277b350 | Context users@openstack setup() finished in 4.45 sec
2019-07-14 07:42:17.410 16 RALLYDEBUG rally.task.runner [-] Starting the constant runner (task UUID: ff0ea57f-5bcc-488b-a816-5ef92277b350). timeout: 0 concurrency: 4 concurrency_per_worker: 1 times: 10 concurrency_overhead: 0 processes_to_start: 4 max_cpu_used: 16
2019-07-14 07:42:17.421 557 RALLYDEBUG rally.task.runner [-] Starting a worker. concurrency: 1 args: {"repetitions": 2} times: 10 method_name: run timeout: 0 duration: None cls:
2019-07-14 07:42:17.421 556 RALLYDEBUG rally.task.runner [-] Starting a worker. concurrency: 1 args: {"repetitions": 2} times: 10 method_name: run timeout: 0 duration: None cls:
2019-07-14 07:42:17.424 557 INFO rally.task.runner [-] Task ff0ea57f-5bcc-488b-a816-5ef92277b350 | ITER: 1 START
2019-07-14 07:42:17.426 556 INFO rally.task.runner [-] Task ff0ea57f-5bcc-488b-a816-5ef92277b350 | ITER: 2 START
2019-07-14 07:42:17.427 561 RALLYDEBUG rally.task.runner [-] Starting a worker. concurrency: 1 args: {"repetitions": 2} times: 10 method_name: run timeout: 0 duration: None cls:
2019-07-14 07:42:17.427 558 RALLYDEBUG rally.task.runner [-] Starting a worker. concurrency: 1 args: {"repetitions": 2} times: 10 method_name: run timeout: 0 duration: None cls:
2019-07-14 07:42:17.430 561 INFO rally.task.runner [-] Task ff0ea57f-5bcc-488b-a816-5ef92277b350 | ITER: 3 START
2019-07-14 07:42:17.432 558 INFO rally.task.runner [-] Task ff0ea57f-5bcc-488b-a816-5ef92277b350 | ITER: 4 START
2019-07-14 07:42:18.330 556 INFO rally.task.runner [-] Task ff0ea57f-5bcc-488b-a816-5ef92277b350 | ITER: 2 END: OK
2019-07-14 07:42:18.331 557 INFO rally.task.runner [-] Task ff0ea57f-5bcc-488b-a816-5ef92277b350 | ITER: 1 END: OK
2019-07-14 07:42:18.335 556 INFO rally.task.runner [-] Task ff0ea57f-5bcc-488b-a816-5ef92277b350 | ITER: 5 START
2019-07-14 07:42:18.335 557 INFO rally.task.runner [-] Task ff0ea57f-5bcc-488b-a816-5ef92277b350 | ITER: 6 START
2019-07-14 07:42:18.337 558 INFO rally.task.runner [-] Task ff0ea57f-5bcc-488b-a816-5ef92277b350 | ITER: 4 END: OK
2019-07-14 07:42:18.341 558 INFO rally.task.runner [-] Task ff0ea57f-5bcc-488b-a816-5ef92277b350 | ITER: 7 START
2019-07-14 07:42:18.599 561 INFO rally.task.runner [-] Task ff0ea57f-5bcc-488b-a816-5ef92277b350 | ITER: 3 END: OK
2019-07-14 07:42:18.603 561 INFO rally.task.runner [-] Task ff0ea57f-5bcc-488b-a816-5ef92277b350 | ITER: 8 START
2019-07-14 07:42:19.233 557 INFO rally.task.runner [-] Task ff0ea57f-5bcc-488b-a816-5ef92277b350 | ITER: 6 END: OK
2019-07-14 07:42:19.237 557 INFO rally.task.runner [-] Task ff0ea57f-5bcc-488b-a816-5ef92277b350 | ITER: 9 START
2019-07-14 07:42:19.518 561 INFO rally.task.runner [-] Task ff0ea57f-5bcc-488b-a816-5ef92277b350 | ITER: 8 END: OK
2019-07-14 07:42:19.522 561 INFO rally.task.runner [-] Task ff0ea57f-5bcc-488b-a816-5ef92277b350 | ITER: 10 START
2019-07-14 07:42:19.637 558 INFO rally.task.runner [-] Task ff0ea57f-5bcc-488b-a816-5ef92277b350 | ITER: 7 END: OK
2019-07-14 07:42:19.641 556 INFO rally.task.runner [-] Task ff0ea57f-5bcc-488b-a816-5ef92277b350 | ITER: 5 END: OK
2019-07-14 07:42:20.242 557 INFO rally.task.runner [-] Task ff0ea57f-5bcc-488b-a816-5ef92277b350 | ITER: 9 END: OK
2019-07-14 07:42:20.654 561 INFO rally.task.runner [-] Task ff0ea57f-5bcc-488b-a816-5ef92277b350 | ITER: 10 END: OK
2019-07-14 07:42:20.674 16 INFO rally.task.context [-] Task ff0ea57f-5bcc-488b-a816-5ef92277b350 | Context users@openstack cleanup() started
2019-07-14 07:42:27.762 16 INFO rally.task.context [-] Task ff0ea57f-5bcc-488b-a816-5ef92277b350 | Context users@openstack cleanup() finished in 7.09 sec
2019-07-14 07:42:29.042 16 INFO rally.task.engine [-] Load duration is: 3.228393
2019-07-14 07:42:29.043 16 INFO rally.task.engine [-] Full runner duration is: 3.264225
2019-07-14 07:42:29.043 16 INFO rally.task.engine [-] Full duration is: 14.81397
2019-07-14 07:42:29.262 16 INFO rally.task.engine [-] Running workload: position = 0 config = { "version": 2, "title": "A cropped version of a bigger task.", "description": "Auto-generated task from a single workload (uuid=fbe6c705-9481-4891-8b5d-caf9dc5346bf)", "subtasks": [ { "title": "Authenticate.validate_nova", "description": "Check Nova Client to ensure validation of token.", "scenario": { "Authenticate.validate_nova": { "repetitions": 2 } }, "contexts": { "users": { "tenants": 3, "users_per_tenant": 2 } }, "runner": { "constant": { "concurrency": 4, "times": 10 } }, "hooks": [], "sla": { "failure_rate": { "max": 0 } } } ] }
2019-07-14 07:42:29.284 16 RALLYDEBUG rally_openstack.contexts.keystone.users [-] Creating 3 tenants using 20 threads
2019-07-14 07:42:31.109 16 RALLYDEBUG rally_openstack.contexts.keystone.users [-] Creating 6 users using 20 threads
2019-07-14 07:42:33.697 16 INFO rally.task.context [-] Task ff0ea57f-5bcc-488b-a816-5ef92277b350 | Context users@openstack setup() finished in 4.41 sec
2019-07-14 07:42:33.701 16 RALLYDEBUG rally.task.runner [-] Starting the constant runner (task UUID: ff0ea57f-5bcc-488b-a816-5ef92277b350). timeout: 0 concurrency: 4 concurrency_per_worker: 1 times: 10 concurrency_overhead: 0 processes_to_start: 4 max_cpu_used: 16
2019-07-14 07:42:33.712 661 RALLYDEBUG rally.task.runner [-] Starting a worker. concurrency: 1 args: {"repetitions": 2} times: 10 method_name: run timeout: 0 duration: None cls:
2019-07-14 07:42:33.712 660 RALLYDEBUG rally.task.runner [-] Starting a worker. concurrency: 1 args: {"repetitions": 2} times: 10 method_name: run timeout: 0 duration: None cls:
2019-07-14 07:42:33.716 661 INFO rally.task.runner [-] Task ff0ea57f-5bcc-488b-a816-5ef92277b350 | ITER: 1 START
2019-07-14 07:42:33.716 662 RALLYDEBUG rally.task.runner [-] Starting a worker. concurrency: 1 args: {"repetitions": 2} times: 10 method_name: run timeout: 0 duration: None cls:
2019-07-14 07:42:33.717 663 RALLYDEBUG rally.task.runner [-] Starting a worker. concurrency: 1 args: {"repetitions": 2} times: 10 method_name: run timeout: 0 duration: None cls:
2019-07-14 07:42:33.718 660 INFO rally.task.runner [-] Task ff0ea57f-5bcc-488b-a816-5ef92277b350 | ITER: 2 START
2019-07-14 07:42:33.722 662 INFO rally.task.runner [-] Task ff0ea57f-5bcc-488b-a816-5ef92277b350 | ITER: 3 START
2019-07-14 07:42:33.723 663 INFO rally.task.runner [-] Task ff0ea57f-5bcc-488b-a816-5ef92277b350 | ITER: 4 START
2019-07-14 07:42:34.225 663 DEBUG novaclient.v2.client [-] REQ: curl -g -i -X GET http://172.30.9.21:8774/v2.1/flavors/detail -H "Accept: application/json" -H "User-Agent: python-novaclient" -H "X-Auth-Token: {SHA1}1a6c3536646558323e855da63673b58a6d45422f" _http_log_request /usr/lib/python2.7/site-packages/keystoneauth1/session.py:448
2019-07-14 07:42:34.226 661 DEBUG novaclient.v2.client [-] REQ: curl -g -i -X GET http://172.30.9.21:8774/v2.1/flavors/detail -H "Accept: application/json" -H "User-Agent: python-novaclient" -H "X-Auth-Token: {SHA1}b619265e55f741149682eda62d846f9025b204f6" _http_log_request /usr/lib/python2.7/site-packages/keystoneauth1/session.py:448
2019-07-14 07:42:34.239 662 DEBUG novaclient.v2.client [-] REQ: curl -g -i -X GET http://172.30.9.21:8774/v2.1/flavors/detail -H "Accept: application/json" -H "User-Agent: python-novaclient" -H "X-Auth-Token: {SHA1}a4199302ece297006feb1e94cfc70d2d731a2939" _http_log_request /usr/lib/python2.7/site-packages/keystoneauth1/session.py:448
2019-07-14 07:42:34.278 660 DEBUG novaclient.v2.client [-] REQ: curl -g -i -X GET http://172.30.9.21:8774/v2.1/flavors/detail -H "Accept: application/json" -H "User-Agent: python-novaclient" -H "X-Auth-Token: {SHA1}e4409812eccfcfb5f3453dcb3a12fb874f973906" _http_log_request /usr/lib/python2.7/site-packages/keystoneauth1/session.py:448
2019-07-14 07:42:34.496 663 DEBUG novaclient.v2.client [-] RESP: [200] Content-Encoding: gzip Content-Length: 362 Content-Type: application/json Date: Sun, 14 Jul 2019 07:42:34 GMT OpenStack-API-Version: compute 2.1 Server: Apache Vary: OpenStack-API-Version,X-OpenStack-Nova-API-Version,Accept-Encoding X-OpenStack-Nova-API-Version: 2.1 x-compute-request-id: req-4ae4eda2-3f0e-48c5-b7b3-6fad40e408f8 x-openstack-request-id: req-4ae4eda2-3f0e-48c5-b7b3-6fad40e408f8 _http_log_response /usr/lib/python2.7/site-packages/keystoneauth1/session.py:479
2019-07-14 07:42:34.497 663 DEBUG novaclient.v2.client [-] RESP BODY: {"flavors": [{"name": "rally_full-flavor_caebe5f6-d744-4b1c-8e09-af7743963b77", "links": [{"href": "http://172.30.9.21:8774/v2.1/flavors/54e080a8-56ca-4986-a27e-07edeb0e92a1", "rel": "self"}, {"href": "http://172.30.9.21:8774/flavors/54e080a8-56ca-4986-a27e-07edeb0e92a1", "rel": "bookmark"}], "ram": 512, "OS-FLV-DISABLED:disabled": false, "vcpus": 1, "swap": "", "os-flavor-access:is_public": true, "rxtx_factor": 1.0, "OS-FLV-EXT-DATA:ephemeral": 0, "disk": 1, "id": "54e080a8-56ca-4986-a27e-07edeb0e92a1"}, {"name": "rally_full-flavor_alt_caebe5f6-d744-4b1c-8e09-af7743963b77", "links": [{"href": "http://172.30.9.21:8774/v2.1/flavors/bceecd8d-9a2f-49f0-893e-5f0833a09402", "rel": "self"}, {"href": "http://172.30.9.21:8774/flavors/bceecd8d-9a2f-49f0-893e-5f0833a09402", "rel": "bookmark"}], "ram": 1024, "OS-FLV-DISABLED:disabled": false, "vcpus": 1, "swap": "", "os-flavor-access:is_public": true, "rxtx_factor": 1.0, "OS-FLV-EXT-DATA:ephemeral": 0, "disk": 1, "id": "bceecd8d-9a2f-49f0-893e-5f0833a09402"}]} _http_log_response /usr/lib/python2.7/site-packages/keystoneauth1/session.py:511
2019-07-14 07:42:34.497 663 DEBUG novaclient.v2.client [-] GET call to compute for http://172.30.9.21:8774/v2.1/flavors/detail used request id req-4ae4eda2-3f0e-48c5-b7b3-6fad40e408f8 request /usr/lib/python2.7/site-packages/keystoneauth1/session.py:844
2019-07-14 07:42:34.499 663 DEBUG novaclient.v2.client [-] REQ: curl -g -i -X GET http://172.30.9.21:8774/v2.1/flavors/detail -H "Accept: application/json" -H "User-Agent: python-novaclient" -H "X-Auth-Token: {SHA1}1a6c3536646558323e855da63673b58a6d45422f" _http_log_request /usr/lib/python2.7/site-packages/keystoneauth1/session.py:448
2019-07-14 07:42:34.517 662 DEBUG novaclient.v2.client [-] RESP: [200] Content-Encoding: gzip Content-Length: 362 Content-Type: application/json Date: Sun, 14 Jul 2019 07:42:34 GMT OpenStack-API-Version: compute 2.1 Server: Apache Vary: OpenStack-API-Version,X-OpenStack-Nova-API-Version,Accept-Encoding X-OpenStack-Nova-API-Version: 2.1 x-compute-request-id: req-3d2c4644-f49f-4cec-9d62-d676cf04ae3d x-openstack-request-id: req-3d2c4644-f49f-4cec-9d62-d676cf04ae3d _http_log_response /usr/lib/python2.7/site-packages/keystoneauth1/session.py:479
2019-07-14 07:42:34.518 662 DEBUG novaclient.v2.client [-] RESP BODY: {"flavors": [{"name": "rally_full-flavor_caebe5f6-d744-4b1c-8e09-af7743963b77", "links": [{"href": "http://172.30.9.21:8774/v2.1/flavors/54e080a8-56ca-4986-a27e-07edeb0e92a1", "rel": "self"}, {"href": "http://172.30.9.21:8774/flavors/54e080a8-56ca-4986-a27e-07edeb0e92a1", "rel": "bookmark"}], "ram": 512, "OS-FLV-DISABLED:disabled": false, "vcpus": 1, "swap": "", "os-flavor-access:is_public": true, "rxtx_factor": 1.0, "OS-FLV-EXT-DATA:ephemeral": 0, "disk": 1, "id": "54e080a8-56ca-4986-a27e-07edeb0e92a1"}, {"name": "rally_full-flavor_alt_caebe5f6-d744-4b1c-8e09-af7743963b77", "links": [{"href": "http://172.30.9.21:8774/v2.1/flavors/bceecd8d-9a2f-49f0-893e-5f0833a09402", "rel": "self"}, {"href": "http://172.30.9.21:8774/flavors/bceecd8d-9a2f-49f0-893e-5f0833a09402", "rel": "bookmark"}], "ram": 1024, "OS-FLV-DISABLED:disabled": false, "vcpus": 1, "swap": "", "os-flavor-access:is_public": true, "rxtx_factor": 1.0, "OS-FLV-EXT-DATA:ephemeral": 0, "disk": 1, "id": "bceecd8d-9a2f-49f0-893e-5f0833a09402"}]} _http_log_response /usr/lib/python2.7/site-packages/keystoneauth1/session.py:511
2019-07-14 07:42:34.518 661 DEBUG novaclient.v2.client [-] RESP: [200] Content-Encoding: gzip Content-Length: 362 Content-Type: application/json Date: Sun, 14 Jul 2019 07:42:34 GMT OpenStack-API-Version: compute 2.1 Server: Apache Vary: OpenStack-API-Version,X-OpenStack-Nova-API-Version,Accept-Encoding X-OpenStack-Nova-API-Version: 2.1 x-compute-request-id: req-34c57ba2-7353-4351-9fe6-3c1f322e8a56 x-openstack-request-id: req-34c57ba2-7353-4351-9fe6-3c1f322e8a56 _http_log_response /usr/lib/python2.7/site-packages/keystoneauth1/session.py:479
2019-07-14 07:42:34.518 662 DEBUG novaclient.v2.client [-] GET call to compute for http://172.30.9.21:8774/v2.1/flavors/detail used request id req-3d2c4644-f49f-4cec-9d62-d676cf04ae3d request /usr/lib/python2.7/site-packages/keystoneauth1/session.py:844
2019-07-14 07:42:34.519 661 DEBUG novaclient.v2.client [-] RESP BODY: {"flavors": [{"name": "rally_full-flavor_caebe5f6-d744-4b1c-8e09-af7743963b77", "links": [{"href": "http://172.30.9.21:8774/v2.1/flavors/54e080a8-56ca-4986-a27e-07edeb0e92a1", "rel": "self"}, {"href": "http://172.30.9.21:8774/flavors/54e080a8-56ca-4986-a27e-07edeb0e92a1", "rel": "bookmark"}], "ram": 512, "OS-FLV-DISABLED:disabled": false, "vcpus": 1, "swap": "", "os-flavor-access:is_public": true, "rxtx_factor": 1.0, "OS-FLV-EXT-DATA:ephemeral": 0, "disk": 1, "id": "54e080a8-56ca-4986-a27e-07edeb0e92a1"}, {"name": "rally_full-flavor_alt_caebe5f6-d744-4b1c-8e09-af7743963b77", "links": [{"href": "http://172.30.9.21:8774/v2.1/flavors/bceecd8d-9a2f-49f0-893e-5f0833a09402", "rel": "self"}, {"href": "http://172.30.9.21:8774/flavors/bceecd8d-9a2f-49f0-893e-5f0833a09402", "rel": "bookmark"}], "ram": 1024, "OS-FLV-DISABLED:disabled": false, "vcpus": 1, "swap": "", "os-flavor-access:is_public": true, "rxtx_factor": 1.0, "OS-FLV-EXT-DATA:ephemeral": 0, "disk": 1, "id": "bceecd8d-9a2f-49f0-893e-5f0833a09402"}]} _http_log_response /usr/lib/python2.7/site-packages/keystoneauth1/session.py:511
2019-07-14 07:42:34.519 661 DEBUG novaclient.v2.client [-] GET call to compute for http://172.30.9.21:8774/v2.1/flavors/detail used request id req-34c57ba2-7353-4351-9fe6-3c1f322e8a56 request /usr/lib/python2.7/site-packages/keystoneauth1/session.py:844
2019-07-14 07:42:34.520 662 DEBUG novaclient.v2.client [-] REQ: curl -g -i -X GET http://172.30.9.21:8774/v2.1/flavors/detail -H "Accept: application/json" -H "User-Agent: python-novaclient" -H "X-Auth-Token: {SHA1}a4199302ece297006feb1e94cfc70d2d731a2939" _http_log_request /usr/lib/python2.7/site-packages/keystoneauth1/session.py:448
2019-07-14 07:42:34.521 661 DEBUG novaclient.v2.client [-] REQ: curl -g -i -X GET http://172.30.9.21:8774/v2.1/flavors/detail -H "Accept: application/json" -H "User-Agent: python-novaclient" -H "X-Auth-Token: {SHA1}b619265e55f741149682eda62d846f9025b204f6" _http_log_request /usr/lib/python2.7/site-packages/keystoneauth1/session.py:448
2019-07-14 07:42:34.523 663 DEBUG novaclient.v2.client [-] RESP: [200] Content-Encoding: gzip Content-Length: 362 Content-Type: application/json Date: Sun, 14 Jul 2019 07:42:34 GMT OpenStack-API-Version: compute 2.1 Server: Apache Vary: OpenStack-API-Version,X-OpenStack-Nova-API-Version,Accept-Encoding X-OpenStack-Nova-API-Version: 2.1 x-compute-request-id: req-8532008f-0949-4693-8446-fb1075bba53a x-openstack-request-id: req-8532008f-0949-4693-8446-fb1075bba53a _http_log_response /usr/lib/python2.7/site-packages/keystoneauth1/session.py:479
2019-07-14 07:42:34.523 663 DEBUG novaclient.v2.client [-] RESP BODY: {"flavors": [{"name": "rally_full-flavor_caebe5f6-d744-4b1c-8e09-af7743963b77", "links": [{"href": "http://172.30.9.21:8774/v2.1/flavors/54e080a8-56ca-4986-a27e-07edeb0e92a1", "rel": "self"}, {"href": "http://172.30.9.21:8774/flavors/54e080a8-56ca-4986-a27e-07edeb0e92a1", "rel": "bookmark"}], "ram": 512, "OS-FLV-DISABLED:disabled": false, "vcpus": 1, "swap": "", "os-flavor-access:is_public": true, "rxtx_factor": 1.0, "OS-FLV-EXT-DATA:ephemeral": 0, "disk": 1, "id": "54e080a8-56ca-4986-a27e-07edeb0e92a1"}, {"name": "rally_full-flavor_alt_caebe5f6-d744-4b1c-8e09-af7743963b77", "links": [{"href": "http://172.30.9.21:8774/v2.1/flavors/bceecd8d-9a2f-49f0-893e-5f0833a09402", "rel": "self"}, {"href": "http://172.30.9.21:8774/flavors/bceecd8d-9a2f-49f0-893e-5f0833a09402", "rel": "bookmark"}], "ram": 1024, "OS-FLV-DISABLED:disabled": false, "vcpus": 1, "swap": "", "os-flavor-access:is_public": true, "rxtx_factor": 1.0, "OS-FLV-EXT-DATA:ephemeral": 0, "disk": 1, "id": "bceecd8d-9a2f-49f0-893e-5f0833a09402"}]} _http_log_response /usr/lib/python2.7/site-packages/keystoneauth1/session.py:511
2019-07-14 07:42:34.524 663 DEBUG novaclient.v2.client [-] GET call to compute for http://172.30.9.21:8774/v2.1/flavors/detail used request id req-8532008f-0949-4693-8446-fb1075bba53a request /usr/lib/python2.7/site-packages/keystoneauth1/session.py:844
2019-07-14 07:42:34.525 663 INFO rally.task.runner [-] Task ff0ea57f-5bcc-488b-a816-5ef92277b350 | ITER: 4 END: OK
2019-07-14 07:42:34.528 663 INFO rally.task.runner [-] Task ff0ea57f-5bcc-488b-a816-5ef92277b350 | ITER: 5 START
2019-07-14 07:42:34.539 662 DEBUG novaclient.v2.client [-] RESP: [200] Content-Encoding: gzip Content-Length: 362 Content-Type: application/json Date: Sun, 14 Jul 2019 07:42:34 GMT OpenStack-API-Version: compute 2.1 Server: Apache Vary: OpenStack-API-Version,X-OpenStack-Nova-API-Version,Accept-Encoding X-OpenStack-Nova-API-Version: 2.1 x-compute-request-id: req-0effc378-989d-4a3b-bd71-e375f41c6ab2 x-openstack-request-id: req-0effc378-989d-4a3b-bd71-e375f41c6ab2 _http_log_response /usr/lib/python2.7/site-packages/keystoneauth1/session.py:479
2019-07-14 07:42:34.540 662 DEBUG novaclient.v2.client [-] RESP BODY: {"flavors": [{"name": "rally_full-flavor_caebe5f6-d744-4b1c-8e09-af7743963b77", "links": [{"href": "http://172.30.9.21:8774/v2.1/flavors/54e080a8-56ca-4986-a27e-07edeb0e92a1", "rel": "self"}, {"href": "http://172.30.9.21:8774/flavors/54e080a8-56ca-4986-a27e-07edeb0e92a1", "rel": "bookmark"}], "ram": 512, "OS-FLV-DISABLED:disabled": false, "vcpus": 1, "swap": "", "os-flavor-access:is_public": true, "rxtx_factor": 1.0, "OS-FLV-EXT-DATA:ephemeral": 0, "disk": 1, "id": "54e080a8-56ca-4986-a27e-07edeb0e92a1"}, {"name": "rally_full-flavor_alt_caebe5f6-d744-4b1c-8e09-af7743963b77", "links": [{"href": "http://172.30.9.21:8774/v2.1/flavors/bceecd8d-9a2f-49f0-893e-5f0833a09402", "rel": "self"}, {"href": "http://172.30.9.21:8774/flavors/bceecd8d-9a2f-49f0-893e-5f0833a09402", "rel": "bookmark"}], "ram": 1024, "OS-FLV-DISABLED:disabled": false, "vcpus": 1, "swap": "", "os-flavor-access:is_public": true, "rxtx_factor": 1.0, "OS-FLV-EXT-DATA:ephemeral": 0, "disk": 1, "id": "bceecd8d-9a2f-49f0-893e-5f0833a09402"}]} _http_log_response /usr/lib/python2.7/site-packages/keystoneauth1/session.py:511
2019-07-14 07:42:34.540 662 DEBUG novaclient.v2.client [-] GET call to compute for http://172.30.9.21:8774/v2.1/flavors/detail used request id req-0effc378-989d-4a3b-bd71-e375f41c6ab2 request /usr/lib/python2.7/site-packages/keystoneauth1/session.py:844
2019-07-14 07:42:34.541 662 INFO rally.task.runner [-] Task ff0ea57f-5bcc-488b-a816-5ef92277b350 | ITER: 3 END: OK
2019-07-14 07:42:34.545 662 INFO rally.task.runner [-] Task ff0ea57f-5bcc-488b-a816-5ef92277b350 | ITER: 6 START
2019-07-14 07:42:34.551 661 DEBUG novaclient.v2.client [-] RESP: [200] Content-Encoding: gzip Content-Length: 362 Content-Type: application/json Date: Sun, 14 Jul 2019 07:42:34 GMT OpenStack-API-Version: compute 2.1 Server: Apache Vary: OpenStack-API-Version,X-OpenStack-Nova-API-Version,Accept-Encoding X-OpenStack-Nova-API-Version: 2.1 x-compute-request-id: req-f0b79f91-e982-494d-940c-46db884cd3a2 x-openstack-request-id: req-f0b79f91-e982-494d-940c-46db884cd3a2 _http_log_response /usr/lib/python2.7/site-packages/keystoneauth1/session.py:479
2019-07-14 07:42:34.551 661 DEBUG novaclient.v2.client [-] RESP BODY: {"flavors": [{"name": "rally_full-flavor_caebe5f6-d744-4b1c-8e09-af7743963b77", "links": [{"href": "http://172.30.9.21:8774/v2.1/flavors/54e080a8-56ca-4986-a27e-07edeb0e92a1", "rel": "self"}, {"href": "http://172.30.9.21:8774/flavors/54e080a8-56ca-4986-a27e-07edeb0e92a1", "rel": "bookmark"}], "ram": 512, "OS-FLV-DISABLED:disabled": false, "vcpus": 1, "swap": "", "os-flavor-access:is_public": true, "rxtx_factor": 1.0, "OS-FLV-EXT-DATA:ephemeral": 0, "disk": 1, "id": "54e080a8-56ca-4986-a27e-07edeb0e92a1"}, {"name": "rally_full-flavor_alt_caebe5f6-d744-4b1c-8e09-af7743963b77", "links": [{"href": "http://172.30.9.21:8774/v2.1/flavors/bceecd8d-9a2f-49f0-893e-5f0833a09402", "rel": "self"}, {"href": "http://172.30.9.21:8774/flavors/bceecd8d-9a2f-49f0-893e-5f0833a09402", "rel": "bookmark"}], "ram": 1024, "OS-FLV-DISABLED:disabled": false, "vcpus": 1, "swap": "", "os-flavor-access:is_public": true, "rxtx_factor": 1.0, "OS-FLV-EXT-DATA:ephemeral": 0, "disk": 1, "id": "bceecd8d-9a2f-49f0-893e-5f0833a09402"}]} _http_log_response /usr/lib/python2.7/site-packages/keystoneauth1/session.py:511
2019-07-14 07:42:34.552 661 DEBUG novaclient.v2.client [-] GET call to compute for http://172.30.9.21:8774/v2.1/flavors/detail used request id req-f0b79f91-e982-494d-940c-46db884cd3a2 request /usr/lib/python2.7/site-packages/keystoneauth1/session.py:844
2019-07-14 07:42:34.552 661 INFO rally.task.runner [-] Task ff0ea57f-5bcc-488b-a816-5ef92277b350 | ITER: 1 END: OK
2019-07-14 07:42:34.556 661 INFO rally.task.runner [-] Task ff0ea57f-5bcc-488b-a816-5ef92277b350 | ITER: 7 START
2019-07-14 07:42:34.564 660 DEBUG novaclient.v2.client [-] RESP: [200] Content-Encoding: gzip Content-Length: 362 Content-Type: application/json Date: Sun, 14 Jul 2019 07:42:34 GMT OpenStack-API-Version: compute 2.1 Server: Apache Vary: OpenStack-API-Version,X-OpenStack-Nova-API-Version,Accept-Encoding X-OpenStack-Nova-API-Version: 2.1 x-compute-request-id: req-962abab0-e449-411a-8174-dda693fd9b5e x-openstack-request-id: req-962abab0-e449-411a-8174-dda693fd9b5e _http_log_response /usr/lib/python2.7/site-packages/keystoneauth1/session.py:479
2019-07-14 07:42:34.565 660 DEBUG novaclient.v2.client [-] RESP BODY: {"flavors": [{"name": "rally_full-flavor_caebe5f6-d744-4b1c-8e09-af7743963b77", "links": [{"href": "http://172.30.9.21:8774/v2.1/flavors/54e080a8-56ca-4986-a27e-07edeb0e92a1", "rel": "self"}, {"href": "http://172.30.9.21:8774/flavors/54e080a8-56ca-4986-a27e-07edeb0e92a1", "rel": "bookmark"}], "ram": 512, "OS-FLV-DISABLED:disabled": false, "vcpus": 1, "swap": "", "os-flavor-access:is_public": true, "rxtx_factor": 1.0, "OS-FLV-EXT-DATA:ephemeral": 0, "disk": 1, "id": "54e080a8-56ca-4986-a27e-07edeb0e92a1"}, {"name": "rally_full-flavor_alt_caebe5f6-d744-4b1c-8e09-af7743963b77", "links": [{"href": "http://172.30.9.21:8774/v2.1/flavors/bceecd8d-9a2f-49f0-893e-5f0833a09402", "rel": "self"}, {"href": "http://172.30.9.21:8774/flavors/bceecd8d-9a2f-49f0-893e-5f0833a09402", "rel": "bookmark"}], "ram": 1024, "OS-FLV-DISABLED:disabled": false, "vcpus": 1, "swap": "", "os-flavor-access:is_public": true, "rxtx_factor": 1.0, "OS-FLV-EXT-DATA:ephemeral": 0, "disk": 1, "id": "bceecd8d-9a2f-49f0-893e-5f0833a09402"}]} _http_log_response /usr/lib/python2.7/site-packages/keystoneauth1/session.py:511
2019-07-14 07:42:34.565 660 DEBUG novaclient.v2.client [-] GET call to compute for http://172.30.9.21:8774/v2.1/flavors/detail used request id req-962abab0-e449-411a-8174-dda693fd9b5e request /usr/lib/python2.7/site-packages/keystoneauth1/session.py:844
