2019-07-14 08:06:21.027 4541 INFO rally.task.runner [-] Task 1dc11c14-0b89-49d7-8078-08a0fb3a35bc | ITER: 6 END: OK
2019-07-14 08:06:21.070 4540 INFO rally.task.runner [-] Task 1dc11c14-0b89-49d7-8078-08a0fb3a35bc | ITER: 8 END: OK
2019-07-14 08:06:24.376 4539 INFO rally.task.runner [-] Task 1dc11c14-0b89-49d7-8078-08a0fb3a35bc | ITER: 9 END: OK
2019-07-14 08:06:24.856 4538 INFO rally.task.runner [-] Task 1dc11c14-0b89-49d7-8078-08a0fb3a35bc | ITER: 10 END: OK
2019-07-14 08:06:24.880 1842 INFO rally.task.context [-] Task 1dc11c14-0b89-49d7-8078-08a0fb3a35bc | Context cleanup@openstack cleanup() started
2019-07-14 08:06:24.882 1842 RALLYDEBUG rally_openstack.cleanup.manager [-] Cleaning up cinder backups objects
2019-07-14 08:06:26.841 1842 RALLYDEBUG rally_openstack.cleanup.manager [-] Cleaning up cinder volume_snapshots objects
2019-07-14 08:06:28.797 1842 RALLYDEBUG rally_openstack.cleanup.manager [-] Cleaning up cinder transfers objects
2019-07-14 08:06:30.716 1842 RALLYDEBUG rally_openstack.cleanup.manager [-] Cleaning up cinder volumes objects
2019-07-14 08:06:32.800 1842 INFO rally.task.context [-] Task 1dc11c14-0b89-49d7-8078-08a0fb3a35bc | Context cleanup@openstack cleanup() finished in 7.92 sec
2019-07-14 08:06:32.800 1842 INFO rally.task.context [-] Task 1dc11c14-0b89-49d7-8078-08a0fb3a35bc | Context quotas@openstack cleanup() started
2019-07-14 08:06:33.145 1842 INFO rally.task.context [-] Task 1dc11c14-0b89-49d7-8078-08a0fb3a35bc | Context quotas@openstack cleanup() finished in 0.34 sec
2019-07-14 08:06:33.146 1842 INFO rally.task.context [-] Task 1dc11c14-0b89-49d7-8078-08a0fb3a35bc | Context api_versions@openstack cleanup() started
2019-07-14 08:06:33.146 1842 INFO rally.task.context [-] Task 1dc11c14-0b89-49d7-8078-08a0fb3a35bc | Context api_versions@openstack cleanup() finished in 0.29 msec
2019-07-14 08:06:33.146 1842 INFO rally.task.context [-] Task 1dc11c14-0b89-49d7-8078-08a0fb3a35bc | Context users@openstack cleanup() started
2019-07-14 08:06:40.348 1842 INFO rally.task.context [-] Task 1dc11c14-0b89-49d7-8078-08a0fb3a35bc | Context users@openstack cleanup() finished in 7.20 sec
2019-07-14 08:06:42.226 1842 INFO rally.task.engine [-] Load duration is: 16.296794
2019-07-14 08:06:42.226 1842 INFO rally.task.engine [-] Full runner duration is: 16.343848
2019-07-14 08:06:42.226 1842 INFO rally.task.engine [-] Full duration is: 38.300175
2019-07-14 08:06:42.452 1842 INFO rally.task.engine [-] Running workload: position = 0 config = { "version": 2, "title": "A cropped version of a bigger task.", "description": "Auto-generated task from a single workload (uuid=975a9ca2-2901-4671-bfbb-300c3e082459)", "subtasks": [ { "title": "CinderVolumes.create_and_extend_volume", "description": "Create and extend a volume and then delete it.", "scenario": { "CinderVolumes.create_and_extend_volume": { "new_size": 2, "size": 1 } }, "contexts": { "users": { "tenants": 3, "users_per_tenant": 2 }, "quotas": { "cinder": { "gigabytes": -1, "snapshots": -1, "volumes": -1 } }, "api_versions": { "cinder": { "version": 3, "service_type": "volumev3" } } }, "runner": { "constant": { "concurrency": 4, "times": 10 } }, "hooks": [], "sla": { "failure_rate": { "max": 0 } } } ] }
2019-07-14 08:06:42.472 1842 RALLYDEBUG rally_openstack.contexts.keystone.users [-] Creating 3 tenants using 20 threads
2019-07-14 08:06:44.450 1842 RALLYDEBUG rally_openstack.contexts.keystone.users [-] Creating 6 users using 20 threads
2019-07-14 08:06:47.168 1842 INFO rally.task.context [-] Task 1dc11c14-0b89-49d7-8078-08a0fb3a35bc | Context users@openstack setup() finished in 4.70 sec
2019-07-14 08:06:47.601 1842 INFO rally.task.context [-] Task 1dc11c14-0b89-49d7-8078-08a0fb3a35bc | Context api_versions@openstack setup() finished in 0.43 sec
2019-07-14 08:06:49.062 1842 INFO rally.task.context [-] Task 1dc11c14-0b89-49d7-8078-08a0fb3a35bc | Context quotas@openstack setup() finished in 1.46 sec
2019-07-14 08:06:49.063 1842 INFO rally.task.context [-] Task 1dc11c14-0b89-49d7-8078-08a0fb3a35bc | Context cleanup@openstack setup() finished in 0.01 msec
2019-07-14 08:06:49.070 1842 RALLYDEBUG rally.task.runner [-] Starting the constant runner (task UUID: 1dc11c14-0b89-49d7-8078-08a0fb3a35bc). timeout: 0 concurrency: 4 concurrency_per_worker: 1 times: 10 concurrency_overhead: 0 processes_to_start: 4 max_cpu_used: 16
2019-07-14 08:06:49.083 4722 RALLYDEBUG rally.task.runner [-] Starting a worker. concurrency: 1 args: {"new_size": 2, "size": 1} times: 10 method_name: run timeout: 0 duration: None cls:
2019-07-14 08:06:49.086 4723 RALLYDEBUG rally.task.runner [-] Starting a worker. concurrency: 1 args: {"new_size": 2, "size": 1} times: 10 method_name: run timeout: 0 duration: None cls:
2019-07-14 08:06:49.089 4724 RALLYDEBUG rally.task.runner [-] Starting a worker. concurrency: 1 args: {"new_size": 2, "size": 1} times: 10 method_name: run timeout: 0 duration: None cls:
2019-07-14 08:06:49.091 4722 INFO rally.task.runner [-] Task 1dc11c14-0b89-49d7-8078-08a0fb3a35bc | ITER: 1 START
2019-07-14 08:06:49.092 4725 RALLYDEBUG rally.task.runner [-] Starting a worker. concurrency: 1 args: {"new_size": 2, "size": 1} times: 10 method_name: run timeout: 0 duration: None cls:
2019-07-14 08:06:49.094 4723 INFO rally.task.runner [-] Task 1dc11c14-0b89-49d7-8078-08a0fb3a35bc | ITER: 2 START
2019-07-14 08:06:49.096 4724 INFO rally.task.runner [-] Task 1dc11c14-0b89-49d7-8078-08a0fb3a35bc | ITER: 3 START
2019-07-14 08:06:49.100 4725 INFO rally.task.runner [-] Task 1dc11c14-0b89-49d7-8078-08a0fb3a35bc | ITER: 4 START
2019-07-14 08:06:53.020 4722 RALLYDEBUG rally.task.utils [-] Waiting for resource s_rally_975a9ca2_brXfME30. Status changed: AVAILABLE => EXTENDING in 0.0617361068726
2019-07-14 08:06:53.552 4723 RALLYDEBUG rally.task.utils [-] Waiting for resource s_rally_975a9ca2_5RLD6BJB. Status changed: AVAILABLE => DELETING in 0.0645360946655
2019-07-14 08:06:53.640 4724 RALLYDEBUG rally.task.utils [-] Waiting for resource s_rally_975a9ca2_sZA5ZqI4. Status changed: AVAILABLE => DELETING in 0.260906934738
2019-07-14 08:06:53.674 4725 RALLYDEBUG rally.task.utils [-] Waiting for resource s_rally_975a9ca2_oTUjY1yQ. Status changed: AVAILABLE => DELETING in 0.0539829730988
2019-07-14 08:06:55.085 4722 RALLYDEBUG rally.task.utils [-] Waiting for resource s_rally_975a9ca2_brXfME30. Status changed: EXTENDING => AVAILABLE in 2.06419301033
2019-07-14 08:06:55.485 4722 INFO rally.task.runner [-] Task 1dc11c14-0b89-49d7-8078-08a0fb3a35bc | ITER: 1 END: OK
2019-07-14 08:06:55.491 4722 INFO rally.task.runner [-] Task 1dc11c14-0b89-49d7-8078-08a0fb3a35bc | ITER: 5 START
2019-07-14 08:06:55.765 4723 INFO rally.task.runner [-] Task 1dc11c14-0b89-49d7-8078-08a0fb3a35bc | ITER: 2 END: OK
2019-07-14 08:06:55.770 4723 INFO rally.task.runner [-] Task 1dc11c14-0b89-49d7-8078-08a0fb3a35bc | ITER: 6 START
2019-07-14 08:06:55.864 4724 INFO rally.task.runner [-] Task 1dc11c14-0b89-49d7-8078-08a0fb3a35bc | ITER: 3 END: OK
2019-07-14 08:06:55.870 4724 INFO rally.task.runner [-] Task 1dc11c14-0b89-49d7-8078-08a0fb3a35bc | ITER: 7 START
2019-07-14 08:06:55.911 4725 INFO rally.task.runner [-] Task 1dc11c14-0b89-49d7-8078-08a0fb3a35bc | ITER: 4 END: OK
2019-07-14 08:06:55.916 4725 INFO rally.task.runner [-] Task 1dc11c14-0b89-49d7-8078-08a0fb3a35bc | ITER: 8 START
2019-07-14 08:06:59.797 4725 RALLYDEBUG rally.task.utils [-] Waiting for resource s_rally_975a9ca2_5Jfyof2v. Status changed: AVAILABLE => EXTENDING in 0.0799450874329
2019-07-14 08:06:59.891 4723 RALLYDEBUG rally.task.utils [-] Waiting for resource s_rally_975a9ca2_mnhiNjCs. Status changed: AVAILABLE => EXTENDING in 0.280470132828
2019-07-14 08:06:59.913 4722 RALLYDEBUG rally.task.utils [-] Waiting for resource s_rally_975a9ca2_q8hgzz1F. Status changed: AVAILABLE => DELETING in 0.267131090164
2019-07-14 08:07:00.076 4724 RALLYDEBUG rally.task.utils [-] Waiting for resource s_rally_975a9ca2_5sSMUfql. Status changed: AVAILABLE => EXTENDING in 0.274444103241
2019-07-14 08:07:01.856 4725 RALLYDEBUG rally.task.utils [-] Waiting for resource s_rally_975a9ca2_5Jfyof2v. Status changed: EXTENDING => AVAILABLE in 2.05873990059
2019-07-14 08:07:02.127 4723 RALLYDEBUG rally.task.utils [-] Waiting for resource s_rally_975a9ca2_mnhiNjCs. Status changed: EXTENDING => AVAILABLE in 2.23622584343
2019-07-14 08:07:02.140 4722 INFO rally.task.runner [-] Task 1dc11c14-0b89-49d7-8078-08a0fb3a35bc | ITER: 5 END: OK
2019-07-14 08:07:02.144 4722 INFO rally.task.runner [-] Task 1dc11c14-0b89-49d7-8078-08a0fb3a35bc | ITER: 9 START
2019-07-14 08:07:02.325 4724 RALLYDEBUG rally.task.utils [-] Waiting for resource s_rally_975a9ca2_5sSMUfql. Status changed: EXTENDING => AVAILABLE in 2.24904894829
2019-07-14 08:07:02.381 4725 INFO rally.task.runner [-] Task 1dc11c14-0b89-49d7-8078-08a0fb3a35bc | ITER: 8 END: OK
2019-07-14 08:07:02.386 4725 INFO rally.task.runner [-] Task 1dc11c14-0b89-49d7-8078-08a0fb3a35bc | ITER: 10 START
2019-07-14 08:07:02.521 4723 RALLYDEBUG rally.task.utils [-] Waiting for resource s_rally_975a9ca2_mnhiNjCs. Status changed: AVAILABLE => DELETING in 0.0676519870758
2019-07-14 08:07:02.923 4724 RALLYDEBUG rally.task.utils [-] Waiting for resource s_rally_975a9ca2_5sSMUfql. Status changed: AVAILABLE => DELETING in 0.306823968887
2019-07-14 08:07:04.757 4723 INFO rally.task.runner [-] Task 1dc11c14-0b89-49d7-8078-08a0fb3a35bc | ITER: 6 END: OK
2019-07-14 08:07:04.962 4724 INFO rally.task.runner [-] Task 1dc11c14-0b89-49d7-8078-08a0fb3a35bc | ITER: 7 END: OK
2019-07-14 08:07:06.514 4722 INFO rally.task.runner [-] Task 1dc11c14-0b89-49d7-8078-08a0fb3a35bc | ITER: 9 END: OK
2019-07-14 08:07:06.706 4725 RALLYDEBUG rally.task.utils [-] Waiting for resource s_rally_975a9ca2_4wcqNCOB. Status changed: AVAILABLE => DELETING in 0.0591669082642
2019-07-14 08:07:08.750 4725 INFO rally.task.runner [-] Task 1dc11c14-0b89-49d7-8078-08a0fb3a35bc | ITER: 10 END: OK
2019-07-14 08:07:08.777 1842 INFO rally.task.context [-] Task 1dc11c14-0b89-49d7-8078-08a0fb3a35bc | Context cleanup@openstack cleanup() started
2019-07-14 08:07:08.779 1842 RALLYDEBUG rally_openstack.cleanup.manager [-] Cleaning up cinder backups objects
2019-07-14 08:07:10.646 1842 RALLYDEBUG rally_openstack.cleanup.manager [-] Cleaning up cinder volume_snapshots objects
2019-07-14 08:07:12.704 1842 RALLYDEBUG rally_openstack.cleanup.manager [-] Cleaning up cinder transfers objects
2019-07-14 08:07:14.635 1842 RALLYDEBUG rally_openstack.cleanup.manager [-] Cleaning up cinder volumes objects
2019-07-14 08:07:16.748 1842 INFO rally.task.context [-] Task 1dc11c14-0b89-49d7-8078-08a0fb3a35bc | Context cleanup@openstack cleanup() finished in 7.97 sec
2019-07-14 08:07:16.749 1842 INFO rally.task.context [-] Task 1dc11c14-0b89-49d7-8078-08a0fb3a35bc | Context quotas@openstack cleanup() started
2019-07-14 08:07:17.476 1842 INFO rally.task.context [-] Task 1dc11c14-0b89-49d7-8078-08a0fb3a35bc | Context quotas@openstack cleanup() finished in 0.73 sec
2019-07-14 08:07:17.476 1842 INFO rally.task.context [-] Task 1dc11c14-0b89-49d7-8078-08a0fb3a35bc | Context api_versions@openstack cleanup() started
2019-07-14 08:07:17.477 1842 INFO rally.task.context [-] Task 1dc11c14-0b89-49d7-8078-08a0fb3a35bc | Context api_versions@openstack cleanup() finished in 0.29 msec
2019-07-14 08:07:17.477 1842 INFO rally.task.context [-] Task 1dc11c14-0b89-49d7-8078-08a0fb3a35bc | Context users@openstack cleanup() started
2019-07-14 08:07:24.396 1842 INFO rally.task.context [-] Task 1dc11c14-0b89-49d7-8078-08a0fb3a35bc | Context users@openstack cleanup() finished in 6.92 sec
2019-07-14 08:07:24.663 1842 INFO rally.task.engine [-] Load duration is: 19.65421
2019-07-14 08:07:24.663 1842 INFO rally.task.engine [-] Full runner duration is: 19.70702
2019-07-14 08:07:24.664 1842 INFO rally.task.engine [-] Full duration is: 41.928298
2019-07-14 08:07:24.891 1842 INFO rally.task.engine [-] Running workload: position = 0 config = { "version": 2, "title": "A cropped version of a bigger task.", "description": "Auto-generated task from a single workload (uuid=bd359002-a34a-4013-bb98-e70c3b11de50)", "subtasks": [ { "title": "CinderVolumes.create_from_volume_and_delete_volume", "description": "Create volume from volume and then delete it.", "scenario": { "CinderVolumes.create_from_volume_and_delete_volume": { "size": 1 } }, "contexts": { "users": { "tenants": 3, "users_per_tenant": 2 }, "quotas": { "cinder": { "gigabytes": -1, "snapshots": -1, "volumes": -1 } }, "api_versions": { "cinder": { "version": 3, "service_type": "volumev3" } }, "volumes": { "size": 1, "volumes_per_tenant": 1 } }, "runner": { "constant": { "concurrency": 4, "times": 10 } }, "hooks": [], "sla": { "failure_rate": { "max": 0 } } } ] }
2019-07-14 08:07:24.916 1842 RALLYDEBUG rally_openstack.contexts.keystone.users [-] Creating 3 tenants using 20 threads
2019-07-14 08:07:26.695 1842 RALLYDEBUG rally_openstack.contexts.keystone.users [-] Creating 6 users using 20 threads
2019-07-14 08:07:29.323 1842 INFO rally.task.context [-] Task 1dc11c14-0b89-49d7-8078-08a0fb3a35bc | Context users@openstack setup() finished in 4.41 sec
2019-07-14 08:07:29.739 1842 INFO rally.task.context [-] Task 1dc11c14-0b89-49d7-8078-08a0fb3a35bc | Context api_versions@openstack setup() finished in 0.42 sec
2019-07-14 08:07:31.405 1842 INFO rally.task.context [-] Task 1dc11c14-0b89-49d7-8078-08a0fb3a35bc | Context quotas@openstack setup() finished in 1.66 sec
2019-07-14 08:07:42.110 1842 INFO rally.task.context [-] Task 1dc11c14-0b89-49d7-8078-08a0fb3a35bc | Context volumes@openstack setup() finished in 10.70 sec
2019-07-14 08:07:42.110 1842 INFO rally.task.context [-] Task 1dc11c14-0b89-49d7-8078-08a0fb3a35bc | Context cleanup@openstack setup() finished in 0.00 msec
2019-07-14 08:07:42.118 1842 RALLYDEBUG rally.task.runner [-] Starting the constant runner (task UUID: 1dc11c14-0b89-49d7-8078-08a0fb3a35bc). timeout: 0 concurrency: 4 concurrency_per_worker: 1 times: 10 concurrency_overhead: 0 processes_to_start: 4 max_cpu_used: 16
2019-07-14 08:07:42.129 4906 RALLYDEBUG rally.task.runner [-] Starting a worker. concurrency: 1 args: {"size": 1} times: 10 method_name: run timeout: 0 duration: None cls:
2019-07-14 08:07:42.130 4907 RALLYDEBUG rally.task.runner [-] Starting a worker. concurrency: 1 args: {"size": 1} times: 10 method_name: run timeout: 0 duration: None cls:
2019-07-14 08:07:42.136 4908 RALLYDEBUG rally.task.runner [-] Starting a worker. concurrency: 1 args: {"size": 1} times: 10 method_name: run timeout: 0 duration: None cls:
2019-07-14 08:07:42.138 4907 INFO rally.task.runner [-] Task 1dc11c14-0b89-49d7-8078-08a0fb3a35bc | ITER: 2 START
2019-07-14 08:07:42.138 4906 INFO rally.task.runner [-] Task 1dc11c14-0b89-49d7-8078-08a0fb3a35bc | ITER: 1 START
2019-07-14 08:07:42.140 4909 RALLYDEBUG rally.task.runner [-] Starting a worker. concurrency: 1 args: {"size": 1} times: 10 method_name: run timeout: 0 duration: None cls:
2019-07-14 08:07:42.148 4908 INFO rally.task.runner [-] Task 1dc11c14-0b89-49d7-8078-08a0fb3a35bc | ITER: 3 START
2019-07-14 08:07:42.151 4909 INFO rally.task.runner [-] Task 1dc11c14-0b89-49d7-8078-08a0fb3a35bc | ITER: 4 START
2019-07-14 08:07:45.822 4909 RALLYDEBUG rally.task.utils [-] Waiting for resource s_rally_bd359002_mUSbtZ6s. Status changed: CREATING => AVAILABLE in 0.659599065781
2019-07-14 08:07:45.835 4908 RALLYDEBUG rally.task.utils [-] Waiting for resource s_rally_bd359002_k9JbIs0m. Status changed: CREATING => AVAILABLE in 0.640681028366
2019-07-14 08:07:46.171 4909 RALLYDEBUG rally.task.utils [-] Waiting for resource s_rally_bd359002_mUSbtZ6s. Status changed: AVAILABLE => DELETING in 0.0562629699707
2019-07-14 08:07:46.898 4908 RALLYDEBUG rally.task.utils [-] Waiting for resource s_rally_bd359002_k9JbIs0m. Status changed: AVAILABLE => DELETING in 0.353739976883
2019-07-14 08:07:48.103 4907 RALLYDEBUG rally.task.utils [-] Waiting for resource s_rally_bd359002_1sjn5MgK. Status changed: CREATING => AVAILABLE in 2.92329382896
2019-07-14 08:07:48.672 4907 RALLYDEBUG rally.task.utils [-] Waiting for resource s_rally_bd359002_1sjn5MgK. Status changed: AVAILABLE => DELETING in 0.308917999268
2019-07-14 08:07:50.298 4906 RALLYDEBUG rally.task.utils [-] Waiting for resource s_rally_bd359002_rl9zE72l. Status changed: CREATING => AVAILABLE in 5.05110001564
2019-07-14 08:07:50.650 4909 INFO rally.task.runner [-] Task 1dc11c14-0b89-49d7-8078-08a0fb3a35bc | ITER: 4 END: OK
2019-07-14 08:07:50.653 4909 INFO rally.task.runner [-] Task 1dc11c14-0b89-49d7-8078-08a0fb3a35bc | ITER: 5 START
2019-07-14 08:07:50.731 4906 RALLYDEBUG rally.task.utils [-] Waiting for resource s_rally_bd359002_rl9zE72l. Status changed: AVAILABLE => DELETING in 0.0555620193481
2019-07-14 08:07:51.348 4908 INFO rally.task.runner [-] Task 1dc11c14-0b89-49d7-8078-08a0fb3a35bc | ITER: 3 END: OK
2019-07-14 08:07:51.354 4908 INFO rally.task.runner [-] Task 1dc11c14-0b89-49d7-8078-08a0fb3a35bc | ITER: 6 START
2019-07-14 08:07:52.972 4906 INFO rally.task.runner [-] Task 1dc11c14-0b89-49d7-8078-08a0fb3a35bc | ITER: 1 END: OK
2019-07-14 08:07:52.977 4906 INFO rally.task.runner [-] Task 1dc11c14-0b89-49d7-8078-08a0fb3a35bc | ITER: 7 START
2019-07-14 08:07:53.046 4907 INFO rally.task.runner [-] Task 1dc11c14-0b89-49d7-8078-08a0fb3a35bc | ITER: 2 END: OK
2019-07-14 08:07:53.052 4907 INFO rally.task.runner [-] Task 1dc11c14-0b89-49d7-8078-08a0fb3a35bc | ITER: 8 START
2019-07-14 08:07:54.613 4909 RALLYDEBUG rally.task.utils [-] Waiting for resource s_rally_bd359002_d4fh3zXj. Status changed: AVAILABLE => DELETING in 0.247599840164
2019-07-14 08:07:55.407 4908 RALLYDEBUG rally.task.utils [-] Waiting for resource s_rally_bd359002_jr0lepTz. Status changed: AVAILABLE => DELETING in 0.32744383812
2019-07-14 08:07:56.889 4906 RALLYDEBUG rally.task.utils [-] Waiting for resource s_rally_bd359002_AARkhg5L. Status changed: AVAILABLE => DELETING in 0.322159051895
2019-07-14 08:07:58.613 4907 RALLYDEBUG rally.task.utils [-] Waiting for resource s_rally_bd359002_0sMib9tB. Status changed: CREATING => AVAILABLE in 2.52686691284
2019-07-14 08:07:58.900 4909 INFO rally.task.runner [-] Task 1dc11c14-0b89-49d7-8078-08a0fb3a35bc | ITER: 5 END: OK
2019-07-14 08:07:58.905 4909 INFO rally.task.runner [-] Task 1dc11c14-0b89-49d7-8078-08a0fb3a35bc | ITER: 9 START
2019-07-14 08:07:59.117 4907 RALLYDEBUG rally.task.utils [-] Waiting for resource s_rally_bd359002_0sMib9tB. Status changed: AVAILABLE => DELETING in 0.2483689785
2019-07-14 08:07:59.514 4908 INFO rally.task.runner [-] Task 1dc11c14-0b89-49d7-8078-08a0fb3a35bc | ITER: 6 END: OK
2019-07-14 08:07:59.520 4908 INFO rally.task.runner [-] Task 1dc11c14-0b89-49d7-8078-08a0fb3a35bc | ITER: 10 START
2019-07-14 08:08:01.284 4906 INFO rally.task.runner [-] Task 1dc11c14-0b89-49d7-8078-08a0fb3a35bc | ITER: 7 END: OK
2019-07-14 08:08:01.360 4907 INFO rally.task.runner [-] Task 1dc11c14-0b89-49d7-8078-08a0fb3a35bc | ITER: 8 END: OK
2019-07-14 08:08:03.440 4909 RALLYDEBUG rally.task.utils [-] Waiting for resource s_rally_bd359002_WTJDtSfx. Status changed: AVAILABLE => DELETING in 0.266690015793
2019-07-14 08:08:03.534 4908 RALLYDEBUG rally.task.utils [-] Waiting for resource s_rally_bd359002_KYI9NUMt. Status changed: AVAILABLE => DELETING in 0.234126091003
2019-07-14 08:08:05.667 4909 INFO rally.task.runner [-] Task 1dc11c14-0b89-49d7-8078-08a0fb3a35bc | ITER: 9 END: OK
2019-07-14 08:08:05.753 4908 INFO rally.task.runner [-] Task 1dc11c14-0b89-49d7-8078-08a0fb3a35bc | ITER: 10 END: OK
2019-07-14 08:08:05.775 1842 INFO rally.task.context [-] Task 1dc11c14-0b89-49d7-8078-08a0fb3a35bc | Context cleanup@openstack cleanup() started
2019-07-14 08:08:05.777 1842 RALLYDEBUG rally_openstack.cleanup.manager [-] Cleaning up cinder backups objects
2019-07-14 08:08:07.646 1842 RALLYDEBUG rally_openstack.cleanup.manager [-] Cleaning up cinder volume_snapshots objects
2019-07-14 08:08:09.506 1842 RALLYDEBUG rally_openstack.cleanup.manager [-] Cleaning up cinder transfers objects
2019-07-14 08:08:11.751 1842 RALLYDEBUG rally_openstack.cleanup.manager [-] Cleaning up cinder volumes objects
2019-07-14 08:08:13.806 1842 INFO rally.task.context [-] Task 1dc11c14-0b89-49d7-8078-08a0fb3a35bc | Context cleanup@openstack cleanup() finished in 8.03 sec
2019-07-14 08:08:13.807 1842 INFO rally.task.context [-] Task 1dc11c14-0b89-49d7-8078-08a0fb3a35bc | Context volumes@openstack cleanup() started
2019-07-14 08:08:13.807 1842 RALLYDEBUG rally_openstack.cleanup.manager [-] Cleaning up cinder volumes objects
2019-07-14 08:08:15.827 1842 RALLYDEBUG rally_openstack.cleanup.manager [-] Deleting cinder.volumes object c_rally_bd359002_3RgB1YSS (f07040c6-db40-4d15-a9a0-865110c6b037)
2019-07-14 08:08:15.828 1842 RALLYDEBUG rally_openstack.cleanup.manager [-] Deleting cinder.volumes object c_rally_bd359002_ILzdLi7u (6490c204-9b36-4ef9-8b4c-3c26a659b19d)
2019-07-14 08:08:15.833 1842 RALLYDEBUG rally_openstack.cleanup.manager [-] Deleting cinder.volumes object c_rally_bd359002_jCKQpIbq (cc7fd7fe-9144-4fef-86dc-124b54dfd231)
2019-07-14 08:08:19.197 1842 INFO rally.task.context [-] Task 1dc11c14-0b89-49d7-8078-08a0fb3a35bc | Context volumes@openstack cleanup() finished in 5.39 sec
2019-07-14 08:08:19.198 1842 INFO rally.task.context [-] Task 1dc11c14-0b89-49d7-8078-08a0fb3a35bc | Context quotas@openstack cleanup() started
2019-07-14 08:08:19.867 1842 INFO rally.task.context [-] Task 1dc11c14-0b89-49d7-8078-08a0fb3a35bc | Context quotas@openstack cleanup() finished in 0.67 sec
2019-07-14 08:08:19.868 1842 INFO rally.task.context [-] Task 1dc11c14-0b89-49d7-8078-08a0fb3a35bc | Context api_versions@openstack cleanup() started
2019-07-14 08:08:19.868 1842 INFO rally.task.context [-] Task 1dc11c14-0b89-49d7-8078-08a0fb3a35bc | Context api_versions@openstack cleanup() finished in 0.33 msec
2019-07-14 08:08:19.868 1842 INFO rally.task.context [-] Task 1dc11c14-0b89-49d7-8078-08a0fb3a35bc | Context users@openstack cleanup() started
2019-07-14 08:08:26.797 1842 INFO rally.task.context [-] Task 1dc11c14-0b89-49d7-8078-08a0fb3a35bc | Context users@openstack cleanup() finished in 6.93 sec
2019-07-14 08:08:27.160 1842 INFO rally.task.engine [-] Load duration is: 23.612498
2019-07-14 08:08:27.161 1842 INFO rally.task.engine [-] Full runner duration is: 23.657756
2019-07-14 08:08:27.161 1842 INFO rally.task.engine [-] Full duration is: 61.885375
2019-07-14 08:08:27.402 1842 INFO rally.task.engine [-] Running workload: position = 0 config = { "version": 2, "title": "A cropped version of a bigger task.", "description": "Auto-generated task from a single workload (uuid=2d642a80-e4b8-4c40-8959-ed6aca6700a1)", "subtasks": [ { "title": "CinderQos.create_and_get_qos", "description": "Create a qos, then get details of the qos.", "scenario": { "CinderQos.create_and_get_qos": { "consumer": "both", "write_iops_sec": "10", "read_iops_sec": "1000" } }, "contexts": { "users": { "tenants": 3, "users_per_tenant": 2 }, "api_versions": { "cinder": { "version": 3, "service_type": "volumev3" } } }, "runner": { "constant": { "concurrency": 4, "times": 10 } }, "hooks": [], "sla": { "failure_rate": { "max": 0 } } } ] }
2019-07-14 08:08:27.425 1842 RALLYDEBUG rally_openstack.contexts.keystone.users [-] Creating 3 tenants using 20 threads
2019-07-14 08:08:29.230 1842 RALLYDEBUG rally_openstack.contexts.keystone.users [-] Creating 6 users using 20 threads
2019-07-14 08:08:31.755 1842 INFO rally.task.context [-] Task 1dc11c14-0b89-49d7-8078-08a0fb3a35bc | Context users@openstack setup() finished in 4.33 sec
2019-07-14 08:08:32.198 1842 INFO rally.task.context [-] Task 1dc11c14-0b89-49d7-8078-08a0fb3a35bc | Context api_versions@openstack setup() finished in 0.44 sec
2019-07-14 08:08:32.199 1842 INFO rally.task.context [-] Task 1dc11c14-0b89-49d7-8078-08a0fb3a35bc | Context admin_cleanup@openstack setup() finished in 0.01 msec
2019-07-14 08:08:32.206 1842 RALLYDEBUG rally.task.runner [-] Starting the constant runner (task UUID: 1dc11c14-0b89-49d7-8078-08a0fb3a35bc). timeout: 0 concurrency: 4 concurrency_per_worker: 1 times: 10 concurrency_overhead: 0 processes_to_start: 4 max_cpu_used: 16
2019-07-14 08:08:32.220 5110 RALLYDEBUG rally.task.runner [-] Starting a worker. concurrency: 1 args: {"consumer": "both", "write_iops_sec": "10", "read_iops_sec": "1000"} times: 10 method_name: run timeout: 0 duration: None cls:
2019-07-14 08:08:32.221 5111 RALLYDEBUG rally.task.runner [-] Starting a worker. concurrency: 1 args: {"consumer": "both", "write_iops_sec": "10", "read_iops_sec": "1000"} times: 10 method_name: run timeout: 0 duration: None cls:
2019-07-14 08:08:32.224 5113 RALLYDEBUG rally.task.runner [-] Starting a worker. concurrency: 1 args: {"consumer": "both", "write_iops_sec": "10", "read_iops_sec": "1000"} times: 10 method_name: run timeout: 0 duration: None cls:
2019-07-14 08:08:32.224 5112 RALLYDEBUG rally.task.runner [-] Starting a worker. concurrency: 1 args: {"consumer": "both", "write_iops_sec": "10", "read_iops_sec": "1000"} times: 10 method_name: run timeout: 0 duration: None cls:
2019-07-14 08:08:32.228 5110 INFO rally.task.runner [-] Task 1dc11c14-0b89-49d7-8078-08a0fb3a35bc | ITER: 1 START
2019-07-14 08:08:32.229 5113 INFO rally.task.runner [-] Task 1dc11c14-0b89-49d7-8078-08a0fb3a35bc | ITER: 3 START
2019-07-14 08:08:32.229 5111 INFO rally.task.runner [-] Task 1dc11c14-0b89-49d7-8078-08a0fb3a35bc | ITER: 2 START
2019-07-14 08:08:32.231 5112 INFO rally.task.runner [-] Task 1dc11c14-0b89-49d7-8078-08a0fb3a35bc | ITER: 4 START
2019-07-14 08:08:33.193 5113 INFO rally.task.runner [-] Task 1dc11c14-0b89-49d7-8078-08a0fb3a35bc | ITER: 3 END: OK
2019-07-14 08:08:33.198 5113 INFO rally.task.runner [-] Task 1dc11c14-0b89-49d7-8078-08a0fb3a35bc | ITER: 5 START
2019-07-14 08:08:33.263 5111 INFO rally.task.runner [-] Task 1dc11c14-0b89-49d7-8078-08a0fb3a35bc | ITER: 2 END: OK
2019-07-14 08:08:33.269 5111 INFO rally.task.runner [-] Task 1dc11c14-0b89-49d7-8078-08a0fb3a35bc | ITER: 6 START
2019-07-14 08:08:33.277 5110 INFO rally.task.runner [-] Task 1dc11c14-0b89-49d7-8078-08a0fb3a35bc | ITER: 1 END: OK
2019-07-14 08:08:33.281 5110 INFO rally.task.runner [-] Task 1dc11c14-0b89-49d7-8078-08a0fb3a35bc | ITER: 7 START
2019-07-14 08:08:33.291 5112 INFO rally.task.runner [-] Task 1dc11c14-0b89-49d7-8078-08a0fb3a35bc | ITER: 4 END: OK
2019-07-14 08:08:33.296 5112 INFO rally.task.runner [-] Task 1dc11c14-0b89-49d7-8078-08a0fb3a35bc | ITER: 8 START
2019-07-14 08:08:34.183 5112 INFO rally.task.runner [-] Task 1dc11c14-0b89-49d7-8078-08a0fb3a35bc | ITER: 8 END: OK
2019-07-14 08:08:34.187 5112 INFO rally.task.runner [-] Task 1dc11c14-0b89-49d7-8078-08a0fb3a35bc | ITER: 9 START
2019-07-14 08:08:34.228 5110 INFO rally.task.runner [-] Task 1dc11c14-0b89-49d7-8078-08a0fb3a35bc | ITER: 7 END: OK
2019-07-14 08:08:34.232 5110 INFO rally.task.runner [-] Task 1dc11c14-0b89-49d7-8078-08a0fb3a35bc | ITER: 10 START
2019-07-14 08:08:34.253 5113 INFO rally.task.runner [-] Task 1dc11c14-0b89-49d7-8078-08a0fb3a35bc | ITER: 5 END: OK
2019-07-14 08:08:34.330 5111 INFO rally.task.runner [-] Task 1dc11c14-0b89-49d7-8078-08a0fb3a35bc | ITER: 6 END: OK
2019-07-14 08:08:35.087 5110 INFO rally.task.runner [-] Task 1dc11c14-0b89-49d7-8078-08a0fb3a35bc | ITER: 10 END: OK
2019-07-14 08:08:35.121 5112 INFO rally.task.runner [-] Task 1dc11c14-0b89-49d7-8078-08a0fb3a35bc | ITER: 9 END: OK
2019-07-14 08:08:35.144 1842 INFO rally.task.context [-] Task 1dc11c14-0b89-49d7-8078-08a0fb3a35bc | Context admin_cleanup@openstack cleanup() started
2019-07-14 08:08:35.146 1842 RALLYDEBUG rally_openstack.cleanup.manager [-] Cleaning up cinder volume_types objects
2019-07-14 08:08:35.787 1842 RALLYDEBUG rally_openstack.cleanup.manager [-] Cleaning up cinder image_volumes_cache objects
2019-07-14 08:08:36.711 1842 RALLYDEBUG rally_openstack.cleanup.manager [-] Cleaning up cinder quotas objects
2019-07-14 08:08:38.262 1842 RALLYDEBUG rally_openstack.cleanup.manager [-] Cleaning up cinder qos_specs objects
2019-07-14 08:08:38.961 1842 RALLYDEBUG rally_openstack.cleanup.manager [-] Deleting cinder.qos_specs object s_rally_2d642a80_HuLcMi1W (fc250475-8720-4c3d-b258-c9e01c8dbbc8)
2019-07-14 08:08:38.964 1842 RALLYDEBUG rally_openstack.cleanup.manager [-] Deleting cinder.qos_specs object s_rally_2d642a80_dxW9rSHx (27037579-744d-478d-9dfc-c9b61f202547)
2019-07-14 08:08:38.981 1842 RALLYDEBUG rally_openstack.cleanup.manager [-] Deleting cinder.qos_specs object s_rally_2d642a80_q61QptxC (6de1d59f-9b3d-4274-a947-194ef2567d0b)
2019-07-14 08:08:38.981 1842 RALLYDEBUG rally_openstack.cleanup.manager [-] Deleting cinder.qos_specs object s_rally_2d642a80_YnoWgWdi (4af40da9-bd42-418c-873c-63986d4f82eb)
2019-07-14 08:08:38.983 1842 RALLYDEBUG rally_openstack.cleanup.manager [-] Deleting cinder.qos_specs object s_rally_2d642a80_plDgtamS (110918f7-ff60-4676-879a-22d79e29efdf)
2019-07-14 08:08:38.990 1842 RALLYDEBUG rally_openstack.cleanup.manager [-] Deleting cinder.qos_specs object s_rally_2d642a80_sRkD5s8N (c38b273c-2b23-4ca2-b0ac-03cf6e003c4d)
2019-07-14 08:08:38.991 1842 RALLYDEBUG rally_openstack.cleanup.manager [-] Deleting cinder.qos_specs object s_rally_2d642a80_CcxrQFkh (32f1c585-24cf-4e89-97c5-b64ce477b24b)
2019-07-14 08:08:38.994 1842 RALLYDEBUG rally_openstack.cleanup.manager [-] Deleting cinder.qos_specs object s_rally_2d642a80_bIbe8iqA (a404cda7-0f3b-491f-bca3-1f1c362ae013)
2019-07-14 08:08:39.000 1842 RALLYDEBUG rally_openstack.cleanup.manager [-] Deleting cinder.qos_specs object s_rally_2d642a80_RYVOGcqt (07efedb7-64a4-4f54-a7f7-d83236135f59)
2019-07-14 08:08:39.007 1842 RALLYDEBUG rally_openstack.cleanup.manager [-] Deleting cinder.qos_specs object s_rally_2d642a80_bqW6otLB (02d82797-cd6a-4925-b318-d94b8869cab7)
2019-07-14 08:08:41.460 1842 INFO rally.task.context [-] Task 1dc11c14-0b89-49d7-8078-08a0fb3a35bc | Context admin_cleanup@openstack cleanup() finished in 6.32 sec
2019-07-14 08:08:41.460 1842 INFO rally.task.context [-] Task 1dc11c14-0b89-49d7-8078-08a0fb3a35bc | Context api_versions@openstack cleanup() started
2019-07-14 08:08:41.460 1842 INFO rally.task.context [-] Task 1dc11c14-0b89-49d7-8078-08a0fb3a35bc | Context api_versions@openstack cleanup() finished in 0.22 msec
2019-07-14 08:08:41.461 1842 INFO rally.task.context [-] Task 1dc11c14-0b89-49d7-8078-08a0fb3a35bc | Context users@openstack cleanup() started
2019-07-14 08:08:49.065 1842 INFO rally.task.context [-] Task 1dc11c14-0b89-49d7-8078-08a0fb3a35bc | Context users@openstack cleanup() finished in 7.60 sec
2019-07-14 08:08:49.546 1842 INFO rally.task.engine [-] Load duration is: 2.89005
2019-07-14 08:08:49.547 1842 INFO rally.task.engine [-] Full runner duration is: 2.938385
2019-07-14 08:08:49.547 1842 INFO rally.task.engine [-] Full duration is: 21.642461
2019-07-14 08:08:49.768 1842 INFO rally.task.engine [-] Running workload: position = 0 config = { "version": 2, "title": "A cropped version of a bigger task.", "description": "Auto-generated task from a single workload (uuid=00f6bfe2-3f18-48b1-baa5-c33f388903e0)", "subtasks": [ { "title": "CinderQos.create_and_list_qos", "description": "Create a qos, then list all qos.", "scenario": { "CinderQos.create_and_list_qos": { "consumer": "both", "write_iops_sec": "10", "read_iops_sec": "1000" } }, "contexts": { "users": { "tenants": 3, "users_per_tenant": 2 }, "api_versions": { "cinder": { "version": 3, "service_type": "volumev3" } } }, "runner": { "constant": { "concurrency": 4, "times": 10 } }, "hooks": [], "sla": { "failure_rate": { "max": 0 } } } ] }
2019-07-14 08:08:49.791 1842 RALLYDEBUG rally_openstack.contexts.keystone.users [-] Creating 3 tenants using 20 threads
2019-07-14 08:08:51.651 1842 RALLYDEBUG rally_openstack.contexts.keystone.users [-] Creating 6 users using 20 threads
2019-07-14 08:08:54.375 1842 INFO rally.task.context [-] Task 1dc11c14-0b89-49d7-8078-08a0fb3a35bc | Context users@openstack setup() finished in 4.58 sec
2019-07-14 08:08:54.783 1842 INFO rally.task.context [-] Task 1dc11c14-0b89-49d7-8078-08a0fb3a35bc | Context api_versions@openstack setup() finished in 0.41 sec
2019-07-14 08:08:54.783 1842 INFO rally.task.context [-] Task 1dc11c14-0b89-49d7-8078-08a0fb3a35bc | Context admin_cleanup@openstack setup() finished in 0.01 msec
2019-07-14 08:08:54.790 1842 RALLYDEBUG rally.task.runner [-] Starting the constant runner (task UUID: 1dc11c14-0b89-49d7-8078-08a0fb3a35bc). timeout: 0 concurrency: 4 concurrency_per_worker: 1 times: 10 concurrency_overhead: 0 processes_to_start: 4 max_cpu_used: 16
2019-07-14 08:08:54.803 5294 RALLYDEBUG rally.task.runner [-] Starting a worker. concurrency: 1 args: {"consumer": "both", "write_iops_sec": "10", "read_iops_sec": "1000"} times: 10 method_name: run timeout: 0 duration: None cls:
2019-07-14 08:08:54.805 5295 RALLYDEBUG rally.task.runner [-] Starting a worker. concurrency: 1 args: {"consumer": "both", "write_iops_sec": "10", "read_iops_sec": "1000"} times: 10 method_name: run timeout: 0 duration: None cls:
2019-07-14 08:08:54.809 5294 INFO rally.task.runner [-] Task 1dc11c14-0b89-49d7-8078-08a0fb3a35bc | ITER: 1 START
2019-07-14 08:08:54.809 5296 RALLYDEBUG rally.task.runner [-] Starting a worker. concurrency: 1 args: {"consumer": "both", "write_iops_sec": "10", "read_iops_sec": "1000"} times: 10 method_name: run timeout: 0 duration: None cls:
2019-07-14 08:08:54.812 5295 INFO rally.task.runner [-] Task 1dc11c14-0b89-49d7-8078-08a0fb3a35bc | ITER: 2 START
2019-07-14 08:08:54.812 5297 RALLYDEBUG rally.task.runner [-] Starting a worker. concurrency: 1 args: {"consumer": "both", "write_iops_sec": "10", "read_iops_sec": "1000"} times: 10 method_name: run timeout: 0 duration: None cls:
2019-07-14 08:08:54.816 5296 INFO rally.task.runner [-] Task 1dc11c14-0b89-49d7-8078-08a0fb3a35bc | ITER: 3 START
2019-07-14 08:08:54.818 5297 INFO rally.task.runner [-] Task 1dc11c14-0b89-49d7-8078-08a0fb3a35bc | ITER: 4 START
2019-07-14 08:08:55.864 5294 INFO rally.task.runner [-] Task 1dc11c14-0b89-49d7-8078-08a0fb3a35bc | ITER: 1 END: OK
2019-07-14 08:08:55.869 5294 INFO rally.task.runner [-] Task 1dc11c14-0b89-49d7-8078-08a0fb3a35bc | ITER: 5 START
2019-07-14 08:08:55.901 5295 INFO rally.task.runner [-] Task 1dc11c14-0b89-49d7-8078-08a0fb3a35bc | ITER: 2 END: OK
2019-07-14 08:08:55.906 5295 INFO rally.task.runner [-] Task 1dc11c14-0b89-49d7-8078-08a0fb3a35bc | ITER: 6 START
2019-07-14 08:08:55.919 5296 INFO rally.task.runner [-] Task 1dc11c14-0b89-49d7-8078-08a0fb3a35bc | ITER: 3 END: OK
2019-07-14 08:08:55.924 5296 INFO rally.task.runner [-] Task 1dc11c14-0b89-49d7-8078-08a0fb3a35bc | ITER: 7 START
2019-07-14 08:08:56.130 5297 INFO rally.task.runner [-] Task 1dc11c14-0b89-49d7-8078-08a0fb3a35bc | ITER: 4 END: OK
2019-07-14 08:08:56.134 5297 INFO rally.task.runner [-] Task 1dc11c14-0b89-49d7-8078-08a0fb3a35bc | ITER: 8 START
2019-07-14 08:08:56.818 5296 INFO rally.task.runner [-] Task 1dc11c14-0b89-49d7-8078-08a0fb3a35bc | ITER: 7 END: OK
2019-07-14 08:08:56.823 5296 INFO rally.task.runner [-] Task 1dc11c14-0b89-49d7-8078-08a0fb3a35bc | ITER: 9 START
2019-07-14 08:08:56.831 5294 INFO rally.task.runner [-] Task 1dc11c14-0b89-49d7-8078-08a0fb3a35bc | ITER: 5 END: OK
2019-07-14 08:08:56.836 5294 INFO rally.task.runner [-] Task 1dc11c14-0b89-49d7-8078-08a0fb3a35bc | ITER: 10 START
2019-07-14 08:08:56.945 5295 INFO rally.task.runner [-] Task 1dc11c14-0b89-49d7-8078-08a0fb3a35bc | ITER: 6 END: OK
2019-07-14 08:08:57.194 5297 INFO rally.task.runner [-] Task 1dc11c14-0b89-49d7-8078-08a0fb3a35bc | ITER: 8 END: OK
2019-07-14 08:08:57.713 5294 INFO rally.task.runner [-] Task 1dc11c14-0b89-49d7-8078-08a0fb3a35bc | ITER: 10 END: OK
2019-07-14 08:08:57.786 5296 INFO rally.task.runner [-] Task 1dc11c14-0b89-49d7-8078-08a0fb3a35bc | ITER: 9 END: OK
2019-07-14 08:08:57.811 1842 INFO rally.task.context [-] Task 1dc11c14-0b89-49d7-8078-08a0fb3a35bc | Context admin_cleanup@openstack cleanup() started
2019-07-14 08:08:57.814 1842 RALLYDEBUG rally_openstack.cleanup.manager [-] Cleaning up cinder volume_types objects
2019-07-14 08:08:58.437 1842 RALLYDEBUG rally_openstack.cleanup.manager [-] Cleaning up cinder image_volumes_cache objects
2019-07-14 08:08:59.791 1842 RALLYDEBUG rally_openstack.cleanup.manager [-] Cleaning up cinder quotas objects
2019-07-14 08:09:01.261 1842 RALLYDEBUG rally_openstack.cleanup.manager [-] Cleaning up cinder qos_specs objects
2019-07-14 08:09:01.973 1842 RALLYDEBUG rally_openstack.cleanup.manager [-] Deleting cinder.qos_specs object s_rally_00f6bfe2_gQCsxvdX (a0293a80-e5a1-4268-be0e-158556578299)
2019-07-14 08:09:01.978 1842 RALLYDEBUG rally_openstack.cleanup.manager [-] Deleting cinder.qos_specs object s_rally_00f6bfe2_eu3qzWQR (43d873a8-80fe-40f8-8fa7-ccae0d5f6aff)
2019-07-14 08:09:01.987 1842 RALLYDEBUG rally_openstack.cleanup.manager [-] Deleting cinder.qos_specs object s_rally_00f6bfe2_5l8DMpYQ (a7f2b9ac-da0c-4922-aee4-c5d2befb1aed)
2019-07-14 08:09:01.994 1842 RALLYDEBUG rally_openstack.cleanup.manager [-] Deleting cinder.qos_specs object s_rally_00f6bfe2_Ad8zI0qY (624a9571-c61f-4445-8562-13c42c17e6c1)
2019-07-14 08:09:02.002 1842 RALLYDEBUG rally_openstack.cleanup.manager [-] Deleting cinder.qos_specs object s_rally_00f6bfe2_uAkuZR81 (3f61b125-cfc0-4fef-b640-a4c40c266c53)
2019-07-14 08:09:02.009 1842 RALLYDEBUG rally_openstack.cleanup.manager [-] Deleting cinder.qos_specs object s_rally_00f6bfe2_KVdG4Yun (01891315-325a-4587-a927-77d141e685b2)
2019-07-14 08:09:02.014 1842 RALLYDEBUG rally_openstack.cleanup.manager [-] Deleting cinder.qos_specs object s_rally_00f6bfe2_I3FFnYfH (f3a8f450-b6b7-4217-b174-6c386247479f)
2019-07-14 08:09:02.024 1842 RALLYDEBUG rally_openstack.cleanup.manager [-] Deleting cinder.qos_specs object s_rally_00f6bfe2_Y1oW0Sj9 (94cbfed7-ab56-45cf-b878-4d71f423b6c2)
2019-07-14 08:09:02.035 1842 RALLYDEBUG rally_openstack.cleanup.manager [-] Deleting cinder.qos_specs object s_rally_00f6bfe2_7ziIq78Y (89c5d5a8-9806-4386-8b75-764436ac1d3f)
2019-07-14 08:09:02.040 1842 RALLYDEBUG rally_openstack.cleanup.manager [-] Deleting cinder.qos_specs object s_rally_00f6bfe2_Mrv8cc3h (2561ff96-f83b-4f38-89d9-453a87613436)
2019-07-14 08:09:04.438 1842 INFO rally.task.context [-] Task 1dc11c14-0b89-49d7-8078-08a0fb3a35bc | Context admin_cleanup@openstack cleanup() finished in 6.63 sec
2019-07-14 08:09:04.439 1842 INFO rally.task.context [-] Task 1dc11c14-0b89-49d7-8078-08a0fb3a35bc | Context api_versions@openstack cleanup() started
2019-07-14 08:09:04.439 1842 INFO rally.task.context [-] Task 1dc11c14-0b89-49d7-8078-08a0fb3a35bc | Context api_versions@openstack cleanup() finished in 0.34 msec
2019-07-14 08:09:04.439 1842 INFO rally.task.context [-] Task 1dc11c14-0b89-49d7-8078-08a0fb3a35bc | Context users@openstack cleanup() started
2019-07-14 08:09:11.091 1842 INFO rally.task.context [-] Task 1dc11c14-0b89-49d7-8078-08a0fb3a35bc | Context users@openstack cleanup() finished in 6.65 sec
2019-07-14 08:09:11.891 1842 INFO rally.task.engine [-] Load duration is: 2.974698
2019-07-14 08:09:11.891 1842 INFO rally.task.engine [-] Full runner duration is: 3.02129
2019-07-14 08:09:11.891 1842 INFO rally.task.engine [-] Full duration is: 21.302984
2019-07-14 08:09:12.097 1842 INFO rally.task.engine [-] Running workload: position = 0 config = { "version": 2, "title": "A cropped version of a bigger task.", "description": "Auto-generated task from a single workload (uuid=2108081c-1535-4b52-b917-2e928c46443a)", "subtasks": [ { "title": "CinderQos.create_and_set_qos", "description": "Create a qos, then Add/Update keys in qos specs.", "scenario": { "CinderQos.create_and_set_qos": { "consumer": "back-end", "write_iops_sec": "10", "read_iops_sec": "1000", "set_consumer": "both", "set_write_iops_sec": "11", "set_read_iops_sec": "1001" } }, "contexts": { "users": { "tenants": 3, "users_per_tenant": 2 }, "api_versions": { "cinder": { "version": 3, "service_type": "volumev3" } } }, "runner": { "constant": { "concurrency": 4, "times": 10 } }, "hooks": [], "sla": { "failure_rate": { "max": 0 } } } ] }
2019-07-14 08:09:12.119 1842 RALLYDEBUG rally_openstack.contexts.keystone.users [-] Creating 3 tenants using 20 threads
2019-07-14 08:09:13.947 1842 RALLYDEBUG rally_openstack.contexts.keystone.users [-] Creating 6 users using 20 threads
2019-07-14 08:09:16.700 1842 INFO rally.task.context [-] Task 1dc11c14-0b89-49d7-8078-08a0fb3a35bc | Context users@openstack setup() finished in 4.58 sec
2019-07-14 08:09:17.130 1842 INFO rally.task.context [-] Task 1dc11c14-0b89-49d7-8078-08a0fb3a35bc | Context api_versions@openstack setup() finished in 0.43 sec
2019-07-14 08:09:17.131 1842 INFO rally.task.context [-] Task 1dc11c14-0b89-49d7-8078-08a0fb3a35bc | Context admin_cleanup@openstack setup() finished in 0.01 msec
2019-07-14 08:09:17.139 1842 RALLYDEBUG rally.task.runner [-] Starting the constant runner (task UUID: 1dc11c14-0b89-49d7-8078-08a0fb3a35bc). timeout: 0 concurrency: 4 concurrency_per_worker: 1 times: 10 concurrency_overhead: 0 processes_to_start: 4 max_cpu_used: 16
2019-07-14 08:09:17.152 5478 RALLYDEBUG rally.task.runner [-] Starting a worker. concurrency: 1 args: {"consumer": "back-end", "write_iops_sec": "10", "read_iops_sec": "1000", "set_consumer": "both", "set_write_iops_sec": "11", "set_read_iops_sec": "1001"} times: 10 method_name: run timeout: 0 duration: None cls:
2019-07-14 08:09:17.156 5479 RALLYDEBUG rally.task.runner [-] Starting a worker. concurrency: 1 args: {"consumer": "back-end", "write_iops_sec": "10", "read_iops_sec": "1000", "set_consumer": "both", "set_write_iops_sec": "11", "set_read_iops_sec": "1001"} times: 10 method_name: run timeout: 0 duration: None cls:
2019-07-14 08:09:17.160 5478 INFO rally.task.runner [-] Task 1dc11c14-0b89-49d7-8078-08a0fb3a35bc | ITER: 1 START
2019-07-14 08:09:17.159 5480 RALLYDEBUG rally.task.runner [-] Starting a worker. concurrency: 1 args: {"consumer": "back-end", "write_iops_sec": "10", "read_iops_sec": "1000", "set_consumer": "both", "set_write_iops_sec": "11", "set_read_iops_sec": "1001"} times: 10 method_name: run timeout: 0 duration: None cls:
2019-07-14 08:09:17.163 5479 INFO rally.task.runner [-] Task 1dc11c14-0b89-49d7-8078-08a0fb3a35bc | ITER: 2 START
2019-07-14 08:09:17.163 5481 RALLYDEBUG rally.task.runner [-] Starting a worker. concurrency: 1 args: {"consumer": "back-end", "write_iops_sec": "10", "read_iops_sec": "1000", "set_consumer": "both", "set_write_iops_sec": "11", "set_read_iops_sec": "1001"} times: 10 method_name: run timeout: 0 duration: None cls:
2019-07-14 08:09:17.167 5480 INFO rally.task.runner [-] Task 1dc11c14-0b89-49d7-8078-08a0fb3a35bc | ITER: 3 START
2019-07-14 08:09:17.171 5481 INFO rally.task.runner [-] Task 1dc11c14-0b89-49d7-8078-08a0fb3a35bc | ITER: 4 START
2019-07-14 08:09:18.249 5480 INFO rally.task.runner [-] Task 1dc11c14-0b89-49d7-8078-08a0fb3a35bc | ITER: 3 END: OK
2019-07-14 08:09:18.254 5480 INFO rally.task.runner [-] Task 1dc11c14-0b89-49d7-8078-08a0fb3a35bc | ITER: 5 START
2019-07-14 08:09:18.272 5481 INFO rally.task.runner [-] Task 1dc11c14-0b89-49d7-8078-08a0fb3a35bc | ITER: 4 END: OK
2019-07-14 08:09:18.277 5481 INFO rally.task.runner [-] Task 1dc11c14-0b89-49d7-8078-08a0fb3a35bc | ITER: 6 START
2019-07-14 08:09:18.277 5479 INFO rally.task.runner [-] Task 1dc11c14-0b89-49d7-8078-08a0fb3a35bc | ITER: 2 END: OK
2019-07-14 08:09:18.283 5479 INFO rally.task.runner [-] Task 1dc11c14-0b89-49d7-8078-08a0fb3a35bc | ITER: 7 START
2019-07-14 08:09:18.331 5478 INFO rally.task.runner [-] Task 1dc11c14-0b89-49d7-8078-08a0fb3a35bc | ITER: 1 END: OK
2019-07-14 08:09:18.336 5478 INFO rally.task.runner [-] Task 1dc11c14-0b89-49d7-8078-08a0fb3a35bc | ITER: 8 START
2019-07-14 08:09:19.213 5479 INFO rally.task.runner [-] Task 1dc11c14-0b89-49d7-8078-08a0fb3a35bc | ITER: 7 END: OK
2019-07-14 08:09:19.216 5479 INFO rally.task.runner [-] Task 1dc11c14-0b89-49d7-8078-08a0fb3a35bc | ITER: 9 START
2019-07-14 08:09:19.243 5481 INFO rally.task.runner [-] Task 1dc11c14-0b89-49d7-8078-08a0fb3a35bc | ITER: 6 END: OK
2019-07-14 08:09:19.247 5481 INFO rally.task.runner [-] Task 1dc11c14-0b89-49d7-8078-08a0fb3a35bc | ITER: 10 START
2019-07-14 08:09:19.261 5480 INFO rally.task.runner [-] Task 1dc11c14-0b89-49d7-8078-08a0fb3a35bc | ITER: 5 END: OK
2019-07-14 08:09:19.338 5478 INFO rally.task.runner [-] Task 1dc11c14-0b89-49d7-8078-08a0fb3a35bc | ITER: 8 END: OK
2019-07-14 08:09:20.223 5479 INFO rally.task.runner [-] Task 1dc11c14-0b89-49d7-8078-08a0fb3a35bc | ITER: 9 END: OK
2019-07-14 08:09:20.235 5481 INFO rally.task.runner [-] Task 1dc11c14-0b89-49d7-8078-08a0fb3a35bc | ITER: 10 END: OK
2019-07-14 08:09:20.259 1842 INFO rally.task.context [-] Task 1dc11c14-0b89-49d7-8078-08a0fb3a35bc | Context admin_cleanup@openstack cleanup() started
2019-07-14 08:09:20.262 1842 RALLYDEBUG rally_openstack.cleanup.manager [-] Cleaning up cinder volume_types objects
2019-07-14 08:09:20.902 1842 RALLYDEBUG rally_openstack.cleanup.manager [-] Cleaning up cinder image_volumes_cache objects
2019-07-14 08:09:21.952 1842 RALLYDEBUG rally_openstack.cleanup.manager [-] Cleaning up cinder quotas objects
2019-07-14 08:09:23.392 1842 RALLYDEBUG rally_openstack.cleanup.manager [-] Cleaning up cinder qos_specs objects
2019-07-14 08:09:24.083 1842 RALLYDEBUG rally_openstack.cleanup.manager [-] Deleting cinder.qos_specs object s_rally_2108081c_dVsKKnFI (fc1cd88c-e5f2-410c-bd73-e87ffbe5c4b0)
2019-07-14 08:09:24.091 1842 RALLYDEBUG rally_openstack.cleanup.manager [-] Deleting cinder.qos_specs object s_rally_2108081c_Le15zU08 (752f712b-bbdf-484b-8d15-2cf8dcf293a8)
2019-07-14 08:09:24.100 1842 RALLYDEBUG rally_openstack.cleanup.manager [-] Deleting cinder.qos_specs object s_rally_2108081c_LDobh7TP (c1285992-49cd-495f-9bf0-29cc1dc3078f)
2019-07-14 08:09:24.108 1842 RALLYDEBUG rally_openstack.cleanup.manager [-] Deleting cinder.qos_specs object s_rally_2108081c_iQKHqPzy (b5023e84-a63c-48b6-90e3-64b37ff90482)
2019-07-14 08:09:24.110 1842 RALLYDEBUG rally_openstack.cleanup.manager [-] Deleting cinder.qos_specs object s_rally_2108081c_TVo5r6zM (d58f3c2d-f58a-4370-8f2e-4102b120440b)
2019-07-14 08:09:24.120 1842 RALLYDEBUG rally_openstack.cleanup.manager [-] Deleting cinder.qos_specs object s_rally_2108081c_qQCiRdgT (7234cbc1-d709-417c-863e-a52d043baa9a)
2019-07-14 08:09:24.129 1842 RALLYDEBUG rally_openstack.cleanup.manager [-] Deleting cinder.qos_specs object s_rally_2108081c_pqSxA8Xz (0e39fe48-dd82-4cad-999b-dab28ab6201b)
2019-07-14 08:09:24.139 1842 RALLYDEBUG rally_openstack.cleanup.manager [-] Deleting cinder.qos_specs object s_rally_2108081c_8KAj9WfT (d14e33e5-9b1d-47b5-ba83-aa5d3e9ccaa9)
2019-07-14 08:09:24.162 1842 RALLYDEBUG rally_openstack.cleanup.manager [-] Deleting cinder.qos_specs object s_rally_2108081c_uAsV4MVO (566c5146-de35-497d-a94d-e1ea456bf70c)
2019-07-14 08:09:24.163 1842 RALLYDEBUG rally_openstack.cleanup.manager [-] Deleting cinder.qos_specs object s_rally_2108081c_T8927r7e (03296ed5-8d9b-40f7-ac1b-ea9989b0c3da)
2019-07-14 08:09:26.483 1842 INFO rally.task.context [-] Task 1dc11c14-0b89-49d7-8078-08a0fb3a35bc | Context admin_cleanup@openstack cleanup() finished in 6.22 sec
2019-07-14 08:09:26.484 1842 INFO rally.task.context [-] Task 1dc11c14-0b89-49d7-8078-08a0fb3a35bc | Context api_versions@openstack cleanup() started
2019-07-14 08:09:26.484 1842 INFO rally.task.context [-] Task 1dc11c14-0b89-49d7-8078-08a0fb3a35bc | Context api_versions@openstack cleanup() finished in 0.37 msec
2019-07-14 08:09:26.485 1842 INFO rally.task.context [-] Task 1dc11c14-0b89-49d7-8078-08a0fb3a35bc | Context users@openstack cleanup() started
2019-07-14 08:09:33.394 1842 INFO rally.task.context [-] Task 1dc11c14-0b89-49d7-8078-08a0fb3a35bc | Context users@openstack cleanup() finished in 6.91 sec
2019-07-14 08:09:34.256 1842 INFO rally.task.engine [-] Load duration is: 3.071517
2019-07-14 08:09:34.257 1842 INFO rally.task.engine [-] Full runner duration is: 3.120967
2019-07-14 08:09:34.257 1842 INFO rally.task.engine [-] Full duration is: 21.276691
2019-07-14 08:09:34.447 1842 INFO rally.task.engine [-] Running workload: position = 0 config = { "version": 2, "title": "A cropped version of a bigger task.", "description": "Auto-generated task from a single workload (uuid=ef7ee881-bd4d-44f6-8a56-dfbf05bbe577)", "subtasks": [ { "title": "CinderVolumeTypes.create_and_get_volume_type", "description": "Create a volume Type, then get the details of the type.", "scenario": { "CinderVolumeTypes.create_and_get_volume_type": { "description": "rally tests creating types" } }, "contexts": { "users": { "tenants": 3, "users_per_tenant": 2 }, "api_versions": { "cinder": { "version": 3, "service_type": "volumev3" } } }, "runner": { "constant": { "concurrency": 4, "times": 10 } }, "hooks": [], "sla": { "failure_rate": { "max": 0 } } } ] }
2019-07-14 08:09:34.466 1842 RALLYDEBUG rally_openstack.contexts.keystone.users [-] Creating 3 tenants using 20 threads
2019-07-14 08:09:36.369 1842 RALLYDEBUG rally_openstack.contexts.keystone.users [-] Creating 6 users using 20 threads
2019-07-14 08:09:39.098 1842 INFO rally.task.context [-] Task 1dc11c14-0b89-49d7-8078-08a0fb3a35bc | Context users@openstack setup() finished in 4.63 sec
2019-07-14 08:09:39.511 1842 INFO rally.task.context [-] Task 1dc11c14-0b89-49d7-8078-08a0fb3a35bc | Context api_versions@openstack setup() finished in 0.41 sec
2019-07-14 08:09:39.511 1842 INFO rally.task.context [-] Task 1dc11c14-0b89-49d7-8078-08a0fb3a35bc | Context admin_cleanup@openstack setup() finished in 0.01 msec
2019-07-14 08:09:39.518 1842 RALLYDEBUG rally.task.runner [-] Starting the constant runner (task UUID: 1dc11c14-0b89-49d7-8078-08a0fb3a35bc). timeout: 0 concurrency: 4 concurrency_per_worker: 1 times: 10 concurrency_overhead: 0 processes_to_start: 4 max_cpu_used: 16
2019-07-14 08:09:39.530 5662 RALLYDEBUG rally.task.runner [-] Starting a worker. concurrency: 1 args: {"description": "rally tests creating types"} times: 10 method_name: run timeout: 0 duration: None cls:
2019-07-14 08:09:39.531 5663 RALLYDEBUG rally.task.runner [-] Starting a worker. concurrency: 1 args: {"description": "rally tests creating types"} times: 10 method_name: run timeout: 0 duration: None cls:
