2019-07-14 08:10:26.980 6032 DEBUG cinderclient.v2.client [-] POST call to volumev2 for http://172.30.9.21:8776/v3/2a7b526ce31e4aa1b73f849add6949b9/types used request id req-96d5c781-faba-417b-b3e9-85f60e49f1bc request /usr/lib/python2.7/site-packages/keystoneauth1/session.py:844
2019-07-14 08:10:26.982 6032 DEBUG cinderclient.v2.client [-] REQ: curl -g -i -X PUT http://172.30.9.21:8776/v3/2a7b526ce31e4aa1b73f849add6949b9/types/fd5696ff-23e7-4e26-ab5b-cce565ae0ada -H "Accept: application/json" -H "Content-Type: application/json" -H "User-Agent: python-cinderclient" -H "X-Auth-Token: {SHA1}0d611ce82072561745d454999e653be694bcc156" -H "X-OpenStack-Request-ID: req-96d5c781-faba-417b-b3e9-85f60e49f1bc" -d '{"volume_type": {"name": "s_rally_3267c605_21qLitE3", "description": "test update"}}' _http_log_request /usr/lib/python2.7/site-packages/keystoneauth1/session.py:448
2019-07-14 08:10:27.169 6031 DEBUG cinderclient.v2.client [-] RESP: [200] Content-Encoding: gzip Content-Length: 158 Content-Type: application/json Date: Sun, 14 Jul 2019 08:10:26 GMT OpenStack-API-Version: volume 3.0 Server: Apache Vary: OpenStack-API-Version,Accept-Encoding x-compute-request-id: req-c829ca2c-5e63-4eb8-b177-79d40c3ece3b x-openstack-request-id: req-c829ca2c-5e63-4eb8-b177-79d40c3ece3b _http_log_response /usr/lib/python2.7/site-packages/keystoneauth1/session.py:479
2019-07-14 08:10:27.170 6031 DEBUG cinderclient.v2.client [-] RESP BODY: {"volume_type": {"is_public": true, "extra_specs": {}, "id": "58707d79-6a57-494f-ab79-12a3be2b2927", "name": "s_rally_3267c605_SWs9DUmt", "description": "test update"}} _http_log_response /usr/lib/python2.7/site-packages/keystoneauth1/session.py:511
2019-07-14 08:10:27.170 6031 DEBUG cinderclient.v2.client [-] PUT call to volumev2 for http://172.30.9.21:8776/v3/2a7b526ce31e4aa1b73f849add6949b9/types/58707d79-6a57-494f-ab79-12a3be2b2927 used request id req-c829ca2c-5e63-4eb8-b177-79d40c3ece3b request /usr/lib/python2.7/site-packages/keystoneauth1/session.py:844
2019-07-14 08:10:27.171 6031 INFO rally.task.runner [-] Task 1dc11c14-0b89-49d7-8078-08a0fb3a35bc | ITER: 9 END: OK
2019-07-14 08:10:27.248 6032 DEBUG cinderclient.v2.client [-] RESP: [200] Content-Encoding: gzip Content-Length: 156 Content-Type: application/json Date: Sun, 14 Jul 2019 08:10:26 GMT OpenStack-API-Version: volume 3.0 Server: Apache Vary: OpenStack-API-Version,Accept-Encoding x-compute-request-id: req-595acc55-071b-43ca-9c03-bde3fa9eb7dd x-openstack-request-id: req-595acc55-071b-43ca-9c03-bde3fa9eb7dd _http_log_response /usr/lib/python2.7/site-packages/keystoneauth1/session.py:479
2019-07-14 08:10:27.249 6032 DEBUG cinderclient.v2.client [-] RESP BODY: {"volume_type": {"is_public": true, "extra_specs": {}, "id": "fd5696ff-23e7-4e26-ab5b-cce565ae0ada", "name": "s_rally_3267c605_21qLitE3", "description": "test update"}} _http_log_response /usr/lib/python2.7/site-packages/keystoneauth1/session.py:511
2019-07-14 08:10:27.249 6032 DEBUG cinderclient.v2.client [-] PUT call to volumev2 for http://172.30.9.21:8776/v3/2a7b526ce31e4aa1b73f849add6949b9/types/fd5696ff-23e7-4e26-ab5b-cce565ae0ada used request id req-595acc55-071b-43ca-9c03-bde3fa9eb7dd request /usr/lib/python2.7/site-packages/keystoneauth1/session.py:844
2019-07-14 08:10:27.249 6032 INFO rally.task.runner [-] Task 1dc11c14-0b89-49d7-8078-08a0fb3a35bc | ITER: 10 END: OK
2019-07-14 08:10:27.279 1842 INFO rally.task.context [-] Task 1dc11c14-0b89-49d7-8078-08a0fb3a35bc | Context admin_cleanup@openstack cleanup() started
2019-07-14 08:10:27.281 1842 RALLYDEBUG rally_openstack.cleanup.manager [-] Cleaning up cinder volume_types objects
2019-07-14 08:10:28.113 1842 RALLYDEBUG rally_openstack.cleanup.manager [-] Deleting cinder.volume_types object s_rally_3267c605_SWs9DUmt (58707d79-6a57-494f-ab79-12a3be2b2927)
2019-07-14 08:10:28.115 1842 RALLYDEBUG rally_openstack.cleanup.manager [-] Deleting cinder.volume_types object s_rally_3267c605_SqZMKxoZ (d3ebd9c8-3a63-46e4-b696-c013093d092a)
2019-07-14 08:10:28.115 1842 RALLYDEBUG rally_openstack.cleanup.manager [-] Deleting cinder.volume_types object s_rally_3267c605_21qLitE3 (fd5696ff-23e7-4e26-ab5b-cce565ae0ada)
2019-07-14 08:10:28.116 1842 RALLYDEBUG rally_openstack.cleanup.manager [-] Deleting cinder.volume_types object s_rally_3267c605_8AwL9CMZ (b97db88e-5ae6-4f74-becf-559cf4acc52e)
2019-07-14 08:10:28.122 1842 RALLYDEBUG rally_openstack.cleanup.manager [-] Deleting cinder.volume_types object s_rally_3267c605_83SdY3Yr (894af55c-3bb9-441d-beb5-f1496ca49cbf)
2019-07-14 08:10:28.124 1842 RALLYDEBUG rally_openstack.cleanup.manager [-] Deleting cinder.volume_types object s_rally_3267c605_UEC37cSF (7d5b616f-394e-478d-af06-e27cff56bf79)
2019-07-14 08:10:28.126 1842 RALLYDEBUG rally_openstack.cleanup.manager [-] Deleting cinder.volume_types object s_rally_3267c605_CTpuGwRX (43c0ca9b-a141-483b-953a-256dbf51a719)
2019-07-14 08:10:28.132 1842 RALLYDEBUG rally_openstack.cleanup.manager [-] Deleting cinder.volume_types object s_rally_3267c605_58qacJBi (fb0ea540-d678-4630-90df-e741e6a0f821)
2019-07-14 08:10:28.140 1842 RALLYDEBUG rally_openstack.cleanup.manager [-] Deleting cinder.volume_types object s_rally_3267c605_a0zpuJSb (d8881f84-35a3-48a6-a75f-1a0fa811dfae)
2019-07-14 08:10:28.146 1842 RALLYDEBUG rally_openstack.cleanup.manager [-] Deleting cinder.volume_types object s_rally_3267c605_l0z7iYOg (289af96f-e131-4157-bc77-3ef3d9c7dae0)
2019-07-14 08:10:30.486 1842 RALLYDEBUG rally_openstack.cleanup.manager [-] Cleaning up cinder image_volumes_cache objects
2019-07-14 08:10:31.486 1842 RALLYDEBUG rally_openstack.cleanup.manager [-] Cleaning up cinder quotas objects
2019-07-14 08:10:32.850 1842 RALLYDEBUG rally_openstack.cleanup.manager [-] Cleaning up cinder qos_specs objects
2019-07-14 08:10:33.479 1842 INFO rally.task.context [-] Task 1dc11c14-0b89-49d7-8078-08a0fb3a35bc | Context admin_cleanup@openstack cleanup() finished in 6.20 sec
2019-07-14 08:10:33.479 1842 INFO rally.task.context [-] Task 1dc11c14-0b89-49d7-8078-08a0fb3a35bc | Context api_versions@openstack cleanup() started
2019-07-14 08:10:33.480 1842 INFO rally.task.context [-] Task 1dc11c14-0b89-49d7-8078-08a0fb3a35bc | Context api_versions@openstack cleanup() finished in 0.31 msec
2019-07-14 08:10:33.480 1842 INFO rally.task.context [-] Task 1dc11c14-0b89-49d7-8078-08a0fb3a35bc | Context users@openstack cleanup() started
2019-07-14 08:10:40.565 1842 INFO rally.task.context [-] Task 1dc11c14-0b89-49d7-8078-08a0fb3a35bc | Context users@openstack cleanup() finished in 7.09 sec
2019-07-14 08:10:41.322 1842 INFO rally.task.engine [-] Load duration is: 3.111216
2019-07-14 08:10:41.322 1842 INFO rally.task.engine [-] Full runner duration is: 3.162689
2019-07-14 08:10:41.323 1842 INFO rally.task.engine [-] Full duration is: 21.343537
2019-07-14 08:10:41.526 1842 INFO rally.task.engine [-] Running workload: position = 0 config = { "version": 2, "title": "A cropped version of a bigger task.", "description": "Auto-generated task from a single workload (uuid=cc67b8ae-8a96-44b2-b922-ed1ecda7bfc5)", "subtasks": [ { "title": "CinderVolumeTypes.create_volume_type_and_encryption_type", "description": "Create encryption type", "scenario": { "CinderVolumeTypes.create_volume_type_and_encryption_type": { "description": "rally tests creating types", "provider": "LuksEncryptor", "cipher": "aes-xts-plain64", "key_size": 512, "control_location": "front-end" } }, "contexts": { "users": { "tenants": 3, "users_per_tenant": 2 }, "api_versions": { "cinder": { "version": 3, "service_type": "volumev3" } } }, "runner": { "constant": { "concurrency": 4, "times": 10 } }, "hooks": [], "sla": { "failure_rate": { "max": 0 } } } ] }
2019-07-14 08:10:41.541 1842 RALLYDEBUG rally_openstack.contexts.keystone.users [-] Creating 3 tenants using 20 threads
2019-07-14 08:10:43.372 1842 RALLYDEBUG rally_openstack.contexts.keystone.users [-] Creating 6 users using 20 threads
2019-07-14 08:10:45.934 1842 INFO rally.task.context [-] Task 1dc11c14-0b89-49d7-8078-08a0fb3a35bc | Context users@openstack setup() finished in 4.39 sec
2019-07-14 08:10:46.354 1842 INFO rally.task.context [-] Task 1dc11c14-0b89-49d7-8078-08a0fb3a35bc | Context api_versions@openstack setup() finished in 0.42 sec
2019-07-14 08:10:46.354 1842 INFO rally.task.context [-] Task 1dc11c14-0b89-49d7-8078-08a0fb3a35bc | Context admin_cleanup@openstack setup() finished in 0.01 msec
2019-07-14 08:10:46.361 1842 RALLYDEBUG rally.task.runner [-] Starting the constant runner (task UUID: 1dc11c14-0b89-49d7-8078-08a0fb3a35bc). timeout: 0 concurrency: 4 concurrency_per_worker: 1 times: 10 concurrency_overhead: 0 processes_to_start: 4 max_cpu_used: 16
2019-07-14 08:10:46.372 6214 RALLYDEBUG rally.task.runner [-] Starting a worker. concurrency: 1 args: {"description": "rally tests creating types", "provider": "LuksEncryptor", "cipher": "aes-xts-plain64", "key_size": 512, "control_location": "front-end"} times: 10 method_name: run timeout: 0 duration: None cls:
2019-07-14 08:10:46.374 6215 RALLYDEBUG rally.task.runner [-] Starting a worker. concurrency: 1 args: {"description": "rally tests creating types", "provider": "LuksEncryptor", "cipher": "aes-xts-plain64", "key_size": 512, "control_location": "front-end"} times: 10 method_name: run timeout: 0 duration: None cls:
2019-07-14 08:10:46.378 6216 RALLYDEBUG rally.task.runner [-] Starting a worker. concurrency: 1 args: {"description": "rally tests creating types", "provider": "LuksEncryptor", "cipher": "aes-xts-plain64", "key_size": 512, "control_location": "front-end"} times: 10 method_name: run timeout: 0 duration: None cls:
2019-07-14 08:10:46.379 6214 INFO rally.task.runner [-] Task 1dc11c14-0b89-49d7-8078-08a0fb3a35bc | ITER: 1 START
2019-07-14 08:10:46.381 6215 INFO rally.task.runner [-] Task 1dc11c14-0b89-49d7-8078-08a0fb3a35bc | ITER: 2 START
2019-07-14 08:10:46.382 6217 RALLYDEBUG rally.task.runner [-] Starting a worker. concurrency: 1 args: {"description": "rally tests creating types", "provider": "LuksEncryptor", "cipher": "aes-xts-plain64", "key_size": 512, "control_location": "front-end"} times: 10 method_name: run timeout: 0 duration: None cls:
2019-07-14 08:10:46.385 6216 INFO rally.task.runner [-] Task 1dc11c14-0b89-49d7-8078-08a0fb3a35bc | ITER: 3 START
2019-07-14 08:10:46.390 6217 INFO rally.task.runner [-] Task 1dc11c14-0b89-49d7-8078-08a0fb3a35bc | ITER: 4 START
2019-07-14 08:10:47.451 6216 INFO rally.task.runner [-] Task 1dc11c14-0b89-49d7-8078-08a0fb3a35bc | ITER: 3 END: OK
2019-07-14 08:10:47.456 6216 INFO rally.task.runner [-] Task 1dc11c14-0b89-49d7-8078-08a0fb3a35bc | ITER: 5 START
2019-07-14 08:10:47.517 6214 INFO rally.task.runner [-] Task 1dc11c14-0b89-49d7-8078-08a0fb3a35bc | ITER: 1 END: OK
2019-07-14 08:10:47.521 6214 INFO rally.task.runner [-] Task 1dc11c14-0b89-49d7-8078-08a0fb3a35bc | ITER: 6 START
2019-07-14 08:10:47.546 6215 INFO rally.task.runner [-] Task 1dc11c14-0b89-49d7-8078-08a0fb3a35bc | ITER: 2 END: OK
2019-07-14 08:10:47.551 6215 INFO rally.task.runner [-] Task 1dc11c14-0b89-49d7-8078-08a0fb3a35bc | ITER: 7 START
2019-07-14 08:10:47.565 6217 INFO rally.task.runner [-] Task 1dc11c14-0b89-49d7-8078-08a0fb3a35bc | ITER: 4 END: OK
2019-07-14 08:10:47.569 6217 INFO rally.task.runner [-] Task 1dc11c14-0b89-49d7-8078-08a0fb3a35bc | ITER: 8 START
2019-07-14 08:10:48.542 6217 INFO rally.task.runner [-] Task 1dc11c14-0b89-49d7-8078-08a0fb3a35bc | ITER: 8 END: OK
2019-07-14 08:10:48.545 6217 INFO rally.task.runner [-] Task 1dc11c14-0b89-49d7-8078-08a0fb3a35bc | ITER: 9 START
2019-07-14 08:10:48.565 6214 INFO rally.task.runner [-] Task 1dc11c14-0b89-49d7-8078-08a0fb3a35bc | ITER: 6 END: OK
2019-07-14 08:10:48.570 6214 INFO rally.task.runner [-] Task 1dc11c14-0b89-49d7-8078-08a0fb3a35bc | ITER: 10 START
2019-07-14 08:10:48.610 6215 INFO rally.task.runner [-] Task 1dc11c14-0b89-49d7-8078-08a0fb3a35bc | ITER: 7 END: OK
2019-07-14 08:10:48.624 6216 INFO rally.task.runner [-] Task 1dc11c14-0b89-49d7-8078-08a0fb3a35bc | ITER: 5 END: OK
2019-07-14 08:10:49.462 6214 INFO rally.task.runner [-] Task 1dc11c14-0b89-49d7-8078-08a0fb3a35bc | ITER: 10 END: OK
2019-07-14 08:10:49.511 6217 INFO rally.task.runner [-] Task 1dc11c14-0b89-49d7-8078-08a0fb3a35bc | ITER: 9 END: OK
2019-07-14 08:10:49.533 1842 INFO rally.task.context [-] Task 1dc11c14-0b89-49d7-8078-08a0fb3a35bc | Context admin_cleanup@openstack cleanup() started
2019-07-14 08:10:49.535 1842 RALLYDEBUG rally_openstack.cleanup.manager [-] Cleaning up cinder volume_types objects
2019-07-14 08:10:50.213 1842 RALLYDEBUG rally_openstack.cleanup.manager [-] Deleting cinder.volume_types object s_rally_cc67b8ae_oNRQ3ofI (0f6b3e23-b825-4b01-b263-bbb985db12a2)
2019-07-14 08:10:50.216 1842 RALLYDEBUG rally_openstack.cleanup.manager [-] Deleting cinder.volume_types object s_rally_cc67b8ae_A3S4KyIs (6851f0ab-98f5-449d-a139-2ef90a663cc1)
2019-07-14 08:10:50.220 1842 RALLYDEBUG rally_openstack.cleanup.manager [-] Deleting cinder.volume_types object s_rally_cc67b8ae_0Lm1uhpk (68eb48e0-851a-40a7-b562-8249369fd3bf)
2019-07-14 08:10:50.225 1842 RALLYDEBUG rally_openstack.cleanup.manager [-] Deleting cinder.volume_types object s_rally_cc67b8ae_i4qWDG9V (21b56d51-0c25-4ec3-9a41-371969ef294c)
2019-07-14 08:10:50.228 1842 RALLYDEBUG rally_openstack.cleanup.manager [-] Deleting cinder.volume_types object s_rally_cc67b8ae_o8gfjftm (9b24f439-a61a-488e-844e-cde01d9c843d)
2019-07-14 08:10:50.240 1842 RALLYDEBUG rally_openstack.cleanup.manager [-] Deleting cinder.volume_types object s_rally_cc67b8ae_LMpTyGBi (0c6b0dff-66d8-465d-9c9f-3b7a7c1ded65)
2019-07-14 08:10:50.249 1842 RALLYDEBUG rally_openstack.cleanup.manager [-] Deleting cinder.volume_types object s_rally_cc67b8ae_x8OZVJPk (af37f1b3-b188-486f-9aa5-0219113cbb2d)
2019-07-14 08:10:50.251 1842 RALLYDEBUG rally_openstack.cleanup.manager [-] Deleting cinder.volume_types object s_rally_cc67b8ae_FBUOE48W (64d4c113-cf33-4b03-8e50-827f6338e27f)
2019-07-14 08:10:50.255 1842 RALLYDEBUG rally_openstack.cleanup.manager [-] Deleting cinder.volume_types object s_rally_cc67b8ae_xbeyh76L (c098de1d-2245-47ba-9129-4f9ba204634e)
2019-07-14 08:10:50.255 1842 RALLYDEBUG rally_openstack.cleanup.manager [-] Deleting cinder.volume_types object s_rally_cc67b8ae_sNqA2ALH (03ce4da9-c681-4a69-8f6e-93f7cb4753e5)
2019-07-14 08:10:52.701 1842 RALLYDEBUG rally_openstack.cleanup.manager [-] Cleaning up cinder image_volumes_cache objects
2019-07-14 08:10:53.786 1842 RALLYDEBUG rally_openstack.cleanup.manager [-] Cleaning up cinder quotas objects
2019-07-14 08:10:55.160 1842 RALLYDEBUG rally_openstack.cleanup.manager [-] Cleaning up cinder qos_specs objects
2019-07-14 08:10:55.825 1842 INFO rally.task.context [-] Task 1dc11c14-0b89-49d7-8078-08a0fb3a35bc | Context admin_cleanup@openstack cleanup() finished in 6.29 sec
2019-07-14 08:10:55.826 1842 INFO rally.task.context [-] Task 1dc11c14-0b89-49d7-8078-08a0fb3a35bc | Context api_versions@openstack cleanup() started
2019-07-14 08:10:55.826 1842 INFO rally.task.context [-] Task 1dc11c14-0b89-49d7-8078-08a0fb3a35bc | Context api_versions@openstack cleanup() finished in 0.33 msec
2019-07-14 08:10:55.826 1842 INFO rally.task.context [-] Task 1dc11c14-0b89-49d7-8078-08a0fb3a35bc | Context users@openstack cleanup() started
2019-07-14 08:11:02.745 1842 INFO rally.task.context [-] Task 1dc11c14-0b89-49d7-8078-08a0fb3a35bc | Context users@openstack cleanup() finished in 6.92 sec
2019-07-14 08:11:03.641 1842 INFO rally.task.engine [-] Load duration is: 3.127019
2019-07-14 08:11:03.642 1842 INFO rally.task.engine [-] Full runner duration is: 3.172299
2019-07-14 08:11:03.642 1842 INFO rally.task.engine [-] Full duration is: 21.205841
2019-07-14 08:11:03.838 1842 INFO rally.task.engine [-] Running workload: position = 0 config = { "version": 2, "title": "A cropped version of a bigger task.", "description": "Auto-generated task from a single workload (uuid=61e9e223-a32d-43fe-8269-3e349458afad)", "subtasks": [ { "title": "CinderVolumeTypes.create_volume_type_add_and_list_type_access", "description": "Add and list volume type access for the given project.", "scenario": { "CinderVolumeTypes.create_volume_type_add_and_list_type_access": { "description": "rally tests creating types" } }, "contexts": { "users": { "tenants": 3, "users_per_tenant": 2 }, "api_versions": { "cinder": { "version": 3, "service_type": "volumev3" } } }, "runner": { "constant": { "concurrency": 4, "times": 10 } }, "hooks": [], "sla": { "failure_rate": { "max": 0 } } } ] }
2019-07-14 08:11:03.861 1842 RALLYDEBUG rally_openstack.contexts.keystone.users [-] Creating 3 tenants using 20 threads
2019-07-14 08:11:05.608 1842 RALLYDEBUG rally_openstack.contexts.keystone.users [-] Creating 6 users using 20 threads
2019-07-14 08:11:08.393 1842 INFO rally.task.context [-] Task 1dc11c14-0b89-49d7-8078-08a0fb3a35bc | Context users@openstack setup() finished in 4.53 sec
2019-07-14 08:11:08.815 1842 INFO rally.task.context [-] Task 1dc11c14-0b89-49d7-8078-08a0fb3a35bc | Context api_versions@openstack setup() finished in 0.42 sec
2019-07-14 08:11:08.816 1842 INFO rally.task.context [-] Task 1dc11c14-0b89-49d7-8078-08a0fb3a35bc | Context admin_cleanup@openstack setup() finished in 0.00 msec
2019-07-14 08:11:08.823 1842 RALLYDEBUG rally.task.runner [-] Starting the constant runner (task UUID: 1dc11c14-0b89-49d7-8078-08a0fb3a35bc). timeout: 0 concurrency: 4 concurrency_per_worker: 1 times: 10 concurrency_overhead: 0 processes_to_start: 4 max_cpu_used: 16
2019-07-14 08:11:08.836 6398 RALLYDEBUG rally.task.runner [-] Starting a worker. concurrency: 1 args: {"description": "rally tests creating types"} times: 10 method_name: run timeout: 0 duration: None cls:
2019-07-14 08:11:08.839 6399 RALLYDEBUG rally.task.runner [-] Starting a worker. concurrency: 1 args: {"description": "rally tests creating types"} times: 10 method_name: run timeout: 0 duration: None cls:
2019-07-14 08:11:08.842 6400 RALLYDEBUG rally.task.runner [-] Starting a worker. concurrency: 1 args: {"description": "rally tests creating types"} times: 10 method_name: run timeout: 0 duration: None cls:
2019-07-14 08:11:08.843 6398 INFO rally.task.runner [-] Task 1dc11c14-0b89-49d7-8078-08a0fb3a35bc | ITER: 1 START
2019-07-14 08:11:08.845 6401 RALLYDEBUG rally.task.runner [-] Starting a worker. concurrency: 1 args: {"description": "rally tests creating types"} times: 10 method_name: run timeout: 0 duration: None cls:
2019-07-14 08:11:08.846 6399 INFO rally.task.runner [-] Task 1dc11c14-0b89-49d7-8078-08a0fb3a35bc | ITER: 2 START
2019-07-14 08:11:08.849 6400 INFO rally.task.runner [-] Task 1dc11c14-0b89-49d7-8078-08a0fb3a35bc | ITER: 3 START
2019-07-14 08:11:08.852 6401 INFO rally.task.runner [-] Task 1dc11c14-0b89-49d7-8078-08a0fb3a35bc | ITER: 4 START
2019-07-14 08:11:09.301 6400 DEBUG cinderclient.v2.client [-] REQ: curl -g -i -X POST http://172.30.9.21:8776/v3/2a7b526ce31e4aa1b73f849add6949b9/types -H "Accept: application/json" -H "Content-Type: application/json" -H "User-Agent: python-cinderclient" -H "X-Auth-Token: {SHA1}ec1b682e56d253a1fec3dae17e2a7bc6f71b3d9d" -d '{"volume_type": {"os-volume-type-access:is_public": false, "name": "s_rally_61e9e223_rt5NI4nT", "description": "rally tests creating types"}}' _http_log_request /usr/lib/python2.7/site-packages/keystoneauth1/session.py:448
2019-07-14 08:11:09.303 6398 DEBUG cinderclient.v2.client [-] REQ: curl -g -i -X POST http://172.30.9.21:8776/v3/2a7b526ce31e4aa1b73f849add6949b9/types -H "Accept: application/json" -H "Content-Type: application/json" -H "User-Agent: python-cinderclient" -H "X-Auth-Token: {SHA1}2aff5796fcd3ae41b3138a5b9764574ff131c086" -d '{"volume_type": {"os-volume-type-access:is_public": false, "name": "s_rally_61e9e223_dxjvPeqX", "description": "rally tests creating types"}}' _http_log_request /usr/lib/python2.7/site-packages/keystoneauth1/session.py:448
2019-07-14 08:11:09.318 6401 DEBUG cinderclient.v2.client [-] REQ: curl -g -i -X POST http://172.30.9.21:8776/v3/2a7b526ce31e4aa1b73f849add6949b9/types -H "Accept: application/json" -H "Content-Type: application/json" -H "User-Agent: python-cinderclient" -H "X-Auth-Token: {SHA1}0d867d217db0b28f9a3c3490ed620f8b13a0fc8d" -d '{"volume_type": {"os-volume-type-access:is_public": false, "name": "s_rally_61e9e223_EtVfqt7w", "description": "rally tests creating types"}}' _http_log_request /usr/lib/python2.7/site-packages/keystoneauth1/session.py:448
2019-07-14 08:11:09.420 6399 DEBUG cinderclient.v2.client [-] REQ: curl -g -i -X POST http://172.30.9.21:8776/v3/2a7b526ce31e4aa1b73f849add6949b9/types -H "Accept: application/json" -H "Content-Type: application/json" -H "User-Agent: python-cinderclient" -H "X-Auth-Token: {SHA1}d404d70b67f5c4460bae25635ef7a9c933e96650" -d '{"volume_type": {"os-volume-type-access:is_public": false, "name": "s_rally_61e9e223_hFcAiFix", "description": "rally tests creating types"}}' _http_log_request /usr/lib/python2.7/site-packages/keystoneauth1/session.py:448
2019-07-14 08:11:09.614 6398 DEBUG cinderclient.v2.client [-] RESP: [200] Content-Encoding: gzip Content-Length: 181 Content-Type: application/json Date: Sun, 14 Jul 2019 08:11:09 GMT OpenStack-API-Version: volume 3.0 Server: Apache Vary: OpenStack-API-Version,Accept-Encoding x-compute-request-id: req-1ab9d580-53a4-47ed-b505-f35bfc5bbfc1 x-openstack-request-id: req-1ab9d580-53a4-47ed-b505-f35bfc5bbfc1 _http_log_response /usr/lib/python2.7/site-packages/keystoneauth1/session.py:479
2019-07-14 08:11:09.614 6398 DEBUG cinderclient.v2.client [-] RESP BODY: {"volume_type": {"name": "s_rally_61e9e223_dxjvPeqX", "extra_specs": {}, "os-volume-type-access:is_public": false, "is_public": false, "id": "5ec87246-6ca0-48b4-b22f-b93b09e263f8", "description": "rally tests creating types"}} _http_log_response /usr/lib/python2.7/site-packages/keystoneauth1/session.py:511
2019-07-14 08:11:09.615 6398 DEBUG cinderclient.v2.client [-] POST call to volumev2 for http://172.30.9.21:8776/v3/2a7b526ce31e4aa1b73f849add6949b9/types used request id req-1ab9d580-53a4-47ed-b505-f35bfc5bbfc1 request /usr/lib/python2.7/site-packages/keystoneauth1/session.py:844
2019-07-14 08:11:09.617 6398 DEBUG cinderclient.v2.client [-] REQ: curl -g -i -X POST http://172.30.9.21:8776/v3/2a7b526ce31e4aa1b73f849add6949b9/types/5ec87246-6ca0-48b4-b22f-b93b09e263f8/action -H "Accept: application/json" -H "Content-Type: application/json" -H "User-Agent: python-cinderclient" -H "X-Auth-Token: {SHA1}2aff5796fcd3ae41b3138a5b9764574ff131c086" -H "X-OpenStack-Request-ID: req-1ab9d580-53a4-47ed-b505-f35bfc5bbfc1" -d '{"addProjectAccess": {"project": "2058498f17a54a7bb1662700fc529a0e"}}' _http_log_request /usr/lib/python2.7/site-packages/keystoneauth1/session.py:448
2019-07-14 08:11:09.626 6400 DEBUG cinderclient.v2.client [-] RESP: [200] Content-Encoding: gzip Content-Length: 181 Content-Type: application/json Date: Sun, 14 Jul 2019 08:11:09 GMT OpenStack-API-Version: volume 3.0 Server: Apache Vary: OpenStack-API-Version,Accept-Encoding x-compute-request-id: req-d0c91552-fb0d-425a-8679-d55bdab6af3e x-openstack-request-id: req-d0c91552-fb0d-425a-8679-d55bdab6af3e _http_log_response /usr/lib/python2.7/site-packages/keystoneauth1/session.py:479
2019-07-14 08:11:09.627 6400 DEBUG cinderclient.v2.client [-] RESP BODY: {"volume_type": {"name": "s_rally_61e9e223_rt5NI4nT", "extra_specs": {}, "os-volume-type-access:is_public": false, "is_public": false, "id": "62a9f30e-9c06-4b37-99e2-b924c46e9f38", "description": "rally tests creating types"}} _http_log_response /usr/lib/python2.7/site-packages/keystoneauth1/session.py:511
2019-07-14 08:11:09.627 6400 DEBUG cinderclient.v2.client [-] POST call to volumev2 for http://172.30.9.21:8776/v3/2a7b526ce31e4aa1b73f849add6949b9/types used request id req-d0c91552-fb0d-425a-8679-d55bdab6af3e request /usr/lib/python2.7/site-packages/keystoneauth1/session.py:844
2019-07-14 08:11:09.629 6400 DEBUG cinderclient.v2.client [-] REQ: curl -g -i -X POST http://172.30.9.21:8776/v3/2a7b526ce31e4aa1b73f849add6949b9/types/62a9f30e-9c06-4b37-99e2-b924c46e9f38/action -H "Accept: application/json" -H "Content-Type: application/json" -H "User-Agent: python-cinderclient" -H "X-Auth-Token: {SHA1}ec1b682e56d253a1fec3dae17e2a7bc6f71b3d9d" -H "X-OpenStack-Request-ID: req-d0c91552-fb0d-425a-8679-d55bdab6af3e" -d '{"addProjectAccess": {"project": "2058498f17a54a7bb1662700fc529a0e"}}' _http_log_request /usr/lib/python2.7/site-packages/keystoneauth1/session.py:448
2019-07-14 08:11:09.649 6401 DEBUG cinderclient.v2.client [-] RESP: [200] Content-Encoding: gzip Content-Length: 179 Content-Type: application/json Date: Sun, 14 Jul 2019 08:11:09 GMT OpenStack-API-Version: volume 3.0 Server: Apache Vary: OpenStack-API-Version,Accept-Encoding x-compute-request-id: req-59ffeef6-c77f-4bb1-973e-e36d83fbbf82 x-openstack-request-id: req-59ffeef6-c77f-4bb1-973e-e36d83fbbf82 _http_log_response /usr/lib/python2.7/site-packages/keystoneauth1/session.py:479
2019-07-14 08:11:09.650 6401 DEBUG cinderclient.v2.client [-] RESP BODY: {"volume_type": {"name": "s_rally_61e9e223_EtVfqt7w", "extra_specs": {}, "os-volume-type-access:is_public": false, "is_public": false, "id": "31c77d54-46fe-463e-99f9-9f2533f2c9b1", "description": "rally tests creating types"}} _http_log_response /usr/lib/python2.7/site-packages/keystoneauth1/session.py:511
2019-07-14 08:11:09.650 6401 DEBUG cinderclient.v2.client [-] POST call to volumev2 for http://172.30.9.21:8776/v3/2a7b526ce31e4aa1b73f849add6949b9/types used request id req-59ffeef6-c77f-4bb1-973e-e36d83fbbf82 request /usr/lib/python2.7/site-packages/keystoneauth1/session.py:844
2019-07-14 08:11:09.652 6401 DEBUG cinderclient.v2.client [-] REQ: curl -g -i -X POST http://172.30.9.21:8776/v3/2a7b526ce31e4aa1b73f849add6949b9/types/31c77d54-46fe-463e-99f9-9f2533f2c9b1/action -H "Accept: application/json" -H "Content-Type: application/json" -H "User-Agent: python-cinderclient" -H "X-Auth-Token: {SHA1}0d867d217db0b28f9a3c3490ed620f8b13a0fc8d" -H "X-OpenStack-Request-ID: req-59ffeef6-c77f-4bb1-973e-e36d83fbbf82" -d '{"addProjectAccess": {"project": "2058498f17a54a7bb1662700fc529a0e"}}' _http_log_request /usr/lib/python2.7/site-packages/keystoneauth1/session.py:448
2019-07-14 08:11:09.757 6399 DEBUG cinderclient.v2.client [-] RESP: [200] Content-Encoding: gzip Content-Length: 180 Content-Type: application/json Date: Sun, 14 Jul 2019 08:11:09 GMT OpenStack-API-Version: volume 3.0 Server: Apache Vary: OpenStack-API-Version,Accept-Encoding x-compute-request-id: req-358cc2a8-9090-43e4-8e3b-43ecebb75a29 x-openstack-request-id: req-358cc2a8-9090-43e4-8e3b-43ecebb75a29 _http_log_response /usr/lib/python2.7/site-packages/keystoneauth1/session.py:479
2019-07-14 08:11:09.758 6399 DEBUG cinderclient.v2.client [-] RESP BODY: {"volume_type": {"name": "s_rally_61e9e223_hFcAiFix", "extra_specs": {}, "os-volume-type-access:is_public": false, "is_public": false, "id": "2b226562-f75a-4a9c-a839-41ab1256757f", "description": "rally tests creating types"}} _http_log_response /usr/lib/python2.7/site-packages/keystoneauth1/session.py:511
2019-07-14 08:11:09.758 6399 DEBUG cinderclient.v2.client [-] POST call to volumev2 for http://172.30.9.21:8776/v3/2a7b526ce31e4aa1b73f849add6949b9/types used request id req-358cc2a8-9090-43e4-8e3b-43ecebb75a29 request /usr/lib/python2.7/site-packages/keystoneauth1/session.py:844
2019-07-14 08:11:09.760 6399 DEBUG cinderclient.v2.client [-] REQ: curl -g -i -X POST http://172.30.9.21:8776/v3/2a7b526ce31e4aa1b73f849add6949b9/types/2b226562-f75a-4a9c-a839-41ab1256757f/action -H "Accept: application/json" -H "Content-Type: application/json" -H "User-Agent: python-cinderclient" -H "X-Auth-Token: {SHA1}d404d70b67f5c4460bae25635ef7a9c933e96650" -H "X-OpenStack-Request-ID: req-358cc2a8-9090-43e4-8e3b-43ecebb75a29" -d '{"addProjectAccess": {"project": "23794db4fcd944789cc9f3302b541198"}}' _http_log_request /usr/lib/python2.7/site-packages/keystoneauth1/session.py:448
2019-07-14 08:11:09.957 6401 DEBUG cinderclient.v2.client [-] RESP: [202] Content-Length: 0 Content-Type: text/html; charset=UTF-8 Date: Sun, 14 Jul 2019 08:11:09 GMT OpenStack-API-Version: volume 3.0 Server: Apache Vary: OpenStack-API-Version x-openstack-request-id: req-330542b7-bf68-4c6d-8814-93a71d69c704 _http_log_response /usr/lib/python2.7/site-packages/keystoneauth1/session.py:479
2019-07-14 08:11:09.957 6400 DEBUG cinderclient.v2.client [-] RESP: [202] Content-Length: 0 Content-Type: text/html; charset=UTF-8 Date: Sun, 14 Jul 2019 08:11:09 GMT OpenStack-API-Version: volume 3.0 Server: Apache Vary: OpenStack-API-Version x-openstack-request-id: req-e44eb64c-662f-4f33-b152-664afc6e6941 _http_log_response /usr/lib/python2.7/site-packages/keystoneauth1/session.py:479
2019-07-14 08:11:09.958 6401 DEBUG cinderclient.v2.client [-] RESP BODY: Omitted, Content-Type is set to text/html; charset=UTF-8. Only application/json responses have their bodies logged. _http_log_response /usr/lib/python2.7/site-packages/keystoneauth1/session.py:511
2019-07-14 08:11:09.958 6400 DEBUG cinderclient.v2.client [-] RESP BODY: Omitted, Content-Type is set to text/html; charset=UTF-8. Only application/json responses have their bodies logged. _http_log_response /usr/lib/python2.7/site-packages/keystoneauth1/session.py:511
2019-07-14 08:11:09.958 6401 DEBUG cinderclient.v2.client [-] POST call to volumev2 for http://172.30.9.21:8776/v3/2a7b526ce31e4aa1b73f849add6949b9/types/31c77d54-46fe-463e-99f9-9f2533f2c9b1/action used request id req-330542b7-bf68-4c6d-8814-93a71d69c704 request /usr/lib/python2.7/site-packages/keystoneauth1/session.py:844
2019-07-14 08:11:09.958 6400 DEBUG cinderclient.v2.client [-] POST call to volumev2 for http://172.30.9.21:8776/v3/2a7b526ce31e4aa1b73f849add6949b9/types/62a9f30e-9c06-4b37-99e2-b924c46e9f38/action used request id req-e44eb64c-662f-4f33-b152-664afc6e6941 request /usr/lib/python2.7/site-packages/keystoneauth1/session.py:844
2019-07-14 08:11:09.959 6401 DEBUG cinderclient.v2.client [-] REQ: curl -g -i -X GET http://172.30.9.21:8776/v3/2a7b526ce31e4aa1b73f849add6949b9/types/31c77d54-46fe-463e-99f9-9f2533f2c9b1/os-volume-type-access -H "Accept: application/json" -H "User-Agent: python-cinderclient" -H "X-Auth-Token: {SHA1}0d867d217db0b28f9a3c3490ed620f8b13a0fc8d" -H "X-OpenStack-Request-ID: req-59ffeef6-c77f-4bb1-973e-e36d83fbbf82" _http_log_request /usr/lib/python2.7/site-packages/keystoneauth1/session.py:448
2019-07-14 08:11:09.959 6400 DEBUG cinderclient.v2.client [-] REQ: curl -g -i -X GET http://172.30.9.21:8776/v3/2a7b526ce31e4aa1b73f849add6949b9/types/62a9f30e-9c06-4b37-99e2-b924c46e9f38/os-volume-type-access -H "Accept: application/json" -H "User-Agent: python-cinderclient" -H "X-Auth-Token: {SHA1}ec1b682e56d253a1fec3dae17e2a7bc6f71b3d9d" -H "X-OpenStack-Request-ID: req-d0c91552-fb0d-425a-8679-d55bdab6af3e" _http_log_request /usr/lib/python2.7/site-packages/keystoneauth1/session.py:448
2019-07-14 08:11:10.035 6398 DEBUG cinderclient.v2.client [-] RESP: [202] Content-Length: 0 Content-Type: text/html; charset=UTF-8 Date: Sun, 14 Jul 2019 08:11:09 GMT OpenStack-API-Version: volume 3.0 Server: Apache Vary: OpenStack-API-Version x-openstack-request-id: req-ebcf1258-bedd-4a76-baab-1678ddc52188 _http_log_response /usr/lib/python2.7/site-packages/keystoneauth1/session.py:479
2019-07-14 08:11:10.035 6398 DEBUG cinderclient.v2.client [-] RESP BODY: Omitted, Content-Type is set to text/html; charset=UTF-8. Only application/json responses have their bodies logged. _http_log_response /usr/lib/python2.7/site-packages/keystoneauth1/session.py:511
2019-07-14 08:11:10.035 6398 DEBUG cinderclient.v2.client [-] POST call to volumev2 for http://172.30.9.21:8776/v3/2a7b526ce31e4aa1b73f849add6949b9/types/5ec87246-6ca0-48b4-b22f-b93b09e263f8/action used request id req-eb