2019-07-13 11:42:17.482 23244 WARNING rally_openstack.scenarios.neutron.utils [-] Running this scenario without either the 'network' or 'existing_network' context is deprecated
2019-07-13 11:42:17.526 23284 INFO rally.task.runner [-] Task d85b3a48-19ed-40cc-9e1c-ef0258530be9 | ITER: 18 END: OK
2019-07-13 11:42:17.530 23284 INFO rally.task.runner [-] Task d85b3a48-19ed-40cc-9e1c-ef0258530be9 | ITER: 40 START
2019-07-13 11:42:17.531 23284 WARNING rally_openstack.scenarios.neutron.utils [-] Running this scenario without either the 'network' or 'existing_network' context is deprecated
2019-07-13 11:42:28.566 23271 INFO rally.task.runner [-] Task d85b3a48-19ed-40cc-9e1c-ef0258530be9 | ITER: 21 END: OK
2019-07-13 11:42:29.308 23245 INFO rally.task.runner [-] Task d85b3a48-19ed-40cc-9e1c-ef0258530be9 | ITER: 23 END: OK
2019-07-13 11:42:29.620 23268 INFO rally.task.runner [-] Task d85b3a48-19ed-40cc-9e1c-ef0258530be9 | ITER: 29 END: OK
2019-07-13 11:42:30.762 23274 INFO rally.task.runner [-] Task d85b3a48-19ed-40cc-9e1c-ef0258530be9 | ITER: 27 END: OK
2019-07-13 11:42:30.881 23288 INFO rally.task.runner [-] Task d85b3a48-19ed-40cc-9e1c-ef0258530be9 | ITER: 26 END: OK
2019-07-13 11:42:31.340 23281 INFO rally.task.runner [-] Task d85b3a48-19ed-40cc-9e1c-ef0258530be9 | ITER: 24 END: OK
2019-07-13 11:42:31.586 23245 INFO rally.task.runner [-] Task d85b3a48-19ed-40cc-9e1c-ef0258530be9 | ITER: 32 END: OK
2019-07-13 11:42:31.846 23285 INFO rally.task.runner [-] Task d85b3a48-19ed-40cc-9e1c-ef0258530be9 | ITER: 25 END: OK
2019-07-13 11:42:32.038 23246 INFO rally.task.runner [-] Task d85b3a48-19ed-40cc-9e1c-ef0258530be9 | ITER: 22 END: OK
2019-07-13 11:42:32.139 23243 INFO rally.task.runner [-] Task d85b3a48-19ed-40cc-9e1c-ef0258530be9 | ITER: 31 END: OK
2019-07-13 11:42:32.306 23252 INFO rally.task.runner [-] Task d85b3a48-19ed-40cc-9e1c-ef0258530be9 | ITER: 30 END: OK
2019-07-13 11:42:32.558 23244 INFO rally.task.runner [-] Task d85b3a48-19ed-40cc-9e1c-ef0258530be9 | ITER: 39 END: OK
2019-07-13 11:42:32.600 23248 INFO rally.task.runner [-] Task d85b3a48-19ed-40cc-9e1c-ef0258530be9 | ITER: 37 END: OK
2019-07-13 11:42:32.814 23246 INFO rally.task.runner [-] Task d85b3a48-19ed-40cc-9e1c-ef0258530be9 | ITER: 28 END: OK
2019-07-13 11:42:32.854 23261 INFO rally.task.runner [-] Task d85b3a48-19ed-40cc-9e1c-ef0258530be9 | ITER: 38 END: OK
2019-07-13 11:42:33.299 23244 INFO rally.task.runner [-] Task d85b3a48-19ed-40cc-9e1c-ef0258530be9 | ITER: 35 END: OK
2019-07-13 11:42:33.883 23265 INFO rally.task.runner [-] Task d85b3a48-19ed-40cc-9e1c-ef0258530be9 | ITER: 33 END: OK
2019-07-13 11:42:33.934 23243 INFO rally.task.runner [-] Task d85b3a48-19ed-40cc-9e1c-ef0258530be9 | ITER: 34 END: OK
2019-07-13 11:42:34.210 23284 INFO rally.task.runner [-] Task d85b3a48-19ed-40cc-9e1c-ef0258530be9 | ITER: 40 END: OK
2019-07-13 11:42:34.797 23255 INFO rally.task.runner [-] Task d85b3a48-19ed-40cc-9e1c-ef0258530be9 | ITER: 36 END: OK
2019-07-13 11:42:34.825 18997 INFO rally.task.context [-] Task d85b3a48-19ed-40cc-9e1c-ef0258530be9 | Context cleanup@openstack cleanup() started
2019-07-13 11:42:34.828 18997 RALLYDEBUG rally_openstack.cleanup.manager [-] Cleaning up neutron vip objects
2019-07-13 11:42:35.467 18997 RALLYDEBUG rally_openstack.cleanup.manager [-] Cleaning up neutron health_monitor objects
2019-07-13 11:42:36.143 18997 RALLYDEBUG rally_openstack.cleanup.manager [-] Cleaning up neutron pool objects
2019-07-13 11:42:36.782 18997 RALLYDEBUG rally_openstack.cleanup.manager [-] Cleaning up neutron loadbalancer objects
2019-07-13 11:42:37.421 18997 RALLYDEBUG rally_openstack.cleanup.manager [-] Cleaning up neutron floatingip objects
2019-07-13 11:42:38.122 18997 RALLYDEBUG rally_openstack.cleanup.manager [-] Cleaning up neutron port objects
2019-07-13 11:42:39.073 18997 RALLYDEBUG rally_openstack.cleanup.manager [-] Cleaning up neutron subnet objects
2019-07-13 11:42:39.824 18997 RALLYDEBUG rally_openstack.cleanup.manager [-] Cleaning up neutron network objects
2019-07-13 11:42:40.861 18997 RALLYDEBUG rally_openstack.cleanup.manager [-] Deleting neutron.network object s_rally_41e04fc1_fB3a0Aut (18c82f7a-6bfe-4c42-a2d9-2eb78aff5831)
2019-07-13 11:42:40.861 18997 RALLYDEBUG rally_openstack.cleanup.manager [-] Deleting neutron.network object s_rally_41e04fc1_gjfoxgS1 (19101384-7c96-4c26-b339-d3e78c1a12f3)
2019-07-13 11:42:40.871 18997 RALLYDEBUG rally_openstack.cleanup.manager [-] Deleting neutron.network object s_rally_41e04fc1_BCBlvqPd (2391487f-f591-49be-9fb3-4f108b336710)
2019-07-13 11:42:40.881 18997 RALLYDEBUG rally_openstack.cleanup.manager [-] Deleting neutron.network object s_rally_41e04fc1_XsaobjBi (266fb274-fc3c-404a-815b-1b3bbf6c3e8b)
2019-07-13 11:42:40.883 18997 RALLYDEBUG rally_openstack.cleanup.manager [-] Deleting neutron.network object s_rally_41e04fc1_hXc5W1fY (2999bad0-1dd6-4187-8930-1b1d1231067b)
2019-07-13 11:42:40.896 18997 RALLYDEBUG rally_openstack.cleanup.manager [-] Deleting neutron.network object s_rally_41e04fc1_gbv8Dm8x (2e440558-36ec-4e5a-b0b0-bacb53133787)
2019-07-13 11:42:40.911 18997 RALLYDEBUG rally_openstack.cleanup.manager [-] Deleting neutron.network object s_rally_41e04fc1_CMNUodls (3eac443a-0a54-4725-9910-b5f46b39b4b2)
2019-07-13 11:42:40.924 18997 RALLYDEBUG rally_openstack.cleanup.manager [-] Deleting neutron.network object s_rally_41e04fc1_c6I9Qk1R (54ad91bd-8320-4d9a-b2c7-ef05a4e5e57a)
2019-07-13 11:42:40.930 18997 RALLYDEBUG rally_openstack.cleanup.manager [-] Deleting neutron.network object s_rally_41e04fc1_la71w9fO (55750a74-12df-45e5-bbaa-a97460c6c256)
2019-07-13 11:42:40.952 18997 RALLYDEBUG rally_openstack.cleanup.manager [-] Deleting neutron.network object s_rally_41e04fc1_dllDDvPL (5895661f-1218-4afc-a4d7-b0046ec83bed)
2019-07-13 11:42:40.960 18997 RALLYDEBUG rally_openstack.cleanup.manager [-] Deleting neutron.network object s_rally_41e04fc1_8z9JdnKp (5e3e46ca-5ac5-4d23-a394-2440b91b6e8e)
2019-07-13 11:42:40.988 18997 RALLYDEBUG rally_openstack.cleanup.manager [-] Deleting neutron.network object s_rally_41e04fc1_YG66mAR1 (5f614370-e58b-4a4c-8748-ed628f598d7c)
2019-07-13 11:42:40.998 18997 RALLYDEBUG rally_openstack.cleanup.manager [-] Deleting neutron.network object s_rally_41e04fc1_nnnxCWs8 (5feed073-002d-478c-af3e-07d78cff2b64)
2019-07-13 11:42:41.005 18997 RALLYDEBUG rally_openstack.cleanup.manager [-] Deleting neutron.network object s_rally_41e04fc1_Hzdylxyy (602ee2e4-6f77-47d2-b66d-cb47f840af19)
2019-07-13 11:42:41.013 18997 RALLYDEBUG rally_openstack.cleanup.manager [-] Deleting neutron.network object s_rally_41e04fc1_9piKFk4q (6973ae54-8c97-4394-8f29-8d1692f89acf)
2019-07-13 11:42:41.020 18997 RALLYDEBUG rally_openstack.cleanup.manager [-] Deleting neutron.network object s_rally_41e04fc1_WihuewLG (8306a11b-c1e2-4e1f-9c86-d42223c9c205)
2019-07-13 11:42:41.029 18997 RALLYDEBUG rally_openstack.cleanup.manager [-] Deleting neutron.network object s_rally_41e04fc1_ia3EELAB (8618c957-53a7-4c9d-802b-007ae1622209)
2019-07-13 11:42:41.044 18997 RALLYDEBUG rally_openstack.cleanup.manager [-] Deleting neutron.network object s_rally_41e04fc1_VYCBWwxE (8b9324f7-e537-4d0b-93c1-d259c3eeb933)
2019-07-13 11:42:41.063 18997 RALLYDEBUG rally_openstack.cleanup.manager [-] Deleting neutron.network object s_rally_41e04fc1_LXbPuFlV (8c0d07fa-a6f1-4eba-ba76-c38aa008ccca)
2019-07-13 11:42:41.067 18997 RALLYDEBUG rally_openstack.cleanup.manager [-] Deleting neutron.network object s_rally_41e04fc1_NL9FM6yE (908c1251-6ad8-4509-91d5-c607a47b5b78)
2019-07-13 11:42:44.200 18997 RALLYDEBUG rally_openstack.cleanup.manager [-] Deleting neutron.network object s_rally_41e04fc1_FQqQhnBZ (9ccedd8c-c32b-45e5-87c7-e84c8d6bae69)
2019-07-13 11:42:44.365 18997 RALLYDEBUG rally_openstack.cleanup.manager [-] Deleting neutron.network object s_rally_41e04fc1_f5s7o0ez (a3a1132b-7508-4501-b872-5469580beaa4)
2019-07-13 11:42:44.380 18997 RALLYDEBUG rally_openstack.cleanup.manager [-] Deleting neutron.network object s_rally_41e04fc1_7RomylSD (a65a5fa3-fbfb-4089-b423-fc50f5e98dd7)
2019-07-13 11:42:44.532 18997 RALLYDEBUG rally_openstack.cleanup.manager [-] Deleting neutron.network object s_rally_41e04fc1_FcB2II85 (aa8666a5-a0e5-478e-95f3-65b09e96465b)
2019-07-13 11:42:44.658 18997 RALLYDEBUG rally_openstack.cleanup.manager [-] Deleting neutron.network object s_rally_41e04fc1_v8ddMq6F (ae2a318d-0269-4782-91e0-b47767a2adcc)
2019-07-13 11:42:44.784 18997 RALLYDEBUG rally_openstack.cleanup.manager [-] Deleting neutron.network object s_rally_41e04fc1_kihc2Mi7 (bffbc6d2-4db8-4103-968a-b8bbc3856152)
2019-07-13 11:42:44.802 18997 RALLYDEBUG rally_openstack.cleanup.manager [-] Deleting neutron.network object s_rally_41e04fc1_HwKsClaf (c4d9f717-759c-45a3-a2cf-4aca931b32d5)
2019-07-13 11:42:45.482 18997 RALLYDEBUG rally_openstack.cleanup.manager [-] Deleting neutron.network object s_rally_41e04fc1_9FJq7Rnj (c88b4642-3975-4d2d-883f-6b9cc48903c4)
2019-07-13 11:42:45.482 18997 RALLYDEBUG rally_openstack.cleanup.manager [-] Deleting neutron.network object s_rally_41e04fc1_TN8jujo7 (cf89a26f-a687-4ec7-9a3e-4def5f25fbe3)
2019-07-13 11:42:45.619 18997 RALLYDEBUG rally_openstack.cleanup.manager [-] Deleting neutron.network object s_rally_41e04fc1_PyrohOh6 (d092339a-d85d-407a-91da-ae7603ee9609)
2019-07-13 11:42:45.626 18997 RALLYDEBUG rally_openstack.cleanup.manager [-] Deleting neutron.network object s_rally_41e04fc1_JpGp2UEq (d2d2fd84-cdf2-47da-8a7e-494b5b39dcaf)
2019-07-13 11:42:45.684 18997 RALLYDEBUG rally_openstack.cleanup.manager [-] Deleting neutron.network object s_rally_41e04fc1_hrI3z3nC (d943cd0e-28ea-4b88-a9a1-71356653c230)
2019-07-13 11:42:45.696 18997 RALLYDEBUG rally_openstack.cleanup.manager [-] Deleting neutron.network object s_rally_41e04fc1_ckkdQtHR (df2714e1-b752-46e6-b2d1-04f51e1ef8e1)
2019-07-13 11:42:45.759 18997 RALLYDEBUG rally_openstack.cleanup.manager [-] Deleting neutron.network object s_rally_41e04fc1_Wk5BIyOX (e07fe47b-25da-44fe-8bd2-da78758c9408)
2019-07-13 11:42:45.765 18997 RALLYDEBUG rally_openstack.cleanup.manager [-] Deleting neutron.network object s_rally_41e04fc1_z01N0Egx (e9291a80-bea0-4bd8-a869-4d9542ed6dcc)
2019-07-13 11:42:45.804 18997 RALLYDEBUG rally_openstack.cleanup.manager [-] Deleting neutron.network object s_rally_41e04fc1_mYKgdoFN (f4a32587-4615-4563-931a-4aa4f9eaaea4)
2019-07-13 11:42:46.012 18997 RALLYDEBUG rally_openstack.cleanup.manager [-] Deleting neutron.network object s_rally_41e04fc1_OM9ptmD1 (f59f960b-d3be-4c10-9acc-8c171ebe1d16)
2019-07-13 11:42:46.038 18997 RALLYDEBUG rally_openstack.cleanup.manager [-] Deleting neutron.network object s_rally_41e04fc1_eyemhok3 (f622d254-4157-4ea1-9efb-074c3802b78b)
2019-07-13 11:42:47.006 18997 RALLYDEBUG rally_openstack.cleanup.manager [-] Deleting neutron.network object s_rally_41e04fc1_oeUD0EQo (f6a97840-c1ed-46a6-bc09-8a6c7f0ebde0)
2019-07-13 11:42:47.019 18997 RALLYDEBUG rally_openstack.cleanup.manager [-] Deleting neutron.network object s_rally_41e04fc1_PhpAZQ8B (fb892e9b-23c0-4d0e-ad3c-3f7124256914)
2019-07-13 11:42:50.418 18997 RALLYDEBUG rally_openstack.cleanup.manager [-] Cleaning up neutron router objects
2019-07-13 11:42:51.185 18997 RALLYDEBUG rally_openstack.cleanup.manager [-] Cleaning up neutron security_group objects
2019-07-13 11:42:51.895 18997 INFO rally.task.context [-] Task d85b3a48-19ed-40cc-9e1c-ef0258530be9 | Context cleanup@openstack cleanup() finished in 17.07 sec
2019-07-13 11:42:51.895 18997 INFO rally.task.context [-] Task d85b3a48-19ed-40cc-9e1c-ef0258530be9 | Context quotas@openstack cleanup() started
2019-07-13 11:42:52.238 18997 INFO rally.task.context [-] Task d85b3a48-19ed-40cc-9e1c-ef0258530be9 | Context quotas@openstack cleanup() finished in 0.34 sec
2019-07-13 11:42:52.239 18997 INFO rally.task.context [-] Task d85b3a48-19ed-40cc-9e1c-ef0258530be9 | Context users@openstack cleanup() started
2019-07-13 11:42:57.474 18997 INFO rally.task.context [-] Task d85b3a48-19ed-40cc-9e1c-ef0258530be9 | Context users@openstack cleanup() finished in 5.24 sec
2019-07-13 11:42:59.395 18997 INFO rally.task.engine [-] Load duration is: 37.94831
2019-07-13 11:42:59.395 18997 INFO rally.task.engine [-] Full runner duration is: 37.998842
2019-07-13 11:42:59.396 18997 INFO rally.task.engine [-] Full duration is: 66.450487
2019-07-13 11:42:59.657 18997 INFO rally.task.engine [-] Running workload: position = 0 config = { "version": 2, "title": "A cropped version of a bigger task.", "description": "Auto-generated task from a single workload (uuid=1ccd326e-429d-4913-a618-baf1e41c4592)", "subtasks": [ { "title": "Quotas.neutron_update", "description": "Update quotas for neutron.", "scenario": { "Quotas.neutron_update": { "max_quota": 1024 } }, "contexts": { "users": { "tenants": 20, "users_per_tenant": 1 } }, "runner": { "constant": { "times": 40, "concurrency": 20 } }, "hooks": [], "sla": { "failure_rate": { "max": 0 } } } ] }
2019-07-13 11:42:59.680 18997 RALLYDEBUG rally_openstack.contexts.keystone.users [-] Creating 20 tenants using 20 threads
2019-07-13 11:43:02.427 18997 RALLYDEBUG rally_openstack.contexts.keystone.users [-] Creating 20 users using 20 threads
2019-07-13 11:43:06.102 18997 INFO rally.task.context [-] Task d85b3a48-19ed-40cc-9e1c-ef0258530be9 | Context users@openstack setup() finished in 6.42 sec
2019-07-13 11:43:06.102 18997 INFO rally.task.context [-] Task d85b3a48-19ed-40cc-9e1c-ef0258530be9 | Context admin_cleanup@openstack setup() finished in 0.01 msec
2019-07-13 11:43:06.110 18997 RALLYDEBUG rally.task.runner [-] Starting the constant runner (task UUID: d85b3a48-19ed-40cc-9e1c-ef0258530be9). timeout: 0 concurrency: 20 concurrency_per_worker: 1 times: 40 concurrency_overhead: 4 processes_to_start: 16 max_cpu_used: 16
2019-07-13 11:43:06.124 23613 RALLYDEBUG rally.task.runner [-] Starting a worker. concurrency: 2 args: {"max_quota": 1024} times: 40 method_name: run timeout: 0 duration: None cls:
2019-07-13 11:43:06.126 23614 RALLYDEBUG rally.task.runner [-] Starting a worker. concurrency: 2 args: {"max_quota": 1024} times: 40 method_name: run timeout: 0 duration: None cls:
2019-07-13 11:43:06.129 23615 RALLYDEBUG rally.task.runner [-] Starting a worker. concurrency: 2 args: {"max_quota": 1024} times: 40 method_name: run timeout: 0 duration: None cls:
2019-07-13 11:43:06.132 23616 RALLYDEBUG rally.task.runner [-] Starting a worker. concurrency: 2 args: {"max_quota": 1024} times: 40 method_name: run timeout: 0 duration: None cls:
2019-07-13 11:43:06.135 23617 RALLYDEBUG rally.task.runner [-] Starting a worker. concurrency: 1 args: {"max_quota": 1024} times: 40 method_name: run timeout: 0 duration: None cls:
2019-07-13 11:43:06.137 23614 INFO rally.task.runner [-] Task d85b3a48-19ed-40cc-9e1c-ef0258530be9 | ITER: 2 START
2019-07-13 11:43:06.141 23613 INFO rally.task.runner [-] Task d85b3a48-19ed-40cc-9e1c-ef0258530be9 | ITER: 1 START
2019-07-13 11:43:06.141 23619 RALLYDEBUG rally.task.runner [-] Starting a worker. concurrency: 1 args: {"max_quota": 1024} times: 40 method_name: run timeout: 0 duration: None cls:
2019-07-13 11:43:06.141 23615 INFO rally.task.runner [-] Task d85b3a48-19ed-40cc-9e1c-ef0258530be9 | ITER: 3 START
2019-07-13 11:43:06.145 23617 INFO rally.task.runner [-] Task d85b3a48-19ed-40cc-9e1c-ef0258530be9 | ITER: 7 START
2019-07-13 11:43:06.148 23625 RALLYDEBUG rally.task.runner [-] Starting a worker. concurrency: 1 args: {"max_quota": 1024} times: 40 method_name: run timeout: 0 duration: None cls:
2019-07-13 11:43:06.149 23616 INFO rally.task.runner [-] Task d85b3a48-19ed-40cc-9e1c-ef0258530be9 | ITER: 5 START
2019-07-13 11:43:06.146 23615 INFO rally.task.runner [-] Task d85b3a48-19ed-40cc-9e1c-ef0258530be9 | ITER: 8 START
2019-07-13 11:43:06.150 23616 INFO rally.task.runner [-] Task d85b3a48-19ed-40cc-9e1c-ef0258530be9 | ITER: 9 START
2019-07-13 11:43:06.141 23613 INFO rally.task.runner [-] Task d85b3a48-19ed-40cc-9e1c-ef0258530be9 | ITER: 4 START
2019-07-13 11:43:06.155 23619 INFO rally.task.runner [-] Task d85b3a48-19ed-40cc-9e1c-ef0258530be9 | ITER: 10 START
2019-07-13 11:43:06.154 23629 RALLYDEBUG rally.task.runner [-] Starting a worker. concurrency: 1 args: {"max_quota": 1024} times: 40 method_name: run timeout: 0 duration: None cls:
2019-07-13 11:43:06.155 23614 INFO rally.task.runner [-] Task d85b3a48-19ed-40cc-9e1c-ef0258530be9 | ITER: 6 START
2019-07-13 11:43:06.158 23632 RALLYDEBUG rally.task.runner [-] Starting a worker. concurrency: 1 args: {"max_quota": 1024} times: 40 method_name: run timeout: 0 duration: None cls:
2019-07-13 11:43:06.160 23625 INFO rally.task.runner [-] Task d85b3a48-19ed-40cc-9e1c-ef0258530be9 | ITER: 11 START
2019-07-13 11:43:06.161 23636 RALLYDEBUG rally.task.runner [-] Starting a worker. concurrency: 1 args: {"max_quota": 1024} times: 40 method_name: run timeout: 0 duration: None cls:
2019-07-13 11:43:06.166 23639 RALLYDEBUG rally.task.runner [-] Starting a worker. concurrency: 1 args: {"max_quota": 1024} times: 40 method_name: run timeout: 0 duration: None cls:
2019-07-13 11:43:06.168 23642 RALLYDEBUG rally.task.runner [-] Starting a worker. concurrency: 1 args: {"max_quota": 1024} times: 40 method_name: run timeout: 0 duration: None cls:
2019-07-13 11:43:06.170 23629 INFO rally.task.runner [-] Task d85b3a48-19ed-40cc-9e1c-ef0258530be9 | ITER: 12 START
2019-07-13 11:43:06.173 23636 INFO rally.task.runner [-] Task d85b3a48-19ed-40cc-9e1c-ef0258530be9 | ITER: 14 START
2019-07-13 11:43:06.175 23643 RALLYDEBUG rally.task.runner [-] Starting a worker. concurrency: 1 args: {"max_quota": 1024} times: 40 method_name: run timeout: 0 duration: None cls:
2019-07-13 11:43:06.177 23632 INFO rally.task.runner [-] Task d85b3a48-19ed-40cc-9e1c-ef0258530be9 | ITER: 13 START
2019-07-13 11:43:06.177 23642 INFO rally.task.runner [-] Task d85b3a48-19ed-40cc-9e1c-ef0258530be9 | ITER: 16 START
2019-07-13 11:43:06.180 23639 INFO rally.task.runner [-] Task d85b3a48-19ed-40cc-9e1c-ef0258530be9 | ITER: 15 START
2019-07-13 11:43:06.184 23650 RALLYDEBUG rally.task.runner [-] Starting a worker. concurrency: 1 args: {"max_quota": 1024} times: 40 method_name: run timeout: 0 duration: None cls:
2019-07-13 11:43:06.190 23655 RALLYDEBUG rally.task.runner [-] Starting a worker. concurrency: 1 args: {"max_quota": 1024} times: 40 method_name: run timeout: 0 duration: None cls:
2019-07-13 11:43:06.186 23643 INFO rally.task.runner [-] Task d85b3a48-19ed-40cc-9e1c-ef0258530be9 | ITER: 17 START
2019-07-13 11:43:06.195 23650 INFO rally.task.runner [-] Task d85b3a48-19ed-40cc-9e1c-ef0258530be9 | ITER: 18 START
2019-07-13 11:43:06.196 23658 RALLYDEBUG rally.task.runner [-] Starting a worker. concurrency: 1 args: {"max_quota": 1024} times: 40 method_name: run timeout: 0 duration: None cls:
2019-07-13 11:43:06.199 23655 INFO rally.task.runner [-] Task d85b3a48-19ed-40cc-9e1c-ef0258530be9 | ITER: 19 START
2019-07-13 11:43:06.203 23658 INFO rally.task.runner [-] Task d85b3a48-19ed-40cc-9e1c-ef0258530be9 | ITER: 20 START
2019-07-13 11:43:07.640 23613 INFO rally.task.runner [-] Task d85b3a48-19ed-40cc-9e1c-ef0258530be9 | ITER: 1 END: OK
2019-07-13 11:43:07.646 23613 INFO rally.task.runner [-] Task d85b3a48-19ed-40cc-9e1c-ef0258530be9 | ITER: 21 START
2019-07-13 11:43:08.054 23616 INFO rally.task.runner [-] Task d85b3a48-19ed-40cc-9e1c-ef0258530be9 | ITER: 9 END: OK
2019-07-13 11:43:08.061 23616 INFO rally.task.runner [-] Task d85b3a48-19ed-40cc-9e1c-ef0258530be9 | ITER: 22 START
2019-07-13 11:43:08.077 23643 INFO rally.task.runner [-] Task d85b3a48-19ed-40cc-9e1c-ef0258530be9 | ITER: 17 END: OK
2019-07-13 11:43:08.085 23643 INFO rally.task.runner [-] Task d85b3a48-19ed-40cc-9e1c-ef0258530be9 | ITER: 23 START
2019-07-13 11:43:08.125 23650 INFO rally.task.runner [-] Task d85b3a48-19ed-40cc-9e1c-ef0258530be9 | ITER: 18 END: OK
2019-07-13 11:43:08.133 23650 INFO rally.task.runner [-] Task d85b3a48-19ed-40cc-9e1c-ef0258530be9 | ITER: 24 START
2019-07-13 11:43:08.165 23625 INFO rally.task.runner [-] Task d85b3a48-19ed-40cc-9e1c-ef0258530be9 | ITER: 11 END: OK
2019-07-13 11:43:08.172 23625 INFO rally.task.runner [-] Task d85b3a48-19ed-40cc-9e1c-ef0258530be9 | ITER: 25 START
2019-07-13 11:43:08.256 23617 INFO rally.task.runner [-] Task d85b3a48-19ed-40cc-9e1c-ef0258530be9 | ITER: 7 END: OK
2019-07-13 11:43:08.257 23613 INFO rally.task.runner [-] Task d85b3a48-19ed-40cc-9e1c-ef0258530be9 | ITER: 4 END: OK
2019-07-13 11:43:08.263 23617 INFO rally.task.runner [-] Task d85b3a48-19ed-40cc-9e1c-ef0258530be9 | ITER: 26 START
2019-07-13 11:43:08.263 23613 INFO rally.task.runner [-] Task d85b3a48-19ed-40cc-9e1c-ef0258530be9 | ITER: 27 START
2019-07-13 11:43:08.270 23614 INFO rally.task.runner [-] Task d85b3a48-19ed-40cc-9e1c-ef0258530be9 | ITER: 6 END: OK
2019-07-13 11:43:08.278 23614 INFO rally.task.runner [-] Task d85b3a48-19ed-40cc-9e1c-ef0258530be9 | ITER: 28 START
2019-07-13 11:43:08.300 23632 INFO rally.task.runner [-] Task d85b3a48-19ed-40cc-9e1c-ef0258530be9 | ITER: 13 END: OK
2019-07-13 11:43:08.305 23632 INFO rally.task.runner [-] Task d85b3a48-19ed-40cc-9e1c-ef0258530be9 | ITER: 29 START
2019-07-13 11:43:08.316 23615 INFO rally.task.runner [-] Task d85b3a48-19ed-40cc-9e1c-ef0258530be9 | ITER: 8 END: OK
2019-07-13 11:43:08.322 23615 INFO rally.task.runner [-] Task d85b3a48-19ed-40cc-9e1c-ef0258530be9 | ITER: 30 START
2019-07-13 11:43:08.322 23636 INFO rally.task.runner [-] Task d85b3a48-19ed-40cc-9e1c-ef0258530be9 | ITER: 14 END: OK
2019-07-13 11:43:08.327 23615 INFO rally.task.runner [-] Task d85b3a48-19ed-40cc-9e1c-ef0258530be9 | ITER: 3 END: OK
2019-07-13 11:43:08.328 23636 INFO rally.task.runner [-] Task d85b3a48-19ed-40cc-9e1c-ef0258530be9 | ITER: 31 START
2019-07-13 11:43:08.337 23615 INFO rally.task.runner [-] Task d85b3a48-19ed-40cc-9e1c-ef0258530be9 | ITER: 32 START
2019-07-13 11:43:08.345 23655 INFO rally.task.runner [-] Task d85b3a48-19ed-40cc-9e1c-ef0258530be9 | ITER: 19 END: OK
2019-07-13 11:43:08.348 23616 INFO rally.task.runner [-] Task d85b3a48-19ed-40cc-9e1c-ef0258530be9 | ITER: 5 END: OK
2019-07-13 11:43:08.350 23655 INFO rally.task.runner [-] Task d85b3a48-19ed-40cc-9e1c-ef0258530be9 | ITER: 33 START
2019-07-13 11:43:08.353 23616 INFO rally.task.runner [-] Task d85b3a48-19ed-40cc-9e1c-ef0258530be9 | ITER: 34 START
2019-07-13 11:43:08.367 23642 INFO rally.task.runner [-] Task d85b3a48-19ed-40cc-9e1c-ef0258530be9 | ITER: 16 END: OK
2019-07-13 11:43:08.373 23642 INFO rally.task.runner [-] Task d85b3a48-19ed-40cc-9e1c-ef0258530be9 | ITER: 35 START
2019-07-13 11:43:08.376 23629 INFO rally.task.runner [-] Task d85b3a48-19ed-40cc-9e1c-ef0258530be9 | ITER: 12 END: OK
2019-07-13 11:43:08.381 23629 INFO rally.task.runner [-] Task d85b3a48-19ed-40cc-9e1c-ef0258530be9 | ITER: 36 START
2019-07-13 11:43:08.391 23639 INFO rally.task.runner [-] Task d85b3a48-19ed-40cc-9e1c-ef0258530be9 | ITER: 15 END: OK
2019-07-13 11:43:08.396 23639 INFO rally.task.runner [-] Task d85b3a48-19ed-40cc-9e1c-ef0258530be9 | ITER: 37 START
2019-07-13 11:43:08.400 23658 INFO rally.task.runner [-] Task d85b3a48-19ed-40cc-9e1c-ef0258530be9 | ITER: 20 END: OK
2019-07-13 11:43:08.404 23614 INFO rally.task.runner [-] Task d85b3a48-19ed-40cc-9e1c-ef0258530be9 | ITER: 2 END: OK
2019-07-13 11:43:08.406 23658 INFO rally.task.runner [-] Task d85b3a48-19ed-40cc-9e1c-ef0258530be9 | ITER: 38 START
2019-07-13 11:43:08.408 23614 INFO rally.task.runner [-] Task d85b3a48-19ed-40cc-9e1c-ef0258530be9 | ITER: 39 START
2019-07-13 11:43:08.411 23619 INFO rally.task.runner [-] Task d85b3a48-19ed-40cc-9e1c-ef0258530be9 | ITER: 10 END: OK
2019-07-13 11:43:08.418 23619 INFO rally.task.runner [-] Task d85b3a48-19ed-40cc-9e1c-ef0258530be9 | ITER: 40 START
2019-07-13 11:43:08.544 23613 INFO rally.task.runner [-] Task d85b3a48-19ed-40cc-9e1c-ef0258530be9 | ITER: 21 END: OK
2019-07-13 11:43:08.983 23650 INFO rally.task.runner [-] Task d85b3a48-19ed-40cc-9e1c-ef0258530be9 | ITER: 24 END: OK
2019-07-13 11:43:09.131 23643 INFO rally.task.runner [-] Task d85b3a48-19ed-40cc-9e1c-ef0258530be9 | ITER: 23 END: OK
2019-07-13 11:43:09.164 23616 INFO rally.task.runner [-] Task d85b3a48-19ed-40cc-9e1c-ef0258530be9 | ITER: 22 END: OK
2019-07-13 11:43:09.169 23625 INFO rally.task.runner [-] Task d85b3a48-19ed-40cc-9e1c-ef0258530be9 | ITER: 25 END: OK
2019-07-13 11:43:09.665 23632 INFO rally.task.runner [-] Task d85b3a48-19ed-40cc-9e1c-ef0258530be9 | ITER: 29 END: OK
2019-07-13 11:43:09.755 23615 INFO rally.task.runner [-] Task d85b3a48-19ed-40cc-9e1c-ef0258530be9 | ITER: 32 END: OK
2019-07-13 11:43:09.797 23616 INFO rally.task.runner [-] Task d85b3a48-19ed-40cc-9e1c-ef0258530be9 | ITER: 34 END: OK
2019-07-13 11:43:09.851 23613 INFO rally.task.runner [-] Task d85b3a48-19ed-40cc-9e1c-ef0258530be9 | ITER: 27 END: OK
2019-07-13 11:43:09.881 23629 INFO rally.task.runner [-] Task d85b3a48-19ed-40cc-9e1c-ef0258530be9 | ITER: 36 END: OK
2019-07-13 11:43:09.903 23614 INFO rally.task.runner [-] Task d85b3a48-19ed-40cc-9e1c-ef0258530be9 | ITER: 28 END: OK
2019-07-13 11:43:09.940 23655 INFO rally.task.runner [-] Task d85b3a48-19ed-40cc-9e1c-ef0258530be9 | ITER: 33 END: OK
2019-07-13 11:43:09.950 23615 INFO rally.task.runner [-] Task d85b3a48-19ed-40cc-9e1c-ef0258530be9 | ITER: 30 END: OK
2019-07-13 11:43:09.977 23639 INFO rally.task.runner [-] Task d85b3a48-19ed-40cc-9e1c-ef0258530be9 | ITER: 37 END: OK
2019-07-13 11:43:10.022 23619 INFO rally.task.runner [-] Task d85b3a48-19ed-40cc-9e1c-ef0258530be9 | ITER: 40 END: OK
2019-07-13 11:43:10.023 23636 INFO rally.task.runner [-] Task d85b3a48-19ed-40cc-9e1c-ef0258530be9 | ITER: 31 END: OK
2019-07-13 11:43:10.028 23658 INFO rally.task.runner [-] Task d85b3a48-19ed-40cc-9e1c-ef0258530be9 | ITER: 38 END: OK
2019-07-13 11:43:10.052 23617 INFO rally.task.runner [-] Task d85b3a48-19ed-40cc-9e1c-ef0258530be9 | ITER: 26 END: OK
2019-07-13 11:43:10.064 23642 INFO rally.task.runner [-] Task d85b3a48-19ed-40cc-9e1c-ef0258530be9 | ITER: 35 END: OK
2019-07-13 11:43:10.070 23614 INFO rally.task.runner [-] Task d85b3a48-19ed-40cc-9e1c-ef0258530be9 | ITER: 39 END: OK
2019-07-13 11:43:10.094 18997 INFO rally.task.context [-] Task d85b3a48-19ed-40cc-9e1c-ef0258530be9 | Context admin_cleanup@openstack cleanup() started
2019-07-13 11:43:10.096 18997 RALLYDEBUG rally_openstack.cleanup.manager [-] Cleaning up neutron quota objects
2019-07-13 11:43:14.651 18997 INFO rally.task.context [-] Task d85b3a48-19ed-40cc-9e1c-ef0258530be9 | Context admin_cleanup@openstack cleanup() finished in 4.56 sec
2019-07-13 11:43:14.652 18997 INFO rally.task.context [-] Task d85b3a48-19ed-40cc-9e1c-ef0258530be9 | Context users@openstack cleanup() started
2019-07-13 11:43:46.696 18997 INFO rally.task.context [-] Task d85b3a48-19ed-40cc-9e1c-ef0258530be9 | Context users@openstack cleanup() finished in 32.04 sec
2019-07-13 11:43:47.918 18997 INFO rally.task.engine [-] Load duration is: 3.931502
2019-07-13 11:43:47.918 18997 INFO rally.task.engine [-] Full runner duration is: 3.984461
2019-07-13 11:43:47.918 18997 INFO rally.task.engine [-] Full duration is: 47.019262
2019-07-13 11:43:48.154 18997 INFO rally.task.engine [-] Running workload: position = 0 config = { "version": 2, "title": "A cropped version of a bigger task.", "description": "Auto-generated task from a single workload (uuid=b161ea25-4559-4f64-97a6-934ded8ba80a)", "subtasks": [ { "title": "NeutronTrunks.create_and_list_trunk_subports", "description": "", "scenario": { "NeutronTrunks.create_and_list_trunk_subports": { "subport_count": 125 } }, "contexts": { "users": { "tenants": 1, "users_per_tenant": 1 }, "quotas": { "neutron": { "network": -1, "port": 1000 } } }, "runner": { "constant": { "times": 4, "concurrency": 4 } }, "hooks": [], "sla": { "failure_rate": { "max": 0 } } } ] }
2019-07-13 11:43:48.171 18997 RALLYDEBUG rally_openstack.contexts.keystone.users [-] Creating 1 tenants using 20 threads
2019-07-13 11:43:50.002 18997 RALLYDEBUG rally_openstack.contexts.keystone.users [-] Creating 1 users using 20 threads
2019-07-13 11:43:52.662 18997 INFO rally.task.context [-] Task d85b3a48-19ed-40cc-9e1c-ef0258530be9 | Context users@openstack setup() finished in 4.49 sec
2019-07-13 11:43:53.465 18997 INFO rally.task.context [-] Task d85b3a48-19ed-40cc-9e1c-ef0258530be9 | Context quotas@openstack setup() finished in 0.80 sec
2019-07-13 11:43:53.465 18997 INFO rally.task.context [-] Task d85b3a48-19ed-40cc-9e1c-ef0258530be9 | Context cleanup@openstack setup() finished in 0.01 msec
2019-07-13 11:43:53.473 18997 RALLYDEBUG rally.task.runner [-] Starting the constant runner (task UUID: d85b3a48-19ed-40cc-9e1c-ef0258530be9). timeout: 0 concurrency: 4 concurrency_per_worker: 1 times: 4 concurrency_overhead: 0 processes_to_start: 4 max_cpu_used: 16
2019-07-13 11:43:53.486 23803 RALLYDEBUG rally.task.runner [-] Starting a worker. concurrency: 1 args: {"subport_count": 125} times: 4 method_name: run timeout: 0 duration: None cls:
2019-07-13 11:43:53.489 23804 RALLYDEBUG rally.task.runner [-] Starting a worker. concurrency: 1 args: {"subport_count": 125} times: 4 method_name: run timeout: 0 duration: None cls:
2019-07-13 11:43:53.492 23803 INFO rally.task.runner [-] Task d85b3a48-19ed-40cc-9e1c-ef0258530be9 | ITER: 1 START
2019-07-13 11:43:53.492 23805 RALLYDEBUG rally.task.runner [-] Starting a worker. concurrency: 1 args: {"subport_count": 125} times: 4 method_name: run timeout: 0 duration: None cls:
2019-07-13 11:43:53.495 23804 INFO rally.task.runner [-] Task d85b3a48-19ed-40cc-9e1c-ef0258530be9 | ITER: 2 START
2019-07-13 11:43:53.495 23806 RALLYDEBUG rally.task.runner [-] Starting a worker. concurrency: 1 args: {"subport_count": 125} times: 4 method_name: run timeout: 0 duration: None cls:
2019-07-13 11:43:53.497 23805 INFO rally.task.runner [-] Task d85b3a48-19ed-40cc-9e1c-ef0258530be9 | ITER: 3 START
2019-07-13 11:43:53.501 23806 INFO rally.task.runner [-] Task d85b3a48-19ed-40cc-9e1c-ef0258530be9 | ITER: 4 START
2019-07-13 11:48:41.692 23804 DEBUG neutronclient.v2_0.client [-] Error message:

504 Gateway Time-out

The server didn't respond in time. _handle_fault_response /usr/lib/python2.7/site-packages/neutronclient/v2_0/client.py:259
2019-07-13 11:48:41.699 23804 ERROR rally.task.runner [-] Iteration 2 raised Exception: NeutronClientException:

504 Gateway Time-out

The server didn't respond in time.
2019-07-13 11:48:41.699 23804 ERROR rally.task.runner
Traceback (most recent call last):
2019-07-13 11:48:41.699 23804 ERROR rally.task.runner
File "/usr/lib/python2.7/site-packages/rally/task/runner.py", line 71, in _run_scenario_once
2019-07-13 11:48:41.699 23804 ERROR rally.task.runner getattr(scenario_inst, method_name)(**scenario_kwargs)
2019-07-13 11:48:41.699 23804 ERROR rally.task.runner
File "/root/.rally/plugins/trunk_scenario.py", line 41, in run
2019-07-13 11:48:41.699 23804 ERROR rally.task.runner trunk = self._create_trunk(trunk_payload)
2019-07-13 11:48:41.699 23804 ERROR rally.task.runner
File "/usr/lib/python2.7/site-packages/rally/task/atomic.py", line 91, in func_atomic_actions
2019-07-13 11:48:41.699 23804 ERROR rally.task.runner f = func(self, *args, **kwargs)
2019-07-13 11:48:41.699 23804 ERROR rally.task.runner
File "/root/.rally/plugins/trunk_scenario.py", line 53, in _create_trunk
2019-07-13 11:48:41.699 23804 ERROR rally.task.runner return self.clients("neutron").create_trunk({'trunk': trunk_payload})
2019-07-13 11:48:41.699 23804 ERROR rally.task.runner
File "/usr/lib/python2.7/site-packages/neutronclient/v2_0/client.py", line 2091, in create_trunk
2019-07-13 11:48:41.699 23804 ERROR rally.task.runner return self.post(self.trunks_path, body=body)
2019-07-13 11:48:41.699 23804 ERROR rally.task.runner
File "/usr/lib/python2.7/site-packages/neutronclient/v2_0/client.py", line 359, in post
2019-07-13 11:48:41.699 23804 ERROR rally.task.runner headers=headers, params=params)
2019-07-13 11:48:41.699 23804 ERROR rally.task.runner
File "/usr/lib/python2.7/site-packages/neutronclient/v2_0/client.py", line 294, in do_request
2019-07-13 11:48:41.699 23804 ERROR rally.task.runner self._handle_fault_response(status_code, replybody, resp)
2019-07-13 11:48:41.699 23804 ERROR rally.task.runner
File "/usr/lib/python2.7/site-packages/neutronclient/v2_0/client.py", line 269, in _handle_fault_response
2019-07-13 11:48:41.699 23804 ERROR rally.task.runner exception_handler_v20(status_code, error_body)
2019-07-13 11:48:41.699 23804 ERROR rally.task.runner
File "/usr/lib/python2.7/site-packages/neutronclient/v2_0/client.py", line 93, in exception_handler_v20
2019-07-13 11:48:41.699 23804 ERROR rally.task.runner request_ids=request_ids)
2019-07-13 11:48:41.699 23804 ERROR rally.task.runner NeutronClientException:

504 Gateway Time-out

2019-07-13 11:48:41.699 23804 ERROR rally.task.runner The server didn't respond in time.
2019-07-13 11:48:41.699 23804 ERROR rally.task.runner
2019-07-13 11:48:41.699 23804 ERROR rally.task.runner
2019-07-13 11:48:41.699 23804 ERROR rally.task.runner
2019-07-13 11:48:41.701 23804 INFO rally.task.runner [-] Task d85b3a48-19ed-40cc-9e1c-ef0258530be9 | ITER: 2 END: Error NeutronClientException:

504 Gateway Time-out

The server didn't respond in time.
2019-07-13 11:48:43.566 23806 DEBUG neutronclient.v2_0.client [-] Error message:

504 Gateway Time-out

The server didn't respond in time. _handle_fault_response /usr/lib/python2.7/site-packages/neutronclient/v2_0/client.py:259
2019-07-13 11:48:43.575 23806 ERROR rally.task.runner [-] Iteration 4 raised Exception: NeutronClientException:

504 Gateway Time-out

The server didn't respond in time.
2019-07-13 11:48:43.575 23806 ERROR rally.task.runner
Traceback (most recent call last):
2019-07-13 11:48:43.575 23806 ERROR rally.task.runner
File "/usr/lib/python2.7/site-packages/rally/task/runner.py", line 71, in _run_scenario_once
2019-07-13 11:48:43.575 23806 ERROR rally.task.runner getattr(scenario_inst, method_name)(**scenario_kwargs)
2019-07-13 11:48:43.575 23806 ERROR rally.task.runner
File "/root/.rally/plugins/trunk_scenario.py", line 41, in run
2019-07-13 11:48:43.575 23806 ERROR rally.task.runner trunk = self._create_trunk(trunk_payload)
2019-07-13 11:48:43.575 23806 ERROR rally.task.runner
File "/usr/lib/python2.7/site-packages/rally/task/atomic.py", line 91, in func_atomic_actions
2019-07-13 11:48:43.575 23806 ERROR rally.task.runner f = func(self, *args, **kwargs)
2019-07-13 11:48:43.575 23806 ERROR rally.task.runner
File "/root/.rally/plugins/trunk_scenario.py", line 53, in _create_trunk
2019-07-13 11:48:43.575 23806 ERROR rally.task.runner return self.clients("neutron").create_trunk({'trunk': trunk_payload})
2019-07-13 11:48:43.575 23806 ERROR rally.task.runner
File "/usr/lib/python2.7/site-packages/neutronclient/v2_0/client.py", line 2091, in create_trunk
2019-07-13 11:48:43.575 23806 ERROR rally.task.runner return self.post(self.trunks_path, body=body)
2019-07-13 11:48:43.575 23806 ERROR rally.task.runner
File "/usr/lib/python2.7/site-packages/neutronclient/v2_0/client.py", line 359, in post
2019-07-13 11:48:43.575 23806 ERROR rally.task.runner headers=headers, params=params)
2019-07-13 11:48:43.575 23806 ERROR rally.task.runner
File "/usr/lib/python2.7/site-packages/neutronclient/v2_0/client.py", line 294, in do_request
2019-07-13 11:48:43.575 23806 ERROR rally.task.runner self._handle_fault_response(status_code, replybody, resp)
2019-07-13 11:48:43.575 23806 ERROR rally.task.runner
File "/usr/lib/python2.7/site-packages/neutronclient/v2_0/client.py", line 269, in _handle_fault_response
2019-07-13 11:48:43.575 23806 ERROR rally.task.runner exception_handler_v20(status_code, error_body)
2019-07-13 11:48:43.575 23806 ERROR rally.task.runner
File "/usr/lib/python2.7/site-packages/neutronclient/v2_0/client.py", line 93, in exception_handler_v20
2019-07-13 11:48:43.575 23806 ERROR rally.task.runner request_ids=request_ids)
2019-07-13 11:48:43.575 23806 ERROR rally.task.runner NeutronClientException:

504 Gateway Time-out

2019-07-13 11:48:43.575 23806 ERROR rally.task.runner The server didn't respond in time.
2019-07-13 11:48:43.575 23806 ERROR rally.task.runner
2019-07-13 11:48:43.575 23806 ERROR rally.task.runner
2019-07-13 11:48:43.575 23806 ERROR rally.task.runner
2019-07-13 11:48:43.576 23806 INFO rally.task.runner [-] Task d85b3a48-19ed-40cc-9e1c-ef0258530be9 | ITER: 4 END: Error NeutronClientException:

504 Gateway Time-out

The server didn't respond in time.
2019-07-13 11:48:43.770 23803 DEBUG neutronclient.v2_0.client [-] Error message:

504 Gateway Time-out

The server didn't respond in time. _handle_fault_response /usr/lib/python2.7/site-packages/neutronclient/v2_0/client.py:259
2019-07-13 11:48:43.778 23803 ERROR rally.task.runner [-] Iteration 1 raised Exception: NeutronClientException:

504 Gateway Time-out

The server didn't respond in time.
2019-07-13 11:48:43.778 23803 ERROR rally.task.runner
Traceback (most recent call last):
2019-07-13 11:48:43.778 23803 ERROR rally.task.runner
File "/usr/lib/python2.7/site-packages/rally/task/runner.py", line 71, in _run_scenario_once
2019-07-13 11:48:43.778 23803 ERROR rally.task.runner getattr(scenario_inst, method_name)(**scenario_kwargs)
2019-07-13 11:48:43.778 23803 ERROR rally.task.runner
File "/root/.rally/plugins/trunk_scenario.py", line 41, in run
2019-07-13 11:48:43.778 23803 ERROR rally.task.runner trunk = self._create_trunk(trunk_payload)
2019-07-13 11:48:43.778 23803 ERROR rally.task.runner
File "/usr/lib/python2.7/site-packages/rally/task/atomic.py", line 91, in func_atomic_actions
2019-07-13 11:48:43.778 23803 ERROR rally.task.runner f = func(self, *args, **kwargs)
2019-07-13 11:48:43.778 23803 ERROR rally.task.runner
File "/root/.rally/plugins/trunk_scenario.py", line 53, in _create_trunk
2019-07-13 11:48:43.778 23803 ERROR rally.task.runner return self.clients("neutron").create_trunk({'trunk': trunk_payload})
2019-07-13 11:48:43.778 23803 ERROR rally.task.runner
File "/usr/lib/python2.7/site-packages/neutronclient/v2_0/client.py", line 2091, in create_trunk
2019-07-13 11:48:43.778 23803 ERROR rally.task.runner return self.post(self.trunks_path, body=body)
2019-07-13 11:48:43.778 23803 ERROR rally.task.runner
File "/usr/lib/python2.7/site-packages/neutronclient/v2_0/client.py", line 359, in post
2019-07-13 11:48:43.778 23803 ERROR rally.task.runner headers=headers, params=params)
2019-07-13 11:48:43.778 23803 ERROR rally.task.runner
File "/usr/lib/python2.7/site-packages/neutronclient/v2_0/client.py", line 294, in do_request
2019-07-13 11:48:43.778 23803 ERROR rally.task.runner self._handle_fault_response(status_code, replybody, resp)
2019-07-13 11:48:43.778 23803 ERROR rally.task.runner
File "/usr/lib/python2.7/site-packages/neutronclient/v2_0/client.py", line 269, in _handle_fault_response
2019-07-13 11:48:43.778 23803 ERROR rally.task.runner exception_handler_v20(status_code, error_body)
2019-07-13 11:48:43.778 23803 ERROR rally.task.runner
File "/usr/lib/python2.7/site-packages/neutronclient/v2_0/client.py", line 93, in exception_handler_v20
2019-07-13 11:48:43.778 23803 ERROR rally.task.runner request_ids=request_ids)
2019-07-13 11:48:43.778 23803 ERROR rally.task.runner NeutronClientException:

504 Gateway Time-out

2019-07-13 11:48:43.778 23803 ERROR rally.task.runner The server didn't respond in time.
2019-07-13 11:48:43.778 23803 ERROR rally.task.runner
2019-07-13 11:48:43.778 23803 ERROR rally.task.runner
2019-07-13 11:48:43.778 23803 ERROR rally.task.runner
2019-07-13 11:48:43.780 23803 INFO rally.task.runner [-] Task d85b3a48-19ed-40cc-9e1c-ef0258530be9 | ITER: 1 END: Error NeutronClientException:

504 Gateway Time-out

The server didn't respond in time.
2019-07-13 11:48:44.516 23805 DEBUG neutronclient.v2_0.client [-] Error message:

504 Gateway Time-out

The server didn't respond in time. _handle_fault_response /usr/lib/python2.7/site-packages/neutronclient/v2_0/client.py:259
2019-07-13 11:48:44.523 23805 ERROR rally.task.runner [-] Iteration 3 raised Exception: NeutronClientException:

504 Gateway Time-out

The server didn't respond in time.
2019-07-13 11:48:44.523 23805 ERROR rally.task.runner
Traceback (most recent call last):
2019-07-13 11:48:44.523 23805 ERROR rally.task.runner
File "/usr/lib/python2.7/site-packages/rally/task/runner.py", line 71, in _run_scenario_once
2019-07-13 11:48:44.523 23805 ERROR rally.task.runner getattr(scenario_inst, method_name)(**scenario_kwargs)
2019-07-13 11:48:44.523 23805 ERROR rally.task.runner
File "/root/.rally/plugins/trunk_scenario.py", line 41, in run
2019-07-13 11:48:44.523 23805 ERROR rally.task.runner trunk = self._create_trunk(trunk_payload)
2019-07-13 11:48:44.523 23805 ERROR rally.task.runner
File "/usr/lib/python2.7/site-packages/rally/task/atomic.py", line 91, in func_atomic_actions
2019-07-13 11:48:44.523 23805 ERROR rally.task.runner f = func(self, *args, **kwargs)
2019-07-13 11:48:44.523 23805 ERROR rally.task.runner
File "/root/.rally/plugins/trunk_scenario.py", line 53, in _create_trunk
2019-07-13 11:48:44.523 23805 ERROR rally.task.runner return self.clients("neutron").create_trunk({'trunk': trunk_payload})
2019-07-13 11:48:44.523 23805 ERROR rally.task.runner
File "/usr/lib/python2.7/site-packages/neutronclient/v2_0/client.py", line 2091, in create_trunk
2019-07-13 11:48:44.523 23805 ERROR rally.task.runner return self.post(self.trunks_path, body=body)
2019-07-13 11:48:44.523 23805 ERROR rally.task.runner
File "/usr/lib/python2.7/site-packages/neutronclient/v2_0/client.py", line 359, in post
2019-07-13 11:48:44.523 23805 ERROR rally.task.runner headers=headers, params=params)
2019-07-13 11:48:44.523 23805 ERROR rally.task.runner
File "/usr/lib/python2.7/site-packages/neutronclient/v2_0/client.py", line 294, in do_request
2019-07-13 11:48:44.523 23805 ERROR rally.task.runner self._handle_fault_response(status_code, replybody, resp)
2019-07-13 11:48:44.523 23805 ERROR rally.task.runner
File "/usr/lib/python2.7/site-packages/neutronclient/v2_0/client.py", line 269, in _handle_fault_response
2019-07-13 11:48:44.523 23805 ERROR rally.task.runner exception_handler_v20(status_code, error_body)
2019-07-13 11:48:44.523 23805 ERROR rally.task.runner
File "/usr/lib/python2.7/site-packages/neutronclient/v2_0/client.py", line 93, in exception_handler_v20
2019-07-13 11:48:44.523 23805 ERROR rally.task.runner request_ids=request_ids)
2019-07-13 11:48:44.523 23805 ERROR rally.task.runner NeutronClientException:

504 Gateway Time-out

2019-07-13 11:48:44.523 23805 ERROR rally.task.runner The server didn't respond in time.
2019-07-13 11:48:44.523 23805 ERROR rally.task.runner
2019-07-13 11:48:44.523 23805 ERROR rally.task.runner
2019-07-13 11:48:44.523 23805 ERROR rally.task.runner
2019-07-13 11:48:44.524 23805 INFO rally.task.runner [-] Task d85b3a48-19ed-40cc-9e1c-ef0258530be9 | ITER: 3 END: Error NeutronClientException:

504 Gateway Time-out

The server didn't respond in time.
2019-07-13 11:48:44.550 18997 INFO rally.task.context [-] Task d85b3a48-19ed-40cc-9e1c-ef0258530be9 | Context cleanup@openstack cleanup() started
2019-07-13 11:48:44.553 18997 RALLYDEBUG rally_openstack.cleanup.manager [-] Cleaning up neutron vip objects
2019-07-13 11:48:45.639 18997 RALLYDEBUG rally_openstack.cleanup.manager [-] Cleaning up neutron health_monitor objects
2019-07-13 11:48:46.405 18997 RALLYDEBUG rally_openstack.cleanup.manager [-] Cleaning up neutron pool objects
2019-07-13 11:48:47.151 18997 RALLYDEBUG rally_openstack.cleanup.manager [-] Cleaning up neutron loadbalancer objects
2019-07-13 11:48:47.800 18997 RALLYDEBUG rally_openstack.cleanup.manager [-] Cleaning up neutron floatingip objects
2019-07-13 11:48:48.599 18997 RALLYDEBUG rally_openstack.cleanup.manager [-] Cleaning up neutron port objects
2019-07-13 11:48:51.435 18997 RALLYDEBUG rally_openstack.cleanup.manager [-] Deleting neutron.port object s_rally_b161ea25_9LXAHKLx (00ff66a3-1340-410b-ad03-231136ee4207)
2019-07-13 11:48:51.439 18997 RALLYDEBUG rally_openstack.cleanup.manager [-] Deleting neutron.port object s_rally_b161ea25_ahgULjDF (01157b3c-2d16-48f3-81a1-c386f7acd2ff)
2019-07-13 11:48:51.448 18997 RALLYDEBUG rally_openstack.cleanup.manager [-] Deleting neutron.port object s_rally_b161ea25_VW8P3mrH (01efaa88-2962-4e66-a08f-b5a172f943c8)
2019-07-13 11:48:51.460 18997 RALLYDEBUG rally_openstack.cleanup.manager [-] Deleting neutron.port object s_rally_b161ea25_aUHtvJKi (031cd878-e3ba-42c7-8d4f-9a45f4c09286)
2019-07-13 11:48:51.468 18997 RALLYDEBUG rally_openstack.cleanup.manager [-] Deleting neutron.port object s_rally_b161ea25_bQU9xgj8 (04105c2f-04e3-4799-bfb0-aed79730d262)
2019-07-13 11:48:51.480 18997 RALLYDEBUG rally_openstack.cleanup.manager [-] Deleting neutron.port object s_rally_b161ea25_7j4C28oL (041249ce-7426-43f2-ab94-42ce7559d48c)
2019-07-13 11:48:51.497 18997 RALLYDEBUG rally_openstack.cleanup.manager [-] Deleting neutron.port object s_rally_b161ea25_a0vVU74g (04cd1332-532e-4f12-9d00-62c56a01327c)
2019-07-13 11:48:51.504 18997 RALLYDEBUG rally_openstack.cleanup.manager [-] Deleting neutron.port object s_rally_b161ea25_qf58wJj5 (04ecce31-e5ee-4298-a36a-47e8f773aee9)
2019-07-13 11:48:51.521 18997 RALLYDEBUG rally_openstack.cleanup.manager [-] Deleting neutron.port object s_rally_b161ea25_9kBOLHsN (05999dc2-397c-47a1-bd9a-e8bb6bb881fb)
2019-07-13 11:48:51.540 18997 RALLYDEBUG rally_openstack.cleanup.manager [-] Deleting neutron.port object s_rally_b161ea25_MV8fWzii (070cc589-8975-4fbe-b869-ccebafde510d)
2019-07-13 11:48:51.545 18997 RALLYDEBUG rally_openstack.cleanup.manager [-] Deleting neutron.port object s_rally_b161ea25_4a8AcwHj (08b081d1-bbfc-48c9-afb3-e043fc7270e1)
2019-07-13 11:48:51.562 18997 RALLYDEBUG rally_openstack.cleanup.manager [-] Deleting neutron.port object s_rally_b161ea25_rQkvMwVv (0b82461d-2036-4777-9f03-cca74667c8ba)
2019-07-13 11:48:51.571 18997 RALLYDEBUG rally_openstack.cleanup.manager [-] Deleting neutron.port object s_rally_b161ea25_hkias2Jt (0bed3a94-953f-4d7e-a015-6562a2c0afa2)
2019-07-13 11:48:51.597 18997 RALLYDEBUG rally_openstack.cleanup.manager [-] Deleting neutron.port object s_rally_b161ea25_tweiO588 (0c15d3aa-4ee1-4f31-8447-3eb01956970c)
2019-07-13 11:48:51.598 18997 RALLYDEBUG rally_openstack.cleanup.manager [-] Deleting neutron.port object s_rally_b161ea25_pHjHr5uV (0bfd143b-604a-4e93-8c31-e56ac287e386)
2019-07-13 11:48:51.618 18997 RALLYDEBUG rally_openstack.cleanup.manager [-] Deleting neutron.port object s_rally_b161ea25_T7NZdwIU (0c751300-e8f4-4831-beaa-00ec155e50c7)
2019-07-13 11:48:51.627 18997 RALLYDEBUG rally_openstack.cleanup.manager [-] Deleting neutron.port object s_rally_b161ea25_i6l2JeK1 (0c7bf850-9c47-403d-b52a-1aece7dbfe77)
2019-07-13 11:48:51.643 18997 RALLYDEBUG rally_openstack.cleanup.manager [-] Deleting neutron.port object s_rally_b161ea25_VBJ5lrdo (0cb9c2ab-f554-43ea-af81-6a0f126ebc9e)
2019-07-13 11:48:51.652 18997 RALLYDEBUG rally_openstack.cleanup.manager [-] Deleting neutron.port object s_rally_b161ea25_nkzDwLaL (0dc14b73-e652-4b24-851b-6f9f4f5e081d)
2019-07-13 11:48:51.666 18997 RALLYDEBUG rally_openstack.cleanup.manager [-] Deleting neutron.port object s_rally_b161ea25_fWTXzYpo (0e0a6c1e-913b-4ffb-a5b4-3cea341a63fe)
2019-07-13 11:48:52.537 18997 DEBUG neutronclient.v2_0.client [-] Error message: {"NeutronError": {"message": "Port 00ff66a3-1340-410b-ad03-231136ee4207 is currently a subport for trunk 2d8ec453-0b80-4993-9711-b995be39cc99.", "type": "PortInUseAsSubPort", "detail": ""}} _handle_fault_response /usr/lib/python2.7/site-packages/neutronclient/v2_0/client.py:259
2019-07-13 11:48:52.721 18997 DEBUG neutronclient.v2_0.client [-] Error message: {"NeutronError": {"message": "Port 04ecce31-e5ee-4298-a36a-47e8f773aee9 is currently a subport for trunk 8adf5fd5-8a28-48cd-86d3-0d95f542d0ec.", "type": "PortInUseAsSubPort", "detail": ""}} _handle_fault_response /usr/lib/python2.7/site-packages/neutronclient/v2_0/client.py:259
2019-07-13 11:48:52.725 18997 DEBUG neutronclient.v2_0.client [-] Error message: {"NeutronError": {"message": "Port 01157b3c-2d16-48f3-81a1-c386f7acd2ff is currently a subport for trunk 8adf5fd5-8a28-48cd-86d3-0d95f542d0ec.", "type": "PortInUseAsSubPort", "detail": ""}} _handle_fault_response /usr/lib/python2.7/site-packages/neutronclient/v2_0/client.py:259
2019-07-13 11:48:52.823 18997 DEBUG neutronclient.v2_0.client [-] Error message: {"NeutronError": {"message": "Port 01efaa88-2962-4e66-a08f-b5a172f943c8 is currently a subport for trunk 708d8130-7627-4cc2-b881-c090ca3dcda2.", "type": "PortInUseAsSubPort", "detail": ""}} _handle_fault_response /usr/lib/python2.7/site-packages/neutronclient/v2_0/client.py:259
2019-07-13 11:48:52.826 18997 DEBUG neutronclient.v2_0.client [-] Error message: {"NeutronError": {"message": "Port 0cb9c2ab-f554-43ea-af81-6a0f126ebc9e is currently a subport for trunk 8adf5fd5-8a28-48cd-86d3-0d95f542d0ec.", "type": "PortInUseAsSubPort", "detail": ""}} _handle_fault_response /usr/lib/python2.7/site-packages/neutronclient/v2_0/client.py:259
2019-07-13 11:48:52.845 18997 DEBUG neutronclient.v2_0.client [-] Error message: {"NeutronError": {"message": "Port 031cd878-e3ba-42c7-8d4f-9a45f4c09286 is currently a subport for trunk 52d19065-2dd0-4eab-8f5a-f1f6189373eb.", "type": "PortInUseAsSubPort", "detail": ""}} _handle_fault_response /usr/lib/python2.7/site-packages/neutronclient/v2_0/client.py:259
2019-07-13 11:48:52.846 18997 DEBUG neutronclient.v2_0.client [-] Error message: {"NeutronError": {"message": "Port 08b081d1-bbfc-48c9-afb3-e043fc7270e1 is currently a subport for trunk 708d8130-7627-4cc2-b881-c090ca3dcda2.", "type": "PortInUseAsSubPort", "detail": ""}} _handle_fault_response /usr/lib/python2.7/site-packages/neutronclient/v2_0/client.py:259
2019-07-13 11:48:52.872 18997 DEBUG neutronclient.v2_0.client [-] Error message: {"NeutronError": {"message": "Port 041249ce-7426-43f2-ab94-42ce7559d48c is currently a subport for trunk 2d8ec453-0b80-4993-9711-b995be39cc99.", "type": "PortInUseAsSubPort", "detail": ""}} _handle_fault_response /usr/lib/python2.7/site-packages/neutronclient/v2_0/client.py:259
