2019-07-13 11:41:11.848 18997 RALLYDEBUG rally_openstack.cleanup.manager [-] Deleting neutron.port object s_rally_df4db980_oQAtI7zV (60fb052d-2e7a-43d1-9c0d-32cee81b3dfa)
2019-07-13 11:41:11.850 18997 RALLYDEBUG rally_openstack.cleanup.manager [-] Deleting neutron.port object s_rally_df4db980_z4SGj8un (6157e7c7-0ffe-4dcc-93f7-8116ffa5fa92)
2019-07-13 11:41:11.897 18997 RALLYDEBUG rally_openstack.cleanup.manager [-] Deleting neutron.port object s_rally_df4db980_TbdmqK7b (618dc3bd-481f-42a9-b673-ca987b7c8791)
2019-07-13 11:41:11.941 18997 RALLYDEBUG rally_openstack.cleanup.manager [-] Deleting neutron.port object s_rally_df4db980_6JGz62TY (63871ff0-6bed-4ab9-ad59-a919cea35a01)
2019-07-13 11:41:11.961 18997 RALLYDEBUG rally_openstack.cleanup.manager [-] Deleting neutron.port object s_rally_df4db980_O0HkQ0Cx (639995b0-cc05-4f2c-ac5d-48daac980b1c)
2019-07-13 11:41:12.025 18997 RALLYDEBUG rally_openstack.cleanup.manager [-] Deleting neutron.port object s_rally_df4db980_t69TfE81 (64057b40-e838-40ec-9483-45d361f82ae5)
2019-07-13 11:41:12.155 18997 RALLYDEBUG rally_openstack.cleanup.manager [-] Deleting neutron.port object s_rally_df4db980_smKajhiS (643d59f4-1443-4700-874d-865282c3317c)
2019-07-13 11:41:12.213 18997 RALLYDEBUG rally_openstack.cleanup.manager [-] Deleting neutron.port object s_rally_df4db980_q6tACbkf (6453ab37-e7f0-4179-9f8c-f19fabf721c3)
2019-07-13 11:41:12.227 18997 RALLYDEBUG rally_openstack.cleanup.manager [-] Deleting neutron.port object s_rally_df4db980_AKXteWqL (64749329-82d7-432a-a75e-e3c68e84aa1f)
2019-07-13 11:41:12.376 18997 RALLYDEBUG rally_openstack.cleanup.manager [-] Deleting neutron.port object s_rally_df4db980_YrhB3prA (6517dbe8-f6ed-46ee-a325-85ba3a3dbdfb)
2019-07-13 11:41:12.478 18997 RALLYDEBUG rally_openstack.cleanup.manager [-] Deleting neutron.port object s_rally_df4db980_Avu3IR8R (657e7c9e-4a6c-40db-8852-c9982c63cca6)
2019-07-13 11:41:13.114 18997 RALLYDEBUG rally_openstack.cleanup.manager [-] Deleting neutron.port object s_rally_df4db980_pkU2cYrU (6649780d-01c5-48a1-8622-e3d54986596c)
2019-07-13 11:41:13.204 18997 RALLYDEBUG rally_openstack.cleanup.manager [-] Deleting neutron.port object s_rally_df4db980_BZp48KMv (692dee2b-2ffb-4235-98c0-3da0d7bb7dfb)
2019-07-13 11:41:13.245 18997 RALLYDEBUG rally_openstack.cleanup.manager [-] Deleting neutron.port object s_rally_df4db980_lXxd62E1 (6d7e1922-8608-484e-aa07-141c44c2e10b)
2019-07-13 11:41:13.635 18997 RALLYDEBUG rally_openstack.cleanup.manager [-] Deleting neutron.port object s_rally_df4db980_sL0VX01d (6f9e0fee-c091-4667-aa00-cf46bf4cfbec)
2019-07-13 11:41:13.806 18997 RALLYDEBUG rally_openstack.cleanup.manager [-] Deleting neutron.port object s_rally_df4db980_KE7zAaAm (736cedd0-b971-4563-be3c-39ffa99b8696)
2019-07-13 11:41:13.817 18997 RALLYDEBUG rally_openstack.cleanup.manager [-] Deleting neutron.port object s_rally_df4db980_M79e6NnV (737faeaa-cd4f-4418-9f1c-4cb3019b20a7)
2019-07-13 11:41:14.026 18997 RALLYDEBUG rally_openstack.cleanup.manager [-] Deleting neutron.port object s_rally_df4db980_5aa6mnDr (74265858-c748-4779-b12a-03b3ec427230)
2019-07-13 11:41:14.334 18997 RALLYDEBUG rally_openstack.cleanup.manager [-] Deleting neutron.port object s_rally_df4db980_3NPrVgsA (785d5262-08ab-4161-b684-3942e05d63ff)
2019-07-13 11:41:14.348 18997 RALLYDEBUG rally_openstack.cleanup.manager [-] Deleting neutron.port object s_rally_df4db980_BNxQ90A3 (7e29b1ea-2091-4647-81ea-12443016c600)
2019-07-13 11:41:14.437 18997 RALLYDEBUG rally_openstack.cleanup.manager [-] Deleting neutron.port object s_rally_df4db980_HoSZP7iA (7f49b414-d1e9-4d42-9bf9-a48a87900d59)
2019-07-13 11:41:14.456 18997 RALLYDEBUG rally_openstack.cleanup.manager [-] Deleting neutron.port object s_rally_df4db980_JZYcwZb4 (8094a940-655d-4492-ac0f-677e0b2f58ec)
2019-07-13 11:41:14.618 18997 RALLYDEBUG rally_openstack.cleanup.manager [-] Deleting neutron.port object s_rally_df4db980_vCZ96xpH (8206a013-706b-4370-8fad-0ecbd95cbc70)
2019-07-13 11:41:14.669 18997 RALLYDEBUG rally_openstack.cleanup.manager [-] Deleting neutron.port object s_rally_df4db980_Rg7hTevZ (825d004c-aa95-487a-be3c-501cda5eaeee)
2019-07-13 11:41:14.710 18997 RALLYDEBUG rally_openstack.cleanup.manager [-] Deleting neutron.port object s_rally_df4db980_futtimea (8327c765-265f-4d40-8cd9-879a67c2f828)
2019-07-13 11:41:14.799 18997 RALLYDEBUG rally_openstack.cleanup.manager [-] Deleting neutron.port object s_rally_df4db980_KWlHjOKD (866af5d9-6384-480c-9bd3-291b816ab619)
2019-07-13 11:41:14.799 18997 RALLYDEBUG rally_openstack.cleanup.manager [-] Deleting neutron.port object s_rally_df4db980_sSsPZv6G (86051bf4-b8dc-464a-a4c8-9b5bf8a9f300)
2019-07-13 11:41:15.200 18997 RALLYDEBUG rally_openstack.cleanup.manager [-] Deleting neutron.port object s_rally_df4db980_nIiqNF09 (875182ef-941b-413f-b5ed-6a23ad51a44e)
2019-07-13 11:41:15.358 18997 RALLYDEBUG rally_openstack.cleanup.manager [-] Deleting neutron.port object s_rally_df4db980_09UEGpsZ (875dd3b9-2b32-46e1-ac4f-d8a54783b92f)
2019-07-13 11:41:15.412 18997 RALLYDEBUG rally_openstack.cleanup.manager [-] Deleting neutron.port object s_rally_df4db980_539KxErp (8b5d932f-ed8b-49bc-8b4b-4cbc18ae5044)
2019-07-13 11:41:15.424 18997 RALLYDEBUG rally_openstack.cleanup.manager [-] Deleting neutron.port object s_rally_df4db980_EckAoeyj (8cd4f1d9-477a-4b40-88c5-49e6c065de96)
2019-07-13 11:41:15.452 18997 RALLYDEBUG rally_openstack.cleanup.manager [-] Deleting neutron.port object s_rally_df4db980_HamhCjx3 (8e858684-f2c8-406d-bd82-44e7aa7248f7)
2019-07-13 11:41:15.703 18997 RALLYDEBUG rally_openstack.cleanup.manager [-] Deleting neutron.port object s_rally_df4db980_1t0GouMn (8ecec346-6f7d-4adf-a623-2bf7f089cab0)
2019-07-13 11:41:15.710 18997 RALLYDEBUG rally_openstack.cleanup.manager [-] Deleting neutron.port object s_rally_df4db980_PQ52jdyc (8f4785b7-1bdd-483d-b413-51d1df7988a7)
2019-07-13 11:41:15.962 18997 RALLYDEBUG rally_openstack.cleanup.manager [-] Deleting neutron.port object s_rally_df4db980_6D6NyE3x (8fdaaa14-7430-46cb-ade7-82865e00a840)
2019-07-13 11:41:16.208 18997 RALLYDEBUG rally_openstack.cleanup.manager [-] Deleting neutron.port object s_rally_df4db980_EkREvHcg (9020ab11-8d4f-44fd-92e5-8c48e4f3598b)
2019-07-13 11:41:16.511 18997 RALLYDEBUG rally_openstack.cleanup.manager [-] Deleting neutron.port object s_rally_df4db980_gBZthPtj (90d2c0be-1731-485e-80fe-1c53af667ec1)
2019-07-13 11:41:16.597 18997 RALLYDEBUG rally_openstack.cleanup.manager [-] Deleting neutron.port object s_rally_df4db980_0PYD92TL (90ebc9aa-c3d3-4610-a6f8-f7528bc76459)
2019-07-13 11:41:17.002 18997 RALLYDEBUG rally_openstack.cleanup.manager [-] Deleting neutron.port object s_rally_df4db980_tCTSGaeb (90fd2c30-9c99-47d9-95b1-d08380b6b1c4)
2019-07-13 11:41:17.105 18997 RALLYDEBUG rally_openstack.cleanup.manager [-] Deleting neutron.port object s_rally_df4db980_EhCWLcJE (91e4cf78-91c7-4cbe-ab5d-c82336b9d52f)
2019-07-13 11:41:17.236 18997 RALLYDEBUG rally_openstack.cleanup.manager [-] Deleting neutron.port object s_rally_df4db980_4gmKy8ZQ (92328d45-7fe4-4910-86cd-42166e83f4b5)
2019-07-13 11:41:17.307 18997 RALLYDEBUG rally_openstack.cleanup.manager [-] Deleting neutron.port object s_rally_df4db980_LE8bOtIV (931181f8-737b-4abe-8f4a-f573a3f7d21c)
2019-07-13 11:41:17.396 18997 RALLYDEBUG rally_openstack.cleanup.manager [-] Deleting neutron.port object s_rally_df4db980_gbOxg6CR (95055632-fc52-409a-be82-33de8945ca31)
2019-07-13 11:41:17.664 18997 RALLYDEBUG rally_openstack.cleanup.manager [-] Deleting neutron.port object s_rally_df4db980_F2AO3KGG (9750c688-d8db-450f-a56c-a92e170302ff)
2019-07-13 11:41:17.664 18997 RALLYDEBUG rally_openstack.cleanup.manager [-] Deleting neutron.port object s_rally_df4db980_9OwVdzdu (9636c858-8423-404c-a075-560115e850f1)
2019-07-13 11:41:17.665 18997 RALLYDEBUG rally_openstack.cleanup.manager [-] Deleting neutron.port object s_rally_df4db980_GojPKV4F (9603696d-7de5-4d4f-95e5-d135b2e906b4)
2019-07-13 11:41:17.768 18997 RALLYDEBUG rally_openstack.cleanup.manager [-] Deleting neutron.port object s_rally_df4db980_9eVe28u9 (9953c02b-51ee-4983-a092-d214b3231d14)
2019-07-13 11:41:17.975 18997 RALLYDEBUG rally_openstack.cleanup.manager [-] Deleting neutron.port object s_rally_df4db980_ZITrHwKR (9a45ad59-46c0-4ec8-8ee6-7ff333f44f82)
2019-07-13 11:41:18.049 18997 RALLYDEBUG rally_openstack.cleanup.manager [-] Deleting neutron.port object s_rally_df4db980_dz1nlxu5 (9cbd9290-5333-4f40-a794-edeafb1abaae)
2019-07-13 11:41:18.100 18997 RALLYDEBUG rally_openstack.cleanup.manager [-] Deleting neutron.port object s_rally_df4db980_pDEG2khL (9d9dea4d-6589-49eb-9901-497a7953523c)
2019-07-13 11:41:18.256 18997 RALLYDEBUG rally_openstack.cleanup.manager [-] Deleting neutron.port object s_rally_df4db980_CntYUkla (9e58a7fe-2b75-4084-b5b1-548850f162bc)
2019-07-13 11:41:18.380 18997 RALLYDEBUG rally_openstack.cleanup.manager [-] Deleting neutron.port object s_rally_df4db980_Dq1kddEF (9efea06a-3ac0-48d2-bd38-d0240cc870a4)
2019-07-13 11:41:18.493 18997 RALLYDEBUG rally_openstack.cleanup.manager [-] Deleting neutron.port object s_rally_df4db980_E1BoWSvU (9f890172-343a-49c3-a4e6-6b2bc845626c)
2019-07-13 11:41:18.548 18997 RALLYDEBUG rally_openstack.cleanup.manager [-] Deleting neutron.port object s_rally_df4db980_k2kBy5Ge (a0097c4c-212b-4712-901d-ebeae61a3b76)
2019-07-13 11:41:18.586 18997 RALLYDEBUG rally_openstack.cleanup.manager [-] Deleting neutron.port object s_rally_df4db980_SD1CktZA (a0bb116a-5d0c-43b4-845a-0839f11e9425)
2019-07-13 11:41:18.592 18997 RALLYDEBUG rally_openstack.cleanup.manager [-] Deleting neutron.port object s_rally_df4db980_G8oVgWCX (a112085b-1d1b-44e4-bc7d-5b5e5adaeb2f)
2019-07-13 11:41:18.766 18997 RALLYDEBUG rally_openstack.cleanup.manager [-] Deleting neutron.port object s_rally_df4db980_Sg3x9Zkk (a258d9dd-4b3a-4c61-809e-475a1ca27296)
2019-07-13 11:41:19.025 18997 RALLYDEBUG rally_openstack.cleanup.manager [-] Deleting neutron.port object s_rally_df4db980_39Bv0eDJ (a58c28bb-4ced-4ebd-83c7-f2aa79ea97ce)
2019-07-13 11:41:19.369 18997 RALLYDEBUG rally_openstack.cleanup.manager [-] Deleting neutron.port object s_rally_df4db980_FE9J73D0 (a5c65825-fa00-410d-9bbf-95a8509bbe04)
2019-07-13 11:41:19.516 18997 RALLYDEBUG rally_openstack.cleanup.manager [-] Deleting neutron.port object s_rally_df4db980_3zvGXdkN (a5d9fcd1-3fb5-4b79-94aa-cdcf9ec342e4)
2019-07-13 11:41:19.577 18997 RALLYDEBUG rally_openstack.cleanup.manager [-] Deleting neutron.port object s_rally_df4db980_TIehqM0d (a65a6d75-ce59-4061-8b0a-9c2abd3b57e1)
2019-07-13 11:41:19.596 18997 RALLYDEBUG rally_openstack.cleanup.manager [-] Deleting neutron.port object s_rally_df4db980_44bNr4IZ (a9602ba1-8a42-48de-8d07-af3ca070227e)
2019-07-13 11:41:19.970 18997 RALLYDEBUG rally_openstack.cleanup.manager [-] Deleting neutron.port object s_rally_df4db980_pOQ1K4PV (aa3082c2-cf13-4ce6-9b25-f5e44777fc4c)
2019-07-13 11:41:20.009 18997 RALLYDEBUG rally_openstack.cleanup.manager [-] Deleting neutron.port object s_rally_df4db980_GVwd6RS6 (ad3178c6-74a5-4bd7-83a3-63c8e754de1d)
2019-07-13 11:41:20.063 18997 RALLYDEBUG rally_openstack.cleanup.manager [-] Deleting neutron.port object s_rally_df4db980_IP2AJPu1 (ae1f8450-83fe-4716-9755-c47d779ef903)
2019-07-13 11:41:20.529 18997 RALLYDEBUG rally_openstack.cleanup.manager [-] Deleting neutron.port object s_rally_df4db980_fypeG8XA (ae956947-f444-4ba6-9068-8cf2f53df0ce)
2019-07-13 11:41:20.583 18997 RALLYDEBUG rally_openstack.cleanup.manager [-] Deleting neutron.port object s_rally_df4db980_Wu7wnVbV (b1f210da-49cd-46ad-833a-f0362be029c4)
2019-07-13 11:41:20.649 18997 RALLYDEBUG rally_openstack.cleanup.manager [-] Deleting neutron.port object s_rally_df4db980_oQmvJBLG (b2778197-96e7-4080-b48a-5389a83d0b03)
2019-07-13 11:41:20.720 18997 RALLYDEBUG rally_openstack.cleanup.manager [-] Deleting neutron.port object s_rally_df4db980_bCRauZhV (b4dc1ee6-3c2c-452e-93c8-c4897f534374)
2019-07-13 11:41:20.770 18997 RALLYDEBUG rally_openstack.cleanup.manager [-] Deleting neutron.port object s_rally_df4db980_qUL2VC1Z (b53e2240-7e16-4691-b77d-bffca96301b7)
2019-07-13 11:41:20.869 18997 RALLYDEBUG rally_openstack.cleanup.manager [-] Deleting neutron.port object s_rally_df4db980_TD4lQspv (b7b87ce2-e0cf-4267-a68f-5d25be820ac8)
2019-07-13 11:41:20.913 18997 RALLYDEBUG rally_openstack.cleanup.manager [-] Deleting neutron.port object s_rally_df4db980_1TeVuSgX (b9aa3648-8fec-40c6-b0ad-56f9b77c8ea4)
2019-07-13 11:41:20.926 18997 RALLYDEBUG rally_openstack.cleanup.manager [-] Deleting neutron.port object s_rally_df4db980_Ay3tcVDb (baec38ed-3f29-4c42-aa86-22c5782ab800)
2019-07-13 11:41:21.087 18997 RALLYDEBUG rally_openstack.cleanup.manager [-] Deleting neutron.port object s_rally_df4db980_IaQztEYi (bafb9988-c1d0-4d74-a503-7a1593873c15)
2019-07-13 11:41:21.165 18997 RALLYDEBUG rally_openstack.cleanup.manager [-] Deleting neutron.port object s_rally_df4db980_HXhsIktx (bb437c01-80d9-4382-8429-ec76c6237d97)
2019-07-13 11:41:21.228 18997 RALLYDEBUG rally_openstack.cleanup.manager [-] Deleting neutron.port object s_rally_df4db980_rwJvH1Ub (bbe13aa3-514d-4550-89b5-35c022719a06)
2019-07-13 11:41:21.341 18997 RALLYDEBUG rally_openstack.cleanup.manager [-] Deleting neutron.port object s_rally_df4db980_MZhpnjSt (bc2acf64-38fe-4bbb-bc48-edb852f5663d)
2019-07-13 11:41:21.362 18997 RALLYDEBUG rally_openstack.cleanup.manager [-] Deleting neutron.port object s_rally_df4db980_y9ZwQAlz (bc581747-631c-420b-9a83-d27a29d4bcdf)
2019-07-13 11:41:21.995 18997 RALLYDEBUG rally_openstack.cleanup.manager [-] Deleting neutron.port object s_rally_df4db980_EHlHvAWP (bdec23cf-46e0-4387-9aa7-d1be2bf79acb)
2019-07-13 11:41:22.062 18997 RALLYDEBUG rally_openstack.cleanup.manager [-] Deleting neutron.port object s_rally_df4db980_keiiHj9O (be2ddc1d-2d86-4bd0-a5d4-7f935600a104)
2019-07-13 11:41:22.114 18997 RALLYDEBUG rally_openstack.cleanup.manager [-] Deleting neutron.port object s_rally_df4db980_cYt8MZmv (be61fc7a-086b-4da8-8016-dda64ef3e0f6)
2019-07-13 11:41:22.326 18997 RALLYDEBUG rally_openstack.cleanup.manager [-] Deleting neutron.port object s_rally_df4db980_mFcwOBsw (bf1abab9-ead8-4e56-8fff-7cbd781f0ce5)
2019-07-13 11:41:22.337 18997 RALLYDEBUG rally_openstack.cleanup.manager [-] Deleting neutron.port object s_rally_df4db980_uyeInUEl (c374900e-337f-4de3-a440-08122ddb7063)
2019-07-13 11:41:22.349 18997 RALLYDEBUG rally_openstack.cleanup.manager [-] Deleting neutron.port object s_rally_df4db980_4tqsieL9 (c481664b-87df-4591-a093-e10580947a3d)
2019-07-13 11:41:22.461 18997 RALLYDEBUG rally_openstack.cleanup.manager [-] Deleting neutron.port object s_rally_df4db980_mwjkDkus (c56e5f4c-b35f-4a0a-b375-47a962c754c0)
2019-07-13 11:41:22.909 18997 RALLYDEBUG rally_openstack.cleanup.manager [-] Deleting neutron.port object s_rally_df4db980_2Ta0juem (c917d9a1-71f4-4dcb-a70d-c7861fac4843)
2019-07-13 11:41:23.134 18997 RALLYDEBUG rally_openstack.cleanup.manager [-] Deleting neutron.port object s_rally_df4db980_iXUGa0ZB (cbde8788-8d6f-496f-8d65-582ec8cfb374)
2019-07-13 11:41:23.252 18997 RALLYDEBUG rally_openstack.cleanup.manager [-] Deleting neutron.port object s_rally_df4db980_kC54blWe (cbe3494c-b341-45d7-a53a-a044abb09589)
2019-07-13 11:41:23.266 18997 RALLYDEBUG rally_openstack.cleanup.manager [-] Deleting neutron.port object s_rally_df4db980_mouJcm9r (cc6db6a5-1690-4896-a6df-cf6fe3c96eca)
2019-07-13 11:41:23.278 18997 RALLYDEBUG rally_openstack.cleanup.manager [-] Deleting neutron.port object s_rally_df4db980_47CuIgyJ (cd3bd083-30a7-4055-b37a-7bb2bf8294e1)
2019-07-13 11:41:23.478 18997 RALLYDEBUG rally_openstack.cleanup.manager [-] Deleting neutron.port object s_rally_df4db980_H1gjWNt0 (ced3b12a-f56c-4c1a-9960-b4b1ee87d555)
2019-07-13 11:41:23.591 18997 RALLYDEBUG rally_openstack.cleanup.manager [-] Deleting neutron.port object s_rally_df4db980_lJV6GDJY (d388fcaa-3638-4a39-9634-508e4a6a3b56)
2019-07-13 11:41:23.663 18997 RALLYDEBUG rally_openstack.cleanup.manager [-] Deleting neutron.port object s_rally_df4db980_JYXHpD0g (d6d8de06-2bdf-4a72-914c-17add280ac27)
2019-07-13 11:41:23.709 18997 RALLYDEBUG rally_openstack.cleanup.manager [-] Deleting neutron.port object s_rally_df4db980_M94HTm31 (d7a8a7b1-1d8d-49dc-a389-bc16d664376b)
2019-07-13 11:41:23.784 18997 RALLYDEBUG rally_openstack.cleanup.manager [-] Deleting neutron.port object s_rally_df4db980_2UblVdiq (d89f7966-ce05-42ff-8025-57a9609fbf31)
2019-07-13 11:41:23.835 18997 RALLYDEBUG rally_openstack.cleanup.manager [-] Deleting neutron.port object s_rally_df4db980_5aCDS0pG (d91ebcf9-7995-477b-93a7-01a65cfe8c87)
2019-07-13 11:41:23.922 18997 RALLYDEBUG rally_openstack.cleanup.manager [-] Deleting neutron.port object s_rally_df4db980_UNdu5Uqp (de7a15e9-3c93-485c-b012-1a29eb66b866)
2019-07-13 11:41:24.052 18997 RALLYDEBUG rally_openstack.cleanup.manager [-] Deleting neutron.port object s_rally_df4db980_VSAYR8gM (dfd70c9e-4d67-4fac-ae35-9f0c4400492e)
2019-07-13 11:41:24.405 18997 RALLYDEBUG rally_openstack.cleanup.manager [-] Deleting neutron.port object s_rally_df4db980_5DNICHw2 (e0a6250c-a1c6-4c30-a872-3717fde4b9fd)
2019-07-13 11:41:24.418 18997 RALLYDEBUG rally_openstack.cleanup.manager [-] Deleting neutron.port object s_rally_df4db980_90eIsCbh (e22740af-5655-4bad-8aad-95bd3a4a4a1f)
2019-07-13 11:41:24.497 18997 RALLYDEBUG rally_openstack.cleanup.manager [-] Deleting neutron.port object s_rally_df4db980_TptELknf (e28a47e0-343a-4049-bc3d-ed942fb17987)
2019-07-13 11:41:24.612 18997 RALLYDEBUG rally_openstack.cleanup.manager [-] Deleting neutron.port object s_rally_df4db980_3QGANtS9 (e2e8f197-71cd-4eaf-bfa7-bf4c2e7e3775)
2019-07-13 11:41:24.780 18997 RALLYDEBUG rally_openstack.cleanup.manager [-] Deleting neutron.port object s_rally_df4db980_FhbbeESZ (e3eb0493-8f52-4f26-b1c8-991dc0d27ff5)
2019-07-13 11:41:24.965 18997 RALLYDEBUG rally_openstack.cleanup.manager [-] Deleting neutron.port object s_rally_df4db980_r02zKl9O (e5e6b41e-cd8f-4fd5-a55c-bf689a88e4b3)
2019-07-13 11:41:25.068 18997 RALLYDEBUG rally_openstack.cleanup.manager [-] Deleting neutron.port object s_rally_df4db980_kxe6RV8L (e653ad91-779f-494a-a47e-1ff2ebd1b354)
2019-07-13 11:41:25.425 18997 RALLYDEBUG rally_openstack.cleanup.manager [-] Deleting neutron.port object s_rally_df4db980_xfCuD8GQ (e6929085-8ab9-463e-b92e-0d02f7d8a2b1)
2019-07-13 11:41:25.746 18997 RALLYDEBUG rally_openstack.cleanup.manager [-] Deleting neutron.port object s_rally_df4db980_fTbwaNs0 (e7ea079f-6f11-4321-9397-3367b556a981)
2019-07-13 11:41:25.773 18997 RALLYDEBUG rally_openstack.cleanup.manager [-] Deleting neutron.port object s_rally_df4db980_eSOyd4Mo (e81e68dd-e4e2-4272-ac5d-a63fade34deb)
2019-07-13 11:41:25.790 18997 RALLYDEBUG rally_openstack.cleanup.manager [-] Deleting neutron.port object s_rally_df4db980_ewu8JHHv (e8fb0e5f-b515-4cd0-a202-75c40df9d059)
2019-07-13 11:41:25.865 18997 RALLYDEBUG rally_openstack.cleanup.manager [-] Deleting neutron.port object s_rally_df4db980_xUCO1uyu (eae84df2-2300-473d-b23f-1005f5924f29)
2019-07-13 11:41:26.028 18997 RALLYDEBUG rally_openstack.cleanup.manager [-] Deleting neutron.port object s_rally_df4db980_Rh5gfb4R (eba38268-a395-4250-b05a-39d36facf480)
2019-07-13 11:41:26.161 18997 RALLYDEBUG rally_openstack.cleanup.manager [-] Deleting neutron.port object s_rally_df4db980_PobpPlrT (ee4615fc-8231-4dbe-bc68-a23b8c0aeef5)
2019-07-13 11:41:26.251 18997 RALLYDEBUG rally_openstack.cleanup.manager [-] Deleting neutron.port object s_rally_df4db980_g7q5zNnj (eecea8e8-29d9-41c6-af61-1b927b99265c)
2019-07-13 11:41:26.310 18997 RALLYDEBUG rally_openstack.cleanup.manager [-] Deleting neutron.port object s_rally_df4db980_B7Js264q (eff87c06-a052-441c-b0f3-e73922b8ca42)
2019-07-13 11:41:26.380 18997 RALLYDEBUG rally_openstack.cleanup.manager [-] Deleting neutron.port object s_rally_df4db980_KsxuCDGU (f021fef9-d946-4879-9b27-16ce5c6382ae)
2019-07-13 11:41:26.604 18997 RALLYDEBUG rally_openstack.cleanup.manager [-] Deleting neutron.port object s_rally_df4db980_HNNY7pdU (f0f1716f-ee97-4155-a449-7c7ff94e2c66)
2019-07-13 11:41:26.639 18997 RALLYDEBUG rally_openstack.cleanup.manager [-] Deleting neutron.port object s_rally_df4db980_FleHNQZf (f1b812d6-4a57-4aa5-bdae-e2125431ff8f)
2019-07-13 11:41:26.774 18997 RALLYDEBUG rally_openstack.cleanup.manager [-] Deleting neutron.port object s_rally_df4db980_nLCxO4oL (f26cf152-97ea-4e27-8925-7e8853400c3b)
2019-07-13 11:41:26.816 18997 RALLYDEBUG rally_openstack.cleanup.manager [-] Deleting neutron.port object s_rally_df4db980_4rA0k1lg (f34ebf38-c778-42b8-b126-fa67e67b6b70)
2019-07-13 11:41:26.934 18997 RALLYDEBUG rally_openstack.cleanup.manager [-] Deleting neutron.port object s_rally_df4db980_kceag83R (f474169c-9c24-49e5-99b9-9425dbbb93ed)
2019-07-13 11:41:26.980 18997 RALLYDEBUG rally_openstack.cleanup.manager [-] Deleting neutron.port object s_rally_df4db980_kck2N97f (f5c3e20a-b34a-4908-9610-cbda93a8a777)
2019-07-13 11:41:27.137 18997 RALLYDEBUG rally_openstack.cleanup.manager [-] Deleting neutron.port object s_rally_df4db980_WnhmCfFn (f67883e8-e5c2-4f03-af77-32f6485f5c95)
2019-07-13 11:41:27.304 18997 RALLYDEBUG rally_openstack.cleanup.manager [-] Deleting neutron.port object s_rally_df4db980_GPYUyLSA (f685d3c7-ad4e-4821-a361-50c2a92f577c)
2019-07-13 11:41:27.367 18997 RALLYDEBUG rally_openstack.cleanup.manager [-] Deleting neutron.port object s_rally_df4db980_Zr4WyHFM (f68d39da-07e1-435e-868c-a68106edd3c5)
2019-07-13 11:41:27.466 18997 RALLYDEBUG rally_openstack.cleanup.manager [-] Deleting neutron.port object s_rally_df4db980_4Oms3QYL (f6fc547b-71ed-434a-abac-49ac7d732230)
2019-07-13 11:41:27.847 18997 RALLYDEBUG rally_openstack.cleanup.manager [-] Deleting neutron.port object s_rally_df4db980_3mxOWTSE (fad5496f-8615-40be-aa75-be0b405e5264)
2019-07-13 11:41:28.078 18997 RALLYDEBUG rally_openstack.cleanup.manager [-] Deleting neutron.port object s_rally_df4db980_b0L8Uv9o (fc1b9c72-f1f0-4ae4-9e99-fa6db7edfd48)
2019-07-13 11:41:28.169 18997 RALLYDEBUG rally_openstack.cleanup.manager [-] Deleting neutron.port object s_rally_df4db980_T8woQ05I (fc4bb9e8-c75b-4d74-9b88-502a92bb5703)
2019-07-13 11:41:28.366 18997 RALLYDEBUG rally_openstack.cleanup.manager [-] Deleting neutron.port object s_rally_df4db980_YEfTEPJu (fcc03b24-d287-4787-92b1-80539e9e1749)
2019-07-13 11:41:28.804 18997 RALLYDEBUG rally_openstack.cleanup.manager [-] Deleting neutron.port object s_rally_df4db980_bckLn22b (fd659861-4802-4cdf-8c18-2eacf70b484f)
2019-07-13 11:41:28.825 18997 RALLYDEBUG rally_openstack.cleanup.manager [-] Deleting neutron.port object s_rally_df4db980_xlYL25ii (fe853471-883f-470e-9af3-b81453c86384)
2019-07-13 11:41:31.393 18997 RALLYDEBUG rally_openstack.cleanup.manager [-] Cleaning up neutron subnet objects
2019-07-13 11:41:32.179 18997 RALLYDEBUG rally_openstack.cleanup.manager [-] Cleaning up neutron network objects
2019-07-13 11:41:33.096 18997 RALLYDEBUG rally_openstack.cleanup.manager [-] Deleting neutron.network object s_rally_df4db980_yZyFUl7N (04b9314c-2986-4ca6-9f37-d9d9482d4291)
2019-07-13 11:41:33.103 18997 RALLYDEBUG rally_openstack.cleanup.manager [-] Deleting neutron.network object s_rally_df4db980_L72rTWjN (0a4a2778-1c7c-4a69-9e8c-b8623b031efc)
2019-07-13 11:41:33.109 18997 RALLYDEBUG rally_openstack.cleanup.manager [-] Deleting neutron.network object s_rally_df4db980_DQy3lb1k (0a671714-0f2e-43ed-84cd-78a5c7f045f5)
2019-07-13 11:41:33.119 18997 RALLYDEBUG rally_openstack.cleanup.manager [-] Deleting neutron.network object s_rally_df4db980_OvMKp0gm (0f929c81-d67a-4ed7-b2cb-e39a076b1648)
2019-07-13 11:41:33.134 18997 RALLYDEBUG rally_openstack.cleanup.manager [-] Deleting neutron.network object s_rally_df4db980_YONeTMv3 (1b323992-6835-40b7-ba51-350ff89542a9)
2019-07-13 11:41:33.145 18997 RALLYDEBUG rally_openstack.cleanup.manager [-] Deleting neutron.network object s_rally_df4db980_moTivkTd (200023d9-55f3-43aa-a734-fd2112b5a99c)
2019-07-13 11:41:33.154 18997 RALLYDEBUG rally_openstack.cleanup.manager [-] Deleting neutron.network object s_rally_df4db980_JnYmhmWj (2203ca99-91bd-4f90-83ae-45a3e3d1ed78)
2019-07-13 11:41:33.168 18997 RALLYDEBUG rally_openstack.cleanup.manager [-] Deleting neutron.network object s_rally_df4db980_kxHxQnbK (235e537d-04ad-49bc-a390-3d96fa5f86c3)
2019-07-13 11:41:33.181 18997 RALLYDEBUG rally_openstack.cleanup.manager [-] Deleting neutron.network object s_rally_df4db980_hRf3E1Fp (3ac7f9ab-cf2e-4b0f-8a7b-171ad0b322c6)
2019-07-13 11:41:33.193 18997 RALLYDEBUG rally_openstack.cleanup.manager [-] Deleting neutron.network object s_rally_df4db980_CP9dGpzh (3d9a03e3-d35e-4381-8be1-7e6f1897af42)
2019-07-13 11:41:33.221 18997 RALLYDEBUG rally_openstack.cleanup.manager [-] Deleting neutron.network object s_rally_df4db980_r8M9S6op (40843418-045e-4d5c-a3bf-95d391382ddf)
2019-07-13 11:41:33.226 18997 RALLYDEBUG rally_openstack.cleanup.manager [-] Deleting neutron.network object s_rally_df4db980_mHwkSF12 (55833729-d6ac-49d8-9e62-2044e0d4cc0f)
2019-07-13 11:41:33.230 18997 RALLYDEBUG rally_openstack.cleanup.manager [-] Deleting neutron.network object s_rally_df4db980_QZACHJxX (43417bf3-9188-4e46-9558-94f55a8133aa)
2019-07-13 11:41:33.234 18997 RALLYDEBUG rally_openstack.cleanup.manager [-] Deleting neutron.network object s_rally_df4db980_gGtXH0Ov (3de44fe1-f532-400f-96d6-f84bf69540ef)
2019-07-13 11:41:33.249 18997 RALLYDEBUG rally_openstack.cleanup.manager [-] Deleting neutron.network object s_rally_df4db980_SBqQg3F5 (56d31f43-e47d-4bb7-851e-d907dc76d7b5)
2019-07-13 11:41:33.253 18997 RALLYDEBUG rally_openstack.cleanup.manager [-] Deleting neutron.network object s_rally_df4db980_4drLfzTd (58c723cf-d2bd-4c17-89a6-c38ad588df9f)
2019-07-13 11:41:33.270 18997 RALLYDEBUG rally_openstack.cleanup.manager [-] Deleting neutron.network object s_rally_df4db980_f4dZvHLH (7b225a82-89cd-453d-9799-814ad6e0a95b)
2019-07-13 11:41:33.280 18997 RALLYDEBUG rally_openstack.cleanup.manager [-] Deleting neutron.network object s_rally_df4db980_76vmzpgb (6bea1893-b47f-4cdb-a8eb-2b9d98bc3ed5)
2019-07-13 11:41:33.287 18997 RALLYDEBUG rally_openstack.cleanup.manager [-] Deleting neutron.network object s_rally_df4db980_1cyKE1o6 (80e46d3d-4381-4330-8ce6-46ef17b0bda9)
2019-07-13 11:41:33.300 18997 RALLYDEBUG rally_openstack.cleanup.manager [-] Deleting neutron.network object s_rally_df4db980_111pDUKS (85353a06-d785-4810-b3ec-3989a1f368bb)
2019-07-13 11:41:36.902 18997 RALLYDEBUG rally_openstack.cleanup.manager [-] Deleting neutron.network object s_rally_df4db980_iqTpAfBc (8b7b94d3-c20a-47b7-892c-937c91deb78b)
2019-07-13 11:41:36.909 18997 RALLYDEBUG rally_openstack.cleanup.manager [-] Deleting neutron.network object s_rally_df4db980_B2nNZ3Gv (8cb37081-67b0-401a-91d1-e5a365290e04)
2019-07-13 11:41:36.962 18997 RALLYDEBUG rally_openstack.cleanup.manager [-] Deleting neutron.network object s_rally_df4db980_iwh3WW1i (96e39e62-5d10-4a53-bf66-953a9a1d9d5f)
2019-07-13 11:41:37.079 18997 RALLYDEBUG rally_openstack.cleanup.manager [-] Deleting neutron.network object s_rally_df4db980_VxTNB3xt (98246043-d078-4fa3-8a72-8c5221d8bc7c)
2019-07-13 11:41:37.183 18997 RALLYDEBUG rally_openstack.cleanup.manager [-] Deleting neutron.network object s_rally_df4db980_7hqWUE9W (ad94f345-5e0c-4c3f-8e7e-db4d3a1fe4af)
2019-07-13 11:41:37.195 18997 RALLYDEBUG rally_openstack.cleanup.manager [-] Deleting neutron.network object s_rally_df4db980_ve0NDOdb (bb76d1ae-aaad-44a4-86da-664282d67577)
2019-07-13 11:41:37.232 18997 RALLYDEBUG rally_openstack.cleanup.manager [-] Deleting neutron.network object s_rally_df4db980_YtrHhVuZ (bebd5dcd-0f19-4ad6-9940-27523fab1dca)
2019-07-13 11:41:37.243 18997 RALLYDEBUG rally_openstack.cleanup.manager [-] Deleting neutron.network object s_rally_df4db980_8mf110as (c31b470a-6c88-4abc-9179-ea0e58f810ab)
2019-07-13 11:41:37.355 18997 RALLYDEBUG rally_openstack.cleanup.manager [-] Deleting neutron.network object s_rally_df4db980_IxyZPR8c (c6fdd7ba-5c2b-4b6c-8e89-1d5888ff2375)
2019-07-13 11:41:37.389 18997 RALLYDEBUG rally_openstack.cleanup.manager [-] Deleting neutron.network object s_rally_df4db980_dwnyYXJz (d55f8700-b293-44e9-a47c-3a0d09141fab)
2019-07-13 11:41:37.409 18997 RALLYDEBUG rally_openstack.cleanup.manager [-] Deleting neutron.network object s_rally_df4db980_U4Ge7ZgU (dd68d471-1753-476c-9835-3adf2a7fbb8b)
2019-07-13 11:41:37.423 18997 RALLYDEBUG rally_openstack.cleanup.manager [-] Deleting neutron.network object s_rally_df4db980_M0z9sJZI (e62f6aae-187d-4857-b80b-710e441e7953)
2019-07-13 11:41:37.885 18997 RALLYDEBUG rally_openstack.cleanup.manager [-] Deleting neutron.network object s_rally_df4db980_voep0iVq (e9a4a6c2-90df-41be-b3c4-e0a2760b9ffa)
2019-07-13 11:41:37.956 18997 RALLYDEBUG rally_openstack.cleanup.manager [-] Deleting neutron.network object s_rally_df4db980_IT2ixoWO (ecf33fe9-d812-4372-a972-52657f6d5ae9)
2019-07-13 11:41:37.990 18997 RALLYDEBUG rally_openstack.cleanup.manager [-] Deleting neutron.network object s_rally_df4db980_s6YtGNjJ (ef633bdb-b5f2-4cbb-9355-00c32cbe06d7)
2019-07-13 11:41:38.103 18997 RALLYDEBUG rally_openstack.cleanup.manager [-] Deleting neutron.network object s_rally_df4db980_MnTuAM9r (f13d20b0-ba24-4ee2-9d22-5abb184a9961)
2019-07-13 11:41:38.144 18997 RALLYDEBUG rally_openstack.cleanup.manager [-] Deleting neutron.network object s_rally_df4db980_tJ03BW5K (f36da045-514a-4a5c-89af-e697d13b310e)
2019-07-13 11:41:38.272 18997 RALLYDEBUG rally_openstack.cleanup.manager [-] Deleting neutron.network object s_rally_df4db980_hWZ3sZO2 (f6d17c62-762f-40de-b1c2-da70e457ce79)
2019-07-13 11:41:38.316 18997 RALLYDEBUG rally_openstack.cleanup.manager [-] Deleting neutron.network object s_rally_df4db980_MyNRs12e (f7f6be90-7893-4fa8-8a73-99ddbf704f61)
2019-07-13 11:41:38.328 18997 RALLYDEBUG rally_openstack.cleanup.manager [-] Deleting neutron.network object s_rally_df4db980_FwhRXIPJ (f9f7e9d7-d7f2-4ed6-9231-5267385ea373)
2019-07-13 11:41:42.678 18997 RALLYDEBUG rally_openstack.cleanup.manager [-] Cleaning up neutron router objects
2019-07-13 11:41:43.468 18997 RALLYDEBUG rally_openstack.cleanup.manager [-] Cleaning up neutron security_group objects
2019-07-13 11:41:44.173 18997 INFO rally.task.context [-] Task d85b3a48-19ed-40cc-9e1c-ef0258530be9 | Context cleanup@openstack cleanup() finished in 45.67 sec
2019-07-13 11:41:44.174 18997 INFO rally.task.context [-] Task d85b3a48-19ed-40cc-9e1c-ef0258530be9 | Context quotas@openstack cleanup() started
2019-07-13 11:41:44.507 18997 INFO rally.task.context [-] Task d85b3a48-19ed-40cc-9e1c-ef0258530be9 | Context quotas@openstack cleanup() finished in 0.33 sec
2019-07-13 11:41:44.508 18997 INFO rally.task.context [-] Task d85b3a48-19ed-40cc-9e1c-ef0258530be9 | Context users@openstack cleanup() started
2019-07-13 11:41:49.942 18997 INFO rally.task.context [-] Task d85b3a48-19ed-40cc-9e1c-ef0258530be9 | Context users@openstack cleanup() finished in 5.43 sec
2019-07-13 11:41:50.823 18997 INFO rally.task.engine [-] Load duration is: 40.223141
2019-07-13 11:41:50.824 18997 INFO rally.task.engine [-] Full runner duration is: 40.271342
2019-07-13 11:41:50.824 18997 INFO rally.task.engine [-] Full duration is: 97.499807
2019-07-13 11:41:51.004 18997 INFO rally.task.engine [-] Running workload: position = 2 config = { "version": 2, "title": "A cropped version of a bigger task.", "description": "Auto-generated task from a single workload (uuid=41e04fc1-c08a-4871-be66-3633b0bde93e)", "subtasks": [ { "title": "NeutronNetworks.create_and_delete_ports", "description": "Create and delete a port.", "scenario": { "NeutronNetworks.create_and_delete_ports": { "network_create_args": {}, "port_create_args": {}, "ports_per_network": 5 } }, "contexts": { "users": { "tenants": 1, "users_per_tenant": 1 }, "quotas": { "neutron": { "network": -1, "port": -1 } } }, "runner": { "constant": { "times": 40, "concurrency": 20 } }, "hooks": [], "sla": { "failure_rate": { "max": 0 } } } ] }
2019-07-13 11:41:51.026 18997 RALLYDEBUG rally_openstack.contexts.keystone.users [-] Creating 1 tenants using 20 threads
2019-07-13 11:41:53.139 18997 RALLYDEBUG rally_openstack.contexts.keystone.users [-] Creating 1 users using 20 threads
2019-07-13 11:41:56.003 18997 INFO rally.task.context [-] Task d85b3a48-19ed-40cc-9e1c-ef0258530be9 | Context users@openstack setup() finished in 4.98 sec
2019-07-13 11:41:56.819 18997 INFO rally.task.context [-] Task d85b3a48-19ed-40cc-9e1c-ef0258530be9 | Context quotas@openstack setup() finished in 0.82 sec
2019-07-13 11:41:56.819 18997 INFO rally.task.context [-] Task d85b3a48-19ed-40cc-9e1c-ef0258530be9 | Context cleanup@openstack setup() finished in 0.01 msec
2019-07-13 11:41:56.827 18997 RALLYDEBUG rally.task.runner [-] Starting the constant runner (task UUID: d85b3a48-19ed-40cc-9e1c-ef0258530be9). timeout: 0 concurrency: 20 concurrency_per_worker: 1 times: 40 concurrency_overhead: 4 processes_to_start: 16 max_cpu_used: 16
2019-07-13 11:41:56.840 23243 RALLYDEBUG rally.task.runner [-] Starting a worker. concurrency: 2 args: {"network_create_args": {}, "port_create_args": {}, "ports_per_network": 5} times: 40 method_name: run timeout: 0 duration: None cls:
2019-07-13 11:41:56.842 23244 RALLYDEBUG rally.task.runner [-] Starting a worker. concurrency: 2 args: {"network_create_args": {}, "port_create_args": {}, "ports_per_network": 5} times: 40 method_name: run timeout: 0 duration: None cls:
2019-07-13 11:41:56.846 23245 RALLYDEBUG rally.task.runner [-] Starting a worker. concurrency: 2 args: {"network_create_args": {}, "port_create_args": {}, "ports_per_network": 5} times: 40 method_name: run timeout: 0 duration: None cls:
2019-07-13 11:41:56.847 23243 INFO rally.task.runner [-] Task d85b3a48-19ed-40cc-9e1c-ef0258530be9 | ITER: 1 START
2019-07-13 11:41:56.849 23243 WARNING rally_openstack.scenarios.neutron.utils [-] Running this scenario without either the 'network' or 'existing_network' context is deprecated
2019-07-13 11:41:56.849 23244 INFO rally.task.runner [-] Task d85b3a48-19ed-40cc-9e1c-ef0258530be9 | ITER: 2 START
2019-07-13 11:41:56.849 23246 RALLYDEBUG rally.task.runner [-] Starting a worker. concurrency: 2 args: {"network_create_args": {}, "port_create_args": {}, "ports_per_network": 5} times: 40 method_name: run timeout: 0 duration: None cls:
2019-07-13 11:41:56.850 23244 INFO rally.task.runner [-] Task d85b3a48-19ed-40cc-9e1c-ef0258530be9 | ITER: 4 START
2019-07-13 11:41:56.851 23244 WARNING rally_openstack.scenarios.neutron.utils [-] Running this scenario without either the 'network' or 'existing_network' context is deprecated
2019-07-13 11:41:56.852 23248 RALLYDEBUG rally.task.runner [-] Starting a worker. concurrency: 1 args: {"network_create_args": {}, "port_create_args": {}, "ports_per_network": 5} times: 40 method_name: run timeout: 0 duration: None cls:
2019-07-13 11:41:56.854 23245 INFO rally.task.runner [-] Task d85b3a48-19ed-40cc-9e1c-ef0258530be9 | ITER: 5 START
2019-07-13 11:41:56.855 23245 WARNING rally_openstack.scenarios.neutron.utils [-] Running this scenario without either the 'network' or 'existing_network' context is deprecated
2019-07-13 11:41:56.855 23252 RALLYDEBUG rally.task.runner [-] Starting a worker. concurrency: 1 args: {"network_create_args": {}, "port_create_args": {}, "ports_per_network": 5} times: 40 method_name: run timeout: 0 duration: None cls:
2019-07-13 11:41:56.852 23244 WARNING rally_openstack.scenarios.neutron.utils [-] Running this scenario without either the 'network' or 'existing_network' context is deprecated
2019-07-13 11:41:56.858 23246 INFO rally.task.runner [-] Task d85b3a48-19ed-40cc-9e1c-ef0258530be9 | ITER: 6 START
2019-07-13 11:41:56.855 23243 INFO rally.task.runner [-] Task d85b3a48-19ed-40cc-9e1c-ef0258530be9 | ITER: 3 START
2019-07-13 11:41:56.860 23248 INFO rally.task.runner [-] Task d85b3a48-19ed-40cc-9e1c-ef0258530be9 | ITER: 9 START
2019-07-13 11:41:56.860 23246 WARNING rally_openstack.scenarios.neutron.utils [-] Running this scenario without either the 'network' or 'existing_network' context is deprecated
2019-07-13 11:41:56.860 23255 RALLYDEBUG rally.task.runner [-] Starting a worker. concurrency: 1 args: {"network_create_args": {}, "port_create_args": {}, "ports_per_network": 5} times: 40 method_name: run timeout: 0 duration: None cls:
2019-07-13 11:41:56.862 23248 WARNING rally_openstack.scenarios.neutron.utils [-] Running this scenario without either the 'network' or 'existing_network' context is deprecated
2019-07-13 11:41:56.860 23243 WARNING rally_openstack.scenarios.neutron.utils [-] Running this scenario without either the 'network' or 'existing_network' context is deprecated
2019-07-13 11:41:56.863 23245 INFO rally.task.runner [-] Task d85b3a48-19ed-40cc-9e1c-ef0258530be9 | ITER: 7 START
2019-07-13 11:41:56.865 23261 RALLYDEBUG rally.task.runner [-] Starting a worker. concurrency: 1 args: {"network_create_args": {}, "port_create_args": {}, "ports_per_network": 5} times: 40 method_name: run timeout: 0 duration: None cls:
2019-07-13 11:41:56.866 23245 WARNING rally_openstack.scenarios.neutron.utils [-] Running this scenario without either the 'network' or 'existing_network' context is deprecated
2019-07-13 11:41:56.861 23246 INFO rally.task.runner [-] Task d85b3a48-19ed-40cc-9e1c-ef0258530be9 | ITER: 8 START
2019-07-13 11:41:56.868 23252 INFO rally.task.runner [-] Task d85b3a48-19ed-40cc-9e1c-ef0258530be9 | ITER: 10 START
2019-07-13 11:41:56.868 23255 INFO rally.task.runner [-] Task d85b3a48-19ed-40cc-9e1c-ef0258530be9 | ITER: 11 START
2019-07-13 11:41:56.870 23255 WARNING rally_openstack.scenarios.neutron.utils [-] Running this scenario without either the 'network' or 'existing_network' context is deprecated
2019-07-13 11:41:56.870 23252 WARNING rally_openstack.scenarios.neutron.utils [-] Running this scenario without either the 'network' or 'existing_network' context is deprecated
2019-07-13 11:41:56.868 23246 WARNING rally_openstack.scenarios.neutron.utils [-] Running this scenario without either the 'network' or 'existing_network' context is deprecated
2019-07-13 11:41:56.871 23261 INFO rally.task.runner [-] Task d85b3a48-19ed-40cc-9e1c-ef0258530be9 | ITER: 12 START
2019-07-13 11:41:56.871 23268 RALLYDEBUG rally.task.runner [-] Starting a worker. concurrency: 1 args: {"network_create_args": {}, "port_create_args": {}, "ports_per_network": 5} times: 40 method_name: run timeout: 0 duration: None cls:
2019-07-13 11:41:56.872 23265 RALLYDEBUG rally.task.runner [-] Starting a worker. concurrency: 1 args: {"network_create_args": {}, "port_create_args": {}, "ports_per_network": 5} times: 40 method_name: run timeout: 0 duration: None cls:
2019-07-13 11:41:56.873 23261 WARNING rally_openstack.scenarios.neutron.utils [-] Running this scenario without either the 'network' or 'existing_network' context is deprecated
2019-07-13 11:41:56.875 23271 RALLYDEBUG rally.task.runner [-] Starting a worker. concurrency: 1 args: {"network_create_args": {}, "port_create_args": {}, "ports_per_network": 5} times: 40 method_name: run timeout: 0 duration: None cls:
2019-07-13 11:41:56.878 23268 INFO rally.task.runner [-] Task d85b3a48-19ed-40cc-9e1c-ef0258530be9 | ITER: 13 START
2019-07-13 11:41:56.879 23265 INFO rally.task.runner [-] Task d85b3a48-19ed-40cc-9e1c-ef0258530be9 | ITER: 14 START
2019-07-13 11:41:56.879 23268 WARNING rally_openstack.scenarios.neutron.utils [-] Running this scenario without either the 'network' or 'existing_network' context is deprecated
2019-07-13 11:41:56.881 23265 WARNING rally_openstack.scenarios.neutron.utils [-] Running this scenario without either the 'network' or 'existing_network' context is deprecated
2019-07-13 11:41:56.881 23271 INFO rally.task.runner [-] Task d85b3a48-19ed-40cc-9e1c-ef0258530be9 | ITER: 15 START
2019-07-13 11:41:56.880 23274 RALLYDEBUG rally.task.runner [-] Starting a worker. concurrency: 1 args: {"network_create_args": {}, "port_create_args": {}, "ports_per_network": 5} times: 40 method_name: run timeout: 0 duration: None cls:
2019-07-13 11:41:56.882 23271 WARNING rally_openstack.scenarios.neutron.utils [-] Running this scenario without either the 'network' or 'existing_network' context is deprecated
2019-07-13 11:41:56.888 23274 INFO rally.task.runner [-] Task d85b3a48-19ed-40cc-9e1c-ef0258530be9 | ITER: 16 START
2019-07-13 11:41:56.892 23274 WARNING rally_openstack.scenarios.neutron.utils [-] Running this scenario without either the 'network' or 'existing_network' context is deprecated
2019-07-13 11:41:56.892 23281 RALLYDEBUG rally.task.runner [-] Starting a worker. concurrency: 1 args: {"network_create_args": {}, "port_create_args": {}, "ports_per_network": 5} times: 40 method_name: run timeout: 0 duration: None cls:
2019-07-13 11:41:56.897 23284 RALLYDEBUG rally.task.runner [-] Starting a worker. concurrency: 1 args: {"network_create_args": {}, "port_create_args": {}, "ports_per_network": 5} times: 40 method_name: run timeout: 0 duration: None cls:
2019-07-13 11:41:56.898 23281 INFO rally.task.runner [-] Task d85b3a48-19ed-40cc-9e1c-ef0258530be9 | ITER: 17 START
2019-07-13 11:41:56.900 23281 WARNING rally_openstack.scenarios.neutron.utils [-] Running this scenario without either the 'network' or 'existing_network' context is deprecated
2019-07-13 11:41:56.902 23284 INFO rally.task.runner [-] Task d85b3a48-19ed-40cc-9e1c-ef0258530be9 | ITER: 18 START
2019-07-13 11:41:56.903 23284 WARNING rally_openstack.scenarios.neutron.utils [-] Running this scenario without either the 'network' or 'existing_network' context is deprecated
2019-07-13 11:41:56.902 23285 RALLYDEBUG rally.task.runner [-] Starting a worker. concurrency: 1 args: {"network_create_args": {}, "port_create_args": {}, "ports_per_network": 5} times: 40 method_name: run timeout: 0 duration: None cls:
2019-07-13 11:41:56.904 23288 RALLYDEBUG rally.task.runner [-] Starting a worker. concurrency: 1 args: {"network_create_args": {}, "port_create_args": {}, "ports_per_network": 5} times: 40 method_name: run timeout: 0 duration: None cls:
2019-07-13 11:41:56.907 23288 INFO rally.task.runner [-] Task d85b3a48-19ed-40cc-9e1c-ef0258530be9 | ITER: 20 START
2019-07-13 11:41:56.908 23285 INFO rally.task.runner [-] Task d85b3a48-19ed-40cc-9e1c-ef0258530be9 | ITER: 19 START
2019-07-13 11:41:56.909 23288 WARNING rally_openstack.scenarios.neutron.utils [-] Running this scenario without either the 'network' or 'existing_network' context is deprecated
2019-07-13 11:41:56.909 23285 WARNING rally_openstack.scenarios.neutron.utils [-] Running this scenario without either the 'network' or 'existing_network' context is deprecated
2019-07-13 11:42:13.708 23271 INFO rally.task.runner [-] Task d85b3a48-19ed-40cc-9e1c-ef0258530be9 | ITER: 15 END: OK
2019-07-13 11:42:13.712 23271 INFO rally.task.runner [-] Task d85b3a48-19ed-40cc-9e1c-ef0258530be9 | ITER: 21 START
2019-07-13 11:42:13.713 23271 WARNING rally_openstack.scenarios.neutron.utils [-] Running this scenario without either the 'network' or 'existing_network' context is deprecated
2019-07-13 11:42:13.817 23246 INFO rally.task.runner [-] Task d85b3a48-19ed-40cc-9e1c-ef0258530be9 | ITER: 6 END: OK
2019-07-13 11:42:13.822 23246 INFO rally.task.runner [-] Task d85b3a48-19ed-40cc-9e1c-ef0258530be9 | ITER: 22 START
2019-07-13 11:42:13.822 23246 WARNING rally_openstack.scenarios.neutron.utils [-] Running this scenario without either the 'network' or 'existing_network' context is deprecated
2019-07-13 11:42:13.869 23245 INFO rally.task.runner [-] Task d85b3a48-19ed-40cc-9e1c-ef0258530be9 | ITER: 7 END: OK
2019-07-13 11:42:13.873 23245 INFO rally.task.runner [-] Task d85b3a48-19ed-40cc-9e1c-ef0258530be9 | ITER: 23 START
2019-07-13 11:42:13.874 23245 WARNING rally_openstack.scenarios.neutron.utils [-] Running this scenario without either the 'network' or 'existing_network' context is deprecated
2019-07-13 11:42:14.043 23281 INFO rally.task.runner [-] Task d85b3a48-19ed-40cc-9e1c-ef0258530be9 | ITER: 17 END: OK
2019-07-13 11:42:14.047 23281 INFO rally.task.runner [-] Task d85b3a48-19ed-40cc-9e1c-ef0258530be9 | ITER: 24 START
2019-07-13 11:42:14.048 23281 WARNING rally_openstack.scenarios.neutron.utils [-] Running this scenario without either the 'network' or 'existing_network' context is deprecated
2019-07-13 11:42:14.203 23285 INFO rally.task.runner [-] Task d85b3a48-19ed-40cc-9e1c-ef0258530be9 | ITER: 19 END: OK
2019-07-13 11:42:14.208 23285 INFO rally.task.runner [-] Task d85b3a48-19ed-40cc-9e1c-ef0258530be9 | ITER: 25 START
2019-07-13 11:42:14.209 23285 WARNING rally_openstack.scenarios.neutron.utils [-] Running this scenario without either the 'network' or 'existing_network' context is deprecated
2019-07-13 11:42:14.233 23288 INFO rally.task.runner [-] Task d85b3a48-19ed-40cc-9e1c-ef0258530be9 | ITER: 20 END: OK
2019-07-13 11:42:14.237 23288 INFO rally.task.runner [-] Task d85b3a48-19ed-40cc-9e1c-ef0258530be9 | ITER: 26 START
2019-07-13 11:42:14.238 23288 WARNING rally_openstack.scenarios.neutron.utils [-] Running this scenario without either the 'network' or 'existing_network' context is deprecated
2019-07-13 11:42:14.286 23274 INFO rally.task.runner [-] Task d85b3a48-19ed-40cc-9e1c-ef0258530be9 | ITER: 16 END: OK
2019-07-13 11:42:14.290 23274 INFO rally.task.runner [-] Task d85b3a48-19ed-40cc-9e1c-ef0258530be9 | ITER: 27 START
2019-07-13 11:42:14.291 23274 WARNING rally_openstack.scenarios.neutron.utils [-] Running this scenario without either the 'network' or 'existing_network' context is deprecated
2019-07-13 11:42:14.344 23246 INFO rally.task.runner [-] Task d85b3a48-19ed-40cc-9e1c-ef0258530be9 | ITER: 8 END: OK
2019-07-13 11:42:14.347 23246 INFO rally.task.runner [-] Task d85b3a48-19ed-40cc-9e1c-ef0258530be9 | ITER: 28 START
2019-07-13 11:42:14.348 23246 WARNING rally_openstack.scenarios.neutron.utils [-] Running this scenario without either the 'network' or 'existing_network' context is deprecated
2019-07-13 11:42:14.378 23268 INFO rally.task.runner [-] Task d85b3a48-19ed-40cc-9e1c-ef0258530be9 | ITER: 13 END: OK
2019-07-13 11:42:14.382 23268 INFO rally.task.runner [-] Task d85b3a48-19ed-40cc-9e1c-ef0258530be9 | ITER: 29 START
2019-07-13 11:42:14.382 23268 WARNING rally_openstack.scenarios.neutron.utils [-] Running this scenario without either the 'network' or 'existing_network' context is deprecated
2019-07-13 11:42:14.490 23252 INFO rally.task.runner [-] Task d85b3a48-19ed-40cc-9e1c-ef0258530be9 | ITER: 10 END: OK
2019-07-13 11:42:14.494 23252 INFO rally.task.runner [-] Task d85b3a48-19ed-40cc-9e1c-ef0258530be9 | ITER: 30 START
2019-07-13 11:42:14.495 23252 WARNING rally_openstack.scenarios.neutron.utils [-] Running this scenario without either the 'network' or 'existing_network' context is deprecated
2019-07-13 11:42:14.668 23243 INFO rally.task.runner [-] Task d85b3a48-19ed-40cc-9e1c-ef0258530be9 | ITER: 1 END: OK
2019-07-13 11:42:14.672 23243 INFO rally.task.runner [-] Task d85b3a48-19ed-40cc-9e1c-ef0258530be9 | ITER: 31 START
2019-07-13 11:42:14.673 23243 WARNING rally_openstack.scenarios.neutron.utils [-] Running this scenario without either the 'network' or 'existing_network' context is deprecated
2019-07-13 11:42:15.981 23245 INFO rally.task.runner [-] Task d85b3a48-19ed-40cc-9e1c-ef0258530be9 | ITER: 5 END: OK
2019-07-13 11:42:15.985 23245 INFO rally.task.runner [-] Task d85b3a48-19ed-40cc-9e1c-ef0258530be9 | ITER: 32 START
2019-07-13 11:42:15.986 23245 WARNING rally_openstack.scenarios.neutron.utils [-] Running this scenario without either the 'network' or 'existing_network' context is deprecated
2019-07-13 11:42:16.001 23265 INFO rally.task.runner [-] Task d85b3a48-19ed-40cc-9e1c-ef0258530be9 | ITER: 14 END: OK
2019-07-13 11:42:16.005 23265 INFO rally.task.runner [-] Task d85b3a48-19ed-40cc-9e1c-ef0258530be9 | ITER: 33 START
2019-07-13 11:42:16.005 23265 WARNING rally_openstack.scenarios.neutron.utils [-] Running this scenario without either the 'network' or 'existing_network' context is deprecated
2019-07-13 11:42:16.481 23243 INFO rally.task.runner [-] Task d85b3a48-19ed-40cc-9e1c-ef0258530be9 | ITER: 3 END: OK
2019-07-13 11:42:16.485 23243 INFO rally.task.runner [-] Task d85b3a48-19ed-40cc-9e1c-ef0258530be9 | ITER: 34 START
2019-07-13 11:42:16.485 23243 WARNING rally_openstack.scenarios.neutron.utils [-] Running this scenario without either the 'network' or 'existing_network' context is deprecated
2019-07-13 11:42:16.548 23244 INFO rally.task.runner [-] Task d85b3a48-19ed-40cc-9e1c-ef0258530be9 | ITER: 4 END: OK
2019-07-13 11:42:16.552 23244 INFO rally.task.runner [-] Task d85b3a48-19ed-40cc-9e1c-ef0258530be9 | ITER: 35 START
2019-07-13 11:42:16.553 23244 WARNING rally_openstack.scenarios.neutron.utils [-] Running this scenario without either the 'network' or 'existing_network' context is deprecated
2019-07-13 11:42:16.770 23255 INFO rally.task.runner [-] Task d85b3a48-19ed-40cc-9e1c-ef0258530be9 | ITER: 11 END: OK
2019-07-13 11:42:16.774 23255 INFO rally.task.runner [-] Task d85b3a48-19ed-40cc-9e1c-ef0258530be9 | ITER: 36 START
2019-07-13 11:42:16.775 23255 WARNING rally_openstack.scenarios.neutron.utils [-] Running this scenario without either the 'network' or 'existing_network' context is deprecated
2019-07-13 11:42:16.816 23248 INFO rally.task.runner [-] Task d85b3a48-19ed-40cc-9e1c-ef0258530be9 | ITER: 9 END: OK
2019-07-13 11:42:16.821 23248 INFO rally.task.runner [-] Task d85b3a48-19ed-40cc-9e1c-ef0258530be9 | ITER: 37 START
2019-07-13 11:42:16.821 23248 WARNING rally_openstack.scenarios.neutron.utils [-] Running this scenario without either the 'network' or 'existing_network' context is deprecated
2019-07-13 11:42:16.925 23261 INFO rally.task.runner [-] Task d85b3a48-19ed-40cc-9e1c-ef0258530be9 | ITER: 12 END: OK
2019-07-13 11:42:16.929 23261 INFO rally.task.runner [-] Task d85b3a48-19ed-40cc-9e1c-ef0258530be9 | ITER: 38 START
2019-07-13 11:42:16.929 23261 WARNING rally_openstack.scenarios.neutron.utils [-] Running this scenario without either the 'network' or 'existing_network' context is deprecated
2019-07-13 11:42:17.478 23244 INFO rally.task.runner [-] Task d85b3a48-19ed-40cc-9e1c-ef0258530be9 | ITER: 2 END: OK
2019-07-13 11:42:17.482 23244 INFO rally.task.runner [-] Task d85b3a48-19ed-40cc-9e1c-ef0258530be9 | ITER: 39 START
