2019-07-13 11:29:56.213 21096 WARNING rally_openstack.scenarios.neutron.utils [-] Running this scenario without either the 'network' or 'existing_network' context is deprecated
2019-07-13 11:29:56.208 21093 INFO rally.task.runner [-] Task d85b3a48-19ed-40cc-9e1c-ef0258530be9 | ITER: 5 START
2019-07-13 11:29:56.213 21106 RALLYDEBUG rally.task.runner [-] Starting a worker. concurrency: 1 args: {"network_create_args": {}, "subnet_create_args": {}, "subnet_cidr_start": "1.1.0.0/30", "subnets_per_network": 2} times: 40 method_name: run timeout: 0 duration: None cls:
2019-07-13 11:29:56.215 21094 WARNING rally_openstack.scenarios.neutron.utils [-] Running this scenario without either the 'network' or 'existing_network' context is deprecated
2019-07-13 11:29:56.214 21093 WARNING rally_openstack.scenarios.neutron.utils [-] Running this scenario without either the 'network' or 'existing_network' context is deprecated
2019-07-13 11:29:56.217 21101 INFO rally.task.runner [-] Task d85b3a48-19ed-40cc-9e1c-ef0258530be9 | ITER: 10 START
2019-07-13 11:29:56.218 21101 WARNING rally_openstack.scenarios.neutron.utils [-] Running this scenario without either the 'network' or 'existing_network' context is deprecated
2019-07-13 11:29:56.218 21104 INFO rally.task.runner [-] Task d85b3a48-19ed-40cc-9e1c-ef0258530be9 | ITER: 11 START
2019-07-13 11:29:56.218 21092 INFO rally.task.runner [-] Task d85b3a48-19ed-40cc-9e1c-ef0258530be9 | ITER: 6 START
2019-07-13 11:29:56.218 21109 RALLYDEBUG rally.task.runner [-] Starting a worker. concurrency: 1 args: {"network_create_args": {}, "subnet_create_args": {}, "subnet_cidr_start": "1.1.0.0/30", "subnets_per_network": 2} times: 40 method_name: run timeout: 0 duration: None cls:
2019-07-13 11:29:56.219 21092 WARNING rally_openstack.scenarios.neutron.utils [-] Running this scenario without either the 'network' or 'existing_network' context is deprecated
2019-07-13 11:29:56.220 21104 WARNING rally_openstack.scenarios.neutron.utils [-] Running this scenario without either the 'network' or 'existing_network' context is deprecated
2019-07-13 11:29:56.216 21094 INFO rally.task.runner [-] Task d85b3a48-19ed-40cc-9e1c-ef0258530be9 | ITER: 9 START
2019-07-13 11:29:56.223 21094 WARNING rally_openstack.scenarios.neutron.utils [-] Running this scenario without either the 'network' or 'existing_network' context is deprecated
2019-07-13 11:29:56.225 21109 INFO rally.task.runner [-] Task d85b3a48-19ed-40cc-9e1c-ef0258530be9 | ITER: 13 START
2019-07-13 11:29:56.226 21106 INFO rally.task.runner [-] Task d85b3a48-19ed-40cc-9e1c-ef0258530be9 | ITER: 12 START
2019-07-13 11:29:56.227 21109 WARNING rally_openstack.scenarios.neutron.utils [-] Running this scenario without either the 'network' or 'existing_network' context is deprecated
2019-07-13 11:29:56.228 21106 WARNING rally_openstack.scenarios.neutron.utils [-] Running this scenario without either the 'network' or 'existing_network' context is deprecated
2019-07-13 11:29:56.227 21115 RALLYDEBUG rally.task.runner [-] Starting a worker. concurrency: 1 args: {"network_create_args": {}, "subnet_create_args": {}, "subnet_cidr_start": "1.1.0.0/30", "subnets_per_network": 2} times: 40 method_name: run timeout: 0 duration: None cls:
2019-07-13 11:29:56.230 21120 RALLYDEBUG rally.task.runner [-] Starting a worker. concurrency: 1 args: {"network_create_args": {}, "subnet_create_args": {}, "subnet_cidr_start": "1.1.0.0/30", "subnets_per_network": 2} times: 40 method_name: run timeout: 0 duration: None cls:
2019-07-13 11:29:56.233 21124 RALLYDEBUG rally.task.runner [-] Starting a worker. concurrency: 1 args: {"network_create_args": {}, "subnet_create_args": {}, "subnet_cidr_start": "1.1.0.0/30", "subnets_per_network": 2} times: 40 method_name: run timeout: 0 duration: None cls:
2019-07-13 11:29:56.235 21115 INFO rally.task.runner [-] Task d85b3a48-19ed-40cc-9e1c-ef0258530be9 | ITER: 14 START
2019-07-13 11:29:56.237 21120 INFO rally.task.runner [-] Task d85b3a48-19ed-40cc-9e1c-ef0258530be9 | ITER: 15 START
2019-07-13 11:29:56.239 21115 WARNING rally_openstack.scenarios.neutron.utils [-] Running this scenario without either the 'network' or 'existing_network' context is deprecated
2019-07-13 11:29:56.239 21120 WARNING rally_openstack.scenarios.neutron.utils [-] Running this scenario without either the 'network' or 'existing_network' context is deprecated
2019-07-13 11:29:56.240 21124 INFO rally.task.runner [-] Task d85b3a48-19ed-40cc-9e1c-ef0258530be9 | ITER: 16 START
2019-07-13 11:29:56.242 21124 WARNING rally_openstack.scenarios.neutron.utils [-] Running this scenario without either the 'network' or 'existing_network' context is deprecated
2019-07-13 11:29:56.242 21126 RALLYDEBUG rally.task.runner [-] Starting a worker. concurrency: 1 args: {"network_create_args": {}, "subnet_create_args": {}, "subnet_cidr_start": "1.1.0.0/30", "subnets_per_network": 2} times: 40 method_name: run timeout: 0 duration: None cls:
2019-07-13 11:29:56.249 21132 RALLYDEBUG rally.task.runner [-] Starting a worker. concurrency: 1 args: {"network_create_args": {}, "subnet_create_args": {}, "subnet_cidr_start": "1.1.0.0/30", "subnets_per_network": 2} times: 40 method_name: run timeout: 0 duration: None cls:
2019-07-13 11:29:56.250 21126 INFO rally.task.runner [-] Task d85b3a48-19ed-40cc-9e1c-ef0258530be9 | ITER: 17 START
2019-07-13 11:29:56.251 21126 WARNING rally_openstack.scenarios.neutron.utils [-] Running this scenario without either the 'network' or 'existing_network' context is deprecated
2019-07-13 11:29:56.254 21132 INFO rally.task.runner [-] Task d85b3a48-19ed-40cc-9e1c-ef0258530be9 | ITER: 18 START
2019-07-13 11:29:56.255 21132 WARNING rally_openstack.scenarios.neutron.utils [-] Running this scenario without either the 'network' or 'existing_network' context is deprecated
2019-07-13 11:29:56.258 21134 RALLYDEBUG rally.task.runner [-] Starting a worker. concurrency: 1 args: {"network_create_args": {}, "subnet_create_args": {}, "subnet_cidr_start": "1.1.0.0/30", "subnets_per_network": 2} times: 40 method_name: run timeout: 0 duration: None cls:
2019-07-13 11:29:56.260 21136 RALLYDEBUG rally.task.runner [-] Starting a worker. concurrency: 1 args: {"network_create_args": {}, "subnet_create_args": {}, "subnet_cidr_start": "1.1.0.0/30", "subnets_per_network": 2} times: 40 method_name: run timeout: 0 duration: None cls:
2019-07-13 11:29:56.264 21134 INFO rally.task.runner [-] Task d85b3a48-19ed-40cc-9e1c-ef0258530be9 | ITER: 19 START
2019-07-13 11:29:56.264 21136 INFO rally.task.runner [-] Task d85b3a48-19ed-40cc-9e1c-ef0258530be9 | ITER: 20 START
2019-07-13 11:29:56.265 21134 WARNING rally_openstack.scenarios.neutron.utils [-] Running this scenario without either the 'network' or 'existing_network' context is deprecated
2019-07-13 11:29:56.266 21136 WARNING rally_openstack.scenarios.neutron.utils [-] Running this scenario without either the 'network' or 'existing_network' context is deprecated
2019-07-13 11:29:58.700 21115 RALLYDEBUG rally_openstack.wrappers.network [-] CIDR generated: 1.1.4.96/30
2019-07-13 11:29:58.722 21101 RALLYDEBUG rally_openstack.wrappers.network [-] CIDR generated: 1.1.4.100/30
2019-07-13 11:29:58.734 21091 RALLYDEBUG rally_openstack.wrappers.network [-] CIDR generated: 1.1.4.104/30
2019-07-13 11:29:59.016 21124 RALLYDEBUG rally_openstack.wrappers.network [-] CIDR generated: 1.1.4.108/30
2019-07-13 11:29:59.525 21092 RALLYDEBUG rally_openstack.wrappers.network [-] CIDR generated: 1.1.4.112/30
2019-07-13 11:29:59.551 21093 RALLYDEBUG rally_openstack.wrappers.network [-] CIDR generated: 1.1.4.116/30
2019-07-13 11:29:59.640 21106 RALLYDEBUG rally_openstack.wrappers.network [-] CIDR generated: 1.1.4.120/30
2019-07-13 11:29:59.805 21132 RALLYDEBUG rally_openstack.wrappers.network [-] CIDR generated: 1.1.4.124/30
2019-07-13 11:29:59.931 21093 RALLYDEBUG rally_openstack.wrappers.network [-] CIDR generated: 1.1.4.128/30
2019-07-13 11:29:59.938 21126 RALLYDEBUG rally_openstack.wrappers.network [-] CIDR generated: 1.1.4.132/30
2019-07-13 11:29:59.989 21120 RALLYDEBUG rally_openstack.wrappers.network [-] CIDR generated: 1.1.4.136/30
2019-07-13 11:30:00.047 21134 RALLYDEBUG rally_openstack.wrappers.network [-] CIDR generated: 1.1.4.140/30
2019-07-13 11:30:00.189 21092 RALLYDEBUG rally_openstack.wrappers.network [-] CIDR generated: 1.1.4.144/30
2019-07-13 11:30:00.292 21136 RALLYDEBUG rally_openstack.wrappers.network [-] CIDR generated: 1.1.4.148/30
2019-07-13 11:30:00.669 21115 RALLYDEBUG rally_openstack.wrappers.network [-] CIDR generated: 1.1.4.152/30
2019-07-13 11:30:00.844 21094 RALLYDEBUG rally_openstack.wrappers.network [-] CIDR generated: 1.1.4.156/30
2019-07-13 11:30:00.859 21109 RALLYDEBUG rally_openstack.wrappers.network [-] CIDR generated: 1.1.4.160/30
2019-07-13 11:30:00.938 21091 RALLYDEBUG rally_openstack.wrappers.network [-] CIDR generated: 1.1.4.164/30
2019-07-13 11:30:00.966 21101 RALLYDEBUG rally_openstack.wrappers.network [-] CIDR generated: 1.1.4.168/30
2019-07-13 11:30:01.052 21091 RALLYDEBUG rally_openstack.wrappers.network [-] CIDR generated: 1.1.4.172/30
2019-07-13 11:30:01.103 21096 RALLYDEBUG rally_openstack.wrappers.network [-] CIDR generated: 1.1.4.176/30
2019-07-13 11:30:01.171 21094 RALLYDEBUG rally_openstack.wrappers.network [-] CIDR generated: 1.1.4.180/30
2019-07-13 11:30:01.184 21104 RALLYDEBUG rally_openstack.wrappers.network [-] CIDR generated: 1.1.4.184/30
2019-07-13 11:30:01.207 21124 RALLYDEBUG rally_openstack.wrappers.network [-] CIDR generated: 1.1.4.188/30
2019-07-13 11:30:01.739 21092 RALLYDEBUG rally_openstack.wrappers.network [-] CIDR generated: 1.1.4.192/30
2019-07-13 11:30:01.992 21092 RALLYDEBUG rally_openstack.wrappers.network [-] CIDR generated: 1.1.4.196/30
2019-07-13 11:30:02.020 21132 RALLYDEBUG rally_openstack.wrappers.network [-] CIDR generated: 1.1.4.200/30
2019-07-13 11:30:02.154 21126 RALLYDEBUG rally_openstack.wrappers.network [-] CIDR generated: 1.1.4.204/30
2019-07-13 11:30:02.206 21106 RALLYDEBUG rally_openstack.wrappers.network [-] CIDR generated: 1.1.4.208/30
2019-07-13 11:30:02.279 21093 RALLYDEBUG rally_openstack.wrappers.network [-] CIDR generated: 1.1.4.212/30
2019-07-13 11:30:02.709 21134 RALLYDEBUG rally_openstack.wrappers.network [-] CIDR generated: 1.1.4.216/30
2019-07-13 11:30:02.745 21120 RALLYDEBUG rally_openstack.wrappers.network [-] CIDR generated: 1.1.4.220/30
2019-07-13 11:30:02.793 21093 RALLYDEBUG rally_openstack.wrappers.network [-] CIDR generated: 1.1.4.224/30
2019-07-13 11:30:03.046 21136 RALLYDEBUG rally_openstack.wrappers.network [-] CIDR generated: 1.1.4.228/30
2019-07-13 11:30:03.399 21091 RALLYDEBUG rally_openstack.wrappers.network [-] CIDR generated: 1.1.4.232/30
2019-07-13 11:30:03.602 21109 RALLYDEBUG rally_openstack.wrappers.network [-] CIDR generated: 1.1.4.236/30
2019-07-13 11:30:03.939 21104 RALLYDEBUG rally_openstack.wrappers.network [-] CIDR generated: 1.1.4.240/30
2019-07-13 11:30:05.099 21094 RALLYDEBUG rally_openstack.wrappers.network [-] CIDR generated: 1.1.4.244/30
2019-07-13 11:30:05.236 21094 RALLYDEBUG rally_openstack.wrappers.network [-] CIDR generated: 1.1.4.248/30
2019-07-13 11:30:05.540 21096 RALLYDEBUG rally_openstack.wrappers.network [-] CIDR generated: 1.1.4.252/30
2019-07-13 11:30:08.116 21091 INFO rally.task.runner [-] Task d85b3a48-19ed-40cc-9e1c-ef0258530be9 | ITER: 2 END: OK
2019-07-13 11:30:08.126 21091 INFO rally.task.runner [-] Task d85b3a48-19ed-40cc-9e1c-ef0258530be9 | ITER: 21 START
2019-07-13 11:30:08.126 21091 WARNING rally_openstack.scenarios.neutron.utils [-] Running this scenario without either the 'network' or 'existing_network' context is deprecated
2019-07-13 11:30:08.359 21115 INFO rally.task.runner [-] Task d85b3a48-19ed-40cc-9e1c-ef0258530be9 | ITER: 14 END: OK
2019-07-13 11:30:08.363 21115 INFO rally.task.runner [-] Task d85b3a48-19ed-40cc-9e1c-ef0258530be9 | ITER: 22 START
2019-07-13 11:30:08.364 21115 WARNING rally_openstack.scenarios.neutron.utils [-] Running this scenario without either the 'network' or 'existing_network' context is deprecated
2019-07-13 11:30:09.117 21106 INFO rally.task.runner [-] Task d85b3a48-19ed-40cc-9e1c-ef0258530be9 | ITER: 12 END: OK
2019-07-13 11:30:09.121 21106 INFO rally.task.runner [-] Task d85b3a48-19ed-40cc-9e1c-ef0258530be9 | ITER: 23 START
2019-07-13 11:30:09.121 21106 WARNING rally_openstack.scenarios.neutron.utils [-] Running this scenario without either the 'network' or 'existing_network' context is deprecated
2019-07-13 11:30:09.171 21093 INFO rally.task.runner [-] Task d85b3a48-19ed-40cc-9e1c-ef0258530be9 | ITER: 4 END: OK
2019-07-13 11:30:09.175 21093 INFO rally.task.runner [-] Task d85b3a48-19ed-40cc-9e1c-ef0258530be9 | ITER: 24 START
2019-07-13 11:30:09.176 21093 WARNING rally_openstack.scenarios.neutron.utils [-] Running this scenario without either the 'network' or 'existing_network' context is deprecated
2019-07-13 11:30:09.397 21120 INFO rally.task.runner [-] Task d85b3a48-19ed-40cc-9e1c-ef0258530be9 | ITER: 15 END: OK
2019-07-13 11:30:09.401 21120 INFO rally.task.runner [-] Task d85b3a48-19ed-40cc-9e1c-ef0258530be9 | ITER: 25 START
2019-07-13 11:30:09.402 21120 WARNING rally_openstack.scenarios.neutron.utils [-] Running this scenario without either the 'network' or 'existing_network' context is deprecated
2019-07-13 11:30:09.435 21132 INFO rally.task.runner [-] Task d85b3a48-19ed-40cc-9e1c-ef0258530be9 | ITER: 18 END: OK
2019-07-13 11:30:09.439 21132 INFO rally.task.runner [-] Task d85b3a48-19ed-40cc-9e1c-ef0258530be9 | ITER: 26 START
2019-07-13 11:30:09.440 21132 WARNING rally_openstack.scenarios.neutron.utils [-] Running this scenario without either the 'network' or 'existing_network' context is deprecated
2019-07-13 11:30:09.577 21092 INFO rally.task.runner [-] Task d85b3a48-19ed-40cc-9e1c-ef0258530be9 | ITER: 3 END: OK
2019-07-13 11:30:09.581 21092 INFO rally.task.runner [-] Task d85b3a48-19ed-40cc-9e1c-ef0258530be9 | ITER: 27 START
2019-07-13 11:30:09.582 21092 WARNING rally_openstack.scenarios.neutron.utils [-] Running this scenario without either the 'network' or 'existing_network' context is deprecated
2019-07-13 11:30:09.715 21092 INFO rally.task.runner [-] Task d85b3a48-19ed-40cc-9e1c-ef0258530be9 | ITER: 6 END: OK
2019-07-13 11:30:09.718 21092 INFO rally.task.runner [-] Task d85b3a48-19ed-40cc-9e1c-ef0258530be9 | ITER: 28 START
2019-07-13 11:30:09.719 21092 WARNING rally_openstack.scenarios.neutron.utils [-] Running this scenario without either the 'network' or 'existing_network' context is deprecated
2019-07-13 11:30:09.749 21101 INFO rally.task.runner [-] Task d85b3a48-19ed-40cc-9e1c-ef0258530be9 | ITER: 10 END: OK
2019-07-13 11:30:09.753 21101 INFO rally.task.runner [-] Task d85b3a48-19ed-40cc-9e1c-ef0258530be9 | ITER: 29 START
2019-07-13 11:30:09.754 21101 WARNING rally_openstack.scenarios.neutron.utils [-] Running this scenario without either the 'network' or 'existing_network' context is deprecated
2019-07-13 11:30:09.837 21136 INFO rally.task.runner [-] Task d85b3a48-19ed-40cc-9e1c-ef0258530be9 | ITER: 20 END: OK
2019-07-13 11:30:09.842 21136 INFO rally.task.runner [-] Task d85b3a48-19ed-40cc-9e1c-ef0258530be9 | ITER: 30 START
2019-07-13 11:30:09.842 21136 WARNING rally_openstack.scenarios.neutron.utils [-] Running this scenario without either the 'network' or 'existing_network' context is deprecated
2019-07-13 11:30:10.009 21091 RALLYDEBUG rally_openstack.wrappers.network [-] CIDR generated: 1.1.5.0/30
2019-07-13 11:30:10.338 21115 RALLYDEBUG rally_openstack.wrappers.network [-] CIDR generated: 1.1.5.4/30
2019-07-13 11:30:11.344 21109 INFO rally.task.runner [-] Task d85b3a48-19ed-40cc-9e1c-ef0258530be9 | ITER: 13 END: OK
2019-07-13 11:30:11.348 21109 INFO rally.task.runner [-] Task d85b3a48-19ed-40cc-9e1c-ef0258530be9 | ITER: 31 START
2019-07-13 11:30:11.349 21109 WARNING rally_openstack.scenarios.neutron.utils [-] Running this scenario without either the 'network' or 'existing_network' context is deprecated
2019-07-13 11:30:11.357 21106 RALLYDEBUG rally_openstack.wrappers.network [-] CIDR generated: 1.1.5.8/30
2019-07-13 11:30:11.470 21093 INFO rally.task.runner [-] Task d85b3a48-19ed-40cc-9e1c-ef0258530be9 | ITER: 5 END: OK
2019-07-13 11:30:11.472 21124 INFO rally.task.runner [-] Task d85b3a48-19ed-40cc-9e1c-ef0258530be9 | ITER: 16 END: OK
2019-07-13 11:30:11.474 21093 INFO rally.task.runner [-] Task d85b3a48-19ed-40cc-9e1c-ef0258530be9 | ITER: 32 START
2019-07-13 11:30:11.474 21093 WARNING rally_openstack.scenarios.neutron.utils [-] Running this scenario without either the 'network' or 'existing_network' context is deprecated
2019-07-13 11:30:11.475 21124 INFO rally.task.runner [-] Task d85b3a48-19ed-40cc-9e1c-ef0258530be9 | ITER: 33 START
2019-07-13 11:30:11.476 21124 WARNING rally_openstack.scenarios.neutron.utils [-] Running this scenario without either the 'network' or 'existing_network' context is deprecated
2019-07-13 11:30:11.571 21134 INFO rally.task.runner [-] Task d85b3a48-19ed-40cc-9e1c-ef0258530be9 | ITER: 19 END: OK
2019-07-13 11:30:11.575 21134 INFO rally.task.runner [-] Task d85b3a48-19ed-40cc-9e1c-ef0258530be9 | ITER: 34 START
2019-07-13 11:30:11.576 21134 WARNING rally_openstack.scenarios.neutron.utils [-] Running this scenario without either the 'network' or 'existing_network' context is deprecated
2019-07-13 11:30:11.636 21126 INFO rally.task.runner [-] Task d85b3a48-19ed-40cc-9e1c-ef0258530be9 | ITER: 17 END: OK
2019-07-13 11:30:11.637 21091 INFO rally.task.runner [-] Task d85b3a48-19ed-40cc-9e1c-ef0258530be9 | ITER: 1 END: OK
2019-07-13 11:30:11.641 21126 INFO rally.task.runner [-] Task d85b3a48-19ed-40cc-9e1c-ef0258530be9 | ITER: 35 START
2019-07-13 11:30:11.641 21091 INFO rally.task.runner [-] Task d85b3a48-19ed-40cc-9e1c-ef0258530be9 | ITER: 36 START
2019-07-13 11:30:11.641 21126 WARNING rally_openstack.scenarios.neutron.utils [-] Running this scenario without either the 'network' or 'existing_network' context is deprecated
2019-07-13 11:30:11.642 21091 WARNING rally_openstack.scenarios.neutron.utils [-] Running this scenario without either the 'network' or 'existing_network' context is deprecated
2019-07-13 11:30:11.857 21094 INFO rally.task.runner [-] Task d85b3a48-19ed-40cc-9e1c-ef0258530be9 | ITER: 9 END: OK
2019-07-13 11:30:11.860 21094 INFO rally.task.runner [-] Task d85b3a48-19ed-40cc-9e1c-ef0258530be9 | ITER: 37 START
2019-07-13 11:30:11.861 21094 WARNING rally_openstack.scenarios.neutron.utils [-] Running this scenario without either the 'network' or 'existing_network' context is deprecated
2019-07-13 11:30:11.882 21132 RALLYDEBUG rally_openstack.wrappers.network [-] CIDR generated: 1.1.5.12/30
2019-07-13 11:30:12.009 21092 RALLYDEBUG rally_openstack.wrappers.network [-] CIDR generated: 1.1.5.16/30
2019-07-13 11:30:12.058 21093 RALLYDEBUG rally_openstack.wrappers.network [-] CIDR generated: 1.1.5.20/30
2019-07-13 11:30:12.381 21101 RALLYDEBUG rally_openstack.wrappers.network [-] CIDR generated: 1.1.5.24/30
2019-07-13 11:30:12.439 21092 RALLYDEBUG rally_openstack.wrappers.network [-] CIDR generated: 1.1.5.28/30
2019-07-13 11:30:12.547 21091 RALLYDEBUG rally_openstack.wrappers.network [-] CIDR generated: 1.1.5.32/30
2019-07-13 11:30:12.733 21120 RALLYDEBUG rally_openstack.wrappers.network [-] CIDR generated: 1.1.5.36/30
2019-07-13 11:30:12.878 21094 INFO rally.task.runner [-] Task d85b3a48-19ed-40cc-9e1c-ef0258530be9 | ITER: 7 END: OK
2019-07-13 11:30:12.882 21094 INFO rally.task.runner [-] Task d85b3a48-19ed-40cc-9e1c-ef0258530be9 | ITER: 38 START
2019-07-13 11:30:12.883 21094 WARNING rally_openstack.scenarios.neutron.utils [-] Running this scenario without either the 'network' or 'existing_network' context is deprecated
2019-07-13 11:30:12.991 21136 RALLYDEBUG rally_openstack.wrappers.network [-] CIDR generated: 1.1.5.40/30
2019-07-13 11:30:13.328 21104 INFO rally.task.runner [-] Task d85b3a48-19ed-40cc-9e1c-ef0258530be9 | ITER: 11 END: OK
2019-07-13 11:30:13.333 21104 INFO rally.task.runner [-] Task d85b3a48-19ed-40cc-9e1c-ef0258530be9 | ITER: 39 START
2019-07-13 11:30:13.334 21104 WARNING rally_openstack.scenarios.neutron.utils [-] Running this scenario without either the 'network' or 'existing_network' context is deprecated
2019-07-13 11:30:13.536 21115 RALLYDEBUG rally_openstack.wrappers.network [-] CIDR generated: 1.1.5.44/30
2019-07-13 11:30:13.690 21096 INFO rally.task.runner [-] Task d85b3a48-19ed-40cc-9e1c-ef0258530be9 | ITER: 8 END: OK
2019-07-13 11:30:13.695 21096 INFO rally.task.runner [-] Task d85b3a48-19ed-40cc-9e1c-ef0258530be9 | ITER: 40 START
2019-07-13 11:30:13.695 21096 WARNING rally_openstack.scenarios.neutron.utils [-] Running this scenario without either the 'network' or 'existing_network' context is deprecated
2019-07-13 11:30:13.914 21109 RALLYDEBUG rally_openstack.wrappers.network [-] CIDR generated: 1.1.5.48/30
2019-07-13 11:30:14.111 21124 RALLYDEBUG rally_openstack.wrappers.network [-] CIDR generated: 1.1.5.52/30
2019-07-13 11:30:14.123 21091 RALLYDEBUG rally_openstack.wrappers.network [-] CIDR generated: 1.1.5.56/30
2019-07-13 11:30:14.212 21094 RALLYDEBUG rally_openstack.wrappers.network [-] CIDR generated: 1.1.5.60/30
2019-07-13 11:30:14.599 21106 RALLYDEBUG rally_openstack.wrappers.network [-] CIDR generated: 1.1.5.64/30
2019-07-13 11:30:14.633 21093 RALLYDEBUG rally_openstack.wrappers.network [-] CIDR generated: 1.1.5.68/30
2019-07-13 11:30:14.704 21134 RALLYDEBUG rally_openstack.wrappers.network [-] CIDR generated: 1.1.5.72/30
2019-07-13 11:30:15.105 21092 RALLYDEBUG rally_openstack.wrappers.network [-] CIDR generated: 1.1.5.76/30
2019-07-13 11:30:15.203 21126 RALLYDEBUG rally_openstack.wrappers.network [-] CIDR generated: 1.1.5.80/30
2019-07-13 11:30:15.418 21093 RALLYDEBUG rally_openstack.wrappers.network [-] CIDR generated: 1.1.5.84/30
2019-07-13 11:30:15.541 21094 RALLYDEBUG rally_openstack.wrappers.network [-] CIDR generated: 1.1.5.88/30
2019-07-13 11:30:15.591 21136 RALLYDEBUG rally_openstack.wrappers.network [-] CIDR generated: 1.1.5.92/30
2019-07-13 11:30:15.915 21104 RALLYDEBUG rally_openstack.wrappers.network [-] CIDR generated: 1.1.5.96/30
2019-07-13 11:30:15.936 21109 RALLYDEBUG rally_openstack.wrappers.network [-] CIDR generated: 1.1.5.100/30
2019-07-13 11:30:16.276 21120 RALLYDEBUG rally_openstack.wrappers.network [-] CIDR generated: 1.1.5.104/30
2019-07-13 11:30:16.295 21094 RALLYDEBUG rally_openstack.wrappers.network [-] CIDR generated: 1.1.5.108/30
2019-07-13 11:30:16.345 21096 RALLYDEBUG rally_openstack.wrappers.network [-] CIDR generated: 1.1.5.112/30
2019-07-13 11:30:16.523 21091 RALLYDEBUG rally_openstack.wrappers.network [-] CIDR generated: 1.1.5.116/30
2019-07-13 11:30:16.527 21132 RALLYDEBUG rally_openstack.wrappers.network [-] CIDR generated: 1.1.5.120/30
2019-07-13 11:30:16.650 21101 RALLYDEBUG rally_openstack.wrappers.network [-] CIDR generated: 1.1.5.124/30
2019-07-13 11:30:16.840 21092 RALLYDEBUG rally_openstack.wrappers.network [-] CIDR generated: 1.1.5.128/30
2019-07-13 11:30:17.248 21093 RALLYDEBUG rally_openstack.wrappers.network [-] CIDR generated: 1.1.5.132/30
2019-07-13 11:30:17.463 21134 RALLYDEBUG rally_openstack.wrappers.network [-] CIDR generated: 1.1.5.136/30
2019-07-13 11:30:17.782 21126 RALLYDEBUG rally_openstack.wrappers.network [-] CIDR generated: 1.1.5.140/30
2019-07-13 11:30:17.920 21124 RALLYDEBUG rally_openstack.wrappers.network [-] CIDR generated: 1.1.5.144/30
2019-07-13 11:30:18.518 21096 RALLYDEBUG rally_openstack.wrappers.network [-] CIDR generated: 1.1.5.148/30
2019-07-13 11:30:18.683 21091 INFO rally.task.runner [-] Task d85b3a48-19ed-40cc-9e1c-ef0258530be9 | ITER: 21 END: OK
2019-07-13 11:30:18.740 21094 RALLYDEBUG rally_openstack.wrappers.network [-] CIDR generated: 1.1.5.152/30
2019-07-13 11:30:19.518 21104 RALLYDEBUG rally_openstack.wrappers.network [-] CIDR generated: 1.1.5.156/30
2019-07-13 11:30:21.089 21092 INFO rally.task.runner [-] Task d85b3a48-19ed-40cc-9e1c-ef0258530be9 | ITER: 27 END: OK
2019-07-13 11:30:21.230 21115 INFO rally.task.runner [-] Task d85b3a48-19ed-40cc-9e1c-ef0258530be9 | ITER: 22 END: OK
2019-07-13 11:30:21.945 21136 INFO rally.task.runner [-] Task d85b3a48-19ed-40cc-9e1c-ef0258530be9 | ITER: 30 END: OK
2019-07-13 11:30:22.142 21101 INFO rally.task.runner [-] Task d85b3a48-19ed-40cc-9e1c-ef0258530be9 | ITER: 29 END: OK
2019-07-13 11:30:22.939 21106 INFO rally.task.runner [-] Task d85b3a48-19ed-40cc-9e1c-ef0258530be9 | ITER: 23 END: OK
2019-07-13 11:30:23.211 21120 INFO rally.task.runner [-] Task d85b3a48-19ed-40cc-9e1c-ef0258530be9 | ITER: 25 END: OK
2019-07-13 11:30:23.251 21092 INFO rally.task.runner [-] Task d85b3a48-19ed-40cc-9e1c-ef0258530be9 | ITER: 28 END: OK
2019-07-13 11:30:23.253 21132 INFO rally.task.runner [-] Task d85b3a48-19ed-40cc-9e1c-ef0258530be9 | ITER: 26 END: OK
2019-07-13 11:30:23.315 21094 INFO rally.task.runner [-] Task d85b3a48-19ed-40cc-9e1c-ef0258530be9 | ITER: 37 END: OK
2019-07-13 11:30:23.340 21093 INFO rally.task.runner [-] Task d85b3a48-19ed-40cc-9e1c-ef0258530be9 | ITER: 24 END: OK
2019-07-13 11:30:23.391 21093 INFO rally.task.runner [-] Task d85b3a48-19ed-40cc-9e1c-ef0258530be9 | ITER: 32 END: OK
2019-07-13 11:30:23.472 21109 INFO rally.task.runner [-] Task d85b3a48-19ed-40cc-9e1c-ef0258530be9 | ITER: 31 END: OK
2019-07-13 11:30:23.748 21124 INFO rally.task.runner [-] Task d85b3a48-19ed-40cc-9e1c-ef0258530be9 | ITER: 33 END: OK
2019-07-13 11:30:23.887 21091 INFO rally.task.runner [-] Task d85b3a48-19ed-40cc-9e1c-ef0258530be9 | ITER: 36 END: OK
2019-07-13 11:30:23.937 21134 INFO rally.task.runner [-] Task d85b3a48-19ed-40cc-9e1c-ef0258530be9 | ITER: 34 END: OK
2019-07-13 11:30:24.108 21096 INFO rally.task.runner [-] Task d85b3a48-19ed-40cc-9e1c-ef0258530be9 | ITER: 40 END: OK
2019-07-13 11:30:24.240 21126 INFO rally.task.runner [-] Task d85b3a48-19ed-40cc-9e1c-ef0258530be9 | ITER: 35 END: OK
2019-07-13 11:30:25.002 21094 INFO rally.task.runner [-] Task d85b3a48-19ed-40cc-9e1c-ef0258530be9 | ITER: 38 END: OK
2019-07-13 11:30:26.048 21104 INFO rally.task.runner [-] Task d85b3a48-19ed-40cc-9e1c-ef0258530be9 | ITER: 39 END: OK
2019-07-13 11:30:26.077 18997 INFO rally.task.context [-] Task d85b3a48-19ed-40cc-9e1c-ef0258530be9 | Context cleanup@openstack cleanup() started
2019-07-13 11:30:26.080 18997 RALLYDEBUG rally_openstack.cleanup.manager [-] Cleaning up neutron vip objects
2019-07-13 11:30:26.839 18997 RALLYDEBUG rally_openstack.cleanup.manager [-] Cleaning up neutron health_monitor objects
2019-07-13 11:30:27.582 18997 RALLYDEBUG rally_openstack.cleanup.manager [-] Cleaning up neutron pool objects
2019-07-13 11:30:28.202 18997 RALLYDEBUG rally_openstack.cleanup.manager [-] Cleaning up neutron loadbalancer objects
2019-07-13 11:30:28.962 18997 RALLYDEBUG rally_openstack.cleanup.manager [-] Cleaning up neutron floatingip objects
2019-07-13 11:30:29.740 18997 RALLYDEBUG rally_openstack.cleanup.manager [-] Cleaning up neutron port objects
2019-07-13 11:30:30.743 18997 RALLYDEBUG rally_openstack.cleanup.manager [-] Cleaning up neutron subnet objects
2019-07-13 11:30:31.510 18997 RALLYDEBUG rally_openstack.cleanup.manager [-] Cleaning up neutron network objects
2019-07-13 11:30:32.349 18997 RALLYDEBUG rally_openstack.cleanup.manager [-] Deleting neutron.network object s_rally_26a11498_dPfhUf2L (257afaf4-380a-418c-94b4-a75a8ed24073)
2019-07-13 11:30:32.349 18997 RALLYDEBUG rally_openstack.cleanup.manager [-] Deleting neutron.network object s_rally_26a11498_pfKCSiwC (2473ddf5-9ba8-4904-a999-a6a197f55ca5)
2019-07-13 11:30:32.359 18997 RALLYDEBUG rally_openstack.cleanup.manager [-] Deleting neutron.network object s_rally_26a11498_07vVKi6s (2f1e9dc4-89d6-4044-9b5b-a9e4605a93d2)
2019-07-13 11:30:32.370 18997 RALLYDEBUG rally_openstack.cleanup.manager [-] Deleting neutron.network object s_rally_26a11498_uz4wiVAB (3064d55d-48dd-4ea7-97e2-dad6dd95cdd7)
2019-07-13 11:30:32.372 18997 RALLYDEBUG rally_openstack.cleanup.manager [-] Deleting neutron.network object s_rally_26a11498_ZmiWv2qT (2f45a5b7-0b80-4078-84af-9fb440d54700)
2019-07-13 11:30:32.384 18997 RALLYDEBUG rally_openstack.cleanup.manager [-] Deleting neutron.network object s_rally_26a11498_3WvU9WZa (327a644d-9c29-4c89-a5d1-7f444c43a823)
2019-07-13 11:30:32.390 18997 RALLYDEBUG rally_openstack.cleanup.manager [-] Deleting neutron.network object s_rally_26a11498_Voqr6yFJ (3a504d45-4d3b-48f6-a146-7dcbd0553e27)
2019-07-13 11:30:32.422 18997 RALLYDEBUG rally_openstack.cleanup.manager [-] Deleting neutron.network object s_rally_26a11498_uznXcVuR (3c4aee31-31f0-4203-9fca-4a559b443431)
2019-07-13 11:30:32.423 18997 RALLYDEBUG rally_openstack.cleanup.manager [-] Deleting neutron.network object s_rally_26a11498_9ePMJCSJ (3dbf8844-a134-4e75-9bee-8fcc8db00b76)
2019-07-13 11:30:32.429 18997 RALLYDEBUG rally_openstack.cleanup.manager [-] Deleting neutron.network object s_rally_26a11498_ShPWQuI1 (3f6c06a8-dbf9-4371-a1df-a597959c9475)
2019-07-13 11:30:32.437 18997 RALLYDEBUG rally_openstack.cleanup.manager [-] Deleting neutron.network object s_rally_26a11498_8vnHIVQF (416e28e8-02b4-47e3-bc42-ee947915f644)
2019-07-13 11:30:32.441 18997 RALLYDEBUG rally_openstack.cleanup.manager [-] Deleting neutron.network object s_rally_26a11498_6X24a2BZ (41a49d90-12a3-44e4-9076-1ce7c6d48234)
2019-07-13 11:30:32.467 18997 RALLYDEBUG rally_openstack.cleanup.manager [-] Deleting neutron.network object s_rally_26a11498_8CVnatat (64871601-75e5-4cf6-9e3b-36803bf7e21b)
2019-07-13 11:30:32.485 18997 RALLYDEBUG rally_openstack.cleanup.manager [-] Deleting neutron.network object s_rally_26a11498_9fkTPUIp (72931ed1-c772-4691-b5c2-8c13cf1dc934)
2019-07-13 11:30:32.489 18997 RALLYDEBUG rally_openstack.cleanup.manager [-] Deleting neutron.network object s_rally_26a11498_a1iFXC78 (784da7f0-28fd-43f0-a377-c414076ff8de)
2019-07-13 11:30:32.501 18997 RALLYDEBUG rally_openstack.cleanup.manager [-] Deleting neutron.network object s_rally_26a11498_ZbNYKFZS (7f942e40-8edd-4749-817b-b7e53ba5868d)
2019-07-13 11:30:32.511 18997 RALLYDEBUG rally_openstack.cleanup.manager [-] Deleting neutron.network object s_rally_26a11498_EGcDVzSN (801b0e19-d248-4d3e-bab0-07a6dcecd185)
2019-07-13 11:30:32.522 18997 RALLYDEBUG rally_openstack.cleanup.manager [-] Deleting neutron.network object s_rally_26a11498_lj2ZUyZw (84cc0b51-e00d-4a72-b301-2dfe8ff40074)
2019-07-13 11:30:32.532 18997 RALLYDEBUG rally_openstack.cleanup.manager [-] Deleting neutron.network object s_rally_26a11498_R3Fdk84D (8a3529c6-7319-4ae6-b339-2f810ecd1d28)
2019-07-13 11:30:32.548 18997 RALLYDEBUG rally_openstack.cleanup.manager [-] Deleting neutron.network object s_rally_26a11498_eB9ZKHw0 (921ace31-b489-4c1a-bd86-f96cd35fe167)
2019-07-13 11:30:35.857 18997 RALLYDEBUG rally_openstack.cleanup.manager [-] Deleting neutron.network object s_rally_26a11498_i8um5kOh (9aef6a48-d852-4fcf-9df6-5e4d1f95294b)
2019-07-13 11:30:36.011 18997 RALLYDEBUG rally_openstack.cleanup.manager [-] Deleting neutron.network object s_rally_26a11498_fIW3NINK (9d83075b-05f3-4cbb-95ca-59efd9f13c15)
2019-07-13 11:30:36.084 18997 RALLYDEBUG rally_openstack.cleanup.manager [-] Deleting neutron.network object s_rally_26a11498_FiHJ27o0 (a0e536a5-44af-43c3-abb6-8eab7c701675)
2019-07-13 11:30:36.112 18997 RALLYDEBUG rally_openstack.cleanup.manager [-] Deleting neutron.network object s_rally_26a11498_3nmvvKOe (b0f79400-85bc-4300-86fb-559055264c6e)
2019-07-13 11:30:36.113 18997 RALLYDEBUG rally_openstack.cleanup.manager [-] Deleting neutron.network object s_rally_26a11498_JG9Ajejt (aef450d4-8f32-4d3e-9b39-4d1a2c3ee438)
2019-07-13 11:30:36.232 18997 RALLYDEBUG rally_openstack.cleanup.manager [-] Deleting neutron.network object s_rally_26a11498_SiF4DbH7 (b90eb153-c88d-4596-82c6-a5710f4f357a)
2019-07-13 11:30:36.240 18997 RALLYDEBUG rally_openstack.cleanup.manager [-] Deleting neutron.network object s_rally_26a11498_fK5D4Dra (bc5e0942-878f-40a4-ae0e-09ccfa7fe6a1)
2019-07-13 11:30:36.254 18997 RALLYDEBUG rally_openstack.cleanup.manager [-] Deleting neutron.network object s_rally_26a11498_hzVm33MP (bfbc09ec-cd43-47e7-b615-3fde22c5802b)
2019-07-13 11:30:36.270 18997 RALLYDEBUG rally_openstack.cleanup.manager [-] Deleting neutron.network object s_rally_26a11498_H6ghNVQx (c652259a-faef-45d4-96ea-d5fdfa71bfc0)
2019-07-13 11:30:36.384 18997 RALLYDEBUG rally_openstack.cleanup.manager [-] Deleting neutron.network object s_rally_26a11498_vpilRlkf (cd820c0d-fa31-4f1d-af3f-77e6586eeeb0)
2019-07-13 11:30:36.384 18997 RALLYDEBUG rally_openstack.cleanup.manager [-] Deleting neutron.network object s_rally_26a11498_cL9nceWf (cf362f19-bb3f-4d67-b28b-55bde8dd4985)
2019-07-13 11:30:36.400 18997 RALLYDEBUG rally_openstack.cleanup.manager [-] Deleting neutron.network object s_rally_26a11498_d7N0iVgJ (cf44c03c-cf2f-4314-813e-cc31ade18db6)
2019-07-13 11:30:36.427 18997 RALLYDEBUG rally_openstack.cleanup.manager [-] Deleting neutron.network object s_rally_26a11498_XrRsb4sg (cf7f2917-4aaa-42ed-a730-9056d3b51f12)
2019-07-13 11:30:36.503 18997 RALLYDEBUG rally_openstack.cleanup.manager [-] Deleting neutron.network object s_rally_26a11498_ZpT4CzTg (d69bdaa3-44d9-40a6-8387-20ca54190c18)
2019-07-13 11:30:36.523 18997 RALLYDEBUG rally_openstack.cleanup.manager [-] Deleting neutron.network object s_rally_26a11498_F0xGoVeW (d8194b3a-2680-4f72-a47f-a28100f75736)
2019-07-13 11:30:36.615 18997 RALLYDEBUG rally_openstack.cleanup.manager [-] Deleting neutron.network object s_rally_26a11498_BB7Srd0q (d8465d3b-50d0-4289-9a0a-1262d78dd365)
2019-07-13 11:30:39.232 18997 RALLYDEBUG rally_openstack.cleanup.manager [-] Deleting neutron.network object s_rally_26a11498_X1XqDGp0 (db2732eb-7ea4-485c-a0ed-f096dd42afe3)
2019-07-13 11:30:39.277 18997 RALLYDEBUG rally_openstack.cleanup.manager [-] Deleting neutron.network object s_rally_26a11498_xnQ56ynK (e624974c-707a-4ad5-84c3-d95daf6cedf6)
2019-07-13 11:30:39.306 18997 RALLYDEBUG rally_openstack.cleanup.manager [-] Deleting neutron.network object s_rally_26a11498_RfOkyqup (ebd3dce4-cf3b-49c7-b669-f21a62d70e80)
2019-07-13 11:30:39.344 18997 RALLYDEBUG rally_openstack.cleanup.manager [-] Deleting neutron.network object s_rally_26a11498_TTBFu7FC (f4ac3dfd-5c35-4c35-8ef6-9a4ba667a3c1)
2019-07-13 11:30:43.385 18997 RALLYDEBUG rally_openstack.cleanup.manager [-] Cleaning up neutron router objects
2019-07-13 11:30:44.061 18997 RALLYDEBUG rally_openstack.cleanup.manager [-] Cleaning up neutron security_group objects
2019-07-13 11:30:44.776 18997 INFO rally.task.context [-] Task d85b3a48-19ed-40cc-9e1c-ef0258530be9 | Context cleanup@openstack cleanup() finished in 18.70 sec
2019-07-13 11:30:44.776 18997 INFO rally.task.context [-] Task d85b3a48-19ed-40cc-9e1c-ef0258530be9 | Context quotas@openstack cleanup() started
2019-07-13 11:30:45.114 18997 INFO rally.task.context [-] Task d85b3a48-19ed-40cc-9e1c-ef0258530be9 | Context quotas@openstack cleanup() finished in 0.34 sec
2019-07-13 11:30:45.115 18997 INFO rally.task.context [-] Task d85b3a48-19ed-40cc-9e1c-ef0258530be9 | Context users@openstack cleanup() started
2019-07-13 11:30:50.281 18997 INFO rally.task.context [-] Task d85b3a48-19ed-40cc-9e1c-ef0258530be9 | Context users@openstack cleanup() finished in 5.17 sec
2019-07-13 11:30:50.764 18997 INFO rally.task.engine [-] Load duration is: 29.845161
2019-07-13 11:30:50.764 18997 INFO rally.task.engine [-] Full runner duration is: 29.898577
2019-07-13 11:30:50.764 18997 INFO rally.task.engine [-] Full duration is: 59.765562
2019-07-13 11:30:51.016 18997 INFO rally.task.engine [-] Running workload: position = 0 config = { "version": 2, "title": "A cropped version of a bigger task.", "description": "Auto-generated task from a single workload (uuid=774b98a7-9121-410f-a4c6-7c428ddea264)", "subtasks": [ { "title": "NeutronNetworks.create_and_list_routers", "description": "Create and a given number of routers and list all routers.", "scenario": { "NeutronNetworks.create_and_list_routers": { "network_create_args": null, "subnet_create_args": null, "subnet_cidr_start": "1.1.0.0/30", "subnets_per_network": 2, "router_create_args": null } }, "contexts": { "users": { "tenants": 1, "users_per_tenant": 1 }, "quotas": { "neutron": { "network": -1, "subnet": -1, "router": -1 } } }, "runner": { "constant": { "times": 40, "concurrency": 20 } }, "hooks": [], "sla": { "failure_rate": { "max": 0 } } } ] }
2019-07-13 11:30:51.033 18997 RALLYDEBUG rally_openstack.contexts.keystone.users [-] Creating 1 tenants using 20 threads
2019-07-13 11:30:52.975 18997 RALLYDEBUG rally_openstack.contexts.keystone.users [-] Creating 1 users using 20 threads
2019-07-13 11:30:55.801 18997 INFO rally.task.context [-] Task d85b3a48-19ed-40cc-9e1c-ef0258530be9 | Context users@openstack setup() finished in 4.77 sec
2019-07-13 11:30:56.606 18997 INFO rally.task.context [-] Task d85b3a48-19ed-40cc-9e1c-ef0258530be9 | Context quotas@openstack setup() finished in 0.80 sec
2019-07-13 11:30:56.607 18997 INFO rally.task.context [-] Task d85b3a48-19ed-40cc-9e1c-ef0258530be9 | Context cleanup@openstack setup() finished in 0.00 msec
2019-07-13 11:30:56.614 18997 RALLYDEBUG rally.task.runner [-] Starting the constant runner (task UUID: d85b3a48-19ed-40cc-9e1c-ef0258530be9). timeout: 0 concurrency: 20 concurrency_per_worker: 1 times: 40 concurrency_overhead: 4 processes_to_start: 16 max_cpu_used: 16
2019-07-13 11:30:56.627 21461 RALLYDEBUG rally.task.runner [-] Starting a worker. concurrency: 2 args: {"network_create_args": null, "subnet_create_args": null, "subnet_cidr_start": "1.1.0.0/30", "subnets_per_network": 2, "router_create_args": null} times: 40 method_name: run timeout: 0 duration: None cls:
2019-07-13 11:30:56.631 21462 RALLYDEBUG rally.task.runner [-] Starting a worker. concurrency: 2 args: {"network_create_args": null, "subnet_create_args": null, "subnet_cidr_start": "1.1.0.0/30", "subnets_per_network": 2, "router_create_args": null} times: 40 method_name: run timeout: 0 duration: None cls:
2019-07-13 11:30:56.634 21463 RALLYDEBUG rally.task.runner [-] Starting a worker. concurrency: 2 args: {"network_create_args": null, "subnet_create_args": null, "subnet_cidr_start": "1.1.0.0/30", "subnets_per_network": 2, "router_create_args": null} times: 40 method_name: run timeout: 0 duration: None cls:
2019-07-13 11:30:56.636 21464 RALLYDEBUG rally.task.runner [-] Starting a worker. concurrency: 2 args: {"network_create_args": null, "subnet_create_args": null, "subnet_cidr_start": "1.1.0.0/30", "subnets_per_network": 2, "router_create_args": null} times: 40 method_name: run timeout: 0 duration: None cls:
2019-07-13 11:30:56.636 21461 INFO rally.task.runner [-] Task d85b3a48-19ed-40cc-9e1c-ef0258530be9 | ITER: 1 START
2019-07-13 11:30:56.637 21462 INFO rally.task.runner [-] Task d85b3a48-19ed-40cc-9e1c-ef0258530be9 | ITER: 2 START
2019-07-13 11:30:56.640 21466 RALLYDEBUG rally.task.runner [-] Starting a worker. concurrency: 1 args: {"network_create_args": null, "subnet_create_args": null, "subnet_cidr_start": "1.1.0.0/30", "subnets_per_network": 2, "router_create_args": null} times: 40 method_name: run timeout: 0 duration: None cls:
2019-07-13 11:30:56.641 21463 INFO rally.task.runner [-] Task d85b3a48-19ed-40cc-9e1c-ef0258530be9 | ITER: 5 START
2019-07-13 11:30:56.637 21461 INFO rally.task.runner [-] Task d85b3a48-19ed-40cc-9e1c-ef0258530be9 | ITER: 3 START
2019-07-13 11:30:56.645 21464 INFO rally.task.runner [-] Task d85b3a48-19ed-40cc-9e1c-ef0258530be9 | ITER: 6 START
2019-07-13 11:30:56.645 21470 RALLYDEBUG rally.task.runner [-] Starting a worker. concurrency: 1 args: {"network_create_args": null, "subnet_create_args": null, "subnet_cidr_start": "1.1.0.0/30", "subnets_per_network": 2, "router_create_args": null} times: 40 method_name: run timeout: 0 duration: None cls:
2019-07-13 11:30:56.648 21466 INFO rally.task.runner [-] Task d85b3a48-19ed-40cc-9e1c-ef0258530be9 | ITER: 9 START
2019-07-13 11:30:56.648 21472 RALLYDEBUG rally.task.runner [-] Starting a worker. concurrency: 1 args: {"network_create_args": null, "subnet_create_args": null, "subnet_cidr_start": "1.1.0.0/30", "subnets_per_network": 2, "router_create_args": null} times: 40 method_name: run timeout: 0 duration: None cls:
2019-07-13 11:30:56.650 21477 RALLYDEBUG rally.task.runner [-] Starting a worker. concurrency: 1 args: {"network_create_args": null, "subnet_create_args": null, "subnet_cidr_start": "1.1.0.0/30", "subnets_per_network": 2, "router_create_args": null} times: 40 method_name: run timeout: 0 duration: None cls:
2019-07-13 11:30:56.652 21470 INFO rally.task.runner [-] Task d85b3a48-19ed-40cc-9e1c-ef0258530be9 | ITER: 10 START
2019-07-13 11:30:56.654 21462 INFO rally.task.runner [-] Task d85b3a48-19ed-40cc-9e1c-ef0258530be9 | ITER: 4 START
2019-07-13 11:30:56.656 21472 INFO rally.task.runner [-] Task d85b3a48-19ed-40cc-9e1c-ef0258530be9 | ITER: 11 START
2019-07-13 11:30:56.655 21482 RALLYDEBUG rally.task.runner [-] Starting a worker. concurrency: 1 args: {"network_create_args": null, "subnet_create_args": null, "subnet_cidr_start": "1.1.0.0/30", "subnets_per_network": 2, "router_create_args": null} times: 40 method_name: run timeout: 0 duration: None cls:
2019-07-13 11:30:56.656 21477 INFO rally.task.runner [-] Task d85b3a48-19ed-40cc-9e1c-ef0258530be9 | ITER: 12 START
2019-07-13 11:30:56.656 21479 RALLYDEBUG rally.task.runner [-] Starting a worker. concurrency: 1 args: {"network_create_args": null, "subnet_create_args": null, "subnet_cidr_start": "1.1.0.0/30", "subnets_per_network": 2, "router_create_args": null} times: 40 method_name: run timeout: 0 duration: None cls:
2019-07-13 11:30:56.657 21463 INFO rally.task.runner [-] Task d85b3a48-19ed-40cc-9e1c-ef0258530be9 | ITER: 7 START
2019-07-13 11:30:56.657 21464 INFO rally.task.runner [-] Task d85b3a48-19ed-40cc-9e1c-ef0258530be9 | ITER: 8 START
2019-07-13 11:30:56.660 21485 RALLYDEBUG rally.task.runner [-] Starting a worker. concurrency: 1 args: {"network_create_args": null, "subnet_create_args": null, "subnet_cidr_start": "1.1.0.0/30", "subnets_per_network": 2, "router_create_args": null} times: 40 method_name: run timeout: 0 duration: None cls:
2019-07-13 11:30:56.661 21479 INFO rally.task.runner [-] Task d85b3a48-19ed-40cc-9e1c-ef0258530be9 | ITER: 14 START
2019-07-13 11:30:56.663 21482 INFO rally.task.runner [-] Task d85b3a48-19ed-40cc-9e1c-ef0258530be9 | ITER: 13 START
2019-07-13 11:30:56.668 21485 INFO rally.task.runner [-] Task d85b3a48-19ed-40cc-9e1c-ef0258530be9 | ITER: 15 START
2019-07-13 11:30:56.676 21493 RALLYDEBUG rally.task.runner [-] Starting a worker. concurrency: 1 args: {"network_create_args": null, "subnet_create_args": null, "subnet_cidr_start": "1.1.0.0/30", "subnets_per_network": 2, "router_create_args": null} times: 40 method_name: run timeout: 0 duration: None cls:
2019-07-13 11:30:56.680 21499 RALLYDEBUG rally.task.runner [-] Starting a worker. concurrency: 1 args: {"network_create_args": null, "subnet_create_args": null, "subnet_cidr_start": "1.1.0.0/30", "subnets_per_network": 2, "router_create_args": null} times: 40 method_name: run timeout: 0 duration: None cls:
2019-07-13 11:30:56.683 21493 INFO rally.task.runner [-] Task d85b3a48-19ed-40cc-9e1c-ef0258530be9 | ITER: 16 START
2019-07-13 11:30:56.688 21499 INFO rally.task.runner [-] Task d85b3a48-19ed-40cc-9e1c-ef0258530be9 | ITER: 17 START
2019-07-13 11:30:56.687 21500 RALLYDEBUG rally.task.runner [-] Starting a worker. concurrency: 1 args: {"network_create_args": null, "subnet_create_args": null, "subnet_cidr_start": "1.1.0.0/30", "subnets_per_network": 2, "router_create_args": null} times: 40 method_name: run timeout: 0 duration: None cls:
2019-07-13 11:30:56.694 21500 INFO rally.task.runner [-] Task d85b3a48-19ed-40cc-9e1c-ef0258530be9 | ITER: 18 START
2019-07-13 11:30:56.696 21505 RALLYDEBUG rally.task.runner [-] Starting a worker. concurrency: 1 args: {"network_create_args": null, "subnet_create_args": null, "subnet_cidr_start": "1.1.0.0/30", "subnets_per_network": 2, "router_create_args": null} times: 40 method_name: run timeout: 0 duration: None cls:
2019-07-13 11:30:56.701 21505 INFO rally.task.runner [-] Task d85b3a48-19ed-40cc-9e1c-ef0258530be9 | ITER: 19 START
2019-07-13 11:30:56.701 21508 RALLYDEBUG rally.task.runner [-] Starting a worker. concurrency: 1 args: {"network_create_args": null, "subnet_create_args": null, "subnet_cidr_start": "1.1.0.0/30", "subnets_per_network": 2, "router_create_args": null} times: 40 method_name: run timeout: 0 duration: None cls:
2019-07-13 11:30:56.705 21508 INFO rally.task.runner [-] Task d85b3a48-19ed-40cc-9e1c-ef0258530be9 | ITER: 20 START
2019-07-13 11:30:59.435 21508 RALLYDEBUG rally_openstack.wrappers.network [-] CIDR generated: 1.1.5.160/30
2019-07-13 11:30:59.470 21461 RALLYDEBUG rally_openstack.wrappers.network [-] CIDR generated: 1.1.5.164/30
2019-07-13 11:30:59.526 21485 RALLYDEBUG rally_openstack.wrappers.network [-] CIDR generated: 1.1.5.168/30
2019-07-13 11:30:59.591 21472 RALLYDEBUG rally_openstack.wrappers.network [-] CIDR generated: 1.1.5.172/30
2019-07-13 11:31:00.082 21464 RALLYDEBUG rally_openstack.wrappers.network [-] CIDR generated: 1.1.5.176/30
2019-07-13 11:31:00.093 21466 RALLYDEBUG rally_openstack.wrappers.network [-] CIDR generated: 1.1.5.180/30
2019-07-13 11:31:00.148 21505 RALLYDEBUG rally_openstack.wrappers.network [-] CIDR generated: 1.1.5.184/30
2019-07-13 11:31:00.217 21463 RALLYDEBUG rally_openstack.wrappers.network [-] CIDR generated: 1.1.5.188/30
2019-07-13 11:31:00.866 21479 RALLYDEBUG rally_openstack.wrappers.network [-] CIDR generated: 1.1.5.192/30
2019-07-13 11:31:00.889 21462 RALLYDEBUG rally_openstack.wrappers.network [-] CIDR generated: 1.1.5.196/30
2019-07-13 11:31:01.264 21477 RALLYDEBUG rally_openstack.wrappers.network [-] CIDR generated: 1.1.5.200/30
2019-07-13 11:31:01.310 21493 RALLYDEBUG rally_openstack.wrappers.network [-] CIDR generated: 1.1.5.204/30
2019-07-13 11:31:01.398 21500 RALLYDEBUG rally_openstack.wrappers.network [-] CIDR generated: 1.1.5.208/30
2019-07-13 11:31:01.458 21470 RALLYDEBUG rally_openstack.wrappers.network [-] CIDR generated: 1.1.5.212/30
2019-07-13 11:31:01.607 21485 RALLYDEBUG rally_openstack.wrappers.network [-] CIDR generated: 1.1.5.216/30
2019-07-13 11:31:01.957 21461 RALLYDEBUG rally_openstack.wrappers.network [-] CIDR generated: 1.1.5.220/30
2019-07-13 11:31:02.028 21472 RALLYDEBUG rally_openstack.wrappers.network [-] CIDR generated: 1.1.5.224/30
2019-07-13 11:31:02.075 21464 RALLYDEBUG rally_openstack.wrappers.network [-] CIDR generated: 1.1.5.228/30
2019-07-13 11:31:02.165 21508 RALLYDEBUG rally_openstack.wrappers.network [-] CIDR generated: 1.1.5.232/30
2019-07-13 11:31:02.208 21466 RALLYDEBUG rally_openstack.wrappers.network [-] CIDR generated: 1.1.5.236/30
2019-07-13 11:31:02.290 21505 RALLYDEBUG rally_openstack.wrappers.network [-] CIDR generated: 1.1.5.240/30
2019-07-13 11:31:02.705 21463 RALLYDEBUG rally_openstack.wrappers.network [-] CIDR generated: 1.1.5.244/30
2019-07-13 11:31:02.878 21462 RALLYDEBUG rally_openstack.wrappers.network [-] CIDR generated: 1.1.5.248/30
2019-07-13 11:31:03.237 21479 RALLYDEBUG rally_openstack.wrappers.network [-] CIDR generated: 1.1.5.252/30
2019-07-13 11:31:03.962 21500 RALLYDEBUG rally_openstack.wrappers.network [-] CIDR generated: 1.1.6.0/30
2019-07-13 11:31:03.985 21493 RALLYDEBUG rally_openstack.wrappers.network [-] CIDR generated: 1.1.6.4/30
2019-07-13 11:31:04.045 21461 RALLYDEBUG rally_openstack.wrappers.network [-] CIDR generated: 1.1.6.8/30
2019-07-13 11:31:04.095 21463 RALLYDEBUG rally_openstack.wrappers.network [-] CIDR generated: 1.1.6.12/30
2019-07-13 11:31:04.150 21499 RALLYDEBUG rally_openstack.wrappers.network [-] CIDR generated: 1.1.6.16/30
2019-07-13 11:31:04.157 21462 RALLYDEBUG rally_openstack.wrappers.network [-] CIDR generated: 1.1.6.20/30
2019-07-13 11:31:04.231 21482 RALLYDEBUG rally_openstack.wrappers.network [-] CIDR generated: 1.1.6.24/30
2019-07-13 11:31:04.286 21464 RALLYDEBUG rally_openstack.wrappers.network [-] CIDR generated: 1.1.6.28/30
2019-07-13 11:31:05.351 21477 RALLYDEBUG rally_openstack.wrappers.network [-] CIDR generated: 1.1.6.32/30
2019-07-13 11:31:05.355 21470 RALLYDEBUG rally_openstack.wrappers.network [-] CIDR generated: 1.1.6.36/30
2019-07-13 11:31:06.255 21461 RALLYDEBUG rally_openstack.wrappers.network [-] CIDR generated: 1.1.6.40/30
2019-07-13 11:31:06.585 21462 RALLYDEBUG rally_openstack.wrappers.network [-] CIDR generated: 1.1.6.44/30
2019-07-13 11:31:06.746 21499 RALLYDEBUG rally_openstack.wrappers.network [-] CIDR generated: 1.1.6.48/30
2019-07-13 11:31:07.333 21463 RALLYDEBUG rally_openstack.wrappers.network [-] CIDR generated: 1.1.6.52/30
2019-07-13 11:31:07.417 21482 RALLYDEBUG rally_openstack.wrappers.network [-] CIDR generated: 1.1.6.56/30
2019-07-13 11:31:07.566 21464 RALLYDEBUG rally_openstack.wrappers.network [-] CIDR generated: 1.1.6.60/30
2019-07-13 11:31:14.463 21464 INFO rally.task.runner [-] Task d85b3a48-19ed-40cc-9e1c-ef0258530be9 | ITER: 8 END: OK
2019-07-13 11:31:14.467 21464 INFO rally.task.runner [-] Task d85b3a48-19ed-40cc-9e1c-ef0258530be9 | ITER: 21 START
2019-07-13 11:31:14.760 21463 INFO rally.task.runner [-] Task d85b3a48-19ed-40cc-9e1c-ef0258530be9 | ITER: 7 END: OK
2019-07-13 11:31:14.764 21463 INFO rally.task.runner [-] Task d85b3a48-19ed-40cc-9e1c-ef0258530be9 | ITER: 22 START
2019-07-13 11:31:15.976 21505 INFO rally.task.runner [-] Task d85b3a48-19ed-40cc-9e1c-ef0258530be9 | ITER: 19 END: OK
2019-07-13 11:31:15.980 21505 INFO rally.task.runner [-] Task d85b3a48-19ed-40cc-9e1c-ef0258530be9 | ITER: 23 START
2019-07-13 11:31:16.314 21462 INFO rally.task.runner [-] Task d85b3a48-19ed-40cc-9e1c-ef0258530be9 | ITER: 2 END: OK
2019-07-13 11:31:16.318 21462 INFO rally.task.runner [-] Task d85b3a48-19ed-40cc-9e1c-ef0258530be9 | ITER: 24 START
2019-07-13 11:31:16.332 21464 RALLYDEBUG rally_openstack.wrappers.network [-] CIDR generated: 1.1.6.64/30
2019-07-13 11:31:16.450 21472 INFO rally.task.runner [-] Task d85b3a48-19ed-40cc-9e1c-ef0258530be9 | ITER: 11 END: OK
2019-07-13 11:31:16.455 21472 INFO rally.task.runner [-] Task d85b3a48-19ed-40cc-9e1c-ef0258530be9 | ITER: 25 START
