2019-07-13 11:23:32.616 18988 RALLYDEBUG rally.api [-] INFO logs from urllib3 and requests module are hide.
2019-07-13 11:23:32.616 18988 RALLYDEBUG rally.api [-] urllib3 insecure warnings are hidden.
2019-07-13 11:23:32.616 18988 RALLYDEBUG rally.api [-] ERROR log from boto module is hide.
2019-07-13 11:23:34.915 18990 RALLYDEBUG rally.api [-] INFO logs from urllib3 and requests module are hide.
2019-07-13 11:23:34.915 18990 RALLYDEBUG rally.api [-] urllib3 insecure warnings are hidden.
2019-07-13 11:23:34.915 18990 RALLYDEBUG rally.api [-] ERROR log from boto module is hide.
2019-07-13 11:23:36.215 18990 WARNING rally_openstack.platforms.existing [-] endpoint is deprecated and not used.
2019-07-13 11:23:37.083 18992 RALLYDEBUG rally.api [-] INFO logs from urllib3 and requests module are hide.
2019-07-13 11:23:37.083 18992 RALLYDEBUG rally.api [-] urllib3 insecure warnings are hidden.
2019-07-13 11:23:37.083 18992 RALLYDEBUG rally.api [-] ERROR log from boto module is hide.
2019-07-13 11:23:40.387 18995 RALLYDEBUG rally.api [-] INFO logs from urllib3 and requests module are hide.
2019-07-13 11:23:40.387 18995 RALLYDEBUG rally.api [-] urllib3 insecure warnings are hidden.
2019-07-13 11:23:40.387 18995 RALLYDEBUG rally.api [-] ERROR log from boto module is hide.
2019-07-13 11:23:42.227 18997 RALLYDEBUG rally.api [-] INFO logs from urllib3 and requests module are hide.
2019-07-13 11:23:42.227 18997 RALLYDEBUG rally.api [-] urllib3 insecure warnings are hidden.
2019-07-13 11:23:42.228 18997 RALLYDEBUG rally.api [-] ERROR log from boto module is hide.
2019-07-13 11:23:43.381 18997 INFO rally.common.plugin.discover [-] Loading plugins from directories /root/.rally/plugins/*
2019-07-13 11:23:43.381 18997 INFO rally.common.plugin.discover [-] Loaded module with plugins: /root/.rally/plugins/__init__.py
2019-07-13 11:23:43.383 18997 INFO rally.common.plugin.discover [-] Loaded module with plugins: /root/.rally/plugins/trunk_scenario.py
2019-07-13 11:23:43.582 18997 INFO rally.task.engine [-] Task d85b3a48-19ed-40cc-9e1c-ef0258530be9 | Starting: Task validation.
2019-07-13 11:23:43.612 18997 INFO rally.task.engine [-] Task d85b3a48-19ed-40cc-9e1c-ef0258530be9 | Starting: Task validation of syntax.
2019-07-13 11:23:43.803 18997 INFO rally.task.engine [-] Task d85b3a48-19ed-40cc-9e1c-ef0258530be9 | Completed: Task validation of syntax.
2019-07-13 11:23:43.803 18997 INFO rally.task.engine [-] Task d85b3a48-19ed-40cc-9e1c-ef0258530be9 | Starting: Task validation of required platforms.
2019-07-13 11:23:43.861 18997 INFO rally.task.engine [-] Task d85b3a48-19ed-40cc-9e1c-ef0258530be9 | Completed: Task validation of required platforms.
2019-07-13 11:23:43.861 18997 INFO rally.task.engine [-] Task d85b3a48-19ed-40cc-9e1c-ef0258530be9 | Starting: Task validation of semantic.
2019-07-13 11:23:43.861 18997 INFO rally.task.engine [-] Check health of the environment 'a9b1ca90-45a5-44c8-a56c-299a937b0e5b'.
2019-07-13 11:23:44.683 18997 INFO rally.task.engine [-] Platform existing@openstack (available: True): OK!
2019-07-13 11:23:44.702 18997 RALLYDEBUG rally_openstack.contexts.keystone.users [-] Creating 1 tenants using 20 threads
2019-07-13 11:23:46.721 18997 RALLYDEBUG rally_openstack.contexts.keystone.users [-] Creating 1 users using 20 threads
2019-07-13 11:23:49.566 18997 INFO rally.task.context [-] Task d85b3a48-19ed-40cc-9e1c-ef0258530be9 | Context users@openstack setup() finished in 4.86 sec
2019-07-13 11:23:56.026 18997 INFO rally.task.context [-] Task d85b3a48-19ed-40cc-9e1c-ef0258530be9 | Context users@openstack cleanup() started
2019-07-13 11:24:01.548 18997 INFO rally.task.context [-] Task d85b3a48-19ed-40cc-9e1c-ef0258530be9 | Context users@openstack cleanup() finished in 5.52 sec
2019-07-13 11:24:01.549 18997 INFO rally.task.engine [-] Task d85b3a48-19ed-40cc-9e1c-ef0258530be9 | Completed: Task validation of semantic.
2019-07-13 11:24:01.549 18997 INFO rally.task.engine [-] Task d85b3a48-19ed-40cc-9e1c-ef0258530be9 | Completed: Task validation.
2019-07-13 11:24:01.549 18997 INFO rally.api [-] Task d85b3a48-19ed-40cc-9e1c-ef0258530be9 input file is valid.
2019-07-13 11:24:01.549 18997 INFO rally.api [-] Run Task d85b3a48-19ed-40cc-9e1c-ef0258530be9 against Deployment a9b1ca90-45a5-44c8-a56c-299a937b0e5b
2019-07-13 11:24:01.550 18997 INFO rally.task.engine [-] Task d85b3a48-19ed-40cc-9e1c-ef0258530be9 | Starting: Running task.
2019-07-13 11:24:01.676 18997 INFO rally.task.engine [-] Running workload: position = 0 config = { "version": 2, "title": "A cropped version of a bigger task.", "description": "Auto-generated task from a single workload (uuid=c9117dc9-0343-433f-8ac0-f4872fa29200)", "subtasks": [ { "title": "NeutronNetworks.create_and_list_networks", "description": "Check performance of list_networks action and ensure > network quotas are not exceeded", "scenario": { "NeutronNetworks.create_and_list_networks": {} }, "contexts": { "users": { "tenants": 1, "users_per_tenant": 1 }, "quotas": { "neutron": { "network": 119 } } }, "runner": { "constant": { "times": 100, "concurrency": 20 } }, "hooks": [], "sla": { "max_avg_duration_per_atomic": { "neutron.list_networks": 15 }, "failure_rate": { "max": 0 } } } ] }
2019-07-13 11:24:01.687 18997 RALLYDEBUG rally_openstack.contexts.keystone.users [-] Creating 1 tenants using 20 threads
2019-07-13 11:24:03.631 18997 RALLYDEBUG rally_openstack.contexts.keystone.users [-] Creating 1 users using 20 threads
2019-07-13 11:24:06.349 18997 INFO rally.task.context [-] Task d85b3a48-19ed-40cc-9e1c-ef0258530be9 | Context users@openstack setup() finished in 4.66 sec
2019-07-13 11:24:07.149 18997 INFO rally.task.context [-] Task d85b3a48-19ed-40cc-9e1c-ef0258530be9 | Context quotas@openstack setup() finished in 0.80 sec
2019-07-13 11:24:07.150 18997 INFO rally.task.context [-] Task d85b3a48-19ed-40cc-9e1c-ef0258530be9 | Context cleanup@openstack setup() finished in 0.01 msec
2019-07-13 11:24:07.157 18997 RALLYDEBUG rally.task.runner [-] Starting the constant runner (task UUID: d85b3a48-19ed-40cc-9e1c-ef0258530be9). timeout: 0 concurrency: 20 concurrency_per_worker: 1 times: 100 concurrency_overhead: 4 processes_to_start: 16 max_cpu_used: 16
2019-07-13 11:24:07.170 19121 RALLYDEBUG rally.task.runner [-] Starting a worker. concurrency: 2 args: {} times: 100 method_name: run timeout: 0 duration: None cls:
2019-07-13 11:24:07.172 19122 RALLYDEBUG rally.task.runner [-] Starting a worker. concurrency: 2 args: {} times: 100 method_name: run timeout: 0 duration: None cls:
2019-07-13 11:24:07.175 19123 RALLYDEBUG rally.task.runner [-] Starting a worker. concurrency: 2 args: {} times: 100 method_name: run timeout: 0 duration: None cls:
2019-07-13 11:24:07.178 19124 RALLYDEBUG rally.task.runner [-] Starting a worker. concurrency: 2 args: {} times: 100 method_name: run timeout: 0 duration: None cls:
2019-07-13 11:24:07.180 19121 INFO rally.task.runner [-] Task d85b3a48-19ed-40cc-9e1c-ef0258530be9 | ITER: 1 START
2019-07-13 11:24:07.180 19126 RALLYDEBUG rally.task.runner [-] Starting a worker. concurrency: 1 args: {} times: 100 method_name: run timeout: 0 duration: None cls:
2019-07-13 11:24:07.183 19123 INFO rally.task.runner [-] Task d85b3a48-19ed-40cc-9e1c-ef0258530be9 | ITER: 4 START
2019-07-13 11:24:07.184 19122 INFO rally.task.runner [-] Task d85b3a48-19ed-40cc-9e1c-ef0258530be9 | ITER: 2 START
2019-07-13 11:24:07.184 19126 INFO rally.task.runner [-] Task d85b3a48-19ed-40cc-9e1c-ef0258530be9 | ITER: 8 START
2019-07-13 11:24:07.185 19129 RALLYDEBUG rally.task.runner [-] Starting a worker. concurrency: 1 args: {} times: 100 method_name: run timeout: 0 duration: None cls:
2019-07-13 11:24:07.187 19124 INFO rally.task.runner [-] Task d85b3a48-19ed-40cc-9e1c-ef0258530be9 | ITER: 7 START
2019-07-13 11:24:07.189 19133 RALLYDEBUG rally.task.runner [-] Starting a worker. concurrency: 1 args: {} times: 100 method_name: run timeout: 0 duration: None cls:
2019-07-13 11:24:07.190 19122 INFO rally.task.runner [-] Task d85b3a48-19ed-40cc-9e1c-ef0258530be9 | ITER: 5 START
2019-07-13 11:24:07.192 19142 RALLYDEBUG rally.task.runner [-] Starting a worker. concurrency: 1 args: {} times: 100 method_name: run timeout: 0 duration: None cls:
2019-07-13 11:24:07.190 19121 INFO rally.task.runner [-] Task d85b3a48-19ed-40cc-9e1c-ef0258530be9 | ITER: 3 START
2019-07-13 11:24:07.193 19123 INFO rally.task.runner [-] Task d85b3a48-19ed-40cc-9e1c-ef0258530be9 | ITER: 6 START
2019-07-13 11:24:07.192 19129 INFO rally.task.runner [-] Task d85b3a48-19ed-40cc-9e1c-ef0258530be9 | ITER: 10 START
2019-07-13 11:24:07.192 19141 RALLYDEBUG rally.task.runner [-] Starting a worker. concurrency: 1 args: {} times: 100 method_name: run timeout: 0 duration: None cls:
2019-07-13 11:24:07.198 19143 RALLYDEBUG rally.task.runner [-] Starting a worker. concurrency: 1 args: {} times: 100 method_name: run timeout: 0 duration: None cls:
2019-07-13 11:24:07.197 19133 INFO rally.task.runner [-] Task d85b3a48-19ed-40cc-9e1c-ef0258530be9 | ITER: 11 START
2019-07-13 11:24:07.201 19142 INFO rally.task.runner [-] Task d85b3a48-19ed-40cc-9e1c-ef0258530be9 | ITER: 12 START
2019-07-13 11:24:07.205 19152 RALLYDEBUG rally.task.runner [-] Starting a worker. concurrency: 1 args: {} times: 100 method_name: run timeout: 0 duration: None cls:
2019-07-13 11:24:07.205 19146 RALLYDEBUG rally.task.runner [-] Starting a worker. concurrency: 1 args: {} times: 100 method_name: run timeout: 0 duration: None cls:
2019-07-13 11:24:07.206 19141 INFO rally.task.runner [-] Task d85b3a48-19ed-40cc-9e1c-ef0258530be9 | ITER: 13 START
2019-07-13 11:24:07.206 19150 RALLYDEBUG rally.task.runner [-] Starting a worker. concurrency: 1 args: {} times: 100 method_name: run timeout: 0 duration: None cls:
2019-07-13 11:24:07.207 19143 INFO rally.task.runner [-] Task d85b3a48-19ed-40cc-9e1c-ef0258530be9 | ITER: 14 START
2019-07-13 11:24:07.211 19124 INFO rally.task.runner [-] Task d85b3a48-19ed-40cc-9e1c-ef0258530be9 | ITER: 9 START
2019-07-13 11:24:07.212 19146 INFO rally.task.runner [-] Task d85b3a48-19ed-40cc-9e1c-ef0258530be9 | ITER: 16 START
2019-07-13 11:24:07.213 19150 INFO rally.task.runner [-] Task d85b3a48-19ed-40cc-9e1c-ef0258530be9 | ITER: 17 START
2019-07-13 11:24:07.212 19152 INFO rally.task.runner [-] Task d85b3a48-19ed-40cc-9e1c-ef0258530be9 | ITER: 15 START
2019-07-13 11:24:07.219 19159 RALLYDEBUG rally.task.runner [-] Starting a worker. concurrency: 1 args: {} times: 100 method_name: run timeout: 0 duration: None cls:
2019-07-13 11:24:07.222 19165 RALLYDEBUG rally.task.runner [-] Starting a worker. concurrency: 1 args: {} times: 100 method_name: run timeout: 0 duration: None cls:
2019-07-13 11:24:07.229 19159 INFO rally.task.runner [-] Task d85b3a48-19ed-40cc-9e1c-ef0258530be9 | ITER: 18 START
2019-07-13 11:24:07.230 19165 INFO rally.task.runner [-] Task d85b3a48-19ed-40cc-9e1c-ef0258530be9 | ITER: 19 START
2019-07-13 11:24:07.230 19166 RALLYDEBUG rally.task.runner [-] Starting a worker. concurrency: 1 args: {} times: 100 method_name: run timeout: 0 duration: None cls:
2019-07-13 11:24:07.236 19166 INFO rally.task.runner [-] Task d85b3a48-19ed-40cc-9e1c-ef0258530be9 | ITER: 20 START
2019-07-13 11:24:10.323 19165 INFO rally.task.runner [-] Task d85b3a48-19ed-40cc-9e1c-ef0258530be9 | ITER: 19 END: OK
2019-07-13 11:24:10.328 19165 INFO rally.task.runner [-] Task d85b3a48-19ed-40cc-9e1c-ef0258530be9 | ITER: 21 START
2019-07-13 11:24:10.409 19124 INFO rally.task.runner [-] Task d85b3a48-19ed-40cc-9e1c-ef0258530be9 | ITER: 7 END: OK
2019-07-13 11:24:10.413 19124 INFO rally.task.runner [-] Task d85b3a48-19ed-40cc-9e1c-ef0258530be9 | ITER: 22 START
2019-07-13 11:24:10.456 19121 INFO rally.task.runner [-] Task d85b3a48-19ed-40cc-9e1c-ef0258530be9 | ITER: 1 END: OK
2019-07-13 11:24:10.460 19121 INFO rally.task.runner [-] Task d85b3a48-19ed-40cc-9e1c-ef0258530be9 | ITER: 23 START
2019-07-13 11:24:10.567 19150 INFO rally.task.runner [-] Task d85b3a48-19ed-40cc-9e1c-ef0258530be9 | ITER: 17 END: OK
2019-07-13 11:24:10.569 19126 INFO rally.task.runner [-] Task d85b3a48-19ed-40cc-9e1c-ef0258530be9 | ITER: 8 END: OK
2019-07-13 11:24:10.571 19150 INFO rally.task.runner [-] Task d85b3a48-19ed-40cc-9e1c-ef0258530be9 | ITER: 24 START
2019-07-13 11:24:10.572 19126 INFO rally.task.runner [-] Task d85b3a48-19ed-40cc-9e1c-ef0258530be9 | ITER: 25 START
2019-07-13 11:24:11.040 19141 INFO rally.task.runner [-] Task d85b3a48-19ed-40cc-9e1c-ef0258530be9 | ITER: 13 END: OK
2019-07-13 11:24:11.044 19141 INFO rally.task.runner [-] Task d85b3a48-19ed-40cc-9e1c-ef0258530be9 | ITER: 26 START
2019-07-13 11:24:11.615 19143 INFO rally.task.runner [-] Task d85b3a48-19ed-40cc-9e1c-ef0258530be9 | ITER: 14 END: OK
2019-07-13 11:24:11.619 19143 INFO rally.task.runner [-] Task d85b3a48-19ed-40cc-9e1c-ef0258530be9 | ITER: 27 START
2019-07-13 11:24:12.320 19146 INFO rally.task.runner [-] Task d85b3a48-19ed-40cc-9e1c-ef0258530be9 | ITER: 16 END: OK
2019-07-13 11:24:12.324 19146 INFO rally.task.runner [-] Task d85b3a48-19ed-40cc-9e1c-ef0258530be9 | ITER: 28 START
2019-07-13 11:24:12.414 19129 INFO rally.task.runner [-] Task d85b3a48-19ed-40cc-9e1c-ef0258530be9 | ITER: 10 END: OK
2019-07-13 11:24:12.418 19129 INFO rally.task.runner [-] Task d85b3a48-19ed-40cc-9e1c-ef0258530be9 | ITER: 29 START
2019-07-13 11:24:12.531 19122 INFO rally.task.runner [-] Task d85b3a48-19ed-40cc-9e1c-ef0258530be9 | ITER: 5 END: OK
2019-07-13 11:24:12.535 19122 INFO rally.task.runner [-] Task d85b3a48-19ed-40cc-9e1c-ef0258530be9 | ITER: 30 START
2019-07-13 11:24:12.634 19159 INFO rally.task.runner [-] Task d85b3a48-19ed-40cc-9e1c-ef0258530be9 | ITER: 18 END: OK
2019-07-13 11:24:12.638 19159 INFO rally.task.runner [-] Task d85b3a48-19ed-40cc-9e1c-ef0258530be9 | ITER: 31 START
2019-07-13 11:24:12.695 19121 INFO rally.task.runner [-] Task d85b3a48-19ed-40cc-9e1c-ef0258530be9 | ITER: 3 END: OK
2019-07-13 11:24:12.698 19121 INFO rally.task.runner [-] Task d85b3a48-19ed-40cc-9e1c-ef0258530be9 | ITER: 32 START
2019-07-13 11:24:13.025 19152 INFO rally.task.runner [-] Task d85b3a48-19ed-40cc-9e1c-ef0258530be9 | ITER: 15 END: OK
2019-07-13 11:24:13.030 19152 INFO rally.task.runner [-] Task d85b3a48-19ed-40cc-9e1c-ef0258530be9 | ITER: 33 START
2019-07-13 11:24:13.055 19166 INFO rally.task.runner [-] Task d85b3a48-19ed-40cc-9e1c-ef0258530be9 | ITER: 20 END: OK
2019-07-13 11:24:13.059 19166 INFO rally.task.runner [-] Task d85b3a48-19ed-40cc-9e1c-ef0258530be9 | ITER: 34 START
2019-07-13 11:24:13.070 19165 INFO rally.task.runner [-] Task d85b3a48-19ed-40cc-9e1c-ef0258530be9 | ITER: 21 END: OK
2019-07-13 11:24:13.073 19165 INFO rally.task.runner [-] Task d85b3a48-19ed-40cc-9e1c-ef0258530be9 | ITER: 35 START
2019-07-13 11:24:13.103 19124 INFO rally.task.runner [-] Task d85b3a48-19ed-40cc-9e1c-ef0258530be9 | ITER: 9 END: OK
2019-07-13 11:24:13.106 19124 INFO rally.task.runner [-] Task d85b3a48-19ed-40cc-9e1c-ef0258530be9 | ITER: 36 START
2019-07-13 11:24:13.185 19124 INFO rally.task.runner [-] Task d85b3a48-19ed-40cc-9e1c-ef0258530be9 | ITER: 22 END: OK
2019-07-13 11:24:13.188 19124 INFO rally.task.runner [-] Task d85b3a48-19ed-40cc-9e1c-ef0258530be9 | ITER: 37 START
2019-07-13 11:24:13.229 19122 INFO rally.task.runner [-] Task d85b3a48-19ed-40cc-9e1c-ef0258530be9 | ITER: 2 END: OK
2019-07-13 11:24:13.232 19122 INFO rally.task.runner [-] Task d85b3a48-19ed-40cc-9e1c-ef0258530be9 | ITER: 38 START
2019-07-13 11:24:13.338 19150 INFO rally.task.runner [-] Task d85b3a48-19ed-40cc-9e1c-ef0258530be9 | ITER: 24 END: OK
2019-07-13 11:24:13.342 19150 INFO rally.task.runner [-] Task d85b3a48-19ed-40cc-9e1c-ef0258530be9 | ITER: 39 START
2019-07-13 11:24:13.351 19126 INFO rally.task.runner [-] Task d85b3a48-19ed-40cc-9e1c-ef0258530be9 | ITER: 25 END: OK
2019-07-13 11:24:13.354 19126 INFO rally.task.runner [-] Task d85b3a48-19ed-40cc-9e1c-ef0258530be9 | ITER: 40 START
2019-07-13 11:24:13.473 19121 INFO rally.task.runner [-] Task d85b3a48-19ed-40cc-9e1c-ef0258530be9 | ITER: 23 END: OK
2019-07-13 11:24:13.477 19121 INFO rally.task.runner [-] Task d85b3a48-19ed-40cc-9e1c-ef0258530be9 | ITER: 41 START
2019-07-13 11:24:13.535 19133 INFO rally.task.runner [-] Task d85b3a48-19ed-40cc-9e1c-ef0258530be9 | ITER: 11 END: OK
2019-07-13 11:24:13.538 19133 INFO rally.task.runner [-] Task d85b3a48-19ed-40cc-9e1c-ef0258530be9 | ITER: 42 START
2019-07-13 11:24:13.569 19142 INFO rally.task.runner [-] Task d85b3a48-19ed-40cc-9e1c-ef0258530be9 | ITER: 12 END: OK
2019-07-13 11:24:13.573 19142 INFO rally.task.runner [-] Task d85b3a48-19ed-40cc-9e1c-ef0258530be9 | ITER: 43 START
2019-07-13 11:24:13.662 19123 INFO rally.task.runner [-] Task d85b3a48-19ed-40cc-9e1c-ef0258530be9 | ITER: 6 END: OK
2019-07-13 11:24:13.666 19123 INFO rally.task.runner [-] Task d85b3a48-19ed-40cc-9e1c-ef0258530be9 | ITER: 44 START
2019-07-13 11:24:14.181 19123 INFO rally.task.runner [-] Task d85b3a48-19ed-40cc-9e1c-ef0258530be9 | ITER: 4 END: OK
2019-07-13 11:24:14.184 19123 INFO rally.task.runner [-] Task d85b3a48-19ed-40cc-9e1c-ef0258530be9 | ITER: 45 START
2019-07-13 11:24:14.232 19141 INFO rally.task.runner [-] Task d85b3a48-19ed-40cc-9e1c-ef0258530be9 | ITER: 26 END: OK
2019-07-13 11:24:14.235 19141 INFO rally.task.runner [-] Task d85b3a48-19ed-40cc-9e1c-ef0258530be9 | ITER: 46 START
2019-07-13 11:24:14.490 19143 INFO rally.task.runner [-] Task d85b3a48-19ed-40cc-9e1c-ef0258530be9 | ITER: 27 END: OK
2019-07-13 11:24:14.494 19143 INFO rally.task.runner [-] Task d85b3a48-19ed-40cc-9e1c-ef0258530be9 | ITER: 47 START
2019-07-13 11:24:15.237 19152 INFO rally.task.runner [-] Task d85b3a48-19ed-40cc-9e1c-ef0258530be9 | ITER: 33 END: OK
2019-07-13 11:24:15.241 19152 INFO rally.task.runner [-] Task d85b3a48-19ed-40cc-9e1c-ef0258530be9 | ITER: 48 START
2019-07-13 11:24:15.360 19159 INFO rally.task.runner [-] Task d85b3a48-19ed-40cc-9e1c-ef0258530be9 | ITER: 31 END: OK
2019-07-13 11:24:15.364 19159 INFO rally.task.runner [-] Task d85b3a48-19ed-40cc-9e1c-ef0258530be9 | ITER: 49 START
2019-07-13 11:24:15.649 19122 INFO rally.task.runner [-] Task d85b3a48-19ed-40cc-9e1c-ef0258530be9 | ITER: 30 END: OK
2019-07-13 11:24:15.652 19122 INFO rally.task.runner [-] Task d85b3a48-19ed-40cc-9e1c-ef0258530be9 | ITER: 50 START
2019-07-13 11:24:15.802 19124 INFO rally.task.runner [-] Task d85b3a48-19ed-40cc-9e1c-ef0258530be9 | ITER: 36 END: OK
2019-07-13 11:24:15.805 19124 INFO rally.task.runner [-] Task d85b3a48-19ed-40cc-9e1c-ef0258530be9 | ITER: 51 START
2019-07-13 11:24:15.868 19146 INFO rally.task.runner [-] Task d85b3a48-19ed-40cc-9e1c-ef0258530be9 | ITER: 28 END: OK
2019-07-13 11:24:15.871 19146 INFO rally.task.runner [-] Task d85b3a48-19ed-40cc-9e1c-ef0258530be9 | ITER: 52 START
2019-07-13 11:24:16.160 19150 INFO rally.task.runner [-] Task d85b3a48-19ed-40cc-9e1c-ef0258530be9 | ITER: 39 END: OK
2019-07-13 11:24:16.163 19124 INFO rally.task.runner [-] Task d85b3a48-19ed-40cc-9e1c-ef0258530be9 | ITER: 37 END: OK
2019-07-13 11:24:16.163 19150 INFO rally.task.runner [-] Task d85b3a48-19ed-40cc-9e1c-ef0258530be9 | ITER: 53 START
2019-07-13 11:24:16.167 19124 INFO rally.task.runner [-] Task d85b3a48-19ed-40cc-9e1c-ef0258530be9 | ITER: 54 START
2019-07-13 11:24:16.179 19121 INFO rally.task.runner [-] Task d85b3a48-19ed-40cc-9e1c-ef0258530be9 | ITER: 32 END: OK
2019-07-13 11:24:16.182 19121 INFO rally.task.runner [-] Task d85b3a48-19ed-40cc-9e1c-ef0258530be9 | ITER: 55 START
2019-07-13 11:24:16.532 19123 INFO rally.task.runner [-] Task d85b3a48-19ed-40cc-9e1c-ef0258530be9 | ITER: 44 END: OK
2019-07-13 11:24:16.536 19123 INFO rally.task.runner [-] Task d85b3a48-19ed-40cc-9e1c-ef0258530be9 | ITER: 56 START
2019-07-13 11:24:16.538 19121 INFO rally.task.runner [-] Task d85b3a48-19ed-40cc-9e1c-ef0258530be9 | ITER: 41 END: OK
2019-07-13 11:24:16.541 19121 INFO rally.task.runner [-] Task d85b3a48-19ed-40cc-9e1c-ef0258530be9 | ITER: 57 START
2019-07-13 11:24:16.557 19166 INFO rally.task.runner [-] Task d85b3a48-19ed-40cc-9e1c-ef0258530be9 | ITER: 34 END: OK
2019-07-13 11:24:16.561 19166 INFO rally.task.runner [-] Task d85b3a48-19ed-40cc-9e1c-ef0258530be9 | ITER: 58 START
2019-07-13 11:24:16.626 19129 INFO rally.task.runner [-] Task d85b3a48-19ed-40cc-9e1c-ef0258530be9 | ITER: 29 END: OK
2019-07-13 11:24:16.630 19129 INFO rally.task.runner [-] Task d85b3a48-19ed-40cc-9e1c-ef0258530be9 | ITER: 59 START
2019-07-13 11:24:16.671 19142 INFO rally.task.runner [-] Task d85b3a48-19ed-40cc-9e1c-ef0258530be9 | ITER: 43 END: OK
2019-07-13 11:24:16.674 19142 INFO rally.task.runner [-] Task d85b3a48-19ed-40cc-9e1c-ef0258530be9 | ITER: 60 START
2019-07-13 11:24:17.119 19143 INFO rally.task.runner [-] Task d85b3a48-19ed-40cc-9e1c-ef0258530be9 | ITER: 47 END: OK
2019-07-13 11:24:17.122 19143 INFO rally.task.runner [-] Task d85b3a48-19ed-40cc-9e1c-ef0258530be9 | ITER: 61 START
2019-07-13 11:24:17.206 19141 INFO rally.task.runner [-] Task d85b3a48-19ed-40cc-9e1c-ef0258530be9 | ITER: 46 END: OK
2019-07-13 11:24:17.209 19141 INFO rally.task.runner [-] Task d85b3a48-19ed-40cc-9e1c-ef0258530be9 | ITER: 62 START
2019-07-13 11:24:17.690 19152 INFO rally.task.runner [-] Task d85b3a48-19ed-40cc-9e1c-ef0258530be9 | ITER: 48 END: OK
2019-07-13 11:24:17.694 19152 INFO rally.task.runner [-] Task d85b3a48-19ed-40cc-9e1c-ef0258530be9 | ITER: 63 START
2019-07-13 11:24:17.809 19123 INFO rally.task.runner [-] Task d85b3a48-19ed-40cc-9e1c-ef0258530be9 | ITER: 45 END: OK
2019-07-13 11:24:17.812 19123 INFO rally.task.runner [-] Task d85b3a48-19ed-40cc-9e1c-ef0258530be9 | ITER: 64 START
2019-07-13 11:24:17.880 19165 INFO rally.task.runner [-] Task d85b3a48-19ed-40cc-9e1c-ef0258530be9 | ITER: 35 END: OK
2019-07-13 11:24:17.884 19165 INFO rally.task.runner [-] Task d85b3a48-19ed-40cc-9e1c-ef0258530be9 | ITER: 65 START
2019-07-13 11:24:18.229 19126 INFO rally.task.runner [-] Task d85b3a48-19ed-40cc-9e1c-ef0258530be9 | ITER: 40 END: OK
2019-07-13 11:24:18.232 19126 INFO rally.task.runner [-] Task d85b3a48-19ed-40cc-9e1c-ef0258530be9 | ITER: 66 START
2019-07-13 11:24:18.329 19159 INFO rally.task.runner [-] Task d85b3a48-19ed-40cc-9e1c-ef0258530be9 | ITER: 49 END: OK
2019-07-13 11:24:18.332 19159 INFO rally.task.runner [-] Task d85b3a48-19ed-40cc-9e1c-ef0258530be9 | ITER: 67 START
2019-07-13 11:24:18.461 19124 INFO rally.task.runner [-] Task d85b3a48-19ed-40cc-9e1c-ef0258530be9 | ITER: 51 END: OK
2019-07-13 11:24:18.464 19124 INFO rally.task.runner [-] Task d85b3a48-19ed-40cc-9e1c-ef0258530be9 | ITER: 68 START
2019-07-13 11:24:18.485 19133 INFO rally.task.runner [-] Task d85b3a48-19ed-40cc-9e1c-ef0258530be9 | ITER: 42 END: OK
2019-07-13 11:24:18.488 19133 INFO rally.task.runner [-] Task d85b3a48-19ed-40cc-9e1c-ef0258530be9 | ITER: 69 START
2019-07-13 11:24:18.534 19122 INFO rally.task.runner [-] Task d85b3a48-19ed-40cc-9e1c-ef0258530be9 | ITER: 38 END: OK
2019-07-13 11:24:18.537 19122 INFO rally.task.runner [-] Task d85b3a48-19ed-40cc-9e1c-ef0258530be9 | ITER: 70 START
2019-07-13 11:24:18.553 19121 INFO rally.task.runner [-] Task d85b3a48-19ed-40cc-9e1c-ef0258530be9 | ITER: 55 END: OK
2019-07-13 11:24:18.556 19121 INFO rally.task.runner [-] Task d85b3a48-19ed-40cc-9e1c-ef0258530be9 | ITER: 71 START
2019-07-13 11:24:18.590 19122 INFO rally.task.runner [-] Task d85b3a48-19ed-40cc-9e1c-ef0258530be9 | ITER: 50 END: OK
2019-07-13 11:24:18.593 19122 INFO rally.task.runner [-] Task d85b3a48-19ed-40cc-9e1c-ef0258530be9 | ITER: 72 START
2019-07-13 11:24:19.216 19123 INFO rally.task.runner [-] Task d85b3a48-19ed-40cc-9e1c-ef0258530be9 | ITER: 56 END: OK
2019-07-13 11:24:19.219 19123 INFO rally.task.runner [-] Task d85b3a48-19ed-40cc-9e1c-ef0258530be9 | ITER: 73 START
2019-07-13 11:24:19.291 19129 INFO rally.task.runner [-] Task d85b3a48-19ed-40cc-9e1c-ef0258530be9 | ITER: 59 END: OK
2019-07-13 11:24:19.295 19129 INFO rally.task.runner [-] Task d85b3a48-19ed-40cc-9e1c-ef0258530be9 | ITER: 74 START
2019-07-13 11:24:19.913 19121 INFO rally.task.runner [-] Task d85b3a48-19ed-40cc-9e1c-ef0258530be9 | ITER: 57 END: OK
2019-07-13 11:24:19.917 19121 INFO rally.task.runner [-] Task d85b3a48-19ed-40cc-9e1c-ef0258530be9 | ITER: 75 START
2019-07-13 11:24:20.304 19142 INFO rally.task.runner [-] Task d85b3a48-19ed-40cc-9e1c-ef0258530be9 | ITER: 60 END: OK
2019-07-13 11:24:20.305 19141 INFO rally.task.runner [-] Task d85b3a48-19ed-40cc-9e1c-ef0258530be9 | ITER: 62 END: OK
2019-07-13 11:24:20.308 19142 INFO rally.task.runner [-] Task d85b3a48-19ed-40cc-9e1c-ef0258530be9 | ITER: 76 START
2019-07-13 11:24:20.308 19124 INFO rally.task.runner [-] Task d85b3a48-19ed-40cc-9e1c-ef0258530be9 | ITER: 54 END: OK
2019-07-13 11:24:20.309 19141 INFO rally.task.runner [-] Task d85b3a48-19ed-40cc-9e1c-ef0258530be9 | ITER: 77 START
2019-07-13 11:24:20.312 19124 INFO rally.task.runner [-] Task d85b3a48-19ed-40cc-9e1c-ef0258530be9 | ITER: 78 START
2019-07-13 11:24:20.455 19166 INFO rally.task.runner [-] Task d85b3a48-19ed-40cc-9e1c-ef0258530be9 | ITER: 58 END: OK
2019-07-13 11:24:20.458 19166 INFO rally.task.runner [-] Task d85b3a48-19ed-40cc-9e1c-ef0258530be9 | ITER: 79 START
2019-07-13 11:24:20.511 19146 INFO rally.task.runner [-] Task d85b3a48-19ed-40cc-9e1c-ef0258530be9 | ITER: 52 END: OK
2019-07-13 11:24:20.515 19146 INFO rally.task.runner [-] Task d85b3a48-19ed-40cc-9e1c-ef0258530be9 | ITER: 80 START
2019-07-13 11:24:20.674 19150 INFO rally.task.runner [-] Task d85b3a48-19ed-40cc-9e1c-ef0258530be9 | ITER: 53 END: OK
2019-07-13 11:24:20.677 19150 INFO rally.task.runner [-] Task d85b3a48-19ed-40cc-9e1c-ef0258530be9 | ITER: 81 START
2019-07-13 11:24:20.898 19123 INFO rally.task.runner [-] Task d85b3a48-19ed-40cc-9e1c-ef0258530be9 | ITER: 64 END: OK
2019-07-13 11:24:20.901 19123 INFO rally.task.runner [-] Task d85b3a48-19ed-40cc-9e1c-ef0258530be9 | ITER: 82 START
2019-07-13 11:24:21.135 19152 INFO rally.task.runner [-] Task d85b3a48-19ed-40cc-9e1c-ef0258530be9 | ITER: 63 END: OK
2019-07-13 11:24:21.138 19152 INFO rally.task.runner [-] Task d85b3a48-19ed-40cc-9e1c-ef0258530be9 | ITER: 83 START
2019-07-13 11:24:21.194 19143 INFO rally.task.runner [-] Task d85b3a48-19ed-40cc-9e1c-ef0258530be9 | ITER: 61 END: OK
2019-07-13 11:24:21.197 19143 INFO rally.task.runner [-] Task d85b3a48-19ed-40cc-9e1c-ef0258530be9 | ITER: 84 START
2019-07-13 11:24:21.400 19122 INFO rally.task.runner [-] Task d85b3a48-19ed-40cc-9e1c-ef0258530be9 | ITER: 70 END: OK
2019-07-13 11:24:21.403 19122 INFO rally.task.runner [-] Task d85b3a48-19ed-40cc-9e1c-ef0258530be9 | ITER: 85 START
2019-07-13 11:24:21.583 19159 INFO rally.task.runner [-] Task d85b3a48-19ed-40cc-9e1c-ef0258530be9 | ITER: 67 END: OK
2019-07-13 11:24:21.587 19159 INFO rally.task.runner [-] Task d85b3a48-19ed-40cc-9e1c-ef0258530be9 | ITER: 86 START
2019-07-13 11:24:21.731 19133 INFO rally.task.runner [-] Task d85b3a48-19ed-40cc-9e1c-ef0258530be9 | ITER: 69 END: OK
2019-07-13 11:24:21.734 19133 INFO rally.task.runner [-] Task d85b3a48-19ed-40cc-9e1c-ef0258530be9 | ITER: 87 START
2019-07-13 11:24:21.799 19122 INFO rally.task.runner [-] Task d85b3a48-19ed-40cc-9e1c-ef0258530be9 | ITER: 72 END: OK
2019-07-13 11:24:21.799 19165 INFO rally.task.runner [-] Task d85b3a48-19ed-40cc-9e1c-ef0258530be9 | ITER: 65 END: OK
2019-07-13 11:24:21.802 19122 INFO rally.task.runner [-] Task d85b3a48-19ed-40cc-9e1c-ef0258530be9 | ITER: 88 START
2019-07-13 11:24:21.802 19165 INFO rally.task.runner [-] Task d85b3a48-19ed-40cc-9e1c-ef0258530be9 | ITER: 89 START
2019-07-13 11:24:22.241 19124 INFO rally.task.runner [-] Task d85b3a48-19ed-40cc-9e1c-ef0258530be9 | ITER: 68 END: OK
2019-07-13 11:24:22.244 19124 INFO rally.task.runner [-] Task d85b3a48-19ed-40cc-9e1c-ef0258530be9 | ITER: 90 START
2019-07-13 11:24:22.279 19126 INFO rally.task.runner [-] Task d85b3a48-19ed-40cc-9e1c-ef0258530be9 | ITER: 66 END: OK
2019-07-13 11:24:22.282 19126 INFO rally.task.runner [-] Task d85b3a48-19ed-40cc-9e1c-ef0258530be9 | ITER: 91 START
2019-07-13 11:24:22.840 19123 INFO rally.task.runner [-] Task d85b3a48-19ed-40cc-9e1c-ef0258530be9 | ITER: 73 END: OK
2019-07-13 11:24:22.843 19123 INFO rally.task.runner [-] Task d85b3a48-19ed-40cc-9e1c-ef0258530be9 | ITER: 92 START
2019-07-13 11:24:23.004 19129 INFO rally.task.runner [-] Task d85b3a48-19ed-40cc-9e1c-ef0258530be9 | ITER: 74 END: OK
2019-07-13 11:24:23.007 19129 INFO rally.task.runner [-] Task d85b3a48-19ed-40cc-9e1c-ef0258530be9 | ITER: 93 START
2019-07-13 11:24:23.079 19121 INFO rally.task.runner [-] Task d85b3a48-19ed-40cc-9e1c-ef0258530be9 | ITER: 71 END: OK
2019-07-13 11:24:23.082 19121 INFO rally.task.runner [-] Task d85b3a48-19ed-40cc-9e1c-ef0258530be9 | ITER: 94 START
2019-07-13 11:24:23.526 19166 INFO rally.task.runner [-] Task d85b3a48-19ed-40cc-9e1c-ef0258530be9 | ITER: 79 END: OK
2019-07-13 11:24:23.529 19166 INFO rally.task.runner [-] Task d85b3a48-19ed-40cc-9e1c-ef0258530be9 | ITER: 95 START
2019-07-13 11:24:23.813 19152 INFO rally.task.runner [-] Task d85b3a48-19ed-40cc-9e1c-ef0258530be9 | ITER: 83 END: OK
2019-07-13 11:24:23.816 19152 INFO rally.task.runner [-] Task d85b3a48-19ed-40cc-9e1c-ef0258530be9 | ITER: 96 START
2019-07-13 11:24:23.969 19121 INFO rally.task.runner [-] Task d85b3a48-19ed-40cc-9e1c-ef0258530be9 | ITER: 75 END: OK
2019-07-13 11:24:23.972 19121 INFO rally.task.runner [-] Task d85b3a48-19ed-40cc-9e1c-ef0258530be9 | ITER: 97 START
2019-07-13 11:24:24.182 19159 INFO rally.task.runner [-] Task d85b3a48-19ed-40cc-9e1c-ef0258530be9 | ITER: 86 END: OK
2019-07-13 11:24:24.185 19159 INFO rally.task.runner [-] Task d85b3a48-19ed-40cc-9e1c-ef0258530be9 | ITER: 98 START
2019-07-13 11:24:24.235 19146 INFO rally.task.runner [-] Task d85b3a48-19ed-40cc-9e1c-ef0258530be9 | ITER: 80 END: OK
2019-07-13 11:24:24.238 19146 INFO rally.task.runner [-] Task d85b3a48-19ed-40cc-9e1c-ef0258530be9 | ITER: 99 START
2019-07-13 11:24:24.403 19124 INFO rally.task.runner [-] Task d85b3a48-19ed-40cc-9e1c-ef0258530be9 | ITER: 78 END: OK
2019-07-13 11:24:24.406 19124 INFO rally.task.runner [-] Task d85b3a48-19ed-40cc-9e1c-ef0258530be9 | ITER: 100 START
2019-07-13 11:24:24.427 19143 INFO rally.task.runner [-] Task d85b3a48-19ed-40cc-9e1c-ef0258530be9 | ITER: 84 END: OK
2019-07-13 11:24:24.476 19141 INFO rally.task.runner [-] Task d85b3a48-19ed-40cc-9e1c-ef0258530be9 | ITER: 77 END: OK
2019-07-13 11:24:24.524 19123 INFO rally.task.runner [-] Task d85b3a48-19ed-40cc-9e1c-ef0258530be9 | ITER: 82 END: OK
2019-07-13 11:24:24.591 19150 INFO rally.task.runner [-] Task d85b3a48-19ed-40cc-9e1c-ef0258530be9 | ITER: 81 END: OK
2019-07-13 11:24:24.629 19142 INFO rally.task.runner [-] Task d85b3a48-19ed-40cc-9e1c-ef0258530be9 | ITER: 76 END: OK
2019-07-13 11:24:24.728 19122 INFO rally.task.runner [-] Task d85b3a48-19ed-40cc-9e1c-ef0258530be9 | ITER: 85 END: OK
2019-07-13 11:24:24.914 19122 INFO rally.task.runner [-] Task d85b3a48-19ed-40cc-9e1c-ef0258530be9 | ITER: 88 END: OK
2019-07-13 11:24:25.059 19126 INFO rally.task.runner [-] Task d85b3a48-19ed-40cc-9e1c-ef0258530be9 | ITER: 91 END: OK
2019-07-13 11:24:25.175 19124 INFO rally.task.runner [-] Task d85b3a48-19ed-40cc-9e1c-ef0258530be9 | ITER: 90 END: OK
2019-07-13 11:24:25.192 19123 INFO rally.task.runner [-] Task d85b3a48-19ed-40cc-9e1c-ef0258530be9 | ITER: 92 END: OK
2019-07-13 11:24:25.299 19165 INFO rally.task.runner [-] Task d85b3a48-19ed-40cc-9e1c-ef0258530be9 | ITER: 89 END: OK
2019-07-13 11:24:25.373 19133 INFO rally.task.runner [-] Task d85b3a48-19ed-40cc-9e1c-ef0258530be9 | ITER: 87 END: OK
2019-07-13 11:24:25.949 19166 INFO rally.task.runner [-] Task d85b3a48-19ed-40cc-9e1c-ef0258530be9 | ITER: 95 END: OK
2019-07-13 11:24:26.013 19121 INFO rally.task.runner [-] Task d85b3a48-19ed-40cc-9e1c-ef0258530be9 | ITER: 94 END: OK
2019-07-13 11:24:26.069 19129 INFO rally.task.runner [-] Task d85b3a48-19ed-40cc-9e1c-ef0258530be9 | ITER: 93 END: OK
2019-07-13 11:24:26.405 19121 INFO rally.task.runner [-] Task d85b3a48-19ed-40cc-9e1c-ef0258530be9 | ITER: 97 END: OK
2019-07-13 11:24:26.587 19152 INFO rally.task.runner [-] Task d85b3a48-19ed-40cc-9e1c-ef0258530be9 | ITER: 96 END: OK
2019-07-13 11:24:26.696 19146 INFO rally.task.runner [-] Task d85b3a48-19ed-40cc-9e1c-ef0258530be9 | ITER: 99 END: OK
2019-07-13 11:24:27.123 19124 INFO rally.task.runner [-] Task d85b3a48-19ed-40cc-9e1c-ef0258530be9 | ITER: 100 END: OK
2019-07-13 11:24:27.141 19159 INFO rally.task.runner [-] Task d85b3a48-19ed-40cc-9e1c-ef0258530be9 | ITER: 98 END: OK
2019-07-13 11:24:27.167 18997 INFO rally.task.context [-] Task d85b3a48-19ed-40cc-9e1c-ef0258530be9 | Context cleanup@openstack cleanup() started
2019-07-13 11:24:27.169 18997 RALLYDEBUG rally_openstack.cleanup.manager [-] Cleaning up neutron vip objects
2019-07-13 11:24:27.817 18997 RALLYDEBUG rally_openstack.cleanup.manager [-] Cleaning up neutron health_monitor objects
2019-07-13 11:24:28.579 18997 RALLYDEBUG rally_openstack.cleanup.manager [-] Cleaning up neutron pool objects
2019-07-13 11:24:29.238 18997 RALLYDEBUG rally_openstack.cleanup.manager [-] Cleaning up neutron loadbalancer objects
2019-07-13 11:24:30.080 18997 RALLYDEBUG rally_openstack.cleanup.manager [-] Cleaning up neutron floatingip objects
2019-07-13 11:24:30.888 18997 RALLYDEBUG rally_openstack.cleanup.manager [-] Cleaning up neutron port objects
2019-07-13 11:24:32.368 18997 RALLYDEBUG rally_openstack.cleanup.manager [-] Cleaning up neutron subnet objects
2019-07-13 11:24:33.052 18997 RALLYDEBUG rally_openstack.cleanup.manager [-] Cleaning up neutron network objects
2019-07-13 11:24:34.080 18997 RALLYDEBUG rally_openstack.cleanup.manager [-] Deleting neutron.network object s_rally_c9117dc9_728YPLdK (0001ad87-29ab-4bff-a706-c34ac57aff5e)
2019-07-13 11:24:34.084 18997 RALLYDEBUG rally_openstack.cleanup.manager [-] Deleting neutron.network object s_rally_c9117dc9_L0I2M53r (00e01fa4-f855-4d9b-abc8-92c571b694dc)
2019-07-13 11:24:34.094 18997 RALLYDEBUG rally_openstack.cleanup.manager [-] Deleting neutron.network object s_rally_c9117dc9_KFbLQStT (01a1c3f7-bd07-4111-9518-267194385020)
2019-07-13 11:24:34.102 18997 RALLYDEBUG rally_openstack.cleanup.manager [-] Deleting neutron.network object s_rally_c9117dc9_zHqatXSk (01e0a3a2-f28b-4756-81ed-513208996096)
2019-07-13 11:24:34.111 18997 RALLYDEBUG rally_openstack.cleanup.manager [-] Deleting neutron.network object s_rally_c9117dc9_OkKJuV1t (044122b2-8396-4193-863d-b679bbfc196e)
2019-07-13 11:24:34.121 18997 RALLYDEBUG rally_openstack.cleanup.manager [-] Deleting neutron.network object s_rally_c9117dc9_FfIXUIBn (0781ab58-0c7d-49d6-a708-8393e79f7989)
2019-07-13 11:24:34.128 18997 RALLYDEBUG rally_openstack.cleanup.manager [-] Deleting neutron.network object s_rally_c9117dc9_Y5rSJHrB (082a03dc-9a1b-4a0d-acaf-3d60985c622b)
2019-07-13 11:24:34.142 18997 RALLYDEBUG rally_openstack.cleanup.manager [-] Deleting neutron.network object s_rally_c9117dc9_rCC27vfW (0adbd347-ccd2-4e43-8592-8892aff12e1b)
2019-07-13 11:24:34.152 18997 RALLYDEBUG rally_openstack.cleanup.manager [-] Deleting neutron.network object s_rally_c9117dc9_I2miXPVL (0eb397b1-418c-4c0e-9998-09f32cdeda55)
2019-07-13 11:24:34.159 18997 RALLYDEBUG rally_openstack.cleanup.manager [-] Deleting neutron.network object s_rally_c9117dc9_pKxjUEt5 (0f268d31-081b-417a-aa39-69d08e127df9)
2019-07-13 11:24:34.167 18997 RALLYDEBUG rally_openstack.cleanup.manager [-] Deleting neutron.network object s_rally_c9117dc9_UXVyBq84 (154e90f6-f0b7-4d02-9956-6936703c68d2)
2019-07-13 11:24:34.183 18997 RALLYDEBUG rally_openstack.cleanup.manager [-] Deleting neutron.network object s_rally_c9117dc9_rqU0ztRU (170c2579-7076-4252-b317-7372557aefbd)
2019-07-13 11:24:34.190 18997 RALLYDEBUG rally_openstack.cleanup.manager [-] Deleting neutron.network object s_rally_c9117dc9_iZzS1MnG (1770e93f-5714-4035-ab35-e034c482217a)
2019-07-13 11:24:34.201 18997 RALLYDEBUG rally_openstack.cleanup.manager [-] Deleting neutron.network object s_rally_c9117dc9_4xHMXh9A (1868ac1d-1c57-4e5c-8aff-72d1f561112f)
2019-07-13 11:24:34.217 18997 RALLYDEBUG rally_openstack.cleanup.manager [-] Deleting neutron.network object s_rally_c9117dc9_coC9p8Jk (1c46ef26-da9d-4e1c-85be-0ee059b5939e)
2019-07-13 11:24:34.228 18997 RALLYDEBUG rally_openstack.cleanup.manager [-] Deleting neutron.network object s_rally_c9117dc9_PiUzLGdg (236e1945-a5b4-48fe-b9aa-60c96be728f4)
2019-07-13 11:24:34.244 18997 RALLYDEBUG rally_openstack.cleanup.manager [-] Deleting neutron.network object s_rally_c9117dc9_YDvBsiPD (2388f844-2e09-4b8a-88ef-89302cf8d47e)
2019-07-13 11:24:34.254 18997 RALLYDEBUG rally_openstack.cleanup.manager [-] Deleting neutron.network object s_rally_c9117dc9_9PM2gYGU (25994ccd-45c5-4b95-9db7-075a1e6f1cb8)
2019-07-13 11:24:34.257 18997 RALLYDEBUG rally_openstack.cleanup.manager [-] Deleting neutron.network object s_rally_c9117dc9_hoS7eq3k (1fbd33b3-0927-4ae5-ac61-30880ab51e12)
2019-07-13 11:24:34.266 18997 RALLYDEBUG rally_openstack.cleanup.manager [-] Deleting neutron.network object s_rally_c9117dc9_vm37Nwxt (289c31b4-9c37-494f-ae92-d8c177bf8b7c)
2019-07-13 11:24:37.582 18997 RALLYDEBUG rally_openstack.cleanup.manager [-] Deleting neutron.network object s_rally_c9117dc9_RkMPMrkB (2dd23876-32d4-47c4-8a78-66ce7cde7aec)
2019-07-13 11:24:37.647 18997 RALLYDEBUG rally_openstack.cleanup.manager [-] Deleting neutron.network object s_rally_c9117dc9_HRKyBa0x (2fd4f542-3c81-4f03-a035-3424649c0079)
2019-07-13 11:24:37.656 18997 RALLYDEBUG rally_openstack.cleanup.manager [-] Deleting neutron.network object s_rally_c9117dc9_A8gxGVn7 (32f2cbfe-3360-4c54-a6a5-d9c5a23e52d4)
2019-07-13 11:24:37.711 18997 RALLYDEBUG rally_openstack.cleanup.manager [-] Deleting neutron.network object s_rally_c9117dc9_IR0zQ9Zf (381a03f9-1609-48f4-852d-ae23f76f61d6)
2019-07-13 11:24:37.745 18997 RALLYDEBUG rally_openstack.cleanup.manager [-] Deleting neutron.network object s_rally_c9117dc9_2vs9sIlY (383d9ffe-bdef-4955-a58f-744d9e88684b)
2019-07-13 11:24:37.816 18997 RALLYDEBUG rally_openstack.cleanup.manager [-] Deleting neutron.network object s_rally_c9117dc9_W15SGGmv (3a15f4d6-3553-461b-9aa8-92a5d62e7f8d)
2019-07-13 11:24:37.835 18997 RALLYDEBUG rally_openstack.cleanup.manager [-] Deleting neutron.network object s_rally_c9117dc9_8RqdFuk0 (3a37a022-455d-4556-9a86-50eca4383f53)
2019-07-13 11:24:37.853 18997 RALLYDEBUG rally_openstack.cleanup.manager [-] Deleting neutron.network object s_rally_c9117dc9_sLPS208V (3b4ac4fe-bfb4-4819-a4f7-278219080a65)
2019-07-13 11:24:37.979 18997 RALLYDEBUG rally_openstack.cleanup.manager [-] Deleting neutron.network object s_rally_c9117dc9_3wJkjvHE (42ff11f0-7bd9-498b-b36d-9e5b9a7c179c)
2019-07-13 11:24:38.005 18997 RALLYDEBUG rally_openstack.cleanup.manager [-] Deleting neutron.network object s_rally_c9117dc9_EeNRESAC (4dc7badc-9179-4065-8190-2c54e0af992b)
2019-07-13 11:24:38.016 18997 RALLYDEBUG rally_openstack.cleanup.manager [-] Deleting neutron.network object s_rally_c9117dc9_3SxsuXBG (5182035e-2d78-4ca7-b3b0-946821b2a10e)
2019-07-13 11:24:38.097 18997 RALLYDEBUG rally_openstack.cleanup.manager [-] Deleting neutron.network object s_rally_c9117dc9_uEYAmeqw (55dbae1c-7d54-4e37-9578-ded7342cd554)
2019-07-13 11:24:38.743 18997 RALLYDEBUG rally_openstack.cleanup.manager [-] Deleting neutron.network object s_rally_c9117dc9_gJZjntrD (59ab8189-dceb-4417-a154-e907ae576f65)
2019-07-13 11:24:38.757 18997 RALLYDEBUG rally_openstack.cleanup.manager [-] Deleting neutron.network object s_rally_c9117dc9_3fCBgPta (5d92d66a-0bd8-4c42-a7c4-6be20ac744ba)
2019-07-13 11:24:38.757 18997 RALLYDEBUG rally_openstack.cleanup.manager [-] Deleting neutron.network object s_rally_c9117dc9_gXciOeZG (5a0d9593-4d03-4c6b-8252-19526d2b21b1)
2019-07-13 11:24:38.880 18997 RALLYDEBUG rally_openstack.cleanup.manager [-] Deleting neutron.network object s_rally_c9117dc9_QW7VhVKg (631f1f84-cd35-4601-97b0-9b38250a0517)
2019-07-13 11:24:38.946 18997 RALLYDEBUG rally_openstack.cleanup.manager [-] Deleting neutron.network object s_rally_c9117dc9_QYXfHWJw (658b0352-feb8-40ec-83b2-a8562d14ccd1)
2019-07-13 11:24:39.032 18997 RALLYDEBUG rally_openstack.cleanup.manager [-] Deleting neutron.network object s_rally_c9117dc9_KiKC4aIb (69e6a67d-a408-40d2-89da-bc9cf91ec2b4)
2019-07-13 11:24:39.033 18997 RALLYDEBUG rally_openstack.cleanup.manager [-] Deleting neutron.network object s_rally_c9117dc9_aO7KJzcN (6919465f-4bbf-4bf5-9a50-8d0e31575194)
2019-07-13 11:24:39.125 18997 RALLYDEBUG rally_openstack.cleanup.manager [-] Deleting neutron.network object s_rally_c9117dc9_z8pMXQ5b (6b6cb18c-6ddd-4d4d-9dd2-ed6d1d5068ba)
2019-07-13 11:24:41.011 18997 RALLYDEBUG rally_openstack.cleanup.manager [-] Deleting neutron.network object s_rally_c9117dc9_pT0vnalO (6cd48307-228d-44a5-9476-1bda3d71e6c0)
2019-07-13 11:24:41.022 18997 RALLYDEBUG rally_openstack.cleanup.manager [-] Deleting neutron.network object s_rally_c9117dc9_R9VWGc9m (71e599b3-1daf-420f-a4e7-644de5892c0c)
2019-07-13 11:24:41.191 18997 RALLYDEBUG rally_openstack.cleanup.manager [-] Deleting neutron.network object s_rally_c9117dc9_orQEG1K1 (73cc2e73-2a96-4cce-a213-35bbfbfe10f4)
2019-07-13 11:24:41.254 18997 RALLYDEBUG rally_openstack.cleanup.manager [-] Deleting neutron.network object s_rally_c9117dc9_r9pE9QVE (78d5adf9-3104-44e1-98e7-ec2806824bd1)
2019-07-13 11:24:41.432 18997 RALLYDEBUG rally_openstack.cleanup.manager [-] Deleting neutron.network object s_rally_c9117dc9_fE9vnlQW (7993e4fd-2ac7-4808-96c0-55ea2ebd032a)
2019-07-13 11:24:41.453 18997 RALLYDEBUG rally_openstack.cleanup.manager [-] Deleting neutron.network object s_rally_c9117dc9_1QrXBWTe (7b2eec2e-05e6-4be2-a969-ef45fd22654a)
2019-07-13 11:24:42.231 18997 RALLYDEBUG rally_openstack.cleanup.manager [-] Deleting neutron.network object s_rally_c9117dc9_6N1hqW9G (7f2b7f5f-af5b-4ced-99db-3bc9b529a516)
2019-07-13 11:24:42.583 18997 RALLYDEBUG rally_openstack.cleanup.manager [-] Deleting neutron.network object s_rally_c9117dc9_rYmFGzJ4 (8256984b-0710-496c-b947-8ac513214c16)
2019-07-13 11:24:42.651 18997 RALLYDEBUG rally_openstack.cleanup.manager [-] Deleting neutron.network object s_rally_c9117dc9_1XJDEvmx (8b7ee0d4-82b9-4a8a-a304-5c31bc3c530a)
2019-07-13 11:24:42.671 18997 RALLYDEBUG rally_openstack.cleanup.manager [-] Deleting neutron.network object s_rally_c9117dc9_e85Pqq6D (8c364d1c-3bb1-47ff-b0b2-95db869efcd1)
2019-07-13 11:24:42.676 18997 RALLYDEBUG rally_openstack.cleanup.manager [-] Deleting neutron.network object s_rally_c9117dc9_kpd1HzNj (8d003b7f-ce08-4e8b-96fc-7f944079283c)
2019-07-13 11:24:42.733 18997 RALLYDEBUG rally_openstack.cleanup.manager [-] Deleting neutron.network object s_rally_c9117dc9_Z6TRyXEL (8e13a85e-87c5-42d2-b43d-251d842f5cfa)
2019-07-13 11:24:42.748 18997 RALLYDEBUG rally_openstack.cleanup.manager [-] Deleting neutron.network object s_rally_c9117dc9_dgrgGOkT (8fc59d09-d70f-4b4a-a5bc-2be9dc533ad9)
2019-07-13 11:24:42.830 18997 RALLYDEBUG rally_openstack.cleanup.manager [-] Deleting neutron.network object s_rally_c9117dc9_oYMgaCzL (984a8f1c-dc62-4cc2-91c6-da1e4f895f9f)
2019-07-13 11:24:42.865 18997 RALLYDEBUG rally_openstack.cleanup.manager [-] Deleting neutron.network object s_rally_c9117dc9_gPOozBRT (985cec1c-cb96-4d59-bc27-9a1ab3202c4d)
2019-07-13 11:24:42.885 18997 RALLYDEBUG rally_openstack.cleanup.manager [-] Deleting neutron.network object s_rally_c9117dc9_HtSEIvDT (9a029c45-9620-4d0a-8f59-740d6ca1c3e9)
2019-07-13 11:24:43.368 18997 RALLYDEBUG rally_openstack.cleanup.manager [-] Deleting neutron.network object s_rally_c9117dc9_cIcwafIT (9d0f4a84-2e06-4a40-a2b0-a7846c6385ba)
2019-07-13 11:24:43.429 18997 RALLYDEBUG rally_openstack.cleanup.manager [-] Deleting neutron.network object s_rally_c9117dc9_PFtBrzG5 (9e80e94d-d0ac-49f6-8550-81ed73bd606e)
2019-07-13 11:24:43.740 18997 RALLYDEBUG rally_openstack.cleanup.manager [-] Deleting neutron.network object s_rally_c9117dc9_WRs6kiAz (9eaf2115-7dc7-4ba6-8796-9918a7de7a42)
2019-07-13 11:24:43.746 18997 RALLYDEBUG rally_openstack.cleanup.manager [-] Deleting neutron.network object s_rally_c9117dc9_lfpXpwyc (a1581a5b-8499-42f4-aaca-279405c7f4f9)
2019-07-13 11:24:44.093 18997 RALLYDEBUG rally_openstack.cleanup.manager [-] Deleting neutron.network object s_rally_c9117dc9_upDpUaYi (a2503d70-d171-4cea-a3e5-5d36b7e69777)
2019-07-13 11:24:44.408 18997 RALLYDEBUG rally_openstack.cleanup.manager [-] Deleting neutron.network object s_rally_c9117dc9_YUtKuwC6 (a6e37563-0ae3-4411-8631-e76a07607e86)
2019-07-13 11:24:44.450 18997 RALLYDEBUG rally_openstack.cleanup.manager [-] Deleting neutron.network object s_rally_c9117dc9_iipRQLx9 (ab8682ec-b9c1-4dc2-9400-36c82bf75293)
2019-07-13 11:24:44.505 18997 RALLYDEBUG rally_openstack.cleanup.manager [-] Deleting neutron.network object s_rally_c9117dc9_VTXhUaMl (ad59abf1-c534-46a4-85ac-f9c67932a07a)
2019-07-13 11:24:44.599 18997 RALLYDEBUG rally_openstack.cleanup.manager [-] Deleting neutron.network object s_rally_c9117dc9_ImDmzI3H (af4e6220-8a3f-445b-8c1f-13f23ffec0d5)
2019-07-13 11:24:44.627 18997 RALLYDEBUG rally_openstack.cleanup.manager [-] Deleting neutron.network object s_rally_c9117dc9_MkzUzDQH (b056d7e5-93ce-4074-8a4c-8e123fc6eb5d)
2019-07-13 11:24:45.305 18997 RALLYDEBUG rally_openstack.cleanup.manager [-] Deleting neutron.network object s_rally_c9117dc9_gYVWj5fW (b10bb165-e81f-4f44-87d3-8ab7f4e19ffe)
2019-07-13 11:24:45.987 18997 RALLYDEBUG rally_openstack.cleanup.manager [-] Deleting neutron.network object s_rally_c9117dc9_YxqHywlj (b1f90eb5-9d58-413f-bf4f-464a5650940d)
2019-07-13 11:24:46.081 18997 RALLYDEBUG rally_openstack.cleanup.manager [-] Deleting neutron.network object s_rally_c9117dc9_znh4NxHN (b24f8f71-bb97-4e5b-af24-edfb00d27361)
2019-07-13 11:24:46.360 18997 RALLYDEBUG rally_openstack.cleanup.manager [-] Deleting neutron.network object s_rally_c9117dc9_6N4D5ewo (b259994b-0658-4a36-9ed1-10b1c105d9cf)
2019-07-13 11:24:46.753 18997 RALLYDEBUG rally_openstack.cleanup.manager [-] Deleting neutron.network object s_rally_c9117dc9_F2RyePAL (b2e5c7ba-19bf-4f84-bc81-bc107e866969)
2019-07-13 11:24:46.808 18997 RALLYDEBUG rally_openstack.cleanup.manager [-] Deleting neutron.network object s_rally_c9117dc9_yWNXkVac (bb9c9118-44d5-4deb-91cc-e529c3266117)
2019-07-13 11:24:47.132 18997 RALLYDEBUG rally_openstack.cleanup.manager [-] Deleting neutron.network object s_rally_c9117dc9_bGKT1O3u (bc0992c3-4414-4403-a9dd-9739eac0da58)
2019-07-13 11:24:47.140 18997 RALLYDEBUG rally_openstack.cleanup.manager [-] Deleting neutron.network object s_rally_c9117dc9_XbjkheG6 (c0f29581-d70d-4920-9137-6bbdacc696d0)
2019-07-13 11:24:47.146 18997 RALLYDEBUG rally_openstack.cleanup.manager [-] Deleting neutron.network object s_rally_c9117dc9_QhArAmjp (bfb38978-65d7-46f4-8495-c81b3fb0a282)
2019-07-13 11:24:47.198 18997 RALLYDEBUG rally_openstack.cleanup.manager [-] Deleting neutron.network object s_rally_c9117dc9_nM4eU24J (c3c64fa9-d1bb-464f-930e-45e7ae8e2c30)
2019-07-13 11:24:47.203 18997 RALLYDEBUG rally_openstack.cleanup.manager [-] Deleting neutron.network object s_rally_c9117dc9_eS1Q07Aj (c584b009-7809-437f-ae5f-1f54508847bc)
2019-07-13 11:24:47.223 18997 RALLYDEBUG rally_openstack.cleanup.manager [-] Deleting neutron.network object s_rally_c9117dc9_NqlexxYt (c605fa64-0a71-4364-b6d3-68b21adc0c57)
2019-07-13 11:24:47.249 18997 RALLYDEBUG rally_openstack.cleanup.manager [-] Deleting neutron.network object s_rally_c9117dc9_9ySTykvI (c6a81c18-aaaa-4e34-b47d-453434a78751)
2019-07-13 11:24:47.301 18997 RALLYDEBUG rally_openstack.cleanup.manager [-] Deleting neutron.network object s_rally_c9117dc9_8DublwGi (cb3cb395-b58f-4aab-93ce-dc1aaae77d58)
2019-07-13 11:24:47.871 18997 RALLYDEBUG rally_openstack.cleanup.manager [-] Deleting neutron.network object s_rally_c9117dc9_vJ7iFjD5 (cbf98024-bbf2-4af1-88a0-c2b1168fc2c0)
2019-07-13 11:24:48.009 18997 RALLYDEBUG rally_openstack.cleanup.manager [-] Deleting neutron.network object s_rally_c9117dc9_RcXqDI4U (d1f7caeb-ded1-4e78-99ca-2d507602f378)
2019-07-13 11:24:48.285 18997 RALLYDEBUG rally_openstack.cleanup.manager [-] Deleting neutron.network object s_rally_c9117dc9_2x4AzXJD (d2b4240c-b53e-43b4-a108-2dd6812ff370)
2019-07-13 11:24:48.570 18997 RALLYDEBUG rally_openstack.cleanup.manager [-] Deleting neutron.network object s_rally_c9117dc9_SwlgnVnn (d3a81867-49fb-4b87-bd94-ec46b9a9a697)
2019-07-13 11:24:48.876 18997 RALLYDEBUG rally_openstack.cleanup.manager [-] Deleting neutron.network object s_rally_c9117dc9_UvzZyfiJ (d4aa0f9e-b40e-4e17-a689-b0af98fa3145)
2019-07-13 11:24:49.056 18997 RALLYDEBUG rally_openstack.cleanup.manager [-] Deleting neutron.network object s_rally_c9117dc9_arZ5MY9C (d9d78a1e-00b3-4b91-8b74-9ee8b646f775)
2019-07-13 11:24:49.060 18997 RALLYDEBUG rally_openstack.cleanup.manager [-] Deleting neutron.network object s_rally_c9117dc9_iPnZQ3BP (dce4e3c8-98fc-4cd9-892f-ce80a716751e)
2019-07-13 11:24:49.111 18997 RALLYDEBUG rally_openstack.cleanup.manager [-] Deleting neutron.network object s_rally_c9117dc9_sZe6F5bG (ddd9e7dd-ddce-4fbe-b660-1ef73939f82e)
2019-07-13 11:24:49.348 18997 RALLYDEBUG rally_openstack.cleanup.manager [-] Deleting neutron.network object s_rally_c9117dc9_PZJNenqn (df46f2a0-8edf-44d3-86dc-93a8bf3414d6)
2019-07-13 11:24:49.646 18997 RALLYDEBUG rally_openstack.cleanup.manager [-] Deleting neutron.network object s_rally_c9117dc9_5fBFYFmr (e25848f6-c23f-4274-83e7-bb140de3f4a6)
2019-07-13 11:24:49.947 18997 RALLYDEBUG rally_openstack.cleanup.manager [-] Deleting neutron.network object s_rally_c9117dc9_yOns2tax (e95d3379-c390-418f-8f53-c3ecdb227322)
2019-07-13 11:24:50.116 18997 RALLYDEBUG rally_openstack.cleanup.manager [-] Deleting neutron.network object s_rally_c9117dc9_2dAiyXGN (ea48ccbb-d2d2-4807-aadb-e4cd984b14ae)
2019-07-13 11:24:50.429 18997 RALLYDEBUG rally_openstack.cleanup.manager [-] Deleting neutron.network object s_rally_c9117dc9_ZvUFmi85 (f030831d-3fdc-4d92-9b2d-51762db51cfc)
2019-07-13 11:24:50.471 18997 RALLYDEBUG rally_openstack.cleanup.manager [-] Deleting neutron.network object s_rally_c9117dc9_Lk6tFZKI (f3797225-f467-4c2e-aa22-cfb6d83ce560)
2019-07-13 11:24:50.769 18997 RALLYDEBUG rally_openstack.cleanup.manager [-] Deleting neutron.network object s_rally_c9117dc9_SoB4kIWg (f4cb510d-f462-4e9b-8348-35850c209085)
2019-07-13 11:24:50.801 18997 RALLYDEBUG rally_openstack.cleanup.manager [-] Deleting neutron.network object s_rally_c9117dc9_WU27e4i2 (f9594d77-32dd-434d-b424-26b83a935732)
