2019-07-13 11:39:48.130 18997 RALLYDEBUG rally_openstack.cleanup.manager [-] Deleting neutron.port object s_rally_cd8b45e3_qQDahRPu (d6bb6d3b-f940-410d-ab1f-1415533291ee)
2019-07-13 11:39:48.179 18997 RALLYDEBUG rally_openstack.cleanup.manager [-] Deleting neutron.port object s_rally_cd8b45e3_J0350Cwm (d6e4c1aa-5296-4cd3-bd4e-69eda424ce3a)
2019-07-13 11:39:48.192 18997 RALLYDEBUG rally_openstack.cleanup.manager [-] Deleting neutron.port object s_rally_cd8b45e3_4LAMVnpz (d83c4212-bb75-48db-a165-fca813cc2dc7)
2019-07-13 11:39:48.470 18997 RALLYDEBUG rally_openstack.cleanup.manager [-] Deleting neutron.port object s_rally_cd8b45e3_gRZYN3fQ (d85a5d4a-239d-4ecd-9b61-4f3d995ab8c8)
2019-07-13 11:39:48.496 18997 RALLYDEBUG rally_openstack.cleanup.manager [-] Deleting neutron.port object s_rally_cd8b45e3_ghoc8W1q (d944a453-bd02-4dd6-95fb-efd069a13cdf)
2019-07-13 11:39:48.650 18997 RALLYDEBUG rally_openstack.cleanup.manager [-] Deleting neutron.port object s_rally_cd8b45e3_53NbyDAe (da25b1ba-2076-4038-a892-fd2c615c2c21)
2019-07-13 11:39:48.678 18997 RALLYDEBUG rally_openstack.cleanup.manager [-] Deleting neutron.port object s_rally_cd8b45e3_ODPUiKQO (dafbf1c3-b432-4fb0-b1e6-9859f944b935)
2019-07-13 11:39:49.015 18997 RALLYDEBUG rally_openstack.cleanup.manager [-] Deleting neutron.port object s_rally_cd8b45e3_NUsBQUcM (ddb9966d-b40e-4b21-851c-a66e8ec12f5c)
2019-07-13 11:39:49.120 18997 RALLYDEBUG rally_openstack.cleanup.manager [-] Deleting neutron.port object s_rally_cd8b45e3_Qh3nMpLt (de5f0738-e8ad-43ad-bbad-14d54ad3b503)
2019-07-13 11:39:49.211 18997 RALLYDEBUG rally_openstack.cleanup.manager [-] Deleting neutron.port object s_rally_cd8b45e3_W0mwdJsy (dee1c3de-36cf-49ab-aa71-35be59c2f647)
2019-07-13 11:39:49.257 18997 RALLYDEBUG rally_openstack.cleanup.manager [-] Deleting neutron.port object s_rally_cd8b45e3_pqnb2332 (df133142-0ba5-4a6d-a66a-08a8116d9cd4)
2019-07-13 11:39:49.464 18997 RALLYDEBUG rally_openstack.cleanup.manager [-] Deleting neutron.port object s_rally_cd8b45e3_XN2V7l7g (e03eac30-9d3e-4aba-ab44-7a7f5c5bd70f)
2019-07-13 11:39:49.569 18997 RALLYDEBUG rally_openstack.cleanup.manager [-] Deleting neutron.port object s_rally_cd8b45e3_Krv7kq6H (e05caf92-3b49-4b1a-89b2-038b5155bf63)
2019-07-13 11:39:49.617 18997 RALLYDEBUG rally_openstack.cleanup.manager [-] Deleting neutron.port object s_rally_cd8b45e3_wYnorOqm (e0fd1c6b-7b01-4742-84ed-5b775600ea71)
2019-07-13 11:39:49.706 18997 RALLYDEBUG rally_openstack.cleanup.manager [-] Deleting neutron.port object s_rally_cd8b45e3_sY98x7DS (e0fecfd2-94ba-4bb3-b360-0731ddd4b9d4)
2019-07-13 11:39:49.890 18997 RALLYDEBUG rally_openstack.cleanup.manager [-] Deleting neutron.port object s_rally_cd8b45e3_2pDvqs28 (e1aff112-9833-4643-a9ea-99007eadce69)
2019-07-13 11:39:50.003 18997 RALLYDEBUG rally_openstack.cleanup.manager [-] Deleting neutron.port object s_rally_cd8b45e3_0RbUWzBG (e2bc1364-25f5-4e64-b747-9b608561baf4)
2019-07-13 11:39:50.253 18997 RALLYDEBUG rally_openstack.cleanup.manager [-] Deleting neutron.port object s_rally_cd8b45e3_dqrs7wka (e33fca50-d8d3-4d02-a834-f7c81c2f4cd7)
2019-07-13 11:39:50.334 18997 RALLYDEBUG rally_openstack.cleanup.manager [-] Deleting neutron.port object s_rally_cd8b45e3_xOm1S0JJ (e395ad7d-3b9f-4eca-9c30-12e081d6f5ab)
2019-07-13 11:39:50.529 18997 RALLYDEBUG rally_openstack.cleanup.manager [-] Deleting neutron.port object s_rally_cd8b45e3_ECIeU7ql (e3dce64d-efb7-49da-a196-b7d2e973c745)
2019-07-13 11:39:50.612 18997 RALLYDEBUG rally_openstack.cleanup.manager [-] Deleting neutron.port object s_rally_cd8b45e3_S94Z0f0v (e560aa20-6c93-4ae8-8e3f-9ed0b1f72b33)
2019-07-13 11:39:50.756 18997 RALLYDEBUG rally_openstack.cleanup.manager [-] Deleting neutron.port object s_rally_cd8b45e3_ptFm5GQB (e6a2b37e-b96c-4d6a-b0c2-c660b0d07717)
2019-07-13 11:39:50.797 18997 RALLYDEBUG rally_openstack.cleanup.manager [-] Deleting neutron.port object s_rally_cd8b45e3_y6c7ObkA (e8978663-3c15-4009-a167-c3ff464b6da8)
2019-07-13 11:39:50.856 18997 RALLYDEBUG rally_openstack.cleanup.manager [-] Deleting neutron.port object s_rally_cd8b45e3_QNbvtQSb (e8b5dffd-5982-43c5-91b3-09dae8858c86)
2019-07-13 11:39:50.871 18997 RALLYDEBUG rally_openstack.cleanup.manager [-] Deleting neutron.port object s_rally_cd8b45e3_TfV0Z51L (e8be4700-ee62-4bea-968e-5f95f51daf52)
2019-07-13 11:39:51.394 18997 RALLYDEBUG rally_openstack.cleanup.manager [-] Deleting neutron.port object s_rally_cd8b45e3_68o386em (e9b4856f-544a-4304-a6aa-cd8384295a09)
2019-07-13 11:39:51.474 18997 RALLYDEBUG rally_openstack.cleanup.manager [-] Deleting neutron.port object s_rally_cd8b45e3_BuX5mijZ (ea85d04e-5f93-4c04-a971-61ffe7b9c598)
2019-07-13 11:39:51.677 18997 RALLYDEBUG rally_openstack.cleanup.manager [-] Deleting neutron.port object s_rally_cd8b45e3_MdjrE8F4 (eae68739-c32a-4f79-9026-91ed9e27205e)
2019-07-13 11:39:51.932 18997 RALLYDEBUG rally_openstack.cleanup.manager [-] Deleting neutron.port object s_rally_cd8b45e3_cBEx8VKb (eaed862a-e96b-413c-9586-89d3f766b6a6)
2019-07-13 11:39:51.940 18997 RALLYDEBUG rally_openstack.cleanup.manager [-] Deleting neutron.port object s_rally_cd8b45e3_KHyNs3kr (ebda95d8-58f6-4084-80ac-7ef249d7c237)
2019-07-13 11:39:51.990 18997 RALLYDEBUG rally_openstack.cleanup.manager [-] Deleting neutron.port object s_rally_cd8b45e3_OIE3EvRq (ebf27c0e-93f7-4b2f-bc42-cff1d0b65083)
2019-07-13 11:39:52.102 18997 RALLYDEBUG rally_openstack.cleanup.manager [-] Deleting neutron.port object s_rally_cd8b45e3_eN8gUsK1 (eceb30f7-644d-46ba-a72a-f4535de88255)
2019-07-13 11:39:52.196 18997 RALLYDEBUG rally_openstack.cleanup.manager [-] Deleting neutron.port object s_rally_cd8b45e3_srP8Phsk (edee7fd8-1560-4db4-ac23-4fd6cfb661f5)
2019-07-13 11:39:52.208 18997 RALLYDEBUG rally_openstack.cleanup.manager [-] Deleting neutron.port object s_rally_cd8b45e3_2J7F1s14 (ee66d17e-20b3-4cb0-96c3-6d1513f515d8)
2019-07-13 11:39:52.599 18997 RALLYDEBUG rally_openstack.cleanup.manager [-] Deleting neutron.port object s_rally_cd8b45e3_n7zMELkY (eeb5115b-c7a1-4e98-bd37-0233b7ae1978)
2019-07-13 11:39:52.612 18997 RALLYDEBUG rally_openstack.cleanup.manager [-] Deleting neutron.port object s_rally_cd8b45e3_rd1NHx9t (eedeee14-2bba-45be-8f83-b9ff74e4b7ad)
2019-07-13 11:39:52.626 18997 RALLYDEBUG rally_openstack.cleanup.manager [-] Deleting neutron.port object s_rally_cd8b45e3_jmUcUDmb (eee71a35-596e-460e-b53a-e0c8f817252b)
2019-07-13 11:39:52.644 18997 RALLYDEBUG rally_openstack.cleanup.manager [-] Deleting neutron.port object s_rally_cd8b45e3_SwUu3Jmz (f06d0aa0-3a1d-4f13-a9ed-1b6000c60144)
2019-07-13 11:39:53.202 18997 RALLYDEBUG rally_openstack.cleanup.manager [-] Deleting neutron.port object s_rally_cd8b45e3_mSsjKpaU (f1d0146b-dbdc-4eec-bbd5-198d7c61d6a0)
2019-07-13 11:39:53.259 18997 RALLYDEBUG rally_openstack.cleanup.manager [-] Deleting neutron.port object s_rally_cd8b45e3_35F039dM (f2414ad1-5bcb-4e89-af1f-d1f4a237633c)
2019-07-13 11:39:53.278 18997 RALLYDEBUG rally_openstack.cleanup.manager [-] Deleting neutron.port object s_rally_cd8b45e3_uKzmNqoa (f2b2dd5b-67df-440a-a31d-d403eed1e3b0)
2019-07-13 11:39:53.362 18997 RALLYDEBUG rally_openstack.cleanup.manager [-] Deleting neutron.port object s_rally_cd8b45e3_eHbom9xx (f3580c3c-3a9f-4bb0-b1f2-b05d93ca89ae)
2019-07-13 11:39:53.632 18997 RALLYDEBUG rally_openstack.cleanup.manager [-] Deleting neutron.port object s_rally_cd8b45e3_apbK96VE (f42d40d7-bda1-4598-ab30-b818cf62bc6e)
2019-07-13 11:39:53.635 18997 RALLYDEBUG rally_openstack.cleanup.manager [-] Deleting neutron.port object s_rally_cd8b45e3_CRvRJlX1 (f51f4894-ce27-4a53-b0c4-33e0cbe881b0)
2019-07-13 11:39:53.639 18997 RALLYDEBUG rally_openstack.cleanup.manager [-] Deleting neutron.port object s_rally_cd8b45e3_9YH2ST8u (f3e4bc02-9399-4b97-aef6-66e333c9f512)
2019-07-13 11:39:53.835 18997 RALLYDEBUG rally_openstack.cleanup.manager [-] Deleting neutron.port object s_rally_cd8b45e3_Y6drEKGc (f54e4103-3fd7-47dd-b71b-84f5f2b774cd)
2019-07-13 11:39:53.933 18997 RALLYDEBUG rally_openstack.cleanup.manager [-] Deleting neutron.port object s_rally_cd8b45e3_DvXegPxa (f59f6abf-e27f-4fd5-ad76-a030867b0cfd)
2019-07-13 11:39:54.136 18997 RALLYDEBUG rally_openstack.cleanup.manager [-] Deleting neutron.port object s_rally_cd8b45e3_F3u7ZzAr (f5e900cf-7f5e-41c7-a1cb-37d44d5383b7)
2019-07-13 11:39:54.341 18997 RALLYDEBUG rally_openstack.cleanup.manager [-] Deleting neutron.port object s_rally_cd8b45e3_rCfXx6l4 (f6573026-848c-4040-a7ee-330a5b0d778a)
2019-07-13 11:39:54.445 18997 RALLYDEBUG rally_openstack.cleanup.manager [-] Deleting neutron.port object s_rally_cd8b45e3_n2nfXXNd (f75d8fc2-c8af-4d6d-a556-f8ed29087c36)
2019-07-13 11:39:54.648 18997 RALLYDEBUG rally_openstack.cleanup.manager [-] Deleting neutron.port object s_rally_cd8b45e3_HvMke6Fk (f8825b2b-f523-457f-a7a2-37acea7f98af)
2019-07-13 11:39:54.836 18997 RALLYDEBUG rally_openstack.cleanup.manager [-] Deleting neutron.port object s_rally_cd8b45e3_FR3OdPBE (f8d1ae55-d034-4808-b0f8-538a70f49ef1)
2019-07-13 11:39:54.941 18997 RALLYDEBUG rally_openstack.cleanup.manager [-] Deleting neutron.port object s_rally_cd8b45e3_4MU9nqhQ (f91bae9f-9928-4850-be1d-bdf0b65007c8)
2019-07-13 11:39:55.018 18997 RALLYDEBUG rally_openstack.cleanup.manager [-] Deleting neutron.port object s_rally_cd8b45e3_W9j2xcVi (f9b07203-42e3-45ef-9d39-f7632871365f)
2019-07-13 11:39:55.077 18997 RALLYDEBUG rally_openstack.cleanup.manager [-] Deleting neutron.port object s_rally_cd8b45e3_TdE6X62W (fa651583-37d6-4c99-9525-12cc371a46cc)
2019-07-13 11:39:55.128 18997 RALLYDEBUG rally_openstack.cleanup.manager [-] Deleting neutron.port object s_rally_cd8b45e3_Fcn5x0g6 (fbe9dfc0-e4a8-4c17-bbb8-d9be6fc1a83d)
2019-07-13 11:39:55.169 18997 RALLYDEBUG rally_openstack.cleanup.manager [-] Deleting neutron.port object s_rally_cd8b45e3_aIklf56S (fd061a73-1033-4436-9f49-2ddb1c814c80)
2019-07-13 11:39:55.186 18997 RALLYDEBUG rally_openstack.cleanup.manager [-] Deleting neutron.port object s_rally_cd8b45e3_X2XPW1jN (fedfd80b-2ed3-4cb2-84b3-7cb4033413cd)
2019-07-13 11:39:55.548 18997 RALLYDEBUG rally_openstack.cleanup.manager [-] Deleting neutron.port object s_rally_cd8b45e3_zljRkler (feef2a46-23e5-4fa7-b42c-8483a19001ab)
2019-07-13 11:39:55.570 18997 RALLYDEBUG rally_openstack.cleanup.manager [-] Deleting neutron.port object s_rally_cd8b45e3_cF7GPykE (ffd359d8-35ca-4087-837a-c91b7df10e46)
2019-07-13 11:39:58.417 18997 RALLYDEBUG rally_openstack.cleanup.manager [-] Cleaning up neutron subnet objects
2019-07-13 11:39:59.099 18997 RALLYDEBUG rally_openstack.cleanup.manager [-] Cleaning up neutron network objects
2019-07-13 11:39:59.840 18997 RALLYDEBUG rally_openstack.cleanup.manager [-] Deleting neutron.network object s_rally_cd8b45e3_JON6DWop (2ba451b7-7b82-41ce-87de-e52765a85924)
2019-07-13 11:39:59.849 18997 RALLYDEBUG rally_openstack.cleanup.manager [-] Deleting neutron.network object s_rally_cd8b45e3_ijrxsuV8 (37700578-cbe0-440a-9b27-767f8f00570a)
2019-07-13 11:39:59.854 18997 RALLYDEBUG rally_openstack.cleanup.manager [-] Deleting neutron.network object s_rally_cd8b45e3_sGlaEJzi (47932b0e-73f0-43c8-aa85-5dc88b1d7c9c)
2019-07-13 11:39:59.864 18997 RALLYDEBUG rally_openstack.cleanup.manager [-] Deleting neutron.network object s_rally_cd8b45e3_GQIKLfGM (483d9ef4-10ef-4533-a5d4-3082304d7181)
2019-07-13 11:39:59.872 18997 RALLYDEBUG rally_openstack.cleanup.manager [-] Deleting neutron.network object s_rally_cd8b45e3_ofd9FWtd (5e09e2e0-b9d0-4e1a-830b-c03d02c3cf00)
2019-07-13 11:39:59.880 18997 RALLYDEBUG rally_openstack.cleanup.manager [-] Deleting neutron.network object s_rally_cd8b45e3_9Th530ip (9b8e0a1f-51ec-419e-819a-3b1e4f9f916e)
2019-07-13 11:39:59.885 18997 RALLYDEBUG rally_openstack.cleanup.manager [-] Deleting neutron.network object s_rally_cd8b45e3_nV2qzJH8 (b1e30add-2b2d-4d0b-bcb5-0f70b1f0e315)
2019-07-13 11:39:59.890 18997 RALLYDEBUG rally_openstack.cleanup.manager [-] Deleting neutron.network object s_rally_cd8b45e3_FWrLzebF (eff82e05-045d-408a-a88d-4baef92b9e5d)
2019-07-13 11:40:03.705 18997 RALLYDEBUG rally_openstack.cleanup.manager [-] Cleaning up neutron router objects
2019-07-13 11:40:04.393 18997 RALLYDEBUG rally_openstack.cleanup.manager [-] Cleaning up neutron security_group objects
2019-07-13 11:40:05.171 18997 INFO rally.task.context [-] Task d85b3a48-19ed-40cc-9e1c-ef0258530be9 | Context cleanup@openstack cleanup() finished in 1.15 min
2019-07-13 11:40:05.171 18997 INFO rally.task.context [-] Task d85b3a48-19ed-40cc-9e1c-ef0258530be9 | Context quotas@openstack cleanup() started
2019-07-13 11:40:05.429 18997 INFO rally.task.context [-] Task d85b3a48-19ed-40cc-9e1c-ef0258530be9 | Context quotas@openstack cleanup() finished in 0.26 sec
2019-07-13 11:40:05.430 18997 INFO rally.task.context [-] Task d85b3a48-19ed-40cc-9e1c-ef0258530be9 | Context users@openstack cleanup() started
2019-07-13 11:40:10.421 18997 INFO rally.task.context [-] Task d85b3a48-19ed-40cc-9e1c-ef0258530be9 | Context users@openstack cleanup() finished in 4.99 sec
2019-07-13 11:40:12.223 18997 INFO rally.task.engine [-] Load duration is: 112.713945
2019-07-13 11:40:12.223 18997 INFO rally.task.engine [-] Full runner duration is: 112.75455
2019-07-13 11:40:12.224 18997 INFO rally.task.engine [-] Full duration is: 192.898098
2019-07-13 11:40:12.422 18997 INFO rally.task.engine [-] Running workload: position = 1 config = { "version": 2, "title": "A cropped version of a bigger task.", "description": "Auto-generated task from a single workload (uuid=df4db980-9a6b-479c-a506-31f5bbf791b6)", "subtasks": [ { "title": "NeutronNetworks.create_and_update_ports", "description": "Create and update a given number of ports.", "scenario": { "NeutronNetworks.create_and_update_ports": { "network_create_args": {}, "port_create_args": {}, "ports_per_network": 5, "port_update_args": { "admin_state_up": false, "device_id": "dummy_id", "device_owner": "dummy_owner", "name": "_port_updated" } } }, "contexts": { "users": { "tenants": 1, "users_per_tenant": 1 }, "quotas": { "neutron": { "network": -1, "port": -1 } } }, "runner": { "constant": { "times": 40, "concurrency": 20 } }, "hooks": [], "sla": { "failure_rate": { "max": 0 } } } ] }
2019-07-13 11:40:12.446 18997 RALLYDEBUG rally_openstack.contexts.keystone.users [-] Creating 1 tenants using 20 threads
2019-07-13 11:40:14.444 18997 RALLYDEBUG rally_openstack.contexts.keystone.users [-] Creating 1 users using 20 threads
2019-07-13 11:40:17.389 18997 INFO rally.task.context [-] Task d85b3a48-19ed-40cc-9e1c-ef0258530be9 | Context users@openstack setup() finished in 4.94 sec
2019-07-13 11:40:18.220 18997 INFO rally.task.context [-] Task d85b3a48-19ed-40cc-9e1c-ef0258530be9 | Context quotas@openstack setup() finished in 0.83 sec
2019-07-13 11:40:18.221 18997 INFO rally.task.context [-] Task d85b3a48-19ed-40cc-9e1c-ef0258530be9 | Context cleanup@openstack setup() finished in 0.01 msec
2019-07-13 11:40:18.228 18997 RALLYDEBUG rally.task.runner [-] Starting the constant runner (task UUID: d85b3a48-19ed-40cc-9e1c-ef0258530be9). timeout: 0 concurrency: 20 concurrency_per_worker: 1 times: 40 concurrency_overhead: 4 processes_to_start: 16 max_cpu_used: 16
2019-07-13 11:40:18.242 22873 RALLYDEBUG rally.task.runner [-] Starting a worker. concurrency: 2 args: {"network_create_args": {}, "port_create_args": {}, "ports_per_network": 5, "port_update_args": {"admin_state_up": false, "device_id": "dummy_id", "device_owner": "dummy_owner", "name": "_port_updated"}} times: 40 method_name: run timeout: 0 duration: None cls:
2019-07-13 11:40:18.244 22874 RALLYDEBUG rally.task.runner [-] Starting a worker. concurrency: 2 args: {"network_create_args": {}, "port_create_args": {}, "ports_per_network": 5, "port_update_args": {"admin_state_up": false, "device_id": "dummy_id", "device_owner": "dummy_owner", "name": "_port_updated"}} times: 40 method_name: run timeout: 0 duration: None cls:
2019-07-13 11:40:18.247 22875 RALLYDEBUG rally.task.runner [-] Starting a worker. concurrency: 2 args: {"network_create_args": {}, "port_create_args": {}, "ports_per_network": 5, "port_update_args": {"admin_state_up": false, "device_id": "dummy_id", "device_owner": "dummy_owner", "name": "_port_updated"}} times: 40 method_name: run timeout: 0 duration: None cls:
2019-07-13 11:40:18.251 22874 INFO rally.task.runner [-] Task d85b3a48-19ed-40cc-9e1c-ef0258530be9 | ITER: 2 START
2019-07-13 11:40:18.251 22876 RALLYDEBUG rally.task.runner [-] Starting a worker. concurrency: 2 args: {"network_create_args": {}, "port_create_args": {}, "ports_per_network": 5, "port_update_args": {"admin_state_up": false, "device_id": "dummy_id", "device_owner": "dummy_owner", "name": "_port_updated"}} times: 40 method_name: run timeout: 0 duration: None cls:
2019-07-13 11:40:18.251 22873 INFO rally.task.runner [-] Task d85b3a48-19ed-40cc-9e1c-ef0258530be9 | ITER: 1 START
2019-07-13 11:40:18.253 22874 WARNING rally_openstack.scenarios.neutron.utils [-] Running this scenario without either the 'network' or 'existing_network' context is deprecated
2019-07-13 11:40:18.254 22873 WARNING rally_openstack.scenarios.neutron.utils [-] Running this scenario without either the 'network' or 'existing_network' context is deprecated
2019-07-13 11:40:18.254 22878 RALLYDEBUG rally.task.runner [-] Starting a worker. concurrency: 1 args: {"network_create_args": {}, "port_create_args": {}, "ports_per_network": 5, "port_update_args": {"admin_state_up": false, "device_id": "dummy_id", "device_owner": "dummy_owner", "name": "_port_updated"}} times: 40 method_name: run timeout: 0 duration: None cls:
2019-07-13 11:40:18.255 22875 INFO rally.task.runner [-] Task d85b3a48-19ed-40cc-9e1c-ef0258530be9 | ITER: 5 START
2019-07-13 11:40:18.256 22882 RALLYDEBUG rally.task.runner [-] Starting a worker. concurrency: 1 args: {"network_create_args": {}, "port_create_args": {}, "ports_per_network": 5, "port_update_args": {"admin_state_up": false, "device_id": "dummy_id", "device_owner": "dummy_owner", "name": "_port_updated"}} times: 40 method_name: run timeout: 0 duration: None cls:
2019-07-13 11:40:18.258 22873 INFO rally.task.runner [-] Task d85b3a48-19ed-40cc-9e1c-ef0258530be9 | ITER: 3 START
2019-07-13 11:40:18.258 22875 WARNING rally_openstack.scenarios.neutron.utils [-] Running this scenario without either the 'network' or 'existing_network' context is deprecated
2019-07-13 11:40:18.262 22878 INFO rally.task.runner [-] Task d85b3a48-19ed-40cc-9e1c-ef0258530be9 | ITER: 8 START
2019-07-13 11:40:18.263 22882 INFO rally.task.runner [-] Task d85b3a48-19ed-40cc-9e1c-ef0258530be9 | ITER: 10 START
2019-07-13 11:40:18.262 22876 INFO rally.task.runner [-] Task d85b3a48-19ed-40cc-9e1c-ef0258530be9 | ITER: 6 START
2019-07-13 11:40:18.262 22886 RALLYDEBUG rally.task.runner [-] Starting a worker. concurrency: 1 args: {"network_create_args": {}, "port_create_args": {}, "ports_per_network": 5, "port_update_args": {"admin_state_up": false, "device_id": "dummy_id", "device_owner": "dummy_owner", "name": "_port_updated"}} times: 40 method_name: run timeout: 0 duration: None cls:
2019-07-13 11:40:18.264 22878 WARNING rally_openstack.scenarios.neutron.utils [-] Running this scenario without either the 'network' or 'existing_network' context is deprecated
2019-07-13 11:40:18.264 22882 WARNING rally_openstack.scenarios.neutron.utils [-] Running this scenario without either the 'network' or 'existing_network' context is deprecated
2019-07-13 11:40:18.264 22887 RALLYDEBUG rally.task.runner [-] Starting a worker. concurrency: 1 args: {"network_create_args": {}, "port_create_args": {}, "ports_per_network": 5, "port_update_args": {"admin_state_up": false, "device_id": "dummy_id", "device_owner": "dummy_owner", "name": "_port_updated"}} times: 40 method_name: run timeout: 0 duration: None cls:
2019-07-13 11:40:18.264 22876 INFO rally.task.runner [-] Task d85b3a48-19ed-40cc-9e1c-ef0258530be9 | ITER: 9 START
2019-07-13 11:40:18.265 22876 WARNING rally_openstack.scenarios.neutron.utils [-] Running this scenario without either the 'network' or 'existing_network' context is deprecated
2019-07-13 11:40:18.266 22875 INFO rally.task.runner [-] Task d85b3a48-19ed-40cc-9e1c-ef0258530be9 | ITER: 7 START
2019-07-13 11:40:18.266 22890 RALLYDEBUG rally.task.runner [-] Starting a worker. concurrency: 1 args: {"network_create_args": {}, "port_create_args": {}, "ports_per_network": 5, "port_update_args": {"admin_state_up": false, "device_id": "dummy_id", "device_owner": "dummy_owner", "name": "_port_updated"}} times: 40 method_name: run timeout: 0 duration: None cls:
2019-07-13 11:40:18.267 22886 INFO rally.task.runner [-] Task d85b3a48-19ed-40cc-9e1c-ef0258530be9 | ITER: 11 START
2019-07-13 11:40:18.267 22875 WARNING rally_openstack.scenarios.neutron.utils [-] Running this scenario without either the 'network' or 'existing_network' context is deprecated
2019-07-13 11:40:18.266 22876 WARNING rally_openstack.scenarios.neutron.utils [-] Running this scenario without either the 'network' or 'existing_network' context is deprecated
2019-07-13 11:40:18.268 22886 WARNING rally_openstack.scenarios.neutron.utils [-] Running this scenario without either the 'network' or 'existing_network' context is deprecated
2019-07-13 11:40:18.265 22873 WARNING rally_openstack.scenarios.neutron.utils [-] Running this scenario without either the 'network' or 'existing_network' context is deprecated
2019-07-13 11:40:18.271 22887 INFO rally.task.runner [-] Task d85b3a48-19ed-40cc-9e1c-ef0258530be9 | ITER: 12 START
2019-07-13 11:40:18.271 22874 INFO rally.task.runner [-] Task d85b3a48-19ed-40cc-9e1c-ef0258530be9 | ITER: 4 START
2019-07-13 11:40:18.271 22874 WARNING rally_openstack.scenarios.neutron.utils [-] Running this scenario without either the 'network' or 'existing_network' context is deprecated
2019-07-13 11:40:18.272 22887 WARNING rally_openstack.scenarios.neutron.utils [-] Running this scenario without either the 'network' or 'existing_network' context is deprecated
2019-07-13 11:40:18.274 22890 INFO rally.task.runner [-] Task d85b3a48-19ed-40cc-9e1c-ef0258530be9 | ITER: 13 START
2019-07-13 11:40:18.274 22897 RALLYDEBUG rally.task.runner [-] Starting a worker. concurrency: 1 args: {"network_create_args": {}, "port_create_args": {}, "ports_per_network": 5, "port_update_args": {"admin_state_up": false, "device_id": "dummy_id", "device_owner": "dummy_owner", "name": "_port_updated"}} times: 40 method_name: run timeout: 0 duration: None cls:
2019-07-13 11:40:18.275 22890 WARNING rally_openstack.scenarios.neutron.utils [-] Running this scenario without either the 'network' or 'existing_network' context is deprecated
2019-07-13 11:40:18.279 22897 INFO rally.task.runner [-] Task d85b3a48-19ed-40cc-9e1c-ef0258530be9 | ITER: 14 START
2019-07-13 11:40:18.280 22897 WARNING rally_openstack.scenarios.neutron.utils [-] Running this scenario without either the 'network' or 'existing_network' context is deprecated
2019-07-13 11:40:18.284 22905 RALLYDEBUG rally.task.runner [-] Starting a worker. concurrency: 1 args: {"network_create_args": {}, "port_create_args": {}, "ports_per_network": 5, "port_update_args": {"admin_state_up": false, "device_id": "dummy_id", "device_owner": "dummy_owner", "name": "_port_updated"}} times: 40 method_name: run timeout: 0 duration: None cls:
2019-07-13 11:40:18.287 22908 RALLYDEBUG rally.task.runner [-] Starting a worker. concurrency: 1 args: {"network_create_args": {}, "port_create_args": {}, "ports_per_network": 5, "port_update_args": {"admin_state_up": false, "device_id": "dummy_id", "device_owner": "dummy_owner", "name": "_port_updated"}} times: 40 method_name: run timeout: 0 duration: None cls:
2019-07-13 11:40:18.291 22905 INFO rally.task.runner [-] Task d85b3a48-19ed-40cc-9e1c-ef0258530be9 | ITER: 15 START
2019-07-13 11:40:18.292 22905 WARNING rally_openstack.scenarios.neutron.utils [-] Running this scenario without either the 'network' or 'existing_network' context is deprecated
2019-07-13 11:40:18.294 22908 INFO rally.task.runner [-] Task d85b3a48-19ed-40cc-9e1c-ef0258530be9 | ITER: 16 START
2019-07-13 11:40:18.294 22909 RALLYDEBUG rally.task.runner [-] Starting a worker. concurrency: 1 args: {"network_create_args": {}, "port_create_args": {}, "ports_per_network": 5, "port_update_args": {"admin_state_up": false, "device_id": "dummy_id", "device_owner": "dummy_owner", "name": "_port_updated"}} times: 40 method_name: run timeout: 0 duration: None cls:
2019-07-13 11:40:18.295 22908 WARNING rally_openstack.scenarios.neutron.utils [-] Running this scenario without either the 'network' or 'existing_network' context is deprecated
2019-07-13 11:40:18.301 22909 INFO rally.task.runner [-] Task d85b3a48-19ed-40cc-9e1c-ef0258530be9 | ITER: 17 START
2019-07-13 11:40:18.302 22909 WARNING rally_openstack.scenarios.neutron.utils [-] Running this scenario without either the 'network' or 'existing_network' context is deprecated
2019-07-13 11:40:18.308 22914 RALLYDEBUG rally.task.runner [-] Starting a worker. concurrency: 1 args: {"network_create_args": {}, "port_create_args": {}, "ports_per_network": 5, "port_update_args": {"admin_state_up": false, "device_id": "dummy_id", "device_owner": "dummy_owner", "name": "_port_updated"}} times: 40 method_name: run timeout: 0 duration: None cls:
2019-07-13 11:40:18.313 22917 RALLYDEBUG rally.task.runner [-] Starting a worker. concurrency: 1 args: {"network_create_args": {}, "port_create_args": {}, "ports_per_network": 5, "port_update_args": {"admin_state_up": false, "device_id": "dummy_id", "device_owner": "dummy_owner", "name": "_port_updated"}} times: 40 method_name: run timeout: 0 duration: None cls:
2019-07-13 11:40:18.314 22914 INFO rally.task.runner [-] Task d85b3a48-19ed-40cc-9e1c-ef0258530be9 | ITER: 18 START
2019-07-13 11:40:18.315 22914 WARNING rally_openstack.scenarios.neutron.utils [-] Running this scenario without either the 'network' or 'existing_network' context is deprecated
2019-07-13 11:40:18.317 22917 INFO rally.task.runner [-] Task d85b3a48-19ed-40cc-9e1c-ef0258530be9 | ITER: 19 START
2019-07-13 11:40:18.317 22918 RALLYDEBUG rally.task.runner [-] Starting a worker. concurrency: 1 args: {"network_create_args": {}, "port_create_args": {}, "ports_per_network": 5, "port_update_args": {"admin_state_up": false, "device_id": "dummy_id", "device_owner": "dummy_owner", "name": "_port_updated"}} times: 40 method_name: run timeout: 0 duration: None cls:
2019-07-13 11:40:18.318 22917 WARNING rally_openstack.scenarios.neutron.utils [-] Running this scenario without either the 'network' or 'existing_network' context is deprecated
2019-07-13 11:40:18.322 22918 INFO rally.task.runner [-] Task d85b3a48-19ed-40cc-9e1c-ef0258530be9 | ITER: 20 START
2019-07-13 11:40:18.323 22918 WARNING rally_openstack.scenarios.neutron.utils [-] Running this scenario without either the 'network' or 'existing_network' context is deprecated
2019-07-13 11:40:33.889 22874 INFO rally.task.runner [-] Task d85b3a48-19ed-40cc-9e1c-ef0258530be9 | ITER: 2 END: OK
2019-07-13 11:40:33.893 22874 INFO rally.task.runner [-] Task d85b3a48-19ed-40cc-9e1c-ef0258530be9 | ITER: 21 START
2019-07-13 11:40:33.894 22874 WARNING rally_openstack.scenarios.neutron.utils [-] Running this scenario without either the 'network' or 'existing_network' context is deprecated
2019-07-13 11:40:34.027 22909 INFO rally.task.runner [-] Task d85b3a48-19ed-40cc-9e1c-ef0258530be9 | ITER: 17 END: OK
2019-07-13 11:40:34.032 22909 INFO rally.task.runner [-] Task d85b3a48-19ed-40cc-9e1c-ef0258530be9 | ITER: 22 START
2019-07-13 11:40:34.032 22909 WARNING rally_openstack.scenarios.neutron.utils [-] Running this scenario without either the 'network' or 'existing_network' context is deprecated
2019-07-13 11:40:35.539 22876 INFO rally.task.runner [-] Task d85b3a48-19ed-40cc-9e1c-ef0258530be9 | ITER: 6 END: OK
2019-07-13 11:40:35.544 22876 INFO rally.task.runner [-] Task d85b3a48-19ed-40cc-9e1c-ef0258530be9 | ITER: 23 START
2019-07-13 11:40:35.545 22876 WARNING rally_openstack.scenarios.neutron.utils [-] Running this scenario without either the 'network' or 'existing_network' context is deprecated
2019-07-13 11:40:36.014 22890 INFO rally.task.runner [-] Task d85b3a48-19ed-40cc-9e1c-ef0258530be9 | ITER: 13 END: OK
2019-07-13 11:40:36.018 22890 INFO rally.task.runner [-] Task d85b3a48-19ed-40cc-9e1c-ef0258530be9 | ITER: 24 START
2019-07-13 11:40:36.019 22890 WARNING rally_openstack.scenarios.neutron.utils [-] Running this scenario without either the 'network' or 'existing_network' context is deprecated
2019-07-13 11:40:36.560 22873 INFO rally.task.runner [-] Task d85b3a48-19ed-40cc-9e1c-ef0258530be9 | ITER: 3 END: OK
2019-07-13 11:40:36.564 22873 INFO rally.task.runner [-] Task d85b3a48-19ed-40cc-9e1c-ef0258530be9 | ITER: 25 START
2019-07-13 11:40:36.565 22873 WARNING rally_openstack.scenarios.neutron.utils [-] Running this scenario without either the 'network' or 'existing_network' context is deprecated
2019-07-13 11:40:36.632 22886 INFO rally.task.runner [-] Task d85b3a48-19ed-40cc-9e1c-ef0258530be9 | ITER: 11 END: OK
2019-07-13 11:40:36.636 22886 INFO rally.task.runner [-] Task d85b3a48-19ed-40cc-9e1c-ef0258530be9 | ITER: 26 START
2019-07-13 11:40:36.637 22886 WARNING rally_openstack.scenarios.neutron.utils [-] Running this scenario without either the 'network' or 'existing_network' context is deprecated
2019-07-13 11:40:36.757 22897 INFO rally.task.runner [-] Task d85b3a48-19ed-40cc-9e1c-ef0258530be9 | ITER: 14 END: OK
2019-07-13 11:40:36.761 22897 INFO rally.task.runner [-] Task d85b3a48-19ed-40cc-9e1c-ef0258530be9 | ITER: 27 START
2019-07-13 11:40:36.762 22897 WARNING rally_openstack.scenarios.neutron.utils [-] Running this scenario without either the 'network' or 'existing_network' context is deprecated
2019-07-13 11:40:37.231 22874 INFO rally.task.runner [-] Task d85b3a48-19ed-40cc-9e1c-ef0258530be9 | ITER: 4 END: OK
2019-07-13 11:40:37.235 22874 INFO rally.task.runner [-] Task d85b3a48-19ed-40cc-9e1c-ef0258530be9 | ITER: 28 START
2019-07-13 11:40:37.236 22874 WARNING rally_openstack.scenarios.neutron.utils [-] Running this scenario without either the 'network' or 'existing_network' context is deprecated
2019-07-13 11:40:37.273 22917 INFO rally.task.runner [-] Task d85b3a48-19ed-40cc-9e1c-ef0258530be9 | ITER: 19 END: OK
2019-07-13 11:40:37.278 22917 INFO rally.task.runner [-] Task d85b3a48-19ed-40cc-9e1c-ef0258530be9 | ITER: 29 START
2019-07-13 11:40:37.279 22917 WARNING rally_openstack.scenarios.neutron.utils [-] Running this scenario without either the 'network' or 'existing_network' context is deprecated
2019-07-13 11:40:37.625 22918 INFO rally.task.runner [-] Task d85b3a48-19ed-40cc-9e1c-ef0258530be9 | ITER: 20 END: OK
2019-07-13 11:40:37.630 22918 INFO rally.task.runner [-] Task d85b3a48-19ed-40cc-9e1c-ef0258530be9 | ITER: 30 START
2019-07-13 11:40:37.631 22918 WARNING rally_openstack.scenarios.neutron.utils [-] Running this scenario without either the 'network' or 'existing_network' context is deprecated
2019-07-13 11:40:37.872 22887 INFO rally.task.runner [-] Task d85b3a48-19ed-40cc-9e1c-ef0258530be9 | ITER: 12 END: OK
2019-07-13 11:40:37.877 22887 INFO rally.task.runner [-] Task d85b3a48-19ed-40cc-9e1c-ef0258530be9 | ITER: 31 START
2019-07-13 11:40:37.878 22887 WARNING rally_openstack.scenarios.neutron.utils [-] Running this scenario without either the 'network' or 'existing_network' context is deprecated
2019-07-13 11:40:38.117 22908 INFO rally.task.runner [-] Task d85b3a48-19ed-40cc-9e1c-ef0258530be9 | ITER: 16 END: OK
2019-07-13 11:40:38.121 22908 INFO rally.task.runner [-] Task d85b3a48-19ed-40cc-9e1c-ef0258530be9 | ITER: 32 START
2019-07-13 11:40:38.122 22908 WARNING rally_openstack.scenarios.neutron.utils [-] Running this scenario without either the 'network' or 'existing_network' context is deprecated
2019-07-13 11:40:38.297 22905 INFO rally.task.runner [-] Task d85b3a48-19ed-40cc-9e1c-ef0258530be9 | ITER: 15 END: OK
2019-07-13 11:40:38.302 22905 INFO rally.task.runner [-] Task d85b3a48-19ed-40cc-9e1c-ef0258530be9 | ITER: 33 START
2019-07-13 11:40:38.303 22905 WARNING rally_openstack.scenarios.neutron.utils [-] Running this scenario without either the 'network' or 'existing_network' context is deprecated
2019-07-13 11:40:38.318 22875 INFO rally.task.runner [-] Task d85b3a48-19ed-40cc-9e1c-ef0258530be9 | ITER: 5 END: OK
2019-07-13 11:40:38.322 22875 INFO rally.task.runner [-] Task d85b3a48-19ed-40cc-9e1c-ef0258530be9 | ITER: 34 START
2019-07-13 11:40:38.323 22875 WARNING rally_openstack.scenarios.neutron.utils [-] Running this scenario without either the 'network' or 'existing_network' context is deprecated
2019-07-13 11:40:38.891 22914 INFO rally.task.runner [-] Task d85b3a48-19ed-40cc-9e1c-ef0258530be9 | ITER: 18 END: OK
2019-07-13 11:40:38.895 22914 INFO rally.task.runner [-] Task d85b3a48-19ed-40cc-9e1c-ef0258530be9 | ITER: 35 START
2019-07-13 11:40:38.896 22914 WARNING rally_openstack.scenarios.neutron.utils [-] Running this scenario without either the 'network' or 'existing_network' context is deprecated
2019-07-13 11:40:39.256 22875 INFO rally.task.runner [-] Task d85b3a48-19ed-40cc-9e1c-ef0258530be9 | ITER: 7 END: OK
2019-07-13 11:40:39.261 22875 INFO rally.task.runner [-] Task d85b3a48-19ed-40cc-9e1c-ef0258530be9 | ITER: 36 START
2019-07-13 11:40:39.261 22875 WARNING rally_openstack.scenarios.neutron.utils [-] Running this scenario without either the 'network' or 'existing_network' context is deprecated
2019-07-13 11:40:39.457 22882 INFO rally.task.runner [-] Task d85b3a48-19ed-40cc-9e1c-ef0258530be9 | ITER: 10 END: OK
2019-07-13 11:40:39.461 22882 INFO rally.task.runner [-] Task d85b3a48-19ed-40cc-9e1c-ef0258530be9 | ITER: 37 START
2019-07-13 11:40:39.462 22882 WARNING rally_openstack.scenarios.neutron.utils [-] Running this scenario without either the 'network' or 'existing_network' context is deprecated
2019-07-13 11:40:40.219 22878 INFO rally.task.runner [-] Task d85b3a48-19ed-40cc-9e1c-ef0258530be9 | ITER: 8 END: OK
2019-07-13 11:40:40.224 22878 INFO rally.task.runner [-] Task d85b3a48-19ed-40cc-9e1c-ef0258530be9 | ITER: 38 START
2019-07-13 11:40:40.225 22878 WARNING rally_openstack.scenarios.neutron.utils [-] Running this scenario without either the 'network' or 'existing_network' context is deprecated
2019-07-13 11:40:40.402 22876 INFO rally.task.runner [-] Task d85b3a48-19ed-40cc-9e1c-ef0258530be9 | ITER: 9 END: OK
2019-07-13 11:40:40.406 22876 INFO rally.task.runner [-] Task d85b3a48-19ed-40cc-9e1c-ef0258530be9 | ITER: 39 START
2019-07-13 11:40:40.406 22876 WARNING rally_openstack.scenarios.neutron.utils [-] Running this scenario without either the 'network' or 'existing_network' context is deprecated
2019-07-13 11:40:40.788 22873 INFO rally.task.runner [-] Task d85b3a48-19ed-40cc-9e1c-ef0258530be9 | ITER: 1 END: OK
2019-07-13 11:40:40.792 22873 INFO rally.task.runner [-] Task d85b3a48-19ed-40cc-9e1c-ef0258530be9 | ITER: 40 START
2019-07-13 11:40:40.793 22873 WARNING rally_openstack.scenarios.neutron.utils [-] Running this scenario without either the 'network' or 'existing_network' context is deprecated
2019-07-13 11:40:52.486 22909 INFO rally.task.runner [-] Task d85b3a48-19ed-40cc-9e1c-ef0258530be9 | ITER: 22 END: OK
2019-07-13 11:40:52.676 22874 INFO rally.task.runner [-] Task d85b3a48-19ed-40cc-9e1c-ef0258530be9 | ITER: 21 END: OK
2019-07-13 11:40:53.105 22890 INFO rally.task.runner [-] Task d85b3a48-19ed-40cc-9e1c-ef0258530be9 | ITER: 24 END: OK
2019-07-13 11:40:54.499 22908 INFO rally.task.runner [-] Task d85b3a48-19ed-40cc-9e1c-ef0258530be9 | ITER: 32 END: OK
2019-07-13 11:40:54.569 22873 INFO rally.task.runner [-] Task d85b3a48-19ed-40cc-9e1c-ef0258530be9 | ITER: 25 END: OK
2019-07-13 11:40:54.907 22886 INFO rally.task.runner [-] Task d85b3a48-19ed-40cc-9e1c-ef0258530be9 | ITER: 26 END: OK
2019-07-13 11:40:54.924 22876 INFO rally.task.runner [-] Task d85b3a48-19ed-40cc-9e1c-ef0258530be9 | ITER: 23 END: OK
2019-07-13 11:40:55.068 22875 INFO rally.task.runner [-] Task d85b3a48-19ed-40cc-9e1c-ef0258530be9 | ITER: 34 END: OK
2019-07-13 11:40:55.679 22897 INFO rally.task.runner [-] Task d85b3a48-19ed-40cc-9e1c-ef0258530be9 | ITER: 27 END: OK
2019-07-13 11:40:55.699 22873 INFO rally.task.runner [-] Task d85b3a48-19ed-40cc-9e1c-ef0258530be9 | ITER: 40 END: OK
2019-07-13 11:40:55.739 22887 INFO rally.task.runner [-] Task d85b3a48-19ed-40cc-9e1c-ef0258530be9 | ITER: 31 END: OK
2019-07-13 11:40:55.806 22914 INFO rally.task.runner [-] Task d85b3a48-19ed-40cc-9e1c-ef0258530be9 | ITER: 35 END: OK
2019-07-13 11:40:55.887 22875 INFO rally.task.runner [-] Task d85b3a48-19ed-40cc-9e1c-ef0258530be9 | ITER: 36 END: OK
2019-07-13 11:40:56.302 22874 INFO rally.task.runner [-] Task d85b3a48-19ed-40cc-9e1c-ef0258530be9 | ITER: 28 END: OK
2019-07-13 11:40:56.665 22917 INFO rally.task.runner [-] Task d85b3a48-19ed-40cc-9e1c-ef0258530be9 | ITER: 29 END: OK
2019-07-13 11:40:56.811 22905 INFO rally.task.runner [-] Task d85b3a48-19ed-40cc-9e1c-ef0258530be9 | ITER: 33 END: OK
2019-07-13 11:40:56.856 22878 INFO rally.task.runner [-] Task d85b3a48-19ed-40cc-9e1c-ef0258530be9 | ITER: 38 END: OK
2019-07-13 11:40:57.282 22882 INFO rally.task.runner [-] Task d85b3a48-19ed-40cc-9e1c-ef0258530be9 | ITER: 37 END: OK
2019-07-13 11:40:57.441 22918 INFO rally.task.runner [-] Task d85b3a48-19ed-40cc-9e1c-ef0258530be9 | ITER: 30 END: OK
2019-07-13 11:40:58.476 22876 INFO rally.task.runner [-] Task d85b3a48-19ed-40cc-9e1c-ef0258530be9 | ITER: 39 END: OK
2019-07-13 11:40:58.500 18997 INFO rally.task.context [-] Task d85b3a48-19ed-40cc-9e1c-ef0258530be9 | Context cleanup@openstack cleanup() started
2019-07-13 11:40:58.502 18997 RALLYDEBUG rally_openstack.cleanup.manager [-] Cleaning up neutron vip objects
2019-07-13 11:40:59.249 18997 RALLYDEBUG rally_openstack.cleanup.manager [-] Cleaning up neutron health_monitor objects
2019-07-13 11:40:59.895 18997 RALLYDEBUG rally_openstack.cleanup.manager [-] Cleaning up neutron pool objects
2019-07-13 11:41:00.540 18997 RALLYDEBUG rally_openstack.cleanup.manager [-] Cleaning up neutron loadbalancer objects
2019-07-13 11:41:01.263 18997 RALLYDEBUG rally_openstack.cleanup.manager [-] Cleaning up neutron floatingip objects
2019-07-13 11:41:01.949 18997 RALLYDEBUG rally_openstack.cleanup.manager [-] Cleaning up neutron port objects
2019-07-13 11:41:03.220 18997 RALLYDEBUG rally_openstack.cleanup.manager [-] Deleting neutron.port object s_rally_df4db980_Y0NBfwnn (000bf37d-8ba2-4316-96a3-2f3b1cfa0b1a)
2019-07-13 11:41:03.233 18997 RALLYDEBUG rally_openstack.cleanup.manager [-] Deleting neutron.port object s_rally_df4db980_oLKX6mOv (081da7ad-eab3-42a0-a5ec-e2d7e911e2b9)
2019-07-13 11:41:03.234 18997 RALLYDEBUG rally_openstack.cleanup.manager [-] Deleting neutron.port object s_rally_df4db980_95ZeYwwj (0491694a-4950-4405-8c68-16ec98295202)
2019-07-13 11:41:03.234 18997 RALLYDEBUG rally_openstack.cleanup.manager [-] Deleting neutron.port object s_rally_df4db980_1ELEu8tX (024c0fd1-b34d-48cf-b945-5a6967d2eb47)
2019-07-13 11:41:03.244 18997 RALLYDEBUG rally_openstack.cleanup.manager [-] Deleting neutron.port object s_rally_df4db980_oVmZ3X9O (0841109a-d166-40cd-ad20-9b639b622b0a)
2019-07-13 11:41:03.247 18997 RALLYDEBUG rally_openstack.cleanup.manager [-] Deleting neutron.port object s_rally_df4db980_cFzRTctv (082b0c5f-7ce2-48c7-ac5a-4d1b145f3074)
2019-07-13 11:41:03.248 18997 RALLYDEBUG rally_openstack.cleanup.manager [-] Deleting neutron.port object s_rally_df4db980_bCeypCZM (0876bf0d-ee70-40a3-953e-d304f448271c)
2019-07-13 11:41:03.265 18997 RALLYDEBUG rally_openstack.cleanup.manager [-] Deleting neutron.port object s_rally_df4db980_JOrLKdqv (013c0e7e-8455-4899-b6b4-786822f95171)
2019-07-13 11:41:03.266 18997 RALLYDEBUG rally_openstack.cleanup.manager [-] Deleting neutron.port object s_rally_df4db980_AFp5dmD3 (0e379428-c19a-4f28-bcca-9bb83c48c9aa)
2019-07-13 11:41:03.277 18997 RALLYDEBUG rally_openstack.cleanup.manager [-] Deleting neutron.port object s_rally_df4db980_qF8hqfKv (112b5f3a-6935-4163-ab45-b9600a2d803f)
2019-07-13 11:41:03.282 18997 RALLYDEBUG rally_openstack.cleanup.manager [-] Deleting neutron.port object s_rally_df4db980_STwuK5wA (0e10aa3f-6928-4481-acb0-b420602b6bf6)
2019-07-13 11:41:03.283 18997 RALLYDEBUG rally_openstack.cleanup.manager [-] Deleting neutron.port object s_rally_df4db980_tTDTb0R2 (1140d615-85f9-463c-b022-6906639ce23d)
2019-07-13 11:41:03.296 18997 RALLYDEBUG rally_openstack.cleanup.manager [-] Deleting neutron.port object s_rally_df4db980_VfxWuQdN (1185d0e6-524b-42ab-aeb6-4ef4f45ac334)
2019-07-13 11:41:03.297 18997 RALLYDEBUG rally_openstack.cleanup.manager [-] Deleting neutron.port object s_rally_df4db980_oh67fz9e (12dac6a3-6bd2-40fb-8fe8-3d2bc807205c)
2019-07-13 11:41:03.310 18997 RALLYDEBUG rally_openstack.cleanup.manager [-] Deleting neutron.port object s_rally_df4db980_1PINlDTm (12de0dc9-676d-4265-9e78-16bcb032d690)
2019-07-13 11:41:03.321 18997 RALLYDEBUG rally_openstack.cleanup.manager [-] Deleting neutron.port object s_rally_df4db980_T6V1AiAd (1811c003-2a44-4e49-a8c9-a8d11a6360aa)
2019-07-13 11:41:03.326 18997 RALLYDEBUG rally_openstack.cleanup.manager [-] Deleting neutron.port object s_rally_df4db980_eu0GchXc (16bf4ca4-d3de-4792-8a62-a7ebc2f53fff)
2019-07-13 11:41:03.342 18997 RALLYDEBUG rally_openstack.cleanup.manager [-] Deleting neutron.port object s_rally_df4db980_ao9P9q71 (18d2ee8c-4f34-408c-8844-9c4afee0501e)
2019-07-13 11:41:03.350 18997 RALLYDEBUG rally_openstack.cleanup.manager [-] Deleting neutron.port object s_rally_df4db980_gQAPtwal (1328bbbf-b1b3-4ed8-aed9-72b579684cc1)
2019-07-13 11:41:03.351 18997 RALLYDEBUG rally_openstack.cleanup.manager [-] Deleting neutron.port object s_rally_df4db980_fApK8PUP (189229fc-5c81-4105-8dfd-67078d9e6894)
2019-07-13 11:41:05.866 18997 RALLYDEBUG rally_openstack.cleanup.manager [-] Deleting neutron.port object s_rally_df4db980_CyGNkjOh (19cb6324-5e1c-4911-a923-ad7f22bdafe4)
2019-07-13 11:41:05.999 18997 RALLYDEBUG rally_openstack.cleanup.manager [-] Deleting neutron.port object s_rally_df4db980_VHAzA1nf (1acef3aa-fb8b-443a-a710-28c3739cfbbb)
2019-07-13 11:41:06.028 18997 RALLYDEBUG rally_openstack.cleanup.manager [-] Deleting neutron.port object s_rally_df4db980_kcBGqbeM (1b9f08b4-fa15-4051-b7ac-ad3e29d0ef1a)
2019-07-13 11:41:06.031 18997 RALLYDEBUG rally_openstack.cleanup.manager [-] Deleting neutron.port object s_rally_df4db980_zCE4dqER (1b3a2d55-6084-4ba7-9f24-c367d40b962f)
2019-07-13 11:41:06.045 18997 RALLYDEBUG rally_openstack.cleanup.manager [-] Deleting neutron.port object s_rally_df4db980_SitO46Xs (1bd71351-b98d-43a3-a74b-531b675ab461)
2019-07-13 11:41:06.072 18997 RALLYDEBUG rally_openstack.cleanup.manager [-] Deleting neutron.port object s_rally_df4db980_dqQHoIfg (1d33cc2f-a160-45e6-a02b-1772ab17a29b)
2019-07-13 11:41:06.156 18997 RALLYDEBUG rally_openstack.cleanup.manager [-] Deleting neutron.port object s_rally_df4db980_huHFMFr8 (1da9fd1b-7447-4f59-b279-c71ae6723aed)
2019-07-13 11:41:06.175 18997 RALLYDEBUG rally_openstack.cleanup.manager [-] Deleting neutron.port object s_rally_df4db980_7fimdyfk (1de7dbf7-d6b9-44e4-90b1-af843020fe81)
2019-07-13 11:41:06.196 18997 RALLYDEBUG rally_openstack.cleanup.manager [-] Deleting neutron.port object s_rally_df4db980_Wk4Opvb5 (1f57efee-7df5-4b1c-aace-1c8de1e0282d)
2019-07-13 11:41:06.368 18997 RALLYDEBUG rally_openstack.cleanup.manager [-] Deleting neutron.port object s_rally_df4db980_4CvcYMbJ (1f693d6a-d913-45a3-b629-eb5d1a57a064)
2019-07-13 11:41:06.419 18997 RALLYDEBUG rally_openstack.cleanup.manager [-] Deleting neutron.port object s_rally_df4db980_BnFV3iNr (20242146-ca9f-4b60-87e3-27cf9ba23524)
2019-07-13 11:41:06.440 18997 RALLYDEBUG rally_openstack.cleanup.manager [-] Deleting neutron.port object s_rally_df4db980_Z8AP7Aj2 (2572e948-9f61-43b8-afb0-184170788a5d)
2019-07-13 11:41:06.587 18997 RALLYDEBUG rally_openstack.cleanup.manager [-] Deleting neutron.port object s_rally_df4db980_RE7uDmmq (279bd88c-4e67-4ca6-8d07-a154642ca392)
2019-07-13 11:41:06.715 18997 RALLYDEBUG rally_openstack.cleanup.manager [-] Deleting neutron.port object s_rally_df4db980_oAkNCVBt (2cd2ddde-6f7a-4695-985e-2ff2a6fc288f)
2019-07-13 11:41:06.737 18997 RALLYDEBUG rally_openstack.cleanup.manager [-] Deleting neutron.port object s_rally_df4db980_5oICXs9O (2d31d04f-dabd-45bd-a0ea-64b574fd72f9)
2019-07-13 11:41:06.750 18997 RALLYDEBUG rally_openstack.cleanup.manager [-] Deleting neutron.port object s_rally_df4db980_slqDr0un (2d324beb-6ab3-435d-bfff-06b5593f1220)
2019-07-13 11:41:06.781 18997 RALLYDEBUG rally_openstack.cleanup.manager [-] Deleting neutron.port object s_rally_df4db980_Q0b6dKjG (2e51cf72-b7df-4bb7-9873-9e2b8cf5a32d)
2019-07-13 11:41:07.327 18997 RALLYDEBUG rally_openstack.cleanup.manager [-] Deleting neutron.port object s_rally_df4db980_pFt7EtUz (2eb85bd6-749d-4af9-b20e-3a70d011b53e)
2019-07-13 11:41:07.384 18997 RALLYDEBUG rally_openstack.cleanup.manager [-] Deleting neutron.port object s_rally_df4db980_cRI6g97a (2feae3d1-c6fb-4ff4-8960-b8f818607d28)
2019-07-13 11:41:07.401 18997 RALLYDEBUG rally_openstack.cleanup.manager [-] Deleting neutron.port object s_rally_df4db980_TkkzyKOQ (31e7d770-a3e7-4338-848e-e9dbcfc774b9)
2019-07-13 11:41:08.264 18997 RALLYDEBUG rally_openstack.cleanup.manager [-] Deleting neutron.port object s_rally_df4db980_mrpbcuSH (32e63ed8-1c94-4d00-b759-60491f0d7f4e)
2019-07-13 11:41:08.388 18997 RALLYDEBUG rally_openstack.cleanup.manager [-] Deleting neutron.port object s_rally_df4db980_I54fZoQB (330daa7d-d4ce-4b49-8fca-021b803955cb)
2019-07-13 11:41:08.516 18997 RALLYDEBUG rally_openstack.cleanup.manager [-] Deleting neutron.port object s_rally_df4db980_AMTeUj8G (346aef51-49ff-4e32-b08b-f52575716ae7)
2019-07-13 11:41:08.731 18997 RALLYDEBUG rally_openstack.cleanup.manager [-] Deleting neutron.port object s_rally_df4db980_uhHbQOgQ (3a5fe7c1-92cd-442e-b834-969c1628c535)
2019-07-13 11:41:08.753 18997 RALLYDEBUG rally_openstack.cleanup.manager [-] Deleting neutron.port object s_rally_df4db980_neO5Aman (3a6e9d01-510f-4f98-91b6-a1543006036d)
2019-07-13 11:41:08.777 18997 RALLYDEBUG rally_openstack.cleanup.manager [-] Deleting neutron.port object s_rally_df4db980_Olhugcru (3ac531c0-33f9-4ad1-830f-7df99eb5ff87)
2019-07-13 11:41:08.866 18997 RALLYDEBUG rally_openstack.cleanup.manager [-] Deleting neutron.port object s_rally_df4db980_L8NdgTEv (3b9fbe3f-4dc7-4a33-83eb-6ef4aa2daa6e)
2019-07-13 11:41:08.873 18997 RALLYDEBUG rally_openstack.cleanup.manager [-] Deleting neutron.port object s_rally_df4db980_0aUoE427 (3bd3f43e-85c8-4b4a-bff6-c420179463b6)
2019-07-13 11:41:08.920 18997 RALLYDEBUG rally_openstack.cleanup.manager [-] Deleting neutron.port object s_rally_df4db980_V1cPSOYR (425209c7-7dca-4552-9a0f-9462e1b65222)
2019-07-13 11:41:09.015 18997 RALLYDEBUG rally_openstack.cleanup.manager [-] Deleting neutron.port object s_rally_df4db980_1RbXWn3j (42d25a5e-689b-42a8-89e9-7f185f42fba0)
2019-07-13 11:41:09.092 18997 RALLYDEBUG rally_openstack.cleanup.manager [-] Deleting neutron.port object s_rally_df4db980_XXI2cOWR (430bb65f-2345-4bdf-a0c5-5507636954aa)
2019-07-13 11:41:09.110 18997 RALLYDEBUG rally_openstack.cleanup.manager [-] Deleting neutron.port object s_rally_df4db980_uDBgaYaN (436d08c5-edf6-4491-807d-9561c9f2fd67)
2019-07-13 11:41:09.147 18997 RALLYDEBUG rally_openstack.cleanup.manager [-] Deleting neutron.port object s_rally_df4db980_609JDWQ1 (44ecf8a5-041f-4486-ab18-14b966c64b13)
2019-07-13 11:41:09.226 18997 RALLYDEBUG rally_openstack.cleanup.manager [-] Deleting neutron.port object s_rally_df4db980_XdHqOCXQ (4e9d6319-0aab-4e07-ab2e-5a021e248785)
2019-07-13 11:41:09.336 18997 RALLYDEBUG rally_openstack.cleanup.manager [-] Deleting neutron.port object s_rally_df4db980_Nm4pVBAD (4fac859d-67df-4462-81db-8a990c21f377)
2019-07-13 11:41:09.456 18997 RALLYDEBUG rally_openstack.cleanup.manager [-] Deleting neutron.port object s_rally_df4db980_N6iSBbZm (4fcdc13f-a876-481c-876d-0ed6afb70783)
2019-07-13 11:41:09.475 18997 RALLYDEBUG rally_openstack.cleanup.manager [-] Deleting neutron.port object s_rally_df4db980_AL5nOyTI (5096a744-5a46-4675-a813-63b7d9a43e66)
2019-07-13 11:41:09.719 18997 RALLYDEBUG rally_openstack.cleanup.manager [-] Deleting neutron.port object s_rally_df4db980_3uI9T6XV (50ebb687-d5fa-4213-b4ce-aa0aa1b08b2d)
2019-07-13 11:41:09.801 18997 RALLYDEBUG rally_openstack.cleanup.manager [-] Deleting neutron.port object s_rally_df4db980_gAI6JIMn (5161c2cf-6288-4677-90e4-dc438091ccd7)
2019-07-13 11:41:09.936 18997 RALLYDEBUG rally_openstack.cleanup.manager [-] Deleting neutron.port object s_rally_df4db980_mxNtdYbC (51b9e8e5-4d21-4065-8f91-6724fe361c99)
2019-07-13 11:41:10.866 18997 RALLYDEBUG rally_openstack.cleanup.manager [-] Deleting neutron.port object s_rally_df4db980_GLCUurpo (525f3c41-f2e2-4bb9-bbcb-b39c90de0ec9)
2019-07-13 11:41:10.933 18997 RALLYDEBUG rally_openstack.cleanup.manager [-] Deleting neutron.port object s_rally_df4db980_G8vQXdbE (525ff663-0fa9-413e-a516-31960aed6d3d)
2019-07-13 11:41:11.015 18997 RALLYDEBUG rally_openstack.cleanup.manager [-] Deleting neutron.port object s_rally_df4db980_fUYwUjRm (539ea40c-19bf-40dc-a9b4-fea456c82a7a)
2019-07-13 11:41:11.346 18997 RALLYDEBUG rally_openstack.cleanup.manager [-] Deleting neutron.port object s_rally_df4db980_XvUFb6Yl (53e92ddd-a3f1-4bd8-89ec-7cb071b1b36c)
2019-07-13 11:41:11.383 18997 RALLYDEBUG rally_openstack.cleanup.manager [-] Deleting neutron.port object s_rally_df4db980_VaxAHnqQ (565c13f7-2e5e-4131-8d4b-6e322c810a65)
2019-07-13 11:41:11.420 18997 RALLYDEBUG rally_openstack.cleanup.manager [-] Deleting neutron.port object s_rally_df4db980_WQvOHn1W (5b07947a-30b7-4046-94bc-66ac4eb1f249)
2019-07-13 11:41:11.689 18997 RALLYDEBUG rally_openstack.cleanup.manager [-] Deleting neutron.port object s_rally_df4db980_r5TVulpT (5ccd3d0d-94c9-467d-94c9-021e279e6542)
2019-07-13 11:41:11.807 18997 RALLYDEBUG rally_openstack.cleanup.manager [-] Deleting neutron.port object s_rally_df4db980_l61Kc4xS (5de84223-c5f7-4e59-af3a-c6619674817c)
2019-07-13 11:41:11.807 18997 RALLYDEBUG rally_openstack.cleanup.manager [-] Deleting neutron.port object s_rally_df4db980_eeyG61jI (607effeb-ad2f-4d85-9056-6c2928e363ce)
