2019-07-13 10:04:29.958 3842 INFO rally.task.runner [-] Task b17446e5-8dac-4a68-8784-fb3c87e5bd50 | ITER: 8 END: OK
2019-07-13 10:04:29.977 3845 INFO rally.task.runner [-] Task b17446e5-8dac-4a68-8784-fb3c87e5bd50 | ITER: 6 END: OK
2019-07-13 10:04:30.456 3844 INFO rally.task.runner [-] Task b17446e5-8dac-4a68-8784-fb3c87e5bd50 | ITER: 9 END: OK
2019-07-13 10:04:30.679 3843 INFO rally.task.runner [-] Task b17446e5-8dac-4a68-8784-fb3c87e5bd50 | ITER: 10 END: OK
2019-07-13 10:04:30.706 1842 INFO rally.task.context [-] Task b17446e5-8dac-4a68-8784-fb3c87e5bd50 | Context volumes@openstack cleanup() started
2019-07-13 10:04:30.707 1842 RALLYDEBUG rally_openstack.cleanup.manager [-] Cleaning up cinder volumes objects
2019-07-13 10:04:33.031 1842 RALLYDEBUG rally_openstack.cleanup.manager [-] Deleting cinder.volumes object c_rally_6fec4b4d_X74oGG4X (e9ef6ebf-9316-4d21-a902-e7d4407240b8)
2019-07-13 10:04:33.036 1842 RALLYDEBUG rally_openstack.cleanup.manager [-] Deleting cinder.volumes object c_rally_6fec4b4d_ysiX6URG (1b367a2c-d535-48a3-a5b9-d1cac7325ab5)
2019-07-13 10:04:33.036 1842 RALLYDEBUG rally_openstack.cleanup.manager [-] Deleting cinder.volumes object c_rally_6fec4b4d_yOLkIr3E (a1afc8f7-42bf-44a9-88c8-faaf34a71ef4)
2019-07-13 10:04:33.036 1842 RALLYDEBUG rally_openstack.cleanup.manager [-] Deleting cinder.volumes object c_rally_6fec4b4d_l2YmY5SA (2dc503bd-34cb-4fed-9880-a209acc20857)
2019-07-13 10:04:33.039 1842 RALLYDEBUG rally_openstack.cleanup.manager [-] Deleting cinder.volumes object c_rally_6fec4b4d_vVanuka0 (e31a1f36-bd42-4e96-914c-a51d6ec17ec5)
2019-07-13 10:04:33.040 1842 RALLYDEBUG rally_openstack.cleanup.manager [-] Deleting cinder.volumes object c_rally_6fec4b4d_by2Wae2h (08de3af4-3120-46cb-90e3-407a7a3f509e)
2019-07-13 10:04:33.041 1842 RALLYDEBUG rally_openstack.cleanup.manager [-] Deleting cinder.volumes object c_rally_6fec4b4d_Eyy3UKlN (6519dd89-8cab-450b-af4b-84e537f1c75c)
2019-07-13 10:04:33.043 1842 RALLYDEBUG rally_openstack.cleanup.manager [-] Deleting cinder.volumes object c_rally_6fec4b4d_AxXbrB2Z (6c9f32e5-d469-4e23-a942-565ff235fa6f)
2019-07-13 10:04:33.051 1842 RALLYDEBUG rally_openstack.cleanup.manager [-] Deleting cinder.volumes object c_rally_6fec4b4d_IOucVrgm (2cc712aa-25b9-48c7-bc57-17070b6ee7cb)
2019-07-13 10:04:33.053 1842 RALLYDEBUG rally_openstack.cleanup.manager [-] Deleting cinder.volumes object c_rally_6fec4b4d_taQOmIsZ (a21d9fc7-6cd3-4a44-bd0c-c8a7cb87db39)
2019-07-13 10:04:33.056 1842 RALLYDEBUG rally_openstack.cleanup.manager [-] Deleting cinder.volumes object c_rally_6fec4b4d_SrjJ9gCm (e2caba35-5e27-48f6-9231-a7d37c27fb52)
2019-07-13 10:04:33.069 1842 RALLYDEBUG rally_openstack.cleanup.manager [-] Deleting cinder.volumes object c_rally_6fec4b4d_om6Ha1jn (9a201190-23dc-4740-8fb3-cf94993c90b9)
2019-07-13 10:04:38.237 1842 INFO rally.task.context [-] Task b17446e5-8dac-4a68-8784-fb3c87e5bd50 | Context volumes@openstack cleanup() finished in 7.53 sec
2019-07-13 10:04:38.238 1842 INFO rally.task.context [-] Task b17446e5-8dac-4a68-8784-fb3c87e5bd50 | Context quotas@openstack cleanup() started
2019-07-13 10:04:39.042 1842 INFO rally.task.context [-] Task b17446e5-8dac-4a68-8784-fb3c87e5bd50 | Context quotas@openstack cleanup() finished in 0.80 sec
2019-07-13 10:04:39.043 1842 INFO rally.task.context [-] Task b17446e5-8dac-4a68-8784-fb3c87e5bd50 | Context api_versions@openstack cleanup() started
2019-07-13 10:04:39.043 1842 INFO rally.task.context [-] Task b17446e5-8dac-4a68-8784-fb3c87e5bd50 | Context api_versions@openstack cleanup() finished in 0.32 msec
2019-07-13 10:04:39.044 1842 INFO rally.task.context [-] Task b17446e5-8dac-4a68-8784-fb3c87e5bd50 | Context users@openstack cleanup() started
2019-07-13 10:04:46.979 1842 INFO rally.task.context [-] Task b17446e5-8dac-4a68-8784-fb3c87e5bd50 | Context users@openstack cleanup() finished in 7.94 sec
2019-07-13 10:04:48.763 1842 INFO rally.task.engine [-] Load duration is: 2.365459
2019-07-13 10:04:48.764 1842 INFO rally.task.engine [-] Full runner duration is: 2.419065
2019-07-13 10:04:48.764 1842 INFO rally.task.engine [-] Full duration is: 64.459464
2019-07-13 10:04:49.002 1842 INFO rally.task.engine [-] Running workload: position = 0 config = { "version": 2, "title": "A cropped version of a bigger task.", "description": "Auto-generated task from a single workload (uuid=81d763a2-3dee-437c-b41d-4b93966c9171)", "subtasks": [ { "title": "CinderVolumes.create_and_delete_snapshot", "description": "Create and then delete a volume-snapshot.", "scenario": { "CinderVolumes.create_and_delete_snapshot": { "force": false } }, "contexts": { "users": { "tenants": 3, "users_per_tenant": 2 }, "quotas": { "cinder": { "gigabytes": -1, "snapshots": -1, "volumes": -1 } }, "api_versions": { "cinder": { "version": 3, "service_type": "volumev3" } }, "volumes": { "size": 1, "volumes_per_tenant": 1 } }, "runner": { "constant": { "concurrency": 4, "times": 10 } }, "hooks": [], "sla": { "failure_rate": { "max": 0 } } } ] }
2019-07-13 10:04:49.025 1842 RALLYDEBUG rally_openstack.contexts.keystone.users [-] Creating 3 tenants using 20 threads
2019-07-13 10:04:51.033 1842 RALLYDEBUG rally_openstack.contexts.keystone.users [-] Creating 6 users using 20 threads
2019-07-13 10:04:54.071 1842 INFO rally.task.context [-] Task b17446e5-8dac-4a68-8784-fb3c87e5bd50 | Context users@openstack setup() finished in 5.05 sec
2019-07-13 10:04:54.513 1842 INFO rally.task.context [-] Task b17446e5-8dac-4a68-8784-fb3c87e5bd50 | Context api_versions@openstack setup() finished in 0.44 sec
2019-07-13 10:04:56.291 1842 INFO rally.task.context [-] Task b17446e5-8dac-4a68-8784-fb3c87e5bd50 | Context quotas@openstack setup() finished in 1.78 sec
2019-07-13 10:05:07.364 1842 INFO rally.task.context [-] Task b17446e5-8dac-4a68-8784-fb3c87e5bd50 | Context volumes@openstack setup() finished in 11.07 sec
2019-07-13 10:05:07.364 1842 INFO rally.task.context [-] Task b17446e5-8dac-4a68-8784-fb3c87e5bd50 | Context cleanup@openstack setup() finished in 0.01 msec
2019-07-13 10:05:07.370 1842 RALLYDEBUG rally.task.runner [-] Starting the constant runner (task UUID: b17446e5-8dac-4a68-8784-fb3c87e5bd50). timeout: 0 concurrency: 4 concurrency_per_worker: 1 times: 10 concurrency_overhead: 0 processes_to_start: 4 max_cpu_used: 16
2019-07-13 10:05:07.382 3966 RALLYDEBUG rally.task.runner [-] Starting a worker. concurrency: 1 args: {"force": false} times: 10 method_name: run timeout: 0 duration: None cls:
2019-07-13 10:05:07.384 3967 RALLYDEBUG rally.task.runner [-] Starting a worker. concurrency: 1 args: {"force": false} times: 10 method_name: run timeout: 0 duration: None cls:
2019-07-13 10:05:07.385 3968 RALLYDEBUG rally.task.runner [-] Starting a worker. concurrency: 1 args: {"force": false} times: 10 method_name: run timeout: 0 duration: None cls:
2019-07-13 10:05:07.390 3966 INFO rally.task.runner [-] Task b17446e5-8dac-4a68-8784-fb3c87e5bd50 | ITER: 1 START
2019-07-13 10:05:07.390 3969 RALLYDEBUG rally.task.runner [-] Starting a worker. concurrency: 1 args: {"force": false} times: 10 method_name: run timeout: 0 duration: None cls:
2019-07-13 10:05:07.392 3968 INFO rally.task.runner [-] Task b17446e5-8dac-4a68-8784-fb3c87e5bd50 | ITER: 3 START
2019-07-13 10:05:07.393 3967 INFO rally.task.runner [-] Task b17446e5-8dac-4a68-8784-fb3c87e5bd50 | ITER: 2 START
2019-07-13 10:05:07.398 3969 INFO rally.task.runner [-] Task b17446e5-8dac-4a68-8784-fb3c87e5bd50 | ITER: 4 START
2019-07-13 10:05:11.510 3969 RALLYDEBUG rally.task.utils [-] Waiting for resource s_rally_81d763a2_GTg29CHa. Status changed: AVAILABLE => DELETING in 0.343501091003
2019-07-13 10:05:11.567 3968 RALLYDEBUG rally.task.utils [-] Waiting for resource s_rally_81d763a2_3yxCVKHc. Status changed: AVAILABLE => DELETING in 0.315453767776
2019-07-13 10:05:11.634 3966 RALLYDEBUG rally.task.utils [-] Waiting for resource s_rally_81d763a2_vV7JdnqY. Status changed: AVAILABLE => DELETING in 0.282227993011
2019-07-13 10:05:11.652 3967 RALLYDEBUG rally.task.utils [-] Waiting for resource s_rally_81d763a2_xgH1B57X. Status changed: AVAILABLE => DELETING in 0.323027849197
2019-07-13 10:05:13.659 3966 INFO rally.task.runner [-] Task b17446e5-8dac-4a68-8784-fb3c87e5bd50 | ITER: 1 END: OK
2019-07-13 10:05:13.665 3966 INFO rally.task.runner [-] Task b17446e5-8dac-4a68-8784-fb3c87e5bd50 | ITER: 5 START
2019-07-13 10:05:13.681 3967 INFO rally.task.runner [-] Task b17446e5-8dac-4a68-8784-fb3c87e5bd50 | ITER: 2 END: OK
2019-07-13 10:05:13.686 3967 INFO rally.task.runner [-] Task b17446e5-8dac-4a68-8784-fb3c87e5bd50 | ITER: 6 START
2019-07-13 10:05:13.735 3969 INFO rally.task.runner [-] Task b17446e5-8dac-4a68-8784-fb3c87e5bd50 | ITER: 4 END: OK
2019-07-13 10:05:13.740 3969 INFO rally.task.runner [-] Task b17446e5-8dac-4a68-8784-fb3c87e5bd50 | ITER: 7 START
2019-07-13 10:05:13.784 3968 INFO rally.task.runner [-] Task b17446e5-8dac-4a68-8784-fb3c87e5bd50 | ITER: 3 END: OK
2019-07-13 10:05:13.790 3968 INFO rally.task.runner [-] Task b17446e5-8dac-4a68-8784-fb3c87e5bd50 | ITER: 8 START
2019-07-13 10:05:17.794 3969 RALLYDEBUG rally.task.utils [-] Waiting for resource s_rally_81d763a2_qW64lu3f. Status changed: AVAILABLE => DELETING in 0.226132154465
2019-07-13 10:05:17.813 3967 RALLYDEBUG rally.task.utils [-] Waiting for resource s_rally_81d763a2_NMjSuY8N. Status changed: AVAILABLE => DELETING in 0.234044075012
2019-07-13 10:05:17.992 3966 RALLYDEBUG rally.task.utils [-] Waiting for resource s_rally_81d763a2_zitHGnaz. Status changed: AVAILABLE => DELETING in 0.400793790817
2019-07-13 10:05:18.021 3968 RALLYDEBUG rally.task.utils [-] Waiting for resource s_rally_81d763a2_3OmL4TYC. Status changed: AVAILABLE => DELETING in 0.357995033264
2019-07-13 10:05:20.026 3969 INFO rally.task.runner [-] Task b17446e5-8dac-4a68-8784-fb3c87e5bd50 | ITER: 7 END: OK
2019-07-13 10:05:20.032 3969 INFO rally.task.runner [-] Task b17446e5-8dac-4a68-8784-fb3c87e5bd50 | ITER: 9 START
2019-07-13 10:05:20.121 3967 INFO rally.task.runner [-] Task b17446e5-8dac-4a68-8784-fb3c87e5bd50 | ITER: 6 END: OK
2019-07-13 10:05:20.126 3967 INFO rally.task.runner [-] Task b17446e5-8dac-4a68-8784-fb3c87e5bd50 | ITER: 10 START
2019-07-13 10:05:20.301 3966 INFO rally.task.runner [-] Task b17446e5-8dac-4a68-8784-fb3c87e5bd50 | ITER: 5 END: OK
2019-07-13 10:05:20.337 3968 INFO rally.task.runner [-] Task b17446e5-8dac-4a68-8784-fb3c87e5bd50 | ITER: 8 END: OK
2019-07-13 10:05:23.817 3969 RALLYDEBUG rally.task.utils [-] Waiting for resource s_rally_81d763a2_dM7MzHNC. Status changed: AVAILABLE => DELETING in 0.213606834412
2019-07-13 10:05:23.863 3967 RALLYDEBUG rally.task.utils [-] Waiting for resource s_rally_81d763a2_bX1WCIaz. Status changed: AVAILABLE => DELETING in 0.224538087845
2019-07-13 10:05:26.046 3969 INFO rally.task.runner [-] Task b17446e5-8dac-4a68-8784-fb3c87e5bd50 | ITER: 9 END: OK
2019-07-13 10:05:26.140 3967 INFO rally.task.runner [-] Task b17446e5-8dac-4a68-8784-fb3c87e5bd50 | ITER: 10 END: OK
2019-07-13 10:05:26.163 1842 INFO rally.task.context [-] Task b17446e5-8dac-4a68-8784-fb3c87e5bd50 | Context cleanup@openstack cleanup() started
2019-07-13 10:05:26.166 1842 RALLYDEBUG rally_openstack.cleanup.manager [-] Cleaning up cinder backups objects
2019-07-13 10:05:28.420 1842 RALLYDEBUG rally_openstack.cleanup.manager [-] Cleaning up cinder volume_snapshots objects
2019-07-13 10:05:30.646 1842 RALLYDEBUG rally_openstack.cleanup.manager [-] Cleaning up cinder transfers objects
2019-07-13 10:05:32.823 1842 RALLYDEBUG rally_openstack.cleanup.manager [-] Cleaning up cinder volumes objects
2019-07-13 10:05:35.218 1842 INFO rally.task.context [-] Task b17446e5-8dac-4a68-8784-fb3c87e5bd50 | Context cleanup@openstack cleanup() finished in 9.05 sec
2019-07-13 10:05:35.219 1842 INFO rally.task.context [-] Task b17446e5-8dac-4a68-8784-fb3c87e5bd50 | Context volumes@openstack cleanup() started
2019-07-13 10:05:35.219 1842 RALLYDEBUG rally_openstack.cleanup.manager [-] Cleaning up cinder volumes objects
2019-07-13 10:05:37.444 1842 RALLYDEBUG rally_openstack.cleanup.manager [-] Deleting cinder.volumes object c_rally_81d763a2_dO9Av0Zw (b0e0b835-e06c-4cbb-87c4-7912fb1d5116)
2019-07-13 10:05:37.449 1842 RALLYDEBUG rally_openstack.cleanup.manager [-] Deleting cinder.volumes object c_rally_81d763a2_8aNPvM7X (c86b0b75-379a-4834-8230-bc0e580ff482)
2019-07-13 10:05:37.459 1842 RALLYDEBUG rally_openstack.cleanup.manager [-] Deleting cinder.volumes object c_rally_81d763a2_sBetmT1T (e5147888-7ed3-48a7-8eb9-f096bc014adc)
2019-07-13 10:05:41.041 1842 INFO rally.task.context [-] Task b17446e5-8dac-4a68-8784-fb3c87e5bd50 | Context volumes@openstack cleanup() finished in 5.82 sec
2019-07-13 10:05:41.042 1842 INFO rally.task.context [-] Task b17446e5-8dac-4a68-8784-fb3c87e5bd50 | Context quotas@openstack cleanup() started
2019-07-13 10:05:42.025 1842 INFO rally.task.context [-] Task b17446e5-8dac-4a68-8784-fb3c87e5bd50 | Context quotas@openstack cleanup() finished in 0.98 sec
2019-07-13 10:05:42.025 1842 INFO rally.task.context [-] Task b17446e5-8dac-4a68-8784-fb3c87e5bd50 | Context api_versions@openstack cleanup() started
2019-07-13 10:05:42.025 1842 INFO rally.task.context [-] Task b17446e5-8dac-4a68-8784-fb3c87e5bd50 | Context api_versions@openstack cleanup() finished in 0.32 msec
2019-07-13 10:05:42.026 1842 INFO rally.task.context [-] Task b17446e5-8dac-4a68-8784-fb3c87e5bd50 | Context users@openstack cleanup() started
2019-07-13 10:05:50.536 1842 INFO rally.task.context [-] Task b17446e5-8dac-4a68-8784-fb3c87e5bd50 | Context users@openstack cleanup() finished in 8.51 sec
2019-07-13 10:05:51.322 1842 INFO rally.task.engine [-] Load duration is: 18.744038
2019-07-13 10:05:51.323 1842 INFO rally.task.engine [-] Full runner duration is: 18.793862
2019-07-13 10:05:51.323 1842 INFO rally.task.engine [-] Full duration is: 61.51389
2019-07-13 10:05:51.548 1842 INFO rally.task.engine [-] Running workload: position = 0 config = { "version": 2, "title": "A cropped version of a bigger task.", "description": "Auto-generated task from a single workload (uuid=c431006a-2902-4064-8a24-0f4971262038)", "subtasks": [ { "title": "CinderVolumes.create_and_delete_volume", "description": "Create and then delete a volume.", "scenario": { "CinderVolumes.create_and_delete_volume": { "size": { "max": 1, "min": 1 } } }, "contexts": { "users": { "tenants": 3, "users_per_tenant": 2 }, "quotas": { "cinder": { "gigabytes": -1, "snapshots": -1, "volumes": -1 } }, "api_versions": { "cinder": { "version": 3, "service_type": "volumev3" } } }, "runner": { "constant": { "concurrency": 4, "times": 10 } }, "hooks": [], "sla": { "failure_rate": { "max": 0 } } } ] }
2019-07-13 10:05:51.572 1842 RALLYDEBUG rally_openstack.contexts.keystone.users [-] Creating 3 tenants using 20 threads
2019-07-13 10:05:53.518 1842 RALLYDEBUG rally_openstack.contexts.keystone.users [-] Creating 6 users using 20 threads
2019-07-13 10:05:56.342 1842 INFO rally.task.context [-] Task b17446e5-8dac-4a68-8784-fb3c87e5bd50 | Context users@openstack setup() finished in 4.77 sec
2019-07-13 10:05:56.769 1842 INFO rally.task.context [-] Task b17446e5-8dac-4a68-8784-fb3c87e5bd50 | Context api_versions@openstack setup() finished in 0.43 sec
2019-07-13 10:05:58.542 1842 INFO rally.task.context [-] Task b17446e5-8dac-4a68-8784-fb3c87e5bd50 | Context quotas@openstack setup() finished in 1.77 sec
2019-07-13 10:05:58.543 1842 INFO rally.task.context [-] Task b17446e5-8dac-4a68-8784-fb3c87e5bd50 | Context cleanup@openstack setup() finished in 0.01 msec
2019-07-13 10:05:58.551 1842 RALLYDEBUG rally.task.runner [-] Starting the constant runner (task UUID: b17446e5-8dac-4a68-8784-fb3c87e5bd50). timeout: 0 concurrency: 4 concurrency_per_worker: 1 times: 10 concurrency_overhead: 0 processes_to_start: 4 max_cpu_used: 16
2019-07-13 10:05:58.564 4170 RALLYDEBUG rally.task.runner [-] Starting a worker. concurrency: 1 args: {"size": {"max": 1, "min": 1}} times: 10 method_name: run timeout: 0 duration: None cls:
2019-07-13 10:05:58.567 4171 RALLYDEBUG rally.task.runner [-] Starting a worker. concurrency: 1 args: {"size": {"max": 1, "min": 1}} times: 10 method_name: run timeout: 0 duration: None cls:
2019-07-13 10:05:58.570 4172 RALLYDEBUG rally.task.runner [-] Starting a worker. concurrency: 1 args: {"size": {"max": 1, "min": 1}} times: 10 method_name: run timeout: 0 duration: None cls:
2019-07-13 10:05:58.572 4170 INFO rally.task.runner [-] Task b17446e5-8dac-4a68-8784-fb3c87e5bd50 | ITER: 1 START
2019-07-13 10:05:58.573 4173 RALLYDEBUG rally.task.runner [-] Starting a worker. concurrency: 1 args: {"size": {"max": 1, "min": 1}} times: 10 method_name: run timeout: 0 duration: None cls:
2019-07-13 10:05:58.575 4171 INFO rally.task.runner [-] Task b17446e5-8dac-4a68-8784-fb3c87e5bd50 | ITER: 2 START
2019-07-13 10:05:58.578 4172 INFO rally.task.runner [-] Task b17446e5-8dac-4a68-8784-fb3c87e5bd50 | ITER: 3 START
2019-07-13 10:05:58.581 4173 INFO rally.task.runner [-] Task b17446e5-8dac-4a68-8784-fb3c87e5bd50 | ITER: 4 START
2019-07-13 10:06:02.955 4172 INFO rally.task.runner [-] Task b17446e5-8dac-4a68-8784-fb3c87e5bd50 | ITER: 3 END: OK
2019-07-13 10:06:02.961 4172 INFO rally.task.runner [-] Task b17446e5-8dac-4a68-8784-fb3c87e5bd50 | ITER: 5 START
2019-07-13 10:06:03.171 4173 RALLYDEBUG rally.task.utils [-] Waiting for resource s_rally_c431006a_uO35uJVo. Status changed: AVAILABLE => DELETING in 0.267925977707
2019-07-13 10:06:03.235 4171 RALLYDEBUG rally.task.utils [-] Waiting for resource s_rally_c431006a_886UDcfW. Status changed: AVAILABLE => DELETING in 0.367231845856
2019-07-13 10:06:03.303 4170 RALLYDEBUG rally.task.utils [-] Waiting for resource s_rally_c431006a_i7M7hwz6. Status changed: AVAILABLE => DELETING in 0.362560033798
2019-07-13 10:06:05.408 4173 INFO rally.task.runner [-] Task b17446e5-8dac-4a68-8784-fb3c87e5bd50 | ITER: 4 END: OK
2019-07-13 10:06:05.413 4173 INFO rally.task.runner [-] Task b17446e5-8dac-4a68-8784-fb3c87e5bd50 | ITER: 6 START
2019-07-13 10:06:05.570 4171 INFO rally.task.runner [-] Task b17446e5-8dac-4a68-8784-fb3c87e5bd50 | ITER: 2 END: OK
2019-07-13 10:06:05.576 4171 INFO rally.task.runner [-] Task b17446e5-8dac-4a68-8784-fb3c87e5bd50 | ITER: 7 START
2019-07-13 10:06:05.615 4170 INFO rally.task.runner [-] Task b17446e5-8dac-4a68-8784-fb3c87e5bd50 | ITER: 1 END: OK
2019-07-13 10:06:05.619 4170 INFO rally.task.runner [-] Task b17446e5-8dac-4a68-8784-fb3c87e5bd50 | ITER: 8 START
2019-07-13 10:06:07.263 4172 INFO rally.task.runner [-] Task b17446e5-8dac-4a68-8784-fb3c87e5bd50 | ITER: 5 END: OK
2019-07-13 10:06:07.268 4172 INFO rally.task.runner [-] Task b17446e5-8dac-4a68-8784-fb3c87e5bd50 | ITER: 9 START
2019-07-13 10:06:09.567 4173 RALLYDEBUG rally.task.utils [-] Waiting for resource s_rally_c431006a_UtnYlU9Y. Status changed: AVAILABLE => DELETING in 0.263705015182
2019-07-13 10:06:09.622 4171 RALLYDEBUG rally.task.utils [-] Waiting for resource s_rally_c431006a_VlH333MP. Status changed: AVAILABLE => DELETING in 0.0549740791321
2019-07-13 10:06:09.750 4170 RALLYDEBUG rally.task.utils [-] Waiting for resource s_rally_c431006a_4MdaOoRN. Status changed: AVAILABLE => DELETING in 0.344696998596
2019-07-13 10:06:11.670 4172 INFO rally.task.runner [-] Task b17446e5-8dac-4a68-8784-fb3c87e5bd50 | ITER: 9 END: OK
2019-07-13 10:06:11.675 4172 INFO rally.task.runner [-] Task b17446e5-8dac-4a68-8784-fb3c87e5bd50 | ITER: 10 START
2019-07-13 10:06:11.809 4173 INFO rally.task.runner [-] Task b17446e5-8dac-4a68-8784-fb3c87e5bd50 | ITER: 6 END: OK
2019-07-13 10:06:11.875 4171 INFO rally.task.runner [-] Task b17446e5-8dac-4a68-8784-fb3c87e5bd50 | ITER: 7 END: OK
2019-07-13 10:06:12.040 4170 INFO rally.task.runner [-] Task b17446e5-8dac-4a68-8784-fb3c87e5bd50 | ITER: 8 END: OK
2019-07-13 10:06:15.907 4172 INFO rally.task.runner [-] Task b17446e5-8dac-4a68-8784-fb3c87e5bd50 | ITER: 10 END: OK
2019-07-13 10:06:15.934 1842 INFO rally.task.context [-] Task b17446e5-8dac-4a68-8784-fb3c87e5bd50 | Context cleanup@openstack cleanup() started
2019-07-13 10:06:15.936 1842 RALLYDEBUG rally_openstack.cleanup.manager [-] Cleaning up cinder backups objects
2019-07-13 10:06:18.290 1842 RALLYDEBUG rally_openstack.cleanup.manager [-] Cleaning up cinder volume_snapshots objects
2019-07-13 10:06:20.427 1842 RALLYDEBUG rally_openstack.cleanup.manager [-] Cleaning up cinder transfers objects
2019-07-13 10:06:22.454 1842 RALLYDEBUG rally_openstack.cleanup.manager [-] Cleaning up cinder volumes objects
2019-07-13 10:06:24.741 1842 INFO rally.task.context [-] Task b17446e5-8dac-4a68-8784-fb3c87e5bd50 | Context cleanup@openstack cleanup() finished in 8.81 sec
2019-07-13 10:06:24.742 1842 INFO rally.task.context [-] Task b17446e5-8dac-4a68-8784-fb3c87e5bd50 | Context quotas@openstack cleanup() started
2019-07-13 10:06:25.737 1842 INFO rally.task.context [-] Task b17446e5-8dac-4a68-8784-fb3c87e5bd50 | Context quotas@openstack cleanup() finished in 1.00 sec
2019-07-13 10:06:25.738 1842 INFO rally.task.context [-] Task b17446e5-8dac-4a68-8784-fb3c87e5bd50 | Context api_versions@openstack cleanup() started
2019-07-13 10:06:25.738 1842 INFO rally.task.context [-] Task b17446e5-8dac-4a68-8784-fb3c87e5bd50 | Context api_versions@openstack cleanup() finished in 0.36 msec
2019-07-13 10:06:25.739 1842 INFO rally.task.context [-] Task b17446e5-8dac-4a68-8784-fb3c87e5bd50 | Context users@openstack cleanup() started
2019-07-13 10:06:33.997 1842 INFO rally.task.context [-] Task b17446e5-8dac-4a68-8784-fb3c87e5bd50 | Context users@openstack cleanup() finished in 8.26 sec
2019-07-13 10:06:35.769 1842 INFO rally.task.engine [-] Load duration is: 17.330578
2019-07-13 10:06:35.769 1842 INFO rally.task.engine [-] Full runner duration is: 17.383338
2019-07-13 10:06:35.769 1842 INFO rally.task.engine [-] Full duration is: 42.430579
2019-07-13 10:06:35.929 1842 INFO rally.task.engine [-] Running workload: position = 1 config = { "version": 2, "title": "A cropped version of a bigger task.", "description": "Auto-generated task from a single workload (uuid=08634b21-5e77-4d45-a705-01f279741b2e)", "subtasks": [ { "title": "CinderVolumes.create_and_delete_volume", "description": "Create and then delete a volume.", "scenario": { "CinderVolumes.create_and_delete_volume": { "image": { "name": "rally_full-img_5fac15f5-d8fd-44f1-b188-455bee1d9813" }, "size": 1 } }, "contexts": { "users": { "tenants": 3, "users_per_tenant": 2 }, "quotas": { "cinder": { "gigabytes": -1, "snapshots": -1, "volumes": -1 } }, "api_versions": { "cinder": { "version": 3, "service_type": "volumev3" } } }, "runner": { "constant": { "concurrency": 4, "times": 10 } }, "hooks": [], "sla": { "failure_rate": { "max": 0 } } } ] }
2019-07-13 10:06:35.957 1842 RALLYDEBUG rally_openstack.contexts.keystone.users [-] Creating 3 tenants using 20 threads
2019-07-13 10:06:37.841 1842 RALLYDEBUG rally_openstack.contexts.keystone.users [-] Creating 6 users using 20 threads
2019-07-13 10:06:40.739 1842 INFO rally.task.context [-] Task b17446e5-8dac-4a68-8784-fb3c87e5bd50 | Context users@openstack setup() finished in 4.78 sec
2019-07-13 10:06:41.172 1842 INFO rally.task.context [-] Task b17446e5-8dac-4a68-8784-fb3c87e5bd50 | Context api_versions@openstack setup() finished in 0.43 sec
2019-07-13 10:06:42.804 1842 INFO rally.task.context [-] Task b17446e5-8dac-4a68-8784-fb3c87e5bd50 | Context quotas@openstack setup() finished in 1.63 sec
2019-07-13 10:06:42.804 1842 INFO rally.task.context [-] Task b17446e5-8dac-4a68-8784-fb3c87e5bd50 | Context cleanup@openstack setup() finished in 0.01 msec
2019-07-13 10:06:43.840 1842 RALLYDEBUG rally.task.runner [-] Starting the constant runner (task UUID: b17446e5-8dac-4a68-8784-fb3c87e5bd50). timeout: 0 concurrency: 4 concurrency_per_worker: 1 times: 10 concurrency_overhead: 0 processes_to_start: 4 max_cpu_used: 16
2019-07-13 10:06:43.853 4354 RALLYDEBUG rally.task.runner [-] Starting a worker. concurrency: 1 args: {"image": "9af120b8-51fd-48d1-b159-036370d30a6a", "size": 1} times: 10 method_name: run timeout: 0 duration: None cls:
2019-07-13 10:06:43.856 4355 RALLYDEBUG rally.task.runner [-] Starting a worker. concurrency: 1 args: {"image": "9af120b8-51fd-48d1-b159-036370d30a6a", "size": 1} times: 10 method_name: run timeout: 0 duration: None cls:
2019-07-13 10:06:43.857 4356 RALLYDEBUG rally.task.runner [-] Starting a worker. concurrency: 1 args: {"image": "9af120b8-51fd-48d1-b159-036370d30a6a", "size": 1} times: 10 method_name: run timeout: 0 duration: None cls:
2019-07-13 10:06:43.859 4354 INFO rally.task.runner [-] Task b17446e5-8dac-4a68-8784-fb3c87e5bd50 | ITER: 1 START
2019-07-13 10:06:43.860 4357 RALLYDEBUG rally.task.runner [-] Starting a worker. concurrency: 1 args: {"image": "9af120b8-51fd-48d1-b159-036370d30a6a", "size": 1} times: 10 method_name: run timeout: 0 duration: None cls:
2019-07-13 10:06:43.863 4356 INFO rally.task.runner [-] Task b17446e5-8dac-4a68-8784-fb3c87e5bd50 | ITER: 3 START
2019-07-13 10:06:43.863 4355 INFO rally.task.runner [-] Task b17446e5-8dac-4a68-8784-fb3c87e5bd50 | ITER: 2 START
2019-07-13 10:06:43.866 4357 INFO rally.task.runner [-] Task b17446e5-8dac-4a68-8784-fb3c87e5bd50 | ITER: 4 START
2019-07-13 10:06:51.811 4354 RALLYDEBUG rally.task.utils [-] Waiting for resource s_rally_08634b21_DlRf4cpX. Status changed: CREATING => DOWNLOADING in 2.94511795044
2019-07-13 10:06:53.564 4355 RALLYDEBUG rally.task.utils [-] Waiting for resource s_rally_08634b21_byryxfIe. Status changed: CREATING => DOWNLOADING in 5.31233501434
2019-07-13 10:06:53.786 4356 RALLYDEBUG rally.task.utils [-] Waiting for resource s_rally_08634b21_NlNrEVTh. Status changed: CREATING => DOWNLOADING in 5.2915019989
2019-07-13 10:06:56.239 4357 RALLYDEBUG rally.task.utils [-] Waiting for resource s_rally_08634b21_EVU1RjeF. Status changed: CREATING => DOWNLOADING in 7.70198106766
2019-07-13 10:07:02.595 4355 RALLYDEBUG rally.task.utils [-] Waiting for resource s_rally_08634b21_byryxfIe. Status changed: DOWNLOADING => AVAILABLE in 9.03014612198
2019-07-13 10:07:02.813 4356 RALLYDEBUG rally.task.utils [-] Waiting for resource s_rally_08634b21_NlNrEVTh. Status changed: DOWNLOADING => AVAILABLE in 9.0269138813
2019-07-13 10:07:03.242 4356 RALLYDEBUG rally.task.utils [-] Waiting for resource s_rally_08634b21_NlNrEVTh. Status changed: AVAILABLE => DELETING in 0.057596206665
2019-07-13 10:07:03.284 4355 RALLYDEBUG rally.task.utils [-] Waiting for resource s_rally_08634b21_byryxfIe. Status changed: AVAILABLE => DELETING in 0.320988893509
2019-07-13 10:07:03.400 4354 RALLYDEBUG rally.task.utils [-] Waiting for resource s_rally_08634b21_DlRf4cpX. Status changed: DOWNLOADING => AVAILABLE in 11.5892491341
2019-07-13 10:07:03.838 4354 RALLYDEBUG rally.task.utils [-] Waiting for resource s_rally_08634b21_DlRf4cpX. Status changed: AVAILABLE => DELETING in 0.0608730316162
2019-07-13 10:07:05.041 4357 RALLYDEBUG rally.task.utils [-] Waiting for resource s_rally_08634b21_EVU1RjeF. Status changed: DOWNLOADING => AVAILABLE in 8.80203485489
2019-07-13 10:07:05.282 4356 INFO rally.task.runner [-] Task b17446e5-8dac-4a68-8784-fb3c87e5bd50 | ITER: 3 END: OK
2019-07-13 10:07:05.288 4356 INFO rally.task.runner [-] Task b17446e5-8dac-4a68-8784-fb3c87e5bd50 | ITER: 5 START
2019-07-13 10:07:05.527 4355 INFO rally.task.runner [-] Task b17446e5-8dac-4a68-8784-fb3c87e5bd50 | ITER: 2 END: OK
2019-07-13 10:07:05.532 4355 INFO rally.task.runner [-] Task b17446e5-8dac-4a68-8784-fb3c87e5bd50 | ITER: 6 START
2019-07-13 10:07:05.723 4357 INFO rally.task.runner [-] Task b17446e5-8dac-4a68-8784-fb3c87e5bd50 | ITER: 4 END: OK
2019-07-13 10:07:05.728 4357 INFO rally.task.runner [-] Task b17446e5-8dac-4a68-8784-fb3c87e5bd50 | ITER: 7 START
2019-07-13 10:07:06.172 4354 INFO rally.task.runner [-] Task b17446e5-8dac-4a68-8784-fb3c87e5bd50 | ITER: 1 END: OK
2019-07-13 10:07:06.178 4354 INFO rally.task.runner [-] Task b17446e5-8dac-4a68-8784-fb3c87e5bd50 | ITER: 8 START
2019-07-13 10:07:13.343 4356 RALLYDEBUG rally.task.utils [-] Waiting for resource s_rally_08634b21_VDOG5Rfc. Status changed: CREATING => DOWNLOADING in 2.94807100296
2019-07-13 10:07:15.878 4357 RALLYDEBUG rally.task.utils [-] Waiting for resource s_rally_08634b21_223sdcTp. Status changed: CREATING => DOWNLOADING in 5.22821593285
2019-07-13 10:07:17.856 4355 RALLYDEBUG rally.task.utils [-] Waiting for resource s_rally_08634b21_iVuIvplL. Status changed: CREATING => DOWNLOADING in 7.5439248085
2019-07-13 10:07:18.025 4356 RALLYDEBUG rally.task.utils [-] Waiting for resource s_rally_08634b21_VDOG5Rfc. Status changed: DOWNLOADING => AVAILABLE in 4.6823849678
2019-07-13 10:07:18.517 4356 RALLYDEBUG rally.task.utils [-] Waiting for resource s_rally_08634b21_VDOG5Rfc. Status changed: AVAILABLE => DELETING in 0.349558115005
2019-07-13 10:07:22.903 4356 INFO rally.task.runner [-] Task b17446e5-8dac-4a68-8784-fb3c87e5bd50 | ITER: 5 END: OK
2019-07-13 10:07:22.909 4356 INFO rally.task.runner [-] Task b17446e5-8dac-4a68-8784-fb3c87e5bd50 | ITER: 9 START
2019-07-13 10:07:23.073 4357 RALLYDEBUG rally.task.utils [-] Waiting for resource s_rally_08634b21_223sdcTp. Status changed: DOWNLOADING => AVAILABLE in 7.19478917122
2019-07-13 10:07:23.108 4354 RALLYDEBUG rally.task.utils [-] Waiting for resource s_rally_08634b21_jaGOIAk2. Status changed: CREATING => DOWNLOADING in 12.2701129913
2019-07-13 10:07:23.515 4357 RALLYDEBUG rally.task.utils [-] Waiting for resource s_rally_08634b21_223sdcTp. Status changed: AVAILABLE => DELETING in 0.352384090424
2019-07-13 10:07:24.573 4355 RALLYDEBUG rally.task.utils [-] Waiting for resource s_rally_08634b21_iVuIvplL. Status changed: DOWNLOADING => AVAILABLE in 6.71700310707
2019-07-13 10:07:25.254 4355 INFO rally.task.runner [-] Task b17446e5-8dac-4a68-8784-fb3c87e5bd50 | ITER: 6 END: OK
2019-07-13 10:07:25.259 4355 INFO rally.task.runner [-] Task b17446e5-8dac-4a68-8784-fb3c87e5bd50 | ITER: 10 START
2019-07-13 10:07:25.515 4354 RALLYDEBUG rally.task.utils [-] Waiting for resource s_rally_08634b21_jaGOIAk2. Status changed: DOWNLOADING => AVAILABLE in 2.40791082382
2019-07-13 10:07:25.840 4357 INFO rally.task.runner [-] Task b17446e5-8dac-4a68-8784-fb3c87e5bd50 | ITER: 7 END: OK
2019-07-13 10:07:26.188 4354 RALLYDEBUG rally.task.utils [-] Waiting for resource s_rally_08634b21_jaGOIAk2. Status changed: AVAILABLE => DELETING in 0.2556681633
2019-07-13 10:07:28.495 4354 INFO rally.task.runner [-] Task b17446e5-8dac-4a68-8784-fb3c87e5bd50 | ITER: 8 END: OK
2019-07-13 10:07:29.837 4356 RALLYDEBUG rally.task.utils [-] Waiting for resource s_rally_08634b21_TFbsk7Ip. Status changed: CREATING => DOWNLOADING in 2.67845201492
2019-07-13 10:07:32.165 4356 RALLYDEBUG rally.task.utils [-] Waiting for resource s_rally_08634b21_TFbsk7Ip. Status changed: DOWNLOADING => AVAILABLE in 2.32770800591
2019-07-13 10:07:32.825 4356 RALLYDEBUG rally.task.utils [-] Waiting for resource s_rally_08634b21_TFbsk7Ip. Status changed: AVAILABLE => DELETING in 0.346154928207
2019-07-13 10:07:35.059 4356 INFO rally.task.runner [-] Task b17446e5-8dac-4a68-8784-fb3c87e5bd50 | ITER: 9 END: OK
2019-07-13 10:07:35.562 4355 RALLYDEBUG rally.task.utils [-] Waiting for resource s_rally_08634b21_qyTiOu31. Status changed: CREATING => DOWNLOADING in 5.34547996521
2019-07-13 10:07:37.823 4355 RALLYDEBUG rally.task.utils [-] Waiting for resource s_rally_08634b21_qyTiOu31. Status changed: DOWNLOADING => AVAILABLE in 2.26079320908
2019-07-13 10:07:38.501 4355 INFO rally.task.runner [-] Task b17446e5-8dac-4a68-8784-fb3c87e5bd50 | ITER: 10 END: OK
2019-07-13 10:07:38.532 1842 INFO rally.task.context [-] Task b17446e5-8dac-4a68-8784-fb3c87e5bd50 | Context cleanup@openstack cleanup() started
2019-07-13 10:07:38.534 1842 RALLYDEBUG rally_openstack.cleanup.manager [-] Cleaning up cinder backups objects
2019-07-13 10:07:40.745 1842 RALLYDEBUG rally_openstack.cleanup.manager [-] Cleaning up cinder volume_snapshots objects
2019-07-13 10:07:43.028 1842 RALLYDEBUG rally_openstack.cleanup.manager [-] Cleaning up cinder transfers objects
2019-07-13 10:07:45.160 1842 RALLYDEBUG rally_openstack.cleanup.manager [-] Cleaning up cinder volumes objects
2019-07-13 10:07:47.488 1842 INFO rally.task.context [-] Task b17446e5-8dac-4a68-8784-fb3c87e5bd50 | Context cleanup@openstack cleanup() finished in 8.96 sec
2019-07-13 10:07:47.488 1842 INFO rally.task.context [-] Task b17446e5-8dac-4a68-8784-fb3c87e5bd50 | Context quotas@openstack cleanup() started
2019-07-13 10:07:48.487 1842 INFO rally.task.context [-] Task b17446e5-8dac-4a68-8784-fb3c87e5bd50 | Context quotas@openstack cleanup() finished in 1.00 sec
2019-07-13 10:07:48.488 1842 INFO rally.task.context [-] Task b17446e5-8dac-4a68-8784-fb3c87e5bd50 | Context api_versions@openstack cleanup() started
2019-07-13 10:07:48.488 1842 INFO rally.task.context [-] Task b17446e5-8dac-4a68-8784-fb3c87e5bd50 | Context api_versions@openstack cleanup() finished in 0.33 msec
2019-07-13 10:07:48.488 1842 INFO rally.task.context [-] Task b17446e5-8dac-4a68-8784-fb3c87e5bd50 | Context users@openstack cleanup() started
2019-07-13 10:07:57.094 1842 INFO rally.task.context [-] Task b17446e5-8dac-4a68-8784-fb3c87e5bd50 | Context users@openstack cleanup() finished in 8.61 sec
2019-07-13 10:07:58.259 1842 INFO rally.task.engine [-] Load duration is: 54.637124
2019-07-13 10:07:58.260 1842 INFO rally.task.engine [-] Full runner duration is: 54.692601
2019-07-13 10:07:58.260 1842 INFO rally.task.engine [-] Full duration is: 81.1403
2019-07-13 10:07:58.417 1842 INFO rally.task.engine [-] Running workload: position = 2 config = { "version": 2, "title": "A cropped version of a bigger task.", "description": "Auto-generated task from a single workload (uuid=226980d2-56a4-4f58-b08f-05e709aa97a7)", "subtasks": [ { "title": "CinderVolumes.create_and_delete_volume", "description": "Create and then delete a volume.", "scenario": { "CinderVolumes.create_and_delete_volume": { "size": 1 } }, "contexts": { "users": { "tenants": 3, "users_per_tenant": 2 }, "quotas": { "cinder": { "gigabytes": -1, "snapshots": -1, "volumes": -1 } }, "api_versions": { "cinder": { "version": 3, "service_type": "volumev3" } } }, "runner": { "constant": { "concurrency": 4, "times": 10 } }, "hooks": [], "sla": { "failure_rate": { "max": 0 } } } ] }
2019-07-13 10:07:58.445 1842 RALLYDEBUG rally_openstack.contexts.keystone.users [-] Creating 3 tenants using 20 threads
2019-07-13 10:08:00.339 1842 RALLYDEBUG rally_openstack.contexts.keystone.users [-] Creating 6 users using 20 threads
2019-07-13 10:08:03.181 1842 INFO rally.task.context [-] Task b17446e5-8dac-4a68-8784-fb3c87e5bd50 | Context users@openstack setup() finished in 4.74 sec
2019-07-13 10:08:03.608 1842 INFO rally.task.context [-] Task b17446e5-8dac-4a68-8784-fb3c87e5bd50 | Context api_versions@openstack setup() finished in 0.43 sec
2019-07-13 10:08:05.284 1842 INFO rally.task.context [-] Task b17446e5-8dac-4a68-8784-fb3c87e5bd50 | Context quotas@openstack setup() finished in 1.68 sec
2019-07-13 10:08:05.284 1842 INFO rally.task.context [-] Task b17446e5-8dac-4a68-8784-fb3c87e5bd50 | Context cleanup@openstack setup() finished in 0.02 msec
2019-07-13 10:08:05.292 1842 RALLYDEBUG rally.task.runner [-] Starting the constant runner (task UUID: b17446e5-8dac-4a68-8784-fb3c87e5bd50). timeout: 0 concurrency: 4 concurrency_per_worker: 1 times: 10 concurrency_overhead: 0 processes_to_start: 4 max_cpu_used: 16
2019-07-13 10:08:05.303 4538 RALLYDEBUG rally.task.runner [-] Starting a worker. concurrency: 1 args: {"size": 1} times: 10 method_name: run timeout: 0 duration: None cls:
2019-07-13 10:08:05.306 4539 RALLYDEBUG rally.task.runner [-] Starting a worker. concurrency: 1 args: {"size": 1} times: 10 method_name: run timeout: 0 duration: None cls:
2019-07-13 10:08:05.308 4540 RALLYDEBUG rally.task.runner [-] Starting a worker. concurrency: 1 args: {"size": 1} times: 10 method_name: run timeout: 0 duration: None cls:
2019-07-13 10:08:05.311 4538 INFO rally.task.runner [-] Task b17446e5-8dac-4a68-8784-fb3c87e5bd50 | ITER: 1 START
2019-07-13 10:08:05.312 4541 RALLYDEBUG rally.task.runner [-] Starting a worker. concurrency: 1 args: {"size": 1} times: 10 method_name: run timeout: 0 duration: None cls:
2019-07-13 10:08:05.314 4540 INFO rally.task.runner [-] Task b17446e5-8dac-4a68-8784-fb3c87e5bd50 | ITER: 3 START
2019-07-13 10:08:05.315 4539 INFO rally.task.runner [-] Task b17446e5-8dac-4a68-8784-fb3c87e5bd50 | ITER: 2 START
2019-07-13 10:08:05.320 4541 INFO rally.task.runner [-] Task b17446e5-8dac-4a68-8784-fb3c87e5bd50 | ITER: 4 START
2019-07-13 10:08:09.433 4538 INFO rally.task.runner [-] Task b17446e5-8dac-4a68-8784-fb3c87e5bd50 | ITER: 1 END: OK
2019-07-13 10:08:09.438 4538 INFO rally.task.runner [-] Task b17446e5-8dac-4a68-8784-fb3c87e5bd50 | ITER: 5 START
2019-07-13 10:08:09.741 4539 RALLYDEBUG rally.task.utils [-] Waiting for resource s_rally_226980d2_OXqtiG7T. Status changed: AVAILABLE => DELETING in 0.316218852997
2019-07-13 10:08:09.775 4541 RALLYDEBUG rally.task.utils [-] Waiting for resource s_rally_226980d2_Za0bPsLG. Status changed: AVAILABLE => DELETING in 0.337647914886
2019-07-13 10:08:09.829 4540 RALLYDEBUG rally.task.utils [-] Waiting for resource s_rally_226980d2_kf7Y21U8. Status changed: AVAILABLE => DELETING in 0.337772130966
2019-07-13 10:08:11.868 4540 INFO rally.task.runner [-] Task b17446e5-8dac-4a68-8784-fb3c87e5bd50 | ITER: 3 END: OK
2019-07-13 10:08:11.874 4540 INFO rally.task.runner [-] Task b17446e5-8dac-4a68-8784-fb3c87e5bd50 | ITER: 6 START
2019-07-13 10:08:12.081 4539 INFO rally.task.runner [-] Task b17446e5-8dac-4a68-8784-fb3c87e5bd50 | ITER: 2 END: OK
2019-07-13 10:08:12.086 4539 INFO rally.task.runner [-] Task b17446e5-8dac-4a68-8784-fb3c87e5bd50 | ITER: 7 START
2019-07-13 10:08:12.126 4541 INFO rally.task.runner [-] Task b17446e5-8dac-4a68-8784-fb3c87e5bd50 | ITER: 4 END: OK
2019-07-13 10:08:12.132 4541 INFO rally.task.runner [-] Task b17446e5-8dac-4a68-8784-fb3c87e5bd50 | ITER: 8 START
2019-07-13 10:08:13.929 4538 INFO rally.task.runner [-] Task b17446e5-8dac-4a68-8784-fb3c87e5bd50 | ITER: 5 END: OK
2019-07-13 10:08:13.934 4538 INFO rally.task.runner [-] Task b17446e5-8dac-4a68-8784-fb3c87e5bd50 | ITER: 9 START
2019-07-13 10:08:16.335 4539 RALLYDEBUG rally.task.utils [-] Waiting for resource s_rally_226980d2_0ykCmhZC. Status changed: AVAILABLE => DELETING in 0.252164840698
2019-07-13 10:08:16.453 4540 RALLYDEBUG rally.task.utils [-] Waiting for resource s_rally_226980d2_SOlJR1V1. Status changed: AVAILABLE => DELETING in 0.244791984558
2019-07-13 10:08:16.468 4541 RALLYDEBUG rally.task.utils [-] Waiting for resource s_rally_226980d2_4tmyS5aO. Status changed: AVAILABLE => DELETING in 0.331144094467
2019-07-13 10:08:18.385 4538 RALLYDEBUG rally.task.utils [-] Waiting for resource s_rally_226980d2_oOGuoEcm. Status changed: AVAILABLE => DELETING in 0.349208116531
2019-07-13 10:08:18.490 4540 INFO rally.task.runner [-] Task b17446e5-8dac-4a68-8784-fb3c87e5bd50 | ITER: 6 END: OK
2019-07-13 10:08:18.493 4540 INFO rally.task.runner [-] Task b17446e5-8dac-4a68-8784-fb3c87e5bd50 | ITER: 10 START
2019-07-13 10:08:18.651 4539 INFO rally.task.runner [-] Task b17446e5-8dac-4a68-8784-fb3c87e5bd50 | ITER: 7 END: OK
2019-07-13 10:08:18.803 4541 INFO rally.task.runner [-] Task b17446e5-8dac-4a68-8784-fb3c87e5bd50 | ITER: 8 END: OK
2019-07-13 10:08:20.423 4538 INFO rally.task.runner [-] Task b17446e5-8dac-4a68-8784-fb3c87e5bd50 | ITER: 9 END: OK
2019-07-13 10:08:22.852 4540 INFO rally.task.runner [-] Task b17446e5-8dac-4a68-8784-fb3c87e5bd50 | ITER: 10 END: OK
2019-07-13 10:08:22.880 1842 INFO rally.task.context [-] Task b17446e5-8dac-4a68-8784-fb3c87e5bd50 | Context cleanup@openstack cleanup() started
2019-07-13 10:08:22.883 1842 RALLYDEBUG rally_openstack.cleanup.manager [-] Cleaning up cinder backups objects
2019-07-13 10:08:25.032 1842 RALLYDEBUG rally_openstack.cleanup.manager [-] Cleaning up cinder volume_snapshots objects
2019-07-13 10:08:27.166 1842 RALLYDEBUG rally_openstack.cleanup.manager [-] Cleaning up cinder transfers objects
2019-07-13 10:08:29.389 1842 RALLYDEBUG rally_openstack.cleanup.manager [-] Cleaning up cinder volumes objects
2019-07-13 10:08:31.594 1842 INFO rally.task.context [-] Task b17446e5-8dac-4a68-8784-fb3c87e5bd50 | Context cleanup@openstack cleanup() finished in 8.71 sec
2019-07-13 10:08:31.595 1842 INFO rally.task.context [-] Task b17446e5-8dac-4a68-8784-fb3c87e5bd50 | Context quotas@openstack cleanup() started
2019-07-13 10:08:32.398 1842 INFO rally.task.context [-] Task b17446e5-8dac-4a68-8784-fb3c87e5bd50 | Context quotas@openstack cleanup() finished in 0.80 sec
2019-07-13 10:08:32.398 1842 INFO rally.task.context [-] Task b17446e5-8dac-4a68-8784-fb3c87e5bd50 | Context api_versions@openstack cleanup() started
2019-07-13 10:08:32.399 1842 INFO rally.task.context [-] Task b17446e5-8dac-4a68-8784-fb3c87e5bd50 | Context api_versions@openstack cleanup() finished in 0.27 msec
2019-07-13 10:08:32.399 1842 INFO rally.task.context [-] Task b17446e5-8dac-4a68-8784-fb3c87e5bd50 | Context users@openstack cleanup() started
2019-07-13 10:08:40.753 1842 INFO rally.task.context [-] Task b17446e5-8dac-4a68-8784-fb3c87e5bd50 | Context users@openstack cleanup() finished in 8.35 sec
2019-07-13 10:08:42.619 1842 INFO rally.task.engine [-] Load duration is: 17.536892
2019-07-13 10:08:42.619 1842 INFO rally.task.engine [-] Full runner duration is: 17.589226
2019-07-13 10:08:42.620 1842 INFO rally.task.engine [-] Full duration is: 42.311024
2019-07-13 10:08:42.828 1842 INFO rally.task.engine [-] Running workload: position = 0 config = { "version": 2, "title": "A cropped version of a bigger task.", "description": "Auto-generated task from a single workload (uuid=47681a10-cc26-414e-8172-ac0b034bef83)", "subtasks": [ { "title": "CinderVolumes.create_and_extend_volume", "description": "Create and extend a volume and then delete it.", "scenario": { "CinderVolumes.create_and_extend_volume": { "new_size": 2, "size": 1 } }, "contexts": { "users": { "tenants": 3, "users_per_tenant": 2 }, "quotas": { "cinder": { "gigabytes": -1, "snapshots": -1, "volumes": -1 } }, "api_versions": { "cinder": { "version": 3, "service_type": "volumev3" } } }, "runner": { "constant": { "concurrency": 4, "times": 10 } }, "hooks": [], "sla": { "failure_rate": { "max": 0 } } } ] }
2019-07-13 10:08:42.849 1842 RALLYDEBUG rally_openstack.contexts.keystone.users [-] Creating 3 tenants using 20 threads
2019-07-13 10:08:44.771 1842 RALLYDEBUG rally_openstack.contexts.keystone.users [-] Creating 6 users using 20 threads
2019-07-13 10:08:47.772 1842 INFO rally.task.context [-] Task b17446e5-8dac-4a68-8784-fb3c87e5bd50 | Context users@openstack setup() finished in 4.92 sec
2019-07-13 10:08:48.201 1842 INFO rally.task.context [-] Task b17446e5-8dac-4a68-8784-fb3c87e5bd50 | Context api_versions@openstack setup() finished in 0.43 sec
2019-07-13 10:08:49.860 1842 INFO rally.task.context [-] Task b17446e5-8dac-4a68-8784-fb3c87e5bd50 | Context quotas@openstack setup() finished in 1.66 sec
2019-07-13 10:08:49.861 1842 INFO rally.task.context [-] Task b17446e5-8dac-4a68-8784-fb3c87e5bd50 | Context cleanup@openstack setup() finished in 0.00 msec
2019-07-13 10:08:49.869 1842 RALLYDEBUG rally.task.runner [-] Starting the constant runner (task UUID: b17446e5-8dac-4a68-8784-fb3c87e5bd50). timeout: 0 concurrency: 4 concurrency_per_worker: 1 times: 10 concurrency_overhead: 0 processes_to_start: 4 max_cpu_used: 16
2019-07-13 10:08:49.878 4722 RALLYDEBUG rally.task.runner [-] Starting a worker. concurrency: 1 args: {"new_size": 2, "size": 1} times: 10 method_name: run timeout: 0 duration: None cls:
2019-07-13 10:08:49.882 4723 RALLYDEBUG rally.task.runner [-] Starting a worker. concurrency: 1 args: {"new_size": 2, "size": 1} times: 10 method_name: run timeout: 0 duration: None cls:
2019-07-13 10:08:49.883 4722 INFO rally.task.runner [-] Task b17446e5-8dac-4a68-8784-fb3c87e5bd50 | ITER: 1 START
2019-07-13 10:08:49.885 4724 RALLYDEBUG rally.task.runner [-] Starting a worker. concurrency: 1 args: {"new_size": 2, "size": 1} times: 10 method_name: run timeout: 0 duration: None cls:
2019-07-13 10:08:49.887 4723 INFO rally.task.runner [-] Task b17446e5-8dac-4a68-8784-fb3c87e5bd50 | ITER: 2 START
2019-07-13 10:08:49.892 4724 INFO rally.task.runner [-] Task b17446e5-8dac-4a68-8784-fb3c87e5bd50 | ITER: 3 START
2019-07-13 10:08:49.892 4725 RALLYDEBUG rally.task.runner [-] Starting a worker. concurrency: 1 args: {"new_size": 2, "size": 1} times: 10 method_name: run timeout: 0 duration: None cls:
2019-07-13 10:08:49.901 4725 INFO rally.task.runner [-] Task b17446e5-8dac-4a68-8784-fb3c87e5bd50 | ITER: 4 START
2019-07-13 10:08:55.173 4724 RALLYDEBUG rally.task.utils [-] Waiting for resource s_rally_47681a10_56czNPXo. Status changed: AVAILABLE => DELETING in 0.352416992188
2019-07-13 10:08:55.215 4722 RALLYDEBUG rally.task.utils [-] Waiting for resource s_rally_47681a10_ybC4q8q6. Status changed: AVAILABLE => DELETING in 0.250159978867
2019-07-13 10:08:55.248 4725 RALLYDEBUG rally.task.utils [-] Waiting for resource s_rally_47681a10_LXYzPdjG. Status changed: AVAILABLE => DELETING in 0.355833053589
2019-07-13 10:08:55.560 4723 RALLYDEBUG rally.task.utils [-] Waiting for resource s_rally_47681a10_n0D1Llwh. Status changed: AVAILABLE => DELETING in 0.374868869781
2019-07-13 10:08:57.210 4724 INFO rally.task.runner [-] Task b17446e5-8dac-4a68-8784-fb3c87e5bd50 | ITER: 3 END: OK
2019-07-13 10:08:57.215 4724 INFO rally.task.runner [-] Task b17446e5-8dac-4a68-8784-fb3c87e5bd50 | ITER: 5 START
2019-07-13 10:08:57.257 4722 INFO rally.task.runner [-] Task b17446e5-8dac-4a68-8784-fb3c87e5bd50 | ITER: 1 END: OK
2019-07-13 10:08:57.262 4722 INFO rally.task.runner [-] Task b17446e5-8dac-4a68-8784-fb3c87e5bd50 | ITER: 6 START
2019-07-13 10:08:57.286 4725 INFO rally.task.runner [-] Task b17446e5-8dac-4a68-8784-fb3c87e5bd50 | ITER: 4 END: OK
2019-07-13 10:08:57.291 4725 INFO rally.task.runner [-] Task b17446e5-8dac-4a68-8784-fb3c87e5bd50 | ITER: 7 START
2019-07-13 10:08:57.819 4723 INFO rally.task.runner [-] Task b17446e5-8dac-4a68-8784-fb3c87e5bd50 | ITER: 2 END: OK
2019-07-13 10:08:57.824 4723 INFO rally.task.runner [-] Task b17446e5-8dac-4a68-8784-fb3c87e5bd50 | ITER: 8 START
2019-07-13 10:09:01.457 4722 RALLYDEBUG rally.task.utils [-] Waiting for resource s_rally_47681a10_bqwNcsTb. Status changed: AVAILABLE => EXTENDING in 0.0566217899323
2019-07-13 10:09:01.938 4724 RALLYDEBUG rally.task.utils [-] Waiting for resource s_rally_47681a10_3YupGFGp. Status changed: AVAILABLE => DELETING in 0.070366859436
2019-07-13 10:09:02.129 4725 INFO rally.task.runner [-] Task b17446e5-8dac-4a68-8784-fb3c87e5bd50 | ITER: 7 END: OK
2019-07-13 10:09:02.134 4725 INFO rally.task.runner [-] Task b17446e5-8dac-4a68-8784-fb3c87e5bd50 | ITER: 9 START
2019-07-13 10:09:02.266 4723 RALLYDEBUG rally.task.utils [-] Waiting for resource s_rally_47681a10_uO6zR2Gs. Status changed: AVAILABLE => EXTENDING in 0.260876178741
2019-07-13 10:09:03.770 4722 RALLYDEBUG rally.task.utils [-] Waiting for resource s_rally_47681a10_bqwNcsTb. Status changed: EXTENDING => AVAILABLE in 2.31301808357
2019-07-13 10:09:04.115 4722 RALLYDEBUG rally.task.utils [-] Waiting for resource s_rally_47681a10_bqwNcsTb. Status changed: AVAILABLE => DELETING in 0.0551981925964
2019-07-13 10:09:04.273 4724 INFO rally.task.runner [-] Task b17446e5-8dac-4a68-8784-fb3c87e5bd50 | ITER: 5 END: OK
2019-07-13 10:09:04.279 4724 INFO rally.task.runner [-] Task b17446e5-8dac-4a68-8784-fb3c87e5bd50 | ITER: 10 START
2019-07-13 10:09:04.614 4723 RALLYDEBUG rally.task.utils [-] Waiting for resource s_rally_47681a10_uO6zR2Gs. Status changed: EXTENDING => AVAILABLE in 2.34841799736
2019-07-13 10:09:04.943 4723 INFO rally.task.runner [-] Task b17446e5-8dac-4a68-8784-fb3c87e5bd50 | ITER: 8 END: OK
2019-07-13 10:09:06.365 4722 INFO rally.task.runner [-] Task b17446e5-8dac-4a68-8784-fb3c87e5bd50 | ITER: 6 END: OK
2019-07-13 10:09:07.114 4725 INFO rally.task.runner [-] Task b17446e5-8dac-4a68-8784-fb3c87e5bd50 | ITER: 9 END: OK
2019-07-13 10:09:09.274 4724 INFO rally.task.runner [-] Task b17446e5-8dac-4a68-8784-fb3c87e5bd50 | ITER: 10 END: OK
2019-07-13 10:09:09.304 1842 INFO rally.task.context [-] Task b17446e5-8dac-4a68-8784-fb3c87e5bd50 | Context cleanup@openstack cleanup() started
2019-07-13 10:09:09.306 1842 RALLYDEBUG rally_openstack.cleanup.manager [-] Cleaning up cinder backups objects
2019-07-13 10:09:11.478 1842 RALLYDEBUG rally_openstack.cleanup.manager [-] Cleaning up cinder volume_snapshots objects
2019-07-13 10:09:13.575 1842 RALLYDEBUG rally_openstack.cleanup.manager [-] Cleaning up cinder transfers objects
2019-07-13 10:09:15.699 1842 RALLYDEBUG rally_openstack.cleanup.manager [-] Cleaning up cinder volumes objects
2019-07-13 10:09:17.905 1842 INFO rally.task.context [-] Task b17446e5-8dac-4a68-8784-fb3c87e5bd50 | Context cleanup@openstack cleanup() finished in 8.60 sec
2019-07-13 10:09:17.906 1842 INFO rally.task.context [-] Task b17446e5-8dac-4a68-8784-fb3c87e5bd50 | Context quotas@openstack cleanup() started
2019-07-13 10:09:18.997 1842 INFO rally.task.context [-] Task b17446e5-8dac-4a68-8784-fb3c87e5bd50 | Context quotas@openstack cleanup() finished in 1.09 sec
2019-07-13 10:09:18.998 1842 INFO rally.task.context [-] Task b17446e5-8dac-4a68-8784-fb3c87e5bd50 | Context api_versions@openstack cleanup() started
2019-07-13 10:09:18.998 1842 INFO rally.task.context [-] Task b17446e5-8dac-4a68-8784-fb3c87e5bd50 | Context api_versions@openstack cleanup() finished in 0.34 msec
2019-07-13 10:09:18.999 1842 INFO rally.task.context [-] Task b17446e5-8dac-4a68-8784-fb3c87e5bd50 | Context users@openstack cleanup() started
2019-07-13 10:09:27.549 1842 INFO rally.task.context [-] Task b17446e5-8dac-4a68-8784-fb3c87e5bd50 | Context users@openstack cleanup() finished in 8.55 sec
2019-07-13 10:09:29.034 1842 INFO rally.task.engine [-] Load duration is: 19.384281
2019-07-13 10:09:29.034 1842 INFO rally.task.engine [-] Full runner duration is: 19.434734
2019-07-13 10:09:29.034 1842 INFO rally.task.engine [-] Full duration is: 44.705053
