2019-07-13 09:38:43.885 7 RALLYDEBUG rally.api [-] INFO logs from urllib3 and requests module are hide.
2019-07-13 09:38:43.885 7 RALLYDEBUG rally.api [-] urllib3 insecure warnings are hidden.
2019-07-13 09:38:43.885 7 RALLYDEBUG rally.api [-] ERROR log from boto module is hide.
2019-07-13 09:38:45.129 7 ERROR rally.cli.cliutils [-] Unexpected exception in CLI: DBRecordNotFound: Record for uuid or name is opnfv-rally not found in table envs
2019-07-13 09:38:45.129 7 ERROR rally.cli.cliutils
Traceback (most recent call last):
2019-07-13 09:38:45.129 7 ERROR rally.cli.cliutils
File "/usr/lib/python2.7/site-packages/rally/cli/cliutils.py", line 674, in run
2019-07-13 09:38:45.129 7 ERROR rally.cli.cliutils ret = fn(*fn_args, **fn_kwargs)
2019-07-13 09:38:45.129 7 ERROR rally.cli.cliutils File "", line 2, in destroy
2019-07-13 09:38:45.129 7 ERROR rally.cli.cliutils
File "/usr/lib/python2.7/site-packages/rally/cli/envutils.py", line 69, in default_from_global
2019-07-13 09:38:45.129 7 ERROR rally.cli.cliutils return f(*args, **kwargs)
2019-07-13 09:38:45.129 7 ERROR rally.cli.cliutils File "", line 2, in destroy
2019-07-13 09:38:45.129 7 ERROR rally.cli.cliutils
File "/usr/lib/python2.7/site-packages/rally/plugins/__init__.py", line 51, in ensure_plugins_are_loaded
2019-07-13 09:38:45.129 7 ERROR rally.cli.cliutils return f(*args, **kwargs)
2019-07-13 09:38:45.129 7 ERROR rally.cli.cliutils
File "/usr/lib/python2.7/site-packages/rally/cli/commands/deployment.py", line 140, in destroy
2019-07-13 09:38:45.129 7 ERROR rally.cli.cliutils api.deployment.destroy(deployment=deployment)
2019-07-13 09:38:45.129 7 ERROR rally.cli.cliutils
File "/usr/lib/python2.7/site-packages/rally/api.py", line 115, in destroy
2019-07-13 09:38:45.129 7 ERROR rally.cli.cliutils deploy = objects.Deployment.get(deployment)
2019-07-13 09:38:45.129 7 ERROR rally.cli.cliutils
File "/usr/lib/python2.7/site-packages/rally/common/objects/deploy.py", line 124, in get
2019-07-13 09:38:45.129 7 ERROR rally.cli.cliutils return Deployment(env_mgr.EnvManager.get(deploy))
2019-07-13 09:38:45.129 7 ERROR rally.cli.cliutils
File "/usr/lib/python2.7/site-packages/rally/env/env_mgr.py", line 212, in get
2019-07-13 09:38:45.129 7 ERROR rally.cli.cliutils return cls(db.env_get(uuid_or_name))
2019-07-13 09:38:45.129 7 ERROR rally.cli.cliutils
File "/usr/lib/python2.7/site-packages/rally/common/db/api.py", line 135, in wrapper
2019-07-13 09:38:45.129 7 ERROR rally.cli.cliutils result = f(session, *args, **kwargs)
2019-07-13 09:38:45.129 7 ERROR rally.cli.cliutils
File "/usr/lib/python2.7/site-packages/rally/common/db/api.py", line 521, in env_get
2019-07-13 09:38:45.129 7 ERROR rally.cli.cliutils criteria="uuid or name is %s" % uuid_or_name, table="envs")
2019-07-13 09:38:45.129 7 ERROR rally.cli.cliutils DBRecordNotFound: Record for uuid or name is opnfv-rally not found in table envs
2019-07-13 09:38:45.129 7 ERROR rally.cli.cliutils
2019-07-13 09:38:45.872 9 RALLYDEBUG rally.api [-] INFO logs from urllib3 and requests module are hide.
2019-07-13 09:38:45.872 9 RALLYDEBUG rally.api [-] urllib3 insecure warnings are hidden.
2019-07-13 09:38:45.872 9 RALLYDEBUG rally.api [-] ERROR log from boto module is hide.
2019-07-13 09:38:47.111 9 WARNING rally_openstack.platforms.existing [-] endpoint is deprecated and not used.
2019-07-13 09:38:48.035 11 RALLYDEBUG rally.api [-] INFO logs from urllib3 and requests module are hide.
2019-07-13 09:38:48.036 11 RALLYDEBUG rally.api [-] urllib3 insecure warnings are hidden.
2019-07-13 09:38:48.036 11 RALLYDEBUG rally.api [-] ERROR log from boto module is hide.
2019-07-13 09:38:51.447 14 RALLYDEBUG rally.api [-] INFO logs from urllib3 and requests module are hide.
2019-07-13 09:38:51.447 14 RALLYDEBUG rally.api [-] urllib3 insecure warnings are hidden.
2019-07-13 09:38:51.447 14 RALLYDEBUG rally.api [-] ERROR log from boto module is hide.
2019-07-13 09:38:53.237 16 RALLYDEBUG rally.api [-] INFO logs from urllib3 and requests module are hide.
2019-07-13 09:38:53.238 16 RALLYDEBUG rally.api [-] urllib3 insecure warnings are hidden.
2019-07-13 09:38:53.238 16 RALLYDEBUG rally.api [-] ERROR log from boto module is hide.
2019-07-13 09:38:54.604 16 INFO rally.task.engine [-] Task 732f0f7c-dc47-4b54-838f-7316f852da02 | Starting: Task validation.
2019-07-13 09:38:54.636 16 INFO rally.task.engine [-] Task 732f0f7c-dc47-4b54-838f-7316f852da02 | Starting: Task validation of syntax.
2019-07-13 09:38:54.698 16 INFO rally.task.engine [-] Task 732f0f7c-dc47-4b54-838f-7316f852da02 | Completed: Task validation of syntax.
2019-07-13 09:38:54.699 16 INFO rally.task.engine [-] Task 732f0f7c-dc47-4b54-838f-7316f852da02 | Starting: Task validation of required platforms.
2019-07-13 09:38:54.735 16 INFO rally.task.engine [-] Task 732f0f7c-dc47-4b54-838f-7316f852da02 | Completed: Task validation of required platforms.
2019-07-13 09:38:54.736 16 INFO rally.task.engine [-] Task 732f0f7c-dc47-4b54-838f-7316f852da02 | Starting: Task validation of semantic.
2019-07-13 09:38:54.736 16 INFO rally.task.engine [-] Check health of the environment '50bd4601-1175-41dc-843f-6ac399f22f3d'.
2019-07-13 09:38:55.575 16 INFO rally.task.engine [-] Platform existing@openstack (available: True): OK!
2019-07-13 09:38:55.593 16 RALLYDEBUG rally_openstack.contexts.keystone.users [-] Creating 1 tenants using 20 threads
2019-07-13 09:38:57.423 16 RALLYDEBUG rally_openstack.contexts.keystone.users [-] Creating 1 users using 20 threads
2019-07-13 09:39:00.228 16 INFO rally.task.context [-] Task 732f0f7c-dc47-4b54-838f-7316f852da02 | Context users@openstack setup() finished in 4.64 sec
2019-07-13 09:39:00.275 16 INFO rally.task.context [-] Task 732f0f7c-dc47-4b54-838f-7316f852da02 | Context users@openstack cleanup() started
2019-07-13 09:39:05.901 16 INFO rally.task.context [-] Task 732f0f7c-dc47-4b54-838f-7316f852da02 | Context users@openstack cleanup() finished in 5.63 sec
2019-07-13 09:39:05.901 16 INFO rally.task.engine [-] Task 732f0f7c-dc47-4b54-838f-7316f852da02 | Completed: Task validation of semantic.
2019-07-13 09:39:05.902 16 INFO rally.task.engine [-] Task 732f0f7c-dc47-4b54-838f-7316f852da02 | Completed: Task validation.
2019-07-13 09:39:05.902 16 INFO rally.api [-] Task 732f0f7c-dc47-4b54-838f-7316f852da02 input file is valid.
2019-07-13 09:39:05.902 16 INFO rally.api [-] Run Task 732f0f7c-dc47-4b54-838f-7316f852da02 against Deployment 50bd4601-1175-41dc-843f-6ac399f22f3d
2019-07-13 09:39:05.902 16 INFO rally.task.engine [-] Task 732f0f7c-dc47-4b54-838f-7316f852da02 | Starting: Running task.
2019-07-13 09:39:06.023 16 INFO rally.task.engine [-] Running workload: position = 0 config = { "version": 2, "title": "A cropped version of a bigger task.", "description": "Auto-generated task from a single workload (uuid=4cec08ba-ae08-4ef5-b6ee-1f84b103999d)", "subtasks": [ { "title": "Authenticate.keystone", "description": "Check Keystone Client.", "scenario": { "Authenticate.keystone": {} }, "contexts": { "users": { "tenants": 3, "users_per_tenant": 2 } }, "runner": { "constant": { "concurrency": 4, "times": 10 } }, "hooks": [], "sla": { "failure_rate": { "max": 0 } } } ] }
2019-07-13 09:39:06.040 16 RALLYDEBUG rally_openstack.contexts.keystone.users [-] Creating 3 tenants using 20 threads
2019-07-13 09:39:07.853 16 RALLYDEBUG rally_openstack.contexts.keystone.users [-] Creating 6 users using 20 threads
2019-07-13 09:39:10.697 16 INFO rally.task.context [-] Task 732f0f7c-dc47-4b54-838f-7316f852da02 | Context users@openstack setup() finished in 4.66 sec
2019-07-13 09:39:10.704 16 RALLYDEBUG rally.task.runner [-] Starting the constant runner (task UUID: 732f0f7c-dc47-4b54-838f-7316f852da02). timeout: 0 concurrency: 4 concurrency_per_worker: 1 times: 10 concurrency_overhead: 0 processes_to_start: 4 max_cpu_used: 16
2019-07-13 09:39:10.718 140 RALLYDEBUG rally.task.runner [-] Starting a worker. concurrency: 1 args: {} times: 10 method_name: run timeout: 0 duration: None cls:
2019-07-13 09:39:10.720 141 RALLYDEBUG rally.task.runner [-] Starting a worker. concurrency: 1 args: {} times: 10 method_name: run timeout: 0 duration: None cls:
2019-07-13 09:39:10.724 140 INFO rally.task.runner [-] Task 732f0f7c-dc47-4b54-838f-7316f852da02 | ITER: 1 START
2019-07-13 09:39:10.724 142 RALLYDEBUG rally.task.runner [-] Starting a worker. concurrency: 1 args: {} times: 10 method_name: run timeout: 0 duration: None cls:
2019-07-13 09:39:10.725 141 INFO rally.task.runner [-] Task 732f0f7c-dc47-4b54-838f-7316f852da02 | ITER: 2 START
2019-07-13 09:39:10.727 143 RALLYDEBUG rally.task.runner [-] Starting a worker. concurrency: 1 args: {} times: 10 method_name: run timeout: 0 duration: None cls:
2019-07-13 09:39:10.730 142 INFO rally.task.runner [-] Task 732f0f7c-dc47-4b54-838f-7316f852da02 | ITER: 3 START
2019-07-13 09:39:10.733 143 INFO rally.task.runner [-] Task 732f0f7c-dc47-4b54-838f-7316f852da02 | ITER: 4 START
2019-07-13 09:39:11.318 143 INFO rally.task.runner [-] Task 732f0f7c-dc47-4b54-838f-7316f852da02 | ITER: 4 END: OK
2019-07-13 09:39:11.319 140 INFO rally.task.runner [-] Task 732f0f7c-dc47-4b54-838f-7316f852da02 | ITER: 1 END: OK
2019-07-13 09:39:11.323 143 INFO rally.task.runner [-] Task 732f0f7c-dc47-4b54-838f-7316f852da02 | ITER: 5 START
2019-07-13 09:39:11.324 140 INFO rally.task.runner [-] Task 732f0f7c-dc47-4b54-838f-7316f852da02 | ITER: 6 START
2019-07-13 09:39:11.334 141 INFO rally.task.runner [-] Task 732f0f7c-dc47-4b54-838f-7316f852da02 | ITER: 2 END: OK
2019-07-13 09:39:11.338 141 INFO rally.task.runner [-] Task 732f0f7c-dc47-4b54-838f-7316f852da02 | ITER: 7 START
2019-07-13 09:39:11.352 142 INFO rally.task.runner [-] Task 732f0f7c-dc47-4b54-838f-7316f852da02 | ITER: 3 END: OK
2019-07-13 09:39:11.356 142 INFO rally.task.runner [-] Task 732f0f7c-dc47-4b54-838f-7316f852da02 | ITER: 8 START
2019-07-13 09:39:11.916 143 INFO rally.task.runner [-] Task 732f0f7c-dc47-4b54-838f-7316f852da02 | ITER: 5 END: OK
2019-07-13 09:39:11.920 143 INFO rally.task.runner [-] Task 732f0f7c-dc47-4b54-838f-7316f852da02 | ITER: 9 START
2019-07-13 09:39:11.931 140 INFO rally.task.runner [-] Task 732f0f7c-dc47-4b54-838f-7316f852da02 | ITER: 6 END: OK
2019-07-13 09:39:11.934 140 INFO rally.task.runner [-] Task 732f0f7c-dc47-4b54-838f-7316f852da02 | ITER: 10 START
2019-07-13 09:39:11.954 141 INFO rally.task.runner [-] Task 732f0f7c-dc47-4b54-838f-7316f852da02 | ITER: 7 END: OK
2019-07-13 09:39:11.955 142 INFO rally.task.runner [-] Task 732f0f7c-dc47-4b54-838f-7316f852da02 | ITER: 8 END: OK
2019-07-13 09:39:12.527 143 INFO rally.task.runner [-] Task 732f0f7c-dc47-4b54-838f-7316f852da02 | ITER: 9 END: OK
2019-07-13 09:39:12.547 140 INFO rally.task.runner [-] Task 732f0f7c-dc47-4b54-838f-7316f852da02 | ITER: 10 END: OK
2019-07-13 09:39:12.573 16 INFO rally.task.context [-] Task 732f0f7c-dc47-4b54-838f-7316f852da02 | Context users@openstack cleanup() started
2019-07-13 09:39:22.068 16 INFO rally.task.context [-] Task 732f0f7c-dc47-4b54-838f-7316f852da02 | Context users@openstack cleanup() finished in 9.49 sec
2019-07-13 09:39:22.117 16 INFO rally.task.engine [-] Load duration is: 1.820821
2019-07-13 09:39:22.118 16 INFO rally.task.engine [-] Full runner duration is: 1.869418
2019-07-13 09:39:22.118 16 INFO rally.task.engine [-] Full duration is: 16.028782
2019-07-13 09:39:22.317 16 INFO rally.task.engine [-] Running workload: position = 0 config = { "version": 2, "title": "A cropped version of a bigger task.", "description": "Auto-generated task from a single workload (uuid=890cbda8-19e5-4318-9639-6744fb16c883)", "subtasks": [ { "title": "Authenticate.validate_cinder", "description": "Check Cinder Client to ensure validation of token.", "scenario": { "Authenticate.validate_cinder": { "repetitions": 2 } }, "contexts": { "users": { "tenants": 3, "users_per_tenant": 2 } }, "runner": { "constant": { "concurrency": 4, "times": 10 } }, "hooks": [], "sla": { "failure_rate": { "max": 0 } } } ] }
2019-07-13 09:39:22.338 16 RALLYDEBUG rally_openstack.contexts.keystone.users [-] Creating 3 tenants using 20 threads
2019-07-13 09:39:24.226 16 RALLYDEBUG rally_openstack.contexts.keystone.users [-] Creating 6 users using 20 threads
2019-07-13 09:39:26.983 16 INFO rally.task.context [-] Task 732f0f7c-dc47-4b54-838f-7316f852da02 | Context users@openstack setup() finished in 4.64 sec
2019-07-13 09:39:26.990 16 RALLYDEBUG rally.task.runner [-] Starting the constant runner (task UUID: 732f0f7c-dc47-4b54-838f-7316f852da02). timeout: 0 concurrency: 4 concurrency_per_worker: 1 times: 10 concurrency_overhead: 0 processes_to_start: 4 max_cpu_used: 16
2019-07-13 09:39:27.001 244 RALLYDEBUG rally.task.runner [-] Starting a worker. concurrency: 1 args: {"repetitions": 2} times: 10 method_name: run timeout: 0 duration: None cls:
2019-07-13 09:39:27.005 245 RALLYDEBUG rally.task.runner [-] Starting a worker. concurrency: 1 args: {"repetitions": 2} times: 10 method_name: run timeout: 0 duration: None cls:
2019-07-13 09:39:27.006 244 INFO rally.task.runner [-] Task 732f0f7c-dc47-4b54-838f-7316f852da02 | ITER: 1 START
2019-07-13 09:39:27.008 246 RALLYDEBUG rally.task.runner [-] Starting a worker. concurrency: 1 args: {"repetitions": 2} times: 10 method_name: run timeout: 0 duration: None cls:
2019-07-13 09:39:27.011 247 RALLYDEBUG rally.task.runner [-] Starting a worker. concurrency: 1 args: {"repetitions": 2} times: 10 method_name: run timeout: 0 duration: None cls:
2019-07-13 09:39:27.012 245 INFO rally.task.runner [-] Task 732f0f7c-dc47-4b54-838f-7316f852da02 | ITER: 2 START
2019-07-13 09:39:27.014 246 INFO rally.task.runner [-] Task 732f0f7c-dc47-4b54-838f-7316f852da02 | ITER: 3 START
2019-07-13 09:39:27.017 247 INFO rally.task.runner [-] Task 732f0f7c-dc47-4b54-838f-7316f852da02 | ITER: 4 START
2019-07-13 09:39:28.882 247 INFO rally.task.runner [-] Task 732f0f7c-dc47-4b54-838f-7316f852da02 | ITER: 4 END: OK
2019-07-13 09:39:28.884 245 INFO rally.task.runner [-] Task 732f0f7c-dc47-4b54-838f-7316f852da02 | ITER: 2 END: OK
2019-07-13 09:39:28.886 247 INFO rally.task.runner [-] Task 732f0f7c-dc47-4b54-838f-7316f852da02 | ITER: 5 START
2019-07-13 09:39:28.887 244 INFO rally.task.runner [-] Task 732f0f7c-dc47-4b54-838f-7316f852da02 | ITER: 1 END: OK
2019-07-13 09:39:28.887 245 INFO rally.task.runner [-] Task 732f0f7c-dc47-4b54-838f-7316f852da02 | ITER: 6 START
2019-07-13 09:39:28.891 244 INFO rally.task.runner [-] Task 732f0f7c-dc47-4b54-838f-7316f852da02 | ITER: 7 START
2019-07-13 09:39:28.942 246 INFO rally.task.runner [-] Task 732f0f7c-dc47-4b54-838f-7316f852da02 | ITER: 3 END: OK
2019-07-13 09:39:28.946 246 INFO rally.task.runner [-] Task 732f0f7c-dc47-4b54-838f-7316f852da02 | ITER: 8 START
2019-07-13 09:39:29.984 244 INFO rally.task.runner [-] Task 732f0f7c-dc47-4b54-838f-7316f852da02 | ITER: 7 END: OK
2019-07-13 09:39:29.988 244 INFO rally.task.runner [-] Task 732f0f7c-dc47-4b54-838f-7316f852da02 | ITER: 9 START
2019-07-13 09:39:30.742 247 INFO rally.task.runner [-] Task 732f0f7c-dc47-4b54-838f-7316f852da02 | ITER: 5 END: OK
2019-07-13 09:39:30.746 247 INFO rally.task.runner [-] Task 732f0f7c-dc47-4b54-838f-7316f852da02 | ITER: 10 START
2019-07-13 09:39:30.828 246 INFO rally.task.runner [-] Task 732f0f7c-dc47-4b54-838f-7316f852da02 | ITER: 8 END: OK
2019-07-13 09:39:30.844 245 INFO rally.task.runner [-] Task 732f0f7c-dc47-4b54-838f-7316f852da02 | ITER: 6 END: OK
2019-07-13 09:39:31.367 244 INFO rally.task.runner [-] Task 732f0f7c-dc47-4b54-838f-7316f852da02 | ITER: 9 END: OK
2019-07-13 09:39:32.636 247 INFO rally.task.runner [-] Task 732f0f7c-dc47-4b54-838f-7316f852da02 | ITER: 10 END: OK
2019-07-13 09:39:32.657 16 INFO rally.task.context [-] Task 732f0f7c-dc47-4b54-838f-7316f852da02 | Context users@openstack cleanup() started
2019-07-13 09:39:40.949 16 INFO rally.task.context [-] Task 732f0f7c-dc47-4b54-838f-7316f852da02 | Context users@openstack cleanup() finished in 8.29 sec
2019-07-13 09:39:42.427 16 INFO rally.task.engine [-] Load duration is: 5.62809
2019-07-13 09:39:42.427 16 INFO rally.task.engine [-] Full runner duration is: 5.667205
2019-07-13 09:39:42.428 16 INFO rally.task.engine [-] Full duration is: 18.613859
2019-07-13 09:39:42.657 16 INFO rally.task.engine [-] Running workload: position = 0 config = { "version": 2, "title": "A cropped version of a bigger task.", "description": "Auto-generated task from a single workload (uuid=cea46ef0-5bee-4e10-9991-5e70f8928e77)", "subtasks": [ { "title": "Authenticate.validate_glance", "description": "Check Glance Client to ensure validation of token.", "scenario": { "Authenticate.validate_glance": { "repetitions": 2 } }, "contexts": { "users": { "tenants": 3, "users_per_tenant": 2 } }, "runner": { "constant": { "concurrency": 4, "times": 10 } }, "hooks": [], "sla": { "failure_rate": { "max": 0 } } } ] }
2019-07-13 09:39:42.677 16 RALLYDEBUG rally_openstack.contexts.keystone.users [-] Creating 3 tenants using 20 threads
2019-07-13 09:39:44.643 16 RALLYDEBUG rally_openstack.contexts.keystone.users [-] Creating 6 users using 20 threads
2019-07-13 09:39:47.598 16 INFO rally.task.context [-] Task 732f0f7c-dc47-4b54-838f-7316f852da02 | Context users@openstack setup() finished in 4.92 sec
2019-07-13 09:39:47.605 16 RALLYDEBUG rally.task.runner [-] Starting the constant runner (task UUID: 732f0f7c-dc47-4b54-838f-7316f852da02). timeout: 0 concurrency: 4 concurrency_per_worker: 1 times: 10 concurrency_overhead: 0 processes_to_start: 4 max_cpu_used: 16
2019-07-13 09:39:47.616 348 RALLYDEBUG rally.task.runner [-] Starting a worker. concurrency: 1 args: {"repetitions": 2} times: 10 method_name: run timeout: 0 duration: None cls:
2019-07-13 09:39:47.619 349 RALLYDEBUG rally.task.runner [-] Starting a worker. concurrency: 1 args: {"repetitions": 2} times: 10 method_name: run timeout: 0 duration: None cls:
2019-07-13 09:39:47.622 348 INFO rally.task.runner [-] Task 732f0f7c-dc47-4b54-838f-7316f852da02 | ITER: 1 START
2019-07-13 09:39:47.623 350 RALLYDEBUG rally.task.runner [-] Starting a worker. concurrency: 1 args: {"repetitions": 2} times: 10 method_name: run timeout: 0 duration: None cls:
2019-07-13 09:39:47.626 349 INFO rally.task.runner [-] Task 732f0f7c-dc47-4b54-838f-7316f852da02 | ITER: 2 START
2019-07-13 09:39:47.626 351 RALLYDEBUG rally.task.runner [-] Starting a worker. concurrency: 1 args: {"repetitions": 2} times: 10 method_name: run timeout: 0 duration: None cls:
2019-07-13 09:39:47.629 350 INFO rally.task.runner [-] Task 732f0f7c-dc47-4b54-838f-7316f852da02 | ITER: 3 START
2019-07-13 09:39:47.630 351 INFO rally.task.runner [-] Task 732f0f7c-dc47-4b54-838f-7316f852da02 | ITER: 4 START
2019-07-13 09:39:48.978 348 INFO rally.task.runner [-] Task 732f0f7c-dc47-4b54-838f-7316f852da02 | ITER: 1 END: OK
2019-07-13 09:39:48.983 348 INFO rally.task.runner [-] Task 732f0f7c-dc47-4b54-838f-7316f852da02 | ITER: 5 START
2019-07-13 09:39:48.992 350 INFO rally.task.runner [-] Task 732f0f7c-dc47-4b54-838f-7316f852da02 | ITER: 3 END: OK
2019-07-13 09:39:48.996 350 INFO rally.task.runner [-] Task 732f0f7c-dc47-4b54-838f-7316f852da02 | ITER: 6 START
2019-07-13 09:39:49.128 349 INFO rally.task.runner [-] Task 732f0f7c-dc47-4b54-838f-7316f852da02 | ITER: 2 END: OK
2019-07-13 09:39:49.133 349 INFO rally.task.runner [-] Task 732f0f7c-dc47-4b54-838f-7316f852da02 | ITER: 7 START
2019-07-13 09:39:49.499 351 INFO rally.task.runner [-] Task 732f0f7c-dc47-4b54-838f-7316f852da02 | ITER: 4 END: OK
2019-07-13 09:39:49.504 351 INFO rally.task.runner [-] Task 732f0f7c-dc47-4b54-838f-7316f852da02 | ITER: 8 START
2019-07-13 09:39:50.112 348 INFO rally.task.runner [-] Task 732f0f7c-dc47-4b54-838f-7316f852da02 | ITER: 5 END: OK
2019-07-13 09:39:50.116 348 INFO rally.task.runner [-] Task 732f0f7c-dc47-4b54-838f-7316f852da02 | ITER: 9 START
2019-07-13 09:39:50.184 349 INFO rally.task.runner [-] Task 732f0f7c-dc47-4b54-838f-7316f852da02 | ITER: 7 END: OK
2019-07-13 09:39:50.188 349 INFO rally.task.runner [-] Task 732f0f7c-dc47-4b54-838f-7316f852da02 | ITER: 10 START
2019-07-13 09:39:50.603 350 INFO rally.task.runner [-] Task 732f0f7c-dc47-4b54-838f-7316f852da02 | ITER: 6 END: OK
2019-07-13 09:39:50.950 351 INFO rally.task.runner [-] Task 732f0f7c-dc47-4b54-838f-7316f852da02 | ITER: 8 END: OK
2019-07-13 09:39:51.132 348 INFO rally.task.runner [-] Task 732f0f7c-dc47-4b54-838f-7316f852da02 | ITER: 9 END: OK
2019-07-13 09:39:51.286 349 INFO rally.task.runner [-] Task 732f0f7c-dc47-4b54-838f-7316f852da02 | ITER: 10 END: OK
2019-07-13 09:39:51.310 16 INFO rally.task.context [-] Task 732f0f7c-dc47-4b54-838f-7316f852da02 | Context users@openstack cleanup() started
2019-07-13 09:40:01.201 16 INFO rally.task.context [-] Task 732f0f7c-dc47-4b54-838f-7316f852da02 | Context users@openstack cleanup() finished in 9.89 sec
2019-07-13 09:40:02.791 16 INFO rally.task.engine [-] Load duration is: 3.66238
2019-07-13 09:40:02.791 16 INFO rally.task.engine [-] Full runner duration is: 3.704624
2019-07-13 09:40:02.791 16 INFO rally.task.engine [-] Full duration is: 18.527063
2019-07-13 09:40:02.994 16 INFO rally.task.engine [-] Running workload: position = 0 config = { "version": 2, "title": "A cropped version of a bigger task.", "description": "Auto-generated task from a single workload (uuid=31ff3756-29e8-48e3-bc38-b3511253db9f)", "subtasks": [ { "title": "Authenticate.validate_heat", "description": "Check Heat Client to ensure validation of token.", "scenario": { "Authenticate.validate_heat": { "repetitions": 2 } }, "contexts": { "users": { "tenants": 3, "users_per_tenant": 2 } }, "runner": { "constant": { "concurrency": 4, "times": 10 } }, "hooks": [], "sla": { "failure_rate": { "max": 0 } } } ] }
2019-07-13 09:40:03.017 16 RALLYDEBUG rally_openstack.contexts.keystone.users [-] Creating 3 tenants using 20 threads
2019-07-13 09:40:04.895 16 RALLYDEBUG rally_openstack.contexts.keystone.users [-] Creating 6 users using 20 threads
2019-07-13 09:40:07.683 16 INFO rally.task.context [-] Task 732f0f7c-dc47-4b54-838f-7316f852da02 | Context users@openstack setup() finished in 4.67 sec
2019-07-13 09:40:07.690 16 RALLYDEBUG rally.task.runner [-] Starting the constant runner (task UUID: 732f0f7c-dc47-4b54-838f-7316f852da02). timeout: 0 concurrency: 4 concurrency_per_worker: 1 times: 10 concurrency_overhead: 0 processes_to_start: 4 max_cpu_used: 16
2019-07-13 09:40:07.701 452 RALLYDEBUG rally.task.runner [-] Starting a worker. concurrency: 1 args: {"repetitions": 2} times: 10 method_name: run timeout: 0 duration: None cls:
2019-07-13 09:40:07.706 453 RALLYDEBUG rally.task.runner [-] Starting a worker. concurrency: 1 args: {"repetitions": 2} times: 10 method_name: run timeout: 0 duration: None cls:
2019-07-13 09:40:07.706 452 INFO rally.task.runner [-] Task 732f0f7c-dc47-4b54-838f-7316f852da02 | ITER: 1 START
2019-07-13 09:40:07.709 456 RALLYDEBUG rally.task.runner [-] Starting a worker. concurrency: 1 args: {"repetitions": 2} times: 10 method_name: run timeout: 0 duration: None cls:
2019-07-13 09:40:07.709 454 RALLYDEBUG rally.task.runner [-] Starting a worker. concurrency: 1 args: {"repetitions": 2} times: 10 method_name: run timeout: 0 duration: None cls:
2019-07-13 09:40:07.712 453 INFO rally.task.runner [-] Task 732f0f7c-dc47-4b54-838f-7316f852da02 | ITER: 2 START
2019-07-13 09:40:07.713 456 INFO rally.task.runner [-] Task 732f0f7c-dc47-4b54-838f-7316f852da02 | ITER: 3 START
2019-07-13 09:40:07.716 454 INFO rally.task.runner [-] Task 732f0f7c-dc47-4b54-838f-7316f852da02 | ITER: 4 START
2019-07-13 09:40:09.601 456 INFO rally.task.runner [-] Task 732f0f7c-dc47-4b54-838f-7316f852da02 | ITER: 3 END: OK
2019-07-13 09:40:09.602 454 INFO rally.task.runner [-] Task 732f0f7c-dc47-4b54-838f-7316f852da02 | ITER: 4 END: OK
2019-07-13 09:40:09.605 453 INFO rally.task.runner [-] Task 732f0f7c-dc47-4b54-838f-7316f852da02 | ITER: 2 END: OK
2019-07-13 09:40:09.606 454 INFO rally.task.runner [-] Task 732f0f7c-dc47-4b54-838f-7316f852da02 | ITER: 6 START
2019-07-13 09:40:09.607 456 INFO rally.task.runner [-] Task 732f0f7c-dc47-4b54-838f-7316f852da02 | ITER: 5 START
2019-07-13 09:40:09.609 453 INFO rally.task.runner [-] Task 732f0f7c-dc47-4b54-838f-7316f852da02 | ITER: 7 START
2019-07-13 09:40:09.733 452 INFO rally.task.runner [-] Task 732f0f7c-dc47-4b54-838f-7316f852da02 | ITER: 1 END: OK
2019-07-13 09:40:09.737 452 INFO rally.task.runner [-] Task 732f0f7c-dc47-4b54-838f-7316f852da02 | ITER: 8 START
2019-07-13 09:40:11.192 453 INFO rally.task.runner [-] Task 732f0f7c-dc47-4b54-838f-7316f852da02 | ITER: 7 END: OK
2019-07-13 09:40:11.196 453 INFO rally.task.runner [-] Task 732f0f7c-dc47-4b54-838f-7316f852da02 | ITER: 9 START
2019-07-13 09:40:11.508 456 INFO rally.task.runner [-] Task 732f0f7c-dc47-4b54-838f-7316f852da02 | ITER: 5 END: OK
2019-07-13 09:40:11.512 456 INFO rally.task.runner [-] Task 732f0f7c-dc47-4b54-838f-7316f852da02 | ITER: 10 START
2019-07-13 09:40:11.530 452 INFO rally.task.runner [-] Task 732f0f7c-dc47-4b54-838f-7316f852da02 | ITER: 8 END: OK
2019-07-13 09:40:11.609 454 INFO rally.task.runner [-] Task 732f0f7c-dc47-4b54-838f-7316f852da02 | ITER: 6 END: OK
2019-07-13 09:40:12.609 456 INFO rally.task.runner [-] Task 732f0f7c-dc47-4b54-838f-7316f852da02 | ITER: 10 END: OK
2019-07-13 09:40:13.221 453 INFO rally.task.runner [-] Task 732f0f7c-dc47-4b54-838f-7316f852da02 | ITER: 9 END: OK
2019-07-13 09:40:13.243 16 INFO rally.task.context [-] Task 732f0f7c-dc47-4b54-838f-7316f852da02 | Context users@openstack cleanup() started
2019-07-13 09:40:21.883 16 INFO rally.task.context [-] Task 732f0f7c-dc47-4b54-838f-7316f852da02 | Context users@openstack cleanup() finished in 8.64 sec
2019-07-13 09:40:23.123 16 INFO rally.task.engine [-] Load duration is: 5.513579
2019-07-13 09:40:23.123 16 INFO rally.task.engine [-] Full runner duration is: 5.552778
2019-07-13 09:40:23.124 16 INFO rally.task.engine [-] Full duration is: 18.869624
2019-07-13 09:40:23.350 16 INFO rally.task.engine [-] Running workload: position = 0 config = { "version": 2, "title": "A cropped version of a bigger task.", "description": "Auto-generated task from a single workload (uuid=3d20a858-8a77-46d8-8d3c-82ce8e27463c)", "subtasks": [ { "title": "Authenticate.validate_neutron", "description": "Check Neutron Client to ensure validation of token.", "scenario": { "Authenticate.validate_neutron": { "repetitions": 2 } }, "contexts": { "users": { "tenants": 3, "users_per_tenant": 2 } }, "runner": { "constant": { "concurrency": 4, "times": 10 } }, "hooks": [], "sla": { "failure_rate": { "max": 0 } } } ] }
2019-07-13 09:40:23.368 16 RALLYDEBUG rally_openstack.contexts.keystone.users [-] Creating 3 tenants using 20 threads
2019-07-13 09:40:25.272 16 RALLYDEBUG rally_openstack.contexts.keystone.users [-] Creating 6 users using 20 threads
2019-07-13 09:40:28.102 16 INFO rally.task.context [-] Task 732f0f7c-dc47-4b54-838f-7316f852da02 | Context users@openstack setup() finished in 4.73 sec
2019-07-13 09:40:28.110 16 RALLYDEBUG rally.task.runner [-] Starting the constant runner (task UUID: 732f0f7c-dc47-4b54-838f-7316f852da02). timeout: 0 concurrency: 4 concurrency_per_worker: 1 times: 10 concurrency_overhead: 0 processes_to_start: 4 max_cpu_used: 16
2019-07-13 09:40:28.123 556 RALLYDEBUG rally.task.runner [-] Starting a worker. concurrency: 1 args: {"repetitions": 2} times: 10 method_name: run timeout: 0 duration: None cls:
2019-07-13 09:40:28.125 557 RALLYDEBUG rally.task.runner [-] Starting a worker. concurrency: 1 args: {"repetitions": 2} times: 10 method_name: run timeout: 0 duration: None cls:
2019-07-13 09:40:28.127 558 RALLYDEBUG rally.task.runner [-] Starting a worker. concurrency: 1 args: {"repetitions": 2} times: 10 method_name: run timeout: 0 duration: None cls:
2019-07-13 09:40:28.129 556 INFO rally.task.runner [-] Task 732f0f7c-dc47-4b54-838f-7316f852da02 | ITER: 1 START
2019-07-13 09:40:28.132 557 INFO rally.task.runner [-] Task 732f0f7c-dc47-4b54-838f-7316f852da02 | ITER: 2 START
2019-07-13 09:40:28.132 559 RALLYDEBUG rally.task.runner [-] Starting a worker. concurrency: 1 args: {"repetitions": 2} times: 10 method_name: run timeout: 0 duration: None cls:
2019-07-13 09:40:28.133 558 INFO rally.task.runner [-] Task 732f0f7c-dc47-4b54-838f-7316f852da02 | ITER: 3 START
2019-07-13 09:40:28.138 559 INFO rally.task.runner [-] Task 732f0f7c-dc47-4b54-838f-7316f852da02 | ITER: 4 START
2019-07-13 09:40:29.155 559 INFO rally.task.runner [-] Task 732f0f7c-dc47-4b54-838f-7316f852da02 | ITER: 4 END: OK
2019-07-13 09:40:29.160 559 INFO rally.task.runner [-] Task 732f0f7c-dc47-4b54-838f-7316f852da02 | ITER: 5 START
2019-07-13 09:40:29.367 556 INFO rally.task.runner [-] Task 732f0f7c-dc47-4b54-838f-7316f852da02 | ITER: 1 END: OK
2019-07-13 09:40:29.372 556 INFO rally.task.runner [-] Task 732f0f7c-dc47-4b54-838f-7316f852da02 | ITER: 6 START
2019-07-13 09:40:29.436 557 INFO rally.task.runner [-] Task 732f0f7c-dc47-4b54-838f-7316f852da02 | ITER: 2 END: OK
2019-07-13 09:40:29.440 557 INFO rally.task.runner [-] Task 732f0f7c-dc47-4b54-838f-7316f852da02 | ITER: 7 START
2019-07-13 09:40:29.605 558 INFO rally.task.runner [-] Task 732f0f7c-dc47-4b54-838f-7316f852da02 | ITER: 3 END: OK
2019-07-13 09:40:29.609 558 INFO rally.task.runner [-] Task 732f0f7c-dc47-4b54-838f-7316f852da02 | ITER: 8 START
2019-07-13 09:40:30.575 557 INFO rally.task.runner [-] Task 732f0f7c-dc47-4b54-838f-7316f852da02 | ITER: 7 END: OK
2019-07-13 09:40:30.579 557 INFO rally.task.runner [-] Task 732f0f7c-dc47-4b54-838f-7316f852da02 | ITER: 9 START
2019-07-13 09:40:30.583 558 INFO rally.task.runner [-] Task 732f0f7c-dc47-4b54-838f-7316f852da02 | ITER: 8 END: OK
2019-07-13 09:40:30.587 558 INFO rally.task.runner [-] Task 732f0f7c-dc47-4b54-838f-7316f852da02 | ITER: 10 START
2019-07-13 09:40:30.880 559 INFO rally.task.runner [-] Task 732f0f7c-dc47-4b54-838f-7316f852da02 | ITER: 5 END: OK
2019-07-13 09:40:30.949 556 INFO rally.task.runner [-] Task 732f0f7c-dc47-4b54-838f-7316f852da02 | ITER: 6 END: OK
2019-07-13 09:40:31.771 557 INFO rally.task.runner [-] Task 732f0f7c-dc47-4b54-838f-7316f852da02 | ITER: 9 END: OK
2019-07-13 09:40:32.144 558 INFO rally.task.runner [-] Task 732f0f7c-dc47-4b54-838f-7316f852da02 | ITER: 10 END: OK
2019-07-13 09:40:32.172 16 INFO rally.task.context [-] Task 732f0f7c-dc47-4b54-838f-7316f852da02 | Context users@openstack cleanup() started
2019-07-13 09:40:41.434 16 INFO rally.task.context [-] Task 732f0f7c-dc47-4b54-838f-7316f852da02 | Context users@openstack cleanup() finished in 9.26 sec
2019-07-13 09:40:41.500 16 INFO rally.task.engine [-] Load duration is: 4.013039
2019-07-13 09:40:41.501 16 INFO rally.task.engine [-] Full runner duration is: 4.062378
2019-07-13 09:40:41.501 16 INFO rally.task.engine [-] Full duration is: 18.068626
2019-07-13 09:40:41.711 16 INFO rally.task.engine [-] Running workload: position = 0 config = { "version": 2, "title": "A cropped version of a bigger task.", "description": "Auto-generated task from a single workload (uuid=fb1b92bc-faf9-4677-902c-32a158c56d67)", "subtasks": [ { "title": "Authenticate.validate_nova", "description": "Check Nova Client to ensure validation of token.", "scenario": { "Authenticate.validate_nova": { "repetitions": 2 } }, "contexts": { "users": { "tenants": 3, "users_per_tenant": 2 } }, "runner": { "constant": { "concurrency": 4, "times": 10 } }, "hooks": [], "sla": { "failure_rate": { "max": 0 } } } ] }
2019-07-13 09:40:41.731 16 RALLYDEBUG rally_openstack.contexts.keystone.users [-] Creating 3 tenants using 20 threads
2019-07-13 09:40:43.745 16 RALLYDEBUG rally_openstack.contexts.keystone.users [-] Creating 6 users using 20 threads
2019-07-13 09:40:46.659 16 INFO rally.task.context [-] Task 732f0f7c-dc47-4b54-838f-7316f852da02 | Context users@openstack setup() finished in 4.93 sec
2019-07-13 09:40:46.666 16 RALLYDEBUG rally.task.runner [-] Starting the constant runner (task UUID: 732f0f7c-dc47-4b54-838f-7316f852da02). timeout: 0 concurrency: 4 concurrency_per_worker: 1 times: 10 concurrency_overhead: 0 processes_to_start: 4 max_cpu_used: 16
2019-07-13 09:40:46.679 660 RALLYDEBUG rally.task.runner [-] Starting a worker. concurrency: 1 args: {"repetitions": 2} times: 10 method_name: run timeout: 0 duration: None cls:
2019-07-13 09:40:46.681 661 RALLYDEBUG rally.task.runner [-] Starting a worker. concurrency: 1 args: {"repetitions": 2} times: 10 method_name: run timeout: 0 duration: None cls:
2019-07-13 09:40:46.685 662 RALLYDEBUG rally.task.runner [-] Starting a worker. concurrency: 1 args: {"repetitions": 2} times: 10 method_name: run timeout: 0 duration: None cls:
2019-07-13 09:40:46.685 660 INFO rally.task.runner [-] Task 732f0f7c-dc47-4b54-838f-7316f852da02 | ITER: 1 START
2019-07-13 09:40:46.686 663 RALLYDEBUG rally.task.runner [-] Starting a worker. concurrency: 1 args: {"repetitions": 2} times: 10 method_name: run timeout: 0 duration: None cls:
2019-07-13 09:40:46.688 661 INFO rally.task.runner [-] Task 732f0f7c-dc47-4b54-838f-7316f852da02 | ITER: 2 START
2019-07-13 09:40:46.690 662 INFO rally.task.runner [-] Task 732f0f7c-dc47-4b54-838f-7316f852da02 | ITER: 3 START
2019-07-13 09:40:46.692 663 INFO rally.task.runner [-] Task 732f0f7c-dc47-4b54-838f-7316f852da02 | ITER: 4 START
2019-07-13 09:40:47.170 661 DEBUG novaclient.v2.client [-] REQ: curl -g -i -X GET http://172.30.9.24:8774/v2.1/flavors/detail -H "Accept: application/json" -H "User-Agent: python-novaclient" -H "X-Auth-Token: {SHA1}1932167af4838cc880275e6506ef17abc6bef82b" _http_log_request /usr/lib/python2.7/site-packages/keystoneauth1/session.py:448
2019-07-13 09:40:47.182 662 DEBUG novaclient.v2.client [-] REQ: curl -g -i -X GET http://172.30.9.24:8774/v2.1/flavors/detail -H "Accept: application/json" -H "User-Agent: python-novaclient" -H "X-Auth-Token: {SHA1}551ea2ac4eb548eddf63c60edb132b01ba222b07" _http_log_request /usr/lib/python2.7/site-packages/keystoneauth1/session.py:448
2019-07-13 09:40:47.183 660 DEBUG novaclient.v2.client [-] REQ: curl -g -i -X GET http://172.30.9.24:8774/v2.1/flavors/detail -H "Accept: application/json" -H "User-Agent: python-novaclient" -H "X-Auth-Token: {SHA1}d02f3db8d1b483056f577ac3b564ab7d39eadb79" _http_log_request /usr/lib/python2.7/site-packages/keystoneauth1/session.py:448
2019-07-13 09:40:47.291 663 DEBUG novaclient.v2.client [-] REQ: curl -g -i -X GET http://172.30.9.24:8774/v2.1/flavors/detail -H "Accept: application/json" -H "User-Agent: python-novaclient" -H "X-Auth-Token: {SHA1}2f82c144948c41f8802bdc7e7b25f8f05588442c" _http_log_request /usr/lib/python2.7/site-packages/keystoneauth1/session.py:448
2019-07-13 09:40:47.595 663 DEBUG novaclient.v2.client [-] RESP: [200] Content-Encoding: gzip Content-Length: 364 Content-Type: application/json Date: Sat, 13 Jul 2019 09:40:47 GMT OpenStack-API-Version: compute 2.1 Server: Apache Vary: OpenStack-API-Version,X-OpenStack-Nova-API-Version,Accept-Encoding X-OpenStack-Nova-API-Version: 2.1 x-compute-request-id: req-944a2328-15db-45f8-af40-696328927ab6 x-openstack-request-id: req-944a2328-15db-45f8-af40-696328927ab6 _http_log_response /usr/lib/python2.7/site-packages/keystoneauth1/session.py:479
2019-07-13 09:40:47.596 663 DEBUG novaclient.v2.client [-] RESP BODY: {"flavors": [{"name": "rally_full-flavor_5fac15f5-d8fd-44f1-b188-455bee1d9813", "links": [{"href": "http://172.30.9.24:8774/v2.1/flavors/a3afe608-12f5-478d-98d6-6f10a5a0ea2b", "rel": "self"}, {"href": "http://172.30.9.24:8774/flavors/a3afe608-12f5-478d-98d6-6f10a5a0ea2b", "rel": "bookmark"}], "ram": 512, "OS-FLV-DISABLED:disabled": false, "vcpus": 1, "swap": "", "os-flavor-access:is_public": true, "rxtx_factor": 1.0, "OS-FLV-EXT-DATA:ephemeral": 0, "disk": 1, "id": "a3afe608-12f5-478d-98d6-6f10a5a0ea2b"}, {"name": "rally_full-flavor_alt_5fac15f5-d8fd-44f1-b188-455bee1d9813", "links": [{"href": "http://172.30.9.24:8774/v2.1/flavors/dc3f23eb-316b-4a13-a703-375e6eb10822", "rel": "self"}, {"href": "http://172.30.9.24:8774/flavors/dc3f23eb-316b-4a13-a703-375e6eb10822", "rel": "bookmark"}], "ram": 1024, "OS-FLV-DISABLED:disabled": false, "vcpus": 1, "swap": "", "os-flavor-access:is_public": true, "rxtx_factor": 1.0, "OS-FLV-EXT-DATA:ephemeral": 0, "disk": 1, "id": "dc3f23eb-316b-4a13-a703-375e6eb10822"}]} _http_log_response /usr/lib/python2.7/site-packages/keystoneauth1/session.py:511
2019-07-13 09:40:47.596 663 DEBUG novaclient.v2.client [-] GET call to compute for http://172.30.9.24:8774/v2.1/flavors/detail used request id req-944a2328-15db-45f8-af40-696328927ab6 request /usr/lib/python2.7/site-packages/keystoneauth1/session.py:844
2019-07-13 09:40:47.598 663 DEBUG novaclient.v2.client [-] REQ: curl -g -i -X GET http://172.30.9.24:8774/v2.1/flavors/detail -H "Accept: application/json" -H "User-Agent: python-novaclient" -H "X-Auth-Token: {SHA1}2f82c144948c41f8802bdc7e7b25f8f05588442c" _http_log_request /usr/lib/python2.7/site-packages/keystoneauth1/session.py:448
2019-07-13 09:40:47.628 663 DEBUG novaclient.v2.client [-] RESP: [200] Content-Encoding: gzip Content-Length: 364 Content-Type: application/json Date: Sat, 13 Jul 2019 09:40:47 GMT OpenStack-API-Version: compute 2.1 Server: Apache Vary: OpenStack-API-Version,X-OpenStack-Nova-API-Version,Accept-Encoding X-OpenStack-Nova-API-Version: 2.1 x-compute-request-id: req-112b8039-03a7-4c5f-a829-1ef218b9563d x-openstack-request-id: req-112b8039-03a7-4c5f-a829-1ef218b9563d _http_log_response /usr/lib/python2.7/site-packages/keystoneauth1/session.py:479
2019-07-13 09:40:47.629 663 DEBUG novaclient.v2.client [-] RESP BODY: {"flavors": [{"name": "rally_full-flavor_5fac15f5-d8fd-44f1-b188-455bee1d9813", "links": [{"href": "http://172.30.9.24:8774/v2.1/flavors/a3afe608-12f5-478d-98d6-6f10a5a0ea2b", "rel": "self"}, {"href": "http://172.30.9.24:8774/flavors/a3afe608-12f5-478d-98d6-6f10a5a0ea2b", "rel": "bookmark"}], "ram": 512, "OS-FLV-DISABLED:disabled": false, "vcpus": 1, "swap": "", "os-flavor-access:is_public": true, "rxtx_factor": 1.0, "OS-FLV-EXT-DATA:ephemeral": 0, "disk": 1, "id": "a3afe608-12f5-478d-98d6-6f10a5a0ea2b"}, {"name": "rally_full-flavor_alt_5fac15f5-d8fd-44f1-b188-455bee1d9813", "links": [{"href": "http://172.30.9.24:8774/v2.1/flavors/dc3f23eb-316b-4a13-a703-375e6eb10822", "rel": "self"}, {"href": "http://172.30.9.24:8774/flavors/dc3f23eb-316b-4a13-a703-375e6eb10822", "rel": "bookmark"}], "ram": 1024, "OS-FLV-DISABLED:disabled": false, "vcpus": 1, "swap": "", "os-flavor-access:is_public": true, "rxtx_factor": 1.0, "OS-FLV-EXT-DATA:ephemeral": 0, "disk": 1, "id": "dc3f23eb-316b-4a13-a703-375e6eb10822"}]} _http_log_response /usr/lib/python2.7/site-packages/keystoneauth1/session.py:511
2019-07-13 09:40:47.629 663 DEBUG novaclient.v2.client [-] GET call to compute for http://172.30.9.24:8774/v2.1/flavors/detail used request id req-112b8039-03a7-4c5f-a829-1ef218b9563d request /usr/lib/python2.7/site-packages/keystoneauth1/session.py:844
2019-07-13 09:40:47.630 663 INFO rally.task.runner [-] Task 732f0f7c-dc47-4b54-838f-7316f852da02 | ITER: 4 END: OK
2019-07-13 09:40:47.633 663 INFO rally.task.runner [-] Task 732f0f7c-dc47-4b54-838f-7316f852da02 | ITER: 5 START
2019-07-13 09:40:47.888 662 DEBUG novaclient.v2.client [-] RESP: [200] Content-Encoding: gzip Content-Length: 364 Content-Type: application/json Date: Sat, 13 Jul 2019 09:40:47 GMT OpenStack-API-Version: compute 2.1 Server: Apache Vary: OpenStack-API-Version,X-OpenStack-Nova-API-Version,Accept-Encoding X-OpenStack-Nova-API-Version: 2.1 x-compute-request-id: req-7d4f522a-5a16-44d7-bcac-e8c51dd9e98b x-openstack-request-id: req-7d4f522a-5a16-44d7-bcac-e8c51dd9e98b _http_log_response /usr/lib/python2.7/site-packages/keystoneauth1/session.py:479
2019-07-13 09:40:47.889 662 DEBUG novaclient.v2.client [-] RESP BODY: {"flavors": [{"name": "rally_full-flavor_5fac15f5-d8fd-44f1-b188-455bee1d9813", "links": [{"href": "http://172.30.9.24:8774/v2.1/flavors/a3afe608-12f5-478d-98d6-6f10a5a0ea2b", "rel": "self"}, {"href": "http://172.30.9.24:8774/flavors/a3afe608-12f5-478d-98d6-6f10a5a0ea2b", "rel": "bookmark"}], "ram": 512, "OS-FLV-DISABLED:disabled": false, "vcpus": 1, "swap": "", "os-flavor-access:is_public": true, "rxtx_factor": 1.0, "OS-FLV-EXT-DATA:ephemeral": 0, "disk": 1, "id": "a3afe608-12f5-478d-98d6-6f10a5a0ea2b"}, {"name": "rally_full-flavor_alt_5fac15f5-d8fd-44f1-b188-455bee1d9813", "links": [{"href": "http://172.30.9.24:8774/v2.1/flavors/dc3f23eb-316b-4a13-a703-375e6eb10822", "rel": "self"}, {"href": "http://172.30.9.24:8774/flavors/dc3f23eb-316b-4a13-a703-375e6eb10822", "rel": "bookmark"}], "ram": 1024, "OS-FLV-DISABLED:disabled": false, "vcpus": 1, "swap": "", "os-flavor-access:is_public": true, "rxtx_factor": 1.0, "OS-FLV-EXT-DATA:ephemeral": 0, "disk": 1, "id": "dc3f23eb-316b-4a13-a703-375e6eb10822"}]} _http_log_response /usr/lib/python2.7/site-packages/keystoneauth1/session.py:511
2019-07-13 09:40:47.889 660 DEBUG novaclient.v2.client [-] RESP: [200] Content-Encoding: gzip Content-Length: 364 Content-Type: application/json Date: Sat, 13 Jul 2019 09:40:47 GMT OpenStack-API-Version: compute 2.1 Server: Apache Vary: OpenStack-API-Version,X-OpenStack-Nova-API-Version,Accept-Encoding X-OpenStack-Nova-API-Version: 2.1 x-compute-request-id: req-eaa6e49a-3f91-4a6b-8c67-477fce512f80 x-openstack-request-id: req-eaa6e49a-3f91-4a6b-8c67-477fce512f80 _http_log_response /usr/lib/python2.7/site-packages/keystoneauth1/session.py:479
2019-07-13 09:40:47.889 662 DEBUG novaclient.v2.client [-] GET call to compute for http://172.30.9.24:8774/v2.1/flavors/detail used request id req-7d4f522a-5a16-44d7-bcac-e8c51dd9e98b request /usr/lib/python2.7/site-packages/keystoneauth1/session.py:844
2019-07-13 09:40:47.890 660 DEBUG novaclient.v2.client [-] RESP BODY: {"flavors": [{"name": "rally_full-flavor_5fac15f5-d8fd-44f1-b188-455bee1d9813", "links": [{"href": "http://172.30.9.24:8774/v2.1/flavors/a3afe608-12f5-478d-98d6-6f10a5a0ea2b", "rel": "self"}, {"href": "http://172.30.9.24:8774/flavors/a3afe608-12f5-478d-98d6-6f10a5a0ea2b", "rel": "bookmark"}], "ram": 512, "OS-FLV-DISABLED:disabled": false, "vcpus": 1, "swap": "", "os-flavor-access:is_public": true, "rxtx_factor": 1.0, "OS-FLV-EXT-DATA:ephemeral": 0, "disk": 1, "id": "a3afe608-12f5-478d-98d6-6f10a5a0ea2b"}, {"name": "rally_full-flavor_alt_5fac15f5-d8fd-44f1-b188-455bee1d9813", "links": [{"href": "http://172.30.9.24:8774/v2.1/flavors/dc3f23eb-316b-4a13-a703-375e6eb10822", "rel": "self"}, {"href": "http://172.30.9.24:8774/flavors/dc3f23eb-316b-4a13-a703-375e6eb10822", "rel": "bookmark"}], "ram": 1024, "OS-FLV-DISABLED:disabled": false, "vcpus": 1, "swap": "", "os-flavor-access:is_public": true, "rxtx_factor": 1.0, "OS-FLV-EXT-DATA:ephemeral": 0, "disk": 1, "id": "dc3f23eb-316b-4a13-a703-375e6eb10822"}]} _http_log_response /usr/lib/python2.7/site-packages/keystoneauth1/session.py:511
2019-07-13 09:40:47.890 660 DEBUG novaclient.v2.client [-] GET call to compute for http://172.30.9.24:8774/v2.1/flavors/detail used request id req-eaa6e49a-3f91-4a6b-8c67-477fce512f80 request /usr/lib/python2.7/site-packages/keystoneauth1/session.py:844
2019-07-13 09:40:47.891 662 DEBUG novaclient.v2.client [-] REQ: curl -g -i -X GET http://172.30.9.24:8774/v2.1/flavors/detail -H "Accept: application/json" -H "User-Agent: python-novaclient" -H "X-Auth-Token: {SHA1}551ea2ac4eb548eddf63c60edb132b01ba222b07" _http_log_request /usr/lib/python2.7/site-packages/keystoneauth1/session.py:448
2019-07-13 09:40:47.892 660 DEBUG novaclient.v2.client [-] REQ: curl -g -i -X GET http://172.30.9.24:8774/v2.1/flavors/detail -H "Accept: application/json" -H "User-Agent: python-novaclient" -H "X-Auth-Token: {SHA1}d02f3db8d1b483056f577ac3b564ab7d39eadb79" _http_log_request /usr/lib/python2.7/site-packages/keystoneauth1/session.py:448
2019-07-13 09:40:47.913 660 DEBUG novaclient.v2.client [-] RESP: [200] Content-Encoding: gzip Content-Length: 364 Content-Type: application/json Date: Sat, 13 Jul 2019 09:40:47 GMT OpenStack-API-Version: compute 2.1 Server: Apache Vary: OpenStack-API-Version,X-OpenStack-Nova-API-Version,Accept-Encoding X-OpenStack-Nova-API-Version: 2.1 x-compute-request-id: req-2667bdb0-cf8d-408b-ba1d-bde0ffa35987 x-openstack-request-id: req-2667bdb0-cf8d-408b-ba1d-bde0ffa35987 _http_log_response /usr/lib/python2.7/site-packages/keystoneauth1/session.py:479
2019-07-13 09:40:47.914 660 DEBUG novaclient.v2.client [-] RESP BODY: {"flavors": [{"name": "rally_full-flavor_5fac15f5-d8fd-44f1-b188-455bee1d9813", "links": [{"href": "http://172.30.9.24:8774/v2.1/flavors/a3afe608-12f5-478d-98d6-6f10a5a0ea2b", "rel": "self"}, {"href": "http://172.30.9.24:8774/flavors/a3afe608-12f5-478d-98d6-6f10a5a0ea2b", "rel": "bookmark"}], "ram": 512, "OS-FLV-DISABLED:disabled": false, "vcpus": 1, "swap": "", "os-flavor-access:is_public": true, "rxtx_factor": 1.0, "OS-FLV-EXT-DATA:ephemeral": 0, "disk": 1, "id": "a3afe608-12f5-478d-98d6-6f10a5a0ea2b"}, {"name": "rally_full-flavor_alt_5fac15f5-d8fd-44f1-b188-455bee1d9813", "links": [{"href": "http://172.30.9.24:8774/v2.1/flavors/dc3f23eb-316b-4a13-a703-375e6eb10822", "rel": "self"}, {"href": "http://172.30.9.24:8774/flavors/dc3f23eb-316b-4a13-a703-375e6eb10822", "rel": "bookmark"}], "ram": 1024, "OS-FLV-DISABLED:disabled": false, "vcpus": 1, "swap": "", "os-flavor-access:is_public": true, "rxtx_factor": 1.0, "OS-FLV-EXT-DATA:ephemeral": 0, "disk": 1, "id": "dc3f23eb-316b-4a13-a703-375e6eb10822"}]} _http_log_response /usr/lib/python2.7/site-packages/keystoneauth1/session.py:511
2019-07-13 09:40:47.914 660 DEBUG novaclient.v2.client [-] GET call to compute for http://172.30.9.24:8774/v2.1/flavors/detail used request id req-2667bdb0-cf8d-408b-ba1d-bde0ffa35987 request /usr/lib/python2.7/site-packages/keystoneauth1/session.py:844
2019-07-13 09:40:47.915 660 INFO rally.task.runner [-] Task 732f0f7c-dc47-4b54-838f-7316f852da02 | ITER: 1 END: OK
2019-07-13 09:40:47.917 662 DEBUG novaclient.v2.client [-] RESP: [200] Content-Encoding: gzip Content-Length: 364 Content-Type: application/json Date: Sat, 13 Jul 2019 09:40:47 GMT OpenStack-API-Version: compute 2.1 Server: Apache Vary: OpenStack-API-Version,X-OpenStack-Nova-API-Version,Accept-Encoding X-OpenStack-Nova-API-Version: 2.1 x-compute-request-id: req-0bbeb6e5-08d8-4ae0-b572-9fe7c944249a x-openstack-request-id: req-0bbeb6e5-08d8-4ae0-b572-9fe7c944249a _http_log_response /usr/lib/python2.7/site-packages/keystoneauth1/session.py:479
2019-07-13 09:40:47.917 662 DEBUG novaclient.v2.client [-] RESP BODY: {"flavors": [{"name": "rally_full-flavor_5fac15f5-d8fd-44f1-b188-455bee1d9813", "links": [{"href": "http://172.30.9.24:8774/v2.1/flavors/a3afe608-12f5-478d-98d6-6f10a5a0ea2b", "rel": "self"}, {"href": "http://172.30.9.24:8774/flavors/a3afe608-12f5-478d-98d6-6f10a5a0ea2b", "rel": "bookmark"}], "ram": 512, "OS-FLV-DISABLED:disabled": false, "vcpus": 1, "swap": "", "os-flavor-access:is_public": true, "rxtx_factor": 1.0, "OS-FLV-EXT-DATA:ephemeral": 0, "disk": 1, "id": "a3afe608-12f5-478d-98d6-6f10a5a0ea2b"}, {"name": "rally_full-flavor_alt_5fac15f5-d8fd-44f1-b188-455bee1d9813", "links": [{"href": "http://172.30.9.24:8774/v2.1/flavors/dc3f23eb-316b-4a13-a703-375e6eb10822", "rel": "self"}, {"href": "http://172.30.9.24:8774/flavors/dc3f23eb-316b-4a13-a703-375e6eb10822", "rel": "bookmark"}], "ram": 1024, "OS-FLV-DISABLED:disabled": false, "vcpus": 1, "swap": "", "os-flavor-access:is_public": true, "rxtx_factor": 1.0, "OS-FLV-EXT-DATA:ephemeral": 0, "disk": 1, "id": "dc3f23eb-316b-4a13-a703-375e6eb10822"}]} _http_log_response /usr/lib/python2.7/site-packages/keystoneauth1/session.py:511
2019-07-13 09:40:47.918 662 DEBUG novaclient.v2.client [-] GET call to compute for http://172.30.9.24:8774/v2.1/flavors/detail used request id req-0bbeb6e5-08d8-4ae0-b572-9fe7c944249a request /usr/lib/python2.7/site-packages/keystoneauth1/session.py:844
2019-07-13 09:40:47.919 662 INFO rally.task.runner [-] Task 732f0f7c-dc47-4b54-838f-7316f852da02 | ITER: 3 END: OK
2019-07-13 09:40:47.919 660 INFO rally.task.runner [-] Task 732f0f7c-dc47-4b54-838f-7316f852da02 | ITER: 6 START
2019-07-13 09:40:47.923 662 INFO rally.task.runner [-] Task 732f0f7c-dc47-4b54-838f-7316f852da02 | ITER: 7 START
2019-07-13 09:40:47.928 661 DEBUG novaclient.v2.client [-] RESP: [200] Content-Encoding: gzip Content-Length: 364 Content-Type: application/json Date: Sat, 13 Jul 2019 09:40:47 GMT OpenStack-API-Version: compute 2.1 Server: Apache Vary: OpenStack-API-Version,X-OpenStack-Nova-API-Version,Accept-Encoding X-OpenStack-Nova-API-Version: 2.1 x-compute-request-id: req-c03ccfea-388d-4250-9c75-0d5d2189974a x-openstack-request-id: req-c03ccfea-388d-4250-9c75-0d5d2189974a _http_log_response /usr/lib/python2.7/site-packages/keystoneauth1/session.py:479
2019-07-13 09:40:47.929 661 DEBUG novaclient.v2.client [-] RESP BODY: {"flavors": [{"name": "rally_full-flavor_5fac15f5-d8fd-44f1-b188-455bee1d9813", "links": [{"href": "http://172.30.9.24:8774/v2.1/flavors/a3afe608-12f5-478d-98d6-6f10a5a0ea2b", "rel": "self"}, {"href": "http://172.30.9.24:8774/flavors/a3afe608-12f5-478d-98d6-6f10a5a0ea2b", "rel": "bookmark"}], "ram": 512, "OS-FLV-DISABLED:disabled": false, "vcpus": 1, "swap": "", "os-flavor-access:is_public": true, "rxtx_factor": 1.0, "OS-FLV-EXT-DATA:ephemeral": 0, "disk": 1, "id": "a3afe608-12f5-478d-98d6-6f10a5a0ea2b"}, {"name": "rally_full-flavor_alt_5fac15f5-d8fd-44f1-b188-455bee1d9813", "links": [{"href": "http://172.30.9.24:8774/v2.1/flavors/dc3f23eb-316b-4a13-a703-375e6eb10822", "rel": "self"}, {"href": "http://172.30.9.24:8774/flavors/dc3f23eb-316b-4a13-a703-375e6eb10822", "rel": "bookmark"}], "ram": 1024, "OS-FLV-DISABLED:disabled": false, "vcpus": 1, "swap": "", "os-flavor-access:is_public": true, "rxtx_factor": 1.0, "OS-FLV-EXT-DATA:ephemeral": 0, "disk": 1, "id": "dc3f23eb-316b-4a13-a703-375e6eb10822"}]} _http_log_response /usr/lib/python2.7/site-packages/keystoneauth1/session.py:511
2019-07-13 09:40:47.930 661 DEBUG novaclient.v2.client [-] GET call to compute for http://172.30.9.24:8774/v2.1/flavors/detail used request id req-c03ccfea-388d-4250-9c75-0d5d2189974a request /usr/lib/python2.7/site-packages/keystoneauth1/session.py:844
