2019-07-13 10:09:29.279 1842 INFO rally.task.engine [-] Running workload: position = 0 config = { "version": 2, "title": "A cropped version of a bigger task.", "description": "Auto-generated task from a single workload (uuid=2d5fac60-7b2a-4822-aea8-9087e4981cca)", "subtasks": [ { "title": "CinderVolumes.create_from_volume_and_delete_volume", "description": "Create volume from volume and then delete it.", "scenario": { "CinderVolumes.create_from_volume_and_delete_volume": { "size": 1 } }, "contexts": { "users": { "tenants": 3, "users_per_tenant": 2 }, "quotas": { "cinder": { "gigabytes": -1, "snapshots": -1, "volumes": -1 } }, "api_versions": { "cinder": { "version": 3, "service_type": "volumev3" } }, "volumes": { "size": 1, "volumes_per_tenant": 1 } }, "runner": { "constant": { "concurrency": 4, "times": 10 } }, "hooks": [], "sla": { "failure_rate": { "max": 0 } } } ] }
2019-07-13 10:09:29.304 1842 RALLYDEBUG rally_openstack.contexts.keystone.users [-] Creating 3 tenants using 20 threads
2019-07-13 10:09:31.280 1842 RALLYDEBUG rally_openstack.contexts.keystone.users [-] Creating 6 users using 20 threads
2019-07-13 10:09:34.198 1842 INFO rally.task.context [-] Task b17446e5-8dac-4a68-8784-fb3c87e5bd50 | Context users@openstack setup() finished in 4.89 sec
2019-07-13 10:09:34.626 1842 INFO rally.task.context [-] Task b17446e5-8dac-4a68-8784-fb3c87e5bd50 | Context api_versions@openstack setup() finished in 0.43 sec
2019-07-13 10:09:36.220 1842 INFO rally.task.context [-] Task b17446e5-8dac-4a68-8784-fb3c87e5bd50 | Context quotas@openstack setup() finished in 1.59 sec
2019-07-13 10:09:47.278 1842 INFO rally.task.context [-] Task b17446e5-8dac-4a68-8784-fb3c87e5bd50 | Context volumes@openstack setup() finished in 11.06 sec
2019-07-13 10:09:47.278 1842 INFO rally.task.context [-] Task b17446e5-8dac-4a68-8784-fb3c87e5bd50 | Context cleanup@openstack setup() finished in 0.01 msec
2019-07-13 10:09:47.286 1842 RALLYDEBUG rally.task.runner [-] Starting the constant runner (task UUID: b17446e5-8dac-4a68-8784-fb3c87e5bd50). timeout: 0 concurrency: 4 concurrency_per_worker: 1 times: 10 concurrency_overhead: 0 processes_to_start: 4 max_cpu_used: 16
2019-07-13 10:09:47.299 4906 RALLYDEBUG rally.task.runner [-] Starting a worker. concurrency: 1 args: {"size": 1} times: 10 method_name: run timeout: 0 duration: None cls:
2019-07-13 10:09:47.302 4907 RALLYDEBUG rally.task.runner [-] Starting a worker. concurrency: 1 args: {"size": 1} times: 10 method_name: run timeout: 0 duration: None cls:
2019-07-13 10:09:47.305 4908 RALLYDEBUG rally.task.runner [-] Starting a worker. concurrency: 1 args: {"size": 1} times: 10 method_name: run timeout: 0 duration: None cls:
2019-07-13 10:09:47.307 4906 INFO rally.task.runner [-] Task b17446e5-8dac-4a68-8784-fb3c87e5bd50 | ITER: 1 START
2019-07-13 10:09:47.308 4909 RALLYDEBUG rally.task.runner [-] Starting a worker. concurrency: 1 args: {"size": 1} times: 10 method_name: run timeout: 0 duration: None cls:
2019-07-13 10:09:47.310 4907 INFO rally.task.runner [-] Task b17446e5-8dac-4a68-8784-fb3c87e5bd50 | ITER: 2 START
2019-07-13 10:09:47.313 4908 INFO rally.task.runner [-] Task b17446e5-8dac-4a68-8784-fb3c87e5bd50 | ITER: 3 START
2019-07-13 10:09:47.316 4909 INFO rally.task.runner [-] Task b17446e5-8dac-4a68-8784-fb3c87e5bd50 | ITER: 4 START
2019-07-13 10:09:51.317 4908 RALLYDEBUG rally.task.utils [-] Waiting for resource s_rally_2d5fac60_6aFX9VA2. Status changed: CREATING => AVAILABLE in 0.717761039734
2019-07-13 10:09:51.633 4907 RALLYDEBUG rally.task.utils [-] Waiting for resource s_rally_2d5fac60_DJ5cTC8M. Status changed: AVAILABLE => DELETING in 0.33945608139
2019-07-13 10:09:51.865 4908 RALLYDEBUG rally.task.utils [-] Waiting for resource s_rally_2d5fac60_6aFX9VA2. Status changed: AVAILABLE => DELETING in 0.260789871216
2019-07-13 10:09:52.544 4909 RALLYDEBUG rally.task.utils [-] Waiting for resource s_rally_2d5fac60_anWwWFqH. Status changed: AVAILABLE => DELETING in 0.250838041306
2019-07-13 10:09:53.471 4906 RALLYDEBUG rally.task.utils [-] Waiting for resource s_rally_2d5fac60_P43UA6pv. Status changed: CREATING => AVAILABLE in 3.0476539135
2019-07-13 10:09:54.266 4906 RALLYDEBUG rally.task.utils [-] Waiting for resource s_rally_2d5fac60_P43UA6pv. Status changed: AVAILABLE => DELETING in 0.362713098526
2019-07-13 10:09:55.999 4907 INFO rally.task.runner [-] Task b17446e5-8dac-4a68-8784-fb3c87e5bd50 | ITER: 2 END: OK
2019-07-13 10:09:56.004 4907 INFO rally.task.runner [-] Task b17446e5-8dac-4a68-8784-fb3c87e5bd50 | ITER: 5 START
2019-07-13 10:09:56.931 4909 INFO rally.task.runner [-] Task b17446e5-8dac-4a68-8784-fb3c87e5bd50 | ITER: 4 END: OK
2019-07-13 10:09:56.936 4909 INFO rally.task.runner [-] Task b17446e5-8dac-4a68-8784-fb3c87e5bd50 | ITER: 6 START
2019-07-13 10:09:58.212 4908 INFO rally.task.runner [-] Task b17446e5-8dac-4a68-8784-fb3c87e5bd50 | ITER: 3 END: OK
2019-07-13 10:09:58.218 4908 INFO rally.task.runner [-] Task b17446e5-8dac-4a68-8784-fb3c87e5bd50 | ITER: 7 START
2019-07-13 10:09:58.895 4906 INFO rally.task.runner [-] Task b17446e5-8dac-4a68-8784-fb3c87e5bd50 | ITER: 1 END: OK
2019-07-13 10:09:58.900 4906 INFO rally.task.runner [-] Task b17446e5-8dac-4a68-8784-fb3c87e5bd50 | ITER: 8 START
2019-07-13 10:10:00.502 4907 RALLYDEBUG rally.task.utils [-] Waiting for resource s_rally_2d5fac60_zfNknFTm. Status changed: AVAILABLE => DELETING in 0.346153974533
2019-07-13 10:10:01.238 4909 RALLYDEBUG rally.task.utils [-] Waiting for resource s_rally_2d5fac60_EcE9bddG. Status changed: AVAILABLE => DELETING in 0.256649017334
2019-07-13 10:10:02.582 4908 RALLYDEBUG rally.task.utils [-] Waiting for resource s_rally_2d5fac60_w3Kjy275. Status changed: AVAILABLE => DELETING in 0.253699064255
2019-07-13 10:10:02.738 4907 INFO rally.task.runner [-] Task b17446e5-8dac-4a68-8784-fb3c87e5bd50 | ITER: 5 END: OK
2019-07-13 10:10:02.744 4907 INFO rally.task.runner [-] Task b17446e5-8dac-4a68-8784-fb3c87e5bd50 | ITER: 9 START
2019-07-13 10:10:03.333 4906 RALLYDEBUG rally.task.utils [-] Waiting for resource s_rally_2d5fac60_GSukoCaL. Status changed: AVAILABLE => DELETING in 0.333292007446
2019-07-13 10:10:03.560 4909 INFO rally.task.runner [-] Task b17446e5-8dac-4a68-8784-fb3c87e5bd50 | ITER: 6 END: OK
2019-07-13 10:10:03.564 4909 INFO rally.task.runner [-] Task b17446e5-8dac-4a68-8784-fb3c87e5bd50 | ITER: 10 START
2019-07-13 10:10:07.071 4908 INFO rally.task.runner [-] Task b17446e5-8dac-4a68-8784-fb3c87e5bd50 | ITER: 7 END: OK
2019-07-13 10:10:07.431 4906 INFO rally.task.runner [-] Task b17446e5-8dac-4a68-8784-fb3c87e5bd50 | ITER: 8 END: OK
2019-07-13 10:10:08.707 4907 RALLYDEBUG rally.task.utils [-] Waiting for resource s_rally_2d5fac60_ZBL0UV8s. Status changed: CREATING => AVAILABLE in 2.97421813011
2019-07-13 10:10:09.033 4907 RALLYDEBUG rally.task.utils [-] Waiting for resource s_rally_2d5fac60_ZBL0UV8s. Status changed: AVAILABLE => DELETING in 0.0572860240936
2019-07-13 10:10:09.214 4909 RALLYDEBUG rally.task.utils [-] Waiting for resource s_rally_2d5fac60_pRcvBG0L. Status changed: AVAILABLE => DELETING in 0.329146146774
2019-07-13 10:10:11.358 4907 INFO rally.task.runner [-] Task b17446e5-8dac-4a68-8784-fb3c87e5bd50 | ITER: 9 END: OK
2019-07-13 10:10:11.450 4909 INFO rally.task.runner [-] Task b17446e5-8dac-4a68-8784-fb3c87e5bd50 | ITER: 10 END: OK
2019-07-13 10:10:11.468 1842 INFO rally.task.context [-] Task b17446e5-8dac-4a68-8784-fb3c87e5bd50 | Context cleanup@openstack cleanup() started
2019-07-13 10:10:11.471 1842 RALLYDEBUG rally_openstack.cleanup.manager [-] Cleaning up cinder backups objects
2019-07-13 10:10:13.854 1842 RALLYDEBUG rally_openstack.cleanup.manager [-] Cleaning up cinder volume_snapshots objects
2019-07-13 10:10:16.022 1842 RALLYDEBUG rally_openstack.cleanup.manager [-] Cleaning up cinder transfers objects
2019-07-13 10:10:18.052 1842 RALLYDEBUG rally_openstack.cleanup.manager [-] Cleaning up cinder volumes objects
2019-07-13 10:10:20.308 1842 INFO rally.task.context [-] Task b17446e5-8dac-4a68-8784-fb3c87e5bd50 | Context cleanup@openstack cleanup() finished in 8.84 sec
2019-07-13 10:10:20.309 1842 INFO rally.task.context [-] Task b17446e5-8dac-4a68-8784-fb3c87e5bd50 | Context volumes@openstack cleanup() started
2019-07-13 10:10:20.309 1842 RALLYDEBUG rally_openstack.cleanup.manager [-] Cleaning up cinder volumes objects
2019-07-13 10:10:22.609 1842 RALLYDEBUG rally_openstack.cleanup.manager [-] Deleting cinder.volumes object c_rally_2d5fac60_BbszMXzM (77bb42f9-32ba-4ed5-92b1-3898e1701653)
2019-07-13 10:10:22.615 1842 RALLYDEBUG rally_openstack.cleanup.manager [-] Deleting cinder.volumes object c_rally_2d5fac60_AAcn8AYf (85070ab2-f2ec-44b2-80aa-2310e7b1116b)
2019-07-13 10:10:22.619 1842 RALLYDEBUG rally_openstack.cleanup.manager [-] Deleting cinder.volumes object c_rally_2d5fac60_gyNJd7AF (6a1dac38-9ac1-4160-bdac-563c8c22f149)
2019-07-13 10:10:26.073 1842 INFO rally.task.context [-] Task b17446e5-8dac-4a68-8784-fb3c87e5bd50 | Context volumes@openstack cleanup() finished in 5.76 sec
2019-07-13 10:10:26.074 1842 INFO rally.task.context [-] Task b17446e5-8dac-4a68-8784-fb3c87e5bd50 | Context quotas@openstack cleanup() started
2019-07-13 10:10:26.966 1842 INFO rally.task.context [-] Task b17446e5-8dac-4a68-8784-fb3c87e5bd50 | Context quotas@openstack cleanup() finished in 0.89 sec
2019-07-13 10:10:26.966 1842 INFO rally.task.context [-] Task b17446e5-8dac-4a68-8784-fb3c87e5bd50 | Context api_versions@openstack cleanup() started
2019-07-13 10:10:26.967 1842 INFO rally.task.context [-] Task b17446e5-8dac-4a68-8784-fb3c87e5bd50 | Context api_versions@openstack cleanup() finished in 0.32 msec
2019-07-13 10:10:26.967 1842 INFO rally.task.context [-] Task b17446e5-8dac-4a68-8784-fb3c87e5bd50 | Context users@openstack cleanup() started
2019-07-13 10:10:35.118 1842 INFO rally.task.context [-] Task b17446e5-8dac-4a68-8784-fb3c87e5bd50 | Context users@openstack cleanup() finished in 8.15 sec
2019-07-13 10:10:35.591 1842 INFO rally.task.engine [-] Load duration is: 24.138236
2019-07-13 10:10:35.592 1842 INFO rally.task.engine [-] Full runner duration is: 24.183115
2019-07-13 10:10:35.592 1842 INFO rally.task.engine [-] Full duration is: 65.817434
2019-07-13 10:10:35.836 1842 INFO rally.task.engine [-] Running workload: position = 0 config = { "version": 2, "title": "A cropped version of a bigger task.", "description": "Auto-generated task from a single workload (uuid=ccf43bf2-3a2d-431c-9fac-a97bbc722b0a)", "subtasks": [ { "title": "CinderQos.create_and_get_qos", "description": "Create a qos, then get details of the qos.", "scenario": { "CinderQos.create_and_get_qos": { "consumer": "both", "write_iops_sec": "10", "read_iops_sec": "1000" } }, "contexts": { "users": { "tenants": 3, "users_per_tenant": 2 }, "api_versions": { "cinder": { "version": 3, "service_type": "volumev3" } } }, "runner": { "constant": { "concurrency": 4, "times": 10 } }, "hooks": [], "sla": { "failure_rate": { "max": 0 } } } ] }
2019-07-13 10:10:35.862 1842 RALLYDEBUG rally_openstack.contexts.keystone.users [-] Creating 3 tenants using 20 threads
2019-07-13 10:10:37.759 1842 RALLYDEBUG rally_openstack.contexts.keystone.users [-] Creating 6 users using 20 threads
2019-07-13 10:10:40.553 1842 INFO rally.task.context [-] Task b17446e5-8dac-4a68-8784-fb3c87e5bd50 | Context users@openstack setup() finished in 4.69 sec
2019-07-13 10:10:40.990 1842 INFO rally.task.context [-] Task b17446e5-8dac-4a68-8784-fb3c87e5bd50 | Context api_versions@openstack setup() finished in 0.44 sec
2019-07-13 10:10:40.991 1842 INFO rally.task.context [-] Task b17446e5-8dac-4a68-8784-fb3c87e5bd50 | Context admin_cleanup@openstack setup() finished in 0.01 msec
2019-07-13 10:10:40.998 1842 RALLYDEBUG rally.task.runner [-] Starting the constant runner (task UUID: b17446e5-8dac-4a68-8784-fb3c87e5bd50). timeout: 0 concurrency: 4 concurrency_per_worker: 1 times: 10 concurrency_overhead: 0 processes_to_start: 4 max_cpu_used: 16
2019-07-13 10:10:41.011 5110 RALLYDEBUG rally.task.runner [-] Starting a worker. concurrency: 1 args: {"consumer": "both", "write_iops_sec": "10", "read_iops_sec": "1000"} times: 10 method_name: run timeout: 0 duration: None cls:
2019-07-13 10:10:41.012 5111 RALLYDEBUG rally.task.runner [-] Starting a worker. concurrency: 1 args: {"consumer": "both", "write_iops_sec": "10", "read_iops_sec": "1000"} times: 10 method_name: run timeout: 0 duration: None cls:
2019-07-13 10:10:41.016 5112 RALLYDEBUG rally.task.runner [-] Starting a worker. concurrency: 1 args: {"consumer": "both", "write_iops_sec": "10", "read_iops_sec": "1000"} times: 10 method_name: run timeout: 0 duration: None cls:
2019-07-13 10:10:41.018 5110 INFO rally.task.runner [-] Task b17446e5-8dac-4a68-8784-fb3c87e5bd50 | ITER: 1 START
2019-07-13 10:10:41.018 5111 INFO rally.task.runner [-] Task b17446e5-8dac-4a68-8784-fb3c87e5bd50 | ITER: 2 START
2019-07-13 10:10:41.020 5113 RALLYDEBUG rally.task.runner [-] Starting a worker. concurrency: 1 args: {"consumer": "both", "write_iops_sec": "10", "read_iops_sec": "1000"} times: 10 method_name: run timeout: 0 duration: None cls:
2019-07-13 10:10:41.023 5112 INFO rally.task.runner [-] Task b17446e5-8dac-4a68-8784-fb3c87e5bd50 | ITER: 3 START
2019-07-13 10:10:41.027 5113 INFO rally.task.runner [-] Task b17446e5-8dac-4a68-8784-fb3c87e5bd50 | ITER: 4 START
2019-07-13 10:10:42.103 5110 INFO rally.task.runner [-] Task b17446e5-8dac-4a68-8784-fb3c87e5bd50 | ITER: 1 END: OK
2019-07-13 10:10:42.104 5113 INFO rally.task.runner [-] Task b17446e5-8dac-4a68-8784-fb3c87e5bd50 | ITER: 4 END: OK
2019-07-13 10:10:42.108 5110 INFO rally.task.runner [-] Task b17446e5-8dac-4a68-8784-fb3c87e5bd50 | ITER: 5 START
2019-07-13 10:10:42.109 5113 INFO rally.task.runner [-] Task b17446e5-8dac-4a68-8784-fb3c87e5bd50 | ITER: 6 START
2019-07-13 10:10:42.143 5111 INFO rally.task.runner [-] Task b17446e5-8dac-4a68-8784-fb3c87e5bd50 | ITER: 2 END: OK
2019-07-13 10:10:42.148 5111 INFO rally.task.runner [-] Task b17446e5-8dac-4a68-8784-fb3c87e5bd50 | ITER: 7 START
2019-07-13 10:10:42.218 5112 INFO rally.task.runner [-] Task b17446e5-8dac-4a68-8784-fb3c87e5bd50 | ITER: 3 END: OK
2019-07-13 10:10:42.223 5112 INFO rally.task.runner [-] Task b17446e5-8dac-4a68-8784-fb3c87e5bd50 | ITER: 8 START
2019-07-13 10:10:43.143 5113 INFO rally.task.runner [-] Task b17446e5-8dac-4a68-8784-fb3c87e5bd50 | ITER: 6 END: OK
2019-07-13 10:10:43.143 5110 INFO rally.task.runner [-] Task b17446e5-8dac-4a68-8784-fb3c87e5bd50 | ITER: 5 END: OK
2019-07-13 10:10:43.147 5113 INFO rally.task.runner [-] Task b17446e5-8dac-4a68-8784-fb3c87e5bd50 | ITER: 9 START
2019-07-13 10:10:43.150 5110 INFO rally.task.runner [-] Task b17446e5-8dac-4a68-8784-fb3c87e5bd50 | ITER: 10 START
2019-07-13 10:10:43.198 5112 INFO rally.task.runner [-] Task b17446e5-8dac-4a68-8784-fb3c87e5bd50 | ITER: 8 END: OK
2019-07-13 10:10:43.281 5111 INFO rally.task.runner [-] Task b17446e5-8dac-4a68-8784-fb3c87e5bd50 | ITER: 7 END: OK
2019-07-13 10:10:44.040 5110 INFO rally.task.runner [-] Task b17446e5-8dac-4a68-8784-fb3c87e5bd50 | ITER: 10 END: OK
2019-07-13 10:10:44.136 5113 INFO rally.task.runner [-] Task b17446e5-8dac-4a68-8784-fb3c87e5bd50 | ITER: 9 END: OK
2019-07-13 10:10:44.156 1842 INFO rally.task.context [-] Task b17446e5-8dac-4a68-8784-fb3c87e5bd50 | Context admin_cleanup@openstack cleanup() started
2019-07-13 10:10:44.159 1842 RALLYDEBUG rally_openstack.cleanup.manager [-] Cleaning up cinder volume_types objects
2019-07-13 10:10:44.843 1842 RALLYDEBUG rally_openstack.cleanup.manager [-] Cleaning up cinder image_volumes_cache objects
2019-07-13 10:10:46.236 1842 RALLYDEBUG rally_openstack.cleanup.manager [-] Cleaning up cinder quotas objects
2019-07-13 10:10:48.056 1842 RALLYDEBUG rally_openstack.cleanup.manager [-] Cleaning up cinder qos_specs objects
2019-07-13 10:10:48.809 1842 RALLYDEBUG rally_openstack.cleanup.manager [-] Deleting cinder.qos_specs object s_rally_ccf43bf2_n2RzSSAC (a16a5203-c968-43c7-8ce2-9024b82071e7)
2019-07-13 10:10:48.813 1842 RALLYDEBUG rally_openstack.cleanup.manager [-] Deleting cinder.qos_specs object s_rally_ccf43bf2_5SVY0VS3 (44e8b822-59f5-4713-bb6f-3b4a03fc74cb)
2019-07-13 10:10:48.825 1842 RALLYDEBUG rally_openstack.cleanup.manager [-] Deleting cinder.qos_specs object s_rally_ccf43bf2_GCQgJcj2 (e7c649f2-ae0d-4ed8-85bc-15092fedf18f)
2019-07-13 10:10:48.833 1842 RALLYDEBUG rally_openstack.cleanup.manager [-] Deleting cinder.qos_specs object s_rally_ccf43bf2_xqunmg4X (e0abeb11-f88b-471d-a0a0-7c853d565a2e)
2019-07-13 10:10:48.836 1842 RALLYDEBUG rally_openstack.cleanup.manager [-] Deleting cinder.qos_specs object s_rally_ccf43bf2_DZAw8SHy (d3d6b87d-1fad-4b4a-b8d7-98f2334edf45)
2019-07-13 10:10:48.841 1842 RALLYDEBUG rally_openstack.cleanup.manager [-] Deleting cinder.qos_specs object s_rally_ccf43bf2_ewOosdR0 (59e8ce0f-fb3a-4309-b1fb-e6f7b7e7b777)
2019-07-13 10:10:48.848 1842 RALLYDEBUG rally_openstack.cleanup.manager [-] Deleting cinder.qos_specs object s_rally_ccf43bf2_Gl7damC2 (682601c8-28e2-457f-8de3-cdf4aed6d3e6)
2019-07-13 10:10:48.860 1842 RALLYDEBUG rally_openstack.cleanup.manager [-] Deleting cinder.qos_specs object s_rally_ccf43bf2_UwauqLKU (5cc5f0e1-38b3-4320-91ce-65eb8c489386)
2019-07-13 10:10:48.873 1842 RALLYDEBUG rally_openstack.cleanup.manager [-] Deleting cinder.qos_specs object s_rally_ccf43bf2_oEfP2cQY (3b338916-8a19-49e1-b095-e4fe77e3eb7a)
2019-07-13 10:10:48.892 1842 RALLYDEBUG rally_openstack.cleanup.manager [-] Deleting cinder.qos_specs object s_rally_ccf43bf2_9lH9c3NI (2bf475dc-f587-443e-a11e-a9d07a947e23)
2019-07-13 10:10:51.218 1842 INFO rally.task.context [-] Task b17446e5-8dac-4a68-8784-fb3c87e5bd50 | Context admin_cleanup@openstack cleanup() finished in 7.06 sec
2019-07-13 10:10:51.219 1842 INFO rally.task.context [-] Task b17446e5-8dac-4a68-8784-fb3c87e5bd50 | Context api_versions@openstack cleanup() started
2019-07-13 10:10:51.219 1842 INFO rally.task.context [-] Task b17446e5-8dac-4a68-8784-fb3c87e5bd50 | Context api_versions@openstack cleanup() finished in 0.35 msec
2019-07-13 10:10:51.220 1842 INFO rally.task.context [-] Task b17446e5-8dac-4a68-8784-fb3c87e5bd50 | Context users@openstack cleanup() started
2019-07-13 10:10:59.668 1842 INFO rally.task.context [-] Task b17446e5-8dac-4a68-8784-fb3c87e5bd50 | Context users@openstack cleanup() finished in 8.45 sec
2019-07-13 10:10:59.990 1842 INFO rally.task.engine [-] Load duration is: 3.114757
2019-07-13 10:10:59.990 1842 INFO rally.task.engine [-] Full runner duration is: 3.159073
2019-07-13 10:10:59.991 1842 INFO rally.task.engine [-] Full duration is: 23.809561
2019-07-13 10:11:00.327 1842 INFO rally.task.engine [-] Running workload: position = 0 config = { "version": 2, "title": "A cropped version of a bigger task.", "description": "Auto-generated task from a single workload (uuid=fa5c555d-4a21-43c5-88d5-55915250548e)", "subtasks": [ { "title": "CinderQos.create_and_list_qos", "description": "Create a qos, then list all qos.", "scenario": { "CinderQos.create_and_list_qos": { "consumer": "both", "write_iops_sec": "10", "read_iops_sec": "1000" } }, "contexts": { "users": { "tenants": 3, "users_per_tenant": 2 }, "api_versions": { "cinder": { "version": 3, "service_type": "volumev3" } } }, "runner": { "constant": { "concurrency": 4, "times": 10 } }, "hooks": [], "sla": { "failure_rate": { "max": 0 } } } ] }
2019-07-13 10:11:00.350 1842 RALLYDEBUG rally_openstack.contexts.keystone.users [-] Creating 3 tenants using 20 threads
2019-07-13 10:11:02.155 1842 RALLYDEBUG rally_openstack.contexts.keystone.users [-] Creating 6 users using 20 threads
2019-07-13 10:11:05.147 1842 INFO rally.task.context [-] Task b17446e5-8dac-4a68-8784-fb3c87e5bd50 | Context users@openstack setup() finished in 4.80 sec
2019-07-13 10:11:05.583 1842 INFO rally.task.context [-] Task b17446e5-8dac-4a68-8784-fb3c87e5bd50 | Context api_versions@openstack setup() finished in 0.44 sec
2019-07-13 10:11:05.584 1842 INFO rally.task.context [-] Task b17446e5-8dac-4a68-8784-fb3c87e5bd50 | Context admin_cleanup@openstack setup() finished in 0.01 msec
2019-07-13 10:11:05.591 1842 RALLYDEBUG rally.task.runner [-] Starting the constant runner (task UUID: b17446e5-8dac-4a68-8784-fb3c87e5bd50). timeout: 0 concurrency: 4 concurrency_per_worker: 1 times: 10 concurrency_overhead: 0 processes_to_start: 4 max_cpu_used: 16
2019-07-13 10:11:05.604 5294 RALLYDEBUG rally.task.runner [-] Starting a worker. concurrency: 1 args: {"consumer": "both", "write_iops_sec": "10", "read_iops_sec": "1000"} times: 10 method_name: run timeout: 0 duration: None cls:
2019-07-13 10:11:05.607 5295 RALLYDEBUG rally.task.runner [-] Starting a worker. concurrency: 1 args: {"consumer": "both", "write_iops_sec": "10", "read_iops_sec": "1000"} times: 10 method_name: run timeout: 0 duration: None cls:
2019-07-13 10:11:05.609 5296 RALLYDEBUG rally.task.runner [-] Starting a worker. concurrency: 1 args: {"consumer": "both", "write_iops_sec": "10", "read_iops_sec": "1000"} times: 10 method_name: run timeout: 0 duration: None cls:
2019-07-13 10:11:05.612 5294 INFO rally.task.runner [-] Task b17446e5-8dac-4a68-8784-fb3c87e5bd50 | ITER: 1 START
2019-07-13 10:11:05.612 5297 RALLYDEBUG rally.task.runner [-] Starting a worker. concurrency: 1 args: {"consumer": "both", "write_iops_sec": "10", "read_iops_sec": "1000"} times: 10 method_name: run timeout: 0 duration: None cls:
2019-07-13 10:11:05.616 5295 INFO rally.task.runner [-] Task b17446e5-8dac-4a68-8784-fb3c87e5bd50 | ITER: 2 START
2019-07-13 10:11:05.617 5296 INFO rally.task.runner [-] Task b17446e5-8dac-4a68-8784-fb3c87e5bd50 | ITER: 3 START
2019-07-13 10:11:05.620 5297 INFO rally.task.runner [-] Task b17446e5-8dac-4a68-8784-fb3c87e5bd50 | ITER: 4 START
2019-07-13 10:11:06.680 5295 INFO rally.task.runner [-] Task b17446e5-8dac-4a68-8784-fb3c87e5bd50 | ITER: 2 END: OK
2019-07-13 10:11:06.685 5295 INFO rally.task.runner [-] Task b17446e5-8dac-4a68-8784-fb3c87e5bd50 | ITER: 5 START
2019-07-13 10:11:06.695 5294 INFO rally.task.runner [-] Task b17446e5-8dac-4a68-8784-fb3c87e5bd50 | ITER: 1 END: OK
2019-07-13 10:11:06.700 5294 INFO rally.task.runner [-] Task b17446e5-8dac-4a68-8784-fb3c87e5bd50 | ITER: 6 START
2019-07-13 10:11:06.736 5296 INFO rally.task.runner [-] Task b17446e5-8dac-4a68-8784-fb3c87e5bd50 | ITER: 3 END: OK
2019-07-13 10:11:06.741 5296 INFO rally.task.runner [-] Task b17446e5-8dac-4a68-8784-fb3c87e5bd50 | ITER: 7 START
2019-07-13 10:11:06.756 5297 INFO rally.task.runner [-] Task b17446e5-8dac-4a68-8784-fb3c87e5bd50 | ITER: 4 END: OK
2019-07-13 10:11:06.761 5297 INFO rally.task.runner [-] Task b17446e5-8dac-4a68-8784-fb3c87e5bd50 | ITER: 8 START
2019-07-13 10:11:07.759 5294 INFO rally.task.runner [-] Task b17446e5-8dac-4a68-8784-fb3c87e5bd50 | ITER: 6 END: OK
2019-07-13 10:11:07.764 5294 INFO rally.task.runner [-] Task b17446e5-8dac-4a68-8784-fb3c87e5bd50 | ITER: 9 START
2019-07-13 10:11:07.776 5295 INFO rally.task.runner [-] Task b17446e5-8dac-4a68-8784-fb3c87e5bd50 | ITER: 5 END: OK
2019-07-13 10:11:07.781 5295 INFO rally.task.runner [-] Task b17446e5-8dac-4a68-8784-fb3c87e5bd50 | ITER: 10 START
2019-07-13 10:11:07.852 5296 INFO rally.task.runner [-] Task b17446e5-8dac-4a68-8784-fb3c87e5bd50 | ITER: 7 END: OK
2019-07-13 10:11:08.026 5297 INFO rally.task.runner [-] Task b17446e5-8dac-4a68-8784-fb3c87e5bd50 | ITER: 8 END: OK
2019-07-13 10:11:08.810 5295 INFO rally.task.runner [-] Task b17446e5-8dac-4a68-8784-fb3c87e5bd50 | ITER: 10 END: OK
2019-07-13 10:11:08.810 5294 INFO rally.task.runner [-] Task b17446e5-8dac-4a68-8784-fb3c87e5bd50 | ITER: 9 END: OK
2019-07-13 10:11:08.839 1842 INFO rally.task.context [-] Task b17446e5-8dac-4a68-8784-fb3c87e5bd50 | Context admin_cleanup@openstack cleanup() started
2019-07-13 10:11:08.841 1842 RALLYDEBUG rally_openstack.cleanup.manager [-] Cleaning up cinder volume_types objects
2019-07-13 10:11:09.521 1842 RALLYDEBUG rally_openstack.cleanup.manager [-] Cleaning up cinder image_volumes_cache objects
2019-07-13 10:11:10.786 1842 RALLYDEBUG rally_openstack.cleanup.manager [-] Cleaning up cinder quotas objects
2019-07-13 10:11:12.430 1842 RALLYDEBUG rally_openstack.cleanup.manager [-] Cleaning up cinder qos_specs objects
2019-07-13 10:11:13.185 1842 RALLYDEBUG rally_openstack.cleanup.manager [-] Deleting cinder.qos_specs object s_rally_fa5c555d_MMfHB5iQ (a777c4e5-73bd-438a-a1f9-9a092999c13d)
2019-07-13 10:11:13.193 1842 RALLYDEBUG rally_openstack.cleanup.manager [-] Deleting cinder.qos_specs object s_rally_fa5c555d_FH42xIMT (1b865def-d640-4f0b-b1e9-75e0048b583e)
2019-07-13 10:11:13.202 1842 RALLYDEBUG rally_openstack.cleanup.manager [-] Deleting cinder.qos_specs object s_rally_fa5c555d_bSbK2vsr (f53cdda1-7fad-4285-a026-265a39eb606e)
2019-07-13 10:11:13.208 1842 RALLYDEBUG rally_openstack.cleanup.manager [-] Deleting cinder.qos_specs object s_rally_fa5c555d_4xbHu0gm (ab53b0b5-8dcb-4e79-88bd-0370188bf6e3)
2019-07-13 10:11:13.215 1842 RALLYDEBUG rally_openstack.cleanup.manager [-] Deleting cinder.qos_specs object s_rally_fa5c555d_UsDyWLhI (a66228dc-2aad-445a-9a57-7278579bf40e)
2019-07-13 10:11:13.227 1842 RALLYDEBUG rally_openstack.cleanup.manager [-] Deleting cinder.qos_specs object s_rally_fa5c555d_bnPQvQFj (69bee045-2c7e-415d-859f-e1fbd4a0b2e9)
2019-07-13 10:11:13.243 1842 RALLYDEBUG rally_openstack.cleanup.manager [-] Deleting cinder.qos_specs object s_rally_fa5c555d_jWhv7Qu2 (da8bf1fe-cd41-4bc9-a3a2-8eb0583fa818)
2019-07-13 10:11:13.247 1842 RALLYDEBUG rally_openstack.cleanup.manager [-] Deleting cinder.qos_specs object s_rally_fa5c555d_eu1fuNDW (d0a261df-ade5-44bd-b6ee-532e7a3db979)
2019-07-13 10:11:13.262 1842 RALLYDEBUG rally_openstack.cleanup.manager [-] Deleting cinder.qos_specs object s_rally_fa5c555d_ji6Fr1Ep (6f0f61c4-9b53-423b-aaaf-43c4e2f2c740)
2019-07-13 10:11:13.269 1842 RALLYDEBUG rally_openstack.cleanup.manager [-] Deleting cinder.qos_specs object s_rally_fa5c555d_CwtC6VA6 (412c7ca4-f711-4203-9a09-8fdd7f683ffc)
2019-07-13 10:11:15.674 1842 INFO rally.task.context [-] Task b17446e5-8dac-4a68-8784-fb3c87e5bd50 | Context admin_cleanup@openstack cleanup() finished in 6.84 sec
2019-07-13 10:11:15.675 1842 INFO rally.task.context [-] Task b17446e5-8dac-4a68-8784-fb3c87e5bd50 | Context api_versions@openstack cleanup() started
2019-07-13 10:11:15.675 1842 INFO rally.task.context [-] Task b17446e5-8dac-4a68-8784-fb3c87e5bd50 | Context api_versions@openstack cleanup() finished in 0.23 msec
2019-07-13 10:11:15.675 1842 INFO rally.task.context [-] Task b17446e5-8dac-4a68-8784-fb3c87e5bd50 | Context users@openstack cleanup() started
2019-07-13 10:11:23.909 1842 INFO rally.task.context [-] Task b17446e5-8dac-4a68-8784-fb3c87e5bd50 | Context users@openstack cleanup() finished in 8.23 sec
2019-07-13 10:11:24.450 1842 INFO rally.task.engine [-] Load duration is: 3.192498
2019-07-13 10:11:24.450 1842 INFO rally.task.engine [-] Full runner duration is: 3.248641
2019-07-13 10:11:24.450 1842 INFO rally.task.engine [-] Full duration is: 23.564456
2019-07-13 10:11:24.691 1842 INFO rally.task.engine [-] Running workload: position = 0 config = { "version": 2, "title": "A cropped version of a bigger task.", "description": "Auto-generated task from a single workload (uuid=63167243-3d77-4755-a447-e12f98d8a730)", "subtasks": [ { "title": "CinderQos.create_and_set_qos", "description": "Create a qos, then Add/Update keys in qos specs.", "scenario": { "CinderQos.create_and_set_qos": { "consumer": "back-end", "write_iops_sec": "10", "read_iops_sec": "1000", "set_consumer": "both", "set_write_iops_sec": "11", "set_read_iops_sec": "1001" } }, "contexts": { "users": { "tenants": 3, "users_per_tenant": 2 }, "api_versions": { "cinder": { "version": 3, "service_type": "volumev3" } } }, "runner": { "constant": { "concurrency": 4, "times": 10 } }, "hooks": [], "sla": { "failure_rate": { "max": 0 } } } ] }
2019-07-13 10:11:24.705 1842 RALLYDEBUG rally_openstack.contexts.keystone.users [-] Creating 3 tenants using 20 threads
2019-07-13 10:11:26.561 1842 RALLYDEBUG rally_openstack.contexts.keystone.users [-] Creating 6 users using 20 threads
2019-07-13 10:11:29.212 1842 INFO rally.task.context [-] Task b17446e5-8dac-4a68-8784-fb3c87e5bd50 | Context users@openstack setup() finished in 4.51 sec
2019-07-13 10:11:29.649 1842 INFO rally.task.context [-] Task b17446e5-8dac-4a68-8784-fb3c87e5bd50 | Context api_versions@openstack setup() finished in 0.44 sec
2019-07-13 10:11:29.649 1842 INFO rally.task.context [-] Task b17446e5-8dac-4a68-8784-fb3c87e5bd50 | Context admin_cleanup@openstack setup() finished in 0.00 msec
2019-07-13 10:11:29.652 1842 RALLYDEBUG rally.task.runner [-] Starting the constant runner (task UUID: b17446e5-8dac-4a68-8784-fb3c87e5bd50). timeout: 0 concurrency: 4 concurrency_per_worker: 1 times: 10 concurrency_overhead: 0 processes_to_start: 4 max_cpu_used: 16
2019-07-13 10:11:29.663 5478 RALLYDEBUG rally.task.runner [-] Starting a worker. concurrency: 1 args: {"consumer": "back-end", "write_iops_sec": "10", "read_iops_sec": "1000", "set_consumer": "both", "set_write_iops_sec": "11", "set_read_iops_sec": "1001"} times: 10 method_name: run timeout: 0 duration: None cls:
2019-07-13 10:11:29.664 5480 RALLYDEBUG rally.task.runner [-] Starting a worker. concurrency: 1 args: {"consumer": "back-end", "write_iops_sec": "10", "read_iops_sec": "1000", "set_consumer": "both", "set_write_iops_sec": "11", "set_read_iops_sec": "1001"} times: 10 method_name: run timeout: 0 duration: None cls:
2019-07-13 10:11:29.665 5479 RALLYDEBUG rally.task.runner [-] Starting a worker. concurrency: 1 args: {"consumer": "back-end", "write_iops_sec": "10", "read_iops_sec": "1000", "set_consumer": "both", "set_write_iops_sec": "11", "set_read_iops_sec": "1001"} times: 10 method_name: run timeout: 0 duration: None cls:
2019-07-13 10:11:29.668 5481 RALLYDEBUG rally.task.runner [-] Starting a worker. concurrency: 1 args: {"consumer": "back-end", "write_iops_sec": "10", "read_iops_sec": "1000", "set_consumer": "both", "set_write_iops_sec": "11", "set_read_iops_sec": "1001"} times: 10 method_name: run timeout: 0 duration: None cls:
2019-07-13 10:11:29.670 5480 INFO rally.task.runner [-] Task b17446e5-8dac-4a68-8784-fb3c87e5bd50 | ITER: 2 START
2019-07-13 10:11:29.671 5478 INFO rally.task.runner [-] Task b17446e5-8dac-4a68-8784-fb3c87e5bd50 | ITER: 1 START
2019-07-13 10:11:29.674 5479 INFO rally.task.runner [-] Task b17446e5-8dac-4a68-8784-fb3c87e5bd50 | ITER: 3 START
2019-07-13 10:11:29.676 5481 INFO rally.task.runner [-] Task b17446e5-8dac-4a68-8784-fb3c87e5bd50 | ITER: 4 START
2019-07-13 10:11:30.771 5479 INFO rally.task.runner [-] Task b17446e5-8dac-4a68-8784-fb3c87e5bd50 | ITER: 3 END: OK
2019-07-13 10:11:30.776 5479 INFO rally.task.runner [-] Task b17446e5-8dac-4a68-8784-fb3c87e5bd50 | ITER: 5 START
2019-07-13 10:11:30.796 5481 INFO rally.task.runner [-] Task b17446e5-8dac-4a68-8784-fb3c87e5bd50 | ITER: 4 END: OK
2019-07-13 10:11:30.801 5481 INFO rally.task.runner [-] Task b17446e5-8dac-4a68-8784-fb3c87e5bd50 | ITER: 6 START
2019-07-13 10:11:30.807 5480 INFO rally.task.runner [-] Task b17446e5-8dac-4a68-8784-fb3c87e5bd50 | ITER: 2 END: OK
2019-07-13 10:11:30.811 5480 INFO rally.task.runner [-] Task b17446e5-8dac-4a68-8784-fb3c87e5bd50 | ITER: 7 START
2019-07-13 10:11:30.963 5478 INFO rally.task.runner [-] Task b17446e5-8dac-4a68-8784-fb3c87e5bd50 | ITER: 1 END: OK
2019-07-13 10:11:30.967 5478 INFO rally.task.runner [-] Task b17446e5-8dac-4a68-8784-fb3c87e5bd50 | ITER: 8 START
2019-07-13 10:11:31.873 5480 INFO rally.task.runner [-] Task b17446e5-8dac-4a68-8784-fb3c87e5bd50 | ITER: 7 END: OK
2019-07-13 10:11:31.878 5480 INFO rally.task.runner [-] Task b17446e5-8dac-4a68-8784-fb3c87e5bd50 | ITER: 9 START
2019-07-13 10:11:31.903 5481 INFO rally.task.runner [-] Task b17446e5-8dac-4a68-8784-fb3c87e5bd50 | ITER: 6 END: OK
2019-07-13 10:11:31.909 5481 INFO rally.task.runner [-] Task b17446e5-8dac-4a68-8784-fb3c87e5bd50 | ITER: 10 START
2019-07-13 10:11:31.959 5479 INFO rally.task.runner [-] Task b17446e5-8dac-4a68-8784-fb3c87e5bd50 | ITER: 5 END: OK
2019-07-13 10:11:32.089 5478 INFO rally.task.runner [-] Task b17446e5-8dac-4a68-8784-fb3c87e5bd50 | ITER: 8 END: OK
2019-07-13 10:11:32.987 5480 INFO rally.task.runner [-] Task b17446e5-8dac-4a68-8784-fb3c87e5bd50 | ITER: 9 END: OK
2019-07-13 10:11:32.992 5481 INFO rally.task.runner [-] Task b17446e5-8dac-4a68-8784-fb3c87e5bd50 | ITER: 10 END: OK
2019-07-13 10:11:33.012 1842 INFO rally.task.context [-] Task b17446e5-8dac-4a68-8784-fb3c87e5bd50 | Context admin_cleanup@openstack cleanup() started
2019-07-13 10:11:33.014 1842 RALLYDEBUG rally_openstack.cleanup.manager [-] Cleaning up cinder volume_types objects
2019-07-13 10:11:33.752 1842 RALLYDEBUG rally_openstack.cleanup.manager [-] Cleaning up cinder image_volumes_cache objects
2019-07-13 10:11:35.143 1842 RALLYDEBUG rally_openstack.cleanup.manager [-] Cleaning up cinder quotas objects
2019-07-13 10:11:36.854 1842 RALLYDEBUG rally_openstack.cleanup.manager [-] Cleaning up cinder qos_specs objects
2019-07-13 10:11:37.609 1842 RALLYDEBUG rally_openstack.cleanup.manager [-] Deleting cinder.qos_specs object s_rally_63167243_xsAW3Gt8 (2f006ad5-20a2-44f9-9d23-badbbc086ce9)
2019-07-13 10:11:37.612 1842 RALLYDEBUG rally_openstack.cleanup.manager [-] Deleting cinder.qos_specs object s_rally_63167243_RvVOWaHE (0c10de3a-ecd4-4be6-a069-1bea2add835c)
2019-07-13 10:11:37.623 1842 RALLYDEBUG rally_openstack.cleanup.manager [-] Deleting cinder.qos_specs object s_rally_63167243_VHdXQHqH (aeee2660-093b-428c-ac41-f23ebcd041c0)
2019-07-13 10:11:37.629 1842 RALLYDEBUG rally_openstack.cleanup.manager [-] Deleting cinder.qos_specs object s_rally_63167243_l5qkOtUk (6d685f2b-eacf-4c59-b799-45905ff3ab85)
2019-07-13 10:11:37.633 1842 RALLYDEBUG rally_openstack.cleanup.manager [-] Deleting cinder.qos_specs object s_rally_63167243_DTvoykW9 (2de78ed1-1225-4b73-95bc-c669aaa722fe)
2019-07-13 10:11:37.639 1842 RALLYDEBUG rally_openstack.cleanup.manager [-] Deleting cinder.qos_specs object s_rally_63167243_ChJUHUDW (1a136555-ceae-40a5-9f81-c6e513605536)
2019-07-13 10:11:37.661 1842 RALLYDEBUG rally_openstack.cleanup.manager [-] Deleting cinder.qos_specs object s_rally_63167243_oH1b4zsn (d3e95ac9-1ea9-40df-a956-7f7337e59497)
2019-07-13 10:11:37.661 1842 RALLYDEBUG rally_openstack.cleanup.manager [-] Deleting cinder.qos_specs object s_rally_63167243_LVWWwEGH (5d1121a5-9344-4180-afd3-4e02ed054805)
2019-07-13 10:11:37.666 1842 RALLYDEBUG rally_openstack.cleanup.manager [-] Deleting cinder.qos_specs object s_rally_63167243_zuTybyuT (703cc2f3-ad3c-4097-b48f-ef353f58711a)
2019-07-13 10:11:37.683 1842 RALLYDEBUG rally_openstack.cleanup.manager [-] Deleting cinder.qos_specs object s_rally_63167243_YNWU7Uw9 (3f10039f-001c-4b99-b9e2-e06dcde85005)
2019-07-13 10:11:40.077 1842 INFO rally.task.context [-] Task b17446e5-8dac-4a68-8784-fb3c87e5bd50 | Context admin_cleanup@openstack cleanup() finished in 7.06 sec
2019-07-13 10:11:40.077 1842 INFO rally.task.context [-] Task b17446e5-8dac-4a68-8784-fb3c87e5bd50 | Context api_versions@openstack cleanup() started
2019-07-13 10:11:40.077 1842 INFO rally.task.context [-] Task b17446e5-8dac-4a68-8784-fb3c87e5bd50 | Context api_versions@openstack cleanup() finished in 0.33 msec
2019-07-13 10:11:40.078 1842 INFO rally.task.context [-] Task b17446e5-8dac-4a68-8784-fb3c87e5bd50 | Context users@openstack cleanup() started
2019-07-13 10:11:48.608 1842 INFO rally.task.context [-] Task b17446e5-8dac-4a68-8784-fb3c87e5bd50 | Context users@openstack cleanup() finished in 8.53 sec
2019-07-13 10:11:48.819 1842 INFO rally.task.engine [-] Load duration is: 3.318134
2019-07-13 10:11:48.819 1842 INFO rally.task.engine [-] Full runner duration is: 3.35967
2019-07-13 10:11:48.819 1842 INFO rally.task.engine [-] Full duration is: 23.905103
2019-07-13 10:11:49.040 1842 INFO rally.task.engine [-] Running workload: position = 0 config = { "version": 2, "title": "A cropped version of a bigger task.", "description": "Auto-generated task from a single workload (uuid=ea13fc6d-d70e-4e38-a146-771153210c3e)", "subtasks": [ { "title": "CinderVolumeTypes.create_and_get_volume_type", "description": "Create a volume Type, then get the details of the type.", "scenario": { "CinderVolumeTypes.create_and_get_volume_type": { "description": "rally tests creating types" } }, "contexts": { "users": { "tenants": 3, "users_per_tenant": 2 }, "api_versions": { "cinder": { "version": 3, "service_type": "volumev3" } } }, "runner": { "constant": { "concurrency": 4, "times": 10 } }, "hooks": [], "sla": { "failure_rate": { "max": 0 } } } ] }
2019-07-13 10:11:49.062 1842 RALLYDEBUG rally_openstack.contexts.keystone.users [-] Creating 3 tenants using 20 threads
2019-07-13 10:11:50.801 1842 RALLYDEBUG rally_openstack.contexts.keystone.users [-] Creating 6 users using 20 threads
2019-07-13 10:11:53.534 1842 INFO rally.task.context [-] Task b17446e5-8dac-4a68-8784-fb3c87e5bd50 | Context users@openstack setup() finished in 4.47 sec
2019-07-13 10:11:53.967 1842 INFO rally.task.context [-] Task b17446e5-8dac-4a68-8784-fb3c87e5bd50 | Context api_versions@openstack setup() finished in 0.43 sec
2019-07-13 10:11:53.968 1842 INFO rally.task.context [-] Task b17446e5-8dac-4a68-8784-fb3c87e5bd50 | Context admin_cleanup@openstack setup() finished in 0.01 msec
2019-07-13 10:11:53.976 1842 RALLYDEBUG rally.task.runner [-] Starting the constant runner (task UUID: b17446e5-8dac-4a68-8784-fb3c87e5bd50). timeout: 0 concurrency: 4 concurrency_per_worker: 1 times: 10 concurrency_overhead: 0 processes_to_start: 4 max_cpu_used: 16
2019-07-13 10:11:53.989 5662 RALLYDEBUG rally.task.runner [-] Starting a worker. concurrency: 1 args: {"description": "rally tests creating types"} times: 10 method_name: run timeout: 0 duration: None cls:
2019-07-13 10:11:53.992 5663 RALLYDEBUG rally.task.runner [-] Starting a worker. concurrency: 1 args: {"description": "rally tests creating types"} times: 10 method_name: run timeout: 0 duration: None cls:
2019-07-13 10:11:53.995 5664 RALLYDEBUG rally.task.runner [-] Starting a worker. concurrency: 1 args: {"description": "rally tests creating types"} times: 10 method_name: run timeout: 0 duration: None cls:
2019-07-13 10:11:53.997 5662 INFO rally.task.runner [-] Task b17446e5-8dac-4a68-8784-fb3c87e5bd50 | ITER: 1 START
2019-07-13 10:11:53.999 5665 RALLYDEBUG rally.task.runner [-] Starting a worker. concurrency: 1 args: {"description": "rally tests creating types"} times: 10 method_name: run timeout: 0 duration: None cls:
2019-07-13 10:11:54.000 5663 INFO rally.task.runner [-] Task b17446e5-8dac-4a68-8784-fb3c87e5bd50 | ITER: 2 START
2019-07-13 10:11:54.002 5664 INFO rally.task.runner [-] Task b17446e5-8dac-4a68-8784-fb3c87e5bd50 | ITER: 3 START
2019-07-13 10:11:54.006 5665 INFO rally.task.runner [-] Task b17446e5-8dac-4a68-8784-fb3c87e5bd50 | ITER: 4 START
2019-07-13 10:11:55.089 5664 INFO rally.task.runner [-] Task b17446e5-8dac-4a68-8784-fb3c87e5bd50 | ITER: 3 END: OK
2019-07-13 10:11:55.094 5664 INFO rally.task.runner [-] Task b17446e5-8dac-4a68-8784-fb3c87e5bd50 | ITER: 5 START
2019-07-13 10:11:55.103 5662 INFO rally.task.runner [-] Task b17446e5-8dac-4a68-8784-fb3c87e5bd50 | ITER: 1 END: OK
2019-07-13 10:11:55.108 5662 INFO rally.task.runner [-] Task b17446e5-8dac-4a68-8784-fb3c87e5bd50 | ITER: 6 START
2019-07-13 10:11:55.115 5663 INFO rally.task.runner [-] Task b17446e5-8dac-4a68-8784-fb3c87e5bd50 | ITER: 2 END: OK
2019-07-13 10:11:55.121 5663 INFO rally.task.runner [-] Task b17446e5-8dac-4a68-8784-fb3c87e5bd50 | ITER: 7 START
2019-07-13 10:11:55.185 5665 INFO rally.task.runner [-] Task b17446e5-8dac-4a68-8784-fb3c87e5bd50 | ITER: 4 END: OK
2019-07-13 10:11:55.190 5665 INFO rally.task.runner [-] Task b17446e5-8dac-4a68-8784-fb3c87e5bd50 | ITER: 8 START
2019-07-13 10:11:56.100 5662 INFO rally.task.runner [-] Task b17446e5-8dac-4a68-8784-fb3c87e5bd50 | ITER: 6 END: OK
2019-07-13 10:11:56.104 5662 INFO rally.task.runner [-] Task b17446e5-8dac-4a68-8784-fb3c87e5bd50 | ITER: 9 START
2019-07-13 10:11:56.147 5664 INFO rally.task.runner [-] Task b17446e5-8dac-4a68-8784-fb3c87e5bd50 | ITER: 5 END: OK
2019-07-13 10:11:56.152 5664 INFO rally.task.runner [-] Task b17446e5-8dac-4a68-8784-fb3c87e5bd50 | ITER: 10 START
2019-07-13 10:11:56.263 5663 INFO rally.task.runner [-] Task b17446e5-8dac-4a68-8784-fb3c87e5bd50 | ITER: 7 END: OK
2019-07-13 10:11:56.271 5665 INFO rally.task.runner [-] Task b17446e5-8dac-4a68-8784-fb3c87e5bd50 | ITER: 8 END: OK
2019-07-13 10:11:57.140 5664 INFO rally.task.runner [-] Task b17446e5-8dac-4a68-8784-fb3c87e5bd50 | ITER: 10 END: OK
2019-07-13 10:11:57.213 5662 INFO rally.task.runner [-] Task b17446e5-8dac-4a68-8784-fb3c87e5bd50 | ITER: 9 END: OK
2019-07-13 10:11:57.233 1842 INFO rally.task.context [-] Task b17446e5-8dac-4a68-8784-fb3c87e5bd50 | Context admin_cleanup@openstack cleanup() started
2019-07-13 10:11:57.236 1842 RALLYDEBUG rally_openstack.cleanup.manager [-] Cleaning up cinder volume_types objects
2019-07-13 10:11:58.048 1842 RALLYDEBUG rally_openstack.cleanup.manager [-] Deleting cinder.volume_types object s_rally_ea13fc6d_vSPKI03v (925181d1-d49b-45d8-83b1-b81eb62f79a0)
2019-07-13 10:11:58.055 1842 RALLYDEBUG rally_openstack.cleanup.manager [-] Deleting cinder.volume_types object s_rally_ea13fc6d_oNBEXBua (1fbab82e-d096-4b99-884c-e61680f44537)
2019-07-13 10:11:58.064 1842 RALLYDEBUG rally_openstack.cleanup.manager [-] Deleting cinder.volume_types object s_rally_ea13fc6d_HZAYKP6l (ce5e971a-5c05-49e6-8453-7b8fff52c2e8)
2019-07-13 10:11:58.065 1842 RALLYDEBUG rally_openstack.cleanup.manager [-] Deleting cinder.volume_types object s_rally_ea13fc6d_n0iI3DQI (1c3b05ae-901b-4024-850f-55afad3ff18c)
2019-07-13 10:11:58.066 1842 RALLYDEBUG rally_openstack.cleanup.manager [-] Deleting cinder.volume_types object s_rally_ea13fc6d_xVuQ6u1X (9e5fb516-a7b2-47f1-a677-752834bacdde)
2019-07-13 10:11:58.077 1842 RALLYDEBUG rally_openstack.cleanup.manager [-] Deleting cinder.volume_types object s_rally_ea13fc6d_CB3TJ1Gq (705cc11a-5e70-4093-a136-9caca4ba969f)
2019-07-13 10:11:58.081 1842 RALLYDEBUG rally_openstack.cleanup.manager [-] Deleting cinder.volume_types object s_rally_ea13fc6d_fIm23sKE (ed609c78-584c-4d2c-bed9-1157cdac627d)
2019-07-13 10:11:58.081 1842 RALLYDEBUG rally_openstack.cleanup.manager [-] Deleting cinder.volume_types object s_rally_ea13fc6d_MTcWPTRP (4d322e99-dea5-4d05-8de6-de110f9e27e5)
2019-07-13 10:11:58.107 1842 RALLYDEBUG rally_openstack.cleanup.manager [-] Deleting cinder.volume_types object s_rally_ea13fc6d_KNqBIrh9 (4af377d1-700e-4ae3-8735-f3f84f58a134)
2019-07-13 10:11:58.112 1842 RALLYDEBUG rally_openstack.cleanup.manager [-] Deleting cinder.volume_types object s_rally_ea13fc6d_98Ngxcqb (2abad074-7156-4e3a-b63b-1f2eb7881b87)
2019-07-13 10:12:00.456 1842 RALLYDEBUG rally_openstack.cleanup.manager [-] Cleaning up cinder image_volumes_cache objects
2019-07-13 10:12:01.954 1842 RALLYDEBUG rally_openstack.cleanup.manager [-] Cleaning up cinder quotas objects
2019-07-13 10:12:03.596 1842 RALLYDEBUG rally_openstack.cleanup.manager [-] Cleaning up cinder qos_specs objects
2019-07-13 10:12:04.346 1842 INFO rally.task.context [-] Task b17446e5-8dac-4a68-8784-fb3c87e5bd50 | Context admin_cleanup@openstack cleanup() finished in 7.11 sec
2019-07-13 10:12:04.346 1842 INFO rally.task.context [-] Task b17446e5-8dac-4a68-8784-fb3c87e5bd50 | Context api_versions@openstack cleanup() started
2019-07-13 10:12:04.347 1842 INFO rally.task.context [-] Task b17446e5-8dac-4a68-8784-fb3c87e5bd50 | Context api_versions@openstack cleanup() finished in 0.32 msec
2019-07-13 10:12:04.347 1842 INFO rally.task.context [-] Task b17446e5-8dac-4a68-8784-fb3c87e5bd50 | Context users@openstack cleanup() started
2019-07-13 10:12:12.687 1842 INFO rally.task.context [-] Task b17446e5-8dac-4a68-8784-fb3c87e5bd50 | Context users@openstack cleanup() finished in 8.34 sec
2019-07-13 10:12:13.178 1842 INFO rally.task.engine [-] Load duration is: 3.212417
2019-07-13 10:12:13.178 1842 INFO rally.task.engine [-] Full runner duration is: 3.258161
2019-07-13 10:12:13.178 1842 INFO rally.task.engine [-] Full duration is: 23.630184
2019-07-13 10:12:13.405 1842 INFO rally.task.engine [-] Running workload: position = 0 config = { "version": 2, "title": "A cropped version of a bigger task.", "description": "Auto-generated task from a single workload (uuid=4dcaf8ac-cd44-42c5-becb-bdededfbaa48)", "subtasks": [ { "title": "CinderVolumeTypes.create_and_list_volume_types", "description": "Create a volume Type, then list all types.", "scenario": { "CinderVolumeTypes.create_and_list_volume_types": { "description": "rally tests creating types" } }, "contexts": { "users": { "tenants": 3, "users_per_tenant": 2 }, "api_versions": { "cinder": { "version": 3, "service_type": "volumev3" } } }, "runner": { "constant": { "concurrency": 4, "times": 10 } }, "hooks": [], "sla": { "failure_rate": { "max": 0 } } } ] }
2019-07-13 10:12:13.428 1842 RALLYDEBUG rally_openstack.contexts.keystone.users [-] Creating 3 tenants using 20 threads
2019-07-13 10:12:15.209 1842 RALLYDEBUG rally_openstack.contexts.keystone.users [-] Creating 6 users using 20 threads
2019-07-13 10:12:18.141 1842 INFO rally.task.context [-] Task b17446e5-8dac-4a68-8784-fb3c87e5bd50 | Context users@openstack setup() finished in 4.71 sec
2019-07-13 10:12:18.579 1842 INFO rally.task.context [-] Task b17446e5-8dac-4a68-8784-fb3c87e5bd50 | Context api_versions@openstack setup() finished in 0.44 sec
2019-07-13 10:12:18.579 1842 INFO rally.task.context [-] Task b17446e5-8dac-4a68-8784-fb3c87e5bd50 | Context admin_cleanup@openstack setup() finished in 0.01 msec
2019-07-13 10:12:18.587 1842 RALLYDEBUG rally.task.runner [-] Starting the constant runner (task UUID: b17446e5-8dac-4a68-8784-fb3c87e5bd50). timeout: 0 concurrency: 4 concurrency_per_worker: 1 times: 10 concurrency_overhead: 0 processes_to_start: 4 max_cpu_used: 16
2019-07-13 10:12:18.600 5846 RALLYDEBUG rally.task.runner [-] Starting a worker. concurrency: 1 args: {"description": "rally tests creating types"} times: 10 method_name: run timeout: 0 duration: None cls:
2019-07-13 10:12:18.602 5847 RALLYDEBUG rally.task.runner [-] Starting a worker. concurrency: 1 args: {"description": "rally tests creating types"} times: 10 method_name: run timeout: 0 duration: None cls:
2019-07-13 10:12:18.605 5848 RALLYDEBUG rally.task.runner [-] Starting a worker. concurrency: 1 args: {"description": "rally tests creating types"} times: 10 method_name: run timeout: 0 duration: None cls:
2019-07-13 10:12:18.607 5846 INFO rally.task.runner [-] Task b17446e5-8dac-4a68-8784-fb3c87e5bd50 | ITER: 1 START
2019-07-13 10:12:18.609 5847 INFO rally.task.runner [-] Task b17446e5-8dac-4a68-8784-fb3c87e5bd50 | ITER: 2 START
2019-07-13 10:12:18.609 5849 RALLYDEBUG rally.task.runner [-] Starting a worker. concurrency: 1 args: {"description": "rally tests creating types"} times: 10 method_name: run timeout: 0 duration: None cls:
2019-07-13 10:12:18.613 5848 INFO rally.task.runner [-] Task b17446e5-8dac-4a68-8784-fb3c87e5bd50 | ITER: 3 START
2019-07-13 10:12:18.616 5849 INFO rally.task.runner [-] Task b17446e5-8dac-4a68-8784-fb3c87e5bd50 | ITER: 4 START
2019-07-13 10:12:19.718 5849 INFO rally.task.runner [-] Task b17446e5-8dac-4a68-8784-fb3c87e5bd50 | ITER: 4 END: OK
2019-07-13 10:12:19.723 5849 INFO rally.task.runner [-] Task b17446e5-8dac-4a68-8784-fb3c87e5bd50 | ITER: 5 START
2019-07-13 10:12:19.734 5847 INFO rally.task.runner [-] Task b17446e5-8dac-4a68-8784-fb3c87e5bd50 | ITER: 2 END: OK
2019-07-13 10:12:19.739 5847 INFO rally.task.runner [-] Task b17446e5-8dac-4a68-8784-fb3c87e5bd50 | ITER: 6 START
2019-07-13 10:12:19.756 5848 INFO rally.task.runner [-] Task b17446e5-8dac-4a68-8784-fb3c87e5bd50 | ITER: 3 END: OK
2019-07-13 10:12:19.761 5848 INFO rally.task.runner [-] Task b17446e5-8dac-4a68-8784-fb3c87e5bd50 | ITER: 7 START
2019-07-13 10:12:19.791 5846 INFO rally.task.runner [-] Task b17446e5-8dac-4a68-8784-fb3c87e5bd50 | ITER: 1 END: OK
2019-07-13 10:12:19.795 5846 INFO rally.task.runner [-] Task b17446e5-8dac-4a68-8784-fb3c87e5bd50 | ITER: 8 START
2019-07-13 10:12:20.762 5847 INFO rally.task.runner [-] Task b17446e5-8dac-4a68-8784-fb3c87e5bd50 | ITER: 6 END: OK
2019-07-13 10:12:20.766 5847 INFO rally.task.runner [-] Task b17446e5-8dac-4a68-8784-fb3c87e5bd50 | ITER: 9 START
2019-07-13 10:12:20.772 5848 INFO rally.task.runner [-] Task b17446e5-8dac-4a68-8784-fb3c87e5bd50 | ITER: 7 END: OK
2019-07-13 10:12:20.777 5848 INFO rally.task.runner [-] Task b17446e5-8dac-4a68-8784-fb3c87e5bd50 | ITER: 10 START
2019-07-13 10:12:20.848 5846 INFO rally.task.runner [-] Task b17446e5-8dac-4a68-8784-fb3c87e5bd50 | ITER: 8 END: OK
2019-07-13 10:12:20.943 5849 INFO rally.task.runner [-] Task b17446e5-8dac-4a68-8784-fb3c87e5bd50 | ITER: 5 END: OK
2019-07-13 10:12:21.780 5847 INFO rally.task.runner [-] Task b17446e5-8dac-4a68-8784-fb3c87e5bd50 | ITER: 9 END: OK
2019-07-13 10:12:21.789 5848 INFO rally.task.runner [-] Task b17446e5-8dac-4a68-8784-fb3c87e5bd50 | ITER: 10 END: OK
2019-07-13 10:12:21.812 1842 INFO rally.task.context [-] Task b17446e5-8dac-4a68-8784-fb3c87e5bd50 | Context admin_cleanup@openstack cleanup() started
2019-07-13 10:12:21.814 1842 RALLYDEBUG rally_openstack.cleanup.manager [-] Cleaning up cinder volume_types objects
2019-07-13 10:12:22.539 1842 RALLYDEBUG rally_openstack.cleanup.manager [-] Deleting cinder.volume_types object s_rally_4dcaf8ac_ylpd2zMO (d3eeb20c-02b7-4d57-af33-ac8320d60cec)
2019-07-13 10:12:22.541 1842 RALLYDEBUG rally_openstack.cleanup.manager [-] Deleting cinder.volume_types object s_rally_4dcaf8ac_5LZW2B1E (237ab9b9-83fa-446e-93c0-327125b56fc1)
2019-07-13 10:12:22.542 1842 RALLYDEBUG rally_openstack.cleanup.manager [-] Deleting cinder.volume_types object s_rally_4dcaf8ac_65QRC0i5 (111f79c0-a4c5-481d-8ee0-e59adc22fb33)
2019-07-13 10:12:22.544 1842 RALLYDEBUG rally_openstack.cleanup.manager [-] Deleting cinder.volume_types object s_rally_4dcaf8ac_PkQkzDX4 (34cf98a3-f586-45fa-a782-3f8cb6df3944)
