2019-07-13 10:13:39.309 6398 DEBUG cinderclient.v2.client [-] RESP: [200] Content-Encoding: gzip Content-Length: 184 Content-Type: application/json Date: Sat, 13 Jul 2019 10:13:38 GMT OpenStack-API-Version: volume 3.0 Server: Apache Vary: OpenStack-API-Version,Accept-Encoding x-compute-request-id: req-66c69547-7081-485a-b98c-163dd9d04245 x-openstack-request-id: req-66c69547-7081-485a-b98c-163dd9d04245 _http_log_response /usr/lib/python2.7/site-packages/keystoneauth1/session.py:479
2019-07-13 10:13:39.309 6398 DEBUG cinderclient.v2.client [-] RESP BODY: {"volume_type": {"name": "s_rally_34ec57ae_DqzD8cSA", "extra_specs": {}, "os-volume-type-access:is_public": false, "is_public": false, "id": "ad3da4d6-52b5-4482-9240-37b935c77f92", "description": "rally tests creating types"}} _http_log_response /usr/lib/python2.7/site-packages/keystoneauth1/session.py:511
2019-07-13 10:13:39.310 6398 DEBUG cinderclient.v2.client [-] POST call to volumev2 for http://172.30.9.24:8776/v3/2e8cbdff4e444df18e923c25ce6a0831/types used request id req-66c69547-7081-485a-b98c-163dd9d04245 request /usr/lib/python2.7/site-packages/keystoneauth1/session.py:844
2019-07-13 10:13:39.311 6398 DEBUG cinderclient.v2.client [-] REQ: curl -g -i -X POST http://172.30.9.24:8776/v3/2e8cbdff4e444df18e923c25ce6a0831/types/ad3da4d6-52b5-4482-9240-37b935c77f92/action -H "Accept: application/json" -H "Content-Type: application/json" -H "User-Agent: python-cinderclient" -H "X-Auth-Token: {SHA1}681c9ed772600d16c0ca34daa89343d55017e3e6" -H "X-OpenStack-Request-ID: req-66c69547-7081-485a-b98c-163dd9d04245" -d '{"addProjectAccess": {"project": "8847c7ef7ab549d1b2a49d9b8b737060"}}' _http_log_request /usr/lib/python2.7/site-packages/keystoneauth1/session.py:448
2019-07-13 10:13:39.381 6399 DEBUG cinderclient.v2.client [-] RESP: [202] Content-Length: 0 Content-Type: text/html; charset=UTF-8 Date: Sat, 13 Jul 2019 10:13:39 GMT OpenStack-API-Version: volume 3.0 Server: Apache Vary: OpenStack-API-Version x-openstack-request-id: req-1e81ce3c-cc03-4b44-8955-8b186613f60b _http_log_response /usr/lib/python2.7/site-packages/keystoneauth1/session.py:479
2019-07-13 10:13:39.382 6399 DEBUG cinderclient.v2.client [-] RESP BODY: Omitted, Content-Type is set to text/html; charset=UTF-8. Only application/json responses have their bodies logged. _http_log_response /usr/lib/python2.7/site-packages/keystoneauth1/session.py:511
2019-07-13 10:13:39.382 6399 DEBUG cinderclient.v2.client [-] POST call to volumev2 for http://172.30.9.24:8776/v3/2e8cbdff4e444df18e923c25ce6a0831/types/6eb55785-b912-417d-b6f4-1ce0ad57a755/action used request id req-1e81ce3c-cc03-4b44-8955-8b186613f60b request /usr/lib/python2.7/site-packages/keystoneauth1/session.py:844
2019-07-13 10:13:39.384 6399 DEBUG cinderclient.v2.client [-] REQ: curl -g -i -X GET http://172.30.9.24:8776/v3/2e8cbdff4e444df18e923c25ce6a0831/types/6eb55785-b912-417d-b6f4-1ce0ad57a755/os-volume-type-access -H "Accept: application/json" -H "User-Agent: python-cinderclient" -H "X-Auth-Token: {SHA1}cb964e79536a77deab1ee9dd15fbab2bdb178f9a" -H "X-OpenStack-Request-ID: req-ce0d2b20-2b00-4fc3-b324-af37ea4b8208" _http_log_request /usr/lib/python2.7/site-packages/keystoneauth1/session.py:448
2019-07-13 10:13:39.600 6399 DEBUG cinderclient.v2.client [-] RESP: [200] Content-Encoding: gzip Content-Length: 130 Content-Type: application/json Date: Sat, 13 Jul 2019 10:13:39 GMT OpenStack-API-Version: volume 3.0 Server: Apache Vary: OpenStack-API-Version,Accept-Encoding x-compute-request-id: req-83b80665-6189-4c73-b1fd-6af5f5bfe678 x-openstack-request-id: req-83b80665-6189-4c73-b1fd-6af5f5bfe678 _http_log_response /usr/lib/python2.7/site-packages/keystoneauth1/session.py:479
2019-07-13 10:13:39.600 6399 DEBUG cinderclient.v2.client [-] RESP BODY: {"volume_type_access": [{"volume_type_id": "6eb55785-b912-417d-b6f4-1ce0ad57a755", "project_id": "8847c7ef7ab549d1b2a49d9b8b737060"}]} _http_log_response /usr/lib/python2.7/site-packages/keystoneauth1/session.py:511
2019-07-13 10:13:39.600 6399 DEBUG cinderclient.v2.client [-] GET call to volumev2 for http://172.30.9.24:8776/v3/2e8cbdff4e444df18e923c25ce6a0831/types/6eb55785-b912-417d-b6f4-1ce0ad57a755/os-volume-type-access used request id req-83b80665-6189-4c73-b1fd-6af5f5bfe678 request /usr/lib/python2.7/site-packages/keystoneauth1/session.py:844
2019-07-13 10:13:39.601 6399 INFO rally.task.runner [-] Task b17446e5-8dac-4a68-8784-fb3c87e5bd50 | ITER: 9 END: OK
2019-07-13 10:13:39.633 6398 DEBUG cinderclient.v2.client [-] RESP: [202] Content-Length: 0 Content-Type: text/html; charset=UTF-8 Date: Sat, 13 Jul 2019 10:13:39 GMT OpenStack-API-Version: volume 3.0 Server: Apache Vary: OpenStack-API-Version x-openstack-request-id: req-d345311f-1fae-49c8-a980-dff23a56ef3c _http_log_response /usr/lib/python2.7/site-packages/keystoneauth1/session.py:479
2019-07-13 10:13:39.633 6398 DEBUG cinderclient.v2.client [-] RESP BODY: Omitted, Content-Type is set to text/html; charset=UTF-8. Only application/json responses have their bodies logged. _http_log_response /usr/lib/python2.7/site-packages/keystoneauth1/session.py:511
2019-07-13 10:13:39.633 6398 DEBUG cinderclient.v2.client [-] POST call to volumev2 for http://172.30.9.24:8776/v3/2e8cbdff4e444df18e923c25ce6a0831/types/ad3da4d6-52b5-4482-9240-37b935c77f92/action used request id req-d345311f-1fae-49c8-a980-dff23a56ef3c request /usr/lib/python2.7/site-packages/keystoneauth1/session.py:844
2019-07-13 10:13:39.635 6398 DEBUG cinderclient.v2.client [-] REQ: curl -g -i -X GET http://172.30.9.24:8776/v3/2e8cbdff4e444df18e923c25ce6a0831/types/ad3da4d6-52b5-4482-9240-37b935c77f92/os-volume-type-access -H "Accept: application/json" -H "User-Agent: python-cinderclient" -H "X-Auth-Token: {SHA1}681c9ed772600d16c0ca34daa89343d55017e3e6" -H "X-OpenStack-Request-ID: req-66c69547-7081-485a-b98c-163dd9d04245" _http_log_request /usr/lib/python2.7/site-packages/keystoneauth1/session.py:448
2019-07-13 10:13:39.950 6398 DEBUG cinderclient.v2.client [-] RESP: [200] Content-Encoding: gzip Content-Length: 131 Content-Type: application/json Date: Sat, 13 Jul 2019 10:13:39 GMT OpenStack-API-Version: volume 3.0 Server: Apache Vary: OpenStack-API-Version,Accept-Encoding x-compute-request-id: req-60fe5009-d450-4efa-8b93-796a12118319 x-openstack-request-id: req-60fe5009-d450-4efa-8b93-796a12118319 _http_log_response /usr/lib/python2.7/site-packages/keystoneauth1/session.py:479
2019-07-13 10:13:39.951 6398 DEBUG cinderclient.v2.client [-] RESP BODY: {"volume_type_access": [{"volume_type_id": "ad3da4d6-52b5-4482-9240-37b935c77f92", "project_id": "8847c7ef7ab549d1b2a49d9b8b737060"}]} _http_log_response /usr/lib/python2.7/site-packages/keystoneauth1/session.py:511
2019-07-13 10:13:39.951 6398 DEBUG cinderclient.v2.client [-] GET call to volumev2 for http://172.30.9.24:8776/v3/2e8cbdff4e444df18e923c25ce6a0831/types/ad3da4d6-52b5-4482-9240-37b935c77f92/os-volume-type-access used request id req-60fe5009-d450-4efa-8b93-796a12118319 request /usr/lib/python2.7/site-packages/keystoneauth1/session.py:844
2019-07-13 10:13:39.952 6398 INFO rally.task.runner [-] Task b17446e5-8dac-4a68-8784-fb3c87e5bd50 | ITER: 10 END: OK
2019-07-13 10:13:39.982 1842 INFO rally.task.context [-] Task b17446e5-8dac-4a68-8784-fb3c87e5bd50 | Context admin_cleanup@openstack cleanup() started
2019-07-13 10:13:39.984 1842 RALLYDEBUG rally_openstack.cleanup.manager [-] Cleaning up cinder volume_types objects
2019-07-13 10:13:40.702 1842 RALLYDEBUG rally_openstack.cleanup.manager [-] Deleting cinder.volume_types object s_rally_34ec57ae_n7YYLqHj (6eb55785-b912-417d-b6f4-1ce0ad57a755)
2019-07-13 10:13:40.707 1842 RALLYDEBUG rally_openstack.cleanup.manager [-] Deleting cinder.volume_types object s_rally_34ec57ae_DqzD8cSA (ad3da4d6-52b5-4482-9240-37b935c77f92)
2019-07-13 10:13:40.709 1842 RALLYDEBUG rally_openstack.cleanup.manager [-] Deleting cinder.volume_types object s_rally_34ec57ae_bycNcZCI (e30df985-8769-4e32-abee-e44c0e296d82)
2019-07-13 10:13:40.716 1842 RALLYDEBUG rally_openstack.cleanup.manager [-] Deleting cinder.volume_types object s_rally_34ec57ae_OnYFbq3p (8558fe03-e6ba-4659-a993-d2ba9e068d32)
2019-07-13 10:13:40.716 1842 RALLYDEBUG rally_openstack.cleanup.manager [-] Deleting cinder.volume_types object s_rally_34ec57ae_VCaBg0QT (1927bb54-25f8-433c-8bfd-70f6003aa660)
2019-07-13 10:13:40.719 1842 RALLYDEBUG rally_openstack.cleanup.manager [-] Deleting cinder.volume_types object s_rally_34ec57ae_m3914bCT (b74e3311-3c42-4b8b-93f8-94747ace4871)
2019-07-13 10:13:40.722 1842 RALLYDEBUG rally_openstack.cleanup.manager [-] Deleting cinder.volume_types object s_rally_34ec57ae_iJUdrRPQ (a6553ea9-5417-4259-9002-d4159406f571)
2019-07-13 10:13:40.722 1842 RALLYDEBUG rally_openstack.cleanup.manager [-] Deleting cinder.volume_types object s_rally_34ec57ae_Rm5co5OO (1b12edd2-bcfe-426d-8105-7884289baeff)
2019-07-13 10:13:40.734 1842 RALLYDEBUG rally_openstack.cleanup.manager [-] Deleting cinder.volume_types object s_rally_34ec57ae_Ro963xfE (39e500fd-c267-4e62-b670-780dc3880ff5)
2019-07-13 10:13:40.741 1842 RALLYDEBUG rally_openstack.cleanup.manager [-] Deleting cinder.volume_types object s_rally_34ec57ae_orpuSpo6 (59a69146-c705-403c-90cf-c345d73cd309)
2019-07-13 10:13:43.157 1842 RALLYDEBUG rally_openstack.cleanup.manager [-] Cleaning up cinder image_volumes_cache objects
2019-07-13 10:13:44.445 1842 RALLYDEBUG rally_openstack.cleanup.manager [-] Cleaning up cinder quotas objects
2019-07-13 10:13:46.038 1842 RALLYDEBUG rally_openstack.cleanup.manager [-] Cleaning up cinder qos_specs objects
2019-07-13 10:13:46.769 1842 INFO rally.task.context [-] Task b17446e5-8dac-4a68-8784-fb3c87e5bd50 | Context admin_cleanup@openstack cleanup() finished in 6.79 sec
2019-07-13 10:13:46.770 1842 INFO rally.task.context [-] Task b17446e5-8dac-4a68-8784-fb3c87e5bd50 | Context api_versions@openstack cleanup() started
2019-07-13 10:13:46.770 1842 INFO rally.task.context [-] Task b17446e5-8dac-4a68-8784-fb3c87e5bd50 | Context api_versions@openstack cleanup() finished in 0.34 msec
2019-07-13 10:13:46.771 1842 INFO rally.task.context [-] Task b17446e5-8dac-4a68-8784-fb3c87e5bd50 | Context users@openstack cleanup() started
2019-07-13 10:13:54.992 1842 INFO rally.task.context [-] Task b17446e5-8dac-4a68-8784-fb3c87e5bd50 | Context users@openstack cleanup() finished in 8.22 sec
2019-07-13 10:13:56.828 1842 INFO rally.task.engine [-] Load duration is: 4.14196
2019-07-13 10:13:56.829 1842 INFO rally.task.engine [-] Full runner duration is: 4.194368
2019-07-13 10:13:56.829 1842 INFO rally.task.engine [-] Full duration is: 24.330056
2019-07-13 10:13:57.017 1842 INFO rally.task.engine [-] Task b17446e5-8dac-4a68-8784-fb3c87e5bd50 | Completed: Running task.
2019-07-13 10:13:58.143 6540 RALLYDEBUG rally.api [-] INFO logs from urllib3 and requests module are hide.
2019-07-13 10:13:58.144 6540 RALLYDEBUG rally.api [-] urllib3 insecure warnings are hidden.
2019-07-13 10:13:58.144 6540 RALLYDEBUG rally.api [-] ERROR log from boto module is hide.
2019-07-13 10:13:59.104 6541 RALLYDEBUG rally.api [-] INFO logs from urllib3 and requests module are hide.
2019-07-13 10:13:59.104 6541 RALLYDEBUG rally.api [-] urllib3 insecure warnings are hidden.
2019-07-13 10:13:59.104 6541 RALLYDEBUG rally.api [-] ERROR log from boto module is hide.
2019-07-13 10:14:00.467 6541 INFO rally.api [-] Building 'json' report for the following task(s): 'b17446e5-8dac-4a68-8784-fb3c87e5bd50'.
2019-07-13 10:14:00.511 6541 INFO rally.api [-] The report has been successfully built.
2019-07-13 10:14:01.352 6543 RALLYDEBUG rally.api [-] INFO logs from urllib3 and requests module are hide.
2019-07-13 10:14:01.352 6543 RALLYDEBUG rally.api [-] urllib3 insecure warnings are hidden.
2019-07-13 10:14:01.352 6543 RALLYDEBUG rally.api [-] ERROR log from boto module is hide.
2019-07-13 10:14:02.673 6543 INFO rally.task.engine [-] Task 6bacf6a2-2848-4ead-b3a9-34cd439b8119 | Starting: Task validation.
2019-07-13 10:14:02.706 6543 INFO rally.task.engine [-] Task 6bacf6a2-2848-4ead-b3a9-34cd439b8119 | Starting: Task validation of syntax.
2019-07-13 10:14:02.889 6543 INFO rally.task.engine [-] Task 6bacf6a2-2848-4ead-b3a9-34cd439b8119 | Completed: Task validation of syntax.
2019-07-13 10:14:02.891 6543 INFO rally.task.engine [-] Task 6bacf6a2-2848-4ead-b3a9-34cd439b8119 | Starting: Task validation of required platforms.
2019-07-13 10:14:02.960 6543 INFO rally.task.engine [-] Task 6bacf6a2-2848-4ead-b3a9-34cd439b8119 | Completed: Task validation of required platforms.
2019-07-13 10:14:02.961 6543 INFO rally.task.engine [-] Task 6bacf6a2-2848-4ead-b3a9-34cd439b8119 | Starting: Task validation of semantic.
2019-07-13 10:14:02.961 6543 INFO rally.task.engine [-] Check health of the environment '50bd4601-1175-41dc-843f-6ac399f22f3d'.
2019-07-13 10:14:03.798 6543 INFO rally.task.engine [-] Platform existing@openstack (available: True): OK!
2019-07-13 10:14:03.817 6543 RALLYDEBUG rally_openstack.contexts.keystone.users [-] Creating 1 tenants using 20 threads
2019-07-13 10:14:05.724 6543 RALLYDEBUG rally_openstack.contexts.keystone.users [-] Creating 1 users using 20 threads
2019-07-13 10:14:08.434 6543 INFO rally.task.context [-] Task 6bacf6a2-2848-4ead-b3a9-34cd439b8119 | Context users@openstack setup() finished in 4.62 sec
2019-07-13 10:14:15.627 6543 INFO rally.task.context [-] Task 6bacf6a2-2848-4ead-b3a9-34cd439b8119 | Context users@openstack cleanup() started
2019-07-13 10:14:20.880 6543 INFO rally.task.context [-] Task 6bacf6a2-2848-4ead-b3a9-34cd439b8119 | Context users@openstack cleanup() finished in 5.25 sec
2019-07-13 10:14:20.880 6543 INFO rally.task.engine [-] Task 6bacf6a2-2848-4ead-b3a9-34cd439b8119 | Completed: Task validation of semantic.
2019-07-13 10:14:20.880 6543 INFO rally.task.engine [-] Task 6bacf6a2-2848-4ead-b3a9-34cd439b8119 | Completed: Task validation.
2019-07-13 10:14:20.881 6543 INFO rally.api [-] Task 6bacf6a2-2848-4ead-b3a9-34cd439b8119 input file is valid.
2019-07-13 10:14:20.881 6543 INFO rally.api [-] Run Task 6bacf6a2-2848-4ead-b3a9-34cd439b8119 against Deployment 50bd4601-1175-41dc-843f-6ac399f22f3d
2019-07-13 10:14:20.881 6543 INFO rally.task.engine [-] Task 6bacf6a2-2848-4ead-b3a9-34cd439b8119 | Starting: Running task.
2019-07-13 10:14:21.006 6543 INFO rally.task.engine [-] Running workload: position = 0 config = { "version": 2, "title": "A cropped version of a bigger task.", "description": "Auto-generated task from a single workload (uuid=fc6dfa33-f431-4569-a0e1-e31dbbdb53f9)", "subtasks": [ { "title": "Gnocchi.list_capabilities", "description": "List supported aggregation methods.", "scenario": { "Gnocchi.list_capabilities": {} }, "contexts": { "users": { "tenants": 3, "users_per_tenant": 2 } }, "runner": { "constant": { "concurrency": 4, "times": 10 } }, "hooks": [], "sla": { "failure_rate": { "max": 0 } } } ] }
2019-07-13 10:14:21.025 6543 RALLYDEBUG rally_openstack.contexts.keystone.users [-] Creating 3 tenants using 20 threads
2019-07-13 10:14:22.916 6543 RALLYDEBUG rally_openstack.contexts.keystone.users [-] Creating 6 users using 20 threads
2019-07-13 10:14:25.756 6543 INFO rally.task.context [-] Task 6bacf6a2-2848-4ead-b3a9-34cd439b8119 | Context users@openstack setup() finished in 4.73 sec
2019-07-13 10:14:25.763 6543 RALLYDEBUG rally.task.runner [-] Starting the constant runner (task UUID: 6bacf6a2-2848-4ead-b3a9-34cd439b8119). timeout: 0 concurrency: 4 concurrency_per_worker: 1 times: 10 concurrency_overhead: 0 processes_to_start: 4 max_cpu_used: 16
2019-07-13 10:14:25.776 6667 RALLYDEBUG rally.task.runner [-] Starting a worker. concurrency: 1 args: {} times: 10 method_name: run timeout: 0 duration: None cls:
2019-07-13 10:14:25.780 6668 RALLYDEBUG rally.task.runner [-] Starting a worker. concurrency: 1 args: {} times: 10 method_name: run timeout: 0 duration: None cls:
2019-07-13 10:14:25.781 6667 INFO rally.task.runner [-] Task 6bacf6a2-2848-4ead-b3a9-34cd439b8119 | ITER: 1 START
2019-07-13 10:14:25.782 6669 RALLYDEBUG rally.task.runner [-] Starting a worker. concurrency: 1 args: {} times: 10 method_name: run timeout: 0 duration: None cls:
2019-07-13 10:14:25.785 6670 RALLYDEBUG rally.task.runner [-] Starting a worker. concurrency: 1 args: {} times: 10 method_name: run timeout: 0 duration: None cls:
2019-07-13 10:14:25.786 6668 INFO rally.task.runner [-] Task 6bacf6a2-2848-4ead-b3a9-34cd439b8119 | ITER: 2 START
2019-07-13 10:14:25.787 6669 INFO rally.task.runner [-] Task 6bacf6a2-2848-4ead-b3a9-34cd439b8119 | ITER: 3 START
2019-07-13 10:14:25.791 6670 INFO rally.task.runner [-] Task 6bacf6a2-2848-4ead-b3a9-34cd439b8119 | ITER: 4 START
2019-07-13 10:14:26.502 6670 INFO rally.task.runner [-] Task 6bacf6a2-2848-4ead-b3a9-34cd439b8119 | ITER: 4 END: OK
2019-07-13 10:14:26.504 6667 INFO rally.task.runner [-] Task 6bacf6a2-2848-4ead-b3a9-34cd439b8119 | ITER: 1 END: OK
2019-07-13 10:14:26.506 6670 INFO rally.task.runner [-] Task 6bacf6a2-2848-4ead-b3a9-34cd439b8119 | ITER: 5 START
2019-07-13 10:14:26.507 6667 INFO rally.task.runner [-] Task 6bacf6a2-2848-4ead-b3a9-34cd439b8119 | ITER: 6 START
2019-07-13 10:14:26.523 6668 INFO rally.task.runner [-] Task 6bacf6a2-2848-4ead-b3a9-34cd439b8119 | ITER: 2 END: OK
2019-07-13 10:14:26.526 6668 INFO rally.task.runner [-] Task 6bacf6a2-2848-4ead-b3a9-34cd439b8119 | ITER: 7 START
2019-07-13 10:14:26.529 6669 INFO rally.task.runner [-] Task 6bacf6a2-2848-4ead-b3a9-34cd439b8119 | ITER: 3 END: OK
2019-07-13 10:14:26.533 6669 INFO rally.task.runner [-] Task 6bacf6a2-2848-4ead-b3a9-34cd439b8119 | ITER: 8 START
2019-07-13 10:14:27.205 6670 INFO rally.task.runner [-] Task 6bacf6a2-2848-4ead-b3a9-34cd439b8119 | ITER: 5 END: OK
2019-07-13 10:14:27.208 6670 INFO rally.task.runner [-] Task 6bacf6a2-2848-4ead-b3a9-34cd439b8119 | ITER: 9 START
2019-07-13 10:14:27.239 6667 INFO rally.task.runner [-] Task 6bacf6a2-2848-4ead-b3a9-34cd439b8119 | ITER: 6 END: OK
2019-07-13 10:14:27.242 6667 INFO rally.task.runner [-] Task 6bacf6a2-2848-4ead-b3a9-34cd439b8119 | ITER: 10 START
2019-07-13 10:14:27.250 6668 INFO rally.task.runner [-] Task 6bacf6a2-2848-4ead-b3a9-34cd439b8119 | ITER: 7 END: OK
2019-07-13 10:14:27.267 6669 INFO rally.task.runner [-] Task 6bacf6a2-2848-4ead-b3a9-34cd439b8119 | ITER: 8 END: OK
2019-07-13 10:14:27.917 6670 INFO rally.task.runner [-] Task 6bacf6a2-2848-4ead-b3a9-34cd439b8119 | ITER: 9 END: OK
2019-07-13 10:14:27.947 6667 INFO rally.task.runner [-] Task 6bacf6a2-2848-4ead-b3a9-34cd439b8119 | ITER: 10 END: OK
2019-07-13 10:14:27.970 6543 INFO rally.task.context [-] Task 6bacf6a2-2848-4ead-b3a9-34cd439b8119 | Context users@openstack cleanup() started
2019-07-13 10:14:36.292 6543 INFO rally.task.context [-] Task 6bacf6a2-2848-4ead-b3a9-34cd439b8119 | Context users@openstack cleanup() finished in 8.32 sec
2019-07-13 10:14:37.102 6543 INFO rally.task.engine [-] Load duration is: 2.163563
2019-07-13 10:14:37.102 6543 INFO rally.task.engine [-] Full runner duration is: 2.207022
2019-07-13 10:14:37.103 6543 INFO rally.task.engine [-] Full duration is: 15.271618
2019-07-13 10:14:37.333 6543 INFO rally.task.engine [-] Running workload: position = 0 config = { "version": 2, "title": "A cropped version of a bigger task.", "description": "Auto-generated task from a single workload (uuid=88f02207-7cef-44dc-8056-0e3f34c35a59)", "subtasks": [ { "title": "Gnocchi.get_status", "description": "Get the status of measurements processing.", "scenario": { "Gnocchi.get_status": { "detailed": false } }, "contexts": { "users": { "tenants": 3, "users_per_tenant": 2 } }, "runner": { "constant": { "concurrency": 4, "times": 10 } }, "hooks": [], "sla": { "failure_rate": { "max": 0 } } } ] }
2019-07-13 10:14:37.357 6543 RALLYDEBUG rally_openstack.contexts.keystone.users [-] Creating 3 tenants using 20 threads
2019-07-13 10:14:39.108 6543 RALLYDEBUG rally_openstack.contexts.keystone.users [-] Creating 6 users using 20 threads
2019-07-13 10:14:41.794 6543 INFO rally.task.context [-] Task 6bacf6a2-2848-4ead-b3a9-34cd439b8119 | Context users@openstack setup() finished in 4.44 sec
2019-07-13 10:14:41.798 6543 RALLYDEBUG rally.task.runner [-] Starting the constant runner (task UUID: 6bacf6a2-2848-4ead-b3a9-34cd439b8119). timeout: 0 concurrency: 4 concurrency_per_worker: 1 times: 10 concurrency_overhead: 0 processes_to_start: 4 max_cpu_used: 16
2019-07-13 10:14:41.807 6772 RALLYDEBUG rally.task.runner [-] Starting a worker. concurrency: 1 args: {"detailed": false} times: 10 method_name: run timeout: 0 duration: None cls:
2019-07-13 10:14:41.808 6771 RALLYDEBUG rally.task.runner [-] Starting a worker. concurrency: 1 args: {"detailed": false} times: 10 method_name: run timeout: 0 duration: None cls:
2019-07-13 10:14:41.811 6772 INFO rally.task.runner [-] Task 6bacf6a2-2848-4ead-b3a9-34cd439b8119 | ITER: 1 START
2019-07-13 10:14:41.813 6771 INFO rally.task.runner [-] Task 6bacf6a2-2848-4ead-b3a9-34cd439b8119 | ITER: 2 START
2019-07-13 10:14:41.813 6775 RALLYDEBUG rally.task.runner [-] Starting a worker. concurrency: 1 args: {"detailed": false} times: 10 method_name: run timeout: 0 duration: None cls:
2019-07-13 10:14:41.813 6773 RALLYDEBUG rally.task.runner [-] Starting a worker. concurrency: 1 args: {"detailed": false} times: 10 method_name: run timeout: 0 duration: None cls:
2019-07-13 10:14:41.817 6775 INFO rally.task.runner [-] Task 6bacf6a2-2848-4ead-b3a9-34cd439b8119 | ITER: 3 START
2019-07-13 10:14:41.819 6773 INFO rally.task.runner [-] Task 6bacf6a2-2848-4ead-b3a9-34cd439b8119 | ITER: 4 START
2019-07-13 10:14:42.594 6775 INFO rally.task.runner [-] Task 6bacf6a2-2848-4ead-b3a9-34cd439b8119 | ITER: 3 END: OK
2019-07-13 10:14:42.598 6775 INFO rally.task.runner [-] Task 6bacf6a2-2848-4ead-b3a9-34cd439b8119 | ITER: 5 START
2019-07-13 10:14:42.613 6772 INFO rally.task.runner [-] Task 6bacf6a2-2848-4ead-b3a9-34cd439b8119 | ITER: 1 END: OK
2019-07-13 10:14:42.617 6772 INFO rally.task.runner [-] Task 6bacf6a2-2848-4ead-b3a9-34cd439b8119 | ITER: 6 START
2019-07-13 10:14:42.627 6771 INFO rally.task.runner [-] Task 6bacf6a2-2848-4ead-b3a9-34cd439b8119 | ITER: 2 END: OK
2019-07-13 10:14:42.631 6771 INFO rally.task.runner [-] Task 6bacf6a2-2848-4ead-b3a9-34cd439b8119 | ITER: 7 START
2019-07-13 10:14:42.671 6773 INFO rally.task.runner [-] Task 6bacf6a2-2848-4ead-b3a9-34cd439b8119 | ITER: 4 END: OK
2019-07-13 10:14:42.674 6773 INFO rally.task.runner [-] Task 6bacf6a2-2848-4ead-b3a9-34cd439b8119 | ITER: 8 START
2019-07-13 10:14:43.333 6775 INFO rally.task.runner [-] Task 6bacf6a2-2848-4ead-b3a9-34cd439b8119 | ITER: 5 END: OK
2019-07-13 10:14:43.336 6775 INFO rally.task.runner [-] Task 6bacf6a2-2848-4ead-b3a9-34cd439b8119 | ITER: 9 START
2019-07-13 10:14:43.394 6772 INFO rally.task.runner [-] Task 6bacf6a2-2848-4ead-b3a9-34cd439b8119 | ITER: 6 END: OK
2019-07-13 10:14:43.395 6771 INFO rally.task.runner [-] Task 6bacf6a2-2848-4ead-b3a9-34cd439b8119 | ITER: 7 END: OK
2019-07-13 10:14:43.398 6772 INFO rally.task.runner [-] Task 6bacf6a2-2848-4ead-b3a9-34cd439b8119 | ITER: 10 START
2019-07-13 10:14:43.508 6773 INFO rally.task.runner [-] Task 6bacf6a2-2848-4ead-b3a9-34cd439b8119 | ITER: 8 END: OK
2019-07-13 10:14:44.098 6775 INFO rally.task.runner [-] Task 6bacf6a2-2848-4ead-b3a9-34cd439b8119 | ITER: 9 END: OK
2019-07-13 10:14:44.159 6772 INFO rally.task.runner [-] Task 6bacf6a2-2848-4ead-b3a9-34cd439b8119 | ITER: 10 END: OK
2019-07-13 10:14:44.184 6543 INFO rally.task.context [-] Task 6bacf6a2-2848-4ead-b3a9-34cd439b8119 | Context users@openstack cleanup() started
2019-07-13 10:14:52.136 6543 INFO rally.task.context [-] Task 6bacf6a2-2848-4ead-b3a9-34cd439b8119 | Context users@openstack cleanup() finished in 7.95 sec
2019-07-13 10:14:53.433 6543 INFO rally.task.engine [-] Load duration is: 2.346796
2019-07-13 10:14:53.434 6543 INFO rally.task.engine [-] Full runner duration is: 2.385937
2019-07-13 10:14:53.434 6543 INFO rally.task.engine [-] Full duration is: 14.781318
2019-07-13 10:14:53.665 6543 INFO rally.task.engine [-] Running workload: position = 0 config = { "version": 2, "title": "A cropped version of a bigger task.", "description": "Auto-generated task from a single workload (uuid=4c254a52-81ee-4f82-b055-e04cf42d057e)", "subtasks": [ { "title": "GnocchiArchivePolicyRule.list_archive_policy_rule", "description": "List archive policy rules.", "scenario": { "GnocchiArchivePolicyRule.list_archive_policy_rule": {} }, "contexts": { "users": { "tenants": 3, "users_per_tenant": 2 } }, "runner": { "constant": { "concurrency": 4, "times": 10 } }, "hooks": [], "sla": { "failure_rate": { "max": 0 } } } ] }
2019-07-13 10:14:53.685 6543 RALLYDEBUG rally_openstack.contexts.keystone.users [-] Creating 3 tenants using 20 threads
2019-07-13 10:14:55.526 6543 RALLYDEBUG rally_openstack.contexts.keystone.users [-] Creating 6 users using 20 threads
2019-07-13 10:14:58.523 6543 INFO rally.task.context [-] Task 6bacf6a2-2848-4ead-b3a9-34cd439b8119 | Context users@openstack setup() finished in 4.84 sec
2019-07-13 10:14:58.530 6543 RALLYDEBUG rally.task.runner [-] Starting the constant runner (task UUID: 6bacf6a2-2848-4ead-b3a9-34cd439b8119). timeout: 0 concurrency: 4 concurrency_per_worker: 1 times: 10 concurrency_overhead: 0 processes_to_start: 4 max_cpu_used: 16
2019-07-13 10:14:58.542 6875 RALLYDEBUG rally.task.runner [-] Starting a worker. concurrency: 1 args: {} times: 10 method_name: run timeout: 0 duration: None cls:
2019-07-13 10:14:58.544 6876 RALLYDEBUG rally.task.runner [-] Starting a worker. concurrency: 1 args: {} times: 10 method_name: run timeout: 0 duration: None cls:
2019-07-13 10:14:58.547 6877 RALLYDEBUG rally.task.runner [-] Starting a worker. concurrency: 1 args: {} times: 10 method_name: run timeout: 0 duration: None cls:
2019-07-13 10:14:58.548 6875 INFO rally.task.runner [-] Task 6bacf6a2-2848-4ead-b3a9-34cd439b8119 | ITER: 1 START
2019-07-13 10:14:58.549 6878 RALLYDEBUG rally.task.runner [-] Starting a worker. concurrency: 1 args: {} times: 10 method_name: run timeout: 0 duration: None cls:
2019-07-13 10:14:58.550 6876 INFO rally.task.runner [-] Task 6bacf6a2-2848-4ead-b3a9-34cd439b8119 | ITER: 2 START
2019-07-13 10:14:58.552 6877 INFO rally.task.runner [-] Task 6bacf6a2-2848-4ead-b3a9-34cd439b8119 | ITER: 3 START
2019-07-13 10:14:58.555 6878 INFO rally.task.runner [-] Task 6bacf6a2-2848-4ead-b3a9-34cd439b8119 | ITER: 4 START
2019-07-13 10:14:59.254 6875 INFO rally.task.runner [-] Task 6bacf6a2-2848-4ead-b3a9-34cd439b8119 | ITER: 1 END: OK
2019-07-13 10:14:59.257 6875 INFO rally.task.runner [-] Task 6bacf6a2-2848-4ead-b3a9-34cd439b8119 | ITER: 5 START
2019-07-13 10:14:59.273 6877 INFO rally.task.runner [-] Task 6bacf6a2-2848-4ead-b3a9-34cd439b8119 | ITER: 3 END: OK
2019-07-13 10:14:59.277 6877 INFO rally.task.runner [-] Task 6bacf6a2-2848-4ead-b3a9-34cd439b8119 | ITER: 6 START
2019-07-13 10:14:59.290 6876 INFO rally.task.runner [-] Task 6bacf6a2-2848-4ead-b3a9-34cd439b8119 | ITER: 2 END: OK
2019-07-13 10:14:59.293 6878 INFO rally.task.runner [-] Task 6bacf6a2-2848-4ead-b3a9-34cd439b8119 | ITER: 4 END: OK
2019-07-13 10:14:59.295 6876 INFO rally.task.runner [-] Task 6bacf6a2-2848-4ead-b3a9-34cd439b8119 | ITER: 7 START
2019-07-13 10:14:59.298 6878 INFO rally.task.runner [-] Task 6bacf6a2-2848-4ead-b3a9-34cd439b8119 | ITER: 8 START
2019-07-13 10:14:59.980 6875 INFO rally.task.runner [-] Task 6bacf6a2-2848-4ead-b3a9-34cd439b8119 | ITER: 5 END: OK
2019-07-13 10:14:59.984 6875 INFO rally.task.runner [-] Task 6bacf6a2-2848-4ead-b3a9-34cd439b8119 | ITER: 9 START
2019-07-13 10:15:00.009 6877 INFO rally.task.runner [-] Task 6bacf6a2-2848-4ead-b3a9-34cd439b8119 | ITER: 6 END: OK
2019-07-13 10:15:00.012 6878 INFO rally.task.runner [-] Task 6bacf6a2-2848-4ead-b3a9-34cd439b8119 | ITER: 8 END: OK
2019-07-13 10:15:00.012 6877 INFO rally.task.runner [-] Task 6bacf6a2-2848-4ead-b3a9-34cd439b8119 | ITER: 10 START
2019-07-13 10:15:00.035 6876 INFO rally.task.runner [-] Task 6bacf6a2-2848-4ead-b3a9-34cd439b8119 | ITER: 7 END: OK
2019-07-13 10:15:00.720 6877 INFO rally.task.runner [-] Task 6bacf6a2-2848-4ead-b3a9-34cd439b8119 | ITER: 10 END: OK
2019-07-13 10:15:00.722 6875 INFO rally.task.runner [-] Task 6bacf6a2-2848-4ead-b3a9-34cd439b8119 | ITER: 9 END: OK
2019-07-13 10:15:00.748 6543 INFO rally.task.context [-] Task 6bacf6a2-2848-4ead-b3a9-34cd439b8119 | Context users@openstack cleanup() started
2019-07-13 10:15:09.197 6543 INFO rally.task.context [-] Task 6bacf6a2-2848-4ead-b3a9-34cd439b8119 | Context users@openstack cleanup() finished in 8.45 sec
2019-07-13 10:15:09.951 6543 INFO rally.task.engine [-] Load duration is: 2.171407
2019-07-13 10:15:09.951 6543 INFO rally.task.engine [-] Full runner duration is: 2.218087
2019-07-13 10:15:09.952 6543 INFO rally.task.engine [-] Full duration is: 15.51549
2019-07-13 10:15:10.166 6543 INFO rally.task.engine [-] Running workload: position = 0 config = { "version": 2, "title": "A cropped version of a bigger task.", "description": "Auto-generated task from a single workload (uuid=1381b597-bcac-4c62-b5d0-6cd4f407a5ef)", "subtasks": [ { "title": "GnocchiArchivePolicyRule.create_archive_policy_rule", "description": "Create archive policy rule.", "scenario": { "GnocchiArchivePolicyRule.create_archive_policy_rule": { "metric_pattern": "cpu_*", "archive_policy_name": "low" } }, "contexts": { "users": { "tenants": 3, "users_per_tenant": 2 } }, "runner": { "constant": { "concurrency": 4, "times": 10 } }, "hooks": [], "sla": { "failure_rate": { "max": 0 } } } ] }
2019-07-13 10:15:10.190 6543 RALLYDEBUG rally_openstack.contexts.keystone.users [-] Creating 3 tenants using 20 threads
2019-07-13 10:15:12.096 6543 RALLYDEBUG rally_openstack.contexts.keystone.users [-] Creating 6 users using 20 threads
2019-07-13 10:15:14.860 6543 INFO rally.task.context [-] Task 6bacf6a2-2848-4ead-b3a9-34cd439b8119 | Context users@openstack setup() finished in 4.67 sec
2019-07-13 10:15:14.861 6543 INFO rally.task.context [-] Task 6bacf6a2-2848-4ead-b3a9-34cd439b8119 | Context admin_cleanup@openstack setup() finished in 0.01 msec
2019-07-13 10:15:14.869 6543 RALLYDEBUG rally.task.runner [-] Starting the constant runner (task UUID: 6bacf6a2-2848-4ead-b3a9-34cd439b8119). timeout: 0 concurrency: 4 concurrency_per_worker: 1 times: 10 concurrency_overhead: 0 processes_to_start: 4 max_cpu_used: 16
2019-07-13 10:15:14.881 6979 RALLYDEBUG rally.task.runner [-] Starting a worker. concurrency: 1 args: {"metric_pattern": "cpu_*", "archive_policy_name": "low"} times: 10 method_name: run timeout: 0 duration: None cls:
2019-07-13 10:15:14.885 6980 RALLYDEBUG rally.task.runner [-] Starting a worker. concurrency: 1 args: {"metric_pattern": "cpu_*", "archive_policy_name": "low"} times: 10 method_name: run timeout: 0 duration: None cls:
2019-07-13 10:15:14.886 6981 RALLYDEBUG rally.task.runner [-] Starting a worker. concurrency: 1 args: {"metric_pattern": "cpu_*", "archive_policy_name": "low"} times: 10 method_name: run timeout: 0 duration: None cls:
2019-07-13 10:15:14.887 6979 INFO rally.task.runner [-] Task 6bacf6a2-2848-4ead-b3a9-34cd439b8119 | ITER: 1 START
2019-07-13 10:15:14.890 6982 RALLYDEBUG rally.task.runner [-] Starting a worker. concurrency: 1 args: {"metric_pattern": "cpu_*", "archive_policy_name": "low"} times: 10 method_name: run timeout: 0 duration: None cls:
2019-07-13 10:15:14.891 6980 INFO rally.task.runner [-] Task 6bacf6a2-2848-4ead-b3a9-34cd439b8119 | ITER: 2 START
2019-07-13 10:15:14.893 6981 INFO rally.task.runner [-] Task 6bacf6a2-2848-4ead-b3a9-34cd439b8119 | ITER: 3 START
2019-07-13 10:15:14.895 6982 INFO rally.task.runner [-] Task 6bacf6a2-2848-4ead-b3a9-34cd439b8119 | ITER: 4 START
2019-07-13 10:15:15.639 6980 INFO rally.task.runner [-] Task 6bacf6a2-2848-4ead-b3a9-34cd439b8119 | ITER: 2 END: OK
2019-07-13 10:15:15.643 6980 INFO rally.task.runner [-] Task 6bacf6a2-2848-4ead-b3a9-34cd439b8119 | ITER: 5 START
2019-07-13 10:15:15.655 6981 INFO rally.task.runner [-] Task 6bacf6a2-2848-4ead-b3a9-34cd439b8119 | ITER: 3 END: OK
2019-07-13 10:15:15.659 6981 INFO rally.task.runner [-] Task 6bacf6a2-2848-4ead-b3a9-34cd439b8119 | ITER: 6 START
2019-07-13 10:15:15.668 6982 INFO rally.task.runner [-] Task 6bacf6a2-2848-4ead-b3a9-34cd439b8119 | ITER: 4 END: OK
2019-07-13 10:15:15.672 6982 INFO rally.task.runner [-] Task 6bacf6a2-2848-4ead-b3a9-34cd439b8119 | ITER: 7 START
2019-07-13 10:15:15.727 6979 INFO rally.task.runner [-] Task 6bacf6a2-2848-4ead-b3a9-34cd439b8119 | ITER: 1 END: OK
2019-07-13 10:15:15.731 6979 INFO rally.task.runner [-] Task 6bacf6a2-2848-4ead-b3a9-34cd439b8119 | ITER: 8 START
2019-07-13 10:15:16.393 6980 INFO rally.task.runner [-] Task 6bacf6a2-2848-4ead-b3a9-34cd439b8119 | ITER: 5 END: OK
2019-07-13 10:15:16.397 6980 INFO rally.task.runner [-] Task 6bacf6a2-2848-4ead-b3a9-34cd439b8119 | ITER: 9 START
2019-07-13 10:15:16.405 6981 INFO rally.task.runner [-] Task 6bacf6a2-2848-4ead-b3a9-34cd439b8119 | ITER: 6 END: OK
2019-07-13 10:15:16.409 6981 INFO rally.task.runner [-] Task 6bacf6a2-2848-4ead-b3a9-34cd439b8119 | ITER: 10 START
2019-07-13 10:15:16.417 6982 INFO rally.task.runner [-] Task 6bacf6a2-2848-4ead-b3a9-34cd439b8119 | ITER: 7 END: OK
2019-07-13 10:15:16.507 6979 INFO rally.task.runner [-] Task 6bacf6a2-2848-4ead-b3a9-34cd439b8119 | ITER: 8 END: OK
2019-07-13 10:15:17.074 6981 INFO rally.task.runner [-] Task 6bacf6a2-2848-4ead-b3a9-34cd439b8119 | ITER: 10 END: OK
2019-07-13 10:15:17.117 6980 INFO rally.task.runner [-] Task 6bacf6a2-2848-4ead-b3a9-34cd439b8119 | ITER: 9 END: OK
2019-07-13 10:15:17.136 6543 INFO rally.task.context [-] Task 6bacf6a2-2848-4ead-b3a9-34cd439b8119 | Context admin_cleanup@openstack cleanup() started
2019-07-13 10:15:17.138 6543 RALLYDEBUG rally_openstack.cleanup.manager [-] Cleaning up gnocchi archive_policy_rule objects
2019-07-13 10:15:17.934 6543 RALLYDEBUG rally_openstack.cleanup.manager [-] Deleting gnocchi.archive_policy_rule object s_rally_1381b597_csbThjVn (s_rally_1381b597_csbThjVn)
2019-07-13 10:15:17.934 6543 RALLYDEBUG rally_openstack.cleanup.manager [-] Deleting gnocchi.archive_policy_rule object s_rally_1381b597_5pdhCgQ7 (s_rally_1381b597_5pdhCgQ7)
2019-07-13 10:15:17.935 6543 RALLYDEBUG rally_openstack.cleanup.manager [-] Deleting gnocchi.archive_policy_rule object s_rally_1381b597_LjFsGTTX (s_rally_1381b597_LjFsGTTX)
2019-07-13 10:15:17.951 6543 RALLYDEBUG rally_openstack.cleanup.manager [-] Deleting gnocchi.archive_policy_rule object s_rally_1381b597_NJfOhXdk (s_rally_1381b597_NJfOhXdk)
2019-07-13 10:15:17.957 6543 RALLYDEBUG rally_openstack.cleanup.manager [-] Deleting gnocchi.archive_policy_rule object s_rally_1381b597_eGqWr4dz (s_rally_1381b597_eGqWr4dz)
2019-07-13 10:15:17.963 6543 RALLYDEBUG rally_openstack.cleanup.manager [-] Deleting gnocchi.archive_policy_rule object s_rally_1381b597_Vit8JMFL (s_rally_1381b597_Vit8JMFL)
2019-07-13 10:15:17.963 6543 RALLYDEBUG rally_openstack.cleanup.manager [-] Deleting gnocchi.archive_policy_rule object s_rally_1381b597_Z29XUCf3 (s_rally_1381b597_Z29XUCf3)
2019-07-13 10:15:17.966 6543 RALLYDEBUG rally_openstack.cleanup.manager [-] Deleting gnocchi.archive_policy_rule object s_rally_1381b597_IZ8GokPP (s_rally_1381b597_IZ8GokPP)
2019-07-13 10:15:17.975 6543 RALLYDEBUG rally_openstack.cleanup.manager [-] Deleting gnocchi.archive_policy_rule object s_rally_1381b597_QIYsaYPu (s_rally_1381b597_QIYsaYPu)
2019-07-13 10:15:17.977 6543 RALLYDEBUG rally_openstack.cleanup.manager [-] Deleting gnocchi.archive_policy_rule object s_rally_1381b597_ciSqU3Im (s_rally_1381b597_ciSqU3Im)
2019-07-13 10:15:20.311 6543 INFO rally.task.context [-] Task 6bacf6a2-2848-4ead-b3a9-34cd439b8119 | Context admin_cleanup@openstack cleanup() finished in 3.18 sec
2019-07-13 10:15:20.312 6543 INFO rally.task.context [-] Task 6bacf6a2-2848-4ead-b3a9-34cd439b8119 | Context users@openstack cleanup() started
2019-07-13 10:15:28.700 6543 INFO rally.task.context [-] Task 6bacf6a2-2848-4ead-b3a9-34cd439b8119 | Context users@openstack cleanup() finished in 8.39 sec
2019-07-13 10:15:30.282 6543 INFO rally.task.engine [-] Load duration is: 2.227753
2019-07-13 10:15:30.283 6543 INFO rally.task.engine [-] Full runner duration is: 2.268046
2019-07-13 10:15:30.283 6543 INFO rally.task.engine [-] Full duration is: 18.513412
2019-07-13 10:15:30.510 6543 INFO rally.task.engine [-] Running workload: position = 0 config = { "version": 2, "title": "A cropped version of a bigger task.", "description": "Auto-generated task from a single workload (uuid=1ad9c9f7-2581-452f-883a-fd3d369d4b77)", "subtasks": [ { "title": "GnocchiArchivePolicyRule.create_delete_archive_policy_rule", "description": "Create archive policy rule and then delete it.", "scenario": { "GnocchiArchivePolicyRule.create_delete_archive_policy_rule": { "metric_pattern": "cpu_*", "archive_policy_name": "low" } }, "contexts": { "users": { "tenants": 3, "users_per_tenant": 2 } }, "runner": { "constant": { "concurrency": 4, "times": 10 } }, "hooks": [], "sla": { "failure_rate": { "max": 0 } } } ] }
2019-07-13 10:15:30.535 6543 RALLYDEBUG rally_openstack.contexts.keystone.users [-] Creating 3 tenants using 20 threads
2019-07-13 10:15:32.431 6543 RALLYDEBUG rally_openstack.contexts.keystone.users [-] Creating 6 users using 20 threads
2019-07-13 10:15:35.317 6543 INFO rally.task.context [-] Task 6bacf6a2-2848-4ead-b3a9-34cd439b8119 | Context users@openstack setup() finished in 4.78 sec
2019-07-13 10:15:35.317 6543 INFO rally.task.context [-] Task 6bacf6a2-2848-4ead-b3a9-34cd439b8119 | Context admin_cleanup@openstack setup() finished in 0.01 msec
2019-07-13 10:15:35.325 6543 RALLYDEBUG rally.task.runner [-] Starting the constant runner (task UUID: 6bacf6a2-2848-4ead-b3a9-34cd439b8119). timeout: 0 concurrency: 4 concurrency_per_worker: 1 times: 10 concurrency_overhead: 0 processes_to_start: 4 max_cpu_used: 16
2019-07-13 10:15:35.338 7103 RALLYDEBUG rally.task.runner [-] Starting a worker. concurrency: 1 args: {"metric_pattern": "cpu_*", "archive_policy_name": "low"} times: 10 method_name: run timeout: 0 duration: None cls:
2019-07-13 10:15:35.341 7104 RALLYDEBUG rally.task.runner [-] Starting a worker. concurrency: 1 args: {"metric_pattern": "cpu_*", "archive_policy_name": "low"} times: 10 method_name: run timeout: 0 duration: None cls:
2019-07-13 10:15:35.342 7105 RALLYDEBUG rally.task.runner [-] Starting a worker. concurrency: 1 args: {"metric_pattern": "cpu_*", "archive_policy_name": "low"} times: 10 method_name: run timeout: 0 duration: None cls:
2019-07-13 10:15:35.344 7103 INFO rally.task.runner [-] Task 6bacf6a2-2848-4ead-b3a9-34cd439b8119 | ITER: 1 START
2019-07-13 10:15:35.346 7106 RALLYDEBUG rally.task.runner [-] Starting a worker. concurrency: 1 args: {"metric_pattern": "cpu_*", "archive_policy_name": "low"} times: 10 method_name: run timeout: 0 duration: None cls:
2019-07-13 10:15:35.347 7104 INFO rally.task.runner [-] Task 6bacf6a2-2848-4ead-b3a9-34cd439b8119 | ITER: 2 START
2019-07-13 10:15:35.348 7105 INFO rally.task.runner [-] Task 6bacf6a2-2848-4ead-b3a9-34cd439b8119 | ITER: 3 START
2019-07-13 10:15:35.352 7106 INFO rally.task.runner [-] Task 6bacf6a2-2848-4ead-b3a9-34cd439b8119 | ITER: 4 START
2019-07-13 10:15:36.303 7106 INFO rally.task.runner [-] Task 6bacf6a2-2848-4ead-b3a9-34cd439b8119 | ITER: 4 END: OK
2019-07-13 10:15:36.307 7106 INFO rally.task.runner [-] Task 6bacf6a2-2848-4ead-b3a9-34cd439b8119 | ITER: 5 START
2019-07-13 10:15:36.386 7103 INFO rally.task.runner [-] Task 6bacf6a2-2848-4ead-b3a9-34cd439b8119 | ITER: 1 END: OK
2019-07-13 10:15:36.391 7103 INFO rally.task.runner [-] Task 6bacf6a2-2848-4ead-b3a9-34cd439b8119 | ITER: 6 START
2019-07-13 10:15:36.422 7105 INFO rally.task.runner [-] Task 6bacf6a2-2848-4ead-b3a9-34cd439b8119 | ITER: 3 END: OK
2019-07-13 10:15:36.426 7105 INFO rally.task.runner [-] Task 6bacf6a2-2848-4ead-b3a9-34cd439b8119 | ITER: 7 START
2019-07-13 10:15:36.447 7104 INFO rally.task.runner [-] Task 6bacf6a2-2848-4ead-b3a9-34cd439b8119 | ITER: 2 END: OK
2019-07-13 10:15:36.450 7104 INFO rally.task.runner [-] Task 6bacf6a2-2848-4ead-b3a9-34cd439b8119 | ITER: 8 START
2019-07-13 10:15:37.422 7106 INFO rally.task.runner [-] Task 6bacf6a2-2848-4ead-b3a9-34cd439b8119 | ITER: 5 END: OK
2019-07-13 10:15:37.426 7106 INFO rally.task.runner [-] Task 6bacf6a2-2848-4ead-b3a9-34cd439b8119 | ITER: 9 START
2019-07-13 10:15:37.457 7103 INFO rally.task.runner [-] Task 6bacf6a2-2848-4ead-b3a9-34cd439b8119 | ITER: 6 END: OK
2019-07-13 10:15:37.461 7103 INFO rally.task.runner [-] Task 6bacf6a2-2848-4ead-b3a9-34cd439b8119 | ITER: 10 START
2019-07-13 10:15:37.469 7105 INFO rally.task.runner [-] Task 6bacf6a2-2848-4ead-b3a9-34cd439b8119 | ITER: 7 END: OK
2019-07-13 10:15:37.541 7104 INFO rally.task.runner [-] Task 6bacf6a2-2848-4ead-b3a9-34cd439b8119 | ITER: 8 END: OK
2019-07-13 10:15:38.475 7106 INFO rally.task.runner [-] Task 6bacf6a2-2848-4ead-b3a9-34cd439b8119 | ITER: 9 END: OK
2019-07-13 10:15:38.643 7103 INFO rally.task.runner [-] Task 6bacf6a2-2848-4ead-b3a9-34cd439b8119 | ITER: 10 END: OK
2019-07-13 10:15:38.673 6543 INFO rally.task.context [-] Task 6bacf6a2-2848-4ead-b3a9-34cd439b8119 | Context admin_cleanup@openstack cleanup() started
2019-07-13 10:15:38.675 6543 RALLYDEBUG rally_openstack.cleanup.manager [-] Cleaning up gnocchi archive_policy_rule objects
2019-07-13 10:15:39.429 6543 INFO rally.task.context [-] Task 6bacf6a2-2848-4ead-b3a9-34cd439b8119 | Context admin_cleanup@openstack cleanup() finished in 0.76 sec
2019-07-13 10:15:39.430 6543 INFO rally.task.context [-] Task 6bacf6a2-2848-4ead-b3a9-34cd439b8119 | Context users@openstack cleanup() started
2019-07-13 10:15:47.807 6543 INFO rally.task.context [-] Task 6bacf6a2-2848-4ead-b3a9-34cd439b8119 | Context users@openstack cleanup() finished in 8.38 sec
2019-07-13 10:15:48.612 6543 INFO rally.task.engine [-] Load duration is: 3.29658
2019-07-13 10:15:48.612 6543 INFO rally.task.engine [-] Full runner duration is: 3.348209
2019-07-13 10:15:48.612 6543 INFO rally.task.engine [-] Full duration is: 17.275654
2019-07-13 10:15:48.826 6543 INFO rally.task.engine [-] Running workload: position = 0 config = { "version": 2, "title": "A cropped version of a bigger task.", "description": "Auto-generated task from a single workload (uuid=0c025d5e-9aa0-4aa4-a436-0700fb42353d)", "subtasks": [ { "title": "GnocchiArchivePolicy.list_archive_policy", "description": "List archive policies.", "scenario": { "GnocchiArchivePolicy.list_archive_policy": {} }, "contexts": { "users": { "tenants": 3, "users_per_tenant": 2 } }, "runner": { "constant": { "concurrency": 4, "times": 10 } }, "hooks": [], "sla": { "failure_rate": { "max": 0 } } } ] }
2019-07-13 10:15:48.848 6543 RALLYDEBUG rally_openstack.contexts.keystone.users [-] Creating 3 tenants using 20 threads
2019-07-13 10:15:50.796 6543 RALLYDEBUG rally_openstack.contexts.keystone.users [-] Creating 6 users using 20 threads
2019-07-13 10:15:53.651 6543 INFO rally.task.context [-] Task 6bacf6a2-2848-4ead-b3a9-34cd439b8119 | Context users@openstack setup() finished in 4.80 sec
2019-07-13 10:15:53.658 6543 RALLYDEBUG rally.task.runner [-] Starting the constant runner (task UUID: 6bacf6a2-2848-4ead-b3a9-34cd439b8119). timeout: 0 concurrency: 4 concurrency_per_worker: 1 times: 10 concurrency_overhead: 0 processes_to_start: 4 max_cpu_used: 16
2019-07-13 10:15:53.670 7227 RALLYDEBUG rally.task.runner [-] Starting a worker. concurrency: 1 args: {} times: 10 method_name: run timeout: 0 duration: None cls:
2019-07-13 10:15:53.671 7228 RALLYDEBUG rally.task.runner [-] Starting a worker. concurrency: 1 args: {} times: 10 method_name: run timeout: 0 duration: None cls:
2019-07-13 10:15:53.674 7229 RALLYDEBUG rally.task.runner [-] Starting a worker. concurrency: 1 args: {} times: 10 method_name: run timeout: 0 duration: None cls:
2019-07-13 10:15:53.676 7227 INFO rally.task.runner [-] Task 6bacf6a2-2848-4ead-b3a9-34cd439b8119 | ITER: 1 START
2019-07-13 10:15:53.676 7228 INFO rally.task.runner [-] Task 6bacf6a2-2848-4ead-b3a9-34cd439b8119 | ITER: 2 START
2019-07-13 10:15:53.679 7229 INFO rally.task.runner [-] Task 6bacf6a2-2848-4ead-b3a9-34cd439b8119 | ITER: 3 START
2019-07-13 10:15:53.679 7230 RALLYDEBUG rally.task.runner [-] Starting a worker. concurrency: 1 args: {} times: 10 method_name: run timeout: 0 duration: None cls:
2019-07-13 10:15:53.686 7230 INFO rally.task.runner [-] Task 6bacf6a2-2848-4ead-b3a9-34cd439b8119 | ITER: 4 START
2019-07-13 10:15:54.399 7227 INFO rally.task.runner [-] Task 6bacf6a2-2848-4ead-b3a9-34cd439b8119 | ITER: 1 END: OK
2019-07-13 10:15:54.403 7227 INFO rally.task.runner [-] Task 6bacf6a2-2848-4ead-b3a9-34cd439b8119 | ITER: 5 START
2019-07-13 10:15:54.415 7229 INFO rally.task.runner [-] Task 6bacf6a2-2848-4ead-b3a9-34cd439b8119 | ITER: 3 END: OK
2019-07-13 10:15:54.418 7229 INFO rally.task.runner [-] Task 6bacf6a2-2848-4ead-b3a9-34cd439b8119 | ITER: 6 START
2019-07-13 10:15:54.424 7228 INFO rally.task.runner [-] Task 6bacf6a2-2848-4ead-b3a9-34cd439b8119 | ITER: 2 END: OK
2019-07-13 10:15:54.427 7228 INFO rally.task.runner [-] Task 6bacf6a2-2848-4ead-b3a9-34cd439b8119 | ITER: 7 START
2019-07-13 10:15:54.442 7230 INFO rally.task.runner [-] Task 6bacf6a2-2848-4ead-b3a9-34cd439b8119 | ITER: 4 END: OK
2019-07-13 10:15:54.446 7230 INFO rally.task.runner [-] Task 6bacf6a2-2848-4ead-b3a9-34cd439b8119 | ITER: 8 START
2019-07-13 10:15:55.115 7227 INFO rally.task.runner [-] Task 6bacf6a2-2848-4ead-b3a9-34cd439b8119 | ITER: 5 END: OK
2019-07-13 10:15:55.116 7229 INFO rally.task.runner [-] Task 6bacf6a2-2848-4ead-b3a9-34cd439b8119 | ITER: 6 END: OK
2019-07-13 10:15:55.118 7227 INFO rally.task.runner [-] Task 6bacf6a2-2848-4ead-b3a9-34cd439b8119 | ITER: 9 START
2019-07-13 10:15:55.119 7229 INFO rally.task.runner [-] Task 6bacf6a2-2848-4ead-b3a9-34cd439b8119 | ITER: 10 START
2019-07-13 10:15:55.140 7228 INFO rally.task.runner [-] Task 6bacf6a2-2848-4ead-b3a9-34cd439b8119 | ITER: 7 END: OK
2019-07-13 10:15:55.154 7230 INFO rally.task.runner [-] Task 6bacf6a2-2848-4ead-b3a9-34cd439b8119 | ITER: 8 END: OK
2019-07-13 10:15:55.840 7227 INFO rally.task.runner [-] Task 6bacf6a2-2848-4ead-b3a9-34cd439b8119 | ITER: 9 END: OK
2019-07-13 10:15:55.918 7229 INFO rally.task.runner [-] Task 6bacf6a2-2848-4ead-b3a9-34cd439b8119 | ITER: 10 END: OK
2019-07-13 10:15:55.945 6543 INFO rally.task.context [-] Task 6bacf6a2-2848-4ead-b3a9-34cd439b8119 | Context users@openstack cleanup() started
2019-07-13 10:16:04.018 6543 INFO rally.task.context [-] Task 6bacf6a2-2848-4ead-b3a9-34cd439b8119 | Context users@openstack cleanup() finished in 8.07 sec
2019-07-13 10:16:04.952 6543 INFO rally.task.engine [-] Load duration is: 2.240468
2019-07-13 10:16:04.952 6543 INFO rally.task.engine [-] Full runner duration is: 2.287014
2019-07-13 10:16:04.952 6543 INFO rally.task.engine [-] Full duration is: 15.174113
2019-07-13 10:16:05.179 6543 INFO rally.task.engine [-] Running workload: position = 0 config = { "version": 2, "title": "A cropped version of a bigger task.", "description": "Auto-generated task from a single workload (uuid=38872166-9f8c-41fb-a9a7-836c640ad946)", "subtasks": [ { "title": "GnocchiArchivePolicy.create_archive_policy", "description": "Create archive policy.", "scenario": { "GnocchiArchivePolicy.create_archive_policy": { "definition": [ { "granularity": "0:00:01", "timespan": "1:00:00" } ] } }, "contexts": { "users": { "tenants": 3, "users_per_tenant": 2 } }, "runner": { "constant": { "concurrency": 4, "times": 10 } }, "hooks": [], "sla": { "failure_rate": { "max": 0 } } } ] }
2019-07-13 10:16:05.200 6543 RALLYDEBUG rally_openstack.contexts.keystone.users [-] Creating 3 tenants using 20 threads
2019-07-13 10:16:07.209 6543 RALLYDEBUG rally_openstack.contexts.keystone.users [-] Creating 6 users using 20 threads
2019-07-13 10:16:10.022 6543 INFO rally.task.context [-] Task 6bacf6a2-2848-4ead-b3a9-34cd439b8119 | Context users@openstack setup() finished in 4.82 sec
2019-07-13 10:16:10.022 6543 INFO rally.task.context [-] Task 6bacf6a2-2848-4ead-b3a9-34cd439b8119 | Context admin_cleanup@openstack setup() finished in 0.01 msec
2019-07-13 10:16:10.030 6543 RALLYDEBUG rally.task.runner [-] Starting the constant runner (task UUID: 6bacf6a2-2848-4ead-b3a9-34cd439b8119). timeout: 0 concurrency: 4 concurrency_per_worker: 1 times: 10 concurrency_overhead: 0 processes_to_start: 4 max_cpu_used: 16
2019-07-13 10:16:10.043 7331 RALLYDEBUG rally.task.runner [-] Starting a worker. concurrency: 1 args: {"definition": [{"granularity": "0:00:01", "timespan": "1:00:00"}]} times: 10 method_name: run timeout: 0 duration: None cls:
2019-07-13 10:16:10.046 7332 RALLYDEBUG rally.task.runner [-] Starting a worker. concurrency: 1 args: {"definition": [{"granularity": "0:00:01", "timespan": "1:00:00"}]} times: 10 method_name: run timeout: 0 duration: None cls:
2019-07-13 10:16:10.049 7331 INFO rally.task.runner [-] Task 6bacf6a2-2848-4ead-b3a9-34cd439b8119 | ITER: 1 START
2019-07-13 10:16:10.048 7333 RALLYDEBUG rally.task.runner [-] Starting a worker. concurrency: 1 args: {"definition": [{"granularity": "0:00:01", "timespan": "1:00:00"}]} times: 10 method_name: run timeout: 0 duration: None cls:
2019-07-13 10:16:10.052 7332 INFO rally.task.runner [-] Task 6bacf6a2-2848-4ead-b3a9-34cd439b8119 | ITER: 2 START
2019-07-13 10:16:10.052 7334 RALLYDEBUG rally.task.runner [-] Starting a worker. concurrency: 1 args: {"definition": [{"granularity": "0:00:01", "timespan": "1:00:00"}]} times: 10 method_name: run timeout: 0 duration: None cls:
2019-07-13 10:16:10.056 7333 INFO rally.task.runner [-] Task 6bacf6a2-2848-4ead-b3a9-34cd439b8119 | ITER: 3 START
2019-07-13 10:16:10.060 7334 INFO rally.task.runner [-] Task 6bacf6a2-2848-4ead-b3a9-34cd439b8119 | ITER: 4 START
2019-07-13 10:16:10.788 7334 INFO rally.task.runner [-] Task 6bacf6a2-2848-4ead-b3a9-34cd439b8119 | ITER: 4 END: OK
2019-07-13 10:16:10.792 7334 INFO rally.task.runner [-] Task 6bacf6a2-2848-4ead-b3a9-34cd439b8119 | ITER: 5 START
2019-07-13 10:16:10.829 7332 INFO rally.task.runner [-] Task 6bacf6a2-2848-4ead-b3a9-34cd439b8119 | ITER: 2 END: OK
2019-07-13 10:16:10.833 7332 INFO rally.task.runner [-] Task 6bacf6a2-2848-4ead-b3a9-34cd439b8119 | ITER: 6 START
