2019-07-13 09:45:02.140 725 DEBUG novaclient.v2.client [-] REQ: curl -g -i -X DELETE http://172.30.9.24:8774/v2.1/os-quota-sets/4c97b298473c4c6caf28ed85283ac923 -H "Accept: application/json" -H "User-Agent: python-novaclient" -H "X-Auth-Token: {SHA1}5cd74c3e4f81cf0e74e9402957a9de138b0877b5" _http_log_request /usr/lib/python2.7/site-packages/keystoneauth1/session.py:448
2019-07-13 09:45:02.163 725 DEBUG novaclient.v2.client [-] RESP: [202] Content-Length: 0 Content-Type: application/json Date: Sat, 13 Jul 2019 09:45:02 GMT OpenStack-API-Version: compute 2.1 Server: Apache Vary: OpenStack-API-Version,X-OpenStack-Nova-API-Version X-OpenStack-Nova-API-Version: 2.1 x-compute-request-id: req-af6b5ab3-cf09-4608-94a2-ba321f2e7736 x-openstack-request-id: req-af6b5ab3-cf09-4608-94a2-ba321f2e7736 _http_log_response /usr/lib/python2.7/site-packages/keystoneauth1/session.py:479
2019-07-13 09:45:02.163 725 DEBUG novaclient.v2.client [-] DELETE call to compute for http://172.30.9.24:8774/v2.1/os-quota-sets/4c97b298473c4c6caf28ed85283ac923 used request id req-af6b5ab3-cf09-4608-94a2-ba321f2e7736 request /usr/lib/python2.7/site-packages/keystoneauth1/session.py:844
2019-07-13 09:45:02.164 725 DEBUG novaclient.v2.client [-] REQ: curl -g -i -X DELETE http://172.30.9.24:8774/v2.1/os-quota-sets/778201bd23ad48e89b49250f8750300d -H "Accept: application/json" -H "User-Agent: python-novaclient" -H "X-Auth-Token: {SHA1}5cd74c3e4f81cf0e74e9402957a9de138b0877b5" _http_log_request /usr/lib/python2.7/site-packages/keystoneauth1/session.py:448
2019-07-13 09:45:02.193 725 DEBUG novaclient.v2.client [-] RESP: [202] Content-Length: 0 Content-Type: application/json Date: Sat, 13 Jul 2019 09:45:02 GMT OpenStack-API-Version: compute 2.1 Server: Apache Vary: OpenStack-API-Version,X-OpenStack-Nova-API-Version X-OpenStack-Nova-API-Version: 2.1 x-compute-request-id: req-9e1c41b6-6f12-4665-970d-d1e26598bc91 x-openstack-request-id: req-9e1c41b6-6f12-4665-970d-d1e26598bc91 _http_log_response /usr/lib/python2.7/site-packages/keystoneauth1/session.py:479
2019-07-13 09:45:02.194 725 DEBUG novaclient.v2.client [-] DELETE call to compute for http://172.30.9.24:8774/v2.1/os-quota-sets/778201bd23ad48e89b49250f8750300d used request id req-9e1c41b6-6f12-4665-970d-d1e26598bc91 request /usr/lib/python2.7/site-packages/keystoneauth1/session.py:844
2019-07-13 09:45:02.194 725 INFO rally.task.context [-] Task 4c942f83-de1e-4795-a0c0-09c728c28f64 | Context quotas@openstack cleanup() finished in 98.19 msec
2019-07-13 09:45:02.195 725 INFO rally.task.context [-] Task 4c942f83-de1e-4795-a0c0-09c728c28f64 | Context users@openstack cleanup() started
2019-07-13 09:45:10.100 725 INFO rally.task.context [-] Task 4c942f83-de1e-4795-a0c0-09c728c28f64 | Context users@openstack cleanup() finished in 7.91 sec
2019-07-13 09:45:11.128 725 INFO rally.task.engine [-] Load duration is: 83.388582
2019-07-13 09:45:11.129 725 INFO rally.task.engine [-] Full runner duration is: 85.301611
2019-07-13 09:45:11.129 725 INFO rally.task.engine [-] Full duration is: 133.499754
2019-07-13 09:45:11.366 725 INFO rally.task.engine [-] Running workload: position = 0 config = { "version": 2, "title": "A cropped version of a bigger task.", "description": "Auto-generated task from a single workload (uuid=c178dd86-9e62-4e3c-a5a5-daa44f625adb)", "subtasks": [ { "title": "GlanceImages.create_and_deactivate_image", "description": "Create an image, then deactivate it.", "scenario": { "GlanceImages.create_and_deactivate_image": { "container_format": "bare", "disk_format": "qcow2", "image_location": "/home/opnfv/functest/images/cirros-0.4.0-x86_64-disk.img" } }, "contexts": { "users": { "tenants": 3, "users_per_tenant": 2 } }, "runner": { "constant": { "concurrency": 4, "times": 10 } }, "hooks": [], "sla": { "failure_rate": { "max": 0 } } } ] }
2019-07-13 09:45:11.390 725 RALLYDEBUG rally_openstack.contexts.keystone.users [-] Creating 3 tenants using 20 threads
2019-07-13 09:45:13.244 725 RALLYDEBUG rally_openstack.contexts.keystone.users [-] Creating 6 users using 20 threads
2019-07-13 09:45:16.141 725 INFO rally.task.context [-] Task 4c942f83-de1e-4795-a0c0-09c728c28f64 | Context users@openstack setup() finished in 4.75 sec
2019-07-13 09:45:16.141 725 INFO rally.task.context [-] Task 4c942f83-de1e-4795-a0c0-09c728c28f64 | Context cleanup@openstack setup() finished in 0.01 msec
2019-07-13 09:45:16.149 725 RALLYDEBUG rally.task.runner [-] Starting the constant runner (task UUID: 4c942f83-de1e-4795-a0c0-09c728c28f64). timeout: 0 concurrency: 4 concurrency_per_worker: 1 times: 10 concurrency_overhead: 0 processes_to_start: 4 max_cpu_used: 16
2019-07-13 09:45:16.162 1385 RALLYDEBUG rally.task.runner [-] Starting a worker. concurrency: 1 args: {"container_format": "bare", "disk_format": "qcow2", "image_location": "/home/opnfv/functest/images/cirros-0.4.0-x86_64-disk.img"} times: 10 method_name: run timeout: 0 duration: None cls:
2019-07-13 09:45:16.165 1386 RALLYDEBUG rally.task.runner [-] Starting a worker. concurrency: 1 args: {"container_format": "bare", "disk_format": "qcow2", "image_location": "/home/opnfv/functest/images/cirros-0.4.0-x86_64-disk.img"} times: 10 method_name: run timeout: 0 duration: None cls:
2019-07-13 09:45:16.168 1385 INFO rally.task.runner [-] Task 4c942f83-de1e-4795-a0c0-09c728c28f64 | ITER: 1 START
2019-07-13 09:45:16.168 1387 RALLYDEBUG rally.task.runner [-] Starting a worker. concurrency: 1 args: {"container_format": "bare", "disk_format": "qcow2", "image_location": "/home/opnfv/functest/images/cirros-0.4.0-x86_64-disk.img"} times: 10 method_name: run timeout: 0 duration: None cls:
2019-07-13 09:45:16.171 1386 INFO rally.task.runner [-] Task 4c942f83-de1e-4795-a0c0-09c728c28f64 | ITER: 2 START
2019-07-13 09:45:16.171 1388 RALLYDEBUG rally.task.runner [-] Starting a worker. concurrency: 1 args: {"container_format": "bare", "disk_format": "qcow2", "image_location": "/home/opnfv/functest/images/cirros-0.4.0-x86_64-disk.img"} times: 10 method_name: run timeout: 0 duration: None cls:
2019-07-13 09:45:16.175 1387 INFO rally.task.runner [-] Task 4c942f83-de1e-4795-a0c0-09c728c28f64 | ITER: 3 START
2019-07-13 09:45:16.178 1388 INFO rally.task.runner [-] Task 4c942f83-de1e-4795-a0c0-09c728c28f64 | ITER: 4 START
2019-07-13 09:45:19.757 1385 RALLYDEBUG rally.task.utils [-] Waiting for resource u'577f5004-689e-42df-afe4-8e8c76ea2fdb'. Status changed: NONE => QUEUED in 0.0278270244598
2019-07-13 09:45:19.769 1388 RALLYDEBUG rally.task.utils [-] Waiting for resource u'fc41d2bd-5da9-4055-8e64-2f84f7cd7f19'. Status changed: NONE => QUEUED in 0.0264930725098
2019-07-13 09:45:20.040 1387 RALLYDEBUG rally.task.utils [-] Waiting for resource u'16409a03-73c8-43a7-ab78-9c2f21fa9b27'. Status changed: NONE => QUEUED in 0.326892137527
2019-07-13 09:45:20.780 1386 RALLYDEBUG rally.task.utils [-] Waiting for resource u'3c68782e-9f3b-4c79-bf32-ae90a1c0ea84'. Status changed: NONE => QUEUED in 0.974745988846
2019-07-13 09:45:20.811 1388 RALLYDEBUG rally.task.utils [-] Waiting for resource s_rally_c178dd86_58809YaE. Status changed: QUEUED => ACTIVE in 0.305492162704
2019-07-13 09:45:20.867 1388 INFO rally.task.runner [-] Task 4c942f83-de1e-4795-a0c0-09c728c28f64 | ITER: 4 END: OK
2019-07-13 09:45:20.872 1388 INFO rally.task.runner [-] Task 4c942f83-de1e-4795-a0c0-09c728c28f64 | ITER: 5 START
2019-07-13 09:45:20.905 1385 RALLYDEBUG rally.task.utils [-] Waiting for resource s_rally_c178dd86_sPXQUwWV. Status changed: QUEUED => ACTIVE in 0.392301082611
2019-07-13 09:45:20.987 1385 INFO rally.task.runner [-] Task 4c942f83-de1e-4795-a0c0-09c728c28f64 | ITER: 1 END: OK
2019-07-13 09:45:20.992 1385 INFO rally.task.runner [-] Task 4c942f83-de1e-4795-a0c0-09c728c28f64 | ITER: 6 START
2019-07-13 09:45:21.991 1387 RALLYDEBUG rally.task.utils [-] Waiting for resource s_rally_c178dd86_mfmtsN0P. Status changed: QUEUED => ACTIVE in 0.220751047134
2019-07-13 09:45:22.341 1387 INFO rally.task.runner [-] Task 4c942f83-de1e-4795-a0c0-09c728c28f64 | ITER: 3 END: OK
2019-07-13 09:45:22.346 1387 INFO rally.task.runner [-] Task 4c942f83-de1e-4795-a0c0-09c728c28f64 | ITER: 7 START
2019-07-13 09:45:22.661 1386 RALLYDEBUG rally.task.utils [-] Waiting for resource s_rally_c178dd86_P6t35vpZ. Status changed: QUEUED => ACTIVE in 0.0165908336639
2019-07-13 09:45:22.998 1386 INFO rally.task.runner [-] Task 4c942f83-de1e-4795-a0c0-09c728c28f64 | ITER: 2 END: OK
2019-07-13 09:45:23.003 1386 INFO rally.task.runner [-] Task 4c942f83-de1e-4795-a0c0-09c728c28f64 | ITER: 8 START
2019-07-13 09:45:24.988 1388 RALLYDEBUG rally.task.utils [-] Waiting for resource u'afa8a872-b5cf-44db-b0d9-df5854e72b1c'. Status changed: NONE => QUEUED in 0.619224071503
2019-07-13 09:45:25.260 1385 RALLYDEBUG rally.task.utils [-] Waiting for resource u'452ef827-cf97-4116-8a2d-484667faaff9'. Status changed: NONE => QUEUED in 0.628646850586
2019-07-13 09:45:25.878 1388 RALLYDEBUG rally.task.utils [-] Waiting for resource s_rally_c178dd86_j1G3Ziih. Status changed: QUEUED => ACTIVE in 0.426499128342
2019-07-13 09:45:26.212 1388 INFO rally.task.runner [-] Task 4c942f83-de1e-4795-a0c0-09c728c28f64 | ITER: 5 END: OK
2019-07-13 09:45:26.215 1388 INFO rally.task.runner [-] Task 4c942f83-de1e-4795-a0c0-09c728c28f64 | ITER: 9 START
2019-07-13 09:45:26.509 1387 RALLYDEBUG rally.task.utils [-] Waiting for resource u'15ab6cf6-6a90-4454-87b5-c6cf4f269161'. Status changed: NONE => QUEUED in 0.691674947739
2019-07-13 09:45:26.733 1386 RALLYDEBUG rally.task.utils [-] Waiting for resource u'3e254da9-a711-4ea3-84a2-a307b4265e24'. Status changed: NONE => QUEUED in 0.240581035614
2019-07-13 09:45:26.827 1385 RALLYDEBUG rally.task.utils [-] Waiting for resource s_rally_c178dd86_HuEjfmFF. Status changed: QUEUED => ACTIVE in 0.289621114731
2019-07-13 09:45:26.895 1385 INFO rally.task.runner [-] Task 4c942f83-de1e-4795-a0c0-09c728c28f64 | ITER: 6 END: OK
2019-07-13 09:45:26.899 1385 INFO rally.task.runner [-] Task 4c942f83-de1e-4795-a0c0-09c728c28f64 | ITER: 10 START
2019-07-13 09:45:27.963 1387 RALLYDEBUG rally.task.utils [-] Waiting for resource s_rally_c178dd86_JVG5zaLM. Status changed: QUEUED => ACTIVE in 0.379374027252
2019-07-13 09:45:28.239 1387 INFO rally.task.runner [-] Task 4c942f83-de1e-4795-a0c0-09c728c28f64 | ITER: 7 END: OK
2019-07-13 09:45:28.838 1386 RALLYDEBUG rally.task.utils [-] Waiting for resource s_rally_c178dd86_zhc6qPex. Status changed: QUEUED => ACTIVE in 0.211375951767
2019-07-13 09:45:28.913 1386 INFO rally.task.runner [-] Task 4c942f83-de1e-4795-a0c0-09c728c28f64 | ITER: 8 END: OK
2019-07-13 09:45:30.384 1388 RALLYDEBUG rally.task.utils [-] Waiting for resource u'13b50474-6bc2-49d9-a133-fb57daf9bff2'. Status changed: NONE => QUEUED in 0.62698507309
2019-07-13 09:45:30.788 1385 RALLYDEBUG rally.task.utils [-] Waiting for resource u'4e01767b-7385-4cb0-9240-5ea69bace3f8'. Status changed: NONE => QUEUED in 0.224552154541
2019-07-13 09:45:31.461 1388 RALLYDEBUG rally.task.utils [-] Waiting for resource s_rally_c178dd86_ErZCoijk. Status changed: QUEUED => ACTIVE in 0.311518907547
2019-07-13 09:45:31.817 1388 INFO rally.task.runner [-] Task 4c942f83-de1e-4795-a0c0-09c728c28f64 | ITER: 9 END: OK
2019-07-13 09:45:32.280 1385 RALLYDEBUG rally.task.utils [-] Waiting for resource s_rally_c178dd86_fHgRM6sV. Status changed: QUEUED => ACTIVE in 0.0185978412628
2019-07-13 09:45:32.567 1385 INFO rally.task.runner [-] Task 4c942f83-de1e-4795-a0c0-09c728c28f64 | ITER: 10 END: OK
2019-07-13 09:45:32.590 725 INFO rally.task.context [-] Task 4c942f83-de1e-4795-a0c0-09c728c28f64 | Context cleanup@openstack cleanup() started
2019-07-13 09:45:32.592 725 RALLYDEBUG rally_openstack.cleanup.manager [-] Cleaning up glance images objects
2019-07-13 09:45:36.586 725 RALLYDEBUG rally_openstack.cleanup.manager [-] Deleting glance.images object s_rally_c178dd86_P6t35vpZ (3c68782e-9f3b-4c79-bf32-ae90a1c0ea84)
2019-07-13 09:45:36.588 725 RALLYDEBUG rally_openstack.cleanup.manager [-] Deleting glance.images object s_rally_c178dd86_zhc6qPex (3e254da9-a711-4ea3-84a2-a307b4265e24)
2019-07-13 09:45:36.591 725 RALLYDEBUG rally_openstack.cleanup.manager [-] Deleting glance.images object s_rally_c178dd86_j1G3Ziih (afa8a872-b5cf-44db-b0d9-df5854e72b1c)
2019-07-13 09:45:36.601 725 RALLYDEBUG rally_openstack.cleanup.manager [-] Deleting glance.images object s_rally_c178dd86_fHgRM6sV (4e01767b-7385-4cb0-9240-5ea69bace3f8)
2019-07-13 09:45:36.603 725 RALLYDEBUG rally_openstack.cleanup.manager [-] Deleting glance.images object s_rally_c178dd86_58809YaE (fc41d2bd-5da9-4055-8e64-2f84f7cd7f19)
2019-07-13 09:45:36.605 725 RALLYDEBUG rally_openstack.cleanup.manager [-] Deleting glance.images object s_rally_c178dd86_ErZCoijk (13b50474-6bc2-49d9-a133-fb57daf9bff2)
2019-07-13 09:45:36.608 725 RALLYDEBUG rally_openstack.cleanup.manager [-] Deleting glance.images object s_rally_c178dd86_sPXQUwWV (577f5004-689e-42df-afe4-8e8c76ea2fdb)
2019-07-13 09:45:36.608 725 RALLYDEBUG rally_openstack.cleanup.manager [-] Deleting glance.images object s_rally_c178dd86_HuEjfmFF (452ef827-cf97-4116-8a2d-484667faaff9)
2019-07-13 09:45:36.610 725 RALLYDEBUG rally_openstack.cleanup.manager [-] Deleting glance.images object s_rally_c178dd86_mfmtsN0P (16409a03-73c8-43a7-ab78-9c2f21fa9b27)
2019-07-13 09:45:36.615 725 RALLYDEBUG rally_openstack.cleanup.manager [-] Deleting glance.images object s_rally_c178dd86_JVG5zaLM (15ab6cf6-6a90-4454-87b5-c6cf4f269161)
2019-07-13 09:45:38.726 725 DEBUG glanceclient.common.http [-] Request returned failure status 404. _handle_response /usr/lib/python2.7/site-packages/glanceclient/common/http.py:125
2019-07-13 09:45:38.943 725 DEBUG glanceclient.common.http [-] Request returned failure status 404. _handle_response /usr/lib/python2.7/site-packages/glanceclient/common/http.py:125
2019-07-13 09:45:38.997 725 DEBUG glanceclient.common.http [-] Request returned failure status 404. _handle_response /usr/lib/python2.7/site-packages/glanceclient/common/http.py:125
2019-07-13 09:45:39.015 725 DEBUG glanceclient.common.http [-] Request returned failure status 404. _handle_response /usr/lib/python2.7/site-packages/glanceclient/common/http.py:125
2019-07-13 09:45:39.049 725 DEBUG glanceclient.common.http [-] Request returned failure status 404. _handle_response /usr/lib/python2.7/site-packages/glanceclient/common/http.py:125
2019-07-13 09:45:39.062 725 DEBUG glanceclient.common.http [-] Request returned failure status 404. _handle_response /usr/lib/python2.7/site-packages/glanceclient/common/http.py:125
2019-07-13 09:45:39.070 725 DEBUG glanceclient.common.http [-] Request returned failure status 404. _handle_response /usr/lib/python2.7/site-packages/glanceclient/common/http.py:125
2019-07-13 09:45:39.074 725 DEBUG glanceclient.common.http [-] Request returned failure status 404. _handle_response /usr/lib/python2.7/site-packages/glanceclient/common/http.py:125
2019-07-13 09:45:39.083 725 DEBUG glanceclient.common.http [-] Request returned failure status 404. _handle_response /usr/lib/python2.7/site-packages/glanceclient/common/http.py:125
2019-07-13 09:45:39.092 725 DEBUG glanceclient.common.http [-] Request returned failure status 404. _handle_response /usr/lib/python2.7/site-packages/glanceclient/common/http.py:125
2019-07-13 09:45:39.173 725 DEBUG glanceclient.common.http [-] Request returned failure status 404. _handle_response /usr/lib/python2.7/site-packages/glanceclient/common/http.py:125
2019-07-13 09:45:39.389 725 DEBUG glanceclient.common.http [-] Request returned failure status 404. _handle_response /usr/lib/python2.7/site-packages/glanceclient/common/http.py:125
2019-07-13 09:45:39.691 725 DEBUG glanceclient.common.http [-] Request returned failure status 404. _handle_response /usr/lib/python2.7/site-packages/glanceclient/common/http.py:125
2019-07-13 09:45:39.708 725 DEBUG glanceclient.common.http [-] Request returned failure status 404. _handle_response /usr/lib/python2.7/site-packages/glanceclient/common/http.py:125
2019-07-13 09:45:39.712 725 DEBUG glanceclient.common.http [-] Request returned failure status 404. _handle_response /usr/lib/python2.7/site-packages/glanceclient/common/http.py:125
2019-07-13 09:45:39.725 725 DEBUG glanceclient.common.http [-] Request returned failure status 404. _handle_response /usr/lib/python2.7/site-packages/glanceclient/common/http.py:125
2019-07-13 09:45:39.918 725 DEBUG glanceclient.common.http [-] Request returned failure status 404. _handle_response /usr/lib/python2.7/site-packages/glanceclient/common/http.py:125
2019-07-13 09:45:39.958 725 DEBUG glanceclient.common.http [-] Request returned failure status 404. _handle_response /usr/lib/python2.7/site-packages/glanceclient/common/http.py:125
2019-07-13 09:45:39.979 725 DEBUG glanceclient.common.http [-] Request returned failure status 404. _handle_response /usr/lib/python2.7/site-packages/glanceclient/common/http.py:125
2019-07-13 09:45:40.260 725 DEBUG glanceclient.common.http [-] Request returned failure status 404. _handle_response /usr/lib/python2.7/site-packages/glanceclient/common/http.py:125
2019-07-13 09:45:41.262 725 INFO rally.task.context [-] Task 4c942f83-de1e-4795-a0c0-09c728c28f64 | Context cleanup@openstack cleanup() finished in 8.67 sec
2019-07-13 09:45:41.263 725 INFO rally.task.context [-] Task 4c942f83-de1e-4795-a0c0-09c728c28f64 | Context users@openstack cleanup() started
2019-07-13 09:45:49.490 725 INFO rally.task.context [-] Task 4c942f83-de1e-4795-a0c0-09c728c28f64 | Context users@openstack cleanup() finished in 8.23 sec
2019-07-13 09:45:49.577 725 INFO rally.task.engine [-] Load duration is: 15.54236
2019-07-13 09:45:49.577 725 INFO rally.task.engine [-] Full runner duration is: 16.441403
2019-07-13 09:45:49.577 725 INFO rally.task.engine [-] Full duration is: 38.104803
2019-07-13 09:45:49.825 725 INFO rally.task.engine [-] Running workload: position = 0 config = { "version": 2, "title": "A cropped version of a bigger task.", "description": "Auto-generated task from a single workload (uuid=2b40d004-5723-4496-853b-a3c128fdde5a)", "subtasks": [ { "title": "GlanceImages.create_and_download_image", "description": "Create an image, then download data of the image.", "scenario": { "GlanceImages.create_and_download_image": { "container_format": "bare", "disk_format": "qcow2", "image_location": "/home/opnfv/functest/images/cirros-0.4.0-x86_64-disk.img" } }, "contexts": { "users": { "tenants": 3, "users_per_tenant": 2 } }, "runner": { "constant": { "concurrency": 4, "times": 10 } }, "hooks": [], "sla": { "failure_rate": { "max": 0 } } } ] }
2019-07-13 09:45:49.852 725 RALLYDEBUG rally_openstack.contexts.keystone.users [-] Creating 3 tenants using 20 threads
2019-07-13 09:45:51.765 725 RALLYDEBUG rally_openstack.contexts.keystone.users [-] Creating 6 users using 20 threads
2019-07-13 09:45:54.692 725 INFO rally.task.context [-] Task 4c942f83-de1e-4795-a0c0-09c728c28f64 | Context users@openstack setup() finished in 4.84 sec
2019-07-13 09:45:54.693 725 INFO rally.task.context [-] Task 4c942f83-de1e-4795-a0c0-09c728c28f64 | Context cleanup@openstack setup() finished in 0.01 msec
2019-07-13 09:45:54.700 725 RALLYDEBUG rally.task.runner [-] Starting the constant runner (task UUID: 4c942f83-de1e-4795-a0c0-09c728c28f64). timeout: 0 concurrency: 4 concurrency_per_worker: 1 times: 10 concurrency_overhead: 0 processes_to_start: 4 max_cpu_used: 16
2019-07-13 09:45:54.712 1509 RALLYDEBUG rally.task.runner [-] Starting a worker. concurrency: 1 args: {"container_format": "bare", "disk_format": "qcow2", "image_location": "/home/opnfv/functest/images/cirros-0.4.0-x86_64-disk.img"} times: 10 method_name: run timeout: 0 duration: None cls:
2019-07-13 09:45:54.716 1510 RALLYDEBUG rally.task.runner [-] Starting a worker. concurrency: 1 args: {"container_format": "bare", "disk_format": "qcow2", "image_location": "/home/opnfv/functest/images/cirros-0.4.0-x86_64-disk.img"} times: 10 method_name: run timeout: 0 duration: None cls:
2019-07-13 09:45:54.719 1509 INFO rally.task.runner [-] Task 4c942f83-de1e-4795-a0c0-09c728c28f64 | ITER: 1 START
2019-07-13 09:45:54.719 1511 RALLYDEBUG rally.task.runner [-] Starting a worker. concurrency: 1 args: {"container_format": "bare", "disk_format": "qcow2", "image_location": "/home/opnfv/functest/images/cirros-0.4.0-x86_64-disk.img"} times: 10 method_name: run timeout: 0 duration: None cls:
2019-07-13 09:45:54.720 1510 INFO rally.task.runner [-] Task 4c942f83-de1e-4795-a0c0-09c728c28f64 | ITER: 2 START
2019-07-13 09:45:54.722 1512 RALLYDEBUG rally.task.runner [-] Starting a worker. concurrency: 1 args: {"container_format": "bare", "disk_format": "qcow2", "image_location": "/home/opnfv/functest/images/cirros-0.4.0-x86_64-disk.img"} times: 10 method_name: run timeout: 0 duration: None cls:
2019-07-13 09:45:54.725 1511 INFO rally.task.runner [-] Task 4c942f83-de1e-4795-a0c0-09c728c28f64 | ITER: 3 START
2019-07-13 09:45:54.728 1512 INFO rally.task.runner [-] Task 4c942f83-de1e-4795-a0c0-09c728c28f64 | ITER: 4 START
2019-07-13 09:45:58.330 1511 RALLYDEBUG rally.task.utils [-] Waiting for resource u'bd3af781-8a48-4cfb-a604-c3fb7672a413'. Status changed: NONE => QUEUED in 0.31329202652
2019-07-13 09:45:58.512 1510 RALLYDEBUG rally.task.utils [-] Waiting for resource u'd769735b-23ba-4139-93cd-d04f529d196d'. Status changed: NONE => QUEUED in 0.222017049789
2019-07-13 09:45:58.600 1509 RALLYDEBUG rally.task.utils [-] Waiting for resource u'babf8729-96e9-4482-9c63-40995765a27e'. Status changed: NONE => QUEUED in 0.587445020676
2019-07-13 09:45:58.642 1512 RALLYDEBUG rally.task.utils [-] Waiting for resource u'54988422-3a2d-47bb-9992-6ea24108f026'. Status changed: NONE => QUEUED in 0.314337968826
2019-07-13 09:45:59.113 1511 RALLYDEBUG rally.task.utils [-] Waiting for resource s_rally_2b40d004_NywXsLoH. Status changed: QUEUED => ACTIVE in 0.0182628631592
2019-07-13 09:45:59.379 1512 RALLYDEBUG rally.task.utils [-] Waiting for resource s_rally_2b40d004_ewOUSs43. Status changed: QUEUED => ACTIVE in 0.313792943954
2019-07-13 09:45:59.799 1511 INFO rally.task.runner [-] Task 4c942f83-de1e-4795-a0c0-09c728c28f64 | ITER: 3 END: OK
2019-07-13 09:45:59.803 1511 INFO rally.task.runner [-] Task 4c942f83-de1e-4795-a0c0-09c728c28f64 | ITER: 5 START
2019-07-13 09:45:59.980 1512 INFO rally.task.runner [-] Task 4c942f83-de1e-4795-a0c0-09c728c28f64 | ITER: 4 END: OK
2019-07-13 09:45:59.984 1512 INFO rally.task.runner [-] Task 4c942f83-de1e-4795-a0c0-09c728c28f64 | ITER: 6 START
2019-07-13 09:46:00.279 1510 RALLYDEBUG rally.task.utils [-] Waiting for resource s_rally_2b40d004_bHVbddyK. Status changed: QUEUED => ACTIVE in 0.0174629688263
2019-07-13 09:46:00.916 1510 INFO rally.task.runner [-] Task 4c942f83-de1e-4795-a0c0-09c728c28f64 | ITER: 2 END: OK
2019-07-13 09:46:00.921 1510 INFO rally.task.runner [-] Task 4c942f83-de1e-4795-a0c0-09c728c28f64 | ITER: 7 START
2019-07-13 09:46:01.189 1509 RALLYDEBUG rally.task.utils [-] Waiting for resource s_rally_2b40d004_b0lR6759. Status changed: QUEUED => ACTIVE in 0.0149819850922
2019-07-13 09:46:01.897 1509 INFO rally.task.runner [-] Task 4c942f83-de1e-4795-a0c0-09c728c28f64 | ITER: 1 END: OK
2019-07-13 09:46:01.899 1509 INFO rally.task.runner [-] Task 4c942f83-de1e-4795-a0c0-09c728c28f64 | ITER: 8 START
2019-07-13 09:46:03.595 1511 RALLYDEBUG rally.task.utils [-] Waiting for resource u'72a7aa6b-b5f8-4d6c-b84c-dde84c9ff641'. Status changed: NONE => QUEUED in 0.314054965973
2019-07-13 09:46:04.014 1512 RALLYDEBUG rally.task.utils [-] Waiting for resource u'cec2fb5e-8ca8-4cc7-9d98-7ca961713d2a'. Status changed: NONE => QUEUED in 0.577008008957
2019-07-13 09:46:05.197 1510 RALLYDEBUG rally.task.utils [-] Waiting for resource u'06ffc11f-9393-4ed4-97d6-e06bff3fcdbf'. Status changed: NONE => QUEUED in 0.730276107788
2019-07-13 09:46:05.249 1511 RALLYDEBUG rally.task.utils [-] Waiting for resource s_rally_2b40d004_1YCaFfFu. Status changed: QUEUED => ACTIVE in 0.300024032593
2019-07-13 09:46:05.601 1509 RALLYDEBUG rally.task.utils [-] Waiting for resource u'77825ede-ff56-42d9-b85d-4c3dda658b8a'. Status changed: NONE => QUEUED in 0.234084844589
2019-07-13 09:46:05.611 1512 RALLYDEBUG rally.task.utils [-] Waiting for resource s_rally_2b40d004_qvLaNVye. Status changed: QUEUED => ACTIVE in 0.0194609165192
2019-07-13 09:46:05.668 1511 INFO rally.task.runner [-] Task 4c942f83-de1e-4795-a0c0-09c728c28f64 | ITER: 5 END: OK
2019-07-13 09:46:05.671 1511 INFO rally.task.runner [-] Task 4c942f83-de1e-4795-a0c0-09c728c28f64 | ITER: 9 START
2019-07-13 09:46:06.134 1512 INFO rally.task.runner [-] Task 4c942f83-de1e-4795-a0c0-09c728c28f64 | ITER: 6 END: OK
2019-07-13 09:46:06.137 1512 INFO rally.task.runner [-] Task 4c942f83-de1e-4795-a0c0-09c728c28f64 | ITER: 10 START
2019-07-13 09:46:06.766 1509 RALLYDEBUG rally.task.utils [-] Waiting for resource s_rally_2b40d004_1vWyk2fX. Status changed: QUEUED => ACTIVE in 0.0227501392365
2019-07-13 09:46:07.036 1510 RALLYDEBUG rally.task.utils [-] Waiting for resource s_rally_2b40d004_HKo4Fzrd. Status changed: QUEUED => ACTIVE in 0.307279109955
2019-07-13 09:46:07.383 1510 INFO rally.task.runner [-] Task 4c942f83-de1e-4795-a0c0-09c728c28f64 | ITER: 7 END: OK
2019-07-13 09:46:07.388 1509 INFO rally.task.runner [-] Task 4c942f83-de1e-4795-a0c0-09c728c28f64 | ITER: 8 END: OK
2019-07-13 09:46:09.300 1511 RALLYDEBUG rally.task.utils [-] Waiting for resource u'37ede427-69f7-42fa-8a79-bed15518520e'. Status changed: NONE => QUEUED in 0.226989030838
2019-07-13 09:46:09.938 1512 RALLYDEBUG rally.task.utils [-] Waiting for resource u'fc55c96c-8560-4c86-bbdd-24154b91ba0e'. Status changed: NONE => QUEUED in 0.514460086823
2019-07-13 09:46:11.023 1511 RALLYDEBUG rally.task.utils [-] Waiting for resource s_rally_2b40d004_foSZF73w. Status changed: QUEUED => ACTIVE in 0.0195250511169
2019-07-13 09:46:11.612 1512 RALLYDEBUG rally.task.utils [-] Waiting for resource s_rally_2b40d004_rTzGTvQA. Status changed: QUEUED => ACTIVE in 0.0201189517975
2019-07-13 09:46:11.898 1511 INFO rally.task.runner [-] Task 4c942f83-de1e-4795-a0c0-09c728c28f64 | ITER: 9 END: OK
2019-07-13 09:46:11.964 1512 INFO rally.task.runner [-] Task 4c942f83-de1e-4795-a0c0-09c728c28f64 | ITER: 10 END: OK
2019-07-13 09:46:11.993 725 INFO rally.task.context [-] Task 4c942f83-de1e-4795-a0c0-09c728c28f64 | Context cleanup@openstack cleanup() started
2019-07-13 09:46:11.995 725 RALLYDEBUG rally_openstack.cleanup.manager [-] Cleaning up glance images objects
2019-07-13 09:46:16.154 725 RALLYDEBUG rally_openstack.cleanup.manager [-] Deleting glance.images object s_rally_2b40d004_bHVbddyK (d769735b-23ba-4139-93cd-d04f529d196d)
2019-07-13 09:46:16.160 725 RALLYDEBUG rally_openstack.cleanup.manager [-] Deleting glance.images object s_rally_2b40d004_ewOUSs43 (54988422-3a2d-47bb-9992-6ea24108f026)
2019-07-13 09:46:16.163 725 RALLYDEBUG rally_openstack.cleanup.manager [-] Deleting glance.images object s_rally_2b40d004_foSZF73w (37ede427-69f7-42fa-8a79-bed15518520e)
2019-07-13 09:46:16.164 725 RALLYDEBUG rally_openstack.cleanup.manager [-] Deleting glance.images object s_rally_2b40d004_rTzGTvQA (fc55c96c-8560-4c86-bbdd-24154b91ba0e)
2019-07-13 09:46:16.176 725 RALLYDEBUG rally_openstack.cleanup.manager [-] Deleting glance.images object s_rally_2b40d004_HKo4Fzrd (06ffc11f-9393-4ed4-97d6-e06bff3fcdbf)
2019-07-13 09:46:16.180 725 RALLYDEBUG rally_openstack.cleanup.manager [-] Deleting glance.images object s_rally_2b40d004_qvLaNVye (cec2fb5e-8ca8-4cc7-9d98-7ca961713d2a)
2019-07-13 09:46:16.194 725 RALLYDEBUG rally_openstack.cleanup.manager [-] Deleting glance.images object s_rally_2b40d004_1vWyk2fX (77825ede-ff56-42d9-b85d-4c3dda658b8a)
2019-07-13 09:46:16.197 725 RALLYDEBUG rally_openstack.cleanup.manager [-] Deleting glance.images object s_rally_2b40d004_NywXsLoH (bd3af781-8a48-4cfb-a604-c3fb7672a413)
2019-07-13 09:46:16.198 725 RALLYDEBUG rally_openstack.cleanup.manager [-] Deleting glance.images object s_rally_2b40d004_1YCaFfFu (72a7aa6b-b5f8-4d6c-b84c-dde84c9ff641)
2019-07-13 09:46:16.198 725 RALLYDEBUG rally_openstack.cleanup.manager [-] Deleting glance.images object s_rally_2b40d004_b0lR6759 (babf8729-96e9-4482-9c63-40995765a27e)
2019-07-13 09:46:17.671 725 DEBUG glanceclient.common.http [-] Request returned failure status 404. _handle_response /usr/lib/python2.7/site-packages/glanceclient/common/http.py:125
2019-07-13 09:46:17.887 725 DEBUG glanceclient.common.http [-] Request returned failure status 404. _handle_response /usr/lib/python2.7/site-packages/glanceclient/common/http.py:125
2019-07-13 09:46:18.673 725 DEBUG glanceclient.common.http [-] Request returned failure status 404. _handle_response /usr/lib/python2.7/site-packages/glanceclient/common/http.py:125
2019-07-13 09:46:18.697 725 DEBUG glanceclient.common.http [-] Request returned failure status 404. _handle_response /usr/lib/python2.7/site-packages/glanceclient/common/http.py:125
2019-07-13 09:46:18.737 725 DEBUG glanceclient.common.http [-] Request returned failure status 404. _handle_response /usr/lib/python2.7/site-packages/glanceclient/common/http.py:125
2019-07-13 09:46:18.953 725 DEBUG glanceclient.common.http [-] Request returned failure status 404. _handle_response /usr/lib/python2.7/site-packages/glanceclient/common/http.py:125
2019-07-13 09:46:18.965 725 DEBUG glanceclient.common.http [-] Request returned failure status 404. _handle_response /usr/lib/python2.7/site-packages/glanceclient/common/http.py:125
2019-07-13 09:46:18.990 725 DEBUG glanceclient.common.http [-] Request returned failure status 404. _handle_response /usr/lib/python2.7/site-packages/glanceclient/common/http.py:125
2019-07-13 09:46:19.023 725 DEBUG glanceclient.common.http [-] Request returned failure status 404. _handle_response /usr/lib/python2.7/site-packages/glanceclient/common/http.py:125
2019-07-13 09:46:19.066 725 DEBUG glanceclient.common.http [-] Request returned failure status 404. _handle_response /usr/lib/python2.7/site-packages/glanceclient/common/http.py:125
2019-07-13 09:46:19.069 725 DEBUG glanceclient.common.http [-] Request returned failure status 404. _handle_response /usr/lib/python2.7/site-packages/glanceclient/common/http.py:125
2019-07-13 09:46:19.080 725 DEBUG glanceclient.common.http [-] Request returned failure status 404. _handle_response /usr/lib/python2.7/site-packages/glanceclient/common/http.py:125
2019-07-13 09:46:19.306 725 DEBUG glanceclient.common.http [-] Request returned failure status 404. _handle_response /usr/lib/python2.7/site-packages/glanceclient/common/http.py:125
2019-07-13 09:46:19.333 725 DEBUG glanceclient.common.http [-] Request returned failure status 404. _handle_response /usr/lib/python2.7/site-packages/glanceclient/common/http.py:125
2019-07-13 09:46:19.370 725 DEBUG glanceclient.common.http [-] Request returned failure status 404. _handle_response /usr/lib/python2.7/site-packages/glanceclient/common/http.py:125
2019-07-13 09:46:19.374 725 DEBUG glanceclient.common.http [-] Request returned failure status 404. _handle_response /usr/lib/python2.7/site-packages/glanceclient/common/http.py:125
2019-07-13 09:46:19.775 725 DEBUG glanceclient.common.http [-] Request returned failure status 404. _handle_response /usr/lib/python2.7/site-packages/glanceclient/common/http.py:125
2019-07-13 09:46:19.779 725 DEBUG glanceclient.common.http [-] Request returned failure status 404. _handle_response /usr/lib/python2.7/site-packages/glanceclient/common/http.py:125
2019-07-13 09:46:19.791 725 DEBUG glanceclient.common.http [-] Request returned failure status 404. _handle_response /usr/lib/python2.7/site-packages/glanceclient/common/http.py:125
2019-07-13 09:46:20.002 725 DEBUG glanceclient.common.http [-] Request returned failure status 404. _handle_response /usr/lib/python2.7/site-packages/glanceclient/common/http.py:125
2019-07-13 09:46:21.005 725 INFO rally.task.context [-] Task 4c942f83-de1e-4795-a0c0-09c728c28f64 | Context cleanup@openstack cleanup() finished in 9.01 sec
2019-07-13 09:46:21.006 725 INFO rally.task.context [-] Task 4c942f83-de1e-4795-a0c0-09c728c28f64 | Context users@openstack cleanup() started
2019-07-13 09:46:29.592 725 INFO rally.task.context [-] Task 4c942f83-de1e-4795-a0c0-09c728c28f64 | Context users@openstack cleanup() finished in 8.59 sec
2019-07-13 09:46:30.024 725 INFO rally.task.engine [-] Load duration is: 16.355051
2019-07-13 09:46:30.024 725 INFO rally.task.engine [-] Full runner duration is: 17.293064
2019-07-13 09:46:30.025 725 INFO rally.task.engine [-] Full duration is: 39.742862
2019-07-13 09:46:30.262 725 INFO rally.task.engine [-] Running workload: position = 0 config = { "version": 2, "title": "A cropped version of a bigger task.", "description": "Auto-generated task from a single workload (uuid=83657c01-8b39-4e82-a5ae-8edda6dae3de)", "subtasks": [ { "title": "GlanceImages.create_and_get_image", "description": "Create and get detailed information of an image.", "scenario": { "GlanceImages.create_and_get_image": { "container_format": "bare", "disk_format": "qcow2", "image_location": "/home/opnfv/functest/images/cirros-0.4.0-x86_64-disk.img" } }, "contexts": { "users": { "tenants": 3, "users_per_tenant": 2 } }, "runner": { "constant": { "concurrency": 4, "times": 10 } }, "hooks": [], "sla": { "failure_rate": { "max": 0 } } } ] }
2019-07-13 09:46:30.283 725 RALLYDEBUG rally_openstack.contexts.keystone.users [-] Creating 3 tenants using 20 threads
2019-07-13 09:46:32.059 725 RALLYDEBUG rally_openstack.contexts.keystone.users [-] Creating 6 users using 20 threads
2019-07-13 09:46:34.784 725 INFO rally.task.context [-] Task 4c942f83-de1e-4795-a0c0-09c728c28f64 | Context users@openstack setup() finished in 4.50 sec
2019-07-13 09:46:34.785 725 INFO rally.task.context [-] Task 4c942f83-de1e-4795-a0c0-09c728c28f64 | Context cleanup@openstack setup() finished in 0.01 msec
2019-07-13 09:46:34.793 725 RALLYDEBUG rally.task.runner [-] Starting the constant runner (task UUID: 4c942f83-de1e-4795-a0c0-09c728c28f64). timeout: 0 concurrency: 4 concurrency_per_worker: 1 times: 10 concurrency_overhead: 0 processes_to_start: 4 max_cpu_used: 16
2019-07-13 09:46:34.805 1633 RALLYDEBUG rally.task.runner [-] Starting a worker. concurrency: 1 args: {"container_format": "bare", "disk_format": "qcow2", "image_location": "/home/opnfv/functest/images/cirros-0.4.0-x86_64-disk.img"} times: 10 method_name: run timeout: 0 duration: None cls:
2019-07-13 09:46:34.809 1634 RALLYDEBUG rally.task.runner [-] Starting a worker. concurrency: 1 args: {"container_format": "bare", "disk_format": "qcow2", "image_location": "/home/opnfv/functest/images/cirros-0.4.0-x86_64-disk.img"} times: 10 method_name: run timeout: 0 duration: None cls:
2019-07-13 09:46:34.812 1633 INFO rally.task.runner [-] Task 4c942f83-de1e-4795-a0c0-09c728c28f64 | ITER: 1 START
2019-07-13 09:46:34.812 1635 RALLYDEBUG rally.task.runner [-] Starting a worker. concurrency: 1 args: {"container_format": "bare", "disk_format": "qcow2", "image_location": "/home/opnfv/functest/images/cirros-0.4.0-x86_64-disk.img"} times: 10 method_name: run timeout: 0 duration: None cls:
2019-07-13 09:46:34.815 1636 RALLYDEBUG rally.task.runner [-] Starting a worker. concurrency: 1 args: {"container_format": "bare", "disk_format": "qcow2", "image_location": "/home/opnfv/functest/images/cirros-0.4.0-x86_64-disk.img"} times: 10 method_name: run timeout: 0 duration: None cls:
2019-07-13 09:46:34.815 1634 INFO rally.task.runner [-] Task 4c942f83-de1e-4795-a0c0-09c728c28f64 | ITER: 2 START
2019-07-13 09:46:34.817 1635 INFO rally.task.runner [-] Task 4c942f83-de1e-4795-a0c0-09c728c28f64 | ITER: 3 START
2019-07-13 09:46:34.820 1636 INFO rally.task.runner [-] Task 4c942f83-de1e-4795-a0c0-09c728c28f64 | ITER: 4 START
2019-07-13 09:46:38.639 1634 RALLYDEBUG rally.task.utils [-] Waiting for resource u'f9a8a2ac-9a05-470c-872c-d3aa305662dc'. Status changed: NONE => QUEUED in 0.549257993698
2019-07-13 09:46:38.670 1635 RALLYDEBUG rally.task.utils [-] Waiting for resource u'1c7aab23-e5b3-4d84-90eb-ea4478f83df5'. Status changed: NONE => QUEUED in 0.571957826614
2019-07-13 09:46:38.722 1636 RALLYDEBUG rally.task.utils [-] Waiting for resource u'25ddd8ea-19cd-461e-9584-676310c63ac8'. Status changed: NONE => QUEUED in 0.641726016998
2019-07-13 09:46:39.383 1633 RALLYDEBUG rally.task.utils [-] Waiting for resource u'c924f805-b9a8-476a-ab00-a24d7a84ad57'. Status changed: NONE => QUEUED in 0.905194044113
2019-07-13 09:46:39.469 1636 RALLYDEBUG rally.task.utils [-] Waiting for resource s_rally_83657c01_vVkoPiEe. Status changed: QUEUED => ACTIVE in 0.0213189125061
2019-07-13 09:46:39.773 1635 RALLYDEBUG rally.task.utils [-] Waiting for resource s_rally_83657c01_Ym28lBmN. Status changed: QUEUED => ACTIVE in 0.306939840317
2019-07-13 09:46:39.827 1636 INFO rally.task.runner [-] Task 4c942f83-de1e-4795-a0c0-09c728c28f64 | ITER: 4 END: OK
2019-07-13 09:46:39.830 1636 INFO rally.task.runner [-] Task 4c942f83-de1e-4795-a0c0-09c728c28f64 | ITER: 5 START
2019-07-13 09:46:40.059 1635 INFO rally.task.runner [-] Task 4c942f83-de1e-4795-a0c0-09c728c28f64 | ITER: 3 END: OK
2019-07-13 09:46:40.063 1635 INFO rally.task.runner [-] Task 4c942f83-de1e-4795-a0c0-09c728c28f64 | ITER: 6 START
2019-07-13 09:46:40.503 1634 RALLYDEBUG rally.task.utils [-] Waiting for resource s_rally_83657c01_bj21bdZF. Status changed: QUEUED => ACTIVE in 0.0200688838959
2019-07-13 09:46:40.515 1633 RALLYDEBUG rally.task.utils [-] Waiting for resource s_rally_83657c01_TcHz5rQe. Status changed: QUEUED => ACTIVE in 0.0194170475006
2019-07-13 09:46:40.533 1633 INFO rally.task.runner [-] Task 4c942f83-de1e-4795-a0c0-09c728c28f64 | ITER: 1 END: OK
2019-07-13 09:46:40.537 1633 INFO rally.task.runner [-] Task 4c942f83-de1e-4795-a0c0-09c728c28f64 | ITER: 7 START
2019-07-13 09:46:40.812 1634 INFO rally.task.runner [-] Task 4c942f83-de1e-4795-a0c0-09c728c28f64 | ITER: 2 END: OK
2019-07-13 09:46:40.815 1634 INFO rally.task.runner [-] Task 4c942f83-de1e-4795-a0c0-09c728c28f64 | ITER: 8 START
2019-07-13 09:46:43.416 1636 RALLYDEBUG rally.task.utils [-] Waiting for resource u'c3c17350-c918-4ee9-b3cc-4ddc182550b8'. Status changed: NONE => QUEUED in 0.0292479991913
2019-07-13 09:46:44.095 1635 RALLYDEBUG rally.task.utils [-] Waiting for resource u'37b89a01-0c2e-4547-aec5-ead24243437f'. Status changed: NONE => QUEUED in 0.525418996811
2019-07-13 09:46:44.379 1633 RALLYDEBUG rally.task.utils [-] Waiting for resource u'be109801-9aa7-4c4d-ae21-ac21032b2267'. Status changed: NONE => QUEUED in 0.313462018967
2019-07-13 09:46:44.847 1636 RALLYDEBUG rally.task.utils [-] Waiting for resource s_rally_83657c01_pBnAwbmL. Status changed: QUEUED => ACTIVE in 0.301389217377
2019-07-13 09:46:44.949 1634 RALLYDEBUG rally.task.utils [-] Waiting for resource u'16f9a366-9fa7-4108-8b71-a41fc907efbc'. Status changed: NONE => QUEUED in 0.684165000916
2019-07-13 09:46:45.056 1636 INFO rally.task.runner [-] Task 4c942f83-de1e-4795-a0c0-09c728c28f64 | ITER: 5 END: OK
2019-07-13 09:46:45.060 1636 INFO rally.task.runner [-] Task 4c942f83-de1e-4795-a0c0-09c728c28f64 | ITER: 9 START
2019-07-13 09:46:45.821 1635 RALLYDEBUG rally.task.utils [-] Waiting for resource s_rally_83657c01_wDnE4vs1. Status changed: QUEUED => ACTIVE in 0.0207130908966
2019-07-13 09:46:45.829 1633 RALLYDEBUG rally.task.utils [-] Waiting for resource s_rally_83657c01_n2rbtfUt. Status changed: QUEUED => ACTIVE in 0.0172219276428
2019-07-13 09:46:46.050 1633 INFO rally.task.runner [-] Task 4c942f83-de1e-4795-a0c0-09c728c28f64 | ITER: 7 END: OK
2019-07-13 09:46:46.054 1633 INFO rally.task.runner [-] Task 4c942f83-de1e-4795-a0c0-09c728c28f64 | ITER: 10 START
2019-07-13 09:46:46.118 1635 INFO rally.task.runner [-] Task 4c942f83-de1e-4795-a0c0-09c728c28f64 | ITER: 6 END: OK
2019-07-13 09:46:47.002 1634 RALLYDEBUG rally.task.utils [-] Waiting for resource s_rally_83657c01_QuTgTdbg. Status changed: QUEUED => ACTIVE in 0.212917089462
2019-07-13 09:46:47.314 1634 INFO rally.task.runner [-] Task 4c942f83-de1e-4795-a0c0-09c728c28f64 | ITER: 8 END: OK
2019-07-13 09:46:49.106 1636 RALLYDEBUG rally.task.utils [-] Waiting for resource u'ac56695a-30cf-413c-9972-3ac69ed31318'. Status changed: NONE => QUEUED in 0.514406919479
2019-07-13 09:46:50.104 1633 RALLYDEBUG rally.task.utils [-] Waiting for resource u'76c4f6e6-22f3-4fff-8931-750c495b438b'. Status changed: NONE => QUEUED in 0.498966932297
2019-07-13 09:46:50.846 1636 RALLYDEBUG rally.task.utils [-] Waiting for resource s_rally_83657c01_W8zQ2LFM. Status changed: QUEUED => ACTIVE in 0.278479099274
2019-07-13 09:46:51.145 1636 INFO rally.task.runner [-] Task 4c942f83-de1e-4795-a0c0-09c728c28f64 | ITER: 9 END: OK
2019-07-13 09:46:51.643 1633 RALLYDEBUG rally.task.utils [-] Waiting for resource s_rally_83657c01_P5B46yzy. Status changed: QUEUED => ACTIVE in 0.0179109573364
2019-07-13 09:46:51.863 1633 INFO rally.task.runner [-] Task 4c942f83-de1e-4795-a0c0-09c728c28f64 | ITER: 10 END: OK
2019-07-13 09:46:51.884 725 INFO rally.task.context [-] Task 4c942f83-de1e-4795-a0c0-09c728c28f64 | Context cleanup@openstack cleanup() started
2019-07-13 09:46:51.887 725 RALLYDEBUG rally_openstack.cleanup.manager [-] Cleaning up glance images objects
2019-07-13 09:46:56.297 725 RALLYDEBUG rally_openstack.cleanup.manager [-] Deleting glance.images object s_rally_83657c01_W8zQ2LFM (ac56695a-30cf-413c-9972-3ac69ed31318)
2019-07-13 09:46:56.300 725 RALLYDEBUG rally_openstack.cleanup.manager [-] Deleting glance.images object s_rally_83657c01_n2rbtfUt (be109801-9aa7-4c4d-ae21-ac21032b2267)
2019-07-13 09:46:56.303 725 RALLYDEBUG rally_openstack.cleanup.manager [-] Deleting glance.images object s_rally_83657c01_vVkoPiEe (25ddd8ea-19cd-461e-9584-676310c63ac8)
2019-07-13 09:46:56.305 725 RALLYDEBUG rally_openstack.cleanup.manager [-] Deleting glance.images object s_rally_83657c01_QuTgTdbg (16f9a366-9fa7-4108-8b71-a41fc907efbc)
2019-07-13 09:46:56.306 725 RALLYDEBUG rally_openstack.cleanup.manager [-] Deleting glance.images object s_rally_83657c01_bj21bdZF (f9a8a2ac-9a05-470c-872c-d3aa305662dc)
2019-07-13 09:46:56.318 725 RALLYDEBUG rally_openstack.cleanup.manager [-] Deleting glance.images object s_rally_83657c01_TcHz5rQe (c924f805-b9a8-476a-ab00-a24d7a84ad57)
2019-07-13 09:46:56.319 725 RALLYDEBUG rally_openstack.cleanup.manager [-] Deleting glance.images object s_rally_83657c01_pBnAwbmL (c3c17350-c918-4ee9-b3cc-4ddc182550b8)
2019-07-13 09:46:56.326 725 RALLYDEBUG rally_openstack.cleanup.manager [-] Deleting glance.images object s_rally_83657c01_Ym28lBmN (1c7aab23-e5b3-4d84-90eb-ea4478f83df5)
2019-07-13 09:46:56.328 725 RALLYDEBUG rally_openstack.cleanup.manager [-] Deleting glance.images object s_rally_83657c01_wDnE4vs1 (37b89a01-0c2e-4547-aec5-ead24243437f)
2019-07-13 09:46:56.345 725 RALLYDEBUG rally_openstack.cleanup.manager [-] Deleting glance.images object s_rally_83657c01_P5B46yzy (76c4f6e6-22f3-4fff-8931-750c495b438b)
2019-07-13 09:46:57.767 725 DEBUG glanceclient.common.http [-] Request returned failure status 404. _handle_response /usr/lib/python2.7/site-packages/glanceclient/common/http.py:125
2019-07-13 09:46:57.995 725 DEBUG glanceclient.common.http [-] Request returned failure status 404. _handle_response /usr/lib/python2.7/site-packages/glanceclient/common/http.py:125
2019-07-13 09:46:58.698 725 DEBUG glanceclient.common.http [-] Request returned failure status 404. _handle_response /usr/lib/python2.7/site-packages/glanceclient/common/http.py:125
2019-07-13 09:46:58.772 725 DEBUG glanceclient.common.http [-] Request returned failure status 404. _handle_response /usr/lib/python2.7/site-packages/glanceclient/common/http.py:125
2019-07-13 09:46:58.944 725 DEBUG glanceclient.common.http [-] Request returned failure status 404. _handle_response /usr/lib/python2.7/site-packages/glanceclient/common/http.py:125
2019-07-13 09:46:58.983 725 DEBUG glanceclient.common.http [-] Request returned failure status 404. _handle_response /usr/lib/python2.7/site-packages/glanceclient/common/http.py:125
2019-07-13 09:46:59.102 725 DEBUG glanceclient.common.http [-] Request returned failure status 404. _handle_response /usr/lib/python2.7/site-packages/glanceclient/common/http.py:125
2019-07-13 09:46:59.119 725 DEBUG glanceclient.common.http [-] Request returned failure status 404. _handle_response /usr/lib/python2.7/site-packages/glanceclient/common/http.py:125
2019-07-13 09:46:59.132 725 DEBUG glanceclient.common.http [-] Request returned failure status 404. _handle_response /usr/lib/python2.7/site-packages/glanceclient/common/http.py:125
2019-07-13 09:46:59.142 725 DEBUG glanceclient.common.http [-] Request returned failure status 404. _handle_response /usr/lib/python2.7/site-packages/glanceclient/common/http.py:125
2019-07-13 09:46:59.153 725 DEBUG glanceclient.common.http [-] Request returned failure status 404. _handle_response /usr/lib/python2.7/site-packages/glanceclient/common/http.py:125
2019-07-13 09:46:59.154 725 DEBUG glanceclient.common.http [-] Request returned failure status 404. _handle_response /usr/lib/python2.7/site-packages/glanceclient/common/http.py:125
2019-07-13 09:46:59.167 725 DEBUG glanceclient.common.http [-] Request returned failure status 404. _handle_response /usr/lib/python2.7/site-packages/glanceclient/common/http.py:125
2019-07-13 09:46:59.213 725 DEBUG glanceclient.common.http [-] Request returned failure status 404. _handle_response /usr/lib/python2.7/site-packages/glanceclient/common/http.py:125
2019-07-13 09:47:00.722 725 DEBUG glanceclient.common.http [-] Request returned failure status 404. _handle_response /usr/lib/python2.7/site-packages/glanceclient/common/http.py:125
2019-07-13 09:47:00.935 725 DEBUG glanceclient.common.http [-] Request returned failure status 404. _handle_response /usr/lib/python2.7/site-packages/glanceclient/common/http.py:125
2019-07-13 09:47:00.992 725 DEBUG glanceclient.common.http [-] Request returned failure status 404. _handle_response /usr/lib/python2.7/site-packages/glanceclient/common/http.py:125
2019-07-13 09:47:00.999 725 DEBUG glanceclient.common.http [-] Request returned failure status 404. _handle_response /usr/lib/python2.7/site-packages/glanceclient/common/http.py:125
2019-07-13 09:47:01.275 725 DEBUG glanceclient.common.http [-] Request returned failure status 404. _handle_response /usr/lib/python2.7/site-packages/glanceclient/common/http.py:125
2019-07-13 09:47:01.294 725 DEBUG glanceclient.common.http [-] Request returned failure status 404. _handle_response /usr/lib/python2.7/site-packages/glanceclient/common/http.py:125
2019-07-13 09:47:02.297 725 INFO rally.task.context [-] Task 4c942f83-de1e-4795-a0c0-09c728c28f64 | Context cleanup@openstack cleanup() finished in 10.41 sec
2019-07-13 09:47:02.297 725 INFO rally.task.context [-] Task 4c942f83-de1e-4795-a0c0-09c728c28f64 | Context users@openstack cleanup() started
2019-07-13 09:47:10.322 725 INFO rally.task.context [-] Task 4c942f83-de1e-4795-a0c0-09c728c28f64 | Context users@openstack cleanup() finished in 8.03 sec
2019-07-13 09:47:10.460 725 INFO rally.task.engine [-] Load duration is: 16.183735
2019-07-13 09:47:10.461 725 INFO rally.task.engine [-] Full runner duration is: 17.092182
2019-07-13 09:47:10.461 725 INFO rally.task.engine [-] Full duration is: 40.041762
2019-07-13 09:47:10.688 725 INFO rally.task.engine [-] Running workload: position = 0 config = { "version": 2, "title": "A cropped version of a bigger task.", "description": "Auto-generated task from a single workload (uuid=9c7cfb62-0793-49b6-b24d-fcb8aeaa72ff)", "subtasks": [ { "title": "GlanceImages.create_and_update_image", "description": "Create an image then update it.", "scenario": { "GlanceImages.create_and_update_image": { "container_format": "bare", "disk_format": "qcow2", "image_location": "/home/opnfv/functest/images/cirros-0.4.0-x86_64-disk.img" } }, "contexts": { "users": { "tenants": 3, "users_per_tenant": 2 } }, "runner": { "constant": { "concurrency": 4, "times": 10 } }, "hooks": [], "sla": { "failure_rate": { "max": 0 } } } ] }
2019-07-13 09:47:10.704 725 RALLYDEBUG rally_openstack.contexts.keystone.users [-] Creating 3 tenants using 20 threads
2019-07-13 09:47:12.735 725 RALLYDEBUG rally_openstack.contexts.keystone.users [-] Creating 6 users using 20 threads
2019-07-13 09:47:15.542 725 INFO rally.task.context [-] Task 4c942f83-de1e-4795-a0c0-09c728c28f64 | Context users@openstack setup() finished in 4.84 sec
2019-07-13 09:47:15.542 725 INFO rally.task.context [-] Task 4c942f83-de1e-4795-a0c0-09c728c28f64 | Context cleanup@openstack setup() finished in 0.00 msec
2019-07-13 09:47:15.548 725 RALLYDEBUG rally.task.runner [-] Starting the constant runner (task UUID: 4c942f83-de1e-4795-a0c0-09c728c28f64). timeout: 0 concurrency: 4 concurrency_per_worker: 1 times: 10 concurrency_overhead: 0 processes_to_start: 4 max_cpu_used: 16
2019-07-13 09:47:15.560 1757 RALLYDEBUG rally.task.runner [-] Starting a worker. concurrency: 1 args: {"container_format": "bare", "disk_format": "qcow2", "image_location": "/home/opnfv/functest/images/cirros-0.4.0-x86_64-disk.img"} times: 10 method_name: run timeout: 0 duration: None cls:
2019-07-13 09:47:15.562 1758 RALLYDEBUG rally.task.runner [-] Starting a worker. concurrency: 1 args: {"container_format": "bare", "disk_format": "qcow2", "image_location": "/home/opnfv/functest/images/cirros-0.4.0-x86_64-disk.img"} times: 10 method_name: run timeout: 0 duration: None cls:
2019-07-13 09:47:15.564 1759 RALLYDEBUG rally.task.runner [-] Starting a worker. concurrency: 1 args: {"container_format": "bare", "disk_format": "qcow2", "image_location": "/home/opnfv/functest/images/cirros-0.4.0-x86_64-disk.img"} times: 10 method_name: run timeout: 0 duration: None cls:
2019-07-13 09:47:15.566 1757 INFO rally.task.runner [-] Task 4c942f83-de1e-4795-a0c0-09c728c28f64 | ITER: 1 START
2019-07-13 09:47:15.566 1760 RALLYDEBUG rally.task.runner [-] Starting a worker. concurrency: 1 args: {"container_format": "bare", "disk_format": "qcow2", "image_location": "/home/opnfv/functest/images/cirros-0.4.0-x86_64-disk.img"} times: 10 method_name: run timeout: 0 duration: None cls:
