2019-07-13 09:47:15.569 1758 INFO rally.task.runner [-] Task 4c942f83-de1e-4795-a0c0-09c728c28f64 | ITER: 2 START
2019-07-13 09:47:15.571 1759 INFO rally.task.runner [-] Task 4c942f83-de1e-4795-a0c0-09c728c28f64 | ITER: 3 START
2019-07-13 09:47:15.571 1760 INFO rally.task.runner [-] Task 4c942f83-de1e-4795-a0c0-09c728c28f64 | ITER: 4 START
2019-07-13 09:47:19.126 1760 RALLYDEBUG rally.task.utils [-] Waiting for resource u'd1bc09b4-5d5d-4919-8bd7-e84c5253ce34'. Status changed: NONE => QUEUED in 0.313871860504
2019-07-13 09:47:19.391 1759 RALLYDEBUG rally.task.utils [-] Waiting for resource u'7f70fa35-bb93-4746-967a-5141ceb3c999'. Status changed: NONE => QUEUED in 0.293439865112
2019-07-13 09:47:19.449 1758 RALLYDEBUG rally.task.utils [-] Waiting for resource u'97c4d57a-f75c-4e7b-9774-5c1f602c31f8'. Status changed: NONE => QUEUED in 0.374191045761
2019-07-13 09:47:19.627 1757 RALLYDEBUG rally.task.utils [-] Waiting for resource u'53c0b0f4-49cb-4cb9-ac41-608a132a67b0'. Status changed: NONE => QUEUED in 0.226324081421
2019-07-13 09:47:20.696 1758 RALLYDEBUG rally.task.utils [-] Waiting for resource s_rally_9c7cfb62_PDlN64Wa. Status changed: QUEUED => ACTIVE in 0.0208349227905
2019-07-13 09:47:20.729 1760 RALLYDEBUG rally.task.utils [-] Waiting for resource s_rally_9c7cfb62_T0AHIGW0. Status changed: QUEUED => ACTIVE in 0.0178370475769
2019-07-13 09:47:20.976 1759 RALLYDEBUG rally.task.utils [-] Waiting for resource s_rally_9c7cfb62_305Q0DCu. Status changed: QUEUED => ACTIVE in 0.316891908646
2019-07-13 09:47:21.057 1758 INFO rally.task.runner [-] Task 4c942f83-de1e-4795-a0c0-09c728c28f64 | ITER: 2 END: OK
2019-07-13 09:47:21.060 1758 INFO rally.task.runner [-] Task 4c942f83-de1e-4795-a0c0-09c728c28f64 | ITER: 5 START
2019-07-13 09:47:21.436 1759 INFO rally.task.runner [-] Task 4c942f83-de1e-4795-a0c0-09c728c28f64 | ITER: 3 END: OK
2019-07-13 09:47:21.440 1759 INFO rally.task.runner [-] Task 4c942f83-de1e-4795-a0c0-09c728c28f64 | ITER: 6 START
2019-07-13 09:47:21.793 1760 INFO rally.task.runner [-] Task 4c942f83-de1e-4795-a0c0-09c728c28f64 | ITER: 4 END: OK
2019-07-13 09:47:21.797 1760 INFO rally.task.runner [-] Task 4c942f83-de1e-4795-a0c0-09c728c28f64 | ITER: 7 START
2019-07-13 09:47:21.964 1757 RALLYDEBUG rally.task.utils [-] Waiting for resource s_rally_9c7cfb62_U6kBCoBH. Status changed: QUEUED => ACTIVE in 0.304548025131
2019-07-13 09:47:22.552 1757 INFO rally.task.runner [-] Task 4c942f83-de1e-4795-a0c0-09c728c28f64 | ITER: 1 END: OK
2019-07-13 09:47:22.556 1757 INFO rally.task.runner [-] Task 4c942f83-de1e-4795-a0c0-09c728c28f64 | ITER: 8 START
2019-07-13 09:47:25.075 1758 RALLYDEBUG rally.task.utils [-] Waiting for resource u'f11d7157-e05c-4f6a-8715-2792c34ec1dd'. Status changed: NONE => QUEUED in 0.488869905472
2019-07-13 09:47:25.216 1759 RALLYDEBUG rally.task.utils [-] Waiting for resource u'0622727c-cecd-470c-8722-bb2a694ba721'. Status changed: NONE => QUEUED in 0.32409787178
2019-07-13 09:47:25.714 1760 RALLYDEBUG rally.task.utils [-] Waiting for resource u'de0e3dde-42d5-473f-a88a-359cc44be60a'. Status changed: NONE => QUEUED in 0.317108869553
2019-07-13 09:47:25.825 1758 RALLYDEBUG rally.task.utils [-] Waiting for resource s_rally_9c7cfb62_TDN23p4w. Status changed: QUEUED => ACTIVE in 0.311807870865
2019-07-13 09:47:26.456 1758 INFO rally.task.runner [-] Task 4c942f83-de1e-4795-a0c0-09c728c28f64 | ITER: 5 END: OK
2019-07-13 09:47:26.460 1758 INFO rally.task.runner [-] Task 4c942f83-de1e-4795-a0c0-09c728c28f64 | ITER: 9 START
2019-07-13 09:47:26.585 1757 RALLYDEBUG rally.task.utils [-] Waiting for resource u'308a64a4-9d24-490b-a30a-078fd9bd4ddb'. Status changed: NONE => QUEUED in 0.515600204468
2019-07-13 09:47:26.628 1759 RALLYDEBUG rally.task.utils [-] Waiting for resource s_rally_9c7cfb62_oKjys97w. Status changed: QUEUED => ACTIVE in 0.0194878578186
2019-07-13 09:47:26.842 1760 RALLYDEBUG rally.task.utils [-] Waiting for resource s_rally_9c7cfb62_CYPHBCXt. Status changed: QUEUED => ACTIVE in 0.244220018387
2019-07-13 09:47:27.371 1760 INFO rally.task.runner [-] Task 4c942f83-de1e-4795-a0c0-09c728c28f64 | ITER: 7 END: OK
2019-07-13 09:47:27.375 1760 INFO rally.task.runner [-] Task 4c942f83-de1e-4795-a0c0-09c728c28f64 | ITER: 10 START
2019-07-13 09:47:27.444 1759 INFO rally.task.runner [-] Task 4c942f83-de1e-4795-a0c0-09c728c28f64 | ITER: 6 END: OK
2019-07-13 09:47:28.957 1757 RALLYDEBUG rally.task.utils [-] Waiting for resource s_rally_9c7cfb62_Xllg0PGs. Status changed: QUEUED => ACTIVE in 0.228259086609
2019-07-13 09:47:29.375 1757 INFO rally.task.runner [-] Task 4c942f83-de1e-4795-a0c0-09c728c28f64 | ITER: 8 END: OK
2019-07-13 09:47:30.552 1758 RALLYDEBUG rally.task.utils [-] Waiting for resource u'8b38fcc6-db29-4cd3-bc19-fd3fdcb40d5b'. Status changed: NONE => QUEUED in 0.627156019211
2019-07-13 09:47:31.315 1758 RALLYDEBUG rally.task.utils [-] Waiting for resource s_rally_9c7cfb62_N9zpdmPL. Status changed: QUEUED => ACTIVE in 0.0176901817322
2019-07-13 09:47:31.332 1760 RALLYDEBUG rally.task.utils [-] Waiting for resource u'6c6b16c6-e622-46b5-ba61-38691c6f666b'. Status changed: NONE => QUEUED in 0.437546014786
2019-07-13 09:47:32.320 1758 INFO rally.task.runner [-] Task 4c942f83-de1e-4795-a0c0-09c728c28f64 | ITER: 9 END: OK
2019-07-13 09:47:32.399 1760 RALLYDEBUG rally.task.utils [-] Waiting for resource s_rally_9c7cfb62_RCeOZiBi. Status changed: QUEUED => ACTIVE in 0.0186750888824
2019-07-13 09:47:33.304 1760 INFO rally.task.runner [-] Task 4c942f83-de1e-4795-a0c0-09c728c28f64 | ITER: 10 END: OK
2019-07-13 09:47:33.329 725 INFO rally.task.context [-] Task 4c942f83-de1e-4795-a0c0-09c728c28f64 | Context cleanup@openstack cleanup() started
2019-07-13 09:47:33.331 725 RALLYDEBUG rally_openstack.cleanup.manager [-] Cleaning up glance images objects
2019-07-13 09:47:37.384 725 RALLYDEBUG rally_openstack.cleanup.manager [-] Deleting glance.images object s_rally_9c7cfb62_lGZHWALe (6c6b16c6-e622-46b5-ba61-38691c6f666b)
2019-07-13 09:47:37.385 725 RALLYDEBUG rally_openstack.cleanup.manager [-] Deleting glance.images object s_rally_9c7cfb62_dStybbDO (8b38fcc6-db29-4cd3-bc19-fd3fdcb40d5b)
2019-07-13 09:47:37.385 725 RALLYDEBUG rally_openstack.cleanup.manager [-] Deleting glance.images object s_rally_9c7cfb62_xEykKWPY (97c4d57a-f75c-4e7b-9774-5c1f602c31f8)
2019-07-13 09:47:37.388 725 RALLYDEBUG rally_openstack.cleanup.manager [-] Deleting glance.images object s_rally_9c7cfb62_i4xa1GDX (53c0b0f4-49cb-4cb9-ac41-608a132a67b0)
2019-07-13 09:47:37.394 725 RALLYDEBUG rally_openstack.cleanup.manager [-] Deleting glance.images object s_rally_9c7cfb62_Usf70Doj (7f70fa35-bb93-4746-967a-5141ceb3c999)
2019-07-13 09:47:37.394 725 RALLYDEBUG rally_openstack.cleanup.manager [-] Deleting glance.images object s_rally_9c7cfb62_UQzZIjqr (308a64a4-9d24-490b-a30a-078fd9bd4ddb)
2019-07-13 09:47:37.395 725 RALLYDEBUG rally_openstack.cleanup.manager [-] Deleting glance.images object s_rally_9c7cfb62_8RyivEz5 (f11d7157-e05c-4f6a-8715-2792c34ec1dd)
2019-07-13 09:47:37.397 725 RALLYDEBUG rally_openstack.cleanup.manager [-] Deleting glance.images object s_rally_9c7cfb62_kaEUaRgl (d1bc09b4-5d5d-4919-8bd7-e84c5253ce34)
2019-07-13 09:47:37.405 725 RALLYDEBUG rally_openstack.cleanup.manager [-] Deleting glance.images object s_rally_9c7cfb62_kWYd2Ojr (de0e3dde-42d5-473f-a88a-359cc44be60a)
2019-07-13 09:47:37.407 725 RALLYDEBUG rally_openstack.cleanup.manager [-] Deleting glance.images object s_rally_9c7cfb62_nw5yQSa7 (0622727c-cecd-470c-8722-bb2a694ba721)
2019-07-13 09:47:38.887 725 DEBUG glanceclient.common.http [-] Request returned failure status 404. _handle_response /usr/lib/python2.7/site-packages/glanceclient/common/http.py:125
2019-07-13 09:47:39.093 725 DEBUG glanceclient.common.http [-] Request returned failure status 404. _handle_response /usr/lib/python2.7/site-packages/glanceclient/common/http.py:125
2019-07-13 09:47:39.126 725 DEBUG glanceclient.common.http [-] Request returned failure status 404. _handle_response /usr/lib/python2.7/site-packages/glanceclient/common/http.py:125
2019-07-13 09:47:39.138 725 DEBUG glanceclient.common.http [-] Request returned failure status 404. _handle_response /usr/lib/python2.7/site-packages/glanceclient/common/http.py:125
2019-07-13 09:47:39.160 725 DEBUG glanceclient.common.http [-] Request returned failure status 404. _handle_response /usr/lib/python2.7/site-packages/glanceclient/common/http.py:125
2019-07-13 09:47:39.173 725 DEBUG glanceclient.common.http [-] Request returned failure status 404. _handle_response /usr/lib/python2.7/site-packages/glanceclient/common/http.py:125
2019-07-13 09:47:39.177 725 DEBUG glanceclient.common.http [-] Request returned failure status 404. _handle_response /usr/lib/python2.7/site-packages/glanceclient/common/http.py:125
2019-07-13 09:47:39.190 725 DEBUG glanceclient.common.http [-] Request returned failure status 404. _handle_response /usr/lib/python2.7/site-packages/glanceclient/common/http.py:125
2019-07-13 09:47:39.194 725 DEBUG glanceclient.common.http [-] Request returned failure status 404. _handle_response /usr/lib/python2.7/site-packages/glanceclient/common/http.py:125
2019-07-13 09:47:39.204 725 DEBUG glanceclient.common.http [-] Request returned failure status 404. _handle_response /usr/lib/python2.7/site-packages/glanceclient/common/http.py:125
2019-07-13 09:47:39.207 725 DEBUG glanceclient.common.http [-] Request returned failure status 404. _handle_response /usr/lib/python2.7/site-packages/glanceclient/common/http.py:125
2019-07-13 09:47:39.319 725 DEBUG glanceclient.common.http [-] Request returned failure status 404. _handle_response /usr/lib/python2.7/site-packages/glanceclient/common/http.py:125
2019-07-13 09:47:39.399 725 DEBUG glanceclient.common.http [-] Request returned failure status 404. _handle_response /usr/lib/python2.7/site-packages/glanceclient/common/http.py:125
2019-07-13 09:47:39.486 725 DEBUG glanceclient.common.http [-] Request returned failure status 404. _handle_response /usr/lib/python2.7/site-packages/glanceclient/common/http.py:125
2019-07-13 09:47:39.675 725 DEBUG glanceclient.common.http [-] Request returned failure status 404. _handle_response /usr/lib/python2.7/site-packages/glanceclient/common/http.py:125
2019-07-13 09:47:39.691 725 DEBUG glanceclient.common.http [-] Request returned failure status 404. _handle_response /usr/lib/python2.7/site-packages/glanceclient/common/http.py:125
2019-07-13 09:47:39.853 725 DEBUG glanceclient.common.http [-] Request returned failure status 404. _handle_response /usr/lib/python2.7/site-packages/glanceclient/common/http.py:125
2019-07-13 09:47:39.893 725 DEBUG glanceclient.common.http [-] Request returned failure status 404. _handle_response /usr/lib/python2.7/site-packages/glanceclient/common/http.py:125
2019-07-13 09:47:39.905 725 DEBUG glanceclient.common.http [-] Request returned failure status 404. _handle_response /usr/lib/python2.7/site-packages/glanceclient/common/http.py:125
2019-07-13 09:47:40.155 725 DEBUG glanceclient.common.http [-] Request returned failure status 404. _handle_response /usr/lib/python2.7/site-packages/glanceclient/common/http.py:125
2019-07-13 09:47:41.158 725 INFO rally.task.context [-] Task 4c942f83-de1e-4795-a0c0-09c728c28f64 | Context cleanup@openstack cleanup() finished in 7.83 sec
2019-07-13 09:47:41.158 725 INFO rally.task.context [-] Task 4c942f83-de1e-4795-a0c0-09c728c28f64 | Context users@openstack cleanup() started
2019-07-13 09:47:49.430 725 INFO rally.task.context [-] Task 4c942f83-de1e-4795-a0c0-09c728c28f64 | Context users@openstack cleanup() finished in 8.27 sec
2019-07-13 09:47:50.883 725 INFO rally.task.engine [-] Load duration is: 16.880451
2019-07-13 09:47:50.883 725 INFO rally.task.engine [-] Full runner duration is: 17.781421
2019-07-13 09:47:50.884 725 INFO rally.task.engine [-] Full duration is: 38.73009
2019-07-13 09:47:51.071 725 INFO rally.task.engine [-] Task 4c942f83-de1e-4795-a0c0-09c728c28f64 | Completed: Running task.
2019-07-13 09:47:52.038 1839 RALLYDEBUG rally.api [-] INFO logs from urllib3 and requests module are hide.
2019-07-13 09:47:52.038 1839 RALLYDEBUG rally.api [-] urllib3 insecure warnings are hidden.
2019-07-13 09:47:52.038 1839 RALLYDEBUG rally.api [-] ERROR log from boto module is hide.
2019-07-13 09:47:52.886 1840 RALLYDEBUG rally.api [-] INFO logs from urllib3 and requests module are hide.
2019-07-13 09:47:52.886 1840 RALLYDEBUG rally.api [-] urllib3 insecure warnings are hidden.
2019-07-13 09:47:52.886 1840 RALLYDEBUG rally.api [-] ERROR log from boto module is hide.
2019-07-13 09:47:54.093 1840 INFO rally.api [-] Building 'json' report for the following task(s): '4c942f83-de1e-4795-a0c0-09c728c28f64'.
2019-07-13 09:47:54.110 1840 INFO rally.api [-] The report has been successfully built.
2019-07-13 09:47:54.896 1842 RALLYDEBUG rally.api [-] INFO logs from urllib3 and requests module are hide.
2019-07-13 09:47:54.896 1842 RALLYDEBUG rally.api [-] urllib3 insecure warnings are hidden.
2019-07-13 09:47:54.896 1842 RALLYDEBUG rally.api [-] ERROR log from boto module is hide.
2019-07-13 09:47:56.255 1842 INFO rally.task.engine [-] Task b17446e5-8dac-4a68-8784-fb3c87e5bd50 | Starting: Task validation.
2019-07-13 09:47:56.287 1842 INFO rally.task.engine [-] Task b17446e5-8dac-4a68-8784-fb3c87e5bd50 | Starting: Task validation of syntax.
2019-07-13 09:47:56.568 1842 INFO rally.task.engine [-] Task b17446e5-8dac-4a68-8784-fb3c87e5bd50 | Completed: Task validation of syntax.
2019-07-13 09:47:56.568 1842 INFO rally.task.engine [-] Task b17446e5-8dac-4a68-8784-fb3c87e5bd50 | Starting: Task validation of required platforms.
2019-07-13 09:47:56.671 1842 INFO rally.task.engine [-] Task b17446e5-8dac-4a68-8784-fb3c87e5bd50 | Completed: Task validation of required platforms.
2019-07-13 09:47:56.671 1842 INFO rally.task.engine [-] Task b17446e5-8dac-4a68-8784-fb3c87e5bd50 | Starting: Task validation of semantic.
2019-07-13 09:47:56.671 1842 INFO rally.task.engine [-] Check health of the environment '50bd4601-1175-41dc-843f-6ac399f22f3d'.
2019-07-13 09:47:57.477 1842 INFO rally.task.engine [-] Platform existing@openstack (available: True): OK!
2019-07-13 09:47:57.494 1842 RALLYDEBUG rally_openstack.contexts.keystone.users [-] Creating 1 tenants using 20 threads
2019-07-13 09:47:59.538 1842 RALLYDEBUG rally_openstack.contexts.keystone.users [-] Creating 1 users using 20 threads
2019-07-13 09:48:02.364 1842 INFO rally.task.context [-] Task b17446e5-8dac-4a68-8784-fb3c87e5bd50 | Context users@openstack setup() finished in 4.87 sec
2019-07-13 09:48:03.278 1842 DEBUG novaclient.v2.client [-] REQ: curl -g -i -X GET http://172.30.9.24:8774/v2.1/flavors/detail -H "Accept: application/json" -H "User-Agent: python-novaclient" -H "X-Auth-Token: {SHA1}bf45ad6022418d3f1f813bf294ce7c8a844b7eb7" _http_log_request /usr/lib/python2.7/site-packages/keystoneauth1/session.py:448
2019-07-13 09:48:03.584 1842 DEBUG novaclient.v2.client [-] RESP: [200] Content-Encoding: gzip Content-Length: 364 Content-Type: application/json Date: Sat, 13 Jul 2019 09:48:03 GMT OpenStack-API-Version: compute 2.1 Server: Apache Vary: OpenStack-API-Version,X-OpenStack-Nova-API-Version,Accept-Encoding X-OpenStack-Nova-API-Version: 2.1 x-compute-request-id: req-7217ed79-c02e-4909-aac8-95c0272425b8 x-openstack-request-id: req-7217ed79-c02e-4909-aac8-95c0272425b8 _http_log_response /usr/lib/python2.7/site-packages/keystoneauth1/session.py:479
2019-07-13 09:48:03.585 1842 DEBUG novaclient.v2.client [-] RESP BODY: {"flavors": [{"name": "rally_full-flavor_5fac15f5-d8fd-44f1-b188-455bee1d9813", "links": [{"href": "http://172.30.9.24:8774/v2.1/flavors/a3afe608-12f5-478d-98d6-6f10a5a0ea2b", "rel": "self"}, {"href": "http://172.30.9.24:8774/flavors/a3afe608-12f5-478d-98d6-6f10a5a0ea2b", "rel": "bookmark"}], "ram": 512, "OS-FLV-DISABLED:disabled": false, "vcpus": 1, "swap": "", "os-flavor-access:is_public": true, "rxtx_factor": 1.0, "OS-FLV-EXT-DATA:ephemeral": 0, "disk": 1, "id": "a3afe608-12f5-478d-98d6-6f10a5a0ea2b"}, {"name": "rally_full-flavor_alt_5fac15f5-d8fd-44f1-b188-455bee1d9813", "links": [{"href": "http://172.30.9.24:8774/v2.1/flavors/dc3f23eb-316b-4a13-a703-375e6eb10822", "rel": "self"}, {"href": "http://172.30.9.24:8774/flavors/dc3f23eb-316b-4a13-a703-375e6eb10822", "rel": "bookmark"}], "ram": 1024, "OS-FLV-DISABLED:disabled": false, "vcpus": 1, "swap": "", "os-flavor-access:is_public": true, "rxtx_factor": 1.0, "OS-FLV-EXT-DATA:ephemeral": 0, "disk": 1, "id": "dc3f23eb-316b-4a13-a703-375e6eb10822"}]} _http_log_response /usr/lib/python2.7/site-packages/keystoneauth1/session.py:511
2019-07-13 09:48:03.585 1842 DEBUG novaclient.v2.client [-] GET call to compute for http://172.30.9.24:8774/v2.1/flavors/detail used request id req-7217ed79-c02e-4909-aac8-95c0272425b8 request /usr/lib/python2.7/site-packages/keystoneauth1/session.py:844
2019-07-13 09:48:04.015 1842 DEBUG novaclient.v2.client [-] REQ: curl -g -i -X GET http://172.30.9.24:8774/v2.1/flavors/a3afe608-12f5-478d-98d6-6f10a5a0ea2b -H "Accept: application/json" -H "User-Agent: python-novaclient" -H "X-Auth-Token: {SHA1}8060af4350a0e2a624cda17e542198c9f82bc367" _http_log_request /usr/lib/python2.7/site-packages/keystoneauth1/session.py:448
2019-07-13 09:48:04.310 1842 DEBUG novaclient.v2.client [-] RESP: [200] Content-Encoding: gzip Content-Length: 311 Content-Type: application/json Date: Sat, 13 Jul 2019 09:48:04 GMT OpenStack-API-Version: compute 2.1 Server: Apache Vary: OpenStack-API-Version,X-OpenStack-Nova-API-Version,Accept-Encoding X-OpenStack-Nova-API-Version: 2.1 x-compute-request-id: req-31fe6485-2fef-45df-af99-234d74ca2964 x-openstack-request-id: req-31fe6485-2fef-45df-af99-234d74ca2964 _http_log_response /usr/lib/python2.7/site-packages/keystoneauth1/session.py:479
2019-07-13 09:48:04.310 1842 DEBUG novaclient.v2.client [-] RESP BODY: {"flavor": {"name": "rally_full-flavor_5fac15f5-d8fd-44f1-b188-455bee1d9813", "links": [{"href": "http://172.30.9.24:8774/v2.1/flavors/a3afe608-12f5-478d-98d6-6f10a5a0ea2b", "rel": "self"}, {"href": "http://172.30.9.24:8774/flavors/a3afe608-12f5-478d-98d6-6f10a5a0ea2b", "rel": "bookmark"}], "ram": 512, "OS-FLV-DISABLED:disabled": false, "vcpus": 1, "swap": "", "os-flavor-access:is_public": true, "rxtx_factor": 1.0, "OS-FLV-EXT-DATA:ephemeral": 0, "disk": 1, "id": "a3afe608-12f5-478d-98d6-6f10a5a0ea2b"}} _http_log_response /usr/lib/python2.7/site-packages/keystoneauth1/session.py:511
2019-07-13 09:48:04.311 1842 DEBUG novaclient.v2.client [-] GET call to compute for http://172.30.9.24:8774/v2.1/flavors/a3afe608-12f5-478d-98d6-6f10a5a0ea2b used request id req-31fe6485-2fef-45df-af99-234d74ca2964 request /usr/lib/python2.7/site-packages/keystoneauth1/session.py:844
2019-07-13 09:48:11.136 1842 DEBUG novaclient.v2.client [-] REQ: curl -g -i -X GET http://172.30.9.24:8774/v2.1/flavors/detail -H "Accept: application/json" -H "User-Agent: python-novaclient" -H "X-Auth-Token: {SHA1}6f6c1b8a3dfed5910ec09b4bc46b42bfee40d0c3" _http_log_request /usr/lib/python2.7/site-packages/keystoneauth1/session.py:448
2019-07-13 09:48:11.443 1842 DEBUG novaclient.v2.client [-] RESP: [200] Content-Encoding: gzip Content-Length: 364 Content-Type: application/json Date: Sat, 13 Jul 2019 09:48:11 GMT OpenStack-API-Version: compute 2.1 Server: Apache Vary: OpenStack-API-Version,X-OpenStack-Nova-API-Version,Accept-Encoding X-OpenStack-Nova-API-Version: 2.1 x-compute-request-id: req-87df6e4f-9839-4f23-bbe8-4d891dc89303 x-openstack-request-id: req-87df6e4f-9839-4f23-bbe8-4d891dc89303 _http_log_response /usr/lib/python2.7/site-packages/keystoneauth1/session.py:479
2019-07-13 09:48:11.443 1842 DEBUG novaclient.v2.client [-] RESP BODY: {"flavors": [{"name": "rally_full-flavor_5fac15f5-d8fd-44f1-b188-455bee1d9813", "links": [{"href": "http://172.30.9.24:8774/v2.1/flavors/a3afe608-12f5-478d-98d6-6f10a5a0ea2b", "rel": "self"}, {"href": "http://172.30.9.24:8774/flavors/a3afe608-12f5-478d-98d6-6f10a5a0ea2b", "rel": "bookmark"}], "ram": 512, "OS-FLV-DISABLED:disabled": false, "vcpus": 1, "swap": "", "os-flavor-access:is_public": true, "rxtx_factor": 1.0, "OS-FLV-EXT-DATA:ephemeral": 0, "disk": 1, "id": "a3afe608-12f5-478d-98d6-6f10a5a0ea2b"}, {"name": "rally_full-flavor_alt_5fac15f5-d8fd-44f1-b188-455bee1d9813", "links": [{"href": "http://172.30.9.24:8774/v2.1/flavors/dc3f23eb-316b-4a13-a703-375e6eb10822", "rel": "self"}, {"href": "http://172.30.9.24:8774/flavors/dc3f23eb-316b-4a13-a703-375e6eb10822", "rel": "bookmark"}], "ram": 1024, "OS-FLV-DISABLED:disabled": false, "vcpus": 1, "swap": "", "os-flavor-access:is_public": true, "rxtx_factor": 1.0, "OS-FLV-EXT-DATA:ephemeral": 0, "disk": 1, "id": "dc3f23eb-316b-4a13-a703-375e6eb10822"}]} _http_log_response /usr/lib/python2.7/site-packages/keystoneauth1/session.py:511
2019-07-13 09:48:11.444 1842 DEBUG novaclient.v2.client [-] GET call to compute for http://172.30.9.24:8774/v2.1/flavors/detail used request id req-87df6e4f-9839-4f23-bbe8-4d891dc89303 request /usr/lib/python2.7/site-packages/keystoneauth1/session.py:844
2019-07-13 09:48:11.866 1842 DEBUG novaclient.v2.client [-] REQ: curl -g -i -X GET http://172.30.9.24:8774/v2.1/flavors/a3afe608-12f5-478d-98d6-6f10a5a0ea2b -H "Accept: application/json" -H "User-Agent: python-novaclient" -H "X-Auth-Token: {SHA1}a372b76465202e2e99b28f8ec2be21f812282312" _http_log_request /usr/lib/python2.7/site-packages/keystoneauth1/session.py:448
2019-07-13 09:48:12.184 1842 DEBUG novaclient.v2.client [-] RESP: [200] Content-Encoding: gzip Content-Length: 311 Content-Type: application/json Date: Sat, 13 Jul 2019 09:48:11 GMT OpenStack-API-Version: compute 2.1 Server: Apache Vary: OpenStack-API-Version,X-OpenStack-Nova-API-Version,Accept-Encoding X-OpenStack-Nova-API-Version: 2.1 x-compute-request-id: req-d87f6987-7a7f-4dbe-a06e-1faf1539fd9b x-openstack-request-id: req-d87f6987-7a7f-4dbe-a06e-1faf1539fd9b _http_log_response /usr/lib/python2.7/site-packages/keystoneauth1/session.py:479
2019-07-13 09:48:12.184 1842 DEBUG novaclient.v2.client [-] RESP BODY: {"flavor": {"name": "rally_full-flavor_5fac15f5-d8fd-44f1-b188-455bee1d9813", "links": [{"href": "http://172.30.9.24:8774/v2.1/flavors/a3afe608-12f5-478d-98d6-6f10a5a0ea2b", "rel": "self"}, {"href": "http://172.30.9.24:8774/flavors/a3afe608-12f5-478d-98d6-6f10a5a0ea2b", "rel": "bookmark"}], "ram": 512, "OS-FLV-DISABLED:disabled": false, "vcpus": 1, "swap": "", "os-flavor-access:is_public": true, "rxtx_factor": 1.0, "OS-FLV-EXT-DATA:ephemeral": 0, "disk": 1, "id": "a3afe608-12f5-478d-98d6-6f10a5a0ea2b"}} _http_log_response /usr/lib/python2.7/site-packages/keystoneauth1/session.py:511
2019-07-13 09:48:12.185 1842 DEBUG novaclient.v2.client [-] GET call to compute for http://172.30.9.24:8774/v2.1/flavors/a3afe608-12f5-478d-98d6-6f10a5a0ea2b used request id req-d87f6987-7a7f-4dbe-a06e-1faf1539fd9b request /usr/lib/python2.7/site-packages/keystoneauth1/session.py:844
2019-07-13 09:48:14.804 1842 DEBUG novaclient.v2.client [-] REQ: curl -g -i -X GET http://172.30.9.24:8774/v2.1/flavors/detail -H "Accept: application/json" -H "User-Agent: python-novaclient" -H "X-Auth-Token: {SHA1}b083de757b79cdd5eb860309a3ebefc78fc01b04" _http_log_request /usr/lib/python2.7/site-packages/keystoneauth1/session.py:448
2019-07-13 09:48:15.114 1842 DEBUG novaclient.v2.client [-] RESP: [200] Content-Encoding: gzip Content-Length: 364 Content-Type: application/json Date: Sat, 13 Jul 2019 09:48:14 GMT OpenStack-API-Version: compute 2.1 Server: Apache Vary: OpenStack-API-Version,X-OpenStack-Nova-API-Version,Accept-Encoding X-OpenStack-Nova-API-Version: 2.1 x-compute-request-id: req-4f7a8b83-5b4a-4957-9483-7c1ffce66709 x-openstack-request-id: req-4f7a8b83-5b4a-4957-9483-7c1ffce66709 _http_log_response /usr/lib/python2.7/site-packages/keystoneauth1/session.py:479
2019-07-13 09:48:15.115 1842 DEBUG novaclient.v2.client [-] RESP BODY: {"flavors": [{"name": "rally_full-flavor_5fac15f5-d8fd-44f1-b188-455bee1d9813", "links": [{"href": "http://172.30.9.24:8774/v2.1/flavors/a3afe608-12f5-478d-98d6-6f10a5a0ea2b", "rel": "self"}, {"href": "http://172.30.9.24:8774/flavors/a3afe608-12f5-478d-98d6-6f10a5a0ea2b", "rel": "bookmark"}], "ram": 512, "OS-FLV-DISABLED:disabled": false, "vcpus": 1, "swap": "", "os-flavor-access:is_public": true, "rxtx_factor": 1.0, "OS-FLV-EXT-DATA:ephemeral": 0, "disk": 1, "id": "a3afe608-12f5-478d-98d6-6f10a5a0ea2b"}, {"name": "rally_full-flavor_alt_5fac15f5-d8fd-44f1-b188-455bee1d9813", "links": [{"href": "http://172.30.9.24:8774/v2.1/flavors/dc3f23eb-316b-4a13-a703-375e6eb10822", "rel": "self"}, {"href": "http://172.30.9.24:8774/flavors/dc3f23eb-316b-4a13-a703-375e6eb10822", "rel": "bookmark"}], "ram": 1024, "OS-FLV-DISABLED:disabled": false, "vcpus": 1, "swap": "", "os-flavor-access:is_public": true, "rxtx_factor": 1.0, "OS-FLV-EXT-DATA:ephemeral": 0, "disk": 1, "id": "dc3f23eb-316b-4a13-a703-375e6eb10822"}]} _http_log_response /usr/lib/python2.7/site-packages/keystoneauth1/session.py:511
2019-07-13 09:48:15.115 1842 DEBUG novaclient.v2.client [-] GET call to compute for http://172.30.9.24:8774/v2.1/flavors/detail used request id req-4f7a8b83-5b4a-4957-9483-7c1ffce66709 request /usr/lib/python2.7/site-packages/keystoneauth1/session.py:844
2019-07-13 09:48:15.635 1842 DEBUG novaclient.v2.client [-] REQ: curl -g -i -X GET http://172.30.9.24:8774/v2.1/flavors/a3afe608-12f5-478d-98d6-6f10a5a0ea2b -H "Accept: application/json" -H "User-Agent: python-novaclient" -H "X-Auth-Token: {SHA1}3c1f1f32aa1ed33293231e10b20002944e3dc932" _http_log_request /usr/lib/python2.7/site-packages/keystoneauth1/session.py:448
2019-07-13 09:48:15.940 1842 DEBUG novaclient.v2.client [-] RESP: [200] Content-Encoding: gzip Content-Length: 311 Content-Type: application/json Date: Sat, 13 Jul 2019 09:48:15 GMT OpenStack-API-Version: compute 2.1 Server: Apache Vary: OpenStack-API-Version,X-OpenStack-Nova-API-Version,Accept-Encoding X-OpenStack-Nova-API-Version: 2.1 x-compute-request-id: req-49151085-93e1-48b4-9d70-c299c11eb8a9 x-openstack-request-id: req-49151085-93e1-48b4-9d70-c299c11eb8a9 _http_log_response /usr/lib/python2.7/site-packages/keystoneauth1/session.py:479
2019-07-13 09:48:15.941 1842 DEBUG novaclient.v2.client [-] RESP BODY: {"flavor": {"name": "rally_full-flavor_5fac15f5-d8fd-44f1-b188-455bee1d9813", "links": [{"href": "http://172.30.9.24:8774/v2.1/flavors/a3afe608-12f5-478d-98d6-6f10a5a0ea2b", "rel": "self"}, {"href": "http://172.30.9.24:8774/flavors/a3afe608-12f5-478d-98d6-6f10a5a0ea2b", "rel": "bookmark"}], "ram": 512, "OS-FLV-DISABLED:disabled": false, "vcpus": 1, "swap": "", "os-flavor-access:is_public": true, "rxtx_factor": 1.0, "OS-FLV-EXT-DATA:ephemeral": 0, "disk": 1, "id": "a3afe608-12f5-478d-98d6-6f10a5a0ea2b"}} _http_log_response /usr/lib/python2.7/site-packages/keystoneauth1/session.py:511
2019-07-13 09:48:15.941 1842 DEBUG novaclient.v2.client [-] GET call to compute for http://172.30.9.24:8774/v2.1/flavors/a3afe608-12f5-478d-98d6-6f10a5a0ea2b used request id req-49151085-93e1-48b4-9d70-c299c11eb8a9 request /usr/lib/python2.7/site-packages/keystoneauth1/session.py:844
2019-07-13 09:48:27.258 1842 INFO rally.task.context [-] Task b17446e5-8dac-4a68-8784-fb3c87e5bd50 | Context users@openstack cleanup() started
2019-07-13 09:48:32.496 1842 INFO rally.task.context [-] Task b17446e5-8dac-4a68-8784-fb3c87e5bd50 | Context users@openstack cleanup() finished in 5.24 sec
2019-07-13 09:48:32.497 1842 INFO rally.task.engine [-] Task b17446e5-8dac-4a68-8784-fb3c87e5bd50 | Completed: Task validation of semantic.
2019-07-13 09:48:32.497 1842 INFO rally.task.engine [-] Task b17446e5-8dac-4a68-8784-fb3c87e5bd50 | Completed: Task validation.
2019-07-13 09:48:32.497 1842 INFO rally.api [-] Task b17446e5-8dac-4a68-8784-fb3c87e5bd50 input file is valid.
2019-07-13 09:48:32.497 1842 INFO rally.api [-] Run Task b17446e5-8dac-4a68-8784-fb3c87e5bd50 against Deployment 50bd4601-1175-41dc-843f-6ac399f22f3d
2019-07-13 09:48:32.498 1842 INFO rally.task.engine [-] Task b17446e5-8dac-4a68-8784-fb3c87e5bd50 | Starting: Running task.
2019-07-13 09:48:32.647 1842 INFO rally.task.engine [-] Running workload: position = 0 config = { "version": 2, "title": "A cropped version of a bigger task.", "description": "Auto-generated task from a single workload (uuid=11e23414-d22c-4bf9-9f2a-eec81a2898d8)", "subtasks": [ { "title": "CinderVolumes.create_and_attach_volume", "description": "Create a VM and attach a volume to it.", "scenario": { "CinderVolumes.create_and_attach_volume": { "flavor": { "name": "rally_full-flavor_5fac15f5-d8fd-44f1-b188-455bee1d9813" }, "image": { "name": "rally_full-img_5fac15f5-d8fd-44f1-b188-455bee1d9813" }, "size": 1, "nics": [ { "net-id": "13230285-c5de-49a7-8b1f-459dccefe6ae" } ] } }, "contexts": { "users": { "tenants": 3, "users_per_tenant": 2 }, "quotas": { "cinder": { "gigabytes": -1, "snapshots": -1, "volumes": -1 } }, "api_versions": { "cinder": { "version": 3, "service_type": "volumev3" } } }, "runner": { "constant": { "concurrency": 4, "times": 10 } }, "hooks": [], "sla": { "failure_rate": { "max": 0 } } } ] }
2019-07-13 09:48:32.670 1842 RALLYDEBUG rally_openstack.contexts.keystone.users [-] Creating 3 tenants using 20 threads
2019-07-13 09:48:34.694 1842 RALLYDEBUG rally_openstack.contexts.keystone.users [-] Creating 6 users using 20 threads
2019-07-13 09:48:37.707 1842 INFO rally.task.context [-] Task b17446e5-8dac-4a68-8784-fb3c87e5bd50 | Context users@openstack setup() finished in 5.04 sec
2019-07-13 09:48:38.139 1842 INFO rally.task.context [-] Task b17446e5-8dac-4a68-8784-fb3c87e5bd50 | Context api_versions@openstack setup() finished in 0.43 sec
2019-07-13 09:48:40.299 1842 INFO rally.task.context [-] Task b17446e5-8dac-4a68-8784-fb3c87e5bd50 | Context quotas@openstack setup() finished in 2.16 sec
2019-07-13 09:48:40.299 1842 INFO rally.task.context [-] Task b17446e5-8dac-4a68-8784-fb3c87e5bd50 | Context cleanup@openstack setup() finished in 0.01 msec
2019-07-13 09:48:42.642 1842 DEBUG novaclient.v2.client [-] REQ: curl -g -i -X GET http://172.30.9.24:8774/v2.1/flavors/detail -H "Accept: application/json" -H "User-Agent: python-novaclient" -H "X-Auth-Token: {SHA1}db0255c3d297fb730e7889a52f8bd99916d6b4c7" _http_log_request /usr/lib/python2.7/site-packages/keystoneauth1/session.py:448
2019-07-13 09:48:42.934 1842 DEBUG novaclient.v2.client [-] RESP: [200] Content-Encoding: gzip Content-Length: 364 Content-Type: application/json Date: Sat, 13 Jul 2019 09:48:42 GMT OpenStack-API-Version: compute 2.1 Server: Apache Vary: OpenStack-API-Version,X-OpenStack-Nova-API-Version,Accept-Encoding X-OpenStack-Nova-API-Version: 2.1 x-compute-request-id: req-a53852a7-309d-4e4b-ba8d-c6e84f9fcafd x-openstack-request-id: req-a53852a7-309d-4e4b-ba8d-c6e84f9fcafd _http_log_response /usr/lib/python2.7/site-packages/keystoneauth1/session.py:479
2019-07-13 09:48:42.935 1842 DEBUG novaclient.v2.client [-] RESP BODY: {"flavors": [{"name": "rally_full-flavor_5fac15f5-d8fd-44f1-b188-455bee1d9813", "links": [{"href": "http://172.30.9.24:8774/v2.1/flavors/a3afe608-12f5-478d-98d6-6f10a5a0ea2b", "rel": "self"}, {"href": "http://172.30.9.24:8774/flavors/a3afe608-12f5-478d-98d6-6f10a5a0ea2b", "rel": "bookmark"}], "ram": 512, "OS-FLV-DISABLED:disabled": false, "vcpus": 1, "swap": "", "os-flavor-access:is_public": true, "rxtx_factor": 1.0, "OS-FLV-EXT-DATA:ephemeral": 0, "disk": 1, "id": "a3afe608-12f5-478d-98d6-6f10a5a0ea2b"}, {"name": "rally_full-flavor_alt_5fac15f5-d8fd-44f1-b188-455bee1d9813", "links": [{"href": "http://172.30.9.24:8774/v2.1/flavors/dc3f23eb-316b-4a13-a703-375e6eb10822", "rel": "self"}, {"href": "http://172.30.9.24:8774/flavors/dc3f23eb-316b-4a13-a703-375e6eb10822", "rel": "bookmark"}], "ram": 1024, "OS-FLV-DISABLED:disabled": false, "vcpus": 1, "swap": "", "os-flavor-access:is_public": true, "rxtx_factor": 1.0, "OS-FLV-EXT-DATA:ephemeral": 0, "disk": 1, "id": "dc3f23eb-316b-4a13-a703-375e6eb10822"}]} _http_log_response /usr/lib/python2.7/site-packages/keystoneauth1/session.py:511
2019-07-13 09:48:42.935 1842 DEBUG novaclient.v2.client [-] GET call to compute for http://172.30.9.24:8774/v2.1/flavors/detail used request id req-a53852a7-309d-4e4b-ba8d-c6e84f9fcafd request /usr/lib/python2.7/site-packages/keystoneauth1/session.py:844
2019-07-13 09:48:42.937 1842 RALLYDEBUG rally.task.runner [-] Starting the constant runner (task UUID: b17446e5-8dac-4a68-8784-fb3c87e5bd50). timeout: 0 concurrency: 4 concurrency_per_worker: 1 times: 10 concurrency_overhead: 0 processes_to_start: 4 max_cpu_used: 16
2019-07-13 09:48:42.948 1966 RALLYDEBUG rally.task.runner [-] Starting a worker. concurrency: 1 args: {"flavor": "a3afe608-12f5-478d-98d6-6f10a5a0ea2b", "image": "9af120b8-51fd-48d1-b159-036370d30a6a", "size": 1, "nics": [{"net-id": "13230285-c5de-49a7-8b1f-459dccefe6ae"}]} times: 10 method_name: run timeout: 0 duration: None cls:
2019-07-13 09:48:42.953 1966 INFO rally.task.runner [-] Task b17446e5-8dac-4a68-8784-fb3c87e5bd50 | ITER: 1 START
2019-07-13 09:48:42.953 1968 RALLYDEBUG rally.task.runner [-] Starting a worker. concurrency: 1 args: {"flavor": "a3afe608-12f5-478d-98d6-6f10a5a0ea2b", "image": "9af120b8-51fd-48d1-b159-036370d30a6a", "size": 1, "nics": [{"net-id": "13230285-c5de-49a7-8b1f-459dccefe6ae"}]} times: 10 method_name: run timeout: 0 duration: None cls:
2019-07-13 09:48:42.953 1967 RALLYDEBUG rally.task.runner [-] Starting a worker. concurrency: 1 args: {"flavor": "a3afe608-12f5-478d-98d6-6f10a5a0ea2b", "image": "9af120b8-51fd-48d1-b159-036370d30a6a", "size": 1, "nics": [{"net-id": "13230285-c5de-49a7-8b1f-459dccefe6ae"}]} times: 10 method_name: run timeout: 0 duration: None cls:
2019-07-13 09:48:42.956 1971 RALLYDEBUG rally.task.runner [-] Starting a worker. concurrency: 1 args: {"flavor": "a3afe608-12f5-478d-98d6-6f10a5a0ea2b", "image": "9af120b8-51fd-48d1-b159-036370d30a6a", "size": 1, "nics": [{"net-id": "13230285-c5de-49a7-8b1f-459dccefe6ae"}]} times: 10 method_name: run timeout: 0 duration: None cls:
2019-07-13 09:48:42.958 1968 INFO rally.task.runner [-] Task b17446e5-8dac-4a68-8784-fb3c87e5bd50 | ITER: 2 START
2019-07-13 09:48:42.961 1971 INFO rally.task.runner [-] Task b17446e5-8dac-4a68-8784-fb3c87e5bd50 | ITER: 4 START
2019-07-13 09:48:42.961 1967 INFO rally.task.runner [-] Task b17446e5-8dac-4a68-8784-fb3c87e5bd50 | ITER: 3 START
2019-07-13 09:48:43.394 1971 DEBUG novaclient.v2.client [-] REQ: curl -g -i -X POST http://172.30.9.24:8774/v2.1/servers -H "Accept: application/json" -H "Content-Type: application/json" -H "User-Agent: python-novaclient" -H "X-Auth-Token: {SHA1}55d6397c53fa2d6d16a3c7baa58f474221e8a493" -d '{"server": {"name": "s_rally_11e23414_ttY8L8Fm", "imageRef": "9af120b8-51fd-48d1-b159-036370d30a6a", "flavorRef": "a3afe608-12f5-478d-98d6-6f10a5a0ea2b", "max_count": 1, "min_count": 1, "networks": [{"uuid": "13230285-c5de-49a7-8b1f-459dccefe6ae"}]}}' _http_log_request /usr/lib/python2.7/site-packages/keystoneauth1/session.py:448
2019-07-13 09:48:43.396 1966 DEBUG novaclient.v2.client [-] REQ: curl -g -i -X POST http://172.30.9.24:8774/v2.1/servers -H "Accept: application/json" -H "Content-Type: application/json" -H "User-Agent: python-novaclient" -H "X-Auth-Token: {SHA1}011415839cb39d5b3826ab1953a6d32956207f52" -d '{"server": {"name": "s_rally_11e23414_exbAnyeS", "imageRef": "9af120b8-51fd-48d1-b159-036370d30a6a", "flavorRef": "a3afe608-12f5-478d-98d6-6f10a5a0ea2b", "max_count": 1, "min_count": 1, "networks": [{"uuid": "13230285-c5de-49a7-8b1f-459dccefe6ae"}]}}' _http_log_request /usr/lib/python2.7/site-packages/keystoneauth1/session.py:448
2019-07-13 09:48:43.398 1968 DEBUG novaclient.v2.client [-] REQ: curl -g -i -X POST http://172.30.9.24:8774/v2.1/servers -H "Accept: application/json" -H "Content-Type: application/json" -H "User-Agent: python-novaclient" -H "X-Auth-Token: {SHA1}9cc5459c9d18da10ee86641b2e4da8b83dd0fb01" -d '{"server": {"name": "s_rally_11e23414_I03g2opP", "imageRef": "9af120b8-51fd-48d1-b159-036370d30a6a", "flavorRef": "a3afe608-12f5-478d-98d6-6f10a5a0ea2b", "max_count": 1, "min_count": 1, "networks": [{"uuid": "13230285-c5de-49a7-8b1f-459dccefe6ae"}]}}' _http_log_request /usr/lib/python2.7/site-packages/keystoneauth1/session.py:448
2019-07-13 09:48:43.405 1967 DEBUG novaclient.v2.client [-] REQ: curl -g -i -X POST http://172.30.9.24:8774/v2.1/servers -H "Accept: application/json" -H "Content-Type: application/json" -H "User-Agent: python-novaclient" -H "X-Auth-Token: {SHA1}0a5f701b392db88d2b85e3c2eace9e0ac0834383" -d '{"server": {"name": "s_rally_11e23414_Lz6Tk1A9", "imageRef": "9af120b8-51fd-48d1-b159-036370d30a6a", "flavorRef": "a3afe608-12f5-478d-98d6-6f10a5a0ea2b", "max_count": 1, "min_count": 1, "networks": [{"uuid": "13230285-c5de-49a7-8b1f-459dccefe6ae"}]}}' _http_log_request /usr/lib/python2.7/site-packages/keystoneauth1/session.py:448
2019-07-13 09:48:46.077 1968 DEBUG novaclient.v2.client [-] RESP: [202] Content-Length: 374 Content-Type: application/json Date: Sat, 13 Jul 2019 09:48:43 GMT OpenStack-API-Version: compute 2.1 Server: Apache Vary: OpenStack-API-Version,X-OpenStack-Nova-API-Version X-OpenStack-Nova-API-Version: 2.1 location: http://172.30.9.24:8774/v2.1/servers/f3173228-ecba-4cd5-84a3-b5e63c43fdf6 x-compute-request-id: req-3bf91582-0ffb-4f33-8203-ca7e4547f077 x-openstack-request-id: req-3bf91582-0ffb-4f33-8203-ca7e4547f077 _http_log_response /usr/lib/python2.7/site-packages/keystoneauth1/session.py:479
2019-07-13 09:48:46.078 1968 DEBUG novaclient.v2.client [-] RESP BODY: {"server": {"security_groups": [{"name": "default"}], "OS-DCF:diskConfig": "MANUAL", "id": "f3173228-ecba-4cd5-84a3-b5e63c43fdf6", "links": [{"href": "http://172.30.9.24:8774/v2.1/servers/f3173228-ecba-4cd5-84a3-b5e63c43fdf6", "rel": "self"}, {"href": "http://172.30.9.24:8774/servers/f3173228-ecba-4cd5-84a3-b5e63c43fdf6", "rel": "bookmark"}], "adminPass": "S5nhHYMp4KNR"}} _http_log_response /usr/lib/python2.7/site-packages/keystoneauth1/session.py:511
2019-07-13 09:48:46.078 1968 DEBUG novaclient.v2.client [-] POST call to compute for http://172.30.9.24:8774/v2.1/servers used request id req-3bf91582-0ffb-4f33-8203-ca7e4547f077 request /usr/lib/python2.7/site-packages/keystoneauth1/session.py:844
2019-07-13 09:48:46.449 1967 DEBUG novaclient.v2.client [-] RESP: [202] Content-Length: 374 Content-Type: application/json Date: Sat, 13 Jul 2019 09:48:43 GMT OpenStack-API-Version: compute 2.1 Server: Apache Vary: OpenStack-API-Version,X-OpenStack-Nova-API-Version X-OpenStack-Nova-API-Version: 2.1 location: http://172.30.9.24:8774/v2.1/servers/1e20281b-5a11-4c67-8767-cc9b5efaa7a2 x-compute-request-id: req-d47a643d-af3e-41ca-a8d0-1b98c750eeff x-openstack-request-id: req-d47a643d-af3e-41ca-a8d0-1b98c750eeff _http_log_response /usr/lib/python2.7/site-packages/keystoneauth1/session.py:479
2019-07-13 09:48:46.449 1967 DEBUG novaclient.v2.client [-] RESP BODY: {"server": {"security_groups": [{"name": "default"}], "OS-DCF:diskConfig": "MANUAL", "id": "1e20281b-5a11-4c67-8767-cc9b5efaa7a2", "links": [{"href": "http://172.30.9.24:8774/v2.1/servers/1e20281b-5a11-4c67-8767-cc9b5efaa7a2", "rel": "self"}, {"href": "http://172.30.9.24:8774/servers/1e20281b-5a11-4c67-8767-cc9b5efaa7a2", "rel": "bookmark"}], "adminPass": "zPon6WFNNd2o"}} _http_log_response /usr/lib/python2.7/site-packages/keystoneauth1/session.py:511
2019-07-13 09:48:46.450 1967 DEBUG novaclient.v2.client [-] POST call to compute for http://172.30.9.24:8774/v2.1/servers used request id req-d47a643d-af3e-41ca-a8d0-1b98c750eeff request /usr/lib/python2.7/site-packages/keystoneauth1/session.py:844
2019-07-13 09:48:46.958 1971 DEBUG novaclient.v2.client [-] RESP: [202] Content-Length: 374 Content-Type: application/json Date: Sat, 13 Jul 2019 09:48:43 GMT OpenStack-API-Version: compute 2.1 Server: Apache Vary: OpenStack-API-Version,X-OpenStack-Nova-API-Version X-OpenStack-Nova-API-Version: 2.1 location: http://172.30.9.24:8774/v2.1/servers/b9abdde6-ba86-46f9-ad87-023b7824328b x-compute-request-id: req-d4c6ad9d-ef78-47df-8e5c-e739718c1bcd x-openstack-request-id: req-d4c6ad9d-ef78-47df-8e5c-e739718c1bcd _http_log_response /usr/lib/python2.7/site-packages/keystoneauth1/session.py:479
2019-07-13 09:48:46.958 1971 DEBUG novaclient.v2.client [-] RESP BODY: {"server": {"security_groups": [{"name": "default"}], "OS-DCF:diskConfig": "MANUAL", "id": "b9abdde6-ba86-46f9-ad87-023b7824328b", "links": [{"href": "http://172.30.9.24:8774/v2.1/servers/b9abdde6-ba86-46f9-ad87-023b7824328b", "rel": "self"}, {"href": "http://172.30.9.24:8774/servers/b9abdde6-ba86-46f9-ad87-023b7824328b", "rel": "bookmark"}], "adminPass": "9pspnZxEta3o"}} _http_log_response /usr/lib/python2.7/site-packages/keystoneauth1/session.py:511
2019-07-13 09:48:46.959 1971 DEBUG novaclient.v2.client [-] POST call to compute for http://172.30.9.24:8774/v2.1/servers used request id req-d4c6ad9d-ef78-47df-8e5c-e739718c1bcd request /usr/lib/python2.7/site-packages/keystoneauth1/session.py:844
2019-07-13 09:48:47.082 1968 DEBUG novaclient.v2.client [-] REQ: curl -g -i -X GET http://172.30.9.24:8774/v2.1/servers/f3173228-ecba-4cd5-84a3-b5e63c43fdf6 -H "Accept: application/json" -H "User-Agent: python-novaclient" -H "X-Auth-Token: {SHA1}9cc5459c9d18da10ee86641b2e4da8b83dd0fb01" _http_log_request /usr/lib/python2.7/site-packages/keystoneauth1/session.py:448
2019-07-13 09:48:47.359 1966 DEBUG novaclient.v2.client [-] RESP: [202] Content-Length: 374 Content-Type: application/json Date: Sat, 13 Jul 2019 09:48:43 GMT OpenStack-API-Version: compute 2.1 Server: Apache Vary: OpenStack-API-Version,X-OpenStack-Nova-API-Version X-OpenStack-Nova-API-Version: 2.1 location: http://172.30.9.24:8774/v2.1/servers/1aac1944-14c1-404d-adaf-439511f63c8d x-compute-request-id: req-54d36d6f-72d4-423e-8074-7a3e1cee860c x-openstack-request-id: req-54d36d6f-72d4-423e-8074-7a3e1cee860c _http_log_response /usr/lib/python2.7/site-packages/keystoneauth1/session.py:479
2019-07-13 09:48:47.360 1966 DEBUG novaclient.v2.client [-] RESP BODY: {"server": {"security_groups": [{"name": "default"}], "OS-DCF:diskConfig": "MANUAL", "id": "1aac1944-14c1-404d-adaf-439511f63c8d", "links": [{"href": "http://172.30.9.24:8774/v2.1/servers/1aac1944-14c1-404d-adaf-439511f63c8d", "rel": "self"}, {"href": "http://172.30.9.24:8774/servers/1aac1944-14c1-404d-adaf-439511f63c8d", "rel": "bookmark"}], "adminPass": "LwSBy5wcPi6u"}} _http_log_response /usr/lib/python2.7/site-packages/keystoneauth1/session.py:511
2019-07-13 09:48:47.360 1966 DEBUG novaclient.v2.client [-] POST call to compute for http://172.30.9.24:8774/v2.1/servers used request id req-54d36d6f-72d4-423e-8074-7a3e1cee860c request /usr/lib/python2.7/site-packages/keystoneauth1/session.py:844
2019-07-13 09:48:47.454 1967 DEBUG novaclient.v2.client [-] REQ: curl -g -i -X GET http://172.30.9.24:8774/v2.1/servers/1e20281b-5a11-4c67-8767-cc9b5efaa7a2 -H "Accept: application/json" -H "User-Agent: python-novaclient" -H "X-Auth-Token: {SHA1}0a5f701b392db88d2b85e3c2eace9e0ac0834383" _http_log_request /usr/lib/python2.7/site-packages/keystoneauth1/session.py:448
2019-07-13 09:48:47.635 1968 DEBUG novaclient.v2.client [-] RESP: [200] Content-Encoding: gzip Content-Length: 591 Content-Type: application/json Date: Sat, 13 Jul 2019 09:48:47 GMT OpenStack-API-Version: compute 2.1 Server: Apache Vary: OpenStack-API-Version,X-OpenStack-Nova-API-Version,Accept-Encoding X-OpenStack-Nova-API-Version: 2.1 x-compute-request-id: req-bfcf3a8e-e2cd-4354-9c94-c0aa1145b915 x-openstack-request-id: req-bfcf3a8e-e2cd-4354-9c94-c0aa1145b915 _http_log_response /usr/lib/python2.7/site-packages/keystoneauth1/session.py:479
2019-07-13 09:48:47.635 1968 DEBUG novaclient.v2.client [-] RESP BODY: {"server": {"OS-EXT-STS:task_state": "scheduling", "addresses": {}, "links": [{"href": "http://172.30.9.24:8774/v2.1/servers/f3173228-ecba-4cd5-84a3-b5e63c43fdf6", "rel": "self"}, {"href": "http://172.30.9.24:8774/servers/f3173228-ecba-4cd5-84a3-b5e63c43fdf6", "rel": "bookmark"}], "image": {"id": "9af120b8-51fd-48d1-b159-036370d30a6a", "links": [{"href": "http://172.30.9.24:8774/images/9af120b8-51fd-48d1-b159-036370d30a6a", "rel": "bookmark"}]}, "OS-EXT-STS:vm_state": "building", "OS-SRV-USG:launched_at": null, "flavor": {"id": "a3afe608-12f5-478d-98d6-6f10a5a0ea2b", "links": [{"href": "http://172.30.9.24:8774/flavors/a3afe608-12f5-478d-98d6-6f10a5a0ea2b", "rel": "bookmark"}]}, "id": "f3173228-ecba-4cd5-84a3-b5e63c43fdf6", "user_id": "83957a1c49be45aab555d409db0b0d4c", "OS-DCF:diskConfig": "MANUAL", "accessIPv4": "", "accessIPv6": "", "progress": 0, "OS-EXT-STS:power_state": 0, "OS-EXT-AZ:availability_zone": "nova", "config_drive": "", "status": "BUILD", "updated": "2019-07-13T09:48:47Z", "hostId": "", "OS-SRV-USG:terminated_at": null, "key_name": null, "name": "s_rally_11e23414_I03g2opP", "created": "2019-07-13T09:48:46Z", "tenant_id": "b5d0477dad1c4e9aa96e8a5672dcaf86", "os-extended-volumes:volumes_attached": [], "metadata": {}}} _http_log_response /usr/lib/python2.7/site-packages/keystoneauth1/session.py:511
2019-07-13 09:48:47.636 1968 DEBUG novaclient.v2.client [-] GET call to compute for http://172.30.9.24:8774/v2.1/servers/f3173228-ecba-4cd5-84a3-b5e63c43fdf6 used request id req-bfcf3a8e-e2cd-4354-9c94-c0aa1145b915 request /usr/lib/python2.7/site-packages/keystoneauth1/session.py:844
2019-07-13 09:48:47.637 1968 DEBUG novaclient.v2.client [-] REQ: curl -g -i -X GET http://172.30.9.24:8774/v2.1/servers/f3173228-ecba-4cd5-84a3-b5e63c43fdf6 -H "Accept: application/json" -H "User-Agent: python-novaclient" -H "X-Auth-Token: {SHA1}9cc5459c9d18da10ee86641b2e4da8b83dd0fb01" _http_log_request /usr/lib/python2.7/site-packages/keystoneauth1/session.py:448
2019-07-13 09:48:47.921 1968 DEBUG novaclient.v2.client [-] RESP: [200] Content-Encoding: gzip Content-Length: 630 Content-Type: application/json Date: Sat, 13 Jul 2019 09:48:47 GMT OpenStack-API-Version: compute 2.1 Server: Apache Vary: OpenStack-API-Version,X-OpenStack-Nova-API-Version,Accept-Encoding X-OpenStack-Nova-API-Version: 2.1 x-compute-request-id: req-8fcf64b1-61d7-41ee-96fa-83ee0eb387c3 x-openstack-request-id: req-8fcf64b1-61d7-41ee-96fa-83ee0eb387c3 _http_log_response /usr/lib/python2.7/site-packages/keystoneauth1/session.py:479
2019-07-13 09:48:47.921 1968 DEBUG novaclient.v2.client [-] RESP BODY: {"server": {"OS-EXT-STS:task_state": "networking", "addresses": {}, "links": [{"href": "http://172.30.9.24:8774/v2.1/servers/f3173228-ecba-4cd5-84a3-b5e63c43fdf6", "rel": "self"}, {"href": "http://172.30.9.24:8774/servers/f3173228-ecba-4cd5-84a3-b5e63c43fdf6", "rel": "bookmark"}], "image": {"id": "9af120b8-51fd-48d1-b159-036370d30a6a", "links": [{"href": "http://172.30.9.24:8774/images/9af120b8-51fd-48d1-b159-036370d30a6a", "rel": "bookmark"}]}, "OS-EXT-STS:vm_state": "building", "OS-SRV-USG:launched_at": null, "flavor": {"id": "a3afe608-12f5-478d-98d6-6f10a5a0ea2b", "links": [{"href": "http://172.30.9.24:8774/flavors/a3afe608-12f5-478d-98d6-6f10a5a0ea2b", "rel": "bookmark"}]}, "id": "f3173228-ecba-4cd5-84a3-b5e63c43fdf6", "user_id": "83957a1c49be45aab555d409db0b0d4c", "OS-DCF:diskConfig": "MANUAL", "accessIPv4": "", "accessIPv6": "", "progress": 0, "OS-EXT-STS:power_state": 0, "OS-EXT-AZ:availability_zone": "nova", "config_drive": "", "status": "BUILD", "updated": "2019-07-13T09:48:47Z", "hostId": "e7fc7604cef2c0ae2be7350b6b8cc073e0c1bd957118b4930e70b547", "OS-SRV-USG:terminated_at": null, "key_name": null, "name": "s_rally_11e23414_I03g2opP", "created": "2019-07-13T09:48:46Z", "tenant_id": "b5d0477dad1c4e9aa96e8a5672dcaf86", "os-extended-volumes:volumes_attached": [], "metadata": {}}} _http_log_response /usr/lib/python2.7/site-packages/keystoneauth1/session.py:511
2019-07-13 09:48:47.922 1968 DEBUG novaclient.v2.client [-] GET call to compute for http://172.30.9.24:8774/v2.1/servers/f3173228-ecba-4cd5-84a3-b5e63c43fdf6 used request id req-8fcf64b1-61d7-41ee-96fa-83ee0eb387c3 request /usr/lib/python2.7/site-packages/keystoneauth1/session.py:844
2019-07-13 09:48:47.963 1971 DEBUG novaclient.v2.client [-] REQ: curl -g -i -X GET http://172.30.9.24:8774/v2.1/servers/b9abdde6-ba86-46f9-ad87-023b7824328b -H "Accept: application/json" -H "User-Agent: python-novaclient" -H "X-Auth-Token: {SHA1}55d6397c53fa2d6d16a3c7baa58f474221e8a493" _http_log_request /usr/lib/python2.7/site-packages/keystoneauth1/session.py:448
2019-07-13 09:48:48.312 1971 DEBUG novaclient.v2.client [-] RESP: [200] Content-Encoding: gzip Content-Length: 588 Content-Type: application/json Date: Sat, 13 Jul 2019 09:48:47 GMT OpenStack-API-Version: compute 2.1 Server: Apache Vary: OpenStack-API-Version,X-OpenStack-Nova-API-Version,Accept-Encoding X-OpenStack-Nova-API-Version: 2.1 x-compute-request-id: req-91c4dae6-9b32-4add-9526-336cb93db26b x-openstack-request-id: req-91c4dae6-9b32-4add-9526-336cb93db26b _http_log_response /usr/lib/python2.7/site-packages/keystoneauth1/session.py:479
