2019-07-12 09:46:19.122 26988 WARNING rally_openstack.scenarios.neutron.utils [-] Running this scenario without either the 'network' or 'existing_network' context is deprecated
2019-07-12 09:46:19.773 26998 INFO rally.task.runner [-] Task e9b3e245-013d-49ed-acb4-aacc6841ab0f | ITER: 29 END: OK
2019-07-12 09:46:19.776 26998 INFO rally.task.runner [-] Task e9b3e245-013d-49ed-acb4-aacc6841ab0f | ITER: 40 START
2019-07-12 09:46:19.777 26998 WARNING rally_openstack.scenarios.neutron.utils [-] Running this scenario without either the 'network' or 'existing_network' context is deprecated
2019-07-12 09:46:23.016 26975 INFO rally.task.runner [-] Task e9b3e245-013d-49ed-acb4-aacc6841ab0f | ITER: 31 END: OK
2019-07-12 09:46:24.423 26970 INFO rally.task.runner [-] Task e9b3e245-013d-49ed-acb4-aacc6841ab0f | ITER: 32 END: OK
2019-07-12 09:46:25.953 26954 INFO rally.task.runner [-] Task e9b3e245-013d-49ed-acb4-aacc6841ab0f | ITER: 27 END: OK
2019-07-12 09:46:27.043 26951 INFO rally.task.runner [-] Task e9b3e245-013d-49ed-acb4-aacc6841ab0f | ITER: 33 END: OK
2019-07-12 09:46:27.368 26952 INFO rally.task.runner [-] Task e9b3e245-013d-49ed-acb4-aacc6841ab0f | ITER: 36 END: OK
2019-07-12 09:46:27.728 26993 INFO rally.task.runner [-] Task e9b3e245-013d-49ed-acb4-aacc6841ab0f | ITER: 30 END: OK
2019-07-12 09:46:29.360 26998 INFO rally.task.runner [-] Task e9b3e245-013d-49ed-acb4-aacc6841ab0f | ITER: 40 END: OK
2019-07-12 09:46:29.431 26988 INFO rally.task.runner [-] Task e9b3e245-013d-49ed-acb4-aacc6841ab0f | ITER: 39 END: OK
2019-07-12 09:46:31.169 26953 INFO rally.task.runner [-] Task e9b3e245-013d-49ed-acb4-aacc6841ab0f | ITER: 34 END: OK
2019-07-12 09:46:32.376 26985 INFO rally.task.runner [-] Task e9b3e245-013d-49ed-acb4-aacc6841ab0f | ITER: 38 END: OK
2019-07-12 09:46:33.182 26961 INFO rally.task.runner [-] Task e9b3e245-013d-49ed-acb4-aacc6841ab0f | ITER: 10 END: OK
2019-07-12 09:46:33.250 26951 INFO rally.task.runner [-] Task e9b3e245-013d-49ed-acb4-aacc6841ab0f | ITER: 1 END: OK
2019-07-12 09:46:33.312 26992 INFO rally.task.runner [-] Task e9b3e245-013d-49ed-acb4-aacc6841ab0f | ITER: 25 END: OK
2019-07-12 09:46:33.558 26954 INFO rally.task.runner [-] Task e9b3e245-013d-49ed-acb4-aacc6841ab0f | ITER: 28 END: OK
2019-07-12 09:46:33.592 26955 INFO rally.task.runner [-] Task e9b3e245-013d-49ed-acb4-aacc6841ab0f | ITER: 9 END: OK
2019-07-12 09:46:33.606 26952 INFO rally.task.runner [-] Task e9b3e245-013d-49ed-acb4-aacc6841ab0f | ITER: 2 END: OK
2019-07-12 09:46:33.614 26953 INFO rally.task.runner [-] Task e9b3e245-013d-49ed-acb4-aacc6841ab0f | ITER: 4 END: OK
2019-07-12 09:46:33.880 26979 INFO rally.task.runner [-] Task e9b3e245-013d-49ed-acb4-aacc6841ab0f | ITER: 26 END: OK
2019-07-12 09:46:34.069 26966 INFO rally.task.runner [-] Task e9b3e245-013d-49ed-acb4-aacc6841ab0f | ITER: 37 END: OK
2019-07-12 09:46:34.169 26978 INFO rally.task.runner [-] Task e9b3e245-013d-49ed-acb4-aacc6841ab0f | ITER: 35 END: OK
2019-07-12 09:46:34.197 22705 INFO rally.task.context [-] Task e9b3e245-013d-49ed-acb4-aacc6841ab0f | Context cleanup@openstack cleanup() started
2019-07-12 09:46:34.200 22705 RALLYDEBUG rally_openstack.cleanup.manager [-] Cleaning up neutron vip objects
2019-07-12 09:46:34.991 22705 RALLYDEBUG rally_openstack.cleanup.manager [-] Cleaning up neutron health_monitor objects
2019-07-12 09:46:35.618 22705 RALLYDEBUG rally_openstack.cleanup.manager [-] Cleaning up neutron pool objects
2019-07-12 09:46:36.316 22705 RALLYDEBUG rally_openstack.cleanup.manager [-] Cleaning up neutron loadbalancer objects
2019-07-12 09:46:36.932 22705 RALLYDEBUG rally_openstack.cleanup.manager [-] Cleaning up neutron floatingip objects
2019-07-12 09:46:37.687 22705 RALLYDEBUG rally_openstack.cleanup.manager [-] Cleaning up neutron port objects
2019-07-12 09:46:38.371 22705 RALLYDEBUG rally_openstack.cleanup.manager [-] Cleaning up neutron subnet objects
2019-07-12 09:46:39.102 22705 RALLYDEBUG rally_openstack.cleanup.manager [-] Cleaning up neutron network objects
2019-07-12 09:46:40.016 22705 RALLYDEBUG rally_openstack.cleanup.manager [-] Deleting neutron.network object s_rally_3b1e930c_V7uz8D8d (0354beb2-e302-489e-982d-990c69114422)
2019-07-12 09:46:40.019 22705 RALLYDEBUG rally_openstack.cleanup.manager [-] Deleting neutron.network object s_rally_3b1e930c_s6i4enqv (02c38ecc-ee30-4aa9-9a46-6a80e3822b1e)
2019-07-12 09:46:40.025 22705 RALLYDEBUG rally_openstack.cleanup.manager [-] Deleting neutron.network object s_rally_3b1e930c_0RwZNnIr (1668a061-f7a0-4221-bc88-1fbc45708504)
2019-07-12 09:46:40.026 22705 RALLYDEBUG rally_openstack.cleanup.manager [-] Deleting neutron.network object s_rally_3b1e930c_hp9NSwwC (1d7c5636-957c-4486-ba67-4a1c461d869a)
2019-07-12 09:46:40.039 22705 RALLYDEBUG rally_openstack.cleanup.manager [-] Deleting neutron.network object s_rally_3b1e930c_5ZgGkQbm (20ebc83e-f203-4487-852b-18e872e48b02)
2019-07-12 09:46:40.039 22705 RALLYDEBUG rally_openstack.cleanup.manager [-] Deleting neutron.network object s_rally_3b1e930c_gS4Wpi2Q (1d7f198b-0afd-4904-930f-f954de8d5ca0)
2019-07-12 09:46:40.057 22705 RALLYDEBUG rally_openstack.cleanup.manager [-] Deleting neutron.network object s_rally_3b1e930c_SHXCVQTT (20f48d6d-9cfe-4309-a324-13bb6ca9f26a)
2019-07-12 09:46:40.070 22705 RALLYDEBUG rally_openstack.cleanup.manager [-] Deleting neutron.network object s_rally_3b1e930c_so0BBuWc (24bd4ccc-434d-4a8f-95c3-25aad17f3a12)
2019-07-12 09:46:40.072 22705 RALLYDEBUG rally_openstack.cleanup.manager [-] Deleting neutron.network object s_rally_3b1e930c_4E6r4zZj (18648d0d-e8ed-4488-92d0-73c5de94ff4e)
2019-07-12 09:46:40.086 22705 RALLYDEBUG rally_openstack.cleanup.manager [-] Deleting neutron.network object s_rally_3b1e930c_qBDXXD37 (1d0554dc-84a4-442b-a1fd-3207b09c6af4)
2019-07-12 09:46:40.093 22705 RALLYDEBUG rally_openstack.cleanup.manager [-] Deleting neutron.network object s_rally_3b1e930c_dC5YBVJI (2fa3d479-570c-4a36-b3df-c431fa088508)
2019-07-12 09:46:40.105 22705 RALLYDEBUG rally_openstack.cleanup.manager [-] Deleting neutron.network object s_rally_3b1e930c_yz6DWbMR (3eb2c72f-ef0d-457e-a275-ac9471ea8187)
2019-07-12 09:46:40.117 22705 RALLYDEBUG rally_openstack.cleanup.manager [-] Deleting neutron.network object s_rally_3b1e930c_K6cMsHjC (283b0203-fef1-4776-9bda-67ddd1dd5856)
2019-07-12 09:46:40.134 22705 RALLYDEBUG rally_openstack.cleanup.manager [-] Deleting neutron.network object s_rally_3b1e930c_exl7EUdu (4ce2b49b-b08b-485e-b09c-b89690b9e904)
2019-07-12 09:46:40.147 22705 RALLYDEBUG rally_openstack.cleanup.manager [-] Deleting neutron.network object s_rally_3b1e930c_JVLErzKW (4c4f0122-972d-4b25-93a0-6fa28dcedd0a)
2019-07-12 09:46:40.167 22705 RALLYDEBUG rally_openstack.cleanup.manager [-] Deleting neutron.network object s_rally_3b1e930c_lRuM3eMH (6ddd998e-d3ca-4eae-938d-1796e51fec85)
2019-07-12 09:46:40.172 22705 RALLYDEBUG rally_openstack.cleanup.manager [-] Deleting neutron.network object s_rally_3b1e930c_zXVYDuTu (58fc57c3-0df0-4ff8-9894-a8248cd15bf1)
2019-07-12 09:46:40.173 22705 RALLYDEBUG rally_openstack.cleanup.manager [-] Deleting neutron.network object s_rally_3b1e930c_GV9UU24S (5437ff82-38f9-43c1-a433-cb395dbf7485)
2019-07-12 09:46:40.198 22705 RALLYDEBUG rally_openstack.cleanup.manager [-] Deleting neutron.network object s_rally_3b1e930c_aSaUqwlb (7f20ff4b-f50f-4d7c-9d74-21df33eaee4c)
2019-07-12 09:46:40.199 22705 RALLYDEBUG rally_openstack.cleanup.manager [-] Deleting neutron.network object s_rally_3b1e930c_0iH2R3jg (74bb18aa-cd43-48cf-9ab3-01ff8bbea58a)
2019-07-12 09:46:42.644 22705 RALLYDEBUG rally_openstack.cleanup.manager [-] Deleting neutron.network object s_rally_3b1e930c_hqPZVT94 (7f4b7106-5b99-4390-b47b-4c991f4c986a)
2019-07-12 09:46:42.890 22705 RALLYDEBUG rally_openstack.cleanup.manager [-] Deleting neutron.network object s_rally_3b1e930c_fGmgl7Cd (8c09bd44-c940-43d1-9654-2e28ef471d74)
2019-07-12 09:46:43.260 22705 RALLYDEBUG rally_openstack.cleanup.manager [-] Deleting neutron.network object s_rally_3b1e930c_LYRLYwJT (922239dd-a138-41dc-b7f8-568e7e2a76bc)
2019-07-12 09:46:43.268 22705 RALLYDEBUG rally_openstack.cleanup.manager [-] Deleting neutron.network object s_rally_3b1e930c_13ATI5M6 (96886133-98a0-4557-84f8-b29068e9fad3)
2019-07-12 09:46:43.374 22705 RALLYDEBUG rally_openstack.cleanup.manager [-] Deleting neutron.network object s_rally_3b1e930c_1TVppmAF (9b54c9fd-dde8-4e72-b955-5a729f7266be)
2019-07-12 09:46:43.588 22705 RALLYDEBUG rally_openstack.cleanup.manager [-] Deleting neutron.network object s_rally_3b1e930c_dos3KsPG (b363beb0-d30a-4372-a7e0-768c350cb1ea)
2019-07-12 09:46:44.676 22705 RALLYDEBUG rally_openstack.cleanup.manager [-] Deleting neutron.network object s_rally_3b1e930c_Ofh9WbFx (b3bcd2b0-0500-453f-bdb7-9c58e7872ae6)
2019-07-12 09:46:44.693 22705 RALLYDEBUG rally_openstack.cleanup.manager [-] Deleting neutron.network object s_rally_3b1e930c_CewUvFHn (b7411f2b-6bd2-4ac8-bb2a-b0b1f71f1f1c)
2019-07-12 09:46:45.136 22705 RALLYDEBUG rally_openstack.cleanup.manager [-] Deleting neutron.network object s_rally_3b1e930c_JLRAb7fY (bb6e95d4-5a12-4dc1-8688-7e6f279cfa86)
2019-07-12 09:46:45.496 22705 RALLYDEBUG rally_openstack.cleanup.manager [-] Deleting neutron.network object s_rally_3b1e930c_lSjwDZr1 (bb7c3313-192d-43ff-bfb1-55407d1fd25e)
2019-07-12 09:46:45.958 22705 RALLYDEBUG rally_openstack.cleanup.manager [-] Deleting neutron.network object s_rally_3b1e930c_p6gTsBj7 (c09a2d40-ded8-482f-8dd9-646f76e03aa5)
2019-07-12 09:46:46.076 22705 RALLYDEBUG rally_openstack.cleanup.manager [-] Deleting neutron.network object s_rally_3b1e930c_yDqwdpHa (c1d91ef4-ba8b-4cba-b27d-aebf25f050ba)
2019-07-12 09:46:46.553 22705 RALLYDEBUG rally_openstack.cleanup.manager [-] Deleting neutron.network object s_rally_3b1e930c_LpeKwqFq (c55dbc4f-0c24-4c4b-947b-e4d3448c9b5c)
2019-07-12 09:46:46.781 22705 RALLYDEBUG rally_openstack.cleanup.manager [-] Deleting neutron.network object s_rally_3b1e930c_ELd38qfq (c961709f-0460-4622-a573-d7e407729313)
2019-07-12 09:46:46.789 22705 RALLYDEBUG rally_openstack.cleanup.manager [-] Deleting neutron.network object s_rally_3b1e930c_PrC8ZrqF (cb3aa7da-b605-4610-b8f5-d46746f7ad81)
2019-07-12 09:46:46.861 22705 RALLYDEBUG rally_openstack.cleanup.manager [-] Deleting neutron.network object s_rally_3b1e930c_2QhKoRzX (db1e861d-8bc0-4b5c-ba4c-bc6c1c4774a4)
2019-07-12 09:46:46.914 22705 RALLYDEBUG rally_openstack.cleanup.manager [-] Deleting neutron.network object s_rally_3b1e930c_nlqhBjjG (db44795a-fafe-4edd-8d91-fc881af2e296)
2019-07-12 09:46:46.953 22705 RALLYDEBUG rally_openstack.cleanup.manager [-] Deleting neutron.network object s_rally_3b1e930c_2Z4rWUmP (e1c5303f-baf2-490f-a54d-dc05282a2b7f)
2019-07-12 09:46:47.086 22705 RALLYDEBUG rally_openstack.cleanup.manager [-] Deleting neutron.network object s_rally_3b1e930c_rjtYFIi9 (e917c85d-743f-46a5-8a54-0b2c5e3ca18e)
2019-07-12 09:46:47.099 22705 RALLYDEBUG rally_openstack.cleanup.manager [-] Deleting neutron.network object s_rally_3b1e930c_nxeaV16g (fd98e8ca-ca70-48af-be94-c039dadb2cf6)
2019-07-12 09:46:50.280 22705 RALLYDEBUG rally_openstack.cleanup.manager [-] Cleaning up neutron router objects
2019-07-12 09:46:50.946 22705 RALLYDEBUG rally_openstack.cleanup.manager [-] Cleaning up neutron security_group objects
2019-07-12 09:46:51.613 22705 INFO rally.task.context [-] Task e9b3e245-013d-49ed-acb4-aacc6841ab0f | Context cleanup@openstack cleanup() finished in 17.42 sec
2019-07-12 09:46:51.613 22705 INFO rally.task.context [-] Task e9b3e245-013d-49ed-acb4-aacc6841ab0f | Context quotas@openstack cleanup() started
2019-07-12 09:46:51.839 22705 INFO rally.task.context [-] Task e9b3e245-013d-49ed-acb4-aacc6841ab0f | Context quotas@openstack cleanup() finished in 0.23 sec
2019-07-12 09:46:51.839 22705 INFO rally.task.context [-] Task e9b3e245-013d-49ed-acb4-aacc6841ab0f | Context users@openstack cleanup() started
2019-07-12 09:46:56.309 22705 INFO rally.task.context [-] Task e9b3e245-013d-49ed-acb4-aacc6841ab0f | Context users@openstack cleanup() finished in 4.47 sec
2019-07-12 09:46:57.920 22705 INFO rally.task.engine [-] Load duration is: 43.570685
2019-07-12 09:46:57.920 22705 INFO rally.task.engine [-] Full runner duration is: 43.623409
2019-07-12 09:46:57.921 22705 INFO rally.task.engine [-] Full duration is: 70.665984
2019-07-12 09:46:58.219 22705 INFO rally.task.engine [-] Running workload: position = 0 config = { "version": 2, "title": "A cropped version of a bigger task.", "description": "Auto-generated task from a single workload (uuid=e72c1008-1518-4c38-a9ab-ad84c70bcb88)", "subtasks": [ { "title": "Quotas.neutron_update", "description": "Update quotas for neutron.", "scenario": { "Quotas.neutron_update": { "max_quota": 1024 } }, "contexts": { "users": { "tenants": 20, "users_per_tenant": 1 } }, "runner": { "constant": { "times": 40, "concurrency": 20 } }, "hooks": [], "sla": { "failure_rate": { "max": 0 } } } ] }
2019-07-12 09:46:58.240 22705 RALLYDEBUG rally_openstack.contexts.keystone.users [-] Creating 20 tenants using 20 threads
2019-07-12 09:47:02.225 22705 RALLYDEBUG rally_openstack.contexts.keystone.users [-] Creating 20 users using 20 threads
2019-07-12 09:47:07.716 22705 INFO rally.task.context [-] Task e9b3e245-013d-49ed-acb4-aacc6841ab0f | Context users@openstack setup() finished in 9.48 sec
2019-07-12 09:47:07.717 22705 INFO rally.task.context [-] Task e9b3e245-013d-49ed-acb4-aacc6841ab0f | Context admin_cleanup@openstack setup() finished in 0.00 msec
2019-07-12 09:47:07.724 22705 RALLYDEBUG rally.task.runner [-] Starting the constant runner (task UUID: e9b3e245-013d-49ed-acb4-aacc6841ab0f). timeout: 0 concurrency: 20 concurrency_per_worker: 1 times: 40 concurrency_overhead: 4 processes_to_start: 16 max_cpu_used: 16
2019-07-12 09:47:07.738 27321 RALLYDEBUG rally.task.runner [-] Starting a worker. concurrency: 2 args: {"max_quota": 1024} times: 40 method_name: run timeout: 0 duration: None cls:
2019-07-12 09:47:07.740 27322 RALLYDEBUG rally.task.runner [-] Starting a worker. concurrency: 2 args: {"max_quota": 1024} times: 40 method_name: run timeout: 0 duration: None cls:
2019-07-12 09:47:07.742 27323 RALLYDEBUG rally.task.runner [-] Starting a worker. concurrency: 2 args: {"max_quota": 1024} times: 40 method_name: run timeout: 0 duration: None cls:
2019-07-12 09:47:07.746 27324 RALLYDEBUG rally.task.runner [-] Starting a worker. concurrency: 2 args: {"max_quota": 1024} times: 40 method_name: run timeout: 0 duration: None cls:
2019-07-12 09:47:07.750 27323 INFO rally.task.runner [-] Task e9b3e245-013d-49ed-acb4-aacc6841ab0f | ITER: 3 START
2019-07-12 09:47:07.752 27325 RALLYDEBUG rally.task.runner [-] Starting a worker. concurrency: 1 args: {"max_quota": 1024} times: 40 method_name: run timeout: 0 duration: None cls:
2019-07-12 09:47:07.755 27326 RALLYDEBUG rally.task.runner [-] Starting a worker. concurrency: 1 args: {"max_quota": 1024} times: 40 method_name: run timeout: 0 duration: None cls:
2019-07-12 09:47:07.757 27322 INFO rally.task.runner [-] Task e9b3e245-013d-49ed-acb4-aacc6841ab0f | ITER: 2 START
2019-07-12 09:47:07.757 27324 INFO rally.task.runner [-] Task e9b3e245-013d-49ed-acb4-aacc6841ab0f | ITER: 4 START
2019-07-12 09:47:07.758 27332 RALLYDEBUG rally.task.runner [-] Starting a worker. concurrency: 1 args: {"max_quota": 1024} times: 40 method_name: run timeout: 0 duration: None cls:
2019-07-12 09:47:07.763 27325 INFO rally.task.runner [-] Task e9b3e245-013d-49ed-acb4-aacc6841ab0f | ITER: 8 START
2019-07-12 09:47:07.757 27322 INFO rally.task.runner [-] Task e9b3e245-013d-49ed-acb4-aacc6841ab0f | ITER: 5 START
2019-07-12 09:47:07.764 27321 INFO rally.task.runner [-] Task e9b3e245-013d-49ed-acb4-aacc6841ab0f | ITER: 7 START
2019-07-12 09:47:07.766 27335 RALLYDEBUG rally.task.runner [-] Starting a worker. concurrency: 1 args: {"max_quota": 1024} times: 40 method_name: run timeout: 0 duration: None cls:
2019-07-12 09:47:07.765 27321 INFO rally.task.runner [-] Task e9b3e245-013d-49ed-acb4-aacc6841ab0f | ITER: 1 START
2019-07-12 09:47:07.768 27332 INFO rally.task.runner [-] Task e9b3e245-013d-49ed-acb4-aacc6841ab0f | ITER: 11 START
2019-07-12 09:47:07.768 27326 INFO rally.task.runner [-] Task e9b3e245-013d-49ed-acb4-aacc6841ab0f | ITER: 10 START
2019-07-12 09:47:07.769 27338 RALLYDEBUG rally.task.runner [-] Starting a worker. concurrency: 1 args: {"max_quota": 1024} times: 40 method_name: run timeout: 0 duration: None cls:
2019-07-12 09:47:07.769 27323 INFO rally.task.runner [-] Task e9b3e245-013d-49ed-acb4-aacc6841ab0f | ITER: 6 START
2019-07-12 09:47:07.769 27324 INFO rally.task.runner [-] Task e9b3e245-013d-49ed-acb4-aacc6841ab0f | ITER: 9 START
2019-07-12 09:47:07.772 27343 RALLYDEBUG rally.task.runner [-] Starting a worker. concurrency: 1 args: {"max_quota": 1024} times: 40 method_name: run timeout: 0 duration: None cls:
2019-07-12 09:47:07.776 27335 INFO rally.task.runner [-] Task e9b3e245-013d-49ed-acb4-aacc6841ab0f | ITER: 12 START
2019-07-12 09:47:07.779 27338 INFO rally.task.runner [-] Task e9b3e245-013d-49ed-acb4-aacc6841ab0f | ITER: 13 START
2019-07-12 09:47:07.779 27349 RALLYDEBUG rally.task.runner [-] Starting a worker. concurrency: 1 args: {"max_quota": 1024} times: 40 method_name: run timeout: 0 duration: None cls:
2019-07-12 09:47:07.780 27343 INFO rally.task.runner [-] Task e9b3e245-013d-49ed-acb4-aacc6841ab0f | ITER: 14 START
2019-07-12 09:47:07.786 27349 INFO rally.task.runner [-] Task e9b3e245-013d-49ed-acb4-aacc6841ab0f | ITER: 15 START
2019-07-12 09:47:07.787 27353 RALLYDEBUG rally.task.runner [-] Starting a worker. concurrency: 1 args: {"max_quota": 1024} times: 40 method_name: run timeout: 0 duration: None cls:
2019-07-12 09:47:07.790 27357 RALLYDEBUG rally.task.runner [-] Starting a worker. concurrency: 1 args: {"max_quota": 1024} times: 40 method_name: run timeout: 0 duration: None cls:
2019-07-12 09:47:07.798 27357 INFO rally.task.runner [-] Task e9b3e245-013d-49ed-acb4-aacc6841ab0f | ITER: 17 START
2019-07-12 09:47:07.801 27353 INFO rally.task.runner [-] Task e9b3e245-013d-49ed-acb4-aacc6841ab0f | ITER: 16 START
2019-07-12 09:47:07.802 27361 RALLYDEBUG rally.task.runner [-] Starting a worker. concurrency: 1 args: {"max_quota": 1024} times: 40 method_name: run timeout: 0 duration: None cls:
2019-07-12 09:47:07.803 27360 RALLYDEBUG rally.task.runner [-] Starting a worker. concurrency: 1 args: {"max_quota": 1024} times: 40 method_name: run timeout: 0 duration: None cls:
2019-07-12 09:47:07.806 27366 RALLYDEBUG rally.task.runner [-] Starting a worker. concurrency: 1 args: {"max_quota": 1024} times: 40 method_name: run timeout: 0 duration: None cls:
2019-07-12 09:47:07.809 27361 INFO rally.task.runner [-] Task e9b3e245-013d-49ed-acb4-aacc6841ab0f | ITER: 18 START
2019-07-12 09:47:07.810 27360 INFO rally.task.runner [-] Task e9b3e245-013d-49ed-acb4-aacc6841ab0f | ITER: 19 START
2019-07-12 09:47:07.813 27366 INFO rally.task.runner [-] Task e9b3e245-013d-49ed-acb4-aacc6841ab0f | ITER: 20 START
2019-07-12 09:47:09.273 27322 INFO rally.task.runner [-] Task e9b3e245-013d-49ed-acb4-aacc6841ab0f | ITER: 2 END: OK
2019-07-12 09:47:09.280 27322 INFO rally.task.runner [-] Task e9b3e245-013d-49ed-acb4-aacc6841ab0f | ITER: 21 START
2019-07-12 09:47:09.322 27323 INFO rally.task.runner [-] Task e9b3e245-013d-49ed-acb4-aacc6841ab0f | ITER: 6 END: OK
2019-07-12 09:47:09.324 27325 INFO rally.task.runner [-] Task e9b3e245-013d-49ed-acb4-aacc6841ab0f | ITER: 8 END: OK
2019-07-12 09:47:09.329 27323 INFO rally.task.runner [-] Task e9b3e245-013d-49ed-acb4-aacc6841ab0f | ITER: 22 START
2019-07-12 09:47:09.330 27325 INFO rally.task.runner [-] Task e9b3e245-013d-49ed-acb4-aacc6841ab0f | ITER: 23 START
2019-07-12 09:47:09.344 27324 INFO rally.task.runner [-] Task e9b3e245-013d-49ed-acb4-aacc6841ab0f | ITER: 4 END: OK
2019-07-12 09:47:09.351 27324 INFO rally.task.runner [-] Task e9b3e245-013d-49ed-acb4-aacc6841ab0f | ITER: 24 START
2019-07-12 09:47:09.377 27349 INFO rally.task.runner [-] Task e9b3e245-013d-49ed-acb4-aacc6841ab0f | ITER: 15 END: OK
2019-07-12 09:47:09.384 27349 INFO rally.task.runner [-] Task e9b3e245-013d-49ed-acb4-aacc6841ab0f | ITER: 25 START
2019-07-12 09:47:09.407 27323 INFO rally.task.runner [-] Task e9b3e245-013d-49ed-acb4-aacc6841ab0f | ITER: 3 END: OK
2019-07-12 09:47:09.412 27323 INFO rally.task.runner [-] Task e9b3e245-013d-49ed-acb4-aacc6841ab0f | ITER: 26 START
2019-07-12 09:47:09.426 27322 INFO rally.task.runner [-] Task e9b3e245-013d-49ed-acb4-aacc6841ab0f | ITER: 5 END: OK
2019-07-12 09:47:09.431 27322 INFO rally.task.runner [-] Task e9b3e245-013d-49ed-acb4-aacc6841ab0f | ITER: 27 START
2019-07-12 09:47:09.444 27338 INFO rally.task.runner [-] Task e9b3e245-013d-49ed-acb4-aacc6841ab0f | ITER: 13 END: OK
2019-07-12 09:47:09.451 27338 INFO rally.task.runner [-] Task e9b3e245-013d-49ed-acb4-aacc6841ab0f | ITER: 28 START
2019-07-12 09:47:09.464 27324 INFO rally.task.runner [-] Task e9b3e245-013d-49ed-acb4-aacc6841ab0f | ITER: 9 END: OK
2019-07-12 09:47:09.470 27324 INFO rally.task.runner [-] Task e9b3e245-013d-49ed-acb4-aacc6841ab0f | ITER: 29 START
2019-07-12 09:47:09.511 27332 INFO rally.task.runner [-] Task e9b3e245-013d-49ed-acb4-aacc6841ab0f | ITER: 11 END: OK
2019-07-12 09:47:09.511 27343 INFO rally.task.runner [-] Task e9b3e245-013d-49ed-acb4-aacc6841ab0f | ITER: 14 END: OK
2019-07-12 09:47:09.517 27332 INFO rally.task.runner [-] Task e9b3e245-013d-49ed-acb4-aacc6841ab0f | ITER: 30 START
2019-07-12 09:47:09.519 27343 INFO rally.task.runner [-] Task e9b3e245-013d-49ed-acb4-aacc6841ab0f | ITER: 31 START
2019-07-12 09:47:09.520 27335 INFO rally.task.runner [-] Task e9b3e245-013d-49ed-acb4-aacc6841ab0f | ITER: 12 END: OK
2019-07-12 09:47:09.525 27335 INFO rally.task.runner [-] Task e9b3e245-013d-49ed-acb4-aacc6841ab0f | ITER: 32 START
2019-07-12 09:47:09.812 27321 INFO rally.task.runner [-] Task e9b3e245-013d-49ed-acb4-aacc6841ab0f | ITER: 7 END: OK
2019-07-12 09:47:09.819 27321 INFO rally.task.runner [-] Task e9b3e245-013d-49ed-acb4-aacc6841ab0f | ITER: 33 START
2019-07-12 09:47:09.934 27321 INFO rally.task.runner [-] Task e9b3e245-013d-49ed-acb4-aacc6841ab0f | ITER: 1 END: OK
2019-07-12 09:47:09.939 27321 INFO rally.task.runner [-] Task e9b3e245-013d-49ed-acb4-aacc6841ab0f | ITER: 34 START
2019-07-12 09:47:09.942 27366 INFO rally.task.runner [-] Task e9b3e245-013d-49ed-acb4-aacc6841ab0f | ITER: 20 END: OK
2019-07-12 09:47:09.947 27366 INFO rally.task.runner [-] Task e9b3e245-013d-49ed-acb4-aacc6841ab0f | ITER: 35 START
2019-07-12 09:47:09.950 27326 INFO rally.task.runner [-] Task e9b3e245-013d-49ed-acb4-aacc6841ab0f | ITER: 10 END: OK
2019-07-12 09:47:09.956 27326 INFO rally.task.runner [-] Task e9b3e245-013d-49ed-acb4-aacc6841ab0f | ITER: 36 START
2019-07-12 09:47:09.987 27361 INFO rally.task.runner [-] Task e9b3e245-013d-49ed-acb4-aacc6841ab0f | ITER: 18 END: OK
2019-07-12 09:47:09.994 27361 INFO rally.task.runner [-] Task e9b3e245-013d-49ed-acb4-aacc6841ab0f | ITER: 37 START
2019-07-12 09:47:10.038 27353 INFO rally.task.runner [-] Task e9b3e245-013d-49ed-acb4-aacc6841ab0f | ITER: 16 END: OK
2019-07-12 09:47:10.042 27357 INFO rally.task.runner [-] Task e9b3e245-013d-49ed-acb4-aacc6841ab0f | ITER: 17 END: OK
2019-07-12 09:47:10.045 27353 INFO rally.task.runner [-] Task e9b3e245-013d-49ed-acb4-aacc6841ab0f | ITER: 38 START
2019-07-12 09:47:10.048 27357 INFO rally.task.runner [-] Task e9b3e245-013d-49ed-acb4-aacc6841ab0f | ITER: 39 START
2019-07-12 09:47:10.083 27360 INFO rally.task.runner [-] Task e9b3e245-013d-49ed-acb4-aacc6841ab0f | ITER: 19 END: OK
2019-07-12 09:47:10.089 27360 INFO rally.task.runner [-] Task e9b3e245-013d-49ed-acb4-aacc6841ab0f | ITER: 40 START
2019-07-12 09:47:10.962 27322 INFO rally.task.runner [-] Task e9b3e245-013d-49ed-acb4-aacc6841ab0f | ITER: 21 END: OK
2019-07-12 09:47:10.990 27323 INFO rally.task.runner [-] Task e9b3e245-013d-49ed-acb4-aacc6841ab0f | ITER: 22 END: OK
2019-07-12 09:47:11.091 27324 INFO rally.task.runner [-] Task e9b3e245-013d-49ed-acb4-aacc6841ab0f | ITER: 29 END: OK
2019-07-12 09:47:11.103 27325 INFO rally.task.runner [-] Task e9b3e245-013d-49ed-acb4-aacc6841ab0f | ITER: 23 END: OK
2019-07-12 09:47:11.109 27338 INFO rally.task.runner [-] Task e9b3e245-013d-49ed-acb4-aacc6841ab0f | ITER: 28 END: OK
2019-07-12 09:47:11.111 27335 INFO rally.task.runner [-] Task e9b3e245-013d-49ed-acb4-aacc6841ab0f | ITER: 32 END: OK
2019-07-12 09:47:11.125 27322 INFO rally.task.runner [-] Task e9b3e245-013d-49ed-acb4-aacc6841ab0f | ITER: 27 END: OK
2019-07-12 09:47:11.145 27324 INFO rally.task.runner [-] Task e9b3e245-013d-49ed-acb4-aacc6841ab0f | ITER: 24 END: OK
2019-07-12 09:47:11.161 27343 INFO rally.task.runner [-] Task e9b3e245-013d-49ed-acb4-aacc6841ab0f | ITER: 31 END: OK
2019-07-12 09:47:11.165 27332 INFO rally.task.runner [-] Task e9b3e245-013d-49ed-acb4-aacc6841ab0f | ITER: 30 END: OK
2019-07-12 09:47:11.175 27323 INFO rally.task.runner [-] Task e9b3e245-013d-49ed-acb4-aacc6841ab0f | ITER: 26 END: OK
2019-07-12 09:47:11.220 27349 INFO rally.task.runner [-] Task e9b3e245-013d-49ed-acb4-aacc6841ab0f | ITER: 25 END: OK
2019-07-12 09:47:11.250 27361 INFO rally.task.runner [-] Task e9b3e245-013d-49ed-acb4-aacc6841ab0f | ITER: 37 END: OK
2019-07-12 09:47:11.284 27326 INFO rally.task.runner [-] Task e9b3e245-013d-49ed-acb4-aacc6841ab0f | ITER: 36 END: OK
2019-07-12 09:47:11.316 27321 INFO rally.task.runner [-] Task e9b3e245-013d-49ed-acb4-aacc6841ab0f | ITER: 34 END: OK
2019-07-12 09:47:11.322 27321 INFO rally.task.runner [-] Task e9b3e245-013d-49ed-acb4-aacc6841ab0f | ITER: 33 END: OK
2019-07-12 09:47:11.354 27366 INFO rally.task.runner [-] Task e9b3e245-013d-49ed-acb4-aacc6841ab0f | ITER: 35 END: OK
2019-07-12 09:47:11.358 27353 INFO rally.task.runner [-] Task e9b3e245-013d-49ed-acb4-aacc6841ab0f | ITER: 38 END: OK
2019-07-12 09:47:11.364 27360 INFO rally.task.runner [-] Task e9b3e245-013d-49ed-acb4-aacc6841ab0f | ITER: 40 END: OK
2019-07-12 09:47:11.369 27357 INFO rally.task.runner [-] Task e9b3e245-013d-49ed-acb4-aacc6841ab0f | ITER: 39 END: OK
2019-07-12 09:47:11.389 22705 INFO rally.task.context [-] Task e9b3e245-013d-49ed-acb4-aacc6841ab0f | Context admin_cleanup@openstack cleanup() started
2019-07-12 09:47:11.391 22705 RALLYDEBUG rally_openstack.cleanup.manager [-] Cleaning up neutron quota objects
2019-07-12 09:47:15.262 22705 INFO rally.task.context [-] Task e9b3e245-013d-49ed-acb4-aacc6841ab0f | Context admin_cleanup@openstack cleanup() finished in 3.87 sec
2019-07-12 09:47:15.262 22705 INFO rally.task.context [-] Task e9b3e245-013d-49ed-acb4-aacc6841ab0f | Context users@openstack cleanup() started
2019-07-12 09:47:43.490 22705 INFO rally.task.context [-] Task e9b3e245-013d-49ed-acb4-aacc6841ab0f | Context users@openstack cleanup() finished in 28.23 sec
2019-07-12 09:47:44.477 22705 INFO rally.task.engine [-] Load duration is: 3.617431
2019-07-12 09:47:44.477 22705 INFO rally.task.engine [-] Full runner duration is: 3.66536
2019-07-12 09:47:44.477 22705 INFO rally.task.engine [-] Full duration is: 45.251481
2019-07-12 09:47:44.769 22705 INFO rally.task.engine [-] Running workload: position = 0 config = { "version": 2, "title": "A cropped version of a bigger task.", "description": "Auto-generated task from a single workload (uuid=e536b585-f17b-469e-ac5f-72e8ea41e850)", "subtasks": [ { "title": "NeutronTrunks.create_and_list_trunk_subports", "description": "", "scenario": { "NeutronTrunks.create_and_list_trunk_subports": { "subport_count": 125 } }, "contexts": { "users": { "tenants": 1, "users_per_tenant": 1 }, "quotas": { "neutron": { "network": -1, "port": 1000 } } }, "runner": { "constant": { "times": 4, "concurrency": 4 } }, "hooks": [], "sla": { "failure_rate": { "max": 0 } } } ] }
2019-07-12 09:47:44.792 22705 RALLYDEBUG rally_openstack.contexts.keystone.users [-] Creating 1 tenants using 20 threads
2019-07-12 09:47:46.355 22705 RALLYDEBUG rally_openstack.contexts.keystone.users [-] Creating 1 users using 20 threads
2019-07-12 09:47:48.767 22705 INFO rally.task.context [-] Task e9b3e245-013d-49ed-acb4-aacc6841ab0f | Context users@openstack setup() finished in 3.97 sec
2019-07-12 09:47:49.517 22705 INFO rally.task.context [-] Task e9b3e245-013d-49ed-acb4-aacc6841ab0f | Context quotas@openstack setup() finished in 0.75 sec
2019-07-12 09:47:49.517 22705 INFO rally.task.context [-] Task e9b3e245-013d-49ed-acb4-aacc6841ab0f | Context cleanup@openstack setup() finished in 0.00 msec
2019-07-12 09:47:49.525 22705 RALLYDEBUG rally.task.runner [-] Starting the constant runner (task UUID: e9b3e245-013d-49ed-acb4-aacc6841ab0f). timeout: 0 concurrency: 4 concurrency_per_worker: 1 times: 4 concurrency_overhead: 0 processes_to_start: 4 max_cpu_used: 16
2019-07-12 09:47:49.537 27511 RALLYDEBUG rally.task.runner [-] Starting a worker. concurrency: 1 args: {"subport_count": 125} times: 4 method_name: run timeout: 0 duration: None cls:
2019-07-12 09:47:49.541 27512 RALLYDEBUG rally.task.runner [-] Starting a worker. concurrency: 1 args: {"subport_count": 125} times: 4 method_name: run timeout: 0 duration: None cls:
2019-07-12 09:47:49.543 27511 INFO rally.task.runner [-] Task e9b3e245-013d-49ed-acb4-aacc6841ab0f | ITER: 1 START
2019-07-12 09:47:49.543 27513 RALLYDEBUG rally.task.runner [-] Starting a worker. concurrency: 1 args: {"subport_count": 125} times: 4 method_name: run timeout: 0 duration: None cls:
2019-07-12 09:47:49.547 27512 INFO rally.task.runner [-] Task e9b3e245-013d-49ed-acb4-aacc6841ab0f | ITER: 2 START
2019-07-12 09:47:49.548 27513 INFO rally.task.runner [-] Task e9b3e245-013d-49ed-acb4-aacc6841ab0f | ITER: 3 START
2019-07-12 09:47:49.547 27514 RALLYDEBUG rally.task.runner [-] Starting a worker. concurrency: 1 args: {"subport_count": 125} times: 4 method_name: run timeout: 0 duration: None cls:
2019-07-12 09:47:49.553 27514 INFO rally.task.runner [-] Task e9b3e245-013d-49ed-acb4-aacc6841ab0f | ITER: 4 START
2019-07-12 09:50:21.405 27514 WARNING rally.task.atomic [-] 'optional_action_timer' is deprecated since rally v0.10.0.Please use action_timer instead, we have improved atomic actions, now do not need to explicitly close original action.
2019-07-12 09:50:21.430 27512 WARNING rally.task.atomic [-] 'optional_action_timer' is deprecated since rally v0.10.0.Please use action_timer instead, we have improved atomic actions, now do not need to explicitly close original action.
2019-07-12 09:50:21.440 27514 WARNING rally.task.atomic [-] 'optional_action_timer' is deprecated since rally v0.10.0.Please use action_timer instead, we have improved atomic actions, now do not need to explicitly close original action.
2019-07-12 09:50:21.472 27512 WARNING rally.task.atomic [-] 'optional_action_timer' is deprecated since rally v0.10.0.Please use action_timer instead, we have improved atomic actions, now do not need to explicitly close original action.
2019-07-12 09:50:22.413 27512 INFO rally.task.runner [-] Task e9b3e245-013d-49ed-acb4-aacc6841ab0f | ITER: 2 END: OK
2019-07-12 09:50:22.424 27514 INFO rally.task.runner [-] Task e9b3e245-013d-49ed-acb4-aacc6841ab0f | ITER: 4 END: OK
2019-07-12 09:50:23.116 27511 WARNING rally.task.atomic [-] 'optional_action_timer' is deprecated since rally v0.10.0.Please use action_timer instead, we have improved atomic actions, now do not need to explicitly close original action.
2019-07-12 09:50:23.152 27511 WARNING rally.task.atomic [-] 'optional_action_timer' is deprecated since rally v0.10.0.Please use action_timer instead, we have improved atomic actions, now do not need to explicitly close original action.
2019-07-12 09:50:23.219 27513 WARNING rally.task.atomic [-] 'optional_action_timer' is deprecated since rally v0.10.0.Please use action_timer instead, we have improved atomic actions, now do not need to explicitly close original action.
2019-07-12 09:50:23.258 27513 WARNING rally.task.atomic [-] 'optional_action_timer' is deprecated since rally v0.10.0.Please use action_timer instead, we have improved atomic actions, now do not need to explicitly close original action.
2019-07-12 09:50:23.912 27513 INFO rally.task.runner [-] Task e9b3e245-013d-49ed-acb4-aacc6841ab0f | ITER: 3 END: OK
2019-07-12 09:50:24.039 27511 INFO rally.task.runner [-] Task e9b3e245-013d-49ed-acb4-aacc6841ab0f | ITER: 1 END: OK
2019-07-12 09:50:24.073 22705 INFO rally.task.context [-] Task e9b3e245-013d-49ed-acb4-aacc6841ab0f | Context cleanup@openstack cleanup() started
2019-07-12 09:50:24.075 22705 RALLYDEBUG rally_openstack.cleanup.manager [-] Cleaning up neutron vip objects
2019-07-12 09:50:25.250 22705 RALLYDEBUG rally_openstack.cleanup.manager [-] Cleaning up neutron health_monitor objects
2019-07-12 09:50:25.987 22705 RALLYDEBUG rally_openstack.cleanup.manager [-] Cleaning up neutron pool objects
2019-07-12 09:50:26.717 22705 RALLYDEBUG rally_openstack.cleanup.manager [-] Cleaning up neutron loadbalancer objects
2019-07-12 09:50:27.350 22705 RALLYDEBUG rally_openstack.cleanup.manager [-] Cleaning up neutron floatingip objects
2019-07-12 09:50:28.144 22705 RALLYDEBUG rally_openstack.cleanup.manager [-] Cleaning up neutron port objects
2019-07-12 09:50:30.069 22705 RALLYDEBUG rally_openstack.cleanup.manager [-] Deleting neutron.port object s_rally_e536b585_8dhIjHqG (010c3193-39a9-49c7-a020-a951dfa29948)
2019-07-12 09:50:30.070 22705 RALLYDEBUG rally_openstack.cleanup.manager [-] Deleting neutron.port object s_rally_e536b585_DZyHz90r (01ef55c5-7966-405e-9f24-37409307c1a1)
2019-07-12 09:50:30.070 22705 RALLYDEBUG rally_openstack.cleanup.manager [-] Deleting neutron.port object s_rally_e536b585_Yld3cvIy (0161d570-9ec1-4710-8c94-5fb66686443a)
2019-07-12 09:50:30.072 22705 RALLYDEBUG rally_openstack.cleanup.manager [-] Deleting neutron.port object s_rally_e536b585_Om70iDI9 (03b16101-46f5-4dd4-9839-c1ae92bc55d1)
2019-07-12 09:50:30.076 22705 RALLYDEBUG rally_openstack.cleanup.manager [-] Deleting neutron.port object s_rally_e536b585_uzuNmOrl (002f0b5d-e05f-4741-8896-38dd298f12b5)
2019-07-12 09:50:30.076 22705 RALLYDEBUG rally_openstack.cleanup.manager [-] Deleting neutron.port object s_rally_e536b585_eVt5Yw0q (0545bdf3-cbae-46d0-86b9-2b9d0dec737c)
2019-07-12 09:50:30.076 22705 RALLYDEBUG rally_openstack.cleanup.manager [-] Deleting neutron.port object s_rally_e536b585_Vd12eBxk (010d01ce-4b29-40fe-a2f0-97d06c0ce9a6)
2019-07-12 09:50:30.077 22705 RALLYDEBUG rally_openstack.cleanup.manager [-] Deleting neutron.port object s_rally_e536b585_dvqPtXPx (00ecfdb9-0c14-4423-b556-f9540d86ee4f)
2019-07-12 09:50:30.079 22705 RALLYDEBUG rally_openstack.cleanup.manager [-] Deleting neutron.port object s_rally_e536b585_txbtfHAx (00e4c994-77f3-4237-9654-055f5ac3b1be)
2019-07-12 09:50:30.087 22705 RALLYDEBUG rally_openstack.cleanup.manager [-] Deleting neutron.port object s_rally_e536b585_m59caqaZ (062db2c0-a8ed-45ce-adbb-82eef88334ea)
2019-07-12 09:50:30.091 22705 RALLYDEBUG rally_openstack.cleanup.manager [-] Deleting neutron.port object s_rally_e536b585_ZQTc7til (07295664-d218-407d-a702-ef4bc12cbb27)
2019-07-12 09:50:30.099 22705 RALLYDEBUG rally_openstack.cleanup.manager [-] Deleting neutron.port object s_rally_e536b585_ahvoYZjP (080a60e5-9326-453a-8263-5c73b10d994b)
2019-07-12 09:50:30.100 22705 RALLYDEBUG rally_openstack.cleanup.manager [-] Deleting neutron.port object s_rally_e536b585_iseR9pGB (02791d92-ef75-4586-bc19-705f1323023e)
2019-07-12 09:50:30.103 22705 RALLYDEBUG rally_openstack.cleanup.manager [-] Deleting neutron.port object s_rally_e536b585_sELX5upy (09368b73-d049-46fd-bc39-9ad1b917389f)
2019-07-12 09:50:30.114 22705 RALLYDEBUG rally_openstack.cleanup.manager [-] Deleting neutron.port object s_rally_e536b585_YbrJRdnw (0a503828-bad6-45bb-9db5-09265f7e9bd1)
2019-07-12 09:50:30.132 22705 RALLYDEBUG rally_openstack.cleanup.manager [-] Deleting neutron.port object s_rally_e536b585_v9cVn2yK (0b457bca-c7df-4938-85a9-338da30cebc7)
2019-07-12 09:50:30.140 22705 RALLYDEBUG rally_openstack.cleanup.manager [-] Deleting neutron.port object s_rally_e536b585_C7b6S2pU (0c2d2ff7-bad0-42f0-98eb-95d002ee6332)
2019-07-12 09:50:30.149 22705 RALLYDEBUG rally_openstack.cleanup.manager [-] Deleting neutron.port object s_rally_e536b585_hTo07bir (0c689393-8771-4560-8c9a-54881e4319f1)
2019-07-12 09:50:30.163 22705 RALLYDEBUG rally_openstack.cleanup.manager [-] Deleting neutron.port object s_rally_e536b585_EJ08LZiT (0d3e4657-0b83-456d-bf0e-894f2fd8e4f6)
2019-07-12 09:50:30.177 22705 RALLYDEBUG rally_openstack.cleanup.manager [-] Deleting neutron.port object s_rally_e536b585_m4abm8t9 (0eda31a7-6de2-4782-accc-9d8ea47d84a1)
2019-07-12 09:50:32.619 22705 RALLYDEBUG rally_openstack.cleanup.manager [-] Deleting neutron.port object s_rally_e536b585_bfUELdCI (0eee9f6b-b923-44ab-afdb-be3d372b5368)
2019-07-12 09:50:32.979 22705 RALLYDEBUG rally_openstack.cleanup.manager [-] Deleting neutron.port object s_rally_e536b585_tfYfT4YL (0efa4ebb-29d7-45b8-a227-168d2a66f54b)
2019-07-12 09:50:34.297 22705 RALLYDEBUG rally_openstack.cleanup.manager [-] Deleting neutron.port object s_rally_e536b585_dzzR17NG (0fe0f365-bf3e-4fed-b3e1-54207ada9856)
2019-07-12 09:50:34.818 22705 RALLYDEBUG rally_openstack.cleanup.manager [-] Deleting neutron.port object s_rally_e536b585_kttifIPc (103397f4-5f16-4a81-af3b-e598aae28b1c)
2019-07-12 09:50:34.963 22705 RALLYDEBUG rally_openstack.cleanup.manager [-] Deleting neutron.port object s_rally_e536b585_TiSk8uIg (10e06ca5-77da-4058-9b73-a51b002e5eb3)
2019-07-12 09:50:36.116 22705 RALLYDEBUG rally_openstack.cleanup.manager [-] Deleting neutron.port object s_rally_e536b585_e7b4XNyq (11f7ed21-7a14-48c7-b7f7-e7e209824afb)
2019-07-12 09:50:36.136 22705 RALLYDEBUG rally_openstack.cleanup.manager [-] Deleting neutron.port object s_rally_e536b585_M7OCoVSh (12aec161-0821-4ad9-a7fb-aa5286cff26f)
2019-07-12 09:50:36.846 22705 RALLYDEBUG rally_openstack.cleanup.manager [-] Deleting neutron.port object s_rally_e536b585_scusICGq (12b64448-494c-43e7-84f4-5904f8ce65c6)
2019-07-12 09:50:36.863 22705 RALLYDEBUG rally_openstack.cleanup.manager [-] Deleting neutron.port object s_rally_e536b585_JInnQDVm (12c26675-7de2-4e91-a1d5-09d1eeab1d6e)
2019-07-12 09:50:36.911 22705 RALLYDEBUG rally_openstack.cleanup.manager [-] Deleting neutron.port object s_rally_e536b585_1DNE9hdf (1307e754-fa27-42b4-a06e-c6c5c5e3d521)
2019-07-12 09:50:36.953 22705 RALLYDEBUG rally_openstack.cleanup.manager [-] Deleting neutron.port object s_rally_e536b585_VwFswz4d (131d6279-fd20-449f-b3a2-c19af064d0d1)
2019-07-12 09:50:36.953 22705 RALLYDEBUG rally_openstack.cleanup.manager [-] Deleting neutron.port object s_rally_e536b585_6aJ3gaIZ (1311c4ab-fec5-4cbc-9ed7-b7ee58470974)
2019-07-12 09:50:37.223 22705 RALLYDEBUG rally_openstack.cleanup.manager [-] Deleting neutron.port object s_rally_e536b585_aSxbkkuE (13b33999-3fe6-4d5a-a995-102e2f01b9c5)
2019-07-12 09:50:37.480 22705 RALLYDEBUG rally_openstack.cleanup.manager [-] Deleting neutron.port object s_rally_e536b585_waYdkKmh (13df3fd9-4db1-4c77-9149-fb3a53829eeb)
2019-07-12 09:50:37.967 22705 RALLYDEBUG rally_openstack.cleanup.manager [-] Deleting neutron.port object s_rally_e536b585_3nddEmFR (13e2ca7d-369b-4a4a-b821-07382184196b)
2019-07-12 09:50:38.333 22705 RALLYDEBUG rally_openstack.cleanup.manager [-] Deleting neutron.port object s_rally_e536b585_jE8Ds8q2 (153e40cb-4863-476f-bba3-789e3c9af034)
2019-07-12 09:50:38.367 22705 RALLYDEBUG rally_openstack.cleanup.manager [-] Deleting neutron.port object s_rally_e536b585_uOlvqQes (16239e40-0802-4586-8d27-75cc44b6b92a)
2019-07-12 09:50:38.805 22705 RALLYDEBUG rally_openstack.cleanup.manager [-] Deleting neutron.port object s_rally_e536b585_2ORSToUR (1748ebe6-b137-4165-be0c-b0eab0a2aff2)
2019-07-12 09:50:38.826 22705 RALLYDEBUG rally_openstack.cleanup.manager [-] Deleting neutron.port object s_rally_e536b585_i5gUMgwV (1800b6ae-aead-437e-86e4-a5f2f7d1b065)
2019-07-12 09:50:38.828 22705 RALLYDEBUG rally_openstack.cleanup.manager [-] Deleting neutron.port object s_rally_e536b585_xK3ygIqa (17c6b7d6-f742-496b-9723-361e5195bbec)
2019-07-12 09:50:38.914 22705 RALLYDEBUG rally_openstack.cleanup.manager [-] Deleting neutron.port object s_rally_e536b585_f1EBq2Lx (186d9b0b-7bbc-430b-b851-b565000ad66c)
2019-07-12 09:50:39.201 22705 RALLYDEBUG rally_openstack.cleanup.manager [-] Deleting neutron.port object s_rally_e536b585_3EofAd9U (18755caa-45c4-4303-b249-d8d47f324782)
2019-07-12 09:50:39.375 22705 RALLYDEBUG rally_openstack.cleanup.manager [-] Deleting neutron.port object s_rally_e536b585_ovfKnEe6 (18a6e5b5-20e4-471f-95c4-f92c51c9b2d6)
2019-07-12 09:50:40.129 22705 RALLYDEBUG rally_openstack.cleanup.manager [-] Deleting neutron.port object s_rally_e536b585_Lc2imzG6 (199caeaf-a51e-4753-8606-e460fe00e114)
2019-07-12 09:50:40.319 22705 RALLYDEBUG rally_openstack.cleanup.manager [-] Deleting neutron.port object s_rally_e536b585_sw2zWNhQ (1a211abc-4d5b-401b-86ce-4f502c02bf92)
2019-07-12 09:50:40.341 22705 RALLYDEBUG rally_openstack.cleanup.manager [-] Deleting neutron.port object s_rally_e536b585_TvAgmmbb (1a5ab037-970a-4adc-aa42-205b9517ae07)
2019-07-12 09:50:40.353 22705 RALLYDEBUG rally_openstack.cleanup.manager [-] Deleting neutron.port object s_rally_e536b585_kYSqUJLs (1a824ab9-f41b-4d3e-b5d2-c92cc4aa50e0)
2019-07-12 09:50:40.370 22705 RALLYDEBUG rally_openstack.cleanup.manager [-] Deleting neutron.port object s_rally_e536b585_AJRPXd3E (1ab2c31d-619f-4d1a-811d-06cca303a8ec)
2019-07-12 09:50:40.455 22705 RALLYDEBUG rally_openstack.cleanup.manager [-] Deleting neutron.port object s_rally_e536b585_6rD71wh5 (1b2406f2-701a-40ba-8027-bbd6af8fa870)
2019-07-12 09:50:40.496 22705 RALLYDEBUG rally_openstack.cleanup.manager [-] Deleting neutron.port object s_rally_e536b585_vpROC7a9 (1bb0e897-67cd-4f5b-b6cf-545ac91039ce)
2019-07-12 09:50:40.645 22705 RALLYDEBUG rally_openstack.cleanup.manager [-] Deleting neutron.port object s_rally_e536b585_70EuuGgK (1bc65745-59bf-469e-b7f2-fe35439945d2)
2019-07-12 09:50:40.897 22705 RALLYDEBUG rally_openstack.cleanup.manager [-] Deleting neutron.port object s_rally_e536b585_SLG44heG (1c46b599-49b4-49a5-93a6-0b68bca9d5bc)
2019-07-12 09:50:41.010 22705 RALLYDEBUG rally_openstack.cleanup.manager [-] Deleting neutron.port object s_rally_e536b585_Z3tMzDxX (1d839111-ad1a-4f7a-a215-47ad5c390602)
2019-07-12 09:50:41.254 22705 RALLYDEBUG rally_openstack.cleanup.manager [-] Deleting neutron.port object s_rally_e536b585_sDiw4h2S (1dccd181-e84e-4cc6-bd8f-ea6e3b6bc3ad)
2019-07-12 09:50:41.261 22705 RALLYDEBUG rally_openstack.cleanup.manager [-] Deleting neutron.port object s_rally_e536b585_S9Xd1lqK (1dfc545a-f91a-4a71-9e1b-55366cdfbf20)
2019-07-12 09:50:41.543 22705 RALLYDEBUG rally_openstack.cleanup.manager [-] Deleting neutron.port object s_rally_e536b585_WntfZDkw (1f679645-ea59-44f4-8885-47f6b88fc63d)
2019-07-12 09:50:41.581 22705 RALLYDEBUG rally_openstack.cleanup.manager [-] Deleting neutron.port object s_rally_e536b585_3tDznsb8 (206c4be0-cb5a-41c0-ad7e-dd3da0088e67)
2019-07-12 09:50:41.772 22705 RALLYDEBUG rally_openstack.cleanup.manager [-] Deleting neutron.port object s_rally_e536b585_1EUvISP2 (20a3deb7-2f57-413a-aea1-8b6068a4e2e0)
2019-07-12 09:50:41.990 22705 RALLYDEBUG rally_openstack.cleanup.manager [-] Deleting neutron.port object s_rally_e536b585_FJfmgBnR (20b18b41-2160-493b-9c0c-b1f5a1634000)
2019-07-12 09:50:42.535 22705 RALLYDEBUG rally_openstack.cleanup.manager [-] Deleting neutron.port object s_rally_e536b585_al8Yt1go (218b7e01-279c-4aef-938c-1bd82a44b6a4)
2019-07-12 09:50:42.600 22705 RALLYDEBUG rally_openstack.cleanup.manager [-] Deleting neutron.port object s_rally_e536b585_09gqYQGY (21ef283b-16d1-47e5-9116-a706b7eb488a)
2019-07-12 09:50:43.103 22705 RALLYDEBUG rally_openstack.cleanup.manager [-] Deleting neutron.port object s_rally_e536b585_6hQCWdsV (2262b004-b67d-4252-aff5-3e7be1356e99)
2019-07-12 09:50:43.329 22705 RALLYDEBUG rally_openstack.cleanup.manager [-] Deleting neutron.port object s_rally_e536b585_SrJBItjX (22ef4407-fb1d-4247-9868-da7385e889f9)
2019-07-12 09:50:43.336 22705 RALLYDEBUG rally_openstack.cleanup.manager [-] Deleting neutron.port object s_rally_e536b585_C6G2b3k9 (25d2ea75-2860-43a7-91bf-24e7b26e8a16)
2019-07-12 09:50:43.713 22705 RALLYDEBUG rally_openstack.cleanup.manager [-] Deleting neutron.port object s_rally_e536b585_d9AgaoAI (26a87cf8-6a62-40b3-893f-4d5cbb1c9414)
2019-07-12 09:50:44.128 22705 RALLYDEBUG rally_openstack.cleanup.manager [-] Deleting neutron.port object s_rally_e536b585_TMzzjamt (26f8f14c-07a1-41f5-ab93-2ffc2c1a07e3)
2019-07-12 09:50:44.284 22705 RALLYDEBUG rally_openstack.cleanup.manager [-] Deleting neutron.port object s_rally_e536b585_1KF1DbRW (2706a5de-9b2e-4c12-9a1d-c122458718e1)
2019-07-12 09:50:44.481 22705 RALLYDEBUG rally_openstack.cleanup.manager [-] Deleting neutron.port object s_rally_e536b585_bBlpZgjB (27555341-46c9-427f-ae0a-5a5e55292819)
2019-07-12 09:50:44.492 22705 RALLYDEBUG rally_openstack.cleanup.manager [-] Deleting neutron.port object s_rally_e536b585_XAEoQnSY (27ac1856-13db-4f12-9c05-c50aea42cf20)
2019-07-12 09:50:44.535 22705 RALLYDEBUG rally_openstack.cleanup.manager [-] Deleting neutron.port object s_rally_e536b585_RsSeoRJx (289be975-85aa-4a42-892e-4eb0688aa35c)
2019-07-12 09:50:44.570 22705 RALLYDEBUG rally_openstack.cleanup.manager [-] Deleting neutron.port object s_rally_e536b585_LYtt3ukh (28b116a7-edc7-4991-902e-7760272b87ab)
2019-07-12 09:50:44.790 22705 RALLYDEBUG rally_openstack.cleanup.manager [-] Deleting neutron.port object s_rally_e536b585_P4pmR8x8 (28c32fae-d8a3-4b0b-a9ae-ba6c7a38c581)
2019-07-12 09:50:44.804 22705 RALLYDEBUG rally_openstack.cleanup.manager [-] Deleting neutron.port object s_rally_e536b585_WIfayUNU (29118712-ef24-46ec-8117-e1dff6b5b94a)
2019-07-12 09:50:44.831 22705 RALLYDEBUG rally_openstack.cleanup.manager [-] Deleting neutron.port object s_rally_e536b585_PK9sBi3n (2948e545-55a7-48fa-b380-cde6fd9e901e)
2019-07-12 09:50:44.957 22705 RALLYDEBUG rally_openstack.cleanup.manager [-] Deleting neutron.port object s_rally_e536b585_Euw0ROhi (2a082f28-3d2f-449b-8e72-d955e176b6e0)
2019-07-12 09:50:45.031 22705 RALLYDEBUG rally_openstack.cleanup.manager [-] Deleting neutron.port object s_rally_e536b585_FZ7sKN8J (2a0aae95-1aac-47aa-8a47-d135eff339e3)
2019-07-12 09:50:45.220 22705 RALLYDEBUG rally_openstack.cleanup.manager [-] Deleting neutron.port object s_rally_e536b585_uJ2vp5tg (2a188d0e-720f-4db5-8758-cdac7e402a93)
2019-07-12 09:50:45.221 22705 RALLYDEBUG rally_openstack.cleanup.manager [-] Deleting neutron.port object s_rally_e536b585_X78qhBzD (2bec2318-aeea-469d-a286-cdcbbb305b1b)
2019-07-12 09:50:45.314 22705 RALLYDEBUG rally_openstack.cleanup.manager [-] Deleting neutron.port object s_rally_e536b585_kJpj6FnQ (2c122aad-43a5-4431-a995-baae052789c5)
2019-07-12 09:50:45.417 22705 RALLYDEBUG rally_openstack.cleanup.manager [-] Deleting neutron.port object s_rally_e536b585_6DZd6AOW (2c55ccb6-f795-46aa-92ad-e857ec70e17e)
2019-07-12 09:50:45.515 22705 RALLYDEBUG rally_openstack.cleanup.manager [-] Deleting neutron.port object s_rally_e536b585_xcJXZvQf (2d0ba2b7-6a1d-47f4-a862-0998da213bca)
2019-07-12 09:50:46.009 22705 RALLYDEBUG rally_openstack.cleanup.manager [-] Deleting neutron.port object s_rally_e536b585_Nk5fMqP4 (2d707974-9faf-4a4f-b4a7-117074052ed6)
2019-07-12 09:50:46.130 22705 RALLYDEBUG rally_openstack.cleanup.manager [-] Deleting neutron.port object s_rally_e536b585_gQwmhp4R (2e3f82c2-c12c-4f76-b8b4-b99d820d7e37)
2019-07-12 09:50:46.349 22705 RALLYDEBUG rally_openstack.cleanup.manager [-] Deleting neutron.port object s_rally_e536b585_kKxNUsIr (2e77fc90-f7c7-4613-9a8e-fec50f4095b3)
2019-07-12 09:50:46.495 22705 RALLYDEBUG rally_openstack.cleanup.manager [-] Deleting neutron.port object s_rally_e536b585_BRoQ9JU2 (2ee9c060-22eb-455e-9419-6fd5f1c77480)
2019-07-12 09:50:46.983 22705 RALLYDEBUG rally_openstack.cleanup.manager [-] Deleting neutron.port object s_rally_e536b585_xV15lbA9 (2f3f75ae-0cad-49f5-9a8d-dce2c53714ff)
2019-07-12 09:50:47.687 22705 RALLYDEBUG rally_openstack.cleanup.manager [-] Deleting neutron.port object s_rally_e536b585_kHWiF5Go (2f5b6820-789a-458a-9336-ea76def1c2e4)
2019-07-12 09:50:47.829 22705 RALLYDEBUG rally_openstack.cleanup.manager [-] Deleting neutron.port object s_rally_e536b585_dJ94ceHe (2fce83d1-1afe-45d1-a0d7-6585c14b7a4f)
2019-07-12 09:50:47.844 22705 RALLYDEBUG rally_openstack.cleanup.manager [-] Deleting neutron.port object s_rally_e536b585_gLUbGtoJ (300654f6-0dbe-4f4b-863e-7fc674e73db6)
2019-07-12 09:50:48.179 22705 RALLYDEBUG rally_openstack.cleanup.manager [-] Deleting neutron.port object s_rally_e536b585_ZHTEyfye (30c6fa10-0017-44f9-b411-b5aee4db542d)
2019-07-12 09:50:48.212 22705 RALLYDEBUG rally_openstack.cleanup.manager [-] Deleting neutron.port object s_rally_e536b585_4FDx0B1O (30cf62a7-c4f6-42cc-a7cf-71add27b677e)
2019-07-12 09:50:48.449 22705 RALLYDEBUG rally_openstack.cleanup.manager [-] Deleting neutron.port object s_rally_e536b585_XwJYpqRZ (30ef45b0-50c6-43b2-8b87-19b81e26edf8)
2019-07-12 09:50:48.899 22705 RALLYDEBUG rally_openstack.cleanup.manager [-] Deleting neutron.port object s_rally_e536b585_K9555hW9 (32969944-7bfd-4126-a7aa-9d70fff4d7f5)
2019-07-12 09:50:48.968 22705 RALLYDEBUG rally_openstack.cleanup.manager [-] Deleting neutron.port object s_rally_e536b585_h66mS8Ot (334de6f8-27cf-4a10-b653-80407a342e1a)
2019-07-12 09:50:49.460 22705 RALLYDEBUG rally_openstack.cleanup.manager [-] Deleting neutron.port object s_rally_e536b585_FbuGZJWE (357e54aa-0579-42a7-9b55-2ad8e841b2d3)
2019-07-12 09:50:49.486 22705 RALLYDEBUG rally_openstack.cleanup.manager [-] Deleting neutron.port object s_rally_e536b585_am4yI7v3 (36468878-9b13-4ec7-b790-2a3f21ede67c)
2019-07-12 09:50:49.521 22705 RALLYDEBUG rally_openstack.cleanup.manager [-] Deleting neutron.port object s_rally_e536b585_mUGPvpHq (364ba886-7836-40c2-8565-2c682da26d9c)
2019-07-12 09:50:49.580 22705 RALLYDEBUG rally_openstack.cleanup.manager [-] Deleting neutron.port object s_rally_e536b585_M44S5Jcw (36b3d78a-f289-43d0-95da-b5c792ebcca6)
2019-07-12 09:50:49.690 22705 RALLYDEBUG rally_openstack.cleanup.manager [-] Deleting neutron.port object s_rally_e536b585_PKSfaEwJ (36c5d3d9-f318-45c8-afe2-81adfc2f3f7b)
