2019-07-12 09:29:59.274 24803 INFO rally.task.runner [-] Task e9b3e245-013d-49ed-acb4-aacc6841ab0f | ITER: 9 START
2019-07-12 09:29:59.275 24800 INFO rally.task.runner [-] Task e9b3e245-013d-49ed-acb4-aacc6841ab0f | ITER: 5 START
2019-07-12 09:29:59.276 24803 WARNING rally_openstack.scenarios.neutron.utils [-] Running this scenario without either the 'network' or 'existing_network' context is deprecated
2019-07-12 09:29:59.275 24800 WARNING rally_openstack.scenarios.neutron.utils [-] Running this scenario without either the 'network' or 'existing_network' context is deprecated
2019-07-12 09:29:59.276 24815 RALLYDEBUG rally.task.runner [-] Starting a worker. concurrency: 1 args: {"network_create_args": {}, "subnet_create_args": {}, "subnet_cidr_start": "1.1.0.0/30", "subnets_per_network": 2} times: 40 method_name: run timeout: 0 duration: None cls:
2019-07-12 09:29:59.276 24818 RALLYDEBUG rally.task.runner [-] Starting a worker. concurrency: 1 args: {"network_create_args": {}, "subnet_create_args": {}, "subnet_cidr_start": "1.1.0.0/30", "subnets_per_network": 2} times: 40 method_name: run timeout: 0 duration: None cls:
2019-07-12 09:29:59.277 24807 INFO rally.task.runner [-] Task e9b3e245-013d-49ed-acb4-aacc6841ab0f | ITER: 10 START
2019-07-12 09:29:59.279 24807 WARNING rally_openstack.scenarios.neutron.utils [-] Running this scenario without either the 'network' or 'existing_network' context is deprecated
2019-07-12 09:29:59.278 24801 INFO rally.task.runner [-] Task e9b3e245-013d-49ed-acb4-aacc6841ab0f | ITER: 7 START
2019-07-12 09:29:59.282 24801 WARNING rally_openstack.scenarios.neutron.utils [-] Running this scenario without either the 'network' or 'existing_network' context is deprecated
2019-07-12 09:29:59.284 24811 INFO rally.task.runner [-] Task e9b3e245-013d-49ed-acb4-aacc6841ab0f | ITER: 11 START
2019-07-12 09:29:59.285 24818 INFO rally.task.runner [-] Task e9b3e245-013d-49ed-acb4-aacc6841ab0f | ITER: 12 START
2019-07-12 09:29:59.285 24825 RALLYDEBUG rally.task.runner [-] Starting a worker. concurrency: 1 args: {"network_create_args": {}, "subnet_create_args": {}, "subnet_cidr_start": "1.1.0.0/30", "subnets_per_network": 2} times: 40 method_name: run timeout: 0 duration: None cls:
2019-07-12 09:29:59.286 24802 INFO rally.task.runner [-] Task e9b3e245-013d-49ed-acb4-aacc6841ab0f | ITER: 8 START
2019-07-12 09:29:59.286 24811 WARNING rally_openstack.scenarios.neutron.utils [-] Running this scenario without either the 'network' or 'existing_network' context is deprecated
2019-07-12 09:29:59.287 24802 WARNING rally_openstack.scenarios.neutron.utils [-] Running this scenario without either the 'network' or 'existing_network' context is deprecated
2019-07-12 09:29:59.287 24818 WARNING rally_openstack.scenarios.neutron.utils [-] Running this scenario without either the 'network' or 'existing_network' context is deprecated
2019-07-12 09:29:59.288 24826 RALLYDEBUG rally.task.runner [-] Starting a worker. concurrency: 1 args: {"network_create_args": {}, "subnet_create_args": {}, "subnet_cidr_start": "1.1.0.0/30", "subnets_per_network": 2} times: 40 method_name: run timeout: 0 duration: None cls:
2019-07-12 09:29:59.290 24815 INFO rally.task.runner [-] Task e9b3e245-013d-49ed-acb4-aacc6841ab0f | ITER: 13 START
2019-07-12 09:29:59.291 24825 INFO rally.task.runner [-] Task e9b3e245-013d-49ed-acb4-aacc6841ab0f | ITER: 14 START
2019-07-12 09:29:59.292 24825 WARNING rally_openstack.scenarios.neutron.utils [-] Running this scenario without either the 'network' or 'existing_network' context is deprecated
2019-07-12 09:29:59.292 24815 WARNING rally_openstack.scenarios.neutron.utils [-] Running this scenario without either the 'network' or 'existing_network' context is deprecated
2019-07-12 09:29:59.294 24831 RALLYDEBUG rally.task.runner [-] Starting a worker. concurrency: 1 args: {"network_create_args": {}, "subnet_create_args": {}, "subnet_cidr_start": "1.1.0.0/30", "subnets_per_network": 2} times: 40 method_name: run timeout: 0 duration: None cls:
2019-07-12 09:29:59.295 24826 INFO rally.task.runner [-] Task e9b3e245-013d-49ed-acb4-aacc6841ab0f | ITER: 15 START
2019-07-12 09:29:59.295 24834 RALLYDEBUG rally.task.runner [-] Starting a worker. concurrency: 1 args: {"network_create_args": {}, "subnet_create_args": {}, "subnet_cidr_start": "1.1.0.0/30", "subnets_per_network": 2} times: 40 method_name: run timeout: 0 duration: None cls:
2019-07-12 09:29:59.297 24826 WARNING rally_openstack.scenarios.neutron.utils [-] Running this scenario without either the 'network' or 'existing_network' context is deprecated
2019-07-12 09:29:59.297 24821 RALLYDEBUG rally.task.runner [-] Starting a worker. concurrency: 1 args: {"network_create_args": {}, "subnet_create_args": {}, "subnet_cidr_start": "1.1.0.0/30", "subnets_per_network": 2} times: 40 method_name: run timeout: 0 duration: None cls:
2019-07-12 09:29:59.302 24834 INFO rally.task.runner [-] Task e9b3e245-013d-49ed-acb4-aacc6841ab0f | ITER: 17 START
2019-07-12 09:29:59.303 24834 WARNING rally_openstack.scenarios.neutron.utils [-] Running this scenario without either the 'network' or 'existing_network' context is deprecated
2019-07-12 09:29:59.306 24839 RALLYDEBUG rally.task.runner [-] Starting a worker. concurrency: 1 args: {"network_create_args": {}, "subnet_create_args": {}, "subnet_cidr_start": "1.1.0.0/30", "subnets_per_network": 2} times: 40 method_name: run timeout: 0 duration: None cls:
2019-07-12 09:29:59.307 24831 INFO rally.task.runner [-] Task e9b3e245-013d-49ed-acb4-aacc6841ab0f | ITER: 16 START
2019-07-12 09:29:59.310 24831 WARNING rally_openstack.scenarios.neutron.utils [-] Running this scenario without either the 'network' or 'existing_network' context is deprecated
2019-07-12 09:29:59.312 24839 INFO rally.task.runner [-] Task e9b3e245-013d-49ed-acb4-aacc6841ab0f | ITER: 19 START
2019-07-12 09:29:59.313 24839 WARNING rally_openstack.scenarios.neutron.utils [-] Running this scenario without either the 'network' or 'existing_network' context is deprecated
2019-07-12 09:29:59.314 24845 RALLYDEBUG rally.task.runner [-] Starting a worker. concurrency: 1 args: {"network_create_args": {}, "subnet_create_args": {}, "subnet_cidr_start": "1.1.0.0/30", "subnets_per_network": 2} times: 40 method_name: run timeout: 0 duration: None cls:
2019-07-12 09:29:59.319 24821 INFO rally.task.runner [-] Task e9b3e245-013d-49ed-acb4-aacc6841ab0f | ITER: 18 START
2019-07-12 09:29:59.319 24845 INFO rally.task.runner [-] Task e9b3e245-013d-49ed-acb4-aacc6841ab0f | ITER: 20 START
2019-07-12 09:29:59.320 24821 WARNING rally_openstack.scenarios.neutron.utils [-] Running this scenario without either the 'network' or 'existing_network' context is deprecated
2019-07-12 09:29:59.321 24845 WARNING rally_openstack.scenarios.neutron.utils [-] Running this scenario without either the 'network' or 'existing_network' context is deprecated
2019-07-12 09:30:01.299 24803 RALLYDEBUG rally_openstack.wrappers.network [-] CIDR generated: 1.1.4.96/30
2019-07-12 09:30:01.345 24801 RALLYDEBUG rally_openstack.wrappers.network [-] CIDR generated: 1.1.4.100/30
2019-07-12 09:30:01.365 24799 RALLYDEBUG rally_openstack.wrappers.network [-] CIDR generated: 1.1.4.104/30
2019-07-12 09:30:01.366 24807 RALLYDEBUG rally_openstack.wrappers.network [-] CIDR generated: 1.1.4.108/30
2019-07-12 09:30:01.389 24802 RALLYDEBUG rally_openstack.wrappers.network [-] CIDR generated: 1.1.4.112/30
2019-07-12 09:30:01.576 24801 RALLYDEBUG rally_openstack.wrappers.network [-] CIDR generated: 1.1.4.116/30
2019-07-12 09:30:01.641 24818 RALLYDEBUG rally_openstack.wrappers.network [-] CIDR generated: 1.1.4.120/30
2019-07-12 09:30:01.736 24811 RALLYDEBUG rally_openstack.wrappers.network [-] CIDR generated: 1.1.4.124/30
2019-07-12 09:30:01.757 24825 RALLYDEBUG rally_openstack.wrappers.network [-] CIDR generated: 1.1.4.128/30
2019-07-12 09:30:01.958 24800 RALLYDEBUG rally_openstack.wrappers.network [-] CIDR generated: 1.1.4.132/30
2019-07-12 09:30:02.069 24802 RALLYDEBUG rally_openstack.wrappers.network [-] CIDR generated: 1.1.4.136/30
2019-07-12 09:30:02.102 24800 RALLYDEBUG rally_openstack.wrappers.network [-] CIDR generated: 1.1.4.140/30
2019-07-12 09:30:02.197 24799 RALLYDEBUG rally_openstack.wrappers.network [-] CIDR generated: 1.1.4.144/30
2019-07-12 09:30:02.199 24845 RALLYDEBUG rally_openstack.wrappers.network [-] CIDR generated: 1.1.4.148/30
2019-07-12 09:30:02.275 24803 RALLYDEBUG rally_openstack.wrappers.network [-] CIDR generated: 1.1.4.152/30
2019-07-12 09:30:02.618 24802 RALLYDEBUG rally_openstack.wrappers.network [-] CIDR generated: 1.1.4.156/30
2019-07-12 09:30:02.730 24801 RALLYDEBUG rally_openstack.wrappers.network [-] CIDR generated: 1.1.4.160/30
2019-07-12 09:30:03.053 24815 RALLYDEBUG rally_openstack.wrappers.network [-] CIDR generated: 1.1.4.164/30
2019-07-12 09:30:03.083 24834 RALLYDEBUG rally_openstack.wrappers.network [-] CIDR generated: 1.1.4.168/30
2019-07-12 09:30:03.087 24826 RALLYDEBUG rally_openstack.wrappers.network [-] CIDR generated: 1.1.4.172/30
2019-07-12 09:30:03.406 24839 RALLYDEBUG rally_openstack.wrappers.network [-] CIDR generated: 1.1.4.176/30
2019-07-12 09:30:03.463 24799 RALLYDEBUG rally_openstack.wrappers.network [-] CIDR generated: 1.1.4.180/30
2019-07-12 09:30:03.490 24807 RALLYDEBUG rally_openstack.wrappers.network [-] CIDR generated: 1.1.4.184/30
2019-07-12 09:30:03.937 24831 RALLYDEBUG rally_openstack.wrappers.network [-] CIDR generated: 1.1.4.188/30
2019-07-12 09:30:04.270 24800 RALLYDEBUG rally_openstack.wrappers.network [-] CIDR generated: 1.1.4.192/30
2019-07-12 09:30:04.273 24811 RALLYDEBUG rally_openstack.wrappers.network [-] CIDR generated: 1.1.4.196/30
2019-07-12 09:30:04.336 24821 RALLYDEBUG rally_openstack.wrappers.network [-] CIDR generated: 1.1.4.200/30
2019-07-12 09:30:04.393 24801 RALLYDEBUG rally_openstack.wrappers.network [-] CIDR generated: 1.1.4.204/30
2019-07-12 09:30:05.241 24825 RALLYDEBUG rally_openstack.wrappers.network [-] CIDR generated: 1.1.4.208/30
2019-07-12 09:30:05.532 24818 RALLYDEBUG rally_openstack.wrappers.network [-] CIDR generated: 1.1.4.212/30
2019-07-12 09:30:06.129 24799 RALLYDEBUG rally_openstack.wrappers.network [-] CIDR generated: 1.1.4.216/30
2019-07-12 09:30:06.322 24845 RALLYDEBUG rally_openstack.wrappers.network [-] CIDR generated: 1.1.4.220/30
2019-07-12 09:30:06.616 24802 INFO rally.task.runner [-] Task e9b3e245-013d-49ed-acb4-aacc6841ab0f | ITER: 6 END: OK
2019-07-12 09:30:06.620 24802 INFO rally.task.runner [-] Task e9b3e245-013d-49ed-acb4-aacc6841ab0f | ITER: 21 START
2019-07-12 09:30:06.621 24802 WARNING rally_openstack.scenarios.neutron.utils [-] Running this scenario without either the 'network' or 'existing_network' context is deprecated
2019-07-12 09:30:07.118 24803 INFO rally.task.runner [-] Task e9b3e245-013d-49ed-acb4-aacc6841ab0f | ITER: 9 END: OK
2019-07-12 09:30:07.123 24803 INFO rally.task.runner [-] Task e9b3e245-013d-49ed-acb4-aacc6841ab0f | ITER: 22 START
2019-07-12 09:30:07.123 24803 WARNING rally_openstack.scenarios.neutron.utils [-] Running this scenario without either the 'network' or 'existing_network' context is deprecated
2019-07-12 09:30:07.201 24801 INFO rally.task.runner [-] Task e9b3e245-013d-49ed-acb4-aacc6841ab0f | ITER: 7 END: OK
2019-07-12 09:30:07.205 24801 INFO rally.task.runner [-] Task e9b3e245-013d-49ed-acb4-aacc6841ab0f | ITER: 23 START
2019-07-12 09:30:07.206 24801 WARNING rally_openstack.scenarios.neutron.utils [-] Running this scenario without either the 'network' or 'existing_network' context is deprecated
2019-07-12 09:30:07.226 24839 RALLYDEBUG rally_openstack.wrappers.network [-] CIDR generated: 1.1.4.224/30
2019-07-12 09:30:07.710 24802 RALLYDEBUG rally_openstack.wrappers.network [-] CIDR generated: 1.1.4.228/30
2019-07-12 09:30:08.047 24803 RALLYDEBUG rally_openstack.wrappers.network [-] CIDR generated: 1.1.4.232/30
2019-07-12 09:30:08.506 24801 RALLYDEBUG rally_openstack.wrappers.network [-] CIDR generated: 1.1.4.236/30
2019-07-12 09:30:08.972 24802 RALLYDEBUG rally_openstack.wrappers.network [-] CIDR generated: 1.1.4.240/30
2019-07-12 09:30:10.079 24803 RALLYDEBUG rally_openstack.wrappers.network [-] CIDR generated: 1.1.4.244/30
2019-07-12 09:30:10.217 24801 RALLYDEBUG rally_openstack.wrappers.network [-] CIDR generated: 1.1.4.248/30
2019-07-12 09:30:10.235 24807 INFO rally.task.runner [-] Task e9b3e245-013d-49ed-acb4-aacc6841ab0f | ITER: 10 END: OK
2019-07-12 09:30:10.235 24799 INFO rally.task.runner [-] Task e9b3e245-013d-49ed-acb4-aacc6841ab0f | ITER: 3 END: OK
2019-07-12 09:30:10.239 24799 INFO rally.task.runner [-] Task e9b3e245-013d-49ed-acb4-aacc6841ab0f | ITER: 24 START
2019-07-12 09:30:10.240 24799 WARNING rally_openstack.scenarios.neutron.utils [-] Running this scenario without either the 'network' or 'existing_network' context is deprecated
2019-07-12 09:30:10.240 24807 INFO rally.task.runner [-] Task e9b3e245-013d-49ed-acb4-aacc6841ab0f | ITER: 25 START
2019-07-12 09:30:10.240 24807 WARNING rally_openstack.scenarios.neutron.utils [-] Running this scenario without either the 'network' or 'existing_network' context is deprecated
2019-07-12 09:30:11.281 24800 INFO rally.task.runner [-] Task e9b3e245-013d-49ed-acb4-aacc6841ab0f | ITER: 2 END: OK
2019-07-12 09:30:11.284 24811 INFO rally.task.runner [-] Task e9b3e245-013d-49ed-acb4-aacc6841ab0f | ITER: 11 END: OK
2019-07-12 09:30:11.285 24800 INFO rally.task.runner [-] Task e9b3e245-013d-49ed-acb4-aacc6841ab0f | ITER: 26 START
2019-07-12 09:30:11.286 24800 WARNING rally_openstack.scenarios.neutron.utils [-] Running this scenario without either the 'network' or 'existing_network' context is deprecated
2019-07-12 09:30:11.287 24811 INFO rally.task.runner [-] Task e9b3e245-013d-49ed-acb4-aacc6841ab0f | ITER: 27 START
2019-07-12 09:30:11.288 24811 WARNING rally_openstack.scenarios.neutron.utils [-] Running this scenario without either the 'network' or 'existing_network' context is deprecated
2019-07-12 09:30:11.564 24807 RALLYDEBUG rally_openstack.wrappers.network [-] CIDR generated: 1.1.4.252/30
2019-07-12 09:30:11.899 24799 RALLYDEBUG rally_openstack.wrappers.network [-] CIDR generated: 1.1.5.0/30
2019-07-12 09:30:12.136 24802 INFO rally.task.runner [-] Task e9b3e245-013d-49ed-acb4-aacc6841ab0f | ITER: 21 END: OK
2019-07-12 09:30:12.140 24802 INFO rally.task.runner [-] Task e9b3e245-013d-49ed-acb4-aacc6841ab0f | ITER: 28 START
2019-07-12 09:30:12.140 24802 WARNING rally_openstack.scenarios.neutron.utils [-] Running this scenario without either the 'network' or 'existing_network' context is deprecated
2019-07-12 09:30:12.146 24800 RALLYDEBUG rally_openstack.wrappers.network [-] CIDR generated: 1.1.5.4/30
2019-07-12 09:30:12.198 24802 RALLYDEBUG rally_openstack.wrappers.network [-] CIDR generated: 1.1.5.8/30
2019-07-12 09:30:12.284 24825 INFO rally.task.runner [-] Task e9b3e245-013d-49ed-acb4-aacc6841ab0f | ITER: 14 END: OK
2019-07-12 09:30:12.288 24825 INFO rally.task.runner [-] Task e9b3e245-013d-49ed-acb4-aacc6841ab0f | ITER: 29 START
2019-07-12 09:30:12.289 24825 WARNING rally_openstack.scenarios.neutron.utils [-] Running this scenario without either the 'network' or 'existing_network' context is deprecated
2019-07-12 09:30:12.619 24800 RALLYDEBUG rally_openstack.wrappers.network [-] CIDR generated: 1.1.5.12/30
2019-07-12 09:30:12.696 24831 RALLYDEBUG rally_openstack.wrappers.network [-] CIDR generated: 1.1.5.16/30
2019-07-12 09:30:12.698 24815 RALLYDEBUG rally_openstack.wrappers.network [-] CIDR generated: 1.1.5.20/30
2019-07-12 09:30:12.708 24811 RALLYDEBUG rally_openstack.wrappers.network [-] CIDR generated: 1.1.5.24/30
2019-07-12 09:30:12.842 24834 RALLYDEBUG rally_openstack.wrappers.network [-] CIDR generated: 1.1.5.28/30
2019-07-12 09:30:13.142 24807 RALLYDEBUG rally_openstack.wrappers.network [-] CIDR generated: 1.1.5.32/30
2019-07-12 09:30:13.546 24818 INFO rally.task.runner [-] Task e9b3e245-013d-49ed-acb4-aacc6841ab0f | ITER: 12 END: OK
2019-07-12 09:30:13.551 24818 INFO rally.task.runner [-] Task e9b3e245-013d-49ed-acb4-aacc6841ab0f | ITER: 30 START
2019-07-12 09:30:13.552 24818 WARNING rally_openstack.scenarios.neutron.utils [-] Running this scenario without either the 'network' or 'existing_network' context is deprecated
2019-07-12 09:30:13.563 24799 INFO rally.task.runner [-] Task e9b3e245-013d-49ed-acb4-aacc6841ab0f | ITER: 1 END: OK
2019-07-12 09:30:13.567 24799 INFO rally.task.runner [-] Task e9b3e245-013d-49ed-acb4-aacc6841ab0f | ITER: 31 START
2019-07-12 09:30:13.568 24799 WARNING rally_openstack.scenarios.neutron.utils [-] Running this scenario without either the 'network' or 'existing_network' context is deprecated
2019-07-12 09:30:13.729 24826 RALLYDEBUG rally_openstack.wrappers.network [-] CIDR generated: 1.1.5.36/30
2019-07-12 09:30:13.884 24799 RALLYDEBUG rally_openstack.wrappers.network [-] CIDR generated: 1.1.5.40/30
2019-07-12 09:30:13.939 24845 INFO rally.task.runner [-] Task e9b3e245-013d-49ed-acb4-aacc6841ab0f | ITER: 20 END: OK
2019-07-12 09:30:13.943 24845 INFO rally.task.runner [-] Task e9b3e245-013d-49ed-acb4-aacc6841ab0f | ITER: 32 START
2019-07-12 09:30:13.944 24845 WARNING rally_openstack.scenarios.neutron.utils [-] Running this scenario without either the 'network' or 'existing_network' context is deprecated
2019-07-12 09:30:13.973 24821 RALLYDEBUG rally_openstack.wrappers.network [-] CIDR generated: 1.1.5.44/30
2019-07-12 09:30:14.119 24825 RALLYDEBUG rally_openstack.wrappers.network [-] CIDR generated: 1.1.5.48/30
2019-07-12 09:30:14.217 24801 INFO rally.task.runner [-] Task e9b3e245-013d-49ed-acb4-aacc6841ab0f | ITER: 4 END: OK
2019-07-12 09:30:14.221 24801 INFO rally.task.runner [-] Task e9b3e245-013d-49ed-acb4-aacc6841ab0f | ITER: 33 START
2019-07-12 09:30:14.222 24801 WARNING rally_openstack.scenarios.neutron.utils [-] Running this scenario without either the 'network' or 'existing_network' context is deprecated
2019-07-12 09:30:14.340 24839 INFO rally.task.runner [-] Task e9b3e245-013d-49ed-acb4-aacc6841ab0f | ITER: 19 END: OK
2019-07-12 09:30:14.345 24839 INFO rally.task.runner [-] Task e9b3e245-013d-49ed-acb4-aacc6841ab0f | ITER: 34 START
2019-07-12 09:30:14.346 24839 WARNING rally_openstack.scenarios.neutron.utils [-] Running this scenario without either the 'network' or 'existing_network' context is deprecated
2019-07-12 09:30:14.389 24800 RALLYDEBUG rally_openstack.wrappers.network [-] CIDR generated: 1.1.5.52/30
2019-07-12 09:30:14.972 24802 RALLYDEBUG rally_openstack.wrappers.network [-] CIDR generated: 1.1.5.56/30
2019-07-12 09:30:15.473 24818 RALLYDEBUG rally_openstack.wrappers.network [-] CIDR generated: 1.1.5.60/30
2019-07-12 09:30:15.505 24811 RALLYDEBUG rally_openstack.wrappers.network [-] CIDR generated: 1.1.5.64/30
2019-07-12 09:30:15.864 24799 RALLYDEBUG rally_openstack.wrappers.network [-] CIDR generated: 1.1.5.68/30
2019-07-12 09:30:16.567 24845 RALLYDEBUG rally_openstack.wrappers.network [-] CIDR generated: 1.1.5.72/30
2019-07-12 09:30:16.628 24839 RALLYDEBUG rally_openstack.wrappers.network [-] CIDR generated: 1.1.5.76/30
2019-07-12 09:30:16.895 24825 RALLYDEBUG rally_openstack.wrappers.network [-] CIDR generated: 1.1.5.80/30
2019-07-12 09:30:17.280 24818 RALLYDEBUG rally_openstack.wrappers.network [-] CIDR generated: 1.1.5.84/30
2019-07-12 09:30:17.307 24801 RALLYDEBUG rally_openstack.wrappers.network [-] CIDR generated: 1.1.5.88/30
2019-07-12 09:30:17.395 24803 INFO rally.task.runner [-] Task e9b3e245-013d-49ed-acb4-aacc6841ab0f | ITER: 22 END: OK
2019-07-12 09:30:17.396 24801 INFO rally.task.runner [-] Task e9b3e245-013d-49ed-acb4-aacc6841ab0f | ITER: 23 END: OK
2019-07-12 09:30:17.398 24803 INFO rally.task.runner [-] Task e9b3e245-013d-49ed-acb4-aacc6841ab0f | ITER: 35 START
2019-07-12 09:30:17.399 24803 WARNING rally_openstack.scenarios.neutron.utils [-] Running this scenario without either the 'network' or 'existing_network' context is deprecated
2019-07-12 09:30:17.400 24801 INFO rally.task.runner [-] Task e9b3e245-013d-49ed-acb4-aacc6841ab0f | ITER: 36 START
2019-07-12 09:30:17.401 24801 WARNING rally_openstack.scenarios.neutron.utils [-] Running this scenario without either the 'network' or 'existing_network' context is deprecated
2019-07-12 09:30:18.559 24839 RALLYDEBUG rally_openstack.wrappers.network [-] CIDR generated: 1.1.5.92/30
2019-07-12 09:30:18.608 24802 RALLYDEBUG rally_openstack.wrappers.network [-] CIDR generated: 1.1.5.96/30
2019-07-12 09:30:18.672 24807 INFO rally.task.runner [-] Task e9b3e245-013d-49ed-acb4-aacc6841ab0f | ITER: 25 END: OK
2019-07-12 09:30:18.676 24807 INFO rally.task.runner [-] Task e9b3e245-013d-49ed-acb4-aacc6841ab0f | ITER: 37 START
2019-07-12 09:30:18.676 24807 WARNING rally_openstack.scenarios.neutron.utils [-] Running this scenario without either the 'network' or 'existing_network' context is deprecated
2019-07-12 09:30:19.362 24799 RALLYDEBUG rally_openstack.wrappers.network [-] CIDR generated: 1.1.5.100/30
2019-07-12 09:30:19.788 24799 INFO rally.task.runner [-] Task e9b3e245-013d-49ed-acb4-aacc6841ab0f | ITER: 24 END: OK
2019-07-12 09:30:19.792 24799 INFO rally.task.runner [-] Task e9b3e245-013d-49ed-acb4-aacc6841ab0f | ITER: 38 START
2019-07-12 09:30:19.792 24799 WARNING rally_openstack.scenarios.neutron.utils [-] Running this scenario without either the 'network' or 'existing_network' context is deprecated
2019-07-12 09:30:19.858 24845 RALLYDEBUG rally_openstack.wrappers.network [-] CIDR generated: 1.1.5.104/30
2019-07-12 09:30:19.863 24800 INFO rally.task.runner [-] Task e9b3e245-013d-49ed-acb4-aacc6841ab0f | ITER: 26 END: OK
2019-07-12 09:30:19.867 24800 INFO rally.task.runner [-] Task e9b3e245-013d-49ed-acb4-aacc6841ab0f | ITER: 39 START
2019-07-12 09:30:19.867 24800 WARNING rally_openstack.scenarios.neutron.utils [-] Running this scenario without either the 'network' or 'existing_network' context is deprecated
2019-07-12 09:30:19.873 24801 RALLYDEBUG rally_openstack.wrappers.network [-] CIDR generated: 1.1.5.108/30
2019-07-12 09:30:20.071 24803 RALLYDEBUG rally_openstack.wrappers.network [-] CIDR generated: 1.1.5.112/30
2019-07-12 09:30:20.377 24807 RALLYDEBUG rally_openstack.wrappers.network [-] CIDR generated: 1.1.5.116/30
2019-07-12 09:30:20.515 24811 INFO rally.task.runner [-] Task e9b3e245-013d-49ed-acb4-aacc6841ab0f | ITER: 27 END: OK
2019-07-12 09:30:20.520 24811 INFO rally.task.runner [-] Task e9b3e245-013d-49ed-acb4-aacc6841ab0f | ITER: 40 START
2019-07-12 09:30:20.521 24811 WARNING rally_openstack.scenarios.neutron.utils [-] Running this scenario without either the 'network' or 'existing_network' context is deprecated
2019-07-12 09:30:20.600 24801 RALLYDEBUG rally_openstack.wrappers.network [-] CIDR generated: 1.1.5.120/30
2019-07-12 09:30:21.283 24825 INFO rally.task.runner [-] Task e9b3e245-013d-49ed-acb4-aacc6841ab0f | ITER: 29 END: OK
2019-07-12 09:30:21.598 24800 RALLYDEBUG rally_openstack.wrappers.network [-] CIDR generated: 1.1.5.124/30
2019-07-12 09:30:21.644 24818 INFO rally.task.runner [-] Task e9b3e245-013d-49ed-acb4-aacc6841ab0f | ITER: 30 END: OK
2019-07-12 09:30:21.813 24799 RALLYDEBUG rally_openstack.wrappers.network [-] CIDR generated: 1.1.5.128/30
2019-07-12 09:30:22.088 24811 RALLYDEBUG rally_openstack.wrappers.network [-] CIDR generated: 1.1.5.132/30
2019-07-12 09:30:22.373 24802 INFO rally.task.runner [-] Task e9b3e245-013d-49ed-acb4-aacc6841ab0f | ITER: 28 END: OK
2019-07-12 09:30:22.688 24803 RALLYDEBUG rally_openstack.wrappers.network [-] CIDR generated: 1.1.5.136/30
2019-07-12 09:30:22.691 24801 RALLYDEBUG rally_openstack.wrappers.network [-] CIDR generated: 1.1.5.140/30
2019-07-12 09:30:23.000 24800 RALLYDEBUG rally_openstack.wrappers.network [-] CIDR generated: 1.1.5.144/30
2019-07-12 09:30:23.048 24807 RALLYDEBUG rally_openstack.wrappers.network [-] CIDR generated: 1.1.5.148/30
2019-07-12 09:30:23.051 24839 INFO rally.task.runner [-] Task e9b3e245-013d-49ed-acb4-aacc6841ab0f | ITER: 34 END: OK
2019-07-12 09:30:23.160 24811 RALLYDEBUG rally_openstack.wrappers.network [-] CIDR generated: 1.1.5.152/30
2019-07-12 09:30:23.596 24845 INFO rally.task.runner [-] Task e9b3e245-013d-49ed-acb4-aacc6841ab0f | ITER: 32 END: OK
2019-07-12 09:30:24.113 24799 RALLYDEBUG rally_openstack.wrappers.network [-] CIDR generated: 1.1.5.156/30
2019-07-12 09:30:25.381 24801 INFO rally.task.runner [-] Task e9b3e245-013d-49ed-acb4-aacc6841ab0f | ITER: 33 END: OK
2019-07-12 09:30:25.554 24800 INFO rally.task.runner [-] Task e9b3e245-013d-49ed-acb4-aacc6841ab0f | ITER: 39 END: OK
2019-07-12 09:30:25.596 24811 INFO rally.task.runner [-] Task e9b3e245-013d-49ed-acb4-aacc6841ab0f | ITER: 40 END: OK
2019-07-12 09:30:25.997 24799 INFO rally.task.runner [-] Task e9b3e245-013d-49ed-acb4-aacc6841ab0f | ITER: 31 END: OK
2019-07-12 09:30:27.079 24803 INFO rally.task.runner [-] Task e9b3e245-013d-49ed-acb4-aacc6841ab0f | ITER: 35 END: OK
2019-07-12 09:30:27.515 24807 INFO rally.task.runner [-] Task e9b3e245-013d-49ed-acb4-aacc6841ab0f | ITER: 37 END: OK
2019-07-12 09:30:27.588 24801 INFO rally.task.runner [-] Task e9b3e245-013d-49ed-acb4-aacc6841ab0f | ITER: 36 END: OK
2019-07-12 09:30:27.810 24799 INFO rally.task.runner [-] Task e9b3e245-013d-49ed-acb4-aacc6841ab0f | ITER: 38 END: OK
2019-07-12 09:30:36.935 24802 INFO rally.task.runner [-] Task e9b3e245-013d-49ed-acb4-aacc6841ab0f | ITER: 8 END: OK
2019-07-12 09:30:37.035 24800 INFO rally.task.runner [-] Task e9b3e245-013d-49ed-acb4-aacc6841ab0f | ITER: 5 END: OK
2019-07-12 09:30:37.646 24815 INFO rally.task.runner [-] Task e9b3e245-013d-49ed-acb4-aacc6841ab0f | ITER: 13 END: OK
2019-07-12 09:30:37.770 24834 INFO rally.task.runner [-] Task e9b3e245-013d-49ed-acb4-aacc6841ab0f | ITER: 17 END: OK
2019-07-12 09:30:39.220 24826 INFO rally.task.runner [-] Task e9b3e245-013d-49ed-acb4-aacc6841ab0f | ITER: 15 END: OK
2019-07-12 09:30:39.309 24831 INFO rally.task.runner [-] Task e9b3e245-013d-49ed-acb4-aacc6841ab0f | ITER: 16 END: OK
2019-07-12 09:30:39.338 24821 INFO rally.task.runner [-] Task e9b3e245-013d-49ed-acb4-aacc6841ab0f | ITER: 18 END: OK
2019-07-12 09:30:39.368 22705 INFO rally.task.context [-] Task e9b3e245-013d-49ed-acb4-aacc6841ab0f | Context cleanup@openstack cleanup() started
2019-07-12 09:30:39.370 22705 RALLYDEBUG rally_openstack.cleanup.manager [-] Cleaning up neutron vip objects
2019-07-12 09:30:40.019 22705 RALLYDEBUG rally_openstack.cleanup.manager [-] Cleaning up neutron health_monitor objects
2019-07-12 09:30:40.729 22705 RALLYDEBUG rally_openstack.cleanup.manager [-] Cleaning up neutron pool objects
2019-07-12 09:30:41.492 22705 RALLYDEBUG rally_openstack.cleanup.manager [-] Cleaning up neutron loadbalancer objects
2019-07-12 09:30:42.211 22705 RALLYDEBUG rally_openstack.cleanup.manager [-] Cleaning up neutron floatingip objects
2019-07-12 09:30:42.937 22705 RALLYDEBUG rally_openstack.cleanup.manager [-] Cleaning up neutron port objects
2019-07-12 09:30:43.732 22705 RALLYDEBUG rally_openstack.cleanup.manager [-] Cleaning up neutron subnet objects
2019-07-12 09:30:44.563 22705 RALLYDEBUG rally_openstack.cleanup.manager [-] Cleaning up neutron network objects
2019-07-12 09:30:45.456 22705 RALLYDEBUG rally_openstack.cleanup.manager [-] Deleting neutron.network object s_rally_be5bdfc3_jJotjiDA (0673b74e-086b-480f-8999-e0f48a9d97fe)
2019-07-12 09:30:45.457 22705 RALLYDEBUG rally_openstack.cleanup.manager [-] Deleting neutron.network object s_rally_be5bdfc3_CI2jWq0k (00f136de-28a0-4fb2-8796-7d48b7fafe54)
2019-07-12 09:30:45.467 22705 RALLYDEBUG rally_openstack.cleanup.manager [-] Deleting neutron.network object s_rally_be5bdfc3_0aD42WbU (13d8ad3a-d432-40fd-b500-73a3aa42340f)
2019-07-12 09:30:45.474 22705 RALLYDEBUG rally_openstack.cleanup.manager [-] Deleting neutron.network object s_rally_be5bdfc3_BSLZcct8 (1692a163-c05a-4d48-a22a-8d25c5647fd8)
2019-07-12 09:30:45.486 22705 RALLYDEBUG rally_openstack.cleanup.manager [-] Deleting neutron.network object s_rally_be5bdfc3_9fME9Nqw (1b5f30f1-9a67-4f8b-bcc7-c948459ad2af)
2019-07-12 09:30:45.494 22705 RALLYDEBUG rally_openstack.cleanup.manager [-] Deleting neutron.network object s_rally_be5bdfc3_ke3kszRM (20a1a836-53a4-40f2-b6a0-fcc173060d33)
2019-07-12 09:30:45.502 22705 RALLYDEBUG rally_openstack.cleanup.manager [-] Deleting neutron.network object s_rally_be5bdfc3_4j3OllBF (2480d005-682f-4074-8d56-5e7c2c71e71e)
2019-07-12 09:30:45.525 22705 RALLYDEBUG rally_openstack.cleanup.manager [-] Deleting neutron.network object s_rally_be5bdfc3_IUwScQEo (269f5824-53b8-40ff-aa1d-e506222d0b5a)
2019-07-12 09:30:45.529 22705 RALLYDEBUG rally_openstack.cleanup.manager [-] Deleting neutron.network object s_rally_be5bdfc3_8ZyaRwoM (26cb2844-a9a2-47a7-9c35-6dafc617bac4)
2019-07-12 09:30:45.544 22705 RALLYDEBUG rally_openstack.cleanup.manager [-] Deleting neutron.network object s_rally_be5bdfc3_PKLniB7i (285d88ee-e6aa-49de-9c66-d67bf67254df)
2019-07-12 09:30:45.557 22705 RALLYDEBUG rally_openstack.cleanup.manager [-] Deleting neutron.network object s_rally_be5bdfc3_nGDzB8qG (32adf51b-442d-450e-abe2-5626c8662915)
2019-07-12 09:30:45.574 22705 RALLYDEBUG rally_openstack.cleanup.manager [-] Deleting neutron.network object s_rally_be5bdfc3_Q1QoiGWP (420cef91-4416-47ba-b68e-05e75792e151)
2019-07-12 09:30:45.582 22705 RALLYDEBUG rally_openstack.cleanup.manager [-] Deleting neutron.network object s_rally_be5bdfc3_0W2jKmyh (33ffa97b-122c-4d2c-b67f-99c60d5317ba)
2019-07-12 09:30:45.591 22705 RALLYDEBUG rally_openstack.cleanup.manager [-] Deleting neutron.network object s_rally_be5bdfc3_swaxJJZP (47803ae2-1b21-4ec3-b960-22210a45b349)
2019-07-12 09:30:45.599 22705 RALLYDEBUG rally_openstack.cleanup.manager [-] Deleting neutron.network object s_rally_be5bdfc3_lZ6pFyiN (4c191d54-e139-4dde-a465-3cacfbdb1983)
2019-07-12 09:30:45.610 22705 RALLYDEBUG rally_openstack.cleanup.manager [-] Deleting neutron.network object s_rally_be5bdfc3_uwAlgdCG (4d78ccad-1583-46be-aaac-389ccf1c5fd8)
2019-07-12 09:30:45.639 22705 RALLYDEBUG rally_openstack.cleanup.manager [-] Deleting neutron.network object s_rally_be5bdfc3_kBtmiaUT (55f760dd-f5b3-41cf-a8cd-cbe1a48a7285)
2019-07-12 09:30:45.657 22705 RALLYDEBUG rally_openstack.cleanup.manager [-] Deleting neutron.network object s_rally_be5bdfc3_Pf38pBkM (56f650d6-4847-41b4-b503-639a252524ea)
2019-07-12 09:30:45.668 22705 RALLYDEBUG rally_openstack.cleanup.manager [-] Deleting neutron.network object s_rally_be5bdfc3_PnmURr9c (69c21027-cf45-4032-a7be-72f48b570d9c)
2019-07-12 09:30:45.671 22705 RALLYDEBUG rally_openstack.cleanup.manager [-] Deleting neutron.network object s_rally_be5bdfc3_hmxSyyIa (637490c7-b095-4f90-90af-cf75aa752081)
2019-07-12 09:30:48.280 22705 RALLYDEBUG rally_openstack.cleanup.manager [-] Deleting neutron.network object s_rally_be5bdfc3_WBflctvY (6bf5288e-0974-45d8-b492-aa9d81c8d11b)
2019-07-12 09:30:48.392 22705 RALLYDEBUG rally_openstack.cleanup.manager [-] Deleting neutron.network object s_rally_be5bdfc3_Nb1zGopk (6f0b064e-045c-45ae-a01a-ce927a8a383c)
2019-07-12 09:30:48.575 22705 RALLYDEBUG rally_openstack.cleanup.manager [-] Deleting neutron.network object s_rally_be5bdfc3_GSafTY9i (7b6ca91b-247c-4314-83b4-f3dd727dad8f)
2019-07-12 09:30:48.704 22705 RALLYDEBUG rally_openstack.cleanup.manager [-] Deleting neutron.network object s_rally_be5bdfc3_qdijmkt9 (7fdfb9cd-96c4-435b-908c-d16a748045b0)
2019-07-12 09:30:50.010 22705 RALLYDEBUG rally_openstack.cleanup.manager [-] Deleting neutron.network object s_rally_be5bdfc3_jpLV3HFw (8bfebcd6-5966-4173-b98c-e1625c021859)
2019-07-12 09:30:50.017 22705 RALLYDEBUG rally_openstack.cleanup.manager [-] Deleting neutron.network object s_rally_be5bdfc3_XocGLVRU (997dc71e-2839-431d-9bf0-bed5956de2c0)
2019-07-12 09:30:50.769 22705 RALLYDEBUG rally_openstack.cleanup.manager [-] Deleting neutron.network object s_rally_be5bdfc3_9KEhXOsu (9a38bb3f-1f7c-4a9b-a69d-b8d1c024f6cf)
2019-07-12 09:30:51.119 22705 RALLYDEBUG rally_openstack.cleanup.manager [-] Deleting neutron.network object s_rally_be5bdfc3_Vcf1bXLa (a745ff5b-c64e-4b25-9888-dca53ce61f4c)
2019-07-12 09:30:51.187 22705 RALLYDEBUG rally_openstack.cleanup.manager [-] Deleting neutron.network object s_rally_be5bdfc3_u3jfkrhm (a8214322-1c59-4527-a9a7-376dd75d9f1e)
2019-07-12 09:30:51.546 22705 RALLYDEBUG rally_openstack.cleanup.manager [-] Deleting neutron.network object s_rally_be5bdfc3_OCabwzpS (a824c139-2bc6-468e-9396-669b0fb525d5)
2019-07-12 09:30:51.649 22705 RALLYDEBUG rally_openstack.cleanup.manager [-] Deleting neutron.network object s_rally_be5bdfc3_6Bqgnt9M (b346a6ca-2bef-430a-8a7a-4f333a7b48bc)
2019-07-12 09:30:51.664 22705 RALLYDEBUG rally_openstack.cleanup.manager [-] Deleting neutron.network object s_rally_be5bdfc3_EDyjFfiZ (d48935c2-4cd9-4fc0-9aaf-ea5178f18b31)
2019-07-12 09:30:51.766 22705 RALLYDEBUG rally_openstack.cleanup.manager [-] Deleting neutron.network object s_rally_be5bdfc3_HKXBHW6r (d97ebc4b-eef5-4509-a5bb-a54b65c2cc7f)
2019-07-12 09:30:51.840 22705 RALLYDEBUG rally_openstack.cleanup.manager [-] Deleting neutron.network object s_rally_be5bdfc3_A7f1jmKk (dc2ab595-73b3-4cee-9634-11ad4f95ad5e)
2019-07-12 09:30:51.928 22705 RALLYDEBUG rally_openstack.cleanup.manager [-] Deleting neutron.network object s_rally_be5bdfc3_DeXMP7id (dfffddc7-075f-4a60-af9e-9dbe4736c9a3)
2019-07-12 09:30:52.130 22705 RALLYDEBUG rally_openstack.cleanup.manager [-] Deleting neutron.network object s_rally_be5bdfc3_EzkMt6xJ (e211e740-836b-41d8-941e-6467421f2bf9)
2019-07-12 09:30:52.191 22705 RALLYDEBUG rally_openstack.cleanup.manager [-] Deleting neutron.network object s_rally_be5bdfc3_n5M0ZyMw (eacec021-ae67-4df6-8ee1-9af77d4505a8)
2019-07-12 09:30:52.331 22705 RALLYDEBUG rally_openstack.cleanup.manager [-] Deleting neutron.network object s_rally_be5bdfc3_gAr5YGNi (eecbb23e-fa32-4474-93f5-9d1546dd2019)
2019-07-12 09:30:52.657 22705 RALLYDEBUG rally_openstack.cleanup.manager [-] Deleting neutron.network object s_rally_be5bdfc3_pBTWiDBk (fc8fec92-ab06-4038-8d31-bb50a8e45f8f)
2019-07-12 09:30:52.666 22705 RALLYDEBUG rally_openstack.cleanup.manager [-] Deleting neutron.network object s_rally_be5bdfc3_C1ak1vHk (fe3d7f54-90e8-4ce6-a4e9-4104ff5ad9cb)
2019-07-12 09:30:56.077 22705 RALLYDEBUG rally_openstack.cleanup.manager [-] Cleaning up neutron router objects
2019-07-12 09:30:56.997 22705 RALLYDEBUG rally_openstack.cleanup.manager [-] Cleaning up neutron security_group objects
2019-07-12 09:30:57.680 22705 INFO rally.task.context [-] Task e9b3e245-013d-49ed-acb4-aacc6841ab0f | Context cleanup@openstack cleanup() finished in 18.31 sec
2019-07-12 09:30:57.680 22705 INFO rally.task.context [-] Task e9b3e245-013d-49ed-acb4-aacc6841ab0f | Context quotas@openstack cleanup() started
2019-07-12 09:30:57.903 22705 INFO rally.task.context [-] Task e9b3e245-013d-49ed-acb4-aacc6841ab0f | Context quotas@openstack cleanup() finished in 0.22 sec
2019-07-12 09:30:57.904 22705 INFO rally.task.context [-] Task e9b3e245-013d-49ed-acb4-aacc6841ab0f | Context users@openstack cleanup() started
2019-07-12 09:31:02.375 22705 INFO rally.task.context [-] Task e9b3e245-013d-49ed-acb4-aacc6841ab0f | Context users@openstack cleanup() finished in 4.47 sec
2019-07-12 09:31:02.719 22705 INFO rally.task.engine [-] Load duration is: 40.074364
2019-07-12 09:31:02.720 22705 INFO rally.task.engine [-] Full runner duration is: 40.129458
2019-07-12 09:31:02.720 22705 INFO rally.task.engine [-] Full duration is: 67.916233
2019-07-12 09:31:03.001 22705 INFO rally.task.engine [-] Running workload: position = 0 config = { "version": 2, "title": "A cropped version of a bigger task.", "description": "Auto-generated task from a single workload (uuid=8e160418-003f-43b7-8bc0-be0639b61515)", "subtasks": [ { "title": "NeutronNetworks.create_and_list_routers", "description": "Create and a given number of routers and list all routers.", "scenario": { "NeutronNetworks.create_and_list_routers": { "network_create_args": null, "subnet_create_args": null, "subnet_cidr_start": "1.1.0.0/30", "subnets_per_network": 2, "router_create_args": null } }, "contexts": { "users": { "tenants": 1, "users_per_tenant": 1 }, "quotas": { "neutron": { "network": -1, "subnet": -1, "router": -1 } } }, "runner": { "constant": { "times": 40, "concurrency": 20 } }, "hooks": [], "sla": { "failure_rate": { "max": 0 } } } ] }
2019-07-12 09:31:03.026 22705 RALLYDEBUG rally_openstack.contexts.keystone.users [-] Creating 1 tenants using 20 threads
2019-07-12 09:31:04.885 22705 RALLYDEBUG rally_openstack.contexts.keystone.users [-] Creating 1 users using 20 threads
2019-07-12 09:31:07.435 22705 INFO rally.task.context [-] Task e9b3e245-013d-49ed-acb4-aacc6841ab0f | Context users@openstack setup() finished in 4.41 sec
2019-07-12 09:31:08.219 22705 INFO rally.task.context [-] Task e9b3e245-013d-49ed-acb4-aacc6841ab0f | Context quotas@openstack setup() finished in 0.78 sec
2019-07-12 09:31:08.219 22705 INFO rally.task.context [-] Task e9b3e245-013d-49ed-acb4-aacc6841ab0f | Context cleanup@openstack setup() finished in 0.01 msec
2019-07-12 09:31:08.226 22705 RALLYDEBUG rally.task.runner [-] Starting the constant runner (task UUID: e9b3e245-013d-49ed-acb4-aacc6841ab0f). timeout: 0 concurrency: 20 concurrency_per_worker: 1 times: 40 concurrency_overhead: 4 processes_to_start: 16 max_cpu_used: 16
2019-07-12 09:31:08.239 25169 RALLYDEBUG rally.task.runner [-] Starting a worker. concurrency: 2 args: {"network_create_args": null, "subnet_create_args": null, "subnet_cidr_start": "1.1.0.0/30", "subnets_per_network": 2, "router_create_args": null} times: 40 method_name: run timeout: 0 duration: None cls:
2019-07-12 09:31:08.242 25170 RALLYDEBUG rally.task.runner [-] Starting a worker. concurrency: 2 args: {"network_create_args": null, "subnet_create_args": null, "subnet_cidr_start": "1.1.0.0/30", "subnets_per_network": 2, "router_create_args": null} times: 40 method_name: run timeout: 0 duration: None cls:
2019-07-12 09:31:08.245 25171 RALLYDEBUG rally.task.runner [-] Starting a worker. concurrency: 2 args: {"network_create_args": null, "subnet_create_args": null, "subnet_cidr_start": "1.1.0.0/30", "subnets_per_network": 2, "router_create_args": null} times: 40 method_name: run timeout: 0 duration: None cls:
2019-07-12 09:31:08.245 25169 INFO rally.task.runner [-] Task e9b3e245-013d-49ed-acb4-aacc6841ab0f | ITER: 1 START
2019-07-12 09:31:08.247 25172 RALLYDEBUG rally.task.runner [-] Starting a worker. concurrency: 2 args: {"network_create_args": null, "subnet_create_args": null, "subnet_cidr_start": "1.1.0.0/30", "subnets_per_network": 2, "router_create_args": null} times: 40 method_name: run timeout: 0 duration: None cls:
2019-07-12 09:31:08.250 25174 RALLYDEBUG rally.task.runner [-] Starting a worker. concurrency: 1 args: {"network_create_args": null, "subnet_create_args": null, "subnet_cidr_start": "1.1.0.0/30", "subnets_per_network": 2, "router_create_args": null} times: 40 method_name: run timeout: 0 duration: None cls:
2019-07-12 09:31:08.252 25171 INFO rally.task.runner [-] Task e9b3e245-013d-49ed-acb4-aacc6841ab0f | ITER: 4 START
2019-07-12 09:31:08.253 25172 INFO rally.task.runner [-] Task e9b3e245-013d-49ed-acb4-aacc6841ab0f | ITER: 6 START
2019-07-12 09:31:08.253 25171 INFO rally.task.runner [-] Task e9b3e245-013d-49ed-acb4-aacc6841ab0f | ITER: 7 START
2019-07-12 09:31:08.253 25176 RALLYDEBUG rally.task.runner [-] Starting a worker. concurrency: 1 args: {"network_create_args": null, "subnet_create_args": null, "subnet_cidr_start": "1.1.0.0/30", "subnets_per_network": 2, "router_create_args": null} times: 40 method_name: run timeout: 0 duration: None cls:
2019-07-12 09:31:08.255 25174 INFO rally.task.runner [-] Task e9b3e245-013d-49ed-acb4-aacc6841ab0f | ITER: 8 START
2019-07-12 09:31:08.256 25170 INFO rally.task.runner [-] Task e9b3e245-013d-49ed-acb4-aacc6841ab0f | ITER: 3 START
2019-07-12 09:31:08.258 25180 RALLYDEBUG rally.task.runner [-] Starting a worker. concurrency: 1 args: {"network_create_args": null, "subnet_create_args": null, "subnet_cidr_start": "1.1.0.0/30", "subnets_per_network": 2, "router_create_args": null} times: 40 method_name: run timeout: 0 duration: None cls:
2019-07-12 09:31:08.261 25176 INFO rally.task.runner [-] Task e9b3e245-013d-49ed-acb4-aacc6841ab0f | ITER: 10 START
2019-07-12 09:31:08.261 25185 RALLYDEBUG rally.task.runner [-] Starting a worker. concurrency: 1 args: {"network_create_args": null, "subnet_create_args": null, "subnet_cidr_start": "1.1.0.0/30", "subnets_per_network": 2, "router_create_args": null} times: 40 method_name: run timeout: 0 duration: None cls:
2019-07-12 09:31:08.263 25169 INFO rally.task.runner [-] Task e9b3e245-013d-49ed-acb4-aacc6841ab0f | ITER: 2 START
2019-07-12 09:31:08.266 25189 RALLYDEBUG rally.task.runner [-] Starting a worker. concurrency: 1 args: {"network_create_args": null, "subnet_create_args": null, "subnet_cidr_start": "1.1.0.0/30", "subnets_per_network": 2, "router_create_args": null} times: 40 method_name: run timeout: 0 duration: None cls:
2019-07-12 09:31:08.266 25191 RALLYDEBUG rally.task.runner [-] Starting a worker. concurrency: 1 args: {"network_create_args": null, "subnet_create_args": null, "subnet_cidr_start": "1.1.0.0/30", "subnets_per_network": 2, "router_create_args": null} times: 40 method_name: run timeout: 0 duration: None cls:
2019-07-12 09:31:08.266 25170 INFO rally.task.runner [-] Task e9b3e245-013d-49ed-acb4-aacc6841ab0f | ITER: 5 START
2019-07-12 09:31:08.267 25180 INFO rally.task.runner [-] Task e9b3e245-013d-49ed-acb4-aacc6841ab0f | ITER: 11 START
2019-07-12 09:31:08.267 25185 INFO rally.task.runner [-] Task e9b3e245-013d-49ed-acb4-aacc6841ab0f | ITER: 12 START
2019-07-12 09:31:08.267 25172 INFO rally.task.runner [-] Task e9b3e245-013d-49ed-acb4-aacc6841ab0f | ITER: 9 START
2019-07-12 09:31:08.272 25189 INFO rally.task.runner [-] Task e9b3e245-013d-49ed-acb4-aacc6841ab0f | ITER: 13 START
2019-07-12 09:31:08.272 25191 INFO rally.task.runner [-] Task e9b3e245-013d-49ed-acb4-aacc6841ab0f | ITER: 14 START
2019-07-12 09:31:08.280 25199 RALLYDEBUG rally.task.runner [-] Starting a worker. concurrency: 1 args: {"network_create_args": null, "subnet_create_args": null, "subnet_cidr_start": "1.1.0.0/30", "subnets_per_network": 2, "router_create_args": null} times: 40 method_name: run timeout: 0 duration: None cls:
2019-07-12 09:31:08.287 25204 RALLYDEBUG rally.task.runner [-] Starting a worker. concurrency: 1 args: {"network_create_args": null, "subnet_create_args": null, "subnet_cidr_start": "1.1.0.0/30", "subnets_per_network": 2, "router_create_args": null} times: 40 method_name: run timeout: 0 duration: None cls:
2019-07-12 09:31:08.291 25199 INFO rally.task.runner [-] Task e9b3e245-013d-49ed-acb4-aacc6841ab0f | ITER: 15 START
2019-07-12 09:31:08.292 25204 INFO rally.task.runner [-] Task e9b3e245-013d-49ed-acb4-aacc6841ab0f | ITER: 16 START
2019-07-12 09:31:08.299 25209 RALLYDEBUG rally.task.runner [-] Starting a worker. concurrency: 1 args: {"network_create_args": null, "subnet_create_args": null, "subnet_cidr_start": "1.1.0.0/30", "subnets_per_network": 2, "router_create_args": null} times: 40 method_name: run timeout: 0 duration: None cls:
2019-07-12 09:31:08.304 25209 INFO rally.task.runner [-] Task e9b3e245-013d-49ed-acb4-aacc6841ab0f | ITER: 17 START
2019-07-12 09:31:08.306 25210 RALLYDEBUG rally.task.runner [-] Starting a worker. concurrency: 1 args: {"network_create_args": null, "subnet_create_args": null, "subnet_cidr_start": "1.1.0.0/30", "subnets_per_network": 2, "router_create_args": null} times: 40 method_name: run timeout: 0 duration: None cls:
2019-07-12 09:31:08.309 25213 RALLYDEBUG rally.task.runner [-] Starting a worker. concurrency: 1 args: {"network_create_args": null, "subnet_create_args": null, "subnet_cidr_start": "1.1.0.0/30", "subnets_per_network": 2, "router_create_args": null} times: 40 method_name: run timeout: 0 duration: None cls:
2019-07-12 09:31:08.310 25210 INFO rally.task.runner [-] Task e9b3e245-013d-49ed-acb4-aacc6841ab0f | ITER: 18 START
2019-07-12 09:31:08.312 25214 RALLYDEBUG rally.task.runner [-] Starting a worker. concurrency: 1 args: {"network_create_args": null, "subnet_create_args": null, "subnet_cidr_start": "1.1.0.0/30", "subnets_per_network": 2, "router_create_args": null} times: 40 method_name: run timeout: 0 duration: None cls:
2019-07-12 09:31:08.313 25213 INFO rally.task.runner [-] Task e9b3e245-013d-49ed-acb4-aacc6841ab0f | ITER: 19 START
2019-07-12 09:31:08.316 25214 INFO rally.task.runner [-] Task e9b3e245-013d-49ed-acb4-aacc6841ab0f | ITER: 20 START
2019-07-12 09:31:10.018 25174 RALLYDEBUG rally_openstack.wrappers.network [-] CIDR generated: 1.1.5.160/30
2019-07-12 09:31:10.065 25171 RALLYDEBUG rally_openstack.wrappers.network [-] CIDR generated: 1.1.5.164/30
2019-07-12 09:31:10.075 25172 RALLYDEBUG rally_openstack.wrappers.network [-] CIDR generated: 1.1.5.168/30
2019-07-12 09:31:10.126 25191 RALLYDEBUG rally_openstack.wrappers.network [-] CIDR generated: 1.1.5.172/30
2019-07-12 09:31:10.178 25180 RALLYDEBUG rally_openstack.wrappers.network [-] CIDR generated: 1.1.5.176/30
2019-07-12 09:31:10.185 25185 RALLYDEBUG rally_openstack.wrappers.network [-] CIDR generated: 1.1.5.180/30
2019-07-12 09:31:10.241 25169 RALLYDEBUG rally_openstack.wrappers.network [-] CIDR generated: 1.1.5.184/30
2019-07-12 09:31:10.281 25176 RALLYDEBUG rally_openstack.wrappers.network [-] CIDR generated: 1.1.5.188/30
2019-07-12 09:31:10.283 25189 RALLYDEBUG rally_openstack.wrappers.network [-] CIDR generated: 1.1.5.192/30
2019-07-12 09:31:10.439 25171 RALLYDEBUG rally_openstack.wrappers.network [-] CIDR generated: 1.1.5.196/30
2019-07-12 09:31:10.662 25170 RALLYDEBUG rally_openstack.wrappers.network [-] CIDR generated: 1.1.5.200/30
2019-07-12 09:31:10.670 25172 RALLYDEBUG rally_openstack.wrappers.network [-] CIDR generated: 1.1.5.204/30
2019-07-12 09:31:10.714 25169 RALLYDEBUG rally_openstack.wrappers.network [-] CIDR generated: 1.1.5.208/30
2019-07-12 09:31:10.725 25214 RALLYDEBUG rally_openstack.wrappers.network [-] CIDR generated: 1.1.5.212/30
2019-07-12 09:31:10.744 25213 RALLYDEBUG rally_openstack.wrappers.network [-] CIDR generated: 1.1.5.216/30
2019-07-12 09:31:10.809 25210 RALLYDEBUG rally_openstack.wrappers.network [-] CIDR generated: 1.1.5.220/30
2019-07-12 09:31:10.836 25199 RALLYDEBUG rally_openstack.wrappers.network [-] CIDR generated: 1.1.5.224/30
2019-07-12 09:31:11.591 25170 RALLYDEBUG rally_openstack.wrappers.network [-] CIDR generated: 1.1.5.228/30
2019-07-12 09:31:11.849 25174 RALLYDEBUG rally_openstack.wrappers.network [-] CIDR generated: 1.1.5.232/30
2019-07-12 09:31:11.968 25209 RALLYDEBUG rally_openstack.wrappers.network [-] CIDR generated: 1.1.5.236/30
2019-07-12 09:31:12.231 25191 RALLYDEBUG rally_openstack.wrappers.network [-] CIDR generated: 1.1.5.240/30
2019-07-12 09:31:12.511 25171 RALLYDEBUG rally_openstack.wrappers.network [-] CIDR generated: 1.1.5.244/30
2019-07-12 09:31:12.511 25189 RALLYDEBUG rally_openstack.wrappers.network [-] CIDR generated: 1.1.5.248/30
2019-07-12 09:31:12.602 25172 RALLYDEBUG rally_openstack.wrappers.network [-] CIDR generated: 1.1.5.252/30
2019-07-12 09:31:12.621 25214 RALLYDEBUG rally_openstack.wrappers.network [-] CIDR generated: 1.1.6.0/30
2019-07-12 09:31:12.681 25176 RALLYDEBUG rally_openstack.wrappers.network [-] CIDR generated: 1.1.6.4/30
2019-07-12 09:31:12.824 25204 RALLYDEBUG rally_openstack.wrappers.network [-] CIDR generated: 1.1.6.8/30
2019-07-12 09:31:12.833 25185 RALLYDEBUG rally_openstack.wrappers.network [-] CIDR generated: 1.1.6.12/30
2019-07-12 09:31:12.883 25180 RALLYDEBUG rally_openstack.wrappers.network [-] CIDR generated: 1.1.6.16/30
2019-07-12 09:31:13.059 25171 RALLYDEBUG rally_openstack.wrappers.network [-] CIDR generated: 1.1.6.20/30
2019-07-12 09:31:13.262 25170 RALLYDEBUG rally_openstack.wrappers.network [-] CIDR generated: 1.1.6.24/30
2019-07-12 09:31:13.935 25210 RALLYDEBUG rally_openstack.wrappers.network [-] CIDR generated: 1.1.6.28/30
2019-07-12 09:31:13.962 25199 RALLYDEBUG rally_openstack.wrappers.network [-] CIDR generated: 1.1.6.32/30
2019-07-12 09:31:13.976 25213 RALLYDEBUG rally_openstack.wrappers.network [-] CIDR generated: 1.1.6.36/30
2019-07-12 09:31:18.264 25169 RALLYDEBUG rally_openstack.wrappers.network [-] CIDR generated: 1.1.6.40/30
2019-07-12 09:31:18.825 25169 RALLYDEBUG rally_openstack.wrappers.network [-] CIDR generated: 1.1.6.44/30
2019-07-12 09:31:18.923 25172 RALLYDEBUG rally_openstack.wrappers.network [-] CIDR generated: 1.1.6.48/30
2019-07-12 09:31:18.954 25170 RALLYDEBUG rally_openstack.wrappers.network [-] CIDR generated: 1.1.6.52/30
2019-07-12 09:31:19.207 25209 RALLYDEBUG rally_openstack.wrappers.network [-] CIDR generated: 1.1.6.56/30
2019-07-12 09:31:20.096 25204 RALLYDEBUG rally_openstack.wrappers.network [-] CIDR generated: 1.1.6.60/30
2019-07-12 09:31:28.641 25174 INFO rally.task.runner [-] Task e9b3e245-013d-49ed-acb4-aacc6841ab0f | ITER: 8 END: OK
2019-07-12 09:31:28.646 25174 INFO rally.task.runner [-] Task e9b3e245-013d-49ed-acb4-aacc6841ab0f | ITER: 21 START
2019-07-12 09:31:28.950 25214 INFO rally.task.runner [-] Task e9b3e245-013d-49ed-acb4-aacc6841ab0f | ITER: 20 END: OK
2019-07-12 09:31:28.954 25214 INFO rally.task.runner [-] Task e9b3e245-013d-49ed-acb4-aacc6841ab0f | ITER: 22 START
2019-07-12 09:31:30.121 25174 RALLYDEBUG rally_openstack.wrappers.network [-] CIDR generated: 1.1.6.64/30
2019-07-12 09:31:30.140 25214 RALLYDEBUG rally_openstack.wrappers.network [-] CIDR generated: 1.1.6.68/30
2019-07-12 09:31:30.727 25191 INFO rally.task.runner [-] Task e9b3e245-013d-49ed-acb4-aacc6841ab0f | ITER: 14 END: OK
2019-07-12 09:31:30.730 25191 INFO rally.task.runner [-] Task e9b3e245-013d-49ed-acb4-aacc6841ab0f | ITER: 23 START
2019-07-12 09:31:30.931 25176 INFO rally.task.runner [-] Task e9b3e245-013d-49ed-acb4-aacc6841ab0f | ITER: 10 END: OK
2019-07-12 09:31:30.935 25176 INFO rally.task.runner [-] Task e9b3e245-013d-49ed-acb4-aacc6841ab0f | ITER: 24 START
2019-07-12 09:31:30.942 25172 INFO rally.task.runner [-] Task e9b3e245-013d-49ed-acb4-aacc6841ab0f | ITER: 9 END: OK
2019-07-12 09:31:30.946 25172 INFO rally.task.runner [-] Task e9b3e245-013d-49ed-acb4-aacc6841ab0f | ITER: 25 START
