2019-07-12 09:45:01.019 22705 RALLYDEBUG rally_openstack.cleanup.manager [-] Deleting neutron.port object s_rally_4652f463_aMnjMNQ1 (55bc82f1-c525-460a-be28-274cf4a04e01)
2019-07-12 09:45:01.378 22705 RALLYDEBUG rally_openstack.cleanup.manager [-] Deleting neutron.port object s_rally_4652f463_WS1as4Sn (560e6542-499e-45d5-902a-24177a7a60c4)
2019-07-12 09:45:02.426 22705 RALLYDEBUG rally_openstack.cleanup.manager [-] Deleting neutron.port object s_rally_4652f463_XK9FZ0MB (56b781fc-aa14-4d3d-b785-373e2a924af9)
2019-07-12 09:45:03.259 22705 RALLYDEBUG rally_openstack.cleanup.manager [-] Deleting neutron.port object s_rally_4652f463_bjZFh8vf (5e27d319-33b4-44b0-9c5f-f34d6abec3bf)
2019-07-12 09:45:03.362 22705 RALLYDEBUG rally_openstack.cleanup.manager [-] Deleting neutron.port object s_rally_4652f463_Smn88nfu (5e58d1dd-0bf3-4c29-a798-7e9224e640ba)
2019-07-12 09:45:03.517 22705 RALLYDEBUG rally_openstack.cleanup.manager [-] Deleting neutron.port object s_rally_4652f463_PmwClPfm (5e5fe42b-37ac-499e-b194-dd882dfcb3d5)
2019-07-12 09:45:03.571 22705 RALLYDEBUG rally_openstack.cleanup.manager [-] Deleting neutron.port object s_rally_4652f463_FMWl8Mgy (640ec48d-9cf0-474c-9ccc-d1f82cbf6414)
2019-07-12 09:45:03.572 22705 RALLYDEBUG rally_openstack.cleanup.manager [-] Deleting neutron.port object s_rally_4652f463_NwRjndhr (63267ce6-343b-4690-b7df-f6246322365c)
2019-07-12 09:45:03.592 22705 RALLYDEBUG rally_openstack.cleanup.manager [-] Deleting neutron.port object s_rally_4652f463_Jdk3Qqxy (6566ada4-7efa-469f-ace3-396384e612a1)
2019-07-12 09:45:03.615 22705 RALLYDEBUG rally_openstack.cleanup.manager [-] Deleting neutron.port object s_rally_4652f463_CMOFP5GD (68bfee09-fca5-425e-aaf1-f9cef24c41fd)
2019-07-12 09:45:03.656 22705 RALLYDEBUG rally_openstack.cleanup.manager [-] Deleting neutron.port object s_rally_4652f463_RaMoZjDR (6c935a69-77d7-495c-81fd-23c76cc15a7a)
2019-07-12 09:45:03.659 22705 RALLYDEBUG rally_openstack.cleanup.manager [-] Deleting neutron.port object s_rally_4652f463_drtH573b (6f6c544d-d126-48d3-b3f1-5ba0af119427)
2019-07-12 09:45:03.662 22705 RALLYDEBUG rally_openstack.cleanup.manager [-] Deleting neutron.port object s_rally_4652f463_5xZsiQl4 (6f561325-869d-4797-8aa8-bc467ccc1646)
2019-07-12 09:45:03.671 22705 RALLYDEBUG rally_openstack.cleanup.manager [-] Deleting neutron.port object s_rally_4652f463_4xyXC7n9 (70ecaabb-e081-4a0c-845d-9a96aab3f71d)
2019-07-12 09:45:03.783 22705 RALLYDEBUG rally_openstack.cleanup.manager [-] Deleting neutron.port object s_rally_4652f463_HGV6PsoO (7124ff4e-67fa-4be2-b4d8-2c555fe779c1)
2019-07-12 09:45:03.864 22705 RALLYDEBUG rally_openstack.cleanup.manager [-] Deleting neutron.port object s_rally_4652f463_1BCDtyYh (716c3bb6-f84e-49e3-91c5-f7d3487a5a89)
2019-07-12 09:45:03.979 22705 RALLYDEBUG rally_openstack.cleanup.manager [-] Deleting neutron.port object s_rally_4652f463_swBV2Art (733d9086-c0eb-47ec-bbd5-50c595d007aa)
2019-07-12 09:45:03.983 22705 RALLYDEBUG rally_openstack.cleanup.manager [-] Deleting neutron.port object s_rally_4652f463_EpD7iza9 (7365d995-aadd-46d9-b965-8155147c71fe)
2019-07-12 09:45:04.913 22705 RALLYDEBUG rally_openstack.cleanup.manager [-] Deleting neutron.port object s_rally_4652f463_SJdYxNrL (742fb8fb-bf6a-40ed-b950-a24951a2b6b9)
2019-07-12 09:45:05.208 22705 RALLYDEBUG rally_openstack.cleanup.manager [-] Deleting neutron.port object s_rally_4652f463_Ot7YUyoW (7746b488-0f30-4786-8683-c27c95db029a)
2019-07-12 09:45:05.208 22705 RALLYDEBUG rally_openstack.cleanup.manager [-] Deleting neutron.port object s_rally_4652f463_fRrtJMNY (775859b0-5f31-4fa0-87ae-ee44e99942b1)
2019-07-12 09:45:05.555 22705 RALLYDEBUG rally_openstack.cleanup.manager [-] Deleting neutron.port object s_rally_4652f463_9JTyd5HF (796f6953-fcec-4b1b-bdf7-14a54a37d593)
2019-07-12 09:45:05.558 22705 RALLYDEBUG rally_openstack.cleanup.manager [-] Deleting neutron.port object s_rally_4652f463_d1GcloaI (7a9fd69d-4ac6-4de6-827a-e7ce579e9b66)
2019-07-12 09:45:05.942 22705 RALLYDEBUG rally_openstack.cleanup.manager [-] Deleting neutron.port object s_rally_4652f463_RKrkpNq7 (7d642717-6d72-432c-99d6-97725f07ddbc)
2019-07-12 09:45:05.991 22705 RALLYDEBUG rally_openstack.cleanup.manager [-] Deleting neutron.port object s_rally_4652f463_IrU4ij2P (7f011b66-cd5f-4208-b9d6-8d989a3cc8d6)
2019-07-12 09:45:06.386 22705 RALLYDEBUG rally_openstack.cleanup.manager [-] Deleting neutron.port object s_rally_4652f463_qm3HbVnD (81cb44ec-a368-4326-b185-7825bf8e9cf1)
2019-07-12 09:45:06.390 22705 RALLYDEBUG rally_openstack.cleanup.manager [-] Deleting neutron.port object s_rally_4652f463_o6XXh8GC (8331438d-1a84-45f0-b0ac-2d10d99aa3f7)
2019-07-12 09:45:06.452 22705 RALLYDEBUG rally_openstack.cleanup.manager [-] Deleting neutron.port object s_rally_4652f463_VBus20Lo (8350518c-7553-4f0e-b271-d545b4f271a1)
2019-07-12 09:45:06.465 22705 RALLYDEBUG rally_openstack.cleanup.manager [-] Deleting neutron.port object s_rally_4652f463_ywsxEMD4 (861429cd-7860-4025-bd99-53a6baf4ea2d)
2019-07-12 09:45:06.771 22705 RALLYDEBUG rally_openstack.cleanup.manager [-] Deleting neutron.port object s_rally_4652f463_V8VIdCWo (8647e60f-931d-4a89-9165-e7eab3bd9744)
2019-07-12 09:45:07.112 22705 RALLYDEBUG rally_openstack.cleanup.manager [-] Deleting neutron.port object s_rally_4652f463_CVlzbC53 (8648e848-a3b1-490f-833a-504358666c21)
2019-07-12 09:45:07.152 22705 RALLYDEBUG rally_openstack.cleanup.manager [-] Deleting neutron.port object s_rally_4652f463_IQ9N2wWh (8763ba62-1e2f-4ec6-aebc-94025177533a)
2019-07-12 09:45:07.961 22705 RALLYDEBUG rally_openstack.cleanup.manager [-] Deleting neutron.port object s_rally_4652f463_35cAgBZL (89bcb132-3a33-4599-be25-06704517dc4c)
2019-07-12 09:45:07.988 22705 RALLYDEBUG rally_openstack.cleanup.manager [-] Deleting neutron.port object s_rally_4652f463_vCaMIyfh (8c31bcc4-97e6-45be-8df6-013b766e6092)
2019-07-12 09:45:08.013 22705 RALLYDEBUG rally_openstack.cleanup.manager [-] Deleting neutron.port object s_rally_4652f463_u4oeFR4A (8da83138-88fe-43c4-8b17-741988f1a408)
2019-07-12 09:45:08.038 22705 RALLYDEBUG rally_openstack.cleanup.manager [-] Deleting neutron.port object s_rally_4652f463_TVx2jd4F (8f0e25ef-9090-4528-84d0-634865f24e5f)
2019-07-12 09:45:08.058 22705 RALLYDEBUG rally_openstack.cleanup.manager [-] Deleting neutron.port object s_rally_4652f463_cFfpMkqa (9008eed2-5af3-47ca-a499-304480916479)
2019-07-12 09:45:08.103 22705 RALLYDEBUG rally_openstack.cleanup.manager [-] Deleting neutron.port object s_rally_4652f463_OPYzV3Jr (91772811-cdda-43e0-918d-74b4974caee2)
2019-07-12 09:45:08.128 22705 RALLYDEBUG rally_openstack.cleanup.manager [-] Deleting neutron.port object s_rally_4652f463_cnBe8T3C (9178f6c0-8494-4ddb-8289-44943fc37652)
2019-07-12 09:45:08.143 22705 RALLYDEBUG rally_openstack.cleanup.manager [-] Deleting neutron.port object s_rally_4652f463_ARCh5UXU (91bfd953-aa10-49b2-92e3-a022aa198f5a)
2019-07-12 09:45:08.466 22705 RALLYDEBUG rally_openstack.cleanup.manager [-] Deleting neutron.port object s_rally_4652f463_muwqpWOf (92824f1f-561e-4ec6-9ce2-3b5d1de85423)
2019-07-12 09:45:08.560 22705 RALLYDEBUG rally_openstack.cleanup.manager [-] Deleting neutron.port object s_rally_4652f463_MYpek2yz (93183624-f08f-4863-b8e9-ac9d648c3025)
2019-07-12 09:45:08.728 22705 RALLYDEBUG rally_openstack.cleanup.manager [-] Deleting neutron.port object s_rally_4652f463_U4tCOPGj (941c9b8e-47e0-46dc-bb79-2692984c84fd)
2019-07-12 09:45:08.734 22705 RALLYDEBUG rally_openstack.cleanup.manager [-] Deleting neutron.port object s_rally_4652f463_nBRbKBFW (9429a1e5-5f20-48d9-9659-387159f87a42)
2019-07-12 09:45:08.742 22705 RALLYDEBUG rally_openstack.cleanup.manager [-] Deleting neutron.port object s_rally_4652f463_Wkl4HP2P (9650b1d0-a441-4543-8541-c0b311d68811)
2019-07-12 09:45:09.031 22705 RALLYDEBUG rally_openstack.cleanup.manager [-] Deleting neutron.port object s_rally_4652f463_YT5I3j7r (966bda93-4e84-4cd6-98c2-4942fded7449)
2019-07-12 09:45:09.101 22705 RALLYDEBUG rally_openstack.cleanup.manager [-] Deleting neutron.port object s_rally_4652f463_Imq0mc7d (9727b405-7b84-4aab-97c1-5db359be72d2)
2019-07-12 09:45:09.187 22705 RALLYDEBUG rally_openstack.cleanup.manager [-] Deleting neutron.port object s_rally_4652f463_0RIO2ypM (973f9b71-09c6-4571-95cf-4c9f2b76b199)
2019-07-12 09:45:09.374 22705 RALLYDEBUG rally_openstack.cleanup.manager [-] Deleting neutron.port object s_rally_4652f463_hp3dTxoJ (97f1fadc-929d-4ee3-841c-5a63cb8020b1)
2019-07-12 09:45:09.376 22705 RALLYDEBUG rally_openstack.cleanup.manager [-] Deleting neutron.port object s_rally_4652f463_DiyzrGKu (9d3d67ca-5477-4d0f-b330-f4a3ac7f7bdf)
2019-07-12 09:45:09.485 22705 RALLYDEBUG rally_openstack.cleanup.manager [-] Deleting neutron.port object s_rally_4652f463_DmvdWz1k (9d888f3d-9958-42a8-b2d4-67bee86f7a9e)
2019-07-12 09:45:09.757 22705 RALLYDEBUG rally_openstack.cleanup.manager [-] Deleting neutron.port object s_rally_4652f463_hL1OJ4RX (9eb23bd0-3e2e-4ea2-811c-1b1368e79bfa)
2019-07-12 09:45:10.558 22705 RALLYDEBUG rally_openstack.cleanup.manager [-] Deleting neutron.port object s_rally_4652f463_PGHKDjvd (9fd1a392-aa06-45fb-86fc-4d486494f293)
2019-07-12 09:45:10.584 22705 RALLYDEBUG rally_openstack.cleanup.manager [-] Deleting neutron.port object s_rally_4652f463_PAMIfori (a377af6d-2256-4b6c-a04b-69e3972eb0a9)
2019-07-12 09:45:10.591 22705 RALLYDEBUG rally_openstack.cleanup.manager [-] Deleting neutron.port object s_rally_4652f463_hrEbtPV9 (a48360b8-a93e-46ab-add5-683fef0f11fc)
2019-07-12 09:45:10.851 22705 RALLYDEBUG rally_openstack.cleanup.manager [-] Deleting neutron.port object s_rally_4652f463_miEVic8i (a5677977-3b95-47bd-a8ed-088f38f6ccf2)
2019-07-12 09:45:10.890 22705 RALLYDEBUG rally_openstack.cleanup.manager [-] Deleting neutron.port object s_rally_4652f463_kWTTEyHS (a580ca9e-46ea-4ef5-8daf-d8883f36b848)
2019-07-12 09:45:11.567 22705 RALLYDEBUG rally_openstack.cleanup.manager [-] Deleting neutron.port object s_rally_4652f463_LuvezTZd (a6605bde-fd3d-4d73-92c7-59d2256e4eea)
2019-07-12 09:45:11.717 22705 RALLYDEBUG rally_openstack.cleanup.manager [-] Deleting neutron.port object s_rally_4652f463_xu5Fwqbs (a694fe45-333a-4092-b342-fa43c7c643f4)
2019-07-12 09:45:11.904 22705 RALLYDEBUG rally_openstack.cleanup.manager [-] Deleting neutron.port object s_rally_4652f463_qwVxBlN9 (a6ba600d-210c-4475-a6a3-c914b504e606)
2019-07-12 09:45:11.916 22705 RALLYDEBUG rally_openstack.cleanup.manager [-] Deleting neutron.port object s_rally_4652f463_XlyucCcX (a8d4f643-160c-4345-9892-245007c8658d)
2019-07-12 09:45:12.007 22705 RALLYDEBUG rally_openstack.cleanup.manager [-] Deleting neutron.port object s_rally_4652f463_ErfyTI3e (aaeb3079-34f6-4d69-a680-eaada2f4eebe)
2019-07-12 09:45:12.088 22705 RALLYDEBUG rally_openstack.cleanup.manager [-] Deleting neutron.port object s_rally_4652f463_Mik5JBbq (ab2c0345-1469-43a9-8b9d-17e66bd17366)
2019-07-12 09:45:12.094 22705 RALLYDEBUG rally_openstack.cleanup.manager [-] Deleting neutron.port object s_rally_4652f463_smZYsPSx (abe577ba-a80c-424f-aea8-b571a3d352e8)
2019-07-12 09:45:12.116 22705 RALLYDEBUG rally_openstack.cleanup.manager [-] Deleting neutron.port object s_rally_4652f463_BbjLPM8I (abf4299e-fa84-46aa-96c8-01d96c8f4fcd)
2019-07-12 09:45:12.240 22705 RALLYDEBUG rally_openstack.cleanup.manager [-] Deleting neutron.port object s_rally_4652f463_7G3fliaz (ac2e074b-53c4-4fb7-8adc-61563b278c12)
2019-07-12 09:45:12.375 22705 RALLYDEBUG rally_openstack.cleanup.manager [-] Deleting neutron.port object s_rally_4652f463_VOLYwmHW (aebccc84-2b6a-44e4-b6f1-90f5ea7f0a97)
2019-07-12 09:45:12.429 22705 RALLYDEBUG rally_openstack.cleanup.manager [-] Deleting neutron.port object s_rally_4652f463_HJjJ1Kcu (af145e0f-ed3a-408f-942e-d9905b4ed65a)
2019-07-12 09:45:12.518 22705 RALLYDEBUG rally_openstack.cleanup.manager [-] Deleting neutron.port object s_rally_4652f463_pZ0v2xPh (af27d194-0921-4d86-b800-074ed8a1d8bf)
2019-07-12 09:45:12.603 22705 RALLYDEBUG rally_openstack.cleanup.manager [-] Deleting neutron.port object s_rally_4652f463_SP4Eauyi (af86338a-e6c0-4820-b203-12e91476d497)
2019-07-12 09:45:12.609 22705 RALLYDEBUG rally_openstack.cleanup.manager [-] Deleting neutron.port object s_rally_4652f463_oGQpIquq (b1dba1ac-84fd-44fa-a481-bb004c9adca3)
2019-07-12 09:45:12.640 22705 RALLYDEBUG rally_openstack.cleanup.manager [-] Deleting neutron.port object s_rally_4652f463_LByk98ww (b347a7f6-8eb2-456c-8d53-c6f6f5fd4e0c)
2019-07-12 09:45:12.837 22705 RALLYDEBUG rally_openstack.cleanup.manager [-] Deleting neutron.port object s_rally_4652f463_GM7H4yFc (b3b51232-3a83-4072-a0aa-8eb69f711ed2)
2019-07-12 09:45:12.902 22705 RALLYDEBUG rally_openstack.cleanup.manager [-] Deleting neutron.port object s_rally_4652f463_a7kRETAk (b518751c-c2c2-46f6-84db-f28064ea9d44)
2019-07-12 09:45:13.269 22705 RALLYDEBUG rally_openstack.cleanup.manager [-] Deleting neutron.port object s_rally_4652f463_46ywHszf (b6c3c195-2334-4549-8a6b-d0808c098792)
2019-07-12 09:45:13.832 22705 RALLYDEBUG rally_openstack.cleanup.manager [-] Deleting neutron.port object s_rally_4652f463_fq97z5Rg (b8514d67-54e3-4f40-a43f-89473c8ac30e)
2019-07-12 09:45:13.837 22705 RALLYDEBUG rally_openstack.cleanup.manager [-] Deleting neutron.port object s_rally_4652f463_cdVEv2DC (baecd835-2176-47d2-a0a3-c9a62b50966c)
2019-07-12 09:45:13.997 22705 RALLYDEBUG rally_openstack.cleanup.manager [-] Deleting neutron.port object s_rally_4652f463_k5GGaSZo (bb45dd78-3b88-437a-8cf1-ea05e32b4fda)
2019-07-12 09:45:14.041 22705 RALLYDEBUG rally_openstack.cleanup.manager [-] Deleting neutron.port object s_rally_4652f463_gEjTfxRv (c03e0ee8-a170-4d2f-9661-1fdb0828e713)
2019-07-12 09:45:14.725 22705 RALLYDEBUG rally_openstack.cleanup.manager [-] Deleting neutron.port object s_rally_4652f463_HwfR18OW (c31c7622-e91c-47cc-ac53-46c1d2d10e97)
2019-07-12 09:45:15.113 22705 RALLYDEBUG rally_openstack.cleanup.manager [-] Deleting neutron.port object s_rally_4652f463_md4EYsZ7 (c46d3565-b7ff-4044-82eb-c49ee8aac124)
2019-07-12 09:45:15.207 22705 RALLYDEBUG rally_openstack.cleanup.manager [-] Deleting neutron.port object s_rally_4652f463_vOIACais (c4b09e96-beb6-43f8-85aa-2a237dd3f283)
2019-07-12 09:45:15.325 22705 RALLYDEBUG rally_openstack.cleanup.manager [-] Deleting neutron.port object s_rally_4652f463_QYpGg6Ay (c616adcc-af93-414c-8b25-c8ab1cc32e1d)
2019-07-12 09:45:15.510 22705 RALLYDEBUG rally_openstack.cleanup.manager [-] Deleting neutron.port object s_rally_4652f463_Jya08tmN (c63dd198-a747-4997-9c71-103a8389b5a2)
2019-07-12 09:45:15.594 22705 RALLYDEBUG rally_openstack.cleanup.manager [-] Deleting neutron.port object s_rally_4652f463_J240I26y (c690c07f-a4e6-4979-9788-080b7b58ddc4)
2019-07-12 09:45:15.694 22705 RALLYDEBUG rally_openstack.cleanup.manager [-] Deleting neutron.port object s_rally_4652f463_lpjIpkhu (c8aea6ae-3889-492a-9266-a230db778df1)
2019-07-12 09:45:15.719 22705 RALLYDEBUG rally_openstack.cleanup.manager [-] Deleting neutron.port object s_rally_4652f463_aCw0SYaj (c99a6dd9-24a4-477f-a820-fcb1eebd5d32)
2019-07-12 09:45:15.867 22705 RALLYDEBUG rally_openstack.cleanup.manager [-] Deleting neutron.port object s_rally_4652f463_QqjjkaTo (ca074e49-813d-45f0-bfd6-cb936d907c87)
2019-07-12 09:45:15.867 22705 RALLYDEBUG rally_openstack.cleanup.manager [-] Deleting neutron.port object s_rally_4652f463_Oidukcf4 (cbc390e6-89aa-49e1-a28d-47be201e145b)
2019-07-12 09:45:15.925 22705 RALLYDEBUG rally_openstack.cleanup.manager [-] Deleting neutron.port object s_rally_4652f463_b3jR1IYl (ccd04ccf-e869-4d2f-bb9a-06a789501d3a)
2019-07-12 09:45:16.000 22705 RALLYDEBUG rally_openstack.cleanup.manager [-] Deleting neutron.port object s_rally_4652f463_KPK9TowT (cd315f13-1b90-4f5d-ab09-cb02f5c286c6)
2019-07-12 09:45:16.033 22705 RALLYDEBUG rally_openstack.cleanup.manager [-] Deleting neutron.port object s_rally_4652f463_15KAK5a9 (cdb8709f-896f-4cae-91ce-a439cb4c40f6)
2019-07-12 09:45:16.056 22705 RALLYDEBUG rally_openstack.cleanup.manager [-] Deleting neutron.port object s_rally_4652f463_aUdIOxB0 (d12a3daf-61a2-43bc-af3c-822759b9c728)
2019-07-12 09:45:16.065 22705 RALLYDEBUG rally_openstack.cleanup.manager [-] Deleting neutron.port object s_rally_4652f463_Xye8Qvmo (d2beae42-cca7-4818-963f-41ed500855f3)
2019-07-12 09:45:16.076 22705 RALLYDEBUG rally_openstack.cleanup.manager [-] Deleting neutron.port object s_rally_4652f463_kQYLGHTB (d4e0720b-758a-459b-9be0-5d3d7b4e4967)
2019-07-12 09:45:16.176 22705 RALLYDEBUG rally_openstack.cleanup.manager [-] Deleting neutron.port object s_rally_4652f463_Cyh72k61 (d503e548-1167-4ff5-9aaa-99120037d641)
2019-07-12 09:45:16.379 22705 RALLYDEBUG rally_openstack.cleanup.manager [-] Deleting neutron.port object s_rally_4652f463_7U1AX4pD (d5c93aba-2f83-4797-bf2c-a65cc42282b6)
2019-07-12 09:45:16.991 22705 RALLYDEBUG rally_openstack.cleanup.manager [-] Deleting neutron.port object s_rally_4652f463_j7JSSORj (d5dba55b-c01d-420f-b69e-92b06a89a56c)
2019-07-12 09:45:17.001 22705 RALLYDEBUG rally_openstack.cleanup.manager [-] Deleting neutron.port object s_rally_4652f463_C42BzNwc (d689d0b0-12e6-4815-b171-be26cbbd7184)
2019-07-12 09:45:17.008 22705 RALLYDEBUG rally_openstack.cleanup.manager [-] Deleting neutron.port object s_rally_4652f463_0YUeqr97 (d7e86da5-1ae6-43e9-9d40-1f40069a612b)
2019-07-12 09:45:17.497 22705 RALLYDEBUG rally_openstack.cleanup.manager [-] Deleting neutron.port object s_rally_4652f463_KOi2ubgz (d99b122d-6bbf-44ee-9d71-0c3ae5ed1b20)
2019-07-12 09:45:17.961 22705 RALLYDEBUG rally_openstack.cleanup.manager [-] Deleting neutron.port object s_rally_4652f463_jXtwLy2N (d9bba053-1a5d-4e80-bb75-3c68203ca43a)
2019-07-12 09:45:18.150 22705 RALLYDEBUG rally_openstack.cleanup.manager [-] Deleting neutron.port object s_rally_4652f463_YYHWYHlJ (d9d19c10-9bd2-402f-b7aa-803076793a87)
2019-07-12 09:45:18.202 22705 RALLYDEBUG rally_openstack.cleanup.manager [-] Deleting neutron.port object s_rally_4652f463_qBXpBZge (d9dfe39e-1d6c-4c26-98a1-3d7d9abb3ff4)
2019-07-12 09:45:18.574 22705 RALLYDEBUG rally_openstack.cleanup.manager [-] Deleting neutron.port object s_rally_4652f463_lHz0APqc (daa2f8cb-5b6c-4d0d-8f57-dd5226d0b8ea)
2019-07-12 09:45:18.825 22705 RALLYDEBUG rally_openstack.cleanup.manager [-] Deleting neutron.port object s_rally_4652f463_jmF9Hd5T (daed1549-ad44-4396-9f23-c47be2436ec4)
2019-07-12 09:45:19.096 22705 RALLYDEBUG rally_openstack.cleanup.manager [-] Deleting neutron.port object s_rally_4652f463_D0E0veWN (dc2cdb6b-aeb3-4071-afc7-703054dbdf64)
2019-07-12 09:45:19.573 22705 RALLYDEBUG rally_openstack.cleanup.manager [-] Deleting neutron.port object s_rally_4652f463_7P9MaPYT (e0cc9a82-1f09-4981-8482-9eec79a1dcc1)
2019-07-12 09:45:19.585 22705 RALLYDEBUG rally_openstack.cleanup.manager [-] Deleting neutron.port object s_rally_4652f463_zu4suFQU (e14a8f1b-b85c-43d7-bf36-336368cccedd)
2019-07-12 09:45:19.647 22705 RALLYDEBUG rally_openstack.cleanup.manager [-] Deleting neutron.port object s_rally_4652f463_IErunoVi (e1650974-e39e-4c73-9083-21b8e080a212)
2019-07-12 09:45:19.708 22705 RALLYDEBUG rally_openstack.cleanup.manager [-] Deleting neutron.port object s_rally_4652f463_voxzDnhD (e32c4e17-aaa6-496c-b9a2-8683b90e783c)
2019-07-12 09:45:19.741 22705 RALLYDEBUG rally_openstack.cleanup.manager [-] Deleting neutron.port object s_rally_4652f463_TymJpVVc (e467d633-4f36-46d2-bc69-a0fba02ae472)
2019-07-12 09:45:19.844 22705 RALLYDEBUG rally_openstack.cleanup.manager [-] Deleting neutron.port object s_rally_4652f463_i5HVHGgC (e64f2905-c20a-49da-874c-9ef91c767c8e)
2019-07-12 09:45:19.864 22705 RALLYDEBUG rally_openstack.cleanup.manager [-] Deleting neutron.port object s_rally_4652f463_Gxb4aErB (e706f194-c9ca-4247-9132-e61972a1fcf8)
2019-07-12 09:45:19.874 22705 RALLYDEBUG rally_openstack.cleanup.manager [-] Deleting neutron.port object s_rally_4652f463_xVRE3ESn (e78bee06-34bd-4994-89a2-982bf4764428)
2019-07-12 09:45:20.291 22705 RALLYDEBUG rally_openstack.cleanup.manager [-] Deleting neutron.port object s_rally_4652f463_0cykcY87 (e836269c-2692-41bc-afde-5d1725cb90df)
2019-07-12 09:45:20.335 22705 RALLYDEBUG rally_openstack.cleanup.manager [-] Deleting neutron.port object s_rally_4652f463_bIlDHV0W (e917e955-1af2-4a34-ad8c-1b0e5df74f81)
2019-07-12 09:45:20.341 22705 RALLYDEBUG rally_openstack.cleanup.manager [-] Deleting neutron.port object s_rally_4652f463_vaqB2UrF (e9fca3d8-230c-49e6-9e2a-51f5d6449331)
2019-07-12 09:45:20.354 22705 RALLYDEBUG rally_openstack.cleanup.manager [-] Deleting neutron.port object s_rally_4652f463_nwH7E0hj (eae6a2d4-e268-45a1-8b44-0f0cef84eb21)
2019-07-12 09:45:20.395 22705 RALLYDEBUG rally_openstack.cleanup.manager [-] Deleting neutron.port object s_rally_4652f463_VUHq5mlX (ec9a3b4a-f3b3-428d-aecf-066d6803455e)
2019-07-12 09:45:20.400 22705 RALLYDEBUG rally_openstack.cleanup.manager [-] Deleting neutron.port object s_rally_4652f463_SghmCv9A (ee890c17-2223-49dc-9d6b-d7a65f8d74c9)
2019-07-12 09:45:20.421 22705 RALLYDEBUG rally_openstack.cleanup.manager [-] Deleting neutron.port object s_rally_4652f463_r8irGyCp (efc4c0e6-52d5-4edd-97f7-d9e23ac1a087)
2019-07-12 09:45:20.488 22705 RALLYDEBUG rally_openstack.cleanup.manager [-] Deleting neutron.port object s_rally_4652f463_lN614hhI (f23264f3-1e9f-4690-8b56-d6e794120175)
2019-07-12 09:45:20.493 22705 RALLYDEBUG rally_openstack.cleanup.manager [-] Deleting neutron.port object s_rally_4652f463_tMSFPr7L (f828252e-df6c-4371-aad3-0eef28449354)
2019-07-12 09:45:21.109 22705 RALLYDEBUG rally_openstack.cleanup.manager [-] Deleting neutron.port object s_rally_4652f463_bSQDyvFb (fbe2ec61-dd74-4aab-b585-90338322fe50)
2019-07-12 09:45:21.418 22705 RALLYDEBUG rally_openstack.cleanup.manager [-] Deleting neutron.port object s_rally_4652f463_Rnhdvd56 (fcf1b566-fd35-45c3-8fd8-12fb5e2bda6c)
2019-07-12 09:45:21.926 22705 RALLYDEBUG rally_openstack.cleanup.manager [-] Deleting neutron.port object s_rally_4652f463_Px5ktVx3 (fe4deb87-a105-4578-87f3-7f329be400fd)
2019-07-12 09:45:22.550 22705 RALLYDEBUG rally_openstack.cleanup.manager [-] Deleting neutron.port object s_rally_4652f463_6klf6onz (fe7835a1-8a2b-4658-a657-76a5f60a1f73)
2019-07-12 09:45:22.845 22705 RALLYDEBUG rally_openstack.cleanup.manager [-] Deleting neutron.port object s_rally_4652f463_dFMqIDD7 (fe9e8f6d-3ec7-410d-811d-2276eac13fde)
2019-07-12 09:45:22.860 22705 RALLYDEBUG rally_openstack.cleanup.manager [-] Deleting neutron.port object s_rally_4652f463_XWQtwuzI (fec7e596-aa3c-44e0-8b91-7087eeb4fc94)
2019-07-12 09:45:22.948 22705 RALLYDEBUG rally_openstack.cleanup.manager [-] Deleting neutron.port object s_rally_4652f463_NKXFDgTR (ff2ac31d-4fcf-4650-9ff6-1b168c7138eb)
2019-07-12 09:45:26.057 22705 RALLYDEBUG rally_openstack.cleanup.manager [-] Cleaning up neutron subnet objects
2019-07-12 09:45:26.942 22705 RALLYDEBUG rally_openstack.cleanup.manager [-] Cleaning up neutron network objects
2019-07-12 09:45:27.746 22705 RALLYDEBUG rally_openstack.cleanup.manager [-] Deleting neutron.network object s_rally_4652f463_ATOFkT4i (0174c951-d87f-49c0-bd13-d079ca6d25b5)
2019-07-12 09:45:27.752 22705 RALLYDEBUG rally_openstack.cleanup.manager [-] Deleting neutron.network object s_rally_4652f463_TGuRZtCM (16eaa6b9-084e-4545-befe-6cfe46edc206)
2019-07-12 09:45:27.758 22705 RALLYDEBUG rally_openstack.cleanup.manager [-] Deleting neutron.network object s_rally_4652f463_Ljwpfbyf (1717ed25-33cd-46f4-8d0d-7c961d9dc9c3)
2019-07-12 09:45:27.769 22705 RALLYDEBUG rally_openstack.cleanup.manager [-] Deleting neutron.network object s_rally_4652f463_46habnwd (1bf0da27-3f04-47da-be11-d3a816db0755)
2019-07-12 09:45:27.925 22705 RALLYDEBUG rally_openstack.cleanup.manager [-] Deleting neutron.network object s_rally_4652f463_ilSB7rSf (25a6056b-db05-4169-a569-38625e86d12c)
2019-07-12 09:45:27.935 22705 RALLYDEBUG rally_openstack.cleanup.manager [-] Deleting neutron.network object s_rally_4652f463_rzUWnrPP (3262da25-744e-46e1-a4af-f643ab3f98e4)
2019-07-12 09:45:27.936 22705 RALLYDEBUG rally_openstack.cleanup.manager [-] Deleting neutron.network object s_rally_4652f463_IWPVcy0A (3e5d4cfe-211a-4f23-ac44-ec9ea3b90846)
2019-07-12 09:45:27.939 22705 RALLYDEBUG rally_openstack.cleanup.manager [-] Deleting neutron.network object s_rally_4652f463_Jy9Ew6kx (2e4974a3-3040-4254-9a6d-f88bc593c935)
2019-07-12 09:45:27.946 22705 RALLYDEBUG rally_openstack.cleanup.manager [-] Deleting neutron.network object s_rally_4652f463_tsInQ95b (548c2479-c6cd-4849-8221-a47b94f45f8b)
2019-07-12 09:45:27.956 22705 RALLYDEBUG rally_openstack.cleanup.manager [-] Deleting neutron.network object s_rally_4652f463_xjEzDWM1 (58ee0442-ad86-4008-8b36-f6b6b1c759ca)
2019-07-12 09:45:27.967 22705 RALLYDEBUG rally_openstack.cleanup.manager [-] Deleting neutron.network object s_rally_4652f463_GOwwoHrO (5ea3c935-4185-4011-ab8b-57ec51240597)
2019-07-12 09:45:27.974 22705 RALLYDEBUG rally_openstack.cleanup.manager [-] Deleting neutron.network object s_rally_4652f463_oEU6o3aF (62276230-75cf-4740-9609-27361e4e43c1)
2019-07-12 09:45:27.979 22705 RALLYDEBUG rally_openstack.cleanup.manager [-] Deleting neutron.network object s_rally_4652f463_WinkSBlr (626e8e8e-f335-4481-a012-ae352ba03835)
2019-07-12 09:45:27.989 22705 RALLYDEBUG rally_openstack.cleanup.manager [-] Deleting neutron.network object s_rally_4652f463_jL8Fj9tE (77880da0-955e-4380-a2fc-dfd094583a07)
2019-07-12 09:45:27.997 22705 RALLYDEBUG rally_openstack.cleanup.manager [-] Deleting neutron.network object s_rally_4652f463_mWwZ3XFb (73f66993-3630-4a79-bbf8-bb8e4306daed)
2019-07-12 09:45:27.999 22705 RALLYDEBUG rally_openstack.cleanup.manager [-] Deleting neutron.network object s_rally_4652f463_5lMjMpaB (6ee22642-f6c7-43d7-a0ae-12ba820bc379)
2019-07-12 09:45:28.002 22705 RALLYDEBUG rally_openstack.cleanup.manager [-] Deleting neutron.network object s_rally_4652f463_hqEqhz8y (81795401-1a7a-4574-8549-c6d774e93ae2)
2019-07-12 09:45:28.019 22705 RALLYDEBUG rally_openstack.cleanup.manager [-] Deleting neutron.network object s_rally_4652f463_Favb2ooE (803f9160-c916-43fb-9f51-980a67f2bba7)
2019-07-12 09:45:28.020 22705 RALLYDEBUG rally_openstack.cleanup.manager [-] Deleting neutron.network object s_rally_4652f463_kkgA36Sc (86d4ba51-1089-4e4a-b5b6-76fe86f33663)
2019-07-12 09:45:28.028 22705 RALLYDEBUG rally_openstack.cleanup.manager [-] Deleting neutron.network object s_rally_4652f463_SQuwuE8e (87b35194-ec28-4570-ac52-a708c02e9619)
2019-07-12 09:45:31.294 22705 RALLYDEBUG rally_openstack.cleanup.manager [-] Deleting neutron.network object s_rally_4652f463_1FkJ9Egj (8ac558d8-aa25-4112-82d8-2d867d9f1d92)
2019-07-12 09:45:31.502 22705 RALLYDEBUG rally_openstack.cleanup.manager [-] Deleting neutron.network object s_rally_4652f463_sHI5rbvy (8ee2897b-9d54-4129-97c4-db58b65726d6)
2019-07-12 09:45:31.673 22705 RALLYDEBUG rally_openstack.cleanup.manager [-] Deleting neutron.network object s_rally_4652f463_zEofO8L2 (981c937d-11ae-4429-a429-0bab3b4aa4ab)
2019-07-12 09:45:31.679 22705 RALLYDEBUG rally_openstack.cleanup.manager [-] Deleting neutron.network object s_rally_4652f463_W4KJpXZW (9f2709fa-46bb-4686-a77c-22b5203f96e9)
2019-07-12 09:45:32.139 22705 RALLYDEBUG rally_openstack.cleanup.manager [-] Deleting neutron.network object s_rally_4652f463_hDQ7qEbf (a5dcf3d5-6eb1-4665-8307-5a5272cfad12)
2019-07-12 09:45:32.144 22705 RALLYDEBUG rally_openstack.cleanup.manager [-] Deleting neutron.network object s_rally_4652f463_iZ0xPnLs (a60192d8-7bcf-413e-9539-12891d46d517)
2019-07-12 09:45:32.434 22705 RALLYDEBUG rally_openstack.cleanup.manager [-] Deleting neutron.network object s_rally_4652f463_MnmFJwPv (ad7dc6b0-1a40-49f0-b3e7-a8e7e5628a3d)
2019-07-12 09:45:32.434 22705 RALLYDEBUG rally_openstack.cleanup.manager [-] Deleting neutron.network object s_rally_4652f463_k1nvC3Aq (ac258522-2e33-407b-ae86-bd3e481c7743)
2019-07-12 09:45:32.738 22705 RALLYDEBUG rally_openstack.cleanup.manager [-] Deleting neutron.network object s_rally_4652f463_oYRnUFK4 (b28a89eb-5cb1-41d6-a960-de7723c159f9)
2019-07-12 09:45:32.871 22705 RALLYDEBUG rally_openstack.cleanup.manager [-] Deleting neutron.network object s_rally_4652f463_5ozdKyVC (b371d948-e274-4f44-9dc6-a851b2b22e27)
2019-07-12 09:45:33.197 22705 RALLYDEBUG rally_openstack.cleanup.manager [-] Deleting neutron.network object s_rally_4652f463_w5QqxRxG (b659167f-a343-4a8b-baaf-049c90a786d9)
2019-07-12 09:45:33.274 22705 RALLYDEBUG rally_openstack.cleanup.manager [-] Deleting neutron.network object s_rally_4652f463_IUa79Oti (bd5a3ff2-f9bc-4c94-ae02-9a657e0702b6)
2019-07-12 09:45:33.416 22705 RALLYDEBUG rally_openstack.cleanup.manager [-] Deleting neutron.network object s_rally_4652f463_WBwuKAJ3 (c3332ea7-6807-4b66-ae89-0b3d8658d430)
2019-07-12 09:45:33.443 22705 RALLYDEBUG rally_openstack.cleanup.manager [-] Deleting neutron.network object s_rally_4652f463_VUyOrgqX (c6a90f7f-b557-4a80-a6f4-bdfc5c0df5a2)
2019-07-12 09:45:33.445 22705 RALLYDEBUG rally_openstack.cleanup.manager [-] Deleting neutron.network object s_rally_4652f463_82edFLUW (cffb51cf-c56b-4dda-bbe6-a7a45399bcfa)
2019-07-12 09:45:33.821 22705 RALLYDEBUG rally_openstack.cleanup.manager [-] Deleting neutron.network object s_rally_4652f463_nHdlYl09 (d0969b14-3ff0-4774-a4b1-f0ccb0c5f168)
2019-07-12 09:45:34.274 22705 RALLYDEBUG rally_openstack.cleanup.manager [-] Deleting neutron.network object s_rally_4652f463_BKvZo3ZO (de286152-5f91-41c8-8551-f48faa70a8e3)
2019-07-12 09:45:34.406 22705 RALLYDEBUG rally_openstack.cleanup.manager [-] Deleting neutron.network object s_rally_4652f463_ZUxYh4VH (e25da718-2e7f-4622-b4c4-ffec9537b57f)
2019-07-12 09:45:34.665 22705 RALLYDEBUG rally_openstack.cleanup.manager [-] Deleting neutron.network object s_rally_4652f463_PJZkwUhe (e49fcd26-3466-47c8-b459-29ec13f472dd)
2019-07-12 09:45:34.810 22705 RALLYDEBUG rally_openstack.cleanup.manager [-] Deleting neutron.network object s_rally_4652f463_lnmoTknl (f17ac3dd-12b4-48ef-8ecf-4c68ac0143db)
2019-07-12 09:45:37.760 22705 RALLYDEBUG rally_openstack.cleanup.manager [-] Cleaning up neutron router objects
2019-07-12 09:45:38.513 22705 RALLYDEBUG rally_openstack.cleanup.manager [-] Cleaning up neutron security_group objects
2019-07-12 09:45:39.166 22705 INFO rally.task.context [-] Task e9b3e245-013d-49ed-acb4-aacc6841ab0f | Context cleanup@openstack cleanup() finished in 54.07 sec
2019-07-12 09:45:39.166 22705 INFO rally.task.context [-] Task e9b3e245-013d-49ed-acb4-aacc6841ab0f | Context quotas@openstack cleanup() started
2019-07-12 09:45:39.392 22705 INFO rally.task.context [-] Task e9b3e245-013d-49ed-acb4-aacc6841ab0f | Context quotas@openstack cleanup() finished in 0.23 sec
2019-07-12 09:45:39.393 22705 INFO rally.task.context [-] Task e9b3e245-013d-49ed-acb4-aacc6841ab0f | Context users@openstack cleanup() started
2019-07-12 09:45:44.030 22705 INFO rally.task.context [-] Task e9b3e245-013d-49ed-acb4-aacc6841ab0f | Context users@openstack cleanup() finished in 4.64 sec
2019-07-12 09:45:45.434 22705 INFO rally.task.engine [-] Load duration is: 46.89949
2019-07-12 09:45:45.434 22705 INFO rally.task.engine [-] Full runner duration is: 46.943851
2019-07-12 09:45:45.434 22705 INFO rally.task.engine [-] Full duration is: 111.02734
2019-07-12 09:45:45.625 22705 INFO rally.task.engine [-] Running workload: position = 2 config = { "version": 2, "title": "A cropped version of a bigger task.", "description": "Auto-generated task from a single workload (uuid=3b1e930c-f3cf-4ad4-b41d-647d8204fb6e)", "subtasks": [ { "title": "NeutronNetworks.create_and_delete_ports", "description": "Create and delete a port.", "scenario": { "NeutronNetworks.create_and_delete_ports": { "network_create_args": {}, "port_create_args": {}, "ports_per_network": 5 } }, "contexts": { "users": { "tenants": 1, "users_per_tenant": 1 }, "quotas": { "neutron": { "network": -1, "port": -1 } } }, "runner": { "constant": { "times": 40, "concurrency": 20 } }, "hooks": [], "sla": { "failure_rate": { "max": 0 } } } ] }
2019-07-12 09:45:45.648 22705 RALLYDEBUG rally_openstack.contexts.keystone.users [-] Creating 1 tenants using 20 threads
2019-07-12 09:45:47.336 22705 RALLYDEBUG rally_openstack.contexts.keystone.users [-] Creating 1 users using 20 threads
2019-07-12 09:45:49.910 22705 INFO rally.task.context [-] Task e9b3e245-013d-49ed-acb4-aacc6841ab0f | Context users@openstack setup() finished in 4.26 sec
2019-07-12 09:45:50.566 22705 INFO rally.task.context [-] Task e9b3e245-013d-49ed-acb4-aacc6841ab0f | Context quotas@openstack setup() finished in 0.66 sec
2019-07-12 09:45:50.566 22705 INFO rally.task.context [-] Task e9b3e245-013d-49ed-acb4-aacc6841ab0f | Context cleanup@openstack setup() finished in 0.01 msec
2019-07-12 09:45:50.574 22705 RALLYDEBUG rally.task.runner [-] Starting the constant runner (task UUID: e9b3e245-013d-49ed-acb4-aacc6841ab0f). timeout: 0 concurrency: 20 concurrency_per_worker: 1 times: 40 concurrency_overhead: 4 processes_to_start: 16 max_cpu_used: 16
2019-07-12 09:45:50.587 26951 RALLYDEBUG rally.task.runner [-] Starting a worker. concurrency: 2 args: {"network_create_args": {}, "port_create_args": {}, "ports_per_network": 5} times: 40 method_name: run timeout: 0 duration: None cls:
2019-07-12 09:45:50.590 26952 RALLYDEBUG rally.task.runner [-] Starting a worker. concurrency: 2 args: {"network_create_args": {}, "port_create_args": {}, "ports_per_network": 5} times: 40 method_name: run timeout: 0 duration: None cls:
2019-07-12 09:45:50.593 26953 RALLYDEBUG rally.task.runner [-] Starting a worker. concurrency: 2 args: {"network_create_args": {}, "port_create_args": {}, "ports_per_network": 5} times: 40 method_name: run timeout: 0 duration: None cls:
2019-07-12 09:45:50.596 26954 RALLYDEBUG rally.task.runner [-] Starting a worker. concurrency: 2 args: {"network_create_args": {}, "port_create_args": {}, "ports_per_network": 5} times: 40 method_name: run timeout: 0 duration: None cls:
2019-07-12 09:45:50.597 26951 INFO rally.task.runner [-] Task e9b3e245-013d-49ed-acb4-aacc6841ab0f | ITER: 1 START
2019-07-12 09:45:50.599 26951 WARNING rally_openstack.scenarios.neutron.utils [-] Running this scenario without either the 'network' or 'existing_network' context is deprecated
2019-07-12 09:45:50.599 26952 INFO rally.task.runner [-] Task e9b3e245-013d-49ed-acb4-aacc6841ab0f | ITER: 2 START
2019-07-12 09:45:50.600 26952 INFO rally.task.runner [-] Task e9b3e245-013d-49ed-acb4-aacc6841ab0f | ITER: 5 START
2019-07-12 09:45:50.601 26955 RALLYDEBUG rally.task.runner [-] Starting a worker. concurrency: 1 args: {"network_create_args": {}, "port_create_args": {}, "ports_per_network": 5} times: 40 method_name: run timeout: 0 duration: None cls:
2019-07-12 09:45:50.602 26952 WARNING rally_openstack.scenarios.neutron.utils [-] Running this scenario without either the 'network' or 'existing_network' context is deprecated
2019-07-12 09:45:50.599 26953 INFO rally.task.runner [-] Task e9b3e245-013d-49ed-acb4-aacc6841ab0f | ITER: 4 START
2019-07-12 09:45:50.603 26953 INFO rally.task.runner [-] Task e9b3e245-013d-49ed-acb4-aacc6841ab0f | ITER: 7 START
2019-07-12 09:45:50.605 26954 INFO rally.task.runner [-] Task e9b3e245-013d-49ed-acb4-aacc6841ab0f | ITER: 6 START
2019-07-12 09:45:50.605 26953 WARNING rally_openstack.scenarios.neutron.utils [-] Running this scenario without either the 'network' or 'existing_network' context is deprecated
2019-07-12 09:45:50.606 26961 RALLYDEBUG rally.task.runner [-] Starting a worker. concurrency: 1 args: {"network_create_args": {}, "port_create_args": {}, "ports_per_network": 5} times: 40 method_name: run timeout: 0 duration: None cls:
2019-07-12 09:45:50.607 26954 WARNING rally_openstack.scenarios.neutron.utils [-] Running this scenario without either the 'network' or 'existing_network' context is deprecated
2019-07-12 09:45:50.608 26955 INFO rally.task.runner [-] Task e9b3e245-013d-49ed-acb4-aacc6841ab0f | ITER: 9 START
2019-07-12 09:45:50.603 26952 WARNING rally_openstack.scenarios.neutron.utils [-] Running this scenario without either the 'network' or 'existing_network' context is deprecated
2019-07-12 09:45:50.609 26951 INFO rally.task.runner [-] Task e9b3e245-013d-49ed-acb4-aacc6841ab0f | ITER: 3 START
2019-07-12 09:45:50.609 26955 WARNING rally_openstack.scenarios.neutron.utils [-] Running this scenario without either the 'network' or 'existing_network' context is deprecated
2019-07-12 09:45:50.608 26966 RALLYDEBUG rally.task.runner [-] Starting a worker. concurrency: 1 args: {"network_create_args": {}, "port_create_args": {}, "ports_per_network": 5} times: 40 method_name: run timeout: 0 duration: None cls:
2019-07-12 09:45:50.610 26951 WARNING rally_openstack.scenarios.neutron.utils [-] Running this scenario without either the 'network' or 'existing_network' context is deprecated
2019-07-12 09:45:50.606 26953 WARNING rally_openstack.scenarios.neutron.utils [-] Running this scenario without either the 'network' or 'existing_network' context is deprecated
2019-07-12 09:45:50.613 26961 INFO rally.task.runner [-] Task e9b3e245-013d-49ed-acb4-aacc6841ab0f | ITER: 10 START
2019-07-12 09:45:50.615 26961 WARNING rally_openstack.scenarios.neutron.utils [-] Running this scenario without either the 'network' or 'existing_network' context is deprecated
2019-07-12 09:45:50.616 26966 INFO rally.task.runner [-] Task e9b3e245-013d-49ed-acb4-aacc6841ab0f | ITER: 11 START
2019-07-12 09:45:50.616 26970 RALLYDEBUG rally.task.runner [-] Starting a worker. concurrency: 1 args: {"network_create_args": {}, "port_create_args": {}, "ports_per_network": 5} times: 40 method_name: run timeout: 0 duration: None cls:
2019-07-12 09:45:50.618 26954 INFO rally.task.runner [-] Task e9b3e245-013d-49ed-acb4-aacc6841ab0f | ITER: 8 START
2019-07-12 09:45:50.618 26966 WARNING rally_openstack.scenarios.neutron.utils [-] Running this scenario without either the 'network' or 'existing_network' context is deprecated
2019-07-12 09:45:50.618 26954 WARNING rally_openstack.scenarios.neutron.utils [-] Running this scenario without either the 'network' or 'existing_network' context is deprecated
2019-07-12 09:45:50.625 26978 RALLYDEBUG rally.task.runner [-] Starting a worker. concurrency: 1 args: {"network_create_args": {}, "port_create_args": {}, "ports_per_network": 5} times: 40 method_name: run timeout: 0 duration: None cls:
2019-07-12 09:45:50.627 26975 RALLYDEBUG rally.task.runner [-] Starting a worker. concurrency: 1 args: {"network_create_args": {}, "port_create_args": {}, "ports_per_network": 5} times: 40 method_name: run timeout: 0 duration: None cls:
2019-07-12 09:45:50.631 26978 INFO rally.task.runner [-] Task e9b3e245-013d-49ed-acb4-aacc6841ab0f | ITER: 13 START
2019-07-12 09:45:50.633 26975 INFO rally.task.runner [-] Task e9b3e245-013d-49ed-acb4-aacc6841ab0f | ITER: 14 START
2019-07-12 09:45:50.633 26978 WARNING rally_openstack.scenarios.neutron.utils [-] Running this scenario without either the 'network' or 'existing_network' context is deprecated
2019-07-12 09:45:50.634 26975 WARNING rally_openstack.scenarios.neutron.utils [-] Running this scenario without either the 'network' or 'existing_network' context is deprecated
2019-07-12 09:45:50.631 26979 RALLYDEBUG rally.task.runner [-] Starting a worker. concurrency: 1 args: {"network_create_args": {}, "port_create_args": {}, "ports_per_network": 5} times: 40 method_name: run timeout: 0 duration: None cls:
2019-07-12 09:45:50.641 26970 INFO rally.task.runner [-] Task e9b3e245-013d-49ed-acb4-aacc6841ab0f | ITER: 12 START
2019-07-12 09:45:50.645 26970 WARNING rally_openstack.scenarios.neutron.utils [-] Running this scenario without either the 'network' or 'existing_network' context is deprecated
2019-07-12 09:45:50.642 26985 RALLYDEBUG rally.task.runner [-] Starting a worker. concurrency: 1 args: {"network_create_args": {}, "port_create_args": {}, "ports_per_network": 5} times: 40 method_name: run timeout: 0 duration: None cls:
2019-07-12 09:45:50.647 26979 INFO rally.task.runner [-] Task e9b3e245-013d-49ed-acb4-aacc6841ab0f | ITER: 15 START
2019-07-12 09:45:50.649 26979 WARNING rally_openstack.scenarios.neutron.utils [-] Running this scenario without either the 'network' or 'existing_network' context is deprecated
2019-07-12 09:45:50.652 26985 INFO rally.task.runner [-] Task e9b3e245-013d-49ed-acb4-aacc6841ab0f | ITER: 16 START
2019-07-12 09:45:50.654 26985 WARNING rally_openstack.scenarios.neutron.utils [-] Running this scenario without either the 'network' or 'existing_network' context is deprecated
2019-07-12 09:45:50.658 26988 RALLYDEBUG rally.task.runner [-] Starting a worker. concurrency: 1 args: {"network_create_args": {}, "port_create_args": {}, "ports_per_network": 5} times: 40 method_name: run timeout: 0 duration: None cls:
2019-07-12 09:45:50.660 26992 RALLYDEBUG rally.task.runner [-] Starting a worker. concurrency: 1 args: {"network_create_args": {}, "port_create_args": {}, "ports_per_network": 5} times: 40 method_name: run timeout: 0 duration: None cls:
2019-07-12 09:45:50.663 26988 INFO rally.task.runner [-] Task e9b3e245-013d-49ed-acb4-aacc6841ab0f | ITER: 17 START
2019-07-12 09:45:50.664 26988 WARNING rally_openstack.scenarios.neutron.utils [-] Running this scenario without either the 'network' or 'existing_network' context is deprecated
2019-07-12 09:45:50.666 26992 INFO rally.task.runner [-] Task e9b3e245-013d-49ed-acb4-aacc6841ab0f | ITER: 18 START
2019-07-12 09:45:50.666 26993 RALLYDEBUG rally.task.runner [-] Starting a worker. concurrency: 1 args: {"network_create_args": {}, "port_create_args": {}, "ports_per_network": 5} times: 40 method_name: run timeout: 0 duration: None cls:
2019-07-12 09:45:50.668 26992 WARNING rally_openstack.scenarios.neutron.utils [-] Running this scenario without either the 'network' or 'existing_network' context is deprecated
2019-07-12 09:45:50.672 26993 INFO rally.task.runner [-] Task e9b3e245-013d-49ed-acb4-aacc6841ab0f | ITER: 19 START
2019-07-12 09:45:50.672 26998 RALLYDEBUG rally.task.runner [-] Starting a worker. concurrency: 1 args: {"network_create_args": {}, "port_create_args": {}, "ports_per_network": 5} times: 40 method_name: run timeout: 0 duration: None cls:
2019-07-12 09:45:50.674 26993 WARNING rally_openstack.scenarios.neutron.utils [-] Running this scenario without either the 'network' or 'existing_network' context is deprecated
2019-07-12 09:45:50.677 26998 INFO rally.task.runner [-] Task e9b3e245-013d-49ed-acb4-aacc6841ab0f | ITER: 20 START
2019-07-12 09:45:50.678 26998 WARNING rally_openstack.scenarios.neutron.utils [-] Running this scenario without either the 'network' or 'existing_network' context is deprecated
2019-07-12 09:45:59.766 26975 INFO rally.task.runner [-] Task e9b3e245-013d-49ed-acb4-aacc6841ab0f | ITER: 14 END: OK
2019-07-12 09:45:59.770 26975 INFO rally.task.runner [-] Task e9b3e245-013d-49ed-acb4-aacc6841ab0f | ITER: 21 START
2019-07-12 09:45:59.770 26975 WARNING rally_openstack.scenarios.neutron.utils [-] Running this scenario without either the 'network' or 'existing_network' context is deprecated
2019-07-12 09:46:00.812 26970 INFO rally.task.runner [-] Task e9b3e245-013d-49ed-acb4-aacc6841ab0f | ITER: 12 END: OK
2019-07-12 09:46:00.816 26970 INFO rally.task.runner [-] Task e9b3e245-013d-49ed-acb4-aacc6841ab0f | ITER: 22 START
2019-07-12 09:46:00.817 26970 WARNING rally_openstack.scenarios.neutron.utils [-] Running this scenario without either the 'network' or 'existing_network' context is deprecated
2019-07-12 09:46:01.752 26993 INFO rally.task.runner [-] Task e9b3e245-013d-49ed-acb4-aacc6841ab0f | ITER: 19 END: OK
2019-07-12 09:46:01.756 26993 INFO rally.task.runner [-] Task e9b3e245-013d-49ed-acb4-aacc6841ab0f | ITER: 23 START
2019-07-12 09:46:01.757 26993 WARNING rally_openstack.scenarios.neutron.utils [-] Running this scenario without either the 'network' or 'existing_network' context is deprecated
2019-07-12 09:46:08.704 26951 INFO rally.task.runner [-] Task e9b3e245-013d-49ed-acb4-aacc6841ab0f | ITER: 3 END: OK
2019-07-12 09:46:08.709 26951 INFO rally.task.runner [-] Task e9b3e245-013d-49ed-acb4-aacc6841ab0f | ITER: 24 START
2019-07-12 09:46:08.710 26951 WARNING rally_openstack.scenarios.neutron.utils [-] Running this scenario without either the 'network' or 'existing_network' context is deprecated
2019-07-12 09:46:09.097 26992 INFO rally.task.runner [-] Task e9b3e245-013d-49ed-acb4-aacc6841ab0f | ITER: 18 END: OK
2019-07-12 09:46:09.102 26992 INFO rally.task.runner [-] Task e9b3e245-013d-49ed-acb4-aacc6841ab0f | ITER: 25 START
2019-07-12 09:46:09.102 26992 WARNING rally_openstack.scenarios.neutron.utils [-] Running this scenario without either the 'network' or 'existing_network' context is deprecated
2019-07-12 09:46:09.326 26979 INFO rally.task.runner [-] Task e9b3e245-013d-49ed-acb4-aacc6841ab0f | ITER: 15 END: OK
2019-07-12 09:46:09.330 26979 INFO rally.task.runner [-] Task e9b3e245-013d-49ed-acb4-aacc6841ab0f | ITER: 26 START
2019-07-12 09:46:09.331 26979 WARNING rally_openstack.scenarios.neutron.utils [-] Running this scenario without either the 'network' or 'existing_network' context is deprecated
2019-07-12 09:46:09.332 26954 INFO rally.task.runner [-] Task e9b3e245-013d-49ed-acb4-aacc6841ab0f | ITER: 8 END: OK
2019-07-12 09:46:09.336 26954 INFO rally.task.runner [-] Task e9b3e245-013d-49ed-acb4-aacc6841ab0f | ITER: 27 START
2019-07-12 09:46:09.336 26954 WARNING rally_openstack.scenarios.neutron.utils [-] Running this scenario without either the 'network' or 'existing_network' context is deprecated
2019-07-12 09:46:09.340 26954 INFO rally.task.runner [-] Task e9b3e245-013d-49ed-acb4-aacc6841ab0f | ITER: 6 END: OK
2019-07-12 09:46:09.346 26954 INFO rally.task.runner [-] Task e9b3e245-013d-49ed-acb4-aacc6841ab0f | ITER: 28 START
2019-07-12 09:46:09.347 26954 WARNING rally_openstack.scenarios.neutron.utils [-] Running this scenario without either the 'network' or 'existing_network' context is deprecated
2019-07-12 09:46:09.806 26998 INFO rally.task.runner [-] Task e9b3e245-013d-49ed-acb4-aacc6841ab0f | ITER: 20 END: OK
2019-07-12 09:46:09.810 26998 INFO rally.task.runner [-] Task e9b3e245-013d-49ed-acb4-aacc6841ab0f | ITER: 29 START
2019-07-12 09:46:09.811 26998 WARNING rally_openstack.scenarios.neutron.utils [-] Running this scenario without either the 'network' or 'existing_network' context is deprecated
2019-07-12 09:46:11.216 26993 INFO rally.task.runner [-] Task e9b3e245-013d-49ed-acb4-aacc6841ab0f | ITER: 23 END: OK
2019-07-12 09:46:11.220 26993 INFO rally.task.runner [-] Task e9b3e245-013d-49ed-acb4-aacc6841ab0f | ITER: 30 START
2019-07-12 09:46:11.221 26993 WARNING rally_openstack.scenarios.neutron.utils [-] Running this scenario without either the 'network' or 'existing_network' context is deprecated
2019-07-12 09:46:12.506 26975 INFO rally.task.runner [-] Task e9b3e245-013d-49ed-acb4-aacc6841ab0f | ITER: 21 END: OK
2019-07-12 09:46:12.510 26975 INFO rally.task.runner [-] Task e9b3e245-013d-49ed-acb4-aacc6841ab0f | ITER: 31 START
2019-07-12 09:46:12.511 26975 WARNING rally_openstack.scenarios.neutron.utils [-] Running this scenario without either the 'network' or 'existing_network' context is deprecated
2019-07-12 09:46:14.174 26970 INFO rally.task.runner [-] Task e9b3e245-013d-49ed-acb4-aacc6841ab0f | ITER: 22 END: OK
2019-07-12 09:46:14.177 26970 INFO rally.task.runner [-] Task e9b3e245-013d-49ed-acb4-aacc6841ab0f | ITER: 32 START
2019-07-12 09:46:14.178 26970 WARNING rally_openstack.scenarios.neutron.utils [-] Running this scenario without either the 'network' or 'existing_network' context is deprecated
2019-07-12 09:46:16.781 26951 INFO rally.task.runner [-] Task e9b3e245-013d-49ed-acb4-aacc6841ab0f | ITER: 24 END: OK
2019-07-12 09:46:16.784 26951 INFO rally.task.runner [-] Task e9b3e245-013d-49ed-acb4-aacc6841ab0f | ITER: 33 START
2019-07-12 09:46:16.785 26951 WARNING rally_openstack.scenarios.neutron.utils [-] Running this scenario without either the 'network' or 'existing_network' context is deprecated
2019-07-12 09:46:17.783 26953 INFO rally.task.runner [-] Task e9b3e245-013d-49ed-acb4-aacc6841ab0f | ITER: 7 END: OK
2019-07-12 09:46:17.787 26953 INFO rally.task.runner [-] Task e9b3e245-013d-49ed-acb4-aacc6841ab0f | ITER: 34 START
2019-07-12 09:46:17.788 26953 WARNING rally_openstack.scenarios.neutron.utils [-] Running this scenario without either the 'network' or 'existing_network' context is deprecated
2019-07-12 09:46:18.498 26978 INFO rally.task.runner [-] Task e9b3e245-013d-49ed-acb4-aacc6841ab0f | ITER: 13 END: OK
2019-07-12 09:46:18.503 26978 INFO rally.task.runner [-] Task e9b3e245-013d-49ed-acb4-aacc6841ab0f | ITER: 35 START
2019-07-12 09:46:18.503 26978 WARNING rally_openstack.scenarios.neutron.utils [-] Running this scenario without either the 'network' or 'existing_network' context is deprecated
2019-07-12 09:46:18.538 26952 INFO rally.task.runner [-] Task e9b3e245-013d-49ed-acb4-aacc6841ab0f | ITER: 5 END: OK
2019-07-12 09:46:18.540 26966 INFO rally.task.runner [-] Task e9b3e245-013d-49ed-acb4-aacc6841ab0f | ITER: 11 END: OK
2019-07-12 09:46:18.542 26952 INFO rally.task.runner [-] Task e9b3e245-013d-49ed-acb4-aacc6841ab0f | ITER: 36 START
2019-07-12 09:46:18.542 26952 WARNING rally_openstack.scenarios.neutron.utils [-] Running this scenario without either the 'network' or 'existing_network' context is deprecated
2019-07-12 09:46:18.544 26966 INFO rally.task.runner [-] Task e9b3e245-013d-49ed-acb4-aacc6841ab0f | ITER: 37 START
2019-07-12 09:46:18.544 26966 WARNING rally_openstack.scenarios.neutron.utils [-] Running this scenario without either the 'network' or 'existing_network' context is deprecated
2019-07-12 09:46:19.112 26985 INFO rally.task.runner [-] Task e9b3e245-013d-49ed-acb4-aacc6841ab0f | ITER: 16 END: OK
2019-07-12 09:46:19.116 26985 INFO rally.task.runner [-] Task e9b3e245-013d-49ed-acb4-aacc6841ab0f | ITER: 38 START
2019-07-12 09:46:19.116 26985 WARNING rally_openstack.scenarios.neutron.utils [-] Running this scenario without either the 'network' or 'existing_network' context is deprecated
2019-07-12 09:46:19.117 26988 INFO rally.task.runner [-] Task e9b3e245-013d-49ed-acb4-aacc6841ab0f | ITER: 17 END: OK
2019-07-12 09:46:19.122 26988 INFO rally.task.runner [-] Task e9b3e245-013d-49ed-acb4-aacc6841ab0f | ITER: 39 START
