2019-07-12 09:23:40.816 22696 RALLYDEBUG rally.api [-] INFO logs from urllib3 and requests module are hide.
2019-07-12 09:23:40.817 22696 RALLYDEBUG rally.api [-] urllib3 insecure warnings are hidden.
2019-07-12 09:23:40.817 22696 RALLYDEBUG rally.api [-] ERROR log from boto module is hide.
2019-07-12 09:23:42.935 22698 RALLYDEBUG rally.api [-] INFO logs from urllib3 and requests module are hide.
2019-07-12 09:23:42.935 22698 RALLYDEBUG rally.api [-] urllib3 insecure warnings are hidden.
2019-07-12 09:23:42.935 22698 RALLYDEBUG rally.api [-] ERROR log from boto module is hide.
2019-07-12 09:23:44.192 22698 WARNING rally_openstack.platforms.existing [-] endpoint is deprecated and not used.
2019-07-12 09:23:45.083 22700 RALLYDEBUG rally.api [-] INFO logs from urllib3 and requests module are hide.
2019-07-12 09:23:45.084 22700 RALLYDEBUG rally.api [-] urllib3 insecure warnings are hidden.
2019-07-12 09:23:45.084 22700 RALLYDEBUG rally.api [-] ERROR log from boto module is hide.
2019-07-12 09:23:48.403 22703 RALLYDEBUG rally.api [-] INFO logs from urllib3 and requests module are hide.
2019-07-12 09:23:48.403 22703 RALLYDEBUG rally.api [-] urllib3 insecure warnings are hidden.
2019-07-12 09:23:48.404 22703 RALLYDEBUG rally.api [-] ERROR log from boto module is hide.
2019-07-12 09:23:49.896 22705 RALLYDEBUG rally.api [-] INFO logs from urllib3 and requests module are hide.
2019-07-12 09:23:49.896 22705 RALLYDEBUG rally.api [-] urllib3 insecure warnings are hidden.
2019-07-12 09:23:49.896 22705 RALLYDEBUG rally.api [-] ERROR log from boto module is hide.
2019-07-12 09:23:51.044 22705 INFO rally.common.plugin.discover [-] Loading plugins from directories /root/.rally/plugins/*
2019-07-12 09:23:51.045 22705 INFO rally.common.plugin.discover [-] Loaded module with plugins: /root/.rally/plugins/__init__.py
2019-07-12 09:23:51.047 22705 INFO rally.common.plugin.discover [-] Loaded module with plugins: /root/.rally/plugins/trunk_scenario.py
2019-07-12 09:23:51.250 22705 INFO rally.task.engine [-] Task e9b3e245-013d-49ed-acb4-aacc6841ab0f | Starting: Task validation.
2019-07-12 09:23:51.279 22705 INFO rally.task.engine [-] Task e9b3e245-013d-49ed-acb4-aacc6841ab0f | Starting: Task validation of syntax.
2019-07-12 09:23:51.489 22705 INFO rally.task.engine [-] Task e9b3e245-013d-49ed-acb4-aacc6841ab0f | Completed: Task validation of syntax.
2019-07-12 09:23:51.489 22705 INFO rally.task.engine [-] Task e9b3e245-013d-49ed-acb4-aacc6841ab0f | Starting: Task validation of required platforms.
2019-07-12 09:23:51.548 22705 INFO rally.task.engine [-] Task e9b3e245-013d-49ed-acb4-aacc6841ab0f | Completed: Task validation of required platforms.
2019-07-12 09:23:51.548 22705 INFO rally.task.engine [-] Task e9b3e245-013d-49ed-acb4-aacc6841ab0f | Starting: Task validation of semantic.
2019-07-12 09:23:51.548 22705 INFO rally.task.engine [-] Check health of the environment '1c2fd09d-aa1e-442c-a16e-df8695a87985'.
2019-07-12 09:23:52.375 22705 INFO rally.task.engine [-] Platform existing@openstack (available: True): OK!
2019-07-12 09:23:52.392 22705 RALLYDEBUG rally_openstack.contexts.keystone.users [-] Creating 1 tenants using 20 threads
2019-07-12 09:23:54.053 22705 RALLYDEBUG rally_openstack.contexts.keystone.users [-] Creating 1 users using 20 threads
2019-07-12 09:23:56.775 22705 INFO rally.task.context [-] Task e9b3e245-013d-49ed-acb4-aacc6841ab0f | Context users@openstack setup() finished in 4.38 sec
2019-07-12 09:24:02.961 22705 INFO rally.task.context [-] Task e9b3e245-013d-49ed-acb4-aacc6841ab0f | Context users@openstack cleanup() started
2019-07-12 09:24:07.522 22705 INFO rally.task.context [-] Task e9b3e245-013d-49ed-acb4-aacc6841ab0f | Context users@openstack cleanup() finished in 4.56 sec
2019-07-12 09:24:07.523 22705 INFO rally.task.engine [-] Task e9b3e245-013d-49ed-acb4-aacc6841ab0f | Completed: Task validation of semantic.
2019-07-12 09:24:07.523 22705 INFO rally.task.engine [-] Task e9b3e245-013d-49ed-acb4-aacc6841ab0f | Completed: Task validation.
2019-07-12 09:24:07.523 22705 INFO rally.api [-] Task e9b3e245-013d-49ed-acb4-aacc6841ab0f input file is valid.
2019-07-12 09:24:07.523 22705 INFO rally.api [-] Run Task e9b3e245-013d-49ed-acb4-aacc6841ab0f against Deployment 1c2fd09d-aa1e-442c-a16e-df8695a87985
2019-07-12 09:24:07.524 22705 INFO rally.task.engine [-] Task e9b3e245-013d-49ed-acb4-aacc6841ab0f | Starting: Running task.
2019-07-12 09:24:07.692 22705 INFO rally.task.engine [-] Running workload: position = 0 config = { "version": 2, "title": "A cropped version of a bigger task.", "description": "Auto-generated task from a single workload (uuid=025f94eb-e4df-427c-a2dc-b02a7ba438ca)", "subtasks": [ { "title": "NeutronNetworks.create_and_list_networks", "description": "Check performance of list_networks action and ensure > network quotas are not exceeded", "scenario": { "NeutronNetworks.create_and_list_networks": {} }, "contexts": { "users": { "tenants": 1, "users_per_tenant": 1 }, "quotas": { "neutron": { "network": 119 } } }, "runner": { "constant": { "times": 100, "concurrency": 20 } }, "hooks": [], "sla": { "max_avg_duration_per_atomic": { "neutron.list_networks": 15 }, "failure_rate": { "max": 0 } } } ] }
2019-07-12 09:24:07.712 22705 RALLYDEBUG rally_openstack.contexts.keystone.users [-] Creating 1 tenants using 20 threads
2019-07-12 09:24:09.396 22705 RALLYDEBUG rally_openstack.contexts.keystone.users [-] Creating 1 users using 20 threads
2019-07-12 09:24:11.967 22705 INFO rally.task.context [-] Task e9b3e245-013d-49ed-acb4-aacc6841ab0f | Context users@openstack setup() finished in 4.26 sec
2019-07-12 09:24:12.704 22705 INFO rally.task.context [-] Task e9b3e245-013d-49ed-acb4-aacc6841ab0f | Context quotas@openstack setup() finished in 0.74 sec
2019-07-12 09:24:12.705 22705 INFO rally.task.context [-] Task e9b3e245-013d-49ed-acb4-aacc6841ab0f | Context cleanup@openstack setup() finished in 0.01 msec
2019-07-12 09:24:12.712 22705 RALLYDEBUG rally.task.runner [-] Starting the constant runner (task UUID: e9b3e245-013d-49ed-acb4-aacc6841ab0f). timeout: 0 concurrency: 20 concurrency_per_worker: 1 times: 100 concurrency_overhead: 4 processes_to_start: 16 max_cpu_used: 16
2019-07-12 09:24:12.725 22829 RALLYDEBUG rally.task.runner [-] Starting a worker. concurrency: 2 args: {} times: 100 method_name: run timeout: 0 duration: None cls:
2019-07-12 09:24:12.727 22830 RALLYDEBUG rally.task.runner [-] Starting a worker. concurrency: 2 args: {} times: 100 method_name: run timeout: 0 duration: None cls:
2019-07-12 09:24:12.730 22831 RALLYDEBUG rally.task.runner [-] Starting a worker. concurrency: 2 args: {} times: 100 method_name: run timeout: 0 duration: None cls:
2019-07-12 09:24:12.733 22832 RALLYDEBUG rally.task.runner [-] Starting a worker. concurrency: 2 args: {} times: 100 method_name: run timeout: 0 duration: None cls:
2019-07-12 09:24:12.735 22829 INFO rally.task.runner [-] Task e9b3e245-013d-49ed-acb4-aacc6841ab0f | ITER: 1 START
2019-07-12 09:24:12.735 22835 RALLYDEBUG rally.task.runner [-] Starting a worker. concurrency: 1 args: {} times: 100 method_name: run timeout: 0 duration: None cls:
2019-07-12 09:24:12.738 22830 INFO rally.task.runner [-] Task e9b3e245-013d-49ed-acb4-aacc6841ab0f | ITER: 2 START
2019-07-12 09:24:12.741 22831 INFO rally.task.runner [-] Task e9b3e245-013d-49ed-acb4-aacc6841ab0f | ITER: 4 START
2019-07-12 09:24:12.740 22837 RALLYDEBUG rally.task.runner [-] Starting a worker. concurrency: 1 args: {} times: 100 method_name: run timeout: 0 duration: None cls:
2019-07-12 09:24:12.736 22829 INFO rally.task.runner [-] Task e9b3e245-013d-49ed-acb4-aacc6841ab0f | ITER: 3 START
2019-07-12 09:24:12.743 22840 RALLYDEBUG rally.task.runner [-] Starting a worker. concurrency: 1 args: {} times: 100 method_name: run timeout: 0 duration: None cls:
2019-07-12 09:24:12.739 22830 INFO rally.task.runner [-] Task e9b3e245-013d-49ed-acb4-aacc6841ab0f | ITER: 5 START
2019-07-12 09:24:12.746 22832 INFO rally.task.runner [-] Task e9b3e245-013d-49ed-acb4-aacc6841ab0f | ITER: 6 START
2019-07-12 09:24:12.746 22844 RALLYDEBUG rally.task.runner [-] Starting a worker. concurrency: 1 args: {} times: 100 method_name: run timeout: 0 duration: None cls:
2019-07-12 09:24:12.747 22832 INFO rally.task.runner [-] Task e9b3e245-013d-49ed-acb4-aacc6841ab0f | ITER: 9 START
2019-07-12 09:24:12.748 22831 INFO rally.task.runner [-] Task e9b3e245-013d-49ed-acb4-aacc6841ab0f | ITER: 7 START
2019-07-12 09:24:12.747 22849 RALLYDEBUG rally.task.runner [-] Starting a worker. concurrency: 1 args: {} times: 100 method_name: run timeout: 0 duration: None cls:
2019-07-12 09:24:12.751 22851 RALLYDEBUG rally.task.runner [-] Starting a worker. concurrency: 1 args: {} times: 100 method_name: run timeout: 0 duration: None cls:
2019-07-12 09:24:12.754 22840 INFO rally.task.runner [-] Task e9b3e245-013d-49ed-acb4-aacc6841ab0f | ITER: 11 START
2019-07-12 09:24:12.755 22837 INFO rally.task.runner [-] Task e9b3e245-013d-49ed-acb4-aacc6841ab0f | ITER: 10 START
2019-07-12 09:24:12.755 22835 INFO rally.task.runner [-] Task e9b3e245-013d-49ed-acb4-aacc6841ab0f | ITER: 8 START
2019-07-12 09:24:12.756 22849 INFO rally.task.runner [-] Task e9b3e245-013d-49ed-acb4-aacc6841ab0f | ITER: 13 START
2019-07-12 09:24:12.756 22858 RALLYDEBUG rally.task.runner [-] Starting a worker. concurrency: 1 args: {} times: 100 method_name: run timeout: 0 duration: None cls:
2019-07-12 09:24:12.758 22854 RALLYDEBUG rally.task.runner [-] Starting a worker. concurrency: 1 args: {} times: 100 method_name: run timeout: 0 duration: None cls:
2019-07-12 09:24:12.759 22844 INFO rally.task.runner [-] Task e9b3e245-013d-49ed-acb4-aacc6841ab0f | ITER: 12 START
2019-07-12 09:24:12.764 22851 INFO rally.task.runner [-] Task e9b3e245-013d-49ed-acb4-aacc6841ab0f | ITER: 14 START
2019-07-12 09:24:12.764 22861 RALLYDEBUG rally.task.runner [-] Starting a worker. concurrency: 1 args: {} times: 100 method_name: run timeout: 0 duration: None cls:
2019-07-12 09:24:12.766 22858 INFO rally.task.runner [-] Task e9b3e245-013d-49ed-acb4-aacc6841ab0f | ITER: 15 START
2019-07-12 09:24:12.767 22863 RALLYDEBUG rally.task.runner [-] Starting a worker. concurrency: 1 args: {} times: 100 method_name: run timeout: 0 duration: None cls:
2019-07-12 09:24:12.769 22854 INFO rally.task.runner [-] Task e9b3e245-013d-49ed-acb4-aacc6841ab0f | ITER: 16 START
2019-07-12 09:24:12.773 22869 RALLYDEBUG rally.task.runner [-] Starting a worker. concurrency: 1 args: {} times: 100 method_name: run timeout: 0 duration: None cls:
2019-07-12 09:24:12.777 22863 INFO rally.task.runner [-] Task e9b3e245-013d-49ed-acb4-aacc6841ab0f | ITER: 18 START
2019-07-12 09:24:12.778 22874 RALLYDEBUG rally.task.runner [-] Starting a worker. concurrency: 1 args: {} times: 100 method_name: run timeout: 0 duration: None cls:
2019-07-12 09:24:12.779 22861 INFO rally.task.runner [-] Task e9b3e245-013d-49ed-acb4-aacc6841ab0f | ITER: 17 START
2019-07-12 09:24:12.786 22874 INFO rally.task.runner [-] Task e9b3e245-013d-49ed-acb4-aacc6841ab0f | ITER: 20 START
2019-07-12 09:24:12.788 22869 INFO rally.task.runner [-] Task e9b3e245-013d-49ed-acb4-aacc6841ab0f | ITER: 19 START
2019-07-12 09:24:14.258 22831 INFO rally.task.runner [-] Task e9b3e245-013d-49ed-acb4-aacc6841ab0f | ITER: 4 END: OK
2019-07-12 09:24:14.262 22831 INFO rally.task.runner [-] Task e9b3e245-013d-49ed-acb4-aacc6841ab0f | ITER: 21 START
2019-07-12 09:24:14.346 22829 INFO rally.task.runner [-] Task e9b3e245-013d-49ed-acb4-aacc6841ab0f | ITER: 1 END: OK
2019-07-12 09:24:14.347 22844 INFO rally.task.runner [-] Task e9b3e245-013d-49ed-acb4-aacc6841ab0f | ITER: 12 END: OK
2019-07-12 09:24:14.351 22829 INFO rally.task.runner [-] Task e9b3e245-013d-49ed-acb4-aacc6841ab0f | ITER: 23 START
2019-07-12 09:24:14.351 22844 INFO rally.task.runner [-] Task e9b3e245-013d-49ed-acb4-aacc6841ab0f | ITER: 22 START
2019-07-12 09:24:14.368 22830 INFO rally.task.runner [-] Task e9b3e245-013d-49ed-acb4-aacc6841ab0f | ITER: 5 END: OK
2019-07-12 09:24:14.372 22830 INFO rally.task.runner [-] Task e9b3e245-013d-49ed-acb4-aacc6841ab0f | ITER: 24 START
2019-07-12 09:24:15.102 22829 INFO rally.task.runner [-] Task e9b3e245-013d-49ed-acb4-aacc6841ab0f | ITER: 3 END: OK
2019-07-12 09:24:15.102 22835 INFO rally.task.runner [-] Task e9b3e245-013d-49ed-acb4-aacc6841ab0f | ITER: 8 END: OK
2019-07-12 09:24:15.105 22829 INFO rally.task.runner [-] Task e9b3e245-013d-49ed-acb4-aacc6841ab0f | ITER: 25 START
2019-07-12 09:24:15.106 22835 INFO rally.task.runner [-] Task e9b3e245-013d-49ed-acb4-aacc6841ab0f | ITER: 26 START
2019-07-12 09:24:15.302 22830 INFO rally.task.runner [-] Task e9b3e245-013d-49ed-acb4-aacc6841ab0f | ITER: 2 END: OK
2019-07-12 09:24:15.303 22851 INFO rally.task.runner [-] Task e9b3e245-013d-49ed-acb4-aacc6841ab0f | ITER: 14 END: OK
2019-07-12 09:24:15.306 22830 INFO rally.task.runner [-] Task e9b3e245-013d-49ed-acb4-aacc6841ab0f | ITER: 27 START
2019-07-12 09:24:15.308 22851 INFO rally.task.runner [-] Task e9b3e245-013d-49ed-acb4-aacc6841ab0f | ITER: 28 START
2019-07-12 09:24:15.756 22831 INFO rally.task.runner [-] Task e9b3e245-013d-49ed-acb4-aacc6841ab0f | ITER: 7 END: OK
2019-07-12 09:24:15.759 22831 INFO rally.task.runner [-] Task e9b3e245-013d-49ed-acb4-aacc6841ab0f | ITER: 29 START
2019-07-12 09:24:15.762 22840 INFO rally.task.runner [-] Task e9b3e245-013d-49ed-acb4-aacc6841ab0f | ITER: 11 END: OK
2019-07-12 09:24:15.765 22840 INFO rally.task.runner [-] Task e9b3e245-013d-49ed-acb4-aacc6841ab0f | ITER: 30 START
2019-07-12 09:24:15.773 22849 INFO rally.task.runner [-] Task e9b3e245-013d-49ed-acb4-aacc6841ab0f | ITER: 13 END: OK
2019-07-12 09:24:15.777 22849 INFO rally.task.runner [-] Task e9b3e245-013d-49ed-acb4-aacc6841ab0f | ITER: 31 START
2019-07-12 09:24:15.840 22832 INFO rally.task.runner [-] Task e9b3e245-013d-49ed-acb4-aacc6841ab0f | ITER: 9 END: OK
2019-07-12 09:24:15.843 22832 INFO rally.task.runner [-] Task e9b3e245-013d-49ed-acb4-aacc6841ab0f | ITER: 32 START
2019-07-12 09:24:16.102 22837 INFO rally.task.runner [-] Task e9b3e245-013d-49ed-acb4-aacc6841ab0f | ITER: 10 END: OK
2019-07-12 09:24:16.105 22837 INFO rally.task.runner [-] Task e9b3e245-013d-49ed-acb4-aacc6841ab0f | ITER: 33 START
2019-07-12 09:24:16.216 22854 INFO rally.task.runner [-] Task e9b3e245-013d-49ed-acb4-aacc6841ab0f | ITER: 16 END: OK
2019-07-12 09:24:16.220 22854 INFO rally.task.runner [-] Task e9b3e245-013d-49ed-acb4-aacc6841ab0f | ITER: 34 START
2019-07-12 09:24:16.258 22858 INFO rally.task.runner [-] Task e9b3e245-013d-49ed-acb4-aacc6841ab0f | ITER: 15 END: OK
2019-07-12 09:24:16.260 22858 INFO rally.task.runner [-] Task e9b3e245-013d-49ed-acb4-aacc6841ab0f | ITER: 35 START
2019-07-12 09:24:16.535 22832 INFO rally.task.runner [-] Task e9b3e245-013d-49ed-acb4-aacc6841ab0f | ITER: 6 END: OK
2019-07-12 09:24:16.538 22832 INFO rally.task.runner [-] Task e9b3e245-013d-49ed-acb4-aacc6841ab0f | ITER: 36 START
2019-07-12 09:24:16.733 22874 INFO rally.task.runner [-] Task e9b3e245-013d-49ed-acb4-aacc6841ab0f | ITER: 20 END: OK
2019-07-12 09:24:16.736 22874 INFO rally.task.runner [-] Task e9b3e245-013d-49ed-acb4-aacc6841ab0f | ITER: 37 START
2019-07-12 09:24:16.860 22863 INFO rally.task.runner [-] Task e9b3e245-013d-49ed-acb4-aacc6841ab0f | ITER: 18 END: OK
2019-07-12 09:24:16.863 22863 INFO rally.task.runner [-] Task e9b3e245-013d-49ed-acb4-aacc6841ab0f | ITER: 38 START
2019-07-12 09:24:17.063 22869 INFO rally.task.runner [-] Task e9b3e245-013d-49ed-acb4-aacc6841ab0f | ITER: 19 END: OK
2019-07-12 09:24:17.067 22869 INFO rally.task.runner [-] Task e9b3e245-013d-49ed-acb4-aacc6841ab0f | ITER: 39 START
2019-07-12 09:24:17.290 22861 INFO rally.task.runner [-] Task e9b3e245-013d-49ed-acb4-aacc6841ab0f | ITER: 17 END: OK
2019-07-12 09:24:17.293 22861 INFO rally.task.runner [-] Task e9b3e245-013d-49ed-acb4-aacc6841ab0f | ITER: 40 START
2019-07-12 09:24:17.439 22831 INFO rally.task.runner [-] Task e9b3e245-013d-49ed-acb4-aacc6841ab0f | ITER: 21 END: OK
2019-07-12 09:24:17.442 22831 INFO rally.task.runner [-] Task e9b3e245-013d-49ed-acb4-aacc6841ab0f | ITER: 41 START
2019-07-12 09:24:17.638 22830 INFO rally.task.runner [-] Task e9b3e245-013d-49ed-acb4-aacc6841ab0f | ITER: 24 END: OK
2019-07-12 09:24:17.640 22830 INFO rally.task.runner [-] Task e9b3e245-013d-49ed-acb4-aacc6841ab0f | ITER: 42 START
2019-07-12 09:24:17.866 22844 INFO rally.task.runner [-] Task e9b3e245-013d-49ed-acb4-aacc6841ab0f | ITER: 22 END: OK
2019-07-12 09:24:17.870 22844 INFO rally.task.runner [-] Task e9b3e245-013d-49ed-acb4-aacc6841ab0f | ITER: 43 START
2019-07-12 09:24:17.993 22829 INFO rally.task.runner [-] Task e9b3e245-013d-49ed-acb4-aacc6841ab0f | ITER: 23 END: OK
2019-07-12 09:24:17.996 22829 INFO rally.task.runner [-] Task e9b3e245-013d-49ed-acb4-aacc6841ab0f | ITER: 44 START
2019-07-12 09:24:18.367 22851 INFO rally.task.runner [-] Task e9b3e245-013d-49ed-acb4-aacc6841ab0f | ITER: 28 END: OK
2019-07-12 09:24:18.370 22851 INFO rally.task.runner [-] Task e9b3e245-013d-49ed-acb4-aacc6841ab0f | ITER: 45 START
2019-07-12 09:24:19.042 22831 INFO rally.task.runner [-] Task e9b3e245-013d-49ed-acb4-aacc6841ab0f | ITER: 29 END: OK
2019-07-12 09:24:19.046 22831 INFO rally.task.runner [-] Task e9b3e245-013d-49ed-acb4-aacc6841ab0f | ITER: 46 START
2019-07-12 09:24:19.109 22849 INFO rally.task.runner [-] Task e9b3e245-013d-49ed-acb4-aacc6841ab0f | ITER: 31 END: OK
2019-07-12 09:24:19.112 22849 INFO rally.task.runner [-] Task e9b3e245-013d-49ed-acb4-aacc6841ab0f | ITER: 47 START
2019-07-12 09:24:19.163 22832 INFO rally.task.runner [-] Task e9b3e245-013d-49ed-acb4-aacc6841ab0f | ITER: 32 END: OK
2019-07-12 09:24:19.166 22832 INFO rally.task.runner [-] Task e9b3e245-013d-49ed-acb4-aacc6841ab0f | ITER: 48 START
2019-07-12 09:24:19.443 22835 INFO rally.task.runner [-] Task e9b3e245-013d-49ed-acb4-aacc6841ab0f | ITER: 26 END: OK
2019-07-12 09:24:19.446 22835 INFO rally.task.runner [-] Task e9b3e245-013d-49ed-acb4-aacc6841ab0f | ITER: 49 START
2019-07-12 09:24:19.617 22829 INFO rally.task.runner [-] Task e9b3e245-013d-49ed-acb4-aacc6841ab0f | ITER: 25 END: OK
2019-07-12 09:24:19.620 22829 INFO rally.task.runner [-] Task e9b3e245-013d-49ed-acb4-aacc6841ab0f | ITER: 50 START
2019-07-12 09:24:19.635 22830 INFO rally.task.runner [-] Task e9b3e245-013d-49ed-acb4-aacc6841ab0f | ITER: 27 END: OK
2019-07-12 09:24:19.638 22830 INFO rally.task.runner [-] Task e9b3e245-013d-49ed-acb4-aacc6841ab0f | ITER: 51 START
2019-07-12 09:24:19.668 22840 INFO rally.task.runner [-] Task e9b3e245-013d-49ed-acb4-aacc6841ab0f | ITER: 30 END: OK
2019-07-12 09:24:19.672 22840 INFO rally.task.runner [-] Task e9b3e245-013d-49ed-acb4-aacc6841ab0f | ITER: 52 START
2019-07-12 09:24:19.861 22869 INFO rally.task.runner [-] Task e9b3e245-013d-49ed-acb4-aacc6841ab0f | ITER: 39 END: OK
2019-07-12 09:24:19.865 22869 INFO rally.task.runner [-] Task e9b3e245-013d-49ed-acb4-aacc6841ab0f | ITER: 53 START
2019-07-12 09:24:19.979 22874 INFO rally.task.runner [-] Task e9b3e245-013d-49ed-acb4-aacc6841ab0f | ITER: 37 END: OK
2019-07-12 09:24:19.982 22874 INFO rally.task.runner [-] Task e9b3e245-013d-49ed-acb4-aacc6841ab0f | ITER: 54 START
2019-07-12 09:24:19.987 22832 INFO rally.task.runner [-] Task e9b3e245-013d-49ed-acb4-aacc6841ab0f | ITER: 36 END: OK
2019-07-12 09:24:19.990 22832 INFO rally.task.runner [-] Task e9b3e245-013d-49ed-acb4-aacc6841ab0f | ITER: 55 START
2019-07-12 09:24:19.991 22861 INFO rally.task.runner [-] Task e9b3e245-013d-49ed-acb4-aacc6841ab0f | ITER: 40 END: OK
2019-07-12 09:24:19.994 22861 INFO rally.task.runner [-] Task e9b3e245-013d-49ed-acb4-aacc6841ab0f | ITER: 56 START
2019-07-12 09:24:20.221 22837 INFO rally.task.runner [-] Task e9b3e245-013d-49ed-acb4-aacc6841ab0f | ITER: 33 END: OK
2019-07-12 09:24:20.224 22837 INFO rally.task.runner [-] Task e9b3e245-013d-49ed-acb4-aacc6841ab0f | ITER: 57 START
2019-07-12 09:24:20.514 22858 INFO rally.task.runner [-] Task e9b3e245-013d-49ed-acb4-aacc6841ab0f | ITER: 35 END: OK
2019-07-12 09:24:20.518 22858 INFO rally.task.runner [-] Task e9b3e245-013d-49ed-acb4-aacc6841ab0f | ITER: 58 START
2019-07-12 09:24:20.611 22863 INFO rally.task.runner [-] Task e9b3e245-013d-49ed-acb4-aacc6841ab0f | ITER: 38 END: OK
2019-07-12 09:24:20.612 22829 INFO rally.task.runner [-] Task e9b3e245-013d-49ed-acb4-aacc6841ab0f | ITER: 44 END: OK
2019-07-12 09:24:20.614 22863 INFO rally.task.runner [-] Task e9b3e245-013d-49ed-acb4-aacc6841ab0f | ITER: 59 START
2019-07-12 09:24:20.616 22829 INFO rally.task.runner [-] Task e9b3e245-013d-49ed-acb4-aacc6841ab0f | ITER: 60 START
2019-07-12 09:24:20.621 22854 INFO rally.task.runner [-] Task e9b3e245-013d-49ed-acb4-aacc6841ab0f | ITER: 34 END: OK
2019-07-12 09:24:20.622 22831 INFO rally.task.runner [-] Task e9b3e245-013d-49ed-acb4-aacc6841ab0f | ITER: 41 END: OK
2019-07-12 09:24:20.624 22854 INFO rally.task.runner [-] Task e9b3e245-013d-49ed-acb4-aacc6841ab0f | ITER: 61 START
2019-07-12 09:24:20.626 22831 INFO rally.task.runner [-] Task e9b3e245-013d-49ed-acb4-aacc6841ab0f | ITER: 62 START
2019-07-12 09:24:20.650 22851 INFO rally.task.runner [-] Task e9b3e245-013d-49ed-acb4-aacc6841ab0f | ITER: 45 END: OK
2019-07-12 09:24:20.653 22851 INFO rally.task.runner [-] Task e9b3e245-013d-49ed-acb4-aacc6841ab0f | ITER: 63 START
2019-07-12 09:24:20.659 22831 INFO rally.task.runner [-] Task e9b3e245-013d-49ed-acb4-aacc6841ab0f | ITER: 46 END: OK
2019-07-12 09:24:20.662 22831 INFO rally.task.runner [-] Task e9b3e245-013d-49ed-acb4-aacc6841ab0f | ITER: 64 START
2019-07-12 09:24:20.842 22844 INFO rally.task.runner [-] Task e9b3e245-013d-49ed-acb4-aacc6841ab0f | ITER: 43 END: OK
2019-07-12 09:24:20.846 22844 INFO rally.task.runner [-] Task e9b3e245-013d-49ed-acb4-aacc6841ab0f | ITER: 65 START
2019-07-12 09:24:20.956 22830 INFO rally.task.runner [-] Task e9b3e245-013d-49ed-acb4-aacc6841ab0f | ITER: 42 END: OK
2019-07-12 09:24:20.959 22830 INFO rally.task.runner [-] Task e9b3e245-013d-49ed-acb4-aacc6841ab0f | ITER: 66 START
2019-07-12 09:24:21.116 22832 INFO rally.task.runner [-] Task e9b3e245-013d-49ed-acb4-aacc6841ab0f | ITER: 48 END: OK
2019-07-12 09:24:21.119 22832 INFO rally.task.runner [-] Task e9b3e245-013d-49ed-acb4-aacc6841ab0f | ITER: 67 START
2019-07-12 09:24:21.337 22849 INFO rally.task.runner [-] Task e9b3e245-013d-49ed-acb4-aacc6841ab0f | ITER: 47 END: OK
2019-07-12 09:24:21.340 22849 INFO rally.task.runner [-] Task e9b3e245-013d-49ed-acb4-aacc6841ab0f | ITER: 68 START
2019-07-12 09:24:21.639 22835 INFO rally.task.runner [-] Task e9b3e245-013d-49ed-acb4-aacc6841ab0f | ITER: 49 END: OK
2019-07-12 09:24:21.643 22835 INFO rally.task.runner [-] Task e9b3e245-013d-49ed-acb4-aacc6841ab0f | ITER: 69 START
2019-07-12 09:24:21.929 22830 INFO rally.task.runner [-] Task e9b3e245-013d-49ed-acb4-aacc6841ab0f | ITER: 51 END: OK
2019-07-12 09:24:21.932 22830 INFO rally.task.runner [-] Task e9b3e245-013d-49ed-acb4-aacc6841ab0f | ITER: 70 START
2019-07-12 09:24:22.124 22829 INFO rally.task.runner [-] Task e9b3e245-013d-49ed-acb4-aacc6841ab0f | ITER: 50 END: OK
2019-07-12 09:24:22.128 22829 INFO rally.task.runner [-] Task e9b3e245-013d-49ed-acb4-aacc6841ab0f | ITER: 71 START
2019-07-12 09:24:22.222 22861 INFO rally.task.runner [-] Task e9b3e245-013d-49ed-acb4-aacc6841ab0f | ITER: 56 END: OK
2019-07-12 09:24:22.225 22861 INFO rally.task.runner [-] Task e9b3e245-013d-49ed-acb4-aacc6841ab0f | ITER: 72 START
2019-07-12 09:24:22.561 22832 INFO rally.task.runner [-] Task e9b3e245-013d-49ed-acb4-aacc6841ab0f | ITER: 55 END: OK
2019-07-12 09:24:22.564 22832 INFO rally.task.runner [-] Task e9b3e245-013d-49ed-acb4-aacc6841ab0f | ITER: 73 START
2019-07-12 09:24:22.718 22840 INFO rally.task.runner [-] Task e9b3e245-013d-49ed-acb4-aacc6841ab0f | ITER: 52 END: OK
2019-07-12 09:24:22.721 22840 INFO rally.task.runner [-] Task e9b3e245-013d-49ed-acb4-aacc6841ab0f | ITER: 74 START
2019-07-12 09:24:22.881 22869 INFO rally.task.runner [-] Task e9b3e245-013d-49ed-acb4-aacc6841ab0f | ITER: 53 END: OK
2019-07-12 09:24:22.884 22869 INFO rally.task.runner [-] Task e9b3e245-013d-49ed-acb4-aacc6841ab0f | ITER: 75 START
2019-07-12 09:24:22.935 22829 INFO rally.task.runner [-] Task e9b3e245-013d-49ed-acb4-aacc6841ab0f | ITER: 60 END: OK
2019-07-12 09:24:22.938 22829 INFO rally.task.runner [-] Task e9b3e245-013d-49ed-acb4-aacc6841ab0f | ITER: 76 START
2019-07-12 09:24:22.944 22854 INFO rally.task.runner [-] Task e9b3e245-013d-49ed-acb4-aacc6841ab0f | ITER: 61 END: OK
2019-07-12 09:24:22.947 22854 INFO rally.task.runner [-] Task e9b3e245-013d-49ed-acb4-aacc6841ab0f | ITER: 77 START
2019-07-12 09:24:23.010 22837 INFO rally.task.runner [-] Task e9b3e245-013d-49ed-acb4-aacc6841ab0f | ITER: 57 END: OK
2019-07-12 09:24:23.013 22837 INFO rally.task.runner [-] Task e9b3e245-013d-49ed-acb4-aacc6841ab0f | ITER: 78 START
2019-07-12 09:24:23.081 22874 INFO rally.task.runner [-] Task e9b3e245-013d-49ed-acb4-aacc6841ab0f | ITER: 54 END: OK
2019-07-12 09:24:23.084 22874 INFO rally.task.runner [-] Task e9b3e245-013d-49ed-acb4-aacc6841ab0f | ITER: 79 START
2019-07-12 09:24:23.226 22858 INFO rally.task.runner [-] Task e9b3e245-013d-49ed-acb4-aacc6841ab0f | ITER: 58 END: OK
2019-07-12 09:24:23.229 22858 INFO rally.task.runner [-] Task e9b3e245-013d-49ed-acb4-aacc6841ab0f | ITER: 80 START
2019-07-12 09:24:23.230 22832 INFO rally.task.runner [-] Task e9b3e245-013d-49ed-acb4-aacc6841ab0f | ITER: 67 END: OK
2019-07-12 09:24:23.233 22832 INFO rally.task.runner [-] Task e9b3e245-013d-49ed-acb4-aacc6841ab0f | ITER: 81 START
2019-07-12 09:24:23.255 22863 INFO rally.task.runner [-] Task e9b3e245-013d-49ed-acb4-aacc6841ab0f | ITER: 59 END: OK
2019-07-12 09:24:23.258 22863 INFO rally.task.runner [-] Task e9b3e245-013d-49ed-acb4-aacc6841ab0f | ITER: 82 START
2019-07-12 09:24:23.419 22844 INFO rally.task.runner [-] Task e9b3e245-013d-49ed-acb4-aacc6841ab0f | ITER: 65 END: OK
2019-07-12 09:24:23.422 22844 INFO rally.task.runner [-] Task e9b3e245-013d-49ed-acb4-aacc6841ab0f | ITER: 83 START
2019-07-12 09:24:23.573 22851 INFO rally.task.runner [-] Task e9b3e245-013d-49ed-acb4-aacc6841ab0f | ITER: 63 END: OK
2019-07-12 09:24:23.576 22851 INFO rally.task.runner [-] Task e9b3e245-013d-49ed-acb4-aacc6841ab0f | ITER: 84 START
2019-07-12 09:24:23.578 22831 INFO rally.task.runner [-] Task e9b3e245-013d-49ed-acb4-aacc6841ab0f | ITER: 62 END: OK
2019-07-12 09:24:23.581 22831 INFO rally.task.runner [-] Task e9b3e245-013d-49ed-acb4-aacc6841ab0f | ITER: 85 START
2019-07-12 09:24:23.651 22835 INFO rally.task.runner [-] Task e9b3e245-013d-49ed-acb4-aacc6841ab0f | ITER: 69 END: OK
2019-07-12 09:24:23.653 22835 INFO rally.task.runner [-] Task e9b3e245-013d-49ed-acb4-aacc6841ab0f | ITER: 86 START
2019-07-12 09:24:23.699 22830 INFO rally.task.runner [-] Task e9b3e245-013d-49ed-acb4-aacc6841ab0f | ITER: 66 END: OK
2019-07-12 09:24:23.701 22830 INFO rally.task.runner [-] Task e9b3e245-013d-49ed-acb4-aacc6841ab0f | ITER: 87 START
2019-07-12 09:24:23.755 22831 INFO rally.task.runner [-] Task e9b3e245-013d-49ed-acb4-aacc6841ab0f | ITER: 64 END: OK
2019-07-12 09:24:23.758 22831 INFO rally.task.runner [-] Task e9b3e245-013d-49ed-acb4-aacc6841ab0f | ITER: 88 START
2019-07-12 09:24:24.146 22829 INFO rally.task.runner [-] Task e9b3e245-013d-49ed-acb4-aacc6841ab0f | ITER: 71 END: OK
2019-07-12 09:24:24.149 22829 INFO rally.task.runner [-] Task e9b3e245-013d-49ed-acb4-aacc6841ab0f | ITER: 89 START
2019-07-12 09:24:24.442 22830 INFO rally.task.runner [-] Task e9b3e245-013d-49ed-acb4-aacc6841ab0f | ITER: 70 END: OK
2019-07-12 09:24:24.445 22830 INFO rally.task.runner [-] Task e9b3e245-013d-49ed-acb4-aacc6841ab0f | ITER: 90 START
2019-07-12 09:24:24.463 22849 INFO rally.task.runner [-] Task e9b3e245-013d-49ed-acb4-aacc6841ab0f | ITER: 68 END: OK
2019-07-12 09:24:24.466 22849 INFO rally.task.runner [-] Task e9b3e245-013d-49ed-acb4-aacc6841ab0f | ITER: 91 START
2019-07-12 09:24:24.499 22861 INFO rally.task.runner [-] Task e9b3e245-013d-49ed-acb4-aacc6841ab0f | ITER: 72 END: OK
2019-07-12 09:24:24.501 22861 INFO rally.task.runner [-] Task e9b3e245-013d-49ed-acb4-aacc6841ab0f | ITER: 92 START
2019-07-12 09:24:24.780 22840 INFO rally.task.runner [-] Task e9b3e245-013d-49ed-acb4-aacc6841ab0f | ITER: 74 END: OK
2019-07-12 09:24:24.782 22840 INFO rally.task.runner [-] Task e9b3e245-013d-49ed-acb4-aacc6841ab0f | ITER: 93 START
2019-07-12 09:24:24.818 22832 INFO rally.task.runner [-] Task e9b3e245-013d-49ed-acb4-aacc6841ab0f | ITER: 73 END: OK
2019-07-12 09:24:24.820 22832 INFO rally.task.runner [-] Task e9b3e245-013d-49ed-acb4-aacc6841ab0f | ITER: 94 START
2019-07-12 09:24:25.452 22858 INFO rally.task.runner [-] Task e9b3e245-013d-49ed-acb4-aacc6841ab0f | ITER: 80 END: OK
2019-07-12 09:24:25.454 22858 INFO rally.task.runner [-] Task e9b3e245-013d-49ed-acb4-aacc6841ab0f | ITER: 95 START
2019-07-12 09:24:25.495 22851 INFO rally.task.runner [-] Task e9b3e245-013d-49ed-acb4-aacc6841ab0f | ITER: 84 END: OK
2019-07-12 09:24:25.498 22851 INFO rally.task.runner [-] Task e9b3e245-013d-49ed-acb4-aacc6841ab0f | ITER: 96 START
2019-07-12 09:24:25.652 22869 INFO rally.task.runner [-] Task e9b3e245-013d-49ed-acb4-aacc6841ab0f | ITER: 75 END: OK
2019-07-12 09:24:25.655 22869 INFO rally.task.runner [-] Task e9b3e245-013d-49ed-acb4-aacc6841ab0f | ITER: 97 START
2019-07-12 09:24:25.824 22863 INFO rally.task.runner [-] Task e9b3e245-013d-49ed-acb4-aacc6841ab0f | ITER: 82 END: OK
2019-07-12 09:24:25.826 22863 INFO rally.task.runner [-] Task e9b3e245-013d-49ed-acb4-aacc6841ab0f | ITER: 98 START
2019-07-12 09:24:26.133 22835 INFO rally.task.runner [-] Task e9b3e245-013d-49ed-acb4-aacc6841ab0f | ITER: 86 END: OK
2019-07-12 09:24:26.136 22835 INFO rally.task.runner [-] Task e9b3e245-013d-49ed-acb4-aacc6841ab0f | ITER: 99 START
2019-07-12 09:24:26.375 22831 INFO rally.task.runner [-] Task e9b3e245-013d-49ed-acb4-aacc6841ab0f | ITER: 85 END: OK
2019-07-12 09:24:26.377 22831 INFO rally.task.runner [-] Task e9b3e245-013d-49ed-acb4-aacc6841ab0f | ITER: 100 START
2019-07-12 09:24:26.568 22832 INFO rally.task.runner [-] Task e9b3e245-013d-49ed-acb4-aacc6841ab0f | ITER: 81 END: OK
2019-07-12 09:24:26.624 22829 INFO rally.task.runner [-] Task e9b3e245-013d-49ed-acb4-aacc6841ab0f | ITER: 76 END: OK
2019-07-12 09:24:26.663 22849 INFO rally.task.runner [-] Task e9b3e245-013d-49ed-acb4-aacc6841ab0f | ITER: 91 END: OK
2019-07-12 09:24:26.712 22854 INFO rally.task.runner [-] Task e9b3e245-013d-49ed-acb4-aacc6841ab0f | ITER: 77 END: OK
2019-07-12 09:24:26.860 22830 INFO rally.task.runner [-] Task e9b3e245-013d-49ed-acb4-aacc6841ab0f | ITER: 90 END: OK
2019-07-12 09:24:26.871 22844 INFO rally.task.runner [-] Task e9b3e245-013d-49ed-acb4-aacc6841ab0f | ITER: 83 END: OK
2019-07-12 09:24:26.927 22874 INFO rally.task.runner [-] Task e9b3e245-013d-49ed-acb4-aacc6841ab0f | ITER: 79 END: OK
2019-07-12 09:24:26.938 22831 INFO rally.task.runner [-] Task e9b3e245-013d-49ed-acb4-aacc6841ab0f | ITER: 88 END: OK
2019-07-12 09:24:27.022 22837 INFO rally.task.runner [-] Task e9b3e245-013d-49ed-acb4-aacc6841ab0f | ITER: 78 END: OK
2019-07-12 09:24:27.050 22861 INFO rally.task.runner [-] Task e9b3e245-013d-49ed-acb4-aacc6841ab0f | ITER: 92 END: OK
2019-07-12 09:24:27.099 22830 INFO rally.task.runner [-] Task e9b3e245-013d-49ed-acb4-aacc6841ab0f | ITER: 87 END: OK
2019-07-12 09:24:27.194 22832 INFO rally.task.runner [-] Task e9b3e245-013d-49ed-acb4-aacc6841ab0f | ITER: 94 END: OK
2019-07-12 09:24:27.230 22840 INFO rally.task.runner [-] Task e9b3e245-013d-49ed-acb4-aacc6841ab0f | ITER: 93 END: OK
2019-07-12 09:24:27.333 22829 INFO rally.task.runner [-] Task e9b3e245-013d-49ed-acb4-aacc6841ab0f | ITER: 89 END: OK
2019-07-12 09:24:27.630 22863 INFO rally.task.runner [-] Task e9b3e245-013d-49ed-acb4-aacc6841ab0f | ITER: 98 END: OK
2019-07-12 09:24:27.813 22831 INFO rally.task.runner [-] Task e9b3e245-013d-49ed-acb4-aacc6841ab0f | ITER: 100 END: OK
2019-07-12 09:24:27.845 22835 INFO rally.task.runner [-] Task e9b3e245-013d-49ed-acb4-aacc6841ab0f | ITER: 99 END: OK
2019-07-12 09:24:27.896 22869 INFO rally.task.runner [-] Task e9b3e245-013d-49ed-acb4-aacc6841ab0f | ITER: 97 END: OK
2019-07-12 09:24:28.135 22851 INFO rally.task.runner [-] Task e9b3e245-013d-49ed-acb4-aacc6841ab0f | ITER: 96 END: OK
2019-07-12 09:24:28.140 22858 INFO rally.task.runner [-] Task e9b3e245-013d-49ed-acb4-aacc6841ab0f | ITER: 95 END: OK
2019-07-12 09:24:28.164 22705 INFO rally.task.context [-] Task e9b3e245-013d-49ed-acb4-aacc6841ab0f | Context cleanup@openstack cleanup() started
2019-07-12 09:24:28.167 22705 RALLYDEBUG rally_openstack.cleanup.manager [-] Cleaning up neutron vip objects
2019-07-12 09:24:28.804 22705 RALLYDEBUG rally_openstack.cleanup.manager [-] Cleaning up neutron health_monitor objects
2019-07-12 09:24:29.433 22705 RALLYDEBUG rally_openstack.cleanup.manager [-] Cleaning up neutron pool objects
2019-07-12 09:24:30.126 22705 RALLYDEBUG rally_openstack.cleanup.manager [-] Cleaning up neutron loadbalancer objects
2019-07-12 09:24:30.747 22705 RALLYDEBUG rally_openstack.cleanup.manager [-] Cleaning up neutron floatingip objects
2019-07-12 09:24:31.533 22705 RALLYDEBUG rally_openstack.cleanup.manager [-] Cleaning up neutron port objects
2019-07-12 09:24:32.520 22705 RALLYDEBUG rally_openstack.cleanup.manager [-] Cleaning up neutron subnet objects
2019-07-12 09:24:33.158 22705 RALLYDEBUG rally_openstack.cleanup.manager [-] Cleaning up neutron network objects
2019-07-12 09:24:34.093 22705 RALLYDEBUG rally_openstack.cleanup.manager [-] Deleting neutron.network object s_rally_025f94eb_C8bVDZyq (00cfbca7-4bb1-4554-a938-e281b6d3c1d2)
2019-07-12 09:24:34.101 22705 RALLYDEBUG rally_openstack.cleanup.manager [-] Deleting neutron.network object s_rally_025f94eb_UJC7GKzV (028fa807-fbd6-489d-8556-8fc116eb8af6)
2019-07-12 09:24:34.103 22705 RALLYDEBUG rally_openstack.cleanup.manager [-] Deleting neutron.network object s_rally_025f94eb_4ZYOn2KL (171ff2b6-6ad0-478c-adb7-d594d91a2bd1)
2019-07-12 09:24:34.104 22705 RALLYDEBUG rally_openstack.cleanup.manager [-] Deleting neutron.network object s_rally_025f94eb_SKkvCoHh (0a2d8c39-f5f3-4b46-a04d-1cfe4b4929f8)
2019-07-12 09:24:34.107 22705 RALLYDEBUG rally_openstack.cleanup.manager [-] Deleting neutron.network object s_rally_025f94eb_dkeLbOqp (17855f79-7d7c-4bcf-92a5-360cb1fb2a77)
2019-07-12 09:24:34.107 22705 RALLYDEBUG rally_openstack.cleanup.manager [-] Deleting neutron.network object s_rally_025f94eb_3tDQ3u1o (11e96a6b-cb68-465f-a4a9-dc4aa36e101f)
2019-07-12 09:24:34.111 22705 RALLYDEBUG rally_openstack.cleanup.manager [-] Deleting neutron.network object s_rally_025f94eb_0xNdXGQs (184da5b9-181c-49ad-8441-9cf83eaeab80)
2019-07-12 09:24:34.116 22705 RALLYDEBUG rally_openstack.cleanup.manager [-] Deleting neutron.network object s_rally_025f94eb_IwWoDoxS (0a6022dd-ca9c-4dbe-bfa8-720521c382a7)
2019-07-12 09:24:34.117 22705 RALLYDEBUG rally_openstack.cleanup.manager [-] Deleting neutron.network object s_rally_025f94eb_1oKv6kz7 (1c4cc424-edc8-4b4f-b2b4-d2077f523db0)
2019-07-12 09:24:34.117 22705 RALLYDEBUG rally_openstack.cleanup.manager [-] Deleting neutron.network object s_rally_025f94eb_nYneD4Ij (13bce948-ec44-4341-b417-4f8d51338bf5)
2019-07-12 09:24:34.119 22705 RALLYDEBUG rally_openstack.cleanup.manager [-] Deleting neutron.network object s_rally_025f94eb_hsr1jolf (03eee270-6318-4637-b8c1-ebb71e20a7ad)
2019-07-12 09:24:34.137 22705 RALLYDEBUG rally_openstack.cleanup.manager [-] Deleting neutron.network object s_rally_025f94eb_ab387NSV (0a170e65-5a84-4e74-bba1-a6519e9a7309)
2019-07-12 09:24:34.141 22705 RALLYDEBUG rally_openstack.cleanup.manager [-] Deleting neutron.network object s_rally_025f94eb_jBjSgqcl (154d5d9b-a589-42fd-840d-f5cb139cf143)
2019-07-12 09:24:34.151 22705 RALLYDEBUG rally_openstack.cleanup.manager [-] Deleting neutron.network object s_rally_025f94eb_MMEHGsOb (2170ced1-1cd9-4271-b125-246e7bf98a1d)
2019-07-12 09:24:34.167 22705 RALLYDEBUG rally_openstack.cleanup.manager [-] Deleting neutron.network object s_rally_025f94eb_3IbnwmL1 (20dd917c-7b75-4bed-9467-6e3b9e0479a3)
2019-07-12 09:24:34.177 22705 RALLYDEBUG rally_openstack.cleanup.manager [-] Deleting neutron.network object s_rally_025f94eb_X6IKwKO5 (219f7773-9499-4e5f-88d7-63dddc3618b0)
2019-07-12 09:24:34.208 22705 RALLYDEBUG rally_openstack.cleanup.manager [-] Deleting neutron.network object s_rally_025f94eb_nSkYKqP4 (22b1d00d-1f83-440e-8510-ebe60f30d32d)
2019-07-12 09:24:34.217 22705 RALLYDEBUG rally_openstack.cleanup.manager [-] Deleting neutron.network object s_rally_025f94eb_MgAftXf0 (281791ae-e0ff-49a5-9138-762c8a12c4dd)
2019-07-12 09:24:34.218 22705 RALLYDEBUG rally_openstack.cleanup.manager [-] Deleting neutron.network object s_rally_025f94eb_532Koo21 (2d2308f3-02a3-4f42-8a55-917fc45e4a64)
2019-07-12 09:24:34.219 22705 RALLYDEBUG rally_openstack.cleanup.manager [-] Deleting neutron.network object s_rally_025f94eb_G96PkESy (2dd55d5b-3334-4962-bbaf-ed903b3c425f)
2019-07-12 09:24:37.556 22705 RALLYDEBUG rally_openstack.cleanup.manager [-] Deleting neutron.network object s_rally_025f94eb_u9UEP4uO (2f7b9827-7a38-4a8e-a6cf-46825dee1879)
2019-07-12 09:24:37.660 22705 RALLYDEBUG rally_openstack.cleanup.manager [-] Deleting neutron.network object s_rally_025f94eb_QA7AbqaP (31c03cc5-e8eb-448e-8780-50ad4ea7aaea)
2019-07-12 09:24:37.780 22705 RALLYDEBUG rally_openstack.cleanup.manager [-] Deleting neutron.network object s_rally_025f94eb_kEjz2CpV (35943aa7-4dcd-4a90-b072-c9f7f5b7335a)
2019-07-12 09:24:37.904 22705 RALLYDEBUG rally_openstack.cleanup.manager [-] Deleting neutron.network object s_rally_025f94eb_emEvof4x (36962206-d490-4d94-ac1e-975c9d8a3ef5)
2019-07-12 09:24:38.070 22705 RALLYDEBUG rally_openstack.cleanup.manager [-] Deleting neutron.network object s_rally_025f94eb_P8Uk6qt4 (36cc6621-1e6d-4014-8df5-53dd280c665b)
2019-07-12 09:24:38.443 22705 RALLYDEBUG rally_openstack.cleanup.manager [-] Deleting neutron.network object s_rally_025f94eb_w4xygR3u (378624fb-0a06-49a6-8413-958a47a13665)
2019-07-12 09:24:38.522 22705 RALLYDEBUG rally_openstack.cleanup.manager [-] Deleting neutron.network object s_rally_025f94eb_SBQUuVAH (3db00cb9-7bbd-464c-aaf2-c60f32cb6e05)
2019-07-12 09:24:38.725 22705 RALLYDEBUG rally_openstack.cleanup.manager [-] Deleting neutron.network object s_rally_025f94eb_j9Uro8wk (3fe03ab6-12d0-4fe9-8efc-925607f5ab06)
2019-07-12 09:24:38.776 22705 RALLYDEBUG rally_openstack.cleanup.manager [-] Deleting neutron.network object s_rally_025f94eb_reQrnFWc (43fd0a11-850f-49dc-9d72-a27cb6cf3d45)
2019-07-12 09:24:38.808 22705 RALLYDEBUG rally_openstack.cleanup.manager [-] Deleting neutron.network object s_rally_025f94eb_MisgTeIW (46f7ff37-ecf3-4cdc-a040-77a7cd44382d)
2019-07-12 09:24:38.839 22705 RALLYDEBUG rally_openstack.cleanup.manager [-] Deleting neutron.network object s_rally_025f94eb_8lFw5EIZ (4837e6d5-7c4f-47d6-85c6-32ebb821cbae)
2019-07-12 09:24:39.075 22705 RALLYDEBUG rally_openstack.cleanup.manager [-] Deleting neutron.network object s_rally_025f94eb_D3K6rZw5 (495b66ee-f194-4a4d-8991-3274745bb957)
2019-07-12 09:24:39.248 22705 RALLYDEBUG rally_openstack.cleanup.manager [-] Deleting neutron.network object s_rally_025f94eb_aJCMmMRx (4b6eba6d-880c-4414-bdc7-1a183b669ba7)
2019-07-12 09:24:39.254 22705 RALLYDEBUG rally_openstack.cleanup.manager [-] Deleting neutron.network object s_rally_025f94eb_ULHQ31D2 (4d54f4ea-70e1-4308-9bc8-3d6258bc1334)
2019-07-12 09:24:39.299 22705 RALLYDEBUG rally_openstack.cleanup.manager [-] Deleting neutron.network object s_rally_025f94eb_rXwTmT2e (4d88a797-a17e-4897-8f81-c9368dcc677c)
2019-07-12 09:24:39.300 22705 RALLYDEBUG rally_openstack.cleanup.manager [-] Deleting neutron.network object s_rally_025f94eb_6J6jIrBs (4f94b288-e4b6-4920-8e7e-fba3929782b9)
2019-07-12 09:24:40.102 22705 RALLYDEBUG rally_openstack.cleanup.manager [-] Deleting neutron.network object s_rally_025f94eb_rcyqGAoL (50587e23-fbc2-47b1-88f6-8ae1431471c1)
2019-07-12 09:24:40.116 22705 RALLYDEBUG rally_openstack.cleanup.manager [-] Deleting neutron.network object s_rally_025f94eb_c3vSbmYu (55060685-137d-4b97-849b-36dac7545d32)
2019-07-12 09:24:40.217 22705 RALLYDEBUG rally_openstack.cleanup.manager [-] Deleting neutron.network object s_rally_025f94eb_wKOWtwlF (5981b58b-b226-4144-93f4-0f25af8da38c)
2019-07-12 09:24:40.217 22705 RALLYDEBUG rally_openstack.cleanup.manager [-] Deleting neutron.network object s_rally_025f94eb_6wKnb3qr (59d55b8f-d0c7-460e-a3b6-b990f0f88990)
2019-07-12 09:24:41.229 22705 RALLYDEBUG rally_openstack.cleanup.manager [-] Deleting neutron.network object s_rally_025f94eb_SQPgNLT6 (5bf597f3-c2bd-4b6d-a38d-1a88277788df)
2019-07-12 09:24:41.409 22705 RALLYDEBUG rally_openstack.cleanup.manager [-] Deleting neutron.network object s_rally_025f94eb_aWte6TTp (5efdfb2e-3d88-4599-a0fd-3ddae6c48ae1)
2019-07-12 09:24:41.428 22705 RALLYDEBUG rally_openstack.cleanup.manager [-] Deleting neutron.network object s_rally_025f94eb_myxst9wg (61435bb9-0115-4eec-84de-efc0f05bc6f9)
2019-07-12 09:24:41.440 22705 RALLYDEBUG rally_openstack.cleanup.manager [-] Deleting neutron.network object s_rally_025f94eb_Drvrn3lS (62a24b8e-d5c4-4e2d-a2c4-05aaac349268)
2019-07-12 09:24:41.764 22705 RALLYDEBUG rally_openstack.cleanup.manager [-] Deleting neutron.network object s_rally_025f94eb_BVMQpdBB (6cec1873-93e8-4e71-bb09-2933e0124b1d)
2019-07-12 09:24:42.233 22705 RALLYDEBUG rally_openstack.cleanup.manager [-] Deleting neutron.network object s_rally_025f94eb_NMB3LE0j (744765cd-0967-4980-88fa-d3e1b90e32f7)
2019-07-12 09:24:42.358 22705 RALLYDEBUG rally_openstack.cleanup.manager [-] Deleting neutron.network object s_rally_025f94eb_oFjIq2mN (77f5462b-f39f-4ffb-9959-38d5b7fd4caf)
2019-07-12 09:24:42.523 22705 RALLYDEBUG rally_openstack.cleanup.manager [-] Deleting neutron.network object s_rally_025f94eb_wvvOdhKF (7995ced7-cb7a-43bb-a935-8d0b840cc56b)
2019-07-12 09:24:42.841 22705 RALLYDEBUG rally_openstack.cleanup.manager [-] Deleting neutron.network object s_rally_025f94eb_PxpxitMO (7bcc8435-1f7c-4d17-9acf-b8e1570d829d)
2019-07-12 09:24:42.872 22705 RALLYDEBUG rally_openstack.cleanup.manager [-] Deleting neutron.network object s_rally_025f94eb_wOENpGJP (7c5d4012-95ef-4220-a178-1ba90978c224)
2019-07-12 09:24:43.011 22705 RALLYDEBUG rally_openstack.cleanup.manager [-] Deleting neutron.network object s_rally_025f94eb_GSgDamGB (7d325662-4f71-4fc8-b7b5-3f7a6b6eaf45)
2019-07-12 09:24:43.066 22705 RALLYDEBUG rally_openstack.cleanup.manager [-] Deleting neutron.network object s_rally_025f94eb_4ZCWyhEi (7dc5d594-4cfe-4f3c-8432-668fc434c758)
2019-07-12 09:24:43.750 22705 RALLYDEBUG rally_openstack.cleanup.manager [-] Deleting neutron.network object s_rally_025f94eb_uwCV2f5V (813264fa-d5b6-46d6-b949-0a2f429b7263)
2019-07-12 09:24:43.751 22705 RALLYDEBUG rally_openstack.cleanup.manager [-] Deleting neutron.network object s_rally_025f94eb_yifuMetr (7ff02bca-0a51-4fe3-b3c0-4d6f8fac0576)
2019-07-12 09:24:44.028 22705 RALLYDEBUG rally_openstack.cleanup.manager [-] Deleting neutron.network object s_rally_025f94eb_nVF5wtb6 (82002178-19a0-419a-aead-690e007a10e2)
2019-07-12 09:24:44.402 22705 RALLYDEBUG rally_openstack.cleanup.manager [-] Deleting neutron.network object s_rally_025f94eb_FcZLP2dA (852e5cc5-de96-4652-8378-74806cc885b8)
2019-07-12 09:24:44.408 22705 RALLYDEBUG rally_openstack.cleanup.manager [-] Deleting neutron.network object s_rally_025f94eb_LvTM6b6X (86feb463-7007-4c37-bf76-71f7eec57370)
2019-07-12 09:24:44.459 22705 RALLYDEBUG rally_openstack.cleanup.manager [-] Deleting neutron.network object s_rally_025f94eb_JIfgYoOa (87b1f1db-0c87-4037-9fdb-30c147fc6bdb)
2019-07-12 09:24:44.776 22705 RALLYDEBUG rally_openstack.cleanup.manager [-] Deleting neutron.network object s_rally_025f94eb_qiaKsSed (89bc11b5-ef76-4d76-961a-23442676df66)
2019-07-12 09:24:44.956 22705 RALLYDEBUG rally_openstack.cleanup.manager [-] Deleting neutron.network object s_rally_025f94eb_G2qN9VBU (8c921e8e-9aa6-4ea9-8244-e2825e9b2cc5)
2019-07-12 09:24:45.030 22705 RALLYDEBUG rally_openstack.cleanup.manager [-] Deleting neutron.network object s_rally_025f94eb_AlHAP6Pz (930f6681-ba65-46cb-8548-41270b228c5a)
2019-07-12 09:24:45.030 22705 RALLYDEBUG rally_openstack.cleanup.manager [-] Deleting neutron.network object s_rally_025f94eb_1pxD6JEJ (92b3e238-b09a-4a46-9781-0a3d597210fc)
2019-07-12 09:24:45.052 22705 RALLYDEBUG rally_openstack.cleanup.manager [-] Deleting neutron.network object s_rally_025f94eb_E7KiO8rM (96639d0f-ebb4-4fa4-86e8-436756b7bab2)
2019-07-12 09:24:45.076 22705 RALLYDEBUG rally_openstack.cleanup.manager [-] Deleting neutron.network object s_rally_025f94eb_KGu2Xfgq (9bd3d6e0-c26f-47cf-bba3-85105c0feeab)
2019-07-12 09:24:45.399 22705 RALLYDEBUG rally_openstack.cleanup.manager [-] Deleting neutron.network object s_rally_025f94eb_zAY4QsC7 (9cc89d6e-953a-45dd-a0a4-1b6effd7c5f2)
2019-07-12 09:24:45.472 22705 RALLYDEBUG rally_openstack.cleanup.manager [-] Deleting neutron.network object s_rally_025f94eb_UNSynCkl (a0796b6b-762f-4e88-8e31-27d208c4d9d3)
2019-07-12 09:24:45.477 22705 RALLYDEBUG rally_openstack.cleanup.manager [-] Deleting neutron.network object s_rally_025f94eb_QZhe3kjR (9d0cbcc9-751e-444f-ac3b-3ce9f66c28dd)
2019-07-12 09:24:45.515 22705 RALLYDEBUG rally_openstack.cleanup.manager [-] Deleting neutron.network object s_rally_025f94eb_ED53HTd0 (a210691c-f2ea-433f-9cf7-e80cd0196c07)
2019-07-12 09:24:45.998 22705 RALLYDEBUG rally_openstack.cleanup.manager [-] Deleting neutron.network object s_rally_025f94eb_vfpf9tLi (a5d6ed14-c312-464d-9a51-2d1e3b2c487c)
2019-07-12 09:24:47.433 22705 RALLYDEBUG rally_openstack.cleanup.manager [-] Deleting neutron.network object s_rally_025f94eb_QX7Fy7aa (a62fbf18-2f96-4218-930b-7b895551197e)
2019-07-12 09:24:47.464 22705 RALLYDEBUG rally_openstack.cleanup.manager [-] Deleting neutron.network object s_rally_025f94eb_0YSkuJEu (adfa37f0-1fea-4820-807c-6776eb3b0bba)
2019-07-12 09:24:47.479 22705 RALLYDEBUG rally_openstack.cleanup.manager [-] Deleting neutron.network object s_rally_025f94eb_TDhVIbAG (af6abd88-ace6-4417-b186-8e4eb6a89f21)
2019-07-12 09:24:47.527 22705 RALLYDEBUG rally_openstack.cleanup.manager [-] Deleting neutron.network object s_rally_025f94eb_DmYJFFJI (b24c8867-caa4-4661-9419-3120938c3df9)
2019-07-12 09:24:47.540 22705 RALLYDEBUG rally_openstack.cleanup.manager [-] Deleting neutron.network object s_rally_025f94eb_cMdRfYRf (b82d383d-1401-42b1-9a04-8acb6a5fe6fc)
2019-07-12 09:24:47.559 22705 RALLYDEBUG rally_openstack.cleanup.manager [-] Deleting neutron.network object s_rally_025f94eb_olEd4KtJ (b971a171-2bf3-40a2-b66b-7d3920faadb4)
2019-07-12 09:24:47.581 22705 RALLYDEBUG rally_openstack.cleanup.manager [-] Deleting neutron.network object s_rally_025f94eb_BmnKjmUL (bac3ad5a-9111-4b26-b9b1-f6e95742b0f1)
2019-07-12 09:24:47.655 22705 RALLYDEBUG rally_openstack.cleanup.manager [-] Deleting neutron.network object s_rally_025f94eb_78hg3GPs (c3460fbd-d9a0-4a23-bc5e-9fc95e210023)
2019-07-12 09:24:48.011 22705 RALLYDEBUG rally_openstack.cleanup.manager [-] Deleting neutron.network object s_rally_025f94eb_R4BtmV9R (c475efa0-d4ad-4a7d-954d-3e492691e24b)
2019-07-12 09:24:48.341 22705 RALLYDEBUG rally_openstack.cleanup.manager [-] Deleting neutron.network object s_rally_025f94eb_JEiHz5ZQ (c75d51eb-6f4a-4801-9bee-e65440803464)
2019-07-12 09:24:48.387 22705 RALLYDEBUG rally_openstack.cleanup.manager [-] Deleting neutron.network object s_rally_025f94eb_fZd4Qikp (c96f902b-639f-45ac-9ce1-35a74e5c2743)
2019-07-12 09:24:48.430 22705 RALLYDEBUG rally_openstack.cleanup.manager [-] Deleting neutron.network object s_rally_025f94eb_dNBKnciT (cb81f23e-2026-44d6-accd-bff95d922ec8)
2019-07-12 09:24:48.666 22705 RALLYDEBUG rally_openstack.cleanup.manager [-] Deleting neutron.network object s_rally_025f94eb_C3HnOQtB (cc6e605f-6703-4bde-8d90-560926e51981)
2019-07-12 09:24:48.676 22705 RALLYDEBUG rally_openstack.cleanup.manager [-] Deleting neutron.network object s_rally_025f94eb_WqW1CLdQ (cdb0ec97-8e1e-4d07-ae8e-36a9bdd3a9c9)
2019-07-12 09:24:49.431 22705 RALLYDEBUG rally_openstack.cleanup.manager [-] Deleting neutron.network object s_rally_025f94eb_adT2IgA2 (cf6adb76-9b0e-4683-acfe-3244a14ec360)
2019-07-12 09:24:49.546 22705 RALLYDEBUG rally_openstack.cleanup.manager [-] Deleting neutron.network object s_rally_025f94eb_ajS2OjOB (d0e796b1-65a1-4b30-b28a-306e8bb21bf5)
2019-07-12 09:24:49.621 22705 RALLYDEBUG rally_openstack.cleanup.manager [-] Deleting neutron.network object s_rally_025f94eb_KD7UW8jG (d21dc328-b4b2-4351-88a3-913af776e14c)
2019-07-12 09:24:49.703 22705 RALLYDEBUG rally_openstack.cleanup.manager [-] Deleting neutron.network object s_rally_025f94eb_LXpUcl71 (d2d26df5-5648-40cd-889c-dc495392fdbe)
2019-07-12 09:24:49.802 22705 RALLYDEBUG rally_openstack.cleanup.manager [-] Deleting neutron.network object s_rally_025f94eb_NZMdby1c (d48b33cc-27bd-4e4d-b47a-402a752e84f0)
2019-07-12 09:24:49.954 22705 RALLYDEBUG rally_openstack.cleanup.manager [-] Deleting neutron.network object s_rally_025f94eb_CHjPhxFn (d8b74bbf-1c1b-401e-83af-41cebabad389)
2019-07-12 09:24:50.492 22705 RALLYDEBUG rally_openstack.cleanup.manager [-] Deleting neutron.network object s_rally_025f94eb_vURpdgWu (d9394f78-59f0-49a8-8404-f91519b98260)
2019-07-12 09:24:50.552 22705 RALLYDEBUG rally_openstack.cleanup.manager [-] Deleting neutron.network object s_rally_025f94eb_A7UFHEiU (db2cc667-3bfd-4565-a0b4-796620bc211f)
2019-07-12 09:24:50.656 22705 RALLYDEBUG rally_openstack.cleanup.manager [-] Deleting neutron.network object s_rally_025f94eb_7f2AAFqI (df7807bd-9086-4363-8e48-3ae31571378b)
2019-07-12 09:24:50.694 22705 RALLYDEBUG rally_openstack.cleanup.manager [-] Deleting neutron.network object s_rally_025f94eb_2T09yc7M (e2f6be23-91f9-4098-926b-8c2b4c4db262)
2019-07-12 09:24:51.183 22705 RALLYDEBUG rally_openstack.cleanup.manager [-] Deleting neutron.network object s_rally_025f94eb_X9Qzy6aU (ed1ace8b-558e-46f4-9dab-9ca0016082d3)
2019-07-12 09:24:51.196 22705 RALLYDEBUG rally_openstack.cleanup.manager [-] Deleting neutron.network object s_rally_025f94eb_tRo10R1m (f3139002-6f76-417e-bdfe-212e07e11fa7)
2019-07-12 09:24:51.437 22705 RALLYDEBUG rally_openstack.cleanup.manager [-] Deleting neutron.network object s_rally_025f94eb_NeMbH5CN (f373cf78-dc92-4e76-ae55-4882b70e885d)
