2019-07-12 09:43:28.627 22705 RALLYDEBUG rally_openstack.cleanup.manager [-] Deleting neutron.port object s_rally_b2d12657_9paYedxU (cf71d1bb-0138-470b-ad93-0d1ea725c1df)
2019-07-12 09:43:28.641 22705 RALLYDEBUG rally_openstack.cleanup.manager [-] Deleting neutron.port object s_rally_b2d12657_1DkdRc2R (d268dac0-079e-4b97-b9f8-3bd941077737)
2019-07-12 09:43:28.643 22705 RALLYDEBUG rally_openstack.cleanup.manager [-] Deleting neutron.port object s_rally_b2d12657_7CPXKJeC (d15b2d8b-a1d3-4b7c-82f3-bb269c1fca3f)
2019-07-12 09:43:28.653 22705 RALLYDEBUG rally_openstack.cleanup.manager [-] Deleting neutron.port object s_rally_b2d12657_A94cZTM2 (d270c0d3-b2f0-4dbe-aebb-5f4d562010da)
2019-07-12 09:43:28.660 22705 RALLYDEBUG rally_openstack.cleanup.manager [-] Deleting neutron.port object s_rally_b2d12657_NpBp6J8W (d2e6e115-726d-4ca7-a5e3-5f14837025e1)
2019-07-12 09:43:28.670 22705 RALLYDEBUG rally_openstack.cleanup.manager [-] Deleting neutron.port object s_rally_b2d12657_4ajXkkwo (d2cf68b8-3bd6-4e42-a36c-8e1ab5ea15a5)
2019-07-12 09:43:28.912 22705 RALLYDEBUG rally_openstack.cleanup.manager [-] Deleting neutron.port object s_rally_b2d12657_cJufedGI (d31c4902-6c1c-4852-8f43-8f5bce49ecea)
2019-07-12 09:43:29.520 22705 RALLYDEBUG rally_openstack.cleanup.manager [-] Deleting neutron.port object s_rally_b2d12657_64kxE35z (d389746d-ee03-451e-8849-17288e412c49)
2019-07-12 09:43:29.609 22705 RALLYDEBUG rally_openstack.cleanup.manager [-] Deleting neutron.port object s_rally_b2d12657_OiE40SAc (d3acdc33-65ae-4c62-a633-9024d79f2473)
2019-07-12 09:43:29.770 22705 RALLYDEBUG rally_openstack.cleanup.manager [-] Deleting neutron.port object s_rally_b2d12657_DqduANNQ (d42e119c-becc-476b-a483-7c0dc7fb10ff)
2019-07-12 09:43:30.279 22705 RALLYDEBUG rally_openstack.cleanup.manager [-] Deleting neutron.port object s_rally_b2d12657_784Nyu6C (d5006266-1a10-41ad-9376-0c6b413697eb)
2019-07-12 09:43:30.626 22705 RALLYDEBUG rally_openstack.cleanup.manager [-] Deleting neutron.port object s_rally_b2d12657_ks67P7Ou (d54262ab-2488-4865-aa99-2b8f7e4e75f7)
2019-07-12 09:43:30.676 22705 RALLYDEBUG rally_openstack.cleanup.manager [-] Deleting neutron.port object s_rally_b2d12657_cznV5KGv (d5d78e99-94a8-4aa2-8cf5-f8b6bce71206)
2019-07-12 09:43:30.825 22705 RALLYDEBUG rally_openstack.cleanup.manager [-] Deleting neutron.port object s_rally_b2d12657_4gitVfrk (d6377581-dfe2-441e-8a48-7c26d61f26ef)
2019-07-12 09:43:30.836 22705 RALLYDEBUG rally_openstack.cleanup.manager [-] Deleting neutron.port object s_rally_b2d12657_cxx2Syjt (d657422b-519c-46a8-b27b-d522635918d4)
2019-07-12 09:43:30.908 22705 RALLYDEBUG rally_openstack.cleanup.manager [-] Deleting neutron.port object s_rally_b2d12657_dNSS12Lj (d6985450-6c2f-4383-a0fc-33a3496e91a8)
2019-07-12 09:43:31.051 22705 RALLYDEBUG rally_openstack.cleanup.manager [-] Deleting neutron.port object s_rally_b2d12657_Gxbm3VkI (d70f2e91-5b5b-41f7-be0a-17ad2d0a5988)
2019-07-12 09:43:31.460 22705 RALLYDEBUG rally_openstack.cleanup.manager [-] Deleting neutron.port object s_rally_b2d12657_uEvpPaFc (d85086ac-b54a-4e12-80fa-8b0b0cbb0c44)
2019-07-12 09:43:31.605 22705 RALLYDEBUG rally_openstack.cleanup.manager [-] Deleting neutron.port object s_rally_b2d12657_NpZ6TuQn (d86e58da-e570-48e5-8938-455468a235f3)
2019-07-12 09:43:31.726 22705 RALLYDEBUG rally_openstack.cleanup.manager [-] Deleting neutron.port object s_rally_b2d12657_4Q9hm8FX (dd8042f1-173b-4200-b86c-9a1ea5307d2e)
2019-07-12 09:43:31.727 22705 RALLYDEBUG rally_openstack.cleanup.manager [-] Deleting neutron.port object s_rally_b2d12657_FkI89U6D (dc122153-a05d-4627-a53c-aba0510d7506)
2019-07-12 09:43:31.736 22705 RALLYDEBUG rally_openstack.cleanup.manager [-] Deleting neutron.port object s_rally_b2d12657_pcE7d345 (dd86d0bd-bb1a-4ec6-9639-9d37de35c583)
2019-07-12 09:43:32.201 22705 RALLYDEBUG rally_openstack.cleanup.manager [-] Deleting neutron.port object s_rally_b2d12657_L4SlE0Gg (dfca8eef-7058-40af-8a65-0e2d2cfe133e)
2019-07-12 09:43:32.201 22705 RALLYDEBUG rally_openstack.cleanup.manager [-] Deleting neutron.port object s_rally_b2d12657_kd66rwq3 (deb09a60-080a-49db-a501-d56f685abbb4)
2019-07-12 09:43:32.250 22705 RALLYDEBUG rally_openstack.cleanup.manager [-] Deleting neutron.port object s_rally_b2d12657_83GvbhzR (e02465d5-3659-449d-9387-40ced8eeaf59)
2019-07-12 09:43:32.343 22705 RALLYDEBUG rally_openstack.cleanup.manager [-] Deleting neutron.port object s_rally_b2d12657_qgqaOLEk (e072c97b-de1e-4535-9499-81bc65c2b369)
2019-07-12 09:43:32.558 22705 RALLYDEBUG rally_openstack.cleanup.manager [-] Deleting neutron.port object s_rally_b2d12657_ptxAx4Yk (e093c521-e2d4-4321-b1de-a79723c424df)
2019-07-12 09:43:32.636 22705 RALLYDEBUG rally_openstack.cleanup.manager [-] Deleting neutron.port object s_rally_b2d12657_Jj5WYeTn (e2a28a24-bd7a-4bbc-8b7a-58ac16010a32)
2019-07-12 09:43:32.645 22705 RALLYDEBUG rally_openstack.cleanup.manager [-] Deleting neutron.port object s_rally_b2d12657_b9NeAIJ0 (e2a603e6-e6dd-4c83-a347-7b6707354b57)
2019-07-12 09:43:32.650 22705 RALLYDEBUG rally_openstack.cleanup.manager [-] Deleting neutron.port object s_rally_b2d12657_4vTMi7Bf (e3250300-1792-4a06-8dc0-6e436bd2f4b8)
2019-07-12 09:43:32.684 22705 RALLYDEBUG rally_openstack.cleanup.manager [-] Deleting neutron.port object s_rally_b2d12657_vPfDcRP1 (e550c8b3-0764-48c8-9013-b38beabf28ff)
2019-07-12 09:43:33.062 22705 RALLYDEBUG rally_openstack.cleanup.manager [-] Deleting neutron.port object s_rally_b2d12657_e4FRa6EW (e57a1540-5494-465e-8214-e5b5ef506e03)
2019-07-12 09:43:33.208 22705 RALLYDEBUG rally_openstack.cleanup.manager [-] Deleting neutron.port object s_rally_b2d12657_iB1hs1Q8 (e7104a3e-3016-4b25-a777-6a567c07ac46)
2019-07-12 09:43:34.359 22705 RALLYDEBUG rally_openstack.cleanup.manager [-] Deleting neutron.port object s_rally_b2d12657_3fOz3Ejd (e731c065-b470-4226-ac0c-ace0ee22e24a)
2019-07-12 09:43:34.443 22705 RALLYDEBUG rally_openstack.cleanup.manager [-] Deleting neutron.port object s_rally_b2d12657_capywfUo (e77f93c9-383a-4860-9e2a-7903de2d0db2)
2019-07-12 09:43:34.538 22705 RALLYDEBUG rally_openstack.cleanup.manager [-] Deleting neutron.port object s_rally_b2d12657_vXUXVEYL (e8559534-6a30-44d4-9774-127999a760f6)
2019-07-12 09:43:34.679 22705 RALLYDEBUG rally_openstack.cleanup.manager [-] Deleting neutron.port object s_rally_b2d12657_imPE8WCU (e939d3b7-7100-432d-92ff-f019df3b9301)
2019-07-12 09:43:34.844 22705 RALLYDEBUG rally_openstack.cleanup.manager [-] Deleting neutron.port object s_rally_b2d12657_GQ2wsr34 (ea3ad32c-094e-4e67-978d-2dd3707285da)
2019-07-12 09:43:35.199 22705 RALLYDEBUG rally_openstack.cleanup.manager [-] Deleting neutron.port object s_rally_b2d12657_In5nFp04 (ea56fc5f-a36e-4580-9eb6-988827e23eb6)
2019-07-12 09:43:35.333 22705 RALLYDEBUG rally_openstack.cleanup.manager [-] Deleting neutron.port object s_rally_b2d12657_yofcxA2J (eb1e3455-addb-4ab6-aea0-cd7087ace251)
2019-07-12 09:43:35.479 22705 RALLYDEBUG rally_openstack.cleanup.manager [-] Deleting neutron.port object s_rally_b2d12657_LrLaavZo (eb3db66e-4611-4693-8103-0bd4a492d121)
2019-07-12 09:43:35.485 22705 RALLYDEBUG rally_openstack.cleanup.manager [-] Deleting neutron.port object s_rally_b2d12657_AVbdXP3J (ebae98ab-228e-4f1f-9d8f-e6f1b36641ae)
2019-07-12 09:43:35.507 22705 RALLYDEBUG rally_openstack.cleanup.manager [-] Deleting neutron.port object s_rally_b2d12657_CxBKBYGx (ed4a7ff9-ddd2-46e8-a87d-6b3d3b6e0917)
2019-07-12 09:43:35.507 22705 RALLYDEBUG rally_openstack.cleanup.manager [-] Deleting neutron.port object s_rally_b2d12657_FvmPCZbj (ecddf3d2-f82e-4e2f-aa02-deee6f9c9749)
2019-07-12 09:43:35.611 22705 RALLYDEBUG rally_openstack.cleanup.manager [-] Deleting neutron.port object s_rally_b2d12657_MTDfF5MK (ee08ea8d-104b-43bc-858f-f5f751740ccc)
2019-07-12 09:43:35.691 22705 RALLYDEBUG rally_openstack.cleanup.manager [-] Deleting neutron.port object s_rally_b2d12657_oFjuGDR2 (ee4309c3-792a-4242-b69f-c4994dafd7cf)
2019-07-12 09:43:35.716 22705 RALLYDEBUG rally_openstack.cleanup.manager [-] Deleting neutron.port object s_rally_b2d12657_BiP0iOyi (ef316578-1d98-416e-9181-0201940b46d6)
2019-07-12 09:43:35.782 22705 RALLYDEBUG rally_openstack.cleanup.manager [-] Deleting neutron.port object s_rally_b2d12657_OQ3l2SbT (f0e64630-4c55-48e3-a2f4-e172a8b18d88)
2019-07-12 09:43:35.842 22705 RALLYDEBUG rally_openstack.cleanup.manager [-] Deleting neutron.port object s_rally_b2d12657_SxxVAp6a (f0ecdbc5-3fbb-461f-a36b-e40ef3b0ba54)
2019-07-12 09:43:36.020 22705 RALLYDEBUG rally_openstack.cleanup.manager [-] Deleting neutron.port object s_rally_b2d12657_V8oaM412 (f1207cad-ef26-4b33-a5b9-7de95c2c5d00)
2019-07-12 09:43:36.215 22705 RALLYDEBUG rally_openstack.cleanup.manager [-] Deleting neutron.port object s_rally_b2d12657_ibYOtVbO (f1401b80-47f4-4d3f-a3be-431dacc19b36)
2019-07-12 09:43:36.216 22705 RALLYDEBUG rally_openstack.cleanup.manager [-] Deleting neutron.port object s_rally_b2d12657_JnkItXeg (f17d1f23-d32d-4e40-b2b1-576b7ab71104)
2019-07-12 09:43:36.221 22705 RALLYDEBUG rally_openstack.cleanup.manager [-] Deleting neutron.port object s_rally_b2d12657_WaeP7hFy (f503dcc2-530b-4235-ab6c-638ec5164525)
2019-07-12 09:43:36.536 22705 RALLYDEBUG rally_openstack.cleanup.manager [-] Deleting neutron.port object s_rally_b2d12657_Wsocb1WS (f5fcbaea-c207-4d11-8a46-c57067c9ed34)
2019-07-12 09:43:36.555 22705 RALLYDEBUG rally_openstack.cleanup.manager [-] Deleting neutron.port object s_rally_b2d12657_X0mfHeje (f7a859d5-53fb-4614-85c7-3faaab3235f1)
2019-07-12 09:43:36.691 22705 RALLYDEBUG rally_openstack.cleanup.manager [-] Deleting neutron.port object s_rally_b2d12657_ozc23ZjV (f8d874a9-c3f7-4ece-a984-cacc493fc115)
2019-07-12 09:43:37.070 22705 RALLYDEBUG rally_openstack.cleanup.manager [-] Deleting neutron.port object s_rally_b2d12657_Bja1Judc (fa0eaa29-0e54-491a-8ccd-867c8bc9fb42)
2019-07-12 09:43:37.434 22705 RALLYDEBUG rally_openstack.cleanup.manager [-] Deleting neutron.port object s_rally_b2d12657_6LvubOmQ (fa6686cd-8159-4b43-a2e6-0c76cdfea4b5)
2019-07-12 09:43:37.560 22705 RALLYDEBUG rally_openstack.cleanup.manager [-] Deleting neutron.port object s_rally_b2d12657_g5832xBH (fae3051e-0c2a-4a2b-84c5-ff59240962ea)
2019-07-12 09:43:37.791 22705 RALLYDEBUG rally_openstack.cleanup.manager [-] Deleting neutron.port object s_rally_b2d12657_XMZN0KOv (fc23f459-3fd0-4138-918b-c0c7103e0ca3)
2019-07-12 09:43:40.439 22705 RALLYDEBUG rally_openstack.cleanup.manager [-] Cleaning up neutron subnet objects
2019-07-12 09:43:41.514 22705 RALLYDEBUG rally_openstack.cleanup.manager [-] Cleaning up neutron network objects
2019-07-12 09:43:42.248 22705 RALLYDEBUG rally_openstack.cleanup.manager [-] Deleting neutron.network object s_rally_b2d12657_1Dp7MvVe (085b35f8-8fda-4168-9187-20ff755506e4)
2019-07-12 09:43:42.254 22705 RALLYDEBUG rally_openstack.cleanup.manager [-] Deleting neutron.network object s_rally_b2d12657_O3xMvghq (1ba02523-eb2e-44a2-9e62-27e4035442be)
2019-07-12 09:43:42.264 22705 RALLYDEBUG rally_openstack.cleanup.manager [-] Deleting neutron.network object s_rally_b2d12657_PLtL7ymL (4af9a7ba-ebaf-484c-ac84-a701a4441b73)
2019-07-12 09:43:42.269 22705 RALLYDEBUG rally_openstack.cleanup.manager [-] Deleting neutron.network object s_rally_b2d12657_E6iarCIX (24fea526-2d39-4618-9732-77eb0a72230b)
2019-07-12 09:43:42.275 22705 RALLYDEBUG rally_openstack.cleanup.manager [-] Deleting neutron.network object s_rally_b2d12657_VbTPEq0A (6151d53f-5770-45a2-b32b-4ab32ec103cb)
2019-07-12 09:43:42.293 22705 RALLYDEBUG rally_openstack.cleanup.manager [-] Deleting neutron.network object s_rally_b2d12657_D9aaHB7J (9d26ef8e-bd4a-43ac-9ade-07b4582d0343)
2019-07-12 09:43:42.296 22705 RALLYDEBUG rally_openstack.cleanup.manager [-] Deleting neutron.network object s_rally_b2d12657_cyTCaXFI (d960e326-54d3-4400-87c2-60a5077c1566)
2019-07-12 09:43:42.312 22705 RALLYDEBUG rally_openstack.cleanup.manager [-] Deleting neutron.network object s_rally_b2d12657_VQE9XgUY (fb8061bd-f659-470f-a761-e06c17629905)
2019-07-12 09:43:45.642 22705 RALLYDEBUG rally_openstack.cleanup.manager [-] Cleaning up neutron router objects
2019-07-12 09:43:46.302 22705 RALLYDEBUG rally_openstack.cleanup.manager [-] Cleaning up neutron security_group objects
2019-07-12 09:43:46.945 22705 INFO rally.task.context [-] Task e9b3e245-013d-49ed-acb4-aacc6841ab0f | Context cleanup@openstack cleanup() finished in 1.28 min
2019-07-12 09:43:46.945 22705 INFO rally.task.context [-] Task e9b3e245-013d-49ed-acb4-aacc6841ab0f | Context quotas@openstack cleanup() started
2019-07-12 09:43:47.178 22705 INFO rally.task.context [-] Task e9b3e245-013d-49ed-acb4-aacc6841ab0f | Context quotas@openstack cleanup() finished in 0.23 sec
2019-07-12 09:43:47.178 22705 INFO rally.task.context [-] Task e9b3e245-013d-49ed-acb4-aacc6841ab0f | Context users@openstack cleanup() started
2019-07-12 09:43:51.510 22705 INFO rally.task.context [-] Task e9b3e245-013d-49ed-acb4-aacc6841ab0f | Context users@openstack cleanup() finished in 4.33 sec
2019-07-12 09:43:52.772 22705 INFO rally.task.engine [-] Load duration is: 129.011629
2019-07-12 09:43:52.773 22705 INFO rally.task.engine [-] Full runner duration is: 129.053943
2019-07-12 09:43:52.773 22705 INFO rally.task.engine [-] Full duration is: 215.562806
2019-07-12 09:43:52.983 22705 INFO rally.task.engine [-] Running workload: position = 1 config = { "version": 2, "title": "A cropped version of a bigger task.", "description": "Auto-generated task from a single workload (uuid=4652f463-e94f-463a-a285-c864836875fb)", "subtasks": [ { "title": "NeutronNetworks.create_and_update_ports", "description": "Create and update a given number of ports.", "scenario": { "NeutronNetworks.create_and_update_ports": { "network_create_args": {}, "port_create_args": {}, "ports_per_network": 5, "port_update_args": { "admin_state_up": false, "device_id": "dummy_id", "device_owner": "dummy_owner", "name": "_port_updated" } } }, "contexts": { "users": { "tenants": 1, "users_per_tenant": 1 }, "quotas": { "neutron": { "network": -1, "port": -1 } } }, "runner": { "constant": { "times": 40, "concurrency": 20 } }, "hooks": [], "sla": { "failure_rate": { "max": 0 } } } ] }
2019-07-12 09:43:53.006 22705 RALLYDEBUG rally_openstack.contexts.keystone.users [-] Creating 1 tenants using 20 threads
2019-07-12 09:43:54.774 22705 RALLYDEBUG rally_openstack.contexts.keystone.users [-] Creating 1 users using 20 threads
2019-07-12 09:43:57.382 22705 INFO rally.task.context [-] Task e9b3e245-013d-49ed-acb4-aacc6841ab0f | Context users@openstack setup() finished in 4.38 sec
2019-07-12 09:43:58.149 22705 INFO rally.task.context [-] Task e9b3e245-013d-49ed-acb4-aacc6841ab0f | Context quotas@openstack setup() finished in 0.77 sec
2019-07-12 09:43:58.150 22705 INFO rally.task.context [-] Task e9b3e245-013d-49ed-acb4-aacc6841ab0f | Context cleanup@openstack setup() finished in 0.01 msec
2019-07-12 09:43:58.157 22705 RALLYDEBUG rally.task.runner [-] Starting the constant runner (task UUID: e9b3e245-013d-49ed-acb4-aacc6841ab0f). timeout: 0 concurrency: 20 concurrency_per_worker: 1 times: 40 concurrency_overhead: 4 processes_to_start: 16 max_cpu_used: 16
2019-07-12 09:43:58.170 26581 RALLYDEBUG rally.task.runner [-] Starting a worker. concurrency: 2 args: {"network_create_args": {}, "port_create_args": {}, "ports_per_network": 5, "port_update_args": {"admin_state_up": false, "device_id": "dummy_id", "device_owner": "dummy_owner", "name": "_port_updated"}} times: 40 method_name: run timeout: 0 duration: None cls:
2019-07-12 09:43:58.172 26582 RALLYDEBUG rally.task.runner [-] Starting a worker. concurrency: 2 args: {"network_create_args": {}, "port_create_args": {}, "ports_per_network": 5, "port_update_args": {"admin_state_up": false, "device_id": "dummy_id", "device_owner": "dummy_owner", "name": "_port_updated"}} times: 40 method_name: run timeout: 0 duration: None cls:
2019-07-12 09:43:58.175 26583 RALLYDEBUG rally.task.runner [-] Starting a worker. concurrency: 2 args: {"network_create_args": {}, "port_create_args": {}, "ports_per_network": 5, "port_update_args": {"admin_state_up": false, "device_id": "dummy_id", "device_owner": "dummy_owner", "name": "_port_updated"}} times: 40 method_name: run timeout: 0 duration: None cls:
2019-07-12 09:43:58.179 26581 INFO rally.task.runner [-] Task e9b3e245-013d-49ed-acb4-aacc6841ab0f | ITER: 1 START
2019-07-12 09:43:58.179 26584 RALLYDEBUG rally.task.runner [-] Starting a worker. concurrency: 2 args: {"network_create_args": {}, "port_create_args": {}, "ports_per_network": 5, "port_update_args": {"admin_state_up": false, "device_id": "dummy_id", "device_owner": "dummy_owner", "name": "_port_updated"}} times: 40 method_name: run timeout: 0 duration: None cls:
2019-07-12 09:43:58.180 26581 WARNING rally_openstack.scenarios.neutron.utils [-] Running this scenario without either the 'network' or 'existing_network' context is deprecated
2019-07-12 09:43:58.182 26582 INFO rally.task.runner [-] Task e9b3e245-013d-49ed-acb4-aacc6841ab0f | ITER: 2 START
2019-07-12 09:43:58.181 26581 INFO rally.task.runner [-] Task e9b3e245-013d-49ed-acb4-aacc6841ab0f | ITER: 3 START
2019-07-12 09:43:58.183 26583 INFO rally.task.runner [-] Task e9b3e245-013d-49ed-acb4-aacc6841ab0f | ITER: 4 START
2019-07-12 09:43:58.183 26587 RALLYDEBUG rally.task.runner [-] Starting a worker. concurrency: 1 args: {"network_create_args": {}, "port_create_args": {}, "ports_per_network": 5, "port_update_args": {"admin_state_up": false, "device_id": "dummy_id", "device_owner": "dummy_owner", "name": "_port_updated"}} times: 40 method_name: run timeout: 0 duration: None cls:
2019-07-12 09:43:58.184 26582 INFO rally.task.runner [-] Task e9b3e245-013d-49ed-acb4-aacc6841ab0f | ITER: 5 START
2019-07-12 09:43:58.186 26583 WARNING rally_openstack.scenarios.neutron.utils [-] Running this scenario without either the 'network' or 'existing_network' context is deprecated
2019-07-12 09:43:58.185 26582 WARNING rally_openstack.scenarios.neutron.utils [-] Running this scenario without either the 'network' or 'existing_network' context is deprecated
2019-07-12 09:43:58.186 26591 RALLYDEBUG rally.task.runner [-] Starting a worker. concurrency: 1 args: {"network_create_args": {}, "port_create_args": {}, "ports_per_network": 5, "port_update_args": {"admin_state_up": false, "device_id": "dummy_id", "device_owner": "dummy_owner", "name": "_port_updated"}} times: 40 method_name: run timeout: 0 duration: None cls:
2019-07-12 09:43:58.184 26581 WARNING rally_openstack.scenarios.neutron.utils [-] Running this scenario without either the 'network' or 'existing_network' context is deprecated
2019-07-12 09:43:58.191 26584 INFO rally.task.runner [-] Task e9b3e245-013d-49ed-acb4-aacc6841ab0f | ITER: 7 START
2019-07-12 09:43:58.191 26597 RALLYDEBUG rally.task.runner [-] Starting a worker. concurrency: 1 args: {"network_create_args": {}, "port_create_args": {}, "ports_per_network": 5, "port_update_args": {"admin_state_up": false, "device_id": "dummy_id", "device_owner": "dummy_owner", "name": "_port_updated"}} times: 40 method_name: run timeout: 0 duration: None cls:
2019-07-12 09:43:58.187 26583 INFO rally.task.runner [-] Task e9b3e245-013d-49ed-acb4-aacc6841ab0f | ITER: 6 START
2019-07-12 09:43:58.192 26596 RALLYDEBUG rally.task.runner [-] Starting a worker. concurrency: 1 args: {"network_create_args": {}, "port_create_args": {}, "ports_per_network": 5, "port_update_args": {"admin_state_up": false, "device_id": "dummy_id", "device_owner": "dummy_owner", "name": "_port_updated"}} times: 40 method_name: run timeout: 0 duration: None cls:
2019-07-12 09:43:58.193 26587 INFO rally.task.runner [-] Task e9b3e245-013d-49ed-acb4-aacc6841ab0f | ITER: 8 START
2019-07-12 09:43:58.194 26591 INFO rally.task.runner [-] Task e9b3e245-013d-49ed-acb4-aacc6841ab0f | ITER: 10 START
2019-07-12 09:43:58.194 26584 INFO rally.task.runner [-] Task e9b3e245-013d-49ed-acb4-aacc6841ab0f | ITER: 9 START
2019-07-12 09:43:58.195 26584 WARNING rally_openstack.scenarios.neutron.utils [-] Running this scenario without either the 'network' or 'existing_network' context is deprecated
2019-07-12 09:43:58.195 26587 WARNING rally_openstack.scenarios.neutron.utils [-] Running this scenario without either the 'network' or 'existing_network' context is deprecated
2019-07-12 09:43:58.195 26591 WARNING rally_openstack.scenarios.neutron.utils [-] Running this scenario without either the 'network' or 'existing_network' context is deprecated
2019-07-12 09:43:58.194 26583 WARNING rally_openstack.scenarios.neutron.utils [-] Running this scenario without either the 'network' or 'existing_network' context is deprecated
2019-07-12 09:43:58.194 26582 WARNING rally_openstack.scenarios.neutron.utils [-] Running this scenario without either the 'network' or 'existing_network' context is deprecated
2019-07-12 09:43:58.200 26600 RALLYDEBUG rally.task.runner [-] Starting a worker. concurrency: 1 args: {"network_create_args": {}, "port_create_args": {}, "ports_per_network": 5, "port_update_args": {"admin_state_up": false, "device_id": "dummy_id", "device_owner": "dummy_owner", "name": "_port_updated"}} times: 40 method_name: run timeout: 0 duration: None cls:
2019-07-12 09:43:58.201 26597 INFO rally.task.runner [-] Task e9b3e245-013d-49ed-acb4-aacc6841ab0f | ITER: 11 START
2019-07-12 09:43:58.196 26584 WARNING rally_openstack.scenarios.neutron.utils [-] Running this scenario without either the 'network' or 'existing_network' context is deprecated
2019-07-12 09:43:58.201 26606 RALLYDEBUG rally.task.runner [-] Starting a worker. concurrency: 1 args: {"network_create_args": {}, "port_create_args": {}, "ports_per_network": 5, "port_update_args": {"admin_state_up": false, "device_id": "dummy_id", "device_owner": "dummy_owner", "name": "_port_updated"}} times: 40 method_name: run timeout: 0 duration: None cls:
2019-07-12 09:43:58.203 26597 WARNING rally_openstack.scenarios.neutron.utils [-] Running this scenario without either the 'network' or 'existing_network' context is deprecated
2019-07-12 09:43:58.204 26608 RALLYDEBUG rally.task.runner [-] Starting a worker. concurrency: 1 args: {"network_create_args": {}, "port_create_args": {}, "ports_per_network": 5, "port_update_args": {"admin_state_up": false, "device_id": "dummy_id", "device_owner": "dummy_owner", "name": "_port_updated"}} times: 40 method_name: run timeout: 0 duration: None cls:
2019-07-12 09:43:58.205 26596 INFO rally.task.runner [-] Task e9b3e245-013d-49ed-acb4-aacc6841ab0f | ITER: 12 START
2019-07-12 09:43:58.206 26610 RALLYDEBUG rally.task.runner [-] Starting a worker. concurrency: 1 args: {"network_create_args": {}, "port_create_args": {}, "ports_per_network": 5, "port_update_args": {"admin_state_up": false, "device_id": "dummy_id", "device_owner": "dummy_owner", "name": "_port_updated"}} times: 40 method_name: run timeout: 0 duration: None cls:
2019-07-12 09:43:58.207 26596 WARNING rally_openstack.scenarios.neutron.utils [-] Running this scenario without either the 'network' or 'existing_network' context is deprecated
2019-07-12 09:43:58.208 26606 INFO rally.task.runner [-] Task e9b3e245-013d-49ed-acb4-aacc6841ab0f | ITER: 14 START
2019-07-12 09:43:58.209 26600 INFO rally.task.runner [-] Task e9b3e245-013d-49ed-acb4-aacc6841ab0f | ITER: 13 START
2019-07-12 09:43:58.210 26606 WARNING rally_openstack.scenarios.neutron.utils [-] Running this scenario without either the 'network' or 'existing_network' context is deprecated
2019-07-12 09:43:58.210 26600 WARNING rally_openstack.scenarios.neutron.utils [-] Running this scenario without either the 'network' or 'existing_network' context is deprecated
2019-07-12 09:43:58.213 26610 INFO rally.task.runner [-] Task e9b3e245-013d-49ed-acb4-aacc6841ab0f | ITER: 16 START
2019-07-12 09:43:58.213 26613 RALLYDEBUG rally.task.runner [-] Starting a worker. concurrency: 1 args: {"network_create_args": {}, "port_create_args": {}, "ports_per_network": 5, "port_update_args": {"admin_state_up": false, "device_id": "dummy_id", "device_owner": "dummy_owner", "name": "_port_updated"}} times: 40 method_name: run timeout: 0 duration: None cls:
2019-07-12 09:43:58.215 26610 WARNING rally_openstack.scenarios.neutron.utils [-] Running this scenario without either the 'network' or 'existing_network' context is deprecated
2019-07-12 09:43:58.216 26608 INFO rally.task.runner [-] Task e9b3e245-013d-49ed-acb4-aacc6841ab0f | ITER: 15 START
2019-07-12 09:43:58.217 26608 WARNING rally_openstack.scenarios.neutron.utils [-] Running this scenario without either the 'network' or 'existing_network' context is deprecated
2019-07-12 09:43:58.222 26613 INFO rally.task.runner [-] Task e9b3e245-013d-49ed-acb4-aacc6841ab0f | ITER: 17 START
2019-07-12 09:43:58.223 26613 WARNING rally_openstack.scenarios.neutron.utils [-] Running this scenario without either the 'network' or 'existing_network' context is deprecated
2019-07-12 09:43:58.224 26622 RALLYDEBUG rally.task.runner [-] Starting a worker. concurrency: 1 args: {"network_create_args": {}, "port_create_args": {}, "ports_per_network": 5, "port_update_args": {"admin_state_up": false, "device_id": "dummy_id", "device_owner": "dummy_owner", "name": "_port_updated"}} times: 40 method_name: run timeout: 0 duration: None cls:
2019-07-12 09:43:58.229 26622 INFO rally.task.runner [-] Task e9b3e245-013d-49ed-acb4-aacc6841ab0f | ITER: 18 START
2019-07-12 09:43:58.228 26625 RALLYDEBUG rally.task.runner [-] Starting a worker. concurrency: 1 args: {"network_create_args": {}, "port_create_args": {}, "ports_per_network": 5, "port_update_args": {"admin_state_up": false, "device_id": "dummy_id", "device_owner": "dummy_owner", "name": "_port_updated"}} times: 40 method_name: run timeout: 0 duration: None cls:
2019-07-12 09:43:58.230 26622 WARNING rally_openstack.scenarios.neutron.utils [-] Running this scenario without either the 'network' or 'existing_network' context is deprecated
2019-07-12 09:43:58.233 26625 INFO rally.task.runner [-] Task e9b3e245-013d-49ed-acb4-aacc6841ab0f | ITER: 19 START
2019-07-12 09:43:58.234 26625 WARNING rally_openstack.scenarios.neutron.utils [-] Running this scenario without either the 'network' or 'existing_network' context is deprecated
2019-07-12 09:43:58.236 26628 RALLYDEBUG rally.task.runner [-] Starting a worker. concurrency: 1 args: {"network_create_args": {}, "port_create_args": {}, "ports_per_network": 5, "port_update_args": {"admin_state_up": false, "device_id": "dummy_id", "device_owner": "dummy_owner", "name": "_port_updated"}} times: 40 method_name: run timeout: 0 duration: None cls:
2019-07-12 09:43:58.241 26628 INFO rally.task.runner [-] Task e9b3e245-013d-49ed-acb4-aacc6841ab0f | ITER: 20 START
2019-07-12 09:43:58.242 26628 WARNING rally_openstack.scenarios.neutron.utils [-] Running this scenario without either the 'network' or 'existing_network' context is deprecated
2019-07-12 09:44:07.751 26582 INFO rally.task.runner [-] Task e9b3e245-013d-49ed-acb4-aacc6841ab0f | ITER: 2 END: OK
2019-07-12 09:44:07.757 26582 INFO rally.task.runner [-] Task e9b3e245-013d-49ed-acb4-aacc6841ab0f | ITER: 21 START
2019-07-12 09:44:07.757 26582 WARNING rally_openstack.scenarios.neutron.utils [-] Running this scenario without either the 'network' or 'existing_network' context is deprecated
2019-07-12 09:44:07.797 26628 INFO rally.task.runner [-] Task e9b3e245-013d-49ed-acb4-aacc6841ab0f | ITER: 20 END: OK
2019-07-12 09:44:07.801 26628 INFO rally.task.runner [-] Task e9b3e245-013d-49ed-acb4-aacc6841ab0f | ITER: 22 START
2019-07-12 09:44:07.802 26628 WARNING rally_openstack.scenarios.neutron.utils [-] Running this scenario without either the 'network' or 'existing_network' context is deprecated
2019-07-12 09:44:15.011 26596 INFO rally.task.runner [-] Task e9b3e245-013d-49ed-acb4-aacc6841ab0f | ITER: 12 END: OK
2019-07-12 09:44:15.012 26583 INFO rally.task.runner [-] Task e9b3e245-013d-49ed-acb4-aacc6841ab0f | ITER: 4 END: OK
2019-07-12 09:44:15.015 26596 INFO rally.task.runner [-] Task e9b3e245-013d-49ed-acb4-aacc6841ab0f | ITER: 23 START
2019-07-12 09:44:15.015 26596 WARNING rally_openstack.scenarios.neutron.utils [-] Running this scenario without either the 'network' or 'existing_network' context is deprecated
2019-07-12 09:44:15.016 26583 INFO rally.task.runner [-] Task e9b3e245-013d-49ed-acb4-aacc6841ab0f | ITER: 24 START
2019-07-12 09:44:15.017 26583 WARNING rally_openstack.scenarios.neutron.utils [-] Running this scenario without either the 'network' or 'existing_network' context is deprecated
2019-07-12 09:44:15.038 26582 INFO rally.task.runner [-] Task e9b3e245-013d-49ed-acb4-aacc6841ab0f | ITER: 21 END: OK
2019-07-12 09:44:15.041 26582 INFO rally.task.runner [-] Task e9b3e245-013d-49ed-acb4-aacc6841ab0f | ITER: 25 START
2019-07-12 09:44:15.041 26582 WARNING rally_openstack.scenarios.neutron.utils [-] Running this scenario without either the 'network' or 'existing_network' context is deprecated
2019-07-12 09:44:15.289 26613 INFO rally.task.runner [-] Task e9b3e245-013d-49ed-acb4-aacc6841ab0f | ITER: 17 END: OK
2019-07-12 09:44:15.293 26613 INFO rally.task.runner [-] Task e9b3e245-013d-49ed-acb4-aacc6841ab0f | ITER: 26 START
2019-07-12 09:44:15.293 26613 WARNING rally_openstack.scenarios.neutron.utils [-] Running this scenario without either the 'network' or 'existing_network' context is deprecated
2019-07-12 09:44:15.297 26606 INFO rally.task.runner [-] Task e9b3e245-013d-49ed-acb4-aacc6841ab0f | ITER: 14 END: OK
2019-07-12 09:44:15.300 26606 INFO rally.task.runner [-] Task e9b3e245-013d-49ed-acb4-aacc6841ab0f | ITER: 27 START
2019-07-12 09:44:15.300 26606 WARNING rally_openstack.scenarios.neutron.utils [-] Running this scenario without either the 'network' or 'existing_network' context is deprecated
2019-07-12 09:44:16.851 26628 INFO rally.task.runner [-] Task e9b3e245-013d-49ed-acb4-aacc6841ab0f | ITER: 22 END: OK
2019-07-12 09:44:16.855 26628 INFO rally.task.runner [-] Task e9b3e245-013d-49ed-acb4-aacc6841ab0f | ITER: 28 START
2019-07-12 09:44:16.856 26628 WARNING rally_openstack.scenarios.neutron.utils [-] Running this scenario without either the 'network' or 'existing_network' context is deprecated
2019-07-12 09:44:22.330 26582 INFO rally.task.runner [-] Task e9b3e245-013d-49ed-acb4-aacc6841ab0f | ITER: 5 END: OK
2019-07-12 09:44:22.334 26582 INFO rally.task.runner [-] Task e9b3e245-013d-49ed-acb4-aacc6841ab0f | ITER: 29 START
2019-07-12 09:44:22.335 26582 WARNING rally_openstack.scenarios.neutron.utils [-] Running this scenario without either the 'network' or 'existing_network' context is deprecated
2019-07-12 09:44:22.448 26581 INFO rally.task.runner [-] Task e9b3e245-013d-49ed-acb4-aacc6841ab0f | ITER: 3 END: OK
2019-07-12 09:44:22.453 26581 INFO rally.task.runner [-] Task e9b3e245-013d-49ed-acb4-aacc6841ab0f | ITER: 30 START
2019-07-12 09:44:22.453 26581 WARNING rally_openstack.scenarios.neutron.utils [-] Running this scenario without either the 'network' or 'existing_network' context is deprecated
2019-07-12 09:44:22.796 26591 INFO rally.task.runner [-] Task e9b3e245-013d-49ed-acb4-aacc6841ab0f | ITER: 10 END: OK
2019-07-12 09:44:22.801 26591 INFO rally.task.runner [-] Task e9b3e245-013d-49ed-acb4-aacc6841ab0f | ITER: 31 START
2019-07-12 09:44:22.802 26591 WARNING rally_openstack.scenarios.neutron.utils [-] Running this scenario without either the 'network' or 'existing_network' context is deprecated
2019-07-12 09:44:22.931 26597 INFO rally.task.runner [-] Task e9b3e245-013d-49ed-acb4-aacc6841ab0f | ITER: 11 END: OK
2019-07-12 09:44:22.936 26597 INFO rally.task.runner [-] Task e9b3e245-013d-49ed-acb4-aacc6841ab0f | ITER: 32 START
2019-07-12 09:44:22.937 26597 WARNING rally_openstack.scenarios.neutron.utils [-] Running this scenario without either the 'network' or 'existing_network' context is deprecated
2019-07-12 09:44:23.027 26625 INFO rally.task.runner [-] Task e9b3e245-013d-49ed-acb4-aacc6841ab0f | ITER: 19 END: OK
2019-07-12 09:44:23.033 26625 INFO rally.task.runner [-] Task e9b3e245-013d-49ed-acb4-aacc6841ab0f | ITER: 33 START
2019-07-12 09:44:23.034 26625 WARNING rally_openstack.scenarios.neutron.utils [-] Running this scenario without either the 'network' or 'existing_network' context is deprecated
2019-07-12 09:44:23.353 26610 INFO rally.task.runner [-] Task e9b3e245-013d-49ed-acb4-aacc6841ab0f | ITER: 16 END: OK
2019-07-12 09:44:23.358 26610 INFO rally.task.runner [-] Task e9b3e245-013d-49ed-acb4-aacc6841ab0f | ITER: 34 START
2019-07-12 09:44:23.359 26610 WARNING rally_openstack.scenarios.neutron.utils [-] Running this scenario without either the 'network' or 'existing_network' context is deprecated
2019-07-12 09:44:24.282 26596 INFO rally.task.runner [-] Task e9b3e245-013d-49ed-acb4-aacc6841ab0f | ITER: 23 END: OK
2019-07-12 09:44:24.286 26596 INFO rally.task.runner [-] Task e9b3e245-013d-49ed-acb4-aacc6841ab0f | ITER: 35 START
2019-07-12 09:44:24.287 26596 WARNING rally_openstack.scenarios.neutron.utils [-] Running this scenario without either the 'network' or 'existing_network' context is deprecated
2019-07-12 09:44:25.221 26606 INFO rally.task.runner [-] Task e9b3e245-013d-49ed-acb4-aacc6841ab0f | ITER: 27 END: OK
2019-07-12 09:44:25.225 26606 INFO rally.task.runner [-] Task e9b3e245-013d-49ed-acb4-aacc6841ab0f | ITER: 36 START
2019-07-12 09:44:25.225 26606 WARNING rally_openstack.scenarios.neutron.utils [-] Running this scenario without either the 'network' or 'existing_network' context is deprecated
2019-07-12 09:44:25.666 26613 INFO rally.task.runner [-] Task e9b3e245-013d-49ed-acb4-aacc6841ab0f | ITER: 26 END: OK
2019-07-12 09:44:25.670 26613 INFO rally.task.runner [-] Task e9b3e245-013d-49ed-acb4-aacc6841ab0f | ITER: 37 START
2019-07-12 09:44:25.671 26613 WARNING rally_openstack.scenarios.neutron.utils [-] Running this scenario without either the 'network' or 'existing_network' context is deprecated
2019-07-12 09:44:25.721 26581 INFO rally.task.runner [-] Task e9b3e245-013d-49ed-acb4-aacc6841ab0f | ITER: 1 END: OK
2019-07-12 09:44:25.725 26581 INFO rally.task.runner [-] Task e9b3e245-013d-49ed-acb4-aacc6841ab0f | ITER: 38 START
2019-07-12 09:44:25.726 26581 WARNING rally_openstack.scenarios.neutron.utils [-] Running this scenario without either the 'network' or 'existing_network' context is deprecated
2019-07-12 09:44:25.782 26583 INFO rally.task.runner [-] Task e9b3e245-013d-49ed-acb4-aacc6841ab0f | ITER: 6 END: OK
2019-07-12 09:44:25.785 26583 INFO rally.task.runner [-] Task e9b3e245-013d-49ed-acb4-aacc6841ab0f | ITER: 39 START
2019-07-12 09:44:25.786 26583 WARNING rally_openstack.scenarios.neutron.utils [-] Running this scenario without either the 'network' or 'existing_network' context is deprecated
2019-07-12 09:44:26.253 26628 INFO rally.task.runner [-] Task e9b3e245-013d-49ed-acb4-aacc6841ab0f | ITER: 28 END: OK
2019-07-12 09:44:26.257 26628 INFO rally.task.runner [-] Task e9b3e245-013d-49ed-acb4-aacc6841ab0f | ITER: 40 START
2019-07-12 09:44:26.257 26628 WARNING rally_openstack.scenarios.neutron.utils [-] Running this scenario without either the 'network' or 'existing_network' context is deprecated
2019-07-12 09:44:26.550 26584 INFO rally.task.runner [-] Task e9b3e245-013d-49ed-acb4-aacc6841ab0f | ITER: 9 END: OK
2019-07-12 09:44:26.782 26608 INFO rally.task.runner [-] Task e9b3e245-013d-49ed-acb4-aacc6841ab0f | ITER: 15 END: OK
2019-07-12 09:44:31.323 26587 INFO rally.task.runner [-] Task e9b3e245-013d-49ed-acb4-aacc6841ab0f | ITER: 8 END: OK
2019-07-12 09:44:31.739 26582 INFO rally.task.runner [-] Task e9b3e245-013d-49ed-acb4-aacc6841ab0f | ITER: 29 END: OK
2019-07-12 09:44:31.777 26584 INFO rally.task.runner [-] Task e9b3e245-013d-49ed-acb4-aacc6841ab0f | ITER: 7 END: OK
2019-07-12 09:44:31.961 26600 INFO rally.task.runner [-] Task e9b3e245-013d-49ed-acb4-aacc6841ab0f | ITER: 13 END: OK
2019-07-12 09:44:31.969 26622 INFO rally.task.runner [-] Task e9b3e245-013d-49ed-acb4-aacc6841ab0f | ITER: 18 END: OK
2019-07-12 09:44:32.507 26582 INFO rally.task.runner [-] Task e9b3e245-013d-49ed-acb4-aacc6841ab0f | ITER: 25 END: OK
2019-07-12 09:44:32.660 26583 INFO rally.task.runner [-] Task e9b3e245-013d-49ed-acb4-aacc6841ab0f | ITER: 24 END: OK
2019-07-12 09:44:33.133 26625 INFO rally.task.runner [-] Task e9b3e245-013d-49ed-acb4-aacc6841ab0f | ITER: 33 END: OK
2019-07-12 09:44:33.413 26610 INFO rally.task.runner [-] Task e9b3e245-013d-49ed-acb4-aacc6841ab0f | ITER: 34 END: OK
2019-07-12 09:44:37.774 26581 INFO rally.task.runner [-] Task e9b3e245-013d-49ed-acb4-aacc6841ab0f | ITER: 30 END: OK
2019-07-12 09:44:38.210 26591 INFO rally.task.runner [-] Task e9b3e245-013d-49ed-acb4-aacc6841ab0f | ITER: 31 END: OK
2019-07-12 09:44:38.221 26597 INFO rally.task.runner [-] Task e9b3e245-013d-49ed-acb4-aacc6841ab0f | ITER: 32 END: OK
2019-07-12 09:44:38.417 26596 INFO rally.task.runner [-] Task e9b3e245-013d-49ed-acb4-aacc6841ab0f | ITER: 35 END: OK
2019-07-12 09:44:38.947 26606 INFO rally.task.runner [-] Task e9b3e245-013d-49ed-acb4-aacc6841ab0f | ITER: 36 END: OK
2019-07-12 09:44:39.280 26581 INFO rally.task.runner [-] Task e9b3e245-013d-49ed-acb4-aacc6841ab0f | ITER: 38 END: OK
2019-07-12 09:44:44.952 26613 INFO rally.task.runner [-] Task e9b3e245-013d-49ed-acb4-aacc6841ab0f | ITER: 37 END: OK
2019-07-12 09:44:45.013 26628 INFO rally.task.runner [-] Task e9b3e245-013d-49ed-acb4-aacc6841ab0f | ITER: 40 END: OK
2019-07-12 09:44:45.079 26583 INFO rally.task.runner [-] Task e9b3e245-013d-49ed-acb4-aacc6841ab0f | ITER: 39 END: OK
2019-07-12 09:44:45.101 22705 INFO rally.task.context [-] Task e9b3e245-013d-49ed-acb4-aacc6841ab0f | Context cleanup@openstack cleanup() started
2019-07-12 09:44:45.103 22705 RALLYDEBUG rally_openstack.cleanup.manager [-] Cleaning up neutron vip objects
2019-07-12 09:44:45.822 22705 RALLYDEBUG rally_openstack.cleanup.manager [-] Cleaning up neutron health_monitor objects
2019-07-12 09:44:46.455 22705 RALLYDEBUG rally_openstack.cleanup.manager [-] Cleaning up neutron pool objects
2019-07-12 09:44:47.080 22705 RALLYDEBUG rally_openstack.cleanup.manager [-] Cleaning up neutron loadbalancer objects
2019-07-12 09:44:47.796 22705 RALLYDEBUG rally_openstack.cleanup.manager [-] Cleaning up neutron floatingip objects
2019-07-12 09:44:48.556 22705 RALLYDEBUG rally_openstack.cleanup.manager [-] Cleaning up neutron port objects
2019-07-12 09:44:49.965 22705 RALLYDEBUG rally_openstack.cleanup.manager [-] Deleting neutron.port object s_rally_4652f463_II8EH3yV (00142ffa-4f9d-4ec0-b795-38393c8e887a)
2019-07-12 09:44:49.969 22705 RALLYDEBUG rally_openstack.cleanup.manager [-] Deleting neutron.port object s_rally_4652f463_KlHXFTzy (042960d8-8282-48c3-a525-9d5b9e89c939)
2019-07-12 09:44:49.974 22705 RALLYDEBUG rally_openstack.cleanup.manager [-] Deleting neutron.port object s_rally_4652f463_PjnJYiPX (04467605-65db-469f-af9b-260cf76425c8)
2019-07-12 09:44:49.981 22705 RALLYDEBUG rally_openstack.cleanup.manager [-] Deleting neutron.port object s_rally_4652f463_YmkFf05a (04971575-81cc-43ad-ae54-a8b189bf307d)
2019-07-12 09:44:49.988 22705 RALLYDEBUG rally_openstack.cleanup.manager [-] Deleting neutron.port object s_rally_4652f463_fmJ1SSpe (049ea143-30a6-440f-b937-7d4227085d31)
2019-07-12 09:44:50.007 22705 RALLYDEBUG rally_openstack.cleanup.manager [-] Deleting neutron.port object s_rally_4652f463_XB8XaPU4 (054e094a-bbf0-488c-9d35-d7c82d70cd05)
2019-07-12 09:44:50.015 22705 RALLYDEBUG rally_openstack.cleanup.manager [-] Deleting neutron.port object s_rally_4652f463_sIBzrlaJ (06642c7e-ee8e-4e4d-8c1e-6ffc2754d5f2)
2019-07-12 09:44:50.027 22705 RALLYDEBUG rally_openstack.cleanup.manager [-] Deleting neutron.port object s_rally_4652f463_RldbluOA (0707a267-db7a-4bce-b8a2-9ce0648085b5)
2019-07-12 09:44:50.037 22705 RALLYDEBUG rally_openstack.cleanup.manager [-] Deleting neutron.port object s_rally_4652f463_E4coZthy (0c5fdf78-4733-4677-8a2f-30ed287a2d1e)
2019-07-12 09:44:50.058 22705 RALLYDEBUG rally_openstack.cleanup.manager [-] Deleting neutron.port object s_rally_4652f463_OVQGZqo2 (0e3051d8-77bb-4385-92cc-33df17432572)
2019-07-12 09:44:50.064 22705 RALLYDEBUG rally_openstack.cleanup.manager [-] Deleting neutron.port object s_rally_4652f463_WDsr8dVv (0d7aa835-42c9-4488-976e-a668bfecde35)
2019-07-12 09:44:50.067 22705 RALLYDEBUG rally_openstack.cleanup.manager [-] Deleting neutron.port object s_rally_4652f463_bnzaSLeX (0e9abbfc-1768-4f1d-85ba-59f85cc41198)
2019-07-12 09:44:50.073 22705 RALLYDEBUG rally_openstack.cleanup.manager [-] Deleting neutron.port object s_rally_4652f463_vXVDFJdR (0ff10d7a-bb38-49ac-b7cc-d844412ca062)
2019-07-12 09:44:50.090 22705 RALLYDEBUG rally_openstack.cleanup.manager [-] Deleting neutron.port object s_rally_4652f463_fgYjhRm4 (100e9446-1480-401f-b70a-e19403699158)
2019-07-12 09:44:50.100 22705 RALLYDEBUG rally_openstack.cleanup.manager [-] Deleting neutron.port object s_rally_4652f463_DJbchzQ6 (1490a99e-a50e-484d-80c8-e5931ade87f3)
2019-07-12 09:44:50.105 22705 RALLYDEBUG rally_openstack.cleanup.manager [-] Deleting neutron.port object s_rally_4652f463_2hHESyNZ (15248cea-aced-400a-8750-02f5ac9b9421)
2019-07-12 09:44:50.128 22705 RALLYDEBUG rally_openstack.cleanup.manager [-] Deleting neutron.port object s_rally_4652f463_QAf0pbQT (17ea0c70-053e-4189-a19c-5b085b7e81e7)
2019-07-12 09:44:50.145 22705 RALLYDEBUG rally_openstack.cleanup.manager [-] Deleting neutron.port object s_rally_4652f463_Or4CtiMS (1806973a-60c2-49ec-933a-3c4da4945489)
2019-07-12 09:44:50.158 22705 RALLYDEBUG rally_openstack.cleanup.manager [-] Deleting neutron.port object s_rally_4652f463_EC55Hvot (187bb0c1-c8ee-42d7-973b-adad06431d3f)
2019-07-12 09:44:50.162 22705 RALLYDEBUG rally_openstack.cleanup.manager [-] Deleting neutron.port object s_rally_4652f463_ndIIqRTE (18d1d714-e62d-4fe6-a564-a9ca1a342037)
2019-07-12 09:44:52.453 22705 RALLYDEBUG rally_openstack.cleanup.manager [-] Deleting neutron.port object s_rally_4652f463_ijlvg4qe (1d07d7be-5ce8-45ae-b1a9-4887c4c5c6ae)
2019-07-12 09:44:52.850 22705 RALLYDEBUG rally_openstack.cleanup.manager [-] Deleting neutron.port object s_rally_4652f463_wGqnAOAd (1d991ce9-20b8-49de-b335-032b1bfe47af)
2019-07-12 09:44:54.267 22705 RALLYDEBUG rally_openstack.cleanup.manager [-] Deleting neutron.port object s_rally_4652f463_XiPmNvA3 (1e7ebfcd-5294-4bea-8179-fbe0844d113e)
2019-07-12 09:44:54.670 22705 RALLYDEBUG rally_openstack.cleanup.manager [-] Deleting neutron.port object s_rally_4652f463_IKmrx4Rh (1ed00452-41e5-47be-92a5-3e7f551fc9c0)
2019-07-12 09:44:54.943 22705 RALLYDEBUG rally_openstack.cleanup.manager [-] Deleting neutron.port object s_rally_4652f463_n4YIULuX (20c961b1-4131-414a-a976-1062bf385c0d)
2019-07-12 09:44:55.171 22705 RALLYDEBUG rally_openstack.cleanup.manager [-] Deleting neutron.port object s_rally_4652f463_jtfzuKKy (21fa8a74-e568-45d5-8701-a09ffc6a92bb)
2019-07-12 09:44:55.203 22705 RALLYDEBUG rally_openstack.cleanup.manager [-] Deleting neutron.port object s_rally_4652f463_nuZ6RhNP (2363d2c6-47c8-4ea2-8544-a6dcda6ace21)
2019-07-12 09:44:55.529 22705 RALLYDEBUG rally_openstack.cleanup.manager [-] Deleting neutron.port object s_rally_4652f463_YEanmxco (23717519-5cae-4cf7-90e7-08dfd9db44f4)
2019-07-12 09:44:55.555 22705 RALLYDEBUG rally_openstack.cleanup.manager [-] Deleting neutron.port object s_rally_4652f463_2PTYaOGX (2482c864-6194-49ed-a3a6-5d96fa4047d1)
2019-07-12 09:44:55.762 22705 RALLYDEBUG rally_openstack.cleanup.manager [-] Deleting neutron.port object s_rally_4652f463_3gmWxiWS (26104e2e-d9f4-4e7a-9c76-3c9e1184ccc7)
2019-07-12 09:44:56.199 22705 RALLYDEBUG rally_openstack.cleanup.manager [-] Deleting neutron.port object s_rally_4652f463_isSyqERO (27bafdcf-3d73-4822-af55-e5eb0fb46b57)
2019-07-12 09:44:56.493 22705 RALLYDEBUG rally_openstack.cleanup.manager [-] Deleting neutron.port object s_rally_4652f463_D2TmF9TA (283d81b1-e350-4145-9a60-0efb7e5aaa32)
2019-07-12 09:44:56.537 22705 RALLYDEBUG rally_openstack.cleanup.manager [-] Deleting neutron.port object s_rally_4652f463_MVKAczf8 (291d4e76-0e28-4c8d-8676-58f842d14f7c)
2019-07-12 09:44:56.554 22705 RALLYDEBUG rally_openstack.cleanup.manager [-] Deleting neutron.port object s_rally_4652f463_dkTIRAlR (29dffe10-e363-47df-a586-5d85a3c2a067)
2019-07-12 09:44:56.564 22705 RALLYDEBUG rally_openstack.cleanup.manager [-] Deleting neutron.port object s_rally_4652f463_rlK5FJOW (2adb98eb-af30-4930-8eb9-1b40de918f00)
2019-07-12 09:44:56.667 22705 RALLYDEBUG rally_openstack.cleanup.manager [-] Deleting neutron.port object s_rally_4652f463_l9FJjII2 (2d7d24dc-3c48-4603-9562-3bbf24335c91)
2019-07-12 09:44:56.728 22705 RALLYDEBUG rally_openstack.cleanup.manager [-] Deleting neutron.port object s_rally_4652f463_8axVMck2 (2deb22af-d52c-444f-a286-601fb0f204c6)
2019-07-12 09:44:57.106 22705 RALLYDEBUG rally_openstack.cleanup.manager [-] Deleting neutron.port object s_rally_4652f463_iMtRSqVQ (2e2104e5-2814-43dd-80c1-13fbe332dcdd)
2019-07-12 09:44:57.241 22705 RALLYDEBUG rally_openstack.cleanup.manager [-] Deleting neutron.port object s_rally_4652f463_AdFjLrNA (2e4ff1aa-db12-45a7-afec-9081608f56e7)
2019-07-12 09:44:57.425 22705 RALLYDEBUG rally_openstack.cleanup.manager [-] Deleting neutron.port object s_rally_4652f463_bsNmYrF1 (30fba2a5-bbd6-4d16-8cc4-d6823d227874)
2019-07-12 09:44:57.494 22705 RALLYDEBUG rally_openstack.cleanup.manager [-] Deleting neutron.port object s_rally_4652f463_pAWQl17e (3272ca32-7790-4563-9ed2-0b271241375e)
2019-07-12 09:44:57.587 22705 RALLYDEBUG rally_openstack.cleanup.manager [-] Deleting neutron.port object s_rally_4652f463_tJx9gZ3t (336e6f26-476a-484e-8ba1-0df486cd71f7)
2019-07-12 09:44:57.602 22705 RALLYDEBUG rally_openstack.cleanup.manager [-] Deleting neutron.port object s_rally_4652f463_t8guOTMD (374363e1-0c25-4cee-9d84-031daab08307)
2019-07-12 09:44:57.609 22705 RALLYDEBUG rally_openstack.cleanup.manager [-] Deleting neutron.port object s_rally_4652f463_AIlXIYMx (37ab287a-36d0-4369-8c27-a2538ba183ec)
2019-07-12 09:44:57.609 22705 RALLYDEBUG rally_openstack.cleanup.manager [-] Deleting neutron.port object s_rally_4652f463_568Sm621 (3527c340-46b9-49ac-a87d-81f868f1fa32)
2019-07-12 09:44:57.836 22705 RALLYDEBUG rally_openstack.cleanup.manager [-] Deleting neutron.port object s_rally_4652f463_69U2fqhH (393a8ea2-2695-4db0-89fe-3c01db4c04aa)
2019-07-12 09:44:58.057 22705 RALLYDEBUG rally_openstack.cleanup.manager [-] Deleting neutron.port object s_rally_4652f463_2xYSpYwz (394a37f8-4225-40ca-b8f7-433bb4c26bb7)
2019-07-12 09:44:58.069 22705 RALLYDEBUG rally_openstack.cleanup.manager [-] Deleting neutron.port object s_rally_4652f463_8H0Eab0k (3950b5d5-362a-4792-9590-13d1bbe95d4e)
2019-07-12 09:44:58.069 22705 RALLYDEBUG rally_openstack.cleanup.manager [-] Deleting neutron.port object s_rally_4652f463_UJe91jDy (3a18f6b9-a189-46d0-bae8-a42389255825)
2019-07-12 09:44:58.069 22705 RALLYDEBUG rally_openstack.cleanup.manager [-] Deleting neutron.port object s_rally_4652f463_IbA6ohfh (3ff06108-4553-4dcb-8b10-1c94e8ac168b)
2019-07-12 09:44:58.753 22705 RALLYDEBUG rally_openstack.cleanup.manager [-] Deleting neutron.port object s_rally_4652f463_xLDvwww8 (422ea680-4149-4064-844a-a040e76722d1)
2019-07-12 09:44:59.593 22705 RALLYDEBUG rally_openstack.cleanup.manager [-] Deleting neutron.port object s_rally_4652f463_9vMhlQhb (43707d79-c5ce-4d91-9979-481bb5d47a86)
2019-07-12 09:45:00.050 22705 RALLYDEBUG rally_openstack.cleanup.manager [-] Deleting neutron.port object s_rally_4652f463_sCH8DNFJ (449f498e-7a6d-422e-ab69-ffaccd7d6150)
2019-07-12 09:45:00.058 22705 RALLYDEBUG rally_openstack.cleanup.manager [-] Deleting neutron.port object s_rally_4652f463_OFLhzqW0 (44fb8445-9e12-477f-a5c9-6bff4fa2cde3)
2019-07-12 09:45:00.136 22705 RALLYDEBUG rally_openstack.cleanup.manager [-] Deleting neutron.port object s_rally_4652f463_KtL4cDsQ (47f080ca-d46e-470f-b3f7-85c6fbb02ccf)
2019-07-12 09:45:00.285 22705 RALLYDEBUG rally_openstack.cleanup.manager [-] Deleting neutron.port object s_rally_4652f463_Aa5naNPt (486a4877-3069-4aad-854c-9f82af8cefe1)
2019-07-12 09:45:00.293 22705 RALLYDEBUG rally_openstack.cleanup.manager [-] Deleting neutron.port object s_rally_4652f463_g0l5vUSU (497d9a31-a964-4d31-bb27-911ca28cfc24)
2019-07-12 09:45:00.293 22705 RALLYDEBUG rally_openstack.cleanup.manager [-] Deleting neutron.port object s_rally_4652f463_1N9sz9kI (4b6bc6f8-4108-4b34-a64e-b9952fdb80cd)
2019-07-12 09:45:00.312 22705 RALLYDEBUG rally_openstack.cleanup.manager [-] Deleting neutron.port object s_rally_4652f463_Ge7RAXq3 (4c0705d9-03eb-458f-9da3-495558e05b63)
2019-07-12 09:45:00.335 22705 RALLYDEBUG rally_openstack.cleanup.manager [-] Deleting neutron.port object s_rally_4652f463_yb8vSODh (4c9fa3a6-5b49-4022-81d4-72e1fb6c3ae4)
2019-07-12 09:45:00.338 22705 RALLYDEBUG rally_openstack.cleanup.manager [-] Deleting neutron.port object s_rally_4652f463_Mga4lxcr (4d136802-2148-4c05-a517-8e790cc47052)
2019-07-12 09:45:00.342 22705 RALLYDEBUG rally_openstack.cleanup.manager [-] Deleting neutron.port object s_rally_4652f463_aEHKk1rZ (4d5d7c35-9906-40f2-9ac3-dd9813fe084d)
2019-07-12 09:45:00.380 22705 RALLYDEBUG rally_openstack.cleanup.manager [-] Deleting neutron.port object s_rally_4652f463_3dtbKhlg (4efefc4a-fbf4-469d-89fa-4c0cfdde0346)
2019-07-12 09:45:00.605 22705 RALLYDEBUG rally_openstack.cleanup.manager [-] Deleting neutron.port object s_rally_4652f463_wlfv7DIG (50b24073-417c-4c50-a727-87d73cd3ba7a)
2019-07-12 09:45:00.683 22705 RALLYDEBUG rally_openstack.cleanup.manager [-] Deleting neutron.port object s_rally_4652f463_4bc4au1U (51114dcd-96d3-4a63-a8fd-94728b7cca30)
2019-07-12 09:45:00.756 22705 RALLYDEBUG rally_openstack.cleanup.manager [-] Deleting neutron.port object s_rally_4652f463_cnEZrcDV (519ac202-7e4f-4630-8143-a9b0652b85fa)
2019-07-12 09:45:00.946 22705 RALLYDEBUG rally_openstack.cleanup.manager [-] Deleting neutron.port object s_rally_4652f463_YGHbvAeI (52775959-2b97-4ba7-85b9-bf6d33b4d791)
2019-07-12 09:45:00.947 22705 RALLYDEBUG rally_openstack.cleanup.manager [-] Deleting neutron.port object s_rally_4652f463_mUwNdlF2 (5218ef53-c6f4-4576-aa99-2e77a4aa2df1)
2019-07-12 09:45:01.014 22705 RALLYDEBUG rally_openstack.cleanup.manager [-] Deleting neutron.port object s_rally_4652f463_2GV8mQsV (5346d163-28f2-4407-8513-ab1178a83861)
