2019-07-12 08:04:59.798 6033 DEBUG cinderclient.v2.client [-] RESP BODY: {"volume_type": {"name": "s_rally_37282754_eEMF539h", "extra_specs": {}, "os-volume-type-access:is_public": true, "is_public": true, "id": "d4c5fd9a-6f2f-4e8d-a347-0deb43938343", "description": "test"}} _http_log_response /usr/lib/python2.7/site-packages/keystoneauth1/session.py:511
2019-07-12 08:04:59.798 6033 DEBUG cinderclient.v2.client [-] POST call to volumev2 for http://172.30.9.40:8776/v3/72c0fcdb6754425bba749b707f7220ab/types used request id req-6c1fac86-e416-4dad-a89f-e05196cd045a request /usr/lib/python2.7/site-packages/keystoneauth1/session.py:844
2019-07-12 08:04:59.799 6032 DEBUG cinderclient.v2.client [-] RESP: [200] Content-Encoding: gzip Content-Length: 170 Content-Type: application/json Date: Fri, 12 Jul 2019 08:04:59 GMT OpenStack-API-Version: volume 3.0 Server: Apache Vary: OpenStack-API-Version,Accept-Encoding x-compute-request-id: req-a1b3b781-f389-4a97-b30e-b102ec1c622c x-openstack-request-id: req-a1b3b781-f389-4a97-b30e-b102ec1c622c _http_log_response /usr/lib/python2.7/site-packages/keystoneauth1/session.py:479
2019-07-12 08:04:59.800 6033 DEBUG cinderclient.v2.client [-] REQ: curl -g -i -X PUT http://172.30.9.40:8776/v3/72c0fcdb6754425bba749b707f7220ab/types/d4c5fd9a-6f2f-4e8d-a347-0deb43938343 -H "Accept: application/json" -H "Content-Type: application/json" -H "User-Agent: python-cinderclient" -H "X-Auth-Token: {SHA1}017bbccaa06b32bb701a36ff39b71f7094676b6d" -H "X-OpenStack-Request-ID: req-6c1fac86-e416-4dad-a89f-e05196cd045a" -d '{"volume_type": {"name": "s_rally_37282754_eEMF539h", "description": "test update"}}' _http_log_request /usr/lib/python2.7/site-packages/keystoneauth1/session.py:448
2019-07-12 08:04:59.800 6032 DEBUG cinderclient.v2.client [-] RESP BODY: {"volume_type": {"name": "s_rally_37282754_IDzAvTrT", "extra_specs": {}, "os-volume-type-access:is_public": true, "is_public": true, "id": "93bdf4c4-5dd2-4683-91e1-669347b766aa", "description": "test"}} _http_log_response /usr/lib/python2.7/site-packages/keystoneauth1/session.py:511
2019-07-12 08:04:59.800 6032 DEBUG cinderclient.v2.client [-] POST call to volumev2 for http://172.30.9.40:8776/v3/72c0fcdb6754425bba749b707f7220ab/types used request id req-a1b3b781-f389-4a97-b30e-b102ec1c622c request /usr/lib/python2.7/site-packages/keystoneauth1/session.py:844
2019-07-12 08:04:59.800 6031 DEBUG cinderclient.v2.client [-] RESP: [200] Content-Encoding: gzip Content-Length: 170 Content-Type: application/json Date: Fri, 12 Jul 2019 08:04:59 GMT OpenStack-API-Version: volume 3.0 Server: Apache Vary: OpenStack-API-Version,Accept-Encoding x-compute-request-id: req-73b35966-3b3e-4e0d-a8ff-daff87345470 x-openstack-request-id: req-73b35966-3b3e-4e0d-a8ff-daff87345470 _http_log_response /usr/lib/python2.7/site-packages/keystoneauth1/session.py:479
2019-07-12 08:04:59.801 6031 DEBUG cinderclient.v2.client [-] RESP BODY: {"volume_type": {"name": "s_rally_37282754_YJ6YrqmO", "extra_specs": {}, "os-volume-type-access:is_public": true, "is_public": true, "id": "1bdc5111-6426-41c5-9efd-b6159964a13b", "description": "test"}} _http_log_response /usr/lib/python2.7/site-packages/keystoneauth1/session.py:511
2019-07-12 08:04:59.801 6031 DEBUG cinderclient.v2.client [-] POST call to volumev2 for http://172.30.9.40:8776/v3/72c0fcdb6754425bba749b707f7220ab/types used request id req-73b35966-3b3e-4e0d-a8ff-daff87345470 request /usr/lib/python2.7/site-packages/keystoneauth1/session.py:844
2019-07-12 08:04:59.802 6032 DEBUG cinderclient.v2.client [-] REQ: curl -g -i -X PUT http://172.30.9.40:8776/v3/72c0fcdb6754425bba749b707f7220ab/types/93bdf4c4-5dd2-4683-91e1-669347b766aa -H "Accept: application/json" -H "Content-Type: application/json" -H "User-Agent: python-cinderclient" -H "X-Auth-Token: {SHA1}7790de4093d1760cf475b7bbd4c3afb6ff921355" -H "X-OpenStack-Request-ID: req-a1b3b781-f389-4a97-b30e-b102ec1c622c" -d '{"volume_type": {"name": "s_rally_37282754_IDzAvTrT", "description": "test update"}}' _http_log_request /usr/lib/python2.7/site-packages/keystoneauth1/session.py:448
2019-07-12 08:04:59.803 6031 DEBUG cinderclient.v2.client [-] REQ: curl -g -i -X PUT http://172.30.9.40:8776/v3/72c0fcdb6754425bba749b707f7220ab/types/1bdc5111-6426-41c5-9efd-b6159964a13b -H "Accept: application/json" -H "Content-Type: application/json" -H "User-Agent: python-cinderclient" -H "X-Auth-Token: {SHA1}f69723dc801bccf4b8ed19e53a553fa752131986" -H "X-OpenStack-Request-ID: req-73b35966-3b3e-4e0d-a8ff-daff87345470" -d '{"volume_type": {"name": "s_rally_37282754_YJ6YrqmO", "description": "test update"}}' _http_log_request /usr/lib/python2.7/site-packages/keystoneauth1/session.py:448
2019-07-12 08:04:59.847 6030 DEBUG cinderclient.v2.client [-] RESP: [200] Content-Encoding: gzip Content-Length: 157 Content-Type: application/json Date: Fri, 12 Jul 2019 08:04:59 GMT OpenStack-API-Version: volume 3.0 Server: Apache Vary: OpenStack-API-Version,Accept-Encoding x-compute-request-id: req-7df35fb2-34a8-4ad0-8fb5-f0967e9b75fd x-openstack-request-id: req-7df35fb2-34a8-4ad0-8fb5-f0967e9b75fd _http_log_response /usr/lib/python2.7/site-packages/keystoneauth1/session.py:479
2019-07-12 08:04:59.847 6030 DEBUG cinderclient.v2.client [-] RESP BODY: {"volume_type": {"is_public": true, "extra_specs": {}, "id": "3b10ed09-1cc0-405e-8e38-53479ca42aa5", "name": "s_rally_37282754_rVmNPs37", "description": "test update"}} _http_log_response /usr/lib/python2.7/site-packages/keystoneauth1/session.py:511
2019-07-12 08:04:59.848 6030 DEBUG cinderclient.v2.client [-] PUT call to volumev2 for http://172.30.9.40:8776/v3/72c0fcdb6754425bba749b707f7220ab/types/3b10ed09-1cc0-405e-8e38-53479ca42aa5 used request id req-7df35fb2-34a8-4ad0-8fb5-f0967e9b75fd request /usr/lib/python2.7/site-packages/keystoneauth1/session.py:844
2019-07-12 08:04:59.848 6030 INFO rally.task.runner [-] Task 91b2ce90-b91b-4690-aa4e-d487b637a40a | ITER: 7 END: OK
2019-07-12 08:04:59.852 6030 INFO rally.task.runner [-] Task 91b2ce90-b91b-4690-aa4e-d487b637a40a | ITER: 9 START
2019-07-12 08:05:00.061 6032 DEBUG cinderclient.v2.client [-] RESP: [200] Content-Encoding: gzip Content-Length: 160 Content-Type: application/json Date: Fri, 12 Jul 2019 08:04:59 GMT OpenStack-API-Version: volume 3.0 Server: Apache Vary: OpenStack-API-Version,Accept-Encoding x-compute-request-id: req-bfba0598-87e5-4e4b-bf7c-629813d4018a x-openstack-request-id: req-bfba0598-87e5-4e4b-bf7c-629813d4018a _http_log_response /usr/lib/python2.7/site-packages/keystoneauth1/session.py:479
2019-07-12 08:05:00.061 6032 DEBUG cinderclient.v2.client [-] RESP BODY: {"volume_type": {"is_public": true, "extra_specs": {}, "id": "93bdf4c4-5dd2-4683-91e1-669347b766aa", "name": "s_rally_37282754_IDzAvTrT", "description": "test update"}} _http_log_response /usr/lib/python2.7/site-packages/keystoneauth1/session.py:511
2019-07-12 08:05:00.062 6032 DEBUG cinderclient.v2.client [-] PUT call to volumev2 for http://172.30.9.40:8776/v3/72c0fcdb6754425bba749b707f7220ab/types/93bdf4c4-5dd2-4683-91e1-669347b766aa used request id req-bfba0598-87e5-4e4b-bf7c-629813d4018a request /usr/lib/python2.7/site-packages/keystoneauth1/session.py:844
2019-07-12 08:05:00.062 6032 INFO rally.task.runner [-] Task 91b2ce90-b91b-4690-aa4e-d487b637a40a | ITER: 6 END: OK
2019-07-12 08:05:00.067 6032 INFO rally.task.runner [-] Task 91b2ce90-b91b-4690-aa4e-d487b637a40a | ITER: 10 START
2019-07-12 08:05:00.091 6033 DEBUG cinderclient.v2.client [-] RESP: [200] Content-Encoding: gzip Content-Length: 158 Content-Type: application/json Date: Fri, 12 Jul 2019 08:04:59 GMT OpenStack-API-Version: volume 3.0 Server: Apache Vary: OpenStack-API-Version,Accept-Encoding x-compute-request-id: req-90d16c66-6026-4848-a315-2a4f8f31abbc x-openstack-request-id: req-90d16c66-6026-4848-a315-2a4f8f31abbc _http_log_response /usr/lib/python2.7/site-packages/keystoneauth1/session.py:479
2019-07-12 08:05:00.092 6033 DEBUG cinderclient.v2.client [-] RESP BODY: {"volume_type": {"is_public": true, "extra_specs": {}, "id": "d4c5fd9a-6f2f-4e8d-a347-0deb43938343", "name": "s_rally_37282754_eEMF539h", "description": "test update"}} _http_log_response /usr/lib/python2.7/site-packages/keystoneauth1/session.py:511
2019-07-12 08:05:00.092 6033 DEBUG cinderclient.v2.client [-] PUT call to volumev2 for http://172.30.9.40:8776/v3/72c0fcdb6754425bba749b707f7220ab/types/d4c5fd9a-6f2f-4e8d-a347-0deb43938343 used request id req-90d16c66-6026-4848-a315-2a4f8f31abbc request /usr/lib/python2.7/site-packages/keystoneauth1/session.py:844
2019-07-12 08:05:00.092 6033 INFO rally.task.runner [-] Task 91b2ce90-b91b-4690-aa4e-d487b637a40a | ITER: 5 END: OK
2019-07-12 08:05:00.167 6031 DEBUG cinderclient.v2.client [-] RESP: [200] Content-Encoding: gzip Content-Length: 159 Content-Type: application/json Date: Fri, 12 Jul 2019 08:04:59 GMT OpenStack-API-Version: volume 3.0 Server: Apache Vary: OpenStack-API-Version,Accept-Encoding x-compute-request-id: req-bfc957f1-51bd-4073-99b8-ba3c4376e545 x-openstack-request-id: req-bfc957f1-51bd-4073-99b8-ba3c4376e545 _http_log_response /usr/lib/python2.7/site-packages/keystoneauth1/session.py:479
2019-07-12 08:05:00.168 6031 DEBUG cinderclient.v2.client [-] RESP BODY: {"volume_type": {"is_public": true, "extra_specs": {}, "id": "1bdc5111-6426-41c5-9efd-b6159964a13b", "name": "s_rally_37282754_YJ6YrqmO", "description": "test update"}} _http_log_response /usr/lib/python2.7/site-packages/keystoneauth1/session.py:511
2019-07-12 08:05:00.168 6031 DEBUG cinderclient.v2.client [-] PUT call to volumev2 for http://172.30.9.40:8776/v3/72c0fcdb6754425bba749b707f7220ab/types/1bdc5111-6426-41c5-9efd-b6159964a13b used request id req-bfc957f1-51bd-4073-99b8-ba3c4376e545 request /usr/lib/python2.7/site-packages/keystoneauth1/session.py:844
2019-07-12 08:05:00.169 6031 INFO rally.task.runner [-] Task 91b2ce90-b91b-4690-aa4e-d487b637a40a | ITER: 8 END: OK
2019-07-12 08:05:00.282 6030 DEBUG cinderclient.v2.client [-] REQ: curl -g -i -X POST http://172.30.9.40:8776/v3/72c0fcdb6754425bba749b707f7220ab/types -H "Accept: application/json" -H "Content-Type: application/json" -H "User-Agent: python-cinderclient" -H "X-Auth-Token: {SHA1}0ac409ed6bbf36bc8654896f020e522d30ca6562" -d '{"volume_type": {"os-volume-type-access:is_public": true, "name": "s_rally_37282754_8EjQ58BA", "description": "test"}}' _http_log_request /usr/lib/python2.7/site-packages/keystoneauth1/session.py:448
2019-07-12 08:05:00.509 6032 DEBUG cinderclient.v2.client [-] REQ: curl -g -i -X POST http://172.30.9.40:8776/v3/72c0fcdb6754425bba749b707f7220ab/types -H "Accept: application/json" -H "Content-Type: application/json" -H "User-Agent: python-cinderclient" -H "X-Auth-Token: {SHA1}1f98df9226004dbf67a287feb5cac2c356249c42" -d '{"volume_type": {"os-volume-type-access:is_public": true, "name": "s_rally_37282754_9UrEzYUY", "description": "test"}}' _http_log_request /usr/lib/python2.7/site-packages/keystoneauth1/session.py:448
2019-07-12 08:05:00.509 6030 DEBUG cinderclient.v2.client [-] RESP: [200] Content-Encoding: gzip Content-Length: 170 Content-Type: application/json Date: Fri, 12 Jul 2019 08:05:00 GMT OpenStack-API-Version: volume 3.0 Server: Apache Vary: OpenStack-API-Version,Accept-Encoding x-compute-request-id: req-59c27235-ec60-42f7-bb5a-cd991af284e1 x-openstack-request-id: req-59c27235-ec60-42f7-bb5a-cd991af284e1 _http_log_response /usr/lib/python2.7/site-packages/keystoneauth1/session.py:479
2019-07-12 08:05:00.510 6030 DEBUG cinderclient.v2.client [-] RESP BODY: {"volume_type": {"name": "s_rally_37282754_8EjQ58BA", "extra_specs": {}, "os-volume-type-access:is_public": true, "is_public": true, "id": "fccc99f4-8030-4a7b-bf29-25c7a3dd88fb", "description": "test"}} _http_log_response /usr/lib/python2.7/site-packages/keystoneauth1/session.py:511
2019-07-12 08:05:00.510 6030 DEBUG cinderclient.v2.client [-] POST call to volumev2 for http://172.30.9.40:8776/v3/72c0fcdb6754425bba749b707f7220ab/types used request id req-59c27235-ec60-42f7-bb5a-cd991af284e1 request /usr/lib/python2.7/site-packages/keystoneauth1/session.py:844
2019-07-12 08:05:00.512 6030 DEBUG cinderclient.v2.client [-] REQ: curl -g -i -X PUT http://172.30.9.40:8776/v3/72c0fcdb6754425bba749b707f7220ab/types/fccc99f4-8030-4a7b-bf29-25c7a3dd88fb -H "Accept: application/json" -H "Content-Type: application/json" -H "User-Agent: python-cinderclient" -H "X-Auth-Token: {SHA1}0ac409ed6bbf36bc8654896f020e522d30ca6562" -H "X-OpenStack-Request-ID: req-59c27235-ec60-42f7-bb5a-cd991af284e1" -d '{"volume_type": {"name": "s_rally_37282754_8EjQ58BA", "description": "test update"}}' _http_log_request /usr/lib/python2.7/site-packages/keystoneauth1/session.py:448
2019-07-12 08:05:00.729 6030 DEBUG cinderclient.v2.client [-] RESP: [200] Content-Encoding: gzip Content-Length: 160 Content-Type: application/json Date: Fri, 12 Jul 2019 08:05:00 GMT OpenStack-API-Version: volume 3.0 Server: Apache Vary: OpenStack-API-Version,Accept-Encoding x-compute-request-id: req-a6db6661-a956-435f-95cc-0adb53a4bc9e x-openstack-request-id: req-a6db6661-a956-435f-95cc-0adb53a4bc9e _http_log_response /usr/lib/python2.7/site-packages/keystoneauth1/session.py:479
2019-07-12 08:05:00.730 6030 DEBUG cinderclient.v2.client [-] RESP BODY: {"volume_type": {"is_public": true, "extra_specs": {}, "id": "fccc99f4-8030-4a7b-bf29-25c7a3dd88fb", "name": "s_rally_37282754_8EjQ58BA", "description": "test update"}} _http_log_response /usr/lib/python2.7/site-packages/keystoneauth1/session.py:511
2019-07-12 08:05:00.730 6030 DEBUG cinderclient.v2.client [-] PUT call to volumev2 for http://172.30.9.40:8776/v3/72c0fcdb6754425bba749b707f7220ab/types/fccc99f4-8030-4a7b-bf29-25c7a3dd88fb used request id req-a6db6661-a956-435f-95cc-0adb53a4bc9e request /usr/lib/python2.7/site-packages/keystoneauth1/session.py:844
2019-07-12 08:05:00.731 6030 INFO rally.task.runner [-] Task 91b2ce90-b91b-4690-aa4e-d487b637a40a | ITER: 9 END: OK
2019-07-12 08:05:00.738 6032 DEBUG cinderclient.v2.client [-] RESP: [200] Content-Encoding: gzip Content-Length: 169 Content-Type: application/json Date: Fri, 12 Jul 2019 08:05:00 GMT OpenStack-API-Version: volume 3.0 Server: Apache Vary: OpenStack-API-Version,Accept-Encoding x-compute-request-id: req-e474de47-dad7-41b3-853f-61375d72bcdf x-openstack-request-id: req-e474de47-dad7-41b3-853f-61375d72bcdf _http_log_response /usr/lib/python2.7/site-packages/keystoneauth1/session.py:479
2019-07-12 08:05:00.738 6032 DEBUG cinderclient.v2.client [-] RESP BODY: {"volume_type": {"name": "s_rally_37282754_9UrEzYUY", "extra_specs": {}, "os-volume-type-access:is_public": true, "is_public": true, "id": "71516b10-830e-41bd-a8bc-11d445beda7d", "description": "test"}} _http_log_response /usr/lib/python2.7/site-packages/keystoneauth1/session.py:511
2019-07-12 08:05:00.739 6032 DEBUG cinderclient.v2.client [-] POST call to volumev2 for http://172.30.9.40:8776/v3/72c0fcdb6754425bba749b707f7220ab/types used request id req-e474de47-dad7-41b3-853f-61375d72bcdf request /usr/lib/python2.7/site-packages/keystoneauth1/session.py:844
2019-07-12 08:05:00.741 6032 DEBUG cinderclient.v2.client [-] REQ: curl -g -i -X PUT http://172.30.9.40:8776/v3/72c0fcdb6754425bba749b707f7220ab/types/71516b10-830e-41bd-a8bc-11d445beda7d -H "Accept: application/json" -H "Content-Type: application/json" -H "User-Agent: python-cinderclient" -H "X-Auth-Token: {SHA1}1f98df9226004dbf67a287feb5cac2c356249c42" -H "X-OpenStack-Request-ID: req-e474de47-dad7-41b3-853f-61375d72bcdf" -d '{"volume_type": {"name": "s_rally_37282754_9UrEzYUY", "description": "test update"}}' _http_log_request /usr/lib/python2.7/site-packages/keystoneauth1/session.py:448
2019-07-12 08:05:00.954 6032 DEBUG cinderclient.v2.client [-] RESP: [200] Content-Encoding: gzip Content-Length: 159 Content-Type: application/json Date: Fri, 12 Jul 2019 08:05:00 GMT OpenStack-API-Version: volume 3.0 Server: Apache Vary: OpenStack-API-Version,Accept-Encoding x-compute-request-id: req-853288e2-4ecb-43e0-9f55-45c5990b3ad7 x-openstack-request-id: req-853288e2-4ecb-43e0-9f55-45c5990b3ad7 _http_log_response /usr/lib/python2.7/site-packages/keystoneauth1/session.py:479
2019-07-12 08:05:00.955 6032 DEBUG cinderclient.v2.client [-] RESP BODY: {"volume_type": {"is_public": true, "extra_specs": {}, "id": "71516b10-830e-41bd-a8bc-11d445beda7d", "name": "s_rally_37282754_9UrEzYUY", "description": "test update"}} _http_log_response /usr/lib/python2.7/site-packages/keystoneauth1/session.py:511
2019-07-12 08:05:00.955 6032 DEBUG cinderclient.v2.client [-] PUT call to volumev2 for http://172.30.9.40:8776/v3/72c0fcdb6754425bba749b707f7220ab/types/71516b10-830e-41bd-a8bc-11d445beda7d used request id req-853288e2-4ecb-43e0-9f55-45c5990b3ad7 request /usr/lib/python2.7/site-packages/keystoneauth1/session.py:844
2019-07-12 08:05:00.956 6032 INFO rally.task.runner [-] Task 91b2ce90-b91b-4690-aa4e-d487b637a40a | ITER: 10 END: OK
2019-07-12 08:05:00.984 1842 INFO rally.task.context [-] Task 91b2ce90-b91b-4690-aa4e-d487b637a40a | Context admin_cleanup@openstack cleanup() started
2019-07-12 08:05:00.986 1842 RALLYDEBUG rally_openstack.cleanup.manager [-] Cleaning up cinder volume_types objects
2019-07-12 08:05:01.657 1842 RALLYDEBUG rally_openstack.cleanup.manager [-] Deleting cinder.volume_types object s_rally_37282754_Ygl3N5ui (906f7598-d051-4a7e-8e0e-503f17a9ed94)
2019-07-12 08:05:01.658 1842 RALLYDEBUG rally_openstack.cleanup.manager [-] Deleting cinder.volume_types object s_rally_37282754_YJ6YrqmO (1bdc5111-6426-41c5-9efd-b6159964a13b)
2019-07-12 08:05:01.665 1842 RALLYDEBUG rally_openstack.cleanup.manager [-] Deleting cinder.volume_types object s_rally_37282754_9UrEzYUY (71516b10-830e-41bd-a8bc-11d445beda7d)
2019-07-12 08:05:01.675 1842 RALLYDEBUG rally_openstack.cleanup.manager [-] Deleting cinder.volume_types object s_rally_37282754_oyVmQQKF (61052828-9a4b-4d17-a65c-b61a73bcd77f)
2019-07-12 08:05:01.683 1842 RALLYDEBUG rally_openstack.cleanup.manager [-] Deleting cinder.volume_types object s_rally_37282754_eEMF539h (d4c5fd9a-6f2f-4e8d-a347-0deb43938343)
2019-07-12 08:05:01.686 1842 RALLYDEBUG rally_openstack.cleanup.manager [-] Deleting cinder.volume_types object s_rally_37282754_HhBNOXWn (166fe55e-8d4b-4d0f-8af3-656f3f07c524)
2019-07-12 08:05:01.701 1842 RALLYDEBUG rally_openstack.cleanup.manager [-] Deleting cinder.volume_types object s_rally_37282754_8EjQ58BA (fccc99f4-8030-4a7b-bf29-25c7a3dd88fb)
2019-07-12 08:05:01.703 1842 RALLYDEBUG rally_openstack.cleanup.manager [-] Deleting cinder.volume_types object s_rally_37282754_IDzAvTrT (93bdf4c4-5dd2-4683-91e1-669347b766aa)
2019-07-12 08:05:01.707 1842 RALLYDEBUG rally_openstack.cleanup.manager [-] Deleting cinder.volume_types object s_rally_37282754_rVmNPs37 (3b10ed09-1cc0-405e-8e38-53479ca42aa5)
2019-07-12 08:05:01.710 1842 RALLYDEBUG rally_openstack.cleanup.manager [-] Deleting cinder.volume_types object s_rally_37282754_CvuF9qeg (5ad50cc8-8564-4b43-bef2-5dd426454dca)
2019-07-12 08:05:04.116 1842 RALLYDEBUG rally_openstack.cleanup.manager [-] Cleaning up cinder image_volumes_cache objects
2019-07-12 08:05:05.069 1842 RALLYDEBUG rally_openstack.cleanup.manager [-] Cleaning up cinder quotas objects
2019-07-12 08:05:06.468 1842 RALLYDEBUG rally_openstack.cleanup.manager [-] Cleaning up cinder qos_specs objects
2019-07-12 08:05:07.093 1842 INFO rally.task.context [-] Task 91b2ce90-b91b-4690-aa4e-d487b637a40a | Context admin_cleanup@openstack cleanup() finished in 6.11 sec
2019-07-12 08:05:07.093 1842 INFO rally.task.context [-] Task 91b2ce90-b91b-4690-aa4e-d487b637a40a | Context api_versions@openstack cleanup() started
2019-07-12 08:05:07.094 1842 INFO rally.task.context [-] Task 91b2ce90-b91b-4690-aa4e-d487b637a40a | Context api_versions@openstack cleanup() finished in 0.33 msec
2019-07-12 08:05:07.094 1842 INFO rally.task.context [-] Task 91b2ce90-b91b-4690-aa4e-d487b637a40a | Context users@openstack cleanup() started
2019-07-12 08:05:14.682 1842 INFO rally.task.context [-] Task 91b2ce90-b91b-4690-aa4e-d487b637a40a | Context users@openstack cleanup() finished in 7.59 sec
2019-07-12 08:05:14.750 1842 INFO rally.task.engine [-] Load duration is: 3.243398
2019-07-12 08:05:14.750 1842 INFO rally.task.engine [-] Full runner duration is: 3.294203
2019-07-12 08:05:14.751 1842 INFO rally.task.engine [-] Full duration is: 22.070926
2019-07-12 08:05:15.008 1842 INFO rally.task.engine [-] Running workload: position = 0 config = { "version": 2, "title": "A cropped version of a bigger task.", "description": "Auto-generated task from a single workload (uuid=245e611d-0f5f-4939-ae30-5e5878e330a7)", "subtasks": [ { "title": "CinderVolumeTypes.create_volume_type_and_encryption_type", "description": "Create encryption type", "scenario": { "CinderVolumeTypes.create_volume_type_and_encryption_type": { "description": "rally tests creating types", "provider": "LuksEncryptor", "cipher": "aes-xts-plain64", "key_size": 512, "control_location": "front-end" } }, "contexts": { "users": { "tenants": 3, "users_per_tenant": 2 }, "api_versions": { "cinder": { "version": 3, "service_type": "volumev3" } } }, "runner": { "constant": { "concurrency": 4, "times": 10 } }, "hooks": [], "sla": { "failure_rate": { "max": 0 } } } ] }
2019-07-12 08:05:15.026 1842 RALLYDEBUG rally_openstack.contexts.keystone.users [-] Creating 3 tenants using 20 threads
2019-07-12 08:05:16.885 1842 RALLYDEBUG rally_openstack.contexts.keystone.users [-] Creating 6 users using 20 threads
2019-07-12 08:05:19.595 1842 INFO rally.task.context [-] Task 91b2ce90-b91b-4690-aa4e-d487b637a40a | Context users@openstack setup() finished in 4.57 sec
2019-07-12 08:05:20.009 1842 INFO rally.task.context [-] Task 91b2ce90-b91b-4690-aa4e-d487b637a40a | Context api_versions@openstack setup() finished in 0.41 sec
2019-07-12 08:05:20.009 1842 INFO rally.task.context [-] Task 91b2ce90-b91b-4690-aa4e-d487b637a40a | Context admin_cleanup@openstack setup() finished in 0.01 msec
2019-07-12 08:05:20.016 1842 RALLYDEBUG rally.task.runner [-] Starting the constant runner (task UUID: 91b2ce90-b91b-4690-aa4e-d487b637a40a). timeout: 0 concurrency: 4 concurrency_per_worker: 1 times: 10 concurrency_overhead: 0 processes_to_start: 4 max_cpu_used: 16
2019-07-12 08:05:20.028 6214 RALLYDEBUG rally.task.runner [-] Starting a worker. concurrency: 1 args: {"description": "rally tests creating types", "provider": "LuksEncryptor", "cipher": "aes-xts-plain64", "key_size": 512, "control_location": "front-end"} times: 10 method_name: run timeout: 0 duration: None cls:
2019-07-12 08:05:20.030 6215 RALLYDEBUG rally.task.runner [-] Starting a worker. concurrency: 1 args: {"description": "rally tests creating types", "provider": "LuksEncryptor", "cipher": "aes-xts-plain64", "key_size": 512, "control_location": "front-end"} times: 10 method_name: run timeout: 0 duration: None cls:
2019-07-12 08:05:20.035 6216 RALLYDEBUG rally.task.runner [-] Starting a worker. concurrency: 1 args: {"description": "rally tests creating types", "provider": "LuksEncryptor", "cipher": "aes-xts-plain64", "key_size": 512, "control_location": "front-end"} times: 10 method_name: run timeout: 0 duration: None cls:
2019-07-12 08:05:20.036 6214 INFO rally.task.runner [-] Task 91b2ce90-b91b-4690-aa4e-d487b637a40a | ITER: 1 START
2019-07-12 08:05:20.037 6215 INFO rally.task.runner [-] Task 91b2ce90-b91b-4690-aa4e-d487b637a40a | ITER: 2 START
2019-07-12 08:05:20.039 6217 RALLYDEBUG rally.task.runner [-] Starting a worker. concurrency: 1 args: {"description": "rally tests creating types", "provider": "LuksEncryptor", "cipher": "aes-xts-plain64", "key_size": 512, "control_location": "front-end"} times: 10 method_name: run timeout: 0 duration: None cls:
2019-07-12 08:05:20.042 6216 INFO rally.task.runner [-] Task 91b2ce90-b91b-4690-aa4e-d487b637a40a | ITER: 3 START
2019-07-12 08:05:20.046 6217 INFO rally.task.runner [-] Task 91b2ce90-b91b-4690-aa4e-d487b637a40a | ITER: 4 START
2019-07-12 08:05:21.111 6217 INFO rally.task.runner [-] Task 91b2ce90-b91b-4690-aa4e-d487b637a40a | ITER: 4 END: OK
2019-07-12 08:05:21.116 6217 INFO rally.task.runner [-] Task 91b2ce90-b91b-4690-aa4e-d487b637a40a | ITER: 5 START
2019-07-12 08:05:21.140 6215 INFO rally.task.runner [-] Task 91b2ce90-b91b-4690-aa4e-d487b637a40a | ITER: 2 END: OK
2019-07-12 08:05:21.145 6215 INFO rally.task.runner [-] Task 91b2ce90-b91b-4690-aa4e-d487b637a40a | ITER: 6 START
2019-07-12 08:05:21.164 6216 INFO rally.task.runner [-] Task 91b2ce90-b91b-4690-aa4e-d487b637a40a | ITER: 3 END: OK
2019-07-12 08:05:21.168 6216 INFO rally.task.runner [-] Task 91b2ce90-b91b-4690-aa4e-d487b637a40a | ITER: 7 START
2019-07-12 08:05:21.350 6214 INFO rally.task.runner [-] Task 91b2ce90-b91b-4690-aa4e-d487b637a40a | ITER: 1 END: OK
2019-07-12 08:05:21.355 6214 INFO rally.task.runner [-] Task 91b2ce90-b91b-4690-aa4e-d487b637a40a | ITER: 8 START
2019-07-12 08:05:22.155 6217 INFO rally.task.runner [-] Task 91b2ce90-b91b-4690-aa4e-d487b637a40a | ITER: 5 END: OK
2019-07-12 08:05:22.160 6217 INFO rally.task.runner [-] Task 91b2ce90-b91b-4690-aa4e-d487b637a40a | ITER: 9 START
2019-07-12 08:05:22.182 6215 INFO rally.task.runner [-] Task 91b2ce90-b91b-4690-aa4e-d487b637a40a | ITER: 6 END: OK
2019-07-12 08:05:22.186 6215 INFO rally.task.runner [-] Task 91b2ce90-b91b-4690-aa4e-d487b637a40a | ITER: 10 START
2019-07-12 08:05:22.219 6216 INFO rally.task.runner [-] Task 91b2ce90-b91b-4690-aa4e-d487b637a40a | ITER: 7 END: OK
2019-07-12 08:05:22.325 6214 INFO rally.task.runner [-] Task 91b2ce90-b91b-4690-aa4e-d487b637a40a | ITER: 8 END: OK
2019-07-12 08:05:23.065 6217 INFO rally.task.runner [-] Task 91b2ce90-b91b-4690-aa4e-d487b637a40a | ITER: 9 END: OK
2019-07-12 08:05:23.191 6215 INFO rally.task.runner [-] Task 91b2ce90-b91b-4690-aa4e-d487b637a40a | ITER: 10 END: OK
2019-07-12 08:05:23.222 1842 INFO rally.task.context [-] Task 91b2ce90-b91b-4690-aa4e-d487b637a40a | Context admin_cleanup@openstack cleanup() started
2019-07-12 08:05:23.225 1842 RALLYDEBUG rally_openstack.cleanup.manager [-] Cleaning up cinder volume_types objects
2019-07-12 08:05:23.906 1842 RALLYDEBUG rally_openstack.cleanup.manager [-] Deleting cinder.volume_types object s_rally_245e611d_5jjjW8BL (68e5c92b-f491-4a85-8851-7f3cd0b905b3)
2019-07-12 08:05:23.909 1842 RALLYDEBUG rally_openstack.cleanup.manager [-] Deleting cinder.volume_types object s_rally_245e611d_FFeL5M89 (3a94857b-c28a-476e-9243-e0670dfa85b5)
2019-07-12 08:05:23.910 1842 RALLYDEBUG rally_openstack.cleanup.manager [-] Deleting cinder.volume_types object s_rally_245e611d_m3wfPnVC (75050a45-f2f8-4cfd-bb96-2b39efacd686)
2019-07-12 08:05:23.918 1842 RALLYDEBUG rally_openstack.cleanup.manager [-] Deleting cinder.volume_types object s_rally_245e611d_3BykPqEk (7941f82f-ee41-4d0a-b9cc-e565a0cefedb)
2019-07-12 08:05:23.927 1842 RALLYDEBUG rally_openstack.cleanup.manager [-] Deleting cinder.volume_types object s_rally_245e611d_NcTyvFLO (67b8a04d-4270-40c8-b65c-763f61dea305)
2019-07-12 08:05:23.929 1842 RALLYDEBUG rally_openstack.cleanup.manager [-] Deleting cinder.volume_types object s_rally_245e611d_ns7UJMjC (1034740a-bee5-4888-9950-e541dccaf1aa)
2019-07-12 08:05:23.929 1842 RALLYDEBUG rally_openstack.cleanup.manager [-] Deleting cinder.volume_types object s_rally_245e611d_37ohSz1Z (841fac61-5422-44cd-adcb-02d28b30a207)
2019-07-12 08:05:23.936 1842 RALLYDEBUG rally_openstack.cleanup.manager [-] Deleting cinder.volume_types object s_rally_245e611d_vxQrRZiE (3a944ba6-2aed-4787-b5be-6ebff1f7eb93)
2019-07-12 08:05:23.940 1842 RALLYDEBUG rally_openstack.cleanup.manager [-] Deleting cinder.volume_types object s_rally_245e611d_G1jyvBeO (16b72373-537b-46b4-a8b3-6e523332dff7)
2019-07-12 08:05:23.949 1842 RALLYDEBUG rally_openstack.cleanup.manager [-] Deleting cinder.volume_types object s_rally_245e611d_zty5FWlD (78e4cc70-5e1c-44a6-aa2b-78e6c1a790e1)
2019-07-12 08:05:26.250 1842 RALLYDEBUG rally_openstack.cleanup.manager [-] Cleaning up cinder image_volumes_cache objects
2019-07-12 08:05:27.204 1842 RALLYDEBUG rally_openstack.cleanup.manager [-] Cleaning up cinder quotas objects
2019-07-12 08:05:28.857 1842 RALLYDEBUG rally_openstack.cleanup.manager [-] Cleaning up cinder qos_specs objects
2019-07-12 08:05:29.480 1842 INFO rally.task.context [-] Task 91b2ce90-b91b-4690-aa4e-d487b637a40a | Context admin_cleanup@openstack cleanup() finished in 6.26 sec
2019-07-12 08:05:29.481 1842 INFO rally.task.context [-] Task 91b2ce90-b91b-4690-aa4e-d487b637a40a | Context api_versions@openstack cleanup() started
2019-07-12 08:05:29.481 1842 INFO rally.task.context [-] Task 91b2ce90-b91b-4690-aa4e-d487b637a40a | Context api_versions@openstack cleanup() finished in 0.30 msec
2019-07-12 08:05:29.481 1842 INFO rally.task.context [-] Task 91b2ce90-b91b-4690-aa4e-d487b637a40a | Context users@openstack cleanup() started
2019-07-12 08:05:36.572 1842 INFO rally.task.context [-] Task 91b2ce90-b91b-4690-aa4e-d487b637a40a | Context users@openstack cleanup() finished in 7.09 sec
2019-07-12 08:05:37.133 1842 INFO rally.task.engine [-] Load duration is: 3.150794
2019-07-12 08:05:37.133 1842 INFO rally.task.engine [-] Full runner duration is: 3.207044
2019-07-12 08:05:37.134 1842 INFO rally.task.engine [-] Full duration is: 21.548107
2019-07-12 08:05:37.392 1842 INFO rally.task.engine [-] Running workload: position = 0 config = { "version": 2, "title": "A cropped version of a bigger task.", "description": "Auto-generated task from a single workload (uuid=c0c9256d-c233-4d81-bbd8-c6444e53146e)", "subtasks": [ { "title": "CinderVolumeTypes.create_volume_type_add_and_list_type_access", "description": "Add and list volume type access for the given project.", "scenario": { "CinderVolumeTypes.crea