2019-07-12 07:41:18.509 1511 INFO rally.task.runner [-] Task 6f8d9c4a-b1f1-4a25-9b4e-04cc40e18e24 | ITER: 3 START
2019-07-12 07:41:18.511 1512 INFO rally.task.runner [-] Task 6f8d9c4a-b1f1-4a25-9b4e-04cc40e18e24 | ITER: 4 START
2019-07-12 07:41:21.762 1512 RALLYDEBUG rally.task.utils [-] Waiting for resource u'14c0debe-f538-4917-9de2-9a1c26e91638'. Status changed: NONE => QUEUED in 0.0292010307312
2019-07-12 07:41:21.769 1509 RALLYDEBUG rally.task.utils [-] Waiting for resource u'243d3f0f-1d7d-4ad1-847b-348290af7c86'. Status changed: NONE => QUEUED in 0.026458978653
2019-07-12 07:41:21.792 1510 RALLYDEBUG rally.task.utils [-] Waiting for resource u'5bfba586-e036-4ad9-b1aa-eccdcfebca6d'. Status changed: NONE => QUEUED in 0.0397820472717
2019-07-12 07:41:23.169 1511 RALLYDEBUG rally.task.utils [-] Waiting for resource u'a33622c5-c3c1-4211-8986-1876aad352f1'. Status changed: NONE => QUEUED in 1.33795690536
2019-07-12 07:41:23.223 1509 RALLYDEBUG rally.task.utils [-] Waiting for resource s_rally_7dc037c6_YhifhmEK. Status changed: QUEUED => ACTIVE in 0.0231561660767
2019-07-12 07:41:23.380 1509 INFO rally.task.runner [-] Task 6f8d9c4a-b1f1-4a25-9b4e-04cc40e18e24 | ITER: 1 END: OK
2019-07-12 07:41:23.383 1509 INFO rally.task.runner [-] Task 6f8d9c4a-b1f1-4a25-9b4e-04cc40e18e24 | ITER: 5 START
2019-07-12 07:41:24.012 1512 RALLYDEBUG rally.task.utils [-] Waiting for resource s_rally_7dc037c6_hBs9iqHk. Status changed: QUEUED => ACTIVE in 0.0192980766296
2019-07-12 07:41:25.156 1512 INFO rally.task.runner [-] Task 6f8d9c4a-b1f1-4a25-9b4e-04cc40e18e24 | ITER: 4 END: OK
2019-07-12 07:41:25.161 1512 INFO rally.task.runner [-] Task 6f8d9c4a-b1f1-4a25-9b4e-04cc40e18e24 | ITER: 6 START
2019-07-12 07:41:25.192 1510 RALLYDEBUG rally.task.utils [-] Waiting for resource s_rally_7dc037c6_Uv5FK26S. Status changed: QUEUED => ACTIVE in 0.0248091220856
2019-07-12 07:41:25.221 1511 RALLYDEBUG rally.task.utils [-] Waiting for resource s_rally_7dc037c6_K5hDt314. Status changed: QUEUED => ACTIVE in 0.0241689682007
2019-07-12 07:41:25.362 1510 INFO rally.task.runner [-] Task 6f8d9c4a-b1f1-4a25-9b4e-04cc40e18e24 | ITER: 2 END: OK
2019-07-12 07:41:25.366 1510 INFO rally.task.runner [-] Task 6f8d9c4a-b1f1-4a25-9b4e-04cc40e18e24 | ITER: 7 START
2019-07-12 07:41:25.593 1511 INFO rally.task.runner [-] Task 6f8d9c4a-b1f1-4a25-9b4e-04cc40e18e24 | ITER: 3 END: OK
2019-07-12 07:41:25.597 1511 INFO rally.task.runner [-] Task 6f8d9c4a-b1f1-4a25-9b4e-04cc40e18e24 | ITER: 8 START
2019-07-12 07:41:26.563 1509 RALLYDEBUG rally.task.utils [-] Waiting for resource u'74386451-deb8-455f-9728-17a18bc03f77'. Status changed: NONE => QUEUED in 0.0259118080139
2019-07-12 07:41:27.319 1509 RALLYDEBUG rally.task.utils [-] Waiting for resource s_rally_7dc037c6_r11BEkRW. Status changed: QUEUED => ACTIVE in 0.0173070430756
2019-07-12 07:41:27.463 1509 INFO rally.task.runner [-] Task 6f8d9c4a-b1f1-4a25-9b4e-04cc40e18e24 | ITER: 5 END: OK
2019-07-12 07:41:27.467 1509 INFO rally.task.runner [-] Task 6f8d9c4a-b1f1-4a25-9b4e-04cc40e18e24 | ITER: 9 START
2019-07-12 07:41:28.354 1512 RALLYDEBUG rally.task.utils [-] Waiting for resource u'31af91e3-038a-40d3-804d-bdbf0a57d432'. Status changed: NONE => QUEUED in 0.0276510715485
2019-07-12 07:41:28.861 1511 RALLYDEBUG rally.task.utils [-] Waiting for resource u'4aace4e3-13bd-4140-8e50-10afc7b3acd4'. Status changed: NONE => QUEUED in 0.0312459468842
2019-07-12 07:41:29.349 1510 RALLYDEBUG rally.task.utils [-] Waiting for resource u'02ca3907-0104-4f92-a3a9-96aab8f60845'. Status changed: NONE => QUEUED in 0.749348163605
2019-07-12 07:41:29.385 1511 RALLYDEBUG rally.task.utils [-] Waiting for resource s_rally_7dc037c6_5SY4Qr9q. Status changed: QUEUED => ACTIVE in 0.0181679725647
2019-07-12 07:41:29.419 1512 RALLYDEBUG rally.task.utils [-] Waiting for resource s_rally_7dc037c6_E6OCdZfn. Status changed: QUEUED => ACTIVE in 0.0272951126099
2019-07-12 07:41:29.542 1511 INFO rally.task.runner [-] Task 6f8d9c4a-b1f1-4a25-9b4e-04cc40e18e24 | ITER: 8 END: OK
2019-07-12 07:41:29.546 1511 INFO rally.task.runner [-] Task 6f8d9c4a-b1f1-4a25-9b4e-04cc40e18e24 | ITER: 10 START
2019-07-12 07:41:30.541 1512 INFO rally.task.runner [-] Task 6f8d9c4a-b1f1-4a25-9b4e-04cc40e18e24 | ITER: 6 END: OK
2019-07-12 07:41:30.587 1510 RALLYDEBUG rally.task.utils [-] Waiting for resource s_rally_7dc037c6_MkDd5I8Z. Status changed: QUEUED => ACTIVE in 0.017914056778
2019-07-12 07:41:30.725 1509 RALLYDEBUG rally.task.utils [-] Waiting for resource u'f8c55686-deed-4cfa-8df4-ce7da5373a34'. Status changed: NONE => QUEUED in 0.0277740955353
2019-07-12 07:41:30.741 1510 INFO rally.task.runner [-] Task 6f8d9c4a-b1f1-4a25-9b4e-04cc40e18e24 | ITER: 7 END: OK
2019-07-12 07:41:31.470 1509 RALLYDEBUG rally.task.utils [-] Waiting for resource s_rally_7dc037c6_1KmSwaPl. Status changed: QUEUED => ACTIVE in 0.0182268619537
2019-07-12 07:41:31.618 1509 INFO rally.task.runner [-] Task 6f8d9c4a-b1f1-4a25-9b4e-04cc40e18e24 | ITER: 9 END: OK
2019-07-12 07:41:32.807 1511 RALLYDEBUG rally.task.utils [-] Waiting for resource u'07ccbf45-3b8b-43e3-9763-c03a3a1ce1f2'. Status changed: NONE => QUEUED in 0.0328738689423
2019-07-12 07:41:33.553 1511 RALLYDEBUG rally.task.utils [-] Waiting for resource s_rally_7dc037c6_nFMFE1WO. Status changed: QUEUED => ACTIVE in 0.0183899402618
2019-07-12 07:41:33.956 1511 INFO rally.task.runner [-] Task 6f8d9c4a-b1f1-4a25-9b4e-04cc40e18e24 | ITER: 10 END: OK
2019-07-12 07:41:33.979 725 INFO rally.task.context [-] Task 6f8d9c4a-b1f1-4a25-9b4e-04cc40e18e24 | Context cleanup@openstack cleanup() started
2019-07-12 07:41:33.981 725 RALLYDEBUG rally_openstack.cleanup.manager [-] Cleaning up glance images objects
2019-07-12 07:41:36.266 725 RALLYDEBUG rally_openstack.cleanup.manager [-] Deleting glance.images object s_rally_7dc037c6_r11BEkRW (74386451-deb8-455f-9728-17a18bc03f77)
2019-07-12 07:41:36.269 725 RALLYDEBUG rally_openstack.cleanup.manager [-] Deleting glance.images object s_rally_7dc037c6_MkDd5I8Z (02ca3907-0104-4f92-a3a9-96aab8f60845)
2019-07-12 07:41:36.270 725 RALLYDEBUG rally_openstack.cleanup.manager [-] Deleting glance.images object s_rally_7dc037c6_nFMFE1WO (07ccbf45-3b8b-43e3-9763-c03a3a1ce1f2)
2019-07-12 07:41:36.279 725 RALLYDEBUG rally_openstack.cleanup.manager [-] Deleting glance.images object s_rally_7dc037c6_1KmSwaPl (f8c55686-deed-4cfa-8df4-ce7da5373a34)
2019-07-12 07:41:36.283 725 RALLYDEBUG rally_openstack.cleanup.manager [-] Deleting glance.images object s_rally_7dc037c6_5SY4Qr9q (4aace4e3-13bd-4140-8e50-10afc7b3acd4)
2019-07-12 07:41:36.284 725 RALLYDEBUG rally_openstack.cleanup.manager [-] Deleting glance.images object s_rally_7dc037c6_K5hDt314 (a33622c5-c3c1-4211-8986-1876aad352f1)
2019-07-12 07:41:36.284 725 RALLYDEBUG rally_openstack.cleanup.manager [-] Deleting glance.images object s_rally_7dc037c6_hBs9iqHk (14c0debe-f538-4917-9de2-9a1c26e91638)
2019-07-12 07:41:36.292 725 RALLYDEBUG rally_openstack.cleanup.manager [-] Deleting glance.images object s_rally_7dc037c6_YhifhmEK (243d3f0f-1d7d-4ad1-847b-348290af7c86)
2019-07-12 07:41:36.296 725 RALLYDEBUG rally_openstack.cleanup.manager [-] Deleting glance.images object s_rally_7dc037c6_Uv5FK26S (5bfba586-e036-4ad9-b1aa-eccdcfebca6d)
2019-07-12 07:41:36.306 725 RALLYDEBUG rally_openstack.cleanup.manager [-] Deleting glance.images object s_rally_7dc037c6_E6OCdZfn (31af91e3-038a-40d3-804d-bdbf0a57d432)
2019-07-12 07:41:38.588 725 DEBUG glanceclient.common.http [-] Request returned failure status 404. _handle_response /usr/lib/python2.7/site-packages/glanceclient/common/http.py:125
2019-07-12 07:41:38.597 725 DEBUG glanceclient.common.http [-] Request returned failure status 404. _handle_response /usr/lib/python2.7/site-packages/glanceclient/common/http.py:125
2019-07-12 07:41:38.600 725 DEBUG glanceclient.common.http [-] Request returned failure status 404. _handle_response /usr/lib/python2.7/site-packages/glanceclient/common/http.py:125
2019-07-12 07:41:38.607 725 DEBUG glanceclient.common.http [-] Request returned failure status 404. _handle_response /usr/lib/python2.7/site-packages/glanceclient/common/http.py:125
2019-07-12 07:41:38.619 725 DEBUG glanceclient.common.http [-] Request returned failure status 404. _handle_response /usr/lib/python2.7/site-packages/glanceclient/common/http.py:125
2019-07-12 07:41:38.622 725 DEBUG glanceclient.common.http [-] Request returned failure status 404. _handle_response /usr/lib/python2.7/site-packages/glanceclient/common/http.py:125
2019-07-12 07:41:39.573 725 DEBUG glanceclient.common.http [-] Request returned failure status 404. _handle_response /usr/lib/python2.7/site-packages/glanceclient/common/http.py:125
2019-07-12 07:41:39.589 725 DEBUG glanceclient.common.http [-] Request returned failure status 404. _handle_response /usr/lib/python2.7/site-packages/glanceclient/common/http.py:125
2019-07-12 07:41:39.590 725 DEBUG glanceclient.common.http [-] Request returned failure status 404. _handle_response /usr/lib/python2.7/site-packages/glanceclient/common/http.py:125
2019-07-12 07:41:39.603 725 DEBUG glanceclient.common.http [-] Request returned failure status 404. _handle_response /usr/lib/python2.7/site-packages/glanceclient/common/http.py:125
2019-07-12 07:41:39.613 725 DEBUG glanceclient.common.http [-] Request returned failure status 404. _handle_response /usr/lib/python2.7/site-packages/glanceclient/common/http.py:125
2019-07-12 07:41:39.614 725 DEBUG glanceclient.common.http [-] Request returned failure status 404. _handle_response /usr/lib/python2.7/site-packages/glanceclient/common/http.py:125
2019-07-12 07:41:39.628 725 DEBUG glanceclient.common.http [-] Request returned failure status 404. _handle_response /usr/lib/python2.7/site-packages/glanceclient/common/http.py:125
2019-07-12 07:41:39.631 725 DEBUG glanceclient.common.http [-] Request returned failure status 404. _handle_response /usr/lib/python2.7/site-packages/glanceclient/common/http.py:125
2019-07-12 07:41:39.632 725 DEBUG glanceclient.common.http [-] Request returned failure status 404. _handle_response /usr/lib/python2.7/site-packages/glanceclient/common/http.py:125
2019-07-12 07:41:39.633 725 DEBUG glanceclient.common.http [-] Request returned failure status 404. _handle_response /usr/lib/python2.7/site-packages/glanceclient/common/http.py:125
2019-07-12 07:41:39.635 725 DEBUG glanceclient.common.http [-] Request returned failure status 404. _handle_response /usr/lib/python2.7/site-packages/glanceclient/common/http.py:125
2019-07-12 07:41:39.648 725 DEBUG glanceclient.common.http [-] Request returned failure status 404. _handle_response /usr/lib/python2.7/site-packages/glanceclient/common/http.py:125
2019-07-12 07:41:39.661 725 DEBUG glanceclient.common.http [-] Request returned failure status 404. _handle_response /usr/lib/python2.7/site-packages/glanceclient/common/http.py:125
2019-07-12 07:41:39.662 725 DEBUG glanceclient.common.http [-] Request returned failure status 404. _handle_response /usr/lib/python2.7/site-packages/glanceclient/common/http.py:125
2019-07-12 07:41:40.664 725 INFO rally.task.context [-] Task 6f8d9c4a-b1f1-4a25-9b4e-04cc40e18e24 | Context cleanup@openstack cleanup() finished in 6.69 sec
2019-07-12 07:41:40.665 725 INFO rally.task.context [-] Task 6f8d9c4a-b1f1-4a25-9b4e-04cc40e18e24 | Context users@openstack cleanup() started
2019-07-12 07:41:47.412 725 INFO rally.task.context [-] Task 6f8d9c4a-b1f1-4a25-9b4e-04cc40e18e24 | Context users@openstack cleanup() finished in 6.75 sec
2019-07-12 07:41:48.227 725 INFO rally.task.engine [-] Load duration is: 14.605043
2019-07-12 07:41:48.228 725 INFO rally.task.engine [-] Full runner duration is: 15.496304
2019-07-12 07:41:48.228 725 INFO rally.task.engine [-] Full duration is: 33.339679
2019-07-12 07:41:48.473 725 INFO rally.task.engine [-] Running workload: position = 0 config = { "version": 2, "title": "A cropped version of a bigger task.", "description": "Auto-generated task from a single workload (uuid=868e5cf0-0569-4558-9b27-cd2948751d08)", "subtasks": [ { "title": "GlanceImages.create_and_get_image", "description": "Create and get detailed information of an image.", "scenario": { "GlanceImages.create_and_get_image": { "container_format": "bare", "disk_format": "qcow2", "image_location": "/home/opnfv/functest/images/cirros-0.4.0-x86_64-disk.img" } }, "contexts": { "users": { "tenants": 3, "users_per_tenant": 2 } }, "runner": { "constant": { "concurrency": 4, "times": 10 } }, "hooks": [], "sla": { "failure_rate": { "max": 0 } } } ] }
2019-07-12 07:41:48.493 725 RALLYDEBUG rally_openstack.contexts.keystone.users [-] Creating 3 tenants using 20 threads
2019-07-12 07:41:50.322 725 RALLYDEBUG rally_openstack.contexts.keystone.users [-] Creating 6 users using 20 threads
2019-07-12 07:41:53.081 725 INFO rally.task.context [-] Task 6f8d9c4a-b1f1-4a25-9b4e-04cc40e18e24 | Context users@openstack setup() finished in 4.59 sec
2019-07-12 07:41:53.081 725 INFO rally.task.context [-] Task 6f8d9c4a-b1f1-4a25-9b4e-04cc40e18e24 | Context cleanup@openstack setup() finished in 0.01 msec
2019-07-12 07:41:53.089 725 RALLYDEBUG rally.task.runner [-] Starting the constant runner (task UUID: 6f8d9c4a-b1f1-4a25-9b4e-04cc40e18e24). timeout: 0 concurrency: 4 concurrency_per_worker: 1 times: 10 concurrency_overhead: 0 processes_to_start: 4 max_cpu_used: 16
2019-07-12 07:41:53.101 1633 RALLYDEBUG rally.task.runner [-] Starting a worker. concurrency: 1 args: {"container_format": "bare", "disk_format": "qcow2", "image_location": "/home/opnfv/functest/images/cirros-0.4.0-x86_64-disk.img"} times: 10 method_name: run timeout: 0 duration: None cls:
2019-07-12 07:41:53.105 1634 RALLYDEBUG rally.task.runner [-] Starting a worker. concurrency: 1 args: {"container_format": "bare", "disk_format": "qcow2", "image_location": "/home/opnfv/functest/images/cirros-0.4.0-x86_64-disk.img"} times: 10 method_name: run timeout: 0 duration: None cls:
2019-07-12 07:41:53.106 1633 INFO rally.task.runner [-] Task 6f8d9c4a-b1f1-4a25-9b4e-04cc40e18e24 | ITER: 1 START
2019-07-12 07:41:53.108 1635 RALLYDEBUG rally.task.runner [-] Starting a worker. concurrency: 1 args: {"container_format": "bare", "disk_format": "qcow2", "image_location": "/home/opnfv/functest/images/cirros-0.4.0-x86_64-disk.img"} times: 10 method_name: run timeout: 0 duration: None cls:
2019-07-12 07:41:53.110 1634 INFO rally.task.runner [-] Task 6f8d9c4a-b1f1-4a25-9b4e-04cc40e18e24 | ITER: 2 START
2019-07-12 07:41:53.112 1636 RALLYDEBUG rally.task.runner [-] Starting a worker. concurrency: 1 args: {"container_format": "bare", "disk_format": "qcow2", "image_location": "/home/opnfv/functest/images/cirros-0.4.0-x86_64-disk.img"} times: 10 method_name: run timeout: 0 duration: None cls:
2019-07-12 07:41:53.115 1635 INFO rally.task.runner [-] Task 6f8d9c4a-b1f1-4a25-9b4e-04cc40e18e24 | ITER: 3 START
2019-07-12 07:41:53.118 1636 INFO rally.task.runner [-] Task 6f8d9c4a-b1f1-4a25-9b4e-04cc40e18e24 | ITER: 4 START
2019-07-12 07:41:56.403 1636 RALLYDEBUG rally.task.utils [-] Waiting for resource u'916b1d5a-7c5a-4302-92aa-de43a708f789'. Status changed: NONE => QUEUED in 0.0309298038483
2019-07-12 07:41:56.406 1633 RALLYDEBUG rally.task.utils [-] Waiting for resource u'548221bc-f89f-4ed6-97df-caed6bdfec25'. Status changed: NONE => QUEUED in 0.0303831100464
2019-07-12 07:41:56.468 1634 RALLYDEBUG rally.task.utils [-] Waiting for resource u'575116c4-4a90-4c12-8bac-7914dcaec6c3'. Status changed: NONE => QUEUED in 0.0322048664093
2019-07-12 07:41:56.506 1635 RALLYDEBUG rally.task.utils [-] Waiting for resource u'167e352b-b6c0-44e6-b4fa-b0585ed21f7e'. Status changed: NONE => QUEUED in 0.0300309658051
2019-07-12 07:41:56.990 1636 RALLYDEBUG rally.task.utils [-] Waiting for resource s_rally_868e5cf0_Ce9NTwiA. Status changed: QUEUED => ACTIVE in 0.0200550556183
2019-07-12 07:41:56.991 1635 RALLYDEBUG rally.task.utils [-] Waiting for resource s_rally_868e5cf0_eCo1yR2y. Status changed: QUEUED => ACTIVE in 0.0194299221039
2019-07-12 07:41:57.008 1635 INFO rally.task.runner [-] Task 6f8d9c4a-b1f1-4a25-9b4e-04cc40e18e24 | ITER: 3 END: OK
2019-07-12 07:41:57.012 1636 INFO rally.task.runner [-] Task 6f8d9c4a-b1f1-4a25-9b4e-04cc40e18e24 | ITER: 4 END: OK
2019-07-12 07:41:57.012 1635 INFO rally.task.runner [-] Task 6f8d9c4a-b1f1-4a25-9b4e-04cc40e18e24 | ITER: 5 START
2019-07-12 07:41:57.016 1636 INFO rally.task.runner [-] Task 6f8d9c4a-b1f1-4a25-9b4e-04cc40e18e24 | ITER: 6 START
2019-07-12 07:41:57.994 1633 RALLYDEBUG rally.task.utils [-] Waiting for resource s_rally_868e5cf0_cScmr5da. Status changed: QUEUED => ACTIVE in 0.869002103806
2019-07-12 07:41:58.017 1633 INFO rally.task.runner [-] Task 6f8d9c4a-b1f1-4a25-9b4e-04cc40e18e24 | ITER: 1 END: OK
2019-07-12 07:41:58.020 1633 INFO rally.task.runner [-] Task 6f8d9c4a-b1f1-4a25-9b4e-04cc40e18e24 | ITER: 7 START
2019-07-12 07:41:58.047 1634 RALLYDEBUG rally.task.utils [-] Waiting for resource s_rally_868e5cf0_BRiNs3pg. Status changed: QUEUED => ACTIVE in 0.0189759731293
2019-07-12 07:41:58.065 1634 INFO rally.task.runner [-] Task 6f8d9c4a-b1f1-4a25-9b4e-04cc40e18e24 | ITER: 2 END: OK
2019-07-12 07:41:58.069 1634 INFO rally.task.runner [-] Task 6f8d9c4a-b1f1-4a25-9b4e-04cc40e18e24 | ITER: 8 START
2019-07-12 07:42:00.407 1635 RALLYDEBUG rally.task.utils [-] Waiting for resource u'93374ada-dc87-4acb-9f3c-bd062b11db91'. Status changed: NONE => QUEUED in 0.0338678359985
2019-07-12 07:42:00.444 1636 RALLYDEBUG rally.task.utils [-] Waiting for resource u'4f0168a8-5c4a-4356-b120-50705045a204'. Status changed: NONE => QUEUED in 0.0382978916168
2019-07-12 07:42:01.178 1635 RALLYDEBUG rally.task.utils [-] Waiting for resource s_rally_868e5cf0_cxh612wu. Status changed: QUEUED => ACTIVE in 0.0196750164032
2019-07-12 07:42:01.191 1636 RALLYDEBUG rally.task.utils [-] Waiting for resource s_rally_868e5cf0_4id1qVkY. Status changed: QUEUED => ACTIVE in 0.0194599628448
2019-07-12 07:42:01.198 1635 INFO rally.task.runner [-] Task 6f8d9c4a-b1f1-4a25-9b4e-04cc40e18e24 | ITER: 5 END: OK
2019-07-12 07:42:01.202 1635 INFO rally.task.runner [-] Task 6f8d9c4a-b1f1-4a25-9b4e-04cc40e18e24 | ITER: 9 START
2019-07-12 07:42:01.213 1636 INFO rally.task.runner [-] Task 6f8d9c4a-b1f1-4a25-9b4e-04cc40e18e24 | ITER: 6 END: OK
2019-07-12 07:42:01.217 1636 INFO rally.task.runner [-] Task 6f8d9c4a-b1f1-4a25-9b4e-04cc40e18e24 | ITER: 10 START
2019-07-12 07:42:01.522 1634 RALLYDEBUG rally.task.utils [-] Waiting for resource u'916da1d7-3c3d-4b43-8a36-a927e0eb5e30'. Status changed: NONE => QUEUED in 0.0294888019562
2019-07-12 07:42:01.536 1633 RALLYDEBUG rally.task.utils [-] Waiting for resource u'cb3f29bb-9354-4808-ab53-373d3c30c968'. Status changed: NONE => QUEUED in 0.0316319465637
2019-07-12 07:42:03.267 1634 RALLYDEBUG rally.task.utils [-] Waiting for resource s_rally_868e5cf0_Ij8OddiV. Status changed: QUEUED => ACTIVE in 0.0226089954376
2019-07-12 07:42:03.292 1634 INFO rally.task.runner [-] Task 6f8d9c4a-b1f1-4a25-9b4e-04cc40e18e24 | ITER: 8 END: OK
2019-07-12 07:42:03.294 1633 RALLYDEBUG rally.task.utils [-] Waiting for resource s_rally_868e5cf0_FzpuVGnF. Status changed: QUEUED => ACTIVE in 0.0237290859222
2019-07-12 07:42:03.315 1633 INFO rally.task.runner [-] Task 6f8d9c4a-b1f1-4a25-9b4e-04cc40e18e24 | ITER: 7 END: OK
2019-07-12 07:42:04.423 1635 RALLYDEBUG rally.task.utils [-] Waiting for resource u'65401705-2abe-427b-a983-4fe237214e41'. Status changed: NONE => QUEUED in 0.030946969986
2019-07-12 07:42:04.490 1636 RALLYDEBUG rally.task.utils [-] Waiting for resource u'598d5632-8c52-44ac-a815-27b5088e08b9'. Status changed: NONE => QUEUED in 0.0273580551147
2019-07-12 07:42:05.345 1636 RALLYDEBUG rally.task.utils [-] Waiting for resource s_rally_868e5cf0_adQNGDrm. Status changed: QUEUED => ACTIVE in 0.0184609889984
2019-07-12 07:42:05.345 1635 RALLYDEBUG rally.task.utils [-] Waiting for resource s_rally_868e5cf0_O0ZUIwbe. Status changed: QUEUED => ACTIVE in 0.0187990665436
2019-07-12 07:42:05.362 1636 INFO rally.task.runner [-] Task 6f8d9c4a-b1f1-4a25-9b4e-04cc40e18e24 | ITER: 10 END: OK
2019-07-12 07:42:05.364 1635 INFO rally.task.runner [-] Task 6f8d9c4a-b1f1-4a25-9b4e-04cc40e18e24 | ITER: 9 END: OK
2019-07-12 07:42:05.395 725 INFO rally.task.context [-] Task 6f8d9c4a-b1f1-4a25-9b4e-04cc40e18e24 | Context cleanup@openstack cleanup() started
2019-07-12 07:42:05.398 725 RALLYDEBUG rally_openstack.cleanup.manager [-] Cleaning up glance images objects
2019-07-12 07:42:07.631 725 RALLYDEBUG rally_openstack.cleanup.manager [-] Deleting glance.images object s_rally_868e5cf0_FzpuVGnF (cb3f29bb-9354-4808-ab53-373d3c30c968)
2019-07-12 07:42:07.644 725 RALLYDEBUG rally_openstack.cleanup.manager [-] Deleting glance.images object s_rally_868e5cf0_Ce9NTwiA (916b1d5a-7c5a-4302-92aa-de43a708f789)
2019-07-12 07:42:07.644 725 RALLYDEBUG rally_openstack.cleanup.manager [-] Deleting glance.images object s_rally_868e5cf0_BRiNs3pg (575116c4-4a90-4c12-8bac-7914dcaec6c3)
2019-07-12 07:42:07.645 725 RALLYDEBUG rally_openstack.cleanup.manager [-] Deleting glance.images object s_rally_868e5cf0_cScmr5da (548221bc-f89f-4ed6-97df-caed6bdfec25)
2019-07-12 07:42:07.645 725 RALLYDEBUG rally_openstack.cleanup.manager [-] Deleting glance.images object s_rally_868e5cf0_cxh612wu (93374ada-dc87-4acb-9f3c-bd062b11db91)
2019-07-12 07:42:07.646 725 RALLYDEBUG rally_openstack.cleanup.manager [-] Deleting glance.images object s_rally_868e5cf0_4id1qVkY (4f0168a8-5c4a-4356-b120-50705045a204)
2019-07-12 07:42:07.649 725 RALLYDEBUG rally_openstack.cleanup.manager [-] Deleting glance.images object s_rally_868e5cf0_eCo1yR2y (167e352b-b6c0-44e6-b4fa-b0585ed21f7e)
2019-07-12 07:42:07.651 725 RALLYDEBUG rally_openstack.cleanup.manager [-] Deleting glance.images object s_rally_868e5cf0_adQNGDrm (598d5632-8c52-44ac-a815-27b5088e08b9)
2019-07-12 07:42:07.656 725 RALLYDEBUG rally_openstack.cleanup.manager [-] Deleting glance.images object s_rally_868e5cf0_Ij8OddiV (916da1d7-3c3d-4b43-8a36-a927e0eb5e30)
2019-07-12 07:42:07.663 725 RALLYDEBUG rally_openstack.cleanup.manager [-] Deleting glance.images object s_rally_868e5cf0_O0ZUIwbe (65401705-2abe-427b-a983-4fe237214e41)
2019-07-12 07:42:09.065 725 DEBUG glanceclient.common.http [-] Request returned failure status 404. _handle_response /usr/lib/python2.7/site-packages/glanceclient/common/http.py:125
2019-07-12 07:42:09.073 725 DEBUG glanceclient.common.http [-] Request returned failure status 404. _handle_response /usr/lib/python2.7/site-packages/glanceclient/common/http.py:125
2019-07-12 07:42:09.077 725 DEBUG glanceclient.common.http [-] Request returned failure status 404. _handle_response /usr/lib/python2.7/site-packages/glanceclient/common/http.py:125
2019-07-12 07:42:09.082 725 DEBUG glanceclient.common.http [-] Request returned failure status 404. _handle_response /usr/lib/python2.7/site-packages/glanceclient/common/http.py:125
2019-07-12 07:42:09.088 725 DEBUG glanceclient.common.http [-] Request returned failure status 404. _handle_response /usr/lib/python2.7/site-packages/glanceclient/common/http.py:125
2019-07-12 07:42:09.089 725 DEBUG glanceclient.common.http [-] Request returned failure status 404. _handle_response /usr/lib/python2.7/site-packages/glanceclient/common/http.py:125
2019-07-12 07:42:10.083 725 DEBUG glanceclient.common.http [-] Request returned failure status 404. _handle_response /usr/lib/python2.7/site-packages/glanceclient/common/http.py:125
2019-07-12 07:42:10.087 725 DEBUG glanceclient.common.http [-] Request returned failure status 404. _handle_response /usr/lib/python2.7/site-packages/glanceclient/common/http.py:125
2019-07-12 07:42:10.101 725 DEBUG glanceclient.common.http [-] Request returned failure status 404. _handle_response /usr/lib/python2.7/site-packages/glanceclient/common/http.py:125
2019-07-12 07:42:10.121 725 DEBUG glanceclient.common.http [-] Request returned failure status 404. _handle_response /usr/lib/python2.7/site-packages/glanceclient/common/http.py:125
2019-07-12 07:42:10.124 725 DEBUG glanceclient.common.http [-] Request returned failure status 404. _handle_response /usr/lib/python2.7/site-packages/glanceclient/common/http.py:125
2019-07-12 07:42:10.129 725 DEBUG glanceclient.common.http [-] Request returned failure status 404. _handle_response /usr/lib/python2.7/site-packages/glanceclient/common/http.py:125
2019-07-12 07:42:10.131 725 DEBUG glanceclient.common.http [-] Request returned failure status 404. _handle_response /usr/lib/python2.7/site-packages/glanceclient/common/http.py:125
2019-07-12 07:42:10.139 725 DEBUG glanceclient.common.http [-] Request returned failure status 404. _handle_response /usr/lib/python2.7/site-packages/glanceclient/common/http.py:125
2019-07-12 07:42:11.090 725 DEBUG glanceclient.common.http [-] Request returned failure status 404. _handle_response /usr/lib/python2.7/site-packages/glanceclient/common/http.py:125
2019-07-12 07:42:11.115 725 DEBUG glanceclient.common.http [-] Request returned failure status 404. _handle_response /usr/lib/python2.7/site-packages/glanceclient/common/http.py:125
2019-07-12 07:42:11.120 725 DEBUG glanceclient.common.http [-] Request returned failure status 404. _handle_response /usr/lib/python2.7/site-packages/glanceclient/common/http.py:125
2019-07-12 07:42:11.135 725 DEBUG glanceclient.common.http [-] Request returned failure status 404. _handle_response /usr/lib/python2.7/site-packages/glanceclient/common/http.py:125
2019-07-12 07:42:11.151 725 DEBUG glanceclient.common.http [-] Request returned failure status 404. _handle_response /usr/lib/python2.7/site-packages/glanceclient/common/http.py:125
2019-07-12 07:42:11.163 725 DEBUG glanceclient.common.http [-] Request returned failure status 404. _handle_response /usr/lib/python2.7/site-packages/glanceclient/common/http.py:125
2019-07-12 07:42:12.165 725 INFO rally.task.context [-] Task 6f8d9c4a-b1f1-4a25-9b4e-04cc40e18e24 | Context cleanup@openstack cleanup() finished in 6.77 sec
2019-07-12 07:42:12.166 725 INFO rally.task.context [-] Task 6f8d9c4a-b1f1-4a25-9b4e-04cc40e18e24 | Context users@openstack cleanup() started
2019-07-12 07:42:19.811 725 INFO rally.task.context [-] Task 6f8d9c4a-b1f1-4a25-9b4e-04cc40e18e24 | Context users@openstack cleanup() finished in 7.65 sec
2019-07-12 07:42:20.623 725 INFO rally.task.engine [-] Load duration is: 11.403648
2019-07-12 07:42:20.623 725 INFO rally.task.engine [-] Full runner duration is: 12.306826
2019-07-12 07:42:20.624 725 INFO rally.task.engine [-] Full duration is: 31.320668
2019-07-12 07:42:20.884 725 INFO rally.task.engine [-] Running workload: position = 0 config = { "version": 2, "title": "A cropped version of a bigger task.", "description": "Auto-generated task from a single workload (uuid=d5a06f2a-70d9-41c4-b005-0cd8421cf7a1)", "subtasks": [ { "title": "GlanceImages.create_and_update_image", "description": "Create an image then update it.", "scenario": { "GlanceImages.create_and_update_image": { "container_format": "bare", "disk_format": "qcow2", "image_location": "/home/opnfv/functest/images/cirros-0.4.0-x86_64-disk.img" } }, "contexts": { "users": { "tenants": 3, "users_per_tenant": 2 } }, "runner": { "constant": { "concurrency": 4, "times": 10 } }, "hooks": [], "sla": { "failure_rate": { "max": 0 } } } ] }
2019-07-12 07:42:20.903 725 RALLYDEBUG rally_openstack.contexts.keystone.users [-] Creating 3 tenants using 20 threads
2019-07-12 07:42:22.632 725 RALLYDEBUG rally_openstack.contexts.keystone.users [-] Creating 6 users using 20 threads
2019-07-12 07:42:25.524 725 INFO rally.task.context [-] Task 6f8d9c4a-b1f1-4a25-9b4e-04cc40e18e24 | Context users@openstack setup() finished in 4.62 sec
2019-07-12 07:42:25.524 725 INFO rally.task.context [-] Task 6f8d9c4a-b1f1-4a25-9b4e-04cc40e18e24 | Context cleanup@openstack setup() finished in 0.01 msec
2019-07-12 07:42:25.532 725 RALLYDEBUG rally.task.runner [-] Starting the constant runner (task UUID: 6f8d9c4a-b1f1-4a25-9b4e-04cc40e18e24). timeout: 0 concurrency: 4 concurrency_per_worker: 1 times: 10 concurrency_overhead: 0 processes_to_start: 4 max_cpu_used: 16
2019-07-12 07:42:25.545 1757 RALLYDEBUG rally.task.runner [-] Starting a worker. concurrency: 1 args: {"container_format": "bare", "disk_format": "qcow2", "image_location": "/home/opnfv/functest/images/cirros-0.4.0-x86_64-disk.img"} times: 10 method_name: run timeout: 0 duration: None cls:
2019-07-12 07:42:25.547 1758 RALLYDEBUG rally.task.runner [-] Starting a worker. concurrency: 1 args: {"container_format": "bare", "disk_format": "qcow2", "image_location": "/home/opnfv/functest/images/cirros-0.4.0-x86_64-disk.img"} times: 10 method_name: run timeout: 0 duration: None cls:
2019-07-12 07:42:25.550 1759 RALLYDEBUG rally.task.runner [-] Starting a worker. concurrency: 1 args: {"container_format": "bare", "disk_format": "qcow2", "image_location": "/home/opnfv/functest/images/cirros-0.4.0-x86_64-disk.img"} times: 10 method_name: run timeout: 0 duration: None cls:
2019-07-12 07:42:25.552 1757 INFO rally.task.runner [-] Task 6f8d9c4a-b1f1-4a25-9b4e-04cc40e18e24 | ITER: 1 START
2019-07-12 07:42:25.553 1758 INFO rally.task.runner [-] Task 6f8d9c4a-b1f1-4a25-9b4e-04cc40e18e24 | ITER: 2 START
2019-07-12 07:42:25.554 1760 RALLYDEBUG rally.task.runner [-] Starting a worker. concurrency: 1 args: {"container_format": "bare", "disk_format": "qcow2", "image_location": "/home/opnfv/functest/images/cirros-0.4.0-x86_64-disk.img"} times: 10 method_name: run timeout: 0 duration: None cls:
2019-07-12 07:42:25.556 1759 INFO rally.task.runner [-] Task 6f8d9c4a-b1f1-4a25-9b4e-04cc40e18e24 | ITER: 3 START
2019-07-12 07:42:25.560 1760 INFO rally.task.runner [-] Task 6f8d9c4a-b1f1-4a25-9b4e-04cc40e18e24 | ITER: 4 START
2019-07-12 07:42:28.826 1757 RALLYDEBUG rally.task.utils [-] Waiting for resource u'52868f88-96b7-48cb-a969-bbf6ab080fab'. Status changed: NONE => QUEUED in 0.0323481559753
2019-07-12 07:42:28.898 1758 RALLYDEBUG rally.task.utils [-] Waiting for resource u'7a0c4b07-76a3-4f1a-8f94-70dbbf3fdf07'. Status changed: NONE => QUEUED in 0.0287048816681
2019-07-12 07:42:28.968 1760 RALLYDEBUG rally.task.utils [-] Waiting for resource u'1ef1e7c9-9d0d-4cd9-9c47-8ba3c5a2049d'. Status changed: NONE => QUEUED in 0.0297319889069
2019-07-12 07:42:28.993 1759 RALLYDEBUG rally.task.utils [-] Waiting for resource u'f4195e4a-1307-486f-a997-0a08b3ccf5b5'. Status changed: NONE => QUEUED in 0.0406439304352
2019-07-12 07:42:29.226 1757 RALLYDEBUG rally.task.utils [-] Waiting for resource s_rally_d5a06f2a_ikb5ROwZ. Status changed: QUEUED => ACTIVE in 0.0178649425507
2019-07-12 07:42:29.357 1757 INFO rally.task.runner [-] Task 6f8d9c4a-b1f1-4a25-9b4e-04cc40e18e24 | ITER: 1 END: OK
2019-07-12 07:42:29.361 1757 INFO rally.task.runner [-] Task 6f8d9c4a-b1f1-4a25-9b4e-04cc40e18e24 | ITER: 5 START
2019-07-12 07:42:30.644 1758 RALLYDEBUG rally.task.utils [-] Waiting for resource s_rally_d5a06f2a_p4PhVtsJ. Status changed: QUEUED => ACTIVE in 0.0217750072479
2019-07-12 07:42:30.775 1758 INFO rally.task.runner [-] Task 6f8d9c4a-b1f1-4a25-9b4e-04cc40e18e24 | ITER: 2 END: OK
2019-07-12 07:42:30.779 1758 INFO rally.task.runner [-] Task 6f8d9c4a-b1f1-4a25-9b4e-04cc40e18e24 | ITER: 6 START
2019-07-12 07:42:31.375 1760 RALLYDEBUG rally.task.utils [-] Waiting for resource s_rally_d5a06f2a_WCx0y2X9. Status changed: QUEUED => ACTIVE in 0.0217959880829
2019-07-12 07:42:31.405 1759 RALLYDEBUG rally.task.utils [-] Waiting for resource s_rally_d5a06f2a_bBWDnz5Y. Status changed: QUEUED => ACTIVE in 0.0269980430603
2019-07-12 07:42:31.576 1760 INFO rally.task.runner [-] Task 6f8d9c4a-b1f1-4a25-9b4e-04cc40e18e24 | ITER: 4 END: OK
2019-07-12 07:42:31.580 1760 INFO rally.task.runner [-] Task 6f8d9c4a-b1f1-4a25-9b4e-04cc40e18e24 | ITER: 7 START
2019-07-12 07:42:31.589 1759 INFO rally.task.runner [-] Task 6f8d9c4a-b1f1-4a25-9b4e-04cc40e18e24 | ITER: 3 END: OK
2019-07-12 07:42:31.594 1759 INFO rally.task.runner [-] Task 6f8d9c4a-b1f1-4a25-9b4e-04cc40e18e24 | ITER: 8 START
2019-07-12 07:42:32.587 1757 RALLYDEBUG rally.task.utils [-] Waiting for resource u'57e702ef-ffb8-41ca-a507-a8832dcfb86f'. Status changed: NONE => QUEUED in 0.028550863266
2019-07-12 07:42:33.590 1757 RALLYDEBUG rally.task.utils [-] Waiting for resource s_rally_d5a06f2a_qQVXKxNu. Status changed: QUEUED => ACTIVE in 0.016979932785
2019-07-12 07:42:33.724 1757 INFO rally.task.runner [-] Task 6f8d9c4a-b1f1-4a25-9b4e-04cc40e18e24 | ITER: 5 END: OK
2019-07-12 07:42:33.729 1757 INFO rally.task.runner [-] Task 6f8d9c4a-b1f1-4a25-9b4e-04cc40e18e24 | ITER: 9 START
2019-07-12 07:42:33.988 1758 RALLYDEBUG rally.task.utils [-] Waiting for resource u'8c76a15e-ac33-483e-807c-21ff665f2a94'. Status changed: NONE => QUEUED in 0.0335309505463
2019-07-12 07:42:34.613 1758 RALLYDEBUG rally.task.utils [-] Waiting for resource s_rally_d5a06f2a_M6vYVcqo. Status changed: QUEUED => ACTIVE in 0.0225050449371
2019-07-12 07:42:34.749 1758 INFO rally.task.runner [-] Task 6f8d9c4a-b1f1-4a25-9b4e-04cc40e18e24 | ITER: 6 END: OK
2019-07-12 07:42:34.753 1758 INFO rally.task.runner [-] Task 6f8d9c4a-b1f1-4a25-9b4e-04cc40e18e24 | ITER: 10 START
2019-07-12 07:42:34.844 1760 RALLYDEBUG rally.task.utils [-] Waiting for resource u'2e9c0fbc-46c5-4b28-bfe9-9e1029ae51e8'. Status changed: NONE => QUEUED in 0.0276389122009
2019-07-12 07:42:34.909 1759 RALLYDEBUG rally.task.utils [-] Waiting for resource u'c5a49246-4085-4c44-938c-7b7aae1f4c6e'. Status changed: NONE => QUEUED in 0.0272312164307
2019-07-12 07:42:36.064 1760 RALLYDEBUG rally.task.utils [-] Waiting for resource s_rally_d5a06f2a_H1y9k5ux. Status changed: QUEUED => ACTIVE in 0.0170378684998
2019-07-12 07:42:36.213 1760 INFO rally.task.runner [-] Task 6f8d9c4a-b1f1-4a25-9b4e-04cc40e18e24 | ITER: 7 END: OK
2019-07-12 07:42:36.708 1759 RALLYDEBUG rally.task.utils [-] Waiting for resource s_rally_d5a06f2a_e2h2dBJn. Status changed: QUEUED => ACTIVE in 0.0179040431976
2019-07-12 07:42:36.836 1759 INFO rally.task.runner [-] Task 6f8d9c4a-b1f1-4a25-9b4e-04cc40e18e24 | ITER: 8 END: OK
2019-07-12 07:42:37.007 1757 RALLYDEBUG rally.task.utils [-] Waiting for resource u'600aab0b-f5d8-453a-8b77-a5d9df7efc69'. Status changed: NONE => QUEUED in 0.0256230831146
2019-07-12 07:42:37.715 1757 RALLYDEBUG rally.task.utils [-] Waiting for resource s_rally_d5a06f2a_7VjGj2TQ. Status changed: QUEUED => ACTIVE in 0.0167140960693
2019-07-12 07:42:37.851 1757 INFO rally.task.runner [-] Task 6f8d9c4a-b1f1-4a25-9b4e-04cc40e18e24 | ITER: 9 END: OK
2019-07-12 07:42:37.923 1758 RALLYDEBUG rally.task.utils [-] Waiting for resource u'ae4f0041-c6b6-4ed7-baed-6560b625e7f7'. Status changed: NONE => QUEUED in 0.0258491039276
2019-07-12 07:42:38.787 1758 RALLYDEBUG rally.task.utils [-] Waiting for resource s_rally_d5a06f2a_D3ZTqrDI. Status changed: QUEUED => ACTIVE in 0.0193049907684
2019-07-12 07:42:38.915 1758 INFO rally.task.runner [-] Task 6f8d9c4a-b1f1-4a25-9b4e-04cc40e18e24 | ITER: 10 END: OK
2019-07-12 07:42:38.941 725 INFO rally.task.context [-] Task 6f8d9c4a-b1f1-4a25-9b4e-04cc40e18e24 | Context cleanup@openstack cleanup() started
2019-07-12 07:42:38.943 725 RALLYDEBUG rally_openstack.cleanup.manager [-] Cleaning up glance images objects
2019-07-12 07:42:41.117 725 RALLYDEBUG rally_openstack.cleanup.manager [-] Deleting glance.images object s_rally_d5a06f2a_ZOLLoyX5 (57e702ef-ffb8-41ca-a507-a8832dcfb86f)
2019-07-12 07:42:41.126 725 RALLYDEBUG rally_openstack.cleanup.manager [-] Deleting glance.images object s_rally_d5a06f2a_sn2FTYOL (c5a49246-4085-4c44-938c-7b7aae1f4c6e)
2019-07-12 07:42:41.128 725 RALLYDEBUG rally_openstack.cleanup.manager [-] Deleting glance.images object s_rally_d5a06f2a_qLAltO1y (f4195e4a-1307-486f-a997-0a08b3ccf5b5)
2019-07-12 07:42:41.134 725 RALLYDEBUG rally_openstack.cleanup.manager [-] Deleting glance.images object s_rally_d5a06f2a_drNXiwVd (1ef1e7c9-9d0d-4cd9-9c47-8ba3c5a2049d)
2019-07-12 07:42:41.138 725 RALLYDEBUG rally_openstack.cleanup.manager [-] Deleting glance.images object s_rally_d5a06f2a_s9IWXQIc (600aab0b-f5d8-453a-8b77-a5d9df7efc69)
2019-07-12 07:42:41.141 725 RALLYDEBUG rally_openstack.cleanup.manager [-] Deleting glance.images object s_rally_d5a06f2a_liCk2EIJ (8c76a15e-ac33-483e-807c-21ff665f2a94)
2019-07-12 07:42:41.147 725 RALLYDEBUG rally_openstack.cleanup.manager [-] Deleting glance.images object s_rally_d5a06f2a_T0fx9Dhg (7a0c4b07-76a3-4f1a-8f94-70dbbf3fdf07)
2019-07-12 07:42:41.148 725 RALLYDEBUG rally_openstack.cleanup.manager [-] Deleting glance.images object s_rally_d5a06f2a_TXfMZkQP (52868f88-96b7-48cb-a969-bbf6ab080fab)
2019-07-12 07:42:41.165 725 RALLYDEBUG rally_openstack.cleanup.manager [-] Deleting glance.images object s_rally_d5a06f2a_cpEbDh4N (ae4f0041-c6b6-4ed7-baed-6560b625e7f7)
2019-07-12 07:42:41.173 725 RALLYDEBUG rally_openstack.cleanup.manager [-] Deleting glance.images object s_rally_d5a06f2a_s4oUAkAd (2e9c0fbc-46c5-4b28-bfe9-9e1029ae51e8)
2019-07-12 07:42:43.083 725 DEBUG glanceclient.common.http [-] Request returned failure status 404. _handle_response /usr/lib/python2.7/site-packages/glanceclient/common/http.py:125
2019-07-12 07:42:43.097 725 DEBUG glanceclient.common.http [-] Request returned failure status 404. _handle_response /usr/lib/python2.7/site-packages/glanceclient/common/http.py:125
2019-07-12 07:42:43.108 725 DEBUG glanceclient.common.http [-] Request returned failure status 404. _handle_response /usr/lib/python2.7/site-packages/glanceclient/common/http.py:125
2019-07-12 07:42:43.111 725 DEBUG glanceclient.common.http [-] Request returned failure status 404. _handle_response /usr/lib/python2.7/site-packages/glanceclient/common/http.py:125
2019-07-12 07:42:43.115 725 DEBUG glanceclient.common.http [-] Request returned failure status 404. _handle_response /usr/lib/python2.7/site-packages/glanceclient/common/http.py:125
2019-07-12 07:42:43.116 725 DEBUG glanceclient.common.http [-] Request returned failure status 404. _handle_response /usr/lib/python2.7/site-packages/glanceclient/common/http.py:125
2019-07-12 07:42:43.124 725 DEBUG glanceclient.common.http [-] Request returned failure status 404. _handle_response /usr/lib/python2.7/site-packages/glanceclient/common/http.py:125
2019-07-12 07:42:43.133 725 DEBUG glanceclient.common.http [-] Request returned failure status 404. _handle_response /usr/lib/python2.7/site-packages/glanceclient/common/http.py:125
2019-07-12 07:42:45.167 725 DEBUG glanceclient.common.http [-] Request returned failure status 404. _handle_response /usr/lib/python2.7/site-packages/glanceclient/common/http.py:125
2019-07-12 07:42:45.183 725 DEBUG glanceclient.common.http [-] Request returned failure status 404. _handle_response /usr/lib/python2.7/site-packages/glanceclient/common/http.py:125
2019-07-12 07:42:45.207 725 DEBUG glanceclient.common.http [-] Request returned failure status 404. _handle_response /usr/lib/python2.7/site-packages/glanceclient/common/http.py:125
2019-07-12 07:42:45.213 725 DEBUG glanceclient.common.http [-] Request returned failure status 404. _handle_response /usr/lib/python2.7/site-packages/glanceclient/common/http.py:125
2019-07-12 07:42:45.236 725 DEBUG glanceclient.common.http [-] Request returned failure status 404. _handle_response /usr/lib/python2.7/site-packages/glanceclient/common/http.py:125
2019-07-12 07:42:45.245 725 DEBUG glanceclient.common.http [-] Request returned failure status 404. _handle_response /usr/lib/python2.7/site-packages/glanceclient/common/http.py:125
2019-07-12 07:42:45.246 725 DEBUG glanceclient.common.http [-] Request returned failure status 404. _handle_response /usr/lib/python2.7/site-packages/glanceclient/common/http.py:125
2019-07-12 07:42:45.251 725 DEBUG glanceclient.common.http [-] Request returned failure status 404. _handle_response /usr/lib/python2.7/site-packages/glanceclient/common/http.py:125
2019-07-12 07:42:45.251 725 DEBUG glanceclient.common.http [-] Request returned failure status 404. _handle_response /usr/lib/python2.7/site-packages/glanceclient/common/http.py:125
2019-07-12 07:42:45.255 725 DEBUG glanceclient.common.http [-] Request returned failure status 404. _handle_response /usr/lib/python2.7/site-packages/glanceclient/common/http.py:125
2019-07-12 07:42:45.265 725 DEBUG glanceclient.common.http [-] Request returned failure status 404. _handle_response /usr/lib/python2.7/site-packages/glanceclient/common/http.py:125
2019-07-12 07:42:45.288 725 DEBUG glanceclient.common.http [-] Request returned failure status 404. _handle_response /usr/lib/python2.7/site-packages/glanceclient/common/http.py:125
2019-07-12 07:42:46.291 725 INFO rally.task.context [-] Task 6f8d9c4a-b1f1-4a25-9b4e-04cc40e18e24 | Context cleanup@openstack cleanup() finished in 7.35 sec
2019-07-12 07:42:46.292 725 INFO rally.task.context [-] Task 6f8d9c4a-b1f1-4a25-9b4e-04cc40e18e24 | Context users@openstack cleanup() started
2019-07-12 07:42:53.418 725 INFO rally.task.context [-] Task 6f8d9c4a-b1f1-4a25-9b4e-04cc40e18e24 | Context users@openstack cleanup() finished in 7.13 sec
2019-07-12 07:42:55.043 725 INFO rally.task.engine [-] Load duration is: 12.503487
2019-07-12 07:42:55.043 725 INFO rally.task.engine [-] Full runner duration is: 13.409263
2019-07-12 07:42:55.044 725 INFO rally.task.engine [-] Full duration is: 32.517798
2019-07-12 07:42:55.247 725 INFO rally.task.engine [-] Task 6f8d9c4a-b1f1-4a25-9b4e-04cc40e18e24 | Completed: Running task.
2019-07-12 07:42:56.087 1839 RALLYDEBUG rally.api [-] INFO logs from urllib3 and requests module are hide.
2019-07-12 07:42:56.087 1839 RALLYDEBUG rally.api [-] urllib3 insecure warnings are hidden.
2019-07-12 07:42:56.087 1839 RALLYDEBUG rally.api [-] ERROR log from boto module is hide.
2019-07-12 07:42:56.811 1840 RALLYDEBUG rally.api [-] INFO logs from urllib3 and requests module are hide.
2019-07-12 07:42:56.811 1840 RALLYDEBUG rally.api [-] urllib3 insecure warnings are hidden.
2019-07-12 07:42:56.811 1840 RALLYDEBUG rally.api [-] ERROR log from boto module is hide.
2019-07-12 07:42:58.069 1840 INFO rally.api [-] Building 'json' report for the following task(s): '6f8d9c4a-b1f1-4a25-9b4e-04cc40e18e24'.
2019-07-12 07:42:58.086 1840 INFO rally.api [-] The report has been successfully built.
2019-07-12 07:42:58.957 1842 RALLYDEBUG rally.api [-] INFO logs from urllib3 and requests module are hide.
2019-07-12 07:42:58.958 1842 RALLYDEBUG rally.api [-] urllib3 insecure warnings are hidden.
2019-07-12 07:42:58.958 1842 RALLYDEBUG rally.api [-] ERROR log from boto module is hide.
2019-07-12 07:43:00.531 1842 INFO rally.task.engine [-] Task 91b2ce90-b91b-4690-aa4e-d487b637a40a | Starting: Task validation.
2019-07-12 07:43:00.565 1842 INFO rally.task.engine [-] Task 91b2ce90-b91b-4690-aa4e-d487b637a40a | Starting: Task validation of syntax.
2019-07-12 07:43:00.961 1842 INFO rally.task.engine [-] Task 91b2ce90-b91b-4690-aa4e-d487b637a40a | Completed: Task validation of syntax.
2019-07-12 07:43:00.961 1842 INFO rally.task.engine [-] Task 91b2ce90-b91b-4690-aa4e-d487b637a40a | Starting: Task validation of required platforms.
2019-07-12 07:43:01.065 1842 INFO rally.task.engine [-] Task 91b2ce90-b91b-4690-aa4e-d487b637a40a | Completed: Task validation of required platforms.
2019-07-12 07:43:01.065 1842 INFO rally.task.engine [-] Task 91b2ce90-b91b-4690-aa4e-d487b637a40a | Starting: Task validation of semantic.
2019-07-12 07:43:01.066 1842 INFO rally.task.engine [-] Check health of the environment 'c45797ac-6991-4b25-ade2-894604db75cd'.
2019-07-12 07:43:01.817 1842 INFO rally.task.engine [-] Platform existing@openstack (available: True): OK!
2019-07-12 07:43:01.836 1842 RALLYDEBUG rally_openstack.contexts.keystone.users [-] Creating 1 tenants using 20 threads
2019-07-12 07:43:03.531 1842 RALLYDEBUG rally_openstack.contexts.keystone.users [-] Creating 1 users using 20 threads
2019-07-12 07:43:06.078 1842 INFO rally.task.context [-] Task 91b2ce90-b91b-4690-aa4e-d487b637a40a | Context users@openstack setup() finished in 4.24 sec
2019-07-12 07:43:06.990 1842 DEBUG novaclient.v2.client [-] REQ: curl -g -i -X GET http://172.30.9.40:8774/v2.1/flavors/detail -H "Accept: application/json" -H "User-Agent: python-novaclient" -H "X-Auth-Token: {SHA1}8fb905aa024d74e5c9e0d0017cacc0f7f475e260" _http_log_request /usr/lib/python2.7/site-packages/keystoneauth1/session.py:448
2019-07-12 07:43:07.276 1842 DEBUG novaclient.v2.client [-] RESP: [200] Content-Encoding: gzip Content-Length: 364 Content-Type: application/json Date: Fri, 12 Jul 2019 07:43:07 GMT OpenStack-API-Version: compute 2.1 Server: Apache Vary: OpenStack-API-Version,X-OpenStack-Nova-API-Version,Accept-Encoding X-OpenStack-Nova-API-Version: 2.1 x-compute-request-id: req-e45751bc-5220-48bc-a7af-4022bf8671e3 x-openstack-request-id: req-e45751bc-5220-48bc-a7af-4022bf8671e3 _http_log_response /usr/lib/python2.7/site-packages/keystoneauth1/session.py:479
2019-07-12 07:43:07.277 1842 DEBUG novaclient.v2.client [-] RESP BODY: {"flavors": [{"name": "rally_full-flavor_81d2bd4a-39e7-4639-8f24-3d75edab9ccd", "links": [{"href": "http://172.30.9.40:8774/v2.1/flavors/76440b64-6eed-462b-920a-21fd74b69ede", "rel": "self"}, {"href": "http://172.30.9.40:8774/flavors/76440b64-6eed-462b-920a-21fd74b69ede", "rel": "bookmark"}], "ram": 512, "OS-FLV-DISABLED:disabled": false, "vcpus": 1, "swap": "", "os-flavor-access:is_public": true, "rxtx_factor": 1.0, "OS-FLV-EXT-DATA:ephemeral": 0, "disk": 1, "id": "76440b64-6eed-462b-920a-21fd74b69ede"}, {"name": "rally_full-flavor_alt_81d2bd4a-39e7-4639-8f24-3d75edab9ccd", "links": [{"href": "http://172.30.9.40:8774/v2.1/flavors/9f10fb66-3716-4b7b-949d-c885d82ca16c", "rel": "self"}, {"href": "http://172.30.9.40:8774/flavors/9f10fb66-3716-4b7b-949d-c885d82ca16c", "rel": "bookmark"}], "ram": 1024, "OS-FLV-DISABLED:disabled": false, "vcpus": 1, "swap": "", "os-flavor-access:is_public": true, "rxtx_factor": 1.0, "OS-FLV-EXT-DATA:ephemeral": 0, "disk": 1, "id": "9f10fb66-3716-4b7b-949d-c885d82ca16c"}]} _http_log_response /usr/lib/python2.7/site-packages/keystoneauth1/session.py:511
2019-07-12 07:43:07.279 1842 DEBUG novaclient.v2.client [-] GET call to compute for http://172.30.9.40:8774/v2.1/flavors/detail used request id req-e45751bc-5220-48bc-a7af-4022bf8671e3 request /usr/lib/python2.7/site-packages/keystoneauth1/session.py:844
2019-07-12 07:43:07.703 1842 DEBUG novaclient.v2.client [-] REQ: curl -g -i -X GET http://172.30.9.40:8774/v2.1/flavors/76440b64-6eed-462b-920a-21fd74b69ede -H "Accept: application/json" -H "User-Agent: python-novaclient" -H "X-Auth-Token: {SHA1}0b02cffcc3acad738cb0ce8bb7aca6f062f7733f" _http_log_request /usr/lib/python2.7/site-packages/keystoneauth1/session.py:448
2019-07-12 07:43:07.985 1842 DEBUG novaclient.v2.client [-] RESP: [200] Content-Encoding: gzip Content-Length: 311 Content-Type: application/json Date: Fri, 12 Jul 2019 07:43:07 GMT OpenStack-API-Version: compute 2.1 Server: Apache Vary: OpenStack-API-Version,X-OpenStack-Nova-API-Version,Accept-Encoding X-OpenStack-Nova-API-Version: 2.1 x-compute-request-id: req-360d9b6d-599c-4bb5-8570-91314e3b5d13 x-openstack-request-id: req-360d9b6d-599c-4bb5-8570-91314e3b5d13 _http_log_response /usr/lib/python2.7/site-packages/keystoneauth1/session.py:479
2019-07-12 07:43:07.985 1842 DEBUG novaclient.v2.client [-] RESP BODY: {"flavor": {"name": "rally_full-flavor_81d2bd4a-39e7-4639-8f24-3d75edab9ccd", "links": [{"href": "http://172.30.9.40:8774/v2.1/flavors/76440b64-6eed-462b-920a-21fd74b69ede", "rel": "self"}, {"href": "http://172.30.9.40:8774/flavors/76440b64-6eed-462b-920a-21fd74b69ede", "rel": "bookmark"}], "ram": 512, "OS-FLV-DISABLED:disabled": false, "vcpus": 1, "swap": "", "os-flavor-access:is_public": true, "rxtx_factor": 1.0, "OS-FLV-EXT-DATA:ephemeral": 0, "disk": 1, "id": "76440b64-6eed-462b-920a-21fd74b69ede"}} _http_log_response /usr/lib/python2.7/site-packages/keystoneauth1/session.py:511
2019-07-12 07:43:07.986 1842 DEBUG novaclient.v2.client [-] GET call to compute for http://172.30.9.40:8774/v2.1/flavors/76440b64-6eed-462b-920a-21fd74b69ede used request id req-360d9b6d-599c-4bb5-8570-91314e3b5d13 request /usr/lib/python2.7/site-packages/keystoneauth1/session.py:844
2019-07-12 07:43:13.048 1842 DEBUG novaclient.v2.client [-] REQ: curl -g -i -X GET http://172.30.9.40:8774/v2.1/flavors/detail -H "Accept: application/json" -H "User-Agent: python-novaclient" -H "X-Auth-Token: {SHA1}8f6b784fa88ff52c47fc9c6669f7f4834d44094d" _http_log_request /usr/lib/python2.7/site-packages/keystoneauth1/session.py:448
2019-07-12 07:43:13.343 1842 DEBUG novaclient.v2.client [-] RESP: [200] Content-Encoding: gzip Content-Length: 364 Content-Type: application/json Date: Fri, 12 Jul 2019 07:43:13 GMT OpenStack-API-Version: compute 2.1 Server: Apache Vary: OpenStack-API-Version,X-OpenStack-Nova-API-Version,Accept-Encoding X-OpenStack-Nova-API-Version: 2.1 x-compute-request-id: req-7ab594e5-6dd0-4913-8f32-31888d4d5d33 x-openstack-request-id: req-7ab594e5-6dd0-4913-8f32-31888d4d5d33 _http_log_response /usr/lib/python2.7/site-packages/keystoneauth1/session.py:479
2019-07-12 07:43:13.344 1842 DEBUG novaclient.v2.client [-] RESP BODY: {"flavors": [{"name": "rally_full-flavor_81d2bd4a-39e7-4639-8f24-3d75edab9ccd", "links": [{"href": "http://172.30.9.40:8774/v2.1/flavors/76440b64-6eed-462b-920a-21fd74b69ede", "rel": "self"}, {"href": "http://172.30.9.40:8774/flavors/76440b64-6eed-462b-920a-21fd74b69ede", "rel": "bookmark"}], "ram": 512, "OS-FLV-DISABLED:disabled": false, "vcpus": 1, "swap": "", "os-flavor-access:is_public": true, "rxtx_factor": 1.0, "OS-FLV-EXT-DATA:ephemeral": 0, "disk": 1, "id": "76440b64-6eed-462b-920a-21fd74b69ede"}, {"name": "rally_full-flavor_alt_81d2bd4a-39e7-4639-8f24-3d75edab9ccd", "links": [{"href": "http://172.30.9.40:8774/v2.1/flavors/9f10fb66-3716-4b7b-949d-c885d82ca16c", "rel": "self"}, {"href": "http://172.30.9.40:8774/flavors/9f10fb66-3716-4b7b-949d-c885d82ca16c", "rel": "bookmark"}], "ram": 1024, "OS-FLV-DISABLED:disabled": false, "vcpus": 1, "swap": "", "os-flavor-access:is_public": true, "rxtx_factor": 1.0, "OS-FLV-EXT-DATA:ephemeral": 0, "disk": 1, "id": "9f10fb66-3716-4b7b-949d-c885d82ca16c"}]} _http_log_response /usr/lib/python2.7/site-packages/keystoneauth1/session.py:511
