2019-07-12 07:45:32.208 1842 INFO rally.task.engine [-] Running workload: position = 0 config = { "version": 2, "title": "A cropped version of a bigger task.", "description": "Auto-generated task from a single workload (uuid=0990ad41-5896-4b00-a6aa-8d9fa20100b9)", "subtasks": [ { "title": "CinderVolumes.create_and_list_snapshots", "description": "Create and then list a volume-snapshot.", "scenario": { "CinderVolumes.create_and_list_snapshots": { "detailed": true, "force": false } }, "contexts": { "users": { "tenants": 3, "users_per_tenant": 2 }, "quotas": { "cinder": { "gigabytes": -1, "snapshots": -1, "volumes": -1 } }, "api_versions": { "cinder": { "version": 3, "service_type": "volumev3" } }, "volumes": { "size": 1, "volumes_per_tenant": 1 } }, "runner": { "constant": { "concurrency": 4, "times": 10 } }, "hooks": [], "sla": { "failure_rate": { "max": 0 } } } ] }
2019-07-12 07:45:32.235 1842 RALLYDEBUG rally_openstack.contexts.keystone.users [-] Creating 3 tenants using 20 threads
2019-07-12 07:45:34.126 1842 RALLYDEBUG rally_openstack.contexts.keystone.users [-] Creating 6 users using 20 threads
2019-07-12 07:45:36.817 1842 INFO rally.task.context [-] Task 91b2ce90-b91b-4690-aa4e-d487b637a40a | Context users@openstack setup() finished in 4.58 sec
2019-07-12 07:45:37.240 1842 INFO rally.task.context [-] Task 91b2ce90-b91b-4690-aa4e-d487b637a40a | Context api_versions@openstack setup() finished in 0.42 sec
2019-07-12 07:45:39.169 1842 INFO rally.task.context [-] Task 91b2ce90-b91b-4690-aa4e-d487b637a40a | Context quotas@openstack setup() finished in 1.93 sec
2019-07-12 07:45:50.166 1842 INFO rally.task.context [-] Task 91b2ce90-b91b-4690-aa4e-d487b637a40a | Context volumes@openstack setup() finished in 11.00 sec
2019-07-12 07:45:50.166 1842 INFO rally.task.context [-] Task 91b2ce90-b91b-4690-aa4e-d487b637a40a | Context cleanup@openstack setup() finished in 0.01 msec
2019-07-12 07:45:50.175 1842 RALLYDEBUG rally.task.runner [-] Starting the constant runner (task UUID: 91b2ce90-b91b-4690-aa4e-d487b637a40a). timeout: 0 concurrency: 4 concurrency_per_worker: 1 times: 10 concurrency_overhead: 0 processes_to_start: 4 max_cpu_used: 16
2019-07-12 07:45:50.188 2210 RALLYDEBUG rally.task.runner [-] Starting a worker. concurrency: 1 args: {"detailed": true, "force": false} times: 10 method_name: run timeout: 0 duration: None cls:
2019-07-12 07:45:50.192 2211 RALLYDEBUG rally.task.runner [-] Starting a worker. concurrency: 1 args: {"detailed": true, "force": false} times: 10 method_name: run timeout: 0 duration: None cls:
2019-07-12 07:45:50.194 2212 RALLYDEBUG rally.task.runner [-] Starting a worker. concurrency: 1 args: {"detailed": true, "force": false} times: 10 method_name: run timeout: 0 duration: None cls:
2019-07-12 07:45:50.196 2210 INFO rally.task.runner [-] Task 91b2ce90-b91b-4690-aa4e-d487b637a40a | ITER: 1 START
2019-07-12 07:45:50.197 2213 RALLYDEBUG rally.task.runner [-] Starting a worker. concurrency: 1 args: {"detailed": true, "force": false} times: 10 method_name: run timeout: 0 duration: None cls:
2019-07-12 07:45:50.200 2211 INFO rally.task.runner [-] Task 91b2ce90-b91b-4690-aa4e-d487b637a40a | ITER: 2 START
2019-07-12 07:45:50.202 2212 INFO rally.task.runner [-] Task 91b2ce90-b91b-4690-aa4e-d487b637a40a | ITER: 3 START
2019-07-12 07:45:50.205 2213 INFO rally.task.runner [-] Task 91b2ce90-b91b-4690-aa4e-d487b637a40a | ITER: 4 START
2019-07-12 07:45:53.900 2211 INFO rally.task.runner [-] Task 91b2ce90-b91b-4690-aa4e-d487b637a40a | ITER: 2 END: OK
2019-07-12 07:45:53.905 2211 INFO rally.task.runner [-] Task 91b2ce90-b91b-4690-aa4e-d487b637a40a | ITER: 5 START
2019-07-12 07:45:54.018 2213 INFO rally.task.runner [-] Task 91b2ce90-b91b-4690-aa4e-d487b637a40a | ITER: 4 END: OK
2019-07-12 07:45:54.023 2213 INFO rally.task.runner [-] Task 91b2ce90-b91b-4690-aa4e-d487b637a40a | ITER: 6 START
2019-07-12 07:45:54.027 2212 INFO rally.task.runner [-] Task 91b2ce90-b91b-4690-aa4e-d487b637a40a | ITER: 3 END: OK
2019-07-12 07:45:54.031 2212 INFO rally.task.runner [-] Task 91b2ce90-b91b-4690-aa4e-d487b637a40a | ITER: 7 START
2019-07-12 07:45:54.136 2210 INFO rally.task.runner [-] Task 91b2ce90-b91b-4690-aa4e-d487b637a40a | ITER: 1 END: OK
2019-07-12 07:45:54.141 2210 INFO rally.task.runner [-] Task 91b2ce90-b91b-4690-aa4e-d487b637a40a | ITER: 8 START
2019-07-12 07:45:57.185 2211 INFO rally.task.runner [-] Task 91b2ce90-b91b-4690-aa4e-d487b637a40a | ITER: 5 END: OK
2019-07-12 07:45:57.190 2211 INFO rally.task.runner [-] Task 91b2ce90-b91b-4690-aa4e-d487b637a40a | ITER: 9 START
2019-07-12 07:45:57.595 2212 INFO rally.task.runner [-] Task 91b2ce90-b91b-4690-aa4e-d487b637a40a | ITER: 7 END: OK
2019-07-12 07:45:57.601 2212 INFO rally.task.runner [-] Task 91b2ce90-b91b-4690-aa4e-d487b637a40a | ITER: 10 START
2019-07-12 07:45:57.627 2210 INFO rally.task.runner [-] Task 91b2ce90-b91b-4690-aa4e-d487b637a40a | ITER: 8 END: OK
2019-07-12 07:45:57.716 2213 INFO rally.task.runner [-] Task 91b2ce90-b91b-4690-aa4e-d487b637a40a | ITER: 6 END: OK
2019-07-12 07:46:00.710 2211 INFO rally.task.runner [-] Task 91b2ce90-b91b-4690-aa4e-d487b637a40a | ITER: 9 END: OK
2019-07-12 07:46:01.277 2212 INFO rally.task.runner [-] Task 91b2ce90-b91b-4690-aa4e-d487b637a40a | ITER: 10 END: OK
2019-07-12 07:46:01.303 1842 INFO rally.task.context [-] Task 91b2ce90-b91b-4690-aa4e-d487b637a40a | Context cleanup@openstack cleanup() started
2019-07-12 07:46:01.305 1842 RALLYDEBUG rally_openstack.cleanup.manager [-] Cleaning up cinder backups objects
2019-07-12 07:46:03.358 1842 RALLYDEBUG rally_openstack.cleanup.manager [-] Cleaning up cinder volume_snapshots objects
2019-07-12 07:46:05.263 1842 RALLYDEBUG rally_openstack.cleanup.manager [-] Deleting cinder.volume_snapshots object s_rally_0990ad41_AZZdPP2B (14e96447-4c4b-4e95-b7f4-b94b3370f943)
2019-07-12 07:46:05.264 1842 RALLYDEBUG rally_openstack.cleanup.manager [-] Deleting cinder.volume_snapshots object s_rally_0990ad41_U7HyiaoJ (356d33d9-f4d4-4da4-b2c3-f8daf0b4f5c7)
2019-07-12 07:46:05.265 1842 RALLYDEBUG rally_openstack.cleanup.manager [-] Deleting cinder.volume_snapshots object s_rally_0990ad41_IMtpqmHM (14902964-dc6e-48e0-8ca5-4bf0bd3f11eb)
2019-07-12 07:46:05.267 1842 RALLYDEBUG rally_openstack.cleanup.manager [-] Deleting cinder.volume_snapshots object s_rally_0990ad41_6IXZLiZl (b0fa2c6d-3251-418b-8012-b0d2d7f3359d)
2019-07-12 07:46:05.277 1842 RALLYDEBUG rally_openstack.cleanup.manager [-] Deleting cinder.volume_snapshots object s_rally_0990ad41_Zjx8KUqd (716eeb5c-900b-4092-8acb-b5dca99770d8)
2019-07-12 07:46:05.287 1842 RALLYDEBUG rally_openstack.cleanup.manager [-] Deleting cinder.volume_snapshots object s_rally_0990ad41_mzGK1yRe (ef7f1081-dfc5-4148-b738-aeca4e1a8224)
2019-07-12 07:46:05.290 1842 RALLYDEBUG rally_openstack.cleanup.manager [-] Deleting cinder.volume_snapshots object s_rally_0990ad41_zEIfL8WV (484e9eee-1b11-4f73-88ae-90cc3beb4f9d)
2019-07-12 07:46:05.294 1842 RALLYDEBUG rally_openstack.cleanup.manager [-] Deleting cinder.volume_snapshots object s_rally_0990ad41_Yt0jH7Mo (37b1a79d-c6c7-4f3b-a48e-fd81636d5c9a)
2019-07-12 07:46:05.294 1842 RALLYDEBUG rally_openstack.cleanup.manager [-] Deleting cinder.volume_snapshots object s_rally_0990ad41_tYS0TYIk (fd31ade0-9dd3-4560-8da9-ad9a504f2391)
2019-07-12 07:46:05.295 1842 RALLYDEBUG rally_openstack.cleanup.manager [-] Deleting cinder.volume_snapshots object s_rally_0990ad41_NUYqGqhP (8ecf464a-b881-4a97-b8ab-a939fdef35d7)
2019-07-12 07:46:11.088 1842 RALLYDEBUG rally_openstack.cleanup.manager [-] Cleaning up cinder transfers objects
2019-07-12 07:46:13.041 1842 RALLYDEBUG rally_openstack.cleanup.manager [-] Cleaning up cinder volumes objects
2019-07-12 07:46:15.029 1842 INFO rally.task.context [-] Task 91b2ce90-b91b-4690-aa4e-d487b637a40a | Context cleanup@openstack cleanup() finished in 13.73 sec
2019-07-12 07:46:15.029 1842 INFO rally.task.context [-] Task 91b2ce90-b91b-4690-aa4e-d487b637a40a | Context volumes@openstack cleanup() started
2019-07-12 07:46:15.030 1842 RALLYDEBUG rally_openstack.cleanup.manager [-] Cleaning up cinder volumes objects
2019-07-12 07:46:17.181 1842 RALLYDEBUG rally_openstack.cleanup.manager [-] Deleting cinder.volumes object c_rally_0990ad41_MHno4j9p (a9752f3e-e939-4164-a7fe-357fc5b35054)
2019-07-12 07:46:17.185 1842 RALLYDEBUG rally_openstack.cleanup.manager [-] Deleting cinder.volumes object c_rally_0990ad41_hkciKkuA (8e2b0b3c-4ffc-47f7-a2db-2761ed094bba)
2019-07-12 07:46:17.193 1842 RALLYDEBUG rally_openstack.cleanup.manager [-] Deleting cinder.volumes object c_rally_0990ad41_JDp9E8EV (7c862f00-c72f-4992-b4ca-b406e28e0a4d)
2019-07-12 07:46:20.587 1842 INFO rally.task.context [-] Task 91b2ce90-b91b-4690-aa4e-d487b637a40a | Context volumes@openstack cleanup() finished in 5.56 sec
2019-07-12 07:46:20.587 1842 INFO rally.task.context [-] Task 91b2ce90-b91b-4690-aa4e-d487b637a40a | Context quotas@openstack cleanup() started
2019-07-12 07:46:21.308 1842 INFO rally.task.context [-] Task 91b2ce90-b91b-4690-aa4e-d487b637a40a | Context quotas@openstack cleanup() finished in 0.72 sec
2019-07-12 07:46:21.308 1842 INFO rally.task.context [-] Task 91b2ce90-b91b-4690-aa4e-d487b637a40a | Context api_versions@openstack cleanup() started
2019-07-12 07:46:21.309 1842 INFO rally.task.context [-] Task 91b2ce90-b91b-4690-aa4e-d487b637a40a | Context api_versions@openstack cleanup() finished in 0.31 msec
2019-07-12 07:46:21.309 1842 INFO rally.task.context [-] Task 91b2ce90-b91b-4690-aa4e-d487b637a40a | Context users@openstack cleanup() started
2019-07-12 07:46:29.106 1842 INFO rally.task.context [-] Task 91b2ce90-b91b-4690-aa4e-d487b637a40a | Context users@openstack cleanup() finished in 7.80 sec
2019-07-12 07:46:30.487 1842 INFO rally.task.engine [-] Load duration is: 11.075965
2019-07-12 07:46:30.488 1842 INFO rally.task.engine [-] Full runner duration is: 11.129797
2019-07-12 07:46:30.488 1842 INFO rally.task.engine [-] Full duration is: 56.876651
2019-07-12 07:46:30.723 1842 INFO rally.task.engine [-] Running workload: position = 0 config = { "version": 2, "title": "A cropped version of a bigger task.", "description": "Auto-generated task from a single workload (uuid=db479dcb-8738-49bb-9d02-e28b36a1bf68)", "subtasks": [ { "title": "CinderVolumes.create_and_list_volume", "description": "Create a volume and list all volumes.", "scenario": { "CinderVolumes.create_and_list_volume": { "detailed": true, "image": { "name": "rally_full-img_81d2bd4a-39e7-4639-8f24-3d75edab9ccd" }, "size": 1 } }, "contexts": { "users": { "tenants": 3, "users_per_tenant": 2 }, "quotas": { "cinder": { "gigabytes": -1, "snapshots": -1, "volumes": -1 } }, "api_versions": { "cinder": { "version": 3, "service_type": "volumev3" } } }, "runner": { "constant": { "concurrency": 4, "times": 10 } }, "hooks": [], "sla": { "failure_rate": { "max": 0 } } } ] }
2019-07-12 07:46:30.747 1842 RALLYDEBUG rally_openstack.contexts.keystone.users [-] Creating 3 tenants using 20 threads
2019-07-12 07:46:32.678 1842 RALLYDEBUG rally_openstack.contexts.keystone.users [-] Creating 6 users using 20 threads
2019-07-12 07:46:35.337 1842 INFO rally.task.context [-] Task 91b2ce90-b91b-4690-aa4e-d487b637a40a | Context users@openstack setup() finished in 4.59 sec
2019-07-12 07:46:35.763 1842 INFO rally.task.context [-] Task 91b2ce90-b91b-4690-aa4e-d487b637a40a | Context api_versions@openstack setup() finished in 0.42 sec
2019-07-12 07:46:37.399 1842 INFO rally.task.context [-] Task 91b2ce90-b91b-4690-aa4e-d487b637a40a | Context quotas@openstack setup() finished in 1.64 sec
2019-07-12 07:46:37.400 1842 INFO rally.task.context [-] Task 91b2ce90-b91b-4690-aa4e-d487b637a40a | Context cleanup@openstack setup() finished in 0.01 msec
2019-07-12 07:46:38.140 1842 RALLYDEBUG rally.task.runner [-] Starting the constant runner (task UUID: 91b2ce90-b91b-4690-aa4e-d487b637a40a). timeout: 0 concurrency: 4 concurrency_per_worker: 1 times: 10 concurrency_overhead: 0 processes_to_start: 4 max_cpu_used: 16
2019-07-12 07:46:38.153 2414 RALLYDEBUG rally.task.runner [-] Starting a worker. concurrency: 1 args: {"detailed": true, "image": "02e9f714-20ba-40c4-8480-5187751e9994", "size": 1} times: 10 method_name: run timeout: 0 duration: None cls:
2019-07-12 07:46:38.155 2415 RALLYDEBUG rally.task.runner [-] Starting a worker. concurrency: 1 args: {"detailed": true, "image": "02e9f714-20ba-40c4-8480-5187751e9994", "size": 1} times: 10 method_name: run timeout: 0 duration: None cls:
2019-07-12 07:46:38.158 2416 RALLYDEBUG rally.task.runner [-] Starting a worker. concurrency: 1 args: {"detailed": true, "image": "02e9f714-20ba-40c4-8480-5187751e9994", "size": 1} times: 10 method_name: run timeout: 0 duration: None cls:
2019-07-12 07:46:38.161 2417 RALLYDEBUG rally.task.runner [-] Starting a worker. concurrency: 1 args: {"detailed": true, "image": "02e9f714-20ba-40c4-8480-5187751e9994", "size": 1} times: 10 method_name: run timeout: 0 duration: None cls:
2019-07-12 07:46:38.162 2414 INFO rally.task.runner [-] Task 91b2ce90-b91b-4690-aa4e-d487b637a40a | ITER: 1 START
2019-07-12 07:46:38.163 2415 INFO rally.task.runner [-] Task 91b2ce90-b91b-4690-aa4e-d487b637a40a | ITER: 2 START
2019-07-12 07:46:38.166 2416 INFO rally.task.runner [-] Task 91b2ce90-b91b-4690-aa4e-d487b637a40a | ITER: 3 START
2019-07-12 07:46:38.169 2417 INFO rally.task.runner [-] Task 91b2ce90-b91b-4690-aa4e-d487b637a40a | ITER: 4 START
2019-07-12 07:46:42.318 2416 RALLYDEBUG rally.task.utils [-] Waiting for resource s_rally_db479dcb_gCsVUhUL. Status changed: CREATING => DOWNLOADING in 0.648262023926
2019-07-12 07:46:42.385 2417 RALLYDEBUG rally.task.utils [-] Waiting for resource s_rally_db479dcb_RduIGKjz. Status changed: CREATING => DOWNLOADING in 0.853425979614
2019-07-12 07:46:42.423 2414 RALLYDEBUG rally.task.utils [-] Waiting for resource s_rally_db479dcb_KL5gYfOk. Status changed: CREATING => DOWNLOADING in 0.766409873962
2019-07-12 07:46:44.675 2416 RALLYDEBUG rally.task.utils [-] Waiting for resource s_rally_db479dcb_gCsVUhUL. Status changed: DOWNLOADING => AVAILABLE in 2.35701179504
2019-07-12 07:46:44.717 2417 RALLYDEBUG rally.task.utils [-] Waiting for resource s_rally_db479dcb_RduIGKjz. Status changed: DOWNLOADING => AVAILABLE in 2.33280515671
2019-07-12 07:46:45.017 2416 INFO rally.task.runner [-] Task 91b2ce90-b91b-4690-aa4e-d487b637a40a | ITER: 3 END: OK
2019-07-12 07:46:45.023 2416 INFO rally.task.runner [-] Task 91b2ce90-b91b-4690-aa4e-d487b637a40a | ITER: 5 START
2019-07-12 07:46:45.037 2417 INFO rally.task.runner [-] Task 91b2ce90-b91b-4690-aa4e-d487b637a40a | ITER: 4 END: OK
2019-07-12 07:46:45.041 2417 INFO rally.task.runner [-] Task 91b2ce90-b91b-4690-aa4e-d487b637a40a | ITER: 6 START
2019-07-12 07:46:46.548 2414 RALLYDEBUG rally.task.utils [-] Waiting for resource s_rally_db479dcb_KL5gYfOk. Status changed: DOWNLOADING => AVAILABLE in 4.12483406067
2019-07-12 07:46:46.803 2415 RALLYDEBUG rally.task.utils [-] Waiting for resource s_rally_db479dcb_uZaxo4rc. Status changed: DOWNLOADING => AVAILABLE in 5.32503414154
2019-07-12 07:46:46.946 2414 INFO rally.task.runner [-] Task 91b2ce90-b91b-4690-aa4e-d487b637a40a | ITER: 1 END: OK
2019-07-12 07:46:46.951 2414 INFO rally.task.runner [-] Task 91b2ce90-b91b-4690-aa4e-d487b637a40a | ITER: 7 START
2019-07-12 07:46:47.083 2415 INFO rally.task.runner [-] Task 91b2ce90-b91b-4690-aa4e-d487b637a40a | ITER: 2 END: OK
2019-07-12 07:46:47.088 2415 INFO rally.task.runner [-] Task 91b2ce90-b91b-4690-aa4e-d487b637a40a | ITER: 8 START
2019-07-12 07:46:50.761 2414 RALLYDEBUG rally.task.utils [-] Waiting for resource s_rally_db479dcb_lGuCQBBl. Status changed: CREATING => DOWNLOADING in 0.59871006012
2019-07-12 07:46:51.097 2417 RALLYDEBUG rally.task.utils [-] Waiting for resource s_rally_db479dcb_oz5kzrKo. Status changed: DOWNLOADING => AVAILABLE in 2.83162999153
2019-07-12 07:46:51.169 2416 RALLYDEBUG rally.task.utils [-] Waiting for resource s_rally_db479dcb_rb1uTQC2. Status changed: DOWNLOADING => AVAILABLE in 2.80238199234
2019-07-12 07:46:51.422 2416 INFO rally.task.runner [-] Task 91b2ce90-b91b-4690-aa4e-d487b637a40a | ITER: 5 END: OK
2019-07-12 07:46:51.427 2416 INFO rally.task.runner [-] Task 91b2ce90-b91b-4690-aa4e-d487b637a40a | ITER: 9 START
2019-07-12 07:46:51.455 2417 INFO rally.task.runner [-] Task 91b2ce90-b91b-4690-aa4e-d487b637a40a | ITER: 6 END: OK
2019-07-12 07:46:51.460 2417 INFO rally.task.runner [-] Task 91b2ce90-b91b-4690-aa4e-d487b637a40a | ITER: 10 START
2019-07-12 07:46:52.950 2415 RALLYDEBUG rally.task.utils [-] Waiting for resource s_rally_db479dcb_vD32wAhj. Status changed: CREATING => DOWNLOADING in 2.65232300758
2019-07-12 07:46:55.091 2414 RALLYDEBUG rally.task.utils [-] Waiting for resource s_rally_db479dcb_lGuCQBBl. Status changed: DOWNLOADING => AVAILABLE in 4.3294479847
2019-07-12 07:46:55.481 2414 INFO rally.task.runner [-] Task 91b2ce90-b91b-4690-aa4e-d487b637a40a | ITER: 7 END: OK
2019-07-12 07:46:55.485 2415 RALLYDEBUG rally.task.utils [-] Waiting for resource s_rally_db479dcb_vD32wAhj. Status changed: DOWNLOADING => AVAILABLE in 2.53562712669
2019-07-12 07:46:55.593 2415 INFO rally.task.runner [-] Task 91b2ce90-b91b-4690-aa4e-d487b637a40a | ITER: 8 END: OK
2019-07-12 07:46:57.658 2417 RALLYDEBUG rally.task.utils [-] Waiting for resource s_rally_db479dcb_oBJb08qo. Status changed: DOWNLOADING => AVAILABLE in 2.86295008659
2019-07-12 07:46:57.954 2417 INFO rally.task.runner [-] Task 91b2ce90-b91b-4690-aa4e-d487b637a40a | ITER: 10 END: OK
2019-07-12 07:46:57.960 2416 RALLYDEBUG rally.task.utils [-] Waiting for resource s_rally_db479dcb_lsccYkxK. Status changed: DOWNLOADING => AVAILABLE in 3.07578492165
2019-07-12 07:46:58.026 2416 INFO rally.task.runner [-] Task 91b2ce90-b91b-4690-aa4e-d487b637a40a | ITER: 9 END: OK
2019-07-12 07:46:58.054 1842 INFO rally.task.context [-] Task 91b2ce90-b91b-4690-aa4e-d487b637a40a | Context cleanup@openstack cleanup() started
2019-07-12 07:46:58.056 1842 RALLYDEBUG rally_openstack.cleanup.manager [-] Cleaning up cinder backups objects
2019-07-12 07:47:00.020 1842 RALLYDEBUG rally_openstack.cleanup.manager [-] Cleaning up cinder volume_snapshots objects
2019-07-12 07:47:01.875 1842 RALLYDEBUG rally_openstack.cleanup.manager [-] Cleaning up cinder transfers objects
2019-07-12 07:47:03.941 1842 RALLYDEBUG rally_openstack.cleanup.manager [-] Cleaning up cinder volumes objects
2019-07-12 07:47:05.989 1842 RALLYDEBUG rally_openstack.cleanup.manager [-] Deleting cinder.volumes object s_rally_db479dcb_rb1uTQC2 (b4dbd757-0cac-44b9-9a0c-a248383c5408)
2019-07-12 07:47:05.990 1842 RALLYDEBUG rally_openstack.cleanup.manager [-] Deleting cinder.volumes object s_rally_db479dcb_lGuCQBBl (7553cff6-7459-4b53-81f8-1e73560607ed)
2019-07-12 07:47:05.993 1842 RALLYDEBUG rally_openstack.cleanup.manager [-] Deleting cinder.volumes object s_rally_db479dcb_RduIGKjz (ddc27f87-889e-4808-a256-050bfe89c821)
2019-07-12 07:47:05.993 1842 RALLYDEBUG rally_openstack.cleanup.manager [-] Deleting cinder.volumes object s_rally_db479dcb_vD32wAhj (acc219a0-1daa-4c17-ad45-e004534e341f)
2019-07-12 07:47:05.994 1842 RALLYDEBUG rally_openstack.cleanup.manager [-] Deleting cinder.volumes object s_rally_db479dcb_oz5kzrKo (6230888e-6e6a-492d-85fd-3ce1110a74ae)
2019-07-12 07:47:06.004 1842 RALLYDEBUG rally_openstack.cleanup.manager [-] Deleting cinder.volumes object s_rally_db479dcb_lsccYkxK (9297e9e4-187a-4600-b2ad-f609e9253585)
2019-07-12 07:47:06.005 1842 RALLYDEBUG rally_openstack.cleanup.manager [-] Deleting cinder.volumes object s_rally_db479dcb_oBJb08qo (9e4fe01c-704e-446c-967f-0a9c3b30e877)
2019-07-12 07:47:06.017 1842 RALLYDEBUG rally_openstack.cleanup.manager [-] Deleting cinder.volumes object s_rally_db479dcb_gCsVUhUL (e1a686dc-d5dd-4c51-a78f-f084ac05fa32)
2019-07-12 07:47:06.017 1842 RALLYDEBUG rally_openstack.cleanup.manager [-] Deleting cinder.volumes object s_rally_db479dcb_KL5gYfOk (410a66cc-75f3-46e3-8473-0b9ecf375b34)
2019-07-12 07:47:06.030 1842 RALLYDEBUG rally_openstack.cleanup.manager [-] Deleting cinder.volumes object s_rally_db479dcb_uZaxo4rc (3a95b337-6b49-4569-b37c-6f79a7e4681f)
2019-07-12 07:47:11.150 1842 INFO rally.task.context [-] Task 91b2ce90-b91b-4690-aa4e-d487b637a40a | Context cleanup@openstack cleanup() finished in 13.10 sec
2019-07-12 07:47:11.151 1842 INFO rally.task.context [-] Task 91b2ce90-b91b-4690-aa4e-d487b637a40a | Context quotas@openstack cleanup() started
2019-07-12 07:47:11.814 1842 INFO rally.task.context [-] Task 91b2ce90-b91b-4690-aa4e-d487b637a40a | Context quotas@openstack cleanup() finished in 0.66 sec
2019-07-12 07:47:11.814 1842 INFO rally.task.context [-] Task 91b2ce90-b91b-4690-aa4e-d487b637a40a | Context api_versions@openstack cleanup() started
2019-07-12 07:47:11.814 1842 INFO rally.task.context [-] Task 91b2ce90-b91b-4690-aa4e-d487b637a40a | Context api_versions@openstack cleanup() finished in 0.32 msec
2019-07-12 07:47:11.815 1842 INFO rally.task.context [-] Task 91b2ce90-b91b-4690-aa4e-d487b637a40a | Context users@openstack cleanup() started
2019-07-12 07:47:19.135 1842 INFO rally.task.context [-] Task 91b2ce90-b91b-4690-aa4e-d487b637a40a | Context users@openstack cleanup() finished in 7.32 sec
2019-07-12 07:47:20.939 1842 INFO rally.task.engine [-] Load duration is: 19.859353
2019-07-12 07:47:20.939 1842 INFO rally.task.engine [-] Full runner duration is: 19.91424
2019-07-12 07:47:20.939 1842 INFO rally.task.engine [-] Full duration is: 48.391963
2019-07-12 07:47:21.105 1842 INFO rally.task.engine [-] Running workload: position = 1 config = { "version": 2, "title": "A cropped version of a bigger task.", "description": "Auto-generated task from a single workload (uuid=336826a1-9799-43be-8820-71ff33eaddd2)", "subtasks": [ { "title": "CinderVolumes.create_and_list_volume", "description": "Create a volume and list all volumes.", "scenario": { "CinderVolumes.create_and_list_volume": { "detailed": true, "size": 1 } }, "contexts": { "users": { "tenants": 3, "users_per_tenant": 2 }, "quotas": { "cinder": { "gigabytes": -1, "snapshots": -1, "volumes": -1 } }, "api_versions": { "cinder": { "version": 3, "service_type": "volumev3" } } }, "runner": { "constant": { "concurrency": 4, "times": 10 } }, "hooks": [], "sla": { "failure_rate": { "max": 0 } } } ] }
2019-07-12 07:47:21.128 1842 RALLYDEBUG rally_openstack.contexts.keystone.users [-] Creating 3 tenants using 20 threads
2019-07-12 07:47:22.942 1842 RALLYDEBUG rally_openstack.contexts.keystone.users [-] Creating 6 users using 20 threads
2019-07-12 07:47:25.600 1842 INFO rally.task.context [-] Task 91b2ce90-b91b-4690-aa4e-d487b637a40a | Context users@openstack setup() finished in 4.47 sec
2019-07-12 07:47:26.032 1842 INFO rally.task.context [-] Task 91b2ce90-b91b-4690-aa4e-d487b637a40a | Context api_versions@openstack setup() finished in 0.43 sec
2019-07-12 07:47:27.569 1842 INFO rally.task.context [-] Task 91b2ce90-b91b-4690-aa4e-d487b637a40a | Context quotas@openstack setup() finished in 1.54 sec
2019-07-12 07:47:27.570 1842 INFO rally.task.context [-] Task 91b2ce90-b91b-4690-aa4e-d487b637a40a | Context cleanup@openstack setup() finished in 0.01 msec
2019-07-12 07:47:27.577 1842 RALLYDEBUG rally.task.runner [-] Starting the constant runner (task UUID: 91b2ce90-b91b-4690-aa4e-d487b637a40a). timeout: 0 concurrency: 4 concurrency_per_worker: 1 times: 10 concurrency_overhead: 0 processes_to_start: 4 max_cpu_used: 16
2019-07-12 07:47:27.589 2598 RALLYDEBUG rally.task.runner [-] Starting a worker. concurrency: 1 args: {"detailed": true, "size": 1} times: 10 method_name: run timeout: 0 duration: None cls:
2019-07-12 07:47:27.593 2599 RALLYDEBUG rally.task.runner [-] Starting a worker. concurrency: 1 args: {"detailed": true, "size": 1} times: 10 method_name: run timeout: 0 duration: None cls:
2019-07-12 07:47:27.595 2600 RALLYDEBUG rally.task.runner [-] Starting a worker. concurrency: 1 args: {"detailed": true, "size": 1} times: 10 method_name: run timeout: 0 duration: None cls:
2019-07-12 07:47:27.597 2598 INFO rally.task.runner [-] Task 91b2ce90-b91b-4690-aa4e-d487b637a40a | ITER: 1 START
2019-07-12 07:47:27.599 2601 RALLYDEBUG rally.task.runner [-] Starting a worker. concurrency: 1 args: {"detailed": true, "size": 1} times: 10 method_name: run timeout: 0 duration: None cls:
2019-07-12 07:47:27.602 2600 INFO rally.task.runner [-] Task 91b2ce90-b91b-4690-aa4e-d487b637a40a | ITER: 3 START
2019-07-12 07:47:27.602 2599 INFO rally.task.runner [-] Task 91b2ce90-b91b-4690-aa4e-d487b637a40a | ITER: 2 START
2019-07-12 07:47:27.606 2601 INFO rally.task.runner [-] Task 91b2ce90-b91b-4690-aa4e-d487b637a40a | ITER: 4 START
2019-07-12 07:47:31.490 2598 INFO rally.task.runner [-] Task 91b2ce90-b91b-4690-aa4e-d487b637a40a | ITER: 1 END: OK
2019-07-12 07:47:31.495 2598 INFO rally.task.runner [-] Task 91b2ce90-b91b-4690-aa4e-d487b637a40a | ITER: 5 START
2019-07-12 07:47:31.530 2600 INFO rally.task.runner [-] Task 91b2ce90-b91b-4690-aa4e-d487b637a40a | ITER: 3 END: OK
2019-07-12 07:47:31.535 2600 INFO rally.task.runner [-] Task 91b2ce90-b91b-4690-aa4e-d487b637a40a | ITER: 6 START
2019-07-12 07:47:31.744 2601 INFO rally.task.runner [-] Task 91b2ce90-b91b-4690-aa4e-d487b637a40a | ITER: 4 END: OK
2019-07-12 07:47:31.749 2601 INFO rally.task.runner [-] Task 91b2ce90-b91b-4690-aa4e-d487b637a40a | ITER: 7 START
2019-07-12 07:47:31.763 2599 INFO rally.task.runner [-] Task 91b2ce90-b91b-4690-aa4e-d487b637a40a | ITER: 2 END: OK
2019-07-12 07:47:31.769 2599 INFO rally.task.runner [-] Task 91b2ce90-b91b-4690-aa4e-d487b637a40a | ITER: 8 START
2019-07-12 07:47:34.832 2600 INFO rally.task.runner [-] Task 91b2ce90-b91b-4690-aa4e-d487b637a40a | ITER: 6 END: OK
2019-07-12 07:47:34.837 2600 INFO rally.task.runner [-] Task 91b2ce90-b91b-4690-aa4e-d487b637a40a | ITER: 9 START
2019-07-12 07:47:35.347 2598 INFO rally.task.runner [-] Task 91b2ce90-b91b-4690-aa4e-d487b637a40a | ITER: 5 END: OK
2019-07-12 07:47:35.351 2598 INFO rally.task.runner [-] Task 91b2ce90-b91b-4690-aa4e-d487b637a40a | ITER: 10 START
2019-07-12 07:47:35.536 2601 INFO rally.task.runner [-] Task 91b2ce90-b91b-4690-aa4e-d487b637a40a | ITER: 7 END: OK
2019-07-12 07:47:35.563 2599 INFO rally.task.runner [-] Task 91b2ce90-b91b-4690-aa4e-d487b637a40a | ITER: 8 END: OK
2019-07-12 07:47:38.596 2600 INFO rally.task.runner [-] Task 91b2ce90-b91b-4690-aa4e-d487b637a40a | ITER: 9 END: OK
2019-07-12 07:47:39.097 2598 INFO rally.task.runner [-] Task 91b2ce90-b91b-4690-aa4e-d487b637a40a | ITER: 10 END: OK
2019-07-12 07:47:39.128 1842 INFO rally.task.context [-] Task 91b2ce90-b91b-4690-aa4e-d487b637a40a | Context cleanup@openstack cleanup() started
2019-07-12 07:47:39.130 1842 RALLYDEBUG rally_openstack.cleanup.manager [-] Cleaning up cinder backups objects
2019-07-12 07:47:41.023 1842 RALLYDEBUG rally_openstack.cleanup.manager [-] Cleaning up cinder volume_snapshots objects
2019-07-12 07:47:43.022 1842 RALLYDEBUG rally_openstack.cleanup.manager [-] Cleaning up cinder transfers objects
2019-07-12 07:47:44.973 1842 RALLYDEBUG rally_openstack.cleanup.manager [-] Cleaning up cinder volumes objects
2019-07-12 07:47:47.007 1842 RALLYDEBUG rally_openstack.cleanup.manager [-] Deleting cinder.volumes object s_rally_336826a1_4qwbsmq7 (de2773ff-0a36-436c-a971-16c901a520f2)
2019-07-12 07:47:47.007 1842 RALLYDEBUG rally_openstack.cleanup.manager [-] Deleting cinder.volumes object s_rally_336826a1_hE3JpHPu (c53d2dd0-0fa2-48d7-bc52-4547ea72324d)
2019-07-12 07:47:47.019 1842 RALLYDEBUG rally_openstack.cleanup.manager [-] Deleting cinder.volumes object s_rally_336826a1_tuqVRZcy (36c9d0e0-5a7d-4a8a-a81f-13f0a65f1711)
2019-07-12 07:47:47.023 1842 RALLYDEBUG rally_openstack.cleanup.manager [-] Deleting cinder.volumes object s_rally_336826a1_ZfhYvcRs (cf51cc77-3ab1-46c4-95d9-0c64e42fba42)
2019-07-12 07:47:47.027 1842 RALLYDEBUG rally_openstack.cleanup.manager [-] Deleting cinder.volumes object s_rally_336826a1_NzrquUHI (7716946f-225d-46e5-b6bf-a6fa12c10347)
2019-07-12 07:47:47.045 1842 RALLYDEBUG rally_openstack.cleanup.manager [-] Deleting cinder.volumes object s_rally_336826a1_ny7NdRDW (81393dfe-6c07-4814-bd7a-acce74a7ba86)
2019-07-12 07:47:47.052 1842 RALLYDEBUG rally_openstack.cleanup.manager [-] Deleting cinder.volumes object s_rally_336826a1_XawA4nvp (249822fe-fb87-4f60-a5b3-6891b519b5c8)
2019-07-12 07:47:47.056 1842 RALLYDEBUG rally_openstack.cleanup.manager [-] Deleting cinder.volumes object s_rally_336826a1_U2HirFX7 (6902159a-9166-4462-99a1-795b296b44a5)
2019-07-12 07:47:47.059 1842 RALLYDEBUG rally_openstack.cleanup.manager [-] Deleting cinder.volumes object s_rally_336826a1_vCPhlY7g (a72d2520-15e5-44a7-80f3-bc0128c439d2)
2019-07-12 07:47:47.059 1842 RALLYDEBUG rally_openstack.cleanup.manager [-] Deleting cinder.volumes object s_rally_336826a1_ze19zV0A (994206bf-6fc5-4e6d-ab9a-eec87532a5dd)
2019-07-12 07:47:50.824 1842 INFO rally.task.context [-] Task 91b2ce90-b91b-4690-aa4e-d487b637a40a | Context cleanup@openstack cleanup() finished in 11.70 sec
2019-07-12 07:47:50.824 1842 INFO rally.task.context [-] Task 91b2ce90-b91b-4690-aa4e-d487b637a40a | Context quotas@openstack cleanup() started
2019-07-12 07:47:51.460 1842 INFO rally.task.context [-] Task 91b2ce90-b91b-4690-aa4e-d487b637a40a | Context quotas@openstack cleanup() finished in 0.64 sec
2019-07-12 07:47:51.460 1842 INFO rally.task.context [-] Task 91b2ce90-b91b-4690-aa4e-d487b637a40a | Context api_versions@openstack cleanup() started
2019-07-12 07:47:51.461 1842 INFO rally.task.context [-] Task 91b2ce90-b91b-4690-aa4e-d487b637a40a | Context api_versions@openstack cleanup() finished in 0.32 msec
2019-07-12 07:47:51.461 1842 INFO rally.task.context [-] Task 91b2ce90-b91b-4690-aa4e-d487b637a40a | Context users@openstack cleanup() started
2019-07-12 07:47:58.745 1842 INFO rally.task.context [-] Task 91b2ce90-b91b-4690-aa4e-d487b637a40a | Context users@openstack cleanup() finished in 7.28 sec
2019-07-12 07:47:59.281 1842 INFO rally.task.engine [-] Load duration is: 11.494691
2019-07-12 07:47:59.281 1842 INFO rally.task.engine [-] Full runner duration is: 11.550558
2019-07-12 07:47:59.282 1842 INFO rally.task.engine [-] Full duration is: 37.619735
2019-07-12 07:47:59.525 1842 INFO rally.task.engine [-] Running workload: position = 0 config = { "version": 2, "title": "A cropped version of a bigger task.", "description": "Auto-generated task from a single workload (uuid=b05055f1-9aaa-485f-a7ce-0c92dcd677ea)", "subtasks": [ { "title": "CinderVolumes.create_and_upload_volume_to_image", "description": "Create and upload a volume to image.", "scenario": { "CinderVolumes.create_and_upload_volume_to_image": { "container_format": "bare", "disk_format": "raw", "do_delete": true, "force": false, "size": 1 } }, "contexts": { "users": { "tenants": 3, "users_per_tenant": 2 }, "quotas": { "cinder": { "gigabytes": -1, "snapshots": -1, "volumes": -1 } }, "api_versions": { "cinder": { "version": 3, "service_type": "volumev3" } } }, "runner": { "constant": { "concurrency": 4, "times": 10 } }, "hooks": [], "sla": { "failure_rate": { "max": 0 } } } ] }
2019-07-12 07:47:59.551 1842 RALLYDEBUG rally_openstack.contexts.keystone.users [-] Creating 3 tenants using 20 threads
2019-07-12 07:48:01.392 1842 RALLYDEBUG rally_openstack.contexts.keystone.users [-] Creating 6 users using 20 threads
2019-07-12 07:48:04.052 1842 INFO rally.task.context [-] Task 91b2ce90-b91b-4690-aa4e-d487b637a40a | Context users@openstack setup() finished in 4.50 sec
2019-07-12 07:48:04.474 1842 INFO rally.task.context [-] Task 91b2ce90-b91b-4690-aa4e-d487b637a40a | Context api_versions@openstack setup() finished in 0.42 sec
2019-07-12 07:48:06.277 1842 INFO rally.task.context [-] Task 91b2ce90-b91b-4690-aa4e-d487b637a40a | Context quotas@openstack setup() finished in 1.80 sec
2019-07-12 07:48:06.277 1842 INFO rally.task.context [-] Task 91b2ce90-b91b-4690-aa4e-d487b637a40a | Context cleanup@openstack setup() finished in 0.01 msec
2019-07-12 07:48:06.285 1842 RALLYDEBUG rally.task.runner [-] Starting the constant runner (task UUID: 91b2ce90-b91b-4690-aa4e-d487b637a40a). timeout: 0 concurrency: 4 concurrency_per_worker: 1 times: 10 concurrency_overhead: 0 processes_to_start: 4 max_cpu_used: 16
2019-07-12 07:48:06.298 2782 RALLYDEBUG rally.task.runner [-] Starting a worker. concurrency: 1 args: {"container_format": "bare", "disk_format": "raw", "do_delete": true, "force": false, "size": 1} times: 10 method_name: run timeout: 0 duration: None cls:
2019-07-12 07:48:06.301 2783 RALLYDEBUG rally.task.runner [-] Starting a worker. concurrency: 1 args: {"container_format": "bare", "disk_format": "raw", "do_delete": true, "force": false, "size": 1} times: 10 method_name: run timeout: 0 duration: None cls:
2019-07-12 07:48:06.304 2784 RALLYDEBUG rally.task.runner [-] Starting a worker. concurrency: 1 args: {"container_format": "bare", "disk_format": "raw", "do_delete": true, "force": false, "size": 1} times: 10 method_name: run timeout: 0 duration: None cls:
2019-07-12 07:48:06.306 2782 INFO rally.task.runner [-] Task 91b2ce90-b91b-4690-aa4e-d487b637a40a | ITER: 1 START
2019-07-12 07:48:06.307 2785 RALLYDEBUG rally.task.runner [-] Starting a worker. concurrency: 1 args: {"container_format": "bare", "disk_format": "raw", "do_delete": true, "force": false, "size": 1} times: 10 method_name: run timeout: 0 duration: None cls:
2019-07-12 07:48:06.308 2783 INFO rally.task.runner [-] Task 91b2ce90-b91b-4690-aa4e-d487b637a40a | ITER: 2 START
2019-07-12 07:48:06.313 2784 INFO rally.task.runner [-] Task 91b2ce90-b91b-4690-aa4e-d487b637a40a | ITER: 3 START
2019-07-12 07:48:06.315 2785 INFO rally.task.runner [-] Task 91b2ce90-b91b-4690-aa4e-d487b637a40a | ITER: 4 START
2019-07-12 07:48:11.424 2785 RALLYDEBUG rally.task.utils [-] Waiting for resource s_rally_b05055f1_tprkwkgQ. Status changed: AVAILABLE => UPLOADING in 0.303335905075
2019-07-12 07:48:11.521 2784 RALLYDEBUG rally.task.utils [-] Waiting for resource s_rally_b05055f1_5cf42cXf. Status changed: AVAILABLE => UPLOADING in 0.263787984848
2019-07-12 07:48:11.687 2783 RALLYDEBUG rally.task.utils [-] Waiting for resource s_rally_b05055f1_7Z3pFL7k. Status changed: AVAILABLE => UPLOADING in 0.319145917892
2019-07-12 07:48:11.898 2782 RALLYDEBUG rally.task.utils [-] Waiting for resource s_rally_b05055f1_NZr2LDcy. Status changed: AVAILABLE => UPLOADING in 0.40079498291
2019-07-12 07:49:10.718 2784 RALLYDEBUG rally.task.utils [-] Waiting for resource s_rally_b05055f1_5cf42cXf. Status changed: UPLOADING => AVAILABLE in 59.1962840557
2019-07-12 07:49:11.063 2785 RALLYDEBUG rally.task.utils [-] Waiting for resource s_rally_b05055f1_tprkwkgQ. Status changed: UPLOADING => AVAILABLE in 59.6380841732
2019-07-12 07:49:11.489 2783 RALLYDEBUG rally.task.utils [-] Waiting for resource s_rally_b05055f1_7Z3pFL7k. Status changed: UPLOADING => AVAILABLE in 59.8017029762
2019-07-12 07:49:11.613 2784 RALLYDEBUG rally.task.utils [-] Waiting for resource s_rally_b05055f1_5cf42cXf. Status changed: AVAILABLE => DELETING in 0.0553247928619
2019-07-12 07:49:11.972 2783 RALLYDEBUG rally.task.utils [-] Waiting for resource s_rally_b05055f1_7Z3pFL7k. Status changed: AVAILABLE => DELETING in 0.0575671195984
2019-07-12 07:49:11.975 2785 RALLYDEBUG rally.task.utils [-] Waiting for resource s_rally_b05055f1_tprkwkgQ. Status changed: AVAILABLE => DELETING in 0.0647270679474
2019-07-12 07:49:13.465 2782 RALLYDEBUG rally.task.utils [-] Waiting for resource s_rally_b05055f1_NZr2LDcy. Status changed: UPLOADING => AVAILABLE in 61.5668458939
2019-07-12 07:49:14.315 2782 RALLYDEBUG rally.task.utils [-] Waiting for resource s_rally_b05055f1_NZr2LDcy. Status changed: AVAILABLE => DELETING in 0.0556669235229
2019-07-12 07:49:14.560 2785 INFO rally.task.runner [-] Task 91b2ce90-b91b-4690-aa4e-d487b637a40a | ITER: 4 END: OK
2019-07-12 07:49:14.565 2785 INFO rally.task.runner [-] Task 91b2ce90-b91b-4690-aa4e-d487b637a40a | ITER: 5 START
2019-07-12 07:49:15.562 2784 INFO rally.task.runner [-] Task 91b2ce90-b91b-4690-aa4e-d487b637a40a | ITER: 3 END: OK
2019-07-12 07:49:15.569 2784 INFO rally.task.runner [-] Task 91b2ce90-b91b-4690-aa4e-d487b637a40a | ITER: 6 START
2019-07-12 07:49:15.581 2783 INFO rally.task.runner [-] Task 91b2ce90-b91b-4690-aa4e-d487b637a40a | ITER: 2 END: OK
2019-07-12 07:49:15.588 2783 INFO rally.task.runner [-] Task 91b2ce90-b91b-4690-aa4e-d487b637a40a | ITER: 7 START
2019-07-12 07:49:16.683 2782 INFO rally.task.runner [-] Task 91b2ce90-b91b-4690-aa4e-d487b637a40a | ITER: 1 END: OK
2019-07-12 07:49:16.690 2782 INFO rally.task.runner [-] Task 91b2ce90-b91b-4690-aa4e-d487b637a40a | ITER: 8 START
2019-07-12 07:49:19.417 2785 RALLYDEBUG rally.task.utils [-] Waiting for resource s_rally_b05055f1_Au4w7fEz. Status changed: AVAILABLE => UPLOADING in 0.0548560619354
2019-07-12 07:49:20.368 2784 RALLYDEBUG rally.task.utils [-] Waiting for resource s_rally_b05055f1_8HR1pKE6. Status changed: AVAILABLE => UPLOADING in 0.27275800705
2019-07-12 07:49:20.426 2783 RALLYDEBUG rally.task.utils [-] Waiting for resource s_rally_b05055f1_mKkiNKOe. Status changed: AVAILABLE => UPLOADING in 0.276674985886
2019-07-12 07:49:21.710 2782 RALLYDEBUG rally.task.utils [-] Waiting for resource s_rally_b05055f1_6KgzTCXa. Status changed: AVAILABLE => UPLOADING in 0.315489053726
2019-07-12 07:50:00.987 2783 RALLYDEBUG rally.task.utils [-] Waiting for resource s_rally_b05055f1_mKkiNKOe. Status changed: UPLOADING => AVAILABLE in 40.5602490902
2019-07-12 07:50:01.206 2783 RALLYDEBUG rally.task.utils [-] Waiting for resource s_rally_b05055f1_mKkiNKOe. Status changed: AVAILABLE => DELETING in 0.0597460269928
2019-07-12 07:50:02.136 2782 RALLYDEBUG rally.task.utils [-] Waiting for resource s_rally_b05055f1_6KgzTCXa. Status changed: UPLOADING => AVAILABLE in 40.4262948036
2019-07-12 07:50:02.321 2782 RALLYDEBUG rally.task.utils [-] Waiting for resource s_rally_b05055f1_6KgzTCXa. Status changed: AVAILABLE => DELETING in 0.0576109886169
2019-07-12 07:50:04.960 2783 INFO rally.task.runner [-] Task 91b2ce90-b91b-4690-aa4e-d487b637a40a | ITER: 7 END: OK
2019-07-12 07:50:04.967 2783 INFO rally.task.runner [-] Task 91b2ce90-b91b-4690-aa4e-d487b637a40a | ITER: 9 START
2019-07-12 07:50:06.098 2782 INFO rally.task.runner [-] Task 91b2ce90-b91b-4690-aa4e-d487b637a40a | ITER: 8 END: OK
2019-07-12 07:50:06.104 2782 INFO rally.task.runner [-] Task 91b2ce90-b91b-4690-aa4e-d487b637a40a | ITER: 10 START
2019-07-12 07:50:09.890 2783 RALLYDEBUG rally.task.utils [-] Waiting for resource s_rally_b05055f1_knbN9M6O. Status changed: AVAILABLE => UPLOADING in 0.267552137375
2019-07-12 07:50:11.024 2782 RALLYDEBUG rally.task.utils [-] Waiting for resource s_rally_b05055f1_Dl84dj1m. Status changed: AVAILABLE => UPLOADING in 0.258314847946
2019-07-12 07:50:23.820 2785 RALLYDEBUG rally.task.utils [-] Waiting for resource s_rally_b05055f1_Au4w7fEz. Status changed: UPLOADING => AVAILABLE in 64.4031858444
2019-07-12 07:50:24.036 2784 RALLYDEBUG rally.task.utils [-] Waiting for resource s_rally_b05055f1_8HR1pKE6. Status changed: UPLOADING => AVAILABLE in 63.6687190533
2019-07-12 07:50:24.325 2785 RALLYDEBUG rally.task.utils [-] Waiting for resource s_rally_b05055f1_Au4w7fEz. Status changed: AVAILABLE => DELETING in 0.0737400054932
2019-07-12 07:50:24.554 2784 RALLYDEBUG rally.task.utils [-] Waiting for resource s_rally_b05055f1_8HR1pKE6. Status changed: AVAILABLE => DELETING in 0.0700030326843
2019-07-12 07:50:30.962 2785 INFO rally.task.runner [-] Task 91b2ce90-b91b-4690-aa4e-d487b637a40a | ITER: 5 END: OK
2019-07-12 07:50:30.967 2784 INFO rally.task.runner [-] Task 91b2ce90-b91b-4690-aa4e-d487b637a40a | ITER: 6 END: OK
2019-07-12 07:50:46.410 2783 RALLYDEBUG rally.task.utils [-] Waiting for resource s_rally_b05055f1_knbN9M6O. Status changed: UPLOADING => AVAILABLE in 36.5203948021
2019-07-12 07:50:46.863 2783 RALLYDEBUG rally.task.utils [-] Waiting for resource s_rally_b05055f1_knbN9M6O. Status changed: AVAILABLE => DELETING in 0.0667510032654
2019-07-12 07:50:47.385 2782 RALLYDEBUG rally.task.utils [-] Waiting for resource s_rally_b05055f1_Dl84dj1m. Status changed: UPLOADING => AVAILABLE in 36.3608381748
2019-07-12 07:50:47.804 2782 RALLYDEBUG rally.task.utils [-] Waiting for resource s_rally_b05055f1_Dl84dj1m. Status changed: AVAILABLE => DELETING in 0.0535759925842
2019-07-12 07:50:49.666 2783 INFO rally.task.runner [-] Task 91b2ce90-b91b-4690-aa4e-d487b637a40a | ITER: 9 END: OK
2019-07-12 07:50:50.856 2782 INFO rally.task.runner [-] Task 91b2ce90-b91b-4690-aa4e-d487b637a40a | ITER: 10 END: OK
2019-07-12 07:50:50.881 1842 INFO rally.task.context [-] Task 91b2ce90-b91b-4690-aa4e-d487b637a40a | Context cleanup@openstack cleanup() started
2019-07-12 07:50:50.883 1842 RALLYDEBUG rally_openstack.cleanup.manager [-] Cleaning up cinder backups objects
2019-07-12 07:50:52.922 1842 RALLYDEBUG rally_openstack.cleanup.manager [-] Cleaning up cinder volume_snapshots objects
2019-07-12 07:50:54.895 1842 RALLYDEBUG rally_openstack.cleanup.manager [-] Cleaning up cinder transfers objects
2019-07-12 07:50:56.933 1842 RALLYDEBUG rally_openstack.cleanup.manager [-] Cleaning up cinder volumes objects
2019-07-12 07:50:58.951 1842 RALLYDEBUG rally_openstack.cleanup.manager [-] Cleaning up glance images objects
2019-07-12 07:51:01.185 1842 INFO rally.task.context [-] Task 91b2ce90-b91b-4690-aa4e-d487b637a40a | Context cleanup@openstack cleanup() finished in 10.30 sec
2019-07-12 07:51:01.185 1842 INFO rally.task.context [-] Task 91b2ce90-b91b-4690-aa4e-d487b637a40a | Context quotas@openstack cleanup() started
2019-07-12 07:51:01.933 1842 INFO rally.task.context [-] Task 91b2ce90-b91b-4690-aa4e-d487b637a40a | Context quotas@openstack cleanup() finished in 0.75 sec
2019-07-12 07:51:01.933 1842 INFO rally.task.context [-] Task 91b2ce90-b91b-4690-aa4e-d487b637a40a | Context api_versions@openstack cleanup() started
2019-07-12 07:51:01.933 1842 INFO rally.task.context [-] Task 91b2ce90-b91b-4690-aa4e-d487b637a40a | Context api_versions@openstack cleanup() finished in 0.33 msec
2019-07-12 07:51:01.934 1842 INFO rally.task.context [-] Task 91b2ce90-b91b-4690-aa4e-d487b637a40a | Context users@openstack cleanup() started
2019-07-12 07:51:10.512 1842 INFO rally.task.context [-] Task 91b2ce90-b91b-4690-aa4e-d487b637a40a | Context users@openstack cleanup() finished in 8.58 sec
2019-07-12 07:51:12.242 1842 INFO rally.task.engine [-] Load duration is: 163.677226
2019-07-12 07:51:12.242 1842 INFO rally.task.engine [-] Full runner duration is: 164.596011
2019-07-12 07:51:12.242 1842 INFO rally.task.engine [-] Full duration is: 190.964872
2019-07-12 07:51:12.484 1842 INFO rally.task.engine [-] Running workload: position = 0 config = { "version": 2, "title": "A cropped version of a bigger task.", "description": "Auto-generated task from a single workload (uuid=51195951-cf59-4bf4-8bea-812d0387843a)", "subtasks": [ { "title": "CinderVolumes.create_nested_snapshots_and_attach_volume", "description": "Create a volume from snapshot and attach/detach the volume", "scenario": { "CinderVolumes.create_nested_snapshots_and_attach_volume": { "flavor": { "name": "rally_full-flavor_81d2bd4a-39e7-4639-8f24-3d75edab9ccd" }, "image": { "name": "rally_full-img_81d2bd4a-39e7-4639-8f24-3d75edab9ccd" }, "nested_level": 1, "size": { "max": 1, "min": 1 }, "create_vm_params": { "nics": [ { "net-id": "9b73e932-b726-4f40-a9dd-61ad699bf2f9" } ] } } }, "contexts": { "users": { "tenants": 3, "users_per_tenant": 2 }, "quotas": { "cinder": { "gigabytes": -1, "snapshots": -1, "volumes": -1 } }, "api_versions": { "cinder": { "version": 3, "service_type": "volumev3" } } }, "runner": { "constant": { "concurrency": 4, "times": 10 } }, "hooks": [], "sla": { "failure_rate": { "max": 0 } } } ] }
2019-07-12 07:51:12.509 1842 RALLYDEBUG rally_openstack.contexts.keystone.users [-] Creating 3 tenants using 20 threads
2019-07-12 07:51:14.399 1842 RALLYDEBUG rally_openstack.contexts.keystone.users [-] Creating 6 users using 20 threads
2019-07-12 07:51:17.227 1842 INFO rally.task.context [-] Task 91b2ce90-b91b-4690-aa4e-d487b637a40a | Context users@openstack setup() finished in 4.72 sec
2019-07-12 07:51:17.658 1842 INFO rally.task.context [-] Task 91b2ce90-b91b-4690-aa4e-d487b637a40a | Context api_versions@openstack setup() finished in 0.43 sec
2019-07-12 07:51:19.228 1842 INFO rally.task.context [-] Task 91b2ce90-b91b-4690-aa4e-d487b637a40a | Context quotas@openstack setup() finished in 1.57 sec
2019-07-12 07:51:19.228 1842 INFO rally.task.context [-] Task 91b2ce90-b91b-4690-aa4e-d487b637a40a | Context cleanup@openstack setup() finished in 0.01 msec
2019-07-12 07:51:20.756 1842 DEBUG novaclient.v2.client [-] REQ: curl -g -i -X GET http://172.30.9.40:8774/v2.1/flavors/detail -H "Accept: application/json" -H "User-Agent: python-novaclient" -H "X-Auth-Token: {SHA1}9b34c93ed163ce9bc027d86312ba8fd9b65c808c" _http_log_request /usr/lib/python2.7/site-packages/keystoneauth1/session.py:448
2019-07-12 07:51:21.446 1842 DEBUG novaclient.v2.client [-] RESP: [200] Content-Encoding: gzip Content-Length: 364 Content-Type: application/json Date: Fri, 12 Jul 2019 07:51:20 GMT OpenStack-API-Version: compute 2.1 Server: Apache Vary: OpenStack-API-Version,X-OpenStack-Nova-API-Version,Accept-Encoding X-OpenStack-Nova-API-Version: 2.1 x-compute-request-id: req-9077a4ea-b5c8-4487-b98e-a69ed2298c04 x-openstack-request-id: req-9077a4ea-b5c8-4487-b98e-a69ed2298c04 _http_log_response /usr/lib/python2.7/site-packages/keystoneauth1/session.py:479
2019-07-12 07:51:21.447 1842 DEBUG novaclient.v2.client [-] RESP BODY: {"flavors": [{"name": "rally_full-flavor_81d2bd4a-39e7-4639-8f24-3d75edab9ccd", "links": [{"href": "http://172.30.9.40:8774/v2.1/flavors/76440b64-6eed-462b-920a-21fd74b69ede", "rel": "self"}, {"href": "http://172.30.9.40:8774/flavors/76440b64-6eed-462b-920a-21fd74b69ede", "rel": "bookmark"}], "ram": 512, "OS-FLV-DISABLED:disabled": false, "vcpus": 1, "swap": "", "os-flavor-access:is_public": true, "rxtx_factor": 1.0, "OS-FLV-EXT-DATA:ephemeral": 0, "disk": 1, "id": "76440b64-6eed-462b-920a-21fd74b69ede"}, {"name": "rally_full-flavor_alt_81d2bd4a-39e7-4639-8f24-3d75edab9ccd", "links": [{"href": "http://172.30.9.40:8774/v2.1/flavors/9f10fb66-3716-4b7b-949d-c885d82ca16c", "rel": "self"}, {"href": "http://172.30.9.40:8774/flavors/9f10fb66-3716-4b7b-949d-c885d82ca16c", "rel": "bookmark"}], "ram": 1024, "OS-FLV-DISABLED:disabled": false, "vcpus": 1, "swap": "", "os-flavor-access:is_public": true, "rxtx_factor": 1.0, "OS-FLV-EXT-DATA:ephemeral": 0, "disk": 1, "id": "9f10fb66-3716-4b7b-949d-c885d82ca16c"}]} _http_log_response /usr/lib/python2.7/site-packages/keystoneauth1/session.py:511
2019-07-12 07:51:21.447 1842 DEBUG novaclient.v2.client [-] GET call to compute for http://172.30.9.40:8774/v2.1/flavors/detail used request id req-9077a4ea-b5c8-4487-b98e-a69ed2298c04 request /usr/lib/python2.7/site-packages/keystoneauth1/session.py:844
2019-07-12 07:51:21.449 1842 RALLYDEBUG rally.task.runner [-] Starting the constant runner (task UUID: 91b2ce90-b91b-4690-aa4e-d487b637a40a). timeout: 0 concurrency: 4 concurrency_per_worker: 1 times: 10 concurrency_overhead: 0 processes_to_start: 4 max_cpu_used: 16
2019-07-12 07:51:21.462 2986 RALLYDEBUG rally.task.runner [-] Starting a worker. concurrency: 1 args: {"flavor": "76440b64-6eed-462b-920a-21fd74b69ede", "image": "02e9f714-20ba-40c4-8480-5187751e9994", "nested_level": 1, "size": {"max": 1, "min": 1}, "create_vm_params": {"nics": [{"net-id": "9b73e932-b726-4f40-a9dd-61ad699bf2f9"}]}} times: 10 method_name: run timeout: 0 duration: None cls:
2019-07-12 07:51:21.465 2987 RALLYDEBUG rally.task.runner [-] Starting a worker. concurrency: 1 args: {"flavor": "76440b64-6eed-462b-920a-21fd74b69ede", "image": "02e9f714-20ba-40c4-8480-5187751e9994", "nested_level": 1, "size": {"max": 1, "min": 1}, "create_vm_params": {"nics": [{"net-id": "9b73e932-b726-4f40-a9dd-61ad699bf2f9"}]}} times: 10 method_name: run timeout: 0 duration: None cls:
2019-07-12 07:51:21.468 2988 RALLYDEBUG rally.task.runner [-] Starting a worker. concurrency: 1 args: {"flavor": "76440b64-6eed-462b-920a-21fd74b69ede", "image": "02e9f714-20ba-40c4-8480-5187751e9994", "nested_level": 1, "size": {"max": 1, "min": 1}, "create_vm_params": {"nics": [{"net-id": "9b73e932-b726-4f40-a9dd-61ad699bf2f9"}]}} times: 10 method_name: run timeout: 0 duration: None cls:
2019-07-12 07:51:21.470 2986 INFO rally.task.runner [-] Task 91b2ce90-b91b-4690-aa4e-d487b637a40a | ITER: 1 START
2019-07-12 07:51:21.471 2989 RALLYDEBUG rally.task.runner [-] Starting a worker. concurrency: 1 args: {"flavor": "76440b64-6eed-462b-920a-21fd74b69ede", "image": "02e9f714-20ba-40c4-8480-5187751e9994", "nested_level": 1, "size": {"max": 1, "min": 1}, "create_vm_params": {"nics": [{"net-id": "9b73e932-b726-4f40-a9dd-61ad699bf2f9"}]}} times: 10 method_name: run timeout: 0 duration: None cls:
2019-07-12 07:51:21.474 2987 INFO rally.task.runner [-] Task 91b2ce90-b91b-4690-aa4e-d487b637a40a | ITER: 2 START
2019-07-12 07:51:21.476 2988 INFO rally.task.runner [-] Task 91b2ce90-b91b-4690-aa4e-d487b637a40a | ITER: 3 START
2019-07-12 07:51:21.480 2989 INFO rally.task.runner [-] Task 91b2ce90-b91b-4690-aa4e-d487b637a40a | ITER: 4 START
2019-07-12 07:51:21.910 2986 DEBUG novaclient.v2.client [-] REQ: curl -g -i -X POST http://172.30.9.40:8774/v2.1/servers -H "Accept: application/json" -H "Content-Type: application/json" -H "User-Agent: python-novaclient" -H "X-Auth-Token: {SHA1}be7aa61a56e044bfeabef0500b1435e1b35324ae" -d '{"server": {"name": "s_rally_51195951_7QvCJQ6u", "imageRef": "02e9f714-20ba-40c4-8480-5187751e9994", "flavorRef": "76440b64-6eed-462b-920a-21fd74b69ede", "max_count": 1, "min_count": 1, "networks": [{"uuid": "9b73e932-b726-4f40-a9dd-61ad699bf2f9"}]}}' _http_log_request /usr/lib/python2.7/site-packages/keystoneauth1/session.py:448
