2019-07-12 07:34:31.761 7 RALLYDEBUG rally.api [-] INFO logs from urllib3 and requests module are hide.
2019-07-12 07:34:31.762 7 RALLYDEBUG rally.api [-] urllib3 insecure warnings are hidden.
2019-07-12 07:34:31.762 7 RALLYDEBUG rally.api [-] ERROR log from boto module is hide.
2019-07-12 07:34:33.003 7 ERROR rally.cli.cliutils [-] Unexpected exception in CLI: DBRecordNotFound: Record for uuid or name is opnfv-rally not found in table envs
2019-07-12 07:34:33.003 7 ERROR rally.cli.cliutils
Traceback (most recent call last):
2019-07-12 07:34:33.003 7 ERROR rally.cli.cliutils
File "/usr/lib/python2.7/site-packages/rally/cli/cliutils.py", line 674, in run
2019-07-12 07:34:33.003 7 ERROR rally.cli.cliutils ret = fn(*fn_args, **fn_kwargs)
2019-07-12 07:34:33.003 7 ERROR rally.cli.cliutils File "", line 2, in destroy
2019-07-12 07:34:33.003 7 ERROR rally.cli.cliutils
File "/usr/lib/python2.7/site-packages/rally/cli/envutils.py", line 69, in default_from_global
2019-07-12 07:34:33.003 7 ERROR rally.cli.cliutils return f(*args, **kwargs)
2019-07-12 07:34:33.003 7 ERROR rally.cli.cliutils File "", line 2, in destroy
2019-07-12 07:34:33.003 7 ERROR rally.cli.cliutils
File "/usr/lib/python2.7/site-packages/rally/plugins/__init__.py", line 51, in ensure_plugins_are_loaded
2019-07-12 07:34:33.003 7 ERROR rally.cli.cliutils return f(*args, **kwargs)
2019-07-12 07:34:33.003 7 ERROR rally.cli.cliutils
File "/usr/lib/python2.7/site-packages/rally/cli/commands/deployment.py", line 140, in destroy
2019-07-12 07:34:33.003 7 ERROR rally.cli.cliutils api.deployment.destroy(deployment=deployment)
2019-07-12 07:34:33.003 7 ERROR rally.cli.cliutils
File "/usr/lib/python2.7/site-packages/rally/api.py", line 115, in destroy
2019-07-12 07:34:33.003 7 ERROR rally.cli.cliutils deploy = objects.Deployment.get(deployment)
2019-07-12 07:34:33.003 7 ERROR rally.cli.cliutils
File "/usr/lib/python2.7/site-packages/rally/common/objects/deploy.py", line 124, in get
2019-07-12 07:34:33.003 7 ERROR rally.cli.cliutils return Deployment(env_mgr.EnvManager.get(deploy))
2019-07-12 07:34:33.003 7 ERROR rally.cli.cliutils
File "/usr/lib/python2.7/site-packages/rally/env/env_mgr.py", line 212, in get
2019-07-12 07:34:33.003 7 ERROR rally.cli.cliutils return cls(db.env_get(uuid_or_name))
2019-07-12 07:34:33.003 7 ERROR rally.cli.cliutils
File "/usr/lib/python2.7/site-packages/rally/common/db/api.py", line 135, in wrapper
2019-07-12 07:34:33.003 7 ERROR rally.cli.cliutils result = f(session, *args, **kwargs)
2019-07-12 07:34:33.003 7 ERROR rally.cli.cliutils
File "/usr/lib/python2.7/site-packages/rally/common/db/api.py", line 521, in env_get
2019-07-12 07:34:33.003 7 ERROR rally.cli.cliutils criteria="uuid or name is %s" % uuid_or_name, table="envs")
2019-07-12 07:34:33.003 7 ERROR rally.cli.cliutils DBRecordNotFound: Record for uuid or name is opnfv-rally not found in table envs
2019-07-12 07:34:33.003 7 ERROR rally.cli.cliutils
2019-07-12 07:34:33.823 9 RALLYDEBUG rally.api [-] INFO logs from urllib3 and requests module are hide.
2019-07-12 07:34:33.823 9 RALLYDEBUG rally.api [-] urllib3 insecure warnings are hidden.
2019-07-12 07:34:33.823 9 RALLYDEBUG rally.api [-] ERROR log from boto module is hide.
2019-07-12 07:34:35.050 9 WARNING rally_openstack.platforms.existing [-] endpoint is deprecated and not used.
2019-07-12 07:34:35.960 11 RALLYDEBUG rally.api [-] INFO logs from urllib3 and requests module are hide.
2019-07-12 07:34:35.960 11 RALLYDEBUG rally.api [-] urllib3 insecure warnings are hidden.
2019-07-12 07:34:35.960 11 RALLYDEBUG rally.api [-] ERROR log from boto module is hide.
2019-07-12 07:34:39.339 14 RALLYDEBUG rally.api [-] INFO logs from urllib3 and requests module are hide.
2019-07-12 07:34:39.339 14 RALLYDEBUG rally.api [-] urllib3 insecure warnings are hidden.
2019-07-12 07:34:39.339 14 RALLYDEBUG rally.api [-] ERROR log from boto module is hide.
2019-07-12 07:34:40.963 16 RALLYDEBUG rally.api [-] INFO logs from urllib3 and requests module are hide.
2019-07-12 07:34:40.964 16 RALLYDEBUG rally.api [-] urllib3 insecure warnings are hidden.
2019-07-12 07:34:40.964 16 RALLYDEBUG rally.api [-] ERROR log from boto module is hide.
2019-07-12 07:34:42.321 16 INFO rally.task.engine [-] Task 856bfc6c-acb3-4de6-91ea-98838f98e43f | Starting: Task validation.
2019-07-12 07:34:42.363 16 INFO rally.task.engine [-] Task 856bfc6c-acb3-4de6-91ea-98838f98e43f | Starting: Task validation of syntax.
2019-07-12 07:34:42.408 16 INFO rally.task.engine [-] Task 856bfc6c-acb3-4de6-91ea-98838f98e43f | Completed: Task validation of syntax.
2019-07-12 07:34:42.409 16 INFO rally.task.engine [-] Task 856bfc6c-acb3-4de6-91ea-98838f98e43f | Starting: Task validation of required platforms.
2019-07-12 07:34:42.437 16 INFO rally.task.engine [-] Task 856bfc6c-acb3-4de6-91ea-98838f98e43f | Completed: Task validation of required platforms.
2019-07-12 07:34:42.438 16 INFO rally.task.engine [-] Task 856bfc6c-acb3-4de6-91ea-98838f98e43f | Starting: Task validation of semantic.
2019-07-12 07:34:42.438 16 INFO rally.task.engine [-] Check health of the environment 'c45797ac-6991-4b25-ade2-894604db75cd'.
2019-07-12 07:34:43.242 16 INFO rally.task.engine [-] Platform existing@openstack (available: True): OK!
2019-07-12 07:34:43.260 16 RALLYDEBUG rally_openstack.contexts.keystone.users [-] Creating 1 tenants using 20 threads
2019-07-12 07:34:44.875 16 RALLYDEBUG rally_openstack.contexts.keystone.users [-] Creating 1 users using 20 threads
2019-07-12 07:34:47.500 16 INFO rally.task.context [-] Task 856bfc6c-acb3-4de6-91ea-98838f98e43f | Context users@openstack setup() finished in 4.24 sec
2019-07-12 07:34:47.547 16 INFO rally.task.context [-] Task 856bfc6c-acb3-4de6-91ea-98838f98e43f | Context users@openstack cleanup() started
2019-07-12 07:34:51.819 16 INFO rally.task.context [-] Task 856bfc6c-acb3-4de6-91ea-98838f98e43f | Context users@openstack cleanup() finished in 4.27 sec
2019-07-12 07:34:51.820 16 INFO rally.task.engine [-] Task 856bfc6c-acb3-4de6-91ea-98838f98e43f | Completed: Task validation of semantic.
2019-07-12 07:34:51.820 16 INFO rally.task.engine [-] Task 856bfc6c-acb3-4de6-91ea-98838f98e43f | Completed: Task validation.
2019-07-12 07:34:51.820 16 INFO rally.api [-] Task 856bfc6c-acb3-4de6-91ea-98838f98e43f input file is valid.
2019-07-12 07:34:51.820 16 INFO rally.api [-] Run Task 856bfc6c-acb3-4de6-91ea-98838f98e43f against Deployment c45797ac-6991-4b25-ade2-894604db75cd
2019-07-12 07:34:51.821 16 INFO rally.task.engine [-] Task 856bfc6c-acb3-4de6-91ea-98838f98e43f | Starting: Running task.
2019-07-12 07:34:51.970 16 INFO rally.task.engine [-] Running workload: position = 0 config = { "version": 2, "title": "A cropped version of a bigger task.", "description": "Auto-generated task from a single workload (uuid=1ae3940a-3f17-4f4f-b467-d82f6002ecd7)", "subtasks": [ { "title": "Authenticate.keystone", "description": "Check Keystone Client.", "scenario": { "Authenticate.keystone": {} }, "contexts": { "users": { "tenants": 3, "users_per_tenant": 2 } }, "runner": { "constant": { "concurrency": 4, "times": 10 } }, "hooks": [], "sla": { "failure_rate": { "max": 0 } } } ] }
2019-07-12 07:34:51.990 16 RALLYDEBUG rally_openstack.contexts.keystone.users [-] Creating 3 tenants using 20 threads
2019-07-12 07:34:53.738 16 RALLYDEBUG rally_openstack.contexts.keystone.users [-] Creating 6 users using 20 threads
2019-07-12 07:34:56.392 16 INFO rally.task.context [-] Task 856bfc6c-acb3-4de6-91ea-98838f98e43f | Context users@openstack setup() finished in 4.40 sec
2019-07-12 07:34:56.403 16 RALLYDEBUG rally.task.runner [-] Starting the constant runner (task UUID: 856bfc6c-acb3-4de6-91ea-98838f98e43f). timeout: 0 concurrency: 4 concurrency_per_worker: 1 times: 10 concurrency_overhead: 0 processes_to_start: 4 max_cpu_used: 16
2019-07-12 07:34:56.417 140 RALLYDEBUG rally.task.runner [-] Starting a worker. concurrency: 1 args: {} times: 10 method_name: run timeout: 0 duration: None cls:
2019-07-12 07:34:56.419 141 RALLYDEBUG rally.task.runner [-] Starting a worker. concurrency: 1 args: {} times: 10 method_name: run timeout: 0 duration: None cls:
2019-07-12 07:34:56.421 142 RALLYDEBUG rally.task.runner [-] Starting a worker. concurrency: 1 args: {} times: 10 method_name: run timeout: 0 duration: None cls:
2019-07-12 07:34:56.422 140 INFO rally.task.runner [-] Task 856bfc6c-acb3-4de6-91ea-98838f98e43f | ITER: 1 START
2019-07-12 07:34:56.424 141 INFO rally.task.runner [-] Task 856bfc6c-acb3-4de6-91ea-98838f98e43f | ITER: 2 START
2019-07-12 07:34:56.423 143 RALLYDEBUG rally.task.runner [-] Starting a worker. concurrency: 1 args: {} times: 10 method_name: run timeout: 0 duration: None cls:
2019-07-12 07:34:56.425 142 INFO rally.task.runner [-] Task 856bfc6c-acb3-4de6-91ea-98838f98e43f | ITER: 3 START
2019-07-12 07:34:56.429 143 INFO rally.task.runner [-] Task 856bfc6c-acb3-4de6-91ea-98838f98e43f | ITER: 4 START
2019-07-12 07:34:57.024 140 INFO rally.task.runner [-] Task 856bfc6c-acb3-4de6-91ea-98838f98e43f | ITER: 1 END: OK
2019-07-12 07:34:57.029 140 INFO rally.task.runner [-] Task 856bfc6c-acb3-4de6-91ea-98838f98e43f | ITER: 5 START
2019-07-12 07:34:57.044 142 INFO rally.task.runner [-] Task 856bfc6c-acb3-4de6-91ea-98838f98e43f | ITER: 3 END: OK
2019-07-12 07:34:57.047 142 INFO rally.task.runner [-] Task 856bfc6c-acb3-4de6-91ea-98838f98e43f | ITER: 6 START
2019-07-12 07:34:57.080 143 INFO rally.task.runner [-] Task 856bfc6c-acb3-4de6-91ea-98838f98e43f | ITER: 4 END: OK
2019-07-12 07:34:57.083 143 INFO rally.task.runner [-] Task 856bfc6c-acb3-4de6-91ea-98838f98e43f | ITER: 7 START
2019-07-12 07:34:57.118 141 INFO rally.task.runner [-] Task 856bfc6c-acb3-4de6-91ea-98838f98e43f | ITER: 2 END: OK
2019-07-12 07:34:57.122 141 INFO rally.task.runner [-] Task 856bfc6c-acb3-4de6-91ea-98838f98e43f | ITER: 8 START
2019-07-12 07:34:57.624 140 INFO rally.task.runner [-] Task 856bfc6c-acb3-4de6-91ea-98838f98e43f | ITER: 5 END: OK
2019-07-12 07:34:57.627 140 INFO rally.task.runner [-] Task 856bfc6c-acb3-4de6-91ea-98838f98e43f | ITER: 9 START
2019-07-12 07:34:57.641 142 INFO rally.task.runner [-] Task 856bfc6c-acb3-4de6-91ea-98838f98e43f | ITER: 6 END: OK
2019-07-12 07:34:57.645 142 INFO rally.task.runner [-] Task 856bfc6c-acb3-4de6-91ea-98838f98e43f | ITER: 10 START
2019-07-12 07:34:57.663 143 INFO rally.task.runner [-] Task 856bfc6c-acb3-4de6-91ea-98838f98e43f | ITER: 7 END: OK
2019-07-12 07:34:57.713 141 INFO rally.task.runner [-] Task 856bfc6c-acb3-4de6-91ea-98838f98e43f | ITER: 8 END: OK
2019-07-12 07:34:58.191 140 INFO rally.task.runner [-] Task 856bfc6c-acb3-4de6-91ea-98838f98e43f | ITER: 9 END: OK
2019-07-12 07:34:58.223 142 INFO rally.task.runner [-] Task 856bfc6c-acb3-4de6-91ea-98838f98e43f | ITER: 10 END: OK
2019-07-12 07:34:58.247 16 INFO rally.task.context [-] Task 856bfc6c-acb3-4de6-91ea-98838f98e43f | Context users@openstack cleanup() started
2019-07-12 07:35:04.746 16 INFO rally.task.context [-] Task 856bfc6c-acb3-4de6-91ea-98838f98e43f | Context users@openstack cleanup() finished in 6.50 sec
2019-07-12 07:35:06.065 16 INFO rally.task.engine [-] Load duration is: 1.799131
2019-07-12 07:35:06.065 16 INFO rally.task.engine [-] Full runner duration is: 1.844776
2019-07-12 07:35:06.065 16 INFO rally.task.engine [-] Full duration is: 12.758643
2019-07-12 07:35:06.298 16 INFO rally.task.engine [-] Running workload: position = 0 config = { "version": 2, "title": "A cropped version of a bigger task.", "description": "Auto-generated task from a single workload (uuid=e2c2fce3-c7f9-4dd3-9a41-4b696ce2328c)", "subtasks": [ { "title": "Authenticate.validate_cinder", "description": "Check Cinder Client to ensure validation of token.", "scenario": { "Authenticate.validate_cinder": { "repetitions": 2 } }, "contexts": { "users": { "tenants": 3, "users_per_tenant": 2 } }, "runner": { "constant": { "concurrency": 4, "times": 10 } }, "hooks": [], "sla": { "failure_rate": { "max": 0 } } } ] }
2019-07-12 07:35:06.321 16 RALLYDEBUG rally_openstack.contexts.keystone.users [-] Creating 3 tenants using 20 threads
2019-07-12 07:35:08.189 16 RALLYDEBUG rally_openstack.contexts.keystone.users [-] Creating 6 users using 20 threads
2019-07-12 07:35:11.011 16 INFO rally.task.context [-] Task 856bfc6c-acb3-4de6-91ea-98838f98e43f | Context users@openstack setup() finished in 4.69 sec
2019-07-12 07:35:11.018 16 RALLYDEBUG rally.task.runner [-] Starting the constant runner (task UUID: 856bfc6c-acb3-4de6-91ea-98838f98e43f). timeout: 0 concurrency: 4 concurrency_per_worker: 1 times: 10 concurrency_overhead: 0 processes_to_start: 4 max_cpu_used: 16
2019-07-12 07:35:11.030 244 RALLYDEBUG rally.task.runner [-] Starting a worker. concurrency: 1 args: {"repetitions": 2} times: 10 method_name: run timeout: 0 duration: None cls:
2019-07-12 07:35:11.032 245 RALLYDEBUG rally.task.runner [-] Starting a worker. concurrency: 1 args: {"repetitions": 2} times: 10 method_name: run timeout: 0 duration: None cls:
2019-07-12 07:35:11.034 246 RALLYDEBUG rally.task.runner [-] Starting a worker. concurrency: 1 args: {"repetitions": 2} times: 10 method_name: run timeout: 0 duration: None cls:
2019-07-12 07:35:11.036 244 INFO rally.task.runner [-] Task 856bfc6c-acb3-4de6-91ea-98838f98e43f | ITER: 1 START
2019-07-12 07:35:11.037 247 RALLYDEBUG rally.task.runner [-] Starting a worker. concurrency: 1 args: {"repetitions": 2} times: 10 method_name: run timeout: 0 duration: None cls:
2019-07-12 07:35:11.040 246 INFO rally.task.runner [-] Task 856bfc6c-acb3-4de6-91ea-98838f98e43f | ITER: 3 START
2019-07-12 07:35:11.041 245 INFO rally.task.runner [-] Task 856bfc6c-acb3-4de6-91ea-98838f98e43f | ITER: 2 START
2019-07-12 07:35:11.043 247 INFO rally.task.runner [-] Task 856bfc6c-acb3-4de6-91ea-98838f98e43f | ITER: 4 START
2019-07-12 07:35:12.975 244 INFO rally.task.runner [-] Task 856bfc6c-acb3-4de6-91ea-98838f98e43f | ITER: 1 END: OK
2019-07-12 07:35:12.979 244 INFO rally.task.runner [-] Task 856bfc6c-acb3-4de6-91ea-98838f98e43f | ITER: 5 START
2019-07-12 07:35:13.015 245 INFO rally.task.runner [-] Task 856bfc6c-acb3-4de6-91ea-98838f98e43f | ITER: 2 END: OK
2019-07-12 07:35:13.020 245 INFO rally.task.runner [-] Task 856bfc6c-acb3-4de6-91ea-98838f98e43f | ITER: 6 START
2019-07-12 07:35:13.103 247 INFO rally.task.runner [-] Task 856bfc6c-acb3-4de6-91ea-98838f98e43f | ITER: 4 END: OK
2019-07-12 07:35:13.107 247 INFO rally.task.runner [-] Task 856bfc6c-acb3-4de6-91ea-98838f98e43f | ITER: 7 START
2019-07-12 07:35:13.111 246 INFO rally.task.runner [-] Task 856bfc6c-acb3-4de6-91ea-98838f98e43f | ITER: 3 END: OK
2019-07-12 07:35:13.115 246 INFO rally.task.runner [-] Task 856bfc6c-acb3-4de6-91ea-98838f98e43f | ITER: 8 START
2019-07-12 07:35:14.049 245 INFO rally.task.runner [-] Task 856bfc6c-acb3-4de6-91ea-98838f98e43f | ITER: 6 END: OK
2019-07-12 07:35:14.052 245 INFO rally.task.runner [-] Task 856bfc6c-acb3-4de6-91ea-98838f98e43f | ITER: 9 START
2019-07-12 07:35:15.238 247 INFO rally.task.runner [-] Task 856bfc6c-acb3-4de6-91ea-98838f98e43f | ITER: 7 END: OK
2019-07-12 07:35:15.242 247 INFO rally.task.runner [-] Task 856bfc6c-acb3-4de6-91ea-98838f98e43f | ITER: 10 START
2019-07-12 07:35:15.461 246 INFO rally.task.runner [-] Task 856bfc6c-acb3-4de6-91ea-98838f98e43f | ITER: 8 END: OK
2019-07-12 07:35:15.953 245 INFO rally.task.runner [-] Task 856bfc6c-acb3-4de6-91ea-98838f98e43f | ITER: 9 END: OK
2019-07-12 07:35:16.166 244 INFO rally.task.runner [-] Task 856bfc6c-acb3-4de6-91ea-98838f98e43f | ITER: 5 END: OK
2019-07-12 07:35:16.378 247 INFO rally.task.runner [-] Task 856bfc6c-acb3-4de6-91ea-98838f98e43f | ITER: 10 END: OK
2019-07-12 07:35:16.401 16 INFO rally.task.context [-] Task 856bfc6c-acb3-4de6-91ea-98838f98e43f | Context users@openstack cleanup() started
2019-07-12 07:35:23.775 16 INFO rally.task.context [-] Task 856bfc6c-acb3-4de6-91ea-98838f98e43f | Context users@openstack cleanup() finished in 7.37 sec
2019-07-12 07:35:24.427 16 INFO rally.task.engine [-] Load duration is: 5.34026
2019-07-12 07:35:24.428 16 INFO rally.task.engine [-] Full runner duration is: 5.382924
2019-07-12 07:35:24.428 16 INFO rally.task.engine [-] Full duration is: 17.456812
2019-07-12 07:35:24.673 16 INFO rally.task.engine [-] Running workload: position = 0 config = { "version": 2, "title": "A cropped version of a bigger task.", "description": "Auto-generated task from a single workload (uuid=c7da0346-83d4-4b4b-9306-ab1088b9c0ad)", "subtasks": [ { "title": "Authenticate.validate_glance", "description": "Check Glance Client to ensure validation of token.", "scenario": { "Authenticate.validate_glance": { "repetitions": 2 } }, "contexts": { "users": { "tenants": 3, "users_per_tenant": 2 } }, "runner": { "constant": { "concurrency": 4, "times": 10 } }, "hooks": [], "sla": { "failure_rate": { "max": 0 } } } ] }
2019-07-12 07:35:24.694 16 RALLYDEBUG rally_openstack.contexts.keystone.users [-] Creating 3 tenants using 20 threads
2019-07-12 07:35:26.473 16 RALLYDEBUG rally_openstack.contexts.keystone.users [-] Creating 6 users using 20 threads
2019-07-12 07:35:29.197 16 INFO rally.task.context [-] Task 856bfc6c-acb3-4de6-91ea-98838f98e43f | Context users@openstack setup() finished in 4.50 sec
2019-07-12 07:35:29.205 16 RALLYDEBUG rally.task.runner [-] Starting the constant runner (task UUID: 856bfc6c-acb3-4de6-91ea-98838f98e43f). timeout: 0 concurrency: 4 concurrency_per_worker: 1 times: 10 concurrency_overhead: 0 processes_to_start: 4 max_cpu_used: 16
2019-07-12 07:35:29.216 348 RALLYDEBUG rally.task.runner [-] Starting a worker. concurrency: 1 args: {"repetitions": 2} times: 10 method_name: run timeout: 0 duration: None cls:
2019-07-12 07:35:29.220 349 RALLYDEBUG rally.task.runner [-] Starting a worker. concurrency: 1 args: {"repetitions": 2} times: 10 method_name: run timeout: 0 duration: None cls:
2019-07-12 07:35:29.221 348 INFO rally.task.runner [-] Task 856bfc6c-acb3-4de6-91ea-98838f98e43f | ITER: 1 START
2019-07-12 07:35:29.224 350 RALLYDEBUG rally.task.runner [-] Starting a worker. concurrency: 1 args: {"repetitions": 2} times: 10 method_name: run timeout: 0 duration: None cls:
2019-07-12 07:35:29.226 349 INFO rally.task.runner [-] Task 856bfc6c-acb3-4de6-91ea-98838f98e43f | ITER: 2 START
2019-07-12 07:35:29.227 353 RALLYDEBUG rally.task.runner [-] Starting a worker. concurrency: 1 args: {"repetitions": 2} times: 10 method_name: run timeout: 0 duration: None cls:
2019-07-12 07:35:29.230 350 INFO rally.task.runner [-] Task 856bfc6c-acb3-4de6-91ea-98838f98e43f | ITER: 3 START
2019-07-12 07:35:29.233 353 INFO rally.task.runner [-] Task 856bfc6c-acb3-4de6-91ea-98838f98e43f | ITER: 4 START
2019-07-12 07:35:30.022 348 INFO rally.task.runner [-] Task 856bfc6c-acb3-4de6-91ea-98838f98e43f | ITER: 1 END: OK
2019-07-12 07:35:30.027 348 INFO rally.task.runner [-] Task 856bfc6c-acb3-4de6-91ea-98838f98e43f | ITER: 5 START
2019-07-12 07:35:30.034 349 INFO rally.task.runner [-] Task 856bfc6c-acb3-4de6-91ea-98838f98e43f | ITER: 2 END: OK
2019-07-12 07:35:30.038 349 INFO rally.task.runner [-] Task 856bfc6c-acb3-4de6-91ea-98838f98e43f | ITER: 6 START
2019-07-12 07:35:30.061 353 INFO rally.task.runner [-] Task 856bfc6c-acb3-4de6-91ea-98838f98e43f | ITER: 4 END: OK
2019-07-12 07:35:30.064 353 INFO rally.task.runner [-] Task 856bfc6c-acb3-4de6-91ea-98838f98e43f | ITER: 7 START
2019-07-12 07:35:30.074 350 INFO rally.task.runner [-] Task 856bfc6c-acb3-4de6-91ea-98838f98e43f | ITER: 3 END: OK
2019-07-12 07:35:30.078 350 INFO rally.task.runner [-] Task 856bfc6c-acb3-4de6-91ea-98838f98e43f | ITER: 8 START
2019-07-12 07:35:31.014 348 INFO rally.task.runner [-] Task 856bfc6c-acb3-4de6-91ea-98838f98e43f | ITER: 5 END: OK
2019-07-12 07:35:31.016 349 INFO rally.task.runner [-] Task 856bfc6c-acb3-4de6-91ea-98838f98e43f | ITER: 6 END: OK
2019-07-12 07:35:31.019 348 INFO rally.task.runner [-] Task 856bfc6c-acb3-4de6-91ea-98838f98e43f | ITER: 9 START
2019-07-12 07:35:31.020 349 INFO rally.task.runner [-] Task 856bfc6c-acb3-4de6-91ea-98838f98e43f | ITER: 10 START
2019-07-12 07:35:31.072 350 INFO rally.task.runner [-] Task 856bfc6c-acb3-4de6-91ea-98838f98e43f | ITER: 8 END: OK
2019-07-12 07:35:31.074 353 INFO rally.task.runner [-] Task 856bfc6c-acb3-4de6-91ea-98838f98e43f | ITER: 7 END: OK
2019-07-12 07:35:31.805 349 INFO rally.task.runner [-] Task 856bfc6c-acb3-4de6-91ea-98838f98e43f | ITER: 10 END: OK
2019-07-12 07:35:31.807 348 INFO rally.task.runner [-] Task 856bfc6c-acb3-4de6-91ea-98838f98e43f | ITER: 9 END: OK
2019-07-12 07:35:31.831 16 INFO rally.task.context [-] Task 856bfc6c-acb3-4de6-91ea-98838f98e43f | Context users@openstack cleanup() started
2019-07-12 07:35:38.551 16 INFO rally.task.context [-] Task 856bfc6c-acb3-4de6-91ea-98838f98e43f | Context users@openstack cleanup() finished in 6.72 sec
2019-07-12 07:35:38.780 16 INFO rally.task.engine [-] Load duration is: 2.584158
2019-07-12 07:35:38.780 16 INFO rally.task.engine [-] Full runner duration is: 2.625745
2019-07-12 07:35:38.780 16 INFO rally.task.engine [-] Full duration is: 13.858509
2019-07-12 07:35:39.018 16 INFO rally.task.engine [-] Running workload: position = 0 config = { "version": 2, "title": "A cropped version of a bigger task.", "description": "Auto-generated task from a single workload (uuid=5e80b163-a0fb-4f87-b954-d6d51e6235b8)", "subtasks": [ { "title": "Authenticate.validate_heat", "description": "Check Heat Client to ensure validation of token.", "scenario": { "Authenticate.validate_heat": { "repetitions": 2 } }, "contexts": { "users": { "tenants": 3, "users_per_tenant": 2 } }, "runner": { "constant": { "concurrency": 4, "times": 10 } }, "hooks": [], "sla": { "failure_rate": { "max": 0 } } } ] }
2019-07-12 07:35:39.036 16 RALLYDEBUG rally_openstack.contexts.keystone.users [-] Creating 3 tenants using 20 threads
2019-07-12 07:35:40.796 16 RALLYDEBUG rally_openstack.contexts.keystone.users [-] Creating 6 users using 20 threads
2019-07-12 07:35:43.555 16 INFO rally.task.context [-] Task 856bfc6c-acb3-4de6-91ea-98838f98e43f | Context users@openstack setup() finished in 4.52 sec
2019-07-12 07:35:43.564 16 RALLYDEBUG rally.task.runner [-] Starting the constant runner (task UUID: 856bfc6c-acb3-4de6-91ea-98838f98e43f). timeout: 0 concurrency: 4 concurrency_per_worker: 1 times: 10 concurrency_overhead: 0 processes_to_start: 4 max_cpu_used: 16
2019-07-12 07:35:43.576 452 RALLYDEBUG rally.task.runner [-] Starting a worker. concurrency: 1 args: {"repetitions": 2} times: 10 method_name: run timeout: 0 duration: None cls:
2019-07-12 07:35:43.579 453 RALLYDEBUG rally.task.runner [-] Starting a worker. concurrency: 1 args: {"repetitions": 2} times: 10 method_name: run timeout: 0 duration: None cls:
2019-07-12 07:35:43.582 454 RALLYDEBUG rally.task.runner [-] Starting a worker. concurrency: 1 args: {"repetitions": 2} times: 10 method_name: run timeout: 0 duration: None cls:
2019-07-12 07:35:43.583 452 INFO rally.task.runner [-] Task 856bfc6c-acb3-4de6-91ea-98838f98e43f | ITER: 1 START
2019-07-12 07:35:43.585 455 RALLYDEBUG rally.task.runner [-] Starting a worker. concurrency: 1 args: {"repetitions": 2} times: 10 method_name: run timeout: 0 duration: None cls:
2019-07-12 07:35:43.586 453 INFO rally.task.runner [-] Task 856bfc6c-acb3-4de6-91ea-98838f98e43f | ITER: 2 START
2019-07-12 07:35:43.588 454 INFO rally.task.runner [-] Task 856bfc6c-acb3-4de6-91ea-98838f98e43f | ITER: 3 START
2019-07-12 07:35:43.590 455 INFO rally.task.runner [-] Task 856bfc6c-acb3-4de6-91ea-98838f98e43f | ITER: 4 START
2019-07-12 07:35:45.195 455 INFO rally.task.runner [-] Task 856bfc6c-acb3-4de6-91ea-98838f98e43f | ITER: 4 END: OK
2019-07-12 07:35:45.198 455 INFO rally.task.runner [-] Task 856bfc6c-acb3-4de6-91ea-98838f98e43f | ITER: 5 START
2019-07-12 07:35:45.516 454 INFO rally.task.runner [-] Task 856bfc6c-acb3-4de6-91ea-98838f98e43f | ITER: 3 END: OK
2019-07-12 07:35:45.520 454 INFO rally.task.runner [-] Task 856bfc6c-acb3-4de6-91ea-98838f98e43f | ITER: 6 START
2019-07-12 07:35:45.566 453 INFO rally.task.runner [-] Task 856bfc6c-acb3-4de6-91ea-98838f98e43f | ITER: 2 END: OK
2019-07-12 07:35:45.571 453 INFO rally.task.runner [-] Task 856bfc6c-acb3-4de6-91ea-98838f98e43f | ITER: 7 START
2019-07-12 07:35:45.575 452 INFO rally.task.runner [-] Task 856bfc6c-acb3-4de6-91ea-98838f98e43f | ITER: 1 END: OK
2019-07-12 07:35:45.579 452 INFO rally.task.runner [-] Task 856bfc6c-acb3-4de6-91ea-98838f98e43f | ITER: 8 START
2019-07-12 07:35:46.602 455 INFO rally.task.runner [-] Task 856bfc6c-acb3-4de6-91ea-98838f98e43f | ITER: 5 END: OK
2019-07-12 07:35:46.605 455 INFO rally.task.runner [-] Task 856bfc6c-acb3-4de6-91ea-98838f98e43f | ITER: 9 START
2019-07-12 07:35:46.956 452 INFO rally.task.runner [-] Task 856bfc6c-acb3-4de6-91ea-98838f98e43f | ITER: 8 END: OK
2019-07-12 07:35:46.959 452 INFO rally.task.runner [-] Task 856bfc6c-acb3-4de6-91ea-98838f98e43f | ITER: 10 START
2019-07-12 07:35:46.966 453 INFO rally.task.runner [-] Task 856bfc6c-acb3-4de6-91ea-98838f98e43f | ITER: 7 END: OK
2019-07-12 07:35:47.355 454 INFO rally.task.runner [-] Task 856bfc6c-acb3-4de6-91ea-98838f98e43f | ITER: 6 END: OK
2019-07-12 07:35:47.567 455 INFO rally.task.runner [-] Task 856bfc6c-acb3-4de6-91ea-98838f98e43f | ITER: 9 END: OK
2019-07-12 07:35:47.820 452 INFO rally.task.runner [-] Task 856bfc6c-acb3-4de6-91ea-98838f98e43f | ITER: 10 END: OK
2019-07-12 07:35:47.848 16 INFO rally.task.context [-] Task 856bfc6c-acb3-4de6-91ea-98838f98e43f | Context users@openstack cleanup() started
2019-07-12 07:35:54.428 16 INFO rally.task.context [-] Task 856bfc6c-acb3-4de6-91ea-98838f98e43f | Context users@openstack cleanup() finished in 6.58 sec
2019-07-12 07:35:55.137 16 INFO rally.task.engine [-] Load duration is: 4.234381
2019-07-12 07:35:55.138 16 INFO rally.task.engine [-] Full runner duration is: 4.285343
2019-07-12 07:35:55.138 16 INFO rally.task.engine [-] Full duration is: 15.392848
2019-07-12 07:35:55.379 16 INFO rally.task.engine [-] Running workload: position = 0 config = { "version": 2, "title": "A cropped version of a bigger task.", "description": "Auto-generated task from a single workload (uuid=c315299d-7a43-4090-a043-7da8cc1ea77b)", "subtasks": [ { "title": "Authenticate.validate_neutron", "description": "Check Neutron Client to ensure validation of token.", "scenario": { "Authenticate.validate_neutron": { "repetitions": 2 } }, "contexts": { "users": { "tenants": 3, "users_per_tenant": 2 } }, "runner": { "constant": { "concurrency": 4, "times": 10 } }, "hooks": [], "sla": { "failure_rate": { "max": 0 } } } ] }
2019-07-12 07:35:55.402 16 RALLYDEBUG rally_openstack.contexts.keystone.users [-] Creating 3 tenants using 20 threads
2019-07-12 07:35:57.164 16 RALLYDEBUG rally_openstack.contexts.keystone.users [-] Creating 6 users using 20 threads
2019-07-12 07:35:59.840 16 INFO rally.task.context [-] Task 856bfc6c-acb3-4de6-91ea-98838f98e43f | Context users@openstack setup() finished in 4.44 sec
2019-07-12 07:35:59.848 16 RALLYDEBUG rally.task.runner [-] Starting the constant runner (task UUID: 856bfc6c-acb3-4de6-91ea-98838f98e43f). timeout: 0 concurrency: 4 concurrency_per_worker: 1 times: 10 concurrency_overhead: 0 processes_to_start: 4 max_cpu_used: 16
2019-07-12 07:35:59.861 556 RALLYDEBUG rally.task.runner [-] Starting a worker. concurrency: 1 args: {"repetitions": 2} times: 10 method_name: run timeout: 0 duration: None cls:
2019-07-12 07:35:59.863 557 RALLYDEBUG rally.task.runner [-] Starting a worker. concurrency: 1 args: {"repetitions": 2} times: 10 method_name: run timeout: 0 duration: None cls:
2019-07-12 07:35:59.865 558 RALLYDEBUG rally.task.runner [-] Starting a worker. concurrency: 1 args: {"repetitions": 2} times: 10 method_name: run timeout: 0 duration: None cls:
2019-07-12 07:35:59.868 556 INFO rally.task.runner [-] Task 856bfc6c-acb3-4de6-91ea-98838f98e43f | ITER: 1 START
2019-07-12 07:35:59.869 559 RALLYDEBUG rally.task.runner [-] Starting a worker. concurrency: 1 args: {"repetitions": 2} times: 10 method_name: run timeout: 0 duration: None cls:
2019-07-12 07:35:59.870 557 INFO rally.task.runner [-] Task 856bfc6c-acb3-4de6-91ea-98838f98e43f | ITER: 2 START
2019-07-12 07:35:59.871 558 INFO rally.task.runner [-] Task 856bfc6c-acb3-4de6-91ea-98838f98e43f | ITER: 3 START
2019-07-12 07:35:59.874 559 INFO rally.task.runner [-] Task 856bfc6c-acb3-4de6-91ea-98838f98e43f | ITER: 4 START
2019-07-12 07:36:00.772 559 INFO rally.task.runner [-] Task 856bfc6c-acb3-4de6-91ea-98838f98e43f | ITER: 4 END: OK
2019-07-12 07:36:00.774 557 INFO rally.task.runner [-] Task 856bfc6c-acb3-4de6-91ea-98838f98e43f | ITER: 2 END: OK
2019-07-12 07:36:00.777 559 INFO rally.task.runner [-] Task 856bfc6c-acb3-4de6-91ea-98838f98e43f | ITER: 5 START
2019-07-12 07:36:00.779 557 INFO rally.task.runner [-] Task 856bfc6c-acb3-4de6-91ea-98838f98e43f | ITER: 6 START
2019-07-12 07:36:01.081 556 INFO rally.task.runner [-] Task 856bfc6c-acb3-4de6-91ea-98838f98e43f | ITER: 1 END: OK
2019-07-12 07:36:01.087 556 INFO rally.task.runner [-] Task 856bfc6c-acb3-4de6-91ea-98838f98e43f | ITER: 7 START
2019-07-12 07:36:01.098 558 INFO rally.task.runner [-] Task 856bfc6c-acb3-4de6-91ea-98838f98e43f | ITER: 3 END: OK
2019-07-12 07:36:01.103 558 INFO rally.task.runner [-] Task 856bfc6c-acb3-4de6-91ea-98838f98e43f | ITER: 8 START
2019-07-12 07:36:01.700 559 INFO rally.task.runner [-] Task 856bfc6c-acb3-4de6-91ea-98838f98e43f | ITER: 5 END: OK
2019-07-12 07:36:01.704 559 INFO rally.task.runner [-] Task 856bfc6c-acb3-4de6-91ea-98838f98e43f | ITER: 9 START
2019-07-12 07:36:01.711 557 INFO rally.task.runner [-] Task 856bfc6c-acb3-4de6-91ea-98838f98e43f | ITER: 6 END: OK
2019-07-12 07:36:01.714 557 INFO rally.task.runner [-] Task 856bfc6c-acb3-4de6-91ea-98838f98e43f | ITER: 10 START
2019-07-12 07:36:02.229 558 INFO rally.task.runner [-] Task 856bfc6c-acb3-4de6-91ea-98838f98e43f | ITER: 8 END: OK
2019-07-12 07:36:02.245 556 INFO rally.task.runner [-] Task 856bfc6c-acb3-4de6-91ea-98838f98e43f | ITER: 7 END: OK
2019-07-12 07:36:02.517 559 INFO rally.task.runner [-] Task 856bfc6c-acb3-4de6-91ea-98838f98e43f | ITER: 9 END: OK
2019-07-12 07:36:02.791 557 INFO rally.task.runner [-] Task 856bfc6c-acb3-4de6-91ea-98838f98e43f | ITER: 10 END: OK
2019-07-12 07:36:02.811 16 INFO rally.task.context [-] Task 856bfc6c-acb3-4de6-91ea-98838f98e43f | Context users@openstack cleanup() started
2019-07-12 07:36:09.191 16 INFO rally.task.context [-] Task 856bfc6c-acb3-4de6-91ea-98838f98e43f | Context users@openstack cleanup() finished in 6.38 sec
2019-07-12 07:36:09.481 16 INFO rally.task.engine [-] Load duration is: 2.921744
2019-07-12 07:36:09.481 16 INFO rally.task.engine [-] Full runner duration is: 2.963326
2019-07-12 07:36:09.482 16 INFO rally.task.engine [-] Full duration is: 13.790546
2019-07-12 07:36:09.695 16 INFO rally.task.engine [-] Running workload: position = 0 config = { "version": 2, "title": "A cropped version of a bigger task.", "description": "Auto-generated task from a single workload (uuid=4744b8eb-e1ff-4ca3-9b3f-346c7a1225ec)", "subtasks": [ { "title": "Authenticate.validate_nova", "description": "Check Nova Client to ensure validation of token.", "scenario": { "Authenticate.validate_nova": { "repetitions": 2 } }, "contexts": { "users": { "tenants": 3, "users_per_tenant": 2 } }, "runner": { "constant": { "concurrency": 4, "times": 10 } }, "hooks": [], "sla": { "failure_rate": { "max": 0 } } } ] }
2019-07-12 07:36:09.717 16 RALLYDEBUG rally_openstack.contexts.keystone.users [-] Creating 3 tenants using 20 threads
2019-07-12 07:36:11.460 16 RALLYDEBUG rally_openstack.contexts.keystone.users [-] Creating 6 users using 20 threads
2019-07-12 07:36:14.153 16 INFO rally.task.context [-] Task 856bfc6c-acb3-4de6-91ea-98838f98e43f | Context users@openstack setup() finished in 4.44 sec
2019-07-12 07:36:14.160 16 RALLYDEBUG rally.task.runner [-] Starting the constant runner (task UUID: 856bfc6c-acb3-4de6-91ea-98838f98e43f). timeout: 0 concurrency: 4 concurrency_per_worker: 1 times: 10 concurrency_overhead: 0 processes_to_start: 4 max_cpu_used: 16
2019-07-12 07:36:14.171 660 RALLYDEBUG rally.task.runner [-] Starting a worker. concurrency: 1 args: {"repetitions": 2} times: 10 method_name: run timeout: 0 duration: None cls:
2019-07-12 07:36:14.174 661 RALLYDEBUG rally.task.runner [-] Starting a worker. concurrency: 1 args: {"repetitions": 2} times: 10 method_name: run timeout: 0 duration: None cls:
2019-07-12 07:36:14.176 662 RALLYDEBUG rally.task.runner [-] Starting a worker. concurrency: 1 args: {"repetitions": 2} times: 10 method_name: run timeout: 0 duration: None cls:
2019-07-12 07:36:14.178 660 INFO rally.task.runner [-] Task 856bfc6c-acb3-4de6-91ea-98838f98e43f | ITER: 1 START
2019-07-12 07:36:14.180 661 INFO rally.task.runner [-] Task 856bfc6c-acb3-4de6-91ea-98838f98e43f | ITER: 2 START
2019-07-12 07:36:14.180 663 RALLYDEBUG rally.task.runner [-] Starting a worker. concurrency: 1 args: {"repetitions": 2} times: 10 method_name: run timeout: 0 duration: None cls:
2019-07-12 07:36:14.181 662 INFO rally.task.runner [-] Task 856bfc6c-acb3-4de6-91ea-98838f98e43f | ITER: 3 START
2019-07-12 07:36:14.185 663 INFO rally.task.runner [-] Task 856bfc6c-acb3-4de6-91ea-98838f98e43f | ITER: 4 START
2019-07-12 07:36:14.663 660 DEBUG novaclient.v2.client [-] REQ: curl -g -i -X GET http://172.30.9.40:8774/v2.1/flavors/detail -H "Accept: application/json" -H "User-Agent: python-novaclient" -H "X-Auth-Token: {SHA1}f525e7916984fff846b4a63f737d88a21ccd1524" _http_log_request /usr/lib/python2.7/site-packages/keystoneauth1/session.py:448
2019-07-12 07:36:14.673 662 DEBUG novaclient.v2.client [-] REQ: curl -g -i -X GET http://172.30.9.40:8774/v2.1/flavors/detail -H "Accept: application/json" -H "User-Agent: python-novaclient" -H "X-Auth-Token: {SHA1}4036206ce5d60b10e689d32c06f442a0e69a83b5" _http_log_request /usr/lib/python2.7/site-packages/keystoneauth1/session.py:448
2019-07-12 07:36:14.688 661 DEBUG novaclient.v2.client [-] REQ: curl -g -i -X GET http://172.30.9.40:8774/v2.1/flavors/detail -H "Accept: application/json" -H "User-Agent: python-novaclient" -H "X-Auth-Token: {SHA1}d76b97f5889bacc6224aab9b29e1409814f17837" _http_log_request /usr/lib/python2.7/site-packages/keystoneauth1/session.py:448
2019-07-12 07:36:14.693 663 DEBUG novaclient.v2.client [-] REQ: curl -g -i -X GET http://172.30.9.40:8774/v2.1/flavors/detail -H "Accept: application/json" -H "User-Agent: python-novaclient" -H "X-Auth-Token: {SHA1}a749f10a231eb72b8c5031662a06c8677360fcb4" _http_log_request /usr/lib/python2.7/site-packages/keystoneauth1/session.py:448
2019-07-12 07:36:14.973 660 DEBUG novaclient.v2.client [-] RESP: [200] Content-Encoding: gzip Content-Length: 364 Content-Type: application/json Date: Fri, 12 Jul 2019 07:36:14 GMT OpenStack-API-Version: compute 2.1 Server: Apache Vary: OpenStack-API-Version,X-OpenStack-Nova-API-Version,Accept-Encoding X-OpenStack-Nova-API-Version: 2.1 x-compute-request-id: req-13c0858f-492f-4851-bf0a-30ddc4110c89 x-openstack-request-id: req-13c0858f-492f-4851-bf0a-30ddc4110c89 _http_log_response /usr/lib/python2.7/site-packages/keystoneauth1/session.py:479
2019-07-12 07:36:14.974 660 DEBUG novaclient.v2.client [-] RESP BODY: {"flavors": [{"name": "rally_full-flavor_81d2bd4a-39e7-4639-8f24-3d75edab9ccd", "links": [{"href": "http://172.30.9.40:8774/v2.1/flavors/76440b64-6eed-462b-920a-21fd74b69ede", "rel": "self"}, {"href": "http://172.30.9.40:8774/flavors/76440b64-6eed-462b-920a-21fd74b69ede", "rel": "bookmark"}], "ram": 512, "OS-FLV-DISABLED:disabled": false, "vcpus": 1, "swap": "", "os-flavor-access:is_public": true, "rxtx_factor": 1.0, "OS-FLV-EXT-DATA:ephemeral": 0, "disk": 1, "id": "76440b64-6eed-462b-920a-21fd74b69ede"}, {"name": "rally_full-flavor_alt_81d2bd4a-39e7-4639-8f24-3d75edab9ccd", "links": [{"href": "http://172.30.9.40:8774/v2.1/flavors/9f10fb66-3716-4b7b-949d-c885d82ca16c", "rel": "self"}, {"href": "http://172.30.9.40:8774/flavors/9f10fb66-3716-4b7b-949d-c885d82ca16c", "rel": "bookmark"}], "ram": 1024, "OS-FLV-DISABLED:disabled": false, "vcpus": 1, "swap": "", "os-flavor-access:is_public": true, "rxtx_factor": 1.0, "OS-FLV-EXT-DATA:ephemeral": 0, "disk": 1, "id": "9f10fb66-3716-4b7b-949d-c885d82ca16c"}]} _http_log_response /usr/lib/python2.7/site-packages/keystoneauth1/session.py:511
2019-07-12 07:36:14.975 660 DEBUG novaclient.v2.client [-] GET call to compute for http://172.30.9.40:8774/v2.1/flavors/detail used request id req-13c0858f-492f-4851-bf0a-30ddc4110c89 request /usr/lib/python2.7/site-packages/keystoneauth1/session.py:844
2019-07-12 07:36:14.976 660 DEBUG novaclient.v2.client [-] REQ: curl -g -i -X GET http://172.30.9.40:8774/v2.1/flavors/detail -H "Accept: application/json" -H "User-Agent: python-novaclient" -H "X-Auth-Token: {SHA1}f525e7916984fff846b4a63f737d88a21ccd1524" _http_log_request /usr/lib/python2.7/site-packages/keystoneauth1/session.py:448
2019-07-12 07:36:14.980 661 DEBUG novaclient.v2.client [-] RESP: [200] Content-Encoding: gzip Content-Length: 364 Content-Type: application/json Date: Fri, 12 Jul 2019 07:36:14 GMT OpenStack-API-Version: compute 2.1 Server: Apache Vary: OpenStack-API-Version,X-OpenStack-Nova-API-Version,Accept-Encoding X-OpenStack-Nova-API-Version: 2.1 x-compute-request-id: req-4b57a1b4-b638-4397-abf8-f3746ae7423e x-openstack-request-id: req-4b57a1b4-b638-4397-abf8-f3746ae7423e _http_log_response /usr/lib/python2.7/site-packages/keystoneauth1/session.py:479
2019-07-12 07:36:14.981 661 DEBUG novaclient.v2.client [-] RESP BODY: {"flavors": [{"name": "rally_full-flavor_81d2bd4a-39e7-4639-8f24-3d75edab9ccd", "links": [{"href": "http://172.30.9.40:8774/v2.1/flavors/76440b64-6eed-462b-920a-21fd74b69ede", "rel": "self"}, {"href": "http://172.30.9.40:8774/flavors/76440b64-6eed-462b-920a-21fd74b69ede", "rel": "bookmark"}], "ram": 512, "OS-FLV-DISABLED:disabled": false, "vcpus": 1, "swap": "", "os-flavor-access:is_public": true, "rxtx_factor": 1.0, "OS-FLV-EXT-DATA:ephemeral": 0, "disk": 1, "id": "76440b64-6eed-462b-920a-21fd74b69ede"}, {"name": "rally_full-flavor_alt_81d2bd4a-39e7-4639-8f24-3d75edab9ccd", "links": [{"href": "http://172.30.9.40:8774/v2.1/flavors/9f10fb66-3716-4b7b-949d-c885d82ca16c", "rel": "self"}, {"href": "http://172.30.9.40:8774/flavors/9f10fb66-3716-4b7b-949d-c885d82ca16c", "rel": "bookmark"}], "ram": 1024, "OS-FLV-DISABLED:disabled": false, "vcpus": 1, "swap": "", "os-flavor-access:is_public": true, "rxtx_factor": 1.0, "OS-FLV-EXT-DATA:ephemeral": 0, "disk": 1, "id": "9f10fb66-3716-4b7b-949d-c885d82ca16c"}]} _http_log_response /usr/lib/python2.7/site-packages/keystoneauth1/session.py:511
2019-07-12 07:36:14.981 661 DEBUG novaclient.v2.client [-] GET call to compute for http://172.30.9.40:8774/v2.1/flavors/detail used request id req-4b57a1b4-b638-4397-abf8-f3746ae7423e request /usr/lib/python2.7/site-packages/keystoneauth1/session.py:844
2019-07-12 07:36:14.982 661 DEBUG novaclient.v2.client [-] REQ: curl -g -i -X GET http://172.30.9.40:8774/v2.1/flavors/detail -H "Accept: application/json" -H "User-Agent: python-novaclient" -H "X-Auth-Token: {SHA1}d76b97f5889bacc6224aab9b29e1409814f17837" _http_log_request /usr/lib/python2.7/site-packages/keystoneauth1/session.py:448
2019-07-12 07:36:14.985 663 DEBUG novaclient.v2.client [-] RESP: [200] Content-Encoding: gzip Content-Length: 364 Content-Type: application/json Date: Fri, 12 Jul 2019 07:36:14 GMT OpenStack-API-Version: compute 2.1 Server: Apache Vary: OpenStack-API-Version,X-OpenStack-Nova-API-Version,Accept-Encoding X-OpenStack-Nova-API-Version: 2.1 x-compute-request-id: req-28fa8035-5950-41ba-81d3-037f3af014c8 x-openstack-request-id: req-28fa8035-5950-41ba-81d3-037f3af014c8 _http_log_response /usr/lib/python2.7/site-packages/keystoneauth1/session.py:479
2019-07-12 07:36:14.986 663 DEBUG novaclient.v2.client [-] RESP BODY: {"flavors": [{"name": "rally_full-flavor_81d2bd4a-39e7-4639-8f24-3d75edab9ccd", "links": [{"href": "http://172.30.9.40:8774/v2.1/flavors/76440b64-6eed-462b-920a-21fd74b69ede", "rel": "self"}, {"href": "http://172.30.9.40:8774/flavors/76440b64-6eed-462b-920a-21fd74b69ede", "rel": "bookmark"}], "ram": 512, "OS-FLV-DISABLED:disabled": false, "vcpus": 1, "swap": "", "os-flavor-access:is_public": true, "rxtx_factor": 1.0, "OS-FLV-EXT-DATA:ephemeral": 0, "disk": 1, "id": "76440b64-6eed-462b-920a-21fd74b69ede"}, {"name": "rally_full-flavor_alt_81d2bd4a-39e7-4639-8f24-3d75edab9ccd", "links": [{"href": "http://172.30.9.40:8774/v2.1/flavors/9f10fb66-3716-4b7b-949d-c885d82ca16c", "rel": "self"}, {"href": "http://172.30.9.40:8774/flavors/9f10fb66-3716-4b7b-949d-c885d82ca16c", "rel": "bookmark"}], "ram": 1024, "OS-FLV-DISABLED:disabled": false, "vcpus": 1, "swap": "", "os-flavor-access:is_public": true, "rxtx_factor": 1.0, "OS-FLV-EXT-DATA:ephemeral": 0, "disk": 1, "id": "9f10fb66-3716-4b7b-949d-c885d82ca16c"}]} _http_log_response /usr/lib/python2.7/site-packages/keystoneauth1/session.py:511
2019-07-12 07:36:14.986 663 DEBUG novaclient.v2.client [-] GET call to compute for http://172.30.9.40:8774/v2.1/flavors/detail used request id req-28fa8035-5950-41ba-81d3-037f3af014c8 request /usr/lib/python2.7/site-packages/keystoneauth1/session.py:844
2019-07-12 07:36:14.987 663 DEBUG novaclient.v2.client [-] REQ: curl -g -i -X GET http://172.30.9.40:8774/v2.1/flavors/detail -H "Accept: application/json" -H "User-Agent: python-novaclient" -H "X-Auth-Token: {SHA1}a749f10a231eb72b8c5031662a06c8677360fcb4" _http_log_request /usr/lib/python2.7/site-packages/keystoneauth1/session.py:448
2019-07-12 07:36:14.999 660 DEBUG novaclient.v2.client [-] RESP: [200] Content-Encoding: gzip Content-Length: 364 Content-Type: application/json Date: Fri, 12 Jul 2019 07:36:15 GMT OpenStack-API-Version: compute 2.1 Server: Apache Vary: OpenStack-API-Version,X-OpenStack-Nova-API-Version,Accept-Encoding X-OpenStack-Nova-API-Version: 2.1 x-compute-request-id: req-e9c81f03-6890-4c42-ae3d-afb70b77b195 x-openstack-request-id: req-e9c81f03-6890-4c42-ae3d-afb70b77b195 _http_log_response /usr/lib/python2.7/site-packages/keystoneauth1/session.py:479
2019-07-12 07:36:14.999 660 DEBUG novaclient.v2.client [-] RESP BODY: {"flavors": [{"name": "rally_full-flavor_81d2bd4a-39e7-4639-8f24-3d75edab9ccd", "links": [{"href": "http://172.30.9.40:8774/v2.1/flavors/76440b64-6eed-462b-920a-21fd74b69ede", "rel": "self"}, {"href": "http://172.30.9.40:8774/flavors/76440b64-6eed-462b-920a-21fd74b69ede", "rel": "bookmark"}], "ram": 512, "OS-FLV-DISABLED:disabled": false, "vcpus": 1, "swap": "", "os-flavor-access:is_public": true, "rxtx_factor": 1.0, "OS-FLV-EXT-DATA:ephemeral": 0, "disk": 1, "id": "76440b64-6eed-462b-920a-21fd74b69ede"}, {"name": "rally_full-flavor_alt_81d2bd4a-39e7-4639-8f24-3d75edab9ccd", "links": [{"href": "http://172.30.9.40:8774/v2.1/flavors/9f10fb66-3716-4b7b-949d-c885d82ca16c", "rel": "self"}, {"href": "http://172.30.9.40:8774/flavors/9f10fb66-3716-4b7b-949d-c885d82ca16c", "rel": "bookmark"}], "ram": 1024, "OS-FLV-DISABLED:disabled": false, "vcpus": 1, "swap": "", "os-flavor-access:is_public": true, "rxtx_factor": 1.0, "OS-FLV-EXT-DATA:ephemeral": 0, "disk": 1, "id": "9f10fb66-3716-4b7b-949d-c885d82ca16c"}]} _http_log_response /usr/lib/python2.7/site-packages/keystoneauth1/session.py:511
2019-07-12 07:36:14.999 660 DEBUG novaclient.v2.client [-] GET call to compute for http://172.30.9.40:8774/v2.1/flavors/detail used request id req-e9c81f03-6890-4c42-ae3d-afb70b77b195 request /usr/lib/python2.7/site-packages/keystoneauth1/session.py:844
2019-07-12 07:36:15.000 660 INFO rally.task.runner [-] Task 856bfc6c-acb3-4de6-91ea-98838f98e43f | ITER: 1 END: OK
2019-07-12 07:36:15.003 660 INFO rally.task.runner [-] Task 856bfc6c-acb3-4de6-91ea-98838f98e43f | ITER: 5 START
2019-07-12 07:36:15.004 661 DEBUG novaclient.v2.client [-] RESP: [200] Content-Encoding: gzip Content-Length: 364 Content-Type: application/json Date: Fri, 12 Jul 2019 07:36:15 GMT OpenStack-API-Version: compute 2.1 Server: Apache Vary: OpenStack-API-Version,X-OpenStack-Nova-API-Version,Accept-Encoding X-OpenStack-Nova-API-Version: 2.1 x-compute-request-id: req-a61ed722-3c03-400b-a969-e545cf01e0bd x-openstack-request-id: req-a61ed722-3c03-400b-a969-e545cf01e0bd _http_log_response /usr/lib/python2.7/site-packages/keystoneauth1/session.py:479
2019-07-12 07:36:15.005 661 DEBUG novaclient.v2.client [-] RESP BODY: {"flavors": [{"name": "rally_full-flavor_81d2bd4a-39e7-4639-8f24-3d75edab9ccd", "links": [{"href": "http://172.30.9.40:8774/v2.1/flavors/76440b64-6eed-462b-920a-21fd74b69ede", "rel": "self"}, {"href": "http://172.30.9.40:8774/flavors/76440b64-6eed-462b-920a-21fd74b69ede", "rel": "bookmark"}], "ram": 512, "OS-FLV-DISABLED:disabled": false, "vcpus": 1, "swap": "", "os-flavor-access:is_public": true, "rxtx_factor": 1.0, "OS-FLV-EXT-DATA:ephemeral": 0, "disk": 1, "id": "76440b64-6eed-462b-920a-21fd74b69ede"}, {"name": "rally_full-flavor_alt_81d2bd4a-39e7-4639-8f24-3d75edab9ccd", "links": [{"href": "http://172.30.9.40:8774/v2.1/flavors/9f10fb66-3716-4b7b-949d-c885d82ca16c", "rel": "self"}, {"href": "http://172.30.9.40:8774/flavors/9f10fb66-3716-4b7b-949d-c885d82ca16c", "rel": "bookmark"}], "ram": 1024, "OS-FLV-DISABLED:disabled": false, "vcpus": 1, "swap": "", "os-flavor-access:is_public": true, "rxtx_factor": 1.0, "OS-FLV-EXT-DATA:ephemeral": 0, "disk": 1, "id": "9f10fb66-3716-4b7b-949d-c885d82ca16c"}]} _http_log_response /usr/lib/python2.7/site-packages/keystoneauth1/session.py:511
2019-07-12 07:36:15.005 661 DEBUG novaclient.v2.client [-] GET call to compute for http://172.30.9.40:8774/v2.1/flavors/detail used request id req-a61ed722-3c03-400b-a969-e545cf01e0bd request /usr/lib/python2.7/site-packages/keystoneauth1/session.py:844
2019-07-12 07:36:15.006 661 INFO rally.task.runner [-] Task 856bfc6c-acb3-4de6-91ea-98838f98e43f | ITER: 2 END: OK
2019-07-12 07:36:15.007 663 DEBUG novaclient.v2.client [-] RESP: [200] Content-Encoding: gzip Content-Length: 364 Content-Type: application/json Date: Fri, 12 Jul 2019 07:36:15 GMT OpenStack-API-Version: compute 2.1 Server: Apache Vary: OpenStack-API-Version,X-OpenStack-Nova-API-Version,Accept-Encoding X-OpenStack-Nova-API-Version: 2.1 x-compute-request-id: req-d895542a-de98-47dd-9bd1-0f94381eb621 x-openstack-request-id: req-d895542a-de98-47dd-9bd1-0f94381eb621 _http_log_response /usr/lib/python2.7/site-packages/keystoneauth1/session.py:479
2019-07-12 07:36:15.008 663 DEBUG novaclient.v2.client [-] RESP BODY: {"flavors": [{"name": "rally_full-flavor_81d2bd4a-39e7-4639-8f24-3d75edab9ccd", "links": [{"href": "http://172.30.9.40:8774/v2.1/flavors/76440b64-6eed-462b-920a-21fd74b69ede", "rel": "self"}, {"href": "http://172.30.9.40:8774/flavors/76440b64-6eed-462b-920a-21fd74b69ede", "rel": "bookmark"}], "ram": 512, "OS-FLV-DISABLED:disabled": false, "vcpus": 1, "swap": "", "os-flavor-access:is_public": true, "rxtx_factor": 1.0, "OS-FLV-EXT-DATA:ephemeral": 0, "disk": 1, "id": "76440b64-6eed-462b-920a-21fd74b69ede"}, {"name": "rally_full-flavor_alt_81d2bd4a-39e7-4639-8f24-3d75edab9ccd", "links": [{"href": "http://172.30.9.40:8774/v2.1/flavors/9f10fb66-3716-4b7b-949d-c885d82ca16c", "rel": "self"}, {"href": "http://172.30.9.40:8774/flavors/9f10fb66-3716-4b7b-949d-c885d82ca16c", "rel": "bookmark"}], "ram": 1024, "OS-FLV-DISABLED:disabled": false, "vcpus": 1, "swap": "", "os-flavor-access:is_public": true, "rxtx_factor": 1.0, "OS-FLV-EXT-DATA:ephemeral": 0, "disk": 1, "id": "9f10fb66-3716-4b7b-949d-c885d82ca16c"}]} _http_log_response /usr/lib/python2.7/site-packages/keystoneauth1/session.py:511
2019-07-12 07:36:15.008 663 DEBUG novaclient.v2.client [-] GET call to compute for http://172.30.9.40:8774/v2.1/flavors/detail used request id req-d895542a-de98-47dd-9bd1-0f94381eb621 request /usr/lib/python2.7/site-packages/keystoneauth1/session.py:844
2019-07-12 07:36:15.008 661 INFO rally.task.runner [-] Task 856bfc6c-acb3-4de6-91ea-98838f98e43f | ITER: 6 START
2019-07-12 07:36:15.008 663 INFO rally.task.runner [-] Task 856bfc6c-acb3-4de6-91ea-98838f98e43f | ITER: 4 END: OK
2019-07-12 07:36:15.011 663 INFO rally.task.runner [-] Task 856bfc6c-acb3-4de6-91ea-98838f98e43f | ITER: 7 START
2019-07-12 07:36:15.072 662 DEBUG novaclient.v2.client [-] RESP: [200] Content-Encoding: gzip Content-Length: 364 Content-Type: application/json Date: Fri, 12 Jul 2019 07:36:14 GMT OpenStack-API-Version: compute 2.1 Server: Apache Vary: OpenStack-API-Version,X-OpenStack-Nova-API-Version,Accept-Encoding X-OpenStack-Nova-API-Version: 2.1 x-compute-request-id: req-c364a657-abc2-4d7e-ad5d-84939a42b69a x-openstack-request-id: req-c364a657-abc2-4d7e-ad5d-84939a42b69a _http_log_response /usr/lib/python2.7/site-packages/keystoneauth1/session.py:479
2019-07-12 07:36:15.073 662 DEBUG novaclient.v2.client [-] RESP BODY: {"flavors": [{"name": "rally_full-flavor_81d2bd4a-39e7-4639-8f24-3d75edab9ccd", "links": [{"href": "http://172.30.9.40:8774/v2.1/flavors/76440b64-6eed-462b-920a-21fd74b69ede", "rel": "self"}, {"href": "http://172.30.9.40:8774/flavors/76440b64-6eed-462b-920a-21fd74b69ede", "rel": "bookmark"}], "ram": 512, "OS-FLV-DISABLED:disabled": false, "vcpus": 1, "swap": "", "os-flavor-access:is_public": true, "rxtx_factor": 1.0, "OS-FLV-EXT-DATA:ephemeral": 0, "disk": 1, "id": "76440b64-6eed-462b-920a-21fd74b69ede"}, {"name": "rally_full-flavor_alt_81d2bd4a-39e7-4639-8f24-3d75edab9ccd", "links": [{"href": "http://172.30.9.40:8774/v2.1/flavors/9f10fb66-3716-4b7b-949d-c885d82ca16c", "rel": "self"}, {"href": "http://172.30.9.40:8774/flavors/9f10fb66-3716-4b7b-949d-c885d82ca16c", "rel": "bookmark"}], "ram": 1024, "OS-FLV-DISABLED:disabled": false, "vcpus": 1, "swap": "", "os-flavor-access:is_public": true, "rxtx_factor": 1.0, "OS-FLV-EXT-DATA:ephemeral": 0, "disk": 1, "id": "9f10fb66-3716-4b7b-949d-c885d82ca16c"}]} _http_log_response /usr/lib/python2.7/site-packages/keystoneauth1/session.py:511
2019-07-12 07:36:15.073 662 DEBUG novaclient.v2.client [-] GET call to compute for http://172.30.9.40:8774/v2.1/flavors/detail used request id req-c364a657-abc2-4d7e-ad5d-84939a42b69a request /usr/lib/python2.7/site-packages/keystoneauth1/session.py:844
