2019-07-12 07:55:24.367 1842 DEBUG novaclient.v2.client [-] RESP BODY: {"keypairs": []} _http_log_response /usr/lib/python2.7/site-packages/keystoneauth1/session.py:511
2019-07-12 07:55:24.368 1842 DEBUG novaclient.v2.client [-] GET call to compute for http://172.30.9.40:8774/v2.1/os-keypairs used request id req-a4e23fcf-75ae-46c8-994f-a4949891533a request /usr/lib/python2.7/site-packages/keystoneauth1/session.py:844
2019-07-12 07:55:24.783 1842 DEBUG novaclient.v2.client [-] REQ: curl -g -i -X GET http://172.30.9.40:8774/v2.1/os-keypairs -H "Accept: application/json" -H "User-Agent: python-novaclient" -H "X-Auth-Token: {SHA1}a32d133e58f1bd6e8a5e36f832a5dbd756ad1afa" _http_log_request /usr/lib/python2.7/site-packages/keystoneauth1/session.py:448
2019-07-12 07:55:24.979 1842 DEBUG novaclient.v2.client [-] RESP: [200] Content-Length: 16 Content-Type: application/json Date: Fri, 12 Jul 2019 07:55:24 GMT OpenStack-API-Version: compute 2.1 Server: Apache Vary: OpenStack-API-Version,X-OpenStack-Nova-API-Version X-OpenStack-Nova-API-Version: 2.1 x-compute-request-id: req-11058431-807d-40cd-b4e6-a42f283bc4e4 x-openstack-request-id: req-11058431-807d-40cd-b4e6-a42f283bc4e4 _http_log_response /usr/lib/python2.7/site-packages/keystoneauth1/session.py:479
2019-07-12 07:55:24.979 1842 DEBUG novaclient.v2.client [-] RESP BODY: {"keypairs": []} _http_log_response /usr/lib/python2.7/site-packages/keystoneauth1/session.py:511
2019-07-12 07:55:24.980 1842 DEBUG novaclient.v2.client [-] GET call to compute for http://172.30.9.40:8774/v2.1/os-keypairs used request id req-11058431-807d-40cd-b4e6-a42f283bc4e4 request /usr/lib/python2.7/site-packages/keystoneauth1/session.py:844
2019-07-12 07:55:25.405 1842 DEBUG novaclient.v2.client [-] REQ: curl -g -i -X GET http://172.30.9.40:8774/v2.1/os-keypairs -H "Accept: application/json" -H "User-Agent: python-novaclient" -H "X-Auth-Token: {SHA1}6270dcda00bc3f36a21457c49cad8bd44e42135d" _http_log_request /usr/lib/python2.7/site-packages/keystoneauth1/session.py:448
2019-07-12 07:55:25.686 1842 DEBUG novaclient.v2.client [-] RESP: [200] Content-Length: 16 Content-Type: application/json Date: Fri, 12 Jul 2019 07:55:25 GMT OpenStack-API-Version: compute 2.1 Server: Apache Vary: OpenStack-API-Version,X-OpenStack-Nova-API-Version X-OpenStack-Nova-API-Version: 2.1 x-compute-request-id: req-3e560e73-f3a7-418a-adfb-0f563b2ec62c x-openstack-request-id: req-3e560e73-f3a7-418a-adfb-0f563b2ec62c _http_log_response /usr/lib/python2.7/site-packages/keystoneauth1/session.py:479
2019-07-12 07:55:25.687 1842 DEBUG novaclient.v2.client [-] RESP BODY: {"keypairs": []} _http_log_response /usr/lib/python2.7/site-packages/keystoneauth1/session.py:511
2019-07-12 07:55:25.687 1842 DEBUG novaclient.v2.client [-] GET call to compute for http://172.30.9.40:8774/v2.1/os-keypairs used request id req-3e560e73-f3a7-418a-adfb-0f563b2ec62c request /usr/lib/python2.7/site-packages/keystoneauth1/session.py:844
2019-07-12 07:55:25.694 1842 RALLYDEBUG rally_openstack.cleanup.manager [-] Cleaning up cinder backups objects
2019-07-12 07:55:27.915 1842 RALLYDEBUG rally_openstack.cleanup.manager [-] Cleaning up cinder volume_snapshots objects
2019-07-12 07:55:29.872 1842 RALLYDEBUG rally_openstack.cleanup.manager [-] Cleaning up cinder transfers objects
2019-07-12 07:55:31.827 1842 RALLYDEBUG rally_openstack.cleanup.manager [-] Cleaning up cinder volumes objects
2019-07-12 07:55:33.836 1842 INFO rally.task.context [-] Task 91b2ce90-b91b-4690-aa4e-d487b637a40a | Context cleanup@openstack cleanup() finished in 16.40 sec
2019-07-12 07:55:33.837 1842 INFO rally.task.context [-] Task 91b2ce90-b91b-4690-aa4e-d487b637a40a | Context quotas@openstack cleanup() started
2019-07-12 07:55:34.632 1842 INFO rally.task.context [-] Task 91b2ce90-b91b-4690-aa4e-d487b637a40a | Context quotas@openstack cleanup() finished in 0.80 sec
2019-07-12 07:55:34.633 1842 INFO rally.task.context [-] Task 91b2ce90-b91b-4690-aa4e-d487b637a40a | Context api_versions@openstack cleanup() started
2019-07-12 07:55:34.633 1842 INFO rally.task.context [-] Task 91b2ce90-b91b-4690-aa4e-d487b637a40a | Context api_versions@openstack cleanup() finished in 0.31 msec
2019-07-12 07:55:34.633 1842 INFO rally.task.context [-] Task 91b2ce90-b91b-4690-aa4e-d487b637a40a | Context users@openstack cleanup() started
2019-07-12 07:55:41.375 1842 INFO rally.task.context [-] Task 91b2ce90-b91b-4690-aa4e-d487b637a40a | Context users@openstack cleanup() finished in 6.74 sec
2019-07-12 07:55:41.805 1842 INFO rally.task.engine [-] Load duration is: 97.104292
2019-07-12 07:55:41.805 1842 INFO rally.task.engine [-] Full runner duration is: 98.149187
2019-07-12 07:55:41.806 1842 INFO rally.task.engine [-] Full duration is: 130.092611
2019-07-12 07:55:42.078 1842 INFO rally.task.engine [-] Running workload: position = 0 config = { "version": 2, "title": "A cropped version of a bigger task.", "description": "Auto-generated task from a single workload (uuid=bf2f8727-275d-4036-ad95-e6374d97299c)", "subtasks": [ { "title": "CinderVolumes.create_volume", "description": "Create a volume.", "scenario": { "CinderVolumes.create_volume": { "size": 1 } }, "contexts": { "users": { "tenants": 3, "users_per_tenant": 2 }, "api_versions": { "cinder": { "version": 3, "service_type": "volumev3" } } }, "runner": { "constant": { "concurrency": 4, "times": 10 } }, "hooks": [], "sla": { "failure_rate": { "max": 0 } } } ] }
2019-07-12 07:55:42.099 1842 RALLYDEBUG rally_openstack.contexts.keystone.users [-] Creating 3 tenants using 20 threads
2019-07-12 07:55:43.953 1842 RALLYDEBUG rally_openstack.contexts.keystone.users [-] Creating 6 users using 20 threads
2019-07-12 07:55:46.680 1842 INFO rally.task.context [-] Task 91b2ce90-b91b-4690-aa4e-d487b637a40a | Context users@openstack setup() finished in 4.58 sec
2019-07-12 07:55:47.098 1842 INFO rally.task.context [-] Task 91b2ce90-b91b-4690-aa4e-d487b637a40a | Context api_versions@openstack setup() finished in 0.42 sec
2019-07-12 07:55:47.098 1842 INFO rally.task.context [-] Task 91b2ce90-b91b-4690-aa4e-d487b637a40a | Context cleanup@openstack setup() finished in 0.01 msec
2019-07-12 07:55:47.106 1842 RALLYDEBUG rally.task.runner [-] Starting the constant runner (task UUID: 91b2ce90-b91b-4690-aa4e-d487b637a40a). timeout: 0 concurrency: 4 concurrency_per_worker: 1 times: 10 concurrency_overhead: 0 processes_to_start: 4 max_cpu_used: 16
2019-07-12 07:55:47.119 3474 RALLYDEBUG rally.task.runner [-] Starting a worker. concurrency: 1 args: {"size": 1} times: 10 method_name: run timeout: 0 duration: None cls:
2019-07-12 07:55:47.122 3475 RALLYDEBUG rally.task.runner [-] Starting a worker. concurrency: 1 args: {"size": 1} times: 10 method_name: run timeout: 0 duration: None cls:
2019-07-12 07:55:47.123 3476 RALLYDEBUG rally.task.runner [-] Starting a worker. concurrency: 1 args: {"size": 1} times: 10 method_name: run timeout: 0 duration: None cls:
2019-07-12 07:55:47.125 3474 INFO rally.task.runner [-] Task 91b2ce90-b91b-4690-aa4e-d487b637a40a | ITER: 1 START
2019-07-12 07:55:47.127 3477 RALLYDEBUG rally.task.runner [-] Starting a worker. concurrency: 1 args: {"size": 1} times: 10 method_name: run timeout: 0 duration: None cls:
2019-07-12 07:55:47.129 3476 INFO rally.task.runner [-] Task 91b2ce90-b91b-4690-aa4e-d487b637a40a | ITER: 3 START
2019-07-12 07:55:47.131 3475 INFO rally.task.runner [-] Task 91b2ce90-b91b-4690-aa4e-d487b637a40a | ITER: 2 START
2019-07-12 07:55:47.135 3477 INFO rally.task.runner [-] Task 91b2ce90-b91b-4690-aa4e-d487b637a40a | ITER: 4 START
2019-07-12 07:55:50.703 3476 INFO rally.task.runner [-] Task 91b2ce90-b91b-4690-aa4e-d487b637a40a | ITER: 3 END: OK
2019-07-12 07:55:50.709 3476 INFO rally.task.runner [-] Task 91b2ce90-b91b-4690-aa4e-d487b637a40a | ITER: 5 START
2019-07-12 07:55:50.868 3474 INFO rally.task.runner [-] Task 91b2ce90-b91b-4690-aa4e-d487b637a40a | ITER: 1 END: OK
2019-07-12 07:55:50.873 3474 INFO rally.task.runner [-] Task 91b2ce90-b91b-4690-aa4e-d487b637a40a | ITER: 6 START
2019-07-12 07:55:50.895 3477 INFO rally.task.runner [-] Task 91b2ce90-b91b-4690-aa4e-d487b637a40a | ITER: 4 END: OK
2019-07-12 07:55:50.901 3475 INFO rally.task.runner [-] Task 91b2ce90-b91b-4690-aa4e-d487b637a40a | ITER: 2 END: OK
2019-07-12 07:55:50.901 3477 INFO rally.task.runner [-] Task 91b2ce90-b91b-4690-aa4e-d487b637a40a | ITER: 7 START
2019-07-12 07:55:50.905 3475 INFO rally.task.runner [-] Task 91b2ce90-b91b-4690-aa4e-d487b637a40a | ITER: 8 START
2019-07-12 07:55:54.392 3476 INFO rally.task.runner [-] Task 91b2ce90-b91b-4690-aa4e-d487b637a40a | ITER: 5 END: OK
2019-07-12 07:55:54.396 3476 INFO rally.task.runner [-] Task 91b2ce90-b91b-4690-aa4e-d487b637a40a | ITER: 9 START
2019-07-12 07:55:54.442 3475 INFO rally.task.runner [-] Task 91b2ce90-b91b-4690-aa4e-d487b637a40a | ITER: 8 END: OK
2019-07-12 07:55:54.445 3475 INFO rally.task.runner [-] Task 91b2ce90-b91b-4690-aa4e-d487b637a40a | ITER: 10 START
2019-07-12 07:55:54.458 3477 INFO rally.task.runner [-] Task 91b2ce90-b91b-4690-aa4e-d487b637a40a | ITER: 7 END: OK
2019-07-12 07:55:54.644 3474 INFO rally.task.runner [-] Task 91b2ce90-b91b-4690-aa4e-d487b637a40a | ITER: 6 END: OK
2019-07-12 07:55:57.772 3475 INFO rally.task.runner [-] Task 91b2ce90-b91b-4690-aa4e-d487b637a40a | ITER: 10 END: OK
2019-07-12 07:55:57.892 3476 INFO rally.task.runner [-] Task 91b2ce90-b91b-4690-aa4e-d487b637a40a | ITER: 9 END: OK
2019-07-12 07:55:57.914 1842 INFO rally.task.context [-] Task 91b2ce90-b91b-4690-aa4e-d487b637a40a | Context cleanup@openstack cleanup() started
2019-07-12 07:55:57.916 1842 RALLYDEBUG rally_openstack.cleanup.manager [-] Cleaning up cinder backups objects
2019-07-12 07:55:59.878 1842 RALLYDEBUG rally_openstack.cleanup.manager [-] Cleaning up cinder volume_snapshots objects
2019-07-12 07:56:01.818 1842 RALLYDEBUG rally_openstack.cleanup.manager [-] Cleaning up cinder transfers objects
2019-07-12 07:56:03.847 1842 RALLYDEBUG rally_openstack.cleanup.manager [-] Cleaning up cinder volumes objects
2019-07-12 07:56:05.989 1842 RALLYDEBUG rally_openstack.cleanup.manager [-] Deleting cinder.volumes object s_rally_bf2f8727_ryCtYHIP (f6c8239d-fe90-4305-be36-a1664022f45b)
2019-07-12 07:56:05.998 1842 RALLYDEBUG rally_openstack.cleanup.manager [-] Deleting cinder.volumes object s_rally_bf2f8727_Cv6T4gXe (6805e0ea-ef23-421a-bd8b-34f3b5cd457a)
2019-07-12 07:56:05.999 1842 RALLYDEBUG rally_openstack.cleanup.manager [-] Deleting cinder.volumes object s_rally_bf2f8727_D9gzwEsC (8512d2ac-fec9-4fc4-ac96-c3def6a16547)
2019-07-12 07:56:06.006 1842 RALLYDEBUG rally_openstack.cleanup.manager [-] Deleting cinder.volumes object s_rally_bf2f8727_yOLK6dBb (8c60789c-1373-4f8f-8b0e-e94fdb7b6f85)
2019-07-12 07:56:06.010 1842 RALLYDEBUG rally_openstack.cleanup.manager [-] Deleting cinder.volumes object s_rally_bf2f8727_zYQVNaaA (2aa57f06-cce3-40cb-b671-90a37f7ea4a6)
2019-07-12 07:56:06.011 1842 RALLYDEBUG rally_openstack.cleanup.manager [-] Deleting cinder.volumes object s_rally_bf2f8727_hKmL9VmW (e0df4134-8893-4144-a082-5ed38ce5d01b)
2019-07-12 07:56:06.011 1842 RALLYDEBUG rally_openstack.cleanup.manager [-] Deleting cinder.volumes object s_rally_bf2f8727_Ee3QzwvW (dc2dd62e-83c2-4ec0-9043-8b4d50c047da)
2019-07-12 07:56:06.017 1842 RALLYDEBUG rally_openstack.cleanup.manager [-] Deleting cinder.volumes object s_rally_bf2f8727_xOAtZ0fg (d417c8f6-3daf-414c-aec1-8037222cd458)
2019-07-12 07:56:06.018 1842 RALLYDEBUG rally_openstack.cleanup.manager [-] Deleting cinder.volumes object s_rally_bf2f8727_ODhcLWDD (a58eaea5-7c9e-4c6c-945f-382b0361e79c)
2019-07-12 07:56:06.034 1842 RALLYDEBUG rally_openstack.cleanup.manager [-] Deleting cinder.volumes object s_rally_bf2f8727_HisQcEua (60cd4eb6-94f2-42ba-a59c-c7b8f023d765)
2019-07-12 07:56:10.812 1842 INFO rally.task.context [-] Task 91b2ce90-b91b-4690-aa4e-d487b637a40a | Context cleanup@openstack cleanup() finished in 12.90 sec
2019-07-12 07:56:10.812 1842 INFO rally.task.context [-] Task 91b2ce90-b91b-4690-aa4e-d487b637a40a | Context api_versions@openstack cleanup() started
2019-07-12 07:56:10.813 1842 INFO rally.task.context [-] Task 91b2ce90-b91b-4690-aa4e-d487b637a40a | Context api_versions@openstack cleanup() finished in 0.33 msec
2019-07-12 07:56:10.813 1842 INFO rally.task.context [-] Task 91b2ce90-b91b-4690-aa4e-d487b637a40a | Context users@openstack cleanup() started
2019-07-12 07:56:18.273 1842 INFO rally.task.context [-] Task 91b2ce90-b91b-4690-aa4e-d487b637a40a | Context users@openstack cleanup() finished in 7.46 sec
2019-07-12 07:56:20.267 1842 INFO rally.task.engine [-] Load duration is: 10.762951
2019-07-12 07:56:20.267 1842 INFO rally.task.engine [-] Full runner duration is: 10.808869
2019-07-12 07:56:20.267 1842 INFO rally.task.engine [-] Full duration is: 36.178347
2019-07-12 07:56:20.430 1842 INFO rally.task.engine [-] Running workload: position = 1 config = { "version": 2, "title": "A cropped version of a bigger task.", "description": "Auto-generated task from a single workload (uuid=1ee5368d-7d14-4060-92c0-0525d83fa861)", "subtasks": [ { "title": "CinderVolumes.create_volume", "description": "Create a volume.", "scenario": { "CinderVolumes.create_volume": { "size": { "min": 1, "max": 1 } } }, "contexts": { "users": { "tenants": 3, "users_per_tenant": 2 }, "quotas": { "cinder": { "gigabytes": -1, "snapshots": -1, "volumes": -1 } }, "api_versions": { "cinder": { "version": 3, "service_type": "volumev3" } } }, "runner": { "constant": { "concurrency": 4, "times": 10 } }, "hooks": [], "sla": { "failure_rate": { "max": 0 } } } ] }
2019-07-12 07:56:20.454 1842 RALLYDEBUG rally_openstack.contexts.keystone.users [-] Creating 3 tenants using 20 threads
2019-07-12 07:56:22.339 1842 RALLYDEBUG rally_openstack.contexts.keystone.users [-] Creating 6 users using 20 threads
2019-07-12 07:56:25.066 1842 INFO rally.task.context [-] Task 91b2ce90-b91b-4690-aa4e-d487b637a40a | Context users@openstack setup() finished in 4.61 sec
2019-07-12 07:56:25.487 1842 INFO rally.task.context [-] Task 91b2ce90-b91b-4690-aa4e-d487b637a40a | Context api_versions@openstack setup() finished in 0.42 sec
2019-07-12 07:56:26.989 1842 INFO rally.task.context [-] Task 91b2ce90-b91b-4690-aa4e-d487b637a40a | Context quotas@openstack setup() finished in 1.50 sec
2019-07-12 07:56:26.990 1842 INFO rally.task.context [-] Task 91b2ce90-b91b-4690-aa4e-d487b637a40a | Context cleanup@openstack setup() finished in 0.00 msec
2019-07-12 07:56:26.998 1842 RALLYDEBUG rally.task.runner [-] Starting the constant runner (task UUID: 91b2ce90-b91b-4690-aa4e-d487b637a40a). timeout: 0 concurrency: 4 concurrency_per_worker: 1 times: 10 concurrency_overhead: 0 processes_to_start: 4 max_cpu_used: 16
2019-07-12 07:56:27.010 3658 RALLYDEBUG rally.task.runner [-] Starting a worker. concurrency: 1 args: {"size": {"min": 1, "max": 1}} times: 10 method_name: run timeout: 0 duration: None cls:
2019-07-12 07:56:27.014 3659 RALLYDEBUG rally.task.runner [-] Starting a worker. concurrency: 1 args: {"size": {"min": 1, "max": 1}} times: 10 method_name: run timeout: 0 duration: None cls:
2019-07-12 07:56:27.016 3660 RALLYDEBUG rally.task.runner [-] Starting a worker. concurrency: 1 args: {"size": {"min": 1, "max": 1}} times: 10 method_name: run timeout: 0 duration: None cls:
2019-07-12 07:56:27.019 3658 INFO rally.task.runner [-] Task 91b2ce90-b91b-4690-aa4e-d487b637a40a | ITER: 1 START
2019-07-12 07:56:27.020 3661 RALLYDEBUG rally.task.runner [-] Starting a worker. concurrency: 1 args: {"size": {"min": 1, "max": 1}} times: 10 method_name: run timeout: 0 duration: None cls:
2019-07-12 07:56:27.023 3659 INFO rally.task.runner [-] Task 91b2ce90-b91b-4690-aa4e-d487b637a40a | ITER: 2 START
2019-07-12 07:56:27.025 3660 INFO rally.task.runner [-] Task 91b2ce90-b91b-4690-aa4e-d487b637a40a | ITER: 3 START
2019-07-12 07:56:27.028 3661 INFO rally.task.runner [-] Task 91b2ce90-b91b-4690-aa4e-d487b637a40a | ITER: 4 START
2019-07-12 07:56:30.586 3660 INFO rally.task.runner [-] Task 91b2ce90-b91b-4690-aa4e-d487b637a40a | ITER: 3 END: OK
2019-07-12 07:56:30.591 3660 INFO rally.task.runner [-] Task 91b2ce90-b91b-4690-aa4e-d487b637a40a | ITER: 5 START
2019-07-12 07:56:30.609 3658 INFO rally.task.runner [-] Task 91b2ce90-b91b-4690-aa4e-d487b637a40a | ITER: 1 END: OK
2019-07-12 07:56:30.614 3659 INFO rally.task.runner [-] Task 91b2ce90-b91b-4690-aa4e-d487b637a40a | ITER: 2 END: OK
2019-07-12 07:56:30.615 3658 INFO rally.task.runner [-] Task 91b2ce90-b91b-4690-aa4e-d487b637a40a | ITER: 6 START
2019-07-12 07:56:30.619 3659 INFO rally.task.runner [-] Task 91b2ce90-b91b-4690-aa4e-d487b637a40a | ITER: 7 START
2019-07-12 07:56:30.673 3661 INFO rally.task.runner [-] Task 91b2ce90-b91b-4690-aa4e-d487b637a40a | ITER: 4 END: OK
2019-07-12 07:56:30.679 3661 INFO rally.task.runner [-] Task 91b2ce90-b91b-4690-aa4e-d487b637a40a | ITER: 8 START
2019-07-12 07:56:34.041 3659 INFO rally.task.runner [-] Task 91b2ce90-b91b-4690-aa4e-d487b637a40a | ITER: 7 END: OK
2019-07-12 07:56:34.046 3659 INFO rally.task.runner [-] Task 91b2ce90-b91b-4690-aa4e-d487b637a40a | ITER: 9 START
2019-07-12 07:56:34.098 3660 INFO rally.task.runner [-] Task 91b2ce90-b91b-4690-aa4e-d487b637a40a | ITER: 5 END: OK
2019-07-12 07:56:34.103 3660 INFO rally.task.runner [-] Task 91b2ce90-b91b-4690-aa4e-d487b637a40a | ITER: 10 START
2019-07-12 07:56:34.171 3658 INFO rally.task.runner [-] Task 91b2ce90-b91b-4690-aa4e-d487b637a40a | ITER: 6 END: OK
2019-07-12 07:56:34.279 3661 INFO rally.task.runner [-] Task 91b2ce90-b91b-4690-aa4e-d487b637a40a | ITER: 8 END: OK
2019-07-12 07:56:37.444 3659 INFO rally.task.runner [-] Task 91b2ce90-b91b-4690-aa4e-d487b637a40a | ITER: 9 END: OK
2019-07-12 07:56:37.569 3660 INFO rally.task.runner [-] Task 91b2ce90-b91b-4690-aa4e-d487b637a40a | ITER: 10 END: OK
2019-07-12 07:56:37.590 1842 INFO rally.task.context [-] Task 91b2ce90-b91b-4690-aa4e-d487b637a40a | Context cleanup@openstack cleanup() started
2019-07-12 07:56:37.592 1842 RALLYDEBUG rally_openstack.cleanup.manager [-] Cleaning up cinder backups objects
2019-07-12 07:56:39.656 1842 RALLYDEBUG rally_openstack.cleanup.manager [-] Cleaning up cinder volume_snapshots objects
2019-07-12 07:56:41.612 1842 RALLYDEBUG rally_openstack.cleanup.manager [-] Cleaning up cinder transfers objects
2019-07-12 07:56:43.460 1842 RALLYDEBUG rally_openstack.cleanup.manager [-] Cleaning up cinder volumes objects
2019-07-12 07:56:45.776 1842 RALLYDEBUG rally_openstack.cleanup.manager [-] Deleting cinder.volumes object s_rally_1ee5368d_QTbJNsyV (c0e9ba86-2513-4d89-ad2c-4bb7cae58f99)
2019-07-12 07:56:45.780 1842 RALLYDEBUG rally_openstack.cleanup.manager [-] Deleting cinder.volumes object s_rally_1ee5368d_TMdRxIdf (044d19ce-5ec4-4517-b4a9-ecf3b72bbef0)
2019-07-12 07:56:45.780 1842 RALLYDEBUG rally_openstack.cleanup.manager [-] Deleting cinder.volumes object s_rally_1ee5368d_R7nrHqO1 (105fcb21-0a51-438c-a90f-4ac4bcb22cac)
2019-07-12 07:56:45.786 1842 RALLYDEBUG rally_openstack.cleanup.manager [-] Deleting cinder.volumes object s_rally_1ee5368d_RniEIZfR (1dcee01b-36e7-45c1-bfbb-38340a9a767c)
2019-07-12 07:56:45.788 1842 RALLYDEBUG rally_openstack.cleanup.manager [-] Deleting cinder.volumes object s_rally_1ee5368d_fqg5FrJ2 (931c794a-fcfb-4a5a-abf1-d30e0a8fb51f)
2019-07-12 07:56:45.793 1842 RALLYDEBUG rally_openstack.cleanup.manager [-] Deleting cinder.volumes object s_rally_1ee5368d_gZoUMsua (ac04683f-7b50-4772-add7-704f9cbfbfdc)
2019-07-12 07:56:45.803 1842 RALLYDEBUG rally_openstack.cleanup.manager [-] Deleting cinder.volumes object s_rally_1ee5368d_hQQ0hIxR (e2397a32-aaf4-44ca-a404-5d5cc4407505)
2019-07-12 07:56:45.804 1842 RALLYDEBUG rally_openstack.cleanup.manager [-] Deleting cinder.volumes object s_rally_1ee5368d_YnlLHmTT (52bd8e33-c7b6-4e64-b803-9fe715e6d949)
2019-07-12 07:56:45.805 1842 RALLYDEBUG rally_openstack.cleanup.manager [-] Deleting cinder.volumes object s_rally_1ee5368d_4S9ldtbN (ee39bfa5-a10f-41b2-86f5-2a8cb5be4069)
2019-07-12 07:56:45.806 1842 RALLYDEBUG rally_openstack.cleanup.manager [-] Deleting cinder.volumes object s_rally_1ee5368d_U6jlWP2g (4628a4ad-12a1-44b9-86cd-f04c614cc2c8)
2019-07-12 07:56:49.710 1842 INFO rally.task.context [-] Task 91b2ce90-b91b-4690-aa4e-d487b637a40a | Context cleanup@openstack cleanup() finished in 12.12 sec
2019-07-12 07:56:49.711 1842 INFO rally.task.context [-] Task 91b2ce90-b91b-4690-aa4e-d487b637a40a | Context quotas@openstack cleanup() started
2019-07-12 07:56:50.189 1842 INFO rally.task.context [-] Task 91b2ce90-b91b-4690-aa4e-d487b637a40a | Context quotas@openstack cleanup() finished in 0.48 sec
2019-07-12 07:56:50.190 1842 INFO rally.task.context [-] Task 91b2ce90-b91b-4690-aa4e-d487b637a40a | Context api_versions@openstack cleanup() started
2019-07-12 07:56:50.190 1842 INFO rally.task.context [-] Task 91b2ce90-b91b-4690-aa4e-d487b637a40a | Context api_versions@openstack cleanup() finished in 0.30 msec
2019-07-12 07:56:50.190 1842 INFO rally.task.context [-] Task 91b2ce90-b91b-4690-aa4e-d487b637a40a | Context users@openstack cleanup() started
2019-07-12 07:56:57.701 1842 INFO rally.task.context [-] Task 91b2ce90-b91b-4690-aa4e-d487b637a40a | Context users@openstack cleanup() finished in 7.51 sec
2019-07-12 07:56:58.615 1842 INFO rally.task.engine [-] Load duration is: 10.545661
2019-07-12 07:56:58.615 1842 INFO rally.task.engine [-] Full runner duration is: 10.592515
2019-07-12 07:56:58.616 1842 INFO rally.task.engine [-] Full duration is: 37.251479
2019-07-12 07:56:58.843 1842 INFO rally.task.engine [-] Running workload: position = 0 config = { "version": 2, "title": "A cropped version of a bigger task.", "description": "Auto-generated task from a single workload (uuid=f162651e-f943-4aab-b53f-4c7c8cf3920f)", "subtasks": [ { "title": "CinderVolumes.list_volumes", "description": "List all volumes.", "scenario": { "CinderVolumes.list_volumes": { "detailed": true } }, "contexts": { "users": { "tenants": 3, "users_per_tenant": 2 }, "quotas": { "cinder": { "gigabytes": -1, "snapshots": -1, "volumes": -1 } }, "api_versions": { "cinder": { "version": 3, "service_type": "volumev3" } }, "volumes": { "size": 1, "volumes_per_tenant": 4 } }, "runner": { "constant": { "concurrency": 4, "times": 10 } }, "hooks": [], "sla": { "failure_rate": { "max": 0 } } } ] }
2019-07-12 07:56:58.866 1842 RALLYDEBUG rally_openstack.contexts.keystone.users [-] Creating 3 tenants using 20 threads
2019-07-12 07:57:00.567 1842 RALLYDEBUG rally_openstack.contexts.keystone.users [-] Creating 6 users using 20 threads
2019-07-12 07:57:03.431 1842 INFO rally.task.context [-] Task 91b2ce90-b91b-4690-aa4e-d487b637a40a | Context users@openstack setup() finished in 4.57 sec
2019-07-12 07:57:03.842 1842 INFO rally.task.context [-] Task 91b2ce90-b91b-4690-aa4e-d487b637a40a | Context api_versions@openstack setup() finished in 0.41 sec
2019-07-12 07:57:05.391 1842 INFO rally.task.context [-] Task 91b2ce90-b91b-4690-aa4e-d487b637a40a | Context quotas@openstack setup() finished in 1.55 sec
2019-07-12 07:57:40.913 1842 INFO rally.task.context [-] Task 91b2ce90-b91b-4690-aa4e-d487b637a40a | Context volumes@openstack setup() finished in 35.52 sec
2019-07-12 07:57:40.921 1842 RALLYDEBUG rally.task.runner [-] Starting the constant runner (task UUID: 91b2ce90-b91b-4690-aa4e-d487b637a40a). timeout: 0 concurrency: 4 concurrency_per_worker: 1 times: 10 concurrency_overhead: 0 processes_to_start: 4 max_cpu_used: 16
2019-07-12 07:57:40.937 3842 RALLYDEBUG rally.task.runner [-] Starting a worker. concurrency: 1 args: {"detailed": true} times: 10 method_name: run timeout: 0 duration: None cls:
2019-07-12 07:57:40.941 3843 RALLYDEBUG rally.task.runner [-] Starting a worker. concurrency: 1 args: {"detailed": true} times: 10 method_name: run timeout: 0 duration: None cls:
2019-07-12 07:57:40.945 3842 INFO rally.task.runner [-] Task 91b2ce90-b91b-4690-aa4e-d487b637a40a | ITER: 1 START
2019-07-12 07:57:40.945 3844 RALLYDEBUG rally.task.runner [-] Starting a worker. concurrency: 1 args: {"detailed": true} times: 10 method_name: run timeout: 0 duration: None cls:
2019-07-12 07:57:40.949 3845 RALLYDEBUG rally.task.runner [-] Starting a worker. concurrency: 1 args: {"detailed": true} times: 10 method_name: run timeout: 0 duration: None cls:
2019-07-12 07:57:40.950 3843 INFO rally.task.runner [-] Task 91b2ce90-b91b-4690-aa4e-d487b637a40a | ITER: 2 START
2019-07-12 07:57:40.953 3844 INFO rally.task.runner [-] Task 91b2ce90-b91b-4690-aa4e-d487b637a40a | ITER: 3 START
2019-07-12 07:57:40.958 3845 INFO rally.task.runner [-] Task 91b2ce90-b91b-4690-aa4e-d487b637a40a | ITER: 4 START
2019-07-12 07:57:41.690 3842 INFO rally.task.runner [-] Task 91b2ce90-b91b-4690-aa4e-d487b637a40a | ITER: 1 END: OK
2019-07-12 07:57:41.695 3842 INFO rally.task.runner [-] Task 91b2ce90-b91b-4690-aa4e-d487b637a40a | ITER: 5 START
2019-07-12 07:57:41.758 3844 INFO rally.task.runner [-] Task 91b2ce90-b91b-4690-aa4e-d487b637a40a | ITER: 3 END: OK
2019-07-12 07:57:41.765 3844 INFO rally.task.runner [-] Task 91b2ce90-b91b-4690-aa4e-d487b637a40a | ITER: 6 START
2019-07-12 07:57:41.805 3845 INFO rally.task.runner [-] Task 91b2ce90-b91b-4690-aa4e-d487b637a40a | ITER: 4 END: OK
2019-07-12 07:57:41.811 3845 INFO rally.task.runner [-] Task 91b2ce90-b91b-4690-aa4e-d487b637a40a | ITER: 7 START
2019-07-12 07:57:41.936 3843 INFO rally.task.runner [-] Task 91b2ce90-b91b-4690-aa4e-d487b637a40a | ITER: 2 END: OK
2019-07-12 07:57:41.943 3843 INFO rally.task.runner [-] Task 91b2ce90-b91b-4690-aa4e-d487b637a40a | ITER: 8 START
2019-07-12 07:57:42.408 3842 INFO rally.task.runner [-] Task 91b2ce90-b91b-4690-aa4e-d487b637a40a | ITER: 5 END: OK
2019-07-12 07:57:42.413 3842 INFO rally.task.runner [-] Task 91b2ce90-b91b-4690-aa4e-d487b637a40a | ITER: 9 START
2019-07-12 07:57:42.517 3844 INFO rally.task.runner [-] Task 91b2ce90-b91b-4690-aa4e-d487b637a40a | ITER: 6 END: OK
2019-07-12 07:57:42.522 3844 INFO rally.task.runner [-] Task 91b2ce90-b91b-4690-aa4e-d487b637a40a | ITER: 10 START
2019-07-12 07:57:42.543 3845 INFO rally.task.runner [-] Task 91b2ce90-b91b-4690-aa4e-d487b637a40a | ITER: 7 END: OK
2019-07-12 07:57:42.665 3843 INFO rally.task.runner [-] Task 91b2ce90-b91b-4690-aa4e-d487b637a40a | ITER: 8 END: OK
2019-07-12 07:57:43.099 3842 INFO rally.task.runner [-] Task 91b2ce90-b91b-4690-aa4e-d487b637a40a | ITER: 9 END: OK
2019-07-12 07:57:43.209 3844 INFO rally.task.runner [-] Task 91b2ce90-b91b-4690-aa4e-d487b637a40a | ITER: 10 END: OK
2019-07-12 07:57:43.239 1842 INFO rally.task.context [-] Task 91b2ce90-b91b-4690-aa4e-d487b637a40a | Context volumes@openstack cleanup() started
2019-07-12 07:57:43.240 1842 RALLYDEBUG rally_openstack.cleanup.manager [-] Cleaning up cinder volumes objects
2019-07-12 07:57:45.365 1842 RALLYDEBUG rally_openstack.cleanup.manager [-] Deleting cinder.volumes object c_rally_f162651e_SK0Wu7ju (e0c59514-801a-4651-85e4-2db470a673ec)
2019-07-12 07:57:45.366 1842 RALLYDEBUG rally_openstack.cleanup.manager [-] Deleting cinder.volumes object c_rally_f162651e_8pAdA3pP (27e608c1-ec05-448c-ba9d-c3049b6e4480)
2019-07-12 07:57:45.368 1842 RALLYDEBUG rally_openstack.cleanup.manager [-] Deleting cinder.volumes object c_rally_f162651e_AETgAsbj (ee2d458c-0aea-4a9d-969e-8f70305c4d20)
2019-07-12 07:57:45.368 1842 RALLYDEBUG rally_openstack.cleanup.manager [-] Deleting cinder.volumes object c_rally_f162651e_af8TWKXg (577bfeb9-9e00-4961-ac16-62f5daca8639)
2019-07-12 07:57:45.374 1842 RALLYDEBUG rally_openstack.cleanup.manager [-] Deleting cinder.volumes object c_rally_f162651e_JcoZkDkx (261cd7ca-0bbf-49a5-9d44-be68690144ff)
2019-07-12 07:57:45.376 1842 RALLYDEBUG rally_openstack.cleanup.manager [-] Deleting cinder.volumes object c_rally_f162651e_uprYF0Cm (42a225e7-827a-4399-a918-89b3231d280d)
2019-07-12 07:57:45.383 1842 RALLYDEBUG rally_openstack.cleanup.manager [-] Deleting cinder.volumes object c_rally_f162651e_f0sCX4US (09b2a45a-b2cf-493e-924c-86e0d3b2c029)
2019-07-12 07:57:45.387 1842 RALLYDEBUG rally_openstack.cleanup.manager [-] Deleting cinder.volumes object c_rally_f162651e_ygHp7LZN (478c04dc-1fc0-4a9c-ab5a-87ac14227c0b)
2019-07-12 07:57:45.393 1842 RALLYDEBUG rally_openstack.cleanup.manager [-] Deleting cinder.volumes object c_rally_f162651e_oyavGMCu (073d60eb-3f86-4298-a54c-e682a065986b)
2019-07-12 07:57:45.400 1842 RALLYDEBUG rally_openstack.cleanup.manager [-] Deleting cinder.volumes object c_rally_f162651e_78ubvV1k (58be1a2f-ff07-4c5f-887a-e8e55d678b8c)
2019-07-12 07:57:45.406 1842 RALLYDEBUG rally_openstack.cleanup.manager [-] Deleting cinder.volumes object c_rally_f162651e_76pqo5IL (c2c36f40-1f3e-410f-a975-26f7ea4ea406)
2019-07-12 07:57:45.411 1842 RALLYDEBUG rally_openstack.cleanup.manager [-] Deleting cinder.volumes object c_rally_f162651e_2wq5VMtp (fb919b72-5f6b-45c8-a14d-846ee3f7f080)
2019-07-12 07:57:50.722 1842 INFO rally.task.context [-] Task 91b2ce90-b91b-4690-aa4e-d487b637a40a | Context volumes@openstack cleanup() finished in 7.48 sec
2019-07-12 07:57:50.722 1842 INFO rally.task.context [-] Task 91b2ce90-b91b-4690-aa4e-d487b637a40a | Context quotas@openstack cleanup() started
2019-07-12 07:57:51.206 1842 INFO rally.task.context [-] Task 91b2ce90-b91b-4690-aa4e-d487b637a40a | Context quotas@openstack cleanup() finished in 0.48 sec
2019-07-12 07:57:51.206 1842 INFO rally.task.context [-] Task 91b2ce90-b91b-4690-aa4e-d487b637a40a | Context api_versions@openstack cleanup() started
2019-07-12 07:57:51.207 1842 INFO rally.task.context [-] Task 91b2ce90-b91b-4690-aa4e-d487b637a40a | Context api_versions@openstack cleanup() finished in 0.30 msec
2019-07-12 07:57:51.207 1842 INFO rally.task.context [-] Task 91b2ce90-b91b-4690-aa4e-d487b637a40a | Context users@openstack cleanup() started
2019-07-12 07:57:57.915 1842 INFO rally.task.context [-] Task 91b2ce90-b91b-4690-aa4e-d487b637a40a | Context users@openstack cleanup() finished in 6.71 sec
2019-07-12 07:57:59.101 1842 INFO rally.task.engine [-] Load duration is: 2.260038
2019-07-12 07:57:59.101 1842 INFO rally.task.engine [-] Full runner duration is: 2.318825
2019-07-12 07:57:59.102 1842 INFO rally.task.engine [-] Full duration is: 59.05346
2019-07-12 07:57:59.332 1842 INFO rally.task.engine [-] Running workload: position = 0 config = { "version": 2, "title": "A cropped version of a bigger task.", "description": "Auto-generated task from a single workload (uuid=df6a20cd-9803-4300-98a8-237e574307a4)", "subtasks": [ { "title": "CinderVolumes.create_and_delete_snapshot", "description": "Create and then delete a volume-snapshot.", "scenario": { "CinderVolumes.create_and_delete_snapshot": { "force": false } }, "contexts": { "users": { "tenants": 3, "users_per_tenant": 2 }, "quotas": { "cinder": { "gigabytes": -1, "snapshots": -1, "volumes": -1 } }, "api_versions": { "cinder": { "version": 3, "service_type": "volumev3" } }, "volumes": { "size": 1, "volumes_per_tenant": 1 } }, "runner": { "constant": { "concurrency": 4, "times": 10 } }, "hooks": [], "sla": { "failure_rate": { "max": 0 } } } ] }
2019-07-12 07:57:59.356 1842 RALLYDEBUG rally_openstack.contexts.keystone.users [-] Creating 3 tenants using 20 threads
2019-07-12 07:58:01.124 1842 RALLYDEBUG rally_openstack.contexts.keystone.users [-] Creating 6 users using 20 threads
2019-07-12 07:58:03.859 1842 INFO rally.task.context [-] Task 91b2ce90-b91b-4690-aa4e-d487b637a40a | Context users@openstack setup() finished in 4.50 sec
2019-07-12 07:58:04.274 1842 INFO rally.task.context [-] Task 91b2ce90-b91b-4690-aa4e-d487b637a40a | Context api_versions@openstack setup() finished in 0.41 sec
2019-07-12 07:58:05.917 1842 INFO rally.task.context [-] Task 91b2ce90-b91b-4690-aa4e-d487b637a40a | Context quotas@openstack setup() finished in 1.64 sec
2019-07-12 07:58:16.739 1842 INFO rally.task.context [-] Task 91b2ce90-b91b-4690-aa4e-d487b637a40a | Context volumes@openstack setup() finished in 10.82 sec
2019-07-12 07:58:16.740 1842 INFO rally.task.context [-] Task 91b2ce90-b91b-4690-aa4e-d487b637a40a | Context cleanup@openstack setup() finished in 0.01 msec
2019-07-12 07:58:16.747 1842 RALLYDEBUG rally.task.runner [-] Starting the constant runner (task UUID: 91b2ce90-b91b-4690-aa4e-d487b637a40a). timeout: 0 concurrency: 4 concurrency_per_worker: 1 times: 10 concurrency_overhead: 0 processes_to_start: 4 max_cpu_used: 16
2019-07-12 07:58:16.759 3966 RALLYDEBUG rally.task.runner [-] Starting a worker. concurrency: 1 args: {"force": false} times: 10 method_name: run timeout: 0 duration: None cls:
2019-07-12 07:58:16.762 3968 RALLYDEBUG rally.task.runner [-] Starting a worker. concurrency: 1 args: {"force": false} times: 10 method_name: run timeout: 0 duration: None cls:
2019-07-12 07:58:16.763 3967 RALLYDEBUG rally.task.runner [-] Starting a worker. concurrency: 1 args: {"force": false} times: 10 method_name: run timeout: 0 duration: None cls:
2019-07-12 07:58:16.766 3968 INFO rally.task.runner [-] Task 91b2ce90-b91b-4690-aa4e-d487b637a40a | ITER: 2 START
2019-07-12 07:58:16.766 3966 INFO rally.task.runner [-] Task 91b2ce90-b91b-4690-aa4e-d487b637a40a | ITER: 1 START
2019-07-12 07:58:16.768 3969 RALLYDEBUG rally.task.runner [-] Starting a worker. concurrency: 1 args: {"force": false} times: 10 method_name: run timeout: 0 duration: None cls:
2019-07-12 07:58:16.771 3967 INFO rally.task.runner [-] Task 91b2ce90-b91b-4690-aa4e-d487b637a40a | ITER: 3 START
2019-07-12 07:58:16.775 3969 INFO rally.task.runner [-] Task 91b2ce90-b91b-4690-aa4e-d487b637a40a | ITER: 4 START
2019-07-12 07:58:20.509 3968 RALLYDEBUG rally.task.utils [-] Waiting for resource s_rally_df6a20cd_Pn1c5r1u. Status changed: AVAILABLE => DELETING in 0.241837978363
2019-07-12 07:58:20.579 3969 RALLYDEBUG rally.task.utils [-] Waiting for resource s_rally_df6a20cd_sQmjyFGN. Status changed: AVAILABLE => DELETING in 0.275810003281
2019-07-12 07:58:20.619 3966 RALLYDEBUG rally.task.utils [-] Waiting for resource s_rally_df6a20cd_a1mejiIA. Status changed: AVAILABLE => DELETING in 0.363850831985
2019-07-12 07:58:20.815 3967 RALLYDEBUG rally.task.utils [-] Waiting for resource s_rally_df6a20cd_DpD7zKWq. Status changed: AVAILABLE => DELETING in 0.230473041534
2019-07-12 07:58:22.539 3968 INFO rally.task.runner [-] Task 91b2ce90-b91b-4690-aa4e-d487b637a40a | ITER: 2 END: OK
2019-07-12 07:58:22.545 3968 INFO rally.task.runner [-] Task 91b2ce90-b91b-4690-aa4e-d487b637a40a | ITER: 5 START
2019-07-12 07:58:22.645 3966 INFO rally.task.runner [-] Task 91b2ce90-b91b-4690-aa4e-d487b637a40a | ITER: 1 END: OK
2019-07-12 07:58:22.650 3966 INFO rally.task.runner [-] Task 91b2ce90-b91b-4690-aa4e-d487b637a40a | ITER: 6 START
2019-07-12 07:58:22.850 3967 INFO rally.task.runner [-] Task 91b2ce90-b91b-4690-aa4e-d487b637a40a | ITER: 3 END: OK
2019-07-12 07:58:22.856 3967 INFO rally.task.runner [-] Task 91b2ce90-b91b-4690-aa4e-d487b637a40a | ITER: 7 START
2019-07-12 07:58:22.879 3969 INFO rally.task.runner [-] Task 91b2ce90-b91b-4690-aa4e-d487b637a40a | ITER: 4 END: OK
2019-07-12 07:58:22.884 3969 INFO rally.task.runner [-] Task 91b2ce90-b91b-4690-aa4e-d487b637a40a | ITER: 8 START
2019-07-12 07:58:26.375 3968 RALLYDEBUG rally.task.utils [-] Waiting for resource s_rally_df6a20cd_Dkx0cL4M. Status changed: AVAILABLE => DELETING in 0.0392589569092
2019-07-12 07:58:26.517 3967 RALLYDEBUG rally.task.utils [-] Waiting for resource s_rally_df6a20cd_3tiTfVyF. Status changed: AVAILABLE => DELETING in 0.336900949478
2019-07-12 07:58:26.540 3966 RALLYDEBUG rally.task.utils [-] Waiting for resource s_rally_df6a20cd_O4ob9wjD. Status changed: AVAILABLE => DELETING in 0.348978996277
2019-07-12 07:58:26.925 3969 RALLYDEBUG rally.task.utils [-] Waiting for resource s_rally_df6a20cd_X9izhdYc. Status changed: AVAILABLE => DELETING in 0.223728179932
2019-07-12 07:58:28.404 3968 INFO rally.task.runner [-] Task 91b2ce90-b91b-4690-aa4e-d487b637a40a | ITER: 5 END: OK
2019-07-12 07:58:28.411 3968 INFO rally.task.runner [-] Task 91b2ce90-b91b-4690-aa4e-d487b637a40a | ITER: 9 START
2019-07-12 07:58:28.565 3966 INFO rally.task.runner [-] Task 91b2ce90-b91b-4690-aa4e-d487b637a40a | ITER: 6 END: OK
2019-07-12 07:58:28.570 3966 INFO rally.task.runner [-] Task 91b2ce90-b91b-4690-aa4e-d487b637a40a | ITER: 10 START
2019-07-12 07:58:28.735 3967 INFO rally.task.runner [-] Task 91b2ce90-b91b-4690-aa4e-d487b637a40a | ITER: 7 END: OK
2019-07-12 07:58:29.150 3969 INFO rally.task.runner [-] Task 91b2ce90-b91b-4690-aa4e-d487b637a40a | ITER: 8 END: OK
2019-07-12 07:58:31.946 3968 RALLYDEBUG rally.task.utils [-] Waiting for resource s_rally_df6a20cd_g8QIzCro. Status changed: AVAILABLE => DELETING in 0.229099035263
2019-07-12 07:58:32.271 3966 RALLYDEBUG rally.task.utils [-] Waiting for resource s_rally_df6a20cd_7dpl0xFM. Status changed: AVAILABLE => DELETING in 0.218364953995
2019-07-12 07:58:34.250 3968 INFO rally.task.runner [-] Task 91b2ce90-b91b-4690-aa4e-d487b637a40a | ITER: 9 END: OK
2019-07-12 07:58:34.485 3966 INFO rally.task.runner [-] Task 91b2ce90-b91b-4690-aa4e-d487b637a40a | ITER: 10 END: OK
2019-07-12 07:58:34.509 1842 INFO rally.task.context [-] Task 91b2ce90-b91b-4690-aa4e-d487b637a40a | Context cleanup@openstack cleanup() started
2019-07-12 07:58:34.511 1842 RALLYDEBUG rally_openstack.cleanup.manager [-] Cleaning up cinder backups objects
2019-07-12 07:58:36.630 1842 RALLYDEBUG rally_openstack.cleanup.manager [-] Cleaning up cinder volume_snapshots objects
2019-07-12 07:58:38.538 1842 RALLYDEBUG rally_openstack.cleanup.manager [-] Cleaning up cinder transfers objects
2019-07-12 07:58:40.462 1842 RALLYDEBUG rally_openstack.cleanup.manager [-] Cleaning up cinder volumes objects
2019-07-12 07:58:42.543 1842 INFO rally.task.context [-] Task 91b2ce90-b91b-4690-aa4e-d487b637a40a | Context cleanup@openstack cleanup() finished in 8.03 sec
2019-07-12 07:58:42.544 1842 INFO rally.task.context [-] Task 91b2ce90-b91b-4690-aa4e-d487b637a40a | Context volumes@openstack cleanup() started
2019-07-12 07:58:42.544 1842 RALLYDEBUG rally_openstack.cleanup.manager [-] Cleaning up cinder volumes objects
2019-07-12 07:58:44.734 1842 RALLYDEBUG rally_openstack.cleanup.manager [-] Deleting cinder.volumes object c_rally_df6a20cd_o4IN04DO (46edcf75-dae5-4a3b-90e6-de91ee520a2d)
2019-07-12 07:58:44.740 1842 RALLYDEBUG rally_openstack.cleanup.manager [-] Deleting cinder.volumes object c_rally_df6a20cd_JkQSysHm (2bcea22d-592b-4d4e-b94a-9e1a0b7c04fb)
2019-07-12 07:58:44.741 1842 RALLYDEBUG rally_openstack.cleanup.manager [-] Deleting cinder.volumes object c_rally_df6a20cd_kHEuoXu0 (caf5a065-32db-414b-88f8-345145c1783e)
2019-07-12 07:58:48.157 1842 INFO rally.task.context [-] Task 91b2ce90-b91b-4690-aa4e-d487b637a40a | Context volumes@openstack cleanup() finished in 5.61 sec
2019-07-12 07:58:48.157 1842 INFO rally.task.context [-] Task 91b2ce90-b91b-4690-aa4e-d487b637a40a | Context quotas@openstack cleanup() started
2019-07-12 07:58:48.631 1842 INFO rally.task.context [-] Task 91b2ce90-b91b-4690-aa4e-d487b637a40a | Context quotas@openstack cleanup() finished in 0.47 sec
2019-07-12 07:58:48.632 1842 INFO rally.task.context [-] Task 91b2ce90-b91b-4690-aa4e-d487b637a40a | Context api_versions@openstack cleanup() started
2019-07-12 07:58:48.632 1842 INFO rally.task.context [-] Task 91b2ce90-b91b-4690-aa4e-d487b637a40a | Context api_versions@openstack cleanup() finished in 0.34 msec
2019-07-12 07:58:48.632 1842 INFO rally.task.context [-] Task 91b2ce90-b91b-4690-aa4e-d487b637a40a | Context users@openstack cleanup() started
2019-07-12 07:58:55.909 1842 INFO rally.task.context [-] Task 91b2ce90-b91b-4690-aa4e-d487b637a40a | Context users@openstack cleanup() finished in 7.28 sec
2019-07-12 07:58:57.745 1842 INFO rally.task.engine [-] Load duration is: 17.716379
2019-07-12 07:58:57.745 1842 INFO rally.task.engine [-] Full runner duration is: 17.762649
2019-07-12 07:58:57.745 1842 INFO rally.task.engine [-] Full duration is: 56.557345
2019-07-12 07:58:58.024 1842 INFO rally.task.engine [-] Running workload: position = 0 config = { "version": 2, "title": "A cropped version of a bigger task.", "description": "Auto-generated task from a single workload (uuid=7f815127-3dad-49cf-a402-bcac195c951f)", "subtasks": [ { "title": "CinderVolumes.create_and_delete_volume", "description": "Create and then delete a volume.", "scenario": { "CinderVolumes.create_and_delete_volume": { "size": { "max": 1, "min": 1 } } }, "contexts": { "users": { "tenants": 3, "users_per_tenant": 2 }, "quotas": { "cinder": { "gigabytes": -1, "snapshots": -1, "volumes": -1 } }, "api_versions": { "cinder": { "version": 3, "service_type": "volumev3" } } }, "runner": { "constant": { "concurrency": 4, "times": 10 } }, "hooks": [], "sla": { "failure_rate": { "max": 0 } } } ] }
2019-07-12 07:58:58.051 1842 RALLYDEBUG rally_openstack.contexts.keystone.users [-] Creating 3 tenants using 20 threads
2019-07-12 07:58:59.881 1842 RALLYDEBUG rally_openstack.contexts.keystone.users [-] Creating 6 users using 20 threads
2019-07-12 07:59:02.774 1842 INFO rally.task.context [-] Task 91b2ce90-b91b-4690-aa4e-d487b637a40a | Context users@openstack setup() finished in 4.72 sec
2019-07-12 07:59:03.198 1842 INFO rally.task.context [-] Task 91b2ce90-b91b-4690-aa4e-d487b637a40a | Context api_versions@openstack setup() finished in 0.42 sec
2019-07-12 07:59:04.689 1842 INFO rally.task.context [-] Task 91b2ce90-b91b-4690-aa4e-d487b637a40a | Context quotas@openstack setup() finished in 1.49 sec
2019-07-12 07:59:04.689 1842 INFO rally.task.context [-] Task 91b2ce90-b91b-4690-aa4e-d487b637a40a | Context cleanup@openstack setup() finished in 0.01 msec
2019-07-12 07:59:04.697 1842 RALLYDEBUG rally.task.runner [-] Starting the constant runner (task UUID: 91b2ce90-b91b-4690-aa4e-d487b637a40a). timeout: 0 concurrency: 4 concurrency_per_worker: 1 times: 10 concurrency_overhead: 0 processes_to_start: 4 max_cpu_used: 16
2019-07-12 07:59:04.711 4170 RALLYDEBUG rally.task.runner [-] Starting a worker. concurrency: 1 args: {"size": {"max": 1, "min": 1}} times: 10 method_name: run timeout: 0 duration: None cls:
2019-07-12 07:59:04.712 4171 RALLYDEBUG rally.task.runner [-] Starting a worker. concurrency: 1 args: {"size": {"max": 1, "min": 1}} times: 10 method_name: run timeout: 0 duration: None cls:
2019-07-12 07:59:04.716 4172 RALLYDEBUG rally.task.runner [-] Starting a worker. concurrency: 1 args: {"size": {"max": 1, "min": 1}} times: 10 method_name: run timeout: 0 duration: None cls:
2019-07-12 07:59:04.719 4171 INFO rally.task.runner [-] Task 91b2ce90-b91b-4690-aa4e-d487b637a40a | ITER: 2 START
2019-07-12 07:59:04.720 4170 INFO rally.task.runner [-] Task 91b2ce90-b91b-4690-aa4e-d487b637a40a | ITER: 1 START
2019-07-12 07:59:04.720 4173 RALLYDEBUG rally.task.runner [-] Starting a worker. concurrency: 1 args: {"size": {"max": 1, "min": 1}} times: 10 method_name: run timeout: 0 duration: None cls:
2019-07-12 07:59:04.724 4172 INFO rally.task.runner [-] Task 91b2ce90-b91b-4690-aa4e-d487b637a40a | ITER: 3 START
2019-07-12 07:59:04.727 4173 INFO rally.task.runner [-] Task 91b2ce90-b91b-4690-aa4e-d487b637a40a | ITER: 4 START
2019-07-12 07:59:08.756 4171 RALLYDEBUG rally.task.utils [-] Waiting for resource s_rally_7f815127_4AQhryQj. Status changed: AVAILABLE => DELETING in 0.286278963089
2019-07-12 07:59:08.789 4173 RALLYDEBUG rally.task.utils [-] Waiting for resource s_rally_7f815127_NZ3wx6ih. Status changed: AVAILABLE => DELETING in 0.0612680912018
2019-07-12 07:59:08.851 4170 RALLYDEBUG rally.task.utils [-] Waiting for resource s_rally_7f815127_XZ4erVF0. Status changed: AVAILABLE => DELETING in 0.0602600574493
2019-07-12 07:59:08.906 4172 RALLYDEBUG rally.task.utils [-] Waiting for resource s_rally_7f815127_qnsqDA9n. Status changed: AVAILABLE => DELETING in 0.314169168472
2019-07-12 07:59:10.798 4171 INFO rally.task.runner [-] Task 91b2ce90-b91b-4690-aa4e-d487b637a40a | ITER: 2 END: OK
2019-07-12 07:59:10.804 4171 INFO rally.task.runner [-] Task 91b2ce90-b91b-4690-aa4e-d487b637a40a | ITER: 5 START
2019-07-12 07:59:10.829 4173 INFO rally.task.runner [-] Task 91b2ce90-b91b-4690-aa4e-d487b637a40a | ITER: 4 END: OK
2019-07-12 07:59:10.836 4173 INFO rally.task.runner [-] Task 91b2ce90-b91b-4690-aa4e-d487b637a40a | ITER: 6 START
2019-07-12 07:59:10.896 4170 INFO rally.task.runner [-] Task 91b2ce90-b91b-4690-aa4e-d487b637a40a | ITER: 1 END: OK
2019-07-12 07:59:10.902 4170 INFO rally.task.runner [-] Task 91b2ce90-b91b-4690-aa4e-d487b637a40a | ITER: 7 START
2019-07-12 07:59:11.146 4172 INFO rally.task.runner [-] Task 91b2ce90-b91b-4690-aa4e-d487b637a40a | ITER: 3 END: OK
2019-07-12 07:59:11.152 4172 INFO rally.task.runner [-] Task 91b2ce90-b91b-4690-aa4e-d487b637a40a | ITER: 8 START
2019-07-12 07:59:14.777 4170 RALLYDEBUG rally.task.utils [-] Waiting for resource s_rally_7f815127_oMzLfMCe. Status changed: AVAILABLE => DELETING in 0.255093097687
2019-07-12 07:59:15.016 4171 RALLYDEBUG rally.task.utils [-] Waiting for resource s_rally_7f815127_qN7JBFer. Status changed: AVAILABLE => DELETING in 0.374442815781
2019-07-12 07:59:15.051 4173 RALLYDEBUG rally.task.utils [-] Waiting for resource s_rally_7f815127_voK4hxRm. Status changed: AVAILABLE => DELETING in 0.307163000107
2019-07-12 07:59:15.239 4172 RALLYDEBUG rally.task.utils [-] Waiting for resource s_rally_7f815127_80BElVdU. Status changed: AVAILABLE => DELETING in 0.252745866776
2019-07-12 07:59:17.118 4170 INFO rally.task.runner [-] Task 91b2ce90-b91b-4690-aa4e-d487b637a40a | ITER: 7 END: OK
2019-07-12 07:59:17.124 4170 INFO rally.task.runner [-] Task 91b2ce90-b91b-4690-aa4e-d487b637a40a | ITER: 9 START
2019-07-12 07:59:17.244 4171 INFO rally.task.runner [-] Task 91b2ce90-b91b-4690-aa4e-d487b637a40a | ITER: 5 END: OK
2019-07-12 07:59:17.249 4171 INFO rally.task.runner [-] Task 91b2ce90-b91b-4690-aa4e-d487b637a40a | ITER: 10 START
2019-07-12 07:59:17.284 4172 INFO rally.task.runner [-] Task 91b2ce90-b91b-4690-aa4e-d487b637a40a | ITER: 8 END: OK
2019-07-12 07:59:17.284 4173 INFO rally.task.runner [-] Task 91b2ce90-b91b-4690-aa4e-d487b637a40a | ITER: 6 END: OK
2019-07-12 07:59:20.992 4171 RALLYDEBUG rally.task.utils [-] Waiting for resource s_rally_7f815127_aDBCWQ8V. Status changed: AVAILABLE => DELETING in 0.274697065353
2019-07-12 07:59:21.114 4170 RALLYDEBUG rally.task.utils [-] Waiting for resource s_rally_7f815127_Qqw74Xok. Status changed: AVAILABLE => DELETING in 0.270573139191
2019-07-12 07:59:23.231 4171 INFO rally.task.runner [-] Task 91b2ce90-b91b-4690-aa4e-d487b637a40a | ITER: 10 END: OK
2019-07-12 07:59:23.346 4170 INFO rally.task.runner [-] Task 91b2ce90-b91b-4690-aa4e-d487b637a40a | ITER: 9 END: OK
2019-07-12 07:59:23.376 1842 INFO rally.task.context [-] Task 91b2ce90-b91b-4690-aa4e-d487b637a40a | Context cleanup@openstack cleanup() started
2019-07-12 07:59:23.378 1842 RALLYDEBUG rally_openstack.cleanup.manager [-] Cleaning up cinder backups objects
2019-07-12 07:59:25.278 1842 RALLYDEBUG rally_openstack.cleanup.manager [-] Cleaning up cinder volume_snapshots objects
2019-07-12 07:59:27.362 1842 RALLYDEBUG rally_openstack.cleanup.manager [-] Cleaning up cinder transfers objects
2019-07-12 07:59:29.396 1842 RALLYDEBUG rally_openstack.cleanup.manager [-] Cleaning up cinder volumes objects
2019-07-12 07:59:31.313 1842 INFO rally.task.context [-] Task 91b2ce90-b91b-4690-aa4e-d487b637a40a | Context cleanup@openstack cleanup() finished in 7.94 sec
2019-07-12 07:59:31.314 1842 INFO rally.task.context [-] Task 91b2ce90-b91b-4690-aa4e-d487b637a40a | Context quotas@openstack cleanup() started
2019-07-12 07:59:31.877 1842 INFO rally.task.context [-] Task 91b2ce90-b91b-4690-aa4e-d487b637a40a | Context quotas@openstack cleanup() finished in 0.56 sec
2019-07-12 07:59:31.878 1842 INFO rally.task.context [-] Task 91b2ce90-b91b-4690-aa4e-d487b637a40a | Context api_versions@openstack cleanup() started
2019-07-12 07:59:31.878 1842 INFO rally.task.context [-] Task 91b2ce90-b91b-4690-aa4e-d487b637a40a | Context api_versions@openstack cleanup() finished in 0.32 msec
2019-07-12 07:59:31.878 1842 INFO rally.task.context [-] Task 91b2ce90-b91b-4690-aa4e-d487b637a40a | Context users@openstack cleanup() started
2019-07-12 07:59:38.704 1842 INFO rally.task.context [-] Task 91b2ce90-b91b-4690-aa4e-d487b637a40a | Context users@openstack cleanup() finished in 6.83 sec
2019-07-12 07:59:40.225 1842 INFO rally.task.engine [-] Load duration is: 18.621396
2019-07-12 07:59:40.226 1842 INFO rally.task.engine [-] Full runner duration is: 18.679312
2019-07-12 07:59:40.226 1842 INFO rally.task.engine [-] Full duration is: 40.657989
2019-07-12 07:59:40.417 1842 INFO rally.task.engine [-] Running workload: position = 1 config = { "version": 2, "title": "A cropped version of a bigger task.", "description": "Auto-generated task from a single workload (uuid=08afd3fe-7d89-4f16-948b-2fe24210ab55)", "subtasks": [ { "title": "CinderVolumes.create_and_delete_volume", "description": "Create and then delete a volume.", "scenario": { "CinderVolumes.create_and_delete_volume": { "image": { "name": "rally_full-img_81d2bd4a-39e7-4639-8f24-3d75edab9ccd" }, "size": 1 } }, "contexts": { "users": { "tenants": 3, "users_per_tenant": 2 }, "quotas": { "cinder": { "gigabytes": -1, "snapshots": -1, "volumes": -1 } }, "api_versions": { "cinder": { "version": 3, "service_type": "volumev3" } } }, "runner": { "constant": { "concurrency": 4, "times": 10 } }, "hooks": [], "sla": { "failure_rate": { "max": 0 } } } ] }
2019-07-12 07:59:40.440 1842 RALLYDEBUG rally_openstack.contexts.keystone.users [-] Creating 3 tenants using 20 threads
2019-07-12 07:59:42.237 1842 RALLYDEBUG rally_openstack.contexts.keystone.users [-] Creating 6 users using 20 threads
2019-07-12 07:59:44.912 1842 INFO rally.task.context [-] Task 91b2ce90-b91b-4690-aa4e-d487b637a40a | Context users@openstack setup() finished in 4.47 sec
2019-07-12 07:59:45.331 1842 INFO rally.task.context [-] Task 91b2ce90-b91b-4690-aa4e-d487b637a40a | Context api_versions@openstack setup() finished in 0.42 sec
2019-07-12 07:59:46.896 1842 INFO rally.task.context [-] Task 91b2ce90-b91b-4690-aa4e-d487b637a40a | Context quotas@openstack setup() finished in 1.56 sec
2019-07-12 07:59:46.896 1842 INFO rally.task.context [-] Task 91b2ce90-b91b-4690-aa4e-d487b637a40a | Context cleanup@openstack setup() finished in 0.01 msec
