2019-07-12 07:59:47.619 1842 RALLYDEBUG rally.task.runner [-] Starting the constant runner (task UUID: 91b2ce90-b91b-4690-aa4e-d487b637a40a). timeout: 0 concurrency: 4 concurrency_per_worker: 1 times: 10 concurrency_overhead: 0 processes_to_start: 4 max_cpu_used: 16
2019-07-12 07:59:47.632 4354 RALLYDEBUG rally.task.runner [-] Starting a worker. concurrency: 1 args: {"image": "02e9f714-20ba-40c4-8480-5187751e9994", "size": 1} times: 10 method_name: run timeout: 0 duration: None cls:
2019-07-12 07:59:47.635 4355 RALLYDEBUG rally.task.runner [-] Starting a worker. concurrency: 1 args: {"image": "02e9f714-20ba-40c4-8480-5187751e9994", "size": 1} times: 10 method_name: run timeout: 0 duration: None cls:
2019-07-12 07:59:47.638 4356 RALLYDEBUG rally.task.runner [-] Starting a worker. concurrency: 1 args: {"image": "02e9f714-20ba-40c4-8480-5187751e9994", "size": 1} times: 10 method_name: run timeout: 0 duration: None cls:
2019-07-12 07:59:47.641 4354 INFO rally.task.runner [-] Task 91b2ce90-b91b-4690-aa4e-d487b637a40a | ITER: 1 START
2019-07-12 07:59:47.641 4357 RALLYDEBUG rally.task.runner [-] Starting a worker. concurrency: 1 args: {"image": "02e9f714-20ba-40c4-8480-5187751e9994", "size": 1} times: 10 method_name: run timeout: 0 duration: None cls:
2019-07-12 07:59:47.642 4355 INFO rally.task.runner [-] Task 91b2ce90-b91b-4690-aa4e-d487b637a40a | ITER: 2 START
2019-07-12 07:59:47.647 4356 INFO rally.task.runner [-] Task 91b2ce90-b91b-4690-aa4e-d487b637a40a | ITER: 3 START
2019-07-12 07:59:47.649 4357 INFO rally.task.runner [-] Task 91b2ce90-b91b-4690-aa4e-d487b637a40a | ITER: 4 START
2019-07-12 07:59:51.634 4357 RALLYDEBUG rally.task.utils [-] Waiting for resource s_rally_08afd3fe_SUG6XdVZ. Status changed: CREATING => DOWNLOADING in 0.647243022919
2019-07-12 07:59:53.949 4356 RALLYDEBUG rally.task.utils [-] Waiting for resource s_rally_08afd3fe_o2obWT5z. Status changed: DOWNLOADING => AVAILABLE in 2.97523403168
2019-07-12 07:59:54.035 4355 RALLYDEBUG rally.task.utils [-] Waiting for resource s_rally_08afd3fe_EY0tWicg. Status changed: DOWNLOADING => AVAILABLE in 3.09228801727
2019-07-12 07:59:54.158 4354 RALLYDEBUG rally.task.utils [-] Waiting for resource s_rally_08afd3fe_sL7kxcwu. Status changed: DOWNLOADING => AVAILABLE in 2.9643330574
2019-07-12 07:59:54.357 4356 RALLYDEBUG rally.task.utils [-] Waiting for resource s_rally_08afd3fe_o2obWT5z. Status changed: AVAILABLE => DELETING in 0.0561470985413
2019-07-12 07:59:54.580 4354 RALLYDEBUG rally.task.utils [-] Waiting for resource s_rally_08afd3fe_sL7kxcwu. Status changed: AVAILABLE => DELETING in 0.0569000244141
2019-07-12 07:59:54.635 4355 RALLYDEBUG rally.task.utils [-] Waiting for resource s_rally_08afd3fe_EY0tWicg. Status changed: AVAILABLE => DELETING in 0.328737020493
2019-07-12 07:59:56.053 4357 RALLYDEBUG rally.task.utils [-] Waiting for resource s_rally_08afd3fe_SUG6XdVZ. Status changed: DOWNLOADING => AVAILABLE in 4.41949892044
2019-07-12 07:59:56.372 4357 INFO rally.task.runner [-] Task 91b2ce90-b91b-4690-aa4e-d487b637a40a | ITER: 4 END: OK
2019-07-12 07:59:56.377 4357 INFO rally.task.runner [-] Task 91b2ce90-b91b-4690-aa4e-d487b637a40a | ITER: 5 START
2019-07-12 07:59:56.572 4356 INFO rally.task.runner [-] Task 91b2ce90-b91b-4690-aa4e-d487b637a40a | ITER: 3 END: OK
2019-07-12 07:59:56.578 4356 INFO rally.task.runner [-] Task 91b2ce90-b91b-4690-aa4e-d487b637a40a | ITER: 6 START
2019-07-12 07:59:56.676 4355 INFO rally.task.runner [-] Task 91b2ce90-b91b-4690-aa4e-d487b637a40a | ITER: 2 END: OK
2019-07-12 07:59:56.681 4355 INFO rally.task.runner [-] Task 91b2ce90-b91b-4690-aa4e-d487b637a40a | ITER: 7 START
2019-07-12 07:59:56.817 4354 INFO rally.task.runner [-] Task 91b2ce90-b91b-4690-aa4e-d487b637a40a | ITER: 1 END: OK
2019-07-12 07:59:56.823 4354 INFO rally.task.runner [-] Task 91b2ce90-b91b-4690-aa4e-d487b637a40a | ITER: 8 START
2019-07-12 08:00:00.553 4355 RALLYDEBUG rally.task.utils [-] Waiting for resource s_rally_08afd3fe_N6tT6yw5. Status changed: CREATING => DOWNLOADING in 0.645201921463
2019-07-12 08:00:02.419 4357 RALLYDEBUG rally.task.utils [-] Waiting for resource s_rally_08afd3fe_VxOF00Gi. Status changed: DOWNLOADING => AVAILABLE in 2.80265593529
2019-07-12 08:00:02.576 4356 RALLYDEBUG rally.task.utils [-] Waiting for resource s_rally_08afd3fe_yzGN1AUz. Status changed: DOWNLOADING => AVAILABLE in 2.72655892372
2019-07-12 08:00:02.862 4354 RALLYDEBUG rally.task.utils [-] Waiting for resource s_rally_08afd3fe_cwKVnDOr. Status changed: DOWNLOADING => AVAILABLE in 2.78036689758
2019-07-12 08:00:02.983 4357 INFO rally.task.runner [-] Task 91b2ce90-b91b-4690-aa4e-d487b637a40a | ITER: 5 END: OK
2019-07-12 08:00:02.986 4357 INFO rally.task.runner [-] Task 91b2ce90-b91b-4690-aa4e-d487b637a40a | ITER: 9 START
2019-07-12 08:00:03.002 4356 RALLYDEBUG rally.task.utils [-] Waiting for resource s_rally_08afd3fe_yzGN1AUz. Status changed: AVAILABLE => DELETING in 0.0585329532623
2019-07-12 08:00:03.499 4354 RALLYDEBUG rally.task.utils [-] Waiting for resource s_rally_08afd3fe_cwKVnDOr. Status changed: AVAILABLE => DELETING in 0.318574905396
2019-07-12 08:00:04.962 4355 RALLYDEBUG rally.task.utils [-] Waiting for resource s_rally_08afd3fe_N6tT6yw5. Status changed: DOWNLOADING => AVAILABLE in 4.4088280201
2019-07-12 08:00:05.232 4356 INFO rally.task.runner [-] Task 91b2ce90-b91b-4690-aa4e-d487b637a40a | ITER: 6 END: OK
2019-07-12 08:00:05.237 4356 INFO rally.task.runner [-] Task 91b2ce90-b91b-4690-aa4e-d487b637a40a | ITER: 10 START
2019-07-12 08:00:05.300 4355 RALLYDEBUG rally.task.utils [-] Waiting for resource s_rally_08afd3fe_N6tT6yw5. Status changed: AVAILABLE => DELETING in 0.0558631420135
2019-07-12 08:00:05.761 4354 INFO rally.task.runner [-] Task 91b2ce90-b91b-4690-aa4e-d487b637a40a | ITER: 8 END: OK
2019-07-12 08:00:07.339 4355 INFO rally.task.runner [-] Task 91b2ce90-b91b-4690-aa4e-d487b637a40a | ITER: 7 END: OK
2019-07-12 08:00:09.028 4357 RALLYDEBUG rally.task.utils [-] Waiting for resource s_rally_08afd3fe_bqAGDwL0. Status changed: DOWNLOADING => AVAILABLE in 2.7461438179
2019-07-12 08:00:09.350 4357 INFO rally.task.runner [-] Task 91b2ce90-b91b-4690-aa4e-d487b637a40a | ITER: 9 END: OK
2019-07-12 08:00:11.215 4356 RALLYDEBUG rally.task.utils [-] Waiting for resource s_rally_08afd3fe_GMM4ja4z. Status changed: DOWNLOADING => AVAILABLE in 2.71610784531
2019-07-12 08:00:11.762 4356 INFO rally.task.runner [-] Task 91b2ce90-b91b-4690-aa4e-d487b637a40a | ITER: 10 END: OK
2019-07-12 08:00:11.791 1842 INFO rally.task.context [-] Task 91b2ce90-b91b-4690-aa4e-d487b637a40a | Context cleanup@openstack cleanup() started
2019-07-12 08:00:11.794 1842 RALLYDEBUG rally_openstack.cleanup.manager [-] Cleaning up cinder backups objects
2019-07-12 08:00:13.865 1842 RALLYDEBUG rally_openstack.cleanup.manager [-] Cleaning up cinder volume_snapshots objects
2019-07-12 08:00:15.849 1842 RALLYDEBUG rally_openstack.cleanup.manager [-] Cleaning up cinder transfers objects
2019-07-12 08:00:17.710 1842 RALLYDEBUG rally_openstack.cleanup.manager [-] Cleaning up cinder volumes objects
2019-07-12 08:00:19.736 1842 INFO rally.task.context [-] Task 91b2ce90-b91b-4690-aa4e-d487b637a40a | Context cleanup@openstack cleanup() finished in 7.94 sec
2019-07-12 08:00:19.737 1842 INFO rally.task.context [-] Task 91b2ce90-b91b-4690-aa4e-d487b637a40a | Context quotas@openstack cleanup() started
2019-07-12 08:00:20.182 1842 INFO rally.task.context [-] Task 91b2ce90-b91b-4690-aa4e-d487b637a40a | Context quotas@openstack cleanup() finished in 0.45 sec
2019-07-12 08:00:20.183 1842 INFO rally.task.context [-] Task 91b2ce90-b91b-4690-aa4e-d487b637a40a | Context api_versions@openstack cleanup() started
2019-07-12 08:00:20.183 1842 INFO rally.task.context [-] Task 91b2ce90-b91b-4690-aa4e-d487b637a40a | Context api_versions@openstack cleanup() finished in 0.36 msec
2019-07-12 08:00:20.184 1842 INFO rally.task.context [-] Task 91b2ce90-b91b-4690-aa4e-d487b637a40a | Context users@openstack cleanup() started
2019-07-12 08:00:27.066 1842 INFO rally.task.context [-] Task 91b2ce90-b91b-4690-aa4e-d487b637a40a | Context users@openstack cleanup() finished in 6.88 sec
2019-07-12 08:00:28.658 1842 INFO rally.task.engine [-] Load duration is: 24.116123
2019-07-12 08:00:28.659 1842 INFO rally.task.engine [-] Full runner duration is: 24.173699
2019-07-12 08:00:28.659 1842 INFO rally.task.engine [-] Full duration is: 46.627856
2019-07-12 08:00:28.819 1842 INFO rally.task.engine [-] Running workload: position = 2 config = { "version": 2, "title": "A cropped version of a bigger task.", "description": "Auto-generated task from a single workload (uuid=d3d58770-2e6b-412b-b623-843cf481e3cf)", "subtasks": [ { "title": "CinderVolumes.create_and_delete_volume", "description": "Create and then delete a volume.", "scenario": { "CinderVolumes.create_and_delete_volume": { "size": 1 } }, "contexts": { "users": { "tenants": 3, "users_per_tenant": 2 }, "quotas": { "cinder": { "gigabytes": -1, "snapshots": -1, "volumes": -1 } }, "api_versions": { "cinder": { "version": 3, "service_type": "volumev3" } } }, "runner": { "constant": { "concurrency": 4, "times": 10 } }, "hooks": [], "sla": { "failure_rate": { "max": 0 } } } ] }
2019-07-12 08:00:28.839 1842 RALLYDEBUG rally_openstack.contexts.keystone.users [-] Creating 3 tenants using 20 threads
2019-07-12 08:00:30.707 1842 RALLYDEBUG rally_openstack.contexts.keystone.users [-] Creating 6 users using 20 threads
2019-07-12 08:00:33.389 1842 INFO rally.task.context [-] Task 91b2ce90-b91b-4690-aa4e-d487b637a40a | Context users@openstack setup() finished in 4.55 sec
2019-07-12 08:00:33.797 1842 INFO rally.task.context [-] Task 91b2ce90-b91b-4690-aa4e-d487b637a40a | Context api_versions@openstack setup() finished in 0.41 sec
2019-07-12 08:00:35.326 1842 INFO rally.task.context [-] Task 91b2ce90-b91b-4690-aa4e-d487b637a40a | Context quotas@openstack setup() finished in 1.53 sec
2019-07-12 08:00:35.327 1842 INFO rally.task.context [-] Task 91b2ce90-b91b-4690-aa4e-d487b637a40a | Context cleanup@openstack setup() finished in 0.01 msec
2019-07-12 08:00:35.335 1842 RALLYDEBUG rally.task.runner [-] Starting the constant runner (task UUID: 91b2ce90-b91b-4690-aa4e-d487b637a40a). timeout: 0 concurrency: 4 concurrency_per_worker: 1 times: 10 concurrency_overhead: 0 processes_to_start: 4 max_cpu_used: 16
2019-07-12 08:00:35.350 4538 RALLYDEBUG rally.task.runner [-] Starting a worker. concurrency: 1 args: {"size": 1} times: 10 method_name: run timeout: 0 duration: None cls:
2019-07-12 08:00:35.353 4539 RALLYDEBUG rally.task.runner [-] Starting a worker. concurrency: 1 args: {"size": 1} times: 10 method_name: run timeout: 0 duration: None cls:
2019-07-12 08:00:35.357 4538 INFO rally.task.runner [-] Task 91b2ce90-b91b-4690-aa4e-d487b637a40a | ITER: 1 START
2019-07-12 08:00:35.358 4540 RALLYDEBUG rally.task.runner [-] Starting a worker. concurrency: 1 args: {"size": 1} times: 10 method_name: run timeout: 0 duration: None cls:
2019-07-12 08:00:35.360 4541 RALLYDEBUG rally.task.runner [-] Starting a worker. concurrency: 1 args: {"size": 1} times: 10 method_name: run timeout: 0 duration: None cls:
2019-07-12 08:00:35.360 4539 INFO rally.task.runner [-] Task 91b2ce90-b91b-4690-aa4e-d487b637a40a | ITER: 2 START
2019-07-12 08:00:35.364 4541 INFO rally.task.runner [-] Task 91b2ce90-b91b-4690-aa4e-d487b637a40a | ITER: 4 START
2019-07-12 08:00:35.365 4540 INFO rally.task.runner [-] Task 91b2ce90-b91b-4690-aa4e-d487b637a40a | ITER: 3 START
2019-07-12 08:00:39.394 4541 RALLYDEBUG rally.task.utils [-] Waiting for resource s_rally_d3d58770_1mekXdDW. Status changed: AVAILABLE => DELETING in 0.384446144104
2019-07-12 08:00:39.474 4540 RALLYDEBUG rally.task.utils [-] Waiting for resource s_rally_d3d58770_yeFgxV4x. Status changed: AVAILABLE => DELETING in 0.26565694809
2019-07-12 08:00:39.475 4538 RALLYDEBUG rally.task.utils [-] Waiting for resource s_rally_d3d58770_llQcinK5. Status changed: AVAILABLE => DELETING in 0.285291910172
2019-07-12 08:00:39.672 4539 RALLYDEBUG rally.task.utils [-] Waiting for resource s_rally_d3d58770_fw2uA6so. Status changed: AVAILABLE => DELETING in 0.240511894226
2019-07-12 08:00:41.434 4541 INFO rally.task.runner [-] Task 91b2ce90-b91b-4690-aa4e-d487b637a40a | ITER: 4 END: OK
2019-07-12 08:00:41.440 4541 INFO rally.task.runner [-] Task 91b2ce90-b91b-4690-aa4e-d487b637a40a | ITER: 5 START
2019-07-12 08:00:41.700 4540 INFO rally.task.runner [-] Task 91b2ce90-b91b-4690-aa4e-d487b637a40a | ITER: 3 END: OK
2019-07-12 08:00:41.702 4538 INFO rally.task.runner [-] Task 91b2ce90-b91b-4690-aa4e-d487b637a40a | ITER: 1 END: OK
2019-07-12 08:00:41.705 4540 INFO rally.task.runner [-] Task 91b2ce90-b91b-4690-aa4e-d487b637a40a | ITER: 6 START
2019-07-12 08:00:41.707 4538 INFO rally.task.runner [-] Task 91b2ce90-b91b-4690-aa4e-d487b637a40a | ITER: 7 START
2019-07-12 08:00:41.720 4539 INFO rally.task.runner [-] Task 91b2ce90-b91b-4690-aa4e-d487b637a40a | ITER: 2 END: OK
2019-07-12 08:00:41.724 4539 INFO rally.task.runner [-] Task 91b2ce90-b91b-4690-aa4e-d487b637a40a | ITER: 8 START
2019-07-12 08:00:45.623 4540 RALLYDEBUG rally.task.utils [-] Waiting for resource s_rally_d3d58770_8rY3nlDq. Status changed: AVAILABLE => DELETING in 0.0596451759338
2019-07-12 08:00:45.659 4541 RALLYDEBUG rally.task.utils [-] Waiting for resource s_rally_d3d58770_LCDZ3Pnz. Status changed: AVAILABLE => DELETING in 0.0612089633942
2019-07-12 08:00:45.794 4539 RALLYDEBUG rally.task.utils [-] Waiting for resource s_rally_d3d58770_ZZaEScVC. Status changed: AVAILABLE => DELETING in 0.254199028015
2019-07-12 08:00:45.922 4538 RALLYDEBUG rally.task.utils [-] Waiting for resource s_rally_d3d58770_BwmrLHNi. Status changed: AVAILABLE => DELETING in 0.250014066696
2019-07-12 08:00:47.660 4540 INFO rally.task.runner [-] Task 91b2ce90-b91b-4690-aa4e-d487b637a40a | ITER: 6 END: OK
2019-07-12 08:00:47.665 4540 INFO rally.task.runner [-] Task 91b2ce90-b91b-4690-aa4e-d487b637a40a | ITER: 9 START
2019-07-12 08:00:47.903 4541 INFO rally.task.runner [-] Task 91b2ce90-b91b-4690-aa4e-d487b637a40a | ITER: 5 END: OK
2019-07-12 08:00:47.908 4541 INFO rally.task.runner [-] Task 91b2ce90-b91b-4690-aa4e-d487b637a40a | ITER: 10 START
2019-07-12 08:00:48.125 4539 INFO rally.task.runner [-] Task 91b2ce90-b91b-4690-aa4e-d487b637a40a | ITER: 8 END: OK
2019-07-12 08:00:48.165 4538 INFO rally.task.runner [-] Task 91b2ce90-b91b-4690-aa4e-d487b637a40a | ITER: 7 END: OK
2019-07-12 08:00:51.688 4540 INFO rally.task.runner [-] Task 91b2ce90-b91b-4690-aa4e-d487b637a40a | ITER: 9 END: OK
2019-07-12 08:00:51.901 4541 RALLYDEBUG rally.task.utils [-] Waiting for resource s_rally_d3d58770_IzIwMzmA. Status changed: AVAILABLE => DELETING in 0.240811109543
2019-07-12 08:00:54.147 4541 INFO rally.task.runner [-] Task 91b2ce90-b91b-4690-aa4e-d487b637a40a | ITER: 10 END: OK
2019-07-12 08:00:54.176 1842 INFO rally.task.context [-] Task 91b2ce90-b91b-4690-aa4e-d487b637a40a | Context cleanup@openstack cleanup() started
2019-07-12 08:00:54.178 1842 RALLYDEBUG rally_openstack.cleanup.manager [-] Cleaning up cinder backups objects
2019-07-12 08:00:56.199 1842 RALLYDEBUG rally_openstack.cleanup.manager [-] Cleaning up cinder volume_snapshots objects
2019-07-12 08:00:58.154 1842 RALLYDEBUG rally_openstack.cleanup.manager [-] Cleaning up cinder transfers objects
2019-07-12 08:01:00.082 1842 RALLYDEBUG rally_openstack.cleanup.manager [-] Cleaning up cinder volumes objects
2019-07-12 08:01:02.018 1842 INFO rally.task.context [-] Task 91b2ce90-b91b-4690-aa4e-d487b637a40a | Context cleanup@openstack cleanup() finished in 7.84 sec
2019-07-12 08:01:02.018 1842 INFO rally.task.context [-] Task 91b2ce90-b91b-4690-aa4e-d487b637a40a | Context quotas@openstack cleanup() started
2019-07-12 08:01:02.503 1842 INFO rally.task.context [-] Task 91b2ce90-b91b-4690-aa4e-d487b637a40a | Context quotas@openstack cleanup() finished in 0.48 sec
2019-07-12 08:01:02.503 1842 INFO rally.task.context [-] Task 91b2ce90-b91b-4690-aa4e-d487b637a40a | Context api_versions@openstack cleanup() started
2019-07-12 08:01:02.503 1842 INFO rally.task.context [-] Task 91b2ce90-b91b-4690-aa4e-d487b637a40a | Context api_versions@openstack cleanup() finished in 0.16 msec
2019-07-12 08:01:02.503 1842 INFO rally.task.context [-] Task 91b2ce90-b91b-4690-aa4e-d487b637a40a | Context users@openstack cleanup() started
2019-07-12 08:01:09.991 1842 INFO rally.task.context [-] Task 91b2ce90-b91b-4690-aa4e-d487b637a40a | Context users@openstack cleanup() finished in 7.49 sec
2019-07-12 08:01:11.015 1842 INFO rally.task.engine [-] Load duration is: 18.786662
2019-07-12 08:01:11.015 1842 INFO rally.task.engine [-] Full runner duration is: 18.841832
2019-07-12 08:01:11.015 1842 INFO rally.task.engine [-] Full duration is: 41.153983
2019-07-12 08:01:11.232 1842 INFO rally.task.engine [-] Running workload: position = 0 config = { "version": 2, "title": "A cropped version of a bigger task.", "description": "Auto-generated task from a single workload (uuid=654a3510-9568-4e76-a0f9-e21af4f9f58f)", "subtasks": [ { "title": "CinderVolumes.create_and_extend_volume", "description": "Create and extend a volume and then delete it.", "scenario": { "CinderVolumes.create_and_extend_volume": { "new_size": 2, "size": 1 } }, "contexts": { "users": { "tenants": 3, "users_per_tenant": 2 }, "quotas": { "cinder": { "gigabytes": -1, "snapshots": -1, "volumes": -1 } }, "api_versions": { "cinder": { "version": 3, "service_type": "volumev3" } } }, "runner": { "constant": { "concurrency": 4, "times": 10 } }, "hooks": [], "sla": { "failure_rate": { "max": 0 } } } ] }
2019-07-12 08:01:11.252 1842 RALLYDEBUG rally_openstack.contexts.keystone.users [-] Creating 3 tenants using 20 threads
2019-07-12 08:01:13.265 1842 RALLYDEBUG rally_openstack.contexts.keystone.users [-] Creating 6 users using 20 threads
2019-07-12 08:01:15.914 1842 INFO rally.task.context [-] Task 91b2ce90-b91b-4690-aa4e-d487b637a40a | Context users@openstack setup() finished in 4.66 sec
2019-07-12 08:01:16.334 1842 INFO rally.task.context [-] Task 91b2ce90-b91b-4690-aa4e-d487b637a40a | Context api_versions@openstack setup() finished in 0.42 sec
2019-07-12 08:01:17.949 1842 INFO rally.task.context [-] Task 91b2ce90-b91b-4690-aa4e-d487b637a40a | Context quotas@openstack setup() finished in 1.61 sec
2019-07-12 08:01:17.950 1842 INFO rally.task.context [-] Task 91b2ce90-b91b-4690-aa4e-d487b637a40a | Context cleanup@openstack setup() finished in 0.01 msec
2019-07-12 08:01:17.957 1842 RALLYDEBUG rally.task.runner [-] Starting the constant runner (task UUID: 91b2ce90-b91b-4690-aa4e-d487b637a40a). timeout: 0 concurrency: 4 concurrency_per_worker: 1 times: 10 concurrency_overhead: 0 processes_to_start: 4 max_cpu_used: 16
2019-07-12 08:01:17.968 4722 RALLYDEBUG rally.task.runner [-] Starting a worker. concurrency: 1 args: {"new_size": 2, "size": 1} times: 10 method_name: run timeout: 0 duration: None cls:
2019-07-12 08:01:17.972 4723 RALLYDEBUG rally.task.runner [-] Starting a worker. concurrency: 1 args: {"new_size": 2, "size": 1} times: 10 method_name: run timeout: 0 duration: None cls:
2019-07-12 08:01:17.974 4724 RALLYDEBUG rally.task.runner [-] Starting a worker. concurrency: 1 args: {"new_size": 2, "size": 1} times: 10 method_name: run timeout: 0 duration: None cls:
2019-07-12 08:01:17.976 4722 INFO rally.task.runner [-] Task 91b2ce90-b91b-4690-aa4e-d487b637a40a | ITER: 1 START
2019-07-12 08:01:17.979 4725 RALLYDEBUG rally.task.runner [-] Starting a worker. concurrency: 1 args: {"new_size": 2, "size": 1} times: 10 method_name: run timeout: 0 duration: None cls:
2019-07-12 08:01:17.982 4724 INFO rally.task.runner [-] Task 91b2ce90-b91b-4690-aa4e-d487b637a40a | ITER: 3 START
2019-07-12 08:01:17.983 4723 INFO rally.task.runner [-] Task 91b2ce90-b91b-4690-aa4e-d487b637a40a | ITER: 2 START
2019-07-12 08:01:17.988 4725 INFO rally.task.runner [-] Task 91b2ce90-b91b-4690-aa4e-d487b637a40a | ITER: 4 START
2019-07-12 08:01:22.242 4722 RALLYDEBUG rally.task.utils [-] Waiting for resource s_rally_654a3510_2vRV6l7W. Status changed: AVAILABLE => EXTENDING in 0.271532058716
2019-07-12 08:01:22.574 4724 INFO rally.task.runner [-] Task 91b2ce90-b91b-4690-aa4e-d487b637a40a | ITER: 3 END: OK
2019-07-12 08:01:22.579 4724 INFO rally.task.runner [-] Task 91b2ce90-b91b-4690-aa4e-d487b637a40a | ITER: 5 START
2019-07-12 08:01:22.689 4723 RALLYDEBUG rally.task.utils [-] Waiting for resource s_rally_654a3510_5VTvBNTy. Status changed: AVAILABLE => DELETING in 0.0598139762878
2019-07-12 08:01:22.850 4725 RALLYDEBUG rally.task.utils [-] Waiting for resource s_rally_654a3510_ZCjqsRN4. Status changed: AVAILABLE => DELETING in 0.243505001068
2019-07-12 08:01:24.555 4722 RALLYDEBUG rally.task.utils [-] Waiting for resource s_rally_654a3510_2vRV6l7W. Status changed: EXTENDING => AVAILABLE in 2.31345796585
2019-07-12 08:01:24.927 4723 INFO rally.task.runner [-] Task 91b2ce90-b91b-4690-aa4e-d487b637a40a | ITER: 2 END: OK
2019-07-12 08:01:24.932 4723 INFO rally.task.runner [-] Task 91b2ce90-b91b-4690-aa4e-d487b637a40a | ITER: 6 START
2019-07-12 08:01:25.028 4722 RALLYDEBUG rally.task.utils [-] Waiting for resource s_rally_654a3510_2vRV6l7W. Status changed: AVAILABLE => DELETING in 0.0621418952942
2019-07-12 08:01:25.090 4725 INFO rally.task.runner [-] Task 91b2ce90-b91b-4690-aa4e-d487b637a40a | ITER: 4 END: OK
2019-07-12 08:01:25.095 4725 INFO rally.task.runner [-] Task 91b2ce90-b91b-4690-aa4e-d487b637a40a | ITER: 7 START
2019-07-12 08:01:27.045 4724 INFO rally.task.runner [-] Task 91b2ce90-b91b-4690-aa4e-d487b637a40a | ITER: 5 END: OK
2019-07-12 08:01:27.050 4724 INFO rally.task.runner [-] Task 91b2ce90-b91b-4690-aa4e-d487b637a40a | ITER: 8 START
2019-07-12 08:01:27.072 4722 INFO rally.task.runner [-] Task 91b2ce90-b91b-4690-aa4e-d487b637a40a | ITER: 1 END: OK
2019-07-12 08:01:27.077 4722 INFO rally.task.runner [-] Task 91b2ce90-b91b-4690-aa4e-d487b637a40a | ITER: 9 START
2019-07-12 08:01:29.466 4725 RALLYDEBUG rally.task.utils [-] Waiting for resource s_rally_654a3510_GGJMLaGV. Status changed: AVAILABLE => DELETING in 0.0556030273438
2019-07-12 08:01:29.579 4723 RALLYDEBUG rally.task.utils [-] Waiting for resource s_rally_654a3510_5q2IwSpY. Status changed: AVAILABLE => DELETING in 0.2516310215
2019-07-12 08:01:31.517 4724 RALLYDEBUG rally.task.utils [-] Waiting for resource s_rally_654a3510_84C4axrH. Status changed: AVAILABLE => DELETING in 0.072685956955
2019-07-12 08:01:31.630 4722 RALLYDEBUG rally.task.utils [-] Waiting for resource s_rally_654a3510_rtJKjcRb. Status changed: AVAILABLE => DELETING in 0.250905990601
2019-07-12 08:01:31.728 4725 INFO rally.task.runner [-] Task 91b2ce90-b91b-4690-aa4e-d487b637a40a | ITER: 7 END: OK
2019-07-12 08:01:31.733 4725 INFO rally.task.runner [-] Task 91b2ce90-b91b-4690-aa4e-d487b637a40a | ITER: 10 START
2019-07-12 08:01:31.768 4723 INFO rally.task.runner [-] Task 91b2ce90-b91b-4690-aa4e-d487b637a40a | ITER: 6 END: OK
2019-07-12 08:01:33.555 4724 INFO rally.task.runner [-] Task 91b2ce90-b91b-4690-aa4e-d487b637a40a | ITER: 8 END: OK
2019-07-12 08:01:33.882 4722 INFO rally.task.runner [-] Task 91b2ce90-b91b-4690-aa4e-d487b637a40a | ITER: 9 END: OK
2019-07-12 08:01:35.909 4725 INFO rally.task.runner [-] Task 91b2ce90-b91b-4690-aa4e-d487b637a40a | ITER: 10 END: OK
2019-07-12 08:01:35.938 1842 INFO rally.task.context [-] Task 91b2ce90-b91b-4690-aa4e-d487b637a40a | Context cleanup@openstack cleanup() started
2019-07-12 08:01:35.940 1842 RALLYDEBUG rally_openstack.cleanup.manager [-] Cleaning up cinder backups objects
2019-07-12 08:01:38.010 1842 RALLYDEBUG rally_openstack.cleanup.manager [-] Cleaning up cinder volume_snapshots objects
2019-07-12 08:01:39.872 1842 RALLYDEBUG rally_openstack.cleanup.manager [-] Cleaning up cinder transfers objects
2019-07-12 08:01:41.794 1842 RALLYDEBUG rally_openstack.cleanup.manager [-] Cleaning up cinder volumes objects
2019-07-12 08:01:43.746 1842 INFO rally.task.context [-] Task 91b2ce90-b91b-4690-aa4e-d487b637a40a | Context cleanup@openstack cleanup() finished in 7.81 sec
2019-07-12 08:01:43.747 1842 INFO rally.task.context [-] Task 91b2ce90-b91b-4690-aa4e-d487b637a40a | Context quotas@openstack cleanup() started
2019-07-12 08:01:44.012 1842 INFO rally.task.context [-] Task 91b2ce90-b91b-4690-aa4e-d487b637a40a | Context quotas@openstack cleanup() finished in 0.27 sec
2019-07-12 08:01:44.012 1842 INFO rally.task.context [-] Task 91b2ce90-b91b-4690-aa4e-d487b637a40a | Context api_versions@openstack cleanup() started
2019-07-12 08:01:44.012 1842 INFO rally.task.context [-] Task 91b2ce90-b91b-4690-aa4e-d487b637a40a | Context api_versions@openstack cleanup() finished in 0.12 msec
2019-07-12 08:01:44.013 1842 INFO rally.task.context [-] Task 91b2ce90-b91b-4690-aa4e-d487b637a40a | Context users@openstack cleanup() started
2019-07-12 08:01:51.322 1842 INFO rally.task.context [-] Task 91b2ce90-b91b-4690-aa4e-d487b637a40a | Context users@openstack cleanup() finished in 7.31 sec
2019-07-12 08:01:51.422 1842 INFO rally.task.engine [-] Load duration is: 17.929119
2019-07-12 08:01:51.422 1842 INFO rally.task.engine [-] Full runner duration is: 17.980928
2019-07-12 08:01:51.423 1842 INFO rally.task.engine [-] Full duration is: 40.074678
2019-07-12 08:01:51.706 1842 INFO rally.task.engine [-] Running workload: position = 0 config = { "version": 2, "title": "A cropped version of a bigger task.", "description": "Auto-generated task from a single workload (uuid=b3804802-d220-4e76-821e-4028a2c7f153)", "subtasks": [ { "title": "CinderVolumes.create_from_volume_and_delete_volume", "description": "Create volume from volume and then delete it.", "scenario": { "CinderVolumes.create_from_volume_and_delete_volume": { "size": 1 } }, "contexts": { "users": { "tenants": 3, "users_per_tenant": 2 }, "quotas": { "cinder": { "gigabytes": -1, "snapshots": -1, "volumes": -1 } }, "api_versions": { "cinder": { "version": 3, "service_type": "volumev3" } }, "volumes": { "size": 1, "volumes_per_tenant": 1 } }, "runner": { "constant": { "concurrency": 4, "times": 10 } }, "hooks": [], "sla": { "failure_rate": { "max": 0 } } } ] }
2019-07-12 08:01:51.729 1842 RALLYDEBUG rally_openstack.contexts.keystone.users [-] Creating 3 tenants using 20 threads
2019-07-12 08:01:53.494 1842 RALLYDEBUG rally_openstack.contexts.keystone.users [-] Creating 6 users using 20 threads
2019-07-12 08:01:56.183 1842 INFO rally.task.context [-] Task 91b2ce90-b91b-4690-aa4e-d487b637a40a | Context users@openstack setup() finished in 4.45 sec
2019-07-12 08:01:56.619 1842 INFO rally.task.context [-] Task 91b2ce90-b91b-4690-aa4e-d487b637a40a | Context api_versions@openstack setup() finished in 0.44 sec
2019-07-12 08:01:58.168 1842 INFO rally.task.context [-] Task 91b2ce90-b91b-4690-aa4e-d487b637a40a | Context quotas@openstack setup() finished in 1.55 sec
2019-07-12 08:02:08.697 1842 INFO rally.task.context [-] Task 91b2ce90-b91b-4690-aa4e-d487b637a40a | Context volumes@openstack setup() finished in 10.53 sec
2019-07-12 08:02:08.697 1842 INFO rally.task.context [-] Task 91b2ce90-b91b-4690-aa4e-d487b637a40a | Context cleanup@openstack setup() finished in 0.00 msec
2019-07-12 08:02:08.704 1842 RALLYDEBUG rally.task.runner [-] Starting the constant runner (task UUID: 91b2ce90-b91b-4690-aa4e-d487b637a40a). timeout: 0 concurrency: 4 concurrency_per_worker: 1 times: 10 concurrency_overhead: 0 processes_to_start: 4 max_cpu_used: 16
2019-07-12 08:02:08.715 4906 RALLYDEBUG rally.task.runner [-] Starting a worker. concurrency: 1 args: {"size": 1} times: 10 method_name: run timeout: 0 duration: None cls:
2019-07-12 08:02:08.718 4907 RALLYDEBUG rally.task.runner [-] Starting a worker. concurrency: 1 args: {"size": 1} times: 10 method_name: run timeout: 0 duration: None cls:
2019-07-12 08:02:08.722 4906 INFO rally.task.runner [-] Task 91b2ce90-b91b-4690-aa4e-d487b637a40a | ITER: 1 START
2019-07-12 08:02:08.723 4909 RALLYDEBUG rally.task.runner [-] Starting a worker. concurrency: 1 args: {"size": 1} times: 10 method_name: run timeout: 0 duration: None cls:
2019-07-12 08:02:08.723 4908 RALLYDEBUG rally.task.runner [-] Starting a worker. concurrency: 1 args: {"size": 1} times: 10 method_name: run timeout: 0 duration: None cls:
2019-07-12 08:02:08.726 4907 INFO rally.task.runner [-] Task 91b2ce90-b91b-4690-aa4e-d487b637a40a | ITER: 2 START
2019-07-12 08:02:08.730 4909 INFO rally.task.runner [-] Task 91b2ce90-b91b-4690-aa4e-d487b637a40a | ITER: 3 START
2019-07-12 08:02:08.731 4908 INFO rally.task.runner [-] Task 91b2ce90-b91b-4690-aa4e-d487b637a40a | ITER: 4 START
2019-07-12 08:02:12.538 4906 RALLYDEBUG rally.task.utils [-] Waiting for resource s_rally_b3804802_69Zdg9uT. Status changed: CREATING => AVAILABLE in 0.547960996628
2019-07-12 08:02:12.770 4908 RALLYDEBUG rally.task.utils [-] Waiting for resource s_rally_b3804802_VfTE6Xim. Status changed: AVAILABLE => DELETING in 0.0552101135254
2019-07-12 08:02:13.056 4906 RALLYDEBUG rally.task.utils [-] Waiting for resource s_rally_b3804802_69Zdg9uT. Status changed: AVAILABLE => DELETING in 0.25204706192
2019-07-12 08:02:13.104 4907 RALLYDEBUG rally.task.utils [-] Waiting for resource s_rally_b3804802_GO5HKdYW. Status changed: AVAILABLE => DELETING in 0.295150995255
2019-07-12 08:02:14.546 4909 RALLYDEBUG rally.task.utils [-] Waiting for resource s_rally_b3804802_TBhyzaVM. Status changed: CREATING => AVAILABLE in 2.67962884903
2019-07-12 08:02:15.173 4909 RALLYDEBUG rally.task.utils [-] Waiting for resource s_rally_b3804802_TBhyzaVM. Status changed: AVAILABLE => DELETING in 0.261547088623
2019-07-12 08:02:19.333 4908 INFO rally.task.runner [-] Task 91b2ce90-b91b-4690-aa4e-d487b637a40a | ITER: 4 END: OK
2019-07-12 08:02:19.339 4908 INFO rally.task.runner [-] Task 91b2ce90-b91b-4690-aa4e-d487b637a40a | ITER: 5 START
2019-07-12 08:02:19.461 4909 INFO rally.task.runner [-] Task 91b2ce90-b91b-4690-aa4e-d487b637a40a | ITER: 3 END: OK
2019-07-12 08:02:19.462 4907 INFO rally.task.runner [-] Task 91b2ce90-b91b-4690-aa4e-d487b637a40a | ITER: 2 END: OK
2019-07-12 08:02:19.466 4909 INFO rally.task.runner [-] Task 91b2ce90-b91b-4690-aa4e-d487b637a40a | ITER: 6 START
2019-07-12 08:02:19.467 4907 INFO rally.task.runner [-] Task 91b2ce90-b91b-4690-aa4e-d487b637a40a | ITER: 7 START
2019-07-12 08:02:19.838 4906 INFO rally.task.runner [-] Task 91b2ce90-b91b-4690-aa4e-d487b637a40a | ITER: 1 END: OK
2019-07-12 08:02:19.843 4906 INFO rally.task.runner [-] Task 91b2ce90-b91b-4690-aa4e-d487b637a40a | ITER: 8 START
2019-07-12 08:02:23.777 4909 RALLYDEBUG rally.task.utils [-] Waiting for resource s_rally_b3804802_HlsJhXKx. Status changed: AVAILABLE => DELETING in 0.373069047928
2019-07-12 08:02:25.314 4907 RALLYDEBUG rally.task.utils [-] Waiting for resource s_rally_b3804802_OrK0EuDI. Status changed: CREATING => AVAILABLE in 2.86306095123
2019-07-12 08:02:25.485 4906 RALLYDEBUG rally.task.utils [-] Waiting for resource s_rally_b3804802_5Zi57dst. Status changed: CREATING => AVAILABLE in 2.5518078804
2019-07-12 08:02:25.629 4907 RALLYDEBUG rally.task.utils [-] Waiting for resource s_rally_b3804802_OrK0EuDI. Status changed: AVAILABLE => DELETING in 0.230411052704
2019-07-12 08:02:25.808 4906 RALLYDEBUG rally.task.utils [-] Waiting for resource s_rally_b3804802_5Zi57dst. Status changed: AVAILABLE => DELETING in 0.239437818527
2019-07-12 08:02:27.564 4908 RALLYDEBUG rally.task.utils [-] Waiting for resource s_rally_b3804802_qgEamfbw. Status changed: CREATING => AVAILABLE in 5.10902905464
2019-07-12 08:02:27.885 4908 RALLYDEBUG rally.task.utils [-] Waiting for resource s_rally_b3804802_qgEamfbw. Status changed: AVAILABLE => DELETING in 0.256735086441
2019-07-12 08:02:28.188 4909 INFO rally.task.runner [-] Task 91b2ce90-b91b-4690-aa4e-d487b637a40a | ITER: 6 END: OK
2019-07-12 08:02:28.194 4909 INFO rally.task.runner [-] Task 91b2ce90-b91b-4690-aa4e-d487b637a40a | ITER: 9 START
2019-07-12 08:02:29.906 4907 INFO rally.task.runner [-] Task 91b2ce90-b91b-4690-aa4e-d487b637a40a | ITER: 7 END: OK
2019-07-12 08:02:29.912 4907 INFO rally.task.runner [-] Task 91b2ce90-b91b-4690-aa4e-d487b637a40a | ITER: 10 START
2019-07-12 08:02:29.922 4908 INFO rally.task.runner [-] Task 91b2ce90-b91b-4690-aa4e-d487b637a40a | ITER: 5 END: OK
2019-07-12 08:02:30.299 4906 INFO rally.task.runner [-] Task 91b2ce90-b91b-4690-aa4e-d487b637a40a | ITER: 8 END: OK
2019-07-12 08:02:32.226 4909 RALLYDEBUG rally.task.utils [-] Waiting for resource s_rally_b3804802_GJDDWKar. Status changed: AVAILABLE => DELETING in 0.239213943481
2019-07-12 08:02:33.714 4907 RALLYDEBUG rally.task.utils [-] Waiting for resource s_rally_b3804802_pIQ3clzv. Status changed: AVAILABLE => DELETING in 0.239358901978
2019-07-12 08:02:34.266 4909 INFO rally.task.runner [-] Task 91b2ce90-b91b-4690-aa4e-d487b637a40a | ITER: 9 END: OK
2019-07-12 08:02:35.952 4907 INFO rally.task.runner [-] Task 91b2ce90-b91b-4690-aa4e-d487b637a40a | ITER: 10 END: OK
2019-07-12 08:02:35.980 1842 INFO rally.task.context [-] Task 91b2ce90-b91b-4690-aa4e-d487b637a40a | Context cleanup@openstack cleanup() started
2019-07-12 08:02:35.982 1842 RALLYDEBUG rally_openstack.cleanup.manager [-] Cleaning up cinder backups objects
2019-07-12 08:02:37.878 1842 RALLYDEBUG rally_openstack.cleanup.manager [-] Cleaning up cinder volume_snapshots objects
2019-07-12 08:02:39.857 1842 RALLYDEBUG rally_openstack.cleanup.manager [-] Cleaning up cinder transfers objects
2019-07-12 08:02:41.788 1842 RALLYDEBUG rally_openstack.cleanup.manager [-] Cleaning up cinder volumes objects
2019-07-12 08:02:43.792 1842 INFO rally.task.context [-] Task 91b2ce90-b91b-4690-aa4e-d487b637a40a | Context cleanup@openstack cleanup() finished in 7.81 sec
2019-07-12 08:02:43.792 1842 INFO rally.task.context [-] Task 91b2ce90-b91b-4690-aa4e-d487b637a40a | Context volumes@openstack cleanup() started
2019-07-12 08:02:43.793 1842 RALLYDEBUG rally_openstack.cleanup.manager [-] Cleaning up cinder volumes objects
2019-07-12 08:02:45.848 1842 RALLYDEBUG rally_openstack.cleanup.manager [-] Deleting cinder.volumes object c_rally_b3804802_y6cjd0gf (13ec4156-d37b-430e-989e-d22c075a0e1b)
2019-07-12 08:02:45.852 1842 RALLYDEBUG rally_openstack.cleanup.manager [-] Deleting cinder.volumes object c_rally_b3804802_K2O5YvAT (345e568d-6280-4358-ac2f-0020062f9db1)
2019-07-12 08:02:45.853 1842 RALLYDEBUG rally_openstack.cleanup.manager [-] Deleting cinder.volumes object c_rally_b3804802_VOurXadW (9452ba61-7f30-48d0-8be1-020c5b2fc582)
2019-07-12 08:02:49.362 1842 INFO rally.task.context [-] Task 91b2ce90-b91b-4690-aa4e-d487b637a40a | Context volumes@openstack cleanup() finished in 5.57 sec
2019-07-12 08:02:49.363 1842 INFO rally.task.context [-] Task 91b2ce90-b91b-4690-aa4e-d487b637a40a | Context quotas@openstack cleanup() started
2019-07-12 08:02:49.805 1842 INFO rally.task.context [-] Task 91b2ce90-b91b-4690-aa4e-d487b637a40a | Context quotas@openstack cleanup() finished in 0.44 sec
2019-07-12 08:02:49.806 1842 INFO rally.task.context [-] Task 91b2ce90-b91b-4690-aa4e-d487b637a40a | Context api_versions@openstack cleanup() started
2019-07-12 08:02:49.806 1842 INFO rally.task.context [-] Task 91b2ce90-b91b-4690-aa4e-d487b637a40a | Context api_versions@openstack cleanup() finished in 0.32 msec
2019-07-12 08:02:49.807 1842 INFO rally.task.context [-] Task 91b2ce90-b91b-4690-aa4e-d487b637a40a | Context users@openstack cleanup() started
2019-07-12 08:02:57.108 1842 INFO rally.task.context [-] Task 91b2ce90-b91b-4690-aa4e-d487b637a40a | Context users@openstack cleanup() finished in 7.30 sec
2019-07-12 08:02:57.981 1842 INFO rally.task.engine [-] Load duration is: 27.225552
2019-07-12 08:02:57.981 1842 INFO rally.task.engine [-] Full runner duration is: 27.276345
2019-07-12 08:02:57.981 1842 INFO rally.task.engine [-] Full duration is: 65.381893
2019-07-12 08:02:58.271 1842 INFO rally.task.engine [-] Running workload: position = 0 config = { "version": 2, "title": "A cropped version of a bigger task.", "description": "Auto-generated task from a single workload (uuid=18180156-1693-4397-b1ea-4c2547d5ec66)", "subtasks": [ { "title": "CinderQos.create_and_get_qos", "description": "Create a qos, then get details of the qos.", "scenario": { "CinderQos.create_and_get_qos": { "consumer": "both", "write_iops_sec": "10", "read_iops_sec": "1000" } }, "contexts": { "users": { "tenants": 3, "users_per_tenant": 2 }, "api_versions": { "cinder": { "version": 3, "service_type": "volumev3" } } }, "runner": { "constant": { "concurrency": 4, "times": 10 } }, "hooks": [], "sla": { "failure_rate": { "max": 0 } } } ] }
2019-07-12 08:02:58.291 1842 RALLYDEBUG rally_openstack.contexts.keystone.users [-] Creating 3 tenants using 20 threads
2019-07-12 08:03:00.138 1842 RALLYDEBUG rally_openstack.contexts.keystone.users [-] Creating 6 users using 20 threads
2019-07-12 08:03:02.871 1842 INFO rally.task.context [-] Task 91b2ce90-b91b-4690-aa4e-d487b637a40a | Context users@openstack setup() finished in 4.58 sec
2019-07-12 08:03:03.301 1842 INFO rally.task.context [-] Task 91b2ce90-b91b-4690-aa4e-d487b637a40a | Context api_versions@openstack setup() finished in 0.43 sec
2019-07-12 08:03:03.302 1842 INFO rally.task.context [-] Task 91b2ce90-b91b-4690-aa4e-d487b637a40a | Context admin_cleanup@openstack setup() finished in 0.00 msec
2019-07-12 08:03:03.308 1842 RALLYDEBUG rally.task.runner [-] Starting the constant runner (task UUID: 91b2ce90-b91b-4690-aa4e-d487b637a40a). timeout: 0 concurrency: 4 concurrency_per_worker: 1 times: 10 concurrency_overhead: 0 processes_to_start: 4 max_cpu_used: 16
2019-07-12 08:03:03.321 5111 RALLYDEBUG rally.task.runner [-] Starting a worker. concurrency: 1 args: {"consumer": "both", "write_iops_sec": "10", "read_iops_sec": "1000"} times: 10 method_name: run timeout: 0 duration: None cls:
2019-07-12 08:03:03.321 5110 RALLYDEBUG rally.task.runner [-] Starting a worker. concurrency: 1 args: {"consumer": "both", "write_iops_sec": "10", "read_iops_sec": "1000"} times: 10 method_name: run timeout: 0 duration: None cls:
2019-07-12 08:03:03.326 5111 INFO rally.task.runner [-] Task 91b2ce90-b91b-4690-aa4e-d487b637a40a | ITER: 1 START
2019-07-12 08:03:03.326 5112 RALLYDEBUG rally.task.runner [-] Starting a worker. concurrency: 1 args: {"consumer": "both", "write_iops_sec": "10", "read_iops_sec": "1000"} times: 10 method_name: run timeout: 0 duration: None cls:
2019-07-12 08:03:03.329 5113 RALLYDEBUG rally.task.runner [-] Starting a worker. concurrency: 1 args: {"consumer": "both", "write_iops_sec": "10", "read_iops_sec": "1000"} times: 10 method_name: run timeout: 0 duration: None cls:
2019-07-12 08:03:03.330 5110 INFO rally.task.runner [-] Task 91b2ce90-b91b-4690-aa4e-d487b637a40a | ITER: 2 START
2019-07-12 08:03:03.334 5112 INFO rally.task.runner [-] Task 91b2ce90-b91b-4690-aa4e-d487b637a40a | ITER: 3 START
2019-07-12 08:03:03.339 5113 INFO rally.task.runner [-] Task 91b2ce90-b91b-4690-aa4e-d487b637a40a | ITER: 4 START
2019-07-12 08:03:04.401 5113 INFO rally.task.runner [-] Task 91b2ce90-b91b-4690-aa4e-d487b637a40a | ITER: 4 END: OK
2019-07-12 08:03:04.409 5113 INFO rally.task.runner [-] Task 91b2ce90-b91b-4690-aa4e-d487b637a40a | ITER: 5 START
2019-07-12 08:03:04.423 5112 INFO rally.task.runner [-] Task 91b2ce90-b91b-4690-aa4e-d487b637a40a | ITER: 3 END: OK
2019-07-12 08:03:04.429 5112 INFO rally.task.runner [-] Task 91b2ce90-b91b-4690-aa4e-d487b637a40a | ITER: 6 START
2019-07-12 08:03:04.431 5110 INFO rally.task.runner [-] Task 91b2ce90-b91b-4690-aa4e-d487b637a40a | ITER: 2 END: OK
2019-07-12 08:03:04.436 5110 INFO rally.task.runner [-] Task 91b2ce90-b91b-4690-aa4e-d487b637a40a | ITER: 7 START
2019-07-12 08:03:04.457 5111 INFO rally.task.runner [-] Task 91b2ce90-b91b-4690-aa4e-d487b637a40a | ITER: 1 END: OK
2019-07-12 08:03:04.463 5111 INFO rally.task.runner [-] Task 91b2ce90-b91b-4690-aa4e-d487b637a40a | ITER: 8 START
2019-07-12 08:03:05.408 5111 INFO rally.task.runner [-] Task 91b2ce90-b91b-4690-aa4e-d487b637a40a | ITER: 8 END: OK
2019-07-12 08:03:05.412 5111 INFO rally.task.runner [-] Task 91b2ce90-b91b-4690-aa4e-d487b637a40a | ITER: 9 START
2019-07-12 08:03:05.445 5110 INFO rally.task.runner [-] Task 91b2ce90-b91b-4690-aa4e-d487b637a40a | ITER: 7 END: OK
2019-07-12 08:03:05.450 5110 INFO rally.task.runner [-] Task 91b2ce90-b91b-4690-aa4e-d487b637a40a | ITER: 10 START
2019-07-12 08:03:05.470 5112 INFO rally.task.runner [-] Task 91b2ce90-b91b-4690-aa4e-d487b637a40a | ITER: 6 END: OK
2019-07-12 08:03:05.480 5113 INFO rally.task.runner [-] Task 91b2ce90-b91b-4690-aa4e-d487b637a40a | ITER: 5 END: OK
2019-07-12 08:03:06.280 5111 INFO rally.task.runner [-] Task 91b2ce90-b91b-4690-aa4e-d487b637a40a | ITER: 9 END: OK
2019-07-12 08:03:06.325 5110 INFO rally.task.runner [-] Task 91b2ce90-b91b-4690-aa4e-d487b637a40a | ITER: 10 END: OK
2019-07-12 08:03:06.356 1842 INFO rally.task.context [-] Task 91b2ce90-b91b-4690-aa4e-d487b637a40a | Context admin_cleanup@openstack cleanup() started
2019-07-12 08:03:06.358 1842 RALLYDEBUG rally_openstack.cleanup.manager [-] Cleaning up cinder volume_types objects
2019-07-12 08:03:06.989 1842 RALLYDEBUG rally_openstack.cleanup.manager [-] Cleaning up cinder image_volumes_cache objects
2019-07-12 08:03:07.946 1842 RALLYDEBUG rally_openstack.cleanup.manager [-] Cleaning up cinder quotas objects
2019-07-12 08:03:09.563 1842 RALLYDEBUG rally_openstack.cleanup.manager [-] Cleaning up cinder qos_specs objects
2019-07-12 08:03:10.271 1842 RALLYDEBUG rally_openstack.cleanup.manager [-] Deleting cinder.qos_specs object s_rally_18180156_WPJu61jF (2f41ad08-bcfd-4bd9-838b-6100cbbb5630)
2019-07-12 08:03:10.275 1842 RALLYDEBUG rally_openstack.cleanup.manager [-] Deleting cinder.qos_specs object s_rally_18180156_EVNJ4o0E (0300f6a8-fcb6-47cf-ae95-232d49f1c648)
2019-07-12 08:03:10.284 1842 RALLYDEBUG rally_openstack.cleanup.manager [-] Deleting cinder.qos_specs object s_rally_18180156_HUYSDjCs (e63da628-624b-4451-9dd0-7504b0dbf7c9)
2019-07-12 08:03:10.296 1842 RALLYDEBUG rally_openstack.cleanup.manager [-] Deleting cinder.qos_specs object s_rally_18180156_yrEYB51B (87a4fe8f-e3f9-424e-8dd0-61889fb79202)
2019-07-12 08:03:10.307 1842 RALLYDEBUG rally_openstack.cleanup.manager [-] Deleting cinder.qos_specs object s_rally_18180156_w63irvxw (6cdc0634-8c3c-4ec5-9ecf-c7f858c253e9)
2019-07-12 08:03:10.307 1842 RALLYDEBUG rally_openstack.cleanup.manager [-] Deleting cinder.qos_specs object s_rally_18180156_gXXS1p35 (11728682-689a-43bc-91de-987b99f904eb)
2019-07-12 08:03:10.326 1842 RALLYDEBUG rally_openstack.cleanup.manager [-] Deleting cinder.qos_specs object s_rally_18180156_jEEId1wY (e7b99d99-b5eb-43bb-b973-73d23f37b3cf)
2019-07-12 08:03:10.333 1842 RALLYDEBUG rally_openstack.cleanup.manager [-] Deleting cinder.qos_specs object s_rally_18180156_pIIqZWq6 (bc055f08-f29b-49dd-92af-1d0a905893ee)
2019-07-12 08:03:10.361 1842 RALLYDEBUG rally_openstack.cleanup.manager [-] Deleting cinder.qos_specs object s_rally_18180156_QP6U1soH (941f6b24-cf57-4a5a-8da5-0eb059392d11)
2019-07-12 08:03:10.373 1842 RALLYDEBUG rally_openstack.cleanup.manager [-] Deleting cinder.qos_specs object s_rally_18180156_G1xFELzM (21b520aa-994b-41d3-9407-6e6409450984)
2019-07-12 08:03:12.649 1842 INFO rally.task.context [-] Task 91b2ce90-b91b-4690-aa4e-d487b637a40a | Context admin_cleanup@openstack cleanup() finished in 6.29 sec
2019-07-12 08:03:12.649 1842 INFO rally.task.context [-] Task 91b2ce90-b91b-4690-aa4e-d487b637a40a | Context api_versions@openstack cleanup() started
2019-07-12 08:03:12.650 1842 INFO rally.task.context [-] Task 91b2ce90-b91b-4690-aa4e-d487b637a40a | Context api_versions@openstack cleanup() finished in 0.32 msec
2019-07-12 08:03:12.650 1842 INFO rally.task.context [-] Task 91b2ce90-b91b-4690-aa4e-d487b637a40a | Context users@openstack cleanup() started
2019-07-12 08:03:19.731 1842 INFO rally.task.context [-] Task 91b2ce90-b91b-4690-aa4e-d487b637a40a | Context users@openstack cleanup() finished in 7.08 sec
2019-07-12 08:03:20.550 1842 INFO rally.task.engine [-] Load duration is: 2.99437
2019-07-12 08:03:20.551 1842 INFO rally.task.engine [-] Full runner duration is: 3.047519
2019-07-12 08:03:20.551 1842 INFO rally.task.engine [-] Full duration is: 21.442323
2019-07-12 08:03:20.808 1842 INFO rally.task.engine [-] Running workload: position = 0 config = { "version": 2, "title": "A cropped version of a bigger task.", "description": "Auto-generated task from a single workload (uuid=5cfbf173-4eea-43ae-a6fc-ed478538775b)", "subtasks": [ { "title": "CinderQos.create_and_list_qos", "description": "Create a qos, then list all qos.", "scenario": { "CinderQos.create_and_list_qos": { "consumer": "both", "write_iops_sec": "10", "read_iops_sec": "1000" } }, "contexts": { "users": { "tenants": 3, "users_per_tenant": 2 }, "api_versions": { "cinder": { "version": 3, "service_type": "volumev3" } } }, "runner": { "constant": { "concurrency": 4, "times": 10 } }, "hooks": [], "sla": { "failure_rate": { "max": 0 } } } ] }
2019-07-12 08:03:20.831 1842 RALLYDEBUG rally_openstack.contexts.keystone.users [-] Creating 3 tenants using 20 threads
2019-07-12 08:03:22.741 1842 RALLYDEBUG rally_openstack.contexts.keystone.users [-] Creating 6 users using 20 threads
2019-07-12 08:03:25.479 1842 INFO rally.task.context [-] Task 91b2ce90-b91b-4690-aa4e-d487b637a40a | Context users@openstack setup() finished in 4.65 sec
2019-07-12 08:03:25.902 1842 INFO rally.task.context [-] Task 91b2ce90-b91b-4690-aa4e-d487b637a40a | Context api_versions@openstack setup() finished in 0.42 sec
2019-07-12 08:03:25.903 1842 INFO rally.task.context [-] Task 91b2ce90-b91b-4690-aa4e-d487b637a40a | Context admin_cleanup@openstack setup() finished in 0.01 msec
2019-07-12 08:03:25.910 1842 RALLYDEBUG rally.task.runner [-] Starting the constant runner (task UUID: 91b2ce90-b91b-4690-aa4e-d487b637a40a). timeout: 0 concurrency: 4 concurrency_per_worker: 1 times: 10 concurrency_overhead: 0 processes_to_start: 4 max_cpu_used: 16
2019-07-12 08:03:25.923 5294 RALLYDEBUG rally.task.runner [-] Starting a worker. concurrency: 1 args: {"consumer": "both", "write_iops_sec": "10", "read_iops_sec": "1000"} times: 10 method_name: run timeout: 0 duration: None cls:
2019-07-12 08:03:25.926 5295 RALLYDEBUG rally.task.runner [-] Starting a worker. concurrency: 1 args: {"consumer": "both", "write_iops_sec": "10", "read_iops_sec": "1000"} times: 10 method_name: run timeout: 0 duration: None cls:
2019-07-12 08:03:25.929 5296 RALLYDEBUG rally.task.runner [-] Starting a worker. concurrency: 1 args: {"consumer": "both", "write_iops_sec": "10", "read_iops_sec": "1000"} times: 10 method_name: run timeout: 0 duration: None cls:
2019-07-12 08:03:25.931 5294 INFO rally.task.runner [-] Task 91b2ce90-b91b-4690-aa4e-d487b637a40a | ITER: 1 START
2019-07-12 08:03:25.932 5297 RALLYDEBUG rally.task.runner [-] Starting a worker. concurrency: 1 args: {"consumer": "both", "write_iops_sec": "10", "read_iops_sec": "1000"} times: 10 method_name: run timeout: 0 duration: None cls:
2019-07-12 08:03:25.934 5295 INFO rally.task.runner [-] Task 91b2ce90-b91b-4690-aa4e-d487b637a40a | ITER: 2 START
2019-07-12 08:03:25.937 5296 INFO rally.task.runner [-] Task 91b2ce90-b91b-4690-aa4e-d487b637a40a | ITER: 3 START
2019-07-12 08:03:25.940 5297 INFO rally.task.runner [-] Task 91b2ce90-b91b-4690-aa4e-d487b637a40a | ITER: 4 START
2019-07-12 08:03:27.055 5296 INFO rally.task.runner [-] Task 91b2ce90-b91b-4690-aa4e-d487b637a40a | ITER: 3 END: OK
2019-07-12 08:03:27.060 5296 INFO rally.task.runner [-] Task 91b2ce90-b91b-4690-aa4e-d487b637a40a | ITER: 5 START
2019-07-12 08:03:27.086 5294 INFO rally.task.runner [-] Task 91b2ce90-b91b-4690-aa4e-d487b637a40a | ITER: 1 END: OK
2019-07-12 08:03:27.091 5294 INFO rally.task.runner [-] Task 91b2ce90-b91b-4690-aa4e-d487b637a40a | ITER: 6 START
2019-07-12 08:03:27.102 5297 INFO rally.task.runner [-] Task 91b2ce90-b91b-4690-aa4e-d487b637a40a | ITER: 4 END: OK
2019-07-12 08:03:27.108 5297 INFO rally.task.runner [-] Task 91b2ce90-b91b-4690-aa4e-d487b637a40a | ITER: 7 START
2019-07-12 08:03:27.202 5295 INFO rally.task.runner [-] Task 91b2ce90-b91b-4690-aa4e-d487b637a40a | ITER: 2 END: OK
2019-07-12 08:03:27.206 5295 INFO rally.task.runner [-] Task 91b2ce90-b91b-4690-aa4e-d487b637a40a | ITER: 8 START
2019-07-12 08:03:28.001 5296 INFO rally.task.runner [-] Task 91b2ce90-b91b-4690-aa4e-d487b637a40a | ITER: 5 END: OK
2019-07-12 08:03:28.006 5296 INFO rally.task.runner [-] Task 91b2ce90-b91b-4690-aa4e-d487b637a40a | ITER: 9 START
2019-07-12 08:03:28.054 5294 INFO rally.task.runner [-] Task 91b2ce90-b91b-4690-aa4e-d487b637a40a | ITER: 6 END: OK
2019-07-12 08:03:28.059 5294 INFO rally.task.runner [-] Task 91b2ce90-b91b-4690-aa4e-d487b637a40a | ITER: 10 START
2019-07-12 08:03:28.101 5297 INFO rally.task.runner [-] Task 91b2ce90-b91b-4690-aa4e-d487b637a40a | ITER: 7 END: OK
2019-07-12 08:03:28.133 5295 INFO rally.task.runner [-] Task 91b2ce90-b91b-4690-aa4e-d487b637a40a | ITER: 8 END: OK
2019-07-12 08:03:28.875 5296 INFO rally.task.runner [-] Task 91b2ce90-b91b-4690-aa4e-d487b637a40a | ITER: 9 END: OK
2019-07-12 08:03:28.932 5294 INFO rally.task.runner [-] Task 91b2ce90-b91b-4690-aa4e-d487b637a40a | ITER: 10 END: OK
2019-07-12 08:03:28.959 1842 INFO rally.task.context [-] Task 91b2ce90-b91b-4690-aa4e-d487b637a40a | Context admin_cleanup@openstack cleanup() started
2019-07-12 08:03:28.961 1842 RALLYDEBUG rally_openstack.cleanup.manager [-] Cleaning up cinder volume_types objects
2019-07-12 08:03:29.633 1842 RALLYDEBUG rally_openstack.cleanup.manager [-] Cleaning up cinder image_volumes_cache objects
2019-07-12 08:03:30.566 1842 RALLYDEBUG rally_openstack.cleanup.manager [-] Cleaning up cinder quotas objects
2019-07-12 08:03:32.219 1842 RALLYDEBUG rally_openstack.cleanup.manager [-] Cleaning up cinder qos_specs objects
2019-07-12 08:03:32.864 1842 RALLYDEBUG rally_openstack.cleanup.manager [-] Deleting cinder.qos_specs object s_rally_5cfbf173_3RQLLKrc (e9234c62-f23c-4474-aa11-62f0dfa4341d)
2019-07-12 08:03:32.871 1842 RALLYDEBUG rally_openstack.cleanup.manager [-] Deleting cinder.qos_specs object s_rally_5cfbf173_3WLBSiP4 (9ab8b30f-c2f9-4c95-b639-dabe297596da)
