2019-07-11 09:02:57.651 22703 RALLYDEBUG rally_openstack.cleanup.manager [-] Deleting neutron.port object s_rally_924ca9ee_3FD1dqcM (4d8376de-0b82-46d1-b65b-210aed68cb2f)
2019-07-11 09:02:57.685 22703 RALLYDEBUG rally_openstack.cleanup.manager [-] Deleting neutron.port object s_rally_924ca9ee_d5cZHHlt (4eef5676-a9db-4dce-863a-60183df132b2)
2019-07-11 09:02:57.778 22703 RALLYDEBUG rally_openstack.cleanup.manager [-] Deleting neutron.port object s_rally_924ca9ee_3snSEt6p (4fc2c61e-9185-4c1e-b9b2-90c6bbc442e2)
2019-07-11 09:02:57.955 22703 RALLYDEBUG rally_openstack.cleanup.manager [-] Deleting neutron.port object s_rally_924ca9ee_Ay3TPr9u (5177268d-e638-4d42-9961-2738280e5d5a)
2019-07-11 09:02:57.969 22703 RALLYDEBUG rally_openstack.cleanup.manager [-] Deleting neutron.port object s_rally_924ca9ee_OQoZu6hE (51a4ba38-1416-4647-ba38-3b3b51313425)
2019-07-11 09:02:58.032 22703 RALLYDEBUG rally_openstack.cleanup.manager [-] Deleting neutron.port object s_rally_924ca9ee_syt6U134 (5255ac2f-eece-496b-9472-f2be05b6e5c2)
2019-07-11 09:02:58.146 22703 RALLYDEBUG rally_openstack.cleanup.manager [-] Deleting neutron.port object s_rally_924ca9ee_AGa4omr2 (526f6c29-7b7d-400d-a57d-5cbee5055a03)
2019-07-11 09:02:58.213 22703 RALLYDEBUG rally_openstack.cleanup.manager [-] Deleting neutron.port object s_rally_924ca9ee_Vcgw0sY7 (54a97e29-dc17-46d6-8dec-afbbb8bb95b3)
2019-07-11 09:02:58.218 22703 RALLYDEBUG rally_openstack.cleanup.manager [-] Deleting neutron.port object s_rally_924ca9ee_efHHOxnG (55924dc2-c4aa-4f11-8a22-08d8a922cb47)
2019-07-11 09:02:58.265 22703 RALLYDEBUG rally_openstack.cleanup.manager [-] Deleting neutron.port object s_rally_924ca9ee_UBTT3BM5 (564c5a0e-b30e-46ce-80b8-c2cd26b2dd27)
2019-07-11 09:02:58.301 22703 RALLYDEBUG rally_openstack.cleanup.manager [-] Deleting neutron.port object s_rally_924ca9ee_bKpBTbwM (56c48c4b-4238-428f-9713-df7fa5a5fb6a)
2019-07-11 09:02:58.745 22703 RALLYDEBUG rally_openstack.cleanup.manager [-] Deleting neutron.port object s_rally_924ca9ee_x6ABIhPB (56c6b024-b525-4013-a65b-99c61fcbe459)
2019-07-11 09:02:58.876 22703 RALLYDEBUG rally_openstack.cleanup.manager [-] Deleting neutron.port object s_rally_924ca9ee_4vrbR3gG (585865aa-77a8-487f-9fbe-71b538922e9f)
2019-07-11 09:02:59.404 22703 RALLYDEBUG rally_openstack.cleanup.manager [-] Deleting neutron.port object s_rally_924ca9ee_woLURPV6 (5af61dc2-c0d9-4e58-ae27-f4a4adabd20b)
2019-07-11 09:02:59.431 22703 RALLYDEBUG rally_openstack.cleanup.manager [-] Deleting neutron.port object s_rally_924ca9ee_2ZMMopQE (5b5e86d7-517a-46b2-9123-44a29cbc8a8e)
2019-07-11 09:02:59.614 22703 RALLYDEBUG rally_openstack.cleanup.manager [-] Deleting neutron.port object s_rally_924ca9ee_3Kpkqi8M (5c48b061-ef78-4609-b7b0-ecf4df7ea9e9)
2019-07-11 09:02:59.732 22703 RALLYDEBUG rally_openstack.cleanup.manager [-] Deleting neutron.port object s_rally_924ca9ee_VQ7eK0Bf (5e527ddd-3a32-4fd7-aeff-297ed115cd0d)
2019-07-11 09:02:59.800 22703 RALLYDEBUG rally_openstack.cleanup.manager [-] Deleting neutron.port object s_rally_924ca9ee_z3FlOjfM (5ecef871-8b08-43a1-b3ef-224b2d2b7eb8)
2019-07-11 09:02:59.906 22703 RALLYDEBUG rally_openstack.cleanup.manager [-] Deleting neutron.port object s_rally_924ca9ee_2YNJV481 (5ed53fa6-e9ce-4093-a2a5-128ed92ec2af)
2019-07-11 09:03:00.004 22703 RALLYDEBUG rally_openstack.cleanup.manager [-] Deleting neutron.port object s_rally_924ca9ee_Wws3mOAI (5f9e3124-d69e-4f40-9687-75d7606f1399)
2019-07-11 09:03:00.225 22703 RALLYDEBUG rally_openstack.cleanup.manager [-] Deleting neutron.port object s_rally_924ca9ee_EA5hyz6O (5fe917e0-ec10-40ee-9850-3ae77f551bb8)
2019-07-11 09:03:00.363 22703 RALLYDEBUG rally_openstack.cleanup.manager [-] Deleting neutron.port object s_rally_924ca9ee_fA8x6rIR (60536dca-4a2e-4dc9-8b46-055828850e0c)
2019-07-11 09:03:00.439 22703 RALLYDEBUG rally_openstack.cleanup.manager [-] Deleting neutron.port object s_rally_924ca9ee_4lutVWL3 (6637e134-ba21-40b0-a391-dfabe2d4f564)
2019-07-11 09:03:00.713 22703 RALLYDEBUG rally_openstack.cleanup.manager [-] Deleting neutron.port object s_rally_924ca9ee_TDNGsX8d (690784fc-cdcd-405a-9cc6-8ce00bfcbb4c)
2019-07-11 09:03:00.732 22703 RALLYDEBUG rally_openstack.cleanup.manager [-] Deleting neutron.port object s_rally_924ca9ee_Wc2I1Abd (6b47c450-c45b-4d09-9f7b-8f71b00dca58)
2019-07-11 09:03:00.763 22703 RALLYDEBUG rally_openstack.cleanup.manager [-] Deleting neutron.port object s_rally_924ca9ee_lqZQ7ZLc (6b615c99-90cc-4ff3-b35d-603324bd9217)
2019-07-11 09:03:00.902 22703 RALLYDEBUG rally_openstack.cleanup.manager [-] Deleting neutron.port object s_rally_924ca9ee_D53uJDme (6d8e59fe-f06f-479b-bccd-a2c693be7ed9)
2019-07-11 09:03:00.950 22703 RALLYDEBUG rally_openstack.cleanup.manager [-] Deleting neutron.port object s_rally_924ca9ee_WhGfoX9g (7070cdaa-0a80-413e-8745-39ef005e337b)
2019-07-11 09:03:01.031 22703 RALLYDEBUG rally_openstack.cleanup.manager [-] Deleting neutron.port object s_rally_924ca9ee_iWR4WCgt (74d7740c-2670-4cb3-8f18-79b491835468)
2019-07-11 09:03:01.088 22703 RALLYDEBUG rally_openstack.cleanup.manager [-] Deleting neutron.port object s_rally_924ca9ee_OwAZLTyD (77db4fcb-4e44-4ee7-bfa8-5ddabae73084)
2019-07-11 09:03:01.133 22703 RALLYDEBUG rally_openstack.cleanup.manager [-] Deleting neutron.port object s_rally_924ca9ee_cTmragtR (77dfea29-543e-4890-8c5e-ee12e3ed9eb1)
2019-07-11 09:03:01.362 22703 RALLYDEBUG rally_openstack.cleanup.manager [-] Deleting neutron.port object s_rally_924ca9ee_4CuUCAfL (7a335313-be27-47bd-8cd1-99809678c25c)
2019-07-11 09:03:01.378 22703 RALLYDEBUG rally_openstack.cleanup.manager [-] Deleting neutron.port object s_rally_924ca9ee_IvQbD4RK (7bb6ccd6-cc35-4d72-8349-bafb93df1a25)
2019-07-11 09:03:01.665 22703 RALLYDEBUG rally_openstack.cleanup.manager [-] Deleting neutron.port object s_rally_924ca9ee_aiGGDptQ (7d284390-5c04-4e49-8dfc-486df25fdf32)
2019-07-11 09:03:01.698 22703 RALLYDEBUG rally_openstack.cleanup.manager [-] Deleting neutron.port object s_rally_924ca9ee_cT9FHrMv (7e305cac-4f33-49a1-9c94-c3c24da9b838)
2019-07-11 09:03:01.981 22703 RALLYDEBUG rally_openstack.cleanup.manager [-] Deleting neutron.port object s_rally_924ca9ee_ELHnsUdq (7fc9910d-764f-459e-8afc-7e2304581509)
2019-07-11 09:03:02.101 22703 RALLYDEBUG rally_openstack.cleanup.manager [-] Deleting neutron.port object s_rally_924ca9ee_ASaixn0L (8099b296-3cfc-4cac-bb81-1791b3751000)
2019-07-11 09:03:02.131 22703 RALLYDEBUG rally_openstack.cleanup.manager [-] Deleting neutron.port object s_rally_924ca9ee_I9pUbQAi (81fd9ac5-8aa8-459f-aecb-1c89bdfa60fc)
2019-07-11 09:03:02.457 22703 RALLYDEBUG rally_openstack.cleanup.manager [-] Deleting neutron.port object s_rally_924ca9ee_hoyj1rfJ (831ba0b3-eecd-48e6-a6d3-29e91f229612)
2019-07-11 09:03:02.652 22703 RALLYDEBUG rally_openstack.cleanup.manager [-] Deleting neutron.port object s_rally_924ca9ee_MdlGg9ae (848588a6-a428-4ce2-9b34-21ba506af1f4)
2019-07-11 09:03:02.704 22703 RALLYDEBUG rally_openstack.cleanup.manager [-] Deleting neutron.port object s_rally_924ca9ee_Wke9JZFk (86706df5-9706-48dc-8c71-340d5165ff3e)
2019-07-11 09:03:02.965 22703 RALLYDEBUG rally_openstack.cleanup.manager [-] Deleting neutron.port object s_rally_924ca9ee_DZhp84GH (887cc5bf-e932-411f-9646-ee6956e8997b)
2019-07-11 09:03:02.992 22703 RALLYDEBUG rally_openstack.cleanup.manager [-] Deleting neutron.port object s_rally_924ca9ee_qA0lnsbI (891864d2-aa5b-4798-a046-42578e6af85f)
2019-07-11 09:03:03.213 22703 RALLYDEBUG rally_openstack.cleanup.manager [-] Deleting neutron.port object s_rally_924ca9ee_m4j4giME (8aae3372-12e5-4a39-8838-202a2dbd8cb5)
2019-07-11 09:03:03.226 22703 RALLYDEBUG rally_openstack.cleanup.manager [-] Deleting neutron.port object s_rally_924ca9ee_5RW4JrLf (8b91fbaa-e994-43e6-be4e-f67e7061cb39)
2019-07-11 09:03:03.423 22703 RALLYDEBUG rally_openstack.cleanup.manager [-] Deleting neutron.port object s_rally_924ca9ee_XSQxmWHj (8e3fc77d-99c5-4925-8be3-dab7c9f18385)
2019-07-11 09:03:03.478 22703 RALLYDEBUG rally_openstack.cleanup.manager [-] Deleting neutron.port object s_rally_924ca9ee_azcBnV0M (8e9a3fdf-c976-4fd0-83c8-1da4a73b312f)
2019-07-11 09:03:03.536 22703 RALLYDEBUG rally_openstack.cleanup.manager [-] Deleting neutron.port object s_rally_924ca9ee_pagMhOIa (8efc8aa4-ff7a-4dbd-b8ad-a2498fffcfd6)
2019-07-11 09:03:03.681 22703 RALLYDEBUG rally_openstack.cleanup.manager [-] Deleting neutron.port object s_rally_924ca9ee_XT9B0OiN (8ff6a178-bcc4-4482-8bf4-7d5a373aaeb1)
2019-07-11 09:03:03.698 22703 RALLYDEBUG rally_openstack.cleanup.manager [-] Deleting neutron.port object s_rally_924ca9ee_lj4RoiTZ (9079fceb-a99d-4f44-b8ac-43ebdcaaff29)
2019-07-11 09:03:03.698 22703 RALLYDEBUG rally_openstack.cleanup.manager [-] Deleting neutron.port object s_rally_924ca9ee_w8Zyy4Lc (90d850d0-b73e-4799-b0c3-5c835ca0fea6)
2019-07-11 09:03:03.869 22703 RALLYDEBUG rally_openstack.cleanup.manager [-] Deleting neutron.port object s_rally_924ca9ee_TaLk9kbr (90f65b8b-ea84-4a26-af86-b0d3984ef4ae)
2019-07-11 09:03:04.059 22703 RALLYDEBUG rally_openstack.cleanup.manager [-] Deleting neutron.port object s_rally_924ca9ee_A6EvibX0 (91c6aa65-57a0-4aed-8964-dded9622eae8)
2019-07-11 09:03:04.179 22703 RALLYDEBUG rally_openstack.cleanup.manager [-] Deleting neutron.port object s_rally_924ca9ee_0ovD6ahs (962c8710-3ec5-4d07-936b-93c1df60d313)
2019-07-11 09:03:04.309 22703 RALLYDEBUG rally_openstack.cleanup.manager [-] Deleting neutron.port object s_rally_924ca9ee_X5stcZWy (966f3aa2-f556-48c1-b504-d78dbdb9c644)
2019-07-11 09:03:04.610 22703 RALLYDEBUG rally_openstack.cleanup.manager [-] Deleting neutron.port object s_rally_924ca9ee_saL6J8ST (96dbd2f1-8d21-4502-b327-a973aafbe3ab)
2019-07-11 09:03:04.723 22703 RALLYDEBUG rally_openstack.cleanup.manager [-] Deleting neutron.port object s_rally_924ca9ee_ZeSB09o6 (96e649d0-7fef-466f-a4c4-58b7d17d2e64)
2019-07-11 09:03:04.846 22703 RALLYDEBUG rally_openstack.cleanup.manager [-] Deleting neutron.port object s_rally_924ca9ee_JjqXp6Mm (973a4d4f-d29e-40e6-96b5-bf4ca130cf4a)
2019-07-11 09:03:05.064 22703 RALLYDEBUG rally_openstack.cleanup.manager [-] Deleting neutron.port object s_rally_924ca9ee_9GxjS3as (97dafa33-4848-4630-b137-c5af9d580e1f)
2019-07-11 09:03:05.214 22703 RALLYDEBUG rally_openstack.cleanup.manager [-] Deleting neutron.port object s_rally_924ca9ee_ZyY3GQWn (9b8ad460-9e3e-4ac0-ae7c-32ead8e1e2e4)
2019-07-11 09:03:05.410 22703 RALLYDEBUG rally_openstack.cleanup.manager [-] Deleting neutron.port object s_rally_924ca9ee_j7N93BVV (a0919ac8-bb3e-42b2-82a4-301e6bb6b7a8)
2019-07-11 09:03:05.490 22703 RALLYDEBUG rally_openstack.cleanup.manager [-] Deleting neutron.port object s_rally_924ca9ee_nhFjBBo2 (a1e72355-61fb-4abb-b5c8-09d900c05f5d)
2019-07-11 09:03:05.503 22703 RALLYDEBUG rally_openstack.cleanup.manager [-] Deleting neutron.port object s_rally_924ca9ee_anTsPepf (a2993903-a46c-4b1c-8159-d5092a0612c2)
2019-07-11 09:03:05.796 22703 RALLYDEBUG rally_openstack.cleanup.manager [-] Deleting neutron.port object s_rally_924ca9ee_m3MDJ2V9 (a346702d-30e2-4d72-8708-e326d0ddbd8e)
2019-07-11 09:03:05.830 22703 RALLYDEBUG rally_openstack.cleanup.manager [-] Deleting neutron.port object s_rally_924ca9ee_CwBZtuGh (a86348d0-90cb-4c97-8591-44bfce063d7b)
2019-07-11 09:03:05.891 22703 RALLYDEBUG rally_openstack.cleanup.manager [-] Deleting neutron.port object s_rally_924ca9ee_cJuKqiyt (a8f9ab14-d9e8-4882-a076-84f2c2c2466d)
2019-07-11 09:03:05.978 22703 RALLYDEBUG rally_openstack.cleanup.manager [-] Deleting neutron.port object s_rally_924ca9ee_h1zfJ0Hr (a97cfbd8-aff4-487d-96e9-b357e70f8eaf)
2019-07-11 09:03:06.141 22703 RALLYDEBUG rally_openstack.cleanup.manager [-] Deleting neutron.port object s_rally_924ca9ee_xgCStYnU (aba8be35-0142-4789-b2e2-3637423ee125)
2019-07-11 09:03:06.185 22703 RALLYDEBUG rally_openstack.cleanup.manager [-] Deleting neutron.port object s_rally_924ca9ee_lT7QVLPq (adbf83f8-0bd3-4824-9a29-95c89225202d)
2019-07-11 09:03:06.310 22703 RALLYDEBUG rally_openstack.cleanup.manager [-] Deleting neutron.port object s_rally_924ca9ee_tnOjmEbE (ae1c1876-a866-4556-a5a7-3b5ce84eb709)
2019-07-11 09:03:06.388 22703 RALLYDEBUG rally_openstack.cleanup.manager [-] Deleting neutron.port object s_rally_924ca9ee_Cf5W6btj (b037c9aa-343e-4fff-b607-c2b408537801)
2019-07-11 09:03:06.454 22703 RALLYDEBUG rally_openstack.cleanup.manager [-] Deleting neutron.port object s_rally_924ca9ee_iDpcezK1 (b08c21cc-750c-4645-be5d-ad59ec25cbcb)
2019-07-11 09:03:06.720 22703 RALLYDEBUG rally_openstack.cleanup.manager [-] Deleting neutron.port object s_rally_924ca9ee_TKJxRhl0 (b122cb3b-ee41-4908-9432-895e8b97da99)
2019-07-11 09:03:06.962 22703 RALLYDEBUG rally_openstack.cleanup.manager [-] Deleting neutron.port object s_rally_924ca9ee_dP2A7kTT (b3bd961f-83c7-4f97-bf89-b9425df5be2e)
2019-07-11 09:03:07.066 22703 RALLYDEBUG rally_openstack.cleanup.manager [-] Deleting neutron.port object s_rally_924ca9ee_OqwIF5OY (b444b5c8-d1ab-41d3-8033-345760f7fb85)
2019-07-11 09:03:07.442 22703 RALLYDEBUG rally_openstack.cleanup.manager [-] Deleting neutron.port object s_rally_924ca9ee_1PbmTx9U (b455b418-e675-4ddf-a9bf-46c4007d76ad)
2019-07-11 09:03:07.504 22703 RALLYDEBUG rally_openstack.cleanup.manager [-] Deleting neutron.port object s_rally_924ca9ee_G3bfWkgm (b4e4643c-7078-488c-a5a4-bca7e2223005)
2019-07-11 09:03:07.535 22703 RALLYDEBUG rally_openstack.cleanup.manager [-] Deleting neutron.port object s_rally_924ca9ee_BXVGqKW9 (b59ae499-91b1-4c12-b93a-20af1096a20b)
2019-07-11 09:03:07.670 22703 RALLYDEBUG rally_openstack.cleanup.manager [-] Deleting neutron.port object s_rally_924ca9ee_XTfnJO2k (b649461c-4553-4a8d-b8e6-43b264bcafcb)
2019-07-11 09:03:07.779 22703 RALLYDEBUG rally_openstack.cleanup.manager [-] Deleting neutron.port object s_rally_924ca9ee_Rlz3M5UE (b7d21512-3fa6-442c-adeb-1b82bb28d0c5)
2019-07-11 09:03:07.789 22703 RALLYDEBUG rally_openstack.cleanup.manager [-] Deleting neutron.port object s_rally_924ca9ee_1D1PKMeM (b7e06100-4cdf-483b-939b-c38e9d727df2)
2019-07-11 09:03:07.947 22703 RALLYDEBUG rally_openstack.cleanup.manager [-] Deleting neutron.port object s_rally_924ca9ee_oNbyZeCD (bb75fa05-1e61-47db-ba0c-bd8659b28618)
2019-07-11 09:03:08.322 22703 RALLYDEBUG rally_openstack.cleanup.manager [-] Deleting neutron.port object s_rally_924ca9ee_5WnT7byk (bba2bcb8-bfd5-4b3e-8e2b-fd39ded399d5)
2019-07-11 09:03:08.407 22703 RALLYDEBUG rally_openstack.cleanup.manager [-] Deleting neutron.port object s_rally_924ca9ee_CiX74Qws (bc7052d8-e0ff-41f6-80cd-ff388095191b)
2019-07-11 09:03:08.578 22703 RALLYDEBUG rally_openstack.cleanup.manager [-] Deleting neutron.port object s_rally_924ca9ee_68N5zSL9 (bc979aff-2bfa-4991-91a2-9d9be64a6409)
2019-07-11 09:03:08.692 22703 RALLYDEBUG rally_openstack.cleanup.manager [-] Deleting neutron.port object s_rally_924ca9ee_mJwPJQDh (be09e382-6009-4dbd-bdb4-d3e3e4db228d)
2019-07-11 09:03:08.734 22703 RALLYDEBUG rally_openstack.cleanup.manager [-] Deleting neutron.port object s_rally_924ca9ee_HOoELrGC (c1dd0080-77bd-44fb-846d-9deda3f03997)
2019-07-11 09:03:08.762 22703 RALLYDEBUG rally_openstack.cleanup.manager [-] Deleting neutron.port object s_rally_924ca9ee_Tcy6EcKz (c3887490-571c-4a30-adde-ff1610d2f802)
2019-07-11 09:03:08.830 22703 RALLYDEBUG rally_openstack.cleanup.manager [-] Deleting neutron.port object s_rally_924ca9ee_PSGk26FU (c3f64ad6-9f27-4188-97db-7a399d80a211)
2019-07-11 09:03:08.867 22703 RALLYDEBUG rally_openstack.cleanup.manager [-] Deleting neutron.port object s_rally_924ca9ee_OhpFk9fx (c5301e95-08fc-4899-8324-9056986ed984)
2019-07-11 09:03:08.914 22703 RALLYDEBUG rally_openstack.cleanup.manager [-] Deleting neutron.port object s_rally_924ca9ee_98Iace1I (c5eee759-feeb-4788-84ec-422059b20d9a)
2019-07-11 09:03:08.927 22703 RALLYDEBUG rally_openstack.cleanup.manager [-] Deleting neutron.port object s_rally_924ca9ee_o1XrfvcH (c6e43aa7-f238-47b8-b387-a61f9a5b4ea9)
2019-07-11 09:03:09.155 22703 RALLYDEBUG rally_openstack.cleanup.manager [-] Deleting neutron.port object s_rally_924ca9ee_kNXY9zdq (c7e55369-dc45-431f-b5e4-0f383a7f98be)
2019-07-11 09:03:09.374 22703 RALLYDEBUG rally_openstack.cleanup.manager [-] Deleting neutron.port object s_rally_924ca9ee_j9Z3IMMd (c8327f46-3eb6-4215-8959-1026bdb51549)
2019-07-11 09:03:09.467 22703 RALLYDEBUG rally_openstack.cleanup.manager [-] Deleting neutron.port object s_rally_924ca9ee_vIVcC2Xe (c97b687e-41b3-4bd2-ad7e-931e44f2effc)
2019-07-11 09:03:09.852 22703 RALLYDEBUG rally_openstack.cleanup.manager [-] Deleting neutron.port object s_rally_924ca9ee_7Nq1EGrZ (cdf680b0-269d-4d0d-8dd9-d6ebc856079c)
2019-07-11 09:03:09.862 22703 RALLYDEBUG rally_openstack.cleanup.manager [-] Deleting neutron.port object s_rally_924ca9ee_6uFVrbC5 (cd794ad9-cecf-4349-91ec-ce447489489a)
2019-07-11 09:03:10.322 22703 RALLYDEBUG rally_openstack.cleanup.manager [-] Deleting neutron.port object s_rally_924ca9ee_VwNVcww0 (cec42ef4-441a-49ac-bedd-9f50553aae6f)
2019-07-11 09:03:10.343 22703 RALLYDEBUG rally_openstack.cleanup.manager [-] Deleting neutron.port object s_rally_924ca9ee_xdA0reFb (ceee00d5-c3a2-46dd-896c-6a37e54c6176)
2019-07-11 09:03:10.446 22703 RALLYDEBUG rally_openstack.cleanup.manager [-] Deleting neutron.port object s_rally_924ca9ee_zzXNm5wD (d08224d3-42e4-4c7a-819d-67c40436399e)
2019-07-11 09:03:10.824 22703 RALLYDEBUG rally_openstack.cleanup.manager [-] Deleting neutron.port object s_rally_924ca9ee_DsUSuxLg (d157c50b-dd89-43c7-bfbe-c936a51ca923)
2019-07-11 09:03:10.935 22703 RALLYDEBUG rally_openstack.cleanup.manager [-] Deleting neutron.port object s_rally_924ca9ee_PBGm3NSk (d4452a60-bcaf-4e69-8ece-b84496ff55c6)
2019-07-11 09:03:10.963 22703 RALLYDEBUG rally_openstack.cleanup.manager [-] Deleting neutron.port object s_rally_924ca9ee_2pWpzU84 (d56f5dea-fded-4847-b033-790a4755efcf)
2019-07-11 09:03:11.112 22703 RALLYDEBUG rally_openstack.cleanup.manager [-] Deleting neutron.port object s_rally_924ca9ee_vBNTJdUc (d58d2f35-bd91-4214-b019-c78600e6e253)
2019-07-11 09:03:11.167 22703 RALLYDEBUG rally_openstack.cleanup.manager [-] Deleting neutron.port object s_rally_924ca9ee_yzFpGSJ1 (d9ccebbd-bb07-4bd2-970a-3d7b06b3847e)
2019-07-11 09:03:11.194 22703 RALLYDEBUG rally_openstack.cleanup.manager [-] Deleting neutron.port object s_rally_924ca9ee_r7l0vSm4 (d9f8a344-14e9-462d-8cd9-97979f7a80fc)
2019-07-11 09:03:11.382 22703 RALLYDEBUG rally_openstack.cleanup.manager [-] Deleting neutron.port object s_rally_924ca9ee_RbYUToAf (dda51e4e-c945-478d-8f8e-125053c64b78)
2019-07-11 09:03:11.481 22703 RALLYDEBUG rally_openstack.cleanup.manager [-] Deleting neutron.port object s_rally_924ca9ee_st83SfCG (de62c4be-44c1-408f-bfbe-53d03a602749)
2019-07-11 09:03:11.751 22703 RALLYDEBUG rally_openstack.cleanup.manager [-] Deleting neutron.port object s_rally_924ca9ee_wfjJLtA4 (dedfb089-046b-4a59-8660-70ba66f62031)
2019-07-11 09:03:11.766 22703 RALLYDEBUG rally_openstack.cleanup.manager [-] Deleting neutron.port object s_rally_924ca9ee_97Id5i2G (df2100d7-082f-4f0b-85ab-618402140500)
2019-07-11 09:03:11.794 22703 RALLYDEBUG rally_openstack.cleanup.manager [-] Deleting neutron.port object s_rally_924ca9ee_uCKzP7wS (e23beba0-6bd1-4ff1-ad35-e963ff466956)
2019-07-11 09:03:11.825 22703 RALLYDEBUG rally_openstack.cleanup.manager [-] Deleting neutron.port object s_rally_924ca9ee_Eq1Lh5Pg (e2e143cb-0643-43d7-b9ec-734c973adcba)
2019-07-11 09:03:11.970 22703 RALLYDEBUG rally_openstack.cleanup.manager [-] Deleting neutron.port object s_rally_924ca9ee_b4tovRdO (e3904501-473e-4401-9b9d-8b328f39550b)
2019-07-11 09:03:11.980 22703 RALLYDEBUG rally_openstack.cleanup.manager [-] Deleting neutron.port object s_rally_924ca9ee_rpsqGe1s (e3e8ef7b-3d94-49cf-a285-6851ffadd3b8)
2019-07-11 09:03:12.135 22703 RALLYDEBUG rally_openstack.cleanup.manager [-] Deleting neutron.port object s_rally_924ca9ee_wrCuHBwd (e68b4580-0c33-435e-ad1f-72b276af0410)
2019-07-11 09:03:12.232 22703 RALLYDEBUG rally_openstack.cleanup.manager [-] Deleting neutron.port object s_rally_924ca9ee_LAMZpnID (e85fb49c-587d-440b-acf7-855fa27fd810)
2019-07-11 09:03:12.423 22703 RALLYDEBUG rally_openstack.cleanup.manager [-] Deleting neutron.port object s_rally_924ca9ee_vFeHiAlQ (e868eb1b-ec15-4a26-b13e-655120e8c09f)
2019-07-11 09:03:12.550 22703 RALLYDEBUG rally_openstack.cleanup.manager [-] Deleting neutron.port object s_rally_924ca9ee_EHcs203Q (ea3294de-dd69-48ea-a908-d9721aa8f2c0)
2019-07-11 09:03:12.641 22703 RALLYDEBUG rally_openstack.cleanup.manager [-] Deleting neutron.port object s_rally_924ca9ee_mHjbCtJA (ec22cb9f-4c38-4777-b1bb-8d7aa7aa4f5a)
2019-07-11 09:03:13.118 22703 RALLYDEBUG rally_openstack.cleanup.manager [-] Deleting neutron.port object s_rally_924ca9ee_W2p3pFD9 (ec947b37-f2f9-4e37-9c0f-be68153b6f06)
2019-07-11 09:03:13.167 22703 RALLYDEBUG rally_openstack.cleanup.manager [-] Deleting neutron.port object s_rally_924ca9ee_I8zFpmqN (edddb36c-4896-4604-9cab-6d2b9b7f37b1)
2019-07-11 09:03:13.446 22703 RALLYDEBUG rally_openstack.cleanup.manager [-] Deleting neutron.port object s_rally_924ca9ee_gRqOfkko (f4d5318b-1921-4f02-9110-5048c5362410)
2019-07-11 09:03:13.748 22703 RALLYDEBUG rally_openstack.cleanup.manager [-] Deleting neutron.port object s_rally_924ca9ee_uGOjlwpo (f77c4bb8-89fe-4b00-9bf4-aaf3724b257d)
2019-07-11 09:03:13.881 22703 RALLYDEBUG rally_openstack.cleanup.manager [-] Deleting neutron.port object s_rally_924ca9ee_kXqA0FVs (f8201cfd-6e47-427d-9731-53d04bdefba8)
2019-07-11 09:03:13.932 22703 RALLYDEBUG rally_openstack.cleanup.manager [-] Deleting neutron.port object s_rally_924ca9ee_ynwl2TCW (f8797d3f-48f2-4ed0-9886-03cd23de0bb3)
2019-07-11 09:03:13.980 22703 RALLYDEBUG rally_openstack.cleanup.manager [-] Deleting neutron.port object s_rally_924ca9ee_HxzLSqPG (f8ae3b38-657e-4e6d-8b76-a6e3b8ea8494)
2019-07-11 09:03:14.043 22703 RALLYDEBUG rally_openstack.cleanup.manager [-] Deleting neutron.port object s_rally_924ca9ee_iuZRusaE (f8cf991f-4f1a-4698-bc9c-89c54c04747b)
2019-07-11 09:03:14.165 22703 RALLYDEBUG rally_openstack.cleanup.manager [-] Deleting neutron.port object s_rally_924ca9ee_VJyguSuv (f9c0d329-c076-4f8e-a08a-62590a71a991)
2019-07-11 09:03:14.192 22703 RALLYDEBUG rally_openstack.cleanup.manager [-] Deleting neutron.port object s_rally_924ca9ee_UgvHQVfu (fa87799b-762b-40ac-87dc-145f650b300e)
2019-07-11 09:03:14.291 22703 RALLYDEBUG rally_openstack.cleanup.manager [-] Deleting neutron.port object s_rally_924ca9ee_TjVsdZGv (fafcb5d0-2f07-4f0b-a16d-e85cb3497385)
2019-07-11 09:03:14.382 22703 RALLYDEBUG rally_openstack.cleanup.manager [-] Deleting neutron.port object s_rally_924ca9ee_oP6H1JYp (fb44777e-b547-48d0-8729-b2b872f43006)
2019-07-11 09:03:16.843 22703 RALLYDEBUG rally_openstack.cleanup.manager [-] Cleaning up neutron subnet objects
2019-07-11 09:03:17.865 22703 RALLYDEBUG rally_openstack.cleanup.manager [-] Cleaning up neutron network objects
2019-07-11 09:03:18.710 22703 RALLYDEBUG rally_openstack.cleanup.manager [-] Deleting neutron.network object s_rally_924ca9ee_ppoIcJm4 (03782ff1-9d73-4d55-86de-9e4d93e31019)
2019-07-11 09:03:18.714 22703 RALLYDEBUG rally_openstack.cleanup.manager [-] Deleting neutron.network object s_rally_924ca9ee_IH1ZvKRk (03eb1572-7fd4-4071-be2f-443f394ff5ad)
2019-07-11 09:03:18.722 22703 RALLYDEBUG rally_openstack.cleanup.manager [-] Deleting neutron.network object s_rally_924ca9ee_MRzOXIfJ (06570aa0-4688-4ec4-93ea-3dc3a8cb7903)
2019-07-11 09:03:18.729 22703 RALLYDEBUG rally_openstack.cleanup.manager [-] Deleting neutron.network object s_rally_924ca9ee_Itog2k6M (07d2be5a-af4b-4eb0-91de-17d9fa6644b5)
2019-07-11 09:03:18.736 22703 RALLYDEBUG rally_openstack.cleanup.manager [-] Deleting neutron.network object s_rally_924ca9ee_jSY4vLIk (09b272b7-22ba-4523-8375-93f1a90326e2)
2019-07-11 09:03:18.744 22703 RALLYDEBUG rally_openstack.cleanup.manager [-] Deleting neutron.network object s_rally_924ca9ee_rI8IiHkQ (0e5154a6-9228-4d2f-abda-3f4031b8cecc)
2019-07-11 09:03:18.755 22703 RALLYDEBUG rally_openstack.cleanup.manager [-] Deleting neutron.network object s_rally_924ca9ee_vyX0yFXV (160b2c41-7293-44f3-b9d4-8aceb63b72f1)
2019-07-11 09:03:18.770 22703 RALLYDEBUG rally_openstack.cleanup.manager [-] Deleting neutron.network object s_rally_924ca9ee_zWUVdTHk (1c15d2f1-a6b1-4ef1-b033-f650100824a4)
2019-07-11 09:03:18.784 22703 RALLYDEBUG rally_openstack.cleanup.manager [-] Deleting neutron.network object s_rally_924ca9ee_M7ATG5pE (3015b5e3-495c-418a-985a-dae90e706254)
2019-07-11 09:03:18.791 22703 RALLYDEBUG rally_openstack.cleanup.manager [-] Deleting neutron.network object s_rally_924ca9ee_RDhS6qOP (2899ac25-bd4a-4306-b848-0bdc6a7df2c3)
2019-07-11 09:03:18.802 22703 RALLYDEBUG rally_openstack.cleanup.manager [-] Deleting neutron.network object s_rally_924ca9ee_8QMzzkHH (335db902-5ef5-465c-bcd3-0df56c2ae3d8)
2019-07-11 09:03:18.810 22703 RALLYDEBUG rally_openstack.cleanup.manager [-] Deleting neutron.network object s_rally_924ca9ee_JPZeSSKw (373e30e5-2418-4e8d-8cf0-797f9f787ad5)
2019-07-11 09:03:18.810 22703 RALLYDEBUG rally_openstack.cleanup.manager [-] Deleting neutron.network object s_rally_924ca9ee_3ualtryl (37176748-ae09-40b3-b48f-ba80dd24cba2)
2019-07-11 09:03:18.833 22703 RALLYDEBUG rally_openstack.cleanup.manager [-] Deleting neutron.network object s_rally_924ca9ee_8jHBgeAv (3b09da97-4eb6-4081-9a41-c1a4a9e1be36)
2019-07-11 09:03:18.853 22703 RALLYDEBUG rally_openstack.cleanup.manager [-] Deleting neutron.network object s_rally_924ca9ee_oHKat1vq (4633226f-c837-4fa9-b2a7-8ffd5f2a6515)
2019-07-11 09:03:18.862 22703 RALLYDEBUG rally_openstack.cleanup.manager [-] Deleting neutron.network object s_rally_924ca9ee_AKMFPnfg (5165462b-9c5d-4227-af15-dd7903c60241)
2019-07-11 09:03:18.864 22703 RALLYDEBUG rally_openstack.cleanup.manager [-] Deleting neutron.network object s_rally_924ca9ee_08q81adJ (47608149-5feb-47ef-abbd-71178910d040)
2019-07-11 09:03:18.880 22703 RALLYDEBUG rally_openstack.cleanup.manager [-] Deleting neutron.network object s_rally_924ca9ee_oNAMuraI (64a7181f-005e-439c-a6ab-a15f429e049d)
2019-07-11 09:03:18.881 22703 RALLYDEBUG rally_openstack.cleanup.manager [-] Deleting neutron.network object s_rally_924ca9ee_MYrwICjf (528f9d4a-dd04-4b59-89fe-ca25cf6992db)
2019-07-11 09:03:18.895 22703 RALLYDEBUG rally_openstack.cleanup.manager [-] Deleting neutron.network object s_rally_924ca9ee_Nmzs7pkN (6eccf4d5-a1ab-41cf-973f-9292595d5f02)
2019-07-11 09:03:21.904 22703 RALLYDEBUG rally_openstack.cleanup.manager [-] Deleting neutron.network object s_rally_924ca9ee_USbPHTeM (72f0b809-4b6f-4bba-a361-0a97c765bc75)
2019-07-11 09:03:22.069 22703 RALLYDEBUG rally_openstack.cleanup.manager [-] Deleting neutron.network object s_rally_924ca9ee_uO6LnfXs (755abb83-e343-4a38-872a-d7fd74345ca8)
2019-07-11 09:03:22.174 22703 RALLYDEBUG rally_openstack.cleanup.manager [-] Deleting neutron.network object s_rally_924ca9ee_QwpsaDQc (7b252bab-24a2-4730-bdcc-07fa9f6cad49)
2019-07-11 09:03:22.433 22703 RALLYDEBUG rally_openstack.cleanup.manager [-] Deleting neutron.network object s_rally_924ca9ee_sUTap0jp (7e875c84-019f-4d24-912a-af4d37b7176b)
2019-07-11 09:03:22.555 22703 RALLYDEBUG rally_openstack.cleanup.manager [-] Deleting neutron.network object s_rally_924ca9ee_qb9TIhrV (848bf7f7-8f64-4596-be11-9a346051dd6a)
2019-07-11 09:03:22.575 22703 RALLYDEBUG rally_openstack.cleanup.manager [-] Deleting neutron.network object s_rally_924ca9ee_IQz51gOz (89435613-dda2-46e1-b3a9-cb37928422ab)
2019-07-11 09:03:23.554 22703 RALLYDEBUG rally_openstack.cleanup.manager [-] Deleting neutron.network object s_rally_924ca9ee_W1WLIMQQ (90f7aa8e-921c-4c88-ab4d-74503b0aa464)
2019-07-11 09:03:23.558 22703 RALLYDEBUG rally_openstack.cleanup.manager [-] Deleting neutron.network object s_rally_924ca9ee_glKfzP35 (924353bb-7f38-49aa-b24d-10268b74a367)
2019-07-11 09:03:23.752 22703 RALLYDEBUG rally_openstack.cleanup.manager [-] Deleting neutron.network object s_rally_924ca9ee_KXlfsraq (93dd3e1a-9645-486a-bfb2-c3ef9e0c5a40)
2019-07-11 09:03:23.755 22703 RALLYDEBUG rally_openstack.cleanup.manager [-] Deleting neutron.network object s_rally_924ca9ee_1SS6SeRs (9ea262ed-c7b9-4e98-b8e8-229c2a8c1a53)
2019-07-11 09:03:23.782 22703 RALLYDEBUG rally_openstack.cleanup.manager [-] Deleting neutron.network object s_rally_924ca9ee_VaVwzUzJ (a17607d4-1c4b-40fb-81e3-320d219ca1c6)
2019-07-11 09:03:23.790 22703 RALLYDEBUG rally_openstack.cleanup.manager [-] Deleting neutron.network object s_rally_924ca9ee_MiDe3iMj (a256eb06-9b12-4905-8e7c-50f62c2bfd63)
2019-07-11 09:03:24.742 22703 RALLYDEBUG rally_openstack.cleanup.manager [-] Deleting neutron.network object s_rally_924ca9ee_5Scgqedl (b490db0d-3789-4dd5-9c0e-a21e34833eda)
2019-07-11 09:03:24.743 22703 RALLYDEBUG rally_openstack.cleanup.manager [-] Deleting neutron.network object s_rally_924ca9ee_80G0gbkC (b7f416d4-4fe6-4964-99fd-d36cccbaeb64)
2019-07-11 09:03:24.748 22703 RALLYDEBUG rally_openstack.cleanup.manager [-] Deleting neutron.network object s_rally_924ca9ee_1LCXKxAG (c857e2e3-237c-4f88-999b-8963346ab6bc)
2019-07-11 09:03:24.989 22703 RALLYDEBUG rally_openstack.cleanup.manager [-] Deleting neutron.network object s_rally_924ca9ee_FNe2Uldy (cfa68ada-484c-4f28-b22d-087046875157)
2019-07-11 09:03:25.286 22703 RALLYDEBUG rally_openstack.cleanup.manager [-] Deleting neutron.network object s_rally_924ca9ee_LID7IYfQ (d0306388-9fa8-4001-8b97-129d0f6a1745)
2019-07-11 09:03:25.353 22703 RALLYDEBUG rally_openstack.cleanup.manager [-] Deleting neutron.network object s_rally_924ca9ee_U7T0jZTT (e8152b87-794f-430f-bdc5-5f027dba2962)
2019-07-11 09:03:25.610 22703 RALLYDEBUG rally_openstack.cleanup.manager [-] Deleting neutron.network object s_rally_924ca9ee_HGcxe8lF (ec4c2b39-6ed4-41ff-854b-a03157eeb79e)
2019-07-11 09:03:25.670 22703 RALLYDEBUG rally_openstack.cleanup.manager [-] Deleting neutron.network object s_rally_924ca9ee_P0nhY7yv (fbce47ab-f65f-49da-8db4-683a064a2d5c)
2019-07-11 09:03:29.063 22703 RALLYDEBUG rally_openstack.cleanup.manager [-] Cleaning up neutron router objects
2019-07-11 09:03:29.820 22703 RALLYDEBUG rally_openstack.cleanup.manager [-] Cleaning up neutron security_group objects
2019-07-11 09:03:30.629 22703 INFO rally.task.context [-] Task 94c33d93-3b53-40c0-927c-5da2a4573cf8 | Context cleanup@openstack cleanup() finished in 46.79 sec
2019-07-11 09:03:30.630 22703 INFO rally.task.context [-] Task 94c33d93-3b53-40c0-927c-5da2a4573cf8 | Context quotas@openstack cleanup() started
2019-07-11 09:03:30.960 22703 INFO rally.task.context [-] Task 94c33d93-3b53-40c0-927c-5da2a4573cf8 | Context quotas@openstack cleanup() finished in 0.33 sec
2019-07-11 09:03:30.961 22703 INFO rally.task.context [-] Task 94c33d93-3b53-40c0-927c-5da2a4573cf8 | Context users@openstack cleanup() started
2019-07-11 09:03:36.171 22703 INFO rally.task.context [-] Task 94c33d93-3b53-40c0-927c-5da2a4573cf8 | Context users@openstack cleanup() finished in 5.21 sec
2019-07-11 09:03:36.491 22703 INFO rally.task.engine [-] Load duration is: 38.043229
2019-07-11 09:03:36.492 22703 INFO rally.task.engine [-] Full runner duration is: 38.09796
2019-07-11 09:03:36.492 22703 INFO rally.task.engine [-] Full duration is: 96.056923
2019-07-11 09:03:36.694 22703 INFO rally.task.engine [-] Running workload: position = 2 config = { "version": 2, "title": "A cropped version of a bigger task.", "description": "Auto-generated task from a single workload (uuid=0dd88032-fbe0-4369-8fa3-73be349de005)", "subtasks": [ { "title": "NeutronNetworks.create_and_delete_ports", "description": "Create and delete a port.", "scenario": { "NeutronNetworks.create_and_delete_ports": { "network_create_args": {}, "port_create_args": {}, "ports_per_network": 5 } }, "contexts": { "users": { "tenants": 1, "users_per_tenant": 1 }, "quotas": { "neutron": { "network": -1, "port": -1 } } }, "runner": { "constant": { "times": 40, "concurrency": 20 } }, "hooks": [], "sla": { "failure_rate": { "max": 0 } } } ] }
2019-07-11 09:03:36.720 22703 RALLYDEBUG rally_openstack.contexts.keystone.users [-] Creating 1 tenants using 20 threads
2019-07-11 09:03:38.861 22703 RALLYDEBUG rally_openstack.contexts.keystone.users [-] Creating 1 users using 20 threads
2019-07-11 09:03:41.763 22703 INFO rally.task.context [-] Task 94c33d93-3b53-40c0-927c-5da2a4573cf8 | Context users@openstack setup() finished in 5.04 sec
2019-07-11 09:03:42.479 22703 INFO rally.task.context [-] Task 94c33d93-3b53-40c0-927c-5da2a4573cf8 | Context quotas@openstack setup() finished in 0.72 sec
2019-07-11 09:03:42.479 22703 INFO rally.task.context [-] Task 94c33d93-3b53-40c0-927c-5da2a4573cf8 | Context cleanup@openstack setup() finished in 0.01 msec
2019-07-11 09:03:42.487 22703 RALLYDEBUG rally.task.runner [-] Starting the constant runner (task UUID: 94c33d93-3b53-40c0-927c-5da2a4573cf8). timeout: 0 concurrency: 20 concurrency_per_worker: 1 times: 40 concurrency_overhead: 4 processes_to_start: 16 max_cpu_used: 16
2019-07-11 09:03:42.500 26949 RALLYDEBUG rally.task.runner [-] Starting a worker. concurrency: 2 args: {"network_create_args": {}, "port_create_args": {}, "ports_per_network": 5} times: 40 method_name: run timeout: 0 duration: None cls:
2019-07-11 09:03:42.503 26950 RALLYDEBUG rally.task.runner [-] Starting a worker. concurrency: 2 args: {"network_create_args": {}, "port_create_args": {}, "ports_per_network": 5} times: 40 method_name: run timeout: 0 duration: None cls:
2019-07-11 09:03:42.506 26951 RALLYDEBUG rally.task.runner [-] Starting a worker. concurrency: 2 args: {"network_create_args": {}, "port_create_args": {}, "ports_per_network": 5} times: 40 method_name: run timeout: 0 duration: None cls:
2019-07-11 09:03:42.506 26949 INFO rally.task.runner [-] Task 94c33d93-3b53-40c0-927c-5da2a4573cf8 | ITER: 1 START
2019-07-11 09:03:42.509 26952 RALLYDEBUG rally.task.runner [-] Starting a worker. concurrency: 2 args: {"network_create_args": {}, "port_create_args": {}, "ports_per_network": 5} times: 40 method_name: run timeout: 0 duration: None cls:
2019-07-11 09:03:42.511 26949 WARNING rally_openstack.scenarios.neutron.utils [-] Running this scenario without either the 'network' or 'existing_network' context is deprecated
2019-07-11 09:03:42.511 26950 INFO rally.task.runner [-] Task 94c33d93-3b53-40c0-927c-5da2a4573cf8 | ITER: 2 START
2019-07-11 09:03:42.512 26954 RALLYDEBUG rally.task.runner [-] Starting a worker. concurrency: 1 args: {"network_create_args": {}, "port_create_args": {}, "ports_per_network": 5} times: 40 method_name: run timeout: 0 duration: None cls:
2019-07-11 09:03:42.513 26950 WARNING rally_openstack.scenarios.neutron.utils [-] Running this scenario without either the 'network' or 'existing_network' context is deprecated
2019-07-11 09:03:42.516 26951 INFO rally.task.runner [-] Task 94c33d93-3b53-40c0-927c-5da2a4573cf8 | ITER: 6 START
2019-07-11 09:03:42.517 26957 RALLYDEBUG rally.task.runner [-] Starting a worker. concurrency: 1 args: {"network_create_args": {}, "port_create_args": {}, "ports_per_network": 5} times: 40 method_name: run timeout: 0 duration: None cls:
2019-07-11 09:03:42.517 26951 INFO rally.task.runner [-] Task 94c33d93-3b53-40c0-927c-5da2a4573cf8 | ITER: 4 START
2019-07-11 09:03:42.520 26954 INFO rally.task.runner [-] Task 94c33d93-3b53-40c0-927c-5da2a4573cf8 | ITER: 8 START
2019-07-11 09:03:42.519 26951 WARNING rally_openstack.scenarios.neutron.utils [-] Running this scenario without either the 'network' or 'existing_network' context is deprecated
2019-07-11 09:03:42.518 26949 INFO rally.task.runner [-] Task 94c33d93-3b53-40c0-927c-5da2a4573cf8 | ITER: 3 START
2019-07-11 09:03:42.520 26952 INFO rally.task.runner [-] Task 94c33d93-3b53-40c0-927c-5da2a4573cf8 | ITER: 7 START
2019-07-11 09:03:42.520 26961 RALLYDEBUG rally.task.runner [-] Starting a worker. concurrency: 1 args: {"network_create_args": {}, "port_create_args": {}, "ports_per_network": 5} times: 40 method_name: run timeout: 0 duration: None cls:
2019-07-11 09:03:42.522 26954 WARNING rally_openstack.scenarios.neutron.utils [-] Running this scenario without either the 'network' or 'existing_network' context is deprecated
2019-07-11 09:03:42.520 26951 WARNING rally_openstack.scenarios.neutron.utils [-] Running this scenario without either the 'network' or 'existing_network' context is deprecated
2019-07-11 09:03:42.522 26965 RALLYDEBUG rally.task.runner [-] Starting a worker. concurrency: 1 args: {"network_create_args": {}, "port_create_args": {}, "ports_per_network": 5} times: 40 method_name: run timeout: 0 duration: None cls:
2019-07-11 09:03:42.522 26952 WARNING rally_openstack.scenarios.neutron.utils [-] Running this scenario without either the 'network' or 'existing_network' context is deprecated
2019-07-11 09:03:42.521 26949 WARNING rally_openstack.scenarios.neutron.utils [-] Running this scenario without either the 'network' or 'existing_network' context is deprecated
2019-07-11 09:03:42.524 26957 INFO rally.task.runner [-] Task 94c33d93-3b53-40c0-927c-5da2a4573cf8 | ITER: 10 START
2019-07-11 09:03:42.527 26950 INFO rally.task.runner [-] Task 94c33d93-3b53-40c0-927c-5da2a4573cf8 | ITER: 5 START
2019-07-11 09:03:42.527 26972 RALLYDEBUG rally.task.runner [-] Starting a worker. concurrency: 1 args: {"network_create_args": {}, "port_create_args": {}, "ports_per_network": 5} times: 40 method_name: run timeout: 0 duration: None cls:
2019-07-11 09:03:42.528 26965 INFO rally.task.runner [-] Task 94c33d93-3b53-40c0-927c-5da2a4573cf8 | ITER: 12 START
2019-07-11 09:03:42.528 26957 WARNING rally_openstack.scenarios.neutron.utils [-] Running this scenario without either the 'network' or 'existing_network' context is deprecated
2019-07-11 09:03:42.528 26950 WARNING rally_openstack.scenarios.neutron.utils [-] Running this scenario without either the 'network' or 'existing_network' context is deprecated
2019-07-11 09:03:42.530 26965 WARNING rally_openstack.scenarios.neutron.utils [-] Running this scenario without either the 'network' or 'existing_network' context is deprecated
2019-07-11 09:03:42.531 26961 INFO rally.task.runner [-] Task 94c33d93-3b53-40c0-927c-5da2a4573cf8 | ITER: 11 START
2019-07-11 09:03:42.532 26961 WARNING rally_openstack.scenarios.neutron.utils [-] Running this scenario without either the 'network' or 'existing_network' context is deprecated
2019-07-11 09:03:42.532 26974 RALLYDEBUG rally.task.runner [-] Starting a worker. concurrency: 1 args: {"network_create_args": {}, "port_create_args": {}, "ports_per_network": 5} times: 40 method_name: run timeout: 0 duration: None cls:
2019-07-11 09:03:42.533 26972 INFO rally.task.runner [-] Task 94c33d93-3b53-40c0-927c-5da2a4573cf8 | ITER: 13 START
2019-07-11 09:03:42.534 26952 INFO rally.task.runner [-] Task 94c33d93-3b53-40c0-927c-5da2a4573cf8 | ITER: 9 START
2019-07-11 09:03:42.535 26972 WARNING rally_openstack.scenarios.neutron.utils [-] Running this scenario without either the 'network' or 'existing_network' context is deprecated
2019-07-11 09:03:42.535 26969 RALLYDEBUG rally.task.runner [-] Starting a worker. concurrency: 1 args: {"network_create_args": {}, "port_create_args": {}, "ports_per_network": 5} times: 40 method_name: run timeout: 0 duration: None cls:
2019-07-11 09:03:42.536 26952 WARNING rally_openstack.scenarios.neutron.utils [-] Running this scenario without either the 'network' or 'existing_network' context is deprecated
2019-07-11 09:03:42.538 26974 INFO rally.task.runner [-] Task 94c33d93-3b53-40c0-927c-5da2a4573cf8 | ITER: 14 START
2019-07-11 09:03:42.540 26974 WARNING rally_openstack.scenarios.neutron.utils [-] Running this scenario without either the 'network' or 'existing_network' context is deprecated
2019-07-11 09:03:42.542 26969 INFO rally.task.runner [-] Task 94c33d93-3b53-40c0-927c-5da2a4573cf8 | ITER: 15 START
2019-07-11 09:03:42.543 26969 WARNING rally_openstack.scenarios.neutron.utils [-] Running this scenario without either the 'network' or 'existing_network' context is deprecated
2019-07-11 09:03:42.543 26980 RALLYDEBUG rally.task.runner [-] Starting a worker. concurrency: 1 args: {"network_create_args": {}, "port_create_args": {}, "ports_per_network": 5} times: 40 method_name: run timeout: 0 duration: None cls:
2019-07-11 09:03:42.548 26987 RALLYDEBUG rally.task.runner [-] Starting a worker. concurrency: 1 args: {"network_create_args": {}, "port_create_args": {}, "ports_per_network": 5} times: 40 method_name: run timeout: 0 duration: None cls:
2019-07-11 09:03:42.553 26987 INFO rally.task.runner [-] Task 94c33d93-3b53-40c0-927c-5da2a4573cf8 | ITER: 17 START
2019-07-11 09:03:42.555 26987 WARNING rally_openstack.scenarios.neutron.utils [-] Running this scenario without either the 'network' or 'existing_network' context is deprecated
2019-07-11 09:03:42.556 26990 RALLYDEBUG rally.task.runner [-] Starting a worker. concurrency: 1 args: {"network_create_args": {}, "port_create_args": {}, "ports_per_network": 5} times: 40 method_name: run timeout: 0 duration: None cls:
2019-07-11 09:03:42.558 26980 INFO rally.task.runner [-] Task 94c33d93-3b53-40c0-927c-5da2a4573cf8 | ITER: 16 START
2019-07-11 09:03:42.560 26980 WARNING rally_openstack.scenarios.neutron.utils [-] Running this scenario without either the 'network' or 'existing_network' context is deprecated
2019-07-11 09:03:42.561 26990 INFO rally.task.runner [-] Task 94c33d93-3b53-40c0-927c-5da2a4573cf8 | ITER: 18 START
2019-07-11 09:03:42.562 26990 WARNING rally_openstack.scenarios.neutron.utils [-] Running this scenario without either the 'network' or 'existing_network' context is deprecated
2019-07-11 09:03:42.562 26993 RALLYDEBUG rally.task.runner [-] Starting a worker. concurrency: 1 args: {"network_create_args": {}, "port_create_args": {}, "ports_per_network": 5} times: 40 method_name: run timeout: 0 duration: None cls:
2019-07-11 09:03:42.568 26993 INFO rally.task.runner [-] Task 94c33d93-3b53-40c0-927c-5da2a4573cf8 | ITER: 19 START
2019-07-11 09:03:42.570 26993 WARNING rally_openstack.scenarios.neutron.utils [-] Running this scenario without either the 'network' or 'existing_network' context is deprecated
2019-07-11 09:03:42.570 26996 RALLYDEBUG rally.task.runner [-] Starting a worker. concurrency: 1 args: {"network_create_args": {}, "port_create_args": {}, "ports_per_network": 5} times: 40 method_name: run timeout: 0 duration: None cls:
2019-07-11 09:03:42.575 26996 INFO rally.task.runner [-] Task 94c33d93-3b53-40c0-927c-5da2a4573cf8 | ITER: 20 START
2019-07-11 09:03:42.576 26996 WARNING rally_openstack.scenarios.neutron.utils [-] Running this scenario without either the 'network' or 'existing_network' context is deprecated
2019-07-11 09:03:58.373 26951 INFO rally.task.runner [-] Task 94c33d93-3b53-40c0-927c-5da2a4573cf8 | ITER: 6 END: OK
2019-07-11 09:03:58.377 26951 INFO rally.task.runner [-] Task 94c33d93-3b53-40c0-927c-5da2a4573cf8 | ITER: 21 START
2019-07-11 09:03:58.377 26951 WARNING rally_openstack.scenarios.neutron.utils [-] Running this scenario without either the 'network' or 'existing_network' context is deprecated
2019-07-11 09:03:58.801 26949 INFO rally.task.runner [-] Task 94c33d93-3b53-40c0-927c-5da2a4573cf8 | ITER: 3 END: OK
2019-07-11 09:03:58.805 26949 INFO rally.task.runner [-] Task 94c33d93-3b53-40c0-927c-5da2a4573cf8 | ITER: 22 START
2019-07-11 09:03:58.806 26949 WARNING rally_openstack.scenarios.neutron.utils [-] Running this scenario without either the 'network' or 'existing_network' context is deprecated
2019-07-11 09:03:58.869 26952 INFO rally.task.runner [-] Task 94c33d93-3b53-40c0-927c-5da2a4573cf8 | ITER: 7 END: OK
2019-07-11 09:03:58.873 26952 INFO rally.task.runner [-] Task 94c33d93-3b53-40c0-927c-5da2a4573cf8 | ITER: 23 START
2019-07-11 09:03:58.874 26952 WARNING rally_openstack.scenarios.neutron.utils [-] Running this scenario without either the 'network' or 'existing_network' context is deprecated
2019-07-11 09:03:59.136 26980 INFO rally.task.runner [-] Task 94c33d93-3b53-40c0-927c-5da2a4573cf8 | ITER: 16 END: OK
2019-07-11 09:03:59.140 26980 INFO rally.task.runner [-] Task 94c33d93-3b53-40c0-927c-5da2a4573cf8 | ITER: 24 START
2019-07-11 09:03:59.140 26980 WARNING rally_openstack.scenarios.neutron.utils [-] Running this scenario without either the 'network' or 'existing_network' context is deprecated
2019-07-11 09:03:59.387 26965 INFO rally.task.runner [-] Task 94c33d93-3b53-40c0-927c-5da2a4573cf8 | ITER: 12 END: OK
2019-07-11 09:03:59.390 26965 INFO rally.task.runner [-] Task 94c33d93-3b53-40c0-927c-5da2a4573cf8 | ITER: 25 START
2019-07-11 09:03:59.391 26965 WARNING rally_openstack.scenarios.neutron.utils [-] Running this scenario without either the 'network' or 'existing_network' context is deprecated
2019-07-11 09:03:59.673 26950 INFO rally.task.runner [-] Task 94c33d93-3b53-40c0-927c-5da2a4573cf8 | ITER: 5 END: OK
2019-07-11 09:03:59.677 26950 INFO rally.task.runner [-] Task 94c33d93-3b53-40c0-927c-5da2a4573cf8 | ITER: 26 START
2019-07-11 09:03:59.678 26950 WARNING rally_openstack.scenarios.neutron.utils [-] Running this scenario without either the 'network' or 'existing_network' context is deprecated
2019-07-11 09:04:00.134 26954 INFO rally.task.runner [-] Task 94c33d93-3b53-40c0-927c-5da2a4573cf8 | ITER: 8 END: OK
2019-07-11 09:04:00.138 26954 INFO rally.task.runner [-] Task 94c33d93-3b53-40c0-927c-5da2a4573cf8 | ITER: 27 START
2019-07-11 09:04:00.139 26954 WARNING rally_openstack.scenarios.neutron.utils [-] Running this scenario without either the 'network' or 'existing_network' context is deprecated
2019-07-11 09:04:01.453 26996 INFO rally.task.runner [-] Task 94c33d93-3b53-40c0-927c-5da2a4573cf8 | ITER: 20 END: OK
2019-07-11 09:04:01.457 26996 INFO rally.task.runner [-] Task 94c33d93-3b53-40c0-927c-5da2a4573cf8 | ITER: 28 START
2019-07-11 09:04:01.457 26996 WARNING rally_openstack.scenarios.neutron.utils [-] Running this scenario without either the 'network' or 'existing_network' context is deprecated
2019-07-11 09:04:01.805 26972 INFO rally.task.runner [-] Task 94c33d93-3b53-40c0-927c-5da2a4573cf8 | ITER: 13 END: OK
2019-07-11 09:04:01.809 26972 INFO rally.task.runner [-] Task 94c33d93-3b53-40c0-927c-5da2a4573cf8 | ITER: 29 START
2019-07-11 09:04:01.809 26972 WARNING rally_openstack.scenarios.neutron.utils [-] Running this scenario without either the 'network' or 'existing_network' context is deprecated
2019-07-11 09:04:01.815 26952 INFO rally.task.runner [-] Task 94c33d93-3b53-40c0-927c-5da2a4573cf8 | ITER: 9 END: OK
2019-07-11 09:04:01.819 26952 INFO rally.task.runner [-] Task 94c33d93-3b53-40c0-927c-5da2a4573cf8 | ITER: 30 START
2019-07-11 09:04:01.819 26952 WARNING rally_openstack.scenarios.neutron.utils [-] Running this scenario without either the 'network' or 'existing_network' context is deprecated
2019-07-11 09:04:01.950 26950 INFO rally.task.runner [-] Task 94c33d93-3b53-40c0-927c-5da2a4573cf8 | ITER: 2 END: OK
2019-07-11 09:04:01.953 26950 INFO rally.task.runner [-] Task 94c33d93-3b53-40c0-927c-5da2a4573cf8 | ITER: 31 START
2019-07-11 09:04:01.954 26950 WARNING rally_openstack.scenarios.neutron.utils [-] Running this scenario without either the 'network' or 'existing_network' context is deprecated
2019-07-11 09:04:01.987 26993 INFO rally.task.runner [-] Task 94c33d93-3b53-40c0-927c-5da2a4573cf8 | ITER: 19 END: OK
2019-07-11 09:04:01.991 26993 INFO rally.task.runner [-] Task 94c33d93-3b53-40c0-927c-5da2a4573cf8 | ITER: 32 START
2019-07-11 09:04:01.992 26993 WARNING rally_openstack.scenarios.neutron.utils [-] Running this scenario without either the 'network' or 'existing_network' context is deprecated
2019-07-11 09:04:02.145 26961 INFO rally.task.runner [-] Task 94c33d93-3b53-40c0-927c-5da2a4573cf8 | ITER: 11 END: OK
2019-07-11 09:04:02.149 26961 INFO rally.task.runner [-] Task 94c33d93-3b53-40c0-927c-5da2a4573cf8 | ITER: 33 START
2019-07-11 09:04:02.149 26961 WARNING rally_openstack.scenarios.neutron.utils [-] Running this scenario without either the 'network' or 'existing_network' context is deprecated
2019-07-11 09:04:02.326 26949 INFO rally.task.runner [-] Task 94c33d93-3b53-40c0-927c-5da2a4573cf8 | ITER: 1 END: OK
2019-07-11 09:04:02.330 26949 INFO rally.task.runner [-] Task 94c33d93-3b53-40c0-927c-5da2a4573cf8 | ITER: 34 START
2019-07-11 09:04:02.330 26949 WARNING rally_openstack.scenarios.neutron.utils [-] Running this scenario without either the 'network' or 'existing_network' context is deprecated
2019-07-11 09:04:02.653 26974 INFO rally.task.runner [-] Task 94c33d93-3b53-40c0-927c-5da2a4573cf8 | ITER: 14 END: OK
2019-07-11 09:04:02.657 26974 INFO rally.task.runner [-] Task 94c33d93-3b53-40c0-927c-5da2a4573cf8 | ITER: 35 START
2019-07-11 09:04:02.657 26974 WARNING rally_openstack.scenarios.neutron.utils [-] Running this scenario without either the 'network' or 'existing_network' context is deprecated
2019-07-11 09:04:03.093 26987 INFO rally.task.runner [-] Task 94c33d93-3b53-40c0-927c-5da2a4573cf8 | ITER: 17 END: OK
2019-07-11 09:04:03.097 26987 INFO rally.task.runner [-] Task 94c33d93-3b53-40c0-927c-5da2a4573cf8 | ITER: 36 START
2019-07-11 09:04:03.098 26987 WARNING rally_openstack.scenarios.neutron.utils [-] Running this scenario without either the 'network' or 'existing_network' context is deprecated
2019-07-11 09:04:03.238 26990 INFO rally.task.runner [-] Task 94c33d93-3b53-40c0-927c-5da2a4573cf8 | ITER: 18 END: OK
2019-07-11 09:04:03.242 26990 INFO rally.task.runner [-] Task 94c33d93-3b53-40c0-927c-5da2a4573cf8 | ITER: 37 START
2019-07-11 09:04:03.243 26990 WARNING rally_openstack.scenarios.neutron.utils [-] Running this scenario without either the 'network' or 'existing_network' context is deprecated
2019-07-11 09:04:03.496 26957 INFO rally.task.runner [-] Task 94c33d93-3b53-40c0-927c-5da2a4573cf8 | ITER: 10 END: OK
2019-07-11 09:04:03.501 26957 INFO rally.task.runner [-] Task 94c33d93-3b53-40c0-927c-5da2a4573cf8 | ITER: 38 START
2019-07-11 09:04:03.502 26957 WARNING rally_openstack.scenarios.neutron.utils [-] Running this scenario without either the 'network' or 'existing_network' context is deprecated
2019-07-11 09:04:03.565 26969 INFO rally.task.runner [-] Task 94c33d93-3b53-40c0-927c-5da2a4573cf8 | ITER: 15 END: OK
2019-07-11 09:04:03.569 26969 INFO rally.task.runner [-] Task 94c33d93-3b53-40c0-927c-5da2a4573cf8 | ITER: 39 START
