2019-07-11 09:01:35.835 22703 RALLYDEBUG rally_openstack.cleanup.manager [-] Deleting neutron.port object s_rally_18fcc388_WLX1kX7n (d6b97611-56a8-4d5f-b7a4-4cfff2657d5e)
2019-07-11 09:01:35.930 22703 RALLYDEBUG rally_openstack.cleanup.manager [-] Deleting neutron.port object s_rally_18fcc388_9P5SwoD5 (d7bfa6cb-784a-4594-892c-6a56ec291f9a)
2019-07-11 09:01:36.020 22703 RALLYDEBUG rally_openstack.cleanup.manager [-] Deleting neutron.port object s_rally_18fcc388_F6pkNjxT (d84df0b1-144c-48c6-bf7f-699c775c9198)
2019-07-11 09:01:36.131 22703 RALLYDEBUG rally_openstack.cleanup.manager [-] Deleting neutron.port object s_rally_18fcc388_axOIr9IW (d8973ff5-3b40-4ba6-9ca2-58d76528d2aa)
2019-07-11 09:01:36.203 22703 RALLYDEBUG rally_openstack.cleanup.manager [-] Deleting neutron.port object s_rally_18fcc388_kYl34N2h (d96702d8-2518-4c51-a132-688d9e11648d)
2019-07-11 09:01:36.447 22703 RALLYDEBUG rally_openstack.cleanup.manager [-] Deleting neutron.port object s_rally_18fcc388_P3tWpSOi (d9e7275f-7255-4f1c-8f27-a359ab084051)
2019-07-11 09:01:36.472 22703 RALLYDEBUG rally_openstack.cleanup.manager [-] Deleting neutron.port object s_rally_18fcc388_yTXpnRqI (da3af288-a9f8-4b74-a20c-679ec31bc780)
2019-07-11 09:01:36.878 22703 RALLYDEBUG rally_openstack.cleanup.manager [-] Deleting neutron.port object s_rally_18fcc388_WOgD8iLF (da751d27-e08c-46cf-825d-73360bd4c4f4)
2019-07-11 09:01:37.052 22703 RALLYDEBUG rally_openstack.cleanup.manager [-] Deleting neutron.port object s_rally_18fcc388_SEdyyBnk (dae70b03-32ea-490c-9741-bfcc143d9242)
2019-07-11 09:01:37.138 22703 RALLYDEBUG rally_openstack.cleanup.manager [-] Deleting neutron.port object s_rally_18fcc388_qxDxnjIH (db336421-291a-4ca6-9226-d8e8c64b3180)
2019-07-11 09:01:37.449 22703 RALLYDEBUG rally_openstack.cleanup.manager [-] Deleting neutron.port object s_rally_18fcc388_TSuom4hy (db5446a8-88ae-4a7f-ac16-95cf7df72a94)
2019-07-11 09:01:37.643 22703 RALLYDEBUG rally_openstack.cleanup.manager [-] Deleting neutron.port object s_rally_18fcc388_d2qk9bl1 (db75ee14-0cd1-4354-8188-4080d3fb72e3)
2019-07-11 09:01:37.830 22703 RALLYDEBUG rally_openstack.cleanup.manager [-] Deleting neutron.port object s_rally_18fcc388_WGjZtNBW (db845c00-aea4-48a1-a26f-342ffb6cf383)
2019-07-11 09:01:37.857 22703 RALLYDEBUG rally_openstack.cleanup.manager [-] Deleting neutron.port object s_rally_18fcc388_6dzNGsvy (dbc82c7c-ab80-4225-9937-867d65e896e1)
2019-07-11 09:01:38.062 22703 RALLYDEBUG rally_openstack.cleanup.manager [-] Deleting neutron.port object s_rally_18fcc388_wvUnePkH (dceed732-9dc9-4cca-a2bd-0ac77cab9948)
2019-07-11 09:01:38.079 22703 RALLYDEBUG rally_openstack.cleanup.manager [-] Deleting neutron.port object s_rally_18fcc388_3rAL1HQy (dd3b0afd-683e-457f-8144-f505aacb888e)
2019-07-11 09:01:38.090 22703 RALLYDEBUG rally_openstack.cleanup.manager [-] Deleting neutron.port object s_rally_18fcc388_b3JHPMxj (dd6701e9-1fb3-4a65-952f-b1449dedac8b)
2019-07-11 09:01:38.111 22703 RALLYDEBUG rally_openstack.cleanup.manager [-] Deleting neutron.port object s_rally_18fcc388_fd8EAzzU (df28dfe3-874c-49f6-b70f-d87d807132c8)
2019-07-11 09:01:38.185 22703 RALLYDEBUG rally_openstack.cleanup.manager [-] Deleting neutron.port object s_rally_18fcc388_JRGoGdaU (e11e1695-2b51-45b2-85d4-c6089ce3add9)
2019-07-11 09:01:38.260 22703 RALLYDEBUG rally_openstack.cleanup.manager [-] Deleting neutron.port object s_rally_18fcc388_UvrKV3Bh (e2467c0e-1f89-4c8d-9245-4af47965c508)
2019-07-11 09:01:38.505 22703 RALLYDEBUG rally_openstack.cleanup.manager [-] Deleting neutron.port object s_rally_18fcc388_SKF24IxD (e2d958a6-6f05-41b7-91de-27005323208f)
2019-07-11 09:01:38.570 22703 RALLYDEBUG rally_openstack.cleanup.manager [-] Deleting neutron.port object s_rally_18fcc388_IIswH1ww (e352cd04-bce0-4dfd-8933-6a964f36c1ce)
2019-07-11 09:01:38.591 22703 RALLYDEBUG rally_openstack.cleanup.manager [-] Deleting neutron.port object s_rally_18fcc388_VXvIRAAy (e43361bd-3fff-47f7-ae74-062dc5b3040d)
2019-07-11 09:01:38.656 22703 RALLYDEBUG rally_openstack.cleanup.manager [-] Deleting neutron.port object s_rally_18fcc388_3oMnTROC (e44d09d1-1e3b-439b-9ad1-e1c70d757304)
2019-07-11 09:01:38.802 22703 RALLYDEBUG rally_openstack.cleanup.manager [-] Deleting neutron.port object s_rally_18fcc388_ObQ1eSDy (e4bad9cb-d1ed-4fa5-8431-5c68b89f70b1)
2019-07-11 09:01:38.971 22703 RALLYDEBUG rally_openstack.cleanup.manager [-] Deleting neutron.port object s_rally_18fcc388_wo1q17n4 (e5a2c747-b9d8-4d1d-ac11-023758acbe63)
2019-07-11 09:01:38.988 22703 RALLYDEBUG rally_openstack.cleanup.manager [-] Deleting neutron.port object s_rally_18fcc388_DgLMLwFQ (e61ef16a-3363-49c9-999c-ba333b80c6c0)
2019-07-11 09:01:39.259 22703 RALLYDEBUG rally_openstack.cleanup.manager [-] Deleting neutron.port object s_rally_18fcc388_e8xNoYcS (e6c058fd-42d5-4a77-814f-c51eebc7e938)
2019-07-11 09:01:39.309 22703 RALLYDEBUG rally_openstack.cleanup.manager [-] Deleting neutron.port object s_rally_18fcc388_qYVC0sDy (e6c06060-d9a2-43d4-bd46-b35c0a875856)
2019-07-11 09:01:39.610 22703 RALLYDEBUG rally_openstack.cleanup.manager [-] Deleting neutron.port object s_rally_18fcc388_LMdUpf5y (e976784f-1401-4662-b440-24d0d0465161)
2019-07-11 09:01:40.002 22703 RALLYDEBUG rally_openstack.cleanup.manager [-] Deleting neutron.port object s_rally_18fcc388_40Um2waZ (e97ec5bc-1a00-4104-aee2-45db639b1fb4)
2019-07-11 09:01:40.209 22703 RALLYDEBUG rally_openstack.cleanup.manager [-] Deleting neutron.port object s_rally_18fcc388_niMmDLF3 (ea438a6f-dec5-4495-93c1-ce7a19166230)
2019-07-11 09:01:40.412 22703 RALLYDEBUG rally_openstack.cleanup.manager [-] Deleting neutron.port object s_rally_18fcc388_S7G20dDx (ea6353b1-1c34-4e13-aa74-ca90ebca9002)
2019-07-11 09:01:40.506 22703 RALLYDEBUG rally_openstack.cleanup.manager [-] Deleting neutron.port object s_rally_18fcc388_e25PQQYI (eb0e6484-86a0-4d5c-b22c-4bc3f7c3a783)
2019-07-11 09:01:40.604 22703 RALLYDEBUG rally_openstack.cleanup.manager [-] Deleting neutron.port object s_rally_18fcc388_JWlbzScq (eb61e231-d30e-4c1d-ad9f-422aba513e94)
2019-07-11 09:01:40.706 22703 RALLYDEBUG rally_openstack.cleanup.manager [-] Deleting neutron.port object s_rally_18fcc388_LAST6dEk (ec2f559e-599e-47fa-b6ea-df3b653e7308)
2019-07-11 09:01:40.808 22703 RALLYDEBUG rally_openstack.cleanup.manager [-] Deleting neutron.port object s_rally_18fcc388_XyINURUM (ec344b07-c18b-461b-99fa-f88072ae2d46)
2019-07-11 09:01:40.822 22703 RALLYDEBUG rally_openstack.cleanup.manager [-] Deleting neutron.port object s_rally_18fcc388_Gv26UGpI (ec686b16-520c-4997-8c00-74562f562059)
2019-07-11 09:01:40.834 22703 RALLYDEBUG rally_openstack.cleanup.manager [-] Deleting neutron.port object s_rally_18fcc388_OkxMDtuU (ec748a4e-68a1-45f3-b9b0-863c67c9748c)
2019-07-11 09:01:40.904 22703 RALLYDEBUG rally_openstack.cleanup.manager [-] Deleting neutron.port object s_rally_18fcc388_KL8NUtQK (eefc7385-d0c1-46cb-8dc0-a2d7e4e45aff)
2019-07-11 09:01:40.924 22703 RALLYDEBUG rally_openstack.cleanup.manager [-] Deleting neutron.port object s_rally_18fcc388_Tfpdy9fN (ef09ddf4-36e6-4257-80e8-72d84cfdc774)
2019-07-11 09:01:41.006 22703 RALLYDEBUG rally_openstack.cleanup.manager [-] Deleting neutron.port object s_rally_18fcc388_3dcmsMn4 (f0897506-5e7e-4a24-9a72-95e16f2e4eba)
2019-07-11 09:01:41.137 22703 RALLYDEBUG rally_openstack.cleanup.manager [-] Deleting neutron.port object s_rally_18fcc388_ATzZhoF6 (f0eb8bf6-d6ac-4ef6-990b-d950369cad98)
2019-07-11 09:01:41.378 22703 RALLYDEBUG rally_openstack.cleanup.manager [-] Deleting neutron.port object s_rally_18fcc388_QtGd5nmz (f2956b16-e219-40b0-8895-48d9c496ef70)
2019-07-11 09:01:41.427 22703 RALLYDEBUG rally_openstack.cleanup.manager [-] Deleting neutron.port object s_rally_18fcc388_S6mxIrYX (f31d6771-9b38-4cf7-bc74-863aeb8cb7e3)
2019-07-11 09:01:41.558 22703 RALLYDEBUG rally_openstack.cleanup.manager [-] Deleting neutron.port object s_rally_18fcc388_LVQvynMI (f48b7145-c2df-4494-9bbe-579ea14d9eff)
2019-07-11 09:01:41.674 22703 RALLYDEBUG rally_openstack.cleanup.manager [-] Deleting neutron.port object s_rally_18fcc388_69y4dCCz (f545aa2b-a4ac-40a1-8a19-110bf6ee48e3)
2019-07-11 09:01:41.687 22703 RALLYDEBUG rally_openstack.cleanup.manager [-] Deleting neutron.port object s_rally_18fcc388_tqVzPcf1 (f644b430-3c5b-4b26-b720-e36a446f8a93)
2019-07-11 09:01:41.726 22703 RALLYDEBUG rally_openstack.cleanup.manager [-] Deleting neutron.port object s_rally_18fcc388_kpJt616p (f6d8a4ab-51f8-4986-a6ad-a6b3642757b4)
2019-07-11 09:01:42.164 22703 RALLYDEBUG rally_openstack.cleanup.manager [-] Deleting neutron.port object s_rally_18fcc388_ltqO12Y6 (f7d011a9-7357-4e98-96bd-a50a0f8928a4)
2019-07-11 09:01:42.397 22703 RALLYDEBUG rally_openstack.cleanup.manager [-] Deleting neutron.port object s_rally_18fcc388_LMCtQMdJ (fa429b20-1737-49a1-a514-8914ff9e15eb)
2019-07-11 09:01:42.476 22703 RALLYDEBUG rally_openstack.cleanup.manager [-] Deleting neutron.port object s_rally_18fcc388_aZJNmoQR (fb007c5f-ea7e-4d43-aca4-00067fd08714)
2019-07-11 09:01:42.749 22703 RALLYDEBUG rally_openstack.cleanup.manager [-] Deleting neutron.port object s_rally_18fcc388_NKMp70LK (fbaa38b8-2eb3-484f-bb66-c84b2e37036d)
2019-07-11 09:01:42.850 22703 RALLYDEBUG rally_openstack.cleanup.manager [-] Deleting neutron.port object s_rally_18fcc388_M9yQEvZ2 (fc6e4b98-405b-409f-9b53-f9ab3271498d)
2019-07-11 09:01:43.087 22703 RALLYDEBUG rally_openstack.cleanup.manager [-] Deleting neutron.port object s_rally_18fcc388_fP1dyqbo (fd9addc7-ccc1-4baf-9493-71ba16c7b49f)
2019-07-11 09:01:43.173 22703 RALLYDEBUG rally_openstack.cleanup.manager [-] Deleting neutron.port object s_rally_18fcc388_qwVj2g4D (feaca590-768d-4400-82fa-011d8557dfda)
2019-07-11 09:01:43.196 22703 RALLYDEBUG rally_openstack.cleanup.manager [-] Deleting neutron.port object s_rally_18fcc388_GT9PHF6V (fefc0545-1aeb-4a6b-8c3b-d679f53bb1bb)
2019-07-11 09:01:43.586 22703 RALLYDEBUG rally_openstack.cleanup.manager [-] Deleting neutron.port object s_rally_18fcc388_sVSyxn2y (ff562ee7-ca20-40fa-ba84-fb5ae4df50e9)
2019-07-11 09:01:43.759 22703 RALLYDEBUG rally_openstack.cleanup.manager [-] Deleting neutron.port object s_rally_18fcc388_uiSRTBNN (ff82b217-fb7c-46c8-bd42-bb0486d7784b)
2019-07-11 09:01:43.785 22703 RALLYDEBUG rally_openstack.cleanup.manager [-] Deleting neutron.port object s_rally_18fcc388_jgxfE0C5 (ffabfa18-b318-43d4-9384-c8690299a0a3)
2019-07-11 09:01:46.220 22703 RALLYDEBUG rally_openstack.cleanup.manager [-] Cleaning up neutron subnet objects
2019-07-11 09:01:46.988 22703 RALLYDEBUG rally_openstack.cleanup.manager [-] Cleaning up neutron network objects
2019-07-11 09:01:47.826 22703 RALLYDEBUG rally_openstack.cleanup.manager [-] Deleting neutron.network object s_rally_18fcc388_k3GjfVAc (11d4f597-2b8a-46e0-b5f2-1b7b7eb86acf)
2019-07-11 09:01:47.833 22703 RALLYDEBUG rally_openstack.cleanup.manager [-] Deleting neutron.network object s_rally_18fcc388_uGUO0sLe (3a377949-cd88-43f7-a772-b524055981a8)
2019-07-11 09:01:47.839 22703 RALLYDEBUG rally_openstack.cleanup.manager [-] Deleting neutron.network object s_rally_18fcc388_PWRyVMbU (3e314ec6-01a3-4c88-82e2-9f8ec7216d4e)
2019-07-11 09:01:47.850 22703 RALLYDEBUG rally_openstack.cleanup.manager [-] Deleting neutron.network object s_rally_18fcc388_iatbYmVJ (3f110791-b50c-4c43-8317-82ac09809d86)
2019-07-11 09:01:47.855 22703 RALLYDEBUG rally_openstack.cleanup.manager [-] Deleting neutron.network object s_rally_18fcc388_0lYHP2mA (bfb8e6bc-797d-49b3-a201-cab7812f0c9b)
2019-07-11 09:01:47.869 22703 RALLYDEBUG rally_openstack.cleanup.manager [-] Deleting neutron.network object s_rally_18fcc388_bZxYgOKH (d0798e98-5798-4ad2-8685-9708dd97296b)
2019-07-11 09:01:47.876 22703 RALLYDEBUG rally_openstack.cleanup.manager [-] Deleting neutron.network object s_rally_18fcc388_m38o7i0R (d7b87f56-19c7-46d2-bc7a-cd8fcc193c82)
2019-07-11 09:01:47.897 22703 RALLYDEBUG rally_openstack.cleanup.manager [-] Deleting neutron.network object s_rally_18fcc388_BL5exLPG (e84a282f-de5b-48ac-bd84-bc94e596b931)
2019-07-11 09:01:52.318 22703 RALLYDEBUG rally_openstack.cleanup.manager [-] Cleaning up neutron router objects
2019-07-11 09:01:53.039 22703 RALLYDEBUG rally_openstack.cleanup.manager [-] Cleaning up neutron security_group objects
2019-07-11 09:01:53.804 22703 INFO rally.task.context [-] Task 94c33d93-3b53-40c0-927c-5da2a4573cf8 | Context cleanup@openstack cleanup() finished in 1.13 min
2019-07-11 09:01:53.805 22703 INFO rally.task.context [-] Task 94c33d93-3b53-40c0-927c-5da2a4573cf8 | Context quotas@openstack cleanup() started
2019-07-11 09:01:54.121 22703 INFO rally.task.context [-] Task 94c33d93-3b53-40c0-927c-5da2a4573cf8 | Context quotas@openstack cleanup() finished in 0.32 sec
2019-07-11 09:01:54.121 22703 INFO rally.task.context [-] Task 94c33d93-3b53-40c0-927c-5da2a4573cf8 | Context users@openstack cleanup() started
2019-07-11 09:01:59.074 22703 INFO rally.task.context [-] Task 94c33d93-3b53-40c0-927c-5da2a4573cf8 | Context users@openstack cleanup() finished in 4.95 sec
2019-07-11 09:01:59.909 22703 INFO rally.task.engine [-] Load duration is: 113.694469
2019-07-11 09:01:59.910 22703 INFO rally.task.engine [-] Full runner duration is: 113.743145
2019-07-11 09:01:59.910 22703 INFO rally.task.engine [-] Full duration is: 192.074767
2019-07-11 09:02:00.094 22703 INFO rally.task.engine [-] Running workload: position = 1 config = { "version": 2, "title": "A cropped version of a bigger task.", "description": "Auto-generated task from a single workload (uuid=924ca9ee-0bfe-474a-9af0-6819b06b3c2c)", "subtasks": [ { "title": "NeutronNetworks.create_and_update_ports", "description": "Create and update a given number of ports.", "scenario": { "NeutronNetworks.create_and_update_ports": { "network_create_args": {}, "port_create_args": {}, "ports_per_network": 5, "port_update_args": { "admin_state_up": false, "device_id": "dummy_id", "device_owner": "dummy_owner", "name": "_port_updated" } } }, "contexts": { "users": { "tenants": 1, "users_per_tenant": 1 }, "quotas": { "neutron": { "network": -1, "port": -1 } } }, "runner": { "constant": { "times": 40, "concurrency": 20 } }, "hooks": [], "sla": { "failure_rate": { "max": 0 } } } ] }
2019-07-11 09:02:00.118 22703 RALLYDEBUG rally_openstack.contexts.keystone.users [-] Creating 1 tenants using 20 threads
2019-07-11 09:02:01.985 22703 RALLYDEBUG rally_openstack.contexts.keystone.users [-] Creating 1 users using 20 threads
2019-07-11 09:02:04.955 22703 INFO rally.task.context [-] Task 94c33d93-3b53-40c0-927c-5da2a4573cf8 | Context users@openstack setup() finished in 4.84 sec
2019-07-11 09:02:05.730 22703 INFO rally.task.context [-] Task 94c33d93-3b53-40c0-927c-5da2a4573cf8 | Context quotas@openstack setup() finished in 0.77 sec
2019-07-11 09:02:05.731 22703 INFO rally.task.context [-] Task 94c33d93-3b53-40c0-927c-5da2a4573cf8 | Context cleanup@openstack setup() finished in 0.01 msec
2019-07-11 09:02:05.739 22703 RALLYDEBUG rally.task.runner [-] Starting the constant runner (task UUID: 94c33d93-3b53-40c0-927c-5da2a4573cf8). timeout: 0 concurrency: 20 concurrency_per_worker: 1 times: 40 concurrency_overhead: 4 processes_to_start: 16 max_cpu_used: 16
2019-07-11 09:02:05.753 26579 RALLYDEBUG rally.task.runner [-] Starting a worker. concurrency: 2 args: {"network_create_args": {}, "port_create_args": {}, "ports_per_network": 5, "port_update_args": {"admin_state_up": false, "device_id": "dummy_id", "device_owner": "dummy_owner", "name": "_port_updated"}} times: 40 method_name: run timeout: 0 duration: None cls:
2019-07-11 09:02:05.755 26580 RALLYDEBUG rally.task.runner [-] Starting a worker. concurrency: 2 args: {"network_create_args": {}, "port_create_args": {}, "ports_per_network": 5, "port_update_args": {"admin_state_up": false, "device_id": "dummy_id", "device_owner": "dummy_owner", "name": "_port_updated"}} times: 40 method_name: run timeout: 0 duration: None cls:
2019-07-11 09:02:05.758 26582 RALLYDEBUG rally.task.runner [-] Starting a worker. concurrency: 2 args: {"network_create_args": {}, "port_create_args": {}, "ports_per_network": 5, "port_update_args": {"admin_state_up": false, "device_id": "dummy_id", "device_owner": "dummy_owner", "name": "_port_updated"}} times: 40 method_name: run timeout: 0 duration: None cls:
2019-07-11 09:02:05.759 26581 RALLYDEBUG rally.task.runner [-] Starting a worker. concurrency: 2 args: {"network_create_args": {}, "port_create_args": {}, "ports_per_network": 5, "port_update_args": {"admin_state_up": false, "device_id": "dummy_id", "device_owner": "dummy_owner", "name": "_port_updated"}} times: 40 method_name: run timeout: 0 duration: None cls:
2019-07-11 09:02:05.762 26579 INFO rally.task.runner [-] Task 94c33d93-3b53-40c0-927c-5da2a4573cf8 | ITER: 1 START
2019-07-11 09:02:05.764 26580 INFO rally.task.runner [-] Task 94c33d93-3b53-40c0-927c-5da2a4573cf8 | ITER: 2 START
2019-07-11 09:02:05.763 26579 INFO rally.task.runner [-] Task 94c33d93-3b53-40c0-927c-5da2a4573cf8 | ITER: 3 START
2019-07-11 09:02:05.765 26582 INFO rally.task.runner [-] Task 94c33d93-3b53-40c0-927c-5da2a4573cf8 | ITER: 5 START
2019-07-11 09:02:05.765 26579 WARNING rally_openstack.scenarios.neutron.utils [-] Running this scenario without either the 'network' or 'existing_network' context is deprecated
2019-07-11 09:02:05.766 26584 RALLYDEBUG rally.task.runner [-] Starting a worker. concurrency: 1 args: {"network_create_args": {}, "port_create_args": {}, "ports_per_network": 5, "port_update_args": {"admin_state_up": false, "device_id": "dummy_id", "device_owner": "dummy_owner", "name": "_port_updated"}} times: 40 method_name: run timeout: 0 duration: None cls:
2019-07-11 09:02:05.766 26579 WARNING rally_openstack.scenarios.neutron.utils [-] Running this scenario without either the 'network' or 'existing_network' context is deprecated
2019-07-11 09:02:05.767 26580 WARNING rally_openstack.scenarios.neutron.utils [-] Running this scenario without either the 'network' or 'existing_network' context is deprecated
2019-07-11 09:02:05.767 26582 WARNING rally_openstack.scenarios.neutron.utils [-] Running this scenario without either the 'network' or 'existing_network' context is deprecated
2019-07-11 09:02:05.770 26581 INFO rally.task.runner [-] Task 94c33d93-3b53-40c0-927c-5da2a4573cf8 | ITER: 6 START
2019-07-11 09:02:05.771 26589 RALLYDEBUG rally.task.runner [-] Starting a worker. concurrency: 1 args: {"network_create_args": {}, "port_create_args": {}, "ports_per_network": 5, "port_update_args": {"admin_state_up": false, "device_id": "dummy_id", "device_owner": "dummy_owner", "name": "_port_updated"}} times: 40 method_name: run timeout: 0 duration: None cls:
2019-07-11 09:02:05.772 26581 WARNING rally_openstack.scenarios.neutron.utils [-] Running this scenario without either the 'network' or 'existing_network' context is deprecated
2019-07-11 09:02:05.768 26580 INFO rally.task.runner [-] Task 94c33d93-3b53-40c0-927c-5da2a4573cf8 | ITER: 4 START
2019-07-11 09:02:05.775 26584 INFO rally.task.runner [-] Task 94c33d93-3b53-40c0-927c-5da2a4573cf8 | ITER: 9 START
2019-07-11 09:02:05.774 26595 RALLYDEBUG rally.task.runner [-] Starting a worker. concurrency: 1 args: {"network_create_args": {}, "port_create_args": {}, "ports_per_network": 5, "port_update_args": {"admin_state_up": false, "device_id": "dummy_id", "device_owner": "dummy_owner", "name": "_port_updated"}} times: 40 method_name: run timeout: 0 duration: None cls:
2019-07-11 09:02:05.775 26580 WARNING rally_openstack.scenarios.neutron.utils [-] Running this scenario without either the 'network' or 'existing_network' context is deprecated
2019-07-11 09:02:05.776 26584 WARNING rally_openstack.scenarios.neutron.utils [-] Running this scenario without either the 'network' or 'existing_network' context is deprecated
2019-07-11 09:02:05.779 26582 INFO rally.task.runner [-] Task 94c33d93-3b53-40c0-927c-5da2a4573cf8 | ITER: 7 START
2019-07-11 09:02:05.781 26596 RALLYDEBUG rally.task.runner [-] Starting a worker. concurrency: 1 args: {"network_create_args": {}, "port_create_args": {}, "ports_per_network": 5, "port_update_args": {"admin_state_up": false, "device_id": "dummy_id", "device_owner": "dummy_owner", "name": "_port_updated"}} times: 40 method_name: run timeout: 0 duration: None cls:
2019-07-11 09:02:05.782 26582 WARNING rally_openstack.scenarios.neutron.utils [-] Running this scenario without either the 'network' or 'existing_network' context is deprecated
2019-07-11 09:02:05.783 26595 INFO rally.task.runner [-] Task 94c33d93-3b53-40c0-927c-5da2a4573cf8 | ITER: 11 START
2019-07-11 09:02:05.782 26598 RALLYDEBUG rally.task.runner [-] Starting a worker. concurrency: 1 args: {"network_create_args": {}, "port_create_args": {}, "ports_per_network": 5, "port_update_args": {"admin_state_up": false, "device_id": "dummy_id", "device_owner": "dummy_owner", "name": "_port_updated"}} times: 40 method_name: run timeout: 0 duration: None cls:
2019-07-11 09:02:05.783 26581 INFO rally.task.runner [-] Task 94c33d93-3b53-40c0-927c-5da2a4573cf8 | ITER: 8 START
2019-07-11 09:02:05.784 26595 WARNING rally_openstack.scenarios.neutron.utils [-] Running this scenario without either the 'network' or 'existing_network' context is deprecated
2019-07-11 09:02:05.784 26581 WARNING rally_openstack.scenarios.neutron.utils [-] Running this scenario without either the 'network' or 'existing_network' context is deprecated
2019-07-11 09:02:05.787 26604 RALLYDEBUG rally.task.runner [-] Starting a worker. concurrency: 1 args: {"network_create_args": {}, "port_create_args": {}, "ports_per_network": 5, "port_update_args": {"admin_state_up": false, "device_id": "dummy_id", "device_owner": "dummy_owner", "name": "_port_updated"}} times: 40 method_name: run timeout: 0 duration: None cls:
2019-07-11 09:02:05.789 26596 INFO rally.task.runner [-] Task 94c33d93-3b53-40c0-927c-5da2a4573cf8 | ITER: 12 START
2019-07-11 09:02:05.789 26589 INFO rally.task.runner [-] Task 94c33d93-3b53-40c0-927c-5da2a4573cf8 | ITER: 10 START
2019-07-11 09:02:05.791 26596 WARNING rally_openstack.scenarios.neutron.utils [-] Running this scenario without either the 'network' or 'existing_network' context is deprecated
2019-07-11 09:02:05.791 26589 WARNING rally_openstack.scenarios.neutron.utils [-] Running this scenario without either the 'network' or 'existing_network' context is deprecated
2019-07-11 09:02:05.791 26598 INFO rally.task.runner [-] Task 94c33d93-3b53-40c0-927c-5da2a4573cf8 | ITER: 13 START
2019-07-11 09:02:05.792 26598 WARNING rally_openstack.scenarios.neutron.utils [-] Running this scenario without either the 'network' or 'existing_network' context is deprecated
2019-07-11 09:02:05.793 26608 RALLYDEBUG rally.task.runner [-] Starting a worker. concurrency: 1 args: {"network_create_args": {}, "port_create_args": {}, "ports_per_network": 5, "port_update_args": {"admin_state_up": false, "device_id": "dummy_id", "device_owner": "dummy_owner", "name": "_port_updated"}} times: 40 method_name: run timeout: 0 duration: None cls:
2019-07-11 09:02:05.795 26604 INFO rally.task.runner [-] Task 94c33d93-3b53-40c0-927c-5da2a4573cf8 | ITER: 14 START
2019-07-11 09:02:05.796 26604 WARNING rally_openstack.scenarios.neutron.utils [-] Running this scenario without either the 'network' or 'existing_network' context is deprecated
2019-07-11 09:02:05.797 26612 RALLYDEBUG rally.task.runner [-] Starting a worker. concurrency: 1 args: {"network_create_args": {}, "port_create_args": {}, "ports_per_network": 5, "port_update_args": {"admin_state_up": false, "device_id": "dummy_id", "device_owner": "dummy_owner", "name": "_port_updated"}} times: 40 method_name: run timeout: 0 duration: None cls:
2019-07-11 09:02:05.797 26607 RALLYDEBUG rally.task.runner [-] Starting a worker. concurrency: 1 args: {"network_create_args": {}, "port_create_args": {}, "ports_per_network": 5, "port_update_args": {"admin_state_up": false, "device_id": "dummy_id", "device_owner": "dummy_owner", "name": "_port_updated"}} times: 40 method_name: run timeout: 0 duration: None cls:
2019-07-11 09:02:05.798 26601 RALLYDEBUG rally.task.runner [-] Starting a worker. concurrency: 1 args: {"network_create_args": {}, "port_create_args": {}, "ports_per_network": 5, "port_update_args": {"admin_state_up": false, "device_id": "dummy_id", "device_owner": "dummy_owner", "name": "_port_updated"}} times: 40 method_name: run timeout: 0 duration: None cls:
2019-07-11 09:02:05.803 26608 INFO rally.task.runner [-] Task 94c33d93-3b53-40c0-927c-5da2a4573cf8 | ITER: 15 START
2019-07-11 09:02:05.803 26607 INFO rally.task.runner [-] Task 94c33d93-3b53-40c0-927c-5da2a4573cf8 | ITER: 17 START
2019-07-11 09:02:05.804 26607 WARNING rally_openstack.scenarios.neutron.utils [-] Running this scenario without either the 'network' or 'existing_network' context is deprecated
2019-07-11 09:02:05.804 26608 WARNING rally_openstack.scenarios.neutron.utils [-] Running this scenario without either the 'network' or 'existing_network' context is deprecated
2019-07-11 09:02:05.805 26601 INFO rally.task.runner [-] Task 94c33d93-3b53-40c0-927c-5da2a4573cf8 | ITER: 18 START
2019-07-11 09:02:05.806 26601 WARNING rally_openstack.scenarios.neutron.utils [-] Running this scenario without either the 'network' or 'existing_network' context is deprecated
2019-07-11 09:02:05.812 26612 INFO rally.task.runner [-] Task 94c33d93-3b53-40c0-927c-5da2a4573cf8 | ITER: 16 START
2019-07-11 09:02:05.813 26612 WARNING rally_openstack.scenarios.neutron.utils [-] Running this scenario without either the 'network' or 'existing_network' context is deprecated
2019-07-11 09:02:05.823 26625 RALLYDEBUG rally.task.runner [-] Starting a worker. concurrency: 1 args: {"network_create_args": {}, "port_create_args": {}, "ports_per_network": 5, "port_update_args": {"admin_state_up": false, "device_id": "dummy_id", "device_owner": "dummy_owner", "name": "_port_updated"}} times: 40 method_name: run timeout: 0 duration: None cls:
2019-07-11 09:02:05.825 26626 RALLYDEBUG rally.task.runner [-] Starting a worker. concurrency: 1 args: {"network_create_args": {}, "port_create_args": {}, "ports_per_network": 5, "port_update_args": {"admin_state_up": false, "device_id": "dummy_id", "device_owner": "dummy_owner", "name": "_port_updated"}} times: 40 method_name: run timeout: 0 duration: None cls:
2019-07-11 09:02:05.828 26625 INFO rally.task.runner [-] Task 94c33d93-3b53-40c0-927c-5da2a4573cf8 | ITER: 19 START
2019-07-11 09:02:05.828 26626 INFO rally.task.runner [-] Task 94c33d93-3b53-40c0-927c-5da2a4573cf8 | ITER: 20 START
2019-07-11 09:02:05.829 26626 WARNING rally_openstack.scenarios.neutron.utils [-] Running this scenario without either the 'network' or 'existing_network' context is deprecated
2019-07-11 09:02:05.829 26625 WARNING rally_openstack.scenarios.neutron.utils [-] Running this scenario without either the 'network' or 'existing_network' context is deprecated
2019-07-11 09:02:20.966 26580 INFO rally.task.runner [-] Task 94c33d93-3b53-40c0-927c-5da2a4573cf8 | ITER: 2 END: OK
2019-07-11 09:02:20.971 26580 INFO rally.task.runner [-] Task 94c33d93-3b53-40c0-927c-5da2a4573cf8 | ITER: 21 START
2019-07-11 09:02:20.971 26580 WARNING rally_openstack.scenarios.neutron.utils [-] Running this scenario without either the 'network' or 'existing_network' context is deprecated
2019-07-11 09:02:21.436 26604 INFO rally.task.runner [-] Task 94c33d93-3b53-40c0-927c-5da2a4573cf8 | ITER: 14 END: OK
2019-07-11 09:02:21.441 26604 INFO rally.task.runner [-] Task 94c33d93-3b53-40c0-927c-5da2a4573cf8 | ITER: 22 START
2019-07-11 09:02:21.441 26604 WARNING rally_openstack.scenarios.neutron.utils [-] Running this scenario without either the 'network' or 'existing_network' context is deprecated
2019-07-11 09:02:21.473 26581 INFO rally.task.runner [-] Task 94c33d93-3b53-40c0-927c-5da2a4573cf8 | ITER: 8 END: OK
2019-07-11 09:02:21.478 26581 INFO rally.task.runner [-] Task 94c33d93-3b53-40c0-927c-5da2a4573cf8 | ITER: 23 START
2019-07-11 09:02:21.479 26581 WARNING rally_openstack.scenarios.neutron.utils [-] Running this scenario without either the 'network' or 'existing_network' context is deprecated
2019-07-11 09:02:21.750 26596 INFO rally.task.runner [-] Task 94c33d93-3b53-40c0-927c-5da2a4573cf8 | ITER: 12 END: OK
2019-07-11 09:02:21.754 26596 INFO rally.task.runner [-] Task 94c33d93-3b53-40c0-927c-5da2a4573cf8 | ITER: 24 START
2019-07-11 09:02:21.754 26596 WARNING rally_openstack.scenarios.neutron.utils [-] Running this scenario without either the 'network' or 'existing_network' context is deprecated
2019-07-11 09:02:22.655 26625 INFO rally.task.runner [-] Task 94c33d93-3b53-40c0-927c-5da2a4573cf8 | ITER: 19 END: OK
2019-07-11 09:02:22.659 26625 INFO rally.task.runner [-] Task 94c33d93-3b53-40c0-927c-5da2a4573cf8 | ITER: 25 START
2019-07-11 09:02:22.660 26625 WARNING rally_openstack.scenarios.neutron.utils [-] Running this scenario without either the 'network' or 'existing_network' context is deprecated
2019-07-11 09:02:22.754 26608 INFO rally.task.runner [-] Task 94c33d93-3b53-40c0-927c-5da2a4573cf8 | ITER: 15 END: OK
2019-07-11 09:02:22.758 26608 INFO rally.task.runner [-] Task 94c33d93-3b53-40c0-927c-5da2a4573cf8 | ITER: 26 START
2019-07-11 09:02:22.759 26608 WARNING rally_openstack.scenarios.neutron.utils [-] Running this scenario without either the 'network' or 'existing_network' context is deprecated
2019-07-11 09:02:23.098 26612 INFO rally.task.runner [-] Task 94c33d93-3b53-40c0-927c-5da2a4573cf8 | ITER: 16 END: OK
2019-07-11 09:02:23.102 26612 INFO rally.task.runner [-] Task 94c33d93-3b53-40c0-927c-5da2a4573cf8 | ITER: 27 START
2019-07-11 09:02:23.103 26612 WARNING rally_openstack.scenarios.neutron.utils [-] Running this scenario without either the 'network' or 'existing_network' context is deprecated
2019-07-11 09:02:23.155 26595 INFO rally.task.runner [-] Task 94c33d93-3b53-40c0-927c-5da2a4573cf8 | ITER: 11 END: OK
2019-07-11 09:02:23.160 26595 INFO rally.task.runner [-] Task 94c33d93-3b53-40c0-927c-5da2a4573cf8 | ITER: 28 START
2019-07-11 09:02:23.161 26595 WARNING rally_openstack.scenarios.neutron.utils [-] Running this scenario without either the 'network' or 'existing_network' context is deprecated
2019-07-11 09:02:23.665 26580 INFO rally.task.runner [-] Task 94c33d93-3b53-40c0-927c-5da2a4573cf8 | ITER: 4 END: OK
2019-07-11 09:02:23.669 26580 INFO rally.task.runner [-] Task 94c33d93-3b53-40c0-927c-5da2a4573cf8 | ITER: 29 START
2019-07-11 09:02:23.669 26580 WARNING rally_openstack.scenarios.neutron.utils [-] Running this scenario without either the 'network' or 'existing_network' context is deprecated
2019-07-11 09:02:23.748 26601 INFO rally.task.runner [-] Task 94c33d93-3b53-40c0-927c-5da2a4573cf8 | ITER: 18 END: OK
2019-07-11 09:02:23.753 26601 INFO rally.task.runner [-] Task 94c33d93-3b53-40c0-927c-5da2a4573cf8 | ITER: 30 START
2019-07-11 09:02:23.753 26601 WARNING rally_openstack.scenarios.neutron.utils [-] Running this scenario without either the 'network' or 'existing_network' context is deprecated
2019-07-11 09:02:23.796 26584 INFO rally.task.runner [-] Task 94c33d93-3b53-40c0-927c-5da2a4573cf8 | ITER: 9 END: OK
2019-07-11 09:02:23.799 26584 INFO rally.task.runner [-] Task 94c33d93-3b53-40c0-927c-5da2a4573cf8 | ITER: 31 START
2019-07-11 09:02:23.800 26584 WARNING rally_openstack.scenarios.neutron.utils [-] Running this scenario without either the 'network' or 'existing_network' context is deprecated
2019-07-11 09:02:23.905 26607 INFO rally.task.runner [-] Task 94c33d93-3b53-40c0-927c-5da2a4573cf8 | ITER: 17 END: OK
2019-07-11 09:02:23.910 26607 INFO rally.task.runner [-] Task 94c33d93-3b53-40c0-927c-5da2a4573cf8 | ITER: 32 START
2019-07-11 09:02:23.910 26607 WARNING rally_openstack.scenarios.neutron.utils [-] Running this scenario without either the 'network' or 'existing_network' context is deprecated
2019-07-11 09:02:24.265 26598 INFO rally.task.runner [-] Task 94c33d93-3b53-40c0-927c-5da2a4573cf8 | ITER: 13 END: OK
2019-07-11 09:02:24.269 26598 INFO rally.task.runner [-] Task 94c33d93-3b53-40c0-927c-5da2a4573cf8 | ITER: 33 START
2019-07-11 09:02:24.269 26598 WARNING rally_openstack.scenarios.neutron.utils [-] Running this scenario without either the 'network' or 'existing_network' context is deprecated
2019-07-11 09:02:24.671 26579 INFO rally.task.runner [-] Task 94c33d93-3b53-40c0-927c-5da2a4573cf8 | ITER: 3 END: OK
2019-07-11 09:02:24.675 26579 INFO rally.task.runner [-] Task 94c33d93-3b53-40c0-927c-5da2a4573cf8 | ITER: 34 START
2019-07-11 09:02:24.676 26579 WARNING rally_openstack.scenarios.neutron.utils [-] Running this scenario without either the 'network' or 'existing_network' context is deprecated
2019-07-11 09:02:24.846 26589 INFO rally.task.runner [-] Task 94c33d93-3b53-40c0-927c-5da2a4573cf8 | ITER: 10 END: OK
2019-07-11 09:02:24.851 26589 INFO rally.task.runner [-] Task 94c33d93-3b53-40c0-927c-5da2a4573cf8 | ITER: 35 START
2019-07-11 09:02:24.852 26589 WARNING rally_openstack.scenarios.neutron.utils [-] Running this scenario without either the 'network' or 'existing_network' context is deprecated
2019-07-11 09:02:25.011 26579 INFO rally.task.runner [-] Task 94c33d93-3b53-40c0-927c-5da2a4573cf8 | ITER: 1 END: OK
2019-07-11 09:02:25.015 26579 INFO rally.task.runner [-] Task 94c33d93-3b53-40c0-927c-5da2a4573cf8 | ITER: 36 START
2019-07-11 09:02:25.016 26579 WARNING rally_openstack.scenarios.neutron.utils [-] Running this scenario without either the 'network' or 'existing_network' context is deprecated
2019-07-11 09:02:25.377 26582 INFO rally.task.runner [-] Task 94c33d93-3b53-40c0-927c-5da2a4573cf8 | ITER: 7 END: OK
2019-07-11 09:02:25.381 26582 INFO rally.task.runner [-] Task 94c33d93-3b53-40c0-927c-5da2a4573cf8 | ITER: 37 START
2019-07-11 09:02:25.382 26582 WARNING rally_openstack.scenarios.neutron.utils [-] Running this scenario without either the 'network' or 'existing_network' context is deprecated
2019-07-11 09:02:25.426 26626 INFO rally.task.runner [-] Task 94c33d93-3b53-40c0-927c-5da2a4573cf8 | ITER: 20 END: OK
2019-07-11 09:02:25.430 26626 INFO rally.task.runner [-] Task 94c33d93-3b53-40c0-927c-5da2a4573cf8 | ITER: 38 START
2019-07-11 09:02:25.431 26626 WARNING rally_openstack.scenarios.neutron.utils [-] Running this scenario without either the 'network' or 'existing_network' context is deprecated
2019-07-11 09:02:27.820 26582 INFO rally.task.runner [-] Task 94c33d93-3b53-40c0-927c-5da2a4573cf8 | ITER: 5 END: OK
2019-07-11 09:02:27.823 26582 INFO rally.task.runner [-] Task 94c33d93-3b53-40c0-927c-5da2a4573cf8 | ITER: 39 START
2019-07-11 09:02:27.824 26582 WARNING rally_openstack.scenarios.neutron.utils [-] Running this scenario without either the 'network' or 'existing_network' context is deprecated
2019-07-11 09:02:28.137 26581 INFO rally.task.runner [-] Task 94c33d93-3b53-40c0-927c-5da2a4573cf8 | ITER: 6 END: OK
2019-07-11 09:02:28.142 26581 INFO rally.task.runner [-] Task 94c33d93-3b53-40c0-927c-5da2a4573cf8 | ITER: 40 START
2019-07-11 09:02:28.142 26581 WARNING rally_openstack.scenarios.neutron.utils [-] Running this scenario without either the 'network' or 'existing_network' context is deprecated
2019-07-11 09:02:38.108 26608 INFO rally.task.runner [-] Task 94c33d93-3b53-40c0-927c-5da2a4573cf8 | ITER: 26 END: OK
2019-07-11 09:02:38.248 26580 INFO rally.task.runner [-] Task 94c33d93-3b53-40c0-927c-5da2a4573cf8 | ITER: 21 END: OK
2019-07-11 09:02:38.748 26604 INFO rally.task.runner [-] Task 94c33d93-3b53-40c0-927c-5da2a4573cf8 | ITER: 22 END: OK
2019-07-11 09:02:39.538 26596 INFO rally.task.runner [-] Task 94c33d93-3b53-40c0-927c-5da2a4573cf8 | ITER: 24 END: OK
2019-07-11 09:02:40.138 26581 INFO rally.task.runner [-] Task 94c33d93-3b53-40c0-927c-5da2a4573cf8 | ITER: 23 END: OK
2019-07-11 09:02:40.197 26607 INFO rally.task.runner [-] Task 94c33d93-3b53-40c0-927c-5da2a4573cf8 | ITER: 32 END: OK
2019-07-11 09:02:40.210 26625 INFO rally.task.runner [-] Task 94c33d93-3b53-40c0-927c-5da2a4573cf8 | ITER: 25 END: OK
2019-07-11 09:02:41.225 26584 INFO rally.task.runner [-] Task 94c33d93-3b53-40c0-927c-5da2a4573cf8 | ITER: 31 END: OK
2019-07-11 09:02:41.340 26580 INFO rally.task.runner [-] Task 94c33d93-3b53-40c0-927c-5da2a4573cf8 | ITER: 29 END: OK
2019-07-11 09:02:41.371 26579 INFO rally.task.runner [-] Task 94c33d93-3b53-40c0-927c-5da2a4573cf8 | ITER: 34 END: OK
2019-07-11 09:02:41.515 26612 INFO rally.task.runner [-] Task 94c33d93-3b53-40c0-927c-5da2a4573cf8 | ITER: 27 END: OK
2019-07-11 09:02:41.525 26601 INFO rally.task.runner [-] Task 94c33d93-3b53-40c0-927c-5da2a4573cf8 | ITER: 30 END: OK
2019-07-11 09:02:41.985 26589 INFO rally.task.runner [-] Task 94c33d93-3b53-40c0-927c-5da2a4573cf8 | ITER: 35 END: OK
2019-07-11 09:02:42.002 26598 INFO rally.task.runner [-] Task 94c33d93-3b53-40c0-927c-5da2a4573cf8 | ITER: 33 END: OK
2019-07-11 09:02:42.138 26626 INFO rally.task.runner [-] Task 94c33d93-3b53-40c0-927c-5da2a4573cf8 | ITER: 38 END: OK
2019-07-11 09:02:42.316 26595 INFO rally.task.runner [-] Task 94c33d93-3b53-40c0-927c-5da2a4573cf8 | ITER: 28 END: OK
2019-07-11 09:02:42.438 26582 INFO rally.task.runner [-] Task 94c33d93-3b53-40c0-927c-5da2a4573cf8 | ITER: 37 END: OK
2019-07-11 09:02:43.592 26581 INFO rally.task.runner [-] Task 94c33d93-3b53-40c0-927c-5da2a4573cf8 | ITER: 40 END: OK
2019-07-11 09:02:43.673 26579 INFO rally.task.runner [-] Task 94c33d93-3b53-40c0-927c-5da2a4573cf8 | ITER: 36 END: OK
2019-07-11 09:02:43.808 26582 INFO rally.task.runner [-] Task 94c33d93-3b53-40c0-927c-5da2a4573cf8 | ITER: 39 END: OK
2019-07-11 09:02:43.836 22703 INFO rally.task.context [-] Task 94c33d93-3b53-40c0-927c-5da2a4573cf8 | Context cleanup@openstack cleanup() started
2019-07-11 09:02:43.838 22703 RALLYDEBUG rally_openstack.cleanup.manager [-] Cleaning up neutron vip objects
2019-07-11 09:02:44.497 22703 RALLYDEBUG rally_openstack.cleanup.manager [-] Cleaning up neutron health_monitor objects
2019-07-11 09:02:45.260 22703 RALLYDEBUG rally_openstack.cleanup.manager [-] Cleaning up neutron pool objects
2019-07-11 09:02:46.020 22703 RALLYDEBUG rally_openstack.cleanup.manager [-] Cleaning up neutron loadbalancer objects
2019-07-11 09:02:46.741 22703 RALLYDEBUG rally_openstack.cleanup.manager [-] Cleaning up neutron floatingip objects
2019-07-11 09:02:47.537 22703 RALLYDEBUG rally_openstack.cleanup.manager [-] Cleaning up neutron port objects
2019-07-11 09:02:48.813 22703 RALLYDEBUG rally_openstack.cleanup.manager [-] Deleting neutron.port object s_rally_924ca9ee_uc31vvX5 (020cb122-b19d-4b19-993c-63a1529b0676)
2019-07-11 09:02:48.814 22703 RALLYDEBUG rally_openstack.cleanup.manager [-] Deleting neutron.port object s_rally_924ca9ee_MjOpVE6f (01dbae51-2eb3-4ca0-8f0f-53010b36f398)
2019-07-11 09:02:48.816 22703 RALLYDEBUG rally_openstack.cleanup.manager [-] Deleting neutron.port object s_rally_924ca9ee_WRl6U4Pw (028b833d-a5eb-4f5c-b5b2-d3f8adf4148d)
2019-07-11 09:02:48.822 22703 RALLYDEBUG rally_openstack.cleanup.manager [-] Deleting neutron.port object s_rally_924ca9ee_8g25qEQA (03560593-6f72-4010-958e-b7bc30cc42b3)
2019-07-11 09:02:48.823 22703 RALLYDEBUG rally_openstack.cleanup.manager [-] Deleting neutron.port object s_rally_924ca9ee_FZskffsF (0463f9ed-da22-45c4-b7a2-77dd5301df37)
2019-07-11 09:02:48.823 22703 RALLYDEBUG rally_openstack.cleanup.manager [-] Deleting neutron.port object s_rally_924ca9ee_T9KGkxia (02da9372-d1fe-4019-8d02-a60e0c47292a)
2019-07-11 09:02:48.833 22703 RALLYDEBUG rally_openstack.cleanup.manager [-] Deleting neutron.port object s_rally_924ca9ee_LOQIDeTw (05c911ea-da47-4486-b637-38f7104ebd3b)
2019-07-11 09:02:48.834 22703 RALLYDEBUG rally_openstack.cleanup.manager [-] Deleting neutron.port object s_rally_924ca9ee_vGtRFeBm (039636cf-c97a-42d4-9695-0f2675c44ca3)
2019-07-11 09:02:48.835 22703 RALLYDEBUG rally_openstack.cleanup.manager [-] Deleting neutron.port object s_rally_924ca9ee_Gfbs0p6o (0089a3cf-a1bb-47f6-b51d-b7552cbb49dd)
2019-07-11 09:02:48.842 22703 RALLYDEBUG rally_openstack.cleanup.manager [-] Deleting neutron.port object s_rally_924ca9ee_inLUVd1U (05cdf367-16cd-44ec-b041-6194dc227bed)
2019-07-11 09:02:48.859 22703 RALLYDEBUG rally_openstack.cleanup.manager [-] Deleting neutron.port object s_rally_924ca9ee_BcQKbYA6 (075f1972-8f14-4ae5-97dc-ef8d68c51671)
2019-07-11 09:02:48.868 22703 RALLYDEBUG rally_openstack.cleanup.manager [-] Deleting neutron.port object s_rally_924ca9ee_bdKnHQBl (07ffd334-c803-4a97-91b5-8be813693f6b)
2019-07-11 09:02:48.888 22703 RALLYDEBUG rally_openstack.cleanup.manager [-] Deleting neutron.port object s_rally_924ca9ee_Ea3Yc0TG (0904c710-b811-42b6-a2d4-c8f3aa6f8e85)
2019-07-11 09:02:48.925 22703 RALLYDEBUG rally_openstack.cleanup.manager [-] Deleting neutron.port object s_rally_924ca9ee_Ajf5IClI (0a554010-beca-40e4-8254-c3811ebce041)
2019-07-11 09:02:48.927 22703 RALLYDEBUG rally_openstack.cleanup.manager [-] Deleting neutron.port object s_rally_924ca9ee_wbgmk8Y7 (09fa6384-cf76-4de3-b938-dd212a5f3cd7)
2019-07-11 09:02:48.925 22703 RALLYDEBUG rally_openstack.cleanup.manager [-] Deleting neutron.port object s_rally_924ca9ee_sLXk7NPd (0ac3abcc-29af-4dd1-9d11-42fa7fb50f16)
2019-07-11 09:02:48.967 22703 RALLYDEBUG rally_openstack.cleanup.manager [-] Deleting neutron.port object s_rally_924ca9ee_nuK5M9z8 (0b9076fd-823d-4313-9527-d2b4ceccf10e)
2019-07-11 09:02:48.979 22703 RALLYDEBUG rally_openstack.cleanup.manager [-] Deleting neutron.port object s_rally_924ca9ee_NKEfpATd (12aec938-6df3-413f-9c0c-b0b27e0fd36f)
2019-07-11 09:02:48.985 22703 RALLYDEBUG rally_openstack.cleanup.manager [-] Deleting neutron.port object s_rally_924ca9ee_o8PioMwY (0bc86836-d4fa-4fe7-bffc-23d949e04e30)
2019-07-11 09:02:48.996 22703 RALLYDEBUG rally_openstack.cleanup.manager [-] Deleting neutron.port object s_rally_924ca9ee_zE8pHn4D (0e88c470-852f-40b6-bb92-51e20ab6c14f)
2019-07-11 09:02:51.494 22703 RALLYDEBUG rally_openstack.cleanup.manager [-] Deleting neutron.port object s_rally_924ca9ee_9uGkdWPC (13670d64-a518-4d44-8aec-96a558435eef)
2019-07-11 09:02:51.624 22703 RALLYDEBUG rally_openstack.cleanup.manager [-] Deleting neutron.port object s_rally_924ca9ee_ROxLuPNG (137cbb28-5e6e-4f41-8e16-59c035466a36)
2019-07-11 09:02:51.685 22703 RALLYDEBUG rally_openstack.cleanup.manager [-] Deleting neutron.port object s_rally_924ca9ee_xCWiJLvZ (1399091e-6f59-435c-9954-19db77f266b8)
2019-07-11 09:02:51.867 22703 RALLYDEBUG rally_openstack.cleanup.manager [-] Deleting neutron.port object s_rally_924ca9ee_wBxIP839 (1457818a-7551-4345-bd14-c281b54480ba)
2019-07-11 09:02:51.897 22703 RALLYDEBUG rally_openstack.cleanup.manager [-] Deleting neutron.port object s_rally_924ca9ee_57RRhdii (16da9a0a-785c-40ab-8a62-24a07939002e)
2019-07-11 09:02:51.936 22703 RALLYDEBUG rally_openstack.cleanup.manager [-] Deleting neutron.port object s_rally_924ca9ee_lpXNY0sl (18acbeed-d98a-45c2-8dbd-0ce09d0a012a)
2019-07-11 09:02:52.010 22703 RALLYDEBUG rally_openstack.cleanup.manager [-] Deleting neutron.port object s_rally_924ca9ee_iMjahk72 (190d4ef0-173a-4a40-83fb-5e4cc23bf3e5)
2019-07-11 09:02:52.020 22703 RALLYDEBUG rally_openstack.cleanup.manager [-] Deleting neutron.port object s_rally_924ca9ee_kB0dyucT (1f0da818-450a-4bcc-8bef-7dcfbc13db90)
2019-07-11 09:02:52.022 22703 RALLYDEBUG rally_openstack.cleanup.manager [-] Deleting neutron.port object s_rally_924ca9ee_KHCZRHh3 (1cf43151-ad97-47ce-9af8-fb74f1a5666f)
2019-07-11 09:02:52.036 22703 RALLYDEBUG rally_openstack.cleanup.manager [-] Deleting neutron.port object s_rally_924ca9ee_jMHRVjHk (20457a92-dfe2-4a83-b2c7-0b021599fb80)
2019-07-11 09:02:52.107 22703 RALLYDEBUG rally_openstack.cleanup.manager [-] Deleting neutron.port object s_rally_924ca9ee_Z5J4aAww (20cb6ad6-7954-4ba5-911d-05f8308fb29d)
2019-07-11 09:02:52.275 22703 RALLYDEBUG rally_openstack.cleanup.manager [-] Deleting neutron.port object s_rally_924ca9ee_7E6g29re (2173b2f1-a395-462a-90da-b6b4debc4f61)
2019-07-11 09:02:52.561 22703 RALLYDEBUG rally_openstack.cleanup.manager [-] Deleting neutron.port object s_rally_924ca9ee_o0qfkPvt (2231e3ef-a4ac-4f7d-b339-c3062cd1cb7f)
2019-07-11 09:02:52.565 22703 RALLYDEBUG rally_openstack.cleanup.manager [-] Deleting neutron.port object s_rally_924ca9ee_WoRIrVhn (227c0232-3c14-4622-8a68-64357322f541)
2019-07-11 09:02:52.824 22703 RALLYDEBUG rally_openstack.cleanup.manager [-] Deleting neutron.port object s_rally_924ca9ee_v62GDyMR (22d5b192-e2b0-4d42-a49a-c9c69f99f30b)
2019-07-11 09:02:52.947 22703 RALLYDEBUG rally_openstack.cleanup.manager [-] Deleting neutron.port object s_rally_924ca9ee_F0f4lXR0 (2b690cb6-0bd1-4f16-9d5e-8a196ff0573a)
2019-07-11 09:02:52.947 22703 RALLYDEBUG rally_openstack.cleanup.manager [-] Deleting neutron.port object s_rally_924ca9ee_Ze6Fi47m (2ab31df3-642b-49a2-95ee-25bdd97d4dd8)
2019-07-11 09:02:52.956 22703 RALLYDEBUG rally_openstack.cleanup.manager [-] Deleting neutron.port object s_rally_924ca9ee_iMxByXZL (2b8984ee-2c1c-4ee6-b340-90778f9efc94)
2019-07-11 09:02:53.327 22703 RALLYDEBUG rally_openstack.cleanup.manager [-] Deleting neutron.port object s_rally_924ca9ee_0PPF0RI4 (2cccdf7c-69ce-4195-b0cf-c4f3da192c41)
2019-07-11 09:02:53.345 22703 RALLYDEBUG rally_openstack.cleanup.manager [-] Deleting neutron.port object s_rally_924ca9ee_UvRLy70p (2f84403f-21a7-4704-bd61-1e44a0f3f1ba)
2019-07-11 09:02:54.076 22703 RALLYDEBUG rally_openstack.cleanup.manager [-] Deleting neutron.port object s_rally_924ca9ee_U7DuDa9P (30643750-bcc8-4982-86ac-a49ed1801dc5)
2019-07-11 09:02:54.155 22703 RALLYDEBUG rally_openstack.cleanup.manager [-] Deleting neutron.port object s_rally_924ca9ee_uG9tERIg (30aac394-9cff-4bbf-9356-ab3915fb7255)
2019-07-11 09:02:54.393 22703 RALLYDEBUG rally_openstack.cleanup.manager [-] Deleting neutron.port object s_rally_924ca9ee_sFjqzHMz (31fbabf3-b3b1-4702-b3d5-1aeae1e7dc20)
2019-07-11 09:02:54.489 22703 RALLYDEBUG rally_openstack.cleanup.manager [-] Deleting neutron.port object s_rally_924ca9ee_d5o6gEqY (3353539d-b449-4c1b-a9bc-b992acb9d14a)
2019-07-11 09:02:54.561 22703 RALLYDEBUG rally_openstack.cleanup.manager [-] Deleting neutron.port object s_rally_924ca9ee_c3icjiZy (34022aef-d8bb-4a7c-8a72-7825069a8b85)
2019-07-11 09:02:54.611 22703 RALLYDEBUG rally_openstack.cleanup.manager [-] Deleting neutron.port object s_rally_924ca9ee_EQ1G01Dm (355b5a44-3679-4d81-936d-ab1c7c793fae)
2019-07-11 09:02:54.679 22703 RALLYDEBUG rally_openstack.cleanup.manager [-] Deleting neutron.port object s_rally_924ca9ee_XuRQv4JF (35728fa0-42ab-4fd9-9106-639e2906d943)
2019-07-11 09:02:54.714 22703 RALLYDEBUG rally_openstack.cleanup.manager [-] Deleting neutron.port object s_rally_924ca9ee_a8bZHRlN (35d16f0b-1625-4911-bcde-aec54174448b)
2019-07-11 09:02:54.758 22703 RALLYDEBUG rally_openstack.cleanup.manager [-] Deleting neutron.port object s_rally_924ca9ee_QEeWzdg0 (36ad3fa2-0e0c-4c24-b162-b30e9df9a6ab)
2019-07-11 09:02:54.817 22703 RALLYDEBUG rally_openstack.cleanup.manager [-] Deleting neutron.port object s_rally_924ca9ee_LRTIItuY (373214d6-d3d4-41df-9af9-5920f6e0460b)
2019-07-11 09:02:54.883 22703 RALLYDEBUG rally_openstack.cleanup.manager [-] Deleting neutron.port object s_rally_924ca9ee_ZwRJE8rF (375fcc09-45bd-4d39-a754-0b0e3a84a452)
2019-07-11 09:02:54.971 22703 RALLYDEBUG rally_openstack.cleanup.manager [-] Deleting neutron.port object s_rally_924ca9ee_J5WltZm0 (37a247aa-bb62-4e55-9ec3-e1cbad598d3a)
2019-07-11 09:02:55.018 22703 RALLYDEBUG rally_openstack.cleanup.manager [-] Deleting neutron.port object s_rally_924ca9ee_he2aR4RM (3a1ccea3-2ba8-4faf-80fb-3a8d3b293c9d)
2019-07-11 09:02:55.064 22703 RALLYDEBUG rally_openstack.cleanup.manager [-] Deleting neutron.port object s_rally_924ca9ee_DXqWIorD (3b4ad272-9417-438c-8d83-fe84e3cce2ac)
2019-07-11 09:02:55.332 22703 RALLYDEBUG rally_openstack.cleanup.manager [-] Deleting neutron.port object s_rally_924ca9ee_MGPiSbR1 (3d1ed10e-404a-4c28-91cd-c715b496eb22)
2019-07-11 09:02:55.410 22703 RALLYDEBUG rally_openstack.cleanup.manager [-] Deleting neutron.port object s_rally_924ca9ee_XzTGNrPm (3de0f177-6d52-4593-b260-201567611df9)
2019-07-11 09:02:55.498 22703 RALLYDEBUG rally_openstack.cleanup.manager [-] Deleting neutron.port object s_rally_924ca9ee_QrlrNnB5 (3e03afc5-1359-40c3-b6f7-c77400c87471)
2019-07-11 09:02:55.605 22703 RALLYDEBUG rally_openstack.cleanup.manager [-] Deleting neutron.port object s_rally_924ca9ee_t72FBXML (3e2068a3-43f2-4136-9a1e-3ca3a64482a8)
2019-07-11 09:02:55.769 22703 RALLYDEBUG rally_openstack.cleanup.manager [-] Deleting neutron.port object s_rally_924ca9ee_6G2UPOXv (3e9fcee5-0dec-4e73-84cf-a5eb672398a3)
2019-07-11 09:02:55.784 22703 RALLYDEBUG rally_openstack.cleanup.manager [-] Deleting neutron.port object s_rally_924ca9ee_8LyMfRWp (440e3151-8e53-4875-816c-ea447a17c04a)
2019-07-11 09:02:56.329 22703 RALLYDEBUG rally_openstack.cleanup.manager [-] Deleting neutron.port object s_rally_924ca9ee_S2AKV229 (441bfacc-81c9-40ee-b9c1-a74304d6e2ff)
2019-07-11 09:02:56.593 22703 RALLYDEBUG rally_openstack.cleanup.manager [-] Deleting neutron.port object s_rally_924ca9ee_a4m2arpZ (45800b25-0f5a-4f1a-8a6e-c7608987a83a)
2019-07-11 09:02:56.965 22703 RALLYDEBUG rally_openstack.cleanup.manager [-] Deleting neutron.port object s_rally_924ca9ee_RqaWhsuO (45a537d4-6c0e-44e9-9f29-bf2939224e2d)
2019-07-11 09:02:56.991 22703 RALLYDEBUG rally_openstack.cleanup.manager [-] Deleting neutron.port object s_rally_924ca9ee_bGDDqUuA (45bee409-9686-40b4-a9e3-465af3422d8c)
2019-07-11 09:02:57.118 22703 RALLYDEBUG rally_openstack.cleanup.manager [-] Deleting neutron.port object s_rally_924ca9ee_pyfe7eJ8 (482d3200-1ffd-42af-be7d-63c1cb304a00)
2019-07-11 09:02:57.168 22703 RALLYDEBUG rally_openstack.cleanup.manager [-] Deleting neutron.port object s_rally_924ca9ee_csnbgzqP (4a7f070c-d6df-4f0a-8d39-235c17965495)
2019-07-11 09:02:57.363 22703 RALLYDEBUG rally_openstack.cleanup.manager [-] Deleting neutron.port object s_rally_924ca9ee_3lLjBO7e (4b74857d-1e88-42e3-9aad-1d2456685f9f)
2019-07-11 09:02:57.448 22703 RALLYDEBUG rally_openstack.cleanup.manager [-] Deleting neutron.port object s_rally_924ca9ee_WSTETMec (4cb1a62f-017d-4db1-b060-c082bff17188)
2019-07-11 09:02:57.589 22703 RALLYDEBUG rally_openstack.cleanup.manager [-] Deleting neutron.port object s_rally_924ca9ee_UbU2lCvZ (4cdb8971-5d28-4415-95f3-3e3656ae22fb)
