2019-07-11 09:04:03.570 26969 WARNING rally_openstack.scenarios.neutron.utils [-] Running this scenario without either the 'network' or 'existing_network' context is deprecated
2019-07-11 09:04:03.608 26951 INFO rally.task.runner [-] Task 94c33d93-3b53-40c0-927c-5da2a4573cf8 | ITER: 4 END: OK
2019-07-11 09:04:03.612 26951 INFO rally.task.runner [-] Task 94c33d93-3b53-40c0-927c-5da2a4573cf8 | ITER: 40 START
2019-07-11 09:04:03.612 26951 WARNING rally_openstack.scenarios.neutron.utils [-] Running this scenario without either the 'network' or 'existing_network' context is deprecated
2019-07-11 09:04:15.244 26980 INFO rally.task.runner [-] Task 94c33d93-3b53-40c0-927c-5da2a4573cf8 | ITER: 24 END: OK
2019-07-11 09:04:15.741 26951 INFO rally.task.runner [-] Task 94c33d93-3b53-40c0-927c-5da2a4573cf8 | ITER: 21 END: OK
2019-07-11 09:04:15.751 26949 INFO rally.task.runner [-] Task 94c33d93-3b53-40c0-927c-5da2a4573cf8 | ITER: 22 END: OK
2019-07-11 09:04:16.843 26961 INFO rally.task.runner [-] Task 94c33d93-3b53-40c0-927c-5da2a4573cf8 | ITER: 33 END: OK
2019-07-11 09:04:18.012 26993 INFO rally.task.runner [-] Task 94c33d93-3b53-40c0-927c-5da2a4573cf8 | ITER: 32 END: OK
2019-07-11 09:04:18.128 26952 INFO rally.task.runner [-] Task 94c33d93-3b53-40c0-927c-5da2a4573cf8 | ITER: 30 END: OK
2019-07-11 09:04:18.425 26965 INFO rally.task.runner [-] Task 94c33d93-3b53-40c0-927c-5da2a4573cf8 | ITER: 25 END: OK
2019-07-11 09:04:18.453 26972 INFO rally.task.runner [-] Task 94c33d93-3b53-40c0-927c-5da2a4573cf8 | ITER: 29 END: OK
2019-07-11 09:04:18.490 26954 INFO rally.task.runner [-] Task 94c33d93-3b53-40c0-927c-5da2a4573cf8 | ITER: 27 END: OK
2019-07-11 09:04:18.777 26952 INFO rally.task.runner [-] Task 94c33d93-3b53-40c0-927c-5da2a4573cf8 | ITER: 23 END: OK
2019-07-11 09:04:18.941 26990 INFO rally.task.runner [-] Task 94c33d93-3b53-40c0-927c-5da2a4573cf8 | ITER: 37 END: OK
2019-07-11 09:04:18.995 26951 INFO rally.task.runner [-] Task 94c33d93-3b53-40c0-927c-5da2a4573cf8 | ITER: 40 END: OK
2019-07-11 09:04:19.099 26974 INFO rally.task.runner [-] Task 94c33d93-3b53-40c0-927c-5da2a4573cf8 | ITER: 35 END: OK
2019-07-11 09:04:19.382 26987 INFO rally.task.runner [-] Task 94c33d93-3b53-40c0-927c-5da2a4573cf8 | ITER: 36 END: OK
2019-07-11 09:04:19.407 26949 INFO rally.task.runner [-] Task 94c33d93-3b53-40c0-927c-5da2a4573cf8 | ITER: 34 END: OK
2019-07-11 09:04:19.505 26950 INFO rally.task.runner [-] Task 94c33d93-3b53-40c0-927c-5da2a4573cf8 | ITER: 26 END: OK
2019-07-11 09:04:19.585 26957 INFO rally.task.runner [-] Task 94c33d93-3b53-40c0-927c-5da2a4573cf8 | ITER: 38 END: OK
2019-07-11 09:04:19.665 26950 INFO rally.task.runner [-] Task 94c33d93-3b53-40c0-927c-5da2a4573cf8 | ITER: 31 END: OK
2019-07-11 09:04:20.361 26969 INFO rally.task.runner [-] Task 94c33d93-3b53-40c0-927c-5da2a4573cf8 | ITER: 39 END: OK
2019-07-11 09:04:20.478 26996 INFO rally.task.runner [-] Task 94c33d93-3b53-40c0-927c-5da2a4573cf8 | ITER: 28 END: OK
2019-07-11 09:04:20.508 22703 INFO rally.task.context [-] Task 94c33d93-3b53-40c0-927c-5da2a4573cf8 | Context cleanup@openstack cleanup() started
2019-07-11 09:04:20.510 22703 RALLYDEBUG rally_openstack.cleanup.manager [-] Cleaning up neutron vip objects
2019-07-11 09:04:21.180 22703 RALLYDEBUG rally_openstack.cleanup.manager [-] Cleaning up neutron health_monitor objects
2019-07-11 09:04:21.807 22703 RALLYDEBUG rally_openstack.cleanup.manager [-] Cleaning up neutron pool objects
2019-07-11 09:04:22.461 22703 RALLYDEBUG rally_openstack.cleanup.manager [-] Cleaning up neutron loadbalancer objects
2019-07-11 09:04:23.197 22703 RALLYDEBUG rally_openstack.cleanup.manager [-] Cleaning up neutron floatingip objects
2019-07-11 09:04:24.230 22703 RALLYDEBUG rally_openstack.cleanup.manager [-] Cleaning up neutron port objects
2019-07-11 09:04:25.178 22703 RALLYDEBUG rally_openstack.cleanup.manager [-] Cleaning up neutron subnet objects
2019-07-11 09:04:25.945 22703 RALLYDEBUG rally_openstack.cleanup.manager [-] Cleaning up neutron network objects
2019-07-11 09:04:26.767 22703 RALLYDEBUG rally_openstack.cleanup.manager [-] Deleting neutron.network object s_rally_0dd88032_amjhHXZD (033ce538-7751-4e7e-844b-ab606f985fb8)
2019-07-11 09:04:26.775 22703 RALLYDEBUG rally_openstack.cleanup.manager [-] Deleting neutron.network object s_rally_0dd88032_qaJWKqZI (05989b4c-1f55-4040-a173-38b0f3c17e1e)
2019-07-11 09:04:26.782 22703 RALLYDEBUG rally_openstack.cleanup.manager [-] Deleting neutron.network object s_rally_0dd88032_SpvYjPox (04310782-2518-4217-9d9c-0a4248851e56)
2019-07-11 09:04:26.782 22703 RALLYDEBUG rally_openstack.cleanup.manager [-] Deleting neutron.network object s_rally_0dd88032_tKSev7lZ (08ac95fe-8c10-451a-addd-b810aea42073)
2019-07-11 09:04:26.790 22703 RALLYDEBUG rally_openstack.cleanup.manager [-] Deleting neutron.network object s_rally_0dd88032_9YrmLwri (1f4707a4-5192-4565-ae89-45d00ed86804)
2019-07-11 09:04:26.805 22703 RALLYDEBUG rally_openstack.cleanup.manager [-] Deleting neutron.network object s_rally_0dd88032_bR2B6mJK (2eb0a891-0d06-437e-a2fa-80b4635048b7)
2019-07-11 09:04:26.817 22703 RALLYDEBUG rally_openstack.cleanup.manager [-] Deleting neutron.network object s_rally_0dd88032_s9oZ9tmG (3184e4be-e39f-4eb9-aa3e-0db3094abc7e)
2019-07-11 09:04:26.823 22703 RALLYDEBUG rally_openstack.cleanup.manager [-] Deleting neutron.network object s_rally_0dd88032_RJNcZAAL (364d33bd-c9ab-4202-99e7-9fe0b3107e1f)
2019-07-11 09:04:26.843 22703 RALLYDEBUG rally_openstack.cleanup.manager [-] Deleting neutron.network object s_rally_0dd88032_po6aIAYf (58482ae4-ef74-41ee-95f2-4e599187fbef)
2019-07-11 09:04:26.845 22703 RALLYDEBUG rally_openstack.cleanup.manager [-] Deleting neutron.network object s_rally_0dd88032_NyGDN5kt (4aa48aa7-8dae-4d60-800a-87d934aee0c2)
2019-07-11 09:04:26.849 22703 RALLYDEBUG rally_openstack.cleanup.manager [-] Deleting neutron.network object s_rally_0dd88032_Majvandh (3803ae1f-5951-4cef-8ba1-65c7cd8b0d15)
2019-07-11 09:04:26.860 22703 RALLYDEBUG rally_openstack.cleanup.manager [-] Deleting neutron.network object s_rally_0dd88032_cACUCZTI (5a8c663c-824b-4882-a600-bdb69cb2538e)
2019-07-11 09:04:26.873 22703 RALLYDEBUG rally_openstack.cleanup.manager [-] Deleting neutron.network object s_rally_0dd88032_OsVPkDGH (5fe7347d-a780-470c-ae02-bd439f8c3623)
2019-07-11 09:04:26.891 22703 RALLYDEBUG rally_openstack.cleanup.manager [-] Deleting neutron.network object s_rally_0dd88032_QlTp79hL (6faafa0f-6e7f-4121-aaec-df6a6b79d9a1)
2019-07-11 09:04:26.904 22703 RALLYDEBUG rally_openstack.cleanup.manager [-] Deleting neutron.network object s_rally_0dd88032_wtQi0dT8 (70b792cd-c0b4-4001-86fd-718bef050334)
2019-07-11 09:04:26.913 22703 RALLYDEBUG rally_openstack.cleanup.manager [-] Deleting neutron.network object s_rally_0dd88032_Uc4TdqAb (740919c4-cdbc-487b-9255-9c991fa50b12)
2019-07-11 09:04:26.930 22703 RALLYDEBUG rally_openstack.cleanup.manager [-] Deleting neutron.network object s_rally_0dd88032_1qgQO33c (77bd5568-3cce-4e9e-b739-68d35573a7de)
2019-07-11 09:04:26.942 22703 RALLYDEBUG rally_openstack.cleanup.manager [-] Deleting neutron.network object s_rally_0dd88032_Fq7xJmmy (808db441-ca81-4a06-bf20-762a84e33fc7)
2019-07-11 09:04:26.951 22703 RALLYDEBUG rally_openstack.cleanup.manager [-] Deleting neutron.network object s_rally_0dd88032_mYaiWqeM (84a1acd7-cff8-4bd4-a2d4-51624b4ebd41)
2019-07-11 09:04:26.964 22703 RALLYDEBUG rally_openstack.cleanup.manager [-] Deleting neutron.network object s_rally_0dd88032_tSq0AhBZ (89d2c3d0-8177-4ce2-b338-5244a9e7a1c6)
2019-07-11 09:04:30.348 22703 RALLYDEBUG rally_openstack.cleanup.manager [-] Deleting neutron.network object s_rally_0dd88032_p0YXycRG (8d9269bb-450e-481a-a609-3af24252e369)
2019-07-11 09:04:30.387 22703 RALLYDEBUG rally_openstack.cleanup.manager [-] Deleting neutron.network object s_rally_0dd88032_cRZsbPbr (8e06ec0e-a8c7-4ba9-b9e9-498220bb5b04)
2019-07-11 09:04:30.473 22703 RALLYDEBUG rally_openstack.cleanup.manager [-] Deleting neutron.network object s_rally_0dd88032_zFrTlfBW (8f4abb95-6d51-47db-96fe-5bedf547d8dd)
2019-07-11 09:04:30.486 22703 RALLYDEBUG rally_openstack.cleanup.manager [-] Deleting neutron.network object s_rally_0dd88032_CCnikdfq (93c8990f-5ba5-4f33-9d48-6ce2b0e3ed66)
2019-07-11 09:04:30.670 22703 RALLYDEBUG rally_openstack.cleanup.manager [-] Deleting neutron.network object s_rally_0dd88032_ETPh2BfZ (955b5da1-ec9c-4968-8391-95b09d1ab338)
2019-07-11 09:04:30.684 22703 RALLYDEBUG rally_openstack.cleanup.manager [-] Deleting neutron.network object s_rally_0dd88032_bZl8CHLN (99c68d8c-6252-4751-ae7a-1b1157b779d5)
2019-07-11 09:04:30.694 22703 RALLYDEBUG rally_openstack.cleanup.manager [-] Deleting neutron.network object s_rally_0dd88032_O0CcGcLA (afa38b59-d218-47ff-82ba-c5655ffa77f7)
2019-07-11 09:04:30.720 22703 RALLYDEBUG rally_openstack.cleanup.manager [-] Deleting neutron.network object s_rally_0dd88032_xOAD7W4v (c3ab8935-9c50-4945-88cc-2b1647b3a4e9)
2019-07-11 09:04:30.721 22703 RALLYDEBUG rally_openstack.cleanup.manager [-] Deleting neutron.network object s_rally_0dd88032_1sf0qQly (c342c268-a54b-4812-9825-490d624a50fa)
2019-07-11 09:04:30.812 22703 RALLYDEBUG rally_openstack.cleanup.manager [-] Deleting neutron.network object s_rally_0dd88032_H6vhjtxn (cf0e503d-afdc-46c3-873d-4dc1f7bfca5c)
2019-07-11 09:04:30.865 22703 RALLYDEBUG rally_openstack.cleanup.manager [-] Deleting neutron.network object s_rally_0dd88032_rdYf9FJf (d086d1db-f4d2-46cf-ba02-9bc349ae5ba8)
2019-07-11 09:04:31.823 22703 RALLYDEBUG rally_openstack.cleanup.manager [-] Deleting neutron.network object s_rally_0dd88032_GpQOdUf9 (d87c9140-2b85-465a-a255-120e7c84ac32)
2019-07-11 09:04:31.825 22703 RALLYDEBUG rally_openstack.cleanup.manager [-] Deleting neutron.network object s_rally_0dd88032_23BqMky7 (d26effa8-ae04-44c2-a204-b4f5e44842e1)
2019-07-11 09:04:32.588 22703 RALLYDEBUG rally_openstack.cleanup.manager [-] Deleting neutron.network object s_rally_0dd88032_oliWlAnx (d8cad64e-ee28-425e-a712-ae88f0a8ac12)
2019-07-11 09:04:32.734 22703 RALLYDEBUG rally_openstack.cleanup.manager [-] Deleting neutron.network object s_rally_0dd88032_4LQ1aYwo (db0a34e0-d04b-4471-a3b6-e9181eab4d02)
2019-07-11 09:04:32.807 22703 RALLYDEBUG rally_openstack.cleanup.manager [-] Deleting neutron.network object s_rally_0dd88032_FTLXH7pB (e36a8697-c1d0-4c55-85db-6bed2e4534c6)
2019-07-11 09:04:33.523 22703 RALLYDEBUG rally_openstack.cleanup.manager [-] Deleting neutron.network object s_rally_0dd88032_Ju9cK3Um (e38d7940-3566-4807-8d0c-bd79cd938dbb)
2019-07-11 09:04:33.771 22703 RALLYDEBUG rally_openstack.cleanup.manager [-] Deleting neutron.network object s_rally_0dd88032_gd3ZIlwu (eec675d1-c7a4-429c-ab72-eb741a424954)
2019-07-11 09:04:33.889 22703 RALLYDEBUG rally_openstack.cleanup.manager [-] Deleting neutron.network object s_rally_0dd88032_LOP73ODA (f548269c-5489-4329-b250-e97ac71c057a)
2019-07-11 09:04:33.905 22703 RALLYDEBUG rally_openstack.cleanup.manager [-] Deleting neutron.network object s_rally_0dd88032_p3Gcj0qr (f7d7d207-39f8-4c1d-b026-84c402915e5c)
2019-07-11 09:04:36.982 22703 RALLYDEBUG rally_openstack.cleanup.manager [-] Cleaning up neutron router objects
2019-07-11 09:04:37.752 22703 RALLYDEBUG rally_openstack.cleanup.manager [-] Cleaning up neutron security_group objects
2019-07-11 09:04:38.559 22703 INFO rally.task.context [-] Task 94c33d93-3b53-40c0-927c-5da2a4573cf8 | Context cleanup@openstack cleanup() finished in 18.05 sec
2019-07-11 09:04:38.560 22703 INFO rally.task.context [-] Task 94c33d93-3b53-40c0-927c-5da2a4573cf8 | Context quotas@openstack cleanup() started
2019-07-11 09:04:38.912 22703 INFO rally.task.context [-] Task 94c33d93-3b53-40c0-927c-5da2a4573cf8 | Context quotas@openstack cleanup() finished in 0.35 sec
2019-07-11 09:04:38.912 22703 INFO rally.task.context [-] Task 94c33d93-3b53-40c0-927c-5da2a4573cf8 | Context users@openstack cleanup() started
2019-07-11 09:04:44.118 22703 INFO rally.task.context [-] Task 94c33d93-3b53-40c0-927c-5da2a4573cf8 | Context users@openstack cleanup() finished in 5.21 sec
2019-07-11 09:04:45.124 22703 INFO rally.task.engine [-] Load duration is: 37.967756
2019-07-11 09:04:45.124 22703 INFO rally.task.engine [-] Full runner duration is: 38.020762
2019-07-11 09:04:45.125 22703 INFO rally.task.engine [-] Full duration is: 67.402182
2019-07-11 09:04:45.383 22703 INFO rally.task.engine [-] Running workload: position = 0 config = { "version": 2, "title": "A cropped version of a bigger task.", "description": "Auto-generated task from a single workload (uuid=378ed448-16f9-45e7-8078-16cb9d4bed00)", "subtasks": [ { "title": "Quotas.neutron_update", "description": "Update quotas for neutron.", "scenario": { "Quotas.neutron_update": { "max_quota": 1024 } }, "contexts": { "users": { "tenants": 20, "users_per_tenant": 1 } }, "runner": { "constant": { "times": 40, "concurrency": 20 } }, "hooks": [], "sla": { "failure_rate": { "max": 0 } } } ] }
2019-07-11 09:04:45.404 22703 RALLYDEBUG rally_openstack.contexts.keystone.users [-] Creating 20 tenants using 20 threads
2019-07-11 09:04:48.023 22703 RALLYDEBUG rally_openstack.contexts.keystone.users [-] Creating 20 users using 20 threads
2019-07-11 09:04:51.566 22703 INFO rally.task.context [-] Task 94c33d93-3b53-40c0-927c-5da2a4573cf8 | Context users@openstack setup() finished in 6.16 sec
2019-07-11 09:04:51.567 22703 INFO rally.task.context [-] Task 94c33d93-3b53-40c0-927c-5da2a4573cf8 | Context admin_cleanup@openstack setup() finished in 0.01 msec
2019-07-11 09:04:51.574 22703 RALLYDEBUG rally.task.runner [-] Starting the constant runner (task UUID: 94c33d93-3b53-40c0-927c-5da2a4573cf8). timeout: 0 concurrency: 20 concurrency_per_worker: 1 times: 40 concurrency_overhead: 4 processes_to_start: 16 max_cpu_used: 16
2019-07-11 09:04:51.588 27319 RALLYDEBUG rally.task.runner [-] Starting a worker. concurrency: 2 args: {"max_quota": 1024} times: 40 method_name: run timeout: 0 duration: None cls:
2019-07-11 09:04:51.590 27320 RALLYDEBUG rally.task.runner [-] Starting a worker. concurrency: 2 args: {"max_quota": 1024} times: 40 method_name: run timeout: 0 duration: None cls:
2019-07-11 09:04:51.593 27321 RALLYDEBUG rally.task.runner [-] Starting a worker. concurrency: 2 args: {"max_quota": 1024} times: 40 method_name: run timeout: 0 duration: None cls:
2019-07-11 09:04:51.595 27322 RALLYDEBUG rally.task.runner [-] Starting a worker. concurrency: 2 args: {"max_quota": 1024} times: 40 method_name: run timeout: 0 duration: None cls:
2019-07-11 09:04:51.601 27323 RALLYDEBUG rally.task.runner [-] Starting a worker. concurrency: 1 args: {"max_quota": 1024} times: 40 method_name: run timeout: 0 duration: None cls:
2019-07-11 09:04:51.604 27322 INFO rally.task.runner [-] Task 94c33d93-3b53-40c0-927c-5da2a4573cf8 | ITER: 4 START
2019-07-11 09:04:51.605 27319 INFO rally.task.runner [-] Task 94c33d93-3b53-40c0-927c-5da2a4573cf8 | ITER: 1 START
2019-07-11 09:04:51.605 27325 RALLYDEBUG rally.task.runner [-] Starting a worker. concurrency: 1 args: {"max_quota": 1024} times: 40 method_name: run timeout: 0 duration: None cls:
2019-07-11 09:04:51.606 27320 INFO rally.task.runner [-] Task 94c33d93-3b53-40c0-927c-5da2a4573cf8 | ITER: 2 START
2019-07-11 09:04:51.607 27320 INFO rally.task.runner [-] Task 94c33d93-3b53-40c0-927c-5da2a4573cf8 | ITER: 6 START
2019-07-11 09:04:51.611 27319 INFO rally.task.runner [-] Task 94c33d93-3b53-40c0-927c-5da2a4573cf8 | ITER: 5 START
2019-07-11 09:04:51.612 27329 RALLYDEBUG rally.task.runner [-] Starting a worker. concurrency: 1 args: {"max_quota": 1024} times: 40 method_name: run timeout: 0 duration: None cls:
2019-07-11 09:04:51.612 27321 INFO rally.task.runner [-] Task 94c33d93-3b53-40c0-927c-5da2a4573cf8 | ITER: 3 START
2019-07-11 09:04:51.614 27323 INFO rally.task.runner [-] Task 94c33d93-3b53-40c0-927c-5da2a4573cf8 | ITER: 9 START
2019-07-11 09:04:51.617 27325 INFO rally.task.runner [-] Task 94c33d93-3b53-40c0-927c-5da2a4573cf8 | ITER: 10 START
2019-07-11 09:04:51.617 27336 RALLYDEBUG rally.task.runner [-] Starting a worker. concurrency: 1 args: {"max_quota": 1024} times: 40 method_name: run timeout: 0 duration: None cls:
2019-07-11 09:04:51.620 27337 RALLYDEBUG rally.task.runner [-] Starting a worker. concurrency: 1 args: {"max_quota": 1024} times: 40 method_name: run timeout: 0 duration: None cls:
2019-07-11 09:04:51.623 27321 INFO rally.task.runner [-] Task 94c33d93-3b53-40c0-927c-5da2a4573cf8 | ITER: 7 START
2019-07-11 09:04:51.624 27329 INFO rally.task.runner [-] Task 94c33d93-3b53-40c0-927c-5da2a4573cf8 | ITER: 11 START
2019-07-11 09:04:51.623 27341 RALLYDEBUG rally.task.runner [-] Starting a worker. concurrency: 1 args: {"max_quota": 1024} times: 40 method_name: run timeout: 0 duration: None cls:
2019-07-11 09:04:51.629 27344 RALLYDEBUG rally.task.runner [-] Starting a worker. concurrency: 1 args: {"max_quota": 1024} times: 40 method_name: run timeout: 0 duration: None cls:
2019-07-11 09:04:51.626 27322 INFO rally.task.runner [-] Task 94c33d93-3b53-40c0-927c-5da2a4573cf8 | ITER: 8 START
2019-07-11 09:04:51.630 27336 INFO rally.task.runner [-] Task 94c33d93-3b53-40c0-927c-5da2a4573cf8 | ITER: 12 START
2019-07-11 09:04:51.632 27348 RALLYDEBUG rally.task.runner [-] Starting a worker. concurrency: 1 args: {"max_quota": 1024} times: 40 method_name: run timeout: 0 duration: None cls:
2019-07-11 09:04:51.633 27337 INFO rally.task.runner [-] Task 94c33d93-3b53-40c0-927c-5da2a4573cf8 | ITER: 13 START
2019-07-11 09:04:51.633 27341 INFO rally.task.runner [-] Task 94c33d93-3b53-40c0-927c-5da2a4573cf8 | ITER: 14 START
2019-07-11 09:04:51.640 27344 INFO rally.task.runner [-] Task 94c33d93-3b53-40c0-927c-5da2a4573cf8 | ITER: 15 START
2019-07-11 09:04:51.641 27350 RALLYDEBUG rally.task.runner [-] Starting a worker. concurrency: 1 args: {"max_quota": 1024} times: 40 method_name: run timeout: 0 duration: None cls:
2019-07-11 09:04:51.643 27348 INFO rally.task.runner [-] Task 94c33d93-3b53-40c0-927c-5da2a4573cf8 | ITER: 16 START
2019-07-11 09:04:51.647 27356 RALLYDEBUG rally.task.runner [-] Starting a worker. concurrency: 1 args: {"max_quota": 1024} times: 40 method_name: run timeout: 0 duration: None cls:
2019-07-11 09:04:51.650 27350 INFO rally.task.runner [-] Task 94c33d93-3b53-40c0-927c-5da2a4573cf8 | ITER: 17 START
2019-07-11 09:04:51.652 27361 RALLYDEBUG rally.task.runner [-] Starting a worker. concurrency: 1 args: {"max_quota": 1024} times: 40 method_name: run timeout: 0 duration: None cls:
2019-07-11 09:04:51.657 27356 INFO rally.task.runner [-] Task 94c33d93-3b53-40c0-927c-5da2a4573cf8 | ITER: 18 START
2019-07-11 09:04:51.659 27364 RALLYDEBUG rally.task.runner [-] Starting a worker. concurrency: 1 args: {"max_quota": 1024} times: 40 method_name: run timeout: 0 duration: None cls:
2019-07-11 09:04:51.661 27361 INFO rally.task.runner [-] Task 94c33d93-3b53-40c0-927c-5da2a4573cf8 | ITER: 19 START
2019-07-11 09:04:51.665 27364 INFO rally.task.runner [-] Task 94c33d93-3b53-40c0-927c-5da2a4573cf8 | ITER: 20 START
2019-07-11 09:04:53.962 27348 INFO rally.task.runner [-] Task 94c33d93-3b53-40c0-927c-5da2a4573cf8 | ITER: 16 END: OK
2019-07-11 09:04:53.969 27348 INFO rally.task.runner [-] Task 94c33d93-3b53-40c0-927c-5da2a4573cf8 | ITER: 21 START
2019-07-11 09:04:54.280 27344 INFO rally.task.runner [-] Task 94c33d93-3b53-40c0-927c-5da2a4573cf8 | ITER: 15 END: OK
2019-07-11 09:04:54.286 27344 INFO rally.task.runner [-] Task 94c33d93-3b53-40c0-927c-5da2a4573cf8 | ITER: 22 START
2019-07-11 09:04:54.311 27325 INFO rally.task.runner [-] Task 94c33d93-3b53-40c0-927c-5da2a4573cf8 | ITER: 10 END: OK
2019-07-11 09:04:54.317 27325 INFO rally.task.runner [-] Task 94c33d93-3b53-40c0-927c-5da2a4573cf8 | ITER: 23 START
2019-07-11 09:04:54.337 27361 INFO rally.task.runner [-] Task 94c33d93-3b53-40c0-927c-5da2a4573cf8 | ITER: 19 END: OK
2019-07-11 09:04:54.340 27361 INFO rally.task.runner [-] Task 94c33d93-3b53-40c0-927c-5da2a4573cf8 | ITER: 24 START
2019-07-11 09:04:54.358 27336 INFO rally.task.runner [-] Task 94c33d93-3b53-40c0-927c-5da2a4573cf8 | ITER: 12 END: OK
2019-07-11 09:04:54.362 27336 INFO rally.task.runner [-] Task 94c33d93-3b53-40c0-927c-5da2a4573cf8 | ITER: 25 START
2019-07-11 09:04:54.379 27321 INFO rally.task.runner [-] Task 94c33d93-3b53-40c0-927c-5da2a4573cf8 | ITER: 3 END: OK
2019-07-11 09:04:54.382 27321 INFO rally.task.runner [-] Task 94c33d93-3b53-40c0-927c-5da2a4573cf8 | ITER: 26 START
2019-07-11 09:04:54.416 27322 INFO rally.task.runner [-] Task 94c33d93-3b53-40c0-927c-5da2a4573cf8 | ITER: 8 END: OK
2019-07-11 09:04:54.420 27322 INFO rally.task.runner [-] Task 94c33d93-3b53-40c0-927c-5da2a4573cf8 | ITER: 27 START
2019-07-11 09:04:54.475 27341 INFO rally.task.runner [-] Task 94c33d93-3b53-40c0-927c-5da2a4573cf8 | ITER: 14 END: OK
2019-07-11 09:04:54.481 27341 INFO rally.task.runner [-] Task 94c33d93-3b53-40c0-927c-5da2a4573cf8 | ITER: 28 START
2019-07-11 09:04:54.489 27350 INFO rally.task.runner [-] Task 94c33d93-3b53-40c0-927c-5da2a4573cf8 | ITER: 17 END: OK
2019-07-11 09:04:54.493 27350 INFO rally.task.runner [-] Task 94c33d93-3b53-40c0-927c-5da2a4573cf8 | ITER: 29 START
2019-07-11 09:04:54.523 27319 INFO rally.task.runner [-] Task 94c33d93-3b53-40c0-927c-5da2a4573cf8 | ITER: 5 END: OK
2019-07-11 09:04:54.528 27319 INFO rally.task.runner [-] Task 94c33d93-3b53-40c0-927c-5da2a4573cf8 | ITER: 30 START
2019-07-11 09:04:54.535 27320 INFO rally.task.runner [-] Task 94c33d93-3b53-40c0-927c-5da2a4573cf8 | ITER: 2 END: OK
2019-07-11 09:04:54.539 27320 INFO rally.task.runner [-] Task 94c33d93-3b53-40c0-927c-5da2a4573cf8 | ITER: 31 START
2019-07-11 09:04:54.546 27364 INFO rally.task.runner [-] Task 94c33d93-3b53-40c0-927c-5da2a4573cf8 | ITER: 20 END: OK
2019-07-11 09:04:54.551 27364 INFO rally.task.runner [-] Task 94c33d93-3b53-40c0-927c-5da2a4573cf8 | ITER: 32 START
2019-07-11 09:04:54.565 27320 INFO rally.task.runner [-] Task 94c33d93-3b53-40c0-927c-5da2a4573cf8 | ITER: 6 END: OK
2019-07-11 09:04:54.569 27320 INFO rally.task.runner [-] Task 94c33d93-3b53-40c0-927c-5da2a4573cf8 | ITER: 33 START
2019-07-11 09:04:54.583 27322 INFO rally.task.runner [-] Task 94c33d93-3b53-40c0-927c-5da2a4573cf8 | ITER: 4 END: OK
2019-07-11 09:04:54.587 27322 INFO rally.task.runner [-] Task 94c33d93-3b53-40c0-927c-5da2a4573cf8 | ITER: 34 START
2019-07-11 09:04:54.597 27356 INFO rally.task.runner [-] Task 94c33d93-3b53-40c0-927c-5da2a4573cf8 | ITER: 18 END: OK
2019-07-11 09:04:54.602 27356 INFO rally.task.runner [-] Task 94c33d93-3b53-40c0-927c-5da2a4573cf8 | ITER: 35 START
2019-07-11 09:04:54.608 27337 INFO rally.task.runner [-] Task 94c33d93-3b53-40c0-927c-5da2a4573cf8 | ITER: 13 END: OK
2019-07-11 09:04:54.613 27337 INFO rally.task.runner [-] Task 94c33d93-3b53-40c0-927c-5da2a4573cf8 | ITER: 36 START
2019-07-11 09:04:54.626 27329 INFO rally.task.runner [-] Task 94c33d93-3b53-40c0-927c-5da2a4573cf8 | ITER: 11 END: OK
2019-07-11 09:04:54.629 27319 INFO rally.task.runner [-] Task 94c33d93-3b53-40c0-927c-5da2a4573cf8 | ITER: 1 END: OK
2019-07-11 09:04:54.631 27329 INFO rally.task.runner [-] Task 94c33d93-3b53-40c0-927c-5da2a4573cf8 | ITER: 37 START
2019-07-11 09:04:54.633 27319 INFO rally.task.runner [-] Task 94c33d93-3b53-40c0-927c-5da2a4573cf8 | ITER: 38 START
2019-07-11 09:04:54.643 27321 INFO rally.task.runner [-] Task 94c33d93-3b53-40c0-927c-5da2a4573cf8 | ITER: 7 END: OK
2019-07-11 09:04:54.646 27321 INFO rally.task.runner [-] Task 94c33d93-3b53-40c0-927c-5da2a4573cf8 | ITER: 39 START
2019-07-11 09:04:54.648 27323 INFO rally.task.runner [-] Task 94c33d93-3b53-40c0-927c-5da2a4573cf8 | ITER: 9 END: OK
2019-07-11 09:04:54.651 27323 INFO rally.task.runner [-] Task 94c33d93-3b53-40c0-927c-5da2a4573cf8 | ITER: 40 START
2019-07-11 09:04:55.039 27348 INFO rally.task.runner [-] Task 94c33d93-3b53-40c0-927c-5da2a4573cf8 | ITER: 21 END: OK
2019-07-11 09:04:55.287 27344 INFO rally.task.runner [-] Task 94c33d93-3b53-40c0-927c-5da2a4573cf8 | ITER: 22 END: OK
2019-07-11 09:04:55.545 27325 INFO rally.task.runner [-] Task 94c33d93-3b53-40c0-927c-5da2a4573cf8 | ITER: 23 END: OK
2019-07-11 09:04:55.584 27361 INFO rally.task.runner [-] Task 94c33d93-3b53-40c0-927c-5da2a4573cf8 | ITER: 24 END: OK
2019-07-11 09:04:55.762 27336 INFO rally.task.runner [-] Task 94c33d93-3b53-40c0-927c-5da2a4573cf8 | ITER: 25 END: OK
2019-07-11 09:04:56.310 27321 INFO rally.task.runner [-] Task 94c33d93-3b53-40c0-927c-5da2a4573cf8 | ITER: 26 END: OK
2019-07-11 09:04:56.356 27341 INFO rally.task.runner [-] Task 94c33d93-3b53-40c0-927c-5da2a4573cf8 | ITER: 28 END: OK
2019-07-11 09:04:56.367 27322 INFO rally.task.runner [-] Task 94c33d93-3b53-40c0-927c-5da2a4573cf8 | ITER: 27 END: OK
2019-07-11 09:04:56.403 27319 INFO rally.task.runner [-] Task 94c33d93-3b53-40c0-927c-5da2a4573cf8 | ITER: 30 END: OK
2019-07-11 09:04:56.422 27350 INFO rally.task.runner [-] Task 94c33d93-3b53-40c0-927c-5da2a4573cf8 | ITER: 29 END: OK
2019-07-11 09:04:56.460 27320 INFO rally.task.runner [-] Task 94c33d93-3b53-40c0-927c-5da2a4573cf8 | ITER: 31 END: OK
2019-07-11 09:04:56.494 27364 INFO rally.task.runner [-] Task 94c33d93-3b53-40c0-927c-5da2a4573cf8 | ITER: 32 END: OK
2019-07-11 09:04:56.514 27320 INFO rally.task.runner [-] Task 94c33d93-3b53-40c0-927c-5da2a4573cf8 | ITER: 33 END: OK
2019-07-11 09:04:56.541 27319 INFO rally.task.runner [-] Task 94c33d93-3b53-40c0-927c-5da2a4573cf8 | ITER: 38 END: OK
2019-07-11 09:04:56.593 27356 INFO rally.task.runner [-] Task 94c33d93-3b53-40c0-927c-5da2a4573cf8 | ITER: 35 END: OK
2019-07-11 09:04:56.607 27337 INFO rally.task.runner [-] Task 94c33d93-3b53-40c0-927c-5da2a4573cf8 | ITER: 36 END: OK
2019-07-11 09:04:56.642 27322 INFO rally.task.runner [-] Task 94c33d93-3b53-40c0-927c-5da2a4573cf8 | ITER: 34 END: OK
2019-07-11 09:04:56.682 27323 INFO rally.task.runner [-] Task 94c33d93-3b53-40c0-927c-5da2a4573cf8 | ITER: 40 END: OK
2019-07-11 09:04:56.690 27321 INFO rally.task.runner [-] Task 94c33d93-3b53-40c0-927c-5da2a4573cf8 | ITER: 39 END: OK
2019-07-11 09:04:56.704 27329 INFO rally.task.runner [-] Task 94c33d93-3b53-40c0-927c-5da2a4573cf8 | ITER: 37 END: OK
2019-07-11 09:04:56.730 22703 INFO rally.task.context [-] Task 94c33d93-3b53-40c0-927c-5da2a4573cf8 | Context admin_cleanup@openstack cleanup() started
2019-07-11 09:04:56.732 22703 RALLYDEBUG rally_openstack.cleanup.manager [-] Cleaning up neutron quota objects
2019-07-11 09:05:01.398 22703 INFO rally.task.context [-] Task 94c33d93-3b53-40c0-927c-5da2a4573cf8 | Context admin_cleanup@openstack cleanup() finished in 4.67 sec
2019-07-11 09:05:01.399 22703 INFO rally.task.context [-] Task 94c33d93-3b53-40c0-927c-5da2a4573cf8 | Context users@openstack cleanup() started
2019-07-11 09:05:33.191 22703 INFO rally.task.context [-] Task 94c33d93-3b53-40c0-927c-5da2a4573cf8 | Context users@openstack cleanup() finished in 31.79 sec
2019-07-11 09:05:33.625 22703 INFO rally.task.engine [-] Load duration is: 5.098569
2019-07-11 09:05:33.625 22703 INFO rally.task.engine [-] Full runner duration is: 5.156234
2019-07-11 09:05:33.626 22703 INFO rally.task.engine [-] Full duration is: 47.790285
2019-07-11 09:05:33.850 22703 INFO rally.task.engine [-] Running workload: position = 0 config = { "version": 2, "title": "A cropped version of a bigger task.", "description": "Auto-generated task from a single workload (uuid=26d25c84-1b97-4cd9-8ff3-20865073320c)", "subtasks": [ { "title": "NeutronTrunks.create_and_list_trunk_subports", "description": "", "scenario": { "NeutronTrunks.create_and_list_trunk_subports": { "subport_count": 125 } }, "contexts": { "users": { "tenants": 1, "users_per_tenant": 1 }, "quotas": { "neutron": { "network": -1, "port": 1000 } } }, "runner": { "constant": { "times": 4, "concurrency": 4 } }, "hooks": [], "sla": { "failure_rate": { "max": 0 } } } ] }
2019-07-11 09:05:33.874 22703 RALLYDEBUG rally_openstack.contexts.keystone.users [-] Creating 1 tenants using 20 threads
2019-07-11 09:05:35.535 22703 RALLYDEBUG rally_openstack.contexts.keystone.users [-] Creating 1 users using 20 threads
2019-07-11 09:05:38.121 22703 INFO rally.task.context [-] Task 94c33d93-3b53-40c0-927c-5da2a4573cf8 | Context users@openstack setup() finished in 4.25 sec
2019-07-11 09:05:38.923 22703 INFO rally.task.context [-] Task 94c33d93-3b53-40c0-927c-5da2a4573cf8 | Context quotas@openstack setup() finished in 0.80 sec
2019-07-11 09:05:38.924 22703 INFO rally.task.context [-] Task 94c33d93-3b53-40c0-927c-5da2a4573cf8 | Context cleanup@openstack setup() finished in 0.01 msec
2019-07-11 09:05:38.931 22703 RALLYDEBUG rally.task.runner [-] Starting the constant runner (task UUID: 94c33d93-3b53-40c0-927c-5da2a4573cf8). timeout: 0 concurrency: 4 concurrency_per_worker: 1 times: 4 concurrency_overhead: 0 processes_to_start: 4 max_cpu_used: 16
2019-07-11 09:05:38.945 27509 RALLYDEBUG rally.task.runner [-] Starting a worker. concurrency: 1 args: {"subport_count": 125} times: 4 method_name: run timeout: 0 duration: None cls:
2019-07-11 09:05:38.948 27510 RALLYDEBUG rally.task.runner [-] Starting a worker. concurrency: 1 args: {"subport_count": 125} times: 4 method_name: run timeout: 0 duration: None cls:
2019-07-11 09:05:38.951 27509 INFO rally.task.runner [-] Task 94c33d93-3b53-40c0-927c-5da2a4573cf8 | ITER: 1 START
2019-07-11 09:05:38.951 27511 RALLYDEBUG rally.task.runner [-] Starting a worker. concurrency: 1 args: {"subport_count": 125} times: 4 method_name: run timeout: 0 duration: None cls:
2019-07-11 09:05:38.953 27512 RALLYDEBUG rally.task.runner [-] Starting a worker. concurrency: 1 args: {"subport_count": 125} times: 4 method_name: run timeout: 0 duration: None cls:
2019-07-11 09:05:38.954 27510 INFO rally.task.runner [-] Task 94c33d93-3b53-40c0-927c-5da2a4573cf8 | ITER: 2 START
2019-07-11 09:05:38.956 27511 INFO rally.task.runner [-] Task 94c33d93-3b53-40c0-927c-5da2a4573cf8 | ITER: 3 START
2019-07-11 09:05:38.958 27512 INFO rally.task.runner [-] Task 94c33d93-3b53-40c0-927c-5da2a4573cf8 | ITER: 4 START
2019-07-11 09:10:24.756 27510 DEBUG neutronclient.v2_0.client [-] Error message:

504 Gateway Time-out

The server didn't respond in time. _handle_fault_response /usr/lib/python2.7/site-packages/neutronclient/v2_0/client.py:259
2019-07-11 09:10:24.764 27510 ERROR rally.task.runner [-] Iteration 2 raised Exception: NeutronClientException:

504 Gateway Time-out

The server didn't respond in time.
2019-07-11 09:10:24.764 27510 ERROR rally.task.runner
Traceback (most recent call last):
2019-07-11 09:10:24.764 27510 ERROR rally.task.runner
File "/usr/lib/python2.7/site-packages/rally/task/runner.py", line 71, in _run_scenario_once
2019-07-11 09:10:24.764 27510 ERROR rally.task.runner getattr(scenario_inst, method_name)(**scenario_kwargs)
2019-07-11 09:10:24.764 27510 ERROR rally.task.runner
File "/root/.rally/plugins/trunk_scenario.py", line 41, in run
2019-07-11 09:10:24.764 27510 ERROR rally.task.runner trunk = self._create_trunk(trunk_payload)
2019-07-11 09:10:24.764 27510 ERROR rally.task.runner
File "/usr/lib/python2.7/site-packages/rally/task/atomic.py", line 91, in func_atomic_actions
2019-07-11 09:10:24.764 27510 ERROR rally.task.runner f = func(self, *args, **kwargs)
2019-07-11 09:10:24.764 27510 ERROR rally.task.runner
File "/root/.rally/plugins/trunk_scenario.py", line 53, in _create_trunk
2019-07-11 09:10:24.764 27510 ERROR rally.task.runner return self.clients("neutron").create_trunk({'trunk': trunk_payload})
2019-07-11 09:10:24.764 27510 ERROR rally.task.runner
File "/usr/lib/python2.7/site-packages/neutronclient/v2_0/client.py", line 2091, in create_trunk
2019-07-11 09:10:24.764 27510 ERROR rally.task.runner return self.post(self.trunks_path, body=body)
2019-07-11 09:10:24.764 27510 ERROR rally.task.runner
File "/usr/lib/python2.7/site-packages/neutronclient/v2_0/client.py", line 359, in post
2019-07-11 09:10:24.764 27510 ERROR rally.task.runner headers=headers, params=params)
2019-07-11 09:10:24.764 27510 ERROR rally.task.runner
File "/usr/lib/python2.7/site-packages/neutronclient/v2_0/client.py", line 294, in do_request
2019-07-11 09:10:24.764 27510 ERROR rally.task.runner self._handle_fault_response(status_code, replybody, resp)
2019-07-11 09:10:24.764 27510 ERROR rally.task.runner
File "/usr/lib/python2.7/site-packages/neutronclient/v2_0/client.py", line 269, in _handle_fault_response
2019-07-11 09:10:24.764 27510 ERROR rally.task.runner exception_handler_v20(status_code, error_body)
2019-07-11 09:10:24.764 27510 ERROR rally.task.runner
File "/usr/lib/python2.7/site-packages/neutronclient/v2_0/client.py", line 93, in exception_handler_v20
2019-07-11 09:10:24.764 27510 ERROR rally.task.runner request_ids=request_ids)
2019-07-11 09:10:24.764 27510 ERROR rally.task.runner NeutronClientException:

504 Gateway Time-out

2019-07-11 09:10:24.764 27510 ERROR rally.task.runner The server didn't respond in time.
2019-07-11 09:10:24.764 27510 ERROR rally.task.runner
2019-07-11 09:10:24.764 27510 ERROR rally.task.runner
2019-07-11 09:10:24.764 27510 ERROR rally.task.runner
2019-07-11 09:10:24.765 27510 INFO rally.task.runner [-] Task 94c33d93-3b53-40c0-927c-5da2a4573cf8 | ITER: 2 END: Error NeutronClientException:

504 Gateway Time-out

The server didn't respond in time.
2019-07-11 09:10:26.364 27512 DEBUG neutronclient.v2_0.client [-] Error message:

504 Gateway Time-out

The server didn't respond in time. _handle_fault_response /usr/lib/python2.7/site-packages/neutronclient/v2_0/client.py:259
2019-07-11 09:10:26.372 27512 ERROR rally.task.runner [-] Iteration 4 raised Exception: NeutronClientException:

504 Gateway Time-out

The server didn't respond in time.
2019-07-11 09:10:26.372 27512 ERROR rally.task.runner
Traceback (most recent call last):
2019-07-11 09:10:26.372 27512 ERROR rally.task.runner
File "/usr/lib/python2.7/site-packages/rally/task/runner.py", line 71, in _run_scenario_once
2019-07-11 09:10:26.372 27512 ERROR rally.task.runner getattr(scenario_inst, method_name)(**scenario_kwargs)
2019-07-11 09:10:26.372 27512 ERROR rally.task.runner
File "/root/.rally/plugins/trunk_scenario.py", line 41, in run
2019-07-11 09:10:26.372 27512 ERROR rally.task.runner trunk = self._create_trunk(trunk_payload)
2019-07-11 09:10:26.372 27512 ERROR rally.task.runner
File "/usr/lib/python2.7/site-packages/rally/task/atomic.py", line 91, in func_atomic_actions
2019-07-11 09:10:26.372 27512 ERROR rally.task.runner f = func(self, *args, **kwargs)
2019-07-11 09:10:26.372 27512 ERROR rally.task.runner
File "/root/.rally/plugins/trunk_scenario.py", line 53, in _create_trunk
2019-07-11 09:10:26.372 27512 ERROR rally.task.runner return self.clients("neutron").create_trunk({'trunk': trunk_payload})
2019-07-11 09:10:26.372 27512 ERROR rally.task.runner
File "/usr/lib/python2.7/site-packages/neutronclient/v2_0/client.py", line 2091, in create_trunk
2019-07-11 09:10:26.372 27512 ERROR rally.task.runner return self.post(self.trunks_path, body=body)
2019-07-11 09:10:26.372 27512 ERROR rally.task.runner
File "/usr/lib/python2.7/site-packages/neutronclient/v2_0/client.py", line 359, in post
2019-07-11 09:10:26.372 27512 ERROR rally.task.runner headers=headers, params=params)
2019-07-11 09:10:26.372 27512 ERROR rally.task.runner
File "/usr/lib/python2.7/site-packages/neutronclient/v2_0/client.py", line 294, in do_request
2019-07-11 09:10:26.372 27512 ERROR rally.task.runner self._handle_fault_response(status_code, replybody, resp)
2019-07-11 09:10:26.372 27512 ERROR rally.task.runner
File "/usr/lib/python2.7/site-packages/neutronclient/v2_0/client.py", line 269, in _handle_fault_response
2019-07-11 09:10:26.372 27512 ERROR rally.task.runner exception_handler_v20(status_code, error_body)
2019-07-11 09:10:26.372 27512 ERROR rally.task.runner
File "/usr/lib/python2.7/site-packages/neutronclient/v2_0/client.py", line 93, in exception_handler_v20
2019-07-11 09:10:26.372 27512 ERROR rally.task.runner request_ids=request_ids)
2019-07-11 09:10:26.372 27512 ERROR rally.task.runner NeutronClientException:

504 Gateway Time-out

2019-07-11 09:10:26.372 27512 ERROR rally.task.runner The server didn't respond in time.
2019-07-11 09:10:26.372 27512 ERROR rally.task.runner
2019-07-11 09:10:26.372 27512 ERROR rally.task.runner
2019-07-11 09:10:26.372 27512 ERROR rally.task.runner
2019-07-11 09:10:26.373 27512 INFO rally.task.runner [-] Task 94c33d93-3b53-40c0-927c-5da2a4573cf8 | ITER: 4 END: Error NeutronClientException:

504 Gateway Time-out

The server didn't respond in time.
2019-07-11 09:10:26.467 27511 DEBUG neutronclient.v2_0.client [-] Error message:

504 Gateway Time-out

The server didn't respond in time. _handle_fault_response /usr/lib/python2.7/site-packages/neutronclient/v2_0/client.py:259
2019-07-11 09:10:26.474 27511 ERROR rally.task.runner [-] Iteration 3 raised Exception: NeutronClientException:

504 Gateway Time-out

The server didn't respond in time.
2019-07-11 09:10:26.474 27511 ERROR rally.task.runner
Traceback (most recent call last):
2019-07-11 09:10:26.474 27511 ERROR rally.task.runner
File "/usr/lib/python2.7/site-packages/rally/task/runner.py", line 71, in _run_scenario_once
2019-07-11 09:10:26.474 27511 ERROR rally.task.runner getattr(scenario_inst, method_name)(**scenario_kwargs)
2019-07-11 09:10:26.474 27511 ERROR rally.task.runner
File "/root/.rally/plugins/trunk_scenario.py", line 41, in run
2019-07-11 09:10:26.474 27511 ERROR rally.task.runner trunk = self._create_trunk(trunk_payload)
2019-07-11 09:10:26.474 27511 ERROR rally.task.runner
File "/usr/lib/python2.7/site-packages/rally/task/atomic.py", line 91, in func_atomic_actions
2019-07-11 09:10:26.474 27511 ERROR rally.task.runner f = func(self, *args, **kwargs)
2019-07-11 09:10:26.474 27511 ERROR rally.task.runner
File "/root/.rally/plugins/trunk_scenario.py", line 53, in _create_trunk
2019-07-11 09:10:26.474 27511 ERROR rally.task.runner return self.clients("neutron").create_trunk({'trunk': trunk_payload})
2019-07-11 09:10:26.474 27511 ERROR rally.task.runner
File "/usr/lib/python2.7/site-packages/neutronclient/v2_0/client.py", line 2091, in create_trunk
2019-07-11 09:10:26.474 27511 ERROR rally.task.runner return self.post(self.trunks_path, body=body)
2019-07-11 09:10:26.474 27511 ERROR rally.task.runner
File "/usr/lib/python2.7/site-packages/neutronclient/v2_0/client.py", line 359, in post
2019-07-11 09:10:26.474 27511 ERROR rally.task.runner headers=headers, params=params)
2019-07-11 09:10:26.474 27511 ERROR rally.task.runner
File "/usr/lib/python2.7/site-packages/neutronclient/v2_0/client.py", line 294, in do_request
2019-07-11 09:10:26.474 27511 ERROR rally.task.runner self._handle_fault_response(status_code, replybody, resp)
2019-07-11 09:10:26.474 27511 ERROR rally.task.runner
File "/usr/lib/python2.7/site-packages/neutronclient/v2_0/client.py", line 269, in _handle_fault_response
2019-07-11 09:10:26.474 27511 ERROR rally.task.runner exception_handler_v20(status_code, error_body)
2019-07-11 09:10:26.474 27511 ERROR rally.task.runner
File "/usr/lib/python2.7/site-packages/neutronclient/v2_0/client.py", line 93, in exception_handler_v20
2019-07-11 09:10:26.474 27511 ERROR rally.task.runner request_ids=request_ids)
2019-07-11 09:10:26.474 27511 ERROR rally.task.runner NeutronClientException:

504 Gateway Time-out

2019-07-11 09:10:26.474 27511 ERROR rally.task.runner The server didn't respond in time.
2019-07-11 09:10:26.474 27511 ERROR rally.task.runner
2019-07-11 09:10:26.474 27511 ERROR rally.task.runner
2019-07-11 09:10:26.474 27511 ERROR rally.task.runner
2019-07-11 09:10:26.476 27511 INFO rally.task.runner [-] Task 94c33d93-3b53-40c0-927c-5da2a4573cf8 | ITER: 3 END: Error NeutronClientException:

504 Gateway Time-out

The server didn't respond in time.
2019-07-11 09:10:28.539 27509 DEBUG neutronclient.v2_0.client [-] Error message:

504 Gateway Time-out

The server didn't respond in time. _handle_fault_response /usr/lib/python2.7/site-packages/neutronclient/v2_0/client.py:259
2019-07-11 09:10:28.546 27509 ERROR rally.task.runner [-] Iteration 1 raised Exception: NeutronClientException:

504 Gateway Time-out

The server didn't respond in time.
2019-07-11 09:10:28.546 27509 ERROR rally.task.runner
Traceback (most recent call last):
2019-07-11 09:10:28.546 27509 ERROR rally.task.runner
File "/usr/lib/python2.7/site-packages/rally/task/runner.py", line 71, in _run_scenario_once
2019-07-11 09:10:28.546 27509 ERROR rally.task.runner getattr(scenario_inst, method_name)(**scenario_kwargs)
2019-07-11 09:10:28.546 27509 ERROR rally.task.runner
File "/root/.rally/plugins/trunk_scenario.py", line 41, in run
2019-07-11 09:10:28.546 27509 ERROR rally.task.runner trunk = self._create_trunk(trunk_payload)
2019-07-11 09:10:28.546 27509 ERROR rally.task.runner
File "/usr/lib/python2.7/site-packages/rally/task/atomic.py", line 91, in func_atomic_actions
2019-07-11 09:10:28.546 27509 ERROR rally.task.runner f = func(self, *args, **kwargs)
2019-07-11 09:10:28.546 27509 ERROR rally.task.runner
File "/root/.rally/plugins/trunk_scenario.py", line 53, in _create_trunk
2019-07-11 09:10:28.546 27509 ERROR rally.task.runner return self.clients("neutron").create_trunk({'trunk': trunk_payload})
2019-07-11 09:10:28.546 27509 ERROR rally.task.runner
File "/usr/lib/python2.7/site-packages/neutronclient/v2_0/client.py", line 2091, in create_trunk
2019-07-11 09:10:28.546 27509 ERROR rally.task.runner return self.post(self.trunks_path, body=body)
2019-07-11 09:10:28.546 27509 ERROR rally.task.runner
File "/usr/lib/python2.7/site-packages/neutronclient/v2_0/client.py", line 359, in post
2019-07-11 09:10:28.546 27509 ERROR rally.task.runner headers=headers, params=params)
2019-07-11 09:10:28.546 27509 ERROR rally.task.runner
File "/usr/lib/python2.7/site-packages/neutronclient/v2_0/client.py", line 294, in do_request
2019-07-11 09:10:28.546 27509 ERROR rally.task.runner self._handle_fault_response(status_code, replybody, resp)
2019-07-11 09:10:28.546 27509 ERROR rally.task.runner
File "/usr/lib/python2.7/site-packages/neutronclient/v2_0/client.py", line 269, in _handle_fault_response
2019-07-11 09:10:28.546 27509 ERROR rally.task.runner exception_handler_v20(status_code, error_body)
2019-07-11 09:10:28.546 27509 ERROR rally.task.runner
File "/usr/lib/python2.7/site-packages/neutronclient/v2_0/client.py", line 93, in exception_handler_v20
2019-07-11 09:10:28.546 27509 ERROR rally.task.runner request_ids=request_ids)
2019-07-11 09:10:28.546 27509 ERROR rally.task.runner NeutronClientException:

504 Gateway Time-out

2019-07-11 09:10:28.546 27509 ERROR rally.task.runner The server didn't respond in time.
2019-07-11 09:10:28.546 27509 ERROR rally.task.runner
2019-07-11 09:10:28.546 27509 ERROR rally.task.runner
2019-07-11 09:10:28.546 27509 ERROR rally.task.runner
2019-07-11 09:10:28.548 27509 INFO rally.task.runner [-] Task 94c33d93-3b53-40c0-927c-5da2a4573cf8 | ITER: 1 END: Error NeutronClientException:

504 Gateway Time-out

The server didn't respond in time.
2019-07-11 09:10:28.578 22703 INFO rally.task.context [-] Task 94c33d93-3b53-40c0-927c-5da2a4573cf8 | Context cleanup@openstack cleanup() started
2019-07-11 09:10:28.581 22703 RALLYDEBUG rally_openstack.cleanup.manager [-] Cleaning up neutron vip objects
2019-07-11 09:10:29.359 22703 RALLYDEBUG rally_openstack.cleanup.manager [-] Cleaning up neutron health_monitor objects
2019-07-11 09:10:30.114 22703 RALLYDEBUG rally_openstack.cleanup.manager [-] Cleaning up neutron pool objects
2019-07-11 09:10:30.918 22703 RALLYDEBUG rally_openstack.cleanup.manager [-] Cleaning up neutron loadbalancer objects
2019-07-11 09:10:31.763 22703 RALLYDEBUG rally_openstack.cleanup.manager [-] Cleaning up neutron floatingip objects
2019-07-11 09:10:32.566 22703 RALLYDEBUG rally_openstack.cleanup.manager [-] Cleaning up neutron port objects
2019-07-11 09:10:35.474 22703 RALLYDEBUG rally_openstack.cleanup.manager [-] Deleting neutron.port object s_rally_26d25c84_MBxQiQo1 (036d570f-7b11-47f2-8274-0d6ef5b37173)
2019-07-11 09:10:35.474 22703 RALLYDEBUG rally_openstack.cleanup.manager [-] Deleting neutron.port object s_rally_26d25c84_Hmb7O7OP (01f55f81-0560-4e04-8fb3-8d00f699bd16)
2019-07-11 09:10:35.475 22703 RALLYDEBUG rally_openstack.cleanup.manager [-] Deleting neutron.port object s_rally_26d25c84_2uG8Easg (03231697-0246-4a6e-b30f-f5b592cf4f2a)
2019-07-11 09:10:35.476 22703 RALLYDEBUG rally_openstack.cleanup.manager [-] Deleting neutron.port object s_rally_26d25c84_2P70k7xS (00670a03-6284-4ae9-a93c-46e047060868)
2019-07-11 09:10:35.477 22703 RALLYDEBUG rally_openstack.cleanup.manager [-] Deleting neutron.port object s_rally_26d25c84_bFx3EetD (02621af2-6b17-43b6-993e-013bce9b44a5)
2019-07-11 09:10:35.480 22703 RALLYDEBUG rally_openstack.cleanup.manager [-] Deleting neutron.port object s_rally_26d25c84_FQGl9UZn (03e69c8d-b5af-491a-b610-9146ecebe211)
2019-07-11 09:10:35.481 22703 RALLYDEBUG rally_openstack.cleanup.manager [-] Deleting neutron.port object s_rally_26d25c84_aJEqzALZ (03d9f2ef-8e0a-48a9-ae93-2c5888a24ae0)
2019-07-11 09:10:35.485 22703 RALLYDEBUG rally_openstack.cleanup.manager [-] Deleting neutron.port object s_rally_26d25c84_AG83P0yv (00b3def0-2c78-4743-9598-75e60bf37c33)
2019-07-11 09:10:35.489 22703 RALLYDEBUG rally_openstack.cleanup.manager [-] Deleting neutron.port object s_rally_26d25c84_6e3jckKK (053ec29b-5b8d-4b6a-9b0c-f72818391e2e)
2019-07-11 09:10:35.497 22703 RALLYDEBUG rally_openstack.cleanup.manager [-] Deleting neutron.port object s_rally_26d25c84_Rc8vd8bu (054aa0e1-d877-4dfe-892e-0a41575a4705)
2019-07-11 09:10:35.508 22703 RALLYDEBUG rally_openstack.cleanup.manager [-] Deleting neutron.port object s_rally_26d25c84_Dr7RrNJs (001e5300-7306-426b-86ee-ab28496caaa8)
2019-07-11 09:10:35.513 22703 RALLYDEBUG rally_openstack.cleanup.manager [-] Deleting neutron.port object s_rally_26d25c84_FgqjN1GI (05e4fa1a-0c2a-438e-bb0b-0f0b7489e408)
2019-07-11 09:10:35.515 22703 RALLYDEBUG rally_openstack.cleanup.manager [-] Deleting neutron.port object s_rally_26d25c84_bTro2VAX (056b63ec-6416-46ac-96bb-0103b64d4a5c)
2019-07-11 09:10:35.533 22703 RALLYDEBUG rally_openstack.cleanup.manager [-] Deleting neutron.port object s_rally_26d25c84_wmyipAba (06abfabb-9ee9-4743-9b96-9c7d8f9cfc7c)
2019-07-11 09:10:35.539 22703 RALLYDEBUG rally_openstack.cleanup.manager [-] Deleting neutron.port object s_rally_26d25c84_U0QfzUhN (06b3c641-2791-48a1-9d08-eb412ee326fa)
2019-07-11 09:10:35.552 22703 RALLYDEBUG rally_openstack.cleanup.manager [-] Deleting neutron.port object s_rally_26d25c84_6lYv2eFR (06e633b8-e6a1-45d2-a38e-1fe557330011)
2019-07-11 09:10:35.562 22703 RALLYDEBUG rally_openstack.cleanup.manager [-] Deleting neutron.port object s_rally_26d25c84_bMzHhWMf (07804135-2b0d-4f85-982a-9c081bb1add6)
2019-07-11 09:10:35.588 22703 RALLYDEBUG rally_openstack.cleanup.manager [-] Deleting neutron.port object s_rally_26d25c84_6GmA4mR6 (07d2810d-4a7e-4aea-a26c-94e967de8883)
2019-07-11 09:10:35.607 22703 RALLYDEBUG rally_openstack.cleanup.manager [-] Deleting neutron.port object s_rally_26d25c84_IAlfS1u3 (07ecba24-5513-4614-a04f-d7506798034d)
2019-07-11 09:10:35.617 22703 RALLYDEBUG rally_openstack.cleanup.manager [-] Deleting neutron.port object s_rally_26d25c84_lERShjHy (08877108-d237-405c-980e-a66dea87106a)
2019-07-11 09:10:36.567 22703 DEBUG neutronclient.v2_0.client [-] Error message: {"NeutronError": {"message": "Port 036d570f-7b11-47f2-8274-0d6ef5b37173 is currently a subport for trunk 582848d3-92ff-406b-bb42-522e1432c96b.", "type": "PortInUseAsSubPort", "detail": ""}} _handle_fault_response /usr/lib/python2.7/site-packages/neutronclient/v2_0/client.py:259
2019-07-11 09:10:36.777 22703 DEBUG neutronclient.v2_0.client [-] Error message: {"NeutronError": {"message": "Port 01f55f81-0560-4e04-8fb3-8d00f699bd16 is currently a subport for trunk 796e6eb5-f21a-42e2-b07c-09f00f89e9c9.", "type": "PortInUseAsSubPort", "detail": ""}} _handle_fault_response /usr/lib/python2.7/site-packages/neutronclient/v2_0/client.py:259
2019-07-11 09:10:36.818 22703 DEBUG neutronclient.v2_0.client [-] Error message: {"NeutronError": {"message": "Port 02621af2-6b17-43b6-993e-013bce9b44a5 is currently a subport for trunk 582848d3-92ff-406b-bb42-522e1432c96b.", "type": "PortInUseAsSubPort", "detail": ""}} _handle_fault_response /usr/lib/python2.7/site-packages/neutronclient/v2_0/client.py:259
2019-07-11 09:10:36.819 22703 DEBUG neutronclient.v2_0.client [-] Error message: {"NeutronError": {"message": "Port 07d2810d-4a7e-4aea-a26c-94e967de8883 is currently a subport for trunk e8186a78-01f6-4c98-b7fb-78c2f10e4f7b.", "type": "PortInUseAsSubPort", "detail": ""}} _handle_fault_response /usr/lib/python2.7/site-packages/neutronclient/v2_0/client.py:259
2019-07-11 09:10:36.824 22703 DEBUG neutronclient.v2_0.client [-] Error message: {"NeutronError": {"message": "Port 001e5300-7306-426b-86ee-ab28496caaa8 is currently a subport for trunk 9a1cae0e-c944-4df8-850a-2be451f2941e.", "type": "PortInUseAsSubPort", "detail": ""}} _handle_fault_response /usr/lib/python2.7/site-packages/neutronclient/v2_0/client.py:259
2019-07-11 09:10:36.834 22703 DEBUG neutronclient.v2_0.client [-] Error message: {"NeutronError": {"message": "Port 07804135-2b0d-4f85-982a-9c081bb1add6 is currently a subport for trunk 796e6eb5-f21a-42e2-b07c-09f00f89e9c9.", "type": "PortInUseAsSubPort", "detail": ""}} _handle_fault_response /usr/lib/python2.7/site-packages/neutronclient/v2_0/client.py:259
2019-07-11 09:10:36.838 22703 DEBUG neutronclient.v2_0.client [-] Error message: {"NeutronError": {"message": "Port 06e633b8-e6a1-45d2-a38e-1fe557330011 is currently a subport for trunk 582848d3-92ff-406b-bb42-522e1432c96b.", "type": "PortInUseAsSubPort", "detail": ""}} _handle_fault_response /usr/lib/python2.7/site-packages/neutronclient/v2_0/client.py:259
2019-07-11 09:10:36.843 22703 DEBUG neutronclient.v2_0.client [-] Error message: {"NeutronError": {"message": "Port 05e4fa1a-0c2a-438e-bb0b-0f0b7489e408 is currently a subport for trunk e8186a78-01f6-4c98-b7fb-78c2f10e4f7b.", "type": "PortInUseAsSubPort", "detail": ""}} _handle_fault_response /usr/lib/python2.7/site-packages/neutronclient/v2_0/client.py:259
