2019-07-11 08:51:39.738 24799 WARNING rally_openstack.scenarios.neutron.utils [-] Running this scenario without either the 'network' or 'existing_network' context is deprecated
2019-07-11 08:51:39.738 24801 INFO rally.task.runner [-] Task 94c33d93-3b53-40c0-927c-5da2a4573cf8 | ITER: 9 START
2019-07-11 08:51:39.739 24806 INFO rally.task.runner [-] Task 94c33d93-3b53-40c0-927c-5da2a4573cf8 | ITER: 10 START
2019-07-11 08:51:39.738 24800 INFO rally.task.runner [-] Task 94c33d93-3b53-40c0-927c-5da2a4573cf8 | ITER: 8 START
2019-07-11 08:51:39.740 24801 WARNING rally_openstack.scenarios.neutron.utils [-] Running this scenario without either the 'network' or 'existing_network' context is deprecated
2019-07-11 08:51:39.734 24798 WARNING rally_openstack.scenarios.neutron.utils [-] Running this scenario without either the 'network' or 'existing_network' context is deprecated
2019-07-11 08:51:39.741 24806 WARNING rally_openstack.scenarios.neutron.utils [-] Running this scenario without either the 'network' or 'existing_network' context is deprecated
2019-07-11 08:51:39.741 24813 RALLYDEBUG rally.task.runner [-] Starting a worker. concurrency: 1 args: {"network_create_args": {}, "subnet_create_args": {}, "subnet_cidr_start": "1.1.0.0/30", "subnets_per_network": 2} times: 40 method_name: run timeout: 0 duration: None cls:
2019-07-11 08:51:39.740 24800 WARNING rally_openstack.scenarios.neutron.utils [-] Running this scenario without either the 'network' or 'existing_network' context is deprecated
2019-07-11 08:51:39.737 24799 WARNING rally_openstack.scenarios.neutron.utils [-] Running this scenario without either the 'network' or 'existing_network' context is deprecated
2019-07-11 08:51:39.742 24810 INFO rally.task.runner [-] Task 94c33d93-3b53-40c0-927c-5da2a4573cf8 | ITER: 11 START
2019-07-11 08:51:39.744 24810 WARNING rally_openstack.scenarios.neutron.utils [-] Running this scenario without either the 'network' or 'existing_network' context is deprecated
2019-07-11 08:51:39.747 24813 INFO rally.task.runner [-] Task 94c33d93-3b53-40c0-927c-5da2a4573cf8 | ITER: 12 START
2019-07-11 08:51:39.747 24821 RALLYDEBUG rally.task.runner [-] Starting a worker. concurrency: 1 args: {"network_create_args": {}, "subnet_create_args": {}, "subnet_cidr_start": "1.1.0.0/30", "subnets_per_network": 2} times: 40 method_name: run timeout: 0 duration: None cls:
2019-07-11 08:51:39.749 24813 WARNING rally_openstack.scenarios.neutron.utils [-] Running this scenario without either the 'network' or 'existing_network' context is deprecated
2019-07-11 08:51:39.752 24825 RALLYDEBUG rally.task.runner [-] Starting a worker. concurrency: 1 args: {"network_create_args": {}, "subnet_create_args": {}, "subnet_cidr_start": "1.1.0.0/30", "subnets_per_network": 2} times: 40 method_name: run timeout: 0 duration: None cls:
2019-07-11 08:51:39.754 24821 INFO rally.task.runner [-] Task 94c33d93-3b53-40c0-927c-5da2a4573cf8 | ITER: 13 START
2019-07-11 08:51:39.756 24821 WARNING rally_openstack.scenarios.neutron.utils [-] Running this scenario without either the 'network' or 'existing_network' context is deprecated
2019-07-11 08:51:39.758 24825 INFO rally.task.runner [-] Task 94c33d93-3b53-40c0-927c-5da2a4573cf8 | ITER: 14 START
2019-07-11 08:51:39.760 24825 WARNING rally_openstack.scenarios.neutron.utils [-] Running this scenario without either the 'network' or 'existing_network' context is deprecated
2019-07-11 08:51:39.761 24829 RALLYDEBUG rally.task.runner [-] Starting a worker. concurrency: 1 args: {"network_create_args": {}, "subnet_create_args": {}, "subnet_cidr_start": "1.1.0.0/30", "subnets_per_network": 2} times: 40 method_name: run timeout: 0 duration: None cls:
2019-07-11 08:51:39.766 24829 INFO rally.task.runner [-] Task 94c33d93-3b53-40c0-927c-5da2a4573cf8 | ITER: 15 START
2019-07-11 08:51:39.768 24829 WARNING rally_openstack.scenarios.neutron.utils [-] Running this scenario without either the 'network' or 'existing_network' context is deprecated
2019-07-11 08:51:39.771 24833 RALLYDEBUG rally.task.runner [-] Starting a worker. concurrency: 1 args: {"network_create_args": {}, "subnet_create_args": {}, "subnet_cidr_start": "1.1.0.0/30", "subnets_per_network": 2} times: 40 method_name: run timeout: 0 duration: None cls:
2019-07-11 08:51:39.777 24833 INFO rally.task.runner [-] Task 94c33d93-3b53-40c0-927c-5da2a4573cf8 | ITER: 16 START
2019-07-11 08:51:39.779 24833 WARNING rally_openstack.scenarios.neutron.utils [-] Running this scenario without either the 'network' or 'existing_network' context is deprecated
2019-07-11 08:51:39.779 24835 RALLYDEBUG rally.task.runner [-] Starting a worker. concurrency: 1 args: {"network_create_args": {}, "subnet_create_args": {}, "subnet_cidr_start": "1.1.0.0/30", "subnets_per_network": 2} times: 40 method_name: run timeout: 0 duration: None cls:
2019-07-11 08:51:39.783 24835 INFO rally.task.runner [-] Task 94c33d93-3b53-40c0-927c-5da2a4573cf8 | ITER: 17 START
2019-07-11 08:51:39.784 24835 WARNING rally_openstack.scenarios.neutron.utils [-] Running this scenario without either the 'network' or 'existing_network' context is deprecated
2019-07-11 08:51:39.784 24838 RALLYDEBUG rally.task.runner [-] Starting a worker. concurrency: 1 args: {"network_create_args": {}, "subnet_create_args": {}, "subnet_cidr_start": "1.1.0.0/30", "subnets_per_network": 2} times: 40 method_name: run timeout: 0 duration: None cls:
2019-07-11 08:51:39.789 24838 INFO rally.task.runner [-] Task 94c33d93-3b53-40c0-927c-5da2a4573cf8 | ITER: 18 START
2019-07-11 08:51:39.791 24838 WARNING rally_openstack.scenarios.neutron.utils [-] Running this scenario without either the 'network' or 'existing_network' context is deprecated
2019-07-11 08:51:39.791 24841 RALLYDEBUG rally.task.runner [-] Starting a worker. concurrency: 1 args: {"network_create_args": {}, "subnet_create_args": {}, "subnet_cidr_start": "1.1.0.0/30", "subnets_per_network": 2} times: 40 method_name: run timeout: 0 duration: None cls:
2019-07-11 08:51:39.795 24841 INFO rally.task.runner [-] Task 94c33d93-3b53-40c0-927c-5da2a4573cf8 | ITER: 19 START
2019-07-11 08:51:39.796 24844 RALLYDEBUG rally.task.runner [-] Starting a worker. concurrency: 1 args: {"network_create_args": {}, "subnet_create_args": {}, "subnet_cidr_start": "1.1.0.0/30", "subnets_per_network": 2} times: 40 method_name: run timeout: 0 duration: None cls:
2019-07-11 08:51:39.797 24841 WARNING rally_openstack.scenarios.neutron.utils [-] Running this scenario without either the 'network' or 'existing_network' context is deprecated
2019-07-11 08:51:39.800 24844 INFO rally.task.runner [-] Task 94c33d93-3b53-40c0-927c-5da2a4573cf8 | ITER: 20 START
2019-07-11 08:51:39.801 24844 WARNING rally_openstack.scenarios.neutron.utils [-] Running this scenario without either the 'network' or 'existing_network' context is deprecated
2019-07-11 08:51:42.430 24798 RALLYDEBUG rally_openstack.wrappers.network [-] CIDR generated: 1.1.4.96/30
2019-07-11 08:51:42.554 24813 RALLYDEBUG rally_openstack.wrappers.network [-] CIDR generated: 1.1.4.100/30
2019-07-11 08:51:43.119 24821 RALLYDEBUG rally_openstack.wrappers.network [-] CIDR generated: 1.1.4.104/30
2019-07-11 08:51:43.375 24800 RALLYDEBUG rally_openstack.wrappers.network [-] CIDR generated: 1.1.4.108/30
2019-07-11 08:51:43.400 24801 RALLYDEBUG rally_openstack.wrappers.network [-] CIDR generated: 1.1.4.112/30
2019-07-11 08:51:43.567 24835 RALLYDEBUG rally_openstack.wrappers.network [-] CIDR generated: 1.1.4.116/30
2019-07-11 08:51:43.590 24800 RALLYDEBUG rally_openstack.wrappers.network [-] CIDR generated: 1.1.4.120/30
2019-07-11 08:51:44.382 24829 RALLYDEBUG rally_openstack.wrappers.network [-] CIDR generated: 1.1.4.124/30
2019-07-11 08:51:44.455 24838 RALLYDEBUG rally_openstack.wrappers.network [-] CIDR generated: 1.1.4.128/30
2019-07-11 08:51:44.498 24797 RALLYDEBUG rally_openstack.wrappers.network [-] CIDR generated: 1.1.4.132/30
2019-07-11 08:51:44.591 24798 RALLYDEBUG rally_openstack.wrappers.network [-] CIDR generated: 1.1.4.136/30
2019-07-11 08:51:44.795 24813 RALLYDEBUG rally_openstack.wrappers.network [-] CIDR generated: 1.1.4.140/30
2019-07-11 08:51:45.286 24825 RALLYDEBUG rally_openstack.wrappers.network [-] CIDR generated: 1.1.4.144/30
2019-07-11 08:51:45.417 24821 RALLYDEBUG rally_openstack.wrappers.network [-] CIDR generated: 1.1.4.148/30
2019-07-11 08:51:45.544 24841 RALLYDEBUG rally_openstack.wrappers.network [-] CIDR generated: 1.1.4.152/30
2019-07-11 08:51:45.568 24801 RALLYDEBUG rally_openstack.wrappers.network [-] CIDR generated: 1.1.4.156/30
2019-07-11 08:51:45.626 24844 RALLYDEBUG rally_openstack.wrappers.network [-] CIDR generated: 1.1.4.160/30
2019-07-11 08:51:45.700 24800 RALLYDEBUG rally_openstack.wrappers.network [-] CIDR generated: 1.1.4.164/30
2019-07-11 08:51:45.808 24799 RALLYDEBUG rally_openstack.wrappers.network [-] CIDR generated: 1.1.4.168/30
2019-07-11 08:51:45.867 24835 RALLYDEBUG rally_openstack.wrappers.network [-] CIDR generated: 1.1.4.172/30
2019-07-11 08:51:45.938 24800 RALLYDEBUG rally_openstack.wrappers.network [-] CIDR generated: 1.1.4.176/30
2019-07-11 08:51:46.514 24829 RALLYDEBUG rally_openstack.wrappers.network [-] CIDR generated: 1.1.4.180/30
2019-07-11 08:51:46.735 24797 RALLYDEBUG rally_openstack.wrappers.network [-] CIDR generated: 1.1.4.184/30
2019-07-11 08:51:47.088 24838 RALLYDEBUG rally_openstack.wrappers.network [-] CIDR generated: 1.1.4.188/30
2019-07-11 08:51:47.759 24833 RALLYDEBUG rally_openstack.wrappers.network [-] CIDR generated: 1.1.4.192/30
2019-07-11 08:51:47.765 24825 RALLYDEBUG rally_openstack.wrappers.network [-] CIDR generated: 1.1.4.196/30
2019-07-11 08:51:47.793 24806 RALLYDEBUG rally_openstack.wrappers.network [-] CIDR generated: 1.1.4.200/30
2019-07-11 08:51:47.812 24810 RALLYDEBUG rally_openstack.wrappers.network [-] CIDR generated: 1.1.4.204/30
2019-07-11 08:51:47.832 24798 RALLYDEBUG rally_openstack.wrappers.network [-] CIDR generated: 1.1.4.208/30
2019-07-11 08:51:47.869 24797 RALLYDEBUG rally_openstack.wrappers.network [-] CIDR generated: 1.1.4.212/30
2019-07-11 08:51:47.920 24799 RALLYDEBUG rally_openstack.wrappers.network [-] CIDR generated: 1.1.4.216/30
2019-07-11 08:51:47.980 24841 RALLYDEBUG rally_openstack.wrappers.network [-] CIDR generated: 1.1.4.220/30
2019-07-11 08:51:48.284 24799 RALLYDEBUG rally_openstack.wrappers.network [-] CIDR generated: 1.1.4.224/30
2019-07-11 08:51:48.424 24844 RALLYDEBUG rally_openstack.wrappers.network [-] CIDR generated: 1.1.4.228/30
2019-07-11 08:51:51.107 24798 RALLYDEBUG rally_openstack.wrappers.network [-] CIDR generated: 1.1.4.232/30
2019-07-11 08:51:51.392 24798 INFO rally.task.runner [-] Task 94c33d93-3b53-40c0-927c-5da2a4573cf8 | ITER: 4 END: OK
2019-07-11 08:51:51.396 24798 INFO rally.task.runner [-] Task 94c33d93-3b53-40c0-927c-5da2a4573cf8 | ITER: 21 START
2019-07-11 08:51:51.397 24798 WARNING rally_openstack.scenarios.neutron.utils [-] Running this scenario without either the 'network' or 'existing_network' context is deprecated
2019-07-11 08:51:51.610 24810 RALLYDEBUG rally_openstack.wrappers.network [-] CIDR generated: 1.1.4.236/30
2019-07-11 08:51:51.623 24799 RALLYDEBUG rally_openstack.wrappers.network [-] CIDR generated: 1.1.4.240/30
2019-07-11 08:51:51.753 24833 RALLYDEBUG rally_openstack.wrappers.network [-] CIDR generated: 1.1.4.244/30
2019-07-11 08:51:51.973 24806 RALLYDEBUG rally_openstack.wrappers.network [-] CIDR generated: 1.1.4.248/30
2019-07-11 08:51:52.003 24821 INFO rally.task.runner [-] Task 94c33d93-3b53-40c0-927c-5da2a4573cf8 | ITER: 13 END: OK
2019-07-11 08:51:52.008 24821 INFO rally.task.runner [-] Task 94c33d93-3b53-40c0-927c-5da2a4573cf8 | ITER: 22 START
2019-07-11 08:51:52.008 24821 WARNING rally_openstack.scenarios.neutron.utils [-] Running this scenario without either the 'network' or 'existing_network' context is deprecated
2019-07-11 08:51:52.041 24797 RALLYDEBUG rally_openstack.wrappers.network [-] CIDR generated: 1.1.4.252/30
2019-07-11 08:51:52.571 24801 INFO rally.task.runner [-] Task 94c33d93-3b53-40c0-927c-5da2a4573cf8 | ITER: 9 END: OK
2019-07-11 08:51:52.575 24801 INFO rally.task.runner [-] Task 94c33d93-3b53-40c0-927c-5da2a4573cf8 | ITER: 23 START
2019-07-11 08:51:52.576 24801 WARNING rally_openstack.scenarios.neutron.utils [-] Running this scenario without either the 'network' or 'existing_network' context is deprecated
2019-07-11 08:51:52.620 24813 INFO rally.task.runner [-] Task 94c33d93-3b53-40c0-927c-5da2a4573cf8 | ITER: 12 END: OK
2019-07-11 08:51:52.624 24813 INFO rally.task.runner [-] Task 94c33d93-3b53-40c0-927c-5da2a4573cf8 | ITER: 24 START
2019-07-11 08:51:52.625 24813 WARNING rally_openstack.scenarios.neutron.utils [-] Running this scenario without either the 'network' or 'existing_network' context is deprecated
2019-07-11 08:51:52.728 24835 INFO rally.task.runner [-] Task 94c33d93-3b53-40c0-927c-5da2a4573cf8 | ITER: 17 END: OK
2019-07-11 08:51:52.732 24835 INFO rally.task.runner [-] Task 94c33d93-3b53-40c0-927c-5da2a4573cf8 | ITER: 25 START
2019-07-11 08:51:52.732 24835 WARNING rally_openstack.scenarios.neutron.utils [-] Running this scenario without either the 'network' or 'existing_network' context is deprecated
2019-07-11 08:51:53.040 24800 INFO rally.task.runner [-] Task 94c33d93-3b53-40c0-927c-5da2a4573cf8 | ITER: 8 END: OK
2019-07-11 08:51:53.045 24800 INFO rally.task.runner [-] Task 94c33d93-3b53-40c0-927c-5da2a4573cf8 | ITER: 26 START
2019-07-11 08:51:53.045 24800 WARNING rally_openstack.scenarios.neutron.utils [-] Running this scenario without either the 'network' or 'existing_network' context is deprecated
2019-07-11 08:51:53.116 24800 INFO rally.task.runner [-] Task 94c33d93-3b53-40c0-927c-5da2a4573cf8 | ITER: 6 END: OK
2019-07-11 08:51:53.119 24800 INFO rally.task.runner [-] Task 94c33d93-3b53-40c0-927c-5da2a4573cf8 | ITER: 27 START
2019-07-11 08:51:53.120 24800 WARNING rally_openstack.scenarios.neutron.utils [-] Running this scenario without either the 'network' or 'existing_network' context is deprecated
2019-07-11 08:51:53.168 24838 INFO rally.task.runner [-] Task 94c33d93-3b53-40c0-927c-5da2a4573cf8 | ITER: 18 END: OK
2019-07-11 08:51:53.171 24838 INFO rally.task.runner [-] Task 94c33d93-3b53-40c0-927c-5da2a4573cf8 | ITER: 28 START
2019-07-11 08:51:53.172 24838 WARNING rally_openstack.scenarios.neutron.utils [-] Running this scenario without either the 'network' or 'existing_network' context is deprecated
2019-07-11 08:51:54.234 24798 RALLYDEBUG rally_openstack.wrappers.network [-] CIDR generated: 1.1.5.0/30
2019-07-11 08:51:54.348 24825 INFO rally.task.runner [-] Task 94c33d93-3b53-40c0-927c-5da2a4573cf8 | ITER: 14 END: OK
2019-07-11 08:51:54.353 24825 INFO rally.task.runner [-] Task 94c33d93-3b53-40c0-927c-5da2a4573cf8 | ITER: 29 START
2019-07-11 08:51:54.354 24825 WARNING rally_openstack.scenarios.neutron.utils [-] Running this scenario without either the 'network' or 'existing_network' context is deprecated
2019-07-11 08:51:54.415 24829 INFO rally.task.runner [-] Task 94c33d93-3b53-40c0-927c-5da2a4573cf8 | ITER: 15 END: OK
2019-07-11 08:51:54.419 24829 INFO rally.task.runner [-] Task 94c33d93-3b53-40c0-927c-5da2a4573cf8 | ITER: 30 START
2019-07-11 08:51:54.420 24829 WARNING rally_openstack.scenarios.neutron.utils [-] Running this scenario without either the 'network' or 'existing_network' context is deprecated
2019-07-11 08:51:54.690 24841 INFO rally.task.runner [-] Task 94c33d93-3b53-40c0-927c-5da2a4573cf8 | ITER: 19 END: OK
2019-07-11 08:51:54.695 24841 INFO rally.task.runner [-] Task 94c33d93-3b53-40c0-927c-5da2a4573cf8 | ITER: 31 START
2019-07-11 08:51:54.696 24841 WARNING rally_openstack.scenarios.neutron.utils [-] Running this scenario without either the 'network' or 'existing_network' context is deprecated
2019-07-11 08:51:54.767 24821 RALLYDEBUG rally_openstack.wrappers.network [-] CIDR generated: 1.1.5.4/30
2019-07-11 08:51:54.918 24813 RALLYDEBUG rally_openstack.wrappers.network [-] CIDR generated: 1.1.5.8/30
2019-07-11 08:51:55.080 24835 RALLYDEBUG rally_openstack.wrappers.network [-] CIDR generated: 1.1.5.12/30
2019-07-11 08:51:55.402 24800 RALLYDEBUG rally_openstack.wrappers.network [-] CIDR generated: 1.1.5.16/30
2019-07-11 08:51:55.608 24844 INFO rally.task.runner [-] Task 94c33d93-3b53-40c0-927c-5da2a4573cf8 | ITER: 20 END: OK
2019-07-11 08:51:55.614 24844 INFO rally.task.runner [-] Task 94c33d93-3b53-40c0-927c-5da2a4573cf8 | ITER: 32 START
2019-07-11 08:51:55.614 24844 WARNING rally_openstack.scenarios.neutron.utils [-] Running this scenario without either the 'network' or 'existing_network' context is deprecated
2019-07-11 08:51:55.675 24801 RALLYDEBUG rally_openstack.wrappers.network [-] CIDR generated: 1.1.5.20/30
2019-07-11 08:51:55.831 24797 INFO rally.task.runner [-] Task 94c33d93-3b53-40c0-927c-5da2a4573cf8 | ITER: 1 END: OK
2019-07-11 08:51:55.835 24797 INFO rally.task.runner [-] Task 94c33d93-3b53-40c0-927c-5da2a4573cf8 | ITER: 33 START
2019-07-11 08:51:55.836 24797 WARNING rally_openstack.scenarios.neutron.utils [-] Running this scenario without either the 'network' or 'existing_network' context is deprecated
2019-07-11 08:51:55.995 24800 RALLYDEBUG rally_openstack.wrappers.network [-] CIDR generated: 1.1.5.24/30
2019-07-11 08:51:56.466 24798 RALLYDEBUG rally_openstack.wrappers.network [-] CIDR generated: 1.1.5.28/30
2019-07-11 08:51:56.639 24838 RALLYDEBUG rally_openstack.wrappers.network [-] CIDR generated: 1.1.5.32/30
2019-07-11 08:51:57.081 24835 RALLYDEBUG rally_openstack.wrappers.network [-] CIDR generated: 1.1.5.36/30
2019-07-11 08:51:57.222 24841 RALLYDEBUG rally_openstack.wrappers.network [-] CIDR generated: 1.1.5.40/30
2019-07-11 08:51:57.474 24799 INFO rally.task.runner [-] Task 94c33d93-3b53-40c0-927c-5da2a4573cf8 | ITER: 5 END: OK
2019-07-11 08:51:57.479 24799 INFO rally.task.runner [-] Task 94c33d93-3b53-40c0-927c-5da2a4573cf8 | ITER: 34 START
2019-07-11 08:51:57.479 24799 WARNING rally_openstack.scenarios.neutron.utils [-] Running this scenario without either the 'network' or 'existing_network' context is deprecated
2019-07-11 08:51:57.524 24825 RALLYDEBUG rally_openstack.wrappers.network [-] CIDR generated: 1.1.5.44/30
2019-07-11 08:51:57.675 24821 RALLYDEBUG rally_openstack.wrappers.network [-] CIDR generated: 1.1.5.48/30
2019-07-11 08:51:57.686 24844 RALLYDEBUG rally_openstack.wrappers.network [-] CIDR generated: 1.1.5.52/30
2019-07-11 08:51:57.932 24800 RALLYDEBUG rally_openstack.wrappers.network [-] CIDR generated: 1.1.5.56/30
2019-07-11 08:51:58.026 24829 RALLYDEBUG rally_openstack.wrappers.network [-] CIDR generated: 1.1.5.60/30
2019-07-11 08:51:58.256 24800 RALLYDEBUG rally_openstack.wrappers.network [-] CIDR generated: 1.1.5.64/30
2019-07-11 08:51:58.382 24797 RALLYDEBUG rally_openstack.wrappers.network [-] CIDR generated: 1.1.5.68/30
2019-07-11 08:51:58.585 24801 RALLYDEBUG rally_openstack.wrappers.network [-] CIDR generated: 1.1.5.72/30
2019-07-11 08:51:58.639 24798 INFO rally.task.runner [-] Task 94c33d93-3b53-40c0-927c-5da2a4573cf8 | ITER: 2 END: OK
2019-07-11 08:51:58.643 24798 INFO rally.task.runner [-] Task 94c33d93-3b53-40c0-927c-5da2a4573cf8 | ITER: 35 START
2019-07-11 08:51:58.643 24798 WARNING rally_openstack.scenarios.neutron.utils [-] Running this scenario without either the 'network' or 'existing_network' context is deprecated
2019-07-11 08:51:58.735 24813 RALLYDEBUG rally_openstack.wrappers.network [-] CIDR generated: 1.1.5.76/30
2019-07-11 08:51:58.842 24797 INFO rally.task.runner [-] Task 94c33d93-3b53-40c0-927c-5da2a4573cf8 | ITER: 3 END: OK
2019-07-11 08:51:58.846 24797 INFO rally.task.runner [-] Task 94c33d93-3b53-40c0-927c-5da2a4573cf8 | ITER: 36 START
2019-07-11 08:51:58.847 24797 WARNING rally_openstack.scenarios.neutron.utils [-] Running this scenario without either the 'network' or 'existing_network' context is deprecated
2019-07-11 08:51:59.317 24833 INFO rally.task.runner [-] Task 94c33d93-3b53-40c0-927c-5da2a4573cf8 | ITER: 16 END: OK
2019-07-11 08:51:59.322 24833 INFO rally.task.runner [-] Task 94c33d93-3b53-40c0-927c-5da2a4573cf8 | ITER: 37 START
2019-07-11 08:51:59.323 24833 WARNING rally_openstack.scenarios.neutron.utils [-] Running this scenario without either the 'network' or 'existing_network' context is deprecated
2019-07-11 08:51:59.822 24825 RALLYDEBUG rally_openstack.wrappers.network [-] CIDR generated: 1.1.5.80/30
2019-07-11 08:51:59.957 24841 RALLYDEBUG rally_openstack.wrappers.network [-] CIDR generated: 1.1.5.84/30
2019-07-11 08:52:00.005 24838 RALLYDEBUG rally_openstack.wrappers.network [-] CIDR generated: 1.1.5.88/30
2019-07-11 08:52:00.051 24806 INFO rally.task.runner [-] Task 94c33d93-3b53-40c0-927c-5da2a4573cf8 | ITER: 10 END: OK
2019-07-11 08:52:00.056 24806 INFO rally.task.runner [-] Task 94c33d93-3b53-40c0-927c-5da2a4573cf8 | ITER: 38 START
2019-07-11 08:52:00.057 24806 WARNING rally_openstack.scenarios.neutron.utils [-] Running this scenario without either the 'network' or 'existing_network' context is deprecated
2019-07-11 08:52:00.080 24799 RALLYDEBUG rally_openstack.wrappers.network [-] CIDR generated: 1.1.5.92/30
2019-07-11 08:52:00.195 24844 RALLYDEBUG rally_openstack.wrappers.network [-] CIDR generated: 1.1.5.96/30
2019-07-11 08:52:00.650 24798 RALLYDEBUG rally_openstack.wrappers.network [-] CIDR generated: 1.1.5.100/30
2019-07-11 08:52:00.800 24829 RALLYDEBUG rally_openstack.wrappers.network [-] CIDR generated: 1.1.5.104/30
2019-07-11 08:52:00.814 24810 INFO rally.task.runner [-] Task 94c33d93-3b53-40c0-927c-5da2a4573cf8 | ITER: 11 END: OK
2019-07-11 08:52:00.818 24810 INFO rally.task.runner [-] Task 94c33d93-3b53-40c0-927c-5da2a4573cf8 | ITER: 39 START
2019-07-11 08:52:00.819 24810 WARNING rally_openstack.scenarios.neutron.utils [-] Running this scenario without either the 'network' or 'existing_network' context is deprecated
2019-07-11 08:52:01.081 24797 RALLYDEBUG rally_openstack.wrappers.network [-] CIDR generated: 1.1.5.108/30
2019-07-11 08:52:01.154 24797 RALLYDEBUG rally_openstack.wrappers.network [-] CIDR generated: 1.1.5.112/30
2019-07-11 08:52:01.212 24799 INFO rally.task.runner [-] Task 94c33d93-3b53-40c0-927c-5da2a4573cf8 | ITER: 7 END: OK
2019-07-11 08:52:01.216 24799 INFO rally.task.runner [-] Task 94c33d93-3b53-40c0-927c-5da2a4573cf8 | ITER: 40 START
2019-07-11 08:52:01.216 24799 WARNING rally_openstack.scenarios.neutron.utils [-] Running this scenario without either the 'network' or 'existing_network' context is deprecated
2019-07-11 08:52:01.951 24833 RALLYDEBUG rally_openstack.wrappers.network [-] CIDR generated: 1.1.5.116/30
2019-07-11 08:52:02.353 24835 INFO rally.task.runner [-] Task 94c33d93-3b53-40c0-927c-5da2a4573cf8 | ITER: 25 END: OK
2019-07-11 08:52:02.599 24806 RALLYDEBUG rally_openstack.wrappers.network [-] CIDR generated: 1.1.5.120/30
2019-07-11 08:52:03.133 24810 RALLYDEBUG rally_openstack.wrappers.network [-] CIDR generated: 1.1.5.124/30
2019-07-11 08:52:03.207 24821 INFO rally.task.runner [-] Task 94c33d93-3b53-40c0-927c-5da2a4573cf8 | ITER: 22 END: OK
2019-07-11 08:52:03.346 24799 RALLYDEBUG rally_openstack.wrappers.network [-] CIDR generated: 1.1.5.128/30
2019-07-11 08:52:03.416 24798 RALLYDEBUG rally_openstack.wrappers.network [-] CIDR generated: 1.1.5.132/30
2019-07-11 08:52:03.673 24799 RALLYDEBUG rally_openstack.wrappers.network [-] CIDR generated: 1.1.5.136/30
2019-07-11 08:52:03.843 24797 RALLYDEBUG rally_openstack.wrappers.network [-] CIDR generated: 1.1.5.140/30
2019-07-11 08:52:03.851 24800 INFO rally.task.runner [-] Task 94c33d93-3b53-40c0-927c-5da2a4573cf8 | ITER: 27 END: OK
2019-07-11 08:52:04.334 24800 INFO rally.task.runner [-] Task 94c33d93-3b53-40c0-927c-5da2a4573cf8 | ITER: 26 END: OK
2019-07-11 08:52:04.370 24833 RALLYDEBUG rally_openstack.wrappers.network [-] CIDR generated: 1.1.5.144/30
2019-07-11 08:52:05.011 24813 INFO rally.task.runner [-] Task 94c33d93-3b53-40c0-927c-5da2a4573cf8 | ITER: 24 END: OK
2019-07-11 08:52:05.213 24810 RALLYDEBUG rally_openstack.wrappers.network [-] CIDR generated: 1.1.5.148/30
2019-07-11 08:52:05.269 24798 INFO rally.task.runner [-] Task 94c33d93-3b53-40c0-927c-5da2a4573cf8 | ITER: 21 END: OK
2019-07-11 08:52:05.699 24799 RALLYDEBUG rally_openstack.wrappers.network [-] CIDR generated: 1.1.5.152/30
2019-07-11 08:52:06.294 24825 INFO rally.task.runner [-] Task 94c33d93-3b53-40c0-927c-5da2a4573cf8 | ITER: 29 END: OK
2019-07-11 08:52:06.359 24829 INFO rally.task.runner [-] Task 94c33d93-3b53-40c0-927c-5da2a4573cf8 | ITER: 30 END: OK
2019-07-11 08:52:06.571 24806 RALLYDEBUG rally_openstack.wrappers.network [-] CIDR generated: 1.1.5.156/30
2019-07-11 08:52:06.578 24844 INFO rally.task.runner [-] Task 94c33d93-3b53-40c0-927c-5da2a4573cf8 | ITER: 32 END: OK
2019-07-11 08:52:06.913 24838 INFO rally.task.runner [-] Task 94c33d93-3b53-40c0-927c-5da2a4573cf8 | ITER: 28 END: OK
2019-07-11 08:52:07.099 24801 INFO rally.task.runner [-] Task 94c33d93-3b53-40c0-927c-5da2a4573cf8 | ITER: 23 END: OK
2019-07-11 08:52:07.457 24841 INFO rally.task.runner [-] Task 94c33d93-3b53-40c0-927c-5da2a4573cf8 | ITER: 31 END: OK
2019-07-11 08:52:08.110 24797 INFO rally.task.runner [-] Task 94c33d93-3b53-40c0-927c-5da2a4573cf8 | ITER: 33 END: OK
2019-07-11 08:52:09.008 24797 INFO rally.task.runner [-] Task 94c33d93-3b53-40c0-927c-5da2a4573cf8 | ITER: 36 END: OK
2019-07-11 08:52:09.207 24799 INFO rally.task.runner [-] Task 94c33d93-3b53-40c0-927c-5da2a4573cf8 | ITER: 34 END: OK
2019-07-11 08:52:09.707 24798 INFO rally.task.runner [-] Task 94c33d93-3b53-40c0-927c-5da2a4573cf8 | ITER: 35 END: OK
2019-07-11 08:52:10.337 24799 INFO rally.task.runner [-] Task 94c33d93-3b53-40c0-927c-5da2a4573cf8 | ITER: 40 END: OK
2019-07-11 08:52:10.642 24833 INFO rally.task.runner [-] Task 94c33d93-3b53-40c0-927c-5da2a4573cf8 | ITER: 37 END: OK
2019-07-11 08:52:11.080 24810 INFO rally.task.runner [-] Task 94c33d93-3b53-40c0-927c-5da2a4573cf8 | ITER: 39 END: OK
2019-07-11 08:52:11.801 24806 INFO rally.task.runner [-] Task 94c33d93-3b53-40c0-927c-5da2a4573cf8 | ITER: 38 END: OK
2019-07-11 08:52:11.830 22703 INFO rally.task.context [-] Task 94c33d93-3b53-40c0-927c-5da2a4573cf8 | Context cleanup@openstack cleanup() started
2019-07-11 08:52:11.832 22703 RALLYDEBUG rally_openstack.cleanup.manager [-] Cleaning up neutron vip objects
2019-07-11 08:52:12.584 22703 RALLYDEBUG rally_openstack.cleanup.manager [-] Cleaning up neutron health_monitor objects
2019-07-11 08:52:13.231 22703 RALLYDEBUG rally_openstack.cleanup.manager [-] Cleaning up neutron pool objects
2019-07-11 08:52:13.947 22703 RALLYDEBUG rally_openstack.cleanup.manager [-] Cleaning up neutron loadbalancer objects
2019-07-11 08:52:14.589 22703 RALLYDEBUG rally_openstack.cleanup.manager [-] Cleaning up neutron floatingip objects
2019-07-11 08:52:15.300 22703 RALLYDEBUG rally_openstack.cleanup.manager [-] Cleaning up neutron port objects
2019-07-11 08:52:16.304 22703 RALLYDEBUG rally_openstack.cleanup.manager [-] Cleaning up neutron subnet objects
2019-07-11 08:52:17.069 22703 RALLYDEBUG rally_openstack.cleanup.manager [-] Cleaning up neutron network objects
2019-07-11 08:52:18.187 22703 RALLYDEBUG rally_openstack.cleanup.manager [-] Deleting neutron.network object s_rally_28da7dc1_SjTrgdMU (21b9a8ba-7867-4bbf-86a9-323506fb266d)
2019-07-11 08:52:18.188 22703 RALLYDEBUG rally_openstack.cleanup.manager [-] Deleting neutron.network object s_rally_28da7dc1_BfdhOIM9 (2952385d-eb67-4cf6-b444-8847000ff81f)
2019-07-11 08:52:18.199 22703 RALLYDEBUG rally_openstack.cleanup.manager [-] Deleting neutron.network object s_rally_28da7dc1_058sMUdq (324b86c9-709c-435e-a745-d5739d04fd6c)
2019-07-11 08:52:18.210 22703 RALLYDEBUG rally_openstack.cleanup.manager [-] Deleting neutron.network object s_rally_28da7dc1_r66unlya (32d79291-3892-4f38-be12-d0cbccffc66d)
2019-07-11 08:52:18.223 22703 RALLYDEBUG rally_openstack.cleanup.manager [-] Deleting neutron.network object s_rally_28da7dc1_yiw6KpWs (35ebec8b-30ae-4121-a2e2-2731595eeb4a)
2019-07-11 08:52:18.223 22703 RALLYDEBUG rally_openstack.cleanup.manager [-] Deleting neutron.network object s_rally_28da7dc1_xDZd9KFF (351dee56-09db-48ea-8834-360aed4f9418)
2019-07-11 08:52:18.240 22703 RALLYDEBUG rally_openstack.cleanup.manager [-] Deleting neutron.network object s_rally_28da7dc1_um6YnjVp (373f894d-2288-4566-b6da-d48b7eb60d9b)
2019-07-11 08:52:18.254 22703 RALLYDEBUG rally_openstack.cleanup.manager [-] Deleting neutron.network object s_rally_28da7dc1_sUryvrRL (3de4d3f2-e99c-4dbb-a2b9-18ab6cb31385)
2019-07-11 08:52:18.256 22703 RALLYDEBUG rally_openstack.cleanup.manager [-] Deleting neutron.network object s_rally_28da7dc1_g62tr1x8 (3960e422-28ed-4d0b-86ad-0c3b4e7df067)
2019-07-11 08:52:18.256 22703 RALLYDEBUG rally_openstack.cleanup.manager [-] Deleting neutron.network object s_rally_28da7dc1_pkiG9cBJ (392ab0e0-1b54-41d3-a8aa-f65d5a32fa0f)
2019-07-11 08:52:18.285 22703 RALLYDEBUG rally_openstack.cleanup.manager [-] Deleting neutron.network object s_rally_28da7dc1_V6dQP2nQ (443cdc1b-2e4e-420c-b4dc-be69d6891963)
2019-07-11 08:52:18.292 22703 RALLYDEBUG rally_openstack.cleanup.manager [-] Deleting neutron.network object s_rally_28da7dc1_CFZfIyJW (446231a5-df62-48c0-ba3a-a05c936d14bc)
2019-07-11 08:52:18.294 22703 RALLYDEBUG rally_openstack.cleanup.manager [-] Deleting neutron.network object s_rally_28da7dc1_WrHuJs4F (44d24cf3-952e-4f72-8323-c9d8d6014505)
2019-07-11 08:52:18.314 22703 RALLYDEBUG rally_openstack.cleanup.manager [-] Deleting neutron.network object s_rally_28da7dc1_aU9Jwnbb (536649ff-5b84-4942-b632-ff71fb0bdc9c)
2019-07-11 08:52:18.315 22703 RALLYDEBUG rally_openstack.cleanup.manager [-] Deleting neutron.network object s_rally_28da7dc1_Q0oEsH0R (46bb01ae-5582-4bff-878f-d725f281f966)
2019-07-11 08:52:18.333 22703 RALLYDEBUG rally_openstack.cleanup.manager [-] Deleting neutron.network object s_rally_28da7dc1_OA0TsgmU (53e7ec3c-62c7-4b96-bfa5-cf19c37d4c96)
2019-07-11 08:52:18.347 22703 RALLYDEBUG rally_openstack.cleanup.manager [-] Deleting neutron.network object s_rally_28da7dc1_VwGME3ez (5ff699e8-aeb3-4f40-bbb5-cf04f71120ff)
2019-07-11 08:52:18.355 22703 RALLYDEBUG rally_openstack.cleanup.manager [-] Deleting neutron.network object s_rally_28da7dc1_LQbdMgt6 (6cd93d9e-b5af-48f7-9206-480ef96500e2)
2019-07-11 08:52:18.376 22703 RALLYDEBUG rally_openstack.cleanup.manager [-] Deleting neutron.network object s_rally_28da7dc1_yjbc4xzH (74f6d8dd-f19c-4eff-b590-84c427d981f6)
2019-07-11 08:52:18.377 22703 RALLYDEBUG rally_openstack.cleanup.manager [-] Deleting neutron.network object s_rally_28da7dc1_ulja8PDh (7c03cc29-41c1-4257-b847-a2bfa1aeb1a7)
2019-07-11 08:52:21.769 22703 RALLYDEBUG rally_openstack.cleanup.manager [-] Deleting neutron.network object s_rally_28da7dc1_zrv8RUQy (7fc5186e-870d-492c-a66d-8f7fe0b9bcd4)
2019-07-11 08:52:21.778 22703 RALLYDEBUG rally_openstack.cleanup.manager [-] Deleting neutron.network object s_rally_28da7dc1_6tfIfCh1 (8c68cab1-f494-44f9-9ddf-930ce5db8744)
2019-07-11 08:52:21.874 22703 RALLYDEBUG rally_openstack.cleanup.manager [-] Deleting neutron.network object s_rally_28da7dc1_OYUQSQb7 (8ee3c0de-9912-4876-83f8-a942c38724e0)
2019-07-11 08:52:22.008 22703 RALLYDEBUG rally_openstack.cleanup.manager [-] Deleting neutron.network object s_rally_28da7dc1_cqU0mzTo (98a9cc2e-b1f2-4ca2-8e36-ec0b1b5873b5)
2019-07-11 08:52:22.168 22703 RALLYDEBUG rally_openstack.cleanup.manager [-] Deleting neutron.network object s_rally_28da7dc1_Q6PMa9pS (98e65875-4c41-470b-a631-5ac1b3a32905)
2019-07-11 08:52:22.196 22703 RALLYDEBUG rally_openstack.cleanup.manager [-] Deleting neutron.network object s_rally_28da7dc1_lmU8bIwh (9b59bb89-a83f-45d8-833d-a3663d944b1b)
2019-07-11 08:52:22.243 22703 RALLYDEBUG rally_openstack.cleanup.manager [-] Deleting neutron.network object s_rally_28da7dc1_6fUHWYPz (b165abb5-097e-47d3-83d3-5ab1ff418ef8)
2019-07-11 08:52:22.261 22703 RALLYDEBUG rally_openstack.cleanup.manager [-] Deleting neutron.network object s_rally_28da7dc1_uRWiOTeX (b6efc271-4605-4aa8-8fed-c9f39cab6c71)
2019-07-11 08:52:22.268 22703 RALLYDEBUG rally_openstack.cleanup.manager [-] Deleting neutron.network object s_rally_28da7dc1_Etn8EzHc (bb4d59e3-6fe4-4f81-a7eb-9f9605c664af)
2019-07-11 08:52:22.334 22703 RALLYDEBUG rally_openstack.cleanup.manager [-] Deleting neutron.network object s_rally_28da7dc1_XMgIWh9Y (c1e3da59-8b03-4622-b1e5-49f6662fa881)
2019-07-11 08:52:22.443 22703 RALLYDEBUG rally_openstack.cleanup.manager [-] Deleting neutron.network object s_rally_28da7dc1_TUFwijAz (c3837e28-1af3-48a7-8877-de588379132e)
2019-07-11 08:52:22.502 22703 RALLYDEBUG rally_openstack.cleanup.manager [-] Deleting neutron.network object s_rally_28da7dc1_WYLp9GKc (c48e717d-1ddc-4fa3-a210-85a8e4d63157)
2019-07-11 08:52:22.516 22703 RALLYDEBUG rally_openstack.cleanup.manager [-] Deleting neutron.network object s_rally_28da7dc1_AmVecnag (d30481b0-8320-4867-bdfe-19e1b947f3c1)
2019-07-11 08:52:23.197 22703 RALLYDEBUG rally_openstack.cleanup.manager [-] Deleting neutron.network object s_rally_28da7dc1_06XrKTlX (d6e5725a-4ac5-4d13-8f0e-19e6fcd62372)
2019-07-11 08:52:23.204 22703 RALLYDEBUG rally_openstack.cleanup.manager [-] Deleting neutron.network object s_rally_28da7dc1_GrYH38rJ (d8d31cc4-3bf1-4c69-9741-8bb5dbb86bb8)
2019-07-11 08:52:23.400 22703 RALLYDEBUG rally_openstack.cleanup.manager [-] Deleting neutron.network object s_rally_28da7dc1_5PzCZUKt (db603fd3-f8f4-4e79-b797-b919c9b372b4)
2019-07-11 08:52:23.429 22703 RALLYDEBUG rally_openstack.cleanup.manager [-] Deleting neutron.network object s_rally_28da7dc1_5qGD2nzC (dcd3111b-fd9d-4b86-bf0c-3af6a9e4fa0d)
2019-07-11 08:52:23.648 22703 RALLYDEBUG rally_openstack.cleanup.manager [-] Deleting neutron.network object s_rally_28da7dc1_CaTNdvWq (e5e46e38-f208-4821-95e9-6369de266ea5)
2019-07-11 08:52:23.948 22703 RALLYDEBUG rally_openstack.cleanup.manager [-] Deleting neutron.network object s_rally_28da7dc1_A6wLwp0H (f49ec194-1a6e-414b-afab-641f5f03ba2d)
2019-07-11 08:52:23.967 22703 RALLYDEBUG rally_openstack.cleanup.manager [-] Deleting neutron.network object s_rally_28da7dc1_VO1R0777 (fded2476-7c54-42f0-ba60-b2debfd1758c)
2019-07-11 08:52:27.679 22703 RALLYDEBUG rally_openstack.cleanup.manager [-] Cleaning up neutron router objects
2019-07-11 08:52:28.822 22703 RALLYDEBUG rally_openstack.cleanup.manager [-] Cleaning up neutron security_group objects
2019-07-11 08:52:29.518 22703 INFO rally.task.context [-] Task 94c33d93-3b53-40c0-927c-5da2a4573cf8 | Context cleanup@openstack cleanup() finished in 17.69 sec
2019-07-11 08:52:29.519 22703 INFO rally.task.context [-] Task 94c33d93-3b53-40c0-927c-5da2a4573cf8 | Context quotas@openstack cleanup() started
2019-07-11 08:52:29.891 22703 INFO rally.task.context [-] Task 94c33d93-3b53-40c0-927c-5da2a4573cf8 | Context quotas@openstack cleanup() finished in 0.37 sec
2019-07-11 08:52:29.891 22703 INFO rally.task.context [-] Task 94c33d93-3b53-40c0-927c-5da2a4573cf8 | Context users@openstack cleanup() started
2019-07-11 08:52:34.857 22703 INFO rally.task.context [-] Task 94c33d93-3b53-40c0-927c-5da2a4573cf8 | Context users@openstack cleanup() finished in 4.97 sec
2019-07-11 08:52:36.516 22703 INFO rally.task.engine [-] Load duration is: 32.071528
2019-07-11 08:52:36.516 22703 INFO rally.task.engine [-] Full runner duration is: 32.125333
2019-07-11 08:52:36.517 22703 INFO rally.task.engine [-] Full duration is: 60.570062
2019-07-11 08:52:36.755 22703 INFO rally.task.engine [-] Running workload: position = 0 config = { "version": 2, "title": "A cropped version of a bigger task.", "description": "Auto-generated task from a single workload (uuid=c65bc88b-0c19-402c-8cb9-6b7834235a87)", "subtasks": [ { "title": "NeutronNetworks.create_and_list_routers", "description": "Create and a given number of routers and list all routers.", "scenario": { "NeutronNetworks.create_and_list_routers": { "network_create_args": null, "subnet_create_args": null, "subnet_cidr_start": "1.1.0.0/30", "subnets_per_network": 2, "router_create_args": null } }, "contexts": { "users": { "tenants": 1, "users_per_tenant": 1 }, "quotas": { "neutron": { "network": -1, "subnet": -1, "router": -1 } } }, "runner": { "constant": { "times": 40, "concurrency": 20 } }, "hooks": [], "sla": { "failure_rate": { "max": 0 } } } ] }
2019-07-11 08:52:36.777 22703 RALLYDEBUG rally_openstack.contexts.keystone.users [-] Creating 1 tenants using 20 threads
2019-07-11 08:52:38.713 22703 RALLYDEBUG rally_openstack.contexts.keystone.users [-] Creating 1 users using 20 threads
2019-07-11 08:52:41.517 22703 INFO rally.task.context [-] Task 94c33d93-3b53-40c0-927c-5da2a4573cf8 | Context users@openstack setup() finished in 4.74 sec
2019-07-11 08:52:42.368 22703 INFO rally.task.context [-] Task 94c33d93-3b53-40c0-927c-5da2a4573cf8 | Context quotas@openstack setup() finished in 0.85 sec
2019-07-11 08:52:42.368 22703 INFO rally.task.context [-] Task 94c33d93-3b53-40c0-927c-5da2a4573cf8 | Context cleanup@openstack setup() finished in 0.01 msec
2019-07-11 08:52:42.376 22703 RALLYDEBUG rally.task.runner [-] Starting the constant runner (task UUID: 94c33d93-3b53-40c0-927c-5da2a4573cf8). timeout: 0 concurrency: 20 concurrency_per_worker: 1 times: 40 concurrency_overhead: 4 processes_to_start: 16 max_cpu_used: 16
2019-07-11 08:52:42.388 25167 RALLYDEBUG rally.task.runner [-] Starting a worker. concurrency: 2 args: {"network_create_args": null, "subnet_create_args": null, "subnet_cidr_start": "1.1.0.0/30", "subnets_per_network": 2, "router_create_args": null} times: 40 method_name: run timeout: 0 duration: None cls:
2019-07-11 08:52:42.391 25168 RALLYDEBUG rally.task.runner [-] Starting a worker. concurrency: 2 args: {"network_create_args": null, "subnet_create_args": null, "subnet_cidr_start": "1.1.0.0/30", "subnets_per_network": 2, "router_create_args": null} times: 40 method_name: run timeout: 0 duration: None cls:
2019-07-11 08:52:42.393 25169 RALLYDEBUG rally.task.runner [-] Starting a worker. concurrency: 2 args: {"network_create_args": null, "subnet_create_args": null, "subnet_cidr_start": "1.1.0.0/30", "subnets_per_network": 2, "router_create_args": null} times: 40 method_name: run timeout: 0 duration: None cls:
2019-07-11 08:52:42.395 25167 INFO rally.task.runner [-] Task 94c33d93-3b53-40c0-927c-5da2a4573cf8 | ITER: 1 START
2019-07-11 08:52:42.395 25170 RALLYDEBUG rally.task.runner [-] Starting a worker. concurrency: 2 args: {"network_create_args": null, "subnet_create_args": null, "subnet_cidr_start": "1.1.0.0/30", "subnets_per_network": 2, "router_create_args": null} times: 40 method_name: run timeout: 0 duration: None cls:
2019-07-11 08:52:42.400 25168 INFO rally.task.runner [-] Task 94c33d93-3b53-40c0-927c-5da2a4573cf8 | ITER: 5 START
2019-07-11 08:52:42.400 25171 RALLYDEBUG rally.task.runner [-] Starting a worker. concurrency: 1 args: {"network_create_args": null, "subnet_create_args": null, "subnet_cidr_start": "1.1.0.0/30", "subnets_per_network": 2, "router_create_args": null} times: 40 method_name: run timeout: 0 duration: None cls:
2019-07-11 08:52:42.402 25170 INFO rally.task.runner [-] Task 94c33d93-3b53-40c0-927c-5da2a4573cf8 | ITER: 6 START
2019-07-11 08:52:42.401 25169 INFO rally.task.runner [-] Task 94c33d93-3b53-40c0-927c-5da2a4573cf8 | ITER: 4 START
2019-07-11 08:52:42.402 25174 RALLYDEBUG rally.task.runner [-] Starting a worker. concurrency: 1 args: {"network_create_args": null, "subnet_create_args": null, "subnet_cidr_start": "1.1.0.0/30", "subnets_per_network": 2, "router_create_args": null} times: 40 method_name: run timeout: 0 duration: None cls:
2019-07-11 08:52:42.407 25168 INFO rally.task.runner [-] Task 94c33d93-3b53-40c0-927c-5da2a4573cf8 | ITER: 2 START
2019-07-11 08:52:42.408 25171 INFO rally.task.runner [-] Task 94c33d93-3b53-40c0-927c-5da2a4573cf8 | ITER: 9 START
2019-07-11 08:52:42.408 25167 INFO rally.task.runner [-] Task 94c33d93-3b53-40c0-927c-5da2a4573cf8 | ITER: 3 START
2019-07-11 08:52:42.409 25174 INFO rally.task.runner [-] Task 94c33d93-3b53-40c0-927c-5da2a4573cf8 | ITER: 10 START
2019-07-11 08:52:42.409 25180 RALLYDEBUG rally.task.runner [-] Starting a worker. concurrency: 1 args: {"network_create_args": null, "subnet_create_args": null, "subnet_cidr_start": "1.1.0.0/30", "subnets_per_network": 2, "router_create_args": null} times: 40 method_name: run timeout: 0 duration: None cls:
2019-07-11 08:52:42.410 25169 INFO rally.task.runner [-] Task 94c33d93-3b53-40c0-927c-5da2a4573cf8 | ITER: 7 START
2019-07-11 08:52:42.411 25184 RALLYDEBUG rally.task.runner [-] Starting a worker. concurrency: 1 args: {"network_create_args": null, "subnet_create_args": null, "subnet_cidr_start": "1.1.0.0/30", "subnets_per_network": 2, "router_create_args": null} times: 40 method_name: run timeout: 0 duration: None cls:
2019-07-11 08:52:42.416 25180 INFO rally.task.runner [-] Task 94c33d93-3b53-40c0-927c-5da2a4573cf8 | ITER: 11 START
2019-07-11 08:52:42.418 25170 INFO rally.task.runner [-] Task 94c33d93-3b53-40c0-927c-5da2a4573cf8 | ITER: 8 START
2019-07-11 08:52:42.418 25184 INFO rally.task.runner [-] Task 94c33d93-3b53-40c0-927c-5da2a4573cf8 | ITER: 12 START
2019-07-11 08:52:42.420 25191 RALLYDEBUG rally.task.runner [-] Starting a worker. concurrency: 1 args: {"network_create_args": null, "subnet_create_args": null, "subnet_cidr_start": "1.1.0.0/30", "subnets_per_network": 2, "router_create_args": null} times: 40 method_name: run timeout: 0 duration: None cls:
2019-07-11 08:52:42.421 25190 RALLYDEBUG rally.task.runner [-] Starting a worker. concurrency: 1 args: {"network_create_args": null, "subnet_create_args": null, "subnet_cidr_start": "1.1.0.0/30", "subnets_per_network": 2, "router_create_args": null} times: 40 method_name: run timeout: 0 duration: None cls:
2019-07-11 08:52:42.424 25195 RALLYDEBUG rally.task.runner [-] Starting a worker. concurrency: 1 args: {"network_create_args": null, "subnet_create_args": null, "subnet_cidr_start": "1.1.0.0/30", "subnets_per_network": 2, "router_create_args": null} times: 40 method_name: run timeout: 0 duration: None cls:
2019-07-11 08:52:42.428 25190 INFO rally.task.runner [-] Task 94c33d93-3b53-40c0-927c-5da2a4573cf8 | ITER: 14 START
2019-07-11 08:52:42.428 25191 INFO rally.task.runner [-] Task 94c33d93-3b53-40c0-927c-5da2a4573cf8 | ITER: 13 START
2019-07-11 08:52:42.429 25198 RALLYDEBUG rally.task.runner [-] Starting a worker. concurrency: 1 args: {"network_create_args": null, "subnet_create_args": null, "subnet_cidr_start": "1.1.0.0/30", "subnets_per_network": 2, "router_create_args": null} times: 40 method_name: run timeout: 0 duration: None cls:
2019-07-11 08:52:42.430 25195 INFO rally.task.runner [-] Task 94c33d93-3b53-40c0-927c-5da2a4573cf8 | ITER: 15 START
2019-07-11 08:52:42.433 25198 INFO rally.task.runner [-] Task 94c33d93-3b53-40c0-927c-5da2a4573cf8 | ITER: 16 START
2019-07-11 08:52:42.441 25204 RALLYDEBUG rally.task.runner [-] Starting a worker. concurrency: 1 args: {"network_create_args": null, "subnet_create_args": null, "subnet_cidr_start": "1.1.0.0/30", "subnets_per_network": 2, "router_create_args": null} times: 40 method_name: run timeout: 0 duration: None cls:
2019-07-11 08:52:42.446 25204 INFO rally.task.runner [-] Task 94c33d93-3b53-40c0-927c-5da2a4573cf8 | ITER: 17 START
2019-07-11 08:52:42.451 25210 RALLYDEBUG rally.task.runner [-] Starting a worker. concurrency: 1 args: {"network_create_args": null, "subnet_create_args": null, "subnet_cidr_start": "1.1.0.0/30", "subnets_per_network": 2, "router_create_args": null} times: 40 method_name: run timeout: 0 duration: None cls:
2019-07-11 08:52:42.456 25210 INFO rally.task.runner [-] Task 94c33d93-3b53-40c0-927c-5da2a4573cf8 | ITER: 18 START
2019-07-11 08:52:42.459 25211 RALLYDEBUG rally.task.runner [-] Starting a worker. concurrency: 1 args: {"network_create_args": null, "subnet_create_args": null, "subnet_cidr_start": "1.1.0.0/30", "subnets_per_network": 2, "router_create_args": null} times: 40 method_name: run timeout: 0 duration: None cls:
2019-07-11 08:52:42.463 25214 RALLYDEBUG rally.task.runner [-] Starting a worker. concurrency: 1 args: {"network_create_args": null, "subnet_create_args": null, "subnet_cidr_start": "1.1.0.0/30", "subnets_per_network": 2, "router_create_args": null} times: 40 method_name: run timeout: 0 duration: None cls:
2019-07-11 08:52:42.464 25211 INFO rally.task.runner [-] Task 94c33d93-3b53-40c0-927c-5da2a4573cf8 | ITER: 19 START
2019-07-11 08:52:42.467 25214 INFO rally.task.runner [-] Task 94c33d93-3b53-40c0-927c-5da2a4573cf8 | ITER: 20 START
2019-07-11 08:52:44.859 25168 RALLYDEBUG rally_openstack.wrappers.network [-] CIDR generated: 1.1.5.160/30
2019-07-11 08:52:45.003 25211 RALLYDEBUG rally_openstack.wrappers.network [-] CIDR generated: 1.1.5.164/30
2019-07-11 08:52:45.215 25167 RALLYDEBUG rally_openstack.wrappers.network [-] CIDR generated: 1.1.5.168/30
2019-07-11 08:52:45.304 25167 RALLYDEBUG rally_openstack.wrappers.network [-] CIDR generated: 1.1.5.172/30
2019-07-11 08:52:45.530 25214 RALLYDEBUG rally_openstack.wrappers.network [-] CIDR generated: 1.1.5.176/30
2019-07-11 08:52:46.227 25168 RALLYDEBUG rally_openstack.wrappers.network [-] CIDR generated: 1.1.5.180/30
2019-07-11 08:52:46.260 25191 RALLYDEBUG rally_openstack.wrappers.network [-] CIDR generated: 1.1.5.184/30
2019-07-11 08:52:46.820 25204 RALLYDEBUG rally_openstack.wrappers.network [-] CIDR generated: 1.1.5.188/30
2019-07-11 08:52:46.837 25168 RALLYDEBUG rally_openstack.wrappers.network [-] CIDR generated: 1.1.5.192/30
2019-07-11 08:52:46.881 25190 RALLYDEBUG rally_openstack.wrappers.network [-] CIDR generated: 1.1.5.196/30
2019-07-11 08:52:46.891 25169 RALLYDEBUG rally_openstack.wrappers.network [-] CIDR generated: 1.1.5.200/30
2019-07-11 08:52:47.327 25211 RALLYDEBUG rally_openstack.wrappers.network [-] CIDR generated: 1.1.5.204/30
2019-07-11 08:52:47.370 25167 RALLYDEBUG rally_openstack.wrappers.network [-] CIDR generated: 1.1.5.208/30
2019-07-11 08:52:47.585 25167 RALLYDEBUG rally_openstack.wrappers.network [-] CIDR generated: 1.1.5.212/30
2019-07-11 08:52:47.607 25214 RALLYDEBUG rally_openstack.wrappers.network [-] CIDR generated: 1.1.5.216/30
2019-07-11 08:52:48.178 25168 RALLYDEBUG rally_openstack.wrappers.network [-] CIDR generated: 1.1.5.220/30
2019-07-11 08:52:48.466 25191 RALLYDEBUG rally_openstack.wrappers.network [-] CIDR generated: 1.1.5.224/30
2019-07-11 08:52:48.823 25174 RALLYDEBUG rally_openstack.wrappers.network [-] CIDR generated: 1.1.5.228/30
2019-07-11 08:52:48.994 25190 RALLYDEBUG rally_openstack.wrappers.network [-] CIDR generated: 1.1.5.232/30
2019-07-11 08:52:49.039 25171 RALLYDEBUG rally_openstack.wrappers.network [-] CIDR generated: 1.1.5.236/30
2019-07-11 08:52:49.045 25170 RALLYDEBUG rally_openstack.wrappers.network [-] CIDR generated: 1.1.5.240/30
2019-07-11 08:52:49.137 25169 RALLYDEBUG rally_openstack.wrappers.network [-] CIDR generated: 1.1.5.244/30
2019-07-11 08:52:49.159 25195 RALLYDEBUG rally_openstack.wrappers.network [-] CIDR generated: 1.1.5.248/30
2019-07-11 08:52:49.360 25169 RALLYDEBUG rally_openstack.wrappers.network [-] CIDR generated: 1.1.5.252/30
2019-07-11 08:52:49.382 25198 RALLYDEBUG rally_openstack.wrappers.network [-] CIDR generated: 1.1.6.0/30
2019-07-11 08:52:49.480 25170 RALLYDEBUG rally_openstack.wrappers.network [-] CIDR generated: 1.1.6.4/30
2019-07-11 08:52:49.502 25210 RALLYDEBUG rally_openstack.wrappers.network [-] CIDR generated: 1.1.6.8/30
2019-07-11 08:52:49.516 25204 RALLYDEBUG rally_openstack.wrappers.network [-] CIDR generated: 1.1.6.12/30
2019-07-11 08:52:49.682 25184 RALLYDEBUG rally_openstack.wrappers.network [-] CIDR generated: 1.1.6.16/30
2019-07-11 08:52:49.916 25180 RALLYDEBUG rally_openstack.wrappers.network [-] CIDR generated: 1.1.6.20/30
2019-07-11 08:52:51.244 25210 RALLYDEBUG rally_openstack.wrappers.network [-] CIDR generated: 1.1.6.24/30
2019-07-11 08:52:51.412 25174 RALLYDEBUG rally_openstack.wrappers.network [-] CIDR generated: 1.1.6.28/30
2019-07-11 08:52:51.674 25169 RALLYDEBUG rally_openstack.wrappers.network [-] CIDR generated: 1.1.6.32/30
2019-07-11 08:52:51.716 25171 RALLYDEBUG rally_openstack.wrappers.network [-] CIDR generated: 1.1.6.36/30
2019-07-11 08:52:51.871 25195 RALLYDEBUG rally_openstack.wrappers.network [-] CIDR generated: 1.1.6.40/30
2019-07-11 08:52:52.077 25170 RALLYDEBUG rally_openstack.wrappers.network [-] CIDR generated: 1.1.6.44/30
2019-07-11 08:52:52.321 25198 RALLYDEBUG rally_openstack.wrappers.network [-] CIDR generated: 1.1.6.48/30
2019-07-11 08:52:52.586 25180 RALLYDEBUG rally_openstack.wrappers.network [-] CIDR generated: 1.1.6.52/30
2019-07-11 08:52:52.801 25184 RALLYDEBUG rally_openstack.wrappers.network [-] CIDR generated: 1.1.6.56/30
2019-07-11 08:52:53.489 25170 RALLYDEBUG rally_openstack.wrappers.network [-] CIDR generated: 1.1.6.60/30
2019-07-11 08:52:59.565 25168 INFO rally.task.runner [-] Task 94c33d93-3b53-40c0-927c-5da2a4573cf8 | ITER: 2 END: OK
2019-07-11 08:52:59.570 25168 INFO rally.task.runner [-] Task 94c33d93-3b53-40c0-927c-5da2a4573cf8 | ITER: 21 START
2019-07-11 08:53:00.531 25168 INFO rally.task.runner [-] Task 94c33d93-3b53-40c0-927c-5da2a4573cf8 | ITER: 5 END: OK
2019-07-11 08:53:00.535 25168 INFO rally.task.runner [-] Task 94c33d93-3b53-40c0-927c-5da2a4573cf8 | ITER: 22 START
2019-07-11 08:53:01.858 25191 INFO rally.task.runner [-] Task 94c33d93-3b53-40c0-927c-5da2a4573cf8 | ITER: 13 END: OK
2019-07-11 08:53:01.863 25191 INFO rally.task.runner [-] Task 94c33d93-3b53-40c0-927c-5da2a4573cf8 | ITER: 23 START
2019-07-11 08:53:02.029 25168 RALLYDEBUG rally_openstack.wrappers.network [-] CIDR generated: 1.1.6.64/30
2019-07-11 08:53:02.321 25167 INFO rally.task.runner [-] Task 94c33d93-3b53-40c0-927c-5da2a4573cf8 | ITER: 3 END: OK
2019-07-11 08:53:02.325 25167 INFO rally.task.runner [-] Task 94c33d93-3b53-40c0-927c-5da2a4573cf8 | ITER: 24 START
2019-07-11 08:53:02.825 25168 RALLYDEBUG rally_openstack.wrappers.network [-] CIDR generated: 1.1.6.68/30
2019-07-11 08:53:02.890 25211 INFO rally.task.runner [-] Task 94c33d93-3b53-40c0-927c-5da2a4573cf8 | ITER: 19 END: OK
2019-07-11 08:53:02.895 25211 INFO rally.task.runner [-] Task 94c33d93-3b53-40c0-927c-5da2a4573cf8 | ITER: 25 START
