2019-07-11 08:45:13.437 22694 RALLYDEBUG rally.api [-] INFO logs from urllib3 and requests module are hide.
2019-07-11 08:45:13.437 22694 RALLYDEBUG rally.api [-] urllib3 insecure warnings are hidden.
2019-07-11 08:45:13.437 22694 RALLYDEBUG rally.api [-] ERROR log from boto module is hide.
2019-07-11 08:45:15.519 22696 RALLYDEBUG rally.api [-] INFO logs from urllib3 and requests module are hide.
2019-07-11 08:45:15.519 22696 RALLYDEBUG rally.api [-] urllib3 insecure warnings are hidden.
2019-07-11 08:45:15.519 22696 RALLYDEBUG rally.api [-] ERROR log from boto module is hide.
2019-07-11 08:45:16.745 22696 WARNING rally_openstack.platforms.existing [-] endpoint is deprecated and not used.
2019-07-11 08:45:17.689 22698 RALLYDEBUG rally.api [-] INFO logs from urllib3 and requests module are hide.
2019-07-11 08:45:17.690 22698 RALLYDEBUG rally.api [-] urllib3 insecure warnings are hidden.
2019-07-11 08:45:17.690 22698 RALLYDEBUG rally.api [-] ERROR log from boto module is hide.
2019-07-11 08:45:21.102 22701 RALLYDEBUG rally.api [-] INFO logs from urllib3 and requests module are hide.
2019-07-11 08:45:21.103 22701 RALLYDEBUG rally.api [-] urllib3 insecure warnings are hidden.
2019-07-11 08:45:21.103 22701 RALLYDEBUG rally.api [-] ERROR log from boto module is hide.
2019-07-11 08:45:23.534 22703 RALLYDEBUG rally.api [-] INFO logs from urllib3 and requests module are hide.
2019-07-11 08:45:23.535 22703 RALLYDEBUG rally.api [-] urllib3 insecure warnings are hidden.
2019-07-11 08:45:23.535 22703 RALLYDEBUG rally.api [-] ERROR log from boto module is hide.
2019-07-11 08:45:24.666 22703 INFO rally.common.plugin.discover [-] Loading plugins from directories /root/.rally/plugins/*
2019-07-11 08:45:24.667 22703 INFO rally.common.plugin.discover [-] Loaded module with plugins: /root/.rally/plugins/__init__.py
2019-07-11 08:45:24.669 22703 INFO rally.common.plugin.discover [-] Loaded module with plugins: /root/.rally/plugins/trunk_scenario.py
2019-07-11 08:45:24.868 22703 INFO rally.task.engine [-] Task 94c33d93-3b53-40c0-927c-5da2a4573cf8 | Starting: Task validation.
2019-07-11 08:45:24.906 22703 INFO rally.task.engine [-] Task 94c33d93-3b53-40c0-927c-5da2a4573cf8 | Starting: Task validation of syntax.
2019-07-11 08:45:25.119 22703 INFO rally.task.engine [-] Task 94c33d93-3b53-40c0-927c-5da2a4573cf8 | Completed: Task validation of syntax.
2019-07-11 08:45:25.119 22703 INFO rally.task.engine [-] Task 94c33d93-3b53-40c0-927c-5da2a4573cf8 | Starting: Task validation of required platforms.
2019-07-11 08:45:25.177 22703 INFO rally.task.engine [-] Task 94c33d93-3b53-40c0-927c-5da2a4573cf8 | Completed: Task validation of required platforms.
2019-07-11 08:45:25.178 22703 INFO rally.task.engine [-] Task 94c33d93-3b53-40c0-927c-5da2a4573cf8 | Starting: Task validation of semantic.
2019-07-11 08:45:25.178 22703 INFO rally.task.engine [-] Check health of the environment 'f708e55c-5fbf-4f57-b9c4-5ae298ce315a'.
2019-07-11 08:45:25.995 22703 INFO rally.task.engine [-] Platform existing@openstack (available: True): OK!
2019-07-11 08:45:26.013 22703 RALLYDEBUG rally_openstack.contexts.keystone.users [-] Creating 1 tenants using 20 threads
2019-07-11 08:45:27.922 22703 RALLYDEBUG rally_openstack.contexts.keystone.users [-] Creating 1 users using 20 threads
2019-07-11 08:45:31.040 22703 INFO rally.task.context [-] Task 94c33d93-3b53-40c0-927c-5da2a4573cf8 | Context users@openstack setup() finished in 5.03 sec
2019-07-11 08:45:37.508 22703 INFO rally.task.context [-] Task 94c33d93-3b53-40c0-927c-5da2a4573cf8 | Context users@openstack cleanup() started
2019-07-11 08:45:43.234 22703 INFO rally.task.context [-] Task 94c33d93-3b53-40c0-927c-5da2a4573cf8 | Context users@openstack cleanup() finished in 5.73 sec
2019-07-11 08:45:43.234 22703 INFO rally.task.engine [-] Task 94c33d93-3b53-40c0-927c-5da2a4573cf8 | Completed: Task validation of semantic.
2019-07-11 08:45:43.235 22703 INFO rally.task.engine [-] Task 94c33d93-3b53-40c0-927c-5da2a4573cf8 | Completed: Task validation.
2019-07-11 08:45:43.235 22703 INFO rally.api [-] Task 94c33d93-3b53-40c0-927c-5da2a4573cf8 input file is valid.
2019-07-11 08:45:43.235 22703 INFO rally.api [-] Run Task 94c33d93-3b53-40c0-927c-5da2a4573cf8 against Deployment f708e55c-5fbf-4f57-b9c4-5ae298ce315a
2019-07-11 08:45:43.236 22703 INFO rally.task.engine [-] Task 94c33d93-3b53-40c0-927c-5da2a4573cf8 | Starting: Running task.
2019-07-11 08:45:43.362 22703 INFO rally.task.engine [-] Running workload: position = 0 config = { "version": 2, "title": "A cropped version of a bigger task.", "description": "Auto-generated task from a single workload (uuid=8b3e8afb-67a6-4d57-809b-4ac58d356737)", "subtasks": [ { "title": "NeutronNetworks.create_and_list_networks", "description": "Check performance of list_networks action and ensure > network quotas are not exceeded", "scenario": { "NeutronNetworks.create_and_list_networks": {} }, "contexts": { "users": { "tenants": 1, "users_per_tenant": 1 }, "quotas": { "neutron": { "network": 119 } } }, "runner": { "constant": { "times": 100, "concurrency": 20 } }, "hooks": [], "sla": { "max_avg_duration_per_atomic": { "neutron.list_networks": 15 }, "failure_rate": { "max": 0 } } } ] }
2019-07-11 08:45:43.382 22703 RALLYDEBUG rally_openstack.contexts.keystone.users [-] Creating 1 tenants using 20 threads
2019-07-11 08:45:45.239 22703 RALLYDEBUG rally_openstack.contexts.keystone.users [-] Creating 1 users using 20 threads
2019-07-11 08:45:48.063 22703 INFO rally.task.context [-] Task 94c33d93-3b53-40c0-927c-5da2a4573cf8 | Context users@openstack setup() finished in 4.68 sec
2019-07-11 08:45:49.242 22703 INFO rally.task.context [-] Task 94c33d93-3b53-40c0-927c-5da2a4573cf8 | Context quotas@openstack setup() finished in 1.18 sec
2019-07-11 08:45:49.242 22703 INFO rally.task.context [-] Task 94c33d93-3b53-40c0-927c-5da2a4573cf8 | Context cleanup@openstack setup() finished in 0.01 msec
2019-07-11 08:45:49.249 22703 RALLYDEBUG rally.task.runner [-] Starting the constant runner (task UUID: 94c33d93-3b53-40c0-927c-5da2a4573cf8). timeout: 0 concurrency: 20 concurrency_per_worker: 1 times: 100 concurrency_overhead: 4 processes_to_start: 16 max_cpu_used: 16
2019-07-11 08:45:49.261 22827 RALLYDEBUG rally.task.runner [-] Starting a worker. concurrency: 2 args: {} times: 100 method_name: run timeout: 0 duration: None cls:
2019-07-11 08:45:49.264 22828 RALLYDEBUG rally.task.runner [-] Starting a worker. concurrency: 2 args: {} times: 100 method_name: run timeout: 0 duration: None cls:
2019-07-11 08:45:49.267 22829 RALLYDEBUG rally.task.runner [-] Starting a worker. concurrency: 2 args: {} times: 100 method_name: run timeout: 0 duration: None cls:
2019-07-11 08:45:49.270 22827 INFO rally.task.runner [-] Task 94c33d93-3b53-40c0-927c-5da2a4573cf8 | ITER: 1 START
2019-07-11 08:45:49.270 22831 RALLYDEBUG rally.task.runner [-] Starting a worker. concurrency: 2 args: {} times: 100 method_name: run timeout: 0 duration: None cls:
2019-07-11 08:45:49.273 22828 INFO rally.task.runner [-] Task 94c33d93-3b53-40c0-927c-5da2a4573cf8 | ITER: 3 START
2019-07-11 08:45:49.276 22829 INFO rally.task.runner [-] Task 94c33d93-3b53-40c0-927c-5da2a4573cf8 | ITER: 5 START
2019-07-11 08:45:49.277 22835 RALLYDEBUG rally.task.runner [-] Starting a worker. concurrency: 1 args: {} times: 100 method_name: run timeout: 0 duration: None cls:
2019-07-11 08:45:49.271 22827 INFO rally.task.runner [-] Task 94c33d93-3b53-40c0-927c-5da2a4573cf8 | ITER: 2 START
2019-07-11 08:45:49.274 22828 INFO rally.task.runner [-] Task 94c33d93-3b53-40c0-927c-5da2a4573cf8 | ITER: 4 START
2019-07-11 08:45:49.279 22831 INFO rally.task.runner [-] Task 94c33d93-3b53-40c0-927c-5da2a4573cf8 | ITER: 7 START
2019-07-11 08:45:49.280 22840 RALLYDEBUG rally.task.runner [-] Starting a worker. concurrency: 1 args: {} times: 100 method_name: run timeout: 0 duration: None cls:
2019-07-11 08:45:49.279 22831 INFO rally.task.runner [-] Task 94c33d93-3b53-40c0-927c-5da2a4573cf8 | ITER: 8 START
2019-07-11 08:45:49.277 22829 INFO rally.task.runner [-] Task 94c33d93-3b53-40c0-927c-5da2a4573cf8 | ITER: 6 START
2019-07-11 08:45:49.283 22843 RALLYDEBUG rally.task.runner [-] Starting a worker. concurrency: 1 args: {} times: 100 method_name: run timeout: 0 duration: None cls:
2019-07-11 08:45:49.286 22835 INFO rally.task.runner [-] Task 94c33d93-3b53-40c0-927c-5da2a4573cf8 | ITER: 9 START
2019-07-11 08:45:49.287 22840 INFO rally.task.runner [-] Task 94c33d93-3b53-40c0-927c-5da2a4573cf8 | ITER: 10 START
2019-07-11 08:45:49.288 22846 RALLYDEBUG rally.task.runner [-] Starting a worker. concurrency: 1 args: {} times: 100 method_name: run timeout: 0 duration: None cls:
2019-07-11 08:45:49.292 22843 INFO rally.task.runner [-] Task 94c33d93-3b53-40c0-927c-5da2a4573cf8 | ITER: 11 START
2019-07-11 08:45:49.292 22851 RALLYDEBUG rally.task.runner [-] Starting a worker. concurrency: 1 args: {} times: 100 method_name: run timeout: 0 duration: None cls:
2019-07-11 08:45:49.293 22853 RALLYDEBUG rally.task.runner [-] Starting a worker. concurrency: 1 args: {} times: 100 method_name: run timeout: 0 duration: None cls:
2019-07-11 08:45:49.297 22846 INFO rally.task.runner [-] Task 94c33d93-3b53-40c0-927c-5da2a4573cf8 | ITER: 12 START
2019-07-11 08:45:49.300 22851 INFO rally.task.runner [-] Task 94c33d93-3b53-40c0-927c-5da2a4573cf8 | ITER: 13 START
2019-07-11 08:45:49.300 22856 RALLYDEBUG rally.task.runner [-] Starting a worker. concurrency: 1 args: {} times: 100 method_name: run timeout: 0 duration: None cls:
2019-07-11 08:45:49.300 22853 INFO rally.task.runner [-] Task 94c33d93-3b53-40c0-927c-5da2a4573cf8 | ITER: 14 START
2019-07-11 08:45:49.304 22858 RALLYDEBUG rally.task.runner [-] Starting a worker. concurrency: 1 args: {} times: 100 method_name: run timeout: 0 duration: None cls:
2019-07-11 08:45:49.307 22862 RALLYDEBUG rally.task.runner [-] Starting a worker. concurrency: 1 args: {} times: 100 method_name: run timeout: 0 duration: None cls:
2019-07-11 08:45:49.309 22856 INFO rally.task.runner [-] Task 94c33d93-3b53-40c0-927c-5da2a4573cf8 | ITER: 15 START
2019-07-11 08:45:49.313 22862 INFO rally.task.runner [-] Task 94c33d93-3b53-40c0-927c-5da2a4573cf8 | ITER: 17 START
2019-07-11 08:45:49.314 22867 RALLYDEBUG rally.task.runner [-] Starting a worker. concurrency: 1 args: {} times: 100 method_name: run timeout: 0 duration: None cls:
2019-07-11 08:45:49.318 22864 RALLYDEBUG rally.task.runner [-] Starting a worker. concurrency: 1 args: {} times: 100 method_name: run timeout: 0 duration: None cls:
2019-07-11 08:45:49.319 22870 RALLYDEBUG rally.task.runner [-] Starting a worker. concurrency: 1 args: {} times: 100 method_name: run timeout: 0 duration: None cls:
2019-07-11 08:45:49.320 22867 INFO rally.task.runner [-] Task 94c33d93-3b53-40c0-927c-5da2a4573cf8 | ITER: 18 START
2019-07-11 08:45:49.325 22858 INFO rally.task.runner [-] Task 94c33d93-3b53-40c0-927c-5da2a4573cf8 | ITER: 16 START
2019-07-11 08:45:49.325 22870 INFO rally.task.runner [-] Task 94c33d93-3b53-40c0-927c-5da2a4573cf8 | ITER: 20 START
2019-07-11 08:45:49.325 22864 INFO rally.task.runner [-] Task 94c33d93-3b53-40c0-927c-5da2a4573cf8 | ITER: 19 START
2019-07-11 08:45:52.257 22862 INFO rally.task.runner [-] Task 94c33d93-3b53-40c0-927c-5da2a4573cf8 | ITER: 17 END: OK
2019-07-11 08:45:52.260 22862 INFO rally.task.runner [-] Task 94c33d93-3b53-40c0-927c-5da2a4573cf8 | ITER: 21 START
2019-07-11 08:45:52.416 22831 INFO rally.task.runner [-] Task 94c33d93-3b53-40c0-927c-5da2a4573cf8 | ITER: 8 END: OK
2019-07-11 08:45:52.420 22831 INFO rally.task.runner [-] Task 94c33d93-3b53-40c0-927c-5da2a4573cf8 | ITER: 22 START
2019-07-11 08:45:52.442 22835 INFO rally.task.runner [-] Task 94c33d93-3b53-40c0-927c-5da2a4573cf8 | ITER: 9 END: OK
2019-07-11 08:45:52.445 22835 INFO rally.task.runner [-] Task 94c33d93-3b53-40c0-927c-5da2a4573cf8 | ITER: 23 START
2019-07-11 08:45:52.475 22851 INFO rally.task.runner [-] Task 94c33d93-3b53-40c0-927c-5da2a4573cf8 | ITER: 13 END: OK
2019-07-11 08:45:52.479 22851 INFO rally.task.runner [-] Task 94c33d93-3b53-40c0-927c-5da2a4573cf8 | ITER: 24 START
2019-07-11 08:45:52.561 22853 INFO rally.task.runner [-] Task 94c33d93-3b53-40c0-927c-5da2a4573cf8 | ITER: 14 END: OK
2019-07-11 08:45:52.565 22853 INFO rally.task.runner [-] Task 94c33d93-3b53-40c0-927c-5da2a4573cf8 | ITER: 25 START
2019-07-11 08:45:52.846 22827 INFO rally.task.runner [-] Task 94c33d93-3b53-40c0-927c-5da2a4573cf8 | ITER: 1 END: OK
2019-07-11 08:45:52.850 22827 INFO rally.task.runner [-] Task 94c33d93-3b53-40c0-927c-5da2a4573cf8 | ITER: 26 START
2019-07-11 08:45:52.919 22829 INFO rally.task.runner [-] Task 94c33d93-3b53-40c0-927c-5da2a4573cf8 | ITER: 5 END: OK
2019-07-11 08:45:52.922 22829 INFO rally.task.runner [-] Task 94c33d93-3b53-40c0-927c-5da2a4573cf8 | ITER: 27 START
2019-07-11 08:45:53.362 22856 INFO rally.task.runner [-] Task 94c33d93-3b53-40c0-927c-5da2a4573cf8 | ITER: 15 END: OK
2019-07-11 08:45:53.366 22856 INFO rally.task.runner [-] Task 94c33d93-3b53-40c0-927c-5da2a4573cf8 | ITER: 28 START
2019-07-11 08:45:53.590 22831 INFO rally.task.runner [-] Task 94c33d93-3b53-40c0-927c-5da2a4573cf8 | ITER: 7 END: OK
2019-07-11 08:45:53.593 22831 INFO rally.task.runner [-] Task 94c33d93-3b53-40c0-927c-5da2a4573cf8 | ITER: 29 START
2019-07-11 08:45:53.719 22867 INFO rally.task.runner [-] Task 94c33d93-3b53-40c0-927c-5da2a4573cf8 | ITER: 18 END: OK
2019-07-11 08:45:53.723 22867 INFO rally.task.runner [-] Task 94c33d93-3b53-40c0-927c-5da2a4573cf8 | ITER: 30 START
2019-07-11 08:45:53.819 22840 INFO rally.task.runner [-] Task 94c33d93-3b53-40c0-927c-5da2a4573cf8 | ITER: 10 END: OK
2019-07-11 08:45:53.823 22840 INFO rally.task.runner [-] Task 94c33d93-3b53-40c0-927c-5da2a4573cf8 | ITER: 31 START
2019-07-11 08:45:54.103 22858 INFO rally.task.runner [-] Task 94c33d93-3b53-40c0-927c-5da2a4573cf8 | ITER: 16 END: OK
2019-07-11 08:45:54.107 22858 INFO rally.task.runner [-] Task 94c33d93-3b53-40c0-927c-5da2a4573cf8 | ITER: 32 START
2019-07-11 08:45:54.424 22843 INFO rally.task.runner [-] Task 94c33d93-3b53-40c0-927c-5da2a4573cf8 | ITER: 11 END: OK
2019-07-11 08:45:54.428 22843 INFO rally.task.runner [-] Task 94c33d93-3b53-40c0-927c-5da2a4573cf8 | ITER: 33 START
2019-07-11 08:45:54.492 22827 INFO rally.task.runner [-] Task 94c33d93-3b53-40c0-927c-5da2a4573cf8 | ITER: 2 END: OK
2019-07-11 08:45:54.495 22827 INFO rally.task.runner [-] Task 94c33d93-3b53-40c0-927c-5da2a4573cf8 | ITER: 34 START
2019-07-11 08:45:54.523 22864 INFO rally.task.runner [-] Task 94c33d93-3b53-40c0-927c-5da2a4573cf8 | ITER: 19 END: OK
2019-07-11 08:45:54.526 22864 INFO rally.task.runner [-] Task 94c33d93-3b53-40c0-927c-5da2a4573cf8 | ITER: 35 START
2019-07-11 08:45:54.795 22846 INFO rally.task.runner [-] Task 94c33d93-3b53-40c0-927c-5da2a4573cf8 | ITER: 12 END: OK
2019-07-11 08:45:54.798 22846 INFO rally.task.runner [-] Task 94c33d93-3b53-40c0-927c-5da2a4573cf8 | ITER: 36 START
2019-07-11 08:45:55.105 22862 INFO rally.task.runner [-] Task 94c33d93-3b53-40c0-927c-5da2a4573cf8 | ITER: 21 END: OK
2019-07-11 08:45:55.109 22862 INFO rally.task.runner [-] Task 94c33d93-3b53-40c0-927c-5da2a4573cf8 | ITER: 37 START
2019-07-11 08:45:55.238 22851 INFO rally.task.runner [-] Task 94c33d93-3b53-40c0-927c-5da2a4573cf8 | ITER: 24 END: OK
2019-07-11 08:45:55.241 22851 INFO rally.task.runner [-] Task 94c33d93-3b53-40c0-927c-5da2a4573cf8 | ITER: 38 START
2019-07-11 08:45:55.331 22828 INFO rally.task.runner [-] Task 94c33d93-3b53-40c0-927c-5da2a4573cf8 | ITER: 4 END: OK
2019-07-11 08:45:55.335 22828 INFO rally.task.runner [-] Task 94c33d93-3b53-40c0-927c-5da2a4573cf8 | ITER: 39 START
2019-07-11 08:45:55.400 22835 INFO rally.task.runner [-] Task 94c33d93-3b53-40c0-927c-5da2a4573cf8 | ITER: 23 END: OK
2019-07-11 08:45:55.403 22835 INFO rally.task.runner [-] Task 94c33d93-3b53-40c0-927c-5da2a4573cf8 | ITER: 40 START
2019-07-11 08:45:55.483 22831 INFO rally.task.runner [-] Task 94c33d93-3b53-40c0-927c-5da2a4573cf8 | ITER: 22 END: OK
2019-07-11 08:45:55.486 22831 INFO rally.task.runner [-] Task 94c33d93-3b53-40c0-927c-5da2a4573cf8 | ITER: 41 START
2019-07-11 08:45:55.534 22827 INFO rally.task.runner [-] Task 94c33d93-3b53-40c0-927c-5da2a4573cf8 | ITER: 26 END: OK
2019-07-11 08:45:55.537 22827 INFO rally.task.runner [-] Task 94c33d93-3b53-40c0-927c-5da2a4573cf8 | ITER: 42 START
2019-07-11 08:45:55.721 22829 INFO rally.task.runner [-] Task 94c33d93-3b53-40c0-927c-5da2a4573cf8 | ITER: 6 END: OK
2019-07-11 08:45:55.725 22829 INFO rally.task.runner [-] Task 94c33d93-3b53-40c0-927c-5da2a4573cf8 | ITER: 43 START
2019-07-11 08:45:55.876 22828 INFO rally.task.runner [-] Task 94c33d93-3b53-40c0-927c-5da2a4573cf8 | ITER: 3 END: OK
2019-07-11 08:45:55.879 22828 INFO rally.task.runner [-] Task 94c33d93-3b53-40c0-927c-5da2a4573cf8 | ITER: 44 START
2019-07-11 08:45:55.896 22853 INFO rally.task.runner [-] Task 94c33d93-3b53-40c0-927c-5da2a4573cf8 | ITER: 25 END: OK
2019-07-11 08:45:55.898 22853 INFO rally.task.runner [-] Task 94c33d93-3b53-40c0-927c-5da2a4573cf8 | ITER: 45 START
2019-07-11 08:45:56.270 22870 INFO rally.task.runner [-] Task 94c33d93-3b53-40c0-927c-5da2a4573cf8 | ITER: 20 END: OK
2019-07-11 08:45:56.273 22870 INFO rally.task.runner [-] Task 94c33d93-3b53-40c0-927c-5da2a4573cf8 | ITER: 46 START
2019-07-11 08:45:56.286 22840 INFO rally.task.runner [-] Task 94c33d93-3b53-40c0-927c-5da2a4573cf8 | ITER: 31 END: OK
2019-07-11 08:45:56.289 22840 INFO rally.task.runner [-] Task 94c33d93-3b53-40c0-927c-5da2a4573cf8 | ITER: 47 START
2019-07-11 08:45:56.400 22856 INFO rally.task.runner [-] Task 94c33d93-3b53-40c0-927c-5da2a4573cf8 | ITER: 28 END: OK
2019-07-11 08:45:56.402 22856 INFO rally.task.runner [-] Task 94c33d93-3b53-40c0-927c-5da2a4573cf8 | ITER: 48 START
2019-07-11 08:45:56.753 22867 INFO rally.task.runner [-] Task 94c33d93-3b53-40c0-927c-5da2a4573cf8 | ITER: 30 END: OK
2019-07-11 08:45:56.756 22867 INFO rally.task.runner [-] Task 94c33d93-3b53-40c0-927c-5da2a4573cf8 | ITER: 49 START
2019-07-11 08:45:57.052 22858 INFO rally.task.runner [-] Task 94c33d93-3b53-40c0-927c-5da2a4573cf8 | ITER: 32 END: OK
2019-07-11 08:45:57.055 22858 INFO rally.task.runner [-] Task 94c33d93-3b53-40c0-927c-5da2a4573cf8 | ITER: 50 START
2019-07-11 08:45:57.170 22831 INFO rally.task.runner [-] Task 94c33d93-3b53-40c0-927c-5da2a4573cf8 | ITER: 29 END: OK
2019-07-11 08:45:57.173 22831 INFO rally.task.runner [-] Task 94c33d93-3b53-40c0-927c-5da2a4573cf8 | ITER: 51 START
2019-07-11 08:45:57.258 22829 INFO rally.task.runner [-] Task 94c33d93-3b53-40c0-927c-5da2a4573cf8 | ITER: 27 END: OK
2019-07-11 08:45:57.262 22829 INFO rally.task.runner [-] Task 94c33d93-3b53-40c0-927c-5da2a4573cf8 | ITER: 52 START
2019-07-11 08:45:57.389 22864 INFO rally.task.runner [-] Task 94c33d93-3b53-40c0-927c-5da2a4573cf8 | ITER: 35 END: OK
2019-07-11 08:45:57.393 22864 INFO rally.task.runner [-] Task 94c33d93-3b53-40c0-927c-5da2a4573cf8 | ITER: 53 START
2019-07-11 08:45:57.589 22843 INFO rally.task.runner [-] Task 94c33d93-3b53-40c0-927c-5da2a4573cf8 | ITER: 33 END: OK
2019-07-11 08:45:57.592 22843 INFO rally.task.runner [-] Task 94c33d93-3b53-40c0-927c-5da2a4573cf8 | ITER: 54 START
2019-07-11 08:45:57.616 22827 INFO rally.task.runner [-] Task 94c33d93-3b53-40c0-927c-5da2a4573cf8 | ITER: 34 END: OK
2019-07-11 08:45:57.619 22827 INFO rally.task.runner [-] Task 94c33d93-3b53-40c0-927c-5da2a4573cf8 | ITER: 55 START
2019-07-11 08:45:57.730 22846 INFO rally.task.runner [-] Task 94c33d93-3b53-40c0-927c-5da2a4573cf8 | ITER: 36 END: OK
2019-07-11 08:45:57.733 22846 INFO rally.task.runner [-] Task 94c33d93-3b53-40c0-927c-5da2a4573cf8 | ITER: 56 START
2019-07-11 08:45:57.946 22831 INFO rally.task.runner [-] Task 94c33d93-3b53-40c0-927c-5da2a4573cf8 | ITER: 41 END: OK
2019-07-11 08:45:57.949 22831 INFO rally.task.runner [-] Task 94c33d93-3b53-40c0-927c-5da2a4573cf8 | ITER: 57 START
2019-07-11 08:45:58.020 22862 INFO rally.task.runner [-] Task 94c33d93-3b53-40c0-927c-5da2a4573cf8 | ITER: 37 END: OK
2019-07-11 08:45:58.023 22862 INFO rally.task.runner [-] Task 94c33d93-3b53-40c0-927c-5da2a4573cf8 | ITER: 58 START
2019-07-11 08:45:58.436 22851 INFO rally.task.runner [-] Task 94c33d93-3b53-40c0-927c-5da2a4573cf8 | ITER: 38 END: OK
2019-07-11 08:45:58.440 22851 INFO rally.task.runner [-] Task 94c33d93-3b53-40c0-927c-5da2a4573cf8 | ITER: 59 START
2019-07-11 08:45:58.607 22828 INFO rally.task.runner [-] Task 94c33d93-3b53-40c0-927c-5da2a4573cf8 | ITER: 39 END: OK
2019-07-11 08:45:58.610 22828 INFO rally.task.runner [-] Task 94c33d93-3b53-40c0-927c-5da2a4573cf8 | ITER: 60 START
2019-07-11 08:45:58.837 22827 INFO rally.task.runner [-] Task 94c33d93-3b53-40c0-927c-5da2a4573cf8 | ITER: 42 END: OK
2019-07-11 08:45:58.840 22827 INFO rally.task.runner [-] Task 94c33d93-3b53-40c0-927c-5da2a4573cf8 | ITER: 61 START
2019-07-11 08:45:58.865 22856 INFO rally.task.runner [-] Task 94c33d93-3b53-40c0-927c-5da2a4573cf8 | ITER: 48 END: OK
2019-07-11 08:45:58.868 22856 INFO rally.task.runner [-] Task 94c33d93-3b53-40c0-927c-5da2a4573cf8 | ITER: 62 START
2019-07-11 08:45:59.057 22835 INFO rally.task.runner [-] Task 94c33d93-3b53-40c0-927c-5da2a4573cf8 | ITER: 40 END: OK
2019-07-11 08:45:59.060 22835 INFO rally.task.runner [-] Task 94c33d93-3b53-40c0-927c-5da2a4573cf8 | ITER: 63 START
2019-07-11 08:45:59.079 22828 INFO rally.task.runner [-] Task 94c33d93-3b53-40c0-927c-5da2a4573cf8 | ITER: 44 END: OK
2019-07-11 08:45:59.082 22828 INFO rally.task.runner [-] Task 94c33d93-3b53-40c0-927c-5da2a4573cf8 | ITER: 64 START
2019-07-11 08:45:59.530 22867 INFO rally.task.runner [-] Task 94c33d93-3b53-40c0-927c-5da2a4573cf8 | ITER: 49 END: OK
2019-07-11 08:45:59.533 22867 INFO rally.task.runner [-] Task 94c33d93-3b53-40c0-927c-5da2a4573cf8 | ITER: 65 START
2019-07-11 08:45:59.620 22853 INFO rally.task.runner [-] Task 94c33d93-3b53-40c0-927c-5da2a4573cf8 | ITER: 45 END: OK
2019-07-11 08:45:59.624 22853 INFO rally.task.runner [-] Task 94c33d93-3b53-40c0-927c-5da2a4573cf8 | ITER: 66 START
2019-07-11 08:45:59.662 22829 INFO rally.task.runner [-] Task 94c33d93-3b53-40c0-927c-5da2a4573cf8 | ITER: 52 END: OK
2019-07-11 08:45:59.664 22829 INFO rally.task.runner [-] Task 94c33d93-3b53-40c0-927c-5da2a4573cf8 | ITER: 67 START
2019-07-11 08:45:59.910 22840 INFO rally.task.runner [-] Task 94c33d93-3b53-40c0-927c-5da2a4573cf8 | ITER: 47 END: OK
2019-07-11 08:45:59.913 22840 INFO rally.task.runner [-] Task 94c33d93-3b53-40c0-927c-5da2a4573cf8 | ITER: 68 START
2019-07-11 08:46:00.324 22831 INFO rally.task.runner [-] Task 94c33d93-3b53-40c0-927c-5da2a4573cf8 | ITER: 51 END: OK
2019-07-11 08:46:00.327 22831 INFO rally.task.runner [-] Task 94c33d93-3b53-40c0-927c-5da2a4573cf8 | ITER: 69 START
2019-07-11 08:46:00.328 22870 INFO rally.task.runner [-] Task 94c33d93-3b53-40c0-927c-5da2a4573cf8 | ITER: 46 END: OK
2019-07-11 08:46:00.332 22870 INFO rally.task.runner [-] Task 94c33d93-3b53-40c0-927c-5da2a4573cf8 | ITER: 70 START
2019-07-11 08:46:00.932 22829 INFO rally.task.runner [-] Task 94c33d93-3b53-40c0-927c-5da2a4573cf8 | ITER: 43 END: OK
2019-07-11 08:46:00.937 22829 INFO rally.task.runner [-] Task 94c33d93-3b53-40c0-927c-5da2a4573cf8 | ITER: 71 START
2019-07-11 08:46:01.403 22864 INFO rally.task.runner [-] Task 94c33d93-3b53-40c0-927c-5da2a4573cf8 | ITER: 53 END: OK
2019-07-11 08:46:01.407 22864 INFO rally.task.runner [-] Task 94c33d93-3b53-40c0-927c-5da2a4573cf8 | ITER: 72 START
2019-07-11 08:46:01.883 22827 INFO rally.task.runner [-] Task 94c33d93-3b53-40c0-927c-5da2a4573cf8 | ITER: 55 END: OK
2019-07-11 08:46:01.887 22827 INFO rally.task.runner [-] Task 94c33d93-3b53-40c0-927c-5da2a4573cf8 | ITER: 73 START
2019-07-11 08:46:01.927 22843 INFO rally.task.runner [-] Task 94c33d93-3b53-40c0-927c-5da2a4573cf8 | ITER: 54 END: OK
2019-07-11 08:46:01.930 22843 INFO rally.task.runner [-] Task 94c33d93-3b53-40c0-927c-5da2a4573cf8 | ITER: 74 START
2019-07-11 08:46:02.390 22851 INFO rally.task.runner [-] Task 94c33d93-3b53-40c0-927c-5da2a4573cf8 | ITER: 59 END: OK
2019-07-11 08:46:02.393 22851 INFO rally.task.runner [-] Task 94c33d93-3b53-40c0-927c-5da2a4573cf8 | ITER: 75 START
2019-07-11 08:46:02.987 22858 INFO rally.task.runner [-] Task 94c33d93-3b53-40c0-927c-5da2a4573cf8 | ITER: 50 END: OK
2019-07-11 08:46:02.990 22858 INFO rally.task.runner [-] Task 94c33d93-3b53-40c0-927c-5da2a4573cf8 | ITER: 76 START
2019-07-11 08:46:03.068 22835 INFO rally.task.runner [-] Task 94c33d93-3b53-40c0-927c-5da2a4573cf8 | ITER: 63 END: OK
2019-07-11 08:46:03.072 22835 INFO rally.task.runner [-] Task 94c33d93-3b53-40c0-927c-5da2a4573cf8 | ITER: 77 START
2019-07-11 08:46:03.235 22828 INFO rally.task.runner [-] Task 94c33d93-3b53-40c0-927c-5da2a4573cf8 | ITER: 60 END: OK
2019-07-11 08:46:03.238 22828 INFO rally.task.runner [-] Task 94c33d93-3b53-40c0-927c-5da2a4573cf8 | ITER: 78 START
2019-07-11 08:46:03.472 22840 INFO rally.task.runner [-] Task 94c33d93-3b53-40c0-927c-5da2a4573cf8 | ITER: 68 END: OK
2019-07-11 08:46:03.476 22840 INFO rally.task.runner [-] Task 94c33d93-3b53-40c0-927c-5da2a4573cf8 | ITER: 79 START
2019-07-11 08:46:03.521 22831 INFO rally.task.runner [-] Task 94c33d93-3b53-40c0-927c-5da2a4573cf8 | ITER: 69 END: OK
2019-07-11 08:46:03.524 22831 INFO rally.task.runner [-] Task 94c33d93-3b53-40c0-927c-5da2a4573cf8 | ITER: 80 START
2019-07-11 08:46:03.648 22828 INFO rally.task.runner [-] Task 94c33d93-3b53-40c0-927c-5da2a4573cf8 | ITER: 64 END: OK
2019-07-11 08:46:03.652 22828 INFO rally.task.runner [-] Task 94c33d93-3b53-40c0-927c-5da2a4573cf8 | ITER: 81 START
2019-07-11 08:46:03.693 22870 INFO rally.task.runner [-] Task 94c33d93-3b53-40c0-927c-5da2a4573cf8 | ITER: 70 END: OK
2019-07-11 08:46:03.696 22870 INFO rally.task.runner [-] Task 94c33d93-3b53-40c0-927c-5da2a4573cf8 | ITER: 82 START
2019-07-11 08:46:03.769 22827 INFO rally.task.runner [-] Task 94c33d93-3b53-40c0-927c-5da2a4573cf8 | ITER: 61 END: OK
2019-07-11 08:46:03.773 22827 INFO rally.task.runner [-] Task 94c33d93-3b53-40c0-927c-5da2a4573cf8 | ITER: 83 START
2019-07-11 08:46:03.899 22831 INFO rally.task.runner [-] Task 94c33d93-3b53-40c0-927c-5da2a4573cf8 | ITER: 57 END: OK
2019-07-11 08:46:03.902 22831 INFO rally.task.runner [-] Task 94c33d93-3b53-40c0-927c-5da2a4573cf8 | ITER: 84 START
2019-07-11 08:46:04.000 22856 INFO rally.task.runner [-] Task 94c33d93-3b53-40c0-927c-5da2a4573cf8 | ITER: 62 END: OK
2019-07-11 08:46:04.003 22856 INFO rally.task.runner [-] Task 94c33d93-3b53-40c0-927c-5da2a4573cf8 | ITER: 85 START
2019-07-11 08:46:04.223 22862 INFO rally.task.runner [-] Task 94c33d93-3b53-40c0-927c-5da2a4573cf8 | ITER: 58 END: OK
2019-07-11 08:46:04.225 22846 INFO rally.task.runner [-] Task 94c33d93-3b53-40c0-927c-5da2a4573cf8 | ITER: 56 END: OK
2019-07-11 08:46:04.227 22862 INFO rally.task.runner [-] Task 94c33d93-3b53-40c0-927c-5da2a4573cf8 | ITER: 86 START
2019-07-11 08:46:04.228 22846 INFO rally.task.runner [-] Task 94c33d93-3b53-40c0-927c-5da2a4573cf8 | ITER: 87 START
2019-07-11 08:46:04.395 22864 INFO rally.task.runner [-] Task 94c33d93-3b53-40c0-927c-5da2a4573cf8 | ITER: 72 END: OK
2019-07-11 08:46:04.397 22864 INFO rally.task.runner [-] Task 94c33d93-3b53-40c0-927c-5da2a4573cf8 | ITER: 88 START
2019-07-11 08:46:04.507 22829 INFO rally.task.runner [-] Task 94c33d93-3b53-40c0-927c-5da2a4573cf8 | ITER: 67 END: OK
2019-07-11 08:46:04.510 22829 INFO rally.task.runner [-] Task 94c33d93-3b53-40c0-927c-5da2a4573cf8 | ITER: 89 START
2019-07-11 08:46:04.542 22853 INFO rally.task.runner [-] Task 94c33d93-3b53-40c0-927c-5da2a4573cf8 | ITER: 66 END: OK
2019-07-11 08:46:04.545 22853 INFO rally.task.runner [-] Task 94c33d93-3b53-40c0-927c-5da2a4573cf8 | ITER: 90 START
2019-07-11 08:46:04.774 22867 INFO rally.task.runner [-] Task 94c33d93-3b53-40c0-927c-5da2a4573cf8 | ITER: 65 END: OK
2019-07-11 08:46:04.778 22867 INFO rally.task.runner [-] Task 94c33d93-3b53-40c0-927c-5da2a4573cf8 | ITER: 91 START
2019-07-11 08:46:04.809 22843 INFO rally.task.runner [-] Task 94c33d93-3b53-40c0-927c-5da2a4573cf8 | ITER: 74 END: OK
2019-07-11 08:46:04.812 22843 INFO rally.task.runner [-] Task 94c33d93-3b53-40c0-927c-5da2a4573cf8 | ITER: 92 START
2019-07-11 08:46:04.820 22827 INFO rally.task.runner [-] Task 94c33d93-3b53-40c0-927c-5da2a4573cf8 | ITER: 73 END: OK
2019-07-11 08:46:04.823 22827 INFO rally.task.runner [-] Task 94c33d93-3b53-40c0-927c-5da2a4573cf8 | ITER: 93 START
2019-07-11 08:46:05.011 22829 INFO rally.task.runner [-] Task 94c33d93-3b53-40c0-927c-5da2a4573cf8 | ITER: 71 END: OK
2019-07-11 08:46:05.015 22829 INFO rally.task.runner [-] Task 94c33d93-3b53-40c0-927c-5da2a4573cf8 | ITER: 94 START
2019-07-11 08:46:05.368 22858 INFO rally.task.runner [-] Task 94c33d93-3b53-40c0-927c-5da2a4573cf8 | ITER: 76 END: OK
2019-07-11 08:46:05.371 22858 INFO rally.task.runner [-] Task 94c33d93-3b53-40c0-927c-5da2a4573cf8 | ITER: 95 START
2019-07-11 08:46:05.551 22851 INFO rally.task.runner [-] Task 94c33d93-3b53-40c0-927c-5da2a4573cf8 | ITER: 75 END: OK
2019-07-11 08:46:05.555 22851 INFO rally.task.runner [-] Task 94c33d93-3b53-40c0-927c-5da2a4573cf8 | ITER: 96 START
2019-07-11 08:46:05.911 22835 INFO rally.task.runner [-] Task 94c33d93-3b53-40c0-927c-5da2a4573cf8 | ITER: 77 END: OK
2019-07-11 08:46:05.914 22835 INFO rally.task.runner [-] Task 94c33d93-3b53-40c0-927c-5da2a4573cf8 | ITER: 97 START
2019-07-11 08:46:06.399 22840 INFO rally.task.runner [-] Task 94c33d93-3b53-40c0-927c-5da2a4573cf8 | ITER: 79 END: OK
2019-07-11 08:46:06.402 22840 INFO rally.task.runner [-] Task 94c33d93-3b53-40c0-927c-5da2a4573cf8 | ITER: 98 START
2019-07-11 08:46:06.417 22831 INFO rally.task.runner [-] Task 94c33d93-3b53-40c0-927c-5da2a4573cf8 | ITER: 80 END: OK
2019-07-11 08:46:06.420 22831 INFO rally.task.runner [-] Task 94c33d93-3b53-40c0-927c-5da2a4573cf8 | ITER: 99 START
2019-07-11 08:46:06.763 22831 INFO rally.task.runner [-] Task 94c33d93-3b53-40c0-927c-5da2a4573cf8 | ITER: 84 END: OK
2019-07-11 08:46:06.767 22831 INFO rally.task.runner [-] Task 94c33d93-3b53-40c0-927c-5da2a4573cf8 | ITER: 100 START
2019-07-11 08:46:06.900 22828 INFO rally.task.runner [-] Task 94c33d93-3b53-40c0-927c-5da2a4573cf8 | ITER: 78 END: OK
2019-07-11 08:46:07.237 22870 INFO rally.task.runner [-] Task 94c33d93-3b53-40c0-927c-5da2a4573cf8 | ITER: 82 END: OK
2019-07-11 08:46:07.240 22846 INFO rally.task.runner [-] Task 94c33d93-3b53-40c0-927c-5da2a4573cf8 | ITER: 87 END: OK
2019-07-11 08:46:07.398 22856 INFO rally.task.runner [-] Task 94c33d93-3b53-40c0-927c-5da2a4573cf8 | ITER: 85 END: OK
2019-07-11 08:46:07.599 22829 INFO rally.task.runner [-] Task 94c33d93-3b53-40c0-927c-5da2a4573cf8 | ITER: 89 END: OK
2019-07-11 08:46:07.693 22827 INFO rally.task.runner [-] Task 94c33d93-3b53-40c0-927c-5da2a4573cf8 | ITER: 83 END: OK
2019-07-11 08:46:07.910 22828 INFO rally.task.runner [-] Task 94c33d93-3b53-40c0-927c-5da2a4573cf8 | ITER: 81 END: OK
2019-07-11 08:46:08.017 22867 INFO rally.task.runner [-] Task 94c33d93-3b53-40c0-927c-5da2a4573cf8 | ITER: 91 END: OK
2019-07-11 08:46:08.156 22827 INFO rally.task.runner [-] Task 94c33d93-3b53-40c0-927c-5da2a4573cf8 | ITER: 93 END: OK
2019-07-11 08:46:08.280 22858 INFO rally.task.runner [-] Task 94c33d93-3b53-40c0-927c-5da2a4573cf8 | ITER: 95 END: OK
2019-07-11 08:46:08.489 22835 INFO rally.task.runner [-] Task 94c33d93-3b53-40c0-927c-5da2a4573cf8 | ITER: 97 END: OK
2019-07-11 08:46:08.741 22831 INFO rally.task.runner [-] Task 94c33d93-3b53-40c0-927c-5da2a4573cf8 | ITER: 99 END: OK
2019-07-11 08:46:08.874 22843 INFO rally.task.runner [-] Task 94c33d93-3b53-40c0-927c-5da2a4573cf8 | ITER: 92 END: OK
2019-07-11 08:46:08.917 22840 INFO rally.task.runner [-] Task 94c33d93-3b53-40c0-927c-5da2a4573cf8 | ITER: 98 END: OK
2019-07-11 08:46:08.934 22853 INFO rally.task.runner [-] Task 94c33d93-3b53-40c0-927c-5da2a4573cf8 | ITER: 90 END: OK
2019-07-11 08:46:09.092 22831 INFO rally.task.runner [-] Task 94c33d93-3b53-40c0-927c-5da2a4573cf8 | ITER: 100 END: OK
2019-07-11 08:46:09.200 22864 INFO rally.task.runner [-] Task 94c33d93-3b53-40c0-927c-5da2a4573cf8 | ITER: 88 END: OK
2019-07-11 08:46:09.222 22829 INFO rally.task.runner [-] Task 94c33d93-3b53-40c0-927c-5da2a4573cf8 | ITER: 94 END: OK
2019-07-11 08:46:09.394 22862 INFO rally.task.runner [-] Task 94c33d93-3b53-40c0-927c-5da2a4573cf8 | ITER: 86 END: OK
2019-07-11 08:46:09.625 22851 INFO rally.task.runner [-] Task 94c33d93-3b53-40c0-927c-5da2a4573cf8 | ITER: 96 END: OK
2019-07-11 08:46:09.652 22703 INFO rally.task.context [-] Task 94c33d93-3b53-40c0-927c-5da2a4573cf8 | Context cleanup@openstack cleanup() started
2019-07-11 08:46:09.653 22703 RALLYDEBUG rally_openstack.cleanup.manager [-] Cleaning up neutron vip objects
2019-07-11 08:46:10.397 22703 RALLYDEBUG rally_openstack.cleanup.manager [-] Cleaning up neutron health_monitor objects
2019-07-11 08:46:11.053 22703 RALLYDEBUG rally_openstack.cleanup.manager [-] Cleaning up neutron pool objects
2019-07-11 08:46:11.844 22703 RALLYDEBUG rally_openstack.cleanup.manager [-] Cleaning up neutron loadbalancer objects
2019-07-11 08:46:12.602 22703 RALLYDEBUG rally_openstack.cleanup.manager [-] Cleaning up neutron floatingip objects
2019-07-11 08:46:13.423 22703 RALLYDEBUG rally_openstack.cleanup.manager [-] Cleaning up neutron port objects
2019-07-11 08:46:14.640 22703 RALLYDEBUG rally_openstack.cleanup.manager [-] Cleaning up neutron subnet objects
2019-07-11 08:46:15.400 22703 RALLYDEBUG rally_openstack.cleanup.manager [-] Cleaning up neutron network objects
2019-07-11 08:46:16.326 22703 RALLYDEBUG rally_openstack.cleanup.manager [-] Deleting neutron.network object s_rally_8b3e8afb_8O1sjLtt (0099a86d-e0cb-4687-a423-02fabc3bfdeb)
2019-07-11 08:46:16.333 22703 RALLYDEBUG rally_openstack.cleanup.manager [-] Deleting neutron.network object s_rally_8b3e8afb_yh13Kxjs (04082702-7134-4776-97ea-fd1a8b45fc29)
2019-07-11 08:46:16.342 22703 RALLYDEBUG rally_openstack.cleanup.manager [-] Deleting neutron.network object s_rally_8b3e8afb_ne8WrhuZ (0a6c0b5b-4494-4f34-9b74-ad505820e0ba)
2019-07-11 08:46:16.346 22703 RALLYDEBUG rally_openstack.cleanup.manager [-] Deleting neutron.network object s_rally_8b3e8afb_7bIn8WHt (0acc1b7f-9ae0-4fa4-bd37-aac84e395599)
2019-07-11 08:46:16.364 22703 RALLYDEBUG rally_openstack.cleanup.manager [-] Deleting neutron.network object s_rally_8b3e8afb_3yvAeWAI (0e06380d-da88-4021-86c7-af373fa60fb1)
2019-07-11 08:46:16.371 22703 RALLYDEBUG rally_openstack.cleanup.manager [-] Deleting neutron.network object s_rally_8b3e8afb_Urm5qkvz (0fa51d50-8324-4233-8ea6-8bb2c5851da2)
2019-07-11 08:46:16.381 22703 RALLYDEBUG rally_openstack.cleanup.manager [-] Deleting neutron.network object s_rally_8b3e8afb_3XCz9zRx (10465431-3b86-4ff6-8741-354abf8725b3)
2019-07-11 08:46:16.395 22703 RALLYDEBUG rally_openstack.cleanup.manager [-] Deleting neutron.network object s_rally_8b3e8afb_cHPqWBte (114fd964-bb6a-4bb1-be97-ba05f32f5714)
2019-07-11 08:46:16.412 22703 RALLYDEBUG rally_openstack.cleanup.manager [-] Deleting neutron.network object s_rally_8b3e8afb_SnaoiRg8 (175fc927-5f43-47e4-9008-4f800bc9854e)
2019-07-11 08:46:16.424 22703 RALLYDEBUG rally_openstack.cleanup.manager [-] Deleting neutron.network object s_rally_8b3e8afb_miNQPjzo (1148ef2d-d7f5-43e4-aff9-9b5638f6a995)
2019-07-11 08:46:16.430 22703 RALLYDEBUG rally_openstack.cleanup.manager [-] Deleting neutron.network object s_rally_8b3e8afb_CwlRm16q (17b76684-3c32-4e42-b398-1de67fee26e6)
2019-07-11 08:46:16.445 22703 RALLYDEBUG rally_openstack.cleanup.manager [-] Deleting neutron.network object s_rally_8b3e8afb_NTMVOkOC (1a92181a-dc0d-4745-b0ba-ad09db4de25b)
2019-07-11 08:46:16.447 22703 RALLYDEBUG rally_openstack.cleanup.manager [-] Deleting neutron.network object s_rally_8b3e8afb_zeX3ekIZ (19430584-5ba3-425d-b302-b5b2ed726113)
2019-07-11 08:46:16.469 22703 RALLYDEBUG rally_openstack.cleanup.manager [-] Deleting neutron.network object s_rally_8b3e8afb_vdeagk3c (1c5858d2-cc9c-48cd-9b2d-f46bbad0af56)
2019-07-11 08:46:16.477 22703 RALLYDEBUG rally_openstack.cleanup.manager [-] Deleting neutron.network object s_rally_8b3e8afb_xUtnHJEG (1e229c64-ad0e-4e15-b280-0407c4ea4b94)
2019-07-11 08:46:16.488 22703 RALLYDEBUG rally_openstack.cleanup.manager [-] Deleting neutron.network object s_rally_8b3e8afb_unuXtZi9 (1eed8c98-c9b8-4c4a-9c0a-db23ad2ac99a)
2019-07-11 08:46:16.512 22703 RALLYDEBUG rally_openstack.cleanup.manager [-] Deleting neutron.network object s_rally_8b3e8afb_RZpr4TFP (28913dd7-f058-413d-8d66-366918627343)
2019-07-11 08:46:16.522 22703 RALLYDEBUG rally_openstack.cleanup.manager [-] Deleting neutron.network object s_rally_8b3e8afb_YAgWe5hX (220f83de-8cdb-45a7-8858-22f6c8f8ab9c)
2019-07-11 08:46:16.530 22703 RALLYDEBUG rally_openstack.cleanup.manager [-] Deleting neutron.network object s_rally_8b3e8afb_7sEahUvU (2ce2add2-b468-428f-9afd-925d3a37312f)
2019-07-11 08:46:16.537 22703 RALLYDEBUG rally_openstack.cleanup.manager [-] Deleting neutron.network object s_rally_8b3e8afb_y8toKQyN (2e3d053c-d1ec-4d26-ab99-ba80dd8dbd46)
2019-07-11 08:46:20.251 22703 RALLYDEBUG rally_openstack.cleanup.manager [-] Deleting neutron.network object s_rally_8b3e8afb_3PzUpjNT (2ff1b9a2-595a-4790-95ac-09d868aecbf3)
2019-07-11 08:46:20.260 22703 RALLYDEBUG rally_openstack.cleanup.manager [-] Deleting neutron.network object s_rally_8b3e8afb_m4fVKpUQ (3168bb83-af57-420c-8241-67df72a75ecf)
2019-07-11 08:46:20.300 22703 RALLYDEBUG rally_openstack.cleanup.manager [-] Deleting neutron.network object s_rally_8b3e8afb_I663TJqT (3c1728f9-de47-43ae-bc7f-ae5fd6514925)
2019-07-11 08:46:20.316 22703 RALLYDEBUG rally_openstack.cleanup.manager [-] Deleting neutron.network object s_rally_8b3e8afb_tKCwFiYN (3d2e742e-d09b-4272-9959-cd99b494fab9)
2019-07-11 08:46:20.384 22703 RALLYDEBUG rally_openstack.cleanup.manager [-] Deleting neutron.network object s_rally_8b3e8afb_9LOIWO46 (3f3e4508-175e-478f-ab0a-dc14d75c9068)
2019-07-11 08:46:20.438 22703 RALLYDEBUG rally_openstack.cleanup.manager [-] Deleting neutron.network object s_rally_8b3e8afb_nhp4tgm8 (4320ba8d-7a83-4469-a7b6-d0368bbf1483)
2019-07-11 08:46:20.469 22703 RALLYDEBUG rally_openstack.cleanup.manager [-] Deleting neutron.network object s_rally_8b3e8afb_wrEutT3y (43f6b8c5-893d-4159-a9da-42845befbd8b)
2019-07-11 08:46:21.028 22703 RALLYDEBUG rally_openstack.cleanup.manager [-] Deleting neutron.network object s_rally_8b3e8afb_xkJfYXp4 (4839d5bb-9bb6-4b9e-a25e-da3270d7380d)
2019-07-11 08:46:21.120 22703 RALLYDEBUG rally_openstack.cleanup.manager [-] Deleting neutron.network object s_rally_8b3e8afb_RA3MCSvS (4b1d0d91-6f9e-44f9-a969-b5134076e72e)
2019-07-11 08:46:21.136 22703 RALLYDEBUG rally_openstack.cleanup.manager [-] Deleting neutron.network object s_rally_8b3e8afb_nhYIr7uo (4bc94601-6be3-4c89-9f54-770c84be35b0)
2019-07-11 08:46:21.164 22703 RALLYDEBUG rally_openstack.cleanup.manager [-] Deleting neutron.network object s_rally_8b3e8afb_aGcBfjPr (4c47f9f3-6974-471e-9d1d-9d92911a22fa)
2019-07-11 08:46:21.213 22703 RALLYDEBUG rally_openstack.cleanup.manager [-] Deleting neutron.network object s_rally_8b3e8afb_nXuY1c6Q (4c526416-afdf-4591-be69-179ecb5175c1)
2019-07-11 08:46:21.240 22703 RALLYDEBUG rally_openstack.cleanup.manager [-] Deleting neutron.network object s_rally_8b3e8afb_bH5whpao (52f5798a-e85b-46dd-8a7f-ef12f6f1a1e8)
2019-07-11 08:46:21.298 22703 RALLYDEBUG rally_openstack.cleanup.manager [-] Deleting neutron.network object s_rally_8b3e8afb_QFASAUFt (54493dc7-11f7-4b88-85f2-585afa6f3e49)
2019-07-11 08:46:21.326 22703 RALLYDEBUG rally_openstack.cleanup.manager [-] Deleting neutron.network object s_rally_8b3e8afb_LEtJp724 (5459cf8f-380a-47da-867e-dff9d7b1824f)
2019-07-11 08:46:21.341 22703 RALLYDEBUG rally_openstack.cleanup.manager [-] Deleting neutron.network object s_rally_8b3e8afb_4tIAwROQ (582580ca-de9b-4866-8560-3c8dfba7fbea)
2019-07-11 08:46:21.392 22703 RALLYDEBUG rally_openstack.cleanup.manager [-] Deleting neutron.network object s_rally_8b3e8afb_u4fE7TS2 (5c89fe0f-6034-40b0-b783-5ee91df8700b)
2019-07-11 08:46:22.529 22703 RALLYDEBUG rally_openstack.cleanup.manager [-] Deleting neutron.network object s_rally_8b3e8afb_EQHgHGUU (5d84cf6b-4849-4020-a000-571ee32bf0f7)
2019-07-11 08:46:22.534 22703 RALLYDEBUG rally_openstack.cleanup.manager [-] Deleting neutron.network object s_rally_8b3e8afb_uUV42MxK (614b9349-52ff-4023-9284-649bf9d43a30)
2019-07-11 08:46:22.575 22703 RALLYDEBUG rally_openstack.cleanup.manager [-] Deleting neutron.network object s_rally_8b3e8afb_95ABsrQT (651640d8-1c5a-4397-b659-8dda23521c26)
2019-07-11 08:46:23.737 22703 RALLYDEBUG rally_openstack.cleanup.manager [-] Deleting neutron.network object s_rally_8b3e8afb_goltf9gT (68fec6db-d220-47c5-8a55-507c23e7debf)
2019-07-11 08:46:23.758 22703 RALLYDEBUG rally_openstack.cleanup.manager [-] Deleting neutron.network object s_rally_8b3e8afb_K9fU25Ka (69b19637-84bd-4aac-8c15-d48fce5e17bd)
2019-07-11 08:46:23.797 22703 RALLYDEBUG rally_openstack.cleanup.manager [-] Deleting neutron.network object s_rally_8b3e8afb_qpJvCk8B (6e01c36c-3380-4747-9db9-f8133ed4edea)
2019-07-11 08:46:23.878 22703 RALLYDEBUG rally_openstack.cleanup.manager [-] Deleting neutron.network object s_rally_8b3e8afb_NkIIxAmo (7067a158-58fd-47f1-864b-b0270475a0bf)
2019-07-11 08:46:24.466 22703 RALLYDEBUG rally_openstack.cleanup.manager [-] Deleting neutron.network object s_rally_8b3e8afb_n5y42hv9 (7176ce68-a2a2-4cc4-9f18-10ea72959919)
2019-07-11 08:46:24.563 22703 RALLYDEBUG rally_openstack.cleanup.manager [-] Deleting neutron.network object s_rally_8b3e8afb_n2ptHIRP (719d897b-38a0-49bd-b8a4-26f793437944)
2019-07-11 08:46:24.615 22703 RALLYDEBUG rally_openstack.cleanup.manager [-] Deleting neutron.network object s_rally_8b3e8afb_tUr6SKdS (74e4c25b-3799-4d7d-96bf-a491fa9b2ccd)
2019-07-11 08:46:24.700 22703 RALLYDEBUG rally_openstack.cleanup.manager [-] Deleting neutron.network object s_rally_8b3e8afb_hZCN6opd (751d974b-e240-4442-ad9a-f8e0e3f0cced)
2019-07-11 08:46:24.831 22703 RALLYDEBUG rally_openstack.cleanup.manager [-] Deleting neutron.network object s_rally_8b3e8afb_B7L2kCx7 (79769bb5-31ca-498b-848b-5fc4a9a09da7)
2019-07-11 08:46:24.862 22703 RALLYDEBUG rally_openstack.cleanup.manager [-] Deleting neutron.network object s_rally_8b3e8afb_4jdpo8ZL (7ca4241b-c32a-4097-9632-01f398cba084)
2019-07-11 08:46:24.908 22703 RALLYDEBUG rally_openstack.cleanup.manager [-] Deleting neutron.network object s_rally_8b3e8afb_H6qKBlsk (7d21d377-9f07-4887-a03c-906c09aaca27)
2019-07-11 08:46:24.933 22703 RALLYDEBUG rally_openstack.cleanup.manager [-] Deleting neutron.network object s_rally_8b3e8afb_VAOsyTAS (80a8deff-71a7-4a6f-8530-24703e8ce4d8)
2019-07-11 08:46:24.990 22703 RALLYDEBUG rally_openstack.cleanup.manager [-] Deleting neutron.network object s_rally_8b3e8afb_DWyH6f75 (82311f36-a18d-4d5e-932b-661c3127db3b)
2019-07-11 08:46:25.074 22703 RALLYDEBUG rally_openstack.cleanup.manager [-] Deleting neutron.network object s_rally_8b3e8afb_ff27QLpQ (85a50484-12e7-4142-a9de-86602e599651)
2019-07-11 08:46:25.119 22703 RALLYDEBUG rally_openstack.cleanup.manager [-] Deleting neutron.network object s_rally_8b3e8afb_BtxZzh1N (873f63e3-855e-4580-8313-80946ed3e303)
2019-07-11 08:46:25.620 22703 RALLYDEBUG rally_openstack.cleanup.manager [-] Deleting neutron.network object s_rally_8b3e8afb_UVaOhbBm (87758473-b67b-4a35-bb09-06fc308e352b)
2019-07-11 08:46:25.847 22703 RALLYDEBUG rally_openstack.cleanup.manager [-] Deleting neutron.network object s_rally_8b3e8afb_X6ARwNG6 (89c4eccd-f374-48a1-aac2-3fad8e2ed741)
2019-07-11 08:46:25.999 22703 RALLYDEBUG rally_openstack.cleanup.manager [-] Deleting neutron.network object s_rally_8b3e8afb_7gHc5u8v (8adea5b9-45e4-4294-80ce-3f0e394ca1b9)
2019-07-11 08:46:26.030 22703 RALLYDEBUG rally_openstack.cleanup.manager [-] Deleting neutron.network object s_rally_8b3e8afb_cO3P3Y6q (998c8e1a-7232-454b-b6d4-fdf42484a998)
2019-07-11 08:46:26.030 22703 RALLYDEBUG rally_openstack.cleanup.manager [-] Deleting neutron.network object s_rally_8b3e8afb_u6RYCSrF (8f6591df-e478-4d5d-90bf-5fda07aced82)
2019-07-11 08:46:26.774 22703 RALLYDEBUG rally_openstack.cleanup.manager [-] Deleting neutron.network object s_rally_8b3e8afb_646xdx8x (9a3a3211-9d7e-4d8d-8329-edbe49025975)
2019-07-11 08:46:27.073 22703 RALLYDEBUG rally_openstack.cleanup.manager [-] Deleting neutron.network object s_rally_8b3e8afb_K84NOMKr (a115de49-3ad1-4b4b-995c-0fd5446daa12)
2019-07-11 08:46:27.966 22703 RALLYDEBUG rally_openstack.cleanup.manager [-] Deleting neutron.network object s_rally_8b3e8afb_Uufs91kL (a21a2b8c-15f2-4b1d-a23a-1d3bb1084f38)
2019-07-11 08:46:28.213 22703 RALLYDEBUG rally_openstack.cleanup.manager [-] Deleting neutron.network object s_rally_8b3e8afb_94XoIzGH (a5287300-afe7-4aed-9cd2-06d09fa0f89e)
2019-07-11 08:46:28.251 22703 RALLYDEBUG rally_openstack.cleanup.manager [-] Deleting neutron.network object s_rally_8b3e8afb_r8sVqnma (a71c9016-6af8-49ed-a7d1-ff0eeed886aa)
2019-07-11 08:46:28.370 22703 RALLYDEBUG rally_openstack.cleanup.manager [-] Deleting neutron.network object s_rally_8b3e8afb_4ZRTJrjn (ab64dee1-3c12-46f7-b594-0fdc1715a1c1)
2019-07-11 08:46:28.375 22703 RALLYDEBUG rally_openstack.cleanup.manager [-] Deleting neutron.network object s_rally_8b3e8afb_gwx8RQZe (af531293-cdef-47d8-ace4-6df6458b0aeb)
2019-07-11 08:46:28.405 22703 RALLYDEBUG rally_openstack.cleanup.manager [-] Deleting neutron.network object s_rally_8b3e8afb_okZ0cdTv (afed1c32-7125-4bd0-b90d-bc348d0828d7)
2019-07-11 08:46:28.405 22703 RALLYDEBUG rally_openstack.cleanup.manager [-] Deleting neutron.network object s_rally_8b3e8afb_TSQrV5TH (b204f755-2f31-498d-9d7f-ba80d0484891)
2019-07-11 08:46:28.538 22703 RALLYDEBUG rally_openstack.cleanup.manager [-] Deleting neutron.network object s_rally_8b3e8afb_IiCDMaVh (b2876247-aa39-49ef-b3b3-6056960d2195)
2019-07-11 08:46:28.666 22703 RALLYDEBUG rally_openstack.cleanup.manager [-] Deleting neutron.network object s_rally_8b3e8afb_nXRfwex4 (b3f7ae42-0938-419b-adaf-7bafae8918d5)
2019-07-11 08:46:28.782 22703 RALLYDEBUG rally_openstack.cleanup.manager [-] Deleting neutron.network object s_rally_8b3e8afb_ZKOPKPRp (b4a06e18-9345-456e-8f59-91ef652fbf2e)
2019-07-11 08:46:28.797 22703 RALLYDEBUG rally_openstack.cleanup.manager [-] Deleting neutron.network object s_rally_8b3e8afb_ezFstyRI (b506ee8b-47dd-478a-8a17-8356b3cc087d)
2019-07-11 08:46:29.153 22703 RALLYDEBUG rally_openstack.cleanup.manager [-] Deleting neutron.network object s_rally_8b3e8afb_p81sF6mX (b6c69cf6-c3eb-451a-8901-d5c0837c0125)
2019-07-11 08:46:29.201 22703 RALLYDEBUG rally_openstack.cleanup.manager [-] Deleting neutron.network object s_rally_8b3e8afb_ZhbqzJ1h (b6ff683b-bcd8-4739-b93f-b719e38781bf)
2019-07-11 08:46:29.251 22703 RALLYDEBUG rally_openstack.cleanup.manager [-] Deleting neutron.network object s_rally_8b3e8afb_mmL7a2kA (ba1a07ea-275e-41ed-8af8-5484b17b1c8d)
2019-07-11 08:46:29.342 22703 RALLYDEBUG rally_openstack.cleanup.manager [-] Deleting neutron.network object s_rally_8b3e8afb_BSspxAUD (bc2e2322-e0b5-4dc8-af0b-c0cadc9d06a7)
2019-07-11 08:46:29.442 22703 RALLYDEBUG rally_openstack.cleanup.manager [-] Deleting neutron.network object s_rally_8b3e8afb_5EMdHVFW (bffb349d-449d-4b46-a13c-9151954c1a0c)
2019-07-11 08:46:29.443 22703 RALLYDEBUG rally_openstack.cleanup.manager [-] Deleting neutron.network object s_rally_8b3e8afb_op4F1YAe (c0fa06d8-f690-4e0a-93a9-a02f9579b405)
2019-07-11 08:46:29.614 22703 RALLYDEBUG rally_openstack.cleanup.manager [-] Deleting neutron.network object s_rally_8b3e8afb_vqYf70Ln (c69a103c-267a-4764-a088-1d259d277203)
2019-07-11 08:46:30.164 22703 RALLYDEBUG rally_openstack.cleanup.manager [-] Deleting neutron.network object s_rally_8b3e8afb_bM63Q8G5 (c9126b1f-1bda-436d-ae3b-ad4f87b8bf94)
2019-07-11 08:46:30.478 22703 RALLYDEBUG rally_openstack.cleanup.manager [-] Deleting neutron.network object s_rally_8b3e8afb_SUCSA6Wo (cbb23230-4c10-4a44-8ed7-cd6d022edaaf)
2019-07-11 08:46:31.381 22703 RALLYDEBUG rally_openstack.cleanup.manager [-] Deleting neutron.network object s_rally_8b3e8afb_5zuj1kVe (cc4f4b95-09cf-47ce-bed6-a7c3c5fff85f)
2019-07-11 08:46:31.440 22703 RALLYDEBUG rally_openstack.cleanup.manager [-] Deleting neutron.network object s_rally_8b3e8afb_tZmYzQXu (cd6e6ff2-a3a8-4dd1-a2ee-fd696998a516)
2019-07-11 08:46:31.609 22703 RALLYDEBUG rally_openstack.cleanup.manager [-] Deleting neutron.network object s_rally_8b3e8afb_umoSBsvq (cdca5a14-8cba-4b3f-bd32-e425f584346d)
2019-07-11 08:46:31.774 22703 RALLYDEBUG rally_openstack.cleanup.manager [-] Deleting neutron.network object s_rally_8b3e8afb_hTYRUpQT (ce540158-f1bb-4755-a012-dfbbd9d4bb26)
2019-07-11 08:46:31.877 22703 RALLYDEBUG rally_openstack.cleanup.manager [-] Deleting neutron.network object s_rally_8b3e8afb_1429xiMk (d14ed540-ae4f-407f-a75c-57182c501ca2)
2019-07-11 08:46:31.899 22703 RALLYDEBUG rally_openstack.cleanup.manager [-] Deleting neutron.network object s_rally_8b3e8afb_K49Z3mDS (d29aa5ab-70c2-4ac1-8091-14df026a0f25)
2019-07-11 08:46:31.909 22703 RALLYDEBUG rally_openstack.cleanup.manager [-] Deleting neutron.network object s_rally_8b3e8afb_bOL8J9di (d6fa5476-867a-4ac6-b488-06b33ebaf864)
2019-07-11 08:46:32.053 22703 RALLYDEBUG rally_openstack.cleanup.manager [-] Deleting neutron.network object s_rally_8b3e8afb_vYXUVCL5 (dfcb174f-ed80-4385-8987-9de8916947f3)
2019-07-11 08:46:32.074 22703 RALLYDEBUG rally_openstack.cleanup.manager [-] Deleting neutron.network object s_rally_8b3e8afb_eliZ09oz (e2da95f8-4c9f-4c92-a3b8-de431fcb5bbd)
2019-07-11 08:46:32.125 22703 RALLYDEBUG rally_openstack.cleanup.manager [-] Deleting neutron.network object s_rally_8b3e8afb_WyrJKwNK (e6fc04f1-2b10-4f81-8fa6-b1d7efab48a1)
2019-07-11 08:46:32.297 22703 RALLYDEBUG rally_openstack.cleanup.manager [-] Deleting neutron.network object s_rally_8b3e8afb_zOavbDzd (e7909544-f93e-4429-a0d8-3f73eb5f1344)
2019-07-11 08:46:32.373 22703 RALLYDEBUG rally_openstack.cleanup.manager [-] Deleting neutron.network object s_rally_8b3e8afb_4o1vQBHY (ec8a0b37-24d5-46f1-b38a-657d4d3cb584)
2019-07-11 08:46:32.590 22703 RALLYDEBUG rally_openstack.cleanup.manager [-] Deleting neutron.network object s_rally_8b3e8afb_x4bgULg4 (ee00923d-de30-4c9a-8549-2fb9d79c9d66)
2019-07-11 08:46:32.719 22703 RALLYDEBUG rally_openstack.cleanup.manager [-] Deleting neutron.network object s_rally_8b3e8afb_kfsUpTUT (efe5d96d-7707-4394-b6dc-650bd58a6a22)
