2019-07-11 07:10:36.486 3967 RALLYDEBUG rally.task.utils [-] Waiting for resource s_rally_f28e8281_qoHHVGtQ. Status changed: AVAILABLE => DELETING in 0.32819890976
2019-07-11 07:10:36.575 3966 RALLYDEBUG rally.task.utils [-] Waiting for resource s_rally_f28e8281_g7uI2bBB. Status changed: AVAILABLE => DELETING in 0.311054944992
2019-07-11 07:10:37.952 3968 INFO rally.task.runner [-] Task 9593b25f-c060-471c-84b6-2debf5da9d5d | ITER: 3 END: OK
2019-07-11 07:10:37.958 3968 INFO rally.task.runner [-] Task 9593b25f-c060-471c-84b6-2debf5da9d5d | ITER: 5 START
2019-07-11 07:10:38.609 3966 INFO rally.task.runner [-] Task 9593b25f-c060-471c-84b6-2debf5da9d5d | ITER: 1 END: OK
2019-07-11 07:10:38.615 3966 INFO rally.task.runner [-] Task 9593b25f-c060-471c-84b6-2debf5da9d5d | ITER: 6 START
2019-07-11 07:10:38.650 3969 INFO rally.task.runner [-] Task 9593b25f-c060-471c-84b6-2debf5da9d5d | ITER: 4 END: OK
2019-07-11 07:10:38.655 3969 INFO rally.task.runner [-] Task 9593b25f-c060-471c-84b6-2debf5da9d5d | ITER: 7 START
2019-07-11 07:10:38.800 3967 INFO rally.task.runner [-] Task 9593b25f-c060-471c-84b6-2debf5da9d5d | ITER: 2 END: OK
2019-07-11 07:10:38.806 3967 INFO rally.task.runner [-] Task 9593b25f-c060-471c-84b6-2debf5da9d5d | ITER: 8 START
2019-07-11 07:10:41.806 3968 RALLYDEBUG rally.task.utils [-] Waiting for resource s_rally_f28e8281_9W47eesq. Status changed: AVAILABLE => DELETING in 0.291010856628
2019-07-11 07:10:42.490 3969 RALLYDEBUG rally.task.utils [-] Waiting for resource s_rally_f28e8281_txm8G5r0. Status changed: AVAILABLE => DELETING in 0.320557117462
2019-07-11 07:10:42.914 3966 RALLYDEBUG rally.task.utils [-] Waiting for resource s_rally_f28e8281_8lXNuQOR. Status changed: AVAILABLE => DELETING in 0.319852113724
2019-07-11 07:10:42.927 3967 RALLYDEBUG rally.task.utils [-] Waiting for resource s_rally_f28e8281_Bue1JgSx. Status changed: AVAILABLE => DELETING in 0.298895120621
2019-07-11 07:10:44.036 3968 INFO rally.task.runner [-] Task 9593b25f-c060-471c-84b6-2debf5da9d5d | ITER: 5 END: OK
2019-07-11 07:10:44.042 3968 INFO rally.task.runner [-] Task 9593b25f-c060-471c-84b6-2debf5da9d5d | ITER: 9 START
2019-07-11 07:10:44.810 3969 INFO rally.task.runner [-] Task 9593b25f-c060-471c-84b6-2debf5da9d5d | ITER: 7 END: OK
2019-07-11 07:10:44.814 3969 INFO rally.task.runner [-] Task 9593b25f-c060-471c-84b6-2debf5da9d5d | ITER: 10 START
2019-07-11 07:10:45.223 3967 INFO rally.task.runner [-] Task 9593b25f-c060-471c-84b6-2debf5da9d5d | ITER: 8 END: OK
2019-07-11 07:10:45.243 3966 INFO rally.task.runner [-] Task 9593b25f-c060-471c-84b6-2debf5da9d5d | ITER: 6 END: OK
2019-07-11 07:10:48.087 3968 RALLYDEBUG rally.task.utils [-] Waiting for resource s_rally_f28e8281_viNM3px1. Status changed: AVAILABLE => DELETING in 0.301872014999
2019-07-11 07:10:48.685 3969 RALLYDEBUG rally.task.utils [-] Waiting for resource s_rally_f28e8281_WdDkN3uc. Status changed: AVAILABLE => DELETING in 0.222885847092
2019-07-11 07:10:50.113 3968 INFO rally.task.runner [-] Task 9593b25f-c060-471c-84b6-2debf5da9d5d | ITER: 9 END: OK
2019-07-11 07:10:50.919 3969 INFO rally.task.runner [-] Task 9593b25f-c060-471c-84b6-2debf5da9d5d | ITER: 10 END: OK
2019-07-11 07:10:50.943 1842 INFO rally.task.context [-] Task 9593b25f-c060-471c-84b6-2debf5da9d5d | Context cleanup@openstack cleanup() started
2019-07-11 07:10:50.945 1842 RALLYDEBUG rally_openstack.cleanup.manager [-] Cleaning up cinder backups objects
2019-07-11 07:10:52.982 1842 RALLYDEBUG rally_openstack.cleanup.manager [-] Cleaning up cinder volume_snapshots objects
2019-07-11 07:10:55.231 1842 RALLYDEBUG rally_openstack.cleanup.manager [-] Cleaning up cinder transfers objects
2019-07-11 07:10:57.388 1842 RALLYDEBUG rally_openstack.cleanup.manager [-] Cleaning up cinder volumes objects
2019-07-11 07:10:59.613 1842 INFO rally.task.context [-] Task 9593b25f-c060-471c-84b6-2debf5da9d5d | Context cleanup@openstack cleanup() finished in 8.67 sec
2019-07-11 07:10:59.614 1842 INFO rally.task.context [-] Task 9593b25f-c060-471c-84b6-2debf5da9d5d | Context volumes@openstack cleanup() started
2019-07-11 07:10:59.614 1842 RALLYDEBUG rally_openstack.cleanup.manager [-] Cleaning up cinder volumes objects
2019-07-11 07:11:01.942 1842 RALLYDEBUG rally_openstack.cleanup.manager [-] Deleting cinder.volumes object c_rally_f28e8281_ibvVzwx0 (d5bdd9bb-31d6-4899-9fef-32c63cc3d830)
2019-07-11 07:11:01.942 1842 RALLYDEBUG rally_openstack.cleanup.manager [-] Deleting cinder.volumes object c_rally_f28e8281_cmnjkGto (ce1453b2-f234-4850-a026-28fabbe3f57a)
2019-07-11 07:11:01.954 1842 RALLYDEBUG rally_openstack.cleanup.manager [-] Deleting cinder.volumes object c_rally_f28e8281_0UrshlQv (55e9c044-dc05-44c6-8301-2eca051db27d)
2019-07-11 07:11:05.452 1842 INFO rally.task.context [-] Task 9593b25f-c060-471c-84b6-2debf5da9d5d | Context volumes@openstack cleanup() finished in 5.84 sec
2019-07-11 07:11:05.452 1842 INFO rally.task.context [-] Task 9593b25f-c060-471c-84b6-2debf5da9d5d | Context quotas@openstack cleanup() started
2019-07-11 07:11:06.457 1842 INFO rally.task.context [-] Task 9593b25f-c060-471c-84b6-2debf5da9d5d | Context quotas@openstack cleanup() finished in 1.01 sec
2019-07-11 07:11:06.458 1842 INFO rally.task.context [-] Task 9593b25f-c060-471c-84b6-2debf5da9d5d | Context api_versions@openstack cleanup() started
2019-07-11 07:11:06.458 1842 INFO rally.task.context [-] Task 9593b25f-c060-471c-84b6-2debf5da9d5d | Context api_versions@openstack cleanup() finished in 0.34 msec
2019-07-11 07:11:06.459 1842 INFO rally.task.context [-] Task 9593b25f-c060-471c-84b6-2debf5da9d5d | Context users@openstack cleanup() started
2019-07-11 07:11:15.018 1842 INFO rally.task.context [-] Task 9593b25f-c060-471c-84b6-2debf5da9d5d | Context users@openstack cleanup() finished in 8.56 sec
2019-07-11 07:11:16.278 1842 INFO rally.task.engine [-] Load duration is: 18.696079
2019-07-11 07:11:16.279 1842 INFO rally.task.engine [-] Full runner duration is: 18.746474
2019-07-11 07:11:16.279 1842 INFO rally.task.engine [-] Full duration is: 61.009049
2019-07-11 07:11:16.523 1842 INFO rally.task.engine [-] Running workload: position = 0 config = { "version": 2, "title": "A cropped version of a bigger task.", "description": "Auto-generated task from a single workload (uuid=c4b709df-6202-462c-a73c-87468a8049de)", "subtasks": [ { "title": "CinderVolumes.create_and_delete_volume", "description": "Create and then delete a volume.", "scenario": { "CinderVolumes.create_and_delete_volume": { "size": { "max": 1, "min": 1 } } }, "contexts": { "users": { "tenants": 3, "users_per_tenant": 2 }, "quotas": { "cinder": { "gigabytes": -1, "snapshots": -1, "volumes": -1 } }, "api_versions": { "cinder": { "version": 3, "service_type": "volumev3" } } }, "runner": { "constant": { "concurrency": 4, "times": 10 } }, "hooks": [], "sla": { "failure_rate": { "max": 0 } } } ] }
2019-07-11 07:11:16.549 1842 RALLYDEBUG rally_openstack.contexts.keystone.users [-] Creating 3 tenants using 20 threads
2019-07-11 07:11:18.539 1842 RALLYDEBUG rally_openstack.contexts.keystone.users [-] Creating 6 users using 20 threads
2019-07-11 07:11:21.537 1842 INFO rally.task.context [-] Task 9593b25f-c060-471c-84b6-2debf5da9d5d | Context users@openstack setup() finished in 4.99 sec
2019-07-11 07:11:21.970 1842 INFO rally.task.context [-] Task 9593b25f-c060-471c-84b6-2debf5da9d5d | Context api_versions@openstack setup() finished in 0.43 sec
2019-07-11 07:11:23.735 1842 INFO rally.task.context [-] Task 9593b25f-c060-471c-84b6-2debf5da9d5d | Context quotas@openstack setup() finished in 1.76 sec
2019-07-11 07:11:23.735 1842 INFO rally.task.context [-] Task 9593b25f-c060-471c-84b6-2debf5da9d5d | Context cleanup@openstack setup() finished in 0.01 msec
2019-07-11 07:11:23.743 1842 RALLYDEBUG rally.task.runner [-] Starting the constant runner (task UUID: 9593b25f-c060-471c-84b6-2debf5da9d5d). timeout: 0 concurrency: 4 concurrency_per_worker: 1 times: 10 concurrency_overhead: 0 processes_to_start: 4 max_cpu_used: 16
2019-07-11 07:11:23.756 4170 RALLYDEBUG rally.task.runner [-] Starting a worker. concurrency: 1 args: {"size": {"max": 1, "min": 1}} times: 10 method_name: run timeout: 0 duration: None cls:
2019-07-11 07:11:23.759 4171 RALLYDEBUG rally.task.runner [-] Starting a worker. concurrency: 1 args: {"size": {"max": 1, "min": 1}} times: 10 method_name: run timeout: 0 duration: None cls:
2019-07-11 07:11:23.762 4172 RALLYDEBUG rally.task.runner [-] Starting a worker. concurrency: 1 args: {"size": {"max": 1, "min": 1}} times: 10 method_name: run timeout: 0 duration: None cls:
2019-07-11 07:11:23.764 4170 INFO rally.task.runner [-] Task 9593b25f-c060-471c-84b6-2debf5da9d5d | ITER: 1 START
2019-07-11 07:11:23.765 4173 RALLYDEBUG rally.task.runner [-] Starting a worker. concurrency: 1 args: {"size": {"max": 1, "min": 1}} times: 10 method_name: run timeout: 0 duration: None cls:
2019-07-11 07:11:23.767 4171 INFO rally.task.runner [-] Task 9593b25f-c060-471c-84b6-2debf5da9d5d | ITER: 2 START
2019-07-11 07:11:23.770 4172 INFO rally.task.runner [-] Task 9593b25f-c060-471c-84b6-2debf5da9d5d | ITER: 3 START
2019-07-11 07:11:23.774 4173 INFO rally.task.runner [-] Task 9593b25f-c060-471c-84b6-2debf5da9d5d | ITER: 4 START
2019-07-11 07:11:28.023 4170 RALLYDEBUG rally.task.utils [-] Waiting for resource s_rally_c4b709df_ek45arGv. Status changed: AVAILABLE => DELETING in 0.399065971375
2019-07-11 07:11:28.109 4173 RALLYDEBUG rally.task.utils [-] Waiting for resource s_rally_c4b709df_2ATDnV4d. Status changed: AVAILABLE => DELETING in 0.375705003738
2019-07-11 07:11:28.149 4171 RALLYDEBUG rally.task.utils [-] Waiting for resource s_rally_c4b709df_tzA6MFUN. Status changed: AVAILABLE => DELETING in 0.0699489116669
2019-07-11 07:11:28.161 4172 RALLYDEBUG rally.task.utils [-] Waiting for resource s_rally_c4b709df_OMVR2UsM. Status changed: AVAILABLE => DELETING in 0.346221923828
2019-07-11 07:11:30.264 4170 INFO rally.task.runner [-] Task 9593b25f-c060-471c-84b6-2debf5da9d5d | ITER: 1 END: OK
2019-07-11 07:11:30.269 4170 INFO rally.task.runner [-] Task 9593b25f-c060-471c-84b6-2debf5da9d5d | ITER: 5 START
2019-07-11 07:11:30.340 4173 INFO rally.task.runner [-] Task 9593b25f-c060-471c-84b6-2debf5da9d5d | ITER: 4 END: OK
2019-07-11 07:11:30.346 4173 INFO rally.task.runner [-] Task 9593b25f-c060-471c-84b6-2debf5da9d5d | ITER: 6 START
2019-07-11 07:11:30.405 4172 INFO rally.task.runner [-] Task 9593b25f-c060-471c-84b6-2debf5da9d5d | ITER: 3 END: OK
2019-07-11 07:11:30.410 4172 INFO rally.task.runner [-] Task 9593b25f-c060-471c-84b6-2debf5da9d5d | ITER: 7 START
2019-07-11 07:11:30.465 4171 INFO rally.task.runner [-] Task 9593b25f-c060-471c-84b6-2debf5da9d5d | ITER: 2 END: OK
2019-07-11 07:11:30.470 4171 INFO rally.task.runner [-] Task 9593b25f-c060-471c-84b6-2debf5da9d5d | ITER: 8 START
2019-07-11 07:11:34.556 4173 RALLYDEBUG rally.task.utils [-] Waiting for resource s_rally_c4b709df_i2slGVKH. Status changed: AVAILABLE => DELETING in 0.341667890549
2019-07-11 07:11:34.656 4170 RALLYDEBUG rally.task.utils [-] Waiting for resource s_rally_c4b709df_nnR7rmAY. Status changed: AVAILABLE => DELETING in 0.342288970947
2019-07-11 07:11:34.930 4172 RALLYDEBUG rally.task.utils [-] Waiting for resource s_rally_c4b709df_xZiTMcip. Status changed: AVAILABLE => DELETING in 0.323869943619
2019-07-11 07:11:34.992 4171 RALLYDEBUG rally.task.utils [-] Waiting for resource s_rally_c4b709df_BRJLhF7z. Status changed: AVAILABLE => DELETING in 0.35785317421
2019-07-11 07:11:36.596 4173 INFO rally.task.runner [-] Task 9593b25f-c060-471c-84b6-2debf5da9d5d | ITER: 6 END: OK
2019-07-11 07:11:36.601 4173 INFO rally.task.runner [-] Task 9593b25f-c060-471c-84b6-2debf5da9d5d | ITER: 9 START
2019-07-11 07:11:36.898 4170 INFO rally.task.runner [-] Task 9593b25f-c060-471c-84b6-2debf5da9d5d | ITER: 5 END: OK
2019-07-11 07:11:36.903 4170 INFO rally.task.runner [-] Task 9593b25f-c060-471c-84b6-2debf5da9d5d | ITER: 10 START
2019-07-11 07:11:37.235 4171 INFO rally.task.runner [-] Task 9593b25f-c060-471c-84b6-2debf5da9d5d | ITER: 8 END: OK
2019-07-11 07:11:37.244 4172 INFO rally.task.runner [-] Task 9593b25f-c060-471c-84b6-2debf5da9d5d | ITER: 7 END: OK
2019-07-11 07:11:40.991 4173 INFO rally.task.runner [-] Task 9593b25f-c060-471c-84b6-2debf5da9d5d | ITER: 9 END: OK
2019-07-11 07:11:41.279 4170 RALLYDEBUG rally.task.utils [-] Waiting for resource s_rally_c4b709df_34rn4orF. Status changed: AVAILABLE => DELETING in 0.346013069153
2019-07-11 07:11:43.599 4170 INFO rally.task.runner [-] Task 9593b25f-c060-471c-84b6-2debf5da9d5d | ITER: 10 END: OK
2019-07-11 07:11:43.620 1842 INFO rally.task.context [-] Task 9593b25f-c060-471c-84b6-2debf5da9d5d | Context cleanup@openstack cleanup() started
2019-07-11 07:11:43.622 1842 RALLYDEBUG rally_openstack.cleanup.manager [-] Cleaning up cinder backups objects
2019-07-11 07:11:46.026 1842 RALLYDEBUG rally_openstack.cleanup.manager [-] Cleaning up cinder volume_snapshots objects
2019-07-11 07:11:48.086 1842 RALLYDEBUG rally_openstack.cleanup.manager [-] Cleaning up cinder transfers objects
2019-07-11 07:11:50.207 1842 RALLYDEBUG rally_openstack.cleanup.manager [-] Cleaning up cinder volumes objects
2019-07-11 07:11:52.531 1842 INFO rally.task.context [-] Task 9593b25f-c060-471c-84b6-2debf5da9d5d | Context cleanup@openstack cleanup() finished in 8.91 sec
2019-07-11 07:11:52.532 1842 INFO rally.task.context [-] Task 9593b25f-c060-471c-84b6-2debf5da9d5d | Context quotas@openstack cleanup() started
2019-07-11 07:11:53.495 1842 INFO rally.task.context [-] Task 9593b25f-c060-471c-84b6-2debf5da9d5d | Context quotas@openstack cleanup() finished in 0.96 sec
2019-07-11 07:11:53.495 1842 INFO rally.task.context [-] Task 9593b25f-c060-471c-84b6-2debf5da9d5d | Context api_versions@openstack cleanup() started
2019-07-11 07:11:53.496 1842 INFO rally.task.context [-] Task 9593b25f-c060-471c-84b6-2debf5da9d5d | Context api_versions@openstack cleanup() finished in 0.32 msec
2019-07-11 07:11:53.496 1842 INFO rally.task.context [-] Task 9593b25f-c060-471c-84b6-2debf5da9d5d | Context users@openstack cleanup() started
2019-07-11 07:12:01.647 1842 INFO rally.task.context [-] Task 9593b25f-c060-471c-84b6-2debf5da9d5d | Context users@openstack cleanup() finished in 8.15 sec
2019-07-11 07:12:02.781 1842 INFO rally.task.engine [-] Load duration is: 19.831746
2019-07-11 07:12:02.781 1842 INFO rally.task.engine [-] Full runner duration is: 19.877537
2019-07-11 07:12:02.782 1842 INFO rally.task.engine [-] Full duration is: 45.103895
2019-07-11 07:12:02.948 1842 INFO rally.task.engine [-] Running workload: position = 1 config = { "version": 2, "title": "A cropped version of a bigger task.", "description": "Auto-generated task from a single workload (uuid=bcd6ddab-44b0-46d4-a1e8-57391c137012)", "subtasks": [ { "title": "CinderVolumes.create_and_delete_volume", "description": "Create and then delete a volume.", "scenario": { "CinderVolumes.create_and_delete_volume": { "image": { "name": "rally_full-img_1cf98648-884b-4a72-9826-1496760cc48a" }, "size": 1 } }, "contexts": { "users": { "tenants": 3, "users_per_tenant": 2 }, "quotas": { "cinder": { "gigabytes": -1, "snapshots": -1, "volumes": -1 } }, "api_versions": { "cinder": { "version": 3, "service_type": "volumev3" } } }, "runner": { "constant": { "concurrency": 4, "times": 10 } }, "hooks": [], "sla": { "failure_rate": { "max": 0 } } } ] }
2019-07-11 07:12:02.971 1842 RALLYDEBUG rally_openstack.contexts.keystone.users [-] Creating 3 tenants using 20 threads
2019-07-11 07:12:05.060 1842 RALLYDEBUG rally_openstack.contexts.keystone.users [-] Creating 6 users using 20 threads
2019-07-11 07:12:07.879 1842 INFO rally.task.context [-] Task 9593b25f-c060-471c-84b6-2debf5da9d5d | Context users@openstack setup() finished in 4.91 sec
2019-07-11 07:12:08.313 1842 INFO rally.task.context [-] Task 9593b25f-c060-471c-84b6-2debf5da9d5d | Context api_versions@openstack setup() finished in 0.43 sec
2019-07-11 07:12:10.100 1842 INFO rally.task.context [-] Task 9593b25f-c060-471c-84b6-2debf5da9d5d | Context quotas@openstack setup() finished in 1.79 sec
2019-07-11 07:12:10.101 1842 INFO rally.task.context [-] Task 9593b25f-c060-471c-84b6-2debf5da9d5d | Context cleanup@openstack setup() finished in 0.01 msec
2019-07-11 07:12:11.151 1842 RALLYDEBUG rally.task.runner [-] Starting the constant runner (task UUID: 9593b25f-c060-471c-84b6-2debf5da9d5d). timeout: 0 concurrency: 4 concurrency_per_worker: 1 times: 10 concurrency_overhead: 0 processes_to_start: 4 max_cpu_used: 16
2019-07-11 07:12:11.164 4354 RALLYDEBUG rally.task.runner [-] Starting a worker. concurrency: 1 args: {"image": "f1bb3d68-f2fb-4059-8fcc-5f196ca5b41e", "size": 1} times: 10 method_name: run timeout: 0 duration: None cls:
2019-07-11 07:12:11.167 4355 RALLYDEBUG rally.task.runner [-] Starting a worker. concurrency: 1 args: {"image": "f1bb3d68-f2fb-4059-8fcc-5f196ca5b41e", "size": 1} times: 10 method_name: run timeout: 0 duration: None cls:
2019-07-11 07:12:11.171 4356 RALLYDEBUG rally.task.runner [-] Starting a worker. concurrency: 1 args: {"image": "f1bb3d68-f2fb-4059-8fcc-5f196ca5b41e", "size": 1} times: 10 method_name: run timeout: 0 duration: None cls:
2019-07-11 07:12:11.172 4354 INFO rally.task.runner [-] Task 9593b25f-c060-471c-84b6-2debf5da9d5d | ITER: 1 START
2019-07-11 07:12:11.175 4355 INFO rally.task.runner [-] Task 9593b25f-c060-471c-84b6-2debf5da9d5d | ITER: 2 START
2019-07-11 07:12:11.175 4357 RALLYDEBUG rally.task.runner [-] Starting a worker. concurrency: 1 args: {"image": "f1bb3d68-f2fb-4059-8fcc-5f196ca5b41e", "size": 1} times: 10 method_name: run timeout: 0 duration: None cls:
2019-07-11 07:12:11.180 4356 INFO rally.task.runner [-] Task 9593b25f-c060-471c-84b6-2debf5da9d5d | ITER: 3 START
2019-07-11 07:12:11.183 4357 INFO rally.task.runner [-] Task 9593b25f-c060-471c-84b6-2debf5da9d5d | ITER: 4 START
2019-07-11 07:12:18.679 4356 RALLYDEBUG rally.task.utils [-] Waiting for resource s_rally_bcd6ddab_KATxrEe0. Status changed: CREATING => DOWNLOADING in 2.45546221733
2019-07-11 07:12:18.905 4357 RALLYDEBUG rally.task.utils [-] Waiting for resource s_rally_bcd6ddab_VGcBz2VG. Status changed: CREATING => DOWNLOADING in 3.02476286888
2019-07-11 07:12:23.966 4355 RALLYDEBUG rally.task.utils [-] Waiting for resource s_rally_bcd6ddab_M3Lvr130. Status changed: CREATING => DOWNLOADING in 7.79510617256
2019-07-11 07:12:26.258 4354 RALLYDEBUG rally.task.utils [-] Waiting for resource s_rally_bcd6ddab_UtZemEvA. Status changed: CREATING => DOWNLOADING in 9.69973397255
2019-07-11 07:12:30.345 4356 RALLYDEBUG rally.task.utils [-] Waiting for resource s_rally_bcd6ddab_KATxrEe0. Status changed: DOWNLOADING => AVAILABLE in 11.666176796
2019-07-11 07:12:30.521 4357 RALLYDEBUG rally.task.utils [-] Waiting for resource s_rally_bcd6ddab_VGcBz2VG. Status changed: DOWNLOADING => AVAILABLE in 11.6156830788
2019-07-11 07:12:30.862 4357 RALLYDEBUG rally.task.utils [-] Waiting for resource s_rally_bcd6ddab_VGcBz2VG. Status changed: AVAILABLE => DELETING in 0.0591549873352
2019-07-11 07:12:30.894 4355 RALLYDEBUG rally.task.utils [-] Waiting for resource s_rally_bcd6ddab_M3Lvr130. Status changed: DOWNLOADING => AVAILABLE in 6.92836785316
2019-07-11 07:12:31.054 4356 INFO rally.task.runner [-] Task 9593b25f-c060-471c-84b6-2debf5da9d5d | ITER: 3 END: OK
2019-07-11 07:12:31.059 4356 INFO rally.task.runner [-] Task 9593b25f-c060-471c-84b6-2debf5da9d5d | ITER: 5 START
2019-07-11 07:12:31.375 4355 RALLYDEBUG rally.task.utils [-] Waiting for resource s_rally_bcd6ddab_M3Lvr130. Status changed: AVAILABLE => DELETING in 0.0560429096222
2019-07-11 07:12:32.710 4354 RALLYDEBUG rally.task.utils [-] Waiting for resource s_rally_bcd6ddab_UtZemEvA. Status changed: DOWNLOADING => AVAILABLE in 6.45123004913
2019-07-11 07:12:32.903 4357 INFO rally.task.runner [-] Task 9593b25f-c060-471c-84b6-2debf5da9d5d | ITER: 4 END: OK
2019-07-11 07:12:32.907 4357 INFO rally.task.runner [-] Task 9593b25f-c060-471c-84b6-2debf5da9d5d | ITER: 6 START
2019-07-11 07:12:33.037 4354 RALLYDEBUG rally.task.utils [-] Waiting for resource s_rally_bcd6ddab_UtZemEvA. Status changed: AVAILABLE => DELETING in 0.0535500049591
2019-07-11 07:12:33.601 4355 INFO rally.task.runner [-] Task 9593b25f-c060-471c-84b6-2debf5da9d5d | ITER: 2 END: OK
2019-07-11 07:12:33.606 4355 INFO rally.task.runner [-] Task 9593b25f-c060-471c-84b6-2debf5da9d5d | ITER: 7 START
2019-07-11 07:12:35.284 4354 INFO rally.task.runner [-] Task 9593b25f-c060-471c-84b6-2debf5da9d5d | ITER: 1 END: OK
2019-07-11 07:12:35.289 4354 INFO rally.task.runner [-] Task 9593b25f-c060-471c-84b6-2debf5da9d5d | ITER: 8 START
2019-07-11 07:12:39.049 4356 RALLYDEBUG rally.task.utils [-] Waiting for resource s_rally_bcd6ddab_UHxxThwM. Status changed: CREATING => DOWNLOADING in 2.71355199814
2019-07-11 07:12:41.514 4356 RALLYDEBUG rally.task.utils [-] Waiting for resource s_rally_bcd6ddab_UHxxThwM. Status changed: DOWNLOADING => AVAILABLE in 2.46491098404
2019-07-11 07:12:42.198 4356 RALLYDEBUG rally.task.utils [-] Waiting for resource s_rally_bcd6ddab_UHxxThwM. Status changed: AVAILABLE => DELETING in 0.321922063828
2019-07-11 07:12:44.506 4356 INFO rally.task.runner [-] Task 9593b25f-c060-471c-84b6-2debf5da9d5d | ITER: 5 END: OK
2019-07-11 07:12:44.515 4356 INFO rally.task.runner [-] Task 9593b25f-c060-471c-84b6-2debf5da9d5d | ITER: 9 START
2019-07-11 07:12:44.673 4357 RALLYDEBUG rally.task.utils [-] Waiting for resource s_rally_bcd6ddab_NYGM7gUt. Status changed: CREATING => DOWNLOADING in 7.3056230545
2019-07-11 07:12:45.257 4354 RALLYDEBUG rally.task.utils [-] Waiting for resource s_rally_bcd6ddab_3fGXeXgm. Status changed: CREATING => DOWNLOADING in 5.26537203789
2019-07-11 07:12:45.635 4355 RALLYDEBUG rally.task.utils [-] Waiting for resource s_rally_bcd6ddab_z6HBKIJ1. Status changed: CREATING => DOWNLOADING in 7.50073409081
2019-07-11 07:12:52.522 4355 RALLYDEBUG rally.task.utils [-] Waiting for resource s_rally_bcd6ddab_z6HBKIJ1. Status changed: DOWNLOADING => AVAILABLE in 6.8870871067
2019-07-11 07:12:53.162 4355 RALLYDEBUG rally.task.utils [-] Waiting for resource s_rally_bcd6ddab_z6HBKIJ1. Status changed: AVAILABLE => DELETING in 0.250306844711
2019-07-11 07:12:53.509 4357 RALLYDEBUG rally.task.utils [-] Waiting for resource s_rally_bcd6ddab_NYGM7gUt. Status changed: DOWNLOADING => AVAILABLE in 8.83644294739
2019-07-11 07:12:53.961 4357 RALLYDEBUG rally.task.utils [-] Waiting for resource s_rally_bcd6ddab_NYGM7gUt. Status changed: AVAILABLE => DELETING in 0.0598092079163
2019-07-11 07:12:54.506 4354 RALLYDEBUG rally.task.utils [-] Waiting for resource s_rally_bcd6ddab_3fGXeXgm. Status changed: DOWNLOADING => AVAILABLE in 9.24934101105
2019-07-11 07:12:55.008 4354 RALLYDEBUG rally.task.utils [-] Waiting for resource s_rally_bcd6ddab_3fGXeXgm. Status changed: AVAILABLE => DELETING in 0.0547330379486
2019-07-11 07:12:55.503 4355 INFO rally.task.runner [-] Task 9593b25f-c060-471c-84b6-2debf5da9d5d | ITER: 7 END: OK
2019-07-11 07:12:55.509 4355 INFO rally.task.runner [-] Task 9593b25f-c060-471c-84b6-2debf5da9d5d | ITER: 10 START
2019-07-11 07:12:56.274 4357 INFO rally.task.runner [-] Task 9593b25f-c060-471c-84b6-2debf5da9d5d | ITER: 6 END: OK
2019-07-11 07:12:56.862 4356 RALLYDEBUG rally.task.utils [-] Waiting for resource s_rally_bcd6ddab_YN3rXk9R. Status changed: CREATING => DOWNLOADING in 7.61246395111
2019-07-11 07:12:57.049 4354 INFO rally.task.runner [-] Task 9593b25f-c060-471c-84b6-2debf5da9d5d | ITER: 8 END: OK
2019-07-11 07:12:59.234 4356 RALLYDEBUG rally.task.utils [-] Waiting for resource s_rally_bcd6ddab_YN3rXk9R. Status changed: DOWNLOADING => AVAILABLE in 2.37228512764
2019-07-11 07:12:59.583 4356 RALLYDEBUG rally.task.utils [-] Waiting for resource s_rally_bcd6ddab_YN3rXk9R. Status changed: AVAILABLE => DELETING in 0.055016040802
2019-07-11 07:13:01.910 4356 INFO rally.task.runner [-] Task 9593b25f-c060-471c-84b6-2debf5da9d5d | ITER: 9 END: OK
2019-07-11 07:13:03.268 4355 RALLYDEBUG rally.task.utils [-] Waiting for resource s_rally_bcd6ddab_K9c2lNIO. Status changed: CREATING => DOWNLOADING in 2.99180793762
2019-07-11 07:13:05.657 4355 RALLYDEBUG rally.task.utils [-] Waiting for resource s_rally_bcd6ddab_K9c2lNIO. Status changed: DOWNLOADING => AVAILABLE in 2.38819885254
2019-07-11 07:13:06.344 4355 INFO rally.task.runner [-] Task 9593b25f-c060-471c-84b6-2debf5da9d5d | ITER: 10 END: OK
2019-07-11 07:13:06.370 1842 INFO rally.task.context [-] Task 9593b25f-c060-471c-84b6-2debf5da9d5d | Context cleanup@openstack cleanup() started
2019-07-11 07:13:06.372 1842 RALLYDEBUG rally_openstack.cleanup.manager [-] Cleaning up cinder backups objects
2019-07-11 07:13:08.521 1842 RALLYDEBUG rally_openstack.cleanup.manager [-] Cleaning up cinder volume_snapshots objects
2019-07-11 07:13:10.762 1842 RALLYDEBUG rally_openstack.cleanup.manager [-] Cleaning up cinder transfers objects
2019-07-11 07:13:12.827 1842 RALLYDEBUG rally_openstack.cleanup.manager [-] Cleaning up cinder volumes objects
2019-07-11 07:13:15.348 1842 INFO rally.task.context [-] Task 9593b25f-c060-471c-84b6-2debf5da9d5d | Context cleanup@openstack cleanup() finished in 8.98 sec
2019-07-11 07:13:15.348 1842 INFO rally.task.context [-] Task 9593b25f-c060-471c-84b6-2debf5da9d5d | Context quotas@openstack cleanup() started
2019-07-11 07:13:16.316 1842 INFO rally.task.context [-] Task 9593b25f-c060-471c-84b6-2debf5da9d5d | Context quotas@openstack cleanup() finished in 0.97 sec
2019-07-11 07:13:16.316 1842 INFO rally.task.context [-] Task 9593b25f-c060-471c-84b6-2debf5da9d5d | Context api_versions@openstack cleanup() started
2019-07-11 07:13:16.317 1842 INFO rally.task.context [-] Task 9593b25f-c060-471c-84b6-2debf5da9d5d | Context api_versions@openstack cleanup() finished in 0.31 msec
2019-07-11 07:13:16.317 1842 INFO rally.task.context [-] Task 9593b25f-c060-471c-84b6-2debf5da9d5d | Context users@openstack cleanup() started
2019-07-11 07:13:25.078 1842 INFO rally.task.context [-] Task 9593b25f-c060-471c-84b6-2debf5da9d5d | Context users@openstack cleanup() finished in 8.76 sec
2019-07-11 07:13:25.272 1842 INFO rally.task.engine [-] Load duration is: 55.167678
2019-07-11 07:13:25.272 1842 INFO rally.task.engine [-] Full runner duration is: 55.219488
2019-07-11 07:13:25.272 1842 INFO rally.task.engine [-] Full duration is: 82.110375
2019-07-11 07:13:25.434 1842 INFO rally.task.engine [-] Running workload: position = 2 config = { "version": 2, "title": "A cropped version of a bigger task.", "description": "Auto-generated task from a single workload (uuid=7fe106a2-0610-4a96-9cec-e4f1127bc58b)", "subtasks": [ { "title": "CinderVolumes.create_and_delete_volume", "description": "Create and then delete a volume.", "scenario": { "CinderVolumes.create_and_delete_volume": { "size": 1 } }, "contexts": { "users": { "tenants": 3, "users_per_tenant": 2 }, "quotas": { "cinder": { "gigabytes": -1, "snapshots": -1, "volumes": -1 } }, "api_versions": { "cinder": { "version": 3, "service_type": "volumev3" } } }, "runner": { "constant": { "concurrency": 4, "times": 10 } }, "hooks": [], "sla": { "failure_rate": { "max": 0 } } } ] }
2019-07-11 07:13:25.456 1842 RALLYDEBUG rally_openstack.contexts.keystone.users [-] Creating 3 tenants using 20 threads
2019-07-11 07:13:27.504 1842 RALLYDEBUG rally_openstack.contexts.keystone.users [-] Creating 6 users using 20 threads
2019-07-11 07:13:30.360 1842 INFO rally.task.context [-] Task 9593b25f-c060-471c-84b6-2debf5da9d5d | Context users@openstack setup() finished in 4.90 sec
2019-07-11 07:13:30.804 1842 INFO rally.task.context [-] Task 9593b25f-c060-471c-84b6-2debf5da9d5d | Context api_versions@openstack setup() finished in 0.44 sec
2019-07-11 07:13:32.582 1842 INFO rally.task.context [-] Task 9593b25f-c060-471c-84b6-2debf5da9d5d | Context quotas@openstack setup() finished in 1.78 sec
2019-07-11 07:13:32.583 1842 INFO rally.task.context [-] Task 9593b25f-c060-471c-84b6-2debf5da9d5d | Context cleanup@openstack setup() finished in 0.01 msec
2019-07-11 07:13:32.590 1842 RALLYDEBUG rally.task.runner [-] Starting the constant runner (task UUID: 9593b25f-c060-471c-84b6-2debf5da9d5d). timeout: 0 concurrency: 4 concurrency_per_worker: 1 times: 10 concurrency_overhead: 0 processes_to_start: 4 max_cpu_used: 16
2019-07-11 07:13:32.603 4538 RALLYDEBUG rally.task.runner [-] Starting a worker. concurrency: 1 args: {"size": 1} times: 10 method_name: run timeout: 0 duration: None cls:
2019-07-11 07:13:32.607 4539 RALLYDEBUG rally.task.runner [-] Starting a worker. concurrency: 1 args: {"size": 1} times: 10 method_name: run timeout: 0 duration: None cls:
2019-07-11 07:13:32.609 4540 RALLYDEBUG rally.task.runner [-] Starting a worker. concurrency: 1 args: {"size": 1} times: 10 method_name: run timeout: 0 duration: None cls:
2019-07-11 07:13:32.611 4538 INFO rally.task.runner [-] Task 9593b25f-c060-471c-84b6-2debf5da9d5d | ITER: 1 START
2019-07-11 07:13:32.614 4541 RALLYDEBUG rally.task.runner [-] Starting a worker. concurrency: 1 args: {"size": 1} times: 10 method_name: run timeout: 0 duration: None cls:
2019-07-11 07:13:32.616 4539 INFO rally.task.runner [-] Task 9593b25f-c060-471c-84b6-2debf5da9d5d | ITER: 2 START
2019-07-11 07:13:32.619 4540 INFO rally.task.runner [-] Task 9593b25f-c060-471c-84b6-2debf5da9d5d | ITER: 3 START
2019-07-11 07:13:32.621 4541 INFO rally.task.runner [-] Task 9593b25f-c060-471c-84b6-2debf5da9d5d | ITER: 4 START
2019-07-11 07:13:36.816 4538 INFO rally.task.runner [-] Task 9593b25f-c060-471c-84b6-2debf5da9d5d | ITER: 1 END: OK
2019-07-11 07:13:36.822 4538 INFO rally.task.runner [-] Task 9593b25f-c060-471c-84b6-2debf5da9d5d | ITER: 5 START
2019-07-11 07:13:36.946 4540 RALLYDEBUG rally.task.utils [-] Waiting for resource s_rally_7fe106a2_0Q5CaPzl. Status changed: AVAILABLE => DELETING in 0.269087076187
2019-07-11 07:13:36.989 4539 RALLYDEBUG rally.task.utils [-] Waiting for resource s_rally_7fe106a2_S4vS6LKv. Status changed: AVAILABLE => DELETING in 0.254060029984
2019-07-11 07:13:37.045 4541 RALLYDEBUG rally.task.utils [-] Waiting for resource s_rally_7fe106a2_2vREHOEy. Status changed: AVAILABLE => DELETING in 0.357826948166
2019-07-11 07:13:39.082 4541 INFO rally.task.runner [-] Task 9593b25f-c060-471c-84b6-2debf5da9d5d | ITER: 4 END: OK
2019-07-11 07:13:39.087 4541 INFO rally.task.runner [-] Task 9593b25f-c060-471c-84b6-2debf5da9d5d | ITER: 6 START
2019-07-11 07:13:39.172 4540 INFO rally.task.runner [-] Task 9593b25f-c060-471c-84b6-2debf5da9d5d | ITER: 3 END: OK
2019-07-11 07:13:39.179 4540 INFO rally.task.runner [-] Task 9593b25f-c060-471c-84b6-2debf5da9d5d | ITER: 7 START
2019-07-11 07:13:39.313 4539 INFO rally.task.runner [-] Task 9593b25f-c060-471c-84b6-2debf5da9d5d | ITER: 2 END: OK
2019-07-11 07:13:39.318 4539 INFO rally.task.runner [-] Task 9593b25f-c060-471c-84b6-2debf5da9d5d | ITER: 8 START
2019-07-11 07:13:41.262 4538 INFO rally.task.runner [-] Task 9593b25f-c060-471c-84b6-2debf5da9d5d | ITER: 5 END: OK
2019-07-11 07:13:41.268 4538 INFO rally.task.runner [-] Task 9593b25f-c060-471c-84b6-2debf5da9d5d | ITER: 9 START
2019-07-11 07:13:43.294 4541 RALLYDEBUG rally.task.utils [-] Waiting for resource s_rally_7fe106a2_oE4AVSPo. Status changed: AVAILABLE => DELETING in 0.247539043427
2019-07-11 07:13:43.440 4540 RALLYDEBUG rally.task.utils [-] Waiting for resource s_rally_7fe106a2_kiuROxuc. Status changed: AVAILABLE => DELETING in 0.258870124817
2019-07-11 07:13:43.599 4539 RALLYDEBUG rally.task.utils [-] Waiting for resource s_rally_7fe106a2_0YOEC0zz. Status changed: AVAILABLE => DELETING in 0.333503007889
2019-07-11 07:13:45.180 4538 INFO rally.task.runner [-] Task 9593b25f-c060-471c-84b6-2debf5da9d5d | ITER: 9 END: OK
2019-07-11 07:13:45.185 4538 INFO rally.task.runner [-] Task 9593b25f-c060-471c-84b6-2debf5da9d5d | ITER: 10 START
2019-07-11 07:13:45.624 4541 INFO rally.task.runner [-] Task 9593b25f-c060-471c-84b6-2debf5da9d5d | ITER: 6 END: OK
2019-07-11 07:13:45.738 4540 INFO rally.task.runner [-] Task 9593b25f-c060-471c-84b6-2debf5da9d5d | ITER: 7 END: OK
2019-07-11 07:13:45.894 4539 INFO rally.task.runner [-] Task 9593b25f-c060-471c-84b6-2debf5da9d5d | ITER: 8 END: OK
2019-07-11 07:13:49.420 4538 RALLYDEBUG rally.task.utils [-] Waiting for resource s_rally_7fe106a2_GV3f0bqD. Status changed: AVAILABLE => DELETING in 0.24450302124
2019-07-11 07:13:51.754 4538 INFO rally.task.runner [-] Task 9593b25f-c060-471c-84b6-2debf5da9d5d | ITER: 10 END: OK
2019-07-11 07:13:51.788 1842 INFO rally.task.context [-] Task 9593b25f-c060-471c-84b6-2debf5da9d5d | Context cleanup@openstack cleanup() started
2019-07-11 07:13:51.798 1842 RALLYDEBUG rally_openstack.cleanup.manager [-] Cleaning up cinder backups objects
2019-07-11 07:13:54.096 1842 RALLYDEBUG rally_openstack.cleanup.manager [-] Cleaning up cinder volume_snapshots objects
2019-07-11 07:13:56.241 1842 RALLYDEBUG rally_openstack.cleanup.manager [-] Cleaning up cinder transfers objects
2019-07-11 07:13:58.210 1842 RALLYDEBUG rally_openstack.cleanup.manager [-] Cleaning up cinder volumes objects
2019-07-11 07:14:00.459 1842 INFO rally.task.context [-] Task 9593b25f-c060-471c-84b6-2debf5da9d5d | Context cleanup@openstack cleanup() finished in 8.67 sec
2019-07-11 07:14:00.460 1842 INFO rally.task.context [-] Task 9593b25f-c060-471c-84b6-2debf5da9d5d | Context quotas@openstack cleanup() started
2019-07-11 07:14:01.466 1842 INFO rally.task.context [-] Task 9593b25f-c060-471c-84b6-2debf5da9d5d | Context quotas@openstack cleanup() finished in 1.01 sec
2019-07-11 07:14:01.466 1842 INFO rally.task.context [-] Task 9593b25f-c060-471c-84b6-2debf5da9d5d | Context api_versions@openstack cleanup() started
2019-07-11 07:14:01.467 1842 INFO rally.task.context [-] Task 9593b25f-c060-471c-84b6-2debf5da9d5d | Context api_versions@openstack cleanup() finished in 0.34 msec
2019-07-11 07:14:01.467 1842 INFO rally.task.context [-] Task 9593b25f-c060-471c-84b6-2debf5da9d5d | Context users@openstack cleanup() started
2019-07-11 07:14:09.912 1842 INFO rally.task.context [-] Task 9593b25f-c060-471c-84b6-2debf5da9d5d | Context users@openstack cleanup() finished in 8.44 sec
2019-07-11 07:14:11.655 1842 INFO rally.task.engine [-] Load duration is: 19.138887
2019-07-11 07:14:11.655 1842 INFO rally.task.engine [-] Full runner duration is: 19.19657
2019-07-11 07:14:11.656 1842 INFO rally.task.engine [-] Full duration is: 44.45845
2019-07-11 07:14:11.866 1842 INFO rally.task.engine [-] Running workload: position = 0 config = { "version": 2, "title": "A cropped version of a bigger task.", "description": "Auto-generated task from a single workload (uuid=5bccd10a-aa39-4065-a0a7-1cf9df3bf0c8)", "subtasks": [ { "title": "CinderVolumes.create_and_extend_volume", "description": "Create and extend a volume and then delete it.", "scenario": { "CinderVolumes.create_and_extend_volume": { "new_size": 2, "size": 1 } }, "contexts": { "users": { "tenants": 3, "users_per_tenant": 2 }, "quotas": { "cinder": { "gigabytes": -1, "snapshots": -1, "volumes": -1 } }, "api_versions": { "cinder": { "version": 3, "service_type": "volumev3" } } }, "runner": { "constant": { "concurrency": 4, "times": 10 } }, "hooks": [], "sla": { "failure_rate": { "max": 0 } } } ] }
2019-07-11 07:14:11.892 1842 RALLYDEBUG rally_openstack.contexts.keystone.users [-] Creating 3 tenants using 20 threads
2019-07-11 07:14:13.818 1842 RALLYDEBUG rally_openstack.contexts.keystone.users [-] Creating 6 users using 20 threads
2019-07-11 07:14:16.491 1842 INFO rally.task.context [-] Task 9593b25f-c060-471c-84b6-2debf5da9d5d | Context users@openstack setup() finished in 4.60 sec
2019-07-11 07:14:16.931 1842 INFO rally.task.context [-] Task 9593b25f-c060-471c-84b6-2debf5da9d5d | Context api_versions@openstack setup() finished in 0.44 sec
2019-07-11 07:14:18.620 1842 INFO rally.task.context [-] Task 9593b25f-c060-471c-84b6-2debf5da9d5d | Context quotas@openstack setup() finished in 1.69 sec
2019-07-11 07:14:18.620 1842 INFO rally.task.context [-] Task 9593b25f-c060-471c-84b6-2debf5da9d5d | Context cleanup@openstack setup() finished in 0.01 msec
2019-07-11 07:14:18.627 1842 RALLYDEBUG rally.task.runner [-] Starting the constant runner (task UUID: 9593b25f-c060-471c-84b6-2debf5da9d5d). timeout: 0 concurrency: 4 concurrency_per_worker: 1 times: 10 concurrency_overhead: 0 processes_to_start: 4 max_cpu_used: 16
2019-07-11 07:14:18.641 4722 RALLYDEBUG rally.task.runner [-] Starting a worker. concurrency: 1 args: {"new_size": 2, "size": 1} times: 10 method_name: run timeout: 0 duration: None cls:
2019-07-11 07:14:18.643 4723 RALLYDEBUG rally.task.runner [-] Starting a worker. concurrency: 1 args: {"new_size": 2, "size": 1} times: 10 method_name: run timeout: 0 duration: None cls:
2019-07-11 07:14:18.646 4724 RALLYDEBUG rally.task.runner [-] Starting a worker. concurrency: 1 args: {"new_size": 2, "size": 1} times: 10 method_name: run timeout: 0 duration: None cls:
2019-07-11 07:14:18.648 4725 RALLYDEBUG rally.task.runner [-] Starting a worker. concurrency: 1 args: {"new_size": 2, "size": 1} times: 10 method_name: run timeout: 0 duration: None cls:
2019-07-11 07:14:18.649 4722 INFO rally.task.runner [-] Task 9593b25f-c060-471c-84b6-2debf5da9d5d | ITER: 1 START
2019-07-11 07:14:18.652 4723 INFO rally.task.runner [-] Task 9593b25f-c060-471c-84b6-2debf5da9d5d | ITER: 2 START
2019-07-11 07:14:18.654 4724 INFO rally.task.runner [-] Task 9593b25f-c060-471c-84b6-2debf5da9d5d | ITER: 3 START
2019-07-11 07:14:18.656 4725 INFO rally.task.runner [-] Task 9593b25f-c060-471c-84b6-2debf5da9d5d | ITER: 4 START
2019-07-11 07:14:23.416 4722 RALLYDEBUG rally.task.utils [-] Waiting for resource s_rally_5bccd10a_Zu557UGa. Status changed: AVAILABLE => DELETING in 0.0550909042358
2019-07-11 07:14:23.606 4723 RALLYDEBUG rally.task.utils [-] Waiting for resource s_rally_5bccd10a_kBQFxTxH. Status changed: AVAILABLE => DELETING in 0.358100175858
2019-07-11 07:14:23.647 4725 RALLYDEBUG rally.task.utils [-] Waiting for resource s_rally_5bccd10a_5kMErTP8. Status changed: AVAILABLE => DELETING in 0.345350027084
2019-07-11 07:14:23.813 4724 RALLYDEBUG rally.task.utils [-] Waiting for resource s_rally_5bccd10a_EnqmrVU7. Status changed: AVAILABLE => DELETING in 0.242045879364
2019-07-11 07:14:25.455 4722 INFO rally.task.runner [-] Task 9593b25f-c060-471c-84b6-2debf5da9d5d | ITER: 1 END: OK
2019-07-11 07:14:25.461 4722 INFO rally.task.runner [-] Task 9593b25f-c060-471c-84b6-2debf5da9d5d | ITER: 5 START
2019-07-11 07:14:25.685 4725 INFO rally.task.runner [-] Task 9593b25f-c060-471c-84b6-2debf5da9d5d | ITER: 4 END: OK
2019-07-11 07:14:25.690 4725 INFO rally.task.runner [-] Task 9593b25f-c060-471c-84b6-2debf5da9d5d | ITER: 6 START
2019-07-11 07:14:25.850 4724 INFO rally.task.runner [-] Task 9593b25f-c060-471c-84b6-2debf5da9d5d | ITER: 3 END: OK
2019-07-11 07:14:25.856 4724 INFO rally.task.runner [-] Task 9593b25f-c060-471c-84b6-2debf5da9d5d | ITER: 7 START
2019-07-11 07:14:25.937 4723 INFO rally.task.runner [-] Task 9593b25f-c060-471c-84b6-2debf5da9d5d | ITER: 2 END: OK
2019-07-11 07:14:25.943 4723 INFO rally.task.runner [-] Task 9593b25f-c060-471c-84b6-2debf5da9d5d | ITER: 8 START
2019-07-11 07:14:29.541 4722 RALLYDEBUG rally.task.utils [-] Waiting for resource s_rally_5bccd10a_pIkskShj. Status changed: AVAILABLE => EXTENDING in 0.0553131103516
2019-07-11 07:14:30.814 4725 INFO rally.task.runner [-] Task 9593b25f-c060-471c-84b6-2debf5da9d5d | ITER: 6 END: OK
2019-07-11 07:14:30.819 4725 INFO rally.task.runner [-] Task 9593b25f-c060-471c-84b6-2debf5da9d5d | ITER: 9 START
2019-07-11 07:14:31.107 4723 INFO rally.task.runner [-] Task 9593b25f-c060-471c-84b6-2debf5da9d5d | ITER: 8 END: OK
2019-07-11 07:14:31.111 4723 INFO rally.task.runner [-] Task 9593b25f-c060-471c-84b6-2debf5da9d5d | ITER: 10 START
2019-07-11 07:14:31.337 4724 RALLYDEBUG rally.task.utils [-] Waiting for resource s_rally_5bccd10a_Oyn0N4RJ. Status changed: AVAILABLE => DELETING in 0.256779909134
2019-07-11 07:14:31.863 4722 RALLYDEBUG rally.task.utils [-] Waiting for resource s_rally_5bccd10a_pIkskShj. Status changed: EXTENDING => AVAILABLE in 2.3222489357
2019-07-11 07:14:32.583 4722 RALLYDEBUG rally.task.utils [-] Waiting for resource s_rally_5bccd10a_pIkskShj. Status changed: AVAILABLE => DELETING in 0.335753917694
2019-07-11 07:14:33.388 4724 INFO rally.task.runner [-] Task 9593b25f-c060-471c-84b6-2debf5da9d5d | ITER: 7 END: OK
2019-07-11 07:14:35.041 4722 INFO rally.task.runner [-] Task 9593b25f-c060-471c-84b6-2debf5da9d5d | ITER: 5 END: OK
2019-07-11 07:14:35.734 4725 INFO rally.task.runner [-] Task 9593b25f-c060-471c-84b6-2debf5da9d5d | ITER: 9 END: OK
2019-07-11 07:14:36.384 4723 INFO rally.task.runner [-] Task 9593b25f-c060-471c-84b6-2debf5da9d5d | ITER: 10 END: OK
2019-07-11 07:14:36.406 1842 INFO rally.task.context [-] Task 9593b25f-c060-471c-84b6-2debf5da9d5d | Context cleanup@openstack cleanup() started
2019-07-11 07:14:36.409 1842 RALLYDEBUG rally_openstack.cleanup.manager [-] Cleaning up cinder backups objects
2019-07-11 07:14:38.386 1842 RALLYDEBUG rally_openstack.cleanup.manager [-] Cleaning up cinder volume_snapshots objects
2019-07-11 07:14:40.606 1842 RALLYDEBUG rally_openstack.cleanup.manager [-] Cleaning up cinder transfers objects
2019-07-11 07:14:42.683 1842 RALLYDEBUG rally_openstack.cleanup.manager [-] Cleaning up cinder volumes objects
2019-07-11 07:14:44.995 1842 INFO rally.task.context [-] Task 9593b25f-c060-471c-84b6-2debf5da9d5d | Context cleanup@openstack cleanup() finished in 8.59 sec
2019-07-11 07:14:44.995 1842 INFO rally.task.context [-] Task 9593b25f-c060-471c-84b6-2debf5da9d5d | Context quotas@openstack cleanup() started
2019-07-11 07:14:45.857 1842 INFO rally.task.context [-] Task 9593b25f-c060-471c-84b6-2debf5da9d5d | Context quotas@openstack cleanup() finished in 0.86 sec
2019-07-11 07:14:45.858 1842 INFO rally.task.context [-] Task 9593b25f-c060-471c-84b6-2debf5da9d5d | Context api_versions@openstack cleanup() started
2019-07-11 07:14:45.858 1842 INFO rally.task.context [-] Task 9593b25f-c060-471c-84b6-2debf5da9d5d | Context api_versions@openstack cleanup() finished in 0.34 msec
2019-07-11 07:14:45.859 1842 INFO rally.task.context [-] Task 9593b25f-c060-471c-84b6-2debf5da9d5d | Context users@openstack cleanup() started
2019-07-11 07:14:54.343 1842 INFO rally.task.context [-] Task 9593b25f-c060-471c-84b6-2debf5da9d5d | Context users@openstack cleanup() finished in 8.48 sec
2019-07-11 07:14:56.084 1842 INFO rally.task.engine [-] Load duration is: 17.729762
2019-07-11 07:14:56.084 1842 INFO rally.task.engine [-] Full runner duration is: 17.779365
2019-07-11 07:14:56.085 1842 INFO rally.task.engine [-] Full duration is: 42.454422
2019-07-11 07:14:56.332 1842 INFO rally.task.engine [-] Running workload: position = 0 config = { "version": 2, "title": "A cropped version of a bigger task.", "description": "Auto-generated task from a single workload (uuid=859d4559-843b-418c-8e35-aac113fd2a86)", "subtasks": [ { "title": "CinderVolumes.create_from_volume_and_delete_volume", "description": "Create volume from volume and then delete it.", "scenario": { "CinderVolumes.create_from_volume_and_delete_volume": { "size": 1 } }, "contexts": { "users": { "tenants": 3, "users_per_tenant": 2 }, "quotas": { "cinder": { "gigabytes": -1, "snapshots": -1, "volumes": -1 } }, "api_versions": { "cinder": { "version": 3, "service_type": "volumev3" } }, "volumes": { "size": 1, "volumes_per_tenant": 1 } }, "runner": { "constant": { "concurrency": 4, "times": 10 } }, "hooks": [], "sla": { "failure_rate": { "max": 0 } } } ] }
2019-07-11 07:14:56.354 1842 RALLYDEBUG rally_openstack.contexts.keystone.users [-] Creating 3 tenants using 20 threads
2019-07-11 07:14:58.267 1842 RALLYDEBUG rally_openstack.contexts.keystone.users [-] Creating 6 users using 20 threads
2019-07-11 07:15:00.911 1842 INFO rally.task.context [-] Task 9593b25f-c060-471c-84b6-2debf5da9d5d | Context users@openstack setup() finished in 4.56 sec
2019-07-11 07:15:01.347 1842 INFO rally.task.context [-] Task 9593b25f-c060-471c-84b6-2debf5da9d5d | Context api_versions@openstack setup() finished in 0.44 sec
2019-07-11 07:15:03.186 1842 INFO rally.task.context [-] Task 9593b25f-c060-471c-84b6-2debf5da9d5d | Context quotas@openstack setup() finished in 1.84 sec
2019-07-11 07:15:14.381 1842 INFO rally.task.context [-] Task 9593b25f-c060-471c-84b6-2debf5da9d5d | Context volumes@openstack setup() finished in 11.20 sec
2019-07-11 07:15:14.382 1842 INFO rally.task.context [-] Task 9593b25f-c060-471c-84b6-2debf5da9d5d | Context cleanup@openstack setup() finished in 0.01 msec
2019-07-11 07:15:14.390 1842 RALLYDEBUG rally.task.runner [-] Starting the constant runner (task UUID: 9593b25f-c060-471c-84b6-2debf5da9d5d). timeout: 0 concurrency: 4 concurrency_per_worker: 1 times: 10 concurrency_overhead: 0 processes_to_start: 4 max_cpu_used: 16
2019-07-11 07:15:14.404 4906 RALLYDEBUG rally.task.runner [-] Starting a worker. concurrency: 1 args: {"size": 1} times: 10 method_name: run timeout: 0 duration: None cls:
2019-07-11 07:15:14.408 4907 RALLYDEBUG rally.task.runner [-] Starting a worker. concurrency: 1 args: {"size": 1} times: 10 method_name: run timeout: 0 duration: None cls:
2019-07-11 07:15:14.411 4908 RALLYDEBUG rally.task.runner [-] Starting a worker. concurrency: 1 args: {"size": 1} times: 10 method_name: run timeout: 0 duration: None cls:
2019-07-11 07:15:14.412 4906 INFO rally.task.runner [-] Task 9593b25f-c060-471c-84b6-2debf5da9d5d | ITER: 1 START
2019-07-11 07:15:14.414 4909 RALLYDEBUG rally.task.runner [-] Starting a worker. concurrency: 1 args: {"size": 1} times: 10 method_name: run timeout: 0 duration: None cls:
2019-07-11 07:15:14.416 4907 INFO rally.task.runner [-] Task 9593b25f-c060-471c-84b6-2debf5da9d5d | ITER: 2 START
2019-07-11 07:15:14.419 4908 INFO rally.task.runner [-] Task 9593b25f-c060-471c-84b6-2debf5da9d5d | ITER: 3 START
2019-07-11 07:15:14.422 4909 INFO rally.task.runner [-] Task 9593b25f-c060-471c-84b6-2debf5da9d5d | ITER: 4 START
2019-07-11 07:15:18.180 4907 RALLYDEBUG rally.task.utils [-] Waiting for resource s_rally_859d4559_7jfI8sv1. Status changed: CREATING => AVAILABLE in 0.689316987991
2019-07-11 07:15:18.715 4909 RALLYDEBUG rally.task.utils [-] Waiting for resource s_rally_859d4559_epm8aLhR. Status changed: AVAILABLE => DELETING in 0.243750810623
2019-07-11 07:15:18.898 4907 RALLYDEBUG rally.task.utils [-] Waiting for resource s_rally_859d4559_7jfI8sv1. Status changed: AVAILABLE => DELETING in 0.344446182251
2019-07-11 07:15:18.936 4906 RALLYDEBUG rally.task.utils [-] Waiting for resource s_rally_859d4559_AI8i0ekh. Status changed: AVAILABLE => DELETING in 0.250597000122
2019-07-11 07:15:20.430 4908 RALLYDEBUG rally.task.utils [-] Waiting for resource s_rally_859d4559_IF8B73DF. Status changed: CREATING => AVAILABLE in 2.83731198311
2019-07-11 07:15:21.132 4908 RALLYDEBUG rally.task.utils [-] Waiting for resource s_rally_859d4559_IF8B73DF. Status changed: AVAILABLE => DELETING in 0.309024095535
2019-07-11 07:15:23.091 4909 INFO rally.task.runner [-] Task 9593b25f-c060-471c-84b6-2debf5da9d5d | ITER: 4 END: OK
2019-07-11 07:15:23.097 4909 INFO rally.task.runner [-] Task 9593b25f-c060-471c-84b6-2debf5da9d5d | ITER: 5 START
2019-07-11 07:15:23.484 4906 INFO rally.task.runner [-] Task 9593b25f-c060-471c-84b6-2debf5da9d5d | ITER: 1 END: OK
2019-07-11 07:15:23.489 4906 INFO rally.task.runner [-] Task 9593b25f-c060-471c-84b6-2debf5da9d5d | ITER: 6 START
2019-07-11 07:15:25.642 4908 INFO rally.task.runner [-] Task 9593b25f-c060-471c-84b6-2debf5da9d5d | ITER: 3 END: OK
2019-07-11 07:15:25.648 4908 INFO rally.task.runner [-] Task 9593b25f-c060-471c-84b6-2debf5da9d5d | ITER: 7 START
2019-07-11 07:15:25.883 4907 INFO rally.task.runner [-] Task 9593b25f-c060-471c-84b6-2debf5da9d5d | ITER: 2 END: OK
2019-07-11 07:15:25.889 4907 INFO rally.task.runner [-] Task 9593b25f-c060-471c-84b6-2debf5da9d5d | ITER: 8 START
2019-07-11 07:15:27.597 4909 RALLYDEBUG rally.task.utils [-] Waiting for resource s_rally_859d4559_XsWwePyv. Status changed: AVAILABLE => DELETING in 0.359462022781
2019-07-11 07:15:27.670 4906 RALLYDEBUG rally.task.utils [-] Waiting for resource s_rally_859d4559_v4ehbLZS. Status changed: AVAILABLE => DELETING in 0.272374868393
2019-07-11 07:15:30.069 4908 RALLYDEBUG rally.task.utils [-] Waiting for resource s_rally_859d4559_AlPweGrY. Status changed: AVAILABLE => DELETING in 0.36523103714
2019-07-11 07:15:31.768 4906 INFO rally.task.runner [-] Task 9593b25f-c060-471c-84b6-2debf5da9d5d | ITER: 6 END: OK
2019-07-11 07:15:31.773 4906 INFO rally.task.runner [-] Task 9593b25f-c060-471c-84b6-2debf5da9d5d | ITER: 9 START
2019-07-11 07:15:31.924 4907 RALLYDEBUG rally.task.utils [-] Waiting for resource s_rally_859d4559_BBJk0X71. Status changed: CREATING => AVAILABLE in 2.94498300552
2019-07-11 07:15:32.182 4909 INFO rally.task.runner [-] Task 9593b25f-c060-471c-84b6-2debf5da9d5d | ITER: 5 END: OK
2019-07-11 07:15:32.187 4909 INFO rally.task.runner [-] Task 9593b25f-c060-471c-84b6-2debf5da9d5d | ITER: 10 START
2019-07-11 07:15:32.560 4907 RALLYDEBUG rally.task.utils [-] Waiting for resource s_rally_859d4559_BBJk0X71. Status changed: AVAILABLE => DELETING in 0.269172906876
2019-07-11 07:15:34.554 4908 INFO rally.task.runner [-] Task 9593b25f-c060-471c-84b6-2debf5da9d5d | ITER: 7 END: OK
2019-07-11 07:15:34.919 4907 INFO rally.task.runner [-] Task 9593b25f-c060-471c-84b6-2debf5da9d5d | ITER: 8 END: OK
2019-07-11 07:15:35.888 4909 RALLYDEBUG rally.task.utils [-] Waiting for resource s_rally_859d4559_2Njs4DhV. Status changed: CREATING => AVAILABLE in 0.696340799332
2019-07-11 07:15:36.244 4906 RALLYDEBUG rally.task.utils [-] Waiting for resource s_rally_859d4559_k2cK35Q0. Status changed: AVAILABLE => DELETING in 0.347146034241
2019-07-11 07:15:36.400 4909 RALLYDEBUG rally.task.utils [-] Waiting for resource s_rally_859d4559_2Njs4DhV. Status changed: AVAILABLE => DELETING in 0.247581958771
2019-07-11 07:15:38.284 4906 INFO rally.task.runner [-] Task 9593b25f-c060-471c-84b6-2debf5da9d5d | ITER: 9 END: OK
2019-07-11 07:15:38.709 4909 INFO rally.task.runner [-] Task 9593b25f-c060-471c-84b6-2debf5da9d5d | ITER: 10 END: OK
