2019-07-11 06:44:00.749 7 RALLYDEBUG rally.api [-] INFO logs from urllib3 and requests module are hide.
2019-07-11 06:44:00.749 7 RALLYDEBUG rally.api [-] urllib3 insecure warnings are hidden.
2019-07-11 06:44:00.749 7 RALLYDEBUG rally.api [-] ERROR log from boto module is hide.
2019-07-11 06:44:01.807 7 ERROR rally.cli.cliutils [-] Unexpected exception in CLI: DBRecordNotFound: Record for uuid or name is opnfv-rally not found in table envs
2019-07-11 06:44:01.807 7 ERROR rally.cli.cliutils
Traceback (most recent call last):
2019-07-11 06:44:01.807 7 ERROR rally.cli.cliutils
File "/usr/lib/python2.7/site-packages/rally/cli/cliutils.py", line 674, in run
2019-07-11 06:44:01.807 7 ERROR rally.cli.cliutils ret = fn(*fn_args, **fn_kwargs)
2019-07-11 06:44:01.807 7 ERROR rally.cli.cliutils File "", line 2, in destroy
2019-07-11 06:44:01.807 7 ERROR rally.cli.cliutils
File "/usr/lib/python2.7/site-packages/rally/cli/envutils.py", line 69, in default_from_global
2019-07-11 06:44:01.807 7 ERROR rally.cli.cliutils return f(*args, **kwargs)
2019-07-11 06:44:01.807 7 ERROR rally.cli.cliutils File "", line 2, in destroy
2019-07-11 06:44:01.807 7 ERROR rally.cli.cliutils
File "/usr/lib/python2.7/site-packages/rally/plugins/__init__.py", line 51, in ensure_plugins_are_loaded
2019-07-11 06:44:01.807 7 ERROR rally.cli.cliutils return f(*args, **kwargs)
2019-07-11 06:44:01.807 7 ERROR rally.cli.cliutils
File "/usr/lib/python2.7/site-packages/rally/cli/commands/deployment.py", line 140, in destroy
2019-07-11 06:44:01.807 7 ERROR rally.cli.cliutils api.deployment.destroy(deployment=deployment)
2019-07-11 06:44:01.807 7 ERROR rally.cli.cliutils
File "/usr/lib/python2.7/site-packages/rally/api.py", line 115, in destroy
2019-07-11 06:44:01.807 7 ERROR rally.cli.cliutils deploy = objects.Deployment.get(deployment)
2019-07-11 06:44:01.807 7 ERROR rally.cli.cliutils
File "/usr/lib/python2.7/site-packages/rally/common/objects/deploy.py", line 124, in get
2019-07-11 06:44:01.807 7 ERROR rally.cli.cliutils return Deployment(env_mgr.EnvManager.get(deploy))
2019-07-11 06:44:01.807 7 ERROR rally.cli.cliutils
File "/usr/lib/python2.7/site-packages/rally/env/env_mgr.py", line 212, in get
2019-07-11 06:44:01.807 7 ERROR rally.cli.cliutils return cls(db.env_get(uuid_or_name))
2019-07-11 06:44:01.807 7 ERROR rally.cli.cliutils
File "/usr/lib/python2.7/site-packages/rally/common/db/api.py", line 135, in wrapper
2019-07-11 06:44:01.807 7 ERROR rally.cli.cliutils result = f(session, *args, **kwargs)
2019-07-11 06:44:01.807 7 ERROR rally.cli.cliutils
File "/usr/lib/python2.7/site-packages/rally/common/db/api.py", line 521, in env_get
2019-07-11 06:44:01.807 7 ERROR rally.cli.cliutils criteria="uuid or name is %s" % uuid_or_name, table="envs")
2019-07-11 06:44:01.807 7 ERROR rally.cli.cliutils DBRecordNotFound: Record for uuid or name is opnfv-rally not found in table envs
2019-07-11 06:44:01.807 7 ERROR rally.cli.cliutils
2019-07-11 06:44:02.448 9 RALLYDEBUG rally.api [-] INFO logs from urllib3 and requests module are hide.
2019-07-11 06:44:02.448 9 RALLYDEBUG rally.api [-] urllib3 insecure warnings are hidden.
2019-07-11 06:44:02.448 9 RALLYDEBUG rally.api [-] ERROR log from boto module is hide.
2019-07-11 06:44:03.686 9 WARNING rally_openstack.platforms.existing [-] endpoint is deprecated and not used.
2019-07-11 06:44:04.493 11 RALLYDEBUG rally.api [-] INFO logs from urllib3 and requests module are hide.
2019-07-11 06:44:04.493 11 RALLYDEBUG rally.api [-] urllib3 insecure warnings are hidden.
2019-07-11 06:44:04.493 11 RALLYDEBUG rally.api [-] ERROR log from boto module is hide.
2019-07-11 06:44:07.841 14 RALLYDEBUG rally.api [-] INFO logs from urllib3 and requests module are hide.
2019-07-11 06:44:07.841 14 RALLYDEBUG rally.api [-] urllib3 insecure warnings are hidden.
2019-07-11 06:44:07.842 14 RALLYDEBUG rally.api [-] ERROR log from boto module is hide.
2019-07-11 06:44:09.980 16 RALLYDEBUG rally.api [-] INFO logs from urllib3 and requests module are hide.
2019-07-11 06:44:09.981 16 RALLYDEBUG rally.api [-] urllib3 insecure warnings are hidden.
2019-07-11 06:44:09.981 16 RALLYDEBUG rally.api [-] ERROR log from boto module is hide.
2019-07-11 06:44:11.310 16 INFO rally.task.engine [-] Task 693bf89d-dc49-4cff-b4a3-14796bd2d32b | Starting: Task validation.
2019-07-11 06:44:11.354 16 INFO rally.task.engine [-] Task 693bf89d-dc49-4cff-b4a3-14796bd2d32b | Starting: Task validation of syntax.
2019-07-11 06:44:11.426 16 INFO rally.task.engine [-] Task 693bf89d-dc49-4cff-b4a3-14796bd2d32b | Completed: Task validation of syntax.
2019-07-11 06:44:11.428 16 INFO rally.task.engine [-] Task 693bf89d-dc49-4cff-b4a3-14796bd2d32b | Starting: Task validation of required platforms.
2019-07-11 06:44:11.469 16 INFO rally.task.engine [-] Task 693bf89d-dc49-4cff-b4a3-14796bd2d32b | Completed: Task validation of required platforms.
2019-07-11 06:44:11.469 16 INFO rally.task.engine [-] Task 693bf89d-dc49-4cff-b4a3-14796bd2d32b | Starting: Task validation of semantic.
2019-07-11 06:44:11.469 16 INFO rally.task.engine [-] Check health of the environment 'c77341d4-82ee-4689-a8af-4e8054c576ac'.
2019-07-11 06:44:12.314 16 INFO rally.task.engine [-] Platform existing@openstack (available: True): OK!
2019-07-11 06:44:12.331 16 RALLYDEBUG rally_openstack.contexts.keystone.users [-] Creating 1 tenants using 20 threads
2019-07-11 06:44:14.230 16 RALLYDEBUG rally_openstack.contexts.keystone.users [-] Creating 1 users using 20 threads
2019-07-11 06:44:17.235 16 INFO rally.task.context [-] Task 693bf89d-dc49-4cff-b4a3-14796bd2d32b | Context users@openstack setup() finished in 4.90 sec
2019-07-11 06:44:17.279 16 INFO rally.task.context [-] Task 693bf89d-dc49-4cff-b4a3-14796bd2d32b | Context users@openstack cleanup() started
2019-07-11 06:44:22.596 16 INFO rally.task.context [-] Task 693bf89d-dc49-4cff-b4a3-14796bd2d32b | Context users@openstack cleanup() finished in 5.32 sec
2019-07-11 06:44:22.596 16 INFO rally.task.engine [-] Task 693bf89d-dc49-4cff-b4a3-14796bd2d32b | Completed: Task validation of semantic.
2019-07-11 06:44:22.597 16 INFO rally.task.engine [-] Task 693bf89d-dc49-4cff-b4a3-14796bd2d32b | Completed: Task validation.
2019-07-11 06:44:22.597 16 INFO rally.api [-] Task 693bf89d-dc49-4cff-b4a3-14796bd2d32b input file is valid.
2019-07-11 06:44:22.598 16 INFO rally.api [-] Run Task 693bf89d-dc49-4cff-b4a3-14796bd2d32b against Deployment c77341d4-82ee-4689-a8af-4e8054c576ac
2019-07-11 06:44:22.598 16 INFO rally.task.engine [-] Task 693bf89d-dc49-4cff-b4a3-14796bd2d32b | Starting: Running task.
2019-07-11 06:44:22.715 16 INFO rally.task.engine [-] Running workload: position = 0 config = { "version": 2, "title": "A cropped version of a bigger task.", "description": "Auto-generated task from a single workload (uuid=657871f6-88fe-499a-9a7a-635a99841c4d)", "subtasks": [ { "title": "Authenticate.keystone", "description": "Check Keystone Client.", "scenario": { "Authenticate.keystone": {} }, "contexts": { "users": { "tenants": 3, "users_per_tenant": 2 } }, "runner": { "constant": { "concurrency": 4, "times": 10 } }, "hooks": [], "sla": { "failure_rate": { "max": 0 } } } ] }
2019-07-11 06:44:22.732 16 RALLYDEBUG rally_openstack.contexts.keystone.users [-] Creating 3 tenants using 20 threads
2019-07-11 06:44:24.614 16 RALLYDEBUG rally_openstack.contexts.keystone.users [-] Creating 6 users using 20 threads
2019-07-11 06:44:27.421 16 INFO rally.task.context [-] Task 693bf89d-dc49-4cff-b4a3-14796bd2d32b | Context users@openstack setup() finished in 4.69 sec
2019-07-11 06:44:27.430 16 RALLYDEBUG rally.task.runner [-] Starting the constant runner (task UUID: 693bf89d-dc49-4cff-b4a3-14796bd2d32b). timeout: 0 concurrency: 4 concurrency_per_worker: 1 times: 10 concurrency_overhead: 0 processes_to_start: 4 max_cpu_used: 16
2019-07-11 06:44:27.442 140 RALLYDEBUG rally.task.runner [-] Starting a worker. concurrency: 1 args: {} times: 10 method_name: run timeout: 0 duration: None cls:
2019-07-11 06:44:27.446 140 INFO rally.task.runner [-] Task 693bf89d-dc49-4cff-b4a3-14796bd2d32b | ITER: 1 START
2019-07-11 06:44:27.447 141 RALLYDEBUG rally.task.runner [-] Starting a worker. concurrency: 1 args: {} times: 10 method_name: run timeout: 0 duration: None cls:
2019-07-11 06:44:27.448 142 RALLYDEBUG rally.task.runner [-] Starting a worker. concurrency: 1 args: {} times: 10 method_name: run timeout: 0 duration: None cls:
2019-07-11 06:44:27.450 145 RALLYDEBUG rally.task.runner [-] Starting a worker. concurrency: 1 args: {} times: 10 method_name: run timeout: 0 duration: None cls:
2019-07-11 06:44:27.452 141 INFO rally.task.runner [-] Task 693bf89d-dc49-4cff-b4a3-14796bd2d32b | ITER: 2 START
2019-07-11 06:44:27.452 142 INFO rally.task.runner [-] Task 693bf89d-dc49-4cff-b4a3-14796bd2d32b | ITER: 3 START
2019-07-11 06:44:27.453 145 INFO rally.task.runner [-] Task 693bf89d-dc49-4cff-b4a3-14796bd2d32b | ITER: 4 START
2019-07-11 06:44:28.038 140 INFO rally.task.runner [-] Task 693bf89d-dc49-4cff-b4a3-14796bd2d32b | ITER: 1 END: OK
2019-07-11 06:44:28.041 142 INFO rally.task.runner [-] Task 693bf89d-dc49-4cff-b4a3-14796bd2d32b | ITER: 3 END: OK
2019-07-11 06:44:28.044 140 INFO rally.task.runner [-] Task 693bf89d-dc49-4cff-b4a3-14796bd2d32b | ITER: 5 START
2019-07-11 06:44:28.045 142 INFO rally.task.runner [-] Task 693bf89d-dc49-4cff-b4a3-14796bd2d32b | ITER: 6 START
2019-07-11 06:44:28.051 145 INFO rally.task.runner [-] Task 693bf89d-dc49-4cff-b4a3-14796bd2d32b | ITER: 4 END: OK
2019-07-11 06:44:28.054 145 INFO rally.task.runner [-] Task 693bf89d-dc49-4cff-b4a3-14796bd2d32b | ITER: 7 START
2019-07-11 06:44:28.172 141 INFO rally.task.runner [-] Task 693bf89d-dc49-4cff-b4a3-14796bd2d32b | ITER: 2 END: OK
2019-07-11 06:44:28.177 141 INFO rally.task.runner [-] Task 693bf89d-dc49-4cff-b4a3-14796bd2d32b | ITER: 8 START
2019-07-11 06:44:28.658 140 INFO rally.task.runner [-] Task 693bf89d-dc49-4cff-b4a3-14796bd2d32b | ITER: 5 END: OK
2019-07-11 06:44:28.662 140 INFO rally.task.runner [-] Task 693bf89d-dc49-4cff-b4a3-14796bd2d32b | ITER: 9 START
2019-07-11 06:44:28.672 142 INFO rally.task.runner [-] Task 693bf89d-dc49-4cff-b4a3-14796bd2d32b | ITER: 6 END: OK
2019-07-11 06:44:28.676 142 INFO rally.task.runner [-] Task 693bf89d-dc49-4cff-b4a3-14796bd2d32b | ITER: 10 START
2019-07-11 06:44:28.687 145 INFO rally.task.runner [-] Task 693bf89d-dc49-4cff-b4a3-14796bd2d32b | ITER: 7 END: OK
2019-07-11 06:44:28.788 141 INFO rally.task.runner [-] Task 693bf89d-dc49-4cff-b4a3-14796bd2d32b | ITER: 8 END: OK
2019-07-11 06:44:29.266 140 INFO rally.task.runner [-] Task 693bf89d-dc49-4cff-b4a3-14796bd2d32b | ITER: 9 END: OK
2019-07-11 06:44:29.287 142 INFO rally.task.runner [-] Task 693bf89d-dc49-4cff-b4a3-14796bd2d32b | ITER: 10 END: OK
2019-07-11 06:44:29.307 16 INFO rally.task.context [-] Task 693bf89d-dc49-4cff-b4a3-14796bd2d32b | Context users@openstack cleanup() started
2019-07-11 06:44:38.117 16 INFO rally.task.context [-] Task 693bf89d-dc49-4cff-b4a3-14796bd2d32b | Context users@openstack cleanup() finished in 8.81 sec
2019-07-11 06:44:38.809 16 INFO rally.task.engine [-] Load duration is: 1.839721
2019-07-11 06:44:38.809 16 INFO rally.task.engine [-] Full runner duration is: 1.877967
2019-07-11 06:44:38.809 16 INFO rally.task.engine [-] Full duration is: 15.387718
2019-07-11 06:44:39.014 16 INFO rally.task.engine [-] Running workload: position = 0 config = { "version": 2, "title": "A cropped version of a bigger task.", "description": "Auto-generated task from a single workload (uuid=ea0f05eb-6095-4d9f-abba-5345acfaeacf)", "subtasks": [ { "title": "Authenticate.validate_cinder", "description": "Check Cinder Client to ensure validation of token.", "scenario": { "Authenticate.validate_cinder": { "repetitions": 2 } }, "contexts": { "users": { "tenants": 3, "users_per_tenant": 2 } }, "runner": { "constant": { "concurrency": 4, "times": 10 } }, "hooks": [], "sla": { "failure_rate": { "max": 0 } } } ] }
2019-07-11 06:44:39.036 16 RALLYDEBUG rally_openstack.contexts.keystone.users [-] Creating 3 tenants using 20 threads
2019-07-11 06:44:40.907 16 RALLYDEBUG rally_openstack.contexts.keystone.users [-] Creating 6 users using 20 threads
2019-07-11 06:44:43.670 16 INFO rally.task.context [-] Task 693bf89d-dc49-4cff-b4a3-14796bd2d32b | Context users@openstack setup() finished in 4.63 sec
2019-07-11 06:44:43.677 16 RALLYDEBUG rally.task.runner [-] Starting the constant runner (task UUID: 693bf89d-dc49-4cff-b4a3-14796bd2d32b). timeout: 0 concurrency: 4 concurrency_per_worker: 1 times: 10 concurrency_overhead: 0 processes_to_start: 4 max_cpu_used: 16
2019-07-11 06:44:43.689 244 RALLYDEBUG rally.task.runner [-] Starting a worker. concurrency: 1 args: {"repetitions": 2} times: 10 method_name: run timeout: 0 duration: None cls:
2019-07-11 06:44:43.692 246 RALLYDEBUG rally.task.runner [-] Starting a worker. concurrency: 1 args: {"repetitions": 2} times: 10 method_name: run timeout: 0 duration: None cls:
2019-07-11 06:44:43.692 245 RALLYDEBUG rally.task.runner [-] Starting a worker. concurrency: 1 args: {"repetitions": 2} times: 10 method_name: run timeout: 0 duration: None cls:
2019-07-11 06:44:43.695 244 INFO rally.task.runner [-] Task 693bf89d-dc49-4cff-b4a3-14796bd2d32b | ITER: 1 START
2019-07-11 06:44:43.696 246 INFO rally.task.runner [-] Task 693bf89d-dc49-4cff-b4a3-14796bd2d32b | ITER: 2 START
2019-07-11 06:44:43.697 245 INFO rally.task.runner [-] Task 693bf89d-dc49-4cff-b4a3-14796bd2d32b | ITER: 3 START
2019-07-11 06:44:43.698 247 RALLYDEBUG rally.task.runner [-] Starting a worker. concurrency: 1 args: {"repetitions": 2} times: 10 method_name: run timeout: 0 duration: None cls:
2019-07-11 06:44:43.704 247 INFO rally.task.runner [-] Task 693bf89d-dc49-4cff-b4a3-14796bd2d32b | ITER: 4 START
2019-07-11 06:44:45.606 246 INFO rally.task.runner [-] Task 693bf89d-dc49-4cff-b4a3-14796bd2d32b | ITER: 2 END: OK
2019-07-11 06:44:45.610 246 INFO rally.task.runner [-] Task 693bf89d-dc49-4cff-b4a3-14796bd2d32b | ITER: 5 START
2019-07-11 06:44:45.716 244 INFO rally.task.runner [-] Task 693bf89d-dc49-4cff-b4a3-14796bd2d32b | ITER: 1 END: OK
2019-07-11 06:44:45.718 247 INFO rally.task.runner [-] Task 693bf89d-dc49-4cff-b4a3-14796bd2d32b | ITER: 4 END: OK
2019-07-11 06:44:45.720 244 INFO rally.task.runner [-] Task 693bf89d-dc49-4cff-b4a3-14796bd2d32b | ITER: 6 START
2019-07-11 06:44:45.722 247 INFO rally.task.runner [-] Task 693bf89d-dc49-4cff-b4a3-14796bd2d32b | ITER: 7 START
2019-07-11 06:44:45.933 245 INFO rally.task.runner [-] Task 693bf89d-dc49-4cff-b4a3-14796bd2d32b | ITER: 3 END: OK
2019-07-11 06:44:45.937 245 INFO rally.task.runner [-] Task 693bf89d-dc49-4cff-b4a3-14796bd2d32b | ITER: 8 START
2019-07-11 06:44:47.168 247 INFO rally.task.runner [-] Task 693bf89d-dc49-4cff-b4a3-14796bd2d32b | ITER: 7 END: OK
2019-07-11 06:44:47.172 247 INFO rally.task.runner [-] Task 693bf89d-dc49-4cff-b4a3-14796bd2d32b | ITER: 9 START
2019-07-11 06:44:47.344 246 INFO rally.task.runner [-] Task 693bf89d-dc49-4cff-b4a3-14796bd2d32b | ITER: 5 END: OK
2019-07-11 06:44:47.348 246 INFO rally.task.runner [-] Task 693bf89d-dc49-4cff-b4a3-14796bd2d32b | ITER: 10 START
2019-07-11 06:44:47.755 245 INFO rally.task.runner [-] Task 693bf89d-dc49-4cff-b4a3-14796bd2d32b | ITER: 8 END: OK
2019-07-11 06:44:47.885 244 INFO rally.task.runner [-] Task 693bf89d-dc49-4cff-b4a3-14796bd2d32b | ITER: 6 END: OK
2019-07-11 06:44:48.614 247 INFO rally.task.runner [-] Task 693bf89d-dc49-4cff-b4a3-14796bd2d32b | ITER: 9 END: OK
2019-07-11 06:44:48.749 246 INFO rally.task.runner [-] Task 693bf89d-dc49-4cff-b4a3-14796bd2d32b | ITER: 10 END: OK
2019-07-11 06:44:48.775 16 INFO rally.task.context [-] Task 693bf89d-dc49-4cff-b4a3-14796bd2d32b | Context users@openstack cleanup() started
2019-07-11 06:44:58.721 16 INFO rally.task.context [-] Task 693bf89d-dc49-4cff-b4a3-14796bd2d32b | Context users@openstack cleanup() finished in 9.95 sec
2019-07-11 06:44:59.131 16 INFO rally.task.engine [-] Load duration is: 5.052552
2019-07-11 06:44:59.131 16 INFO rally.task.engine [-] Full runner duration is: 5.098448
2019-07-11 06:44:59.131 16 INFO rally.task.engine [-] Full duration is: 19.686379
2019-07-11 06:44:59.362 16 INFO rally.task.engine [-] Running workload: position = 0 config = { "version": 2, "title": "A cropped version of a bigger task.", "description": "Auto-generated task from a single workload (uuid=03eb9d16-8883-41d4-89de-c75dafd8fef1)", "subtasks": [ { "title": "Authenticate.validate_glance", "description": "Check Glance Client to ensure validation of token.", "scenario": { "Authenticate.validate_glance": { "repetitions": 2 } }, "contexts": { "users": { "tenants": 3, "users_per_tenant": 2 } }, "runner": { "constant": { "concurrency": 4, "times": 10 } }, "hooks": [], "sla": { "failure_rate": { "max": 0 } } } ] }
2019-07-11 06:44:59.384 16 RALLYDEBUG rally_openstack.contexts.keystone.users [-] Creating 3 tenants using 20 threads
2019-07-11 06:45:01.314 16 RALLYDEBUG rally_openstack.contexts.keystone.users [-] Creating 6 users using 20 threads
2019-07-11 06:45:04.347 16 INFO rally.task.context [-] Task 693bf89d-dc49-4cff-b4a3-14796bd2d32b | Context users@openstack setup() finished in 4.96 sec
2019-07-11 06:45:04.354 16 RALLYDEBUG rally.task.runner [-] Starting the constant runner (task UUID: 693bf89d-dc49-4cff-b4a3-14796bd2d32b). timeout: 0 concurrency: 4 concurrency_per_worker: 1 times: 10 concurrency_overhead: 0 processes_to_start: 4 max_cpu_used: 16
2019-07-11 06:45:04.366 348 RALLYDEBUG rally.task.runner [-] Starting a worker. concurrency: 1 args: {"repetitions": 2} times: 10 method_name: run timeout: 0 duration: None cls:
2019-07-11 06:45:04.368 349 RALLYDEBUG rally.task.runner [-] Starting a worker. concurrency: 1 args: {"repetitions": 2} times: 10 method_name: run timeout: 0 duration: None cls:
2019-07-11 06:45:04.371 350 RALLYDEBUG rally.task.runner [-] Starting a worker. concurrency: 1 args: {"repetitions": 2} times: 10 method_name: run timeout: 0 duration: None cls:
2019-07-11 06:45:04.373 348 INFO rally.task.runner [-] Task 693bf89d-dc49-4cff-b4a3-14796bd2d32b | ITER: 1 START
2019-07-11 06:45:04.374 349 INFO rally.task.runner [-] Task 693bf89d-dc49-4cff-b4a3-14796bd2d32b | ITER: 2 START
2019-07-11 06:45:04.374 351 RALLYDEBUG rally.task.runner [-] Starting a worker. concurrency: 1 args: {"repetitions": 2} times: 10 method_name: run timeout: 0 duration: None cls:
2019-07-11 06:45:04.378 350 INFO rally.task.runner [-] Task 693bf89d-dc49-4cff-b4a3-14796bd2d32b | ITER: 3 START
2019-07-11 06:45:04.380 351 INFO rally.task.runner [-] Task 693bf89d-dc49-4cff-b4a3-14796bd2d32b | ITER: 4 START
2019-07-11 06:45:05.472 350 INFO rally.task.runner [-] Task 693bf89d-dc49-4cff-b4a3-14796bd2d32b | ITER: 3 END: OK
2019-07-11 06:45:05.477 350 INFO rally.task.runner [-] Task 693bf89d-dc49-4cff-b4a3-14796bd2d32b | ITER: 5 START
2019-07-11 06:45:05.486 348 INFO rally.task.runner [-] Task 693bf89d-dc49-4cff-b4a3-14796bd2d32b | ITER: 1 END: OK
2019-07-11 06:45:05.491 348 INFO rally.task.runner [-] Task 693bf89d-dc49-4cff-b4a3-14796bd2d32b | ITER: 6 START
2019-07-11 06:45:05.844 349 INFO rally.task.runner [-] Task 693bf89d-dc49-4cff-b4a3-14796bd2d32b | ITER: 2 END: OK
2019-07-11 06:45:05.850 349 INFO rally.task.runner [-] Task 693bf89d-dc49-4cff-b4a3-14796bd2d32b | ITER: 7 START
2019-07-11 06:45:06.479 348 INFO rally.task.runner [-] Task 693bf89d-dc49-4cff-b4a3-14796bd2d32b | ITER: 6 END: OK
2019-07-11 06:45:06.482 348 INFO rally.task.runner [-] Task 693bf89d-dc49-4cff-b4a3-14796bd2d32b | ITER: 8 START
2019-07-11 06:45:06.577 351 INFO rally.task.runner [-] Task 693bf89d-dc49-4cff-b4a3-14796bd2d32b | ITER: 4 END: OK
2019-07-11 06:45:06.581 351 INFO rally.task.runner [-] Task 693bf89d-dc49-4cff-b4a3-14796bd2d32b | ITER: 9 START
2019-07-11 06:45:06.905 349 INFO rally.task.runner [-] Task 693bf89d-dc49-4cff-b4a3-14796bd2d32b | ITER: 7 END: OK
2019-07-11 06:45:06.910 349 INFO rally.task.runner [-] Task 693bf89d-dc49-4cff-b4a3-14796bd2d32b | ITER: 10 START
2019-07-11 06:45:07.153 350 INFO rally.task.runner [-] Task 693bf89d-dc49-4cff-b4a3-14796bd2d32b | ITER: 5 END: OK
2019-07-11 06:45:07.403 348 INFO rally.task.runner [-] Task 693bf89d-dc49-4cff-b4a3-14796bd2d32b | ITER: 8 END: OK
2019-07-11 06:45:07.574 351 INFO rally.task.runner [-] Task 693bf89d-dc49-4cff-b4a3-14796bd2d32b | ITER: 9 END: OK
2019-07-11 06:45:07.903 349 INFO rally.task.runner [-] Task 693bf89d-dc49-4cff-b4a3-14796bd2d32b | ITER: 10 END: OK
2019-07-11 06:45:07.925 16 INFO rally.task.context [-] Task 693bf89d-dc49-4cff-b4a3-14796bd2d32b | Context users@openstack cleanup() started
2019-07-11 06:45:16.871 16 INFO rally.task.context [-] Task 693bf89d-dc49-4cff-b4a3-14796bd2d32b | Context users@openstack cleanup() finished in 8.95 sec
2019-07-11 06:45:17.494 16 INFO rally.task.engine [-] Load duration is: 3.528523
2019-07-11 06:45:17.494 16 INFO rally.task.engine [-] Full runner duration is: 3.570965
2019-07-11 06:45:17.495 16 INFO rally.task.engine [-] Full duration is: 17.48886
2019-07-11 06:45:17.715 16 INFO rally.task.engine [-] Running workload: position = 0 config = { "version": 2, "title": "A cropped version of a bigger task.", "description": "Auto-generated task from a single workload (uuid=d330d913-4aeb-42a7-937c-f946b6b52f0e)", "subtasks": [ { "title": "Authenticate.validate_heat", "description": "Check Heat Client to ensure validation of token.", "scenario": { "Authenticate.validate_heat": { "repetitions": 2 } }, "contexts": { "users": { "tenants": 3, "users_per_tenant": 2 } }, "runner": { "constant": { "concurrency": 4, "times": 10 } }, "hooks": [], "sla": { "failure_rate": { "max": 0 } } } ] }
2019-07-11 06:45:17.735 16 RALLYDEBUG rally_openstack.contexts.keystone.users [-] Creating 3 tenants using 20 threads
2019-07-11 06:45:19.597 16 RALLYDEBUG rally_openstack.contexts.keystone.users [-] Creating 6 users using 20 threads
2019-07-11 06:45:22.295 16 INFO rally.task.context [-] Task 693bf89d-dc49-4cff-b4a3-14796bd2d32b | Context users@openstack setup() finished in 4.56 sec
2019-07-11 06:45:22.299 16 RALLYDEBUG rally.task.runner [-] Starting the constant runner (task UUID: 693bf89d-dc49-4cff-b4a3-14796bd2d32b). timeout: 0 concurrency: 4 concurrency_per_worker: 1 times: 10 concurrency_overhead: 0 processes_to_start: 4 max_cpu_used: 16
2019-07-11 06:45:22.310 452 RALLYDEBUG rally.task.runner [-] Starting a worker. concurrency: 1 args: {"repetitions": 2} times: 10 method_name: run timeout: 0 duration: None cls:
2019-07-11 06:45:22.313 453 RALLYDEBUG rally.task.runner [-] Starting a worker. concurrency: 1 args: {"repetitions": 2} times: 10 method_name: run timeout: 0 duration: None cls:
2019-07-11 06:45:22.313 454 RALLYDEBUG rally.task.runner [-] Starting a worker. concurrency: 1 args: {"repetitions": 2} times: 10 method_name: run timeout: 0 duration: None cls:
2019-07-11 06:45:22.315 455 RALLYDEBUG rally.task.runner [-] Starting a worker. concurrency: 1 args: {"repetitions": 2} times: 10 method_name: run timeout: 0 duration: None cls:
2019-07-11 06:45:22.317 452 INFO rally.task.runner [-] Task 693bf89d-dc49-4cff-b4a3-14796bd2d32b | ITER: 1 START
2019-07-11 06:45:22.319 454 INFO rally.task.runner [-] Task 693bf89d-dc49-4cff-b4a3-14796bd2d32b | ITER: 3 START
2019-07-11 06:45:22.319 453 INFO rally.task.runner [-] Task 693bf89d-dc49-4cff-b4a3-14796bd2d32b | ITER: 2 START
2019-07-11 06:45:22.320 455 INFO rally.task.runner [-] Task 693bf89d-dc49-4cff-b4a3-14796bd2d32b | ITER: 4 START
2019-07-11 06:45:24.184 454 INFO rally.task.runner [-] Task 693bf89d-dc49-4cff-b4a3-14796bd2d32b | ITER: 3 END: OK
2019-07-11 06:45:24.188 454 INFO rally.task.runner [-] Task 693bf89d-dc49-4cff-b4a3-14796bd2d32b | ITER: 5 START
2019-07-11 06:45:24.204 455 INFO rally.task.runner [-] Task 693bf89d-dc49-4cff-b4a3-14796bd2d32b | ITER: 4 END: OK
2019-07-11 06:45:24.208 455 INFO rally.task.runner [-] Task 693bf89d-dc49-4cff-b4a3-14796bd2d32b | ITER: 6 START
2019-07-11 06:45:24.222 452 INFO rally.task.runner [-] Task 693bf89d-dc49-4cff-b4a3-14796bd2d32b | ITER: 1 END: OK
2019-07-11 06:45:24.224 452 INFO rally.task.runner [-] Task 693bf89d-dc49-4cff-b4a3-14796bd2d32b | ITER: 7 START
2019-07-11 06:45:24.341 453 INFO rally.task.runner [-] Task 693bf89d-dc49-4cff-b4a3-14796bd2d32b | ITER: 2 END: OK
2019-07-11 06:45:24.345 453 INFO rally.task.runner [-] Task 693bf89d-dc49-4cff-b4a3-14796bd2d32b | ITER: 8 START
2019-07-11 06:45:26.015 455 INFO rally.task.runner [-] Task 693bf89d-dc49-4cff-b4a3-14796bd2d32b | ITER: 6 END: OK
2019-07-11 06:45:26.019 455 INFO rally.task.runner [-] Task 693bf89d-dc49-4cff-b4a3-14796bd2d32b | ITER: 9 START
2019-07-11 06:45:26.064 452 INFO rally.task.runner [-] Task 693bf89d-dc49-4cff-b4a3-14796bd2d32b | ITER: 7 END: OK
2019-07-11 06:45:26.068 452 INFO rally.task.runner [-] Task 693bf89d-dc49-4cff-b4a3-14796bd2d32b | ITER: 10 START
2019-07-11 06:45:26.104 454 INFO rally.task.runner [-] Task 693bf89d-dc49-4cff-b4a3-14796bd2d32b | ITER: 5 END: OK
2019-07-11 06:45:26.356 453 INFO rally.task.runner [-] Task 693bf89d-dc49-4cff-b4a3-14796bd2d32b | ITER: 8 END: OK
2019-07-11 06:45:27.982 452 INFO rally.task.runner [-] Task 693bf89d-dc49-4cff-b4a3-14796bd2d32b | ITER: 10 END: OK
2019-07-11 06:45:27.998 455 INFO rally.task.runner [-] Task 693bf89d-dc49-4cff-b4a3-14796bd2d32b | ITER: 9 END: OK
2019-07-11 06:45:28.022 16 INFO rally.task.context [-] Task 693bf89d-dc49-4cff-b4a3-14796bd2d32b | Context users@openstack cleanup() started
2019-07-11 06:45:38.220 16 INFO rally.task.context [-] Task 693bf89d-dc49-4cff-b4a3-14796bd2d32b | Context users@openstack cleanup() finished in 10.20 sec
2019-07-11 06:45:39.845 16 INFO rally.task.engine [-] Load duration is: 5.679488
2019-07-11 06:45:39.846 16 INFO rally.task.engine [-] Full runner duration is: 5.722279
2019-07-11 06:45:39.846 16 INFO rally.task.engine [-] Full duration is: 20.485714
2019-07-11 06:45:40.068 16 INFO rally.task.engine [-] Running workload: position = 0 config = { "version": 2, "title": "A cropped version of a bigger task.", "description": "Auto-generated task from a single workload (uuid=2150d079-3744-400d-8c74-f8695d585dd2)", "subtasks": [ { "title": "Authenticate.validate_neutron", "description": "Check Neutron Client to ensure validation of token.", "scenario": { "Authenticate.validate_neutron": { "repetitions": 2 } }, "contexts": { "users": { "tenants": 3, "users_per_tenant": 2 } }, "runner": { "constant": { "concurrency": 4, "times": 10 } }, "hooks": [], "sla": { "failure_rate": { "max": 0 } } } ] }
2019-07-11 06:45:40.088 16 RALLYDEBUG rally_openstack.contexts.keystone.users [-] Creating 3 tenants using 20 threads
2019-07-11 06:45:41.931 16 RALLYDEBUG rally_openstack.contexts.keystone.users [-] Creating 6 users using 20 threads
2019-07-11 06:45:44.821 16 INFO rally.task.context [-] Task 693bf89d-dc49-4cff-b4a3-14796bd2d32b | Context users@openstack setup() finished in 4.73 sec
2019-07-11 06:45:44.830 16 RALLYDEBUG rally.task.runner [-] Starting the constant runner (task UUID: 693bf89d-dc49-4cff-b4a3-14796bd2d32b). timeout: 0 concurrency: 4 concurrency_per_worker: 1 times: 10 concurrency_overhead: 0 processes_to_start: 4 max_cpu_used: 16
2019-07-11 06:45:44.843 556 RALLYDEBUG rally.task.runner [-] Starting a worker. concurrency: 1 args: {"repetitions": 2} times: 10 method_name: run timeout: 0 duration: None cls:
2019-07-11 06:45:44.845 557 RALLYDEBUG rally.task.runner [-] Starting a worker. concurrency: 1 args: {"repetitions": 2} times: 10 method_name: run timeout: 0 duration: None cls:
2019-07-11 06:45:44.848 558 RALLYDEBUG rally.task.runner [-] Starting a worker. concurrency: 1 args: {"repetitions": 2} times: 10 method_name: run timeout: 0 duration: None cls:
2019-07-11 06:45:44.849 556 INFO rally.task.runner [-] Task 693bf89d-dc49-4cff-b4a3-14796bd2d32b | ITER: 1 START
2019-07-11 06:45:44.852 557 INFO rally.task.runner [-] Task 693bf89d-dc49-4cff-b4a3-14796bd2d32b | ITER: 2 START
2019-07-11 06:45:44.851 559 RALLYDEBUG rally.task.runner [-] Starting a worker. concurrency: 1 args: {"repetitions": 2} times: 10 method_name: run timeout: 0 duration: None cls:
2019-07-11 06:45:44.855 558 INFO rally.task.runner [-] Task 693bf89d-dc49-4cff-b4a3-14796bd2d32b | ITER: 3 START
2019-07-11 06:45:44.857 559 INFO rally.task.runner [-] Task 693bf89d-dc49-4cff-b4a3-14796bd2d32b | ITER: 4 START
2019-07-11 06:45:45.825 558 INFO rally.task.runner [-] Task 693bf89d-dc49-4cff-b4a3-14796bd2d32b | ITER: 3 END: OK
2019-07-11 06:45:45.829 558 INFO rally.task.runner [-] Task 693bf89d-dc49-4cff-b4a3-14796bd2d32b | ITER: 5 START
2019-07-11 06:45:46.035 557 INFO rally.task.runner [-] Task 693bf89d-dc49-4cff-b4a3-14796bd2d32b | ITER: 2 END: OK
2019-07-11 06:45:46.040 557 INFO rally.task.runner [-] Task 693bf89d-dc49-4cff-b4a3-14796bd2d32b | ITER: 6 START
2019-07-11 06:45:46.050 556 INFO rally.task.runner [-] Task 693bf89d-dc49-4cff-b4a3-14796bd2d32b | ITER: 1 END: OK
2019-07-11 06:45:46.054 556 INFO rally.task.runner [-] Task 693bf89d-dc49-4cff-b4a3-14796bd2d32b | ITER: 7 START
2019-07-11 06:45:46.400 559 INFO rally.task.runner [-] Task 693bf89d-dc49-4cff-b4a3-14796bd2d32b | ITER: 4 END: OK
2019-07-11 06:45:46.404 559 INFO rally.task.runner [-] Task 693bf89d-dc49-4cff-b4a3-14796bd2d32b | ITER: 8 START
2019-07-11 06:45:47.233 558 INFO rally.task.runner [-] Task 693bf89d-dc49-4cff-b4a3-14796bd2d32b | ITER: 5 END: OK
2019-07-11 06:45:47.236 558 INFO rally.task.runner [-] Task 693bf89d-dc49-4cff-b4a3-14796bd2d32b | ITER: 9 START
2019-07-11 06:45:47.661 556 INFO rally.task.runner [-] Task 693bf89d-dc49-4cff-b4a3-14796bd2d32b | ITER: 7 END: OK
2019-07-11 06:45:47.665 556 INFO rally.task.runner [-] Task 693bf89d-dc49-4cff-b4a3-14796bd2d32b | ITER: 10 START
2019-07-11 06:45:47.667 557 INFO rally.task.runner [-] Task 693bf89d-dc49-4cff-b4a3-14796bd2d32b | ITER: 6 END: OK
2019-07-11 06:45:47.720 559 INFO rally.task.runner [-] Task 693bf89d-dc49-4cff-b4a3-14796bd2d32b | ITER: 8 END: OK
2019-07-11 06:45:48.580 558 INFO rally.task.runner [-] Task 693bf89d-dc49-4cff-b4a3-14796bd2d32b | ITER: 9 END: OK
2019-07-11 06:45:48.798 556 INFO rally.task.runner [-] Task 693bf89d-dc49-4cff-b4a3-14796bd2d32b | ITER: 10 END: OK
2019-07-11 06:45:48.821 16 INFO rally.task.context [-] Task 693bf89d-dc49-4cff-b4a3-14796bd2d32b | Context users@openstack cleanup() started
2019-07-11 06:45:56.746 16 INFO rally.task.context [-] Task 693bf89d-dc49-4cff-b4a3-14796bd2d32b | Context users@openstack cleanup() finished in 7.92 sec
2019-07-11 06:45:58.191 16 INFO rally.task.engine [-] Load duration is: 3.947065
2019-07-11 06:45:58.191 16 INFO rally.task.engine [-] Full runner duration is: 3.993125
2019-07-11 06:45:58.191 16 INFO rally.task.engine [-] Full duration is: 16.659054
2019-07-11 06:45:58.428 16 INFO rally.task.engine [-] Running workload: position = 0 config = { "version": 2, "title": "A cropped version of a bigger task.", "description": "Auto-generated task from a single workload (uuid=1c69786f-7b89-4c89-a001-a13988e2f9f5)", "subtasks": [ { "title": "Authenticate.validate_nova", "description": "Check Nova Client to ensure validation of token.", "scenario": { "Authenticate.validate_nova": { "repetitions": 2 } }, "contexts": { "users": { "tenants": 3, "users_per_tenant": 2 } }, "runner": { "constant": { "concurrency": 4, "times": 10 } }, "hooks": [], "sla": { "failure_rate": { "max": 0 } } } ] }
2019-07-11 06:45:58.450 16 RALLYDEBUG rally_openstack.contexts.keystone.users [-] Creating 3 tenants using 20 threads
2019-07-11 06:46:00.423 16 RALLYDEBUG rally_openstack.contexts.keystone.users [-] Creating 6 users using 20 threads
2019-07-11 06:46:03.131 16 INFO rally.task.context [-] Task 693bf89d-dc49-4cff-b4a3-14796bd2d32b | Context users@openstack setup() finished in 4.68 sec
2019-07-11 06:46:03.139 16 RALLYDEBUG rally.task.runner [-] Starting the constant runner (task UUID: 693bf89d-dc49-4cff-b4a3-14796bd2d32b). timeout: 0 concurrency: 4 concurrency_per_worker: 1 times: 10 concurrency_overhead: 0 processes_to_start: 4 max_cpu_used: 16
2019-07-11 06:46:03.151 660 RALLYDEBUG rally.task.runner [-] Starting a worker. concurrency: 1 args: {"repetitions": 2} times: 10 method_name: run timeout: 0 duration: None cls:
2019-07-11 06:46:03.153 661 RALLYDEBUG rally.task.runner [-] Starting a worker. concurrency: 1 args: {"repetitions": 2} times: 10 method_name: run timeout: 0 duration: None cls:
2019-07-11 06:46:03.156 662 RALLYDEBUG rally.task.runner [-] Starting a worker. concurrency: 1 args: {"repetitions": 2} times: 10 method_name: run timeout: 0 duration: None cls:
2019-07-11 06:46:03.158 660 INFO rally.task.runner [-] Task 693bf89d-dc49-4cff-b4a3-14796bd2d32b | ITER: 1 START
2019-07-11 06:46:03.159 661 INFO rally.task.runner [-] Task 693bf89d-dc49-4cff-b4a3-14796bd2d32b | ITER: 2 START
2019-07-11 06:46:03.160 663 RALLYDEBUG rally.task.runner [-] Starting a worker. concurrency: 1 args: {"repetitions": 2} times: 10 method_name: run timeout: 0 duration: None cls:
2019-07-11 06:46:03.163 662 INFO rally.task.runner [-] Task 693bf89d-dc49-4cff-b4a3-14796bd2d32b | ITER: 3 START
2019-07-11 06:46:03.165 663 INFO rally.task.runner [-] Task 693bf89d-dc49-4cff-b4a3-14796bd2d32b | ITER: 4 START
2019-07-11 06:46:03.649 661 DEBUG novaclient.v2.client [-] REQ: curl -g -i -X GET http://172.30.9.47:8774/v2.1/flavors/detail -H "Accept: application/json" -H "User-Agent: python-novaclient" -H "X-Auth-Token: {SHA1}331339c4075d8adb5373f24a35c8693916a0f75c" _http_log_request /usr/lib/python2.7/site-packages/keystoneauth1/session.py:448
2019-07-11 06:46:03.652 660 DEBUG novaclient.v2.client [-] REQ: curl -g -i -X GET http://172.30.9.47:8774/v2.1/flavors/detail -H "Accept: application/json" -H "User-Agent: python-novaclient" -H "X-Auth-Token: {SHA1}6ab24d6a42dcc1445779e71c9679c1d1a744645f" _http_log_request /usr/lib/python2.7/site-packages/keystoneauth1/session.py:448
2019-07-11 06:46:03.659 663 DEBUG novaclient.v2.client [-] REQ: curl -g -i -X GET http://172.30.9.47:8774/v2.1/flavors/detail -H "Accept: application/json" -H "User-Agent: python-novaclient" -H "X-Auth-Token: {SHA1}2ca3de2d7ddd583b3c9e54f65d2c862045e16d2a" _http_log_request /usr/lib/python2.7/site-packages/keystoneauth1/session.py:448
2019-07-11 06:46:03.664 662 DEBUG novaclient.v2.client [-] REQ: curl -g -i -X GET http://172.30.9.47:8774/v2.1/flavors/detail -H "Accept: application/json" -H "User-Agent: python-novaclient" -H "X-Auth-Token: {SHA1}554361d72ea7e0e9d2584eb65d5f405c7e728cef" _http_log_request /usr/lib/python2.7/site-packages/keystoneauth1/session.py:448
2019-07-11 06:46:03.953 661 DEBUG novaclient.v2.client [-] RESP: [200] Content-Encoding: gzip Content-Length: 365 Content-Type: application/json Date: Thu, 11 Jul 2019 06:46:03 GMT OpenStack-API-Version: compute 2.1 Server: Apache Vary: OpenStack-API-Version,X-OpenStack-Nova-API-Version,Accept-Encoding X-OpenStack-Nova-API-Version: 2.1 x-compute-request-id: req-3d9e0aad-143c-4efa-a873-b82c9218b855 x-openstack-request-id: req-3d9e0aad-143c-4efa-a873-b82c9218b855 _http_log_response /usr/lib/python2.7/site-packages/keystoneauth1/session.py:479
2019-07-11 06:46:03.954 661 DEBUG novaclient.v2.client [-] RESP BODY: {"flavors": [{"name": "rally_full-flavor_alt_1cf98648-884b-4a72-9826-1496760cc48a", "links": [{"href": "http://172.30.9.47:8774/v2.1/flavors/c3f27598-5837-4d84-a065-af2403f39b0d", "rel": "self"}, {"href": "http://172.30.9.47:8774/flavors/c3f27598-5837-4d84-a065-af2403f39b0d", "rel": "bookmark"}], "ram": 1024, "OS-FLV-DISABLED:disabled": false, "vcpus": 1, "swap": "", "os-flavor-access:is_public": true, "rxtx_factor": 1.0, "OS-FLV-EXT-DATA:ephemeral": 0, "disk": 1, "id": "c3f27598-5837-4d84-a065-af2403f39b0d"}, {"name": "rally_full-flavor_1cf98648-884b-4a72-9826-1496760cc48a", "links": [{"href": "http://172.30.9.47:8774/v2.1/flavors/ce9f2dbe-efb3-4e14-acdd-2893323ad305", "rel": "self"}, {"href": "http://172.30.9.47:8774/flavors/ce9f2dbe-efb3-4e14-acdd-2893323ad305", "rel": "bookmark"}], "ram": 512, "OS-FLV-DISABLED:disabled": false, "vcpus": 1, "swap": "", "os-flavor-access:is_public": true, "rxtx_factor": 1.0, "OS-FLV-EXT-DATA:ephemeral": 0, "disk": 1, "id": "ce9f2dbe-efb3-4e14-acdd-2893323ad305"}]} _http_log_response /usr/lib/python2.7/site-packages/keystoneauth1/session.py:511
2019-07-11 06:46:03.954 661 DEBUG novaclient.v2.client [-] GET call to compute for http://172.30.9.47:8774/v2.1/flavors/detail used request id req-3d9e0aad-143c-4efa-a873-b82c9218b855 request /usr/lib/python2.7/site-packages/keystoneauth1/session.py:844
2019-07-11 06:46:03.956 661 DEBUG novaclient.v2.client [-] REQ: curl -g -i -X GET http://172.30.9.47:8774/v2.1/flavors/detail -H "Accept: application/json" -H "User-Agent: python-novaclient" -H "X-Auth-Token: {SHA1}331339c4075d8adb5373f24a35c8693916a0f75c" _http_log_request /usr/lib/python2.7/site-packages/keystoneauth1/session.py:448
2019-07-11 06:46:03.966 662 DEBUG novaclient.v2.client [-] RESP: [200] Content-Encoding: gzip Content-Length: 365 Content-Type: application/json Date: Thu, 11 Jul 2019 06:46:03 GMT OpenStack-API-Version: compute 2.1 Server: Apache Vary: OpenStack-API-Version,X-OpenStack-Nova-API-Version,Accept-Encoding X-OpenStack-Nova-API-Version: 2.1 x-compute-request-id: req-aa8fd9cf-a17c-4448-afa6-7a6191c3b38e x-openstack-request-id: req-aa8fd9cf-a17c-4448-afa6-7a6191c3b38e _http_log_response /usr/lib/python2.7/site-packages/keystoneauth1/session.py:479
2019-07-11 06:46:03.967 662 DEBUG novaclient.v2.client [-] RESP BODY: {"flavors": [{"name": "rally_full-flavor_alt_1cf98648-884b-4a72-9826-1496760cc48a", "links": [{"href": "http://172.30.9.47:8774/v2.1/flavors/c3f27598-5837-4d84-a065-af2403f39b0d", "rel": "self"}, {"href": "http://172.30.9.47:8774/flavors/c3f27598-5837-4d84-a065-af2403f39b0d", "rel": "bookmark"}], "ram": 1024, "OS-FLV-DISABLED:disabled": false, "vcpus": 1, "swap": "", "os-flavor-access:is_public": true, "rxtx_factor": 1.0, "OS-FLV-EXT-DATA:ephemeral": 0, "disk": 1, "id": "c3f27598-5837-4d84-a065-af2403f39b0d"}, {"name": "rally_full-flavor_1cf98648-884b-4a72-9826-1496760cc48a", "links": [{"href": "http://172.30.9.47:8774/v2.1/flavors/ce9f2dbe-efb3-4e14-acdd-2893323ad305", "rel": "self"}, {"href": "http://172.30.9.47:8774/flavors/ce9f2dbe-efb3-4e14-acdd-2893323ad305", "rel": "bookmark"}], "ram": 512, "OS-FLV-DISABLED:disabled": false, "vcpus": 1, "swap": "", "os-flavor-access:is_public": true, "rxtx_factor": 1.0, "OS-FLV-EXT-DATA:ephemeral": 0, "disk": 1, "id": "ce9f2dbe-efb3-4e14-acdd-2893323ad305"}]} _http_log_response /usr/lib/python2.7/site-packages/keystoneauth1/session.py:511
2019-07-11 06:46:03.967 662 DEBUG novaclient.v2.client [-] GET call to compute for http://172.30.9.47:8774/v2.1/flavors/detail used request id req-aa8fd9cf-a17c-4448-afa6-7a6191c3b38e request /usr/lib/python2.7/site-packages/keystoneauth1/session.py:844
2019-07-11 06:46:03.967 663 DEBUG novaclient.v2.client [-] RESP: [200] Content-Encoding: gzip Content-Length: 365 Content-Type: application/json Date: Thu, 11 Jul 2019 06:46:03 GMT OpenStack-API-Version: compute 2.1 Server: Apache Vary: OpenStack-API-Version,X-OpenStack-Nova-API-Version,Accept-Encoding X-OpenStack-Nova-API-Version: 2.1 x-compute-request-id: req-40f28291-6c80-40cd-8fde-c74250bc6e1b x-openstack-request-id: req-40f28291-6c80-40cd-8fde-c74250bc6e1b _http_log_response /usr/lib/python2.7/site-packages/keystoneauth1/session.py:479
2019-07-11 06:46:03.968 663 DEBUG novaclient.v2.client [-] RESP BODY: {"flavors": [{"name": "rally_full-flavor_alt_1cf98648-884b-4a72-9826-1496760cc48a", "links": [{"href": "http://172.30.9.47:8774/v2.1/flavors/c3f27598-5837-4d84-a065-af2403f39b0d", "rel": "self"}, {"href": "http://172.30.9.47:8774/flavors/c3f27598-5837-4d84-a065-af2403f39b0d", "rel": "bookmark"}], "ram": 1024, "OS-FLV-DISABLED:disabled": false, "vcpus": 1, "swap": "", "os-flavor-access:is_public": true, "rxtx_factor": 1.0, "OS-FLV-EXT-DATA:ephemeral": 0, "disk": 1, "id": "c3f27598-5837-4d84-a065-af2403f39b0d"}, {"name": "rally_full-flavor_1cf98648-884b-4a72-9826-1496760cc48a", "links": [{"href": "http://172.30.9.47:8774/v2.1/flavors/ce9f2dbe-efb3-4e14-acdd-2893323ad305", "rel": "self"}, {"href": "http://172.30.9.47:8774/flavors/ce9f2dbe-efb3-4e14-acdd-2893323ad305", "rel": "bookmark"}], "ram": 512, "OS-FLV-DISABLED:disabled": false, "vcpus": 1, "swap": "", "os-flavor-access:is_public": true, "rxtx_factor": 1.0, "OS-FLV-EXT-DATA:ephemeral": 0, "disk": 1, "id": "ce9f2dbe-efb3-4e14-acdd-2893323ad305"}]} _http_log_response /usr/lib/python2.7/site-packages/keystoneauth1/session.py:511
2019-07-11 06:46:03.968 663 DEBUG novaclient.v2.client [-] GET call to compute for http://172.30.9.47:8774/v2.1/flavors/detail used request id req-40f28291-6c80-40cd-8fde-c74250bc6e1b request /usr/lib/python2.7/site-packages/keystoneauth1/session.py:844
2019-07-11 06:46:03.969 662 DEBUG novaclient.v2.client [-] REQ: curl -g -i -X GET http://172.30.9.47:8774/v2.1/flavors/detail -H "Accept: application/json" -H "User-Agent: python-novaclient" -H "X-Auth-Token: {SHA1}554361d72ea7e0e9d2584eb65d5f405c7e728cef" _http_log_request /usr/lib/python2.7/site-packages/keystoneauth1/session.py:448
2019-07-11 06:46:03.970 663 DEBUG novaclient.v2.client [-] REQ: curl -g -i -X GET http://172.30.9.47:8774/v2.1/flavors/detail -H "Accept: application/json" -H "User-Agent: python-novaclient" -H "X-Auth-Token: {SHA1}2ca3de2d7ddd583b3c9e54f65d2c862045e16d2a" _http_log_request /usr/lib/python2.7/site-packages/keystoneauth1/session.py:448
2019-07-11 06:46:03.983 661 DEBUG novaclient.v2.client [-] RESP: [200] Content-Encoding: gzip Content-Length: 365 Content-Type: application/json Date: Thu, 11 Jul 2019 06:46:03 GMT OpenStack-API-Version: compute 2.1 Server: Apache Vary: OpenStack-API-Version,X-OpenStack-Nova-API-Version,Accept-Encoding X-OpenStack-Nova-API-Version: 2.1 x-compute-request-id: req-7b661e1e-f608-4aed-843f-3eef82836983 x-openstack-request-id: req-7b661e1e-f608-4aed-843f-3eef82836983 _http_log_response /usr/lib/python2.7/site-packages/keystoneauth1/session.py:479
2019-07-11 06:46:03.984 661 DEBUG novaclient.v2.client [-] RESP BODY: {"flavors": [{"name": "rally_full-flavor_alt_1cf98648-884b-4a72-9826-1496760cc48a", "links": [{"href": "http://172.30.9.47:8774/v2.1/flavors/c3f27598-5837-4d84-a065-af2403f39b0d", "rel": "self"}, {"href": "http://172.30.9.47:8774/flavors/c3f27598-5837-4d84-a065-af2403f39b0d", "rel": "bookmark"}], "ram": 1024, "OS-FLV-DISABLED:disabled": false, "vcpus": 1, "swap": "", "os-flavor-access:is_public": true, "rxtx_factor": 1.0, "OS-FLV-EXT-DATA:ephemeral": 0, "disk": 1, "id": "c3f27598-5837-4d84-a065-af2403f39b0d"}, {"name": "rally_full-flavor_1cf98648-884b-4a72-9826-1496760cc48a", "links": [{"href": "http://172.30.9.47:8774/v2.1/flavors/ce9f2dbe-efb3-4e14-acdd-2893323ad305", "rel": "self"}, {"href": "http://172.30.9.47:8774/flavors/ce9f2dbe-efb3-4e14-acdd-2893323ad305", "rel": "bookmark"}], "ram": 512, "OS-FLV-DISABLED:disabled": false, "vcpus": 1, "swap": "", "os-flavor-access:is_public": true, "rxtx_factor": 1.0, "OS-FLV-EXT-DATA:ephemeral": 0, "disk": 1, "id": "ce9f2dbe-efb3-4e14-acdd-2893323ad305"}]} _http_log_response /usr/lib/python2.7/site-packages/keystoneauth1/session.py:511
2019-07-11 06:46:03.984 661 DEBUG novaclient.v2.client [-] GET call to compute for http://172.30.9.47:8774/v2.1/flavors/detail used request id req-7b661e1e-f608-4aed-843f-3eef82836983 request /usr/lib/python2.7/site-packages/keystoneauth1/session.py:844
2019-07-11 06:46:03.985 661 INFO rally.task.runner [-] Task 693bf89d-dc49-4cff-b4a3-14796bd2d32b | ITER: 2 END: OK
2019-07-11 06:46:03.989 662 DEBUG novaclient.v2.client [-] RESP: [200] Content-Encoding: gzip Content-Length: 365 Content-Type: application/json Date: Thu, 11 Jul 2019 06:46:03 GMT OpenStack-API-Version: compute 2.1 Server: Apache Vary: OpenStack-API-Version,X-OpenStack-Nova-API-Version,Accept-Encoding X-OpenStack-Nova-API-Version: 2.1 x-compute-request-id: req-298ac93c-d8a2-45f2-93bf-65653e5e200d x-openstack-request-id: req-298ac93c-d8a2-45f2-93bf-65653e5e200d _http_log_response /usr/lib/python2.7/site-packages/keystoneauth1/session.py:479
2019-07-11 06:46:03.989 661 INFO rally.task.runner [-] Task 693bf89d-dc49-4cff-b4a3-14796bd2d32b | ITER: 5 START
2019-07-11 06:46:03.989 662 DEBUG novaclient.v2.client [-] RESP BODY: {"flavors": [{"name": "rally_full-flavor_alt_1cf98648-884b-4a72-9826-1496760cc48a", "links": [{"href": "http://172.30.9.47:8774/v2.1/flavors/c3f27598-5837-4d84-a065-af2403f39b0d", "rel": "self"}, {"href": "http://172.30.9.47:8774/flavors/c3f27598-5837-4d84-a065-af2403f39b0d", "rel": "bookmark"}], "ram": 1024, "OS-FLV-DISABLED:disabled": false, "vcpus": 1, "swap": "", "os-flavor-access:is_public": true, "rxtx_factor": 1.0, "OS-FLV-EXT-DATA:ephemeral": 0, "disk": 1, "id": "c3f27598-5837-4d84-a065-af2403f39b0d"}, {"name": "rally_full-flavor_1cf98648-884b-4a72-9826-1496760cc48a", "links": [{"href": "http://172.30.9.47:8774/v2.1/flavors/ce9f2dbe-efb3-4e14-acdd-2893323ad305", "rel": "self"}, {"href": "http://172.30.9.47:8774/flavors/ce9f2dbe-efb3-4e14-acdd-2893323ad305", "rel": "bookmark"}], "ram": 512, "OS-FLV-DISABLED:disabled": false, "vcpus": 1, "swap": "", "os-flavor-access:is_public": true, "rxtx_factor": 1.0, "OS-FLV-EXT-DATA:ephemeral": 0, "disk": 1, "id": "ce9f2dbe-efb3-4e14-acdd-2893323ad305"}]} _http_log_response /usr/lib/python2.7/site-packages/keystoneauth1/session.py:511
2019-07-11 06:46:03.990 662 DEBUG novaclient.v2.client [-] GET call to compute for http://172.30.9.47:8774/v2.1/flavors/detail used request id req-298ac93c-d8a2-45f2-93bf-65653e5e200d request /usr/lib/python2.7/site-packages/keystoneauth1/session.py:844
2019-07-11 06:46:03.991 662 INFO rally.task.runner [-] Task 693bf89d-dc49-4cff-b4a3-14796bd2d32b | ITER: 3 END: OK
2019-07-11 06:46:03.994 662 INFO rally.task.runner [-] Task 693bf89d-dc49-4cff-b4a3-14796bd2d32b | ITER: 6 START
2019-07-11 06:46:03.998 663 DEBUG novaclient.v2.client [-] RESP: [200] Content-Encoding: gzip Content-Length: 365 Content-Type: application/json Date: Thu, 11 Jul 2019 06:46:03 GMT OpenStack-API-Version: compute 2.1 Server: Apache Vary: OpenStack-API-Version,X-OpenStack-Nova-API-Version,Accept-Encoding X-OpenStack-Nova-API-Version: 2.1 x-compute-request-id: req-147f9980-08ce-46d4-9992-1d071d66ae06 x-openstack-request-id: req-147f9980-08ce-46d4-9992-1d071d66ae06 _http_log_response /usr/lib/python2.7/site-packages/keystoneauth1/session.py:479
2019-07-11 06:46:03.999 663 DEBUG novaclient.v2.client [-] RESP BODY: {"flavors": [{"name": "rally_full-flavor_alt_1cf98648-884b-4a72-9826-1496760cc48a", "links": [{"href": "http://172.30.9.47:8774/v2.1/flavors/c3f27598-5837-4d84-a065-af2403f39b0d", "rel": "self"}, {"href": "http://172.30.9.47:8774/flavors/c3f27598-5837-4d84-a065-af2403f39b0d", "rel": "bookmark"}], "ram": 1024, "OS-FLV-DISABLED:disabled": false, "vcpus": 1, "swap": "", "os-flavor-access:is_public": true, "rxtx_factor": 1.0, "OS-FLV-EXT-DATA:ephemeral": 0, "disk": 1, "id": "c3f27598-5837-4d84-a065-af2403f39b0d"}, {"name": "rally_full-flavor_1cf98648-884b-4a72-9826-1496760cc48a", "links": [{"href": "http://172.30.9.47:8774/v2.1/flavors/ce9f2dbe-efb3-4e14-acdd-2893323ad305", "rel": "self"}, {"href": "http://172.30.9.47:8774/flavors/ce9f2dbe-efb3-4e14-acdd-2893323ad305", "rel": "bookmark"}], "ram": 512, "OS-FLV-DISABLED:disabled": false, "vcpus": 1, "swap": "", "os-flavor-access:is_public": true, "rxtx_factor": 1.0, "OS-FLV-EXT-DATA:ephemeral": 0, "disk": 1, "id": "ce9f2dbe-efb3-4e14-acdd-2893323ad305"}]} _http_log_response /usr/lib/python2.7/site-packages/keystoneauth1/session.py:511
2019-07-11 06:46:03.999 663 DEBUG novaclient.v2.client [-] GET call to compute for http://172.30.9.47:8774/v2.1/flavors/detail used request id req-147f9980-08ce-46d4-9992-1d071d66ae06 request /usr/lib/python2.7/site-packages/keystoneauth1/session.py:844
2019-07-11 06:46:04.000 663 INFO rally.task.runner [-] Task 693bf89d-dc49-4cff-b4a3-14796bd2d32b | ITER: 4 END: OK
2019-07-11 06:46:04.004 663 INFO rally.task.runner [-] Task 693bf89d-dc49-4cff-b4a3-14796bd2d32b | ITER: 7 START
2019-07-11 06:46:04.357 660 DEBUG novaclient.v2.client [-] RESP: [200] Content-Encoding: gzip Content-Length: 365 Content-Type: application/json Date: Thu, 11 Jul 2019 06:46:03 GMT OpenStack-API-Version: compute 2.1 Server: Apache Vary: OpenStack-API-Version,X-OpenStack-Nova-API-Version,Accept-Encoding X-OpenStack-Nova-API-Version: 2.1 x-compute-request-id: req-d98b7676-a8aa-4bb7-93d3-6265de558024 x-openstack-request-id: req-d98b7676-a8aa-4bb7-93d3-6265de558024 _http_log_response /usr/lib/python2.7/site-packages/keystoneauth1/session.py:479
2019-07-11 06:46:04.358 660 DEBUG novaclient.v2.client [-] RESP BODY: {"flavors": [{"name": "rally_full-flavor_alt_1cf98648-884b-4a72-9826-1496760cc48a", "links": [{"href": "http://172.30.9.47:8774/v2.1/flavors/c3f27598-5837-4d84-a065-af2403f39b0d", "rel": "self"}, {"href": "http://172.30.9.47:8774/flavors/c3f27598-5837-4d84-a065-af2403f39b0d", "rel": "bookmark"}], "ram": 1024, "OS-FLV-DISABLED:disabled": false, "vcpus": 1, "swap": "", "os-flavor-access:is_public": true, "rxtx_factor": 1.0, "OS-FLV-EXT-DATA:ephemeral": 0, "disk": 1, "id": "c3f27598-5837-4d84-a065-af2403f39b0d"}, {"name": "rally_full-flavor_1cf98648-884b-4a72-9826-1496760cc48a", "links": [{"href": "http://172.30.9.47:8774/v2.1/flavors/ce9f2dbe-efb3-4e14-acdd-2893323ad305", "rel": "self"}, {"href": "http://172.30.9.47:8774/flavors/ce9f2dbe-efb3-4e14-acdd-2893323ad305", "rel": "bookmark"}], "ram": 512, "OS-FLV-DISABLED:disabled": false, "vcpus": 1, "swap": "", "os-flavor-access:is_public": true, "rxtx_factor": 1.0, "OS-FLV-EXT-DATA:ephemeral": 0, "disk": 1, "id": "ce9f2dbe-efb3-4e14-acdd-2893323ad305"}]} _http_log_response /usr/lib/python2.7/site-packages/keystoneauth1/session.py:511
2019-07-11 06:46:04.358 660 DEBUG novaclient.v2.client [-] GET call to compute for http://172.30.9.47:8774/v2.1/flavors/detail used request id req-d98b7676-a8aa-4bb7-93d3-6265de558024 request /usr/lib/python2.7/site-packages/keystoneauth1/session.py:844
