2019-07-11 07:19:08.664 6401 INFO rally.task.runner [-] Task 9593b25f-c060-471c-84b6-2debf5da9d5d | ITER: 10 END: OK
2019-07-11 07:19:08.687 1842 INFO rally.task.context [-] Task 9593b25f-c060-471c-84b6-2debf5da9d5d | Context admin_cleanup@openstack cleanup() started
2019-07-11 07:19:08.689 1842 RALLYDEBUG rally_openstack.cleanup.manager [-] Cleaning up cinder volume_types objects
2019-07-11 07:19:09.486 1842 RALLYDEBUG rally_openstack.cleanup.manager [-] Deleting cinder.volume_types object s_rally_fa5ad126_tLl3Dfwq (280d6e5d-984f-486d-93dd-e5d698090892)
2019-07-11 07:19:09.487 1842 RALLYDEBUG rally_openstack.cleanup.manager [-] Deleting cinder.volume_types object s_rally_fa5ad126_Dya2Kgd7 (2d8b74a8-5119-4ec8-a322-a11b2d973ead)
2019-07-11 07:19:09.494 1842 RALLYDEBUG rally_openstack.cleanup.manager [-] Deleting cinder.volume_types object s_rally_fa5ad126_5KJFeDLT (6ae9420a-4dc8-4c85-9ee3-b002797dd686)
2019-07-11 07:19:09.499 1842 RALLYDEBUG rally_openstack.cleanup.manager [-] Deleting cinder.volume_types object s_rally_fa5ad126_WXvfohR0 (6390c87f-1afa-4b2c-b1cf-f145506bf4da)
2019-07-11 07:19:09.506 1842 RALLYDEBUG rally_openstack.cleanup.manager [-] Deleting cinder.volume_types object s_rally_fa5ad126_8BFf5jxk (a93526f2-a04d-473b-aa79-a2261a559987)
2019-07-11 07:19:09.506 1842 RALLYDEBUG rally_openstack.cleanup.manager [-] Deleting cinder.volume_types object s_rally_fa5ad126_qo3cCEGH (dbcfad7b-e63b-40f2-bdf9-f7f78125fd2c)
2019-07-11 07:19:09.513 1842 RALLYDEBUG rally_openstack.cleanup.manager [-] Deleting cinder.volume_types object s_rally_fa5ad126_iyl59uqd (d8050a31-f773-40e1-a864-0e59c7c3e68a)
2019-07-11 07:19:09.518 1842 RALLYDEBUG rally_openstack.cleanup.manager [-] Deleting cinder.volume_types object s_rally_fa5ad126_KDdGnEVr (e532685e-584b-43a4-8e9e-fb9b0d35ac70)
2019-07-11 07:19:09.521 1842 RALLYDEBUG rally_openstack.cleanup.manager [-] Deleting cinder.volume_types object s_rally_fa5ad126_ch7aDcM1 (704adcc1-15db-4019-a8f9-e658ad19394c)
2019-07-11 07:19:09.529 1842 RALLYDEBUG rally_openstack.cleanup.manager [-] Deleting cinder.volume_types object s_rally_fa5ad126_wemIu0s2 (4484448d-acfe-4249-8957-579fb5050dd2)
2019-07-11 07:19:11.835 1842 RALLYDEBUG rally_openstack.cleanup.manager [-] Cleaning up cinder image_volumes_cache objects
2019-07-11 07:19:13.143 1842 RALLYDEBUG rally_openstack.cleanup.manager [-] Cleaning up cinder quotas objects
2019-07-11 07:19:14.961 1842 RALLYDEBUG rally_openstack.cleanup.manager [-] Cleaning up cinder qos_specs objects
2019-07-11 07:19:15.614 1842 INFO rally.task.context [-] Task 9593b25f-c060-471c-84b6-2debf5da9d5d | Context admin_cleanup@openstack cleanup() finished in 6.93 sec
2019-07-11 07:19:15.615 1842 INFO rally.task.context [-] Task 9593b25f-c060-471c-84b6-2debf5da9d5d | Context api_versions@openstack cleanup() started
2019-07-11 07:19:15.615 1842 INFO rally.task.context [-] Task 9593b25f-c060-471c-84b6-2debf5da9d5d | Context api_versions@openstack cleanup() finished in 0.34 msec
2019-07-11 07:19:15.616 1842 INFO rally.task.context [-] Task 9593b25f-c060-471c-84b6-2debf5da9d5d | Context users@openstack cleanup() started
2019-07-11 07:19:24.541 1842 INFO rally.task.context [-] Task 9593b25f-c060-471c-84b6-2debf5da9d5d | Context users@openstack cleanup() finished in 8.93 sec
2019-07-11 07:19:25.678 1842 INFO rally.task.engine [-] Load duration is: 4.082784
2019-07-11 07:19:25.678 1842 INFO rally.task.engine [-] Full runner duration is: 4.12831
2019-07-11 07:19:25.678 1842 INFO rally.task.engine [-] Full duration is: 24.987229
2019-07-11 07:19:25.873 1842 INFO rally.task.engine [-] Task 9593b25f-c060-471c-84b6-2debf5da9d5d | Completed: Running task.
2019-07-11 07:19:26.904 6540 RALLYDEBUG rally.api [-] INFO logs from urllib3 and requests module are hide.
2019-07-11 07:19:26.905 6540 RALLYDEBUG rally.api [-] urllib3 insecure warnings are hidden.
2019-07-11 07:19:26.905 6540 RALLYDEBUG rally.api [-] ERROR log from boto module is hide.
2019-07-11 07:19:27.874 6541 RALLYDEBUG rally.api [-] INFO logs from urllib3 and requests module are hide.
2019-07-11 07:19:27.874 6541 RALLYDEBUG rally.api [-] urllib3 insecure warnings are hidden.
2019-07-11 07:19:27.874 6541 RALLYDEBUG rally.api [-] ERROR log from boto module is hide.
2019-07-11 07:19:29.150 6541 INFO rally.api [-] Building 'json' report for the following task(s): '9593b25f-c060-471c-84b6-2debf5da9d5d'.
2019-07-11 07:19:29.191 6541 INFO rally.api [-] The report has been successfully built.
2019-07-11 07:19:30.041 6543 RALLYDEBUG rally.api [-] INFO logs from urllib3 and requests module are hide.
2019-07-11 07:19:30.041 6543 RALLYDEBUG rally.api [-] urllib3 insecure warnings are hidden.
2019-07-11 07:19:30.041 6543 RALLYDEBUG rally.api [-] ERROR log from boto module is hide.
2019-07-11 07:19:31.304 6543 INFO rally.task.engine [-] Task 33fa1afc-1d3b-495d-9c51-7c4ebc4bb382 | Starting: Task validation.
2019-07-11 07:19:31.334 6543 INFO rally.task.engine [-] Task 33fa1afc-1d3b-495d-9c51-7c4ebc4bb382 | Starting: Task validation of syntax.
2019-07-11 07:19:31.519 6543 INFO rally.task.engine [-] Task 33fa1afc-1d3b-495d-9c51-7c4ebc4bb382 | Completed: Task validation of syntax.
2019-07-11 07:19:31.519 6543 INFO rally.task.engine [-] Task 33fa1afc-1d3b-495d-9c51-7c4ebc4bb382 | Starting: Task validation of required platforms.
2019-07-11 07:19:31.583 6543 INFO rally.task.engine [-] Task 33fa1afc-1d3b-495d-9c51-7c4ebc4bb382 | Completed: Task validation of required platforms.
2019-07-11 07:19:31.583 6543 INFO rally.task.engine [-] Task 33fa1afc-1d3b-495d-9c51-7c4ebc4bb382 | Starting: Task validation of semantic.
2019-07-11 07:19:31.583 6543 INFO rally.task.engine [-] Check health of the environment 'c77341d4-82ee-4689-a8af-4e8054c576ac'.
2019-07-11 07:19:32.401 6543 INFO rally.task.engine [-] Platform existing@openstack (available: True): OK!
2019-07-11 07:19:32.419 6543 RALLYDEBUG rally_openstack.contexts.keystone.users [-] Creating 1 tenants using 20 threads
2019-07-11 07:19:34.331 6543 RALLYDEBUG rally_openstack.contexts.keystone.users [-] Creating 1 users using 20 threads
2019-07-11 07:19:37.205 6543 INFO rally.task.context [-] Task 33fa1afc-1d3b-495d-9c51-7c4ebc4bb382 | Context users@openstack setup() finished in 4.79 sec
2019-07-11 07:19:44.554 6543 INFO rally.task.context [-] Task 33fa1afc-1d3b-495d-9c51-7c4ebc4bb382 | Context users@openstack cleanup() started
2019-07-11 07:19:50.129 6543 INFO rally.task.context [-] Task 33fa1afc-1d3b-495d-9c51-7c4ebc4bb382 | Context users@openstack cleanup() finished in 5.57 sec
2019-07-11 07:19:50.129 6543 INFO rally.task.engine [-] Task 33fa1afc-1d3b-495d-9c51-7c4ebc4bb382 | Completed: Task validation of semantic.
2019-07-11 07:19:50.130 6543 INFO rally.task.engine [-] Task 33fa1afc-1d3b-495d-9c51-7c4ebc4bb382 | Completed: Task validation.
2019-07-11 07:19:50.130 6543 INFO rally.api [-] Task 33fa1afc-1d3b-495d-9c51-7c4ebc4bb382 input file is valid.
2019-07-11 07:19:50.130 6543 INFO rally.api [-] Run Task 33fa1afc-1d3b-495d-9c51-7c4ebc4bb382 against Deployment c77341d4-82ee-4689-a8af-4e8054c576ac
2019-07-11 07:19:50.131 6543 INFO rally.task.engine [-] Task 33fa1afc-1d3b-495d-9c51-7c4ebc4bb382 | Starting: Running task.
2019-07-11 07:19:50.365 6543 INFO rally.task.engine [-] Running workload: position = 0 config = { "version": 2, "title": "A cropped version of a bigger task.", "description": "Auto-generated task from a single workload (uuid=5f0eb220-6d70-40fe-b769-bf722afd7633)", "subtasks": [ { "title": "Gnocchi.list_capabilities", "description": "List supported aggregation methods.", "scenario": { "Gnocchi.list_capabilities": {} }, "contexts": { "users": { "tenants": 3, "users_per_tenant": 2 } }, "runner": { "constant": { "concurrency": 4, "times": 10 } }, "hooks": [], "sla": { "failure_rate": { "max": 0 } } } ] }
2019-07-11 07:19:50.386 6543 RALLYDEBUG rally_openstack.contexts.keystone.users [-] Creating 3 tenants using 20 threads
2019-07-11 07:19:52.391 6543 RALLYDEBUG rally_openstack.contexts.keystone.users [-] Creating 6 users using 20 threads
2019-07-11 07:19:55.339 6543 INFO rally.task.context [-] Task 33fa1afc-1d3b-495d-9c51-7c4ebc4bb382 | Context users@openstack setup() finished in 4.95 sec
2019-07-11 07:19:55.346 6543 RALLYDEBUG rally.task.runner [-] Starting the constant runner (task UUID: 33fa1afc-1d3b-495d-9c51-7c4ebc4bb382). timeout: 0 concurrency: 4 concurrency_per_worker: 1 times: 10 concurrency_overhead: 0 processes_to_start: 4 max_cpu_used: 16
2019-07-11 07:19:55.357 6667 RALLYDEBUG rally.task.runner [-] Starting a worker. concurrency: 1 args: {} times: 10 method_name: run timeout: 0 duration: None cls:
2019-07-11 07:19:55.360 6667 INFO rally.task.runner [-] Task 33fa1afc-1d3b-495d-9c51-7c4ebc4bb382 | ITER: 1 START
2019-07-11 07:19:55.361 6669 RALLYDEBUG rally.task.runner [-] Starting a worker. concurrency: 1 args: {} times: 10 method_name: run timeout: 0 duration: None cls:
2019-07-11 07:19:55.361 6668 RALLYDEBUG rally.task.runner [-] Starting a worker. concurrency: 1 args: {} times: 10 method_name: run timeout: 0 duration: None cls:
2019-07-11 07:19:55.364 6672 RALLYDEBUG rally.task.runner [-] Starting a worker. concurrency: 1 args: {} times: 10 method_name: run timeout: 0 duration: None cls:
2019-07-11 07:19:55.366 6669 INFO rally.task.runner [-] Task 33fa1afc-1d3b-495d-9c51-7c4ebc4bb382 | ITER: 2 START
2019-07-11 07:19:55.367 6668 INFO rally.task.runner [-] Task 33fa1afc-1d3b-495d-9c51-7c4ebc4bb382 | ITER: 3 START
2019-07-11 07:19:55.367 6672 INFO rally.task.runner [-] Task 33fa1afc-1d3b-495d-9c51-7c4ebc4bb382 | ITER: 4 START
2019-07-11 07:19:56.076 6669 INFO rally.task.runner [-] Task 33fa1afc-1d3b-495d-9c51-7c4ebc4bb382 | ITER: 2 END: OK
2019-07-11 07:19:56.080 6669 INFO rally.task.runner [-] Task 33fa1afc-1d3b-495d-9c51-7c4ebc4bb382 | ITER: 5 START
2019-07-11 07:19:56.081 6672 INFO rally.task.runner [-] Task 33fa1afc-1d3b-495d-9c51-7c4ebc4bb382 | ITER: 4 END: OK
2019-07-11 07:19:56.082 6667 INFO rally.task.runner [-] Task 33fa1afc-1d3b-495d-9c51-7c4ebc4bb382 | ITER: 1 END: OK
2019-07-11 07:19:56.085 6672 INFO rally.task.runner [-] Task 33fa1afc-1d3b-495d-9c51-7c4ebc4bb382 | ITER: 6 START
2019-07-11 07:19:56.086 6667 INFO rally.task.runner [-] Task 33fa1afc-1d3b-495d-9c51-7c4ebc4bb382 | ITER: 7 START
2019-07-11 07:19:56.120 6668 INFO rally.task.runner [-] Task 33fa1afc-1d3b-495d-9c51-7c4ebc4bb382 | ITER: 3 END: OK
2019-07-11 07:19:56.124 6668 INFO rally.task.runner [-] Task 33fa1afc-1d3b-495d-9c51-7c4ebc4bb382 | ITER: 8 START
2019-07-11 07:19:56.794 6667 INFO rally.task.runner [-] Task 33fa1afc-1d3b-495d-9c51-7c4ebc4bb382 | ITER: 7 END: OK
2019-07-11 07:19:56.797 6667 INFO rally.task.runner [-] Task 33fa1afc-1d3b-495d-9c51-7c4ebc4bb382 | ITER: 9 START
2019-07-11 07:19:56.816 6672 INFO rally.task.runner [-] Task 33fa1afc-1d3b-495d-9c51-7c4ebc4bb382 | ITER: 6 END: OK
2019-07-11 07:19:56.819 6672 INFO rally.task.runner [-] Task 33fa1afc-1d3b-495d-9c51-7c4ebc4bb382 | ITER: 10 START
2019-07-11 07:19:56.881 6669 INFO rally.task.runner [-] Task 33fa1afc-1d3b-495d-9c51-7c4ebc4bb382 | ITER: 5 END: OK
2019-07-11 07:19:56.935 6668 INFO rally.task.runner [-] Task 33fa1afc-1d3b-495d-9c51-7c4ebc4bb382 | ITER: 8 END: OK
2019-07-11 07:19:57.519 6667 INFO rally.task.runner [-] Task 33fa1afc-1d3b-495d-9c51-7c4ebc4bb382 | ITER: 9 END: OK
2019-07-11 07:19:57.625 6672 INFO rally.task.runner [-] Task 33fa1afc-1d3b-495d-9c51-7c4ebc4bb382 | ITER: 10 END: OK
2019-07-11 07:19:57.647 6543 INFO rally.task.context [-] Task 33fa1afc-1d3b-495d-9c51-7c4ebc4bb382 | Context users@openstack cleanup() started
2019-07-11 07:20:05.763 6543 INFO rally.task.context [-] Task 33fa1afc-1d3b-495d-9c51-7c4ebc4bb382 | Context users@openstack cleanup() finished in 8.12 sec
2019-07-11 07:20:06.519 6543 INFO rally.task.engine [-] Load duration is: 2.263702
2019-07-11 07:20:06.519 6543 INFO rally.task.engine [-] Full runner duration is: 2.301215
2019-07-11 07:20:06.519 6543 INFO rally.task.engine [-] Full duration is: 15.381267
2019-07-11 07:20:06.754 6543 INFO rally.task.engine [-] Running workload: position = 0 config = { "version": 2, "title": "A cropped version of a bigger task.", "description": "Auto-generated task from a single workload (uuid=1feee63e-ef5a-43f4-806d-6853eb53b6e7)", "subtasks": [ { "title": "Gnocchi.get_status", "description": "Get the status of measurements processing.", "scenario": { "Gnocchi.get_status": { "detailed": false } }, "contexts": { "users": { "tenants": 3, "users_per_tenant": 2 } }, "runner": { "constant": { "concurrency": 4, "times": 10 } }, "hooks": [], "sla": { "failure_rate": { "max": 0 } } } ] }
2019-07-11 07:20:06.777 6543 RALLYDEBUG rally_openstack.contexts.keystone.users [-] Creating 3 tenants using 20 threads
2019-07-11 07:20:08.584 6543 RALLYDEBUG rally_openstack.contexts.keystone.users [-] Creating 6 users using 20 threads
2019-07-11 07:20:11.324 6543 INFO rally.task.context [-] Task 33fa1afc-1d3b-495d-9c51-7c4ebc4bb382 | Context users@openstack setup() finished in 4.55 sec
2019-07-11 07:20:11.332 6543 RALLYDEBUG rally.task.runner [-] Starting the constant runner (task UUID: 33fa1afc-1d3b-495d-9c51-7c4ebc4bb382). timeout: 0 concurrency: 4 concurrency_per_worker: 1 times: 10 concurrency_overhead: 0 processes_to_start: 4 max_cpu_used: 16
2019-07-11 07:20:11.347 6771 RALLYDEBUG rally.task.runner [-] Starting a worker. concurrency: 1 args: {"detailed": false} times: 10 method_name: run timeout: 0 duration: None cls:
2019-07-11 07:20:11.350 6772 RALLYDEBUG rally.task.runner [-] Starting a worker. concurrency: 1 args: {"detailed": false} times: 10 method_name: run timeout: 0 duration: None cls:
2019-07-11 07:20:11.353 6771 INFO rally.task.runner [-] Task 33fa1afc-1d3b-495d-9c51-7c4ebc4bb382 | ITER: 1 START
2019-07-11 07:20:11.355 6773 RALLYDEBUG rally.task.runner [-] Starting a worker. concurrency: 1 args: {"detailed": false} times: 10 method_name: run timeout: 0 duration: None cls:
2019-07-11 07:20:11.356 6772 INFO rally.task.runner [-] Task 33fa1afc-1d3b-495d-9c51-7c4ebc4bb382 | ITER: 2 START
2019-07-11 07:20:11.357 6774 RALLYDEBUG rally.task.runner [-] Starting a worker. concurrency: 1 args: {"detailed": false} times: 10 method_name: run timeout: 0 duration: None cls:
2019-07-11 07:20:11.361 6773 INFO rally.task.runner [-] Task 33fa1afc-1d3b-495d-9c51-7c4ebc4bb382 | ITER: 3 START
2019-07-11 07:20:11.363 6774 INFO rally.task.runner [-] Task 33fa1afc-1d3b-495d-9c51-7c4ebc4bb382 | ITER: 4 START
2019-07-11 07:20:12.104 6773 INFO rally.task.runner [-] Task 33fa1afc-1d3b-495d-9c51-7c4ebc4bb382 | ITER: 3 END: OK
2019-07-11 07:20:12.107 6773 INFO rally.task.runner [-] Task 33fa1afc-1d3b-495d-9c51-7c4ebc4bb382 | ITER: 5 START
2019-07-11 07:20:12.111 6772 INFO rally.task.runner [-] Task 33fa1afc-1d3b-495d-9c51-7c4ebc4bb382 | ITER: 2 END: OK
2019-07-11 07:20:12.115 6772 INFO rally.task.runner [-] Task 33fa1afc-1d3b-495d-9c51-7c4ebc4bb382 | ITER: 6 START
2019-07-11 07:20:12.148 6774 INFO rally.task.runner [-] Task 33fa1afc-1d3b-495d-9c51-7c4ebc4bb382 | ITER: 4 END: OK
2019-07-11 07:20:12.151 6774 INFO rally.task.runner [-] Task 33fa1afc-1d3b-495d-9c51-7c4ebc4bb382 | ITER: 7 START
2019-07-11 07:20:12.238 6771 INFO rally.task.runner [-] Task 33fa1afc-1d3b-495d-9c51-7c4ebc4bb382 | ITER: 1 END: OK
2019-07-11 07:20:12.242 6771 INFO rally.task.runner [-] Task 33fa1afc-1d3b-495d-9c51-7c4ebc4bb382 | ITER: 8 START
2019-07-11 07:20:12.832 6773 INFO rally.task.runner [-] Task 33fa1afc-1d3b-495d-9c51-7c4ebc4bb382 | ITER: 5 END: OK
2019-07-11 07:20:12.835 6773 INFO rally.task.runner [-] Task 33fa1afc-1d3b-495d-9c51-7c4ebc4bb382 | ITER: 9 START
2019-07-11 07:20:12.856 6772 INFO rally.task.runner [-] Task 33fa1afc-1d3b-495d-9c51-7c4ebc4bb382 | ITER: 6 END: OK
2019-07-11 07:20:12.859 6772 INFO rally.task.runner [-] Task 33fa1afc-1d3b-495d-9c51-7c4ebc4bb382 | ITER: 10 START
2019-07-11 07:20:12.925 6774 INFO rally.task.runner [-] Task 33fa1afc-1d3b-495d-9c51-7c4ebc4bb382 | ITER: 7 END: OK
2019-07-11 07:20:12.987 6771 INFO rally.task.runner [-] Task 33fa1afc-1d3b-495d-9c51-7c4ebc4bb382 | ITER: 8 END: OK
2019-07-11 07:20:13.503 6773 INFO rally.task.runner [-] Task 33fa1afc-1d3b-495d-9c51-7c4ebc4bb382 | ITER: 9 END: OK
2019-07-11 07:20:13.645 6772 INFO rally.task.runner [-] Task 33fa1afc-1d3b-495d-9c51-7c4ebc4bb382 | ITER: 10 END: OK
2019-07-11 07:20:13.667 6543 INFO rally.task.context [-] Task 33fa1afc-1d3b-495d-9c51-7c4ebc4bb382 | Context users@openstack cleanup() started
2019-07-11 07:20:21.913 6543 INFO rally.task.context [-] Task 33fa1afc-1d3b-495d-9c51-7c4ebc4bb382 | Context users@openstack cleanup() finished in 8.25 sec
2019-07-11 07:20:22.867 6543 INFO rally.task.engine [-] Load duration is: 2.290419
2019-07-11 07:20:22.868 6543 INFO rally.task.engine [-] Full runner duration is: 2.335767
2019-07-11 07:20:22.868 6543 INFO rally.task.engine [-] Full duration is: 15.137206
2019-07-11 07:20:23.087 6543 INFO rally.task.engine [-] Running workload: position = 0 config = { "version": 2, "title": "A cropped version of a bigger task.", "description": "Auto-generated task from a single workload (uuid=8b2ca823-1140-4e5a-a2eb-c91ecac453cd)", "subtasks": [ { "title": "GnocchiArchivePolicyRule.list_archive_policy_rule", "description": "List archive policy rules.", "scenario": { "GnocchiArchivePolicyRule.list_archive_policy_rule": {} }, "contexts": { "users": { "tenants": 3, "users_per_tenant": 2 } }, "runner": { "constant": { "concurrency": 4, "times": 10 } }, "hooks": [], "sla": { "failure_rate": { "max": 0 } } } ] }
2019-07-11 07:20:23.107 6543 RALLYDEBUG rally_openstack.contexts.keystone.users [-] Creating 3 tenants using 20 threads
2019-07-11 07:20:24.979 6543 RALLYDEBUG rally_openstack.contexts.keystone.users [-] Creating 6 users using 20 threads
2019-07-11 07:20:27.839 6543 INFO rally.task.context [-] Task 33fa1afc-1d3b-495d-9c51-7c4ebc4bb382 | Context users@openstack setup() finished in 4.73 sec
2019-07-11 07:20:27.846 6543 RALLYDEBUG rally.task.runner [-] Starting the constant runner (task UUID: 33fa1afc-1d3b-495d-9c51-7c4ebc4bb382). timeout: 0 concurrency: 4 concurrency_per_worker: 1 times: 10 concurrency_overhead: 0 processes_to_start: 4 max_cpu_used: 16
2019-07-11 07:20:27.859 6876 RALLYDEBUG rally.task.runner [-] Starting a worker. concurrency: 1 args: {} times: 10 method_name: run timeout: 0 duration: None cls:
2019-07-11 07:20:27.858 6875 RALLYDEBUG rally.task.runner [-] Starting a worker. concurrency: 1 args: {} times: 10 method_name: run timeout: 0 duration: None cls:
2019-07-11 07:20:27.863 6876 INFO rally.task.runner [-] Task 33fa1afc-1d3b-495d-9c51-7c4ebc4bb382 | ITER: 1 START
2019-07-11 07:20:27.864 6875 INFO rally.task.runner [-] Task 33fa1afc-1d3b-495d-9c51-7c4ebc4bb382 | ITER: 2 START
2019-07-11 07:20:27.864 6877 RALLYDEBUG rally.task.runner [-] Starting a worker. concurrency: 1 args: {} times: 10 method_name: run timeout: 0 duration: None cls:
2019-07-11 07:20:27.867 6878 RALLYDEBUG rally.task.runner [-] Starting a worker. concurrency: 1 args: {} times: 10 method_name: run timeout: 0 duration: None cls:
2019-07-11 07:20:27.870 6877 INFO rally.task.runner [-] Task 33fa1afc-1d3b-495d-9c51-7c4ebc4bb382 | ITER: 3 START
2019-07-11 07:20:27.872 6878 INFO rally.task.runner [-] Task 33fa1afc-1d3b-495d-9c51-7c4ebc4bb382 | ITER: 4 START
2019-07-11 07:20:28.592 6877 INFO rally.task.runner [-] Task 33fa1afc-1d3b-495d-9c51-7c4ebc4bb382 | ITER: 3 END: OK
2019-07-11 07:20:28.596 6877 INFO rally.task.runner [-] Task 33fa1afc-1d3b-495d-9c51-7c4ebc4bb382 | ITER: 5 START
2019-07-11 07:20:28.599 6875 INFO rally.task.runner [-] Task 33fa1afc-1d3b-495d-9c51-7c4ebc4bb382 | ITER: 2 END: OK
2019-07-11 07:20:28.603 6875 INFO rally.task.runner [-] Task 33fa1afc-1d3b-495d-9c51-7c4ebc4bb382 | ITER: 6 START
2019-07-11 07:20:28.612 6878 INFO rally.task.runner [-] Task 33fa1afc-1d3b-495d-9c51-7c4ebc4bb382 | ITER: 4 END: OK
2019-07-11 07:20:28.616 6878 INFO rally.task.runner [-] Task 33fa1afc-1d3b-495d-9c51-7c4ebc4bb382 | ITER: 7 START
2019-07-11 07:20:28.692 6876 INFO rally.task.runner [-] Task 33fa1afc-1d3b-495d-9c51-7c4ebc4bb382 | ITER: 1 END: OK
2019-07-11 07:20:28.696 6876 INFO rally.task.runner [-] Task 33fa1afc-1d3b-495d-9c51-7c4ebc4bb382 | ITER: 8 START
2019-07-11 07:20:29.292 6877 INFO rally.task.runner [-] Task 33fa1afc-1d3b-495d-9c51-7c4ebc4bb382 | ITER: 5 END: OK
2019-07-11 07:20:29.296 6877 INFO rally.task.runner [-] Task 33fa1afc-1d3b-495d-9c51-7c4ebc4bb382 | ITER: 9 START
2019-07-11 07:20:29.296 6875 INFO rally.task.runner [-] Task 33fa1afc-1d3b-495d-9c51-7c4ebc4bb382 | ITER: 6 END: OK
2019-07-11 07:20:29.300 6875 INFO rally.task.runner [-] Task 33fa1afc-1d3b-495d-9c51-7c4ebc4bb382 | ITER: 10 START
2019-07-11 07:20:29.438 6876 INFO rally.task.runner [-] Task 33fa1afc-1d3b-495d-9c51-7c4ebc4bb382 | ITER: 8 END: OK
2019-07-11 07:20:29.485 6878 INFO rally.task.runner [-] Task 33fa1afc-1d3b-495d-9c51-7c4ebc4bb382 | ITER: 7 END: OK
2019-07-11 07:20:30.016 6875 INFO rally.task.runner [-] Task 33fa1afc-1d3b-495d-9c51-7c4ebc4bb382 | ITER: 10 END: OK
2019-07-11 07:20:30.026 6877 INFO rally.task.runner [-] Task 33fa1afc-1d3b-495d-9c51-7c4ebc4bb382 | ITER: 9 END: OK
2019-07-11 07:20:30.053 6543 INFO rally.task.context [-] Task 33fa1afc-1d3b-495d-9c51-7c4ebc4bb382 | Context users@openstack cleanup() started
2019-07-11 07:20:37.997 6543 INFO rally.task.context [-] Task 33fa1afc-1d3b-495d-9c51-7c4ebc4bb382 | Context users@openstack cleanup() finished in 7.94 sec
2019-07-11 07:20:39.180 6543 INFO rally.task.engine [-] Load duration is: 2.161029
2019-07-11 07:20:39.180 6543 INFO rally.task.engine [-] Full runner duration is: 2.206909
2019-07-11 07:20:39.181 6543 INFO rally.task.engine [-] Full duration is: 14.893368
2019-07-11 07:20:39.377 6543 INFO rally.task.engine [-] Running workload: position = 0 config = { "version": 2, "title": "A cropped version of a bigger task.", "description": "Auto-generated task from a single workload (uuid=eda817b6-08aa-4791-8f3f-391b64c23e69)", "subtasks": [ { "title": "GnocchiArchivePolicyRule.create_archive_policy_rule", "description": "Create archive policy rule.", "scenario": { "GnocchiArchivePolicyRule.create_archive_policy_rule": { "metric_pattern": "cpu_*", "archive_policy_name": "low" } }, "contexts": { "users": { "tenants": 3, "users_per_tenant": 2 } }, "runner": { "constant": { "concurrency": 4, "times": 10 } }, "hooks": [], "sla": { "failure_rate": { "max": 0 } } } ] }
2019-07-11 07:20:39.398 6543 RALLYDEBUG rally_openstack.contexts.keystone.users [-] Creating 3 tenants using 20 threads
2019-07-11 07:20:41.241 6543 RALLYDEBUG rally_openstack.contexts.keystone.users [-] Creating 6 users using 20 threads
2019-07-11 07:20:44.063 6543 INFO rally.task.context [-] Task 33fa1afc-1d3b-495d-9c51-7c4ebc4bb382 | Context users@openstack setup() finished in 4.67 sec
2019-07-11 07:20:44.064 6543 INFO rally.task.context [-] Task 33fa1afc-1d3b-495d-9c51-7c4ebc4bb382 | Context admin_cleanup@openstack setup() finished in 0.02 msec
2019-07-11 07:20:44.072 6543 RALLYDEBUG rally.task.runner [-] Starting the constant runner (task UUID: 33fa1afc-1d3b-495d-9c51-7c4ebc4bb382). timeout: 0 concurrency: 4 concurrency_per_worker: 1 times: 10 concurrency_overhead: 0 processes_to_start: 4 max_cpu_used: 16
2019-07-11 07:20:44.084 6979 RALLYDEBUG rally.task.runner [-] Starting a worker. concurrency: 1 args: {"metric_pattern": "cpu_*", "archive_policy_name": "low"} times: 10 method_name: run timeout: 0 duration: None cls:
2019-07-11 07:20:44.086 6980 RALLYDEBUG rally.task.runner [-] Starting a worker. concurrency: 1 args: {"metric_pattern": "cpu_*", "archive_policy_name": "low"} times: 10 method_name: run timeout: 0 duration: None cls:
2019-07-11 07:20:44.090 6980 INFO rally.task.runner [-] Task 33fa1afc-1d3b-495d-9c51-7c4ebc4bb382 | ITER: 2 START
2019-07-11 07:20:44.091 6979 INFO rally.task.runner [-] Task 33fa1afc-1d3b-495d-9c51-7c4ebc4bb382 | ITER: 1 START
2019-07-11 07:20:44.091 6981 RALLYDEBUG rally.task.runner [-] Starting a worker. concurrency: 1 args: {"metric_pattern": "cpu_*", "archive_policy_name": "low"} times: 10 method_name: run timeout: 0 duration: None cls:
2019-07-11 07:20:44.095 6982 RALLYDEBUG rally.task.runner [-] Starting a worker. concurrency: 1 args: {"metric_pattern": "cpu_*", "archive_policy_name": "low"} times: 10 method_name: run timeout: 0 duration: None cls:
2019-07-11 07:20:44.097 6981 INFO rally.task.runner [-] Task 33fa1afc-1d3b-495d-9c51-7c4ebc4bb382 | ITER: 3 START
2019-07-11 07:20:44.101 6982 INFO rally.task.runner [-] Task 33fa1afc-1d3b-495d-9c51-7c4ebc4bb382 | ITER: 4 START
2019-07-11 07:20:44.844 6981 INFO rally.task.runner [-] Task 33fa1afc-1d3b-495d-9c51-7c4ebc4bb382 | ITER: 3 END: OK
2019-07-11 07:20:44.848 6981 INFO rally.task.runner [-] Task 33fa1afc-1d3b-495d-9c51-7c4ebc4bb382 | ITER: 5 START
2019-07-11 07:20:44.857 6982 INFO rally.task.runner [-] Task 33fa1afc-1d3b-495d-9c51-7c4ebc4bb382 | ITER: 4 END: OK
2019-07-11 07:20:44.861 6982 INFO rally.task.runner [-] Task 33fa1afc-1d3b-495d-9c51-7c4ebc4bb382 | ITER: 6 START
2019-07-11 07:20:44.875 6980 INFO rally.task.runner [-] Task 33fa1afc-1d3b-495d-9c51-7c4ebc4bb382 | ITER: 2 END: OK
2019-07-11 07:20:44.879 6980 INFO rally.task.runner [-] Task 33fa1afc-1d3b-495d-9c51-7c4ebc4bb382 | ITER: 7 START
2019-07-11 07:20:44.911 6979 INFO rally.task.runner [-] Task 33fa1afc-1d3b-495d-9c51-7c4ebc4bb382 | ITER: 1 END: OK
2019-07-11 07:20:44.915 6979 INFO rally.task.runner [-] Task 33fa1afc-1d3b-495d-9c51-7c4ebc4bb382 | ITER: 8 START
2019-07-11 07:20:45.618 6981 INFO rally.task.runner [-] Task 33fa1afc-1d3b-495d-9c51-7c4ebc4bb382 | ITER: 5 END: OK
2019-07-11 07:20:45.622 6981 INFO rally.task.runner [-] Task 33fa1afc-1d3b-495d-9c51-7c4ebc4bb382 | ITER: 9 START
2019-07-11 07:20:45.641 6982 INFO rally.task.runner [-] Task 33fa1afc-1d3b-495d-9c51-7c4ebc4bb382 | ITER: 6 END: OK
2019-07-11 07:20:45.644 6982 INFO rally.task.runner [-] Task 33fa1afc-1d3b-495d-9c51-7c4ebc4bb382 | ITER: 10 START
2019-07-11 07:20:45.653 6979 INFO rally.task.runner [-] Task 33fa1afc-1d3b-495d-9c51-7c4ebc4bb382 | ITER: 8 END: OK
2019-07-11 07:20:45.696 6980 INFO rally.task.runner [-] Task 33fa1afc-1d3b-495d-9c51-7c4ebc4bb382 | ITER: 7 END: OK
2019-07-11 07:20:46.348 6981 INFO rally.task.runner [-] Task 33fa1afc-1d3b-495d-9c51-7c4ebc4bb382 | ITER: 9 END: OK
2019-07-11 07:20:46.396 6982 INFO rally.task.runner [-] Task 33fa1afc-1d3b-495d-9c51-7c4ebc4bb382 | ITER: 10 END: OK
2019-07-11 07:20:46.425 6543 INFO rally.task.context [-] Task 33fa1afc-1d3b-495d-9c51-7c4ebc4bb382 | Context admin_cleanup@openstack cleanup() started
2019-07-11 07:20:46.428 6543 RALLYDEBUG rally_openstack.cleanup.manager [-] Cleaning up gnocchi archive_policy_rule objects
2019-07-11 07:20:47.129 6543 RALLYDEBUG rally_openstack.cleanup.manager [-] Deleting gnocchi.archive_policy_rule object s_rally_eda817b6_3Ep1uJRH (s_rally_eda817b6_3Ep1uJRH)
2019-07-11 07:20:47.130 6543 RALLYDEBUG rally_openstack.cleanup.manager [-] Deleting gnocchi.archive_policy_rule object s_rally_eda817b6_JjKBpaEI (s_rally_eda817b6_JjKBpaEI)
2019-07-11 07:20:47.131 6543 RALLYDEBUG rally_openstack.cleanup.manager [-] Deleting gnocchi.archive_policy_rule object s_rally_eda817b6_4xkyteqx (s_rally_eda817b6_4xkyteqx)
2019-07-11 07:20:47.138 6543 RALLYDEBUG rally_openstack.cleanup.manager [-] Deleting gnocchi.archive_policy_rule object s_rally_eda817b6_hovg77aR (s_rally_eda817b6_hovg77aR)
2019-07-11 07:20:47.144 6543 RALLYDEBUG rally_openstack.cleanup.manager [-] Deleting gnocchi.archive_policy_rule object s_rally_eda817b6_LvuVDBTP (s_rally_eda817b6_LvuVDBTP)
2019-07-11 07:20:47.162 6543 RALLYDEBUG rally_openstack.cleanup.manager [-] Deleting gnocchi.archive_policy_rule object s_rally_eda817b6_s7Ci6ohl (s_rally_eda817b6_s7Ci6ohl)
2019-07-11 07:20:47.162 6543 RALLYDEBUG rally_openstack.cleanup.manager [-] Deleting gnocchi.archive_policy_rule object s_rally_eda817b6_gB1zK3WT (s_rally_eda817b6_gB1zK3WT)
2019-07-11 07:20:47.165 6543 RALLYDEBUG rally_openstack.cleanup.manager [-] Deleting gnocchi.archive_policy_rule object s_rally_eda817b6_tM0lvMdI (s_rally_eda817b6_tM0lvMdI)
2019-07-11 07:20:47.192 6543 RALLYDEBUG rally_openstack.cleanup.manager [-] Deleting gnocchi.archive_policy_rule object s_rally_eda817b6_FgEL9Dma (s_rally_eda817b6_FgEL9Dma)
2019-07-11 07:20:47.192 6543 RALLYDEBUG rally_openstack.cleanup.manager [-] Deleting gnocchi.archive_policy_rule object s_rally_eda817b6_D6VEedhw (s_rally_eda817b6_D6VEedhw)
2019-07-11 07:20:49.549 6543 INFO rally.task.context [-] Task 33fa1afc-1d3b-495d-9c51-7c4ebc4bb382 | Context admin_cleanup@openstack cleanup() finished in 3.12 sec
2019-07-11 07:20:49.549 6543 INFO rally.task.context [-] Task 33fa1afc-1d3b-495d-9c51-7c4ebc4bb382 | Context users@openstack cleanup() started
2019-07-11 07:20:57.638 6543 INFO rally.task.context [-] Task 33fa1afc-1d3b-495d-9c51-7c4ebc4bb382 | Context users@openstack cleanup() finished in 8.09 sec
2019-07-11 07:20:59.495 6543 INFO rally.task.engine [-] Load duration is: 2.304048
2019-07-11 07:20:59.495 6543 INFO rally.task.engine [-] Full runner duration is: 2.353751
2019-07-11 07:20:59.495 6543 INFO rally.task.engine [-] Full duration is: 18.24326
2019-07-11 07:20:59.688 6543 INFO rally.task.engine [-] Running workload: position = 0 config = { "version": 2, "title": "A cropped version of a bigger task.", "description": "Auto-generated task from a single workload (uuid=30df3f4a-3559-466d-8d12-806b141c80ed)", "subtasks": [ { "title": "GnocchiArchivePolicyRule.create_delete_archive_policy_rule", "description": "Create archive policy rule and then delete it.", "scenario": { "GnocchiArchivePolicyRule.create_delete_archive_policy_rule": { "metric_pattern": "cpu_*", "archive_policy_name": "low" } }, "contexts": { "users": { "tenants": 3, "users_per_tenant": 2 } }, "runner": { "constant": { "concurrency": 4, "times": 10 } }, "hooks": [], "sla": { "failure_rate": { "max": 0 } } } ] }
2019-07-11 07:20:59.711 6543 RALLYDEBUG rally_openstack.contexts.keystone.users [-] Creating 3 tenants using 20 threads
2019-07-11 07:21:01.537 6543 RALLYDEBUG rally_openstack.contexts.keystone.users [-] Creating 6 users using 20 threads
2019-07-11 07:21:04.272 6543 INFO rally.task.context [-] Task 33fa1afc-1d3b-495d-9c51-7c4ebc4bb382 | Context users@openstack setup() finished in 4.56 sec
2019-07-11 07:21:04.273 6543 INFO rally.task.context [-] Task 33fa1afc-1d3b-495d-9c51-7c4ebc4bb382 | Context admin_cleanup@openstack setup() finished in 0.00 msec
2019-07-11 07:21:04.280 6543 RALLYDEBUG rally.task.runner [-] Starting the constant runner (task UUID: 33fa1afc-1d3b-495d-9c51-7c4ebc4bb382). timeout: 0 concurrency: 4 concurrency_per_worker: 1 times: 10 concurrency_overhead: 0 processes_to_start: 4 max_cpu_used: 16
2019-07-11 07:21:04.292 7104 RALLYDEBUG rally.task.runner [-] Starting a worker. concurrency: 1 args: {"metric_pattern": "cpu_*", "archive_policy_name": "low"} times: 10 method_name: run timeout: 0 duration: None cls:
2019-07-11 07:21:04.292 7103 RALLYDEBUG rally.task.runner [-] Starting a worker. concurrency: 1 args: {"metric_pattern": "cpu_*", "archive_policy_name": "low"} times: 10 method_name: run timeout: 0 duration: None cls:
2019-07-11 07:21:04.296 7104 INFO rally.task.runner [-] Task 33fa1afc-1d3b-495d-9c51-7c4ebc4bb382 | ITER: 1 START
2019-07-11 07:21:04.297 7105 RALLYDEBUG rally.task.runner [-] Starting a worker. concurrency: 1 args: {"metric_pattern": "cpu_*", "archive_policy_name": "low"} times: 10 method_name: run timeout: 0 duration: None cls:
2019-07-11 07:21:04.299 7103 INFO rally.task.runner [-] Task 33fa1afc-1d3b-495d-9c51-7c4ebc4bb382 | ITER: 2 START
2019-07-11 07:21:04.300 7106 RALLYDEBUG rally.task.runner [-] Starting a worker. concurrency: 1 args: {"metric_pattern": "cpu_*", "archive_policy_name": "low"} times: 10 method_name: run timeout: 0 duration: None cls:
2019-07-11 07:21:04.302 7105 INFO rally.task.runner [-] Task 33fa1afc-1d3b-495d-9c51-7c4ebc4bb382 | ITER: 3 START
2019-07-11 07:21:04.307 7106 INFO rally.task.runner [-] Task 33fa1afc-1d3b-495d-9c51-7c4ebc4bb382 | ITER: 4 START
2019-07-11 07:21:05.330 7103 INFO rally.task.runner [-] Task 33fa1afc-1d3b-495d-9c51-7c4ebc4bb382 | ITER: 2 END: OK
2019-07-11 07:21:05.334 7103 INFO rally.task.runner [-] Task 33fa1afc-1d3b-495d-9c51-7c4ebc4bb382 | ITER: 5 START
2019-07-11 07:21:05.342 7105 INFO rally.task.runner [-] Task 33fa1afc-1d3b-495d-9c51-7c4ebc4bb382 | ITER: 3 END: OK
2019-07-11 07:21:05.346 7105 INFO rally.task.runner [-] Task 33fa1afc-1d3b-495d-9c51-7c4ebc4bb382 | ITER: 6 START
2019-07-11 07:21:05.352 7106 INFO rally.task.runner [-] Task 33fa1afc-1d3b-495d-9c51-7c4ebc4bb382 | ITER: 4 END: OK
2019-07-11 07:21:05.355 7106 INFO rally.task.runner [-] Task 33fa1afc-1d3b-495d-9c51-7c4ebc4bb382 | ITER: 7 START
2019-07-11 07:21:05.370 7104 INFO rally.task.runner [-] Task 33fa1afc-1d3b-495d-9c51-7c4ebc4bb382 | ITER: 1 END: OK
2019-07-11 07:21:05.374 7104 INFO rally.task.runner [-] Task 33fa1afc-1d3b-495d-9c51-7c4ebc4bb382 | ITER: 8 START
2019-07-11 07:21:06.286 7105 INFO rally.task.runner [-] Task 33fa1afc-1d3b-495d-9c51-7c4ebc4bb382 | ITER: 6 END: OK
2019-07-11 07:21:06.290 7105 INFO rally.task.runner [-] Task 33fa1afc-1d3b-495d-9c51-7c4ebc4bb382 | ITER: 9 START
2019-07-11 07:21:06.342 7106 INFO rally.task.runner [-] Task 33fa1afc-1d3b-495d-9c51-7c4ebc4bb382 | ITER: 7 END: OK
2019-07-11 07:21:06.345 7106 INFO rally.task.runner [-] Task 33fa1afc-1d3b-495d-9c51-7c4ebc4bb382 | ITER: 10 START
2019-07-11 07:21:06.365 7103 INFO rally.task.runner [-] Task 33fa1afc-1d3b-495d-9c51-7c4ebc4bb382 | ITER: 5 END: OK
2019-07-11 07:21:06.383 7104 INFO rally.task.runner [-] Task 33fa1afc-1d3b-495d-9c51-7c4ebc4bb382 | ITER: 8 END: OK
2019-07-11 07:21:07.276 7105 INFO rally.task.runner [-] Task 33fa1afc-1d3b-495d-9c51-7c4ebc4bb382 | ITER: 9 END: OK
2019-07-11 07:21:07.294 7106 INFO rally.task.runner [-] Task 33fa1afc-1d3b-495d-9c51-7c4ebc4bb382 | ITER: 10 END: OK
2019-07-11 07:21:07.314 6543 INFO rally.task.context [-] Task 33fa1afc-1d3b-495d-9c51-7c4ebc4bb382 | Context admin_cleanup@openstack cleanup() started
2019-07-11 07:21:07.316 6543 RALLYDEBUG rally_openstack.cleanup.manager [-] Cleaning up gnocchi archive_policy_rule objects
2019-07-11 07:21:07.971 6543 INFO rally.task.context [-] Task 33fa1afc-1d3b-495d-9c51-7c4ebc4bb382 | Context admin_cleanup@openstack cleanup() finished in 0.66 sec
2019-07-11 07:21:07.971 6543 INFO rally.task.context [-] Task 33fa1afc-1d3b-495d-9c51-7c4ebc4bb382 | Context users@openstack cleanup() started
2019-07-11 07:21:16.218 6543 INFO rally.task.context [-] Task 33fa1afc-1d3b-495d-9c51-7c4ebc4bb382 | Context users@openstack cleanup() finished in 8.25 sec
2019-07-11 07:21:17.798 6543 INFO rally.task.engine [-] Load duration is: 2.996152
2019-07-11 07:21:17.799 6543 INFO rally.task.engine [-] Full runner duration is: 3.034739
2019-07-11 07:21:17.799 6543 INFO rally.task.engine [-] Full duration is: 16.508886
2019-07-11 07:21:17.994 6543 INFO rally.task.engine [-] Running workload: position = 0 config = { "version": 2, "title": "A cropped version of a bigger task.", "description": "Auto-generated task from a single workload (uuid=55c164e5-073d-4954-9118-5f2426514c13)", "subtasks": [ { "title": "GnocchiArchivePolicy.list_archive_policy", "description": "List archive policies.", "scenario": { "GnocchiArchivePolicy.list_archive_policy": {} }, "contexts": { "users": { "tenants": 3, "users_per_tenant": 2 } }, "runner": { "constant": { "concurrency": 4, "times": 10 } }, "hooks": [], "sla": { "failure_rate": { "max": 0 } } } ] }
2019-07-11 07:21:18.017 6543 RALLYDEBUG rally_openstack.contexts.keystone.users [-] Creating 3 tenants using 20 threads
2019-07-11 07:21:19.931 6543 RALLYDEBUG rally_openstack.contexts.keystone.users [-] Creating 6 users using 20 threads
2019-07-11 07:21:22.735 6543 INFO rally.task.context [-] Task 33fa1afc-1d3b-495d-9c51-7c4ebc4bb382 | Context users@openstack setup() finished in 4.72 sec
2019-07-11 07:21:22.742 6543 RALLYDEBUG rally.task.runner [-] Starting the constant runner (task UUID: 33fa1afc-1d3b-495d-9c51-7c4ebc4bb382). timeout: 0 concurrency: 4 concurrency_per_worker: 1 times: 10 concurrency_overhead: 0 processes_to_start: 4 max_cpu_used: 16
2019-07-11 07:21:22.754 7227 RALLYDEBUG rally.task.runner [-] Starting a worker. concurrency: 1 args: {} times: 10 method_name: run timeout: 0 duration: None cls:
2019-07-11 07:21:22.758 7228 RALLYDEBUG rally.task.runner [-] Starting a worker. concurrency: 1 args: {} times: 10 method_name: run timeout: 0 duration: None cls:
2019-07-11 07:21:22.760 7229 RALLYDEBUG rally.task.runner [-] Starting a worker. concurrency: 1 args: {} times: 10 method_name: run timeout: 0 duration: None cls:
2019-07-11 07:21:22.760 7227 INFO rally.task.runner [-] Task 33fa1afc-1d3b-495d-9c51-7c4ebc4bb382 | ITER: 1 START
2019-07-11 07:21:22.764 7228 INFO rally.task.runner [-] Task 33fa1afc-1d3b-495d-9c51-7c4ebc4bb382 | ITER: 2 START
2019-07-11 07:21:22.764 7230 RALLYDEBUG rally.task.runner [-] Starting a worker. concurrency: 1 args: {} times: 10 method_name: run timeout: 0 duration: None cls:
2019-07-11 07:21:22.766 7229 INFO rally.task.runner [-] Task 33fa1afc-1d3b-495d-9c51-7c4ebc4bb382 | ITER: 3 START
2019-07-11 07:21:22.771 7230 INFO rally.task.runner [-] Task 33fa1afc-1d3b-495d-9c51-7c4ebc4bb382 | ITER: 4 START
2019-07-11 07:21:23.471 7230 INFO rally.task.runner [-] Task 33fa1afc-1d3b-495d-9c51-7c4ebc4bb382 | ITER: 4 END: OK
2019-07-11 07:21:23.475 7230 INFO rally.task.runner [-] Task 33fa1afc-1d3b-495d-9c51-7c4ebc4bb382 | ITER: 5 START
2019-07-11 07:21:23.477 7228 INFO rally.task.runner [-] Task 33fa1afc-1d3b-495d-9c51-7c4ebc4bb382 | ITER: 2 END: OK
2019-07-11 07:21:23.481 7228 INFO rally.task.runner [-] Task 33fa1afc-1d3b-495d-9c51-7c4ebc4bb382 | ITER: 6 START
2019-07-11 07:21:23.485 7227 INFO rally.task.runner [-] Task 33fa1afc-1d3b-495d-9c51-7c4ebc4bb382 | ITER: 1 END: OK
2019-07-11 07:21:23.490 7227 INFO rally.task.runner [-] Task 33fa1afc-1d3b-495d-9c51-7c4ebc4bb382 | ITER: 7 START
2019-07-11 07:21:23.490 7229 INFO rally.task.runner [-] Task 33fa1afc-1d3b-495d-9c51-7c4ebc4bb382 | ITER: 3 END: OK
2019-07-11 07:21:23.494 7229 INFO rally.task.runner [-] Task 33fa1afc-1d3b-495d-9c51-7c4ebc4bb382 | ITER: 8 START
2019-07-11 07:21:24.107 7230 INFO rally.task.runner [-] Task 33fa1afc-1d3b-495d-9c51-7c4ebc4bb382 | ITER: 5 END: OK
2019-07-11 07:21:24.110 7230 INFO rally.task.runner [-] Task 33fa1afc-1d3b-495d-9c51-7c4ebc4bb382 | ITER: 9 START
2019-07-11 07:21:24.186 7229 INFO rally.task.runner [-] Task 33fa1afc-1d3b-495d-9c51-7c4ebc4bb382 | ITER: 8 END: OK
2019-07-11 07:21:24.189 7229 INFO rally.task.runner [-] Task 33fa1afc-1d3b-495d-9c51-7c4ebc4bb382 | ITER: 10 START
2019-07-11 07:21:24.202 7227 INFO rally.task.runner [-] Task 33fa1afc-1d3b-495d-9c51-7c4ebc4bb382 | ITER: 7 END: OK
2019-07-11 07:21:24.212 7228 INFO rally.task.runner [-] Task 33fa1afc-1d3b-495d-9c51-7c4ebc4bb382 | ITER: 6 END: OK
2019-07-11 07:21:24.894 7229 INFO rally.task.runner [-] Task 33fa1afc-1d3b-495d-9c51-7c4ebc4bb382 | ITER: 10 END: OK
2019-07-11 07:21:24.899 7230 INFO rally.task.runner [-] Task 33fa1afc-1d3b-495d-9c51-7c4ebc4bb382 | ITER: 9 END: OK
2019-07-11 07:21:24.918 6543 INFO rally.task.context [-] Task 33fa1afc-1d3b-495d-9c51-7c4ebc4bb382 | Context users@openstack cleanup() started
2019-07-11 07:21:33.157 6543 INFO rally.task.context [-] Task 33fa1afc-1d3b-495d-9c51-7c4ebc4bb382 | Context users@openstack cleanup() finished in 8.24 sec
2019-07-11 07:21:34.102 6543 INFO rally.task.engine [-] Load duration is: 2.136659
2019-07-11 07:21:34.103 6543 INFO rally.task.engine [-] Full runner duration is: 2.175639
2019-07-11 07:21:34.103 6543 INFO rally.task.engine [-] Full duration is: 15.142711
2019-07-11 07:21:34.318 6543 INFO rally.task.engine [-] Running workload: position = 0 config = { "version": 2, "title": "A cropped version of a bigger task.", "description": "Auto-generated task from a single workload (uuid=749edf94-1843-453d-8780-8f410ebb338f)", "subtasks": [ { "title": "GnocchiArchivePolicy.create_archive_policy", "description": "Create archive policy.", "scenario": { "GnocchiArchivePolicy.create_archive_policy": { "definition": [ { "granularity": "0:00:01", "timespan": "1:00:00" } ] } }, "contexts": { "users": { "tenants": 3, "users_per_tenant": 2 } }, "runner": { "constant": { "concurrency": 4, "times": 10 } }, "hooks": [], "sla": { "failure_rate": { "max": 0 } } } ] }
2019-07-11 07:21:34.338 6543 RALLYDEBUG rally_openstack.contexts.keystone.users [-] Creating 3 tenants using 20 threads
2019-07-11 07:21:36.243 6543 RALLYDEBUG rally_openstack.contexts.keystone.users [-] Creating 6 users using 20 threads
2019-07-11 07:21:39.059 6543 INFO rally.task.context [-] Task 33fa1afc-1d3b-495d-9c51-7c4ebc4bb382 | Context users@openstack setup() finished in 4.72 sec
2019-07-11 07:21:39.060 6543 INFO rally.task.context [-] Task 33fa1afc-1d3b-495d-9c51-7c4ebc4bb382 | Context admin_cleanup@openstack setup() finished in 0.01 msec
2019-07-11 07:21:39.067 6543 RALLYDEBUG rally.task.runner [-] Starting the constant runner (task UUID: 33fa1afc-1d3b-495d-9c51-7c4ebc4bb382). timeout: 0 concurrency: 4 concurrency_per_worker: 1 times: 10 concurrency_overhead: 0 processes_to_start: 4 max_cpu_used: 16
2019-07-11 07:21:39.080 7331 RALLYDEBUG rally.task.runner [-] Starting a worker. concurrency: 1 args: {"definition": [{"granularity": "0:00:01", "timespan": "1:00:00"}]} times: 10 method_name: run timeout: 0 duration: None cls:
2019-07-11 07:21:39.083 7332 RALLYDEBUG rally.task.runner [-] Starting a worker. concurrency: 1 args: {"definition": [{"granularity": "0:00:01", "timespan": "1:00:00"}]} times: 10 method_name: run timeout: 0 duration: None cls:
2019-07-11 07:21:39.086 7333 RALLYDEBUG rally.task.runner [-] Starting a worker. concurrency: 1 args: {"definition": [{"granularity": "0:00:01", "timespan": "1:00:00"}]} times: 10 method_name: run timeout: 0 duration: None cls:
2019-07-11 07:21:39.087 7331 INFO rally.task.runner [-] Task 33fa1afc-1d3b-495d-9c51-7c4ebc4bb382 | ITER: 1 START
2019-07-11 07:21:39.089 7332 INFO rally.task.runner [-] Task 33fa1afc-1d3b-495d-9c51-7c4ebc4bb382 | ITER: 2 START
2019-07-11 07:21:39.089 7334 RALLYDEBUG rally.task.runner [-] Starting a worker. concurrency: 1 args: {"definition": [{"granularity": "0:00:01", "timespan": "1:00:00"}]} times: 10 method_name: run timeout: 0 duration: None cls:
2019-07-11 07:21:39.093 7333 INFO rally.task.runner [-] Task 33fa1afc-1d3b-495d-9c51-7c4ebc4bb382 | ITER: 3 START
2019-07-11 07:21:39.095 7334 INFO rally.task.runner [-] Task 33fa1afc-1d3b-495d-9c51-7c4ebc4bb382 | ITER: 4 START
2019-07-11 07:21:39.816 7332 INFO rally.task.runner [-] Task 33fa1afc-1d3b-495d-9c51-7c4ebc4bb382 | ITER: 2 END: OK
2019-07-11 07:21:39.821 7332 INFO rally.task.runner [-] Task 33fa1afc-1d3b-495d-9c51-7c4ebc4bb382 | ITER: 5 START
2019-07-11 07:21:39.831 7331 INFO rally.task.runner [-] Task 33fa1afc-1d3b-495d-9c51-7c4ebc4bb382 | ITER: 1 END: OK
2019-07-11 07:21:39.836 7331 INFO rally.task.runner [-] Task 33fa1afc-1d3b-495d-9c51-7c4ebc4bb382 | ITER: 6 START
2019-07-11 07:21:39.849 7333 INFO rally.task.runner [-] Task 33fa1afc-1d3b-495d-9c51-7c4ebc4bb382 | ITER: 3 END: OK
2019-07-11 07:21:39.854 7333 INFO rally.task.runner [-] Task 33fa1afc-1d3b-495d-9c51-7c4ebc4bb382 | ITER: 7 START
2019-07-11 07:21:39.923 7334 INFO rally.task.runner [-] Task 33fa1afc-1d3b-495d-9c51-7c4ebc4bb382 | ITER: 4 END: OK
2019-07-11 07:21:39.927 7334 INFO rally.task.runner [-] Task 33fa1afc-1d3b-495d-9c51-7c4ebc4bb382 | ITER: 8 START
2019-07-11 07:21:40.574 7332 INFO rally.task.runner [-] Task 33fa1afc-1d3b-495d-9c51-7c4ebc4bb382 | ITER: 5 END: OK
2019-07-11 07:21:40.578 7332 INFO rally.task.runner [-] Task 33fa1afc-1d3b-495d-9c51-7c4ebc4bb382 | ITER: 9 START
2019-07-11 07:21:40.586 7331 INFO rally.task.runner [-] Task 33fa1afc-1d3b-495d-9c51-7c4ebc4bb382 | ITER: 6 END: OK
2019-07-11 07:21:40.590 7331 INFO rally.task.runner [-] Task 33fa1afc-1d3b-495d-9c51-7c4ebc4bb382 | ITER: 10 START
2019-07-11 07:21:40.600 7333 INFO rally.task.runner [-] Task 33fa1afc-1d3b-495d-9c51-7c4ebc4bb382 | ITER: 7 END: OK
2019-07-11 07:21:40.660 7334 INFO rally.task.runner [-] Task 33fa1afc-1d3b-495d-9c51-7c4ebc4bb382 | ITER: 8 END: OK
2019-07-11 07:21:41.325 7331 INFO rally.task.runner [-] Task 33fa1afc-1d3b-495d-9c51-7c4ebc4bb382 | ITER: 10 END: OK
2019-07-11 07:21:41.436 7332 INFO rally.task.runner [-] Task 33fa1afc-1d3b-495d-9c51-7c4ebc4bb382 | ITER: 9 END: OK
2019-07-11 07:21:41.465 6543 INFO rally.task.context [-] Task 33fa1afc-1d3b-495d-9c51-7c4ebc4bb382 | Context admin_cleanup@openstack cleanup() started
2019-07-11 07:21:41.468 6543 RALLYDEBUG rally_openstack.cleanup.manager [-] Cleaning up gnocchi archive_policy objects
2019-07-11 07:21:42.283 6543 RALLYDEBUG rally_openstack.cleanup.manager [-] Deleting gnocchi.archive_policy object s_rally_749edf94_dEe0jh6a (s_rally_749edf94_dEe0jh6a)
2019-07-11 07:21:42.294 6543 RALLYDEBUG rally_openstack.cleanup.manager [-] Deleting gnocchi.archive_policy object s_rally_749edf94_lATbhyZ4 (s_rally_749edf94_lATbhyZ4)
2019-07-11 07:21:42.299 6543 RALLYDEBUG rally_openstack.cleanup.manager [-] Deleting gnocchi.archive_policy object s_rally_749edf94_BTdN2dS8 (s_rally_749edf94_BTdN2dS8)
2019-07-11 07:21:42.304 6543 RALLYDEBUG rally_openstack.cleanup.manager [-] Deleting gnocchi.archive_policy object s_rally_749edf94_QGHx7quf (s_rally_749edf94_QGHx7quf)
2019-07-11 07:21:42.304 6543 RALLYDEBUG rally_openstack.cleanup.manager [-] Deleting gnocchi.archive_policy object s_rally_749edf94_MPZgdosK (s_rally_749edf94_MPZgdosK)
2019-07-11 07:21:42.305 6543 RALLYDEBUG rally_openstack.cleanup.manager [-] Deleting gnocchi.archive_policy object s_rally_749edf94_6GEup7SN (s_rally_749edf94_6GEup7SN)
2019-07-11 07:21:42.305 6543 RALLYDEBUG rally_openstack.cleanup.manager [-] Deleting gnocchi.archive_policy object s_rally_749edf94_4aREQAoK (s_rally_749edf94_4aREQAoK)
2019-07-11 07:21:42.307 6543 RALLYDEBUG rally_openstack.cleanup.manager [-] Deleting gnocchi.archive_policy object s_rally_749edf94_dyoiaq0J (s_rally_749edf94_dyoiaq0J)
2019-07-11 07:21:42.308 6543 RALLYDEBUG rally_openstack.cleanup.manager [-] Deleting gnocchi.archive_policy object s_rally_749edf94_MbxNtYIq (s_rally_749edf94_MbxNtYIq)
2019-07-11 07:21:42.313 6543 RALLYDEBUG rally_openstack.cleanup.manager [-] Deleting gnocchi.archive_policy object s_rally_749edf94_ziWZXZy2 (s_rally_749edf94_ziWZXZy2)
2019-07-11 07:21:44.590 6543 INFO rally.task.context [-] Task 33fa1afc-1d3b-495d-9c51-7c4ebc4bb382 | Context admin_cleanup@openstack cleanup() finished in 3.12 sec
2019-07-11 07:21:44.590 6543 INFO rally.task.context [-] Task 33fa1afc-1d3b-495d-9c51-7c4ebc4bb382 | Context users@openstack cleanup() started
2019-07-11 07:21:52.603 6543 INFO rally.task.context [-] Task 33fa1afc-1d3b-495d-9c51-7c4ebc4bb382 | Context users@openstack cleanup() finished in 8.01 sec
2019-07-11 07:21:54.441 6543 INFO rally.task.engine [-] Load duration is: 2.347399
2019-07-11 07:21:54.441 6543 INFO rally.task.engine [-] Full runner duration is: 2.398327
2019-07-11 07:21:54.442 6543 INFO rally.task.engine [-] Full duration is: 18.2688
2019-07-11 07:21:54.647 6543 INFO rally.task.engine [-] Running workload: position = 0 config = { "version": 2, "title": "A cropped version of a bigger task.", "description": "Auto-generated task from a single workload (uuid=57f9a7f5-7e02-4df5-ab30-42db5c35b4b4)", "subtasks": [ { "title": "GnocchiArchivePolicy.create_delete_archive_policy", "description": "Create archive policy and then delete it.", "scenario": { "GnocchiArchivePolicy.create_delete_archive_policy": { "definition": [ { "granularity": "0:00:01", "timespan": "1:00:00" } ] } }, "contexts": { "users": { "tenants": 3, "users_per_tenant": 2 } }, "runner": { "constant": { "concurrency": 4, "times": 10 } }, "hooks": [], "sla": { "failure_rate": { "max": 0 } } } ] }
2019-07-11 07:21:54.671 6543 RALLYDEBUG rally_openstack.contexts.keystone.users [-] Creating 3 tenants using 20 threads
2019-07-11 07:21:56.494 6543 RALLYDEBUG rally_openstack.contexts.keystone.users [-] Creating 6 users using 20 threads
2019-07-11 07:21:59.345 6543 INFO rally.task.context [-] Task 33fa1afc-1d3b-495d-9c51-7c4ebc4bb382 | Context users@openstack setup() finished in 4.67 sec
2019-07-11 07:21:59.345 6543 INFO rally.task.context [-] Task 33fa1afc-1d3b-495d-9c51-7c4ebc4bb382 | Context admin_cleanup@openstack setup() finished in 0.00 msec
2019-07-11 07:21:59.352 6543 RALLYDEBUG rally.task.runner [-] Starting the constant runner (task UUID: 33fa1afc-1d3b-495d-9c51-7c4ebc4bb382). timeout: 0 concurrency: 4 concurrency_per_worker: 1 times: 10 concurrency_overhead: 0 processes_to_start: 4 max_cpu_used: 16
2019-07-11 07:21:59.365 7455 RALLYDEBUG rally.task.runner [-] Starting a worker. concurrency: 1 args: {"definition": [{"granularity": "0:00:01", "timespan": "1:00:00"}]} times: 10 method_name: run timeout: 0 duration: None cls:
2019-07-11 07:21:59.369 7456 RALLYDEBUG rally.task.runner [-] Starting a worker. concurrency: 1 args: {"definition": [{"granularity": "0:00:01", "timespan": "1:00:00"}]} times: 10 method_name: run timeout: 0 duration: None cls:
2019-07-11 07:21:59.371 7457 RALLYDEBUG rally.task.runner [-] Starting a worker. concurrency: 1 args: {"definition": [{"granularity": "0:00:01", "timespan": "1:00:00"}]} times: 10 method_name: run timeout: 0 duration: None cls:
2019-07-11 07:21:59.372 7455 INFO rally.task.runner [-] Task 33fa1afc-1d3b-495d-9c51-7c4ebc4bb382 | ITER: 1 START
2019-07-11 07:21:59.374 7458 RALLYDEBUG rally.task.runner [-] Starting a worker. concurrency: 1 args: {"definition": [{"granularity": "0:00:01", "timespan": "1:00:00"}]} times: 10 method_name: run timeout: 0 duration: None cls:
2019-07-11 07:21:59.376 7456 INFO rally.task.runner [-] Task 33fa1afc-1d3b-495d-9c51-7c4ebc4bb382 | ITER: 2 START
2019-07-11 07:21:59.378 7457 INFO rally.task.runner [-] Task 33fa1afc-1d3b-495d-9c51-7c4ebc4bb382 | ITER: 3 START
2019-07-11 07:21:59.380 7458 INFO rally.task.runner [-] Task 33fa1afc-1d3b-495d-9c51-7c4ebc4bb382 | ITER: 4 START
