2019-07-11 06:51:04.091 725 DEBUG glanceclient.common.http [-] Request returned failure status 404. _handle_response /usr/lib/python2.7/site-packages/glanceclient/common/http.py:125
2019-07-11 06:51:04.276 725 DEBUG glanceclient.common.http [-] Request returned failure status 404. _handle_response /usr/lib/python2.7/site-packages/glanceclient/common/http.py:125
2019-07-11 06:51:04.395 725 DEBUG glanceclient.common.http [-] Request returned failure status 404. _handle_response /usr/lib/python2.7/site-packages/glanceclient/common/http.py:125
2019-07-11 06:51:04.582 725 DEBUG glanceclient.common.http [-] Request returned failure status 404. _handle_response /usr/lib/python2.7/site-packages/glanceclient/common/http.py:125
2019-07-11 06:51:05.585 725 INFO rally.task.context [-] Task 6a157049-2c28-4254-8d16-e00befe8749a | Context cleanup@openstack cleanup() finished in 9.22 sec
2019-07-11 06:51:05.585 725 INFO rally.task.context [-] Task 6a157049-2c28-4254-8d16-e00befe8749a | Context users@openstack cleanup() started
2019-07-11 06:51:13.787 725 INFO rally.task.context [-] Task 6a157049-2c28-4254-8d16-e00befe8749a | Context users@openstack cleanup() finished in 8.20 sec
2019-07-11 06:51:14.672 725 INFO rally.task.engine [-] Load duration is: 16.267151
2019-07-11 06:51:14.672 725 INFO rally.task.engine [-] Full runner duration is: 17.188185
2019-07-11 06:51:14.672 725 INFO rally.task.engine [-] Full duration is: 39.280065
2019-07-11 06:51:14.879 725 INFO rally.task.engine [-] Running workload: position = 0 config = { "version": 2, "title": "A cropped version of a bigger task.", "description": "Auto-generated task from a single workload (uuid=42ce494d-f2a6-4cae-8a89-e42725d82fc0)", "subtasks": [ { "title": "GlanceImages.create_and_download_image", "description": "Create an image, then download data of the image.", "scenario": { "GlanceImages.create_and_download_image": { "container_format": "bare", "disk_format": "qcow2", "image_location": "/home/opnfv/functest/images/cirros-0.4.0-x86_64-disk.img" } }, "contexts": { "users": { "tenants": 3, "users_per_tenant": 2 } }, "runner": { "constant": { "concurrency": 4, "times": 10 } }, "hooks": [], "sla": { "failure_rate": { "max": 0 } } } ] }
2019-07-11 06:51:14.905 725 RALLYDEBUG rally_openstack.contexts.keystone.users [-] Creating 3 tenants using 20 threads
2019-07-11 06:51:16.745 725 RALLYDEBUG rally_openstack.contexts.keystone.users [-] Creating 6 users using 20 threads
2019-07-11 06:51:19.542 725 INFO rally.task.context [-] Task 6a157049-2c28-4254-8d16-e00befe8749a | Context users@openstack setup() finished in 4.64 sec
2019-07-11 06:51:19.543 725 INFO rally.task.context [-] Task 6a157049-2c28-4254-8d16-e00befe8749a | Context cleanup@openstack setup() finished in 0.01 msec
2019-07-11 06:51:19.551 725 RALLYDEBUG rally.task.runner [-] Starting the constant runner (task UUID: 6a157049-2c28-4254-8d16-e00befe8749a). timeout: 0 concurrency: 4 concurrency_per_worker: 1 times: 10 concurrency_overhead: 0 processes_to_start: 4 max_cpu_used: 16
2019-07-11 06:51:19.562 1509 RALLYDEBUG rally.task.runner [-] Starting a worker. concurrency: 1 args: {"container_format": "bare", "disk_format": "qcow2", "image_location": "/home/opnfv/functest/images/cirros-0.4.0-x86_64-disk.img"} times: 10 method_name: run timeout: 0 duration: None cls:
2019-07-11 06:51:19.566 1510 RALLYDEBUG rally.task.runner [-] Starting a worker. concurrency: 1 args: {"container_format": "bare", "disk_format": "qcow2", "image_location": "/home/opnfv/functest/images/cirros-0.4.0-x86_64-disk.img"} times: 10 method_name: run timeout: 0 duration: None cls:
2019-07-11 06:51:19.568 1509 INFO rally.task.runner [-] Task 6a157049-2c28-4254-8d16-e00befe8749a | ITER: 1 START
2019-07-11 06:51:19.569 1511 RALLYDEBUG rally.task.runner [-] Starting a worker. concurrency: 1 args: {"container_format": "bare", "disk_format": "qcow2", "image_location": "/home/opnfv/functest/images/cirros-0.4.0-x86_64-disk.img"} times: 10 method_name: run timeout: 0 duration: None cls:
2019-07-11 06:51:19.572 1510 INFO rally.task.runner [-] Task 6a157049-2c28-4254-8d16-e00befe8749a | ITER: 2 START
2019-07-11 06:51:19.572 1512 RALLYDEBUG rally.task.runner [-] Starting a worker. concurrency: 1 args: {"container_format": "bare", "disk_format": "qcow2", "image_location": "/home/opnfv/functest/images/cirros-0.4.0-x86_64-disk.img"} times: 10 method_name: run timeout: 0 duration: None cls:
2019-07-11 06:51:19.575 1511 INFO rally.task.runner [-] Task 6a157049-2c28-4254-8d16-e00befe8749a | ITER: 3 START
2019-07-11 06:51:19.579 1512 INFO rally.task.runner [-] Task 6a157049-2c28-4254-8d16-e00befe8749a | ITER: 4 START
2019-07-11 06:51:23.158 1512 RALLYDEBUG rally.task.utils [-] Waiting for resource u'484dbc23-785f-4474-b9f9-49043b73d5a5'. Status changed: NONE => QUEUED in 0.0364518165588
2019-07-11 06:51:23.173 1511 RALLYDEBUG rally.task.utils [-] Waiting for resource u'8f2fb7a5-76f1-41dd-975d-442e47bfa49b'. Status changed: NONE => QUEUED in 0.330470085144
2019-07-11 06:51:23.596 1510 RALLYDEBUG rally.task.utils [-] Waiting for resource u'2566d2fa-9977-4b84-a0ad-30732513436d'. Status changed: NONE => QUEUED in 0.485548019409
2019-07-11 06:51:23.692 1509 RALLYDEBUG rally.task.utils [-] Waiting for resource u'26b2c4e8-d25d-4f64-a3a2-6c3cdab324ea'. Status changed: NONE => QUEUED in 0.603439092636
2019-07-11 06:51:24.046 1511 RALLYDEBUG rally.task.utils [-] Waiting for resource s_rally_42ce494d_YzslO6XQ. Status changed: QUEUED => ACTIVE in 0.304615974426
2019-07-11 06:51:24.667 1511 INFO rally.task.runner [-] Task 6a157049-2c28-4254-8d16-e00befe8749a | ITER: 3 END: OK
2019-07-11 06:51:24.671 1511 INFO rally.task.runner [-] Task 6a157049-2c28-4254-8d16-e00befe8749a | ITER: 5 START
2019-07-11 06:51:24.822 1510 RALLYDEBUG rally.task.utils [-] Waiting for resource s_rally_42ce494d_ZnlG1cTf. Status changed: QUEUED => ACTIVE in 0.0188460350037
2019-07-11 06:51:24.852 1512 RALLYDEBUG rally.task.utils [-] Waiting for resource s_rally_42ce494d_POyqFN7N. Status changed: QUEUED => ACTIVE in 0.0209081172943
2019-07-11 06:51:25.148 1509 RALLYDEBUG rally.task.utils [-] Waiting for resource s_rally_42ce494d_mde6wsOe. Status changed: QUEUED => ACTIVE in 0.350605010986
2019-07-11 06:51:25.536 1510 INFO rally.task.runner [-] Task 6a157049-2c28-4254-8d16-e00befe8749a | ITER: 2 END: OK
2019-07-11 06:51:25.541 1510 INFO rally.task.runner [-] Task 6a157049-2c28-4254-8d16-e00befe8749a | ITER: 6 START
2019-07-11 06:51:25.663 1509 INFO rally.task.runner [-] Task 6a157049-2c28-4254-8d16-e00befe8749a | ITER: 1 END: OK
2019-07-11 06:51:25.667 1509 INFO rally.task.runner [-] Task 6a157049-2c28-4254-8d16-e00befe8749a | ITER: 7 START
2019-07-11 06:51:26.010 1512 INFO rally.task.runner [-] Task 6a157049-2c28-4254-8d16-e00befe8749a | ITER: 4 END: OK
2019-07-11 06:51:26.014 1512 INFO rally.task.runner [-] Task 6a157049-2c28-4254-8d16-e00befe8749a | ITER: 8 START
2019-07-11 06:51:28.742 1511 RALLYDEBUG rally.task.utils [-] Waiting for resource u'3d6d3429-aec3-49b7-bcda-9c9e9004f7ef'. Status changed: NONE => QUEUED in 0.52508687973
2019-07-11 06:51:29.402 1509 RALLYDEBUG rally.task.utils [-] Waiting for resource u'e71ac34f-d2f4-4cfb-bced-2b7ccd124259'. Status changed: NONE => QUEUED in 0.309914827347
2019-07-11 06:51:29.430 1510 RALLYDEBUG rally.task.utils [-] Waiting for resource u'6b1eeaf7-d2be-464b-a008-9c2095d1110a'. Status changed: NONE => QUEUED in 0.308231115341
2019-07-11 06:51:29.770 1511 RALLYDEBUG rally.task.utils [-] Waiting for resource s_rally_42ce494d_oYMHFVVY. Status changed: QUEUED => ACTIVE in 0.315441131592
2019-07-11 06:51:29.916 1511 INFO rally.task.runner [-] Task 6a157049-2c28-4254-8d16-e00befe8749a | ITER: 5 END: OK
2019-07-11 06:51:29.920 1511 INFO rally.task.runner [-] Task 6a157049-2c28-4254-8d16-e00befe8749a | ITER: 9 START
2019-07-11 06:51:29.952 1512 RALLYDEBUG rally.task.utils [-] Waiting for resource u'bed62dc7-20bc-43a7-9792-a4efa593478e'. Status changed: NONE => QUEUED in 0.451721906662
2019-07-11 06:51:30.812 1510 RALLYDEBUG rally.task.utils [-] Waiting for resource s_rally_42ce494d_vtIg6ukh. Status changed: QUEUED => ACTIVE in 0.227690935135
2019-07-11 06:51:30.839 1509 RALLYDEBUG rally.task.utils [-] Waiting for resource s_rally_42ce494d_Zly9o6yB. Status changed: QUEUED => ACTIVE in 0.276423931122
2019-07-11 06:51:31.221 1510 INFO rally.task.runner [-] Task 6a157049-2c28-4254-8d16-e00befe8749a | ITER: 6 END: OK
2019-07-11 06:51:31.225 1510 INFO rally.task.runner [-] Task 6a157049-2c28-4254-8d16-e00befe8749a | ITER: 10 START
2019-07-11 06:51:31.279 1509 INFO rally.task.runner [-] Task 6a157049-2c28-4254-8d16-e00befe8749a | ITER: 7 END: OK
2019-07-11 06:51:31.786 1512 RALLYDEBUG rally.task.utils [-] Waiting for resource s_rally_42ce494d_XNUBy7rb. Status changed: QUEUED => ACTIVE in 0.0175790786743
2019-07-11 06:51:32.227 1512 INFO rally.task.runner [-] Task 6a157049-2c28-4254-8d16-e00befe8749a | ITER: 8 END: OK
2019-07-11 06:51:33.449 1511 RALLYDEBUG rally.task.utils [-] Waiting for resource u'681b812f-4622-4c9b-a167-c37b03d97c1c'. Status changed: NONE => QUEUED in 0.0332419872284
2019-07-11 06:51:35.161 1511 RALLYDEBUG rally.task.utils [-] Waiting for resource s_rally_42ce494d_bkSyXrk5. Status changed: QUEUED => ACTIVE in 0.301363945007
2019-07-11 06:51:35.388 1510 RALLYDEBUG rally.task.utils [-] Waiting for resource u'1cd10b70-bd9c-4ab4-97f9-dd671f558679'. Status changed: NONE => QUEUED in 0.592355012894
2019-07-11 06:51:35.779 1511 INFO rally.task.runner [-] Task 6a157049-2c28-4254-8d16-e00befe8749a | ITER: 9 END: OK
2019-07-11 06:51:37.528 1510 RALLYDEBUG rally.task.utils [-] Waiting for resource s_rally_42ce494d_uoXweuuu. Status changed: QUEUED => ACTIVE in 0.301341056824
2019-07-11 06:51:38.293 1510 INFO rally.task.runner [-] Task 6a157049-2c28-4254-8d16-e00befe8749a | ITER: 10 END: OK
2019-07-11 06:51:38.318 725 INFO rally.task.context [-] Task 6a157049-2c28-4254-8d16-e00befe8749a | Context cleanup@openstack cleanup() started
2019-07-11 06:51:38.321 725 RALLYDEBUG rally_openstack.cleanup.manager [-] Cleaning up glance images objects
2019-07-11 06:51:42.628 725 RALLYDEBUG rally_openstack.cleanup.manager [-] Deleting glance.images object s_rally_42ce494d_ZnlG1cTf (2566d2fa-9977-4b84-a0ad-30732513436d)
2019-07-11 06:51:42.633 725 RALLYDEBUG rally_openstack.cleanup.manager [-] Deleting glance.images object s_rally_42ce494d_YzslO6XQ (8f2fb7a5-76f1-41dd-975d-442e47bfa49b)
2019-07-11 06:51:42.635 725 RALLYDEBUG rally_openstack.cleanup.manager [-] Deleting glance.images object s_rally_42ce494d_Zly9o6yB (e71ac34f-d2f4-4cfb-bced-2b7ccd124259)
2019-07-11 06:51:42.637 725 RALLYDEBUG rally_openstack.cleanup.manager [-] Deleting glance.images object s_rally_42ce494d_oYMHFVVY (3d6d3429-aec3-49b7-bcda-9c9e9004f7ef)
2019-07-11 06:51:42.642 725 RALLYDEBUG rally_openstack.cleanup.manager [-] Deleting glance.images object s_rally_42ce494d_bkSyXrk5 (681b812f-4622-4c9b-a167-c37b03d97c1c)
2019-07-11 06:51:42.641 725 RALLYDEBUG rally_openstack.cleanup.manager [-] Deleting glance.images object s_rally_42ce494d_uoXweuuu (1cd10b70-bd9c-4ab4-97f9-dd671f558679)
2019-07-11 06:51:42.650 725 RALLYDEBUG rally_openstack.cleanup.manager [-] Deleting glance.images object s_rally_42ce494d_POyqFN7N (484dbc23-785f-4474-b9f9-49043b73d5a5)
2019-07-11 06:51:42.654 725 RALLYDEBUG rally_openstack.cleanup.manager [-] Deleting glance.images object s_rally_42ce494d_XNUBy7rb (bed62dc7-20bc-43a7-9792-a4efa593478e)
2019-07-11 06:51:42.656 725 RALLYDEBUG rally_openstack.cleanup.manager [-] Deleting glance.images object s_rally_42ce494d_mde6wsOe (26b2c4e8-d25d-4f64-a3a2-6c3cdab324ea)
2019-07-11 06:51:42.661 725 RALLYDEBUG rally_openstack.cleanup.manager [-] Deleting glance.images object s_rally_42ce494d_vtIg6ukh (6b1eeaf7-d2be-464b-a008-9c2095d1110a)
2019-07-11 06:51:44.851 725 DEBUG glanceclient.common.http [-] Request returned failure status 404. _handle_response /usr/lib/python2.7/site-packages/glanceclient/common/http.py:125
2019-07-11 06:51:44.989 725 DEBUG glanceclient.common.http [-] Request returned failure status 404. _handle_response /usr/lib/python2.7/site-packages/glanceclient/common/http.py:125
2019-07-11 06:51:45.015 725 DEBUG glanceclient.common.http [-] Request returned failure status 404. _handle_response /usr/lib/python2.7/site-packages/glanceclient/common/http.py:125
2019-07-11 06:51:45.072 725 DEBUG glanceclient.common.http [-] Request returned failure status 404. _handle_response /usr/lib/python2.7/site-packages/glanceclient/common/http.py:125
2019-07-11 06:51:45.073 725 DEBUG glanceclient.common.http [-] Request returned failure status 404. _handle_response /usr/lib/python2.7/site-packages/glanceclient/common/http.py:125
2019-07-11 06:51:45.200 725 DEBUG glanceclient.common.http [-] Request returned failure status 404. _handle_response /usr/lib/python2.7/site-packages/glanceclient/common/http.py:125
2019-07-11 06:51:45.218 725 DEBUG glanceclient.common.http [-] Request returned failure status 404. _handle_response /usr/lib/python2.7/site-packages/glanceclient/common/http.py:125
2019-07-11 06:51:45.262 725 DEBUG glanceclient.common.http [-] Request returned failure status 404. _handle_response /usr/lib/python2.7/site-packages/glanceclient/common/http.py:125
2019-07-11 06:51:45.273 725 DEBUG glanceclient.common.http [-] Request returned failure status 404. _handle_response /usr/lib/python2.7/site-packages/glanceclient/common/http.py:125
2019-07-11 06:51:45.274 725 DEBUG glanceclient.common.http [-] Request returned failure status 404. _handle_response /usr/lib/python2.7/site-packages/glanceclient/common/http.py:125
2019-07-11 06:51:45.292 725 DEBUG glanceclient.common.http [-] Request returned failure status 404. _handle_response /usr/lib/python2.7/site-packages/glanceclient/common/http.py:125
2019-07-11 06:51:45.293 725 DEBUG glanceclient.common.http [-] Request returned failure status 404. _handle_response /usr/lib/python2.7/site-packages/glanceclient/common/http.py:125
2019-07-11 06:51:45.311 725 DEBUG glanceclient.common.http [-] Request returned failure status 404. _handle_response /usr/lib/python2.7/site-packages/glanceclient/common/http.py:125
2019-07-11 06:51:45.363 725 DEBUG glanceclient.common.http [-] Request returned failure status 404. _handle_response /usr/lib/python2.7/site-packages/glanceclient/common/http.py:125
2019-07-11 06:51:45.567 725 DEBUG glanceclient.common.http [-] Request returned failure status 404. _handle_response /usr/lib/python2.7/site-packages/glanceclient/common/http.py:125
2019-07-11 06:51:45.668 725 DEBUG glanceclient.common.http [-] Request returned failure status 404. _handle_response /usr/lib/python2.7/site-packages/glanceclient/common/http.py:125
2019-07-11 06:51:45.896 725 DEBUG glanceclient.common.http [-] Request returned failure status 404. _handle_response /usr/lib/python2.7/site-packages/glanceclient/common/http.py:125
2019-07-11 06:51:46.191 725 DEBUG glanceclient.common.http [-] Request returned failure status 404. _handle_response /usr/lib/python2.7/site-packages/glanceclient/common/http.py:125
2019-07-11 06:51:46.284 725 DEBUG glanceclient.common.http [-] Request returned failure status 404. _handle_response /usr/lib/python2.7/site-packages/glanceclient/common/http.py:125
2019-07-11 06:51:46.416 725 DEBUG glanceclient.common.http [-] Request returned failure status 404. _handle_response /usr/lib/python2.7/site-packages/glanceclient/common/http.py:125
2019-07-11 06:51:47.418 725 INFO rally.task.context [-] Task 6a157049-2c28-4254-8d16-e00befe8749a | Context cleanup@openstack cleanup() finished in 9.10 sec
2019-07-11 06:51:47.419 725 INFO rally.task.context [-] Task 6a157049-2c28-4254-8d16-e00befe8749a | Context users@openstack cleanup() started
2019-07-11 06:51:55.499 725 INFO rally.task.context [-] Task 6a157049-2c28-4254-8d16-e00befe8749a | Context users@openstack cleanup() finished in 8.08 sec
2019-07-11 06:51:57.078 725 INFO rally.task.engine [-] Load duration is: 17.85839
2019-07-11 06:51:57.078 725 INFO rally.task.engine [-] Full runner duration is: 18.767821
2019-07-11 06:51:57.079 725 INFO rally.task.engine [-] Full duration is: 40.596881
2019-07-11 06:51:57.263 725 INFO rally.task.engine [-] Running workload: position = 0 config = { "version": 2, "title": "A cropped version of a bigger task.", "description": "Auto-generated task from a single workload (uuid=ecb1e674-1c64-431c-aba6-d62d94b96857)", "subtasks": [ { "title": "GlanceImages.create_and_get_image", "description": "Create and get detailed information of an image.", "scenario": { "GlanceImages.create_and_get_image": { "container_format": "bare", "disk_format": "qcow2", "image_location": "/home/opnfv/functest/images/cirros-0.4.0-x86_64-disk.img" } }, "contexts": { "users": { "tenants": 3, "users_per_tenant": 2 } }, "runner": { "constant": { "concurrency": 4, "times": 10 } }, "hooks": [], "sla": { "failure_rate": { "max": 0 } } } ] }
2019-07-11 06:51:57.284 725 RALLYDEBUG rally_openstack.contexts.keystone.users [-] Creating 3 tenants using 20 threads
2019-07-11 06:51:59.171 725 RALLYDEBUG rally_openstack.contexts.keystone.users [-] Creating 6 users using 20 threads
2019-07-11 06:52:01.939 725 INFO rally.task.context [-] Task 6a157049-2c28-4254-8d16-e00befe8749a | Context users@openstack setup() finished in 4.66 sec
2019-07-11 06:52:01.939 725 INFO rally.task.context [-] Task 6a157049-2c28-4254-8d16-e00befe8749a | Context cleanup@openstack setup() finished in 0.01 msec
2019-07-11 06:52:01.947 725 RALLYDEBUG rally.task.runner [-] Starting the constant runner (task UUID: 6a157049-2c28-4254-8d16-e00befe8749a). timeout: 0 concurrency: 4 concurrency_per_worker: 1 times: 10 concurrency_overhead: 0 processes_to_start: 4 max_cpu_used: 16
2019-07-11 06:52:01.961 1633 RALLYDEBUG rally.task.runner [-] Starting a worker. concurrency: 1 args: {"container_format": "bare", "disk_format": "qcow2", "image_location": "/home/opnfv/functest/images/cirros-0.4.0-x86_64-disk.img"} times: 10 method_name: run timeout: 0 duration: None cls:
2019-07-11 06:52:01.963 1634 RALLYDEBUG rally.task.runner [-] Starting a worker. concurrency: 1 args: {"container_format": "bare", "disk_format": "qcow2", "image_location": "/home/opnfv/functest/images/cirros-0.4.0-x86_64-disk.img"} times: 10 method_name: run timeout: 0 duration: None cls:
2019-07-11 06:52:01.967 1633 INFO rally.task.runner [-] Task 6a157049-2c28-4254-8d16-e00befe8749a | ITER: 1 START
2019-07-11 06:52:01.967 1635 RALLYDEBUG rally.task.runner [-] Starting a worker. concurrency: 1 args: {"container_format": "bare", "disk_format": "qcow2", "image_location": "/home/opnfv/functest/images/cirros-0.4.0-x86_64-disk.img"} times: 10 method_name: run timeout: 0 duration: None cls:
2019-07-11 06:52:01.970 1634 INFO rally.task.runner [-] Task 6a157049-2c28-4254-8d16-e00befe8749a | ITER: 2 START
2019-07-11 06:52:01.970 1636 RALLYDEBUG rally.task.runner [-] Starting a worker. concurrency: 1 args: {"container_format": "bare", "disk_format": "qcow2", "image_location": "/home/opnfv/functest/images/cirros-0.4.0-x86_64-disk.img"} times: 10 method_name: run timeout: 0 duration: None cls:
2019-07-11 06:52:01.974 1635 INFO rally.task.runner [-] Task 6a157049-2c28-4254-8d16-e00befe8749a | ITER: 3 START
2019-07-11 06:52:01.977 1636 INFO rally.task.runner [-] Task 6a157049-2c28-4254-8d16-e00befe8749a | ITER: 4 START
2019-07-11 06:52:05.571 1635 RALLYDEBUG rally.task.utils [-] Waiting for resource u'f67eea6b-5651-45fb-b1e1-342c0e621949'. Status changed: NONE => QUEUED in 0.328364133835
2019-07-11 06:52:05.703 1634 RALLYDEBUG rally.task.utils [-] Waiting for resource u'ea99f428-b9bd-45f6-ae12-e63723041ab1'. Status changed: NONE => QUEUED in 0.23671412468
2019-07-11 06:52:05.802 1636 RALLYDEBUG rally.task.utils [-] Waiting for resource u'384f8f7a-8eee-46d7-b2d1-22c603ea3770'. Status changed: NONE => QUEUED in 0.219707012177
2019-07-11 06:52:05.993 1633 RALLYDEBUG rally.task.utils [-] Waiting for resource u'e57f2731-3bf4-4a7d-b27e-1f86803f0d58'. Status changed: NONE => QUEUED in 0.515743970871
2019-07-11 06:52:06.818 1636 RALLYDEBUG rally.task.utils [-] Waiting for resource s_rally_ecb1e674_QDPArOS0. Status changed: QUEUED => ACTIVE in 0.0227818489075
2019-07-11 06:52:07.013 1635 RALLYDEBUG rally.task.utils [-] Waiting for resource s_rally_ecb1e674_WJkuBpXM. Status changed: QUEUED => ACTIVE in 0.235977888107
2019-07-11 06:52:07.029 1635 INFO rally.task.runner [-] Task 6a157049-2c28-4254-8d16-e00befe8749a | ITER: 3 END: OK
2019-07-11 06:52:07.033 1635 INFO rally.task.runner [-] Task 6a157049-2c28-4254-8d16-e00befe8749a | ITER: 5 START
2019-07-11 06:52:07.136 1636 INFO rally.task.runner [-] Task 6a157049-2c28-4254-8d16-e00befe8749a | ITER: 4 END: OK
2019-07-11 06:52:07.140 1636 INFO rally.task.runner [-] Task 6a157049-2c28-4254-8d16-e00befe8749a | ITER: 6 START
2019-07-11 06:52:07.745 1633 RALLYDEBUG rally.task.utils [-] Waiting for resource s_rally_ecb1e674_pK995hsm. Status changed: QUEUED => ACTIVE in 0.0186779499054
2019-07-11 06:52:07.964 1633 INFO rally.task.runner [-] Task 6a157049-2c28-4254-8d16-e00befe8749a | ITER: 1 END: OK
2019-07-11 06:52:07.967 1633 INFO rally.task.runner [-] Task 6a157049-2c28-4254-8d16-e00befe8749a | ITER: 7 START
2019-07-11 06:52:08.030 1634 RALLYDEBUG rally.task.utils [-] Waiting for resource s_rally_ecb1e674_RkV37KzD. Status changed: QUEUED => ACTIVE in 0.361200809479
2019-07-11 06:52:08.237 1634 INFO rally.task.runner [-] Task 6a157049-2c28-4254-8d16-e00befe8749a | ITER: 2 END: OK
2019-07-11 06:52:08.241 1634 INFO rally.task.runner [-] Task 6a157049-2c28-4254-8d16-e00befe8749a | ITER: 8 START
2019-07-11 06:52:10.673 1635 RALLYDEBUG rally.task.utils [-] Waiting for resource u'68f03c70-b283-4fc6-a453-3f66cfcbc802'. Status changed: NONE => QUEUED in 0.320318937302
2019-07-11 06:52:11.336 1635 RALLYDEBUG rally.task.utils [-] Waiting for resource s_rally_ecb1e674_e64YTERU. Status changed: QUEUED => ACTIVE in 0.0205390453339
2019-07-11 06:52:11.443 1636 RALLYDEBUG rally.task.utils [-] Waiting for resource u'5b99baf8-1f1d-4361-acee-ad8a799d2723'. Status changed: NONE => QUEUED in 0.679951190948
2019-07-11 06:52:11.666 1635 INFO rally.task.runner [-] Task 6a157049-2c28-4254-8d16-e00befe8749a | ITER: 5 END: OK
2019-07-11 06:52:11.670 1635 INFO rally.task.runner [-] Task 6a157049-2c28-4254-8d16-e00befe8749a | ITER: 9 START
2019-07-11 06:52:12.254 1633 RALLYDEBUG rally.task.utils [-] Waiting for resource u'0a55b291-fd11-41d0-a594-ef5b76a06daa'. Status changed: NONE => QUEUED in 0.665055990219
2019-07-11 06:52:12.408 1634 RALLYDEBUG rally.task.utils [-] Waiting for resource u'bc00dcea-4790-4412-90aa-9136ed604e26'. Status changed: NONE => QUEUED in 0.597227096558
2019-07-11 06:52:12.691 1636 RALLYDEBUG rally.task.utils [-] Waiting for resource s_rally_ecb1e674_LP6MR5Qf. Status changed: QUEUED => ACTIVE in 0.279057025909
2019-07-11 06:52:12.998 1636 INFO rally.task.runner [-] Task 6a157049-2c28-4254-8d16-e00befe8749a | ITER: 6 END: OK
2019-07-11 06:52:13.002 1636 INFO rally.task.runner [-] Task 6a157049-2c28-4254-8d16-e00befe8749a | ITER: 10 START
2019-07-11 06:52:13.592 1633 RALLYDEBUG rally.task.utils [-] Waiting for resource s_rally_ecb1e674_Xw9bs51h. Status changed: QUEUED => ACTIVE in 0.0171039104462
2019-07-11 06:52:13.624 1634 RALLYDEBUG rally.task.utils [-] Waiting for resource s_rally_ecb1e674_VSrTLUgC. Status changed: QUEUED => ACTIVE in 0.0195391178131
2019-07-11 06:52:13.903 1633 INFO rally.task.runner [-] Task 6a157049-2c28-4254-8d16-e00befe8749a | ITER: 7 END: OK
2019-07-11 06:52:13.939 1634 INFO rally.task.runner [-] Task 6a157049-2c28-4254-8d16-e00befe8749a | ITER: 8 END: OK
2019-07-11 06:52:15.845 1635 RALLYDEBUG rally.task.utils [-] Waiting for resource u'8f811699-42bd-44c0-a922-4648eaf3c90e'. Status changed: NONE => QUEUED in 0.576234817505
2019-07-11 06:52:16.946 1635 RALLYDEBUG rally.task.utils [-] Waiting for resource s_rally_ecb1e674_lagZXuJn. Status changed: QUEUED => ACTIVE in 0.0169951915741
2019-07-11 06:52:17.059 1636 RALLYDEBUG rally.task.utils [-] Waiting for resource u'12e480e0-cd1e-4cfb-b46e-197d7aaca517'. Status changed: NONE => QUEUED in 0.499619960785
2019-07-11 06:52:17.244 1635 INFO rally.task.runner [-] Task 6a157049-2c28-4254-8d16-e00befe8749a | ITER: 9 END: OK
2019-07-11 06:52:18.593 1636 RALLYDEBUG rally.task.utils [-] Waiting for resource s_rally_ecb1e674_PfPdGGX1. Status changed: QUEUED => ACTIVE in 0.309117078781
2019-07-11 06:52:18.899 1636 INFO rally.task.runner [-] Task 6a157049-2c28-4254-8d16-e00befe8749a | ITER: 10 END: OK
2019-07-11 06:52:18.926 725 INFO rally.task.context [-] Task 6a157049-2c28-4254-8d16-e00befe8749a | Context cleanup@openstack cleanup() started
2019-07-11 06:52:18.928 725 RALLYDEBUG rally_openstack.cleanup.manager [-] Cleaning up glance images objects
2019-07-11 06:52:22.915 725 RALLYDEBUG rally_openstack.cleanup.manager [-] Deleting glance.images object s_rally_ecb1e674_pK995hsm (e57f2731-3bf4-4a7d-b27e-1f86803f0d58)
2019-07-11 06:52:22.920 725 RALLYDEBUG rally_openstack.cleanup.manager [-] Deleting glance.images object s_rally_ecb1e674_QDPArOS0 (384f8f7a-8eee-46d7-b2d1-22c603ea3770)
2019-07-11 06:52:22.921 725 RALLYDEBUG rally_openstack.cleanup.manager [-] Deleting glance.images object s_rally_ecb1e674_VSrTLUgC (bc00dcea-4790-4412-90aa-9136ed604e26)
2019-07-11 06:52:22.923 725 RALLYDEBUG rally_openstack.cleanup.manager [-] Deleting glance.images object s_rally_ecb1e674_WJkuBpXM (f67eea6b-5651-45fb-b1e1-342c0e621949)
2019-07-11 06:52:22.925 725 RALLYDEBUG rally_openstack.cleanup.manager [-] Deleting glance.images object s_rally_ecb1e674_e64YTERU (68f03c70-b283-4fc6-a453-3f66cfcbc802)
2019-07-11 06:52:22.926 725 RALLYDEBUG rally_openstack.cleanup.manager [-] Deleting glance.images object s_rally_ecb1e674_lagZXuJn (8f811699-42bd-44c0-a922-4648eaf3c90e)
2019-07-11 06:52:22.931 725 RALLYDEBUG rally_openstack.cleanup.manager [-] Deleting glance.images object s_rally_ecb1e674_PfPdGGX1 (12e480e0-cd1e-4cfb-b46e-197d7aaca517)
2019-07-11 06:52:22.936 725 RALLYDEBUG rally_openstack.cleanup.manager [-] Deleting glance.images object s_rally_ecb1e674_RkV37KzD (ea99f428-b9bd-45f6-ae12-e63723041ab1)
2019-07-11 06:52:22.936 725 RALLYDEBUG rally_openstack.cleanup.manager [-] Deleting glance.images object s_rally_ecb1e674_Xw9bs51h (0a55b291-fd11-41d0-a594-ef5b76a06daa)
2019-07-11 06:52:22.958 725 RALLYDEBUG rally_openstack.cleanup.manager [-] Deleting glance.images object s_rally_ecb1e674_LP6MR5Qf (5b99baf8-1f1d-4361-acee-ad8a799d2723)
2019-07-11 06:52:24.887 725 DEBUG glanceclient.common.http [-] Request returned failure status 404. _handle_response /usr/lib/python2.7/site-packages/glanceclient/common/http.py:125
2019-07-11 06:52:25.105 725 DEBUG glanceclient.common.http [-] Request returned failure status 404. _handle_response /usr/lib/python2.7/site-packages/glanceclient/common/http.py:125
2019-07-11 06:52:25.150 725 DEBUG glanceclient.common.http [-] Request returned failure status 404. _handle_response /usr/lib/python2.7/site-packages/glanceclient/common/http.py:125
2019-07-11 06:52:25.153 725 DEBUG glanceclient.common.http [-] Request returned failure status 404. _handle_response /usr/lib/python2.7/site-packages/glanceclient/common/http.py:125
2019-07-11 06:52:25.155 725 DEBUG glanceclient.common.http [-] Request returned failure status 404. _handle_response /usr/lib/python2.7/site-packages/glanceclient/common/http.py:125
2019-07-11 06:52:25.191 725 DEBUG glanceclient.common.http [-] Request returned failure status 404. _handle_response /usr/lib/python2.7/site-packages/glanceclient/common/http.py:125
2019-07-11 06:52:25.365 725 DEBUG glanceclient.common.http [-] Request returned failure status 404. _handle_response /usr/lib/python2.7/site-packages/glanceclient/common/http.py:125
2019-07-11 06:52:25.368 725 DEBUG glanceclient.common.http [-] Request returned failure status 404. _handle_response /usr/lib/python2.7/site-packages/glanceclient/common/http.py:125
2019-07-11 06:52:25.374 725 DEBUG glanceclient.common.http [-] Request returned failure status 404. _handle_response /usr/lib/python2.7/site-packages/glanceclient/common/http.py:125
2019-07-11 06:52:25.398 725 DEBUG glanceclient.common.http [-] Request returned failure status 404. _handle_response /usr/lib/python2.7/site-packages/glanceclient/common/http.py:125
2019-07-11 06:52:25.971 725 DEBUG glanceclient.common.http [-] Request returned failure status 404. _handle_response /usr/lib/python2.7/site-packages/glanceclient/common/http.py:125
2019-07-11 06:52:26.233 725 DEBUG glanceclient.common.http [-] Request returned failure status 404. _handle_response /usr/lib/python2.7/site-packages/glanceclient/common/http.py:125
2019-07-11 06:52:26.246 725 DEBUG glanceclient.common.http [-] Request returned failure status 404. _handle_response /usr/lib/python2.7/site-packages/glanceclient/common/http.py:125
2019-07-11 06:52:26.270 725 DEBUG glanceclient.common.http [-] Request returned failure status 404. _handle_response /usr/lib/python2.7/site-packages/glanceclient/common/http.py:125
2019-07-11 06:52:27.074 725 DEBUG glanceclient.common.http [-] Request returned failure status 404. _handle_response /usr/lib/python2.7/site-packages/glanceclient/common/http.py:125
2019-07-11 06:52:27.262 725 DEBUG glanceclient.common.http [-] Request returned failure status 404. _handle_response /usr/lib/python2.7/site-packages/glanceclient/common/http.py:125
2019-07-11 06:52:27.274 725 DEBUG glanceclient.common.http [-] Request returned failure status 404. _handle_response /usr/lib/python2.7/site-packages/glanceclient/common/http.py:125
2019-07-11 06:52:27.294 725 DEBUG glanceclient.common.http [-] Request returned failure status 404. _handle_response /usr/lib/python2.7/site-packages/glanceclient/common/http.py:125
2019-07-11 06:52:27.353 725 DEBUG glanceclient.common.http [-] Request returned failure status 404. _handle_response /usr/lib/python2.7/site-packages/glanceclient/common/http.py:125
2019-07-11 06:52:27.564 725 DEBUG glanceclient.common.http [-] Request returned failure status 404. _handle_response /usr/lib/python2.7/site-packages/glanceclient/common/http.py:125
2019-07-11 06:52:28.567 725 INFO rally.task.context [-] Task 6a157049-2c28-4254-8d16-e00befe8749a | Context cleanup@openstack cleanup() finished in 9.64 sec
2019-07-11 06:52:28.567 725 INFO rally.task.context [-] Task 6a157049-2c28-4254-8d16-e00befe8749a | Context users@openstack cleanup() started
2019-07-11 06:52:36.930 725 INFO rally.task.context [-] Task 6a157049-2c28-4254-8d16-e00befe8749a | Context users@openstack cleanup() finished in 8.36 sec
2019-07-11 06:52:37.445 725 INFO rally.task.engine [-] Load duration is: 16.070509
2019-07-11 06:52:37.445 725 INFO rally.task.engine [-] Full runner duration is: 16.978607
2019-07-11 06:52:37.446 725 INFO rally.task.engine [-] Full duration is: 39.648929
2019-07-11 06:52:37.670 725 INFO rally.task.engine [-] Running workload: position = 0 config = { "version": 2, "title": "A cropped version of a bigger task.", "description": "Auto-generated task from a single workload (uuid=683cb3f6-4d18-4510-974d-7078ef560667)", "subtasks": [ { "title": "GlanceImages.create_and_update_image", "description": "Create an image then update it.", "scenario": { "GlanceImages.create_and_update_image": { "container_format": "bare", "disk_format": "qcow2", "image_location": "/home/opnfv/functest/images/cirros-0.4.0-x86_64-disk.img" } }, "contexts": { "users": { "tenants": 3, "users_per_tenant": 2 } }, "runner": { "constant": { "concurrency": 4, "times": 10 } }, "hooks": [], "sla": { "failure_rate": { "max": 0 } } } ] }
2019-07-11 06:52:37.692 725 RALLYDEBUG rally_openstack.contexts.keystone.users [-] Creating 3 tenants using 20 threads
2019-07-11 06:52:39.590 725 RALLYDEBUG rally_openstack.contexts.keystone.users [-] Creating 6 users using 20 threads
2019-07-11 06:52:42.464 725 INFO rally.task.context [-] Task 6a157049-2c28-4254-8d16-e00befe8749a | Context users@openstack setup() finished in 4.77 sec
2019-07-11 06:52:42.465 725 INFO rally.task.context [-] Task 6a157049-2c28-4254-8d16-e00befe8749a | Context cleanup@openstack setup() finished in 0.00 msec
2019-07-11 06:52:42.473 725 RALLYDEBUG rally.task.runner [-] Starting the constant runner (task UUID: 6a157049-2c28-4254-8d16-e00befe8749a). timeout: 0 concurrency: 4 concurrency_per_worker: 1 times: 10 concurrency_overhead: 0 processes_to_start: 4 max_cpu_used: 16
2019-07-11 06:52:42.486 1757 RALLYDEBUG rally.task.runner [-] Starting a worker. concurrency: 1 args: {"container_format": "bare", "disk_format": "qcow2", "image_location": "/home/opnfv/functest/images/cirros-0.4.0-x86_64-disk.img"} times: 10 method_name: run timeout: 0 duration: None cls:
2019-07-11 06:52:42.488 1758 RALLYDEBUG rally.task.runner [-] Starting a worker. concurrency: 1 args: {"container_format": "bare", "disk_format": "qcow2", "image_location": "/home/opnfv/functest/images/cirros-0.4.0-x86_64-disk.img"} times: 10 method_name: run timeout: 0 duration: None cls:
2019-07-11 06:52:42.492 1759 RALLYDEBUG rally.task.runner [-] Starting a worker. concurrency: 1 args: {"container_format": "bare", "disk_format": "qcow2", "image_location": "/home/opnfv/functest/images/cirros-0.4.0-x86_64-disk.img"} times: 10 method_name: run timeout: 0 duration: None cls:
2019-07-11 06:52:42.493 1757 INFO rally.task.runner [-] Task 6a157049-2c28-4254-8d16-e00befe8749a | ITER: 1 START
2019-07-11 06:52:42.495 1758 INFO rally.task.runner [-] Task 6a157049-2c28-4254-8d16-e00befe8749a | ITER: 2 START
2019-07-11 06:52:42.495 1760 RALLYDEBUG rally.task.runner [-] Starting a worker. concurrency: 1 args: {"container_format": "bare", "disk_format": "qcow2", "image_location": "/home/opnfv/functest/images/cirros-0.4.0-x86_64-disk.img"} times: 10 method_name: run timeout: 0 duration: None cls:
2019-07-11 06:52:42.498 1759 INFO rally.task.runner [-] Task 6a157049-2c28-4254-8d16-e00befe8749a | ITER: 3 START
2019-07-11 06:52:42.501 1760 INFO rally.task.runner [-] Task 6a157049-2c28-4254-8d16-e00befe8749a | ITER: 4 START
2019-07-11 06:52:46.071 1759 RALLYDEBUG rally.task.utils [-] Waiting for resource u'1c91760e-47cb-43d7-8483-3c5df4869965'. Status changed: NONE => QUEUED in 0.331960916519
2019-07-11 06:52:46.408 1757 RALLYDEBUG rally.task.utils [-] Waiting for resource u'63209f6b-6311-4028-abaa-dead9d20f4a9'. Status changed: NONE => QUEUED in 0.302146911621
2019-07-11 06:52:46.453 1758 RALLYDEBUG rally.task.utils [-] Waiting for resource u'e6dbd80a-00ac-4dfd-9e89-46c5890f8ab5'. Status changed: NONE => QUEUED in 0.298184156418
2019-07-11 06:52:46.615 1760 RALLYDEBUG rally.task.utils [-] Waiting for resource u'dc86118e-32cf-4043-b342-5161ac7c1f9b'. Status changed: NONE => QUEUED in 0.59401512146
2019-07-11 06:52:46.690 1759 RALLYDEBUG rally.task.utils [-] Waiting for resource s_rally_683cb3f6_h9FdrTqB. Status changed: QUEUED => ACTIVE in 0.0205359458923
2019-07-11 06:52:47.832 1758 RALLYDEBUG rally.task.utils [-] Waiting for resource s_rally_683cb3f6_n6Lg4zcI. Status changed: QUEUED => ACTIVE in 0.0179150104523
2019-07-11 06:52:47.844 1757 RALLYDEBUG rally.task.utils [-] Waiting for resource s_rally_683cb3f6_5LPQKViW. Status changed: QUEUED => ACTIVE in 0.0180680751801
2019-07-11 06:52:48.076 1760 RALLYDEBUG rally.task.utils [-] Waiting for resource s_rally_683cb3f6_MhCabZrS. Status changed: QUEUED => ACTIVE in 0.340636014938
2019-07-11 06:52:48.336 1759 INFO rally.task.runner [-] Task 6a157049-2c28-4254-8d16-e00befe8749a | ITER: 3 END: OK
2019-07-11 06:52:48.340 1759 INFO rally.task.runner [-] Task 6a157049-2c28-4254-8d16-e00befe8749a | ITER: 5 START
2019-07-11 06:52:48.476 1757 INFO rally.task.runner [-] Task 6a157049-2c28-4254-8d16-e00befe8749a | ITER: 1 END: OK
2019-07-11 06:52:48.481 1757 INFO rally.task.runner [-] Task 6a157049-2c28-4254-8d16-e00befe8749a | ITER: 6 START
2019-07-11 06:52:48.501 1760 INFO rally.task.runner [-] Task 6a157049-2c28-4254-8d16-e00befe8749a | ITER: 4 END: OK
2019-07-11 06:52:48.505 1760 INFO rally.task.runner [-] Task 6a157049-2c28-4254-8d16-e00befe8749a | ITER: 7 START
2019-07-11 06:52:48.604 1758 INFO rally.task.runner [-] Task 6a157049-2c28-4254-8d16-e00befe8749a | ITER: 2 END: OK
2019-07-11 06:52:48.608 1758 INFO rally.task.runner [-] Task 6a157049-2c28-4254-8d16-e00befe8749a | ITER: 8 START
2019-07-11 06:52:52.285 1757 RALLYDEBUG rally.task.utils [-] Waiting for resource u'120fc6a8-8cdf-4993-9aa5-b9ecff096be5'. Status changed: NONE => QUEUED in 0.219400882721
2019-07-11 06:52:52.302 1758 RALLYDEBUG rally.task.utils [-] Waiting for resource u'3e081361-382d-46f0-8b85-0a90cc28bf09'. Status changed: NONE => QUEUED in 0.310534954071
2019-07-11 06:52:52.388 1760 RALLYDEBUG rally.task.utils [-] Waiting for resource u'7e551be8-eeac-4d93-9851-710d7de0b661'. Status changed: NONE => QUEUED in 0.311533212662
2019-07-11 06:52:52.419 1759 RALLYDEBUG rally.task.utils [-] Waiting for resource u'95831cea-c823-44fe-9043-f6c1af386b64'. Status changed: NONE => QUEUED in 0.619117021561
2019-07-11 06:52:54.082 1757 RALLYDEBUG rally.task.utils [-] Waiting for resource s_rally_683cb3f6_UalDf8jE. Status changed: QUEUED => ACTIVE in 0.017923116684
2019-07-11 06:52:54.160 1760 RALLYDEBUG rally.task.utils [-] Waiting for resource s_rally_683cb3f6_qWMX7QMa. Status changed: QUEUED => ACTIVE in 0.0162279605865
2019-07-11 06:52:54.170 1759 RALLYDEBUG rally.task.utils [-] Waiting for resource s_rally_683cb3f6_4RcWl3Zx. Status changed: QUEUED => ACTIVE in 0.0163190364838
2019-07-11 06:52:54.280 1757 INFO rally.task.runner [-] Task 6a157049-2c28-4254-8d16-e00befe8749a | ITER: 6 END: OK
2019-07-11 06:52:54.284 1757 INFO rally.task.runner [-] Task 6a157049-2c28-4254-8d16-e00befe8749a | ITER: 9 START
2019-07-11 06:52:54.306 1758 RALLYDEBUG rally.task.utils [-] Waiting for resource s_rally_683cb3f6_ljHwxFL4. Status changed: QUEUED => ACTIVE in 0.231786966324
2019-07-11 06:52:54.699 1758 INFO rally.task.runner [-] Task 6a157049-2c28-4254-8d16-e00befe8749a | ITER: 8 END: OK
2019-07-11 06:52:54.703 1758 INFO rally.task.runner [-] Task 6a157049-2c28-4254-8d16-e00befe8749a | ITER: 10 START
2019-07-11 06:52:54.797 1759 INFO rally.task.runner [-] Task 6a157049-2c28-4254-8d16-e00befe8749a | ITER: 5 END: OK
2019-07-11 06:52:54.809 1760 INFO rally.task.runner [-] Task 6a157049-2c28-4254-8d16-e00befe8749a | ITER: 7 END: OK
2019-07-11 06:52:58.059 1757 RALLYDEBUG rally.task.utils [-] Waiting for resource u'947422ff-a73f-4130-a8ee-4d4732d510ee'. Status changed: NONE => QUEUED in 0.321892023087
2019-07-11 06:52:58.590 1758 RALLYDEBUG rally.task.utils [-] Waiting for resource u'890526f4-ae3f-488e-9f6b-b267f392b1af'. Status changed: NONE => QUEUED in 0.522979021072
2019-07-11 06:52:59.323 1757 RALLYDEBUG rally.task.utils [-] Waiting for resource s_rally_683cb3f6_wkse465F. Status changed: QUEUED => ACTIVE in 0.209994077682
2019-07-11 06:53:00.109 1757 INFO rally.task.runner [-] Task 6a157049-2c28-4254-8d16-e00befe8749a | ITER: 9 END: OK
2019-07-11 06:53:00.241 1758 RALLYDEBUG rally.task.utils [-] Waiting for resource s_rally_683cb3f6_99WICe7q. Status changed: QUEUED => ACTIVE in 0.310026168823
2019-07-11 06:53:01.434 1758 INFO rally.task.runner [-] Task 6a157049-2c28-4254-8d16-e00befe8749a | ITER: 10 END: OK
2019-07-11 06:53:01.459 725 INFO rally.task.context [-] Task 6a157049-2c28-4254-8d16-e00befe8749a | Context cleanup@openstack cleanup() started
2019-07-11 06:53:01.462 725 RALLYDEBUG rally_openstack.cleanup.manager [-] Cleaning up glance images objects
2019-07-11 06:53:05.660 725 RALLYDEBUG rally_openstack.cleanup.manager [-] Deleting glance.images object s_rally_683cb3f6_EdRI2eZd (95831cea-c823-44fe-9043-f6c1af386b64)
2019-07-11 06:53:05.660 725 RALLYDEBUG rally_openstack.cleanup.manager [-] Deleting glance.images object s_rally_683cb3f6_QVtC8V0P (e6dbd80a-00ac-4dfd-9e89-46c5890f8ab5)
2019-07-11 06:53:05.668 725 RALLYDEBUG rally_openstack.cleanup.manager [-] Deleting glance.images object s_rally_683cb3f6_hEbcZ4cH (3e081361-382d-46f0-8b85-0a90cc28bf09)
2019-07-11 06:53:05.669 725 RALLYDEBUG rally_openstack.cleanup.manager [-] Deleting glance.images object s_rally_683cb3f6_3BXsTb4h (120fc6a8-8cdf-4993-9aa5-b9ecff096be5)
2019-07-11 06:53:05.670 725 RALLYDEBUG rally_openstack.cleanup.manager [-] Deleting glance.images object s_rally_683cb3f6_o8JBP3Vo (7e551be8-eeac-4d93-9851-710d7de0b661)
2019-07-11 06:53:05.671 725 RALLYDEBUG rally_openstack.cleanup.manager [-] Deleting glance.images object s_rally_683cb3f6_bI9tcl8i (1c91760e-47cb-43d7-8483-3c5df4869965)
2019-07-11 06:53:05.673 725 RALLYDEBUG rally_openstack.cleanup.manager [-] Deleting glance.images object s_rally_683cb3f6_P5F2U86O (63209f6b-6311-4028-abaa-dead9d20f4a9)
2019-07-11 06:53:05.676 725 RALLYDEBUG rally_openstack.cleanup.manager [-] Deleting glance.images object s_rally_683cb3f6_k36Wj54I (947422ff-a73f-4130-a8ee-4d4732d510ee)
2019-07-11 06:53:05.687 725 RALLYDEBUG rally_openstack.cleanup.manager [-] Deleting glance.images object s_rally_683cb3f6_7Umc8cgj (dc86118e-32cf-4043-b342-5161ac7c1f9b)
2019-07-11 06:53:05.687 725 RALLYDEBUG rally_openstack.cleanup.manager [-] Deleting glance.images object s_rally_683cb3f6_wDN1lG6k (890526f4-ae3f-488e-9f6b-b267f392b1af)
2019-07-11 06:53:06.807 725 DEBUG glanceclient.common.http [-] Request returned failure status 404. _handle_response /usr/lib/python2.7/site-packages/glanceclient/common/http.py:125
2019-07-11 06:53:06.822 725 DEBUG glanceclient.common.http [-] Request returned failure status 404. _handle_response /usr/lib/python2.7/site-packages/glanceclient/common/http.py:125
2019-07-11 06:53:07.022 725 DEBUG glanceclient.common.http [-] Request returned failure status 404. _handle_response /usr/lib/python2.7/site-packages/glanceclient/common/http.py:125
2019-07-11 06:53:07.087 725 DEBUG glanceclient.common.http [-] Request returned failure status 404. _handle_response /usr/lib/python2.7/site-packages/glanceclient/common/http.py:125
2019-07-11 06:53:07.107 725 DEBUG glanceclient.common.http [-] Request returned failure status 404. _handle_response /usr/lib/python2.7/site-packages/glanceclient/common/http.py:125
2019-07-11 06:53:07.379 725 DEBUG glanceclient.common.http [-] Request returned failure status 404. _handle_response /usr/lib/python2.7/site-packages/glanceclient/common/http.py:125
2019-07-11 06:53:07.891 725 DEBUG glanceclient.common.http [-] Request returned failure status 404. _handle_response /usr/lib/python2.7/site-packages/glanceclient/common/http.py:125
2019-07-11 06:53:07.919 725 DEBUG glanceclient.common.http [-] Request returned failure status 404. _handle_response /usr/lib/python2.7/site-packages/glanceclient/common/http.py:125
2019-07-11 06:53:07.940 725 DEBUG glanceclient.common.http [-] Request returned failure status 404. _handle_response /usr/lib/python2.7/site-packages/glanceclient/common/http.py:125
2019-07-11 06:53:08.127 725 DEBUG glanceclient.common.http [-] Request returned failure status 404. _handle_response /usr/lib/python2.7/site-packages/glanceclient/common/http.py:125
2019-07-11 06:53:08.136 725 DEBUG glanceclient.common.http [-] Request returned failure status 404. _handle_response /usr/lib/python2.7/site-packages/glanceclient/common/http.py:125
2019-07-11 06:53:08.167 725 DEBUG glanceclient.common.http [-] Request returned failure status 404. _handle_response /usr/lib/python2.7/site-packages/glanceclient/common/http.py:125
2019-07-11 06:53:08.182 725 DEBUG glanceclient.common.http [-] Request returned failure status 404. _handle_response /usr/lib/python2.7/site-packages/glanceclient/common/http.py:125
2019-07-11 06:53:08.193 725 DEBUG glanceclient.common.http [-] Request returned failure status 404. _handle_response /usr/lib/python2.7/site-packages/glanceclient/common/http.py:125
2019-07-11 06:53:08.329 725 DEBUG glanceclient.common.http [-] Request returned failure status 404. _handle_response /usr/lib/python2.7/site-packages/glanceclient/common/http.py:125
2019-07-11 06:53:08.413 725 DEBUG glanceclient.common.http [-] Request returned failure status 404. _handle_response /usr/lib/python2.7/site-packages/glanceclient/common/http.py:125
2019-07-11 06:53:09.013 725 DEBUG glanceclient.common.http [-] Request returned failure status 404. _handle_response /usr/lib/python2.7/site-packages/glanceclient/common/http.py:125
2019-07-11 06:53:09.226 725 DEBUG glanceclient.common.http [-] Request returned failure status 404. _handle_response /usr/lib/python2.7/site-packages/glanceclient/common/http.py:125
2019-07-11 06:53:09.306 725 DEBUG glanceclient.common.http [-] Request returned failure status 404. _handle_response /usr/lib/python2.7/site-packages/glanceclient/common/http.py:125
2019-07-11 06:53:09.542 725 DEBUG glanceclient.common.http [-] Request returned failure status 404. _handle_response /usr/lib/python2.7/site-packages/glanceclient/common/http.py:125
2019-07-11 06:53:10.544 725 INFO rally.task.context [-] Task 6a157049-2c28-4254-8d16-e00befe8749a | Context cleanup@openstack cleanup() finished in 9.08 sec
2019-07-11 06:53:10.545 725 INFO rally.task.context [-] Task 6a157049-2c28-4254-8d16-e00befe8749a | Context users@openstack cleanup() started
2019-07-11 06:53:19.102 725 INFO rally.task.context [-] Task 6a157049-2c28-4254-8d16-e00befe8749a | Context users@openstack cleanup() finished in 8.56 sec
2019-07-11 06:53:19.860 725 INFO rally.task.engine [-] Load duration is: 18.083096
2019-07-11 06:53:19.861 725 INFO rally.task.engine [-] Full runner duration is: 18.986889
2019-07-11 06:53:19.861 725 INFO rally.task.engine [-] Full duration is: 41.413829
2019-07-11 06:53:20.028 725 INFO rally.task.engine [-] Task 6a157049-2c28-4254-8d16-e00befe8749a | Completed: Running task.
2019-07-11 06:53:20.802 1839 RALLYDEBUG rally.api [-] INFO logs from urllib3 and requests module are hide.
2019-07-11 06:53:20.802 1839 RALLYDEBUG rally.api [-] urllib3 insecure warnings are hidden.
2019-07-11 06:53:20.802 1839 RALLYDEBUG rally.api [-] ERROR log from boto module is hide.
2019-07-11 06:53:21.511 1840 RALLYDEBUG rally.api [-] INFO logs from urllib3 and requests module are hide.
2019-07-11 06:53:21.512 1840 RALLYDEBUG rally.api [-] urllib3 insecure warnings are hidden.
2019-07-11 06:53:21.512 1840 RALLYDEBUG rally.api [-] ERROR log from boto module is hide.
2019-07-11 06:53:22.580 1840 INFO rally.api [-] Building 'json' report for the following task(s): '6a157049-2c28-4254-8d16-e00befe8749a'.
2019-07-11 06:53:22.597 1840 INFO rally.api [-] The report has been successfully built.
2019-07-11 06:53:23.328 1842 RALLYDEBUG rally.api [-] INFO logs from urllib3 and requests module are hide.
2019-07-11 06:53:23.328 1842 RALLYDEBUG rally.api [-] urllib3 insecure warnings are hidden.
2019-07-11 06:53:23.328 1842 RALLYDEBUG rally.api [-] ERROR log from boto module is hide.
2019-07-11 06:53:24.796 1842 INFO rally.task.engine [-] Task 9593b25f-c060-471c-84b6-2debf5da9d5d | Starting: Task validation.
2019-07-11 06:53:24.831 1842 INFO rally.task.engine [-] Task 9593b25f-c060-471c-84b6-2debf5da9d5d | Starting: Task validation of syntax.
2019-07-11 06:53:25.181 1842 INFO rally.task.engine [-] Task 9593b25f-c060-471c-84b6-2debf5da9d5d | Completed: Task validation of syntax.
2019-07-11 06:53:25.181 1842 INFO rally.task.engine [-] Task 9593b25f-c060-471c-84b6-2debf5da9d5d | Starting: Task validation of required platforms.
2019-07-11 06:53:25.279 1842 INFO rally.task.engine [-] Task 9593b25f-c060-471c-84b6-2debf5da9d5d | Completed: Task validation of required platforms.
2019-07-11 06:53:25.279 1842 INFO rally.task.engine [-] Task 9593b25f-c060-471c-84b6-2debf5da9d5d | Starting: Task validation of semantic.
2019-07-11 06:53:25.279 1842 INFO rally.task.engine [-] Check health of the environment 'c77341d4-82ee-4689-a8af-4e8054c576ac'.
2019-07-11 06:53:26.030 1842 INFO rally.task.engine [-] Platform existing@openstack (available: True): OK!
2019-07-11 06:53:26.039 1842 RALLYDEBUG rally_openstack.contexts.keystone.users [-] Creating 1 tenants using 20 threads
2019-07-11 06:53:27.919 1842 RALLYDEBUG rally_openstack.contexts.keystone.users [-] Creating 1 users using 20 threads
2019-07-11 06:53:30.821 1842 INFO rally.task.context [-] Task 9593b25f-c060-471c-84b6-2debf5da9d5d | Context users@openstack setup() finished in 4.78 sec
2019-07-11 06:53:31.743 1842 DEBUG novaclient.v2.client [-] REQ: curl -g -i -X GET http://172.30.9.47:8774/v2.1/flavors/detail -H "Accept: application/json" -H "User-Agent: python-novaclient" -H "X-Auth-Token: {SHA1}96c65a6164479eed4a2c3f972647ab2110e35742" _http_log_request /usr/lib/python2.7/site-packages/keystoneauth1/session.py:448
2019-07-11 06:53:32.054 1842 DEBUG novaclient.v2.client [-] RESP: [200] Content-Encoding: gzip Content-Length: 365 Content-Type: application/json Date: Thu, 11 Jul 2019 06:53:31 GMT OpenStack-API-Version: compute 2.1 Server: Apache Vary: OpenStack-API-Version,X-OpenStack-Nova-API-Version,Accept-Encoding X-OpenStack-Nova-API-Version: 2.1 x-compute-request-id: req-b13ecf71-194b-44ed-93fc-5a5da68d7ef1 x-openstack-request-id: req-b13ecf71-194b-44ed-93fc-5a5da68d7ef1 _http_log_response /usr/lib/python2.7/site-packages/keystoneauth1/session.py:479
