2019-07-11 07:15:38.733 1842 INFO rally.task.context [-] Task 9593b25f-c060-471c-84b6-2debf5da9d5d | Context cleanup@openstack cleanup() started
2019-07-11 07:15:38.736 1842 RALLYDEBUG rally_openstack.cleanup.manager [-] Cleaning up cinder backups objects
2019-07-11 07:15:40.811 1842 RALLYDEBUG rally_openstack.cleanup.manager [-] Cleaning up cinder volume_snapshots objects
2019-07-11 07:15:43.169 1842 RALLYDEBUG rally_openstack.cleanup.manager [-] Cleaning up cinder transfers objects
2019-07-11 07:15:45.312 1842 RALLYDEBUG rally_openstack.cleanup.manager [-] Cleaning up cinder volumes objects
2019-07-11 07:15:47.722 1842 INFO rally.task.context [-] Task 9593b25f-c060-471c-84b6-2debf5da9d5d | Context cleanup@openstack cleanup() finished in 8.99 sec
2019-07-11 07:15:47.723 1842 INFO rally.task.context [-] Task 9593b25f-c060-471c-84b6-2debf5da9d5d | Context volumes@openstack cleanup() started
2019-07-11 07:15:47.723 1842 RALLYDEBUG rally_openstack.cleanup.manager [-] Cleaning up cinder volumes objects
2019-07-11 07:15:50.050 1842 RALLYDEBUG rally_openstack.cleanup.manager [-] Deleting cinder.volumes object c_rally_859d4559_Y7jG43S9 (079cefcf-04b0-45f3-8e66-62d023f9b22b)
2019-07-11 07:15:50.050 1842 RALLYDEBUG rally_openstack.cleanup.manager [-] Deleting cinder.volumes object c_rally_859d4559_4wSVav8V (ac949bd2-6fac-4c22-97d2-f1a4a4e296d6)
2019-07-11 07:15:50.056 1842 RALLYDEBUG rally_openstack.cleanup.manager [-] Deleting cinder.volumes object c_rally_859d4559_EjWZUHhM (60e56c00-17ab-4c49-91bc-6c84ebb76724)
2019-07-11 07:15:53.664 1842 INFO rally.task.context [-] Task 9593b25f-c060-471c-84b6-2debf5da9d5d | Context volumes@openstack cleanup() finished in 5.94 sec
2019-07-11 07:15:53.665 1842 INFO rally.task.context [-] Task 9593b25f-c060-471c-84b6-2debf5da9d5d | Context quotas@openstack cleanup() started
2019-07-11 07:15:54.538 1842 INFO rally.task.context [-] Task 9593b25f-c060-471c-84b6-2debf5da9d5d | Context quotas@openstack cleanup() finished in 0.87 sec
2019-07-11 07:15:54.538 1842 INFO rally.task.context [-] Task 9593b25f-c060-471c-84b6-2debf5da9d5d | Context api_versions@openstack cleanup() started
2019-07-11 07:15:54.539 1842 INFO rally.task.context [-] Task 9593b25f-c060-471c-84b6-2debf5da9d5d | Context api_versions@openstack cleanup() finished in 0.28 msec
2019-07-11 07:15:54.539 1842 INFO rally.task.context [-] Task 9593b25f-c060-471c-84b6-2debf5da9d5d | Context users@openstack cleanup() started
2019-07-11 07:16:03.146 1842 INFO rally.task.context [-] Task 9593b25f-c060-471c-84b6-2debf5da9d5d | Context users@openstack cleanup() finished in 8.61 sec
2019-07-11 07:16:04.657 1842 INFO rally.task.engine [-] Load duration is: 24.292929
2019-07-11 07:16:04.657 1842 INFO rally.task.engine [-] Full runner duration is: 24.344307
2019-07-11 07:16:04.658 1842 INFO rally.task.engine [-] Full duration is: 66.795513
2019-07-11 07:16:04.902 1842 INFO rally.task.engine [-] Running workload: position = 0 config = { "version": 2, "title": "A cropped version of a bigger task.", "description": "Auto-generated task from a single workload (uuid=f6a976c9-7157-4f1c-bc50-0f8e5e1523b3)", "subtasks": [ { "title": "CinderQos.create_and_get_qos", "description": "Create a qos, then get details of the qos.", "scenario": { "CinderQos.create_and_get_qos": { "consumer": "both", "write_iops_sec": "10", "read_iops_sec": "1000" } }, "contexts": { "users": { "tenants": 3, "users_per_tenant": 2 }, "api_versions": { "cinder": { "version": 3, "service_type": "volumev3" } } }, "runner": { "constant": { "concurrency": 4, "times": 10 } }, "hooks": [], "sla": { "failure_rate": { "max": 0 } } } ] }
2019-07-11 07:16:04.924 1842 RALLYDEBUG rally_openstack.contexts.keystone.users [-] Creating 3 tenants using 20 threads
2019-07-11 07:16:06.828 1842 RALLYDEBUG rally_openstack.contexts.keystone.users [-] Creating 6 users using 20 threads
2019-07-11 07:16:09.727 1842 INFO rally.task.context [-] Task 9593b25f-c060-471c-84b6-2debf5da9d5d | Context users@openstack setup() finished in 4.80 sec
2019-07-11 07:16:10.162 1842 INFO rally.task.context [-] Task 9593b25f-c060-471c-84b6-2debf5da9d5d | Context api_versions@openstack setup() finished in 0.43 sec
2019-07-11 07:16:10.163 1842 INFO rally.task.context [-] Task 9593b25f-c060-471c-84b6-2debf5da9d5d | Context admin_cleanup@openstack setup() finished in 0.01 msec
2019-07-11 07:16:10.170 1842 RALLYDEBUG rally.task.runner [-] Starting the constant runner (task UUID: 9593b25f-c060-471c-84b6-2debf5da9d5d). timeout: 0 concurrency: 4 concurrency_per_worker: 1 times: 10 concurrency_overhead: 0 processes_to_start: 4 max_cpu_used: 16
2019-07-11 07:16:10.183 5110 RALLYDEBUG rally.task.runner [-] Starting a worker. concurrency: 1 args: {"consumer": "both", "write_iops_sec": "10", "read_iops_sec": "1000"} times: 10 method_name: run timeout: 0 duration: None cls:
2019-07-11 07:16:10.186 5111 RALLYDEBUG rally.task.runner [-] Starting a worker. concurrency: 1 args: {"consumer": "both", "write_iops_sec": "10", "read_iops_sec": "1000"} times: 10 method_name: run timeout: 0 duration: None cls:
2019-07-11 07:16:10.189 5112 RALLYDEBUG rally.task.runner [-] Starting a worker. concurrency: 1 args: {"consumer": "both", "write_iops_sec": "10", "read_iops_sec": "1000"} times: 10 method_name: run timeout: 0 duration: None cls:
2019-07-11 07:16:10.191 5110 INFO rally.task.runner [-] Task 9593b25f-c060-471c-84b6-2debf5da9d5d | ITER: 1 START
2019-07-11 07:16:10.193 5111 INFO rally.task.runner [-] Task 9593b25f-c060-471c-84b6-2debf5da9d5d | ITER: 2 START
2019-07-11 07:16:10.193 5113 RALLYDEBUG rally.task.runner [-] Starting a worker. concurrency: 1 args: {"consumer": "both", "write_iops_sec": "10", "read_iops_sec": "1000"} times: 10 method_name: run timeout: 0 duration: None cls:
2019-07-11 07:16:10.196 5112 INFO rally.task.runner [-] Task 9593b25f-c060-471c-84b6-2debf5da9d5d | ITER: 3 START
2019-07-11 07:16:10.202 5113 INFO rally.task.runner [-] Task 9593b25f-c060-471c-84b6-2debf5da9d5d | ITER: 4 START
2019-07-11 07:16:11.276 5110 INFO rally.task.runner [-] Task 9593b25f-c060-471c-84b6-2debf5da9d5d | ITER: 1 END: OK
2019-07-11 07:16:11.281 5113 INFO rally.task.runner [-] Task 9593b25f-c060-471c-84b6-2debf5da9d5d | ITER: 4 END: OK
2019-07-11 07:16:11.282 5110 INFO rally.task.runner [-] Task 9593b25f-c060-471c-84b6-2debf5da9d5d | ITER: 5 START
2019-07-11 07:16:11.283 5111 INFO rally.task.runner [-] Task 9593b25f-c060-471c-84b6-2debf5da9d5d | ITER: 2 END: OK
2019-07-11 07:16:11.287 5113 INFO rally.task.runner [-] Task 9593b25f-c060-471c-84b6-2debf5da9d5d | ITER: 6 START
2019-07-11 07:16:11.288 5111 INFO rally.task.runner [-] Task 9593b25f-c060-471c-84b6-2debf5da9d5d | ITER: 7 START
2019-07-11 07:16:11.309 5112 INFO rally.task.runner [-] Task 9593b25f-c060-471c-84b6-2debf5da9d5d | ITER: 3 END: OK
2019-07-11 07:16:11.314 5112 INFO rally.task.runner [-] Task 9593b25f-c060-471c-84b6-2debf5da9d5d | ITER: 8 START
2019-07-11 07:16:12.292 5113 INFO rally.task.runner [-] Task 9593b25f-c060-471c-84b6-2debf5da9d5d | ITER: 6 END: OK
2019-07-11 07:16:12.297 5113 INFO rally.task.runner [-] Task 9593b25f-c060-471c-84b6-2debf5da9d5d | ITER: 9 START
2019-07-11 07:16:12.337 5111 INFO rally.task.runner [-] Task 9593b25f-c060-471c-84b6-2debf5da9d5d | ITER: 7 END: OK
2019-07-11 07:16:12.342 5111 INFO rally.task.runner [-] Task 9593b25f-c060-471c-84b6-2debf5da9d5d | ITER: 10 START
2019-07-11 07:16:12.451 5110 INFO rally.task.runner [-] Task 9593b25f-c060-471c-84b6-2debf5da9d5d | ITER: 5 END: OK
2019-07-11 07:16:12.463 5112 INFO rally.task.runner [-] Task 9593b25f-c060-471c-84b6-2debf5da9d5d | ITER: 8 END: OK
2019-07-11 07:16:13.226 5111 INFO rally.task.runner [-] Task 9593b25f-c060-471c-84b6-2debf5da9d5d | ITER: 10 END: OK
2019-07-11 07:16:13.457 5113 INFO rally.task.runner [-] Task 9593b25f-c060-471c-84b6-2debf5da9d5d | ITER: 9 END: OK
2019-07-11 07:16:13.481 1842 INFO rally.task.context [-] Task 9593b25f-c060-471c-84b6-2debf5da9d5d | Context admin_cleanup@openstack cleanup() started
2019-07-11 07:16:13.483 1842 RALLYDEBUG rally_openstack.cleanup.manager [-] Cleaning up cinder volume_types objects
2019-07-11 07:16:14.256 1842 RALLYDEBUG rally_openstack.cleanup.manager [-] Cleaning up cinder image_volumes_cache objects
2019-07-11 07:16:15.639 1842 RALLYDEBUG rally_openstack.cleanup.manager [-] Cleaning up cinder quotas objects
2019-07-11 07:16:17.417 1842 RALLYDEBUG rally_openstack.cleanup.manager [-] Cleaning up cinder qos_specs objects
2019-07-11 07:16:18.172 1842 RALLYDEBUG rally_openstack.cleanup.manager [-] Deleting cinder.qos_specs object s_rally_f6a976c9_f5212Js0 (a1089371-7186-4e12-b25b-afb992f69c82)
2019-07-11 07:16:18.176 1842 RALLYDEBUG rally_openstack.cleanup.manager [-] Deleting cinder.qos_specs object s_rally_f6a976c9_EzGJidHU (e456ead9-77dd-423e-9c9f-7a0dea741ff9)
2019-07-11 07:16:18.187 1842 RALLYDEBUG rally_openstack.cleanup.manager [-] Deleting cinder.qos_specs object s_rally_f6a976c9_is37NHCY (e267d654-ad85-478b-be4a-a6ee567fd55b)
2019-07-11 07:16:18.200 1842 RALLYDEBUG rally_openstack.cleanup.manager [-] Deleting cinder.qos_specs object s_rally_f6a976c9_85btckut (d531747c-8b33-4da6-9853-1688963bad5b)
2019-07-11 07:16:18.201 1842 RALLYDEBUG rally_openstack.cleanup.manager [-] Deleting cinder.qos_specs object s_rally_f6a976c9_ueG0l2x6 (d80764d0-5684-4398-84a3-ea0e62e340a4)
2019-07-11 07:16:18.209 1842 RALLYDEBUG rally_openstack.cleanup.manager [-] Deleting cinder.qos_specs object s_rally_f6a976c9_V3bWxrTk (1481befc-99b7-4662-a7de-468b4e935d34)
2019-07-11 07:16:18.222 1842 RALLYDEBUG rally_openstack.cleanup.manager [-] Deleting cinder.qos_specs object s_rally_f6a976c9_90NdpmpI (be32b4bc-2801-424b-9798-1568d716c9d7)
2019-07-11 07:16:18.239 1842 RALLYDEBUG rally_openstack.cleanup.manager [-] Deleting cinder.qos_specs object s_rally_f6a976c9_KTp7CQ3r (af8275f7-53b9-44f9-bf37-50896f21a60f)
2019-07-11 07:16:18.249 1842 RALLYDEBUG rally_openstack.cleanup.manager [-] Deleting cinder.qos_specs object s_rally_f6a976c9_mip9xyul (a3c6f44a-52e3-45cd-9d0e-c73a33dbe611)
2019-07-11 07:16:18.250 1842 RALLYDEBUG rally_openstack.cleanup.manager [-] Deleting cinder.qos_specs object s_rally_f6a976c9_7YjLp0cJ (4eaf0306-0ef2-4982-8fc8-0315fe19c112)
2019-07-11 07:16:20.595 1842 INFO rally.task.context [-] Task 9593b25f-c060-471c-84b6-2debf5da9d5d | Context admin_cleanup@openstack cleanup() finished in 7.11 sec
2019-07-11 07:16:20.596 1842 INFO rally.task.context [-] Task 9593b25f-c060-471c-84b6-2debf5da9d5d | Context api_versions@openstack cleanup() started
2019-07-11 07:16:20.596 1842 INFO rally.task.context [-] Task 9593b25f-c060-471c-84b6-2debf5da9d5d | Context api_versions@openstack cleanup() finished in 0.32 msec
2019-07-11 07:16:20.596 1842 INFO rally.task.context [-] Task 9593b25f-c060-471c-84b6-2debf5da9d5d | Context users@openstack cleanup() started
2019-07-11 07:16:29.056 1842 INFO rally.task.context [-] Task 9593b25f-c060-471c-84b6-2debf5da9d5d | Context users@openstack cleanup() finished in 8.46 sec
2019-07-11 07:16:31.035 1842 INFO rally.task.engine [-] Load duration is: 3.260442
2019-07-11 07:16:31.036 1842 INFO rally.task.engine [-] Full runner duration is: 3.310837
2019-07-11 07:16:31.036 1842 INFO rally.task.engine [-] Full duration is: 24.136013
2019-07-11 07:16:31.262 1842 INFO rally.task.engine [-] Running workload: position = 0 config = { "version": 2, "title": "A cropped version of a bigger task.", "description": "Auto-generated task from a single workload (uuid=49cb5277-d4c3-4e45-999d-5757767dcb1a)", "subtasks": [ { "title": "CinderQos.create_and_list_qos", "description": "Create a qos, then list all qos.", "scenario": { "CinderQos.create_and_list_qos": { "consumer": "both", "write_iops_sec": "10", "read_iops_sec": "1000" } }, "contexts": { "users": { "tenants": 3, "users_per_tenant": 2 }, "api_versions": { "cinder": { "version": 3, "service_type": "volumev3" } } }, "runner": { "constant": { "concurrency": 4, "times": 10 } }, "hooks": [], "sla": { "failure_rate": { "max": 0 } } } ] }
2019-07-11 07:16:31.284 1842 RALLYDEBUG rally_openstack.contexts.keystone.users [-] Creating 3 tenants using 20 threads
2019-07-11 07:16:33.217 1842 RALLYDEBUG rally_openstack.contexts.keystone.users [-] Creating 6 users using 20 threads
2019-07-11 07:16:36.111 1842 INFO rally.task.context [-] Task 9593b25f-c060-471c-84b6-2debf5da9d5d | Context users@openstack setup() finished in 4.83 sec
2019-07-11 07:16:36.537 1842 INFO rally.task.context [-] Task 9593b25f-c060-471c-84b6-2debf5da9d5d | Context api_versions@openstack setup() finished in 0.43 sec
2019-07-11 07:16:36.538 1842 INFO rally.task.context [-] Task 9593b25f-c060-471c-84b6-2debf5da9d5d | Context admin_cleanup@openstack setup() finished in 0.00 msec
2019-07-11 07:16:36.545 1842 RALLYDEBUG rally.task.runner [-] Starting the constant runner (task UUID: 9593b25f-c060-471c-84b6-2debf5da9d5d). timeout: 0 concurrency: 4 concurrency_per_worker: 1 times: 10 concurrency_overhead: 0 processes_to_start: 4 max_cpu_used: 16
2019-07-11 07:16:36.558 5294 RALLYDEBUG rally.task.runner [-] Starting a worker. concurrency: 1 args: {"consumer": "both", "write_iops_sec": "10", "read_iops_sec": "1000"} times: 10 method_name: run timeout: 0 duration: None cls:
2019-07-11 07:16:36.561 5295 RALLYDEBUG rally.task.runner [-] Starting a worker. concurrency: 1 args: {"consumer": "both", "write_iops_sec": "10", "read_iops_sec": "1000"} times: 10 method_name: run timeout: 0 duration: None cls:
2019-07-11 07:16:36.563 5296 RALLYDEBUG rally.task.runner [-] Starting a worker. concurrency: 1 args: {"consumer": "both", "write_iops_sec": "10", "read_iops_sec": "1000"} times: 10 method_name: run timeout: 0 duration: None cls:
2019-07-11 07:16:36.566 5294 INFO rally.task.runner [-] Task 9593b25f-c060-471c-84b6-2debf5da9d5d | ITER: 1 START
2019-07-11 07:16:36.567 5297 RALLYDEBUG rally.task.runner [-] Starting a worker. concurrency: 1 args: {"consumer": "both", "write_iops_sec": "10", "read_iops_sec": "1000"} times: 10 method_name: run timeout: 0 duration: None cls:
2019-07-11 07:16:36.568 5295 INFO rally.task.runner [-] Task 9593b25f-c060-471c-84b6-2debf5da9d5d | ITER: 2 START
2019-07-11 07:16:36.571 5296 INFO rally.task.runner [-] Task 9593b25f-c060-471c-84b6-2debf5da9d5d | ITER: 3 START
2019-07-11 07:16:36.574 5297 INFO rally.task.runner [-] Task 9593b25f-c060-471c-84b6-2debf5da9d5d | ITER: 4 START
2019-07-11 07:16:37.609 5294 INFO rally.task.runner [-] Task 9593b25f-c060-471c-84b6-2debf5da9d5d | ITER: 1 END: OK
2019-07-11 07:16:37.614 5294 INFO rally.task.runner [-] Task 9593b25f-c060-471c-84b6-2debf5da9d5d | ITER: 5 START
2019-07-11 07:16:37.618 5295 INFO rally.task.runner [-] Task 9593b25f-c060-471c-84b6-2debf5da9d5d | ITER: 2 END: OK
2019-07-11 07:16:37.622 5295 INFO rally.task.runner [-] Task 9593b25f-c060-471c-84b6-2debf5da9d5d | ITER: 6 START
2019-07-11 07:16:37.728 5297 INFO rally.task.runner [-] Task 9593b25f-c060-471c-84b6-2debf5da9d5d | ITER: 4 END: OK
2019-07-11 07:16:37.733 5297 INFO rally.task.runner [-] Task 9593b25f-c060-471c-84b6-2debf5da9d5d | ITER: 7 START
2019-07-11 07:16:37.748 5296 INFO rally.task.runner [-] Task 9593b25f-c060-471c-84b6-2debf5da9d5d | ITER: 3 END: OK
2019-07-11 07:16:37.754 5296 INFO rally.task.runner [-] Task 9593b25f-c060-471c-84b6-2debf5da9d5d | ITER: 8 START
2019-07-11 07:16:38.692 5294 INFO rally.task.runner [-] Task 9593b25f-c060-471c-84b6-2debf5da9d5d | ITER: 5 END: OK
2019-07-11 07:16:38.697 5294 INFO rally.task.runner [-] Task 9593b25f-c060-471c-84b6-2debf5da9d5d | ITER: 9 START
2019-07-11 07:16:38.718 5295 INFO rally.task.runner [-] Task 9593b25f-c060-471c-84b6-2debf5da9d5d | ITER: 6 END: OK
2019-07-11 07:16:38.723 5295 INFO rally.task.runner [-] Task 9593b25f-c060-471c-84b6-2debf5da9d5d | ITER: 10 START
2019-07-11 07:16:38.777 5297 INFO rally.task.runner [-] Task 9593b25f-c060-471c-84b6-2debf5da9d5d | ITER: 7 END: OK
2019-07-11 07:16:38.822 5296 INFO rally.task.runner [-] Task 9593b25f-c060-471c-84b6-2debf5da9d5d | ITER: 8 END: OK
2019-07-11 07:16:39.697 5295 INFO rally.task.runner [-] Task 9593b25f-c060-471c-84b6-2debf5da9d5d | ITER: 10 END: OK
2019-07-11 07:16:39.861 5294 INFO rally.task.runner [-] Task 9593b25f-c060-471c-84b6-2debf5da9d5d | ITER: 9 END: OK
2019-07-11 07:16:39.886 1842 INFO rally.task.context [-] Task 9593b25f-c060-471c-84b6-2debf5da9d5d | Context admin_cleanup@openstack cleanup() started
2019-07-11 07:16:39.889 1842 RALLYDEBUG rally_openstack.cleanup.manager [-] Cleaning up cinder volume_types objects
2019-07-11 07:16:40.560 1842 RALLYDEBUG rally_openstack.cleanup.manager [-] Cleaning up cinder image_volumes_cache objects
2019-07-11 07:16:41.883 1842 RALLYDEBUG rally_openstack.cleanup.manager [-] Cleaning up cinder quotas objects
2019-07-11 07:16:43.638 1842 RALLYDEBUG rally_openstack.cleanup.manager [-] Cleaning up cinder qos_specs objects
2019-07-11 07:16:44.395 1842 RALLYDEBUG rally_openstack.cleanup.manager [-] Deleting cinder.qos_specs object s_rally_49cb5277_vUS4BNgt (c605a5af-3657-4859-9efd-9f8c3c5fb820)
2019-07-11 07:16:44.406 1842 RALLYDEBUG rally_openstack.cleanup.manager [-] Deleting cinder.qos_specs object s_rally_49cb5277_99sluzES (6f5d23ff-7c13-458c-aa02-d0b707475a03)
2019-07-11 07:16:44.410 1842 RALLYDEBUG rally_openstack.cleanup.manager [-] Deleting cinder.qos_specs object s_rally_49cb5277_HUopbdtB (d0066d93-d78a-4734-ac9c-15a4e976dfd7)
2019-07-11 07:16:44.419 1842 RALLYDEBUG rally_openstack.cleanup.manager [-] Deleting cinder.qos_specs object s_rally_49cb5277_HnEL2AAE (b4e912f7-db1d-4c24-a730-fa3887f128b7)
2019-07-11 07:16:44.424 1842 RALLYDEBUG rally_openstack.cleanup.manager [-] Deleting cinder.qos_specs object s_rally_49cb5277_4CgsK7qB (8ba27339-a939-414c-8fda-27076ba802a9)
2019-07-11 07:16:44.445 1842 RALLYDEBUG rally_openstack.cleanup.manager [-] Deleting cinder.qos_specs object s_rally_49cb5277_BOgryIGN (ee058925-51d2-4626-88e8-f6fb9e47e164)
2019-07-11 07:16:44.450 1842 RALLYDEBUG rally_openstack.cleanup.manager [-] Deleting cinder.qos_specs object s_rally_49cb5277_H8kwHa4V (fe0debfa-709b-4ccc-934d-b081d443daee)
2019-07-11 07:16:44.460 1842 RALLYDEBUG rally_openstack.cleanup.manager [-] Deleting cinder.qos_specs object s_rally_49cb5277_ceWBDSWo (071ed504-c1ef-4238-a728-96d832833bf1)
2019-07-11 07:16:44.467 1842 RALLYDEBUG rally_openstack.cleanup.manager [-] Deleting cinder.qos_specs object s_rally_49cb5277_rXsukHBL (a7948ae0-df92-4692-9b96-fffae826aed7)
2019-07-11 07:16:44.479 1842 RALLYDEBUG rally_openstack.cleanup.manager [-] Deleting cinder.qos_specs object s_rally_49cb5277_dp9lgLPG (26533906-cee2-4479-ad03-5c8be4482a9c)
2019-07-11 07:16:46.891 1842 INFO rally.task.context [-] Task 9593b25f-c060-471c-84b6-2debf5da9d5d | Context admin_cleanup@openstack cleanup() finished in 7.00 sec
2019-07-11 07:16:46.892 1842 INFO rally.task.context [-] Task 9593b25f-c060-471c-84b6-2debf5da9d5d | Context api_versions@openstack cleanup() started
2019-07-11 07:16:46.892 1842 INFO rally.task.context [-] Task 9593b25f-c060-471c-84b6-2debf5da9d5d | Context api_versions@openstack cleanup() finished in 0.36 msec
2019-07-11 07:16:46.893 1842 INFO rally.task.context [-] Task 9593b25f-c060-471c-84b6-2debf5da9d5d | Context users@openstack cleanup() started
2019-07-11 07:16:55.361 1842 INFO rally.task.context [-] Task 9593b25f-c060-471c-84b6-2debf5da9d5d | Context users@openstack cleanup() finished in 8.47 sec
2019-07-11 07:16:55.438 1842 INFO rally.task.engine [-] Load duration is: 3.291843
2019-07-11 07:16:55.439 1842 INFO rally.task.engine [-] Full runner duration is: 3.341857
2019-07-11 07:16:55.439 1842 INFO rally.task.engine [-] Full duration is: 24.079343
2019-07-11 07:16:55.675 1842 INFO rally.task.engine [-] Running workload: position = 0 config = { "version": 2, "title": "A cropped version of a bigger task.", "description": "Auto-generated task from a single workload (uuid=0aca626d-2c48-41b2-9979-19cf6a08597f)", "subtasks": [ { "title": "CinderQos.create_and_set_qos", "description": "Create a qos, then Add/Update keys in qos specs.", "scenario": { "CinderQos.create_and_set_qos": { "consumer": "back-end", "write_iops_sec": "10", "read_iops_sec": "1000", "set_consumer": "both", "set_write_iops_sec": "11", "set_read_iops_sec": "1001" } }, "contexts": { "users": { "tenants": 3, "users_per_tenant": 2 }, "api_versions": { "cinder": { "version": 3, "service_type": "volumev3" } } }, "runner": { "constant": { "concurrency": 4, "times": 10 } }, "hooks": [], "sla": { "failure_rate": { "max": 0 } } } ] }
2019-07-11 07:16:55.699 1842 RALLYDEBUG rally_openstack.contexts.keystone.users [-] Creating 3 tenants using 20 threads
2019-07-11 07:16:57.571 1842 RALLYDEBUG rally_openstack.contexts.keystone.users [-] Creating 6 users using 20 threads
2019-07-11 07:17:00.361 1842 INFO rally.task.context [-] Task 9593b25f-c060-471c-84b6-2debf5da9d5d | Context users@openstack setup() finished in 4.66 sec
2019-07-11 07:17:00.796 1842 INFO rally.task.context [-] Task 9593b25f-c060-471c-84b6-2debf5da9d5d | Context api_versions@openstack setup() finished in 0.43 sec
2019-07-11 07:17:00.796 1842 INFO rally.task.context [-] Task 9593b25f-c060-471c-84b6-2debf5da9d5d | Context admin_cleanup@openstack setup() finished in 0.01 msec
2019-07-11 07:17:00.803 1842 RALLYDEBUG rally.task.runner [-] Starting the constant runner (task UUID: 9593b25f-c060-471c-84b6-2debf5da9d5d). timeout: 0 concurrency: 4 concurrency_per_worker: 1 times: 10 concurrency_overhead: 0 processes_to_start: 4 max_cpu_used: 16
2019-07-11 07:17:00.817 5478 RALLYDEBUG rally.task.runner [-] Starting a worker. concurrency: 1 args: {"consumer": "back-end", "write_iops_sec": "10", "read_iops_sec": "1000", "set_consumer": "both", "set_write_iops_sec": "11", "set_read_iops_sec": "1001"} times: 10 method_name: run timeout: 0 duration: None cls:
2019-07-11 07:17:00.819 5479 RALLYDEBUG rally.task.runner [-] Starting a worker. concurrency: 1 args: {"consumer": "back-end", "write_iops_sec": "10", "read_iops_sec": "1000", "set_consumer": "both", "set_write_iops_sec": "11", "set_read_iops_sec": "1001"} times: 10 method_name: run timeout: 0 duration: None cls:
2019-07-11 07:17:00.822 5480 RALLYDEBUG rally.task.runner [-] Starting a worker. concurrency: 1 args: {"consumer": "back-end", "write_iops_sec": "10", "read_iops_sec": "1000", "set_consumer": "both", "set_write_iops_sec": "11", "set_read_iops_sec": "1001"} times: 10 method_name: run timeout: 0 duration: None cls:
2019-07-11 07:17:00.824 5481 RALLYDEBUG rally.task.runner [-] Starting a worker. concurrency: 1 args: {"consumer": "back-end", "write_iops_sec": "10", "read_iops_sec": "1000", "set_consumer": "both", "set_write_iops_sec": "11", "set_read_iops_sec": "1001"} times: 10 method_name: run timeout: 0 duration: None cls:
2019-07-11 07:17:00.824 5478 INFO rally.task.runner [-] Task 9593b25f-c060-471c-84b6-2debf5da9d5d | ITER: 1 START
2019-07-11 07:17:00.826 5479 INFO rally.task.runner [-] Task 9593b25f-c060-471c-84b6-2debf5da9d5d | ITER: 2 START
2019-07-11 07:17:00.828 5481 INFO rally.task.runner [-] Task 9593b25f-c060-471c-84b6-2debf5da9d5d | ITER: 4 START
2019-07-11 07:17:00.829 5480 INFO rally.task.runner [-] Task 9593b25f-c060-471c-84b6-2debf5da9d5d | ITER: 3 START
2019-07-11 07:17:01.955 5480 INFO rally.task.runner [-] Task 9593b25f-c060-471c-84b6-2debf5da9d5d | ITER: 3 END: OK
2019-07-11 07:17:01.960 5480 INFO rally.task.runner [-] Task 9593b25f-c060-471c-84b6-2debf5da9d5d | ITER: 5 START
2019-07-11 07:17:02.004 5478 INFO rally.task.runner [-] Task 9593b25f-c060-471c-84b6-2debf5da9d5d | ITER: 1 END: OK
2019-07-11 07:17:02.010 5478 INFO rally.task.runner [-] Task 9593b25f-c060-471c-84b6-2debf5da9d5d | ITER: 6 START
2019-07-11 07:17:02.014 5481 INFO rally.task.runner [-] Task 9593b25f-c060-471c-84b6-2debf5da9d5d | ITER: 4 END: OK
2019-07-11 07:17:02.019 5481 INFO rally.task.runner [-] Task 9593b25f-c060-471c-84b6-2debf5da9d5d | ITER: 7 START
2019-07-11 07:17:02.026 5479 INFO rally.task.runner [-] Task 9593b25f-c060-471c-84b6-2debf5da9d5d | ITER: 2 END: OK
2019-07-11 07:17:02.032 5479 INFO rally.task.runner [-] Task 9593b25f-c060-471c-84b6-2debf5da9d5d | ITER: 8 START
2019-07-11 07:17:03.063 5480 INFO rally.task.runner [-] Task 9593b25f-c060-471c-84b6-2debf5da9d5d | ITER: 5 END: OK
2019-07-11 07:17:03.067 5480 INFO rally.task.runner [-] Task 9593b25f-c060-471c-84b6-2debf5da9d5d | ITER: 9 START
2019-07-11 07:17:03.098 5478 INFO rally.task.runner [-] Task 9593b25f-c060-471c-84b6-2debf5da9d5d | ITER: 6 END: OK
2019-07-11 07:17:03.103 5478 INFO rally.task.runner [-] Task 9593b25f-c060-471c-84b6-2debf5da9d5d | ITER: 10 START
2019-07-11 07:17:03.111 5481 INFO rally.task.runner [-] Task 9593b25f-c060-471c-84b6-2debf5da9d5d | ITER: 7 END: OK
2019-07-11 07:17:03.135 5479 INFO rally.task.runner [-] Task 9593b25f-c060-471c-84b6-2debf5da9d5d | ITER: 8 END: OK
2019-07-11 07:17:04.111 5478 INFO rally.task.runner [-] Task 9593b25f-c060-471c-84b6-2debf5da9d5d | ITER: 10 END: OK
2019-07-11 07:17:04.122 5480 INFO rally.task.runner [-] Task 9593b25f-c060-471c-84b6-2debf5da9d5d | ITER: 9 END: OK
2019-07-11 07:17:04.142 1842 INFO rally.task.context [-] Task 9593b25f-c060-471c-84b6-2debf5da9d5d | Context admin_cleanup@openstack cleanup() started
2019-07-11 07:17:04.144 1842 RALLYDEBUG rally_openstack.cleanup.manager [-] Cleaning up cinder volume_types objects
2019-07-11 07:17:04.812 1842 RALLYDEBUG rally_openstack.cleanup.manager [-] Cleaning up cinder image_volumes_cache objects
2019-07-11 07:17:06.192 1842 RALLYDEBUG rally_openstack.cleanup.manager [-] Cleaning up cinder quotas objects
2019-07-11 07:17:07.928 1842 RALLYDEBUG rally_openstack.cleanup.manager [-] Cleaning up cinder qos_specs objects
2019-07-11 07:17:08.698 1842 RALLYDEBUG rally_openstack.cleanup.manager [-] Deleting cinder.qos_specs object s_rally_0aca626d_X3DJhlXR (694fe466-78a6-46da-87aa-80dc932f1fa9)
2019-07-11 07:17:08.705 1842 RALLYDEBUG rally_openstack.cleanup.manager [-] Deleting cinder.qos_specs object s_rally_0aca626d_8gPGdDW4 (e5e674a5-5315-49dd-8ffc-5b9cff181efd)
2019-07-11 07:17:08.706 1842 RALLYDEBUG rally_openstack.cleanup.manager [-] Deleting cinder.qos_specs object s_rally_0aca626d_zbCedsWN (175d48ed-3808-4b10-b005-a7f4f5177500)
2019-07-11 07:17:08.718 1842 RALLYDEBUG rally_openstack.cleanup.manager [-] Deleting cinder.qos_specs object s_rally_0aca626d_yDUhicpb (8d8f853a-e496-420b-90da-356e440f3c95)
2019-07-11 07:17:08.734 1842 RALLYDEBUG rally_openstack.cleanup.manager [-] Deleting cinder.qos_specs object s_rally_0aca626d_cIrCvznE (841b8a30-1162-4eb7-bf36-5054f41b3593)
2019-07-11 07:17:08.734 1842 RALLYDEBUG rally_openstack.cleanup.manager [-] Deleting cinder.qos_specs object s_rally_0aca626d_kX6QM2wc (04bb955b-7f4a-4978-a611-a84f8cc7a1f6)
2019-07-11 07:17:08.734 1842 RALLYDEBUG rally_openstack.cleanup.manager [-] Deleting cinder.qos_specs object s_rally_0aca626d_kEYid0HJ (c39f0bec-7694-4b5d-9fc7-1a6a639cff9f)
2019-07-11 07:17:08.738 1842 RALLYDEBUG rally_openstack.cleanup.manager [-] Deleting cinder.qos_specs object s_rally_0aca626d_62hPIvXJ (aff5f06c-0be7-4189-bcb2-4fd01f045e8d)
2019-07-11 07:17:08.761 1842 RALLYDEBUG rally_openstack.cleanup.manager [-] Deleting cinder.qos_specs object s_rally_0aca626d_vhttuVqj (65707fda-9c03-48c8-bf5e-6b8d7a21bcdd)
2019-07-11 07:17:08.772 1842 RALLYDEBUG rally_openstack.cleanup.manager [-] Deleting cinder.qos_specs object s_rally_0aca626d_PJvByeUe (10faa1f6-3cc0-4624-9586-85917e8cf893)
2019-07-11 07:17:11.172 1842 INFO rally.task.context [-] Task 9593b25f-c060-471c-84b6-2debf5da9d5d | Context admin_cleanup@openstack cleanup() finished in 7.03 sec
2019-07-11 07:17:11.172 1842 INFO rally.task.context [-] Task 9593b25f-c060-471c-84b6-2debf5da9d5d | Context api_versions@openstack cleanup() started
2019-07-11 07:17:11.172 1842 INFO rally.task.context [-] Task 9593b25f-c060-471c-84b6-2debf5da9d5d | Context api_versions@openstack cleanup() finished in 0.33 msec
2019-07-11 07:17:11.173 1842 INFO rally.task.context [-] Task 9593b25f-c060-471c-84b6-2debf5da9d5d | Context users@openstack cleanup() started
2019-07-11 07:17:19.708 1842 INFO rally.task.context [-] Task 9593b25f-c060-471c-84b6-2debf5da9d5d | Context users@openstack cleanup() finished in 8.54 sec
2019-07-11 07:17:19.809 1842 INFO rally.task.engine [-] Load duration is: 3.294203
2019-07-11 07:17:19.809 1842 INFO rally.task.engine [-] Full runner duration is: 3.339004
2019-07-11 07:17:19.809 1842 INFO rally.task.engine [-] Full duration is: 24.012298
2019-07-11 07:17:20.047 1842 INFO rally.task.engine [-] Running workload: position = 0 config = { "version": 2, "title": "A cropped version of a bigger task.", "description": "Auto-generated task from a single workload (uuid=a5df7f2c-0713-4fc1-96c2-a91d1b431736)", "subtasks": [ { "title": "CinderVolumeTypes.create_and_get_volume_type", "description": "Create a volume Type, then get the details of the type.", "scenario": { "CinderVolumeTypes.create_and_get_volume_type": { "description": "rally tests creating types" } }, "contexts": { "users": { "tenants": 3, "users_per_tenant": 2 }, "api_versions": { "cinder": { "version": 3, "service_type": "volumev3" } } }, "runner": { "constant": { "concurrency": 4, "times": 10 } }, "hooks": [], "sla": { "failure_rate": { "max": 0 } } } ] }
2019-07-11 07:17:20.069 1842 RALLYDEBUG rally_openstack.contexts.keystone.users [-] Creating 3 tenants using 20 threads
2019-07-11 07:17:21.876 1842 RALLYDEBUG rally_openstack.contexts.keystone.users [-] Creating 6 users using 20 threads
2019-07-11 07:17:24.698 1842 INFO rally.task.context [-] Task 9593b25f-c060-471c-84b6-2debf5da9d5d | Context users@openstack setup() finished in 4.63 sec
2019-07-11 07:17:25.139 1842 INFO rally.task.context [-] Task 9593b25f-c060-471c-84b6-2debf5da9d5d | Context api_versions@openstack setup() finished in 0.44 sec
2019-07-11 07:17:25.140 1842 INFO rally.task.context [-] Task 9593b25f-c060-471c-84b6-2debf5da9d5d | Context admin_cleanup@openstack setup() finished in 0.00 msec
2019-07-11 07:17:25.146 1842 RALLYDEBUG rally.task.runner [-] Starting the constant runner (task UUID: 9593b25f-c060-471c-84b6-2debf5da9d5d). timeout: 0 concurrency: 4 concurrency_per_worker: 1 times: 10 concurrency_overhead: 0 processes_to_start: 4 max_cpu_used: 16
2019-07-11 07:17:25.159 5662 RALLYDEBUG rally.task.runner [-] Starting a worker. concurrency: 1 args: {"description": "rally tests creating types"} times: 10 method_name: run timeout: 0 duration: None cls:
2019-07-11 07:17:25.162 5663 RALLYDEBUG rally.task.runner [-] Starting a worker. concurrency: 1 args: {"description": "rally tests creating types"} times: 10 method_name: run timeout: 0 duration: None cls:
2019-07-11 07:17:25.164 5664 RALLYDEBUG rally.task.runner [-] Starting a worker. concurrency: 1 args: {"description": "rally tests creating types"} times: 10 method_name: run timeout: 0 duration: None cls:
2019-07-11 07:17:25.167 5662 INFO rally.task.runner [-] Task 9593b25f-c060-471c-84b6-2debf5da9d5d | ITER: 1 START
2019-07-11 07:17:25.167 5665 RALLYDEBUG rally.task.runner [-] Starting a worker. concurrency: 1 args: {"description": "rally tests creating types"} times: 10 method_name: run timeout: 0 duration: None cls:
2019-07-11 07:17:25.169 5663 INFO rally.task.runner [-] Task 9593b25f-c060-471c-84b6-2debf5da9d5d | ITER: 2 START
2019-07-11 07:17:25.171 5664 INFO rally.task.runner [-] Task 9593b25f-c060-471c-84b6-2debf5da9d5d | ITER: 3 START
2019-07-11 07:17:25.174 5665 INFO rally.task.runner [-] Task 9593b25f-c060-471c-84b6-2debf5da9d5d | ITER: 4 START
2019-07-11 07:17:26.265 5664 INFO rally.task.runner [-] Task 9593b25f-c060-471c-84b6-2debf5da9d5d | ITER: 3 END: OK
2019-07-11 07:17:26.265 5663 INFO rally.task.runner [-] Task 9593b25f-c060-471c-84b6-2debf5da9d5d | ITER: 2 END: OK
2019-07-11 07:17:26.270 5664 INFO rally.task.runner [-] Task 9593b25f-c060-471c-84b6-2debf5da9d5d | ITER: 5 START
2019-07-11 07:17:26.271 5663 INFO rally.task.runner [-] Task 9593b25f-c060-471c-84b6-2debf5da9d5d | ITER: 6 START
2019-07-11 07:17:26.317 5662 INFO rally.task.runner [-] Task 9593b25f-c060-471c-84b6-2debf5da9d5d | ITER: 1 END: OK
2019-07-11 07:17:26.322 5662 INFO rally.task.runner [-] Task 9593b25f-c060-471c-84b6-2debf5da9d5d | ITER: 7 START
2019-07-11 07:17:26.368 5665 INFO rally.task.runner [-] Task 9593b25f-c060-471c-84b6-2debf5da9d5d | ITER: 4 END: OK
2019-07-11 07:17:26.373 5665 INFO rally.task.runner [-] Task 9593b25f-c060-471c-84b6-2debf5da9d5d | ITER: 8 START
2019-07-11 07:17:27.244 5663 INFO rally.task.runner [-] Task 9593b25f-c060-471c-84b6-2debf5da9d5d | ITER: 6 END: OK
2019-07-11 07:17:27.248 5663 INFO rally.task.runner [-] Task 9593b25f-c060-471c-84b6-2debf5da9d5d | ITER: 9 START
2019-07-11 07:17:27.310 5662 INFO rally.task.runner [-] Task 9593b25f-c060-471c-84b6-2debf5da9d5d | ITER: 7 END: OK
2019-07-11 07:17:27.314 5662 INFO rally.task.runner [-] Task 9593b25f-c060-471c-84b6-2debf5da9d5d | ITER: 10 START
2019-07-11 07:17:27.326 5664 INFO rally.task.runner [-] Task 9593b25f-c060-471c-84b6-2debf5da9d5d | ITER: 5 END: OK
2019-07-11 07:17:27.463 5665 INFO rally.task.runner [-] Task 9593b25f-c060-471c-84b6-2debf5da9d5d | ITER: 8 END: OK
2019-07-11 07:17:28.167 5663 INFO rally.task.runner [-] Task 9593b25f-c060-471c-84b6-2debf5da9d5d | ITER: 9 END: OK
2019-07-11 07:17:28.296 5662 INFO rally.task.runner [-] Task 9593b25f-c060-471c-84b6-2debf5da9d5d | ITER: 10 END: OK
2019-07-11 07:17:28.319 1842 INFO rally.task.context [-] Task 9593b25f-c060-471c-84b6-2debf5da9d5d | Context admin_cleanup@openstack cleanup() started
2019-07-11 07:17:28.321 1842 RALLYDEBUG rally_openstack.cleanup.manager [-] Cleaning up cinder volume_types objects
2019-07-11 07:17:29.127 1842 RALLYDEBUG rally_openstack.cleanup.manager [-] Deleting cinder.volume_types object s_rally_a5df7f2c_YV4fqt0X (dff32756-1a2d-476a-87a8-a7b4f75b8136)
2019-07-11 07:17:29.128 1842 RALLYDEBUG rally_openstack.cleanup.manager [-] Deleting cinder.volume_types object s_rally_a5df7f2c_1KfezSun (967cb11f-a397-496c-a88b-1bf92580d6b5)
2019-07-11 07:17:29.130 1842 RALLYDEBUG rally_openstack.cleanup.manager [-] Deleting cinder.volume_types object s_rally_a5df7f2c_HwjazWY4 (65d2a708-4481-46b2-9d8e-e2566759ff30)
2019-07-11 07:17:29.131 1842 RALLYDEBUG rally_openstack.cleanup.manager [-] Deleting cinder.volume_types object s_rally_a5df7f2c_J6Ay2QbF (8a53a3be-db2c-4095-b073-0004fa6127d3)
2019-07-11 07:17:29.133 1842 RALLYDEBUG rally_openstack.cleanup.manager [-] Deleting cinder.volume_types object s_rally_a5df7f2c_KhTVKyDa (9c9cb6a5-001c-4194-9ee1-83dfe1490752)
2019-07-11 07:17:29.133 1842 RALLYDEBUG rally_openstack.cleanup.manager [-] Deleting cinder.volume_types object s_rally_a5df7f2c_XuZgtd56 (48d3f1e0-9f43-4b62-a121-812a431f2a39)
2019-07-11 07:17:29.134 1842 RALLYDEBUG rally_openstack.cleanup.manager [-] Deleting cinder.volume_types object s_rally_a5df7f2c_XmArcGmN (b78b8147-2185-414b-8ab8-20a1a9b2bb97)
2019-07-11 07:17:29.144 1842 RALLYDEBUG rally_openstack.cleanup.manager [-] Deleting cinder.volume_types object s_rally_a5df7f2c_j3rSs6xD (6878cf12-2add-4cf1-8330-d7ab16e027e9)
2019-07-11 07:17:29.158 1842 RALLYDEBUG rally_openstack.cleanup.manager [-] Deleting cinder.volume_types object s_rally_a5df7f2c_mQ8n3LOw (b038c579-2b97-4814-b4f8-12f89826005d)
2019-07-11 07:17:29.167 1842 RALLYDEBUG rally_openstack.cleanup.manager [-] Deleting cinder.volume_types object s_rally_a5df7f2c_sfbrxCcO (679a3288-4d13-429f-ab04-ced3067d965b)
2019-07-11 07:17:31.524 1842 RALLYDEBUG rally_openstack.cleanup.manager [-] Cleaning up cinder image_volumes_cache objects
2019-07-11 07:17:32.838 1842 RALLYDEBUG rally_openstack.cleanup.manager [-] Cleaning up cinder quotas objects
2019-07-11 07:17:34.561 1842 RALLYDEBUG rally_openstack.cleanup.manager [-] Cleaning up cinder qos_specs objects
2019-07-11 07:17:35.337 1842 INFO rally.task.context [-] Task 9593b25f-c060-471c-84b6-2debf5da9d5d | Context admin_cleanup@openstack cleanup() finished in 7.02 sec
2019-07-11 07:17:35.338 1842 INFO rally.task.context [-] Task 9593b25f-c060-471c-84b6-2debf5da9d5d | Context api_versions@openstack cleanup() started
2019-07-11 07:17:35.338 1842 INFO rally.task.context [-] Task 9593b25f-c060-471c-84b6-2debf5da9d5d | Context api_versions@openstack cleanup() finished in 0.32 msec
2019-07-11 07:17:35.339 1842 INFO rally.task.context [-] Task 9593b25f-c060-471c-84b6-2debf5da9d5d | Context users@openstack cleanup() started
2019-07-11 07:17:43.852 1842 INFO rally.task.context [-] Task 9593b25f-c060-471c-84b6-2debf5da9d5d | Context users@openstack cleanup() finished in 8.51 sec
2019-07-11 07:17:44.174 1842 INFO rally.task.engine [-] Load duration is: 3.126047
2019-07-11 07:17:44.174 1842 INFO rally.task.engine [-] Full runner duration is: 3.172887
2019-07-11 07:17:44.175 1842 INFO rally.task.engine [-] Full duration is: 23.784575
2019-07-11 07:17:44.406 1842 INFO rally.task.engine [-] Running workload: position = 0 config = { "version": 2, "title": "A cropped version of a bigger task.", "description": "Auto-generated task from a single workload (uuid=bd6ef66c-327a-4f37-b2fd-cd8cfde65c2a)", "subtasks": [ { "title": "CinderVolumeTypes.create_and_list_volume_types", "description": "Create a volume Type, then list all types.", "scenario": { "CinderVolumeTypes.create_and_list_volume_types": { "description": "rally tests creating types" } }, "contexts": { "users": { "tenants": 3, "users_per_tenant": 2 }, "api_versions": { "cinder": { "version": 3, "service_type": "volumev3" } } }, "runner": { "constant": { "concurrency": 4, "times": 10 } }, "hooks": [], "sla": { "failure_rate": { "max": 0 } } } ] }
2019-07-11 07:17:44.430 1842 RALLYDEBUG rally_openstack.contexts.keystone.users [-] Creating 3 tenants using 20 threads
2019-07-11 07:17:46.368 1842 RALLYDEBUG rally_openstack.contexts.keystone.users [-] Creating 6 users using 20 threads
2019-07-11 07:17:49.117 1842 INFO rally.task.context [-] Task 9593b25f-c060-471c-84b6-2debf5da9d5d | Context users@openstack setup() finished in 4.69 sec
2019-07-11 07:17:49.542 1842 INFO rally.task.context [-] Task 9593b25f-c060-471c-84b6-2debf5da9d5d | Context api_versions@openstack setup() finished in 0.42 sec
2019-07-11 07:17:49.542 1842 INFO rally.task.context [-] Task 9593b25f-c060-471c-84b6-2debf5da9d5d | Context admin_cleanup@openstack setup() finished in 0.01 msec
2019-07-11 07:17:49.549 1842 RALLYDEBUG rally.task.runner [-] Starting the constant runner (task UUID: 9593b25f-c060-471c-84b6-2debf5da9d5d). timeout: 0 concurrency: 4 concurrency_per_worker: 1 times: 10 concurrency_overhead: 0 processes_to_start: 4 max_cpu_used: 16
2019-07-11 07:17:49.558 5846 RALLYDEBUG rally.task.runner [-] Starting a worker. concurrency: 1 args: {"description": "rally tests creating types"} times: 10 method_name: run timeout: 0 duration: None cls:
2019-07-11 07:17:49.562 5846 INFO rally.task.runner [-] Task 9593b25f-c060-471c-84b6-2debf5da9d5d | ITER: 1 START
2019-07-11 07:17:49.564 5847 RALLYDEBUG rally.task.runner [-] Starting a worker. concurrency: 1 args: {"description": "rally tests creating types"} times: 10 method_name: run timeout: 0 duration: None cls:
2019-07-11 07:17:49.567 5851 RALLYDEBUG rally.task.runner [-] Starting a worker. concurrency: 1 args: {"description": "rally tests creating types"} times: 10 method_name: run timeout: 0 duration: None cls:
2019-07-11 07:17:49.567 5848 RALLYDEBUG rally.task.runner [-] Starting a worker. concurrency: 1 args: {"description": "rally tests creating types"} times: 10 method_name: run timeout: 0 duration: None cls:
2019-07-11 07:17:49.571 5847 INFO rally.task.runner [-] Task 9593b25f-c060-471c-84b6-2debf5da9d5d | ITER: 2 START
2019-07-11 07:17:49.573 5848 INFO rally.task.runner [-] Task 9593b25f-c060-471c-84b6-2debf5da9d5d | ITER: 4 START
2019-07-11 07:17:49.573 5851 INFO rally.task.runner [-] Task 9593b25f-c060-471c-84b6-2debf5da9d5d | ITER: 3 START
2019-07-11 07:17:50.660 5846 INFO rally.task.runner [-] Task 9593b25f-c060-471c-84b6-2debf5da9d5d | ITER: 1 END: OK
2019-07-11 07:17:50.665 5846 INFO rally.task.runner [-] Task 9593b25f-c060-471c-84b6-2debf5da9d5d | ITER: 5 START
2019-07-11 07:17:50.665 5847 INFO rally.task.runner [-] Task 9593b25f-c060-471c-84b6-2debf5da9d5d | ITER: 2 END: OK
2019-07-11 07:17:50.671 5847 INFO rally.task.runner [-] Task 9593b25f-c060-471c-84b6-2debf5da9d5d | ITER: 6 START
2019-07-11 07:17:50.676 5848 INFO rally.task.runner [-] Task 9593b25f-c060-471c-84b6-2debf5da9d5d | ITER: 4 END: OK
2019-07-11 07:17:50.681 5848 INFO rally.task.runner [-] Task 9593b25f-c060-471c-84b6-2debf5da9d5d | ITER: 7 START
2019-07-11 07:17:50.778 5851 INFO rally.task.runner [-] Task 9593b25f-c060-471c-84b6-2debf5da9d5d | ITER: 3 END: OK
2019-07-11 07:17:50.783 5851 INFO rally.task.runner [-] Task 9593b25f-c060-471c-84b6-2debf5da9d5d | ITER: 8 START
2019-07-11 07:17:51.680 5847 INFO rally.task.runner [-] Task 9593b25f-c060-471c-84b6-2debf5da9d5d | ITER: 6 END: OK
2019-07-11 07:17:51.685 5847 INFO rally.task.runner [-] Task 9593b25f-c060-471c-84b6-2debf5da9d5d | ITER: 9 START
2019-07-11 07:17:51.755 5848 INFO rally.task.runner [-] Task 9593b25f-c060-471c-84b6-2debf5da9d5d | ITER: 7 END: OK
2019-07-11 07:17:51.759 5848 INFO rally.task.runner [-] Task 9593b25f-c060-471c-84b6-2debf5da9d5d | ITER: 10 START
2019-07-11 07:17:51.769 5846 INFO rally.task.runner [-] Task 9593b25f-c060-471c-84b6-2debf5da9d5d | ITER: 5 END: OK
2019-07-11 07:17:51.872 5851 INFO rally.task.runner [-] Task 9593b25f-c060-471c-84b6-2debf5da9d5d | ITER: 8 END: OK
2019-07-11 07:17:52.739 5847 INFO rally.task.runner [-] Task 9593b25f-c060-471c-84b6-2debf5da9d5d | ITER: 9 END: OK
2019-07-11 07:17:52.763 5848 INFO rally.task.runner [-] Task 9593b25f-c060-471c-84b6-2debf5da9d5d | ITER: 10 END: OK
2019-07-11 07:17:52.782 1842 INFO rally.task.context [-] Task 9593b25f-c060-471c-84b6-2debf5da9d5d | Context admin_cleanup@openstack cleanup() started
2019-07-11 07:17:52.784 1842 RALLYDEBUG rally_openstack.cleanup.manager [-] Cleaning up cinder volume_types objects
2019-07-11 07:17:53.612 1842 RALLYDEBUG rally_openstack.cleanup.manager [-] Deleting cinder.volume_types object s_rally_bd6ef66c_KNnpHgqw (155eb17e-5fc2-402c-bba7-57638999771a)
2019-07-11 07:17:53.613 1842 RALLYDEBUG rally_openstack.cleanup.manager [-] Deleting cinder.volume_types object s_rally_bd6ef66c_oMaFiD3M (8563193b-5048-4d67-acee-8f76ff80c3ef)
2019-07-11 07:17:53.618 1842 RALLYDEBUG rally_openstack.cleanup.manager [-] Deleting cinder.volume_types object s_rally_bd6ef66c_IK5drm8O (b6b5b61d-0545-4d58-899c-2bc8db824b6a)
2019-07-11 07:17:53.620 1842 RALLYDEBUG rally_openstack.cleanup.manager [-] Deleting cinder.volume_types object s_rally_bd6ef66c_HuIqpMWP (19c07695-21d6-4971-8d90-8a538f2cefb4)
2019-07-11 07:17:53.624 1842 RALLYDEBUG rally_openstack.cleanup.manager [-] Deleting cinder.volume_types object s_rally_bd6ef66c_tdRbvtGh (6f67d401-e49e-438a-bc1f-46945bf6ce7b)
2019-07-11 07:17:53.628 1842 RALLYDEBUG rally_openstack.cleanup.manager [-] Deleting cinder.volume_types object s_rally_bd6ef66c_0zJ1g1X1 (e3257e49-3cd1-4439-8cd7-66028d0ea43b)
2019-07-11 07:17:53.630 1842 RALLYDEBUG rally_openstack.cleanup.manager [-] Deleting cinder.volume_types object s_rally_bd6ef66c_YDs6tKGH (92ed9004-82f9-4d2a-a62c-ee693394536c)
2019-07-11 07:17:53.644 1842 RALLYDEBUG rally_openstack.cleanup.manager [-] Deleting cinder.volume_types object s_rally_bd6ef66c_ej8tiifi (2411f7d4-d786-499c-a2bd-910e95080309)
2019-07-11 07:17:53.649 1842 RALLYDEBUG rally_openstack.cleanup.manager [-] Deleting cinder.volume_types object s_rally_bd6ef66c_zRTIMJtm (04548793-782f-492f-b65d-7245a82a097c)
2019-07-11 07:17:53.655 1842 RALLYDEBUG rally_openstack.cleanup.manager [-] Deleting cinder.volume_types object s_rally_bd6ef66c_12ilc5IH (2b41f154-8d95-4d47-8b0d-fd9c0c61520e)
2019-07-11 07:17:55.921 1842 RALLYDEBUG rally_openstack.cleanup.manager [-] Cleaning up cinder image_volumes_cache objects
2019-07-11 07:17:57.338 1842 RALLYDEBUG rally_openstack.cleanup.manager [-] Cleaning up cinder quotas objects
2019-07-11 07:17:59.047 1842 RALLYDEBUG rally_openstack.cleanup.manager [-] Cleaning up cinder qos_specs objects
2019-07-11 07:17:59.806 1842 INFO rally.task.context [-] Task 9593b25f-c060-471c-84b6-2debf5da9d5d | Context admin_cleanup@openstack cleanup() finished in 7.02 sec
2019-07-11 07:17:59.807 1842 INFO rally.task.context [-] Task 9593b25f-c060-471c-84b6-2debf5da9d5d | Context api_versions@openstack cleanup() started
2019-07-11 07:17:59.807 1842 INFO rally.task.context [-] Task 9593b25f-c060-471c-84b6-2debf5da9d5d | Context api_versions@openstack cleanup() finished in 0.34 msec
2019-07-11 07:17:59.807 1842 INFO rally.task.context [-] Task 9593b25f-c060-471c-84b6-2debf5da9d5d | Context users@openstack cleanup() started
2019-07-11 07:18:08.170 1842 INFO rally.task.context [-] Task 9593b25f-c060-471c-84b6-2debf5da9d5d | Context users@openstack cleanup() finished in 8.36 sec
2019-07-11 07:18:08.544 1842 INFO rally.task.engine [-] Load duration is: 3.197511
2019-07-11 07:18:08.545 1842 INFO rally.task.engine [-] Full runner duration is: 3.233239
2019-07-11 07:18:08.545 1842 INFO rally.task.engine [-] Full duration is: 23.743469
2019-07-11 07:18:08.789 1842 INFO rally.task.engine [-] Running workload: position = 0 config = { "version": 2, "title": "A cropped version of a bigger task.", "description": "Auto-generated task from a single workload (uuid=acb65b18-d568-4226-81cb-a23ac3c0076c)", "subtasks": [ { "title": "CinderVolumeTypes.create_and_update_volume_type", "description": "create a volume type, then update the type.", "scenario": { "CinderVolumeTypes.create_and_update_volume_type": { "description": "test", "update_description": "test update" } }, "contexts": { "users": { "tenants": 3, "users_per_tenant": 2 }, "api_versions": { "cinder": { "version": 3, "service_type": "volumev3" } } }, "runner": { "constant": { "concurrency": 4, "times": 10 } }, "hooks": [], "sla": { "failure_rate": { "max": 0 } } } ] }
2019-07-11 07:18:08.814 1842 RALLYDEBUG rally_openstack.contexts.keystone.users [-] Creating 3 tenants using 20 threads
2019-07-11 07:18:10.733 1842 RALLYDEBUG rally_openstack.contexts.keystone.users [-] Creating 6 users using 20 threads
2019-07-11 07:18:13.650 1842 INFO rally.task.context [-] Task 9593b25f-c060-471c-84b6-2debf5da9d5d | Context users@openstack setup() finished in 4.84 sec
2019-07-11 07:18:14.081 1842 INFO rally.task.context [-] Task 9593b25f-c060-471c-84b6-2debf5da9d5d | Context api_versions@openstack setup() finished in 0.43 sec
2019-07-11 07:18:14.082 1842 INFO rally.task.context [-] Task 9593b25f-c060-471c-84b6-2debf5da9d5d | Context admin_cleanup@openstack setup() finished in 0.01 msec
2019-07-11 07:18:14.089 1842 RALLYDEBUG rally.task.runner [-] Starting the constant runner (task UUID: 9593b25f-c060-471c-84b6-2debf5da9d5d). timeout: 0 concurrency: 4 concurrency_per_worker: 1 times: 10 concurrency_overhead: 0 processes_to_start: 4 max_cpu_used: 16
2019-07-11 07:18:14.102 6030 RALLYDEBUG rally.task.runner [-] Starting a worker. concurrency: 1 args: {"description": "test", "update_description": "test update"} times: 10 method_name: run timeout: 0 duration: None cls:
2019-07-11 07:18:14.105 6031 RALLYDEBUG rally.task.runner [-] Starting a worker. concurrency: 1 args: {"description": "test", "update_description": "test update"} times: 10 method_name: run timeout: 0 duration: None cls:
2019-07-11 07:18:14.108 6032 RALLYDEBUG rally.task.runner [-] Starting a worker. concurrency: 1 args: {"description": "test", "update_description": "test update"} times: 10 method_name: run timeout: 0 duration: None cls:
2019-07-11 07:18:14.110 6030 INFO rally.task.runner [-] Task 9593b25f-c060-471c-84b6-2debf5da9d5d | ITER: 1 START
2019-07-11 07:18:14.111 6031 INFO rally.task.runner [-] Task 9593b25f-c060-471c-84b6-2debf5da9d5d | ITER: 2 START
2019-07-11 07:18:14.111 6033 RALLYDEBUG rally.task.runner [-] Starting a worker. concurrency: 1 args: {"description": "test", "update_description": "test update"} times: 10 method_name: run timeout: 0 duration: None cls:
2019-07-11 07:18:14.115 6032 INFO rally.task.runner [-] Task 9593b25f-c060-471c-84b6-2debf5da9d5d | ITER: 3 START
2019-07-11 07:18:14.118 6033 INFO rally.task.runner [-] Task 9593b25f-c060-471c-84b6-2debf5da9d5d | ITER: 4 START
2019-07-11 07:18:14.561 6033 DEBUG cinderclient.v2.client [-] REQ: curl -g -i -X POST http://172.30.9.47:8776/v3/cd31aa306c11488ca1d67ec0cbe724af/types -H "Accept: application/json" -H "Content-Type: application/json" -H "User-Agent: python-cinderclient" -H "X-Auth-Token: {SHA1}ad0a32cd7f3c2e7dd649877b24e57caba5cbb5a3" -d '{"volume_type": {"os-volume-type-access:is_public": true, "name": "s_rally_acb65b18_QdZxiBVB", "description": "test"}}' _http_log_request /usr/lib/python2.7/site-packages/keystoneauth1/session.py:448
2019-07-11 07:18:14.573 6032 DEBUG cinderclient.v2.client [-] REQ: curl -g -i -X POST http://172.30.9.47:8776/v3/cd31aa306c11488ca1d67ec0cbe724af/types -H "Accept: application/json" -H "Content-Type: application/json" -H "User-Agent: python-cinderclient" -H "X-Auth-Token: {SHA1}8dd1567fbad494f97d4c2cbc3241c1e7f97d365c" -d '{"volume_type": {"os-volume-type-access:is_public": true, "name": "s_rally_acb65b18_O68TC40Z", "description": "test"}}' _http_log_request /usr/lib/python2.7/site-packages/keystoneauth1/session.py:448
2019-07-11 07:18:14.573 6030 DEBUG cinderclient.v2.client [-] REQ: curl -g -i -X POST http://172.30.9.47:8776/v3/cd31aa306c11488ca1d67ec0cbe724af/types -H "Accept: application/json" -H "Content-Type: application/json" -H "User-Agent: python-cinderclient" -H "X-Auth-Token: {SHA1}6ecade838640df7fc066357b8e2e48d4e49e683c" -d '{"volume_type": {"os-volume-type-access:is_public": true, "name": "s_rally_acb65b18_VxUacP2p", "description": "test"}}' _http_log_request /usr/lib/python2.7/site-packages/keystoneauth1/session.py:448
