2019-07-11 06:55:57.653 1968 DEBUG novaclient.v2.client [-] RESP: [404] Content-Length: 111 Content-Type: application/json; charset=UTF-8 Date: Thu, 11 Jul 2019 06:55:57 GMT OpenStack-API-Version: compute 2.1 Server: Apache Vary: OpenStack-API-Version,X-OpenStack-Nova-API-Version X-OpenStack-Nova-API-Version: 2.1 x-compute-request-id: req-204aa3b9-9fbe-4983-924f-6fb7a3bd1197 x-openstack-request-id: req-204aa3b9-9fbe-4983-924f-6fb7a3bd1197 _http_log_response /usr/lib/python2.7/site-packages/keystoneauth1/session.py:479
2019-07-11 06:55:57.654 1968 DEBUG novaclient.v2.client [-] RESP BODY: {"itemNotFound": {"message": "Instance ce03f684-0e54-4553-8478-235f4726d84f could not be found.", "code": 404}} _http_log_response /usr/lib/python2.7/site-packages/keystoneauth1/session.py:511
2019-07-11 06:55:57.654 1968 DEBUG novaclient.v2.client [-] GET call to compute for http://172.30.9.47:8774/v2.1/servers/ce03f684-0e54-4553-8478-235f4726d84f used request id req-204aa3b9-9fbe-4983-924f-6fb7a3bd1197 request /usr/lib/python2.7/site-packages/keystoneauth1/session.py:844
2019-07-11 06:55:57.655 1968 INFO rally.task.runner [-] Task 9593b25f-c060-471c-84b6-2debf5da9d5d | ITER: 9 END: OK
2019-07-11 06:55:57.686 1842 INFO rally.task.context [-] Task 9593b25f-c060-471c-84b6-2debf5da9d5d | Context cleanup@openstack cleanup() started
2019-07-11 06:55:57.688 1842 RALLYDEBUG rally_openstack.cleanup.manager [-] Cleaning up nova servers objects
2019-07-11 06:55:58.212 1842 DEBUG novaclient.v2.client [-] REQ: curl -g -i -X GET http://172.30.9.47:8774/v2.1/servers/detail -H "Accept: application/json" -H "User-Agent: python-novaclient" -H "X-Auth-Token: {SHA1}ec903432f8cf14b719d19ebcd8bd12a829c962fe" _http_log_request /usr/lib/python2.7/site-packages/keystoneauth1/session.py:448
2019-07-11 06:55:58.570 1842 DEBUG novaclient.v2.client [-] RESP: [200] Content-Length: 15 Content-Type: application/json Date: Thu, 11 Jul 2019 06:55:58 GMT OpenStack-API-Version: compute 2.1 Server: Apache Vary: OpenStack-API-Version,X-OpenStack-Nova-API-Version X-OpenStack-Nova-API-Version: 2.1 x-compute-request-id: req-cd6403c6-a360-4caa-bb23-cea75f449a99 x-openstack-request-id: req-cd6403c6-a360-4caa-bb23-cea75f449a99 _http_log_response /usr/lib/python2.7/site-packages/keystoneauth1/session.py:479
2019-07-11 06:55:58.571 1842 DEBUG novaclient.v2.client [-] RESP BODY: {"servers": []} _http_log_response /usr/lib/python2.7/site-packages/keystoneauth1/session.py:511
2019-07-11 06:55:58.571 1842 DEBUG novaclient.v2.client [-] GET call to compute for http://172.30.9.47:8774/v2.1/servers/detail used request id req-cd6403c6-a360-4caa-bb23-cea75f449a99 request /usr/lib/python2.7/site-packages/keystoneauth1/session.py:844
2019-07-11 06:55:58.999 1842 DEBUG novaclient.v2.client [-] REQ: curl -g -i -X GET http://172.30.9.47:8774/v2.1/servers/detail -H "Accept: application/json" -H "User-Agent: python-novaclient" -H "X-Auth-Token: {SHA1}ff66f210198cbe88008badfe227b64dd9e18d1ba" _http_log_request /usr/lib/python2.7/site-packages/keystoneauth1/session.py:448
2019-07-11 06:55:59.379 1842 DEBUG novaclient.v2.client [-] RESP: [200] Content-Length: 15 Content-Type: application/json Date: Thu, 11 Jul 2019 06:55:59 GMT OpenStack-API-Version: compute 2.1 Server: Apache Vary: OpenStack-API-Version,X-OpenStack-Nova-API-Version X-OpenStack-Nova-API-Version: 2.1 x-compute-request-id: req-5ae4c8a8-9901-46e5-a083-7a608ca3e574 x-openstack-request-id: req-5ae4c8a8-9901-46e5-a083-7a608ca3e574 _http_log_response /usr/lib/python2.7/site-packages/keystoneauth1/session.py:479
2019-07-11 06:55:59.379 1842 DEBUG novaclient.v2.client [-] RESP BODY: {"servers": []} _http_log_response /usr/lib/python2.7/site-packages/keystoneauth1/session.py:511
2019-07-11 06:55:59.380 1842 DEBUG novaclient.v2.client [-] GET call to compute for http://172.30.9.47:8774/v2.1/servers/detail used request id req-5ae4c8a8-9901-46e5-a083-7a608ca3e574 request /usr/lib/python2.7/site-packages/keystoneauth1/session.py:844
2019-07-11 06:55:59.823 1842 DEBUG novaclient.v2.client [-] REQ: curl -g -i -X GET http://172.30.9.47:8774/v2.1/servers/detail -H "Accept: application/json" -H "User-Agent: python-novaclient" -H "X-Auth-Token: {SHA1}b5edb5e10fc541f58a8a7cf3c78b62e8c4be37e7" _http_log_request /usr/lib/python2.7/site-packages/keystoneauth1/session.py:448
2019-07-11 06:56:00.188 1842 DEBUG novaclient.v2.client [-] RESP: [200] Content-Length: 15 Content-Type: application/json Date: Thu, 11 Jul 2019 06:55:59 GMT OpenStack-API-Version: compute 2.1 Server: Apache Vary: OpenStack-API-Version,X-OpenStack-Nova-API-Version X-OpenStack-Nova-API-Version: 2.1 x-compute-request-id: req-234148bc-9231-4e8c-97b0-5ff2013fa5fd x-openstack-request-id: req-234148bc-9231-4e8c-97b0-5ff2013fa5fd _http_log_response /usr/lib/python2.7/site-packages/keystoneauth1/session.py:479
2019-07-11 06:56:00.189 1842 DEBUG novaclient.v2.client [-] RESP BODY: {"servers": []} _http_log_response /usr/lib/python2.7/site-packages/keystoneauth1/session.py:511
2019-07-11 06:56:00.189 1842 DEBUG novaclient.v2.client [-] GET call to compute for http://172.30.9.47:8774/v2.1/servers/detail used request id req-234148bc-9231-4e8c-97b0-5ff2013fa5fd request /usr/lib/python2.7/site-packages/keystoneauth1/session.py:844
2019-07-11 06:56:00.196 1842 RALLYDEBUG rally_openstack.cleanup.manager [-] Cleaning up nova server_groups objects
2019-07-11 06:56:00.623 1842 DEBUG novaclient.v2.client [-] REQ: curl -g -i -X GET http://172.30.9.47:8774/v2.1/os-server-groups -H "Accept: application/json" -H "User-Agent: python-novaclient" -H "X-Auth-Token: {SHA1}072c859a2f2b1d0b0617f6f6e52843ea4320bd86" _http_log_request /usr/lib/python2.7/site-packages/keystoneauth1/session.py:448
2019-07-11 06:56:00.918 1842 DEBUG novaclient.v2.client [-] RESP: [200] Content-Length: 21 Content-Type: application/json Date: Thu, 11 Jul 2019 06:56:00 GMT OpenStack-API-Version: compute 2.1 Server: Apache Vary: OpenStack-API-Version,X-OpenStack-Nova-API-Version X-OpenStack-Nova-API-Version: 2.1 x-compute-request-id: req-3ddbc580-9312-4a3c-86a8-408c08057d0f x-openstack-request-id: req-3ddbc580-9312-4a3c-86a8-408c08057d0f _http_log_response /usr/lib/python2.7/site-packages/keystoneauth1/session.py:479
2019-07-11 06:56:00.919 1842 DEBUG novaclient.v2.client [-] RESP BODY: {"server_groups": []} _http_log_response /usr/lib/python2.7/site-packages/keystoneauth1/session.py:511
2019-07-11 06:56:00.919 1842 DEBUG novaclient.v2.client [-] GET call to compute for http://172.30.9.47:8774/v2.1/os-server-groups used request id req-3ddbc580-9312-4a3c-86a8-408c08057d0f request /usr/lib/python2.7/site-packages/keystoneauth1/session.py:844
2019-07-11 06:56:01.499 1842 DEBUG novaclient.v2.client [-] REQ: curl -g -i -X GET http://172.30.9.47:8774/v2.1/os-server-groups -H "Accept: application/json" -H "User-Agent: python-novaclient" -H "X-Auth-Token: {SHA1}2258e2416fef08f25ef9d376442ff8e89d451fbd" _http_log_request /usr/lib/python2.7/site-packages/keystoneauth1/session.py:448
2019-07-11 06:56:01.713 1842 DEBUG novaclient.v2.client [-] RESP: [200] Content-Length: 21 Content-Type: application/json Date: Thu, 11 Jul 2019 06:56:01 GMT OpenStack-API-Version: compute 2.1 Server: Apache Vary: OpenStack-API-Version,X-OpenStack-Nova-API-Version X-OpenStack-Nova-API-Version: 2.1 x-compute-request-id: req-dc09f349-d9ce-476a-8e99-e195366f9a7c x-openstack-request-id: req-dc09f349-d9ce-476a-8e99-e195366f9a7c _http_log_response /usr/lib/python2.7/site-packages/keystoneauth1/session.py:479
2019-07-11 06:56:01.713 1842 DEBUG novaclient.v2.client [-] RESP BODY: {"server_groups": []} _http_log_response /usr/lib/python2.7/site-packages/keystoneauth1/session.py:511
2019-07-11 06:56:01.714 1842 DEBUG novaclient.v2.client [-] GET call to compute for http://172.30.9.47:8774/v2.1/os-server-groups used request id req-dc09f349-d9ce-476a-8e99-e195366f9a7c request /usr/lib/python2.7/site-packages/keystoneauth1/session.py:844
2019-07-11 06:56:02.153 1842 DEBUG novaclient.v2.client [-] REQ: curl -g -i -X GET http://172.30.9.47:8774/v2.1/os-server-groups -H "Accept: application/json" -H "User-Agent: python-novaclient" -H "X-Auth-Token: {SHA1}a368dac28ab81aaedb10254bed43ba2afc853112" _http_log_request /usr/lib/python2.7/site-packages/keystoneauth1/session.py:448
2019-07-11 06:56:02.465 1842 DEBUG novaclient.v2.client [-] RESP: [200] Content-Length: 21 Content-Type: application/json Date: Thu, 11 Jul 2019 06:56:02 GMT OpenStack-API-Version: compute 2.1 Server: Apache Vary: OpenStack-API-Version,X-OpenStack-Nova-API-Version X-OpenStack-Nova-API-Version: 2.1 x-compute-request-id: req-62c0b4ca-e53d-4de7-adec-eb3273a94256 x-openstack-request-id: req-62c0b4ca-e53d-4de7-adec-eb3273a94256 _http_log_response /usr/lib/python2.7/site-packages/keystoneauth1/session.py:479
2019-07-11 06:56:02.465 1842 DEBUG novaclient.v2.client [-] RESP BODY: {"server_groups": []} _http_log_response /usr/lib/python2.7/site-packages/keystoneauth1/session.py:511
2019-07-11 06:56:02.465 1842 DEBUG novaclient.v2.client [-] GET call to compute for http://172.30.9.47:8774/v2.1/os-server-groups used request id req-62c0b4ca-e53d-4de7-adec-eb3273a94256 request /usr/lib/python2.7/site-packages/keystoneauth1/session.py:844
2019-07-11 06:56:02.472 1842 RALLYDEBUG rally_openstack.cleanup.manager [-] Cleaning up nova keypairs objects
2019-07-11 06:56:02.913 1842 DEBUG novaclient.v2.client [-] REQ: curl -g -i -X GET http://172.30.9.47:8774/v2.1/os-keypairs -H "Accept: application/json" -H "User-Agent: python-novaclient" -H "X-Auth-Token: {SHA1}47b34067da572fdaf5ca5635f5cd43f97589ba6b" _http_log_request /usr/lib/python2.7/site-packages/keystoneauth1/session.py:448
2019-07-11 06:56:03.188 1842 DEBUG novaclient.v2.client [-] RESP: [200] Content-Length: 16 Content-Type: application/json Date: Thu, 11 Jul 2019 06:56:02 GMT OpenStack-API-Version: compute 2.1 Server: Apache Vary: OpenStack-API-Version,X-OpenStack-Nova-API-Version X-OpenStack-Nova-API-Version: 2.1 x-compute-request-id: req-135aed5d-369e-4ea5-bfcf-65e27bb62858 x-openstack-request-id: req-135aed5d-369e-4ea5-bfcf-65e27bb62858 _http_log_response /usr/lib/python2.7/site-packages/keystoneauth1/session.py:479
2019-07-11 06:56:03.189 1842 DEBUG novaclient.v2.client [-] RESP BODY: {"keypairs": []} _http_log_response /usr/lib/python2.7/site-packages/keystoneauth1/session.py:511
2019-07-11 06:56:03.189 1842 DEBUG novaclient.v2.client [-] GET call to compute for http://172.30.9.47:8774/v2.1/os-keypairs used request id req-135aed5d-369e-4ea5-bfcf-65e27bb62858 request /usr/lib/python2.7/site-packages/keystoneauth1/session.py:844
2019-07-11 06:56:03.639 1842 DEBUG novaclient.v2.client [-] REQ: curl -g -i -X GET http://172.30.9.47:8774/v2.1/os-keypairs -H "Accept: application/json" -H "User-Agent: python-novaclient" -H "X-Auth-Token: {SHA1}872a7176975f6fc9d75074a09a930adb3ac16657" _http_log_request /usr/lib/python2.7/site-packages/keystoneauth1/session.py:448
2019-07-11 06:56:03.955 1842 DEBUG novaclient.v2.client [-] RESP: [200] Content-Length: 16 Content-Type: application/json Date: Thu, 11 Jul 2019 06:56:03 GMT OpenStack-API-Version: compute 2.1 Server: Apache Vary: OpenStack-API-Version,X-OpenStack-Nova-API-Version X-OpenStack-Nova-API-Version: 2.1 x-compute-request-id: req-3d0fee44-4dd8-4001-a5cd-a8eeead9faa4 x-openstack-request-id: req-3d0fee44-4dd8-4001-a5cd-a8eeead9faa4 _http_log_response /usr/lib/python2.7/site-packages/keystoneauth1/session.py:479
2019-07-11 06:56:03.955 1842 DEBUG novaclient.v2.client [-] RESP BODY: {"keypairs": []} _http_log_response /usr/lib/python2.7/site-packages/keystoneauth1/session.py:511
2019-07-11 06:56:03.956 1842 DEBUG novaclient.v2.client [-] GET call to compute for http://172.30.9.47:8774/v2.1/os-keypairs used request id req-3d0fee44-4dd8-4001-a5cd-a8eeead9faa4 request /usr/lib/python2.7/site-packages/keystoneauth1/session.py:844
2019-07-11 06:56:04.380 1842 DEBUG novaclient.v2.client [-] REQ: curl -g -i -X GET http://172.30.9.47:8774/v2.1/os-keypairs -H "Accept: application/json" -H "User-Agent: python-novaclient" -H "X-Auth-Token: {SHA1}fb4b24892e8b598d99b1d09f9349e65d10c9c6be" _http_log_request /usr/lib/python2.7/site-packages/keystoneauth1/session.py:448
2019-07-11 06:56:04.697 1842 DEBUG novaclient.v2.client [-] RESP: [200] Content-Length: 16 Content-Type: application/json Date: Thu, 11 Jul 2019 06:56:04 GMT OpenStack-API-Version: compute 2.1 Server: Apache Vary: OpenStack-API-Version,X-OpenStack-Nova-API-Version X-OpenStack-Nova-API-Version: 2.1 x-compute-request-id: req-4e7d7d9d-2e01-432e-bdc3-0ae7460ea39a x-openstack-request-id: req-4e7d7d9d-2e01-432e-bdc3-0ae7460ea39a _http_log_response /usr/lib/python2.7/site-packages/keystoneauth1/session.py:479
2019-07-11 06:56:04.698 1842 DEBUG novaclient.v2.client [-] RESP BODY: {"keypairs": []} _http_log_response /usr/lib/python2.7/site-packages/keystoneauth1/session.py:511
2019-07-11 06:56:04.698 1842 DEBUG novaclient.v2.client [-] GET call to compute for http://172.30.9.47:8774/v2.1/os-keypairs used request id req-4e7d7d9d-2e01-432e-bdc3-0ae7460ea39a request /usr/lib/python2.7/site-packages/keystoneauth1/session.py:844
2019-07-11 06:56:05.131 1842 DEBUG novaclient.v2.client [-] REQ: curl -g -i -X GET http://172.30.9.47:8774/v2.1/os-keypairs -H "Accept: application/json" -H "User-Agent: python-novaclient" -H "X-Auth-Token: {SHA1}1669d18c214d4d7567c902c65e2956634330ec5b" _http_log_request /usr/lib/python2.7/site-packages/keystoneauth1/session.py:448
2019-07-11 06:56:05.429 1842 DEBUG novaclient.v2.client [-] RESP: [200] Content-Length: 16 Content-Type: application/json Date: Thu, 11 Jul 2019 06:56:05 GMT OpenStack-API-Version: compute 2.1 Server: Apache Vary: OpenStack-API-Version,X-OpenStack-Nova-API-Version X-OpenStack-Nova-API-Version: 2.1 x-compute-request-id: req-c98d9ddb-c6a1-4e91-be2a-f7b74cdeb83c x-openstack-request-id: req-c98d9ddb-c6a1-4e91-be2a-f7b74cdeb83c _http_log_response /usr/lib/python2.7/site-packages/keystoneauth1/session.py:479
2019-07-11 06:56:05.429 1842 DEBUG novaclient.v2.client [-] RESP BODY: {"keypairs": []} _http_log_response /usr/lib/python2.7/site-packages/keystoneauth1/session.py:511
2019-07-11 06:56:05.429 1842 DEBUG novaclient.v2.client [-] GET call to compute for http://172.30.9.47:8774/v2.1/os-keypairs used request id req-c98d9ddb-c6a1-4e91-be2a-f7b74cdeb83c request /usr/lib/python2.7/site-packages/keystoneauth1/session.py:844
2019-07-11 06:56:05.951 1842 DEBUG novaclient.v2.client [-] REQ: curl -g -i -X GET http://172.30.9.47:8774/v2.1/os-keypairs -H "Accept: application/json" -H "User-Agent: python-novaclient" -H "X-Auth-Token: {SHA1}a2bcbb5d9f5315d5a44f33cfb6f33b5352b1bfa3" _http_log_request /usr/lib/python2.7/site-packages/keystoneauth1/session.py:448
2019-07-11 06:56:06.247 1842 DEBUG novaclient.v2.client [-] RESP: [200] Content-Length: 16 Content-Type: application/json Date: Thu, 11 Jul 2019 06:56:05 GMT OpenStack-API-Version: compute 2.1 Server: Apache Vary: OpenStack-API-Version,X-OpenStack-Nova-API-Version X-OpenStack-Nova-API-Version: 2.1 x-compute-request-id: req-82a2449a-56ca-44fe-aa9b-095ed2013edf x-openstack-request-id: req-82a2449a-56ca-44fe-aa9b-095ed2013edf _http_log_response /usr/lib/python2.7/site-packages/keystoneauth1/session.py:479
2019-07-11 06:56:06.248 1842 DEBUG novaclient.v2.client [-] RESP BODY: {"keypairs": []} _http_log_response /usr/lib/python2.7/site-packages/keystoneauth1/session.py:511
2019-07-11 06:56:06.248 1842 DEBUG novaclient.v2.client [-] GET call to compute for http://172.30.9.47:8774/v2.1/os-keypairs used request id req-82a2449a-56ca-44fe-aa9b-095ed2013edf request /usr/lib/python2.7/site-packages/keystoneauth1/session.py:844
2019-07-11 06:56:06.678 1842 DEBUG novaclient.v2.client [-] REQ: curl -g -i -X GET http://172.30.9.47:8774/v2.1/os-keypairs -H "Accept: application/json" -H "User-Agent: python-novaclient" -H "X-Auth-Token: {SHA1}121e52ef2ce4849f8726c9ea07c5708c20d8082a" _http_log_request /usr/lib/python2.7/site-packages/keystoneauth1/session.py:448
2019-07-11 06:56:06.992 1842 DEBUG novaclient.v2.client [-] RESP: [200] Content-Length: 16 Content-Type: application/json Date: Thu, 11 Jul 2019 06:56:06 GMT OpenStack-API-Version: compute 2.1 Server: Apache Vary: OpenStack-API-Version,X-OpenStack-Nova-API-Version X-OpenStack-Nova-API-Version: 2.1 x-compute-request-id: req-f62a510e-4bbe-4127-bcb7-3fa1969687c8 x-openstack-request-id: req-f62a510e-4bbe-4127-bcb7-3fa1969687c8 _http_log_response /usr/lib/python2.7/site-packages/keystoneauth1/session.py:479
2019-07-11 06:56:06.993 1842 DEBUG novaclient.v2.client [-] RESP BODY: {"keypairs": []} _http_log_response /usr/lib/python2.7/site-packages/keystoneauth1/session.py:511
2019-07-11 06:56:06.993 1842 DEBUG novaclient.v2.client [-] GET call to compute for http://172.30.9.47:8774/v2.1/os-keypairs used request id req-f62a510e-4bbe-4127-bcb7-3fa1969687c8 request /usr/lib/python2.7/site-packages/keystoneauth1/session.py:844
2019-07-11 06:56:07.000 1842 RALLYDEBUG rally_openstack.cleanup.manager [-] Cleaning up cinder backups objects
2019-07-11 06:56:09.255 1842 RALLYDEBUG rally_openstack.cleanup.manager [-] Cleaning up cinder volume_snapshots objects
2019-07-11 06:56:11.483 1842 RALLYDEBUG rally_openstack.cleanup.manager [-] Cleaning up cinder transfers objects
2019-07-11 06:56:13.661 1842 RALLYDEBUG rally_openstack.cleanup.manager [-] Cleaning up cinder volumes objects
2019-07-11 06:56:15.946 1842 INFO rally.task.context [-] Task 9593b25f-c060-471c-84b6-2debf5da9d5d | Context cleanup@openstack cleanup() finished in 18.26 sec
2019-07-11 06:56:15.947 1842 INFO rally.task.context [-] Task 9593b25f-c060-471c-84b6-2debf5da9d5d | Context quotas@openstack cleanup() started
2019-07-11 06:56:16.843 1842 INFO rally.task.context [-] Task 9593b25f-c060-471c-84b6-2debf5da9d5d | Context quotas@openstack cleanup() finished in 0.90 sec
2019-07-11 06:56:16.844 1842 INFO rally.task.context [-] Task 9593b25f-c060-471c-84b6-2debf5da9d5d | Context api_versions@openstack cleanup() started
2019-07-11 06:56:16.844 1842 INFO rally.task.context [-] Task 9593b25f-c060-471c-84b6-2debf5da9d5d | Context api_versions@openstack cleanup() finished in 0.31 msec
2019-07-11 06:56:16.844 1842 INFO rally.task.context [-] Task 9593b25f-c060-471c-84b6-2debf5da9d5d | Context users@openstack cleanup() started
2019-07-11 06:56:24.851 1842 INFO rally.task.context [-] Task 9593b25f-c060-471c-84b6-2debf5da9d5d | Context users@openstack cleanup() finished in 8.01 sec
2019-07-11 06:56:26.345 1842 INFO rally.task.engine [-] Load duration is: 105.107469
2019-07-11 06:56:26.346 1842 INFO rally.task.engine [-] Full runner duration is: 106.162791
2019-07-11 06:56:26.346 1842 INFO rally.task.engine [-] Full duration is: 143.047007
2019-07-11 06:56:26.636 1842 INFO rally.task.engine [-] Running workload: position = 0 config = { "version": 2, "title": "A cropped version of a bigger task.", "description": "Auto-generated task from a single workload (uuid=9b3e5372-1b5b-4266-889f-7c9e710df180)", "subtasks": [ { "title": "CinderVolumes.create_and_list_snapshots", "description": "Create and then list a volume-snapshot.", "scenario": { "CinderVolumes.create_and_list_snapshots": { "detailed": true, "force": false } }, "contexts": { "users": { "tenants": 3, "users_per_tenant": 2 }, "quotas": { "cinder": { "gigabytes": -1, "snapshots": -1, "volumes": -1 } }, "api_versions": { "cinder": { "version": 3, "service_type": "volumev3" } }, "volumes": { "size": 1, "volumes_per_tenant": 1 } }, "runner": { "constant": { "concurrency": 4, "times": 10 } }, "hooks": [], "sla": { "failure_rate": { "max": 0 } } } ] }
2019-07-11 06:56:26.656 1842 RALLYDEBUG rally_openstack.contexts.keystone.users [-] Creating 3 tenants using 20 threads
2019-07-11 06:56:28.522 1842 RALLYDEBUG rally_openstack.contexts.keystone.users [-] Creating 6 users using 20 threads
2019-07-11 06:56:31.439 1842 INFO rally.task.context [-] Task 9593b25f-c060-471c-84b6-2debf5da9d5d | Context users@openstack setup() finished in 4.78 sec
2019-07-11 06:56:31.868 1842 INFO rally.task.context [-] Task 9593b25f-c060-471c-84b6-2debf5da9d5d | Context api_versions@openstack setup() finished in 0.43 sec
2019-07-11 06:56:33.560 1842 INFO rally.task.context [-] Task 9593b25f-c060-471c-84b6-2debf5da9d5d | Context quotas@openstack setup() finished in 1.69 sec
2019-07-11 06:56:44.630 1842 INFO rally.task.context [-] Task 9593b25f-c060-471c-84b6-2debf5da9d5d | Context volumes@openstack setup() finished in 11.07 sec
2019-07-11 06:56:44.631 1842 INFO rally.task.context [-] Task 9593b25f-c060-471c-84b6-2debf5da9d5d | Context cleanup@openstack setup() finished in 0.01 msec
2019-07-11 06:56:44.639 1842 RALLYDEBUG rally.task.runner [-] Starting the constant runner (task UUID: 9593b25f-c060-471c-84b6-2debf5da9d5d). timeout: 0 concurrency: 4 concurrency_per_worker: 1 times: 10 concurrency_overhead: 0 processes_to_start: 4 max_cpu_used: 16
2019-07-11 06:56:44.648 2210 RALLYDEBUG rally.task.runner [-] Starting a worker. concurrency: 1 args: {"detailed": true, "force": false} times: 10 method_name: run timeout: 0 duration: None cls:
2019-07-11 06:56:44.652 2210 INFO rally.task.runner [-] Task 9593b25f-c060-471c-84b6-2debf5da9d5d | ITER: 1 START
2019-07-11 06:56:44.654 2211 RALLYDEBUG rally.task.runner [-] Starting a worker. concurrency: 1 args: {"detailed": true, "force": false} times: 10 method_name: run timeout: 0 duration: None cls:
2019-07-11 06:56:44.655 2212 RALLYDEBUG rally.task.runner [-] Starting a worker. concurrency: 1 args: {"detailed": true, "force": false} times: 10 method_name: run timeout: 0 duration: None cls:
2019-07-11 06:56:44.659 2215 RALLYDEBUG rally.task.runner [-] Starting a worker. concurrency: 1 args: {"detailed": true, "force": false} times: 10 method_name: run timeout: 0 duration: None cls:
2019-07-11 06:56:44.661 2212 INFO rally.task.runner [-] Task 9593b25f-c060-471c-84b6-2debf5da9d5d | ITER: 3 START
2019-07-11 06:56:44.661 2211 INFO rally.task.runner [-] Task 9593b25f-c060-471c-84b6-2debf5da9d5d | ITER: 2 START
2019-07-11 06:56:44.666 2215 INFO rally.task.runner [-] Task 9593b25f-c060-471c-84b6-2debf5da9d5d | ITER: 4 START
2019-07-11 06:56:48.172 2211 INFO rally.task.runner [-] Task 9593b25f-c060-471c-84b6-2debf5da9d5d | ITER: 2 END: OK
2019-07-11 06:56:48.177 2211 INFO rally.task.runner [-] Task 9593b25f-c060-471c-84b6-2debf5da9d5d | ITER: 5 START
2019-07-11 06:56:48.478 2210 INFO rally.task.runner [-] Task 9593b25f-c060-471c-84b6-2debf5da9d5d | ITER: 1 END: OK
2019-07-11 06:56:48.483 2210 INFO rally.task.runner [-] Task 9593b25f-c060-471c-84b6-2debf5da9d5d | ITER: 6 START
2019-07-11 06:56:48.543 2212 INFO rally.task.runner [-] Task 9593b25f-c060-471c-84b6-2debf5da9d5d | ITER: 3 END: OK
2019-07-11 06:56:48.549 2212 INFO rally.task.runner [-] Task 9593b25f-c060-471c-84b6-2debf5da9d5d | ITER: 7 START
2019-07-11 06:56:48.597 2215 INFO rally.task.runner [-] Task 9593b25f-c060-471c-84b6-2debf5da9d5d | ITER: 4 END: OK
2019-07-11 06:56:48.602 2215 INFO rally.task.runner [-] Task 9593b25f-c060-471c-84b6-2debf5da9d5d | ITER: 8 START
2019-07-11 06:56:52.059 2211 INFO rally.task.runner [-] Task 9593b25f-c060-471c-84b6-2debf5da9d5d | ITER: 5 END: OK
2019-07-11 06:56:52.064 2211 INFO rally.task.runner [-] Task 9593b25f-c060-471c-84b6-2debf5da9d5d | ITER: 9 START
2019-07-11 06:56:52.178 2215 INFO rally.task.runner [-] Task 9593b25f-c060-471c-84b6-2debf5da9d5d | ITER: 8 END: OK
2019-07-11 06:56:52.183 2215 INFO rally.task.runner [-] Task 9593b25f-c060-471c-84b6-2debf5da9d5d | ITER: 10 START
2019-07-11 06:56:52.184 2210 INFO rally.task.runner [-] Task 9593b25f-c060-471c-84b6-2debf5da9d5d | ITER: 6 END: OK
2019-07-11 06:56:52.503 2212 INFO rally.task.runner [-] Task 9593b25f-c060-471c-84b6-2debf5da9d5d | ITER: 7 END: OK
2019-07-11 06:56:55.675 2211 INFO rally.task.runner [-] Task 9593b25f-c060-471c-84b6-2debf5da9d5d | ITER: 9 END: OK
2019-07-11 06:56:55.867 2215 INFO rally.task.runner [-] Task 9593b25f-c060-471c-84b6-2debf5da9d5d | ITER: 10 END: OK
2019-07-11 06:56:55.895 1842 INFO rally.task.context [-] Task 9593b25f-c060-471c-84b6-2debf5da9d5d | Context cleanup@openstack cleanup() started
2019-07-11 06:56:55.897 1842 RALLYDEBUG rally_openstack.cleanup.manager [-] Cleaning up cinder backups objects
2019-07-11 06:56:58.125 1842 RALLYDEBUG rally_openstack.cleanup.manager [-] Cleaning up cinder volume_snapshots objects
2019-07-11 06:57:00.339 1842 RALLYDEBUG rally_openstack.cleanup.manager [-] Deleting cinder.volume_snapshots object s_rally_9b3e5372_nV3uKjoA (c5ce90de-2a05-4d86-938f-a178257e99a5)
2019-07-11 06:57:00.340 1842 RALLYDEBUG rally_openstack.cleanup.manager [-] Deleting cinder.volume_snapshots object s_rally_9b3e5372_fjv7OzHE (163ce9fb-4947-4ec2-a131-171ac2da491e)
2019-07-11 06:57:00.341 1842 RALLYDEBUG rally_openstack.cleanup.manager [-] Deleting cinder.volume_snapshots object s_rally_9b3e5372_MCAxkGyS (868a42b6-e3ba-4e05-8b6c-6143c0464a4c)
2019-07-11 06:57:00.341 1842 RALLYDEBUG rally_openstack.cleanup.manager [-] Deleting cinder.volume_snapshots object s_rally_9b3e5372_8RHZ9Woo (c3a82a70-82c2-479d-ab8e-3d1e71757769)
2019-07-11 06:57:00.342 1842 RALLYDEBUG rally_openstack.cleanup.manager [-] Deleting cinder.volume_snapshots object s_rally_9b3e5372_goeQcdye (66ec51da-0f84-45bf-9db5-967555cdf649)
2019-07-11 06:57:00.358 1842 RALLYDEBUG rally_openstack.cleanup.manager [-] Deleting cinder.volume_snapshots object s_rally_9b3e5372_RoMHOXmH (a6559431-01bd-4354-9dd3-ccbe0508d7ed)
2019-07-11 06:57:00.364 1842 RALLYDEBUG rally_openstack.cleanup.manager [-] Deleting cinder.volume_snapshots object s_rally_9b3e5372_tIt1Pvbl (4152bac2-f86f-4a13-92a2-cd8be9d9c2a8)
2019-07-11 06:57:00.372 1842 RALLYDEBUG rally_openstack.cleanup.manager [-] Deleting cinder.volume_snapshots object s_rally_9b3e5372_gQhbPRt7 (9f781f55-aa08-4144-973c-218cabfd80ff)
2019-07-11 06:57:00.385 1842 RALLYDEBUG rally_openstack.cleanup.manager [-] Deleting cinder.volume_snapshots object s_rally_9b3e5372_awOgghWL (16f15be8-20f8-4f7c-b09f-0bb561f5f12d)
2019-07-11 06:57:00.390 1842 RALLYDEBUG rally_openstack.cleanup.manager [-] Deleting cinder.volume_snapshots object s_rally_9b3e5372_iSbGb7Mi (972d187a-0eeb-49b2-a46b-5d04089585f3)
2019-07-11 06:57:05.407 1842 RALLYDEBUG rally_openstack.cleanup.manager [-] Cleaning up cinder transfers objects
2019-07-11 06:57:07.524 1842 RALLYDEBUG rally_openstack.cleanup.manager [-] Cleaning up cinder volumes objects
2019-07-11 06:57:09.919 1842 INFO rally.task.context [-] Task 9593b25f-c060-471c-84b6-2debf5da9d5d | Context cleanup@openstack cleanup() finished in 14.02 sec
2019-07-11 06:57:09.919 1842 INFO rally.task.context [-] Task 9593b25f-c060-471c-84b6-2debf5da9d5d | Context volumes@openstack cleanup() started
2019-07-11 06:57:09.920 1842 RALLYDEBUG rally_openstack.cleanup.manager [-] Cleaning up cinder volumes objects
2019-07-11 06:57:12.107 1842 RALLYDEBUG rally_openstack.cleanup.manager [-] Deleting cinder.volumes object c_rally_9b3e5372_sDEIYeZ9 (9a403fc3-982b-4179-a30a-74bbc2c8fc36)
2019-07-11 06:57:12.111 1842 RALLYDEBUG rally_openstack.cleanup.manager [-] Deleting cinder.volumes object c_rally_9b3e5372_XtynOYAT (bfb9c581-9ed1-4fae-b10a-b7ce7d314f32)
2019-07-11 06:57:12.114 1842 RALLYDEBUG rally_openstack.cleanup.manager [-] Deleting cinder.volumes object c_rally_9b3e5372_WyLYo5aG (03f7e4f2-c34b-425c-b7dd-8965bdb18cf9)
2019-07-11 06:57:15.624 1842 INFO rally.task.context [-] Task 9593b25f-c060-471c-84b6-2debf5da9d5d | Context volumes@openstack cleanup() finished in 5.70 sec
2019-07-11 06:57:15.624 1842 INFO rally.task.context [-] Task 9593b25f-c060-471c-84b6-2debf5da9d5d | Context quotas@openstack cleanup() started
2019-07-11 06:57:16.190 1842 INFO rally.task.context [-] Task 9593b25f-c060-471c-84b6-2debf5da9d5d | Context quotas@openstack cleanup() finished in 0.57 sec
2019-07-11 06:57:16.191 1842 INFO rally.task.context [-] Task 9593b25f-c060-471c-84b6-2debf5da9d5d | Context api_versions@openstack cleanup() started
2019-07-11 06:57:16.191 1842 INFO rally.task.context [-] Task 9593b25f-c060-471c-84b6-2debf5da9d5d | Context api_versions@openstack cleanup() finished in 0.45 msec
2019-07-11 06:57:16.192 1842 INFO rally.task.context [-] Task 9593b25f-c060-471c-84b6-2debf5da9d5d | Context users@openstack cleanup() started
2019-07-11 06:57:24.774 1842 INFO rally.task.context [-] Task 9593b25f-c060-471c-84b6-2debf5da9d5d | Context users@openstack cleanup() finished in 8.58 sec
2019-07-11 06:57:24.889 1842 INFO rally.task.engine [-] Load duration is: 11.212301
2019-07-11 06:57:24.890 1842 INFO rally.task.engine [-] Full runner duration is: 11.256848
2019-07-11 06:57:24.890 1842 INFO rally.task.engine [-] Full duration is: 58.123907
2019-07-11 06:57:25.086 1842 INFO rally.task.engine [-] Running workload: position = 0 config = { "version": 2, "title": "A cropped version of a bigger task.", "description": "Auto-generated task from a single workload (uuid=c5da9cbb-a8a2-4141-8d6d-9a660634f1b4)", "subtasks": [ { "title": "CinderVolumes.create_and_list_volume", "description": "Create a volume and list all volumes.", "scenario": { "CinderVolumes.create_and_list_volume": { "detailed": true, "image": { "name": "rally_full-img_1cf98648-884b-4a72-9826-1496760cc48a" }, "size": 1 } }, "contexts": { "users": { "tenants": 3, "users_per_tenant": 2 }, "quotas": { "cinder": { "gigabytes": -1, "snapshots": -1, "volumes": -1 } }, "api_versions": { "cinder": { "version": 3, "service_type": "volumev3" } } }, "runner": { "constant": { "concurrency": 4, "times": 10 } }, "hooks": [], "sla": { "failure_rate": { "max": 0 } } } ] }
2019-07-11 06:57:25.112 1842 RALLYDEBUG rally_openstack.contexts.keystone.users [-] Creating 3 tenants using 20 threads
2019-07-11 06:57:27.031 1842 RALLYDEBUG rally_openstack.contexts.keystone.users [-] Creating 6 users using 20 threads
2019-07-11 06:57:30.015 1842 INFO rally.task.context [-] Task 9593b25f-c060-471c-84b6-2debf5da9d5d | Context users@openstack setup() finished in 4.90 sec
2019-07-11 06:57:30.448 1842 INFO rally.task.context [-] Task 9593b25f-c060-471c-84b6-2debf5da9d5d | Context api_versions@openstack setup() finished in 0.43 sec
2019-07-11 06:57:32.181 1842 INFO rally.task.context [-] Task 9593b25f-c060-471c-84b6-2debf5da9d5d | Context quotas@openstack setup() finished in 1.73 sec
2019-07-11 06:57:32.181 1842 INFO rally.task.context [-] Task 9593b25f-c060-471c-84b6-2debf5da9d5d | Context cleanup@openstack setup() finished in 0.01 msec
2019-07-11 06:57:33.264 1842 RALLYDEBUG rally.task.runner [-] Starting the constant runner (task UUID: 9593b25f-c060-471c-84b6-2debf5da9d5d). timeout: 0 concurrency: 4 concurrency_per_worker: 1 times: 10 concurrency_overhead: 0 processes_to_start: 4 max_cpu_used: 16
2019-07-11 06:57:33.280 2414 RALLYDEBUG rally.task.runner [-] Starting a worker. concurrency: 1 args: {"detailed": true, "image": "f1bb3d68-f2fb-4059-8fcc-5f196ca5b41e", "size": 1} times: 10 method_name: run timeout: 0 duration: None cls:
2019-07-11 06:57:33.283 2415 RALLYDEBUG rally.task.runner [-] Starting a worker. concurrency: 1 args: {"detailed": true, "image": "f1bb3d68-f2fb-4059-8fcc-5f196ca5b41e", "size": 1} times: 10 method_name: run timeout: 0 duration: None cls:
2019-07-11 06:57:33.288 2416 RALLYDEBUG rally.task.runner [-] Starting a worker. concurrency: 1 args: {"detailed": true, "image": "f1bb3d68-f2fb-4059-8fcc-5f196ca5b41e", "size": 1} times: 10 method_name: run timeout: 0 duration: None cls:
2019-07-11 06:57:33.289 2414 INFO rally.task.runner [-] Task 9593b25f-c060-471c-84b6-2debf5da9d5d | ITER: 1 START
2019-07-11 06:57:33.291 2415 INFO rally.task.runner [-] Task 9593b25f-c060-471c-84b6-2debf5da9d5d | ITER: 2 START
2019-07-11 06:57:33.291 2417 RALLYDEBUG rally.task.runner [-] Starting a worker. concurrency: 1 args: {"detailed": true, "image": "f1bb3d68-f2fb-4059-8fcc-5f196ca5b41e", "size": 1} times: 10 method_name: run timeout: 0 duration: None cls:
2019-07-11 06:57:33.298 2416 INFO rally.task.runner [-] Task 9593b25f-c060-471c-84b6-2debf5da9d5d | ITER: 3 START
2019-07-11 06:57:33.299 2417 INFO rally.task.runner [-] Task 9593b25f-c060-471c-84b6-2debf5da9d5d | ITER: 4 START
2019-07-11 06:57:40.595 2415 RALLYDEBUG rally.task.utils [-] Waiting for resource s_rally_c5da9cbb_15DcFYC6. Status changed: CREATING => DOWNLOADING in 2.9908721447
2019-07-11 06:57:43.316 2416 RALLYDEBUG rally.task.utils [-] Waiting for resource s_rally_c5da9cbb_5qBnI1I5. Status changed: CREATING => DOWNLOADING in 5.42715096474
2019-07-11 06:57:44.992 2415 RALLYDEBUG rally.task.utils [-] Waiting for resource s_rally_c5da9cbb_15DcFYC6. Status changed: DOWNLOADING => AVAILABLE in 4.39692091942
2019-07-11 06:57:45.264 2415 INFO rally.task.runner [-] Task 9593b25f-c060-471c-84b6-2debf5da9d5d | ITER: 2 END: OK
2019-07-11 06:57:45.268 2415 INFO rally.task.runner [-] Task 9593b25f-c060-471c-84b6-2debf5da9d5d | ITER: 5 START
2019-07-11 06:57:45.608 2414 RALLYDEBUG rally.task.utils [-] Waiting for resource s_rally_c5da9cbb_xkdThVCm. Status changed: CREATING => DOWNLOADING in 7.65578603745
2019-07-11 06:57:50.939 2417 RALLYDEBUG rally.task.utils [-] Waiting for resource s_rally_c5da9cbb_mZpi40aX. Status changed: CREATING => DOWNLOADING in 12.353785038
2019-07-11 06:57:52.071 2414 RALLYDEBUG rally.task.utils [-] Waiting for resource s_rally_c5da9cbb_xkdThVCm. Status changed: DOWNLOADING => AVAILABLE in 6.46350502968
2019-07-11 06:57:52.153 2414 INFO rally.task.runner [-] Task 9593b25f-c060-471c-84b6-2debf5da9d5d | ITER: 1 END: OK
2019-07-11 06:57:52.158 2414 INFO rally.task.runner [-] Task 9593b25f-c060-471c-84b6-2debf5da9d5d | ITER: 6 START
2019-07-11 06:57:52.608 2416 RALLYDEBUG rally.task.utils [-] Waiting for resource s_rally_c5da9cbb_5qBnI1I5. Status changed: DOWNLOADING => AVAILABLE in 9.29200792313
2019-07-11 06:57:52.868 2416 INFO rally.task.runner [-] Task 9593b25f-c060-471c-84b6-2debf5da9d5d | ITER: 3 END: OK
2019-07-11 06:57:52.873 2416 INFO rally.task.runner [-] Task 9593b25f-c060-471c-84b6-2debf5da9d5d | ITER: 7 START
2019-07-11 06:57:55.623 2417 RALLYDEBUG rally.task.utils [-] Waiting for resource s_rally_c5da9cbb_mZpi40aX. Status changed: DOWNLOADING => AVAILABLE in 4.6841378212
2019-07-11 06:57:55.712 2417 INFO rally.task.runner [-] Task 9593b25f-c060-471c-84b6-2debf5da9d5d | ITER: 4 END: OK
2019-07-11 06:57:55.717 2417 INFO rally.task.runner [-] Task 9593b25f-c060-471c-84b6-2debf5da9d5d | ITER: 8 START
2019-07-11 06:57:57.706 2415 RALLYDEBUG rally.task.utils [-] Waiting for resource s_rally_c5da9cbb_K5WdXWzf. Status changed: CREATING => DOWNLOADING in 7.13083982468
2019-07-11 06:57:59.979 2415 RALLYDEBUG rally.task.utils [-] Waiting for resource s_rally_c5da9cbb_K5WdXWzf. Status changed: DOWNLOADING => AVAILABLE in 2.27272510529
2019-07-11 06:58:00.422 2415 INFO rally.task.runner [-] Task 9593b25f-c060-471c-84b6-2debf5da9d5d | ITER: 5 END: OK
2019-07-11 06:58:00.427 2415 INFO rally.task.runner [-] Task 9593b25f-c060-471c-84b6-2debf5da9d5d | ITER: 9 START
2019-07-11 06:58:02.401 2414 RALLYDEBUG rally.task.utils [-] Waiting for resource s_rally_c5da9cbb_DHN1EMg4. Status changed: CREATING => DOWNLOADING in 5.2429869175
2019-07-11 06:58:02.559 2416 RALLYDEBUG rally.task.utils [-] Waiting for resource s_rally_c5da9cbb_kJH0ocCd. Status changed: CREATING => DOWNLOADING in 5.06638813019
2019-07-11 06:58:09.491 2414 RALLYDEBUG rally.task.utils [-] Waiting for resource s_rally_c5da9cbb_DHN1EMg4. Status changed: DOWNLOADING => AVAILABLE in 7.08992004395
2019-07-11 06:58:09.497 2416 RALLYDEBUG rally.task.utils [-] Waiting for resource s_rally_c5da9cbb_kJH0ocCd. Status changed: DOWNLOADING => AVAILABLE in 6.93776082993
2019-07-11 06:58:09.588 2417 RALLYDEBUG rally.task.utils [-] Waiting for resource s_rally_c5da9cbb_7IOa8b4e. Status changed: CREATING => DOWNLOADING in 9.46304297447
2019-07-11 06:58:09.922 2416 INFO rally.task.runner [-] Task 9593b25f-c060-471c-84b6-2debf5da9d5d | ITER: 7 END: OK
2019-07-11 06:58:09.928 2416 INFO rally.task.runner [-] Task 9593b25f-c060-471c-84b6-2debf5da9d5d | ITER: 10 START
2019-07-11 06:58:09.935 2414 INFO rally.task.runner [-] Task 9593b25f-c060-471c-84b6-2debf5da9d5d | ITER: 6 END: OK
2019-07-11 06:58:11.931 2417 RALLYDEBUG rally.task.utils [-] Waiting for resource s_rally_c5da9cbb_7IOa8b4e. Status changed: DOWNLOADING => AVAILABLE in 2.34289598465
2019-07-11 06:58:12.156 2417 INFO rally.task.runner [-] Task 9593b25f-c060-471c-84b6-2debf5da9d5d | ITER: 8 END: OK
2019-07-11 06:58:13.065 2415 RALLYDEBUG rally.task.utils [-] Waiting for resource s_rally_c5da9cbb_1aTUt5Oe. Status changed: CREATING => DOWNLOADING in 7.58536696434
2019-07-11 06:58:15.398 2415 RALLYDEBUG rally.task.utils [-] Waiting for resource s_rally_c5da9cbb_1aTUt5Oe. Status changed: DOWNLOADING => AVAILABLE in 2.33257603645
2019-07-11 06:58:15.734 2415 INFO rally.task.runner [-] Task 9593b25f-c060-471c-84b6-2debf5da9d5d | ITER: 9 END: OK
2019-07-11 06:58:19.673 2416 RALLYDEBUG rally.task.utils [-] Waiting for resource s_rally_c5da9cbb_WGkRgay3. Status changed: CREATING => DOWNLOADING in 4.91637992859
2019-07-11 06:58:22.038 2416 RALLYDEBUG rally.task.utils [-] Waiting for resource s_rally_c5da9cbb_WGkRgay3. Status changed: DOWNLOADING => AVAILABLE in 2.3644361496
2019-07-11 06:58:22.128 2416 INFO rally.task.runner [-] Task 9593b25f-c060-471c-84b6-2debf5da9d5d | ITER: 10 END: OK
2019-07-11 06:58:22.156 1842 INFO rally.task.context [-] Task 9593b25f-c060-471c-84b6-2debf5da9d5d | Context cleanup@openstack cleanup() started
2019-07-11 06:58:22.159 1842 RALLYDEBUG rally_openstack.cleanup.manager [-] Cleaning up cinder backups objects
2019-07-11 06:58:24.313 1842 RALLYDEBUG rally_openstack.cleanup.manager [-] Cleaning up cinder volume_snapshots objects
2019-07-11 06:58:26.549 1842 RALLYDEBUG rally_openstack.cleanup.manager [-] Cleaning up cinder transfers objects
2019-07-11 06:58:28.711 1842 RALLYDEBUG rally_openstack.cleanup.manager [-] Cleaning up cinder volumes objects
2019-07-11 06:58:31.122 1842 RALLYDEBUG rally_openstack.cleanup.manager [-] Deleting cinder.volumes object s_rally_c5da9cbb_5qBnI1I5 (19cd208d-7745-4f48-8c1f-9ca014628ad3)
2019-07-11 06:58:31.126 1842 RALLYDEBUG rally_openstack.cleanup.manager [-] Deleting cinder.volumes object s_rally_c5da9cbb_mZpi40aX (0b93fe20-767e-4a6c-8d30-ceec4e44071d)
2019-07-11 06:58:31.128 1842 RALLYDEBUG rally_openstack.cleanup.manager [-] Deleting cinder.volumes object s_rally_c5da9cbb_K5WdXWzf (9b3dfb4e-dc8f-4c67-99ab-c06ce6c6e024)
2019-07-11 06:58:31.130 1842 RALLYDEBUG rally_openstack.cleanup.manager [-] Deleting cinder.volumes object s_rally_c5da9cbb_DHN1EMg4 (5f47d49c-27e7-42f6-9eaa-0c29040b8847)
2019-07-11 06:58:31.132 1842 RALLYDEBUG rally_openstack.cleanup.manager [-] Deleting cinder.volumes object s_rally_c5da9cbb_kJH0ocCd (12f4864e-407e-4624-a49f-dc702da005e9)
2019-07-11 06:58:31.137 1842 RALLYDEBUG rally_openstack.cleanup.manager [-] Deleting cinder.volumes object s_rally_c5da9cbb_15DcFYC6 (03cfab25-af8c-44e3-823f-c92902ec4dbc)
2019-07-11 06:58:31.152 1842 RALLYDEBUG rally_openstack.cleanup.manager [-] Deleting cinder.volumes object s_rally_c5da9cbb_xkdThVCm (a71a6060-c527-4d08-bb82-9bc3f54cfecb)
2019-07-11 06:58:31.154 1842 RALLYDEBUG rally_openstack.cleanup.manager [-] Deleting cinder.volumes object s_rally_c5da9cbb_7IOa8b4e (bc9b9c35-dd74-4f89-8ec7-83f245dbdac5)
2019-07-11 06:58:31.155 1842 RALLYDEBUG rally_openstack.cleanup.manager [-] Deleting cinder.volumes object s_rally_c5da9cbb_1aTUt5Oe (1f1fb5ab-d39b-4299-a4c8-31a66bac14e9)
2019-07-11 06:58:31.157 1842 RALLYDEBUG rally_openstack.cleanup.manager [-] Deleting cinder.volumes object s_rally_c5da9cbb_WGkRgay3 (0eabb928-49c1-4da0-8cf4-3d2ae15a730a)
2019-07-11 06:58:36.331 1842 INFO rally.task.context [-] Task 9593b25f-c060-471c-84b6-2debf5da9d5d | Context cleanup@openstack cleanup() finished in 14.17 sec
2019-07-11 06:58:36.331 1842 INFO rally.task.context [-] Task 9593b25f-c060-471c-84b6-2debf5da9d5d | Context quotas@openstack cleanup() started
2019-07-11 06:58:37.119 1842 INFO rally.task.context [-] Task 9593b25f-c060-471c-84b6-2debf5da9d5d | Context quotas@openstack cleanup() finished in 0.79 sec
2019-07-11 06:58:37.119 1842 INFO rally.task.context [-] Task 9593b25f-c060-471c-84b6-2debf5da9d5d | Context api_versions@openstack cleanup() started
2019-07-11 06:58:37.119 1842 INFO rally.task.context [-] Task 9593b25f-c060-471c-84b6-2debf5da9d5d | Context api_versions@openstack cleanup() finished in 0.30 msec
2019-07-11 06:58:37.120 1842 INFO rally.task.context [-] Task 9593b25f-c060-471c-84b6-2debf5da9d5d | Context users@openstack cleanup() started
2019-07-11 06:58:45.613 1842 INFO rally.task.context [-] Task 9593b25f-c060-471c-84b6-2debf5da9d5d | Context users@openstack cleanup() finished in 8.49 sec
2019-07-11 06:58:47.448 1842 INFO rally.task.engine [-] Load duration is: 48.835712
2019-07-11 06:58:47.448 1842 INFO rally.task.engine [-] Full runner duration is: 48.892785
2019-07-11 06:58:47.448 1842 INFO rally.task.engine [-] Full duration is: 80.50484
2019-07-11 06:58:47.594 1842 INFO rally.task.engine [-] Running workload: position = 1 config = { "version": 2, "title": "A cropped version of a bigger task.", "description": "Auto-generated task from a single workload (uuid=61c2935b-b0fb-420b-b6db-6be4c556bd2c)", "subtasks": [ { "title": "CinderVolumes.create_and_list_volume", "description": "Create a volume and list all volumes.", "scenario": { "CinderVolumes.create_and_list_volume": { "detailed": true, "size": 1 } }, "contexts": { "users": { "tenants": 3, "users_per_tenant": 2 }, "quotas": { "cinder": { "gigabytes": -1, "snapshots": -1, "volumes": -1 } }, "api_versions": { "cinder": { "version": 3, "service_type": "volumev3" } } }, "runner": { "constant": { "concurrency": 4, "times": 10 } }, "hooks": [], "sla": { "failure_rate": { "max": 0 } } } ] }
2019-07-11 06:58:47.619 1842 RALLYDEBUG rally_openstack.contexts.keystone.users [-] Creating 3 tenants using 20 threads
2019-07-11 06:58:49.553 1842 RALLYDEBUG rally_openstack.contexts.keystone.users [-] Creating 6 users using 20 threads
2019-07-11 06:58:52.351 1842 INFO rally.task.context [-] Task 9593b25f-c060-471c-84b6-2debf5da9d5d | Context users@openstack setup() finished in 4.73 sec
2019-07-11 06:58:52.885 1842 INFO rally.task.context [-] Task 9593b25f-c060-471c-84b6-2debf5da9d5d | Context api_versions@openstack setup() finished in 0.53 sec
2019-07-11 06:58:54.841 1842 INFO rally.task.context [-] Task 9593b25f-c060-471c-84b6-2debf5da9d5d | Context quotas@openstack setup() finished in 1.96 sec
2019-07-11 06:58:54.842 1842 INFO rally.task.context [-] Task 9593b25f-c060-471c-84b6-2debf5da9d5d | Context cleanup@openstack setup() finished in 0.01 msec
2019-07-11 06:58:54.849 1842 RALLYDEBUG rally.task.runner [-] Starting the constant runner (task UUID: 9593b25f-c060-471c-84b6-2debf5da9d5d). timeout: 0 concurrency: 4 concurrency_per_worker: 1 times: 10 concurrency_overhead: 0 processes_to_start: 4 max_cpu_used: 16
2019-07-11 06:58:54.863 2598 RALLYDEBUG rally.task.runner [-] Starting a worker. concurrency: 1 args: {"detailed": true, "size": 1} times: 10 method_name: run timeout: 0 duration: None cls:
2019-07-11 06:58:54.865 2599 RALLYDEBUG rally.task.runner [-] Starting a worker. concurrency: 1 args: {"detailed": true, "size": 1} times: 10 method_name: run timeout: 0 duration: None cls:
2019-07-11 06:58:54.868 2600 RALLYDEBUG rally.task.runner [-] Starting a worker. concurrency: 1 args: {"detailed": true, "size": 1} times: 10 method_name: run timeout: 0 duration: None cls:
2019-07-11 06:58:54.871 2598 INFO rally.task.runner [-] Task 9593b25f-c060-471c-84b6-2debf5da9d5d | ITER: 1 START
2019-07-11 06:58:54.872 2601 RALLYDEBUG rally.task.runner [-] Starting a worker. concurrency: 1 args: {"detailed": true, "size": 1} times: 10 method_name: run timeout: 0 duration: None cls:
2019-07-11 06:58:54.873 2599 INFO rally.task.runner [-] Task 9593b25f-c060-471c-84b6-2debf5da9d5d | ITER: 2 START
2019-07-11 06:58:54.876 2600 INFO rally.task.runner [-] Task 9593b25f-c060-471c-84b6-2debf5da9d5d | ITER: 3 START
2019-07-11 06:58:54.880 2601 INFO rally.task.runner [-] Task 9593b25f-c060-471c-84b6-2debf5da9d5d | ITER: 4 START
2019-07-11 06:58:58.899 2598 INFO rally.task.runner [-] Task 9593b25f-c060-471c-84b6-2debf5da9d5d | ITER: 1 END: OK
2019-07-11 06:58:58.904 2598 INFO rally.task.runner [-] Task 9593b25f-c060-471c-84b6-2debf5da9d5d | ITER: 5 START
2019-07-11 06:58:58.977 2599 INFO rally.task.runner [-] Task 9593b25f-c060-471c-84b6-2debf5da9d5d | ITER: 2 END: OK
2019-07-11 06:58:58.982 2599 INFO rally.task.runner [-] Task 9593b25f-c060-471c-84b6-2debf5da9d5d | ITER: 6 START
2019-07-11 06:58:58.993 2601 INFO rally.task.runner [-] Task 9593b25f-c060-471c-84b6-2debf5da9d5d | ITER: 4 END: OK
2019-07-11 06:58:58.997 2601 INFO rally.task.runner [-] Task 9593b25f-c060-471c-84b6-2debf5da9d5d | ITER: 7 START
2019-07-11 06:58:59.097 2600 INFO rally.task.runner [-] Task 9593b25f-c060-471c-84b6-2debf5da9d5d | ITER: 3 END: OK
2019-07-11 06:58:59.102 2600 INFO rally.task.runner [-] Task 9593b25f-c060-471c-84b6-2debf5da9d5d | ITER: 8 START
2019-07-11 06:59:02.915 2599 INFO rally.task.runner [-] Task 9593b25f-c060-471c-84b6-2debf5da9d5d | ITER: 6 END: OK
2019-07-11 06:59:02.920 2599 INFO rally.task.runner [-] Task 9593b25f-c060-471c-84b6-2debf5da9d5d | ITER: 9 START
2019-07-11 06:59:02.991 2601 INFO rally.task.runner [-] Task 9593b25f-c060-471c-84b6-2debf5da9d5d | ITER: 7 END: OK
2019-07-11 06:59:02.997 2601 INFO rally.task.runner [-] Task 9593b25f-c060-471c-84b6-2debf5da9d5d | ITER: 10 START
2019-07-11 06:59:03.129 2598 INFO rally.task.runner [-] Task 9593b25f-c060-471c-84b6-2debf5da9d5d | ITER: 5 END: OK
2019-07-11 06:59:03.473 2600 INFO rally.task.runner [-] Task 9593b25f-c060-471c-84b6-2debf5da9d5d | ITER: 8 END: OK
2019-07-11 06:59:07.017 2599 INFO rally.task.runner [-] Task 9593b25f-c060-471c-84b6-2debf5da9d5d | ITER: 9 END: OK
2019-07-11 06:59:07.020 2601 INFO rally.task.runner [-] Task 9593b25f-c060-471c-84b6-2debf5da9d5d | ITER: 10 END: OK
2019-07-11 06:59:07.046 1842 INFO rally.task.context [-] Task 9593b25f-c060-471c-84b6-2debf5da9d5d | Context cleanup@openstack cleanup() started
2019-07-11 06:59:07.048 1842 RALLYDEBUG rally_openstack.cleanup.manager [-] Cleaning up cinder backups objects
2019-07-11 06:59:09.308 1842 RALLYDEBUG rally_openstack.cleanup.manager [-] Cleaning up cinder volume_snapshots objects
2019-07-11 06:59:11.589 1842 RALLYDEBUG rally_openstack.cleanup.manager [-] Cleaning up cinder transfers objects
2019-07-11 06:59:13.855 1842 RALLYDEBUG rally_openstack.cleanup.manager [-] Cleaning up cinder volumes objects
2019-07-11 06:59:16.266 1842 RALLYDEBUG rally_openstack.cleanup.manager [-] Deleting cinder.volumes object s_rally_61c2935b_AZbkr16Z (90391c86-a0fc-46b4-8129-fb7ccb72e1ae)
2019-07-11 06:59:16.269 1842 RALLYDEBUG rally_openstack.cleanup.manager [-] Deleting cinder.volumes object s_rally_61c2935b_TvzLjdEe (050dbc85-0667-4b66-b245-586982ae9bf5)
2019-07-11 06:59:16.275 1842 RALLYDEBUG rally_openstack.cleanup.manager [-] Deleting cinder.volumes object s_rally_61c2935b_NGNrp70w (aebed8ca-6710-4ec4-a5a8-5df46abcce92)
2019-07-11 06:59:16.278 1842 RALLYDEBUG rally_openstack.cleanup.manager [-] Deleting cinder.volumes object s_rally_61c2935b_91y7fktu (77f5292d-d881-41b0-87b1-fa6691d932f3)
2019-07-11 06:59:16.279 1842 RALLYDEBUG rally_openstack.cleanup.manager [-] Deleting cinder.volumes object s_rally_61c2935b_mhs5TWDJ (8c05adc0-7acc-4520-b06a-0236b22a8b90)
2019-07-11 06:59:16.283 1842 RALLYDEBUG rally_openstack.cleanup.manager [-] Deleting cinder.volumes object s_rally_61c2935b_xt9MhULD (6506c2f9-ea24-4381-b939-d2623d91a153)
2019-07-11 06:59:16.291 1842 RALLYDEBUG rally_openstack.cleanup.manager [-] Deleting cinder.volumes object s_rally_61c2935b_x1fdEgGU (f395a21b-d9a0-4c63-a9fb-21b41df2f8fe)
2019-07-11 06:59:16.292 1842 RALLYDEBUG rally_openstack.cleanup.manager [-] Deleting cinder.volumes object s_rally_61c2935b_2c7B2hEG (3c7904f9-bfdf-4a72-bf1e-ca34e94a6425)
2019-07-11 06:59:16.292 1842 RALLYDEBUG rally_openstack.cleanup.manager [-] Deleting cinder.volumes object s_rally_61c2935b_aVr2sQ0f (d0f29ed2-a69f-4a92-bbbd-dcb206996c95)
2019-07-11 06:59:16.302 1842 RALLYDEBUG rally_openstack.cleanup.manager [-] Deleting cinder.volumes object s_rally_61c2935b_s7Yr6Vb5 (e7f29237-a49d-40e4-9609-0e81eab1f09e)
2019-07-11 06:59:20.136 1842 INFO rally.task.context [-] Task 9593b25f-c060-471c-84b6-2debf5da9d5d | Context cleanup@openstack cleanup() finished in 13.09 sec
2019-07-11 06:59:20.137 1842 INFO rally.task.context [-] Task 9593b25f-c060-471c-84b6-2debf5da9d5d | Context quotas@openstack cleanup() started
2019-07-11 06:59:20.933 1842 INFO rally.task.context [-] Task 9593b25f-c060-471c-84b6-2debf5da9d5d | Context quotas@openstack cleanup() finished in 0.80 sec
2019-07-11 06:59:20.933 1842 INFO rally.task.context [-] Task 9593b25f-c060-471c-84b6-2debf5da9d5d | Context api_versions@openstack cleanup() started
2019-07-11 06:59:20.933 1842 INFO rally.task.context [-] Task 9593b25f-c060-471c-84b6-2debf5da9d5d | Context api_versions@openstack cleanup() finished in 0.30 msec
2019-07-11 06:59:20.934 1842 INFO rally.task.context [-] Task 9593b25f-c060-471c-84b6-2debf5da9d5d | Context users@openstack cleanup() started
2019-07-11 06:59:29.336 1842 INFO rally.task.context [-] Task 9593b25f-c060-471c-84b6-2debf5da9d5d | Context users@openstack cleanup() finished in 8.40 sec
2019-07-11 06:59:29.800 1842 INFO rally.task.engine [-] Load duration is: 12.143854
2019-07-11 06:59:29.800 1842 INFO rally.task.engine [-] Full runner duration is: 12.196862
2019-07-11 06:59:29.800 1842 INFO rally.task.engine [-] Full duration is: 41.719979
