2019-07-10 20:46:21.110 22696 RALLYDEBUG rally.api [-] INFO logs from urllib3 and requests module are hide.
2019-07-10 20:46:21.111 22696 RALLYDEBUG rally.api [-] urllib3 insecure warnings are hidden.
2019-07-10 20:46:21.111 22696 RALLYDEBUG rally.api [-] ERROR log from boto module is hide.
2019-07-10 20:46:23.439 22698 RALLYDEBUG rally.api [-] INFO logs from urllib3 and requests module are hide.
2019-07-10 20:46:23.439 22698 RALLYDEBUG rally.api [-] urllib3 insecure warnings are hidden.
2019-07-10 20:46:23.439 22698 RALLYDEBUG rally.api [-] ERROR log from boto module is hide.
2019-07-10 20:46:24.724 22698 WARNING rally_openstack.platforms.existing [-] endpoint is deprecated and not used.
2019-07-10 20:46:25.640 22700 RALLYDEBUG rally.api [-] INFO logs from urllib3 and requests module are hide.
2019-07-10 20:46:25.641 22700 RALLYDEBUG rally.api [-] urllib3 insecure warnings are hidden.
2019-07-10 20:46:25.641 22700 RALLYDEBUG rally.api [-] ERROR log from boto module is hide.
2019-07-10 20:46:29.149 22703 RALLYDEBUG rally.api [-] INFO logs from urllib3 and requests module are hide.
2019-07-10 20:46:29.149 22703 RALLYDEBUG rally.api [-] urllib3 insecure warnings are hidden.
2019-07-10 20:46:29.150 22703 RALLYDEBUG rally.api [-] ERROR log from boto module is hide.
2019-07-10 20:46:31.201 22705 RALLYDEBUG rally.api [-] INFO logs from urllib3 and requests module are hide.
2019-07-10 20:46:31.201 22705 RALLYDEBUG rally.api [-] urllib3 insecure warnings are hidden.
2019-07-10 20:46:31.201 22705 RALLYDEBUG rally.api [-] ERROR log from boto module is hide.
2019-07-10 20:46:32.391 22705 INFO rally.common.plugin.discover [-] Loading plugins from directories /root/.rally/plugins/*
2019-07-10 20:46:32.392 22705 INFO rally.common.plugin.discover [-] Loaded module with plugins: /root/.rally/plugins/__init__.py
2019-07-10 20:46:32.394 22705 INFO rally.common.plugin.discover [-] Loaded module with plugins: /root/.rally/plugins/trunk_scenario.py
2019-07-10 20:46:32.599 22705 INFO rally.task.engine [-] Task 3fc015d7-13ea-4005-a38c-9f588aff70fd | Starting: Task validation.
2019-07-10 20:46:32.655 22705 INFO rally.task.engine [-] Task 3fc015d7-13ea-4005-a38c-9f588aff70fd | Starting: Task validation of syntax.
2019-07-10 20:46:32.865 22705 INFO rally.task.engine [-] Task 3fc015d7-13ea-4005-a38c-9f588aff70fd | Completed: Task validation of syntax.
2019-07-10 20:46:32.865 22705 INFO rally.task.engine [-] Task 3fc015d7-13ea-4005-a38c-9f588aff70fd | Starting: Task validation of required platforms.
2019-07-10 20:46:32.922 22705 INFO rally.task.engine [-] Task 3fc015d7-13ea-4005-a38c-9f588aff70fd | Completed: Task validation of required platforms.
2019-07-10 20:46:32.922 22705 INFO rally.task.engine [-] Task 3fc015d7-13ea-4005-a38c-9f588aff70fd | Starting: Task validation of semantic.
2019-07-10 20:46:32.922 22705 INFO rally.task.engine [-] Check health of the environment '9350d711-2527-4567-8e6e-252ab21446d4'.
2019-07-10 20:46:33.741 22705 INFO rally.task.engine [-] Platform existing@openstack (available: True): OK!
2019-07-10 20:46:33.760 22705 RALLYDEBUG rally_openstack.contexts.keystone.users [-] Creating 1 tenants using 20 threads
2019-07-10 20:46:35.671 22705 RALLYDEBUG rally_openstack.contexts.keystone.users [-] Creating 1 users using 20 threads
2019-07-10 20:46:38.565 22705 INFO rally.task.context [-] Task 3fc015d7-13ea-4005-a38c-9f588aff70fd | Context users@openstack setup() finished in 4.80 sec
2019-07-10 20:46:44.758 22705 INFO rally.task.context [-] Task 3fc015d7-13ea-4005-a38c-9f588aff70fd | Context users@openstack cleanup() started
2019-07-10 20:46:50.254 22705 INFO rally.task.context [-] Task 3fc015d7-13ea-4005-a38c-9f588aff70fd | Context users@openstack cleanup() finished in 5.50 sec
2019-07-10 20:46:50.254 22705 INFO rally.task.engine [-] Task 3fc015d7-13ea-4005-a38c-9f588aff70fd | Completed: Task validation of semantic.
2019-07-10 20:46:50.254 22705 INFO rally.task.engine [-] Task 3fc015d7-13ea-4005-a38c-9f588aff70fd | Completed: Task validation.
2019-07-10 20:46:50.255 22705 INFO rally.api [-] Task 3fc015d7-13ea-4005-a38c-9f588aff70fd input file is valid.
2019-07-10 20:46:50.255 22705 INFO rally.api [-] Run Task 3fc015d7-13ea-4005-a38c-9f588aff70fd against Deployment 9350d711-2527-4567-8e6e-252ab21446d4
2019-07-10 20:46:50.255 22705 INFO rally.task.engine [-] Task 3fc015d7-13ea-4005-a38c-9f588aff70fd | Starting: Running task.
2019-07-10 20:46:50.397 22705 INFO rally.task.engine [-] Running workload: position = 0 config = { "version": 2, "title": "A cropped version of a bigger task.", "description": "Auto-generated task from a single workload (uuid=2b35e8b0-36b9-43a2-af00-7256ae715522)", "subtasks": [ { "title": "NeutronNetworks.create_and_list_networks", "description": "Check performance of list_networks action and ensure > network quotas are not exceeded", "scenario": { "NeutronNetworks.create_and_list_networks": {} }, "contexts": { "users": { "tenants": 1, "users_per_tenant": 1 }, "quotas": { "neutron": { "network": 119 } } }, "runner": { "constant": { "times": 100, "concurrency": 20 } }, "hooks": [], "sla": { "max_avg_duration_per_atomic": { "neutron.list_networks": 15 }, "failure_rate": { "max": 0 } } } ] }
2019-07-10 20:46:50.419 22705 RALLYDEBUG rally_openstack.contexts.keystone.users [-] Creating 1 tenants using 20 threads
2019-07-10 20:46:52.248 22705 RALLYDEBUG rally_openstack.contexts.keystone.users [-] Creating 1 users using 20 threads
2019-07-10 20:46:55.130 22705 INFO rally.task.context [-] Task 3fc015d7-13ea-4005-a38c-9f588aff70fd | Context users@openstack setup() finished in 4.71 sec
2019-07-10 20:46:55.909 22705 INFO rally.task.context [-] Task 3fc015d7-13ea-4005-a38c-9f588aff70fd | Context quotas@openstack setup() finished in 0.78 sec
2019-07-10 20:46:55.909 22705 INFO rally.task.context [-] Task 3fc015d7-13ea-4005-a38c-9f588aff70fd | Context cleanup@openstack setup() finished in 0.01 msec
2019-07-10 20:46:55.917 22705 RALLYDEBUG rally.task.runner [-] Starting the constant runner (task UUID: 3fc015d7-13ea-4005-a38c-9f588aff70fd). timeout: 0 concurrency: 20 concurrency_per_worker: 1 times: 100 concurrency_overhead: 4 processes_to_start: 16 max_cpu_used: 16
2019-07-10 20:46:55.931 22829 RALLYDEBUG rally.task.runner [-] Starting a worker. concurrency: 2 args: {} times: 100 method_name: run timeout: 0 duration: None cls:
2019-07-10 20:46:55.933 22831 RALLYDEBUG rally.task.runner [-] Starting a worker. concurrency: 2 args: {} times: 100 method_name: run timeout: 0 duration: None cls:
2019-07-10 20:46:55.933 22830 RALLYDEBUG rally.task.runner [-] Starting a worker. concurrency: 2 args: {} times: 100 method_name: run timeout: 0 duration: None cls:
2019-07-10 20:46:55.937 22831 INFO rally.task.runner [-] Task 3fc015d7-13ea-4005-a38c-9f588aff70fd | ITER: 2 START
2019-07-10 20:46:55.939 22832 RALLYDEBUG rally.task.runner [-] Starting a worker. concurrency: 2 args: {} times: 100 method_name: run timeout: 0 duration: None cls:
2019-07-10 20:46:55.942 22829 INFO rally.task.runner [-] Task 3fc015d7-13ea-4005-a38c-9f588aff70fd | ITER: 1 START
2019-07-10 20:46:55.943 22834 RALLYDEBUG rally.task.runner [-] Starting a worker. concurrency: 1 args: {} times: 100 method_name: run timeout: 0 duration: None cls:
2019-07-10 20:46:55.944 22830 INFO rally.task.runner [-] Task 3fc015d7-13ea-4005-a38c-9f588aff70fd | ITER: 3 START
2019-07-10 20:46:55.942 22829 INFO rally.task.runner [-] Task 3fc015d7-13ea-4005-a38c-9f588aff70fd | ITER: 5 START
2019-07-10 20:46:55.946 22831 INFO rally.task.runner [-] Task 3fc015d7-13ea-4005-a38c-9f588aff70fd | ITER: 4 START
2019-07-10 20:46:55.947 22839 RALLYDEBUG rally.task.runner [-] Starting a worker. concurrency: 1 args: {} times: 100 method_name: run timeout: 0 duration: None cls:
2019-07-10 20:46:55.947 22832 INFO rally.task.runner [-] Task 3fc015d7-13ea-4005-a38c-9f588aff70fd | ITER: 7 START
2019-07-10 20:46:55.950 22830 INFO rally.task.runner [-] Task 3fc015d7-13ea-4005-a38c-9f588aff70fd | ITER: 6 START
2019-07-10 20:46:55.950 22842 RALLYDEBUG rally.task.runner [-] Starting a worker. concurrency: 1 args: {} times: 100 method_name: run timeout: 0 duration: None cls:
2019-07-10 20:46:55.949 22834 INFO rally.task.runner [-] Task 3fc015d7-13ea-4005-a38c-9f588aff70fd | ITER: 9 START
2019-07-10 20:46:55.952 22849 RALLYDEBUG rally.task.runner [-] Starting a worker. concurrency: 1 args: {} times: 100 method_name: run timeout: 0 duration: None cls:
2019-07-10 20:46:55.953 22847 RALLYDEBUG rally.task.runner [-] Starting a worker. concurrency: 1 args: {} times: 100 method_name: run timeout: 0 duration: None cls:
2019-07-10 20:46:55.955 22832 INFO rally.task.runner [-] Task 3fc015d7-13ea-4005-a38c-9f588aff70fd | ITER: 8 START
2019-07-10 20:46:55.954 22839 INFO rally.task.runner [-] Task 3fc015d7-13ea-4005-a38c-9f588aff70fd | ITER: 10 START
2019-07-10 20:46:55.962 22849 INFO rally.task.runner [-] Task 3fc015d7-13ea-4005-a38c-9f588aff70fd | ITER: 12 START
2019-07-10 20:46:55.963 22858 RALLYDEBUG rally.task.runner [-] Starting a worker. concurrency: 1 args: {} times: 100 method_name: run timeout: 0 duration: None cls:
2019-07-10 20:46:55.963 22855 RALLYDEBUG rally.task.runner [-] Starting a worker. concurrency: 1 args: {} times: 100 method_name: run timeout: 0 duration: None cls:
2019-07-10 20:46:55.965 22842 INFO rally.task.runner [-] Task 3fc015d7-13ea-4005-a38c-9f588aff70fd | ITER: 11 START
2019-07-10 20:46:55.965 22852 RALLYDEBUG rally.task.runner [-] Starting a worker. concurrency: 1 args: {} times: 100 method_name: run timeout: 0 duration: None cls:
2019-07-10 20:46:55.967 22847 INFO rally.task.runner [-] Task 3fc015d7-13ea-4005-a38c-9f588aff70fd | ITER: 13 START
2019-07-10 20:46:55.968 22860 RALLYDEBUG rally.task.runner [-] Starting a worker. concurrency: 1 args: {} times: 100 method_name: run timeout: 0 duration: None cls:
2019-07-10 20:46:55.971 22858 INFO rally.task.runner [-] Task 3fc015d7-13ea-4005-a38c-9f588aff70fd | ITER: 14 START
2019-07-10 20:46:55.972 22852 INFO rally.task.runner [-] Task 3fc015d7-13ea-4005-a38c-9f588aff70fd | ITER: 16 START
2019-07-10 20:46:55.973 22860 INFO rally.task.runner [-] Task 3fc015d7-13ea-4005-a38c-9f588aff70fd | ITER: 17 START
2019-07-10 20:46:55.972 22855 INFO rally.task.runner [-] Task 3fc015d7-13ea-4005-a38c-9f588aff70fd | ITER: 15 START
2019-07-10 20:46:55.973 22864 RALLYDEBUG rally.task.runner [-] Starting a worker. concurrency: 1 args: {} times: 100 method_name: run timeout: 0 duration: None cls:
2019-07-10 20:46:55.976 22866 RALLYDEBUG rally.task.runner [-] Starting a worker. concurrency: 1 args: {} times: 100 method_name: run timeout: 0 duration: None cls:
2019-07-10 20:46:55.981 22874 RALLYDEBUG rally.task.runner [-] Starting a worker. concurrency: 1 args: {} times: 100 method_name: run timeout: 0 duration: None cls:
2019-07-10 20:46:55.984 22866 INFO rally.task.runner [-] Task 3fc015d7-13ea-4005-a38c-9f588aff70fd | ITER: 19 START
2019-07-10 20:46:55.987 22864 INFO rally.task.runner [-] Task 3fc015d7-13ea-4005-a38c-9f588aff70fd | ITER: 18 START
2019-07-10 20:46:55.991 22874 INFO rally.task.runner [-] Task 3fc015d7-13ea-4005-a38c-9f588aff70fd | ITER: 20 START
2019-07-10 20:46:58.032 22849 INFO rally.task.runner [-] Task 3fc015d7-13ea-4005-a38c-9f588aff70fd | ITER: 12 END: OK
2019-07-10 20:46:58.037 22849 INFO rally.task.runner [-] Task 3fc015d7-13ea-4005-a38c-9f588aff70fd | ITER: 21 START
2019-07-10 20:46:58.077 22858 INFO rally.task.runner [-] Task 3fc015d7-13ea-4005-a38c-9f588aff70fd | ITER: 14 END: OK
2019-07-10 20:46:58.078 22830 INFO rally.task.runner [-] Task 3fc015d7-13ea-4005-a38c-9f588aff70fd | ITER: 3 END: OK
2019-07-10 20:46:58.080 22858 INFO rally.task.runner [-] Task 3fc015d7-13ea-4005-a38c-9f588aff70fd | ITER: 22 START
2019-07-10 20:46:58.082 22830 INFO rally.task.runner [-] Task 3fc015d7-13ea-4005-a38c-9f588aff70fd | ITER: 23 START
2019-07-10 20:46:58.099 22860 INFO rally.task.runner [-] Task 3fc015d7-13ea-4005-a38c-9f588aff70fd | ITER: 17 END: OK
2019-07-10 20:46:58.103 22860 INFO rally.task.runner [-] Task 3fc015d7-13ea-4005-a38c-9f588aff70fd | ITER: 24 START
2019-07-10 20:46:58.153 22832 INFO rally.task.runner [-] Task 3fc015d7-13ea-4005-a38c-9f588aff70fd | ITER: 7 END: OK
2019-07-10 20:46:58.157 22832 INFO rally.task.runner [-] Task 3fc015d7-13ea-4005-a38c-9f588aff70fd | ITER: 25 START
2019-07-10 20:46:58.162 22829 INFO rally.task.runner [-] Task 3fc015d7-13ea-4005-a38c-9f588aff70fd | ITER: 5 END: OK
2019-07-10 20:46:58.163 22847 INFO rally.task.runner [-] Task 3fc015d7-13ea-4005-a38c-9f588aff70fd | ITER: 13 END: OK
2019-07-10 20:46:58.166 22847 INFO rally.task.runner [-] Task 3fc015d7-13ea-4005-a38c-9f588aff70fd | ITER: 27 START
2019-07-10 20:46:58.167 22829 INFO rally.task.runner [-] Task 3fc015d7-13ea-4005-a38c-9f588aff70fd | ITER: 26 START
2019-07-10 20:46:58.266 22834 INFO rally.task.runner [-] Task 3fc015d7-13ea-4005-a38c-9f588aff70fd | ITER: 9 END: OK
2019-07-10 20:46:58.270 22834 INFO rally.task.runner [-] Task 3fc015d7-13ea-4005-a38c-9f588aff70fd | ITER: 28 START
2019-07-10 20:46:58.280 22852 INFO rally.task.runner [-] Task 3fc015d7-13ea-4005-a38c-9f588aff70fd | ITER: 16 END: OK
2019-07-10 20:46:58.285 22852 INFO rally.task.runner [-] Task 3fc015d7-13ea-4005-a38c-9f588aff70fd | ITER: 29 START
2019-07-10 20:46:58.388 22831 INFO rally.task.runner [-] Task 3fc015d7-13ea-4005-a38c-9f588aff70fd | ITER: 4 END: OK
2019-07-10 20:46:58.392 22831 INFO rally.task.runner [-] Task 3fc015d7-13ea-4005-a38c-9f588aff70fd | ITER: 30 START
2019-07-10 20:46:58.425 22839 INFO rally.task.runner [-] Task 3fc015d7-13ea-4005-a38c-9f588aff70fd | ITER: 10 END: OK
2019-07-10 20:46:58.428 22839 INFO rally.task.runner [-] Task 3fc015d7-13ea-4005-a38c-9f588aff70fd | ITER: 31 START
2019-07-10 20:46:58.438 22831 INFO rally.task.runner [-] Task 3fc015d7-13ea-4005-a38c-9f588aff70fd | ITER: 2 END: OK
2019-07-10 20:46:58.441 22831 INFO rally.task.runner [-] Task 3fc015d7-13ea-4005-a38c-9f588aff70fd | ITER: 32 START
2019-07-10 20:46:58.477 22864 INFO rally.task.runner [-] Task 3fc015d7-13ea-4005-a38c-9f588aff70fd | ITER: 18 END: OK
2019-07-10 20:46:58.481 22864 INFO rally.task.runner [-] Task 3fc015d7-13ea-4005-a38c-9f588aff70fd | ITER: 33 START
2019-07-10 20:46:58.663 22832 INFO rally.task.runner [-] Task 3fc015d7-13ea-4005-a38c-9f588aff70fd | ITER: 8 END: OK
2019-07-10 20:46:58.664 22830 INFO rally.task.runner [-] Task 3fc015d7-13ea-4005-a38c-9f588aff70fd | ITER: 6 END: OK
2019-07-10 20:46:58.667 22832 INFO rally.task.runner [-] Task 3fc015d7-13ea-4005-a38c-9f588aff70fd | ITER: 34 START
2019-07-10 20:46:58.667 22830 INFO rally.task.runner [-] Task 3fc015d7-13ea-4005-a38c-9f588aff70fd | ITER: 35 START
2019-07-10 20:46:58.707 22874 INFO rally.task.runner [-] Task 3fc015d7-13ea-4005-a38c-9f588aff70fd | ITER: 20 END: OK
2019-07-10 20:46:58.710 22874 INFO rally.task.runner [-] Task 3fc015d7-13ea-4005-a38c-9f588aff70fd | ITER: 36 START
2019-07-10 20:46:58.819 22855 INFO rally.task.runner [-] Task 3fc015d7-13ea-4005-a38c-9f588aff70fd | ITER: 15 END: OK
2019-07-10 20:46:58.823 22855 INFO rally.task.runner [-] Task 3fc015d7-13ea-4005-a38c-9f588aff70fd | ITER: 37 START
2019-07-10 20:46:58.829 22829 INFO rally.task.runner [-] Task 3fc015d7-13ea-4005-a38c-9f588aff70fd | ITER: 1 END: OK
2019-07-10 20:46:58.832 22829 INFO rally.task.runner [-] Task 3fc015d7-13ea-4005-a38c-9f588aff70fd | ITER: 38 START
2019-07-10 20:46:58.845 22866 INFO rally.task.runner [-] Task 3fc015d7-13ea-4005-a38c-9f588aff70fd | ITER: 19 END: OK
2019-07-10 20:46:58.848 22866 INFO rally.task.runner [-] Task 3fc015d7-13ea-4005-a38c-9f588aff70fd | ITER: 39 START
2019-07-10 20:46:58.879 22842 INFO rally.task.runner [-] Task 3fc015d7-13ea-4005-a38c-9f588aff70fd | ITER: 11 END: OK
2019-07-10 20:46:58.883 22842 INFO rally.task.runner [-] Task 3fc015d7-13ea-4005-a38c-9f588aff70fd | ITER: 40 START
2019-07-10 20:46:59.534 22830 INFO rally.task.runner [-] Task 3fc015d7-13ea-4005-a38c-9f588aff70fd | ITER: 23 END: OK
2019-07-10 20:46:59.538 22830 INFO rally.task.runner [-] Task 3fc015d7-13ea-4005-a38c-9f588aff70fd | ITER: 41 START
2019-07-10 20:46:59.581 22834 INFO rally.task.runner [-] Task 3fc015d7-13ea-4005-a38c-9f588aff70fd | ITER: 28 END: OK
2019-07-10 20:46:59.584 22834 INFO rally.task.runner [-] Task 3fc015d7-13ea-4005-a38c-9f588aff70fd | ITER: 42 START
2019-07-10 20:46:59.600 22847 INFO rally.task.runner [-] Task 3fc015d7-13ea-4005-a38c-9f588aff70fd | ITER: 27 END: OK
2019-07-10 20:46:59.603 22847 INFO rally.task.runner [-] Task 3fc015d7-13ea-4005-a38c-9f588aff70fd | ITER: 43 START
2019-07-10 20:46:59.839 22858 INFO rally.task.runner [-] Task 3fc015d7-13ea-4005-a38c-9f588aff70fd | ITER: 22 END: OK
2019-07-10 20:46:59.843 22858 INFO rally.task.runner [-] Task 3fc015d7-13ea-4005-a38c-9f588aff70fd | ITER: 44 START
2019-07-10 20:46:59.890 22849 INFO rally.task.runner [-] Task 3fc015d7-13ea-4005-a38c-9f588aff70fd | ITER: 21 END: OK
2019-07-10 20:46:59.893 22849 INFO rally.task.runner [-] Task 3fc015d7-13ea-4005-a38c-9f588aff70fd | ITER: 45 START
2019-07-10 20:46:59.897 22832 INFO rally.task.runner [-] Task 3fc015d7-13ea-4005-a38c-9f588aff70fd | ITER: 25 END: OK
2019-07-10 20:46:59.901 22832 INFO rally.task.runner [-] Task 3fc015d7-13ea-4005-a38c-9f588aff70fd | ITER: 46 START
2019-07-10 20:46:59.943 22829 INFO rally.task.runner [-] Task 3fc015d7-13ea-4005-a38c-9f588aff70fd | ITER: 26 END: OK
2019-07-10 20:46:59.946 22829 INFO rally.task.runner [-] Task 3fc015d7-13ea-4005-a38c-9f588aff70fd | ITER: 47 START
2019-07-10 20:46:59.969 22852 INFO rally.task.runner [-] Task 3fc015d7-13ea-4005-a38c-9f588aff70fd | ITER: 29 END: OK
2019-07-10 20:46:59.972 22852 INFO rally.task.runner [-] Task 3fc015d7-13ea-4005-a38c-9f588aff70fd | ITER: 48 START
2019-07-10 20:47:00.420 22831 INFO rally.task.runner [-] Task 3fc015d7-13ea-4005-a38c-9f588aff70fd | ITER: 32 END: OK
2019-07-10 20:47:00.424 22831 INFO rally.task.runner [-] Task 3fc015d7-13ea-4005-a38c-9f588aff70fd | ITER: 49 START
2019-07-10 20:47:00.430 22831 INFO rally.task.runner [-] Task 3fc015d7-13ea-4005-a38c-9f588aff70fd | ITER: 30 END: OK
2019-07-10 20:47:00.435 22831 INFO rally.task.runner [-] Task 3fc015d7-13ea-4005-a38c-9f588aff70fd | ITER: 50 START
2019-07-10 20:47:00.445 22864 INFO rally.task.runner [-] Task 3fc015d7-13ea-4005-a38c-9f588aff70fd | ITER: 33 END: OK
2019-07-10 20:47:00.448 22864 INFO rally.task.runner [-] Task 3fc015d7-13ea-4005-a38c-9f588aff70fd | ITER: 51 START
2019-07-10 20:47:00.578 22855 INFO rally.task.runner [-] Task 3fc015d7-13ea-4005-a38c-9f588aff70fd | ITER: 37 END: OK
2019-07-10 20:47:00.582 22855 INFO rally.task.runner [-] Task 3fc015d7-13ea-4005-a38c-9f588aff70fd | ITER: 52 START
2019-07-10 20:47:00.631 22874 INFO rally.task.runner [-] Task 3fc015d7-13ea-4005-a38c-9f588aff70fd | ITER: 36 END: OK
2019-07-10 20:47:00.634 22874 INFO rally.task.runner [-] Task 3fc015d7-13ea-4005-a38c-9f588aff70fd | ITER: 53 START
2019-07-10 20:47:00.866 22832 INFO rally.task.runner [-] Task 3fc015d7-13ea-4005-a38c-9f588aff70fd | ITER: 34 END: OK
2019-07-10 20:47:00.869 22832 INFO rally.task.runner [-] Task 3fc015d7-13ea-4005-a38c-9f588aff70fd | ITER: 54 START
2019-07-10 20:47:00.953 22830 INFO rally.task.runner [-] Task 3fc015d7-13ea-4005-a38c-9f588aff70fd | ITER: 35 END: OK
2019-07-10 20:47:00.956 22830 INFO rally.task.runner [-] Task 3fc015d7-13ea-4005-a38c-9f588aff70fd | ITER: 55 START
2019-07-10 20:47:01.061 22829 INFO rally.task.runner [-] Task 3fc015d7-13ea-4005-a38c-9f588aff70fd | ITER: 38 END: OK
2019-07-10 20:47:01.063 22839 INFO rally.task.runner [-] Task 3fc015d7-13ea-4005-a38c-9f588aff70fd | ITER: 31 END: OK
2019-07-10 20:47:01.064 22829 INFO rally.task.runner [-] Task 3fc015d7-13ea-4005-a38c-9f588aff70fd | ITER: 56 START
2019-07-10 20:47:01.066 22839 INFO rally.task.runner [-] Task 3fc015d7-13ea-4005-a38c-9f588aff70fd | ITER: 57 START
2019-07-10 20:47:01.151 22860 INFO rally.task.runner [-] Task 3fc015d7-13ea-4005-a38c-9f588aff70fd | ITER: 24 END: OK
2019-07-10 20:47:01.153 22860 INFO rally.task.runner [-] Task 3fc015d7-13ea-4005-a38c-9f588aff70fd | ITER: 58 START
2019-07-10 20:47:01.248 22866 INFO rally.task.runner [-] Task 3fc015d7-13ea-4005-a38c-9f588aff70fd | ITER: 39 END: OK
2019-07-10 20:47:01.251 22866 INFO rally.task.runner [-] Task 3fc015d7-13ea-4005-a38c-9f588aff70fd | ITER: 59 START
2019-07-10 20:47:01.429 22832 INFO rally.task.runner [-] Task 3fc015d7-13ea-4005-a38c-9f588aff70fd | ITER: 46 END: OK
2019-07-10 20:47:01.432 22832 INFO rally.task.runner [-] Task 3fc015d7-13ea-4005-a38c-9f588aff70fd | ITER: 60 START
2019-07-10 20:47:01.549 22842 INFO rally.task.runner [-] Task 3fc015d7-13ea-4005-a38c-9f588aff70fd | ITER: 40 END: OK
2019-07-10 20:47:01.553 22842 INFO rally.task.runner [-] Task 3fc015d7-13ea-4005-a38c-9f588aff70fd | ITER: 61 START
2019-07-10 20:47:01.931 22849 INFO rally.task.runner [-] Task 3fc015d7-13ea-4005-a38c-9f588aff70fd | ITER: 45 END: OK
2019-07-10 20:47:01.934 22849 INFO rally.task.runner [-] Task 3fc015d7-13ea-4005-a38c-9f588aff70fd | ITER: 62 START
2019-07-10 20:47:02.065 22864 INFO rally.task.runner [-] Task 3fc015d7-13ea-4005-a38c-9f588aff70fd | ITER: 51 END: OK
2019-07-10 20:47:02.069 22864 INFO rally.task.runner [-] Task 3fc015d7-13ea-4005-a38c-9f588aff70fd | ITER: 63 START
2019-07-10 20:47:02.112 22874 INFO rally.task.runner [-] Task 3fc015d7-13ea-4005-a38c-9f588aff70fd | ITER: 53 END: OK
2019-07-10 20:47:02.115 22874 INFO rally.task.runner [-] Task 3fc015d7-13ea-4005-a38c-9f588aff70fd | ITER: 64 START
2019-07-10 20:47:02.174 22847 INFO rally.task.runner [-] Task 3fc015d7-13ea-4005-a38c-9f588aff70fd | ITER: 43 END: OK
2019-07-10 20:47:02.177 22847 INFO rally.task.runner [-] Task 3fc015d7-13ea-4005-a38c-9f588aff70fd | ITER: 65 START
2019-07-10 20:47:02.206 22858 INFO rally.task.runner [-] Task 3fc015d7-13ea-4005-a38c-9f588aff70fd | ITER: 44 END: OK
2019-07-10 20:47:02.208 22858 INFO rally.task.runner [-] Task 3fc015d7-13ea-4005-a38c-9f588aff70fd | ITER: 66 START
2019-07-10 20:47:02.229 22830 INFO rally.task.runner [-] Task 3fc015d7-13ea-4005-a38c-9f588aff70fd | ITER: 41 END: OK
2019-07-10 20:47:02.232 22830 INFO rally.task.runner [-] Task 3fc015d7-13ea-4005-a38c-9f588aff70fd | ITER: 67 START
2019-07-10 20:47:02.518 22834 INFO rally.task.runner [-] Task 3fc015d7-13ea-4005-a38c-9f588aff70fd | ITER: 42 END: OK
2019-07-10 20:47:02.521 22834 INFO rally.task.runner [-] Task 3fc015d7-13ea-4005-a38c-9f588aff70fd | ITER: 68 START
2019-07-10 20:47:02.647 22852 INFO rally.task.runner [-] Task 3fc015d7-13ea-4005-a38c-9f588aff70fd | ITER: 48 END: OK
2019-07-10 20:47:02.651 22852 INFO rally.task.runner [-] Task 3fc015d7-13ea-4005-a38c-9f588aff70fd | ITER: 69 START
2019-07-10 20:47:02.881 22839 INFO rally.task.runner [-] Task 3fc015d7-13ea-4005-a38c-9f588aff70fd | ITER: 57 END: OK
2019-07-10 20:47:02.884 22839 INFO rally.task.runner [-] Task 3fc015d7-13ea-4005-a38c-9f588aff70fd | ITER: 70 START
2019-07-10 20:47:03.246 22832 INFO rally.task.runner [-] Task 3fc015d7-13ea-4005-a38c-9f588aff70fd | ITER: 54 END: OK
2019-07-10 20:47:03.249 22832 INFO rally.task.runner [-] Task 3fc015d7-13ea-4005-a38c-9f588aff70fd | ITER: 71 START
2019-07-10 20:47:03.355 22842 INFO rally.task.runner [-] Task 3fc015d7-13ea-4005-a38c-9f588aff70fd | ITER: 61 END: OK
2019-07-10 20:47:03.358 22842 INFO rally.task.runner [-] Task 3fc015d7-13ea-4005-a38c-9f588aff70fd | ITER: 72 START
2019-07-10 20:47:03.364 22831 INFO rally.task.runner [-] Task 3fc015d7-13ea-4005-a38c-9f588aff70fd | ITER: 50 END: OK
2019-07-10 20:47:03.367 22831 INFO rally.task.runner [-] Task 3fc015d7-13ea-4005-a38c-9f588aff70fd | ITER: 73 START
2019-07-10 20:47:03.418 22855 INFO rally.task.runner [-] Task 3fc015d7-13ea-4005-a38c-9f588aff70fd | ITER: 52 END: OK
2019-07-10 20:47:03.422 22855 INFO rally.task.runner [-] Task 3fc015d7-13ea-4005-a38c-9f588aff70fd | ITER: 74 START
2019-07-10 20:47:03.506 22830 INFO rally.task.runner [-] Task 3fc015d7-13ea-4005-a38c-9f588aff70fd | ITER: 55 END: OK
2019-07-10 20:47:03.509 22830 INFO rally.task.runner [-] Task 3fc015d7-13ea-4005-a38c-9f588aff70fd | ITER: 75 START
2019-07-10 20:47:03.628 22860 INFO rally.task.runner [-] Task 3fc015d7-13ea-4005-a38c-9f588aff70fd | ITER: 58 END: OK
2019-07-10 20:47:03.632 22860 INFO rally.task.runner [-] Task 3fc015d7-13ea-4005-a38c-9f588aff70fd | ITER: 76 START
2019-07-10 20:47:03.657 22829 INFO rally.task.runner [-] Task 3fc015d7-13ea-4005-a38c-9f588aff70fd | ITER: 56 END: OK
2019-07-10 20:47:03.661 22829 INFO rally.task.runner [-] Task 3fc015d7-13ea-4005-a38c-9f588aff70fd | ITER: 47 END: OK
2019-07-10 20:47:03.665 22829 INFO rally.task.runner [-] Task 3fc015d7-13ea-4005-a38c-9f588aff70fd | ITER: 77 START
2019-07-10 20:47:03.666 22832 INFO rally.task.runner [-] Task 3fc015d7-13ea-4005-a38c-9f588aff70fd | ITER: 60 END: OK
2019-07-10 20:47:03.669 22832 INFO rally.task.runner [-] Task 3fc015d7-13ea-4005-a38c-9f588aff70fd | ITER: 79 START
2019-07-10 20:47:03.672 22829 INFO rally.task.runner [-] Task 3fc015d7-13ea-4005-a38c-9f588aff70fd | ITER: 78 START
2019-07-10 20:47:03.735 22831 INFO rally.task.runner [-] Task 3fc015d7-13ea-4005-a38c-9f588aff70fd | ITER: 49 END: OK
2019-07-10 20:47:03.738 22831 INFO rally.task.runner [-] Task 3fc015d7-13ea-4005-a38c-9f588aff70fd | ITER: 80 START
2019-07-10 20:47:03.914 22866 INFO rally.task.runner [-] Task 3fc015d7-13ea-4005-a38c-9f588aff70fd | ITER: 59 END: OK
2019-07-10 20:47:03.917 22866 INFO rally.task.runner [-] Task 3fc015d7-13ea-4005-a38c-9f588aff70fd | ITER: 81 START
2019-07-10 20:47:04.101 22849 INFO rally.task.runner [-] Task 3fc015d7-13ea-4005-a38c-9f588aff70fd | ITER: 62 END: OK
2019-07-10 20:47:04.102 22874 INFO rally.task.runner [-] Task 3fc015d7-13ea-4005-a38c-9f588aff70fd | ITER: 64 END: OK
2019-07-10 20:47:04.105 22849 INFO rally.task.runner [-] Task 3fc015d7-13ea-4005-a38c-9f588aff70fd | ITER: 82 START
2019-07-10 20:47:04.106 22874 INFO rally.task.runner [-] Task 3fc015d7-13ea-4005-a38c-9f588aff70fd | ITER: 83 START
2019-07-10 20:47:04.170 22864 INFO rally.task.runner [-] Task 3fc015d7-13ea-4005-a38c-9f588aff70fd | ITER: 63 END: OK
2019-07-10 20:47:04.174 22864 INFO rally.task.runner [-] Task 3fc015d7-13ea-4005-a38c-9f588aff70fd | ITER: 84 START
2019-07-10 20:47:04.471 22858 INFO rally.task.runner [-] Task 3fc015d7-13ea-4005-a38c-9f588aff70fd | ITER: 66 END: OK
2019-07-10 20:47:04.475 22858 INFO rally.task.runner [-] Task 3fc015d7-13ea-4005-a38c-9f588aff70fd | ITER: 85 START
2019-07-10 20:47:04.557 22830 INFO rally.task.runner [-] Task 3fc015d7-13ea-4005-a38c-9f588aff70fd | ITER: 67 END: OK
2019-07-10 20:47:04.560 22830 INFO rally.task.runner [-] Task 3fc015d7-13ea-4005-a38c-9f588aff70fd | ITER: 86 START
2019-07-10 20:47:04.709 22852 INFO rally.task.runner [-] Task 3fc015d7-13ea-4005-a38c-9f588aff70fd | ITER: 69 END: OK
2019-07-10 20:47:04.713 22852 INFO rally.task.runner [-] Task 3fc015d7-13ea-4005-a38c-9f588aff70fd | ITER: 87 START
2019-07-10 20:47:04.894 22834 INFO rally.task.runner [-] Task 3fc015d7-13ea-4005-a38c-9f588aff70fd | ITER: 68 END: OK
2019-07-10 20:47:04.897 22834 INFO rally.task.runner [-] Task 3fc015d7-13ea-4005-a38c-9f588aff70fd | ITER: 88 START
2019-07-10 20:47:05.131 22839 INFO rally.task.runner [-] Task 3fc015d7-13ea-4005-a38c-9f588aff70fd | ITER: 70 END: OK
2019-07-10 20:47:05.134 22839 INFO rally.task.runner [-] Task 3fc015d7-13ea-4005-a38c-9f588aff70fd | ITER: 89 START
2019-07-10 20:47:05.273 22832 INFO rally.task.runner [-] Task 3fc015d7-13ea-4005-a38c-9f588aff70fd | ITER: 71 END: OK
2019-07-10 20:47:05.275 22842 INFO rally.task.runner [-] Task 3fc015d7-13ea-4005-a38c-9f588aff70fd | ITER: 72 END: OK
2019-07-10 20:47:05.276 22832 INFO rally.task.runner [-] Task 3fc015d7-13ea-4005-a38c-9f588aff70fd | ITER: 90 START
2019-07-10 20:47:05.277 22847 INFO rally.task.runner [-] Task 3fc015d7-13ea-4005-a38c-9f588aff70fd | ITER: 65 END: OK
2019-07-10 20:47:05.278 22842 INFO rally.task.runner [-] Task 3fc015d7-13ea-4005-a38c-9f588aff70fd | ITER: 91 START
2019-07-10 20:47:05.280 22847 INFO rally.task.runner [-] Task 3fc015d7-13ea-4005-a38c-9f588aff70fd | ITER: 92 START
2019-07-10 20:47:05.393 22832 INFO rally.task.runner [-] Task 3fc015d7-13ea-4005-a38c-9f588aff70fd | ITER: 79 END: OK
2019-07-10 20:47:05.396 22832 INFO rally.task.runner [-] Task 3fc015d7-13ea-4005-a38c-9f588aff70fd | ITER: 93 START
2019-07-10 20:47:05.454 22829 INFO rally.task.runner [-] Task 3fc015d7-13ea-4005-a38c-9f588aff70fd | ITER: 77 END: OK
2019-07-10 20:47:05.457 22829 INFO rally.task.runner [-] Task 3fc015d7-13ea-4005-a38c-9f588aff70fd | ITER: 94 START
2019-07-10 20:47:05.496 22860 INFO rally.task.runner [-] Task 3fc015d7-13ea-4005-a38c-9f588aff70fd | ITER: 76 END: OK
2019-07-10 20:47:05.499 22860 INFO rally.task.runner [-] Task 3fc015d7-13ea-4005-a38c-9f588aff70fd | ITER: 95 START
2019-07-10 20:47:05.657 22830 INFO rally.task.runner [-] Task 3fc015d7-13ea-4005-a38c-9f588aff70fd | ITER: 75 END: OK
2019-07-10 20:47:05.660 22830 INFO rally.task.runner [-] Task 3fc015d7-13ea-4005-a38c-9f588aff70fd | ITER: 96 START
2019-07-10 20:47:05.713 22855 INFO rally.task.runner [-] Task 3fc015d7-13ea-4005-a38c-9f588aff70fd | ITER: 74 END: OK
2019-07-10 20:47:05.716 22855 INFO rally.task.runner [-] Task 3fc015d7-13ea-4005-a38c-9f588aff70fd | ITER: 97 START
2019-07-10 20:47:05.809 22829 INFO rally.task.runner [-] Task 3fc015d7-13ea-4005-a38c-9f588aff70fd | ITER: 78 END: OK
2019-07-10 20:47:05.813 22829 INFO rally.task.runner [-] Task 3fc015d7-13ea-4005-a38c-9f588aff70fd | ITER: 98 START
2019-07-10 20:47:05.915 22831 INFO rally.task.runner [-] Task 3fc015d7-13ea-4005-a38c-9f588aff70fd | ITER: 80 END: OK
2019-07-10 20:47:05.919 22831 INFO rally.task.runner [-] Task 3fc015d7-13ea-4005-a38c-9f588aff70fd | ITER: 99 START
2019-07-10 20:47:06.113 22849 INFO rally.task.runner [-] Task 3fc015d7-13ea-4005-a38c-9f588aff70fd | ITER: 82 END: OK
2019-07-10 20:47:06.116 22849 INFO rally.task.runner [-] Task 3fc015d7-13ea-4005-a38c-9f588aff70fd | ITER: 100 START
2019-07-10 20:47:06.241 22866 INFO rally.task.runner [-] Task 3fc015d7-13ea-4005-a38c-9f588aff70fd | ITER: 81 END: OK
2019-07-10 20:47:06.265 22858 INFO rally.task.runner [-] Task 3fc015d7-13ea-4005-a38c-9f588aff70fd | ITER: 85 END: OK
2019-07-10 20:47:06.280 22831 INFO rally.task.runner [-] Task 3fc015d7-13ea-4005-a38c-9f588aff70fd | ITER: 73 END: OK
2019-07-10 20:47:06.383 22864 INFO rally.task.runner [-] Task 3fc015d7-13ea-4005-a38c-9f588aff70fd | ITER: 84 END: OK
2019-07-10 20:47:06.413 22874 INFO rally.task.runner [-] Task 3fc015d7-13ea-4005-a38c-9f588aff70fd | ITER: 83 END: OK
2019-07-10 20:47:06.609 22834 INFO rally.task.runner [-] Task 3fc015d7-13ea-4005-a38c-9f588aff70fd | ITER: 88 END: OK
2019-07-10 20:47:06.617 22852 INFO rally.task.runner [-] Task 3fc015d7-13ea-4005-a38c-9f588aff70fd | ITER: 87 END: OK
2019-07-10 20:47:06.803 22832 INFO rally.task.runner [-] Task 3fc015d7-13ea-4005-a38c-9f588aff70fd | ITER: 90 END: OK
2019-07-10 20:47:07.091 22842 INFO rally.task.runner [-] Task 3fc015d7-13ea-4005-a38c-9f588aff70fd | ITER: 91 END: OK
2019-07-10 20:47:07.174 22860 INFO rally.task.runner [-] Task 3fc015d7-13ea-4005-a38c-9f588aff70fd | ITER: 95 END: OK
2019-07-10 20:47:07.314 22847 INFO rally.task.runner [-] Task 3fc015d7-13ea-4005-a38c-9f588aff70fd | ITER: 92 END: OK
2019-07-10 20:47:07.495 22855 INFO rally.task.runner [-] Task 3fc015d7-13ea-4005-a38c-9f588aff70fd | ITER: 97 END: OK
2019-07-10 20:47:07.599 22830 INFO rally.task.runner [-] Task 3fc015d7-13ea-4005-a38c-9f588aff70fd | ITER: 86 END: OK
2019-07-10 20:47:07.623 22830 INFO rally.task.runner [-] Task 3fc015d7-13ea-4005-a38c-9f588aff70fd | ITER: 96 END: OK
2019-07-10 20:47:07.746 22831 INFO rally.task.runner [-] Task 3fc015d7-13ea-4005-a38c-9f588aff70fd | ITER: 99 END: OK
2019-07-10 20:47:07.747 22839 INFO rally.task.runner [-] Task 3fc015d7-13ea-4005-a38c-9f588aff70fd | ITER: 89 END: OK
2019-07-10 20:47:07.875 22849 INFO rally.task.runner [-] Task 3fc015d7-13ea-4005-a38c-9f588aff70fd | ITER: 100 END: OK
2019-07-10 20:47:07.976 22829 INFO rally.task.runner [-] Task 3fc015d7-13ea-4005-a38c-9f588aff70fd | ITER: 94 END: OK
2019-07-10 20:47:07.982 22832 INFO rally.task.runner [-] Task 3fc015d7-13ea-4005-a38c-9f588aff70fd | ITER: 93 END: OK
2019-07-10 20:47:08.029 22829 INFO rally.task.runner [-] Task 3fc015d7-13ea-4005-a38c-9f588aff70fd | ITER: 98 END: OK
2019-07-10 20:47:08.048 22705 INFO rally.task.context [-] Task 3fc015d7-13ea-4005-a38c-9f588aff70fd | Context cleanup@openstack cleanup() started
2019-07-10 20:47:08.051 22705 RALLYDEBUG rally_openstack.cleanup.manager [-] Cleaning up neutron vip objects
2019-07-10 20:47:08.736 22705 RALLYDEBUG rally_openstack.cleanup.manager [-] Cleaning up neutron health_monitor objects
2019-07-10 20:47:09.390 22705 RALLYDEBUG rally_openstack.cleanup.manager [-] Cleaning up neutron pool objects
2019-07-10 20:47:10.117 22705 RALLYDEBUG rally_openstack.cleanup.manager [-] Cleaning up neutron loadbalancer objects
2019-07-10 20:47:10.759 22705 RALLYDEBUG rally_openstack.cleanup.manager [-] Cleaning up neutron floatingip objects
2019-07-10 20:47:11.570 22705 RALLYDEBUG rally_openstack.cleanup.manager [-] Cleaning up neutron port objects
2019-07-10 20:47:12.398 22705 RALLYDEBUG rally_openstack.cleanup.manager [-] Cleaning up neutron subnet objects
2019-07-10 20:47:13.062 22705 RALLYDEBUG rally_openstack.cleanup.manager [-] Cleaning up neutron network objects
2019-07-10 20:47:14.154 22705 RALLYDEBUG rally_openstack.cleanup.manager [-] Deleting neutron.network object s_rally_2b35e8b0_S0cL91vA (02bd1509-393f-4457-8dff-9c83b04bdb6e)
2019-07-10 20:47:14.160 22705 RALLYDEBUG rally_openstack.cleanup.manager [-] Deleting neutron.network object s_rally_2b35e8b0_b03t6zMq (03693911-6171-47b3-8ede-732b170e0d9e)
2019-07-10 20:47:14.162 22705 RALLYDEBUG rally_openstack.cleanup.manager [-] Deleting neutron.network object s_rally_2b35e8b0_m88QdCNJ (24ef4c60-43df-46eb-ad94-5ff214d276ab)
2019-07-10 20:47:14.155 22705 RALLYDEBUG rally_openstack.cleanup.manager [-] Deleting neutron.network object s_rally_2b35e8b0_WyUFURsx (04028c30-6a54-4d0b-9d7d-81c66f49cca2)
2019-07-10 20:47:14.163 22705 RALLYDEBUG rally_openstack.cleanup.manager [-] Deleting neutron.network object s_rally_2b35e8b0_tZb7ex83 (08cb55fd-92b6-4e88-b593-efca3032ecef)
2019-07-10 20:47:14.167 22705 RALLYDEBUG rally_openstack.cleanup.manager [-] Deleting neutron.network object s_rally_2b35e8b0_YNoRVPfp (0b0208b0-07c3-4eea-a9cb-66ae00892a72)
2019-07-10 20:47:14.175 22705 RALLYDEBUG rally_openstack.cleanup.manager [-] Deleting neutron.network object s_rally_2b35e8b0_Zd8cWYbz (0385e49e-3e00-4fb0-b3d8-c43f0ae5db7a)
2019-07-10 20:47:14.176 22705 RALLYDEBUG rally_openstack.cleanup.manager [-] Deleting neutron.network object s_rally_2b35e8b0_zUaPnu6v (1e1ddba0-671e-4f8d-92e6-ac6a8824616e)
2019-07-10 20:47:14.176 22705 RALLYDEBUG rally_openstack.cleanup.manager [-] Deleting neutron.network object s_rally_2b35e8b0_Eo8obRUH (10ccd16e-9348-49ff-bfa9-1d6cc8c35d4d)
2019-07-10 20:47:14.186 22705 RALLYDEBUG rally_openstack.cleanup.manager [-] Deleting neutron.network object s_rally_2b35e8b0_qgNkHKsT (264834bd-d495-4be6-a3e7-773d7e2dc761)
2019-07-10 20:47:14.194 22705 RALLYDEBUG rally_openstack.cleanup.manager [-] Deleting neutron.network object s_rally_2b35e8b0_qN7rBkbT (0fda67be-0288-4829-a27d-e23337b731f6)
2019-07-10 20:47:14.196 22705 RALLYDEBUG rally_openstack.cleanup.manager [-] Deleting neutron.network object s_rally_2b35e8b0_F32gsI35 (0f6ea4ea-b30d-4b8c-a6c0-db429e3458e8)
2019-07-10 20:47:14.197 22705 RALLYDEBUG rally_openstack.cleanup.manager [-] Deleting neutron.network object s_rally_2b35e8b0_oZz5IvW9 (25c911a4-0831-4187-9949-8855c429a7b7)
2019-07-10 20:47:14.206 22705 RALLYDEBUG rally_openstack.cleanup.manager [-] Deleting neutron.network object s_rally_2b35e8b0_3qEp3jDL (2a55349e-40fc-4818-94a7-b255eae1b292)
2019-07-10 20:47:14.214 22705 RALLYDEBUG rally_openstack.cleanup.manager [-] Deleting neutron.network object s_rally_2b35e8b0_ebKasZsi (22555e83-98f7-4c8b-9ac3-59a4309cf39f)
2019-07-10 20:47:14.214 22705 RALLYDEBUG rally_openstack.cleanup.manager [-] Deleting neutron.network object s_rally_2b35e8b0_kHNucVwi (201a598b-0035-4e41-ae94-cfca020f2f2a)
2019-07-10 20:47:14.218 22705 RALLYDEBUG rally_openstack.cleanup.manager [-] Deleting neutron.network object s_rally_2b35e8b0_Aqd4qqFo (2d34c236-30e3-462f-97eb-49726747d00d)
2019-07-10 20:47:14.225 22705 RALLYDEBUG rally_openstack.cleanup.manager [-] Deleting neutron.network object s_rally_2b35e8b0_EQ29kFr8 (2cdf3673-e620-4607-bc68-cdd32bd374f1)
2019-07-10 20:47:14.233 22705 RALLYDEBUG rally_openstack.cleanup.manager [-] Deleting neutron.network object s_rally_2b35e8b0_yoQPod9T (2f5030fc-3609-48d1-b320-7907c4598942)
2019-07-10 20:47:14.233 22705 RALLYDEBUG rally_openstack.cleanup.manager [-] Deleting neutron.network object s_rally_2b35e8b0_boi7wQ65 (314e017f-23e8-4c0f-9100-c9157d884569)
2019-07-10 20:47:16.877 22705 RALLYDEBUG rally_openstack.cleanup.manager [-] Deleting neutron.network object s_rally_2b35e8b0_22ti2nFe (31fd5ba8-5693-4858-b787-676dd4fbcba7)
2019-07-10 20:47:16.906 22705 RALLYDEBUG rally_openstack.cleanup.manager [-] Deleting neutron.network object s_rally_2b35e8b0_yFfV63Vf (3281e3a3-ff78-4b97-9c3b-3642778048aa)
2019-07-10 20:47:17.136 22705 RALLYDEBUG rally_openstack.cleanup.manager [-] Deleting neutron.network object s_rally_2b35e8b0_GIxF0bBt (329766f3-a4b0-4627-b867-d1328f2c6e44)
2019-07-10 20:47:17.142 22705 RALLYDEBUG rally_openstack.cleanup.manager [-] Deleting neutron.network object s_rally_2b35e8b0_w35BinNm (32d9f9ea-1e65-4de4-bfb0-d8e99ae111d7)
2019-07-10 20:47:17.275 22705 RALLYDEBUG rally_openstack.cleanup.manager [-] Deleting neutron.network object s_rally_2b35e8b0_TOInYbn8 (3693645f-dc47-4cf2-aadf-2e9f50616d6c)
2019-07-10 20:47:17.334 22705 RALLYDEBUG rally_openstack.cleanup.manager [-] Deleting neutron.network object s_rally_2b35e8b0_QKmHutPA (44498109-a637-4fa0-882d-3c4e72b6b6ae)
2019-07-10 20:47:18.235 22705 RALLYDEBUG rally_openstack.cleanup.manager [-] Deleting neutron.network object s_rally_2b35e8b0_CEAV9rZg (46c1e2c5-90a2-45de-8584-657f998bea6e)
2019-07-10 20:47:18.380 22705 RALLYDEBUG rally_openstack.cleanup.manager [-] Deleting neutron.network object s_rally_2b35e8b0_F7Ze8K5j (48540947-3586-4a5a-990f-235071ee66c2)
2019-07-10 20:47:18.380 22705 RALLYDEBUG rally_openstack.cleanup.manager [-] Deleting neutron.network object s_rally_2b35e8b0_smVvbEI4 (475a5a96-e862-4ce5-8c10-119e05c2d36f)
2019-07-10 20:47:18.445 22705 RALLYDEBUG rally_openstack.cleanup.manager [-] Deleting neutron.network object s_rally_2b35e8b0_B35eSMMm (48fc91db-7c53-4912-aff8-5e18a93a66c4)
2019-07-10 20:47:18.550 22705 RALLYDEBUG rally_openstack.cleanup.manager [-] Deleting neutron.network object s_rally_2b35e8b0_PbZI22dg (49acf454-6b67-4574-b873-8c1afe0a663b)
2019-07-10 20:47:18.602 22705 RALLYDEBUG rally_openstack.cleanup.manager [-] Deleting neutron.network object s_rally_2b35e8b0_GPr97YI8 (49d8fdad-2f13-4b42-94ff-ae7a3a6e40cd)
2019-07-10 20:47:19.055 22705 RALLYDEBUG rally_openstack.cleanup.manager [-] Deleting neutron.network object s_rally_2b35e8b0_zbWosV86 (4a2df555-af9e-46e2-9efb-c1e9f7e49d34)
2019-07-10 20:47:19.074 22705 RALLYDEBUG rally_openstack.cleanup.manager [-] Deleting neutron.network object s_rally_2b35e8b0_4hyZYpIY (4ef67e0e-3b97-4e2a-89e5-33d2b8074e52)
2019-07-10 20:47:19.088 22705 RALLYDEBUG rally_openstack.cleanup.manager [-] Deleting neutron.network object s_rally_2b35e8b0_6JJuT3JJ (4f5cd9f1-3dd2-4383-a0d9-7eb4d2bd1e39)
2019-07-10 20:47:19.154 22705 RALLYDEBUG rally_openstack.cleanup.manager [-] Deleting neutron.network object s_rally_2b35e8b0_GM4MUN8G (5d60b883-c7f3-47d6-befd-fdce558f3fe1)
2019-07-10 20:47:19.267 22705 RALLYDEBUG rally_openstack.cleanup.manager [-] Deleting neutron.network object s_rally_2b35e8b0_9PiX243F (5fa002aa-0554-4e39-bca7-ddc1e09978a3)
2019-07-10 20:47:19.281 22705 RALLYDEBUG rally_openstack.cleanup.manager [-] Deleting neutron.network object s_rally_2b35e8b0_jErvS2Fk (5fec8b14-b7d3-43ce-afe2-48e73c48e6a4)
2019-07-10 20:47:19.302 22705 RALLYDEBUG rally_openstack.cleanup.manager [-] Deleting neutron.network object s_rally_2b35e8b0_dbyplIW5 (6042b7a3-db73-456f-b150-1ace95ce6b46)
2019-07-10 20:47:19.309 22705 RALLYDEBUG rally_openstack.cleanup.manager [-] Deleting neutron.network object s_rally_2b35e8b0_R1NOQdRk (61778754-b481-4ffe-8d75-d1eab7f2e637)
2019-07-10 20:47:19.406 22705 RALLYDEBUG rally_openstack.cleanup.manager [-] Deleting neutron.network object s_rally_2b35e8b0_RRRqvEtv (6cf42479-7303-4c93-9eb9-5a7edbad3e66)
2019-07-10 20:47:19.486 22705 RALLYDEBUG rally_openstack.cleanup.manager [-] Deleting neutron.network object s_rally_2b35e8b0_29PYJgaH (700cc2d0-d395-4ff7-8a97-bf0af68728cb)
2019-07-10 20:47:19.730 22705 RALLYDEBUG rally_openstack.cleanup.manager [-] Deleting neutron.network object s_rally_2b35e8b0_VK6foBtv (70de1a29-70e5-4e51-8e0b-84d052106168)
2019-07-10 20:47:19.850 22705 RALLYDEBUG rally_openstack.cleanup.manager [-] Deleting neutron.network object s_rally_2b35e8b0_7MzHKNQu (711d23c2-451f-4c86-ab42-101bb2fd817a)
2019-07-10 20:47:19.892 22705 RALLYDEBUG rally_openstack.cleanup.manager [-] Deleting neutron.network object s_rally_2b35e8b0_aTWb75nT (72268889-94ee-4d12-905a-85dae816f18a)
2019-07-10 20:47:20.044 22705 RALLYDEBUG rally_openstack.cleanup.manager [-] Deleting neutron.network object s_rally_2b35e8b0_RAWGD2x5 (7304732d-aa08-4a09-a30a-01c63cc85bfb)
2019-07-10 20:47:20.867 22705 RALLYDEBUG rally_openstack.cleanup.manager [-] Deleting neutron.network object s_rally_2b35e8b0_Cups0JhE (74ba1d98-c468-4ed3-83ee-02e96c166ecd)
2019-07-10 20:47:20.948 22705 RALLYDEBUG rally_openstack.cleanup.manager [-] Deleting neutron.network object s_rally_2b35e8b0_LfFBnzFV (74fb5271-3981-464d-948d-4396c9005995)
2019-07-10 20:47:20.963 22705 RALLYDEBUG rally_openstack.cleanup.manager [-] Deleting neutron.network object s_rally_2b35e8b0_NN3yPDsS (7940b6d1-fc3b-4520-a0b7-8983af78243e)
2019-07-10 20:47:21.051 22705 RALLYDEBUG rally_openstack.cleanup.manager [-] Deleting neutron.network object s_rally_2b35e8b0_mFmP6ITI (80a0e9fd-9a84-43f9-81a5-75ff2577a9ea)
2019-07-10 20:47:21.580 22705 RALLYDEBUG rally_openstack.cleanup.manager [-] Deleting neutron.network object s_rally_2b35e8b0_YKNzc4DD (81997a87-e1c7-4798-8d2a-595d2a9760af)
2019-07-10 20:47:21.700 22705 RALLYDEBUG rally_openstack.cleanup.manager [-] Deleting neutron.network object s_rally_2b35e8b0_3Hb3efRh (81d35664-062c-418a-8b71-62df62c977db)
2019-07-10 20:47:21.741 22705 RALLYDEBUG rally_openstack.cleanup.manager [-] Deleting neutron.network object s_rally_2b35e8b0_6kwXYokh (82389b6a-d356-42d5-9e4d-72e3164175ba)
2019-07-10 20:47:21.947 22705 RALLYDEBUG rally_openstack.cleanup.manager [-] Deleting neutron.network object s_rally_2b35e8b0_cEu7BE8i (84f6907c-7af0-4d33-9752-9f574ea500e4)
2019-07-10 20:47:21.965 22705 RALLYDEBUG rally_openstack.cleanup.manager [-] Deleting neutron.network object s_rally_2b35e8b0_dHzC93A2 (89596feb-e7a2-4513-bd23-364ecd8992c1)
2019-07-10 20:47:21.988 22705 RALLYDEBUG rally_openstack.cleanup.manager [-] Deleting neutron.network object s_rally_2b35e8b0_xwfLSnjR (907ecc6d-d6e9-4de2-bcc1-47277a4a9d37)
2019-07-10 20:47:22.098 22705 RALLYDEBUG rally_openstack.cleanup.manager [-] Deleting neutron.network object s_rally_2b35e8b0_VFcBqqnA (91c5489a-f5b5-45f2-a336-4d18605f8452)
2019-07-10 20:47:22.337 22705 RALLYDEBUG rally_openstack.cleanup.manager [-] Deleting neutron.network object s_rally_2b35e8b0_ZdOi48VG (977c6da5-b38d-4040-b5ad-1c2da6da6c16)
2019-07-10 20:47:22.421 22705 RALLYDEBUG rally_openstack.cleanup.manager [-] Deleting neutron.network object s_rally_2b35e8b0_eSe99eeu (9802d22b-80ea-4f77-becb-4d5fd37c37b4)
2019-07-10 20:47:22.454 22705 RALLYDEBUG rally_openstack.cleanup.manager [-] Deleting neutron.network object s_rally_2b35e8b0_kEsMa778 (9daf260a-1142-4042-b33b-2e8b46a88add)
2019-07-10 20:47:22.510 22705 RALLYDEBUG rally_openstack.cleanup.manager [-] Deleting neutron.network object s_rally_2b35e8b0_HyEDdzIS (9ea5d79b-9680-4a4d-a83c-083af65a623f)
2019-07-10 20:47:22.642 22705 RALLYDEBUG rally_openstack.cleanup.manager [-] Deleting neutron.network object s_rally_2b35e8b0_bIZMGm5C (a1c6db43-d61e-4d9f-86ec-78758a4531f3)
2019-07-10 20:47:22.737 22705 RALLYDEBUG rally_openstack.cleanup.manager [-] Deleting neutron.network object s_rally_2b35e8b0_GQMC5Evm (a3864a1f-c816-4780-945f-93a8be2b519b)
2019-07-10 20:47:22.738 22705 RALLYDEBUG rally_openstack.cleanup.manager [-] Deleting neutron.network object s_rally_2b35e8b0_6m5whbGL (a2a2aa1e-3527-45ff-b1e7-aebcef31db0e)
2019-07-10 20:47:22.860 22705 RALLYDEBUG rally_openstack.cleanup.manager [-] Deleting neutron.network object s_rally_2b35e8b0_j6rlcbaq (a662f0b8-1d39-450d-9e1c-0542c5dade4d)
2019-07-10 20:47:22.879 22705 RALLYDEBUG rally_openstack.cleanup.manager [-] Deleting neutron.network object s_rally_2b35e8b0_odK5XSzE (ac6ca46b-a93f-4418-bf1f-148b8b2459ae)
2019-07-10 20:47:23.232 22705 RALLYDEBUG rally_openstack.cleanup.manager [-] Deleting neutron.network object s_rally_2b35e8b0_dLxDUnup (b0044fdd-bc7a-4a7e-be1d-96273bd3d63a)
2019-07-10 20:47:23.432 22705 RALLYDEBUG rally_openstack.cleanup.manager [-] Deleting neutron.network object s_rally_2b35e8b0_mGF5q36s (b160aa9b-4d3d-42b1-b0e8-af28113efd01)
2019-07-10 20:47:23.661 22705 RALLYDEBUG rally_openstack.cleanup.manager [-] Deleting neutron.network object s_rally_2b35e8b0_BQL9C9e5 (b8b27db2-163e-41f3-b516-873869855f8a)
2019-07-10 20:47:23.697 22705 RALLYDEBUG rally_openstack.cleanup.manager [-] Deleting neutron.network object s_rally_2b35e8b0_MidQt48X (ba2003ee-21c7-43ee-961a-91b3c1d1b05e)
2019-07-10 20:47:24.152 22705 RALLYDEBUG rally_openstack.cleanup.manager [-] Deleting neutron.network object s_rally_2b35e8b0_Jm2PzD2f (bc0ecfe0-b3f9-4f73-8d6c-e94ba3d20b27)
2019-07-10 20:47:24.261 22705 RALLYDEBUG rally_openstack.cleanup.manager [-] Deleting neutron.network object s_rally_2b35e8b0_D6HtDr2u (bc355416-9c85-408d-9d56-d64ce3f225d0)
2019-07-10 20:47:24.278 22705 RALLYDEBUG rally_openstack.cleanup.manager [-] Deleting neutron.network object s_rally_2b35e8b0_t3DpdnT5 (c3767db7-21ee-479e-9c08-08a435458892)
2019-07-10 20:47:24.301 22705 RALLYDEBUG rally_openstack.cleanup.manager [-] Deleting neutron.network object s_rally_2b35e8b0_b2Gfl6NA (c38d805e-de4e-4d67-9c2d-e372c42b8104)
2019-07-10 20:47:24.384 22705 RALLYDEBUG rally_openstack.cleanup.manager [-] Deleting neutron.network object s_rally_2b35e8b0_IZgMj6DV (c3c39782-9721-406a-a051-bbe7a651bddd)
2019-07-10 20:47:24.642 22705 RALLYDEBUG rally_openstack.cleanup.manager [-] Deleting neutron.network object s_rally_2b35e8b0_5pYeAxCp (c4e3b897-181c-482b-be85-15079cad3f80)
2019-07-10 20:47:24.667 22705 RALLYDEBUG rally_openstack.cleanup.manager [-] Deleting neutron.network object s_rally_2b35e8b0_4kLChABs (c86f68d9-c1eb-43ef-b8cb-1940939b24c7)
2019-07-10 20:47:24.735 22705 RALLYDEBUG rally_openstack.cleanup.manager [-] Deleting neutron.network object s_rally_2b35e8b0_ePxbVXNA (c8a26dbe-5d51-4b5c-862c-25400030b5a7)
2019-07-10 20:47:25.029 22705 RALLYDEBUG rally_openstack.cleanup.manager [-] Deleting neutron.network object s_rally_2b35e8b0_3teolWeZ (c9ff9e01-4d81-409b-9c88-e4f8e9bca235)
2019-07-10 20:47:25.125 22705 RALLYDEBUG rally_openstack.cleanup.manager [-] Deleting neutron.network object s_rally_2b35e8b0_Uaz9SFc7 (d0e318f0-3967-47fb-82f2-b7c200fde910)
2019-07-10 20:47:25.173 22705 RALLYDEBUG rally_openstack.cleanup.manager [-] Deleting neutron.network object s_rally_2b35e8b0_0RRh7Kvu (d2f24f4e-c136-4386-8c17-327350f85691)
2019-07-10 20:47:25.286 22705 RALLYDEBUG rally_openstack.cleanup.manager [-] Deleting neutron.network object s_rally_2b35e8b0_KHnp7ofy (d36d2058-ff97-4851-808f-78c7ae332371)
2019-07-10 20:47:25.290 22705 RALLYDEBUG rally_openstack.cleanup.manager [-] Deleting neutron.network object s_rally_2b35e8b0_ACCEgnkX (da6d306e-12ab-4c21-967d-40ab8404ec87)
2019-07-10 20:47:25.404 22705 RALLYDEBUG rally_openstack.cleanup.manager [-] Deleting neutron.network object s_rally_2b35e8b0_m3WTpQLk (dbddb3ad-3c21-454a-9036-a2194f8a6595)
2019-07-10 20:47:25.428 22705 RALLYDEBUG rally_openstack.cleanup.manager [-] Deleting neutron.network object s_rally_2b35e8b0_zLNcKtfb (dbe627fc-9c25-4d3e-92c7-97f8a88d532d)
2019-07-10 20:47:25.458 22705 RALLYDEBUG rally_openstack.cleanup.manager [-] Deleting neutron.network object s_rally_2b35e8b0_EFbpZm5T (df024f0e-ad3b-4511-9bc6-ab101d0e6ad3)
2019-07-10 20:47:26.058 22705 RALLYDEBUG rally_openstack.cleanup.manager [-] Deleting neutron.network object s_rally_2b35e8b0_vocfLGMo (e0495a51-8297-40e2-be2b-dfc1b00d59cd)
2019-07-10 20:47:26.223 22705 RALLYDEBUG rally_openstack.cleanup.manager [-] Deleting neutron.network object s_rally_2b35e8b0_l0grnTeF (e0913385-fd77-46e8-a57f-6c68fc4bbb4f)
2019-07-10 20:47:26.287 22705 RALLYDEBUG rally_openstack.cleanup.manager [-] Deleting neutron.network object s_rally_2b35e8b0_PDsk6Hdl (e0e4c8ea-5400-4b82-b062-0f4a02fac657)
2019-07-10 20:47:26.320 22705 RALLYDEBUG rally_openstack.cleanup.manager [-] Deleting neutron.network object s_rally_2b35e8b0_TcV8aaF6 (e43d30fc-dcbd-4af6-bcc6-e05e6d31ef6c)
2019-07-10 20:47:26.548 22705 RALLYDEBUG rally_openstack.cleanup.manager [-] Deleting neutron.network object s_rally_2b35e8b0_Qi24sE9r (e71a3352-8cff-4e61-b5ea-7f388b87c8c4)
2019-07-10 20:47:26.797 22705 RALLYDEBUG rally_openstack.cleanup.manager [-] Deleting neutron.network object s_rally_2b35e8b0_ldMuD7lT (e91da1c7-b03f-44cd-bdbc-70018e454499)
2019-07-10 20:47:26.854 22705 RALLYDEBUG rally_openstack.cleanup.manager [-] Deleting neutron.network object s_rally_2b35e8b0_U19tuqas (ea1a8963-e18d-40d7-aebb-0090e75bfb33)
2019-07-10 20:47:26.873 22705 RALLYDEBUG rally_openstack.cleanup.manager [-] Deleting neutron.network object s_rally_2b35e8b0_vmuAKDkH (ea5b0ae0-15c7-4347-8d5e-857398636196)
2019-07-10 20:47:26.938 22705 RALLYDEBUG rally_openstack.cleanup.manager [-] Deleting neutron.network object s_rally_2b35e8b0_3O824gS7 (f15ac6ee-bd5f-4012-82a0-bbf81de9e5de)
2019-07-10 20:47:27.313 22705 RALLYDEBUG rally_openstack.cleanup.manager [-] Deleting neutron.network object s_rally_2b35e8b0_ruHMrnnN (f7e66ced-088b-492c-90da-9f51efe5f485)
