2019-07-10 21:10:21.091 26952 WARNING rally_openstack.scenarios.neutron.utils [-] Running this scenario without either the 'network' or 'existing_network' context is deprecated
2019-07-10 21:10:21.730 26959 INFO rally.task.runner [-] Task 3fc015d7-13ea-4005-a38c-9f588aff70fd | ITER: 10 END: OK
2019-07-10 21:10:21.735 26959 INFO rally.task.runner [-] Task 3fc015d7-13ea-4005-a38c-9f588aff70fd | ITER: 40 START
2019-07-10 21:10:21.735 26959 WARNING rally_openstack.scenarios.neutron.utils [-] Running this scenario without either the 'network' or 'existing_network' context is deprecated
2019-07-10 21:10:29.020 26976 INFO rally.task.runner [-] Task 3fc015d7-13ea-4005-a38c-9f588aff70fd | ITER: 21 END: OK
2019-07-10 21:10:30.835 26989 INFO rally.task.runner [-] Task 3fc015d7-13ea-4005-a38c-9f588aff70fd | ITER: 22 END: OK
2019-07-10 21:10:32.036 26996 INFO rally.task.runner [-] Task 3fc015d7-13ea-4005-a38c-9f588aff70fd | ITER: 24 END: OK
2019-07-10 21:10:32.112 26956 INFO rally.task.runner [-] Task 3fc015d7-13ea-4005-a38c-9f588aff70fd | ITER: 30 END: OK
2019-07-10 21:10:32.666 26967 INFO rally.task.runner [-] Task 3fc015d7-13ea-4005-a38c-9f588aff70fd | ITER: 36 END: OK
2019-07-10 21:10:32.925 26951 INFO rally.task.runner [-] Task 3fc015d7-13ea-4005-a38c-9f588aff70fd | ITER: 25 END: OK
2019-07-10 21:10:33.044 26951 INFO rally.task.runner [-] Task 3fc015d7-13ea-4005-a38c-9f588aff70fd | ITER: 27 END: OK
2019-07-10 21:10:33.077 26963 INFO rally.task.runner [-] Task 3fc015d7-13ea-4005-a38c-9f588aff70fd | ITER: 28 END: OK
2019-07-10 21:10:33.207 26953 INFO rally.task.runner [-] Task 3fc015d7-13ea-4005-a38c-9f588aff70fd | ITER: 35 END: OK
2019-07-10 21:10:33.267 26994 INFO rally.task.runner [-] Task 3fc015d7-13ea-4005-a38c-9f588aff70fd | ITER: 23 END: OK
2019-07-10 21:10:33.476 26977 INFO rally.task.runner [-] Task 3fc015d7-13ea-4005-a38c-9f588aff70fd | ITER: 29 END: OK
2019-07-10 21:10:33.784 26984 INFO rally.task.runner [-] Task 3fc015d7-13ea-4005-a38c-9f588aff70fd | ITER: 33 END: OK
2019-07-10 21:10:33.796 26953 INFO rally.task.runner [-] Task 3fc015d7-13ea-4005-a38c-9f588aff70fd | ITER: 37 END: OK
2019-07-10 21:10:33.822 26956 INFO rally.task.runner [-] Task 3fc015d7-13ea-4005-a38c-9f588aff70fd | ITER: 26 END: OK
2019-07-10 21:10:34.037 26995 INFO rally.task.runner [-] Task 3fc015d7-13ea-4005-a38c-9f588aff70fd | ITER: 38 END: OK
2019-07-10 21:10:34.078 26972 INFO rally.task.runner [-] Task 3fc015d7-13ea-4005-a38c-9f588aff70fd | ITER: 32 END: OK
2019-07-10 21:10:34.410 26958 INFO rally.task.runner [-] Task 3fc015d7-13ea-4005-a38c-9f588aff70fd | ITER: 34 END: OK
2019-07-10 21:10:34.574 26952 INFO rally.task.runner [-] Task 3fc015d7-13ea-4005-a38c-9f588aff70fd | ITER: 39 END: OK
2019-07-10 21:10:34.599 26952 INFO rally.task.runner [-] Task 3fc015d7-13ea-4005-a38c-9f588aff70fd | ITER: 31 END: OK
2019-07-10 21:10:35.711 26959 INFO rally.task.runner [-] Task 3fc015d7-13ea-4005-a38c-9f588aff70fd | ITER: 40 END: OK
2019-07-10 21:10:35.736 22705 INFO rally.task.context [-] Task 3fc015d7-13ea-4005-a38c-9f588aff70fd | Context cleanup@openstack cleanup() started
2019-07-10 21:10:35.738 22705 RALLYDEBUG rally_openstack.cleanup.manager [-] Cleaning up neutron vip objects
2019-07-10 21:10:36.488 22705 RALLYDEBUG rally_openstack.cleanup.manager [-] Cleaning up neutron health_monitor objects
2019-07-10 21:10:37.233 22705 RALLYDEBUG rally_openstack.cleanup.manager [-] Cleaning up neutron pool objects
2019-07-10 21:10:37.981 22705 RALLYDEBUG rally_openstack.cleanup.manager [-] Cleaning up neutron loadbalancer objects
2019-07-10 21:10:38.693 22705 RALLYDEBUG rally_openstack.cleanup.manager [-] Cleaning up neutron floatingip objects
2019-07-10 21:10:39.666 22705 RALLYDEBUG rally_openstack.cleanup.manager [-] Cleaning up neutron port objects
2019-07-10 21:10:41.054 22705 RALLYDEBUG rally_openstack.cleanup.manager [-] Cleaning up neutron subnet objects
2019-07-10 21:10:41.819 22705 RALLYDEBUG rally_openstack.cleanup.manager [-] Cleaning up neutron network objects
2019-07-10 21:10:42.691 22705 RALLYDEBUG rally_openstack.cleanup.manager [-] Deleting neutron.network object s_rally_e9db22f4_54jr4n1G (11bef5f8-6cfd-4dbd-a01b-a118ff55e307)
2019-07-10 21:10:42.694 22705 RALLYDEBUG rally_openstack.cleanup.manager [-] Deleting neutron.network object s_rally_e9db22f4_5aKmdvsC (051d955e-578c-4862-8a61-89495f16e9ab)
2019-07-10 21:10:42.707 22705 RALLYDEBUG rally_openstack.cleanup.manager [-] Deleting neutron.network object s_rally_e9db22f4_0qH0j9uP (1bd9139a-b701-4b61-9d33-0a7fa8bd9534)
2019-07-10 21:10:42.708 22705 RALLYDEBUG rally_openstack.cleanup.manager [-] Deleting neutron.network object s_rally_e9db22f4_VsMK0BvN (4d72a8fd-4cdd-4687-8535-99dc9bdff0d7)
2019-07-10 21:10:42.710 22705 RALLYDEBUG rally_openstack.cleanup.manager [-] Deleting neutron.network object s_rally_e9db22f4_OGLcV0bf (0fce9050-20ce-40f1-a935-2232208d2474)
2019-07-10 21:10:42.712 22705 RALLYDEBUG rally_openstack.cleanup.manager [-] Deleting neutron.network object s_rally_e9db22f4_LtnC7kVb (1276891b-99eb-48f2-86cd-560897e7ca75)
2019-07-10 21:10:42.713 22705 RALLYDEBUG rally_openstack.cleanup.manager [-] Deleting neutron.network object s_rally_e9db22f4_5HMmiLt8 (273c2c09-a20d-4b34-8b68-4a3dcab1f900)
2019-07-10 21:10:42.720 22705 RALLYDEBUG rally_openstack.cleanup.manager [-] Deleting neutron.network object s_rally_e9db22f4_27ux7Xzg (4c3bbf1f-b10a-4cbb-95a3-997e4f505166)
2019-07-10 21:10:42.721 22705 RALLYDEBUG rally_openstack.cleanup.manager [-] Deleting neutron.network object s_rally_e9db22f4_61jGSGSU (54b81261-7261-4853-a422-148461245d64)
2019-07-10 21:10:42.724 22705 RALLYDEBUG rally_openstack.cleanup.manager [-] Deleting neutron.network object s_rally_e9db22f4_ojBvOWsJ (4a9ba4ce-f85a-4c88-ac40-07b3c923a103)
2019-07-10 21:10:42.732 22705 RALLYDEBUG rally_openstack.cleanup.manager [-] Deleting neutron.network object s_rally_e9db22f4_Ke1IFtvY (562bc35a-efd7-4469-96fa-b4cb34dfd4bf)
2019-07-10 21:10:42.739 22705 RALLYDEBUG rally_openstack.cleanup.manager [-] Deleting neutron.network object s_rally_e9db22f4_1szNfGuD (165cc1a5-2939-4306-9d69-3608b9e5c330)
2019-07-10 21:10:42.761 22705 RALLYDEBUG rally_openstack.cleanup.manager [-] Deleting neutron.network object s_rally_e9db22f4_8HbiMxom (60efddf9-efc5-4927-b6a4-a63ae8911901)
2019-07-10 21:10:42.762 22705 RALLYDEBUG rally_openstack.cleanup.manager [-] Deleting neutron.network object s_rally_e9db22f4_zHFsAvY6 (73adeb81-ea63-4937-a58d-4fce470db878)
2019-07-10 21:10:42.773 22705 RALLYDEBUG rally_openstack.cleanup.manager [-] Deleting neutron.network object s_rally_e9db22f4_QjLIft6z (76a558a9-c16a-49f6-9fd5-99bdac3cb30c)
2019-07-10 21:10:42.774 22705 RALLYDEBUG rally_openstack.cleanup.manager [-] Deleting neutron.network object s_rally_e9db22f4_TTKpfxbu (7b81c809-980d-4ea0-88c0-c0dd5b56db72)
2019-07-10 21:10:42.803 22705 RALLYDEBUG rally_openstack.cleanup.manager [-] Deleting neutron.network object s_rally_e9db22f4_e8NgAX40 (7ddee294-75dc-4a18-b8ba-717513fb896b)
2019-07-10 21:10:42.815 22705 RALLYDEBUG rally_openstack.cleanup.manager [-] Deleting neutron.network object s_rally_e9db22f4_B7Nogp0O (7e088b8d-86cc-4342-ba0c-49163c908936)
2019-07-10 21:10:42.839 22705 RALLYDEBUG rally_openstack.cleanup.manager [-] Deleting neutron.network object s_rally_e9db22f4_TfoZ0u7p (7f978ed1-35cc-46f3-a87c-7aa177420245)
2019-07-10 21:10:42.848 22705 RALLYDEBUG rally_openstack.cleanup.manager [-] Deleting neutron.network object s_rally_e9db22f4_UTFj3tPt (858ade83-5b3f-4292-88c6-9281e3b70c42)
2019-07-10 21:10:45.503 22705 RALLYDEBUG rally_openstack.cleanup.manager [-] Deleting neutron.network object s_rally_e9db22f4_BVA0yV5x (8688b9e1-e8ca-45e6-9a2d-a11931c4f694)
2019-07-10 21:10:45.568 22705 RALLYDEBUG rally_openstack.cleanup.manager [-] Deleting neutron.network object s_rally_e9db22f4_LidBv7sK (89879a9f-7400-4797-8a27-37cf4441e929)
2019-07-10 21:10:45.673 22705 RALLYDEBUG rally_openstack.cleanup.manager [-] Deleting neutron.network object s_rally_e9db22f4_lXgyiqLv (921db7a3-050c-4807-a685-3b76122ff106)
2019-07-10 21:10:45.684 22705 RALLYDEBUG rally_openstack.cleanup.manager [-] Deleting neutron.network object s_rally_e9db22f4_yCgVQSsA (974a57a2-346d-4f74-b755-f4a27efa462e)
2019-07-10 21:10:45.728 22705 RALLYDEBUG rally_openstack.cleanup.manager [-] Deleting neutron.network object s_rally_e9db22f4_qMPezHip (976ca888-a696-45cf-a27a-4d3ad0269b5a)
2019-07-10 21:10:45.790 22705 RALLYDEBUG rally_openstack.cleanup.manager [-] Deleting neutron.network object s_rally_e9db22f4_PhWuPCMe (9dc97cd5-1bf4-4e93-bf23-18d3579043ad)
2019-07-10 21:10:45.797 22705 RALLYDEBUG rally_openstack.cleanup.manager [-] Deleting neutron.network object s_rally_e9db22f4_gPvta1zU (a1593118-2a93-4751-bb21-c6d800a0db43)
2019-07-10 21:10:45.837 22705 RALLYDEBUG rally_openstack.cleanup.manager [-] Deleting neutron.network object s_rally_e9db22f4_KNGpdwR9 (a2aaa5e2-430f-4017-a360-54217c908403)
2019-07-10 21:10:45.837 22705 RALLYDEBUG rally_openstack.cleanup.manager [-] Deleting neutron.network object s_rally_e9db22f4_VGk3nYSh (a7f719de-27f0-4054-bed3-c24d1837056b)
2019-07-10 21:10:45.867 22705 RALLYDEBUG rally_openstack.cleanup.manager [-] Deleting neutron.network object s_rally_e9db22f4_rxSqKYes (a8906750-6a8d-413a-bb97-e5373650ef7c)
2019-07-10 21:10:45.887 22705 RALLYDEBUG rally_openstack.cleanup.manager [-] Deleting neutron.network object s_rally_e9db22f4_YDeC06vZ (ad35da9b-24e2-40f6-9a50-f4bf2a82cdb1)
2019-07-10 21:10:45.902 22705 RALLYDEBUG rally_openstack.cleanup.manager [-] Deleting neutron.network object s_rally_e9db22f4_QUuFL5EM (b6818d0b-501a-42de-8196-b5d9a2b7d168)
2019-07-10 21:10:45.933 22705 RALLYDEBUG rally_openstack.cleanup.manager [-] Deleting neutron.network object s_rally_e9db22f4_qiorCkZa (b7022775-be48-4327-be07-10eed00fd750)
2019-07-10 21:10:45.946 22705 RALLYDEBUG rally_openstack.cleanup.manager [-] Deleting neutron.network object s_rally_e9db22f4_bBodzITe (c06d55e2-5b36-4619-b133-fba216a6d4c9)
2019-07-10 21:10:45.961 22705 RALLYDEBUG rally_openstack.cleanup.manager [-] Deleting neutron.network object s_rally_e9db22f4_0fkFUWty (c75106b0-9c8d-4cb8-9017-8b838c58a1ef)
2019-07-10 21:10:46.083 22705 RALLYDEBUG rally_openstack.cleanup.manager [-] Deleting neutron.network object s_rally_e9db22f4_c0KNsBHn (dde77d9e-6d3f-47a4-9e1a-1ad32c97ab8b)
2019-07-10 21:10:46.095 22705 RALLYDEBUG rally_openstack.cleanup.manager [-] Deleting neutron.network object s_rally_e9db22f4_jxm5hT03 (e5bef5ea-feef-4ebe-89e8-c300eb411e1d)
2019-07-10 21:10:46.169 22705 RALLYDEBUG rally_openstack.cleanup.manager [-] Deleting neutron.network object s_rally_e9db22f4_6jLSsxx4 (eea1af67-584b-48c5-9d05-01a63fd4121b)
2019-07-10 21:10:46.270 22705 RALLYDEBUG rally_openstack.cleanup.manager [-] Deleting neutron.network object s_rally_e9db22f4_LbDc8UN2 (eeeca5ce-1235-4a2a-99b3-4a2fd07295a3)
2019-07-10 21:10:46.306 22705 RALLYDEBUG rally_openstack.cleanup.manager [-] Deleting neutron.network object s_rally_e9db22f4_AVck4KjO (fb0e314a-2788-41ab-b38e-8e02da4f479d)
2019-07-10 21:10:50.227 22705 RALLYDEBUG rally_openstack.cleanup.manager [-] Cleaning up neutron router objects
2019-07-10 21:10:50.905 22705 RALLYDEBUG rally_openstack.cleanup.manager [-] Cleaning up neutron security_group objects
2019-07-10 21:10:51.676 22705 INFO rally.task.context [-] Task 3fc015d7-13ea-4005-a38c-9f588aff70fd | Context cleanup@openstack cleanup() finished in 15.94 sec
2019-07-10 21:10:51.677 22705 INFO rally.task.context [-] Task 3fc015d7-13ea-4005-a38c-9f588aff70fd | Context quotas@openstack cleanup() started
2019-07-10 21:10:51.922 22705 INFO rally.task.context [-] Task 3fc015d7-13ea-4005-a38c-9f588aff70fd | Context quotas@openstack cleanup() finished in 0.24 sec
2019-07-10 21:10:51.922 22705 INFO rally.task.context [-] Task 3fc015d7-13ea-4005-a38c-9f588aff70fd | Context users@openstack cleanup() started
2019-07-10 21:10:57.082 22705 INFO rally.task.context [-] Task 3fc015d7-13ea-4005-a38c-9f588aff70fd | Context users@openstack cleanup() finished in 5.16 sec
2019-07-10 21:10:58.381 22705 INFO rally.task.engine [-] Load duration is: 31.971995
2019-07-10 21:10:58.381 22705 INFO rally.task.engine [-] Full runner duration is: 32.016569
2019-07-10 21:10:58.382 22705 INFO rally.task.engine [-] Full duration is: 58.923141
2019-07-10 21:10:58.690 22705 INFO rally.task.engine [-] Running workload: position = 0 config = { "version": 2, "title": "A cropped version of a bigger task.", "description": "Auto-generated task from a single workload (uuid=1e169811-b158-43bc-8e9c-44b0cacb2c6a)", "subtasks": [ { "title": "Quotas.neutron_update", "description": "Update quotas for neutron.", "scenario": { "Quotas.neutron_update": { "max_quota": 1024 } }, "contexts": { "users": { "tenants": 20, "users_per_tenant": 1 } }, "runner": { "constant": { "times": 40, "concurrency": 20 } }, "hooks": [], "sla": { "failure_rate": { "max": 0 } } } ] }
2019-07-10 21:10:58.714 22705 RALLYDEBUG rally_openstack.contexts.keystone.users [-] Creating 20 tenants using 20 threads
2019-07-10 21:11:01.284 22705 RALLYDEBUG rally_openstack.contexts.keystone.users [-] Creating 20 users using 20 threads
2019-07-10 21:11:04.733 22705 INFO rally.task.context [-] Task 3fc015d7-13ea-4005-a38c-9f588aff70fd | Context users@openstack setup() finished in 6.02 sec
2019-07-10 21:11:04.734 22705 INFO rally.task.context [-] Task 3fc015d7-13ea-4005-a38c-9f588aff70fd | Context admin_cleanup@openstack setup() finished in 0.00 msec
2019-07-10 21:11:04.740 22705 RALLYDEBUG rally.task.runner [-] Starting the constant runner (task UUID: 3fc015d7-13ea-4005-a38c-9f588aff70fd). timeout: 0 concurrency: 20 concurrency_per_worker: 1 times: 40 concurrency_overhead: 4 processes_to_start: 16 max_cpu_used: 16
2019-07-10 21:11:04.755 27321 RALLYDEBUG rally.task.runner [-] Starting a worker. concurrency: 2 args: {"max_quota": 1024} times: 40 method_name: run timeout: 0 duration: None cls:
2019-07-10 21:11:04.757 27322 RALLYDEBUG rally.task.runner [-] Starting a worker. concurrency: 2 args: {"max_quota": 1024} times: 40 method_name: run timeout: 0 duration: None cls:
2019-07-10 21:11:04.763 27323 RALLYDEBUG rally.task.runner [-] Starting a worker. concurrency: 2 args: {"max_quota": 1024} times: 40 method_name: run timeout: 0 duration: None cls:
2019-07-10 21:11:04.766 27324 RALLYDEBUG rally.task.runner [-] Starting a worker. concurrency: 2 args: {"max_quota": 1024} times: 40 method_name: run timeout: 0 duration: None cls:
2019-07-10 21:11:04.769 27325 RALLYDEBUG rally.task.runner [-] Starting a worker. concurrency: 1 args: {"max_quota": 1024} times: 40 method_name: run timeout: 0 duration: None cls:
2019-07-10 21:11:04.770 27322 INFO rally.task.runner [-] Task 3fc015d7-13ea-4005-a38c-9f588aff70fd | ITER: 2 START
2019-07-10 21:11:04.772 27321 INFO rally.task.runner [-] Task 3fc015d7-13ea-4005-a38c-9f588aff70fd | ITER: 1 START
2019-07-10 21:11:04.774 27322 INFO rally.task.runner [-] Task 3fc015d7-13ea-4005-a38c-9f588aff70fd | ITER: 4 START
2019-07-10 21:11:04.777 27325 INFO rally.task.runner [-] Task 3fc015d7-13ea-4005-a38c-9f588aff70fd | ITER: 7 START
2019-07-10 21:11:04.772 27321 INFO rally.task.runner [-] Task 3fc015d7-13ea-4005-a38c-9f588aff70fd | ITER: 3 START
2019-07-10 21:11:04.774 27323 INFO rally.task.runner [-] Task 3fc015d7-13ea-4005-a38c-9f588aff70fd | ITER: 5 START
2019-07-10 21:11:04.783 27324 INFO rally.task.runner [-] Task 3fc015d7-13ea-4005-a38c-9f588aff70fd | ITER: 6 START
2019-07-10 21:11:04.783 27324 INFO rally.task.runner [-] Task 3fc015d7-13ea-4005-a38c-9f588aff70fd | ITER: 9 START
2019-07-10 21:11:04.793 27323 INFO rally.task.runner [-] Task 3fc015d7-13ea-4005-a38c-9f588aff70fd | ITER: 8 START
2019-07-10 21:11:04.803 27342 RALLYDEBUG rally.task.runner [-] Starting a worker. concurrency: 1 args: {"max_quota": 1024} times: 40 method_name: run timeout: 0 duration: None cls:
2019-07-10 21:11:04.808 27343 RALLYDEBUG rally.task.runner [-] Starting a worker. concurrency: 1 args: {"max_quota": 1024} times: 40 method_name: run timeout: 0 duration: None cls:
2019-07-10 21:11:04.810 27342 INFO rally.task.runner [-] Task 3fc015d7-13ea-4005-a38c-9f588aff70fd | ITER: 10 START
2019-07-10 21:11:04.812 27344 RALLYDEBUG rally.task.runner [-] Starting a worker. concurrency: 1 args: {"max_quota": 1024} times: 40 method_name: run timeout: 0 duration: None cls:
2019-07-10 21:11:04.817 27343 INFO rally.task.runner [-] Task 3fc015d7-13ea-4005-a38c-9f588aff70fd | ITER: 11 START
2019-07-10 21:11:04.824 27344 INFO rally.task.runner [-] Task 3fc015d7-13ea-4005-a38c-9f588aff70fd | ITER: 12 START
2019-07-10 21:11:04.824 27347 RALLYDEBUG rally.task.runner [-] Starting a worker. concurrency: 1 args: {"max_quota": 1024} times: 40 method_name: run timeout: 0 duration: None cls:
2019-07-10 21:11:04.830 27350 RALLYDEBUG rally.task.runner [-] Starting a worker. concurrency: 1 args: {"max_quota": 1024} times: 40 method_name: run timeout: 0 duration: None cls:
2019-07-10 21:11:04.832 27353 RALLYDEBUG rally.task.runner [-] Starting a worker. concurrency: 1 args: {"max_quota": 1024} times: 40 method_name: run timeout: 0 duration: None cls:
2019-07-10 21:11:04.833 27347 INFO rally.task.runner [-] Task 3fc015d7-13ea-4005-a38c-9f588aff70fd | ITER: 13 START
2019-07-10 21:11:04.838 27350 INFO rally.task.runner [-] Task 3fc015d7-13ea-4005-a38c-9f588aff70fd | ITER: 14 START
2019-07-10 21:11:04.839 27354 RALLYDEBUG rally.task.runner [-] Starting a worker. concurrency: 1 args: {"max_quota": 1024} times: 40 method_name: run timeout: 0 duration: None cls:
2019-07-10 21:11:04.839 27353 INFO rally.task.runner [-] Task 3fc015d7-13ea-4005-a38c-9f588aff70fd | ITER: 15 START
2019-07-10 21:11:04.844 27357 RALLYDEBUG rally.task.runner [-] Starting a worker. concurrency: 1 args: {"max_quota": 1024} times: 40 method_name: run timeout: 0 duration: None cls:
2019-07-10 21:11:04.847 27354 INFO rally.task.runner [-] Task 3fc015d7-13ea-4005-a38c-9f588aff70fd | ITER: 16 START
2019-07-10 21:11:04.848 27362 RALLYDEBUG rally.task.runner [-] Starting a worker. concurrency: 1 args: {"max_quota": 1024} times: 40 method_name: run timeout: 0 duration: None cls:
2019-07-10 21:11:04.850 27357 INFO rally.task.runner [-] Task 3fc015d7-13ea-4005-a38c-9f588aff70fd | ITER: 17 START
2019-07-10 21:11:04.855 27362 INFO rally.task.runner [-] Task 3fc015d7-13ea-4005-a38c-9f588aff70fd | ITER: 18 START
2019-07-10 21:11:06.721 27321 INFO rally.task.runner [-] Task 3fc015d7-13ea-4005-a38c-9f588aff70fd | ITER: 3 END: OK
2019-07-10 21:11:06.728 27321 INFO rally.task.runner [-] Task 3fc015d7-13ea-4005-a38c-9f588aff70fd | ITER: 19 START
2019-07-10 21:11:06.838 27322 INFO rally.task.runner [-] Task 3fc015d7-13ea-4005-a38c-9f588aff70fd | ITER: 2 END: OK
2019-07-10 21:11:06.843 27322 INFO rally.task.runner [-] Task 3fc015d7-13ea-4005-a38c-9f588aff70fd | ITER: 20 START
2019-07-10 21:11:06.855 27322 INFO rally.task.runner [-] Task 3fc015d7-13ea-4005-a38c-9f588aff70fd | ITER: 4 END: OK
2019-07-10 21:11:06.859 27322 INFO rally.task.runner [-] Task 3fc015d7-13ea-4005-a38c-9f588aff70fd | ITER: 21 START
2019-07-10 21:11:07.050 27324 INFO rally.task.runner [-] Task 3fc015d7-13ea-4005-a38c-9f588aff70fd | ITER: 9 END: OK
2019-07-10 21:11:07.054 27324 INFO rally.task.runner [-] Task 3fc015d7-13ea-4005-a38c-9f588aff70fd | ITER: 22 START
2019-07-10 21:11:07.072 27342 INFO rally.task.runner [-] Task 3fc015d7-13ea-4005-a38c-9f588aff70fd | ITER: 10 END: OK
2019-07-10 21:11:07.076 27342 INFO rally.task.runner [-] Task 3fc015d7-13ea-4005-a38c-9f588aff70fd | ITER: 23 START
2019-07-10 21:11:07.115 27344 INFO rally.task.runner [-] Task 3fc015d7-13ea-4005-a38c-9f588aff70fd | ITER: 12 END: OK
2019-07-10 21:11:07.122 27344 INFO rally.task.runner [-] Task 3fc015d7-13ea-4005-a38c-9f588aff70fd | ITER: 24 START
2019-07-10 21:11:07.139 27323 INFO rally.task.runner [-] Task 3fc015d7-13ea-4005-a38c-9f588aff70fd | ITER: 8 END: OK
2019-07-10 21:11:07.145 27323 INFO rally.task.runner [-] Task 3fc015d7-13ea-4005-a38c-9f588aff70fd | ITER: 25 START
2019-07-10 21:11:07.163 27324 INFO rally.task.runner [-] Task 3fc015d7-13ea-4005-a38c-9f588aff70fd | ITER: 6 END: OK
2019-07-10 21:11:07.167 27324 INFO rally.task.runner [-] Task 3fc015d7-13ea-4005-a38c-9f588aff70fd | ITER: 26 START
2019-07-10 21:11:07.178 27325 INFO rally.task.runner [-] Task 3fc015d7-13ea-4005-a38c-9f588aff70fd | ITER: 7 END: OK
2019-07-10 21:11:07.185 27325 INFO rally.task.runner [-] Task 3fc015d7-13ea-4005-a38c-9f588aff70fd | ITER: 27 START
2019-07-10 21:11:07.191 27357 INFO rally.task.runner [-] Task 3fc015d7-13ea-4005-a38c-9f588aff70fd | ITER: 17 END: OK
2019-07-10 21:11:07.197 27357 INFO rally.task.runner [-] Task 3fc015d7-13ea-4005-a38c-9f588aff70fd | ITER: 28 START
2019-07-10 21:11:07.201 27350 INFO rally.task.runner [-] Task 3fc015d7-13ea-4005-a38c-9f588aff70fd | ITER: 14 END: OK
2019-07-10 21:11:07.204 27362 INFO rally.task.runner [-] Task 3fc015d7-13ea-4005-a38c-9f588aff70fd | ITER: 18 END: OK
2019-07-10 21:11:07.206 27350 INFO rally.task.runner [-] Task 3fc015d7-13ea-4005-a38c-9f588aff70fd | ITER: 29 START
2019-07-10 21:11:07.211 27362 INFO rally.task.runner [-] Task 3fc015d7-13ea-4005-a38c-9f588aff70fd | ITER: 30 START
2019-07-10 21:11:07.218 27347 INFO rally.task.runner [-] Task 3fc015d7-13ea-4005-a38c-9f588aff70fd | ITER: 13 END: OK
2019-07-10 21:11:07.223 27347 INFO rally.task.runner [-] Task 3fc015d7-13ea-4005-a38c-9f588aff70fd | ITER: 31 START
2019-07-10 21:11:07.238 27321 INFO rally.task.runner [-] Task 3fc015d7-13ea-4005-a38c-9f588aff70fd | ITER: 1 END: OK
2019-07-10 21:11:07.240 27353 INFO rally.task.runner [-] Task 3fc015d7-13ea-4005-a38c-9f588aff70fd | ITER: 15 END: OK
2019-07-10 21:11:07.243 27321 INFO rally.task.runner [-] Task 3fc015d7-13ea-4005-a38c-9f588aff70fd | ITER: 32 START
2019-07-10 21:11:07.244 27353 INFO rally.task.runner [-] Task 3fc015d7-13ea-4005-a38c-9f588aff70fd | ITER: 33 START
2019-07-10 21:11:07.246 27343 INFO rally.task.runner [-] Task 3fc015d7-13ea-4005-a38c-9f588aff70fd | ITER: 11 END: OK
2019-07-10 21:11:07.251 27343 INFO rally.task.runner [-] Task 3fc015d7-13ea-4005-a38c-9f588aff70fd | ITER: 34 START
2019-07-10 21:11:07.257 27354 INFO rally.task.runner [-] Task 3fc015d7-13ea-4005-a38c-9f588aff70fd | ITER: 16 END: OK
2019-07-10 21:11:07.262 27354 INFO rally.task.runner [-] Task 3fc015d7-13ea-4005-a38c-9f588aff70fd | ITER: 35 START
2019-07-10 21:11:07.282 27323 INFO rally.task.runner [-] Task 3fc015d7-13ea-4005-a38c-9f588aff70fd | ITER: 5 END: OK
2019-07-10 21:11:07.286 27323 INFO rally.task.runner [-] Task 3fc015d7-13ea-4005-a38c-9f588aff70fd | ITER: 36 START
2019-07-10 21:11:07.876 27321 INFO rally.task.runner [-] Task 3fc015d7-13ea-4005-a38c-9f588aff70fd | ITER: 19 END: OK
2019-07-10 21:11:07.882 27321 INFO rally.task.runner [-] Task 3fc015d7-13ea-4005-a38c-9f588aff70fd | ITER: 37 START
2019-07-10 21:11:08.012 27325 INFO rally.task.runner [-] Task 3fc015d7-13ea-4005-a38c-9f588aff70fd | ITER: 27 END: OK
2019-07-10 21:11:08.018 27325 INFO rally.task.runner [-] Task 3fc015d7-13ea-4005-a38c-9f588aff70fd | ITER: 38 START
2019-07-10 21:11:08.091 27322 INFO rally.task.runner [-] Task 3fc015d7-13ea-4005-a38c-9f588aff70fd | ITER: 20 END: OK
2019-07-10 21:11:08.097 27322 INFO rally.task.runner [-] Task 3fc015d7-13ea-4005-a38c-9f588aff70fd | ITER: 39 START
2019-07-10 21:11:08.750 27322 INFO rally.task.runner [-] Task 3fc015d7-13ea-4005-a38c-9f588aff70fd | ITER: 21 END: OK
2019-07-10 21:11:08.756 27322 INFO rally.task.runner [-] Task 3fc015d7-13ea-4005-a38c-9f588aff70fd | ITER: 40 START
2019-07-10 21:11:08.827 27362 INFO rally.task.runner [-] Task 3fc015d7-13ea-4005-a38c-9f588aff70fd | ITER: 30 END: OK
2019-07-10 21:11:08.850 27321 INFO rally.task.runner [-] Task 3fc015d7-13ea-4005-a38c-9f588aff70fd | ITER: 32 END: OK
2019-07-10 21:11:09.143 27350 INFO rally.task.runner [-] Task 3fc015d7-13ea-4005-a38c-9f588aff70fd | ITER: 29 END: OK
2019-07-10 21:11:09.276 27324 INFO rally.task.runner [-] Task 3fc015d7-13ea-4005-a38c-9f588aff70fd | ITER: 22 END: OK
2019-07-10 21:11:09.421 27344 INFO rally.task.runner [-] Task 3fc015d7-13ea-4005-a38c-9f588aff70fd | ITER: 24 END: OK
2019-07-10 21:11:09.498 27357 INFO rally.task.runner [-] Task 3fc015d7-13ea-4005-a38c-9f588aff70fd | ITER: 28 END: OK
2019-07-10 21:11:09.534 27323 INFO rally.task.runner [-] Task 3fc015d7-13ea-4005-a38c-9f588aff70fd | ITER: 25 END: OK
2019-07-10 21:11:09.547 27342 INFO rally.task.runner [-] Task 3fc015d7-13ea-4005-a38c-9f588aff70fd | ITER: 23 END: OK
2019-07-10 21:11:09.581 27353 INFO rally.task.runner [-] Task 3fc015d7-13ea-4005-a38c-9f588aff70fd | ITER: 33 END: OK
2019-07-10 21:11:09.647 27324 INFO rally.task.runner [-] Task 3fc015d7-13ea-4005-a38c-9f588aff70fd | ITER: 26 END: OK
2019-07-10 21:11:09.662 27354 INFO rally.task.runner [-] Task 3fc015d7-13ea-4005-a38c-9f588aff70fd | ITER: 35 END: OK
2019-07-10 21:11:09.695 27323 INFO rally.task.runner [-] Task 3fc015d7-13ea-4005-a38c-9f588aff70fd | ITER: 36 END: OK
2019-07-10 21:11:09.725 27343 INFO rally.task.runner [-] Task 3fc015d7-13ea-4005-a38c-9f588aff70fd | ITER: 34 END: OK
2019-07-10 21:11:09.761 27347 INFO rally.task.runner [-] Task 3fc015d7-13ea-4005-a38c-9f588aff70fd | ITER: 31 END: OK
2019-07-10 21:11:09.825 27321 INFO rally.task.runner [-] Task 3fc015d7-13ea-4005-a38c-9f588aff70fd | ITER: 37 END: OK
2019-07-10 21:11:09.837 27322 INFO rally.task.runner [-] Task 3fc015d7-13ea-4005-a38c-9f588aff70fd | ITER: 39 END: OK
2019-07-10 21:11:09.852 27325 INFO rally.task.runner [-] Task 3fc015d7-13ea-4005-a38c-9f588aff70fd | ITER: 38 END: OK
2019-07-10 21:11:09.939 27322 INFO rally.task.runner [-] Task 3fc015d7-13ea-4005-a38c-9f588aff70fd | ITER: 40 END: OK
2019-07-10 21:11:09.967 22705 INFO rally.task.context [-] Task 3fc015d7-13ea-4005-a38c-9f588aff70fd | Context admin_cleanup@openstack cleanup() started
2019-07-10 21:11:09.970 22705 RALLYDEBUG rally_openstack.cleanup.manager [-] Cleaning up neutron quota objects
2019-07-10 21:11:14.560 22705 INFO rally.task.context [-] Task 3fc015d7-13ea-4005-a38c-9f588aff70fd | Context admin_cleanup@openstack cleanup() finished in 4.59 sec
2019-07-10 21:11:14.560 22705 INFO rally.task.context [-] Task 3fc015d7-13ea-4005-a38c-9f588aff70fd | Context users@openstack cleanup() started
2019-07-10 21:11:45.128 22705 INFO rally.task.context [-] Task 3fc015d7-13ea-4005-a38c-9f588aff70fd | Context users@openstack cleanup() finished in 30.57 sec
2019-07-10 21:11:46.986 22705 INFO rally.task.engine [-] Load duration is: 5.167787
2019-07-10 21:11:46.987 22705 INFO rally.task.engine [-] Full runner duration is: 5.227155
2019-07-10 21:11:46.987 22705 INFO rally.task.engine [-] Full duration is: 46.41701
2019-07-10 21:11:47.277 22705 INFO rally.task.engine [-] Running workload: position = 0 config = { "version": 2, "title": "A cropped version of a bigger task.", "description": "Auto-generated task from a single workload (uuid=1916ad7e-7b11-4dd9-8eac-1a175b3e794a)", "subtasks": [ { "title": "NeutronTrunks.create_and_list_trunk_subports", "description": "", "scenario": { "NeutronTrunks.create_and_list_trunk_subports": { "subport_count": 125 } }, "contexts": { "users": { "tenants": 1, "users_per_tenant": 1 }, "quotas": { "neutron": { "network": -1, "port": 1000 } } }, "runner": { "constant": { "times": 4, "concurrency": 4 } }, "hooks": [], "sla": { "failure_rate": { "max": 0 } } } ] }
2019-07-10 21:11:47.299 22705 RALLYDEBUG rally_openstack.contexts.keystone.users [-] Creating 1 tenants using 20 threads
2019-07-10 21:11:49.124 22705 RALLYDEBUG rally_openstack.contexts.keystone.users [-] Creating 1 users using 20 threads
2019-07-10 21:11:51.985 22705 INFO rally.task.context [-] Task 3fc015d7-13ea-4005-a38c-9f588aff70fd | Context users@openstack setup() finished in 4.69 sec
2019-07-10 21:11:52.779 22705 INFO rally.task.context [-] Task 3fc015d7-13ea-4005-a38c-9f588aff70fd | Context quotas@openstack setup() finished in 0.79 sec
2019-07-10 21:11:52.779 22705 INFO rally.task.context [-] Task 3fc015d7-13ea-4005-a38c-9f588aff70fd | Context cleanup@openstack setup() finished in 0.01 msec
2019-07-10 21:11:52.787 22705 RALLYDEBUG rally.task.runner [-] Starting the constant runner (task UUID: 3fc015d7-13ea-4005-a38c-9f588aff70fd). timeout: 0 concurrency: 4 concurrency_per_worker: 1 times: 4 concurrency_overhead: 0 processes_to_start: 4 max_cpu_used: 16
2019-07-10 21:11:52.801 27507 RALLYDEBUG rally.task.runner [-] Starting a worker. concurrency: 1 args: {"subport_count": 125} times: 4 method_name: run timeout: 0 duration: None cls:
2019-07-10 21:11:52.804 27508 RALLYDEBUG rally.task.runner [-] Starting a worker. concurrency: 1 args: {"subport_count": 125} times: 4 method_name: run timeout: 0 duration: None cls:
2019-07-10 21:11:52.806 27509 RALLYDEBUG rally.task.runner [-] Starting a worker. concurrency: 1 args: {"subport_count": 125} times: 4 method_name: run timeout: 0 duration: None cls:
2019-07-10 21:11:52.807 27507 INFO rally.task.runner [-] Task 3fc015d7-13ea-4005-a38c-9f588aff70fd | ITER: 1 START
2019-07-10 21:11:52.809 27508 INFO rally.task.runner [-] Task 3fc015d7-13ea-4005-a38c-9f588aff70fd | ITER: 2 START
2019-07-10 21:11:52.811 27510 RALLYDEBUG rally.task.runner [-] Starting a worker. concurrency: 1 args: {"subport_count": 125} times: 4 method_name: run timeout: 0 duration: None cls:
2019-07-10 21:11:52.812 27509 INFO rally.task.runner [-] Task 3fc015d7-13ea-4005-a38c-9f588aff70fd | ITER: 3 START
2019-07-10 21:11:52.816 27510 INFO rally.task.runner [-] Task 3fc015d7-13ea-4005-a38c-9f588aff70fd | ITER: 4 START
2019-07-10 21:14:37.381 27508 WARNING rally.task.atomic [-] 'optional_action_timer' is deprecated since rally v0.10.0.Please use action_timer instead, we have improved atomic actions, now do not need to explicitly close original action.
2019-07-10 21:14:37.421 27508 WARNING rally.task.atomic [-] 'optional_action_timer' is deprecated since rally v0.10.0.Please use action_timer instead, we have improved atomic actions, now do not need to explicitly close original action.
2019-07-10 21:14:38.284 27508 INFO rally.task.runner [-] Task 3fc015d7-13ea-4005-a38c-9f588aff70fd | ITER: 2 END: OK
2019-07-10 21:14:38.675 27510 WARNING rally.task.atomic [-] 'optional_action_timer' is deprecated since rally v0.10.0.Please use action_timer instead, we have improved atomic actions, now do not need to explicitly close original action.
2019-07-10 21:14:38.713 27510 WARNING rally.task.atomic [-] 'optional_action_timer' is deprecated since rally v0.10.0.Please use action_timer instead, we have improved atomic actions, now do not need to explicitly close original action.
2019-07-10 21:14:39.768 27510 INFO rally.task.runner [-] Task 3fc015d7-13ea-4005-a38c-9f588aff70fd | ITER: 4 END: OK
2019-07-10 21:14:40.250 27509 WARNING rally.task.atomic [-] 'optional_action_timer' is deprecated since rally v0.10.0.Please use action_timer instead, we have improved atomic actions, now do not need to explicitly close original action.
2019-07-10 21:14:40.291 27509 WARNING rally.task.atomic [-] 'optional_action_timer' is deprecated since rally v0.10.0.Please use action_timer instead, we have improved atomic actions, now do not need to explicitly close original action.
2019-07-10 21:14:40.897 27507 WARNING rally.task.atomic [-] 'optional_action_timer' is deprecated since rally v0.10.0.Please use action_timer instead, we have improved atomic actions, now do not need to explicitly close original action.
2019-07-10 21:14:40.935 27507 WARNING rally.task.atomic [-] 'optional_action_timer' is deprecated since rally v0.10.0.Please use action_timer instead, we have improved atomic actions, now do not need to explicitly close original action.
2019-07-10 21:14:41.066 27509 INFO rally.task.runner [-] Task 3fc015d7-13ea-4005-a38c-9f588aff70fd | ITER: 3 END: OK
2019-07-10 21:14:41.651 27507 INFO rally.task.runner [-] Task 3fc015d7-13ea-4005-a38c-9f588aff70fd | ITER: 1 END: OK
2019-07-10 21:14:41.681 22705 INFO rally.task.context [-] Task 3fc015d7-13ea-4005-a38c-9f588aff70fd | Context cleanup@openstack cleanup() started
2019-07-10 21:14:41.683 22705 RALLYDEBUG rally_openstack.cleanup.manager [-] Cleaning up neutron vip objects
2019-07-10 21:14:42.460 22705 RALLYDEBUG rally_openstack.cleanup.manager [-] Cleaning up neutron health_monitor objects
2019-07-10 21:14:43.224 22705 RALLYDEBUG rally_openstack.cleanup.manager [-] Cleaning up neutron pool objects
2019-07-10 21:14:43.986 22705 RALLYDEBUG rally_openstack.cleanup.manager [-] Cleaning up neutron loadbalancer objects
2019-07-10 21:14:45.151 22705 RALLYDEBUG rally_openstack.cleanup.manager [-] Cleaning up neutron floatingip objects
2019-07-10 21:14:45.859 22705 RALLYDEBUG rally_openstack.cleanup.manager [-] Cleaning up neutron port objects
2019-07-10 21:14:47.490 22705 RALLYDEBUG rally_openstack.cleanup.manager [-] Deleting neutron.port object s_rally_1916ad7e_3xWV0fNo (00311789-86bc-4efd-9f1b-3e1c613db0a6)
2019-07-10 21:14:47.493 22705 RALLYDEBUG rally_openstack.cleanup.manager [-] Deleting neutron.port object s_rally_1916ad7e_EdF73AQk (00676edb-823c-443d-888e-abb1b57ad127)
2019-07-10 21:14:47.503 22705 RALLYDEBUG rally_openstack.cleanup.manager [-] Deleting neutron.port object s_rally_1916ad7e_RR24RFmG (02ff1e5d-f8c1-49c8-8a13-b3f06abab3de)
2019-07-10 21:14:47.507 22705 RALLYDEBUG rally_openstack.cleanup.manager [-] Deleting neutron.port object s_rally_1916ad7e_luxYQE1K (033008e3-2478-4449-afce-d962d747ed80)
2019-07-10 21:14:47.508 22705 RALLYDEBUG rally_openstack.cleanup.manager [-] Deleting neutron.port object s_rally_1916ad7e_M4E4cHvo (031b605a-f496-4c93-b94e-7d198b7984bb)
2019-07-10 21:14:47.509 22705 RALLYDEBUG rally_openstack.cleanup.manager [-] Deleting neutron.port object s_rally_1916ad7e_M5vpyRwG (024c2801-d0c3-4385-a22c-4f9704160689)
2019-07-10 21:14:47.510 22705 RALLYDEBUG rally_openstack.cleanup.manager [-] Deleting neutron.port object s_rally_1916ad7e_IUEiEEnJ (01d1c86c-0980-497f-93ac-7be9d541c7f8)
2019-07-10 21:14:47.514 22705 RALLYDEBUG rally_openstack.cleanup.manager [-] Deleting neutron.port object s_rally_1916ad7e_zKi5W5wb (026817b3-ffa5-484c-8c2e-4c7f2146515f)
2019-07-10 21:14:47.514 22705 RALLYDEBUG rally_openstack.cleanup.manager [-] Deleting neutron.port object s_rally_1916ad7e_NMB4BWkU (0172739e-2bc7-444b-850d-bc13af8f29b1)
2019-07-10 21:14:47.516 22705 RALLYDEBUG rally_openstack.cleanup.manager [-] Deleting neutron.port object s_rally_1916ad7e_xFPjycFC (039189f0-7219-4dc8-a74c-ce4c6477a74e)
2019-07-10 21:14:47.524 22705 RALLYDEBUG rally_openstack.cleanup.manager [-] Deleting neutron.port object s_rally_1916ad7e_h2hQ9LJH (024a291d-12e2-43ac-b5cb-7bdd8bddba0b)
2019-07-10 21:14:47.526 22705 RALLYDEBUG rally_openstack.cleanup.manager [-] Deleting neutron.port object s_rally_1916ad7e_hOSZFWTC (03966de0-8991-4a93-a46e-849193d7c02c)
2019-07-10 21:14:47.532 22705 RALLYDEBUG rally_openstack.cleanup.manager [-] Deleting neutron.port object s_rally_1916ad7e_RLPfiDdO (040e1cc7-3115-412b-b7d3-d1b265b09274)
2019-07-10 21:14:47.534 22705 RALLYDEBUG rally_openstack.cleanup.manager [-] Deleting neutron.port object s_rally_1916ad7e_MvE0I1GR (02c70084-6ead-417f-aba1-dae8aba82d96)
2019-07-10 21:14:47.535 22705 RALLYDEBUG rally_openstack.cleanup.manager [-] Deleting neutron.port object s_rally_1916ad7e_hkf5bdPi (009a9e55-887f-4fea-877f-0e10eaf05852)
2019-07-10 21:14:47.545 22705 RALLYDEBUG rally_openstack.cleanup.manager [-] Deleting neutron.port object s_rally_1916ad7e_gr9IpTue (056e8d02-a888-4398-84ef-4c95767a85fd)
2019-07-10 21:14:47.553 22705 RALLYDEBUG rally_openstack.cleanup.manager [-] Deleting neutron.port object s_rally_1916ad7e_RXNjrvU6 (06141040-70b4-4f50-aae5-86b52c99816f)
2019-07-10 21:14:47.555 22705 RALLYDEBUG rally_openstack.cleanup.manager [-] Deleting neutron.port object s_rally_1916ad7e_nOADyMri (077f98b7-c0f9-4259-b65a-073c4670b3b7)
2019-07-10 21:14:47.559 22705 RALLYDEBUG rally_openstack.cleanup.manager [-] Deleting neutron.port object s_rally_1916ad7e_Jq4jWPOt (078d9415-df63-40ed-b6c4-3700ad9d5e2c)
2019-07-10 21:14:47.583 22705 RALLYDEBUG rally_openstack.cleanup.manager [-] Deleting neutron.port object s_rally_1916ad7e_iOsp1g4d (08e9e98d-1b58-4bc3-b9d2-87b43735add5)
2019-07-10 21:14:50.279 22705 RALLYDEBUG rally_openstack.cleanup.manager [-] Deleting neutron.port object s_rally_1916ad7e_Y0jqgu6r (092ac1da-a8e3-4e84-b2d9-7c09e91d2cd1)
2019-07-10 21:14:50.282 22705 RALLYDEBUG rally_openstack.cleanup.manager [-] Deleting neutron.port object s_rally_1916ad7e_fJiwOdYd (0a0641f6-7fed-424f-af24-bb09281a4cfc)
2019-07-10 21:14:50.407 22705 RALLYDEBUG rally_openstack.cleanup.manager [-] Deleting neutron.port object s_rally_1916ad7e_VcNLkyAI (0a4334ad-531f-411c-bc49-074e9351d1a3)
2019-07-10 21:14:50.441 22705 RALLYDEBUG rally_openstack.cleanup.manager [-] Deleting neutron.port object s_rally_1916ad7e_nNDccyc3 (0b3db173-51a9-40a9-afea-f8c4ca87b607)
2019-07-10 21:14:50.617 22705 RALLYDEBUG rally_openstack.cleanup.manager [-] Deleting neutron.port object s_rally_1916ad7e_MoRryT3S (0c04ff6a-ff8a-4f61-a464-3ee22e78ecbc)
2019-07-10 21:14:50.756 22705 RALLYDEBUG rally_openstack.cleanup.manager [-] Deleting neutron.port object s_rally_1916ad7e_bZf9Vuic (0c698551-ea53-4775-8b43-acc1081ff0d5)
2019-07-10 21:14:50.882 22705 RALLYDEBUG rally_openstack.cleanup.manager [-] Deleting neutron.port object s_rally_1916ad7e_RoGcMOJy (0cd4c162-d767-4215-9be2-a443a8e17216)
2019-07-10 21:14:51.034 22705 RALLYDEBUG rally_openstack.cleanup.manager [-] Deleting neutron.port object s_rally_1916ad7e_DYn2ML6w (0df31106-fa45-492d-ab6e-4c93a4a645a8)
2019-07-10 21:14:51.061 22705 RALLYDEBUG rally_openstack.cleanup.manager [-] Deleting neutron.port object s_rally_1916ad7e_EXP2ADbo (0eaef6b0-f65b-4382-97cd-dd6a13be677c)
2019-07-10 21:14:51.072 22705 RALLYDEBUG rally_openstack.cleanup.manager [-] Deleting neutron.port object s_rally_1916ad7e_Iv3Mu9hp (0f66f2e0-a81a-4afa-86f4-c2bc73f9e8f5)
2019-07-10 21:14:51.120 22705 RALLYDEBUG rally_openstack.cleanup.manager [-] Deleting neutron.port object s_rally_1916ad7e_Uo1YEixX (0ffc5bb2-ad90-453a-b5e7-669a7c93f694)
2019-07-10 21:14:51.411 22705 RALLYDEBUG rally_openstack.cleanup.manager [-] Deleting neutron.port object s_rally_1916ad7e_Yzxk6dLc (103fb135-7d75-41c2-a51d-81ab52f0e828)
2019-07-10 21:14:51.416 22705 RALLYDEBUG rally_openstack.cleanup.manager [-] Deleting neutron.port object s_rally_1916ad7e_xJ3R57S4 (10ef48db-9f84-4311-9794-2ea6e03c13fd)
2019-07-10 21:14:51.492 22705 RALLYDEBUG rally_openstack.cleanup.manager [-] Deleting neutron.port object s_rally_1916ad7e_Rmp2rwO0 (1129ebbf-a442-4236-9516-641d58d80d97)
2019-07-10 21:14:51.732 22705 RALLYDEBUG rally_openstack.cleanup.manager [-] Deleting neutron.port object s_rally_1916ad7e_lzcBALdE (117d668b-b765-4006-b8b6-7d92b9c69b6d)
2019-07-10 21:14:51.736 22705 RALLYDEBUG rally_openstack.cleanup.manager [-] Deleting neutron.port object s_rally_1916ad7e_wOakWrgd (119eb3d5-c7fd-478a-b7ef-5d685c256007)
2019-07-10 21:14:51.765 22705 RALLYDEBUG rally_openstack.cleanup.manager [-] Deleting neutron.port object s_rally_1916ad7e_ibEypIZ9 (120b3095-f126-4ae5-af86-770fd325f2a5)
2019-07-10 21:14:51.767 22705 RALLYDEBUG rally_openstack.cleanup.manager [-] Deleting neutron.port object s_rally_1916ad7e_JbFk6LGR (1228ced2-c28f-4a95-8a5a-fcc6f9776f25)
2019-07-10 21:14:51.798 22705 RALLYDEBUG rally_openstack.cleanup.manager [-] Deleting neutron.port object s_rally_1916ad7e_Em7qI41T (12560422-575a-44d5-99d6-2e7415fef0a9)
2019-07-10 21:14:51.828 22705 RALLYDEBUG rally_openstack.cleanup.manager [-] Deleting neutron.port object s_rally_1916ad7e_UiSw0lPS (131fa052-9946-4beb-8644-20cf98888065)
2019-07-10 21:14:52.814 22705 RALLYDEBUG rally_openstack.cleanup.manager [-] Deleting neutron.port object s_rally_1916ad7e_a4XcFk8H (1363c66d-3b86-4e73-90ce-4c797f804c8b)
2019-07-10 21:14:52.908 22705 RALLYDEBUG rally_openstack.cleanup.manager [-] Deleting neutron.port object s_rally_1916ad7e_lCdvyW4T (144c243f-6803-4ea5-92af-4dae2aceca4d)
2019-07-10 21:14:52.931 22705 RALLYDEBUG rally_openstack.cleanup.manager [-] Deleting neutron.port object s_rally_1916ad7e_2eTWDIhd (14c4f44a-a1e3-4feb-b4d1-1c7fa4640a9f)
2019-07-10 21:14:52.991 22705 RALLYDEBUG rally_openstack.cleanup.manager [-] Deleting neutron.port object s_rally_1916ad7e_8YwILR9g (16c58ecb-328c-4cbb-8043-676b0bae680e)
2019-07-10 21:14:53.161 22705 RALLYDEBUG rally_openstack.cleanup.manager [-] Deleting neutron.port object s_rally_1916ad7e_ExAMEDSe (17566d80-3ad8-4963-a8c4-2e8a3b4b46c4)
2019-07-10 21:14:53.280 22705 RALLYDEBUG rally_openstack.cleanup.manager [-] Deleting neutron.port object s_rally_1916ad7e_2t6UqX4t (183973ab-b25a-495d-bb51-a6271181baa0)
2019-07-10 21:14:53.511 22705 RALLYDEBUG rally_openstack.cleanup.manager [-] Deleting neutron.port object s_rally_1916ad7e_OW16n96C (189923c1-ab85-4419-a8fe-b908b3c0619c)
2019-07-10 21:14:53.756 22705 RALLYDEBUG rally_openstack.cleanup.manager [-] Deleting neutron.port object s_rally_1916ad7e_202LY58Y (18d8ee31-2f1c-49b1-b867-2811f026b29c)
2019-07-10 21:14:53.870 22705 RALLYDEBUG rally_openstack.cleanup.manager [-] Deleting neutron.port object s_rally_1916ad7e_VCmwISh9 (1a2ece96-5b77-47c8-b655-02bd1420209f)
2019-07-10 21:14:53.914 22705 RALLYDEBUG rally_openstack.cleanup.manager [-] Deleting neutron.port object s_rally_1916ad7e_tvDJQhMf (1a72cd58-b5ba-4540-b9cf-8af82ab7a7db)
2019-07-10 21:14:54.214 22705 RALLYDEBUG rally_openstack.cleanup.manager [-] Deleting neutron.port object s_rally_1916ad7e_BKORuPQX (1acab7b7-72f2-48b2-9f8f-ad3a94a9c59a)
2019-07-10 21:14:54.359 22705 RALLYDEBUG rally_openstack.cleanup.manager [-] Deleting neutron.port object s_rally_1916ad7e_K9UJ8iYR (1b0a9ec5-e99f-4d66-a281-7fccd8b6b3cc)
2019-07-10 21:14:54.473 22705 RALLYDEBUG rally_openstack.cleanup.manager [-] Deleting neutron.port object s_rally_1916ad7e_1NEkfXxQ (1b7bf55b-5714-4607-9073-a8d665931c21)
2019-07-10 21:14:54.521 22705 RALLYDEBUG rally_openstack.cleanup.manager [-] Deleting neutron.port object s_rally_1916ad7e_tdvPuRPY (1ba6cdc6-515d-4b3d-af6a-b0fdfc1a85c8)
2019-07-10 21:14:54.564 22705 RALLYDEBUG rally_openstack.cleanup.manager [-] Deleting neutron.port object s_rally_1916ad7e_C4eDDBaf (1bf1aeee-16c1-4ac7-a762-442b06560736)
2019-07-10 21:14:54.593 22705 RALLYDEBUG rally_openstack.cleanup.manager [-] Deleting neutron.port object s_rally_1916ad7e_KlhZe6dR (1d32e446-cf11-4abe-80f8-86a87e3cd1de)
2019-07-10 21:14:54.637 22705 RALLYDEBUG rally_openstack.cleanup.manager [-] Deleting neutron.port object s_rally_1916ad7e_3BKaZDGQ (1e1dac04-f45c-4648-83af-926ca58af9b7)
2019-07-10 21:14:55.442 22705 RALLYDEBUG rally_openstack.cleanup.manager [-] Deleting neutron.port object s_rally_1916ad7e_iIkIaW6t (1e86dcea-30c9-4495-b987-fe7d4eb1efd5)
2019-07-10 21:14:55.512 22705 RALLYDEBUG rally_openstack.cleanup.manager [-] Deleting neutron.port object s_rally_1916ad7e_abDBHHRZ (1eb746a0-c092-44de-afc5-c5847e9df8ae)
2019-07-10 21:14:55.585 22705 RALLYDEBUG rally_openstack.cleanup.manager [-] Deleting neutron.port object s_rally_1916ad7e_2pMjuuBZ (20428f54-c264-435a-852c-f32c75a5cba4)
2019-07-10 21:14:55.585 22705 RALLYDEBUG rally_openstack.cleanup.manager [-] Deleting neutron.port object s_rally_1916ad7e_8Q5SCKSf (208a62e2-b05f-4e1b-baa9-31932f54aae8)
2019-07-10 21:14:55.833 22705 RALLYDEBUG rally_openstack.cleanup.manager [-] Deleting neutron.port object s_rally_1916ad7e_nWaAOPkG (2258c743-ec1e-492d-a3be-f2dbe95e3969)
2019-07-10 21:14:55.841 22705 RALLYDEBUG rally_openstack.cleanup.manager [-] Deleting neutron.port object s_rally_1916ad7e_aaUvh74B (2272bc38-fe58-4292-8028-e38b5554238a)
2019-07-10 21:14:55.888 22705 RALLYDEBUG rally_openstack.cleanup.manager [-] Deleting neutron.port object s_rally_1916ad7e_65dk8hrk (229fd26a-04ce-4e8e-acde-78d42ec7f0df)
2019-07-10 21:14:55.999 22705 RALLYDEBUG rally_openstack.cleanup.manager [-] Deleting neutron.port object s_rally_1916ad7e_kzpQPzZM (22b8cc7a-9783-40e5-b9e5-d84e055a9f49)
2019-07-10 21:14:56.167 22705 RALLYDEBUG rally_openstack.cleanup.manager [-] Deleting neutron.port object s_rally_1916ad7e_HBUdBFsA (22d0df0a-224d-41a5-bac3-d6c915e99902)
2019-07-10 21:14:56.494 22705 RALLYDEBUG rally_openstack.cleanup.manager [-] Deleting neutron.port object s_rally_1916ad7e_WY9Ve07j (2361c3c1-4f94-4bb8-a19c-8a8208a9374e)
2019-07-10 21:14:56.565 22705 RALLYDEBUG rally_openstack.cleanup.manager [-] Deleting neutron.port object s_rally_1916ad7e_DhGltnfj (239d9f16-ffeb-4680-9361-ae0bacd0cf0d)
2019-07-10 21:14:56.709 22705 RALLYDEBUG rally_openstack.cleanup.manager [-] Deleting neutron.port object s_rally_1916ad7e_VJnluwr5 (24b12aed-2c88-42fd-904a-c8b8013c0bdf)
2019-07-10 21:14:56.861 22705 RALLYDEBUG rally_openstack.cleanup.manager [-] Deleting neutron.port object s_rally_1916ad7e_DoJkAmB9 (24b567ab-b108-454b-9546-bb852925c82f)
2019-07-10 21:14:56.922 22705 RALLYDEBUG rally_openstack.cleanup.manager [-] Deleting neutron.port object s_rally_1916ad7e_a6Np55yV (24b840e1-2ee0-4ae3-bbab-3e4e9b4937bf)
2019-07-10 21:14:56.930 22705 RALLYDEBUG rally_openstack.cleanup.manager [-] Deleting neutron.port object s_rally_1916ad7e_iFjIzOAF (25600cf0-1b94-4286-934d-44893ef4063f)
2019-07-10 21:14:57.059 22705 RALLYDEBUG rally_openstack.cleanup.manager [-] Deleting neutron.port object s_rally_1916ad7e_sovijuoH (267a234e-3676-479f-b5b8-b5fe5792aa75)
2019-07-10 21:14:57.071 22705 RALLYDEBUG rally_openstack.cleanup.manager [-] Deleting neutron.port object s_rally_1916ad7e_KWXFIlUL (269edc5b-f507-4cca-8656-cfdb90860e5e)
2019-07-10 21:14:57.147 22705 RALLYDEBUG rally_openstack.cleanup.manager [-] Deleting neutron.port object s_rally_1916ad7e_BCqFTfJf (2721cd87-418a-42b2-ae7a-ff0013be97c4)
2019-07-10 21:14:57.162 22705 RALLYDEBUG rally_openstack.cleanup.manager [-] Deleting neutron.port object s_rally_1916ad7e_kkWtcrJX (274d1895-780f-470e-a133-118094545981)
2019-07-10 21:14:57.323 22705 RALLYDEBUG rally_openstack.cleanup.manager [-] Deleting neutron.port object s_rally_1916ad7e_Fr0lYycc (27f67310-be76-44a2-b6a9-39d1ec978353)
2019-07-10 21:14:57.822 22705 RALLYDEBUG rally_openstack.cleanup.manager [-] Deleting neutron.port object s_rally_1916ad7e_zJ8oIVF9 (2810e6ea-fb0f-4d91-bc2b-e17d8ae789d4)
2019-07-10 21:14:57.953 22705 RALLYDEBUG rally_openstack.cleanup.manager [-] Deleting neutron.port object s_rally_1916ad7e_mnEigiaB (289a47aa-4f00-4adc-8bc1-784ffb5d9a26)
2019-07-10 21:14:58.243 22705 RALLYDEBUG rally_openstack.cleanup.manager [-] Deleting neutron.port object s_rally_1916ad7e_X9EVQskZ (2a727b30-bc2b-48eb-a4d3-a9aba0a42474)
2019-07-10 21:14:58.340 22705 RALLYDEBUG rally_openstack.cleanup.manager [-] Deleting neutron.port object s_rally_1916ad7e_Az7i4Qc5 (2ab4a74c-8f07-4d7c-8633-f60de860a935)
2019-07-10 21:14:58.392 22705 RALLYDEBUG rally_openstack.cleanup.manager [-] Deleting neutron.port object s_rally_1916ad7e_ictvVmTQ (2bd733e2-27d6-46d5-8a7f-208e20f08053)
2019-07-10 21:14:58.640 22705 RALLYDEBUG rally_openstack.cleanup.manager [-] Deleting neutron.port object s_rally_1916ad7e_Cv9DZd2X (2c17474d-fb1b-468e-8d2b-5ff8ed73c7aa)
2019-07-10 21:14:58.855 22705 RALLYDEBUG rally_openstack.cleanup.manager [-] Deleting neutron.port object s_rally_1916ad7e_qg10GWyU (2c6f786a-d2f9-4e3e-90ad-526b4c74464b)
2019-07-10 21:14:58.870 22705 RALLYDEBUG rally_openstack.cleanup.manager [-] Deleting neutron.port object s_rally_1916ad7e_z6IWLyyM (2f44aea1-9c25-4d2a-a183-4c6a2e5858ac)
2019-07-10 21:14:59.015 22705 RALLYDEBUG rally_openstack.cleanup.manager [-] Deleting neutron.port object s_rally_1916ad7e_5KbIbvr2 (2f72529e-334e-4682-a199-6395d7fd6adc)
2019-07-10 21:14:59.100 22705 RALLYDEBUG rally_openstack.cleanup.manager [-] Deleting neutron.port object s_rally_1916ad7e_sGnAXrCS (2fc247cb-6dad-4104-a60e-f956a5feb483)
2019-07-10 21:14:59.318 22705 RALLYDEBUG rally_openstack.cleanup.manager [-] Deleting neutron.port object s_rally_1916ad7e_4A1DWADq (300d507e-3308-42ac-8e74-03eabc07bc63)
2019-07-10 21:14:59.582 22705 RALLYDEBUG rally_openstack.cleanup.manager [-] Deleting neutron.port object s_rally_1916ad7e_5BRd1rbn (307d26b9-8ea9-4ecc-aa0c-8cc2df84b846)
2019-07-10 21:14:59.589 22705 RALLYDEBUG rally_openstack.cleanup.manager [-] Deleting neutron.port object s_rally_1916ad7e_6ygcob3C (30ed2b4c-f124-4d2f-bb64-b6aeef1740c9)
2019-07-10 21:14:59.590 22705 RALLYDEBUG rally_openstack.cleanup.manager [-] Deleting neutron.port object s_rally_1916ad7e_xCvBqg36 (30c175eb-d6c9-4e04-9541-dbb3252b8122)
2019-07-10 21:14:59.600 22705 RALLYDEBUG rally_openstack.cleanup.manager [-] Deleting neutron.port object s_rally_1916ad7e_WArvaHn3 (310831d2-c407-4ea9-968c-41091fd68219)
2019-07-10 21:14:59.860 22705 RALLYDEBUG rally_openstack.cleanup.manager [-] Deleting neutron.port object s_rally_1916ad7e_UxPSmD2y (3183564a-7f08-426c-a967-7eae739b3e69)
2019-07-10 21:14:59.866 22705 RALLYDEBUG rally_openstack.cleanup.manager [-] Deleting neutron.port object s_rally_1916ad7e_Hkopp8Kx (318720f6-ff83-44fd-ba85-d9d15c671f24)
2019-07-10 21:14:59.964 22705 RALLYDEBUG rally_openstack.cleanup.manager [-] Deleting neutron.port object s_rally_1916ad7e_cL3k9KtM (31d93a53-98eb-4043-b585-f40d02d28438)
2019-07-10 21:14:59.979 22705 RALLYDEBUG rally_openstack.cleanup.manager [-] Deleting neutron.port object s_rally_1916ad7e_UXvYoSAC (329158ee-0449-4a0a-809a-88026561bd57)
2019-07-10 21:15:00.264 22705 RALLYDEBUG rally_openstack.cleanup.manager [-] Deleting neutron.port object s_rally_1916ad7e_jqBk72yP (32919b2f-164b-4e39-a4e3-2d6877b85e2f)
2019-07-10 21:15:00.778 22705 RALLYDEBUG rally_openstack.cleanup.manager [-] Deleting neutron.port object s_rally_1916ad7e_kYUlxPNi (3314721c-1a1f-4aef-9590-876d96ca1d19)
2019-07-10 21:15:00.779 22705 RALLYDEBUG rally_openstack.cleanup.manager [-] Deleting neutron.port object s_rally_1916ad7e_LqaBkV0p (33853104-275a-4fcc-ba3c-91d1ec4c2d30)
2019-07-10 21:15:00.856 22705 RALLYDEBUG rally_openstack.cleanup.manager [-] Deleting neutron.port object s_rally_1916ad7e_ED9XNccT (359e5aff-4bea-49fd-899b-130c0ef40a5f)
2019-07-10 21:15:01.261 22705 RALLYDEBUG rally_openstack.cleanup.manager [-] Deleting neutron.port object s_rally_1916ad7e_cuBLszoD (36fca2c1-7894-40bd-b0e6-d296248ff074)
