2019-07-10 20:52:06.280 24802 WARNING rally_openstack.scenarios.neutron.utils [-] Running this scenario without either the 'network' or 'existing_network' context is deprecated
2019-07-10 20:52:06.281 24812 RALLYDEBUG rally.task.runner [-] Starting a worker. concurrency: 1 args: {"network_create_args": {}, "subnet_create_args": {}, "subnet_cidr_start": "1.1.0.0/30", "subnets_per_network": 2} times: 40 method_name: run timeout: 0 duration: None cls:
2019-07-10 20:52:06.282 24806 WARNING rally_openstack.scenarios.neutron.utils [-] Running this scenario without either the 'network' or 'existing_network' context is deprecated
2019-07-10 20:52:06.284 24803 INFO rally.task.runner [-] Task 3fc015d7-13ea-4005-a38c-9f588aff70fd | ITER: 7 START
2019-07-10 20:52:06.285 24803 WARNING rally_openstack.scenarios.neutron.utils [-] Running this scenario without either the 'network' or 'existing_network' context is deprecated
2019-07-10 20:52:06.286 24800 INFO rally.task.runner [-] Task 3fc015d7-13ea-4005-a38c-9f588aff70fd | ITER: 9 START
2019-07-10 20:52:06.286 24818 RALLYDEBUG rally.task.runner [-] Starting a worker. concurrency: 1 args: {"network_create_args": {}, "subnet_create_args": {}, "subnet_cidr_start": "1.1.0.0/30", "subnets_per_network": 2} times: 40 method_name: run timeout: 0 duration: None cls:
2019-07-10 20:52:06.287 24800 WARNING rally_openstack.scenarios.neutron.utils [-] Running this scenario without either the 'network' or 'existing_network' context is deprecated
2019-07-10 20:52:06.287 24801 INFO rally.task.runner [-] Task 3fc015d7-13ea-4005-a38c-9f588aff70fd | ITER: 6 START
2019-07-10 20:52:06.287 24815 RALLYDEBUG rally.task.runner [-] Starting a worker. concurrency: 1 args: {"network_create_args": {}, "subnet_create_args": {}, "subnet_cidr_start": "1.1.0.0/30", "subnets_per_network": 2} times: 40 method_name: run timeout: 0 duration: None cls:
2019-07-10 20:52:06.288 24801 WARNING rally_openstack.scenarios.neutron.utils [-] Running this scenario without either the 'network' or 'existing_network' context is deprecated
2019-07-10 20:52:06.288 24809 INFO rally.task.runner [-] Task 3fc015d7-13ea-4005-a38c-9f588aff70fd | ITER: 11 START
2019-07-10 20:52:06.289 24812 INFO rally.task.runner [-] Task 3fc015d7-13ea-4005-a38c-9f588aff70fd | ITER: 12 START
2019-07-10 20:52:06.289 24809 WARNING rally_openstack.scenarios.neutron.utils [-] Running this scenario without either the 'network' or 'existing_network' context is deprecated
2019-07-10 20:52:06.291 24812 WARNING rally_openstack.scenarios.neutron.utils [-] Running this scenario without either the 'network' or 'existing_network' context is deprecated
2019-07-10 20:52:06.292 24802 INFO rally.task.runner [-] Task 3fc015d7-13ea-4005-a38c-9f588aff70fd | ITER: 10 START
2019-07-10 20:52:06.292 24802 WARNING rally_openstack.scenarios.neutron.utils [-] Running this scenario without either the 'network' or 'existing_network' context is deprecated
2019-07-10 20:52:06.293 24815 INFO rally.task.runner [-] Task 3fc015d7-13ea-4005-a38c-9f588aff70fd | ITER: 14 START
2019-07-10 20:52:06.293 24824 RALLYDEBUG rally.task.runner [-] Starting a worker. concurrency: 1 args: {"network_create_args": {}, "subnet_create_args": {}, "subnet_cidr_start": "1.1.0.0/30", "subnets_per_network": 2} times: 40 method_name: run timeout: 0 duration: None cls:
2019-07-10 20:52:06.294 24815 WARNING rally_openstack.scenarios.neutron.utils [-] Running this scenario without either the 'network' or 'existing_network' context is deprecated
2019-07-10 20:52:06.297 24818 INFO rally.task.runner [-] Task 3fc015d7-13ea-4005-a38c-9f588aff70fd | ITER: 13 START
2019-07-10 20:52:06.297 24831 RALLYDEBUG rally.task.runner [-] Starting a worker. concurrency: 1 args: {"network_create_args": {}, "subnet_create_args": {}, "subnet_cidr_start": "1.1.0.0/30", "subnets_per_network": 2} times: 40 method_name: run timeout: 0 duration: None cls:
2019-07-10 20:52:06.298 24818 WARNING rally_openstack.scenarios.neutron.utils [-] Running this scenario without either the 'network' or 'existing_network' context is deprecated
2019-07-10 20:52:06.301 24823 RALLYDEBUG rally.task.runner [-] Starting a worker. concurrency: 1 args: {"network_create_args": {}, "subnet_create_args": {}, "subnet_cidr_start": "1.1.0.0/30", "subnets_per_network": 2} times: 40 method_name: run timeout: 0 duration: None cls:
2019-07-10 20:52:06.302 24828 RALLYDEBUG rally.task.runner [-] Starting a worker. concurrency: 1 args: {"network_create_args": {}, "subnet_create_args": {}, "subnet_cidr_start": "1.1.0.0/30", "subnets_per_network": 2} times: 40 method_name: run timeout: 0 duration: None cls:
2019-07-10 20:52:06.306 24831 INFO rally.task.runner [-] Task 3fc015d7-13ea-4005-a38c-9f588aff70fd | ITER: 16 START
2019-07-10 20:52:06.307 24831 WARNING rally_openstack.scenarios.neutron.utils [-] Running this scenario without either the 'network' or 'existing_network' context is deprecated
2019-07-10 20:52:06.307 24836 RALLYDEBUG rally.task.runner [-] Starting a worker. concurrency: 1 args: {"network_create_args": {}, "subnet_create_args": {}, "subnet_cidr_start": "1.1.0.0/30", "subnets_per_network": 2} times: 40 method_name: run timeout: 0 duration: None cls:
2019-07-10 20:52:06.308 24824 INFO rally.task.runner [-] Task 3fc015d7-13ea-4005-a38c-9f588aff70fd | ITER: 15 START
2019-07-10 20:52:06.309 24824 WARNING rally_openstack.scenarios.neutron.utils [-] Running this scenario without either the 'network' or 'existing_network' context is deprecated
2019-07-10 20:52:06.309 24823 INFO rally.task.runner [-] Task 3fc015d7-13ea-4005-a38c-9f588aff70fd | ITER: 17 START
2019-07-10 20:52:06.310 24828 INFO rally.task.runner [-] Task 3fc015d7-13ea-4005-a38c-9f588aff70fd | ITER: 18 START
2019-07-10 20:52:06.311 24828 WARNING rally_openstack.scenarios.neutron.utils [-] Running this scenario without either the 'network' or 'existing_network' context is deprecated
2019-07-10 20:52:06.311 24823 WARNING rally_openstack.scenarios.neutron.utils [-] Running this scenario without either the 'network' or 'existing_network' context is deprecated
2019-07-10 20:52:06.319 24840 RALLYDEBUG rally.task.runner [-] Starting a worker. concurrency: 1 args: {"network_create_args": {}, "subnet_create_args": {}, "subnet_cidr_start": "1.1.0.0/30", "subnets_per_network": 2} times: 40 method_name: run timeout: 0 duration: None cls:
2019-07-10 20:52:06.321 24836 INFO rally.task.runner [-] Task 3fc015d7-13ea-4005-a38c-9f588aff70fd | ITER: 19 START
2019-07-10 20:52:06.322 24836 WARNING rally_openstack.scenarios.neutron.utils [-] Running this scenario without either the 'network' or 'existing_network' context is deprecated
2019-07-10 20:52:06.323 24840 INFO rally.task.runner [-] Task 3fc015d7-13ea-4005-a38c-9f588aff70fd | ITER: 20 START
2019-07-10 20:52:06.324 24840 WARNING rally_openstack.scenarios.neutron.utils [-] Running this scenario without either the 'network' or 'existing_network' context is deprecated
2019-07-10 20:52:07.965 24824 RALLYDEBUG rally_openstack.wrappers.network [-] CIDR generated: 1.1.4.96/30
2019-07-10 20:52:07.977 24809 RALLYDEBUG rally_openstack.wrappers.network [-] CIDR generated: 1.1.4.100/30
2019-07-10 20:52:08.000 24831 RALLYDEBUG rally_openstack.wrappers.network [-] CIDR generated: 1.1.4.104/30
2019-07-10 20:52:08.023 24836 RALLYDEBUG rally_openstack.wrappers.network [-] CIDR generated: 1.1.4.108/30
2019-07-10 20:52:08.058 24800 RALLYDEBUG rally_openstack.wrappers.network [-] CIDR generated: 1.1.4.112/30
2019-07-10 20:52:08.097 24815 RALLYDEBUG rally_openstack.wrappers.network [-] CIDR generated: 1.1.4.116/30
2019-07-10 20:52:08.142 24823 RALLYDEBUG rally_openstack.wrappers.network [-] CIDR generated: 1.1.4.120/30
2019-07-10 20:52:08.160 24806 RALLYDEBUG rally_openstack.wrappers.network [-] CIDR generated: 1.1.4.124/30
2019-07-10 20:52:08.173 24818 RALLYDEBUG rally_openstack.wrappers.network [-] CIDR generated: 1.1.4.128/30
2019-07-10 20:52:08.198 24840 RALLYDEBUG rally_openstack.wrappers.network [-] CIDR generated: 1.1.4.132/30
2019-07-10 20:52:08.214 24812 RALLYDEBUG rally_openstack.wrappers.network [-] CIDR generated: 1.1.4.136/30
2019-07-10 20:52:08.220 24799 RALLYDEBUG rally_openstack.wrappers.network [-] CIDR generated: 1.1.4.140/30
2019-07-10 20:52:08.225 24799 RALLYDEBUG rally_openstack.wrappers.network [-] CIDR generated: 1.1.4.144/30
2019-07-10 20:52:08.268 24801 RALLYDEBUG rally_openstack.wrappers.network [-] CIDR generated: 1.1.4.148/30
2019-07-10 20:52:08.280 24800 RALLYDEBUG rally_openstack.wrappers.network [-] CIDR generated: 1.1.4.152/30
2019-07-10 20:52:08.296 24802 RALLYDEBUG rally_openstack.wrappers.network [-] CIDR generated: 1.1.4.156/30
2019-07-10 20:52:08.316 24803 RALLYDEBUG rally_openstack.wrappers.network [-] CIDR generated: 1.1.4.160/30
2019-07-10 20:52:08.351 24801 RALLYDEBUG rally_openstack.wrappers.network [-] CIDR generated: 1.1.4.164/30
2019-07-10 20:52:08.712 24802 RALLYDEBUG rally_openstack.wrappers.network [-] CIDR generated: 1.1.4.168/30
2019-07-10 20:52:08.789 24828 RALLYDEBUG rally_openstack.wrappers.network [-] CIDR generated: 1.1.4.172/30
2019-07-10 20:52:09.514 24803 RALLYDEBUG rally_openstack.wrappers.network [-] CIDR generated: 1.1.4.176/30
2019-07-10 20:52:09.525 24809 RALLYDEBUG rally_openstack.wrappers.network [-] CIDR generated: 1.1.4.180/30
2019-07-10 20:52:09.777 24802 RALLYDEBUG rally_openstack.wrappers.network [-] CIDR generated: 1.1.4.184/30
2019-07-10 20:52:09.937 24806 RALLYDEBUG rally_openstack.wrappers.network [-] CIDR generated: 1.1.4.188/30
2019-07-10 20:52:10.160 24831 RALLYDEBUG rally_openstack.wrappers.network [-] CIDR generated: 1.1.4.192/30
2019-07-10 20:52:10.211 24802 RALLYDEBUG rally_openstack.wrappers.network [-] CIDR generated: 1.1.4.196/30
2019-07-10 20:52:10.550 24840 RALLYDEBUG rally_openstack.wrappers.network [-] CIDR generated: 1.1.4.200/30
2019-07-10 20:52:10.891 24801 RALLYDEBUG rally_openstack.wrappers.network [-] CIDR generated: 1.1.4.204/30
2019-07-10 20:52:11.431 24801 RALLYDEBUG rally_openstack.wrappers.network [-] CIDR generated: 1.1.4.208/30
2019-07-10 20:52:11.651 24800 RALLYDEBUG rally_openstack.wrappers.network [-] CIDR generated: 1.1.4.212/30
2019-07-10 20:52:11.812 24799 RALLYDEBUG rally_openstack.wrappers.network [-] CIDR generated: 1.1.4.216/30
2019-07-10 20:52:11.862 24815 RALLYDEBUG rally_openstack.wrappers.network [-] CIDR generated: 1.1.4.220/30
2019-07-10 20:52:12.068 24828 RALLYDEBUG rally_openstack.wrappers.network [-] CIDR generated: 1.1.4.224/30
2019-07-10 20:52:12.098 24812 RALLYDEBUG rally_openstack.wrappers.network [-] CIDR generated: 1.1.4.228/30
2019-07-10 20:52:12.149 24800 RALLYDEBUG rally_openstack.wrappers.network [-] CIDR generated: 1.1.4.232/30
2019-07-10 20:52:12.174 24818 RALLYDEBUG rally_openstack.wrappers.network [-] CIDR generated: 1.1.4.236/30
2019-07-10 20:52:13.170 24799 RALLYDEBUG rally_openstack.wrappers.network [-] CIDR generated: 1.1.4.240/30
2019-07-10 20:52:13.356 24823 RALLYDEBUG rally_openstack.wrappers.network [-] CIDR generated: 1.1.4.244/30
2019-07-10 20:52:13.598 24836 RALLYDEBUG rally_openstack.wrappers.network [-] CIDR generated: 1.1.4.248/30
2019-07-10 20:52:13.803 24824 RALLYDEBUG rally_openstack.wrappers.network [-] CIDR generated: 1.1.4.252/30
2019-07-10 20:52:14.643 24803 INFO rally.task.runner [-] Task 3fc015d7-13ea-4005-a38c-9f588aff70fd | ITER: 7 END: OK
2019-07-10 20:52:14.646 24803 INFO rally.task.runner [-] Task 3fc015d7-13ea-4005-a38c-9f588aff70fd | ITER: 21 START
2019-07-10 20:52:14.647 24803 WARNING rally_openstack.scenarios.neutron.utils [-] Running this scenario without either the 'network' or 'existing_network' context is deprecated
2019-07-10 20:52:15.503 24809 INFO rally.task.runner [-] Task 3fc015d7-13ea-4005-a38c-9f588aff70fd | ITER: 11 END: OK
2019-07-10 20:52:15.506 24809 INFO rally.task.runner [-] Task 3fc015d7-13ea-4005-a38c-9f588aff70fd | ITER: 22 START
2019-07-10 20:52:15.506 24809 WARNING rally_openstack.scenarios.neutron.utils [-] Running this scenario without either the 'network' or 'existing_network' context is deprecated
2019-07-10 20:52:15.594 24802 INFO rally.task.runner [-] Task 3fc015d7-13ea-4005-a38c-9f588aff70fd | ITER: 5 END: OK
2019-07-10 20:52:15.597 24802 INFO rally.task.runner [-] Task 3fc015d7-13ea-4005-a38c-9f588aff70fd | ITER: 23 START
2019-07-10 20:52:15.597 24802 WARNING rally_openstack.scenarios.neutron.utils [-] Running this scenario without either the 'network' or 'existing_network' context is deprecated
2019-07-10 20:52:15.882 24806 INFO rally.task.runner [-] Task 3fc015d7-13ea-4005-a38c-9f588aff70fd | ITER: 8 END: OK
2019-07-10 20:52:15.885 24803 RALLYDEBUG rally_openstack.wrappers.network [-] CIDR generated: 1.1.5.0/30
2019-07-10 20:52:15.885 24806 INFO rally.task.runner [-] Task 3fc015d7-13ea-4005-a38c-9f588aff70fd | ITER: 24 START
2019-07-10 20:52:15.886 24806 WARNING rally_openstack.scenarios.neutron.utils [-] Running this scenario without either the 'network' or 'existing_network' context is deprecated
2019-07-10 20:52:15.894 24840 INFO rally.task.runner [-] Task 3fc015d7-13ea-4005-a38c-9f588aff70fd | ITER: 20 END: OK
2019-07-10 20:52:15.898 24840 INFO rally.task.runner [-] Task 3fc015d7-13ea-4005-a38c-9f588aff70fd | ITER: 25 START
2019-07-10 20:52:15.898 24840 WARNING rally_openstack.scenarios.neutron.utils [-] Running this scenario without either the 'network' or 'existing_network' context is deprecated
2019-07-10 20:52:16.346 24831 INFO rally.task.runner [-] Task 3fc015d7-13ea-4005-a38c-9f588aff70fd | ITER: 16 END: OK
2019-07-10 20:52:16.349 24831 INFO rally.task.runner [-] Task 3fc015d7-13ea-4005-a38c-9f588aff70fd | ITER: 26 START
2019-07-10 20:52:16.350 24831 WARNING rally_openstack.scenarios.neutron.utils [-] Running this scenario without either the 'network' or 'existing_network' context is deprecated
2019-07-10 20:52:17.193 24801 INFO rally.task.runner [-] Task 3fc015d7-13ea-4005-a38c-9f588aff70fd | ITER: 6 END: OK
2019-07-10 20:52:17.197 24801 INFO rally.task.runner [-] Task 3fc015d7-13ea-4005-a38c-9f588aff70fd | ITER: 27 START
2019-07-10 20:52:17.197 24801 WARNING rally_openstack.scenarios.neutron.utils [-] Running this scenario without either the 'network' or 'existing_network' context is deprecated
2019-07-10 20:52:17.242 24809 RALLYDEBUG rally_openstack.wrappers.network [-] CIDR generated: 1.1.5.4/30
2019-07-10 20:52:17.269 24801 INFO rally.task.runner [-] Task 3fc015d7-13ea-4005-a38c-9f588aff70fd | ITER: 4 END: OK
2019-07-10 20:52:17.272 24801 INFO rally.task.runner [-] Task 3fc015d7-13ea-4005-a38c-9f588aff70fd | ITER: 28 START
2019-07-10 20:52:17.273 24801 WARNING rally_openstack.scenarios.neutron.utils [-] Running this scenario without either the 'network' or 'existing_network' context is deprecated
2019-07-10 20:52:17.462 24802 INFO rally.task.runner [-] Task 3fc015d7-13ea-4005-a38c-9f588aff70fd | ITER: 10 END: OK
2019-07-10 20:52:17.465 24802 INFO rally.task.runner [-] Task 3fc015d7-13ea-4005-a38c-9f588aff70fd | ITER: 29 START
2019-07-10 20:52:17.466 24802 WARNING rally_openstack.scenarios.neutron.utils [-] Running this scenario without either the 'network' or 'existing_network' context is deprecated
2019-07-10 20:52:17.473 24800 INFO rally.task.runner [-] Task 3fc015d7-13ea-4005-a38c-9f588aff70fd | ITER: 9 END: OK
2019-07-10 20:52:17.477 24800 INFO rally.task.runner [-] Task 3fc015d7-13ea-4005-a38c-9f588aff70fd | ITER: 30 START
2019-07-10 20:52:17.477 24800 WARNING rally_openstack.scenarios.neutron.utils [-] Running this scenario without either the 'network' or 'existing_network' context is deprecated
2019-07-10 20:52:17.593 24806 RALLYDEBUG rally_openstack.wrappers.network [-] CIDR generated: 1.1.5.8/30
2019-07-10 20:52:17.800 24815 INFO rally.task.runner [-] Task 3fc015d7-13ea-4005-a38c-9f588aff70fd | ITER: 14 END: OK
2019-07-10 20:52:17.802 24815 INFO rally.task.runner [-] Task 3fc015d7-13ea-4005-a38c-9f588aff70fd | ITER: 31 START
2019-07-10 20:52:17.803 24815 WARNING rally_openstack.scenarios.neutron.utils [-] Running this scenario without either the 'network' or 'existing_network' context is deprecated
2019-07-10 20:52:18.357 24840 RALLYDEBUG rally_openstack.wrappers.network [-] CIDR generated: 1.1.5.12/30
2019-07-10 20:52:18.423 24802 RALLYDEBUG rally_openstack.wrappers.network [-] CIDR generated: 1.1.5.16/30
2019-07-10 20:52:18.644 24818 INFO rally.task.runner [-] Task 3fc015d7-13ea-4005-a38c-9f588aff70fd | ITER: 13 END: OK
2019-07-10 20:52:18.648 24818 INFO rally.task.runner [-] Task 3fc015d7-13ea-4005-a38c-9f588aff70fd | ITER: 32 START
2019-07-10 20:52:18.649 24818 WARNING rally_openstack.scenarios.neutron.utils [-] Running this scenario without either the 'network' or 'existing_network' context is deprecated
2019-07-10 20:52:18.652 24831 RALLYDEBUG rally_openstack.wrappers.network [-] CIDR generated: 1.1.5.20/30
2019-07-10 20:52:18.675 24812 INFO rally.task.runner [-] Task 3fc015d7-13ea-4005-a38c-9f588aff70fd | ITER: 12 END: OK
2019-07-10 20:52:18.678 24812 INFO rally.task.runner [-] Task 3fc015d7-13ea-4005-a38c-9f588aff70fd | ITER: 33 START
2019-07-10 20:52:18.678 24812 WARNING rally_openstack.scenarios.neutron.utils [-] Running this scenario without either the 'network' or 'existing_network' context is deprecated
2019-07-10 20:52:18.882 24801 RALLYDEBUG rally_openstack.wrappers.network [-] CIDR generated: 1.1.5.24/30
2019-07-10 20:52:18.957 24801 RALLYDEBUG rally_openstack.wrappers.network [-] CIDR generated: 1.1.5.28/30
2019-07-10 20:52:18.984 24800 RALLYDEBUG rally_openstack.wrappers.network [-] CIDR generated: 1.1.5.32/30
2019-07-10 20:52:19.223 24815 RALLYDEBUG rally_openstack.wrappers.network [-] CIDR generated: 1.1.5.36/30
2019-07-10 20:52:19.289 24802 RALLYDEBUG rally_openstack.wrappers.network [-] CIDR generated: 1.1.5.40/30
2019-07-10 20:52:19.305 24799 INFO rally.task.runner [-] Task 3fc015d7-13ea-4005-a38c-9f588aff70fd | ITER: 1 END: OK
2019-07-10 20:52:19.309 24799 INFO rally.task.runner [-] Task 3fc015d7-13ea-4005-a38c-9f588aff70fd | ITER: 34 START
2019-07-10 20:52:19.310 24799 WARNING rally_openstack.scenarios.neutron.utils [-] Running this scenario without either the 'network' or 'existing_network' context is deprecated
2019-07-10 20:52:19.369 24803 RALLYDEBUG rally_openstack.wrappers.network [-] CIDR generated: 1.1.5.44/30
2019-07-10 20:52:20.053 24818 RALLYDEBUG rally_openstack.wrappers.network [-] CIDR generated: 1.1.5.48/30
2019-07-10 20:52:20.192 24799 INFO rally.task.runner [-] Task 3fc015d7-13ea-4005-a38c-9f588aff70fd | ITER: 3 END: OK
2019-07-10 20:52:20.196 24799 INFO rally.task.runner [-] Task 3fc015d7-13ea-4005-a38c-9f588aff70fd | ITER: 35 START
2019-07-10 20:52:20.197 24799 WARNING rally_openstack.scenarios.neutron.utils [-] Running this scenario without either the 'network' or 'existing_network' context is deprecated
2019-07-10 20:52:20.298 24806 RALLYDEBUG rally_openstack.wrappers.network [-] CIDR generated: 1.1.5.52/30
2019-07-10 20:52:20.358 24831 RALLYDEBUG rally_openstack.wrappers.network [-] CIDR generated: 1.1.5.56/30
2019-07-10 20:52:20.476 24828 INFO rally.task.runner [-] Task 3fc015d7-13ea-4005-a38c-9f588aff70fd | ITER: 18 END: OK
2019-07-10 20:52:20.480 24828 INFO rally.task.runner [-] Task 3fc015d7-13ea-4005-a38c-9f588aff70fd | ITER: 36 START
2019-07-10 20:52:20.481 24828 WARNING rally_openstack.scenarios.neutron.utils [-] Running this scenario without either the 'network' or 'existing_network' context is deprecated
2019-07-10 20:52:20.707 24812 RALLYDEBUG rally_openstack.wrappers.network [-] CIDR generated: 1.1.5.60/30
2019-07-10 20:52:20.849 24801 RALLYDEBUG rally_openstack.wrappers.network [-] CIDR generated: 1.1.5.64/30
2019-07-10 20:52:20.850 24800 INFO rally.task.runner [-] Task 3fc015d7-13ea-4005-a38c-9f588aff70fd | ITER: 2 END: OK
2019-07-10 20:52:20.853 24800 INFO rally.task.runner [-] Task 3fc015d7-13ea-4005-a38c-9f588aff70fd | ITER: 37 START
2019-07-10 20:52:20.854 24800 WARNING rally_openstack.scenarios.neutron.utils [-] Running this scenario without either the 'network' or 'existing_network' context is deprecated
2019-07-10 20:52:20.900 24840 RALLYDEBUG rally_openstack.wrappers.network [-] CIDR generated: 1.1.5.68/30
2019-07-10 20:52:21.045 24809 RALLYDEBUG rally_openstack.wrappers.network [-] CIDR generated: 1.1.5.72/30
2019-07-10 20:52:21.352 24802 RALLYDEBUG rally_openstack.wrappers.network [-] CIDR generated: 1.1.5.76/30
2019-07-10 20:52:21.440 24799 RALLYDEBUG rally_openstack.wrappers.network [-] CIDR generated: 1.1.5.80/30
2019-07-10 20:52:21.542 24801 RALLYDEBUG rally_openstack.wrappers.network [-] CIDR generated: 1.1.5.84/30
2019-07-10 20:52:21.587 24823 INFO rally.task.runner [-] Task 3fc015d7-13ea-4005-a38c-9f588aff70fd | ITER: 17 END: OK
2019-07-10 20:52:21.592 24823 INFO rally.task.runner [-] Task 3fc015d7-13ea-4005-a38c-9f588aff70fd | ITER: 38 START
2019-07-10 20:52:21.592 24823 WARNING rally_openstack.scenarios.neutron.utils [-] Running this scenario without either the 'network' or 'existing_network' context is deprecated
2019-07-10 20:52:21.731 24799 RALLYDEBUG rally_openstack.wrappers.network [-] CIDR generated: 1.1.5.88/30
2019-07-10 20:52:22.156 24815 RALLYDEBUG rally_openstack.wrappers.network [-] CIDR generated: 1.1.5.92/30
2019-07-10 20:52:22.455 24828 RALLYDEBUG rally_openstack.wrappers.network [-] CIDR generated: 1.1.5.96/30
2019-07-10 20:52:22.623 24836 INFO rally.task.runner [-] Task 3fc015d7-13ea-4005-a38c-9f588aff70fd | ITER: 19 END: OK
2019-07-10 20:52:22.627 24836 INFO rally.task.runner [-] Task 3fc015d7-13ea-4005-a38c-9f588aff70fd | ITER: 39 START
2019-07-10 20:52:22.628 24836 WARNING rally_openstack.scenarios.neutron.utils [-] Running this scenario without either the 'network' or 'existing_network' context is deprecated
2019-07-10 20:52:22.884 24800 RALLYDEBUG rally_openstack.wrappers.network [-] CIDR generated: 1.1.5.100/30
2019-07-10 20:52:22.908 24800 RALLYDEBUG rally_openstack.wrappers.network [-] CIDR generated: 1.1.5.104/30
2019-07-10 20:52:23.006 24802 RALLYDEBUG rally_openstack.wrappers.network [-] CIDR generated: 1.1.5.108/30
2019-07-10 20:52:23.202 24812 RALLYDEBUG rally_openstack.wrappers.network [-] CIDR generated: 1.1.5.112/30
2019-07-10 20:52:23.400 24824 INFO rally.task.runner [-] Task 3fc015d7-13ea-4005-a38c-9f588aff70fd | ITER: 15 END: OK
2019-07-10 20:52:23.404 24824 INFO rally.task.runner [-] Task 3fc015d7-13ea-4005-a38c-9f588aff70fd | ITER: 40 START
2019-07-10 20:52:23.404 24824 WARNING rally_openstack.scenarios.neutron.utils [-] Running this scenario without either the 'network' or 'existing_network' context is deprecated
2019-07-10 20:52:23.430 24823 RALLYDEBUG rally_openstack.wrappers.network [-] CIDR generated: 1.1.5.116/30
2019-07-10 20:52:23.517 24803 INFO rally.task.runner [-] Task 3fc015d7-13ea-4005-a38c-9f588aff70fd | ITER: 21 END: OK
2019-07-10 20:52:24.319 24799 RALLYDEBUG rally_openstack.wrappers.network [-] CIDR generated: 1.1.5.120/30
2019-07-10 20:52:24.387 24818 RALLYDEBUG rally_openstack.wrappers.network [-] CIDR generated: 1.1.5.124/30
2019-07-10 20:52:24.534 24799 RALLYDEBUG rally_openstack.wrappers.network [-] CIDR generated: 1.1.5.128/30
2019-07-10 20:52:24.754 24836 RALLYDEBUG rally_openstack.wrappers.network [-] CIDR generated: 1.1.5.132/30
2019-07-10 20:52:24.999 24828 RALLYDEBUG rally_openstack.wrappers.network [-] CIDR generated: 1.1.5.136/30
2019-07-10 20:52:25.177 24824 RALLYDEBUG rally_openstack.wrappers.network [-] CIDR generated: 1.1.5.140/30
2019-07-10 20:52:25.286 24800 RALLYDEBUG rally_openstack.wrappers.network [-] CIDR generated: 1.1.5.144/30
2019-07-10 20:52:25.684 24806 INFO rally.task.runner [-] Task 3fc015d7-13ea-4005-a38c-9f588aff70fd | ITER: 24 END: OK
2019-07-10 20:52:25.867 24801 INFO rally.task.runner [-] Task 3fc015d7-13ea-4005-a38c-9f588aff70fd | ITER: 27 END: OK
2019-07-10 20:52:26.297 24809 INFO rally.task.runner [-] Task 3fc015d7-13ea-4005-a38c-9f588aff70fd | ITER: 22 END: OK
2019-07-10 20:52:26.568 24823 RALLYDEBUG rally_openstack.wrappers.network [-] CIDR generated: 1.1.5.148/30
2019-07-10 20:52:26.777 24840 INFO rally.task.runner [-] Task 3fc015d7-13ea-4005-a38c-9f588aff70fd | ITER: 25 END: OK
2019-07-10 20:52:26.953 24836 RALLYDEBUG rally_openstack.wrappers.network [-] CIDR generated: 1.1.5.152/30
2019-07-10 20:52:27.035 24831 INFO rally.task.runner [-] Task 3fc015d7-13ea-4005-a38c-9f588aff70fd | ITER: 26 END: OK
2019-07-10 20:52:27.223 24815 INFO rally.task.runner [-] Task 3fc015d7-13ea-4005-a38c-9f588aff70fd | ITER: 31 END: OK
2019-07-10 20:52:27.262 24799 INFO rally.task.runner [-] Task 3fc015d7-13ea-4005-a38c-9f588aff70fd | ITER: 35 END: OK
2019-07-10 20:52:27.340 24824 RALLYDEBUG rally_openstack.wrappers.network [-] CIDR generated: 1.1.5.156/30
2019-07-10 20:52:27.502 24802 INFO rally.task.runner [-] Task 3fc015d7-13ea-4005-a38c-9f588aff70fd | ITER: 23 END: OK
2019-07-10 20:52:28.324 24800 INFO rally.task.runner [-] Task 3fc015d7-13ea-4005-a38c-9f588aff70fd | ITER: 30 END: OK
2019-07-10 20:52:28.830 24801 INFO rally.task.runner [-] Task 3fc015d7-13ea-4005-a38c-9f588aff70fd | ITER: 28 END: OK
2019-07-10 20:52:28.830 24802 INFO rally.task.runner [-] Task 3fc015d7-13ea-4005-a38c-9f588aff70fd | ITER: 29 END: OK
2019-07-10 20:52:29.142 24812 INFO rally.task.runner [-] Task 3fc015d7-13ea-4005-a38c-9f588aff70fd | ITER: 33 END: OK
2019-07-10 20:52:29.973 24818 INFO rally.task.runner [-] Task 3fc015d7-13ea-4005-a38c-9f588aff70fd | ITER: 32 END: OK
2019-07-10 20:52:30.188 24828 INFO rally.task.runner [-] Task 3fc015d7-13ea-4005-a38c-9f588aff70fd | ITER: 36 END: OK
2019-07-10 20:52:30.279 24799 INFO rally.task.runner [-] Task 3fc015d7-13ea-4005-a38c-9f588aff70fd | ITER: 34 END: OK
2019-07-10 20:52:30.398 24800 INFO rally.task.runner [-] Task 3fc015d7-13ea-4005-a38c-9f588aff70fd | ITER: 37 END: OK
2019-07-10 20:52:30.658 24824 INFO rally.task.runner [-] Task 3fc015d7-13ea-4005-a38c-9f588aff70fd | ITER: 40 END: OK
2019-07-10 20:52:31.188 24823 INFO rally.task.runner [-] Task 3fc015d7-13ea-4005-a38c-9f588aff70fd | ITER: 38 END: OK
2019-07-10 20:52:32.431 24836 INFO rally.task.runner [-] Task 3fc015d7-13ea-4005-a38c-9f588aff70fd | ITER: 39 END: OK
2019-07-10 20:52:32.456 22705 INFO rally.task.context [-] Task 3fc015d7-13ea-4005-a38c-9f588aff70fd | Context cleanup@openstack cleanup() started
2019-07-10 20:52:32.459 22705 RALLYDEBUG rally_openstack.cleanup.manager [-] Cleaning up neutron vip objects
2019-07-10 20:52:33.289 22705 RALLYDEBUG rally_openstack.cleanup.manager [-] Cleaning up neutron health_monitor objects
2019-07-10 20:52:34.086 22705 RALLYDEBUG rally_openstack.cleanup.manager [-] Cleaning up neutron pool objects
2019-07-10 20:52:34.979 22705 RALLYDEBUG rally_openstack.cleanup.manager [-] Cleaning up neutron loadbalancer objects
2019-07-10 20:52:35.748 22705 RALLYDEBUG rally_openstack.cleanup.manager [-] Cleaning up neutron floatingip objects
2019-07-10 20:52:36.576 22705 RALLYDEBUG rally_openstack.cleanup.manager [-] Cleaning up neutron port objects
2019-07-10 20:52:37.482 22705 RALLYDEBUG rally_openstack.cleanup.manager [-] Cleaning up neutron subnet objects
2019-07-10 20:52:38.255 22705 RALLYDEBUG rally_openstack.cleanup.manager [-] Cleaning up neutron network objects
2019-07-10 20:52:39.184 22705 RALLYDEBUG rally_openstack.cleanup.manager [-] Deleting neutron.network object s_rally_2604c48e_0RRjtFTY (077fc4af-e1b0-44c7-a884-d229d175a00a)
2019-07-10 20:52:39.190 22705 RALLYDEBUG rally_openstack.cleanup.manager [-] Deleting neutron.network object s_rally_2604c48e_bkMmwQa5 (1018a7bf-93c2-4663-99c6-0933386cdfb7)
2019-07-10 20:52:39.198 22705 RALLYDEBUG rally_openstack.cleanup.manager [-] Deleting neutron.network object s_rally_2604c48e_haaWTfj8 (25ae5344-7073-4066-b6b3-33be5a6be380)
2019-07-10 20:52:39.198 22705 RALLYDEBUG rally_openstack.cleanup.manager [-] Deleting neutron.network object s_rally_2604c48e_9ahONVUi (24962bbf-d912-429a-9822-68a55b9826db)
2019-07-10 20:52:39.206 22705 RALLYDEBUG rally_openstack.cleanup.manager [-] Deleting neutron.network object s_rally_2604c48e_PhsJ9gJN (2f8095d8-da64-44f3-8b6e-8baf9d874fbd)
2019-07-10 20:52:39.213 22705 RALLYDEBUG rally_openstack.cleanup.manager [-] Deleting neutron.network object s_rally_2604c48e_VlvjHJ9T (3eae55d8-df86-48d2-a299-eafcdbbae466)
2019-07-10 20:52:39.221 22705 RALLYDEBUG rally_openstack.cleanup.manager [-] Deleting neutron.network object s_rally_2604c48e_QekjURPq (45071a8d-1eb4-48fe-b060-95a17ac78d4c)
2019-07-10 20:52:39.236 22705 RALLYDEBUG rally_openstack.cleanup.manager [-] Deleting neutron.network object s_rally_2604c48e_JwvQJ4rv (45f0a933-ed5d-4e15-9941-70c33310e815)
2019-07-10 20:52:39.240 22705 RALLYDEBUG rally_openstack.cleanup.manager [-] Deleting neutron.network object s_rally_2604c48e_h2b9mv2H (4b61f42d-f83a-4ae9-9c28-7280df4b06b3)
2019-07-10 20:52:39.252 22705 RALLYDEBUG rally_openstack.cleanup.manager [-] Deleting neutron.network object s_rally_2604c48e_933VXTBf (4b89b4ed-8d90-4d8d-bd41-911768846bac)
2019-07-10 20:52:39.255 22705 RALLYDEBUG rally_openstack.cleanup.manager [-] Deleting neutron.network object s_rally_2604c48e_Np6smNQZ (4fa02b5e-3a97-4273-b962-eef2889685e7)
2019-07-10 20:52:39.269 22705 RALLYDEBUG rally_openstack.cleanup.manager [-] Deleting neutron.network object s_rally_2604c48e_Vuc9Q9oh (5a150197-a2dc-4663-a871-7372b009a84a)
2019-07-10 20:52:39.288 22705 RALLYDEBUG rally_openstack.cleanup.manager [-] Deleting neutron.network object s_rally_2604c48e_ExxiBS7H (5d7316a1-76be-4b9b-9fcb-e42beac118e3)
2019-07-10 20:52:39.292 22705 RALLYDEBUG rally_openstack.cleanup.manager [-] Deleting neutron.network object s_rally_2604c48e_KdmmYtO0 (637d2d18-9079-403a-8dc1-97d0ed496409)
2019-07-10 20:52:39.299 22705 RALLYDEBUG rally_openstack.cleanup.manager [-] Deleting neutron.network object s_rally_2604c48e_uHuk0yjY (65613efa-f4ee-442d-9c9d-6b5d256d25b0)
2019-07-10 20:52:39.300 22705 RALLYDEBUG rally_openstack.cleanup.manager [-] Deleting neutron.network object s_rally_2604c48e_KTtF8iIG (659d8578-e545-4a96-9054-d6da3d91d6ae)
2019-07-10 20:52:39.305 22705 RALLYDEBUG rally_openstack.cleanup.manager [-] Deleting neutron.network object s_rally_2604c48e_IG2vTbsv (667c0a70-37ab-4e10-ab52-288c65dcf072)
2019-07-10 20:52:39.310 22705 RALLYDEBUG rally_openstack.cleanup.manager [-] Deleting neutron.network object s_rally_2604c48e_YLG62fx0 (682ec991-4779-45e2-b010-24857c8ecc6f)
2019-07-10 20:52:39.319 22705 RALLYDEBUG rally_openstack.cleanup.manager [-] Deleting neutron.network object s_rally_2604c48e_wieSizHU (7786c5c2-ae88-47b9-a608-3e87f153d36b)
2019-07-10 20:52:39.324 22705 RALLYDEBUG rally_openstack.cleanup.manager [-] Deleting neutron.network object s_rally_2604c48e_rNbNC3pN (7819e807-cdf8-446f-abdb-689ef29c2696)
2019-07-10 20:52:41.928 22705 RALLYDEBUG rally_openstack.cleanup.manager [-] Deleting neutron.network object s_rally_2604c48e_krgYpuer (7ba66d87-a419-45d3-af5a-4bf4dfcf80ea)
2019-07-10 20:52:41.928 22705 RALLYDEBUG rally_openstack.cleanup.manager [-] Deleting neutron.network object s_rally_2604c48e_saEyxzGd (78df2673-128e-4e2f-856a-83f14e4b25f1)
2019-07-10 20:52:42.174 22705 RALLYDEBUG rally_openstack.cleanup.manager [-] Deleting neutron.network object s_rally_2604c48e_K3avhZ2F (7d7eb42e-99da-469c-9d15-80db52391109)
2019-07-10 20:52:42.224 22705 RALLYDEBUG rally_openstack.cleanup.manager [-] Deleting neutron.network object s_rally_2604c48e_aVg0BXrg (82706631-33e8-4d4f-88e2-78eb08256349)
2019-07-10 20:52:42.362 22705 RALLYDEBUG rally_openstack.cleanup.manager [-] Deleting neutron.network object s_rally_2604c48e_H707tCi3 (8b786fb2-9ca2-498c-9603-18db42c19360)
2019-07-10 20:52:42.660 22705 RALLYDEBUG rally_openstack.cleanup.manager [-] Deleting neutron.network object s_rally_2604c48e_MDJVnjLl (924ca757-50c0-4e8f-bdf0-4c1a1a329730)
2019-07-10 20:52:43.075 22705 RALLYDEBUG rally_openstack.cleanup.manager [-] Deleting neutron.network object s_rally_2604c48e_ss1oMQOC (9ddc5091-670b-4679-ac7e-aa156b0a2e74)
2019-07-10 20:52:43.170 22705 RALLYDEBUG rally_openstack.cleanup.manager [-] Deleting neutron.network object s_rally_2604c48e_Y5hrjwVb (a3f89317-4b60-4a21-acbe-c71f4d32e552)
2019-07-10 20:52:43.288 22705 RALLYDEBUG rally_openstack.cleanup.manager [-] Deleting neutron.network object s_rally_2604c48e_jpwptGm7 (a6d93580-fa6d-44c8-b5cb-7d86db5f32a3)
2019-07-10 20:52:43.449 22705 RALLYDEBUG rally_openstack.cleanup.manager [-] Deleting neutron.network object s_rally_2604c48e_yu0hPbve (a709de61-aa56-45a4-8cfb-36360c48c316)
2019-07-10 20:52:43.475 22705 RALLYDEBUG rally_openstack.cleanup.manager [-] Deleting neutron.network object s_rally_2604c48e_LpaHLSYY (ab605be3-0b49-464a-b306-70c133680225)
2019-07-10 20:52:43.554 22705 RALLYDEBUG rally_openstack.cleanup.manager [-] Deleting neutron.network object s_rally_2604c48e_9oMELsoo (b0efe70a-5a60-4cad-8d62-5c5c07fa5acb)
2019-07-10 20:52:43.591 22705 RALLYDEBUG rally_openstack.cleanup.manager [-] Deleting neutron.network object s_rally_2604c48e_xsLVUzPr (b5bda43c-d4b2-43e0-9efe-e45c2a08ca2b)
2019-07-10 20:52:43.833 22705 RALLYDEBUG rally_openstack.cleanup.manager [-] Deleting neutron.network object s_rally_2604c48e_UP3NoAw9 (bd8f730f-086d-4441-b825-84f503f5bf90)
2019-07-10 20:52:43.874 22705 RALLYDEBUG rally_openstack.cleanup.manager [-] Deleting neutron.network object s_rally_2604c48e_7YQH60ew (c28816de-945f-4051-9999-0d77145f1dbc)
2019-07-10 20:52:44.036 22705 RALLYDEBUG rally_openstack.cleanup.manager [-] Deleting neutron.network object s_rally_2604c48e_VhwekemT (d114336a-f64c-4e58-84d6-c2ed8221b957)
2019-07-10 20:52:44.039 22705 RALLYDEBUG rally_openstack.cleanup.manager [-] Deleting neutron.network object s_rally_2604c48e_2OhGhiO7 (d3201a0d-f168-49db-a53c-42f5a85f5bf4)
2019-07-10 20:52:44.287 22705 RALLYDEBUG rally_openstack.cleanup.manager [-] Deleting neutron.network object s_rally_2604c48e_FrOsRu0i (ef46beda-4d9a-4c70-8682-627d037a2ca5)
2019-07-10 20:52:45.297 22705 RALLYDEBUG rally_openstack.cleanup.manager [-] Deleting neutron.network object s_rally_2604c48e_90qMr9WY (f9318804-7292-4c4d-88ac-191bfb238dc6)
2019-07-10 20:52:45.352 22705 RALLYDEBUG rally_openstack.cleanup.manager [-] Deleting neutron.network object s_rally_2604c48e_VdoiLxv6 (fd51170c-293d-485e-b6a1-f6910d5e76de)
2019-07-10 20:52:48.024 22705 RALLYDEBUG rally_openstack.cleanup.manager [-] Cleaning up neutron router objects
2019-07-10 20:52:48.752 22705 RALLYDEBUG rally_openstack.cleanup.manager [-] Cleaning up neutron security_group objects
2019-07-10 20:52:49.460 22705 INFO rally.task.context [-] Task 3fc015d7-13ea-4005-a38c-9f588aff70fd | Context cleanup@openstack cleanup() finished in 17.00 sec
2019-07-10 20:52:49.460 22705 INFO rally.task.context [-] Task 3fc015d7-13ea-4005-a38c-9f588aff70fd | Context quotas@openstack cleanup() started
2019-07-10 20:52:49.826 22705 INFO rally.task.context [-] Task 3fc015d7-13ea-4005-a38c-9f588aff70fd | Context quotas@openstack cleanup() finished in 0.37 sec
2019-07-10 20:52:49.827 22705 INFO rally.task.context [-] Task 3fc015d7-13ea-4005-a38c-9f588aff70fd | Context users@openstack cleanup() started
2019-07-10 20:52:54.960 22705 INFO rally.task.context [-] Task 3fc015d7-13ea-4005-a38c-9f588aff70fd | Context users@openstack cleanup() finished in 5.13 sec
2019-07-10 20:52:55.183 22705 INFO rally.task.engine [-] Load duration is: 26.158877
2019-07-10 20:52:55.183 22705 INFO rally.task.engine [-] Full runner duration is: 26.207305
2019-07-10 20:52:55.183 22705 INFO rally.task.engine [-] Full duration is: 53.978173
2019-07-10 20:52:55.442 22705 INFO rally.task.engine [-] Running workload: position = 0 config = { "version": 2, "title": "A cropped version of a bigger task.", "description": "Auto-generated task from a single workload (uuid=87d1a559-d8c3-41d7-ac91-79699b6ec0f8)", "subtasks": [ { "title": "NeutronNetworks.create_and_list_routers", "description": "Create and a given number of routers and list all routers.", "scenario": { "NeutronNetworks.create_and_list_routers": { "network_create_args": null, "subnet_create_args": null, "subnet_cidr_start": "1.1.0.0/30", "subnets_per_network": 2, "router_create_args": null } }, "contexts": { "users": { "tenants": 1, "users_per_tenant": 1 }, "quotas": { "neutron": { "network": -1, "subnet": -1, "router": -1 } } }, "runner": { "constant": { "times": 40, "concurrency": 20 } }, "hooks": [], "sla": { "failure_rate": { "max": 0 } } } ] }
2019-07-10 20:52:55.463 22705 RALLYDEBUG rally_openstack.contexts.keystone.users [-] Creating 1 tenants using 20 threads
2019-07-10 20:52:57.438 22705 RALLYDEBUG rally_openstack.contexts.keystone.users [-] Creating 1 users using 20 threads
2019-07-10 20:53:00.476 22705 INFO rally.task.context [-] Task 3fc015d7-13ea-4005-a38c-9f588aff70fd | Context users@openstack setup() finished in 5.01 sec
2019-07-10 20:53:01.272 22705 INFO rally.task.context [-] Task 3fc015d7-13ea-4005-a38c-9f588aff70fd | Context quotas@openstack setup() finished in 0.80 sec
2019-07-10 20:53:01.272 22705 INFO rally.task.context [-] Task 3fc015d7-13ea-4005-a38c-9f588aff70fd | Context cleanup@openstack setup() finished in 0.00 msec
2019-07-10 20:53:01.277 22705 RALLYDEBUG rally.task.runner [-] Starting the constant runner (task UUID: 3fc015d7-13ea-4005-a38c-9f588aff70fd). timeout: 0 concurrency: 20 concurrency_per_worker: 1 times: 40 concurrency_overhead: 4 processes_to_start: 16 max_cpu_used: 16
2019-07-10 20:53:01.284 25169 RALLYDEBUG rally.task.runner [-] Starting a worker. concurrency: 2 args: {"network_create_args": null, "subnet_create_args": null, "subnet_cidr_start": "1.1.0.0/30", "subnets_per_network": 2, "router_create_args": null} times: 40 method_name: run timeout: 0 duration: None cls:
2019-07-10 20:53:01.285 25170 RALLYDEBUG rally.task.runner [-] Starting a worker. concurrency: 2 args: {"network_create_args": null, "subnet_create_args": null, "subnet_cidr_start": "1.1.0.0/30", "subnets_per_network": 2, "router_create_args": null} times: 40 method_name: run timeout: 0 duration: None cls:
2019-07-10 20:53:01.288 25169 INFO rally.task.runner [-] Task 3fc015d7-13ea-4005-a38c-9f588aff70fd | ITER: 1 START
2019-07-10 20:53:01.289 25170 INFO rally.task.runner [-] Task 3fc015d7-13ea-4005-a38c-9f588aff70fd | ITER: 2 START
2019-07-10 20:53:01.290 25172 RALLYDEBUG rally.task.runner [-] Starting a worker. concurrency: 2 args: {"network_create_args": null, "subnet_create_args": null, "subnet_cidr_start": "1.1.0.0/30", "subnets_per_network": 2, "router_create_args": null} times: 40 method_name: run timeout: 0 duration: None cls:
2019-07-10 20:53:01.291 25177 RALLYDEBUG rally.task.runner [-] Starting a worker. concurrency: 1 args: {"network_create_args": null, "subnet_create_args": null, "subnet_cidr_start": "1.1.0.0/30", "subnets_per_network": 2, "router_create_args": null} times: 40 method_name: run timeout: 0 duration: None cls:
2019-07-10 20:53:01.291 25171 RALLYDEBUG rally.task.runner [-] Starting a worker. concurrency: 2 args: {"network_create_args": null, "subnet_create_args": null, "subnet_cidr_start": "1.1.0.0/30", "subnets_per_network": 2, "router_create_args": null} times: 40 method_name: run timeout: 0 duration: None cls:
2019-07-10 20:53:01.292 25169 INFO rally.task.runner [-] Task 3fc015d7-13ea-4005-a38c-9f588aff70fd | ITER: 3 START
2019-07-10 20:53:01.289 25170 INFO rally.task.runner [-] Task 3fc015d7-13ea-4005-a38c-9f588aff70fd | ITER: 4 START
2019-07-10 20:53:01.294 25177 INFO rally.task.runner [-] Task 3fc015d7-13ea-4005-a38c-9f588aff70fd | ITER: 6 START
2019-07-10 20:53:01.294 25180 RALLYDEBUG rally.task.runner [-] Starting a worker. concurrency: 1 args: {"network_create_args": null, "subnet_create_args": null, "subnet_cidr_start": "1.1.0.0/30", "subnets_per_network": 2, "router_create_args": null} times: 40 method_name: run timeout: 0 duration: None cls:
2019-07-10 20:53:01.298 25180 INFO rally.task.runner [-] Task 3fc015d7-13ea-4005-a38c-9f588aff70fd | ITER: 9 START
2019-07-10 20:53:01.299 25172 INFO rally.task.runner [-] Task 3fc015d7-13ea-4005-a38c-9f588aff70fd | ITER: 5 START
2019-07-10 20:53:01.298 25171 INFO rally.task.runner [-] Task 3fc015d7-13ea-4005-a38c-9f588aff70fd | ITER: 7 START
2019-07-10 20:53:01.298 25183 RALLYDEBUG rally.task.runner [-] Starting a worker. concurrency: 1 args: {"network_create_args": null, "subnet_create_args": null, "subnet_cidr_start": "1.1.0.0/30", "subnets_per_network": 2, "router_create_args": null} times: 40 method_name: run timeout: 0 duration: None cls:
2019-07-10 20:53:01.300 25187 RALLYDEBUG rally.task.runner [-] Starting a worker. concurrency: 1 args: {"network_create_args": null, "subnet_create_args": null, "subnet_cidr_start": "1.1.0.0/30", "subnets_per_network": 2, "router_create_args": null} times: 40 method_name: run timeout: 0 duration: None cls:
2019-07-10 20:53:01.299 25181 RALLYDEBUG rally.task.runner [-] Starting a worker. concurrency: 1 args: {"network_create_args": null, "subnet_create_args": null, "subnet_cidr_start": "1.1.0.0/30", "subnets_per_network": 2, "router_create_args": null} times: 40 method_name: run timeout: 0 duration: None cls:
2019-07-10 20:53:01.299 25171 INFO rally.task.runner [-] Task 3fc015d7-13ea-4005-a38c-9f588aff70fd | ITER: 8 START
2019-07-10 20:53:01.303 25187 INFO rally.task.runner [-] Task 3fc015d7-13ea-4005-a38c-9f588aff70fd | ITER: 12 START
2019-07-10 20:53:01.304 25183 INFO rally.task.runner [-] Task 3fc015d7-13ea-4005-a38c-9f588aff70fd | ITER: 11 START
2019-07-10 20:53:01.304 25172 INFO rally.task.runner [-] Task 3fc015d7-13ea-4005-a38c-9f588aff70fd | ITER: 10 START
2019-07-10 20:53:01.309 25181 INFO rally.task.runner [-] Task 3fc015d7-13ea-4005-a38c-9f588aff70fd | ITER: 13 START
2019-07-10 20:53:01.309 25193 RALLYDEBUG rally.task.runner [-] Starting a worker. concurrency: 1 args: {"network_create_args": null, "subnet_create_args": null, "subnet_cidr_start": "1.1.0.0/30", "subnets_per_network": 2, "router_create_args": null} times: 40 method_name: run timeout: 0 duration: None cls:
2019-07-10 20:53:01.311 25193 INFO rally.task.runner [-] Task 3fc015d7-13ea-4005-a38c-9f588aff70fd | ITER: 14 START
2019-07-10 20:53:01.312 25201 RALLYDEBUG rally.task.runner [-] Starting a worker. concurrency: 1 args: {"network_create_args": null, "subnet_create_args": null, "subnet_cidr_start": "1.1.0.0/30", "subnets_per_network": 2, "router_create_args": null} times: 40 method_name: run timeout: 0 duration: None cls:
2019-07-10 20:53:01.314 25202 RALLYDEBUG rally.task.runner [-] Starting a worker. concurrency: 1 args: {"network_create_args": null, "subnet_create_args": null, "subnet_cidr_start": "1.1.0.0/30", "subnets_per_network": 2, "router_create_args": null} times: 40 method_name: run timeout: 0 duration: None cls:
2019-07-10 20:53:01.316 25202 INFO rally.task.runner [-] Task 3fc015d7-13ea-4005-a38c-9f588aff70fd | ITER: 16 START
2019-07-10 20:53:01.320 25207 RALLYDEBUG rally.task.runner [-] Starting a worker. concurrency: 1 args: {"network_create_args": null, "subnet_create_args": null, "subnet_cidr_start": "1.1.0.0/30", "subnets_per_network": 2, "router_create_args": null} times: 40 method_name: run timeout: 0 duration: None cls:
2019-07-10 20:53:01.321 25201 INFO rally.task.runner [-] Task 3fc015d7-13ea-4005-a38c-9f588aff70fd | ITER: 15 START
2019-07-10 20:53:01.323 25207 INFO rally.task.runner [-] Task 3fc015d7-13ea-4005-a38c-9f588aff70fd | ITER: 17 START
2019-07-10 20:53:01.329 25210 RALLYDEBUG rally.task.runner [-] Starting a worker. concurrency: 1 args: {"network_create_args": null, "subnet_create_args": null, "subnet_cidr_start": "1.1.0.0/30", "subnets_per_network": 2, "router_create_args": null} times: 40 method_name: run timeout: 0 duration: None cls:
2019-07-10 20:53:01.330 25213 RALLYDEBUG rally.task.runner [-] Starting a worker. concurrency: 1 args: {"network_create_args": null, "subnet_create_args": null, "subnet_cidr_start": "1.1.0.0/30", "subnets_per_network": 2, "router_create_args": null} times: 40 method_name: run timeout: 0 duration: None cls:
2019-07-10 20:53:01.332 25210 INFO rally.task.runner [-] Task 3fc015d7-13ea-4005-a38c-9f588aff70fd | ITER: 18 START
2019-07-10 20:53:01.332 25213 INFO rally.task.runner [-] Task 3fc015d7-13ea-4005-a38c-9f588aff70fd | ITER: 19 START
2019-07-10 20:53:01.335 25214 RALLYDEBUG rally.task.runner [-] Starting a worker. concurrency: 1 args: {"network_create_args": null, "subnet_create_args": null, "subnet_cidr_start": "1.1.0.0/30", "subnets_per_network": 2, "router_create_args": null} times: 40 method_name: run timeout: 0 duration: None cls:
2019-07-10 20:53:01.337 25214 INFO rally.task.runner [-] Task 3fc015d7-13ea-4005-a38c-9f588aff70fd | ITER: 20 START
2019-07-10 20:53:02.956 25170 RALLYDEBUG rally_openstack.wrappers.network [-] CIDR generated: 1.1.5.160/30
2019-07-10 20:53:02.993 25177 RALLYDEBUG rally_openstack.wrappers.network [-] CIDR generated: 1.1.5.164/30
2019-07-10 20:53:03.007 25169 RALLYDEBUG rally_openstack.wrappers.network [-] CIDR generated: 1.1.5.168/30
2019-07-10 20:53:03.041 25171 RALLYDEBUG rally_openstack.wrappers.network [-] CIDR generated: 1.1.5.172/30
2019-07-10 20:53:03.064 25171 RALLYDEBUG rally_openstack.wrappers.network [-] CIDR generated: 1.1.5.176/30
2019-07-10 20:53:03.100 25170 RALLYDEBUG rally_openstack.wrappers.network [-] CIDR generated: 1.1.5.180/30
2019-07-10 20:53:03.151 25214 RALLYDEBUG rally_openstack.wrappers.network [-] CIDR generated: 1.1.5.184/30
2019-07-10 20:53:03.203 25172 RALLYDEBUG rally_openstack.wrappers.network [-] CIDR generated: 1.1.5.188/30
2019-07-10 20:53:03.281 25172 RALLYDEBUG rally_openstack.wrappers.network [-] CIDR generated: 1.1.5.192/30
2019-07-10 20:53:03.377 25213 RALLYDEBUG rally_openstack.wrappers.network [-] CIDR generated: 1.1.5.196/30
2019-07-10 20:53:03.411 25210 RALLYDEBUG rally_openstack.wrappers.network [-] CIDR generated: 1.1.5.200/30
2019-07-10 20:53:03.417 25201 RALLYDEBUG rally_openstack.wrappers.network [-] CIDR generated: 1.1.5.204/30
2019-07-10 20:53:03.430 25183 RALLYDEBUG rally_openstack.wrappers.network [-] CIDR generated: 1.1.5.208/30
2019-07-10 20:53:03.454 25187 RALLYDEBUG rally_openstack.wrappers.network [-] CIDR generated: 1.1.5.212/30
2019-07-10 20:53:03.480 25181 RALLYDEBUG rally_openstack.wrappers.network [-] CIDR generated: 1.1.5.216/30
2019-07-10 20:53:03.492 25169 RALLYDEBUG rally_openstack.wrappers.network [-] CIDR generated: 1.1.5.220/30
2019-07-10 20:53:03.523 25207 RALLYDEBUG rally_openstack.wrappers.network [-] CIDR generated: 1.1.5.224/30
2019-07-10 20:53:03.563 25193 RALLYDEBUG rally_openstack.wrappers.network [-] CIDR generated: 1.1.5.228/30
2019-07-10 20:53:03.604 25180 RALLYDEBUG rally_openstack.wrappers.network [-] CIDR generated: 1.1.5.232/30
2019-07-10 20:53:04.280 25202 RALLYDEBUG rally_openstack.wrappers.network [-] CIDR generated: 1.1.5.236/30
2019-07-10 20:53:04.915 25169 RALLYDEBUG rally_openstack.wrappers.network [-] CIDR generated: 1.1.5.240/30
2019-07-10 20:53:05.101 25170 RALLYDEBUG rally_openstack.wrappers.network [-] CIDR generated: 1.1.5.244/30
2019-07-10 20:53:05.184 25172 RALLYDEBUG rally_openstack.wrappers.network [-] CIDR generated: 1.1.5.248/30
2019-07-10 20:53:05.208 25169 RALLYDEBUG rally_openstack.wrappers.network [-] CIDR generated: 1.1.5.252/30
2019-07-10 20:53:05.220 25170 RALLYDEBUG rally_openstack.wrappers.network [-] CIDR generated: 1.1.6.0/30
2019-07-10 20:53:05.412 25171 RALLYDEBUG rally_openstack.wrappers.network [-] CIDR generated: 1.1.6.4/30
2019-07-10 20:53:05.438 25180 RALLYDEBUG rally_openstack.wrappers.network [-] CIDR generated: 1.1.6.8/30
2019-07-10 20:53:05.458 25187 RALLYDEBUG rally_openstack.wrappers.network [-] CIDR generated: 1.1.6.12/30
2019-07-10 20:53:05.543 25207 RALLYDEBUG rally_openstack.wrappers.network [-] CIDR generated: 1.1.6.16/30
2019-07-10 20:53:05.572 25172 RALLYDEBUG rally_openstack.wrappers.network [-] CIDR generated: 1.1.6.20/30
2019-07-10 20:53:05.589 25201 RALLYDEBUG rally_openstack.wrappers.network [-] CIDR generated: 1.1.6.24/30
2019-07-10 20:53:05.612 25214 RALLYDEBUG rally_openstack.wrappers.network [-] CIDR generated: 1.1.6.28/30
2019-07-10 20:53:06.152 25181 RALLYDEBUG rally_openstack.wrappers.network [-] CIDR generated: 1.1.6.32/30
2019-07-10 20:53:06.184 25193 RALLYDEBUG rally_openstack.wrappers.network [-] CIDR generated: 1.1.6.36/30
2019-07-10 20:53:06.514 25202 RALLYDEBUG rally_openstack.wrappers.network [-] CIDR generated: 1.1.6.40/30
2019-07-10 20:53:06.622 25213 RALLYDEBUG rally_openstack.wrappers.network [-] CIDR generated: 1.1.6.44/30
2019-07-10 20:53:06.783 25183 RALLYDEBUG rally_openstack.wrappers.network [-] CIDR generated: 1.1.6.48/30
2019-07-10 20:53:07.088 25171 RALLYDEBUG rally_openstack.wrappers.network [-] CIDR generated: 1.1.6.52/30
2019-07-10 20:53:07.233 25177 RALLYDEBUG rally_openstack.wrappers.network [-] CIDR generated: 1.1.6.56/30
2019-07-10 20:53:07.432 25210 RALLYDEBUG rally_openstack.wrappers.network [-] CIDR generated: 1.1.6.60/30
2019-07-10 20:53:34.874 25170 INFO rally.task.runner [-] Task 3fc015d7-13ea-4005-a38c-9f588aff70fd | ITER: 4 END: OK
2019-07-10 20:53:34.877 25170 INFO rally.task.runner [-] Task 3fc015d7-13ea-4005-a38c-9f588aff70fd | ITER: 21 START
2019-07-10 20:53:34.914 25180 INFO rally.task.runner [-] Task 3fc015d7-13ea-4005-a38c-9f588aff70fd | ITER: 9 END: OK
2019-07-10 20:53:34.917 25180 INFO rally.task.runner [-] Task 3fc015d7-13ea-4005-a38c-9f588aff70fd | ITER: 22 START
2019-07-10 20:53:35.026 25169 INFO rally.task.runner [-] Task 3fc015d7-13ea-4005-a38c-9f588aff70fd | ITER: 3 END: OK
2019-07-10 20:53:35.030 25169 INFO rally.task.runner [-] Task 3fc015d7-13ea-4005-a38c-9f588aff70fd | ITER: 23 START
2019-07-10 20:53:35.039 25172 INFO rally.task.runner [-] Task 3fc015d7-13ea-4005-a38c-9f588aff70fd | ITER: 10 END: OK
2019-07-10 20:53:35.042 25172 INFO rally.task.runner [-] Task 3fc015d7-13ea-4005-a38c-9f588aff70fd | ITER: 24 START
2019-07-10 20:53:36.067 25201 INFO rally.task.runner [-] Task 3fc015d7-13ea-4005-a38c-9f588aff70fd | ITER: 15 END: OK
2019-07-10 20:53:36.070 25201 INFO rally.task.runner [-] Task 3fc015d7-13ea-4005-a38c-9f588aff70fd | ITER: 25 START
2019-07-10 20:53:36.103 25207 INFO rally.task.runner [-] Task 3fc015d7-13ea-4005-a38c-9f588aff70fd | ITER: 17 END: OK
