2019-07-10 21:08:07.838 22705 RALLYDEBUG rally_openstack.cleanup.manager [-] Deleting neutron.port object s_rally_4db3a08b_vJBslZnz (dbf77739-ee85-4b82-ad3c-6c67001b8505)
2019-07-10 21:08:07.938 22705 RALLYDEBUG rally_openstack.cleanup.manager [-] Deleting neutron.port object s_rally_4db3a08b_pEyjpe8y (dc46f34f-a15b-4da9-a3ec-6396f767279e)
2019-07-10 21:08:07.979 22705 RALLYDEBUG rally_openstack.cleanup.manager [-] Deleting neutron.port object s_rally_4db3a08b_hHSI5qJc (dd043790-1b13-4a14-8c96-dad9ad90b166)
2019-07-10 21:08:08.013 22705 RALLYDEBUG rally_openstack.cleanup.manager [-] Deleting neutron.port object s_rally_4db3a08b_tFLhaXcT (de39ef21-bb31-413e-8bf4-96b780d22507)
2019-07-10 21:08:08.121 22705 RALLYDEBUG rally_openstack.cleanup.manager [-] Deleting neutron.port object s_rally_4db3a08b_4wgBF7mu (de72bdbb-58f9-4a4a-ab28-f66cfa57d6fe)
2019-07-10 21:08:08.404 22705 RALLYDEBUG rally_openstack.cleanup.manager [-] Deleting neutron.port object s_rally_4db3a08b_IZUXvRJF (dea18c6f-1b68-45bf-99e2-08f4ca33058c)
2019-07-10 21:08:08.544 22705 RALLYDEBUG rally_openstack.cleanup.manager [-] Deleting neutron.port object s_rally_4db3a08b_Cvw7sWPg (decacb05-c6d6-4c24-80e7-3996c604c422)
2019-07-10 21:08:08.607 22705 RALLYDEBUG rally_openstack.cleanup.manager [-] Deleting neutron.port object s_rally_4db3a08b_qbhxS77E (e063d219-8721-47aa-b6ad-b33531a98095)
2019-07-10 21:08:08.780 22705 RALLYDEBUG rally_openstack.cleanup.manager [-] Deleting neutron.port object s_rally_4db3a08b_kfqENr8T (e0a8af4a-5708-4221-81e6-f310df811ce7)
2019-07-10 21:08:08.950 22705 RALLYDEBUG rally_openstack.cleanup.manager [-] Deleting neutron.port object s_rally_4db3a08b_Lo0EqqMB (e14590f2-6d3c-493a-9695-2a76af0fd2d4)
2019-07-10 21:08:09.055 22705 RALLYDEBUG rally_openstack.cleanup.manager [-] Deleting neutron.port object s_rally_4db3a08b_K2LuAReV (e17b9a36-9a05-43ae-ac9a-f089e9308c62)
2019-07-10 21:08:09.151 22705 RALLYDEBUG rally_openstack.cleanup.manager [-] Deleting neutron.port object s_rally_4db3a08b_izXnbnhn (e1f16313-2165-48d3-a7b7-5e1ca5aca272)
2019-07-10 21:08:09.184 22705 RALLYDEBUG rally_openstack.cleanup.manager [-] Deleting neutron.port object s_rally_4db3a08b_C8YewxQM (e2bf6b8a-2fee-45c8-bcd5-ae2650130357)
2019-07-10 21:08:09.212 22705 RALLYDEBUG rally_openstack.cleanup.manager [-] Deleting neutron.port object s_rally_4db3a08b_RgLNdqGN (e33ff847-1a79-4532-94c6-493782fe4362)
2019-07-10 21:08:09.308 22705 RALLYDEBUG rally_openstack.cleanup.manager [-] Deleting neutron.port object s_rally_4db3a08b_IS3HqZYt (e39ccef0-bc22-4baa-a6c5-4bbe4977284c)
2019-07-10 21:08:09.344 22705 RALLYDEBUG rally_openstack.cleanup.manager [-] Deleting neutron.port object s_rally_4db3a08b_FMid45gj (e47eb389-dcd5-40e2-b607-8b87bf90cc74)
2019-07-10 21:08:09.793 22705 RALLYDEBUG rally_openstack.cleanup.manager [-] Deleting neutron.port object s_rally_4db3a08b_cHF5ruoo (e49df07b-033e-48f7-9bab-da4ad1678902)
2019-07-10 21:08:09.828 22705 RALLYDEBUG rally_openstack.cleanup.manager [-] Deleting neutron.port object s_rally_4db3a08b_BrEFZVj8 (e5c6bdaf-2cbc-4e23-9d7b-44974a093580)
2019-07-10 21:08:09.835 22705 RALLYDEBUG rally_openstack.cleanup.manager [-] Deleting neutron.port object s_rally_4db3a08b_pKzdhLvt (e5d791e8-07fe-447e-9fbc-bc3376545e7b)
2019-07-10 21:08:10.165 22705 RALLYDEBUG rally_openstack.cleanup.manager [-] Deleting neutron.port object s_rally_4db3a08b_e0kmGEaK (e5f0c2a7-e3a7-4193-a6a4-0e6d040dcd46)
2019-07-10 21:08:10.178 22705 RALLYDEBUG rally_openstack.cleanup.manager [-] Deleting neutron.port object s_rally_4db3a08b_SnHrekWQ (e5fb1889-56fb-4b77-93b7-15b7da2b4f0c)
2019-07-10 21:08:10.253 22705 RALLYDEBUG rally_openstack.cleanup.manager [-] Deleting neutron.port object s_rally_4db3a08b_2gINuGj2 (e69e88cc-5cdf-4a82-b63a-14ec8c5427b3)
2019-07-10 21:08:10.352 22705 RALLYDEBUG rally_openstack.cleanup.manager [-] Deleting neutron.port object s_rally_4db3a08b_Y6MzQDZL (e6b5c58e-0461-40cc-b8d0-930848ef4685)
2019-07-10 21:08:10.448 22705 RALLYDEBUG rally_openstack.cleanup.manager [-] Deleting neutron.port object s_rally_4db3a08b_U0Qdr2j3 (e72cd951-5f42-46fb-9f3c-6bc5cec5d4af)
2019-07-10 21:08:10.504 22705 RALLYDEBUG rally_openstack.cleanup.manager [-] Deleting neutron.port object s_rally_4db3a08b_2dXRd4AY (e78ae3de-ad5c-4129-aa2a-a479aad9040d)
2019-07-10 21:08:10.596 22705 RALLYDEBUG rally_openstack.cleanup.manager [-] Deleting neutron.port object s_rally_4db3a08b_iLMZdPnX (e997d668-8beb-4ea5-9047-1eb49a6b3769)
2019-07-10 21:08:10.774 22705 RALLYDEBUG rally_openstack.cleanup.manager [-] Deleting neutron.port object s_rally_4db3a08b_OOPDL5xA (ea7f6e34-ebb9-4273-a3be-105d31a85606)
2019-07-10 21:08:10.908 22705 RALLYDEBUG rally_openstack.cleanup.manager [-] Deleting neutron.port object s_rally_4db3a08b_xEWLSGGC (ead3999d-a44c-4006-bb82-081dc3041a2b)
2019-07-10 21:08:11.253 22705 RALLYDEBUG rally_openstack.cleanup.manager [-] Deleting neutron.port object s_rally_4db3a08b_ILAadEuH (eb4d70a3-eee6-43a3-8f8c-2fef6f268f59)
2019-07-10 21:08:11.323 22705 RALLYDEBUG rally_openstack.cleanup.manager [-] Deleting neutron.port object s_rally_4db3a08b_GLORuIIZ (ebdd533f-daf7-4b5e-ab79-e7eaeaa40ebd)
2019-07-10 21:08:11.500 22705 RALLYDEBUG rally_openstack.cleanup.manager [-] Deleting neutron.port object s_rally_4db3a08b_M8fzRkq4 (ed6f3a19-e707-4731-b9c8-73643c3a03ae)
2019-07-10 21:08:11.567 22705 RALLYDEBUG rally_openstack.cleanup.manager [-] Deleting neutron.port object s_rally_4db3a08b_VKwYuVoH (ed972e30-2a68-49e9-b331-3fcedf71407a)
2019-07-10 21:08:11.618 22705 RALLYDEBUG rally_openstack.cleanup.manager [-] Deleting neutron.port object s_rally_4db3a08b_c0L2kaUa (ed9b13e3-952a-4306-a19b-3fe705ecfc1f)
2019-07-10 21:08:11.633 22705 RALLYDEBUG rally_openstack.cleanup.manager [-] Deleting neutron.port object s_rally_4db3a08b_ydIRVzEL (ee67af58-a711-4aad-a9c0-3de4827086cd)
2019-07-10 21:08:12.017 22705 RALLYDEBUG rally_openstack.cleanup.manager [-] Deleting neutron.port object s_rally_4db3a08b_PEZUFIrw (eee58631-5b65-452d-b355-ca49497800eb)
2019-07-10 21:08:12.104 22705 RALLYDEBUG rally_openstack.cleanup.manager [-] Deleting neutron.port object s_rally_4db3a08b_zGFQoOk3 (ef4ad783-d4f7-4ced-8988-e26a805be338)
2019-07-10 21:08:12.207 22705 RALLYDEBUG rally_openstack.cleanup.manager [-] Deleting neutron.port object s_rally_4db3a08b_5tSAkYqu (efa4e139-32ce-4d06-96f9-01471aec0a52)
2019-07-10 21:08:12.230 22705 RALLYDEBUG rally_openstack.cleanup.manager [-] Deleting neutron.port object s_rally_4db3a08b_1fKp3fea (f0d67156-a626-4619-9bf5-ff2a61a8f39e)
2019-07-10 21:08:12.244 22705 RALLYDEBUG rally_openstack.cleanup.manager [-] Deleting neutron.port object s_rally_4db3a08b_G0tqn8ox (f13bcf4a-ab57-40a8-8837-848222f891ee)
2019-07-10 21:08:12.491 22705 RALLYDEBUG rally_openstack.cleanup.manager [-] Deleting neutron.port object s_rally_4db3a08b_Xup396Ct (f182f84b-3708-4ef3-b874-7ec87b64bebb)
2019-07-10 21:08:12.698 22705 RALLYDEBUG rally_openstack.cleanup.manager [-] Deleting neutron.port object s_rally_4db3a08b_zkke9SXp (f1f42e66-ed8a-40fe-8265-a396e6ad3f91)
2019-07-10 21:08:12.776 22705 RALLYDEBUG rally_openstack.cleanup.manager [-] Deleting neutron.port object s_rally_4db3a08b_oQ77Qq3X (f1fb2d88-60b8-42c5-8b90-4c937d113a2f)
2019-07-10 21:08:12.862 22705 RALLYDEBUG rally_openstack.cleanup.manager [-] Deleting neutron.port object s_rally_4db3a08b_qB8GDbPT (f2942c15-5441-4734-86a2-589d57c66c41)
2019-07-10 21:08:12.882 22705 RALLYDEBUG rally_openstack.cleanup.manager [-] Deleting neutron.port object s_rally_4db3a08b_eCWdY6Ta (f2ded6ab-b78f-406b-9905-e276f91218a8)
2019-07-10 21:08:12.902 22705 RALLYDEBUG rally_openstack.cleanup.manager [-] Deleting neutron.port object s_rally_4db3a08b_8mKUKUqH (f32221d9-c661-4758-bb39-e396021c89e0)
2019-07-10 21:08:12.936 22705 RALLYDEBUG rally_openstack.cleanup.manager [-] Deleting neutron.port object s_rally_4db3a08b_tRqzmY2u (f4567f9e-1c82-4ea6-984e-9dca4185b4f4)
2019-07-10 21:08:13.223 22705 RALLYDEBUG rally_openstack.cleanup.manager [-] Deleting neutron.port object s_rally_4db3a08b_cFDmiuGQ (f5dc1cf6-37b7-47b2-ae30-2d7ba59ed792)
2019-07-10 21:08:13.391 22705 RALLYDEBUG rally_openstack.cleanup.manager [-] Deleting neutron.port object s_rally_4db3a08b_OehxiyQi (f773eee3-ad5b-4977-a550-21962868d19a)
2019-07-10 21:08:13.653 22705 RALLYDEBUG rally_openstack.cleanup.manager [-] Deleting neutron.port object s_rally_4db3a08b_wRB5sx9z (f85576d6-e8dc-4d3d-822f-4ef7fe3a348a)
2019-07-10 21:08:13.707 22705 RALLYDEBUG rally_openstack.cleanup.manager [-] Deleting neutron.port object s_rally_4db3a08b_dTbsvmPt (f9ee52e4-5e06-4232-8a83-dc7b53a9b900)
2019-07-10 21:08:13.714 22705 RALLYDEBUG rally_openstack.cleanup.manager [-] Deleting neutron.port object s_rally_4db3a08b_Q0hBhmwq (fa1fb8de-c118-445f-a520-c67573e04577)
2019-07-10 21:08:13.797 22705 RALLYDEBUG rally_openstack.cleanup.manager [-] Deleting neutron.port object s_rally_4db3a08b_N1QN8fNi (fabb0dfc-f5b2-4412-af35-dbf726e7fc24)
2019-07-10 21:08:13.860 22705 RALLYDEBUG rally_openstack.cleanup.manager [-] Deleting neutron.port object s_rally_4db3a08b_ZCV3S5Un (fbacc35f-b8b0-4565-b9cc-d9a21c47b6ad)
2019-07-10 21:08:14.156 22705 RALLYDEBUG rally_openstack.cleanup.manager [-] Deleting neutron.port object s_rally_4db3a08b_qojX9AI4 (fc3f49dd-650d-40c8-9334-124fcb67cbd7)
2019-07-10 21:08:14.238 22705 RALLYDEBUG rally_openstack.cleanup.manager [-] Deleting neutron.port object s_rally_4db3a08b_Catgo4ne (fcaebcd2-60ab-4614-8941-051da63c7d6a)
2019-07-10 21:08:14.304 22705 RALLYDEBUG rally_openstack.cleanup.manager [-] Deleting neutron.port object s_rally_4db3a08b_z9zxuo8Y (fd038589-e301-47e9-abc7-ed785710fc5f)
2019-07-10 21:08:14.518 22705 RALLYDEBUG rally_openstack.cleanup.manager [-] Deleting neutron.port object s_rally_4db3a08b_5aF9YpLF (fe23a125-3adb-4be7-89ac-305417344f65)
2019-07-10 21:08:14.688 22705 RALLYDEBUG rally_openstack.cleanup.manager [-] Deleting neutron.port object s_rally_4db3a08b_JaK4EQkv (ff26de96-d5cb-41d5-8fd7-f773c4693bb6)
2019-07-10 21:08:14.884 22705 RALLYDEBUG rally_openstack.cleanup.manager [-] Deleting neutron.port object s_rally_4db3a08b_isQ36ZKt (ff3aeccb-d040-4100-9e0e-e705a04deeab)
2019-07-10 21:08:14.965 22705 RALLYDEBUG rally_openstack.cleanup.manager [-] Deleting neutron.port object s_rally_4db3a08b_AcC4Xv79 (ff942aac-59ea-47ee-a115-e2758dd91614)
2019-07-10 21:08:17.300 22705 RALLYDEBUG rally_openstack.cleanup.manager [-] Cleaning up neutron subnet objects
2019-07-10 21:08:18.077 22705 RALLYDEBUG rally_openstack.cleanup.manager [-] Cleaning up neutron network objects
2019-07-10 21:08:18.926 22705 RALLYDEBUG rally_openstack.cleanup.manager [-] Deleting neutron.network object s_rally_4db3a08b_URk0qD6k (084c04f1-d8db-4bd8-a625-5809245f00a8)
2019-07-10 21:08:18.931 22705 RALLYDEBUG rally_openstack.cleanup.manager [-] Deleting neutron.network object s_rally_4db3a08b_pA6KrcwQ (103f09c8-9d1e-420d-b421-139260fae8bb)
2019-07-10 21:08:18.942 22705 RALLYDEBUG rally_openstack.cleanup.manager [-] Deleting neutron.network object s_rally_4db3a08b_MEOiNEUE (39b693f9-d80b-47ac-aceb-691a44764b10)
2019-07-10 21:08:18.950 22705 RALLYDEBUG rally_openstack.cleanup.manager [-] Deleting neutron.network object s_rally_4db3a08b_AGKfXTPN (573be353-8c8b-4b7d-865b-4cc589c69985)
2019-07-10 21:08:18.960 22705 RALLYDEBUG rally_openstack.cleanup.manager [-] Deleting neutron.network object s_rally_4db3a08b_sXY789XH (66af4f03-71c4-46e9-8d71-7caf2df596a5)
2019-07-10 21:08:18.962 22705 RALLYDEBUG rally_openstack.cleanup.manager [-] Deleting neutron.network object s_rally_4db3a08b_uwAQZTt8 (60dcc16d-83c7-4282-b278-c1e47571aac6)
2019-07-10 21:08:18.981 22705 RALLYDEBUG rally_openstack.cleanup.manager [-] Deleting neutron.network object s_rally_4db3a08b_h8WklE1M (b80541c6-acaa-4b07-83a4-5cbea9517efe)
2019-07-10 21:08:18.985 22705 RALLYDEBUG rally_openstack.cleanup.manager [-] Deleting neutron.network object s_rally_4db3a08b_D7RgcQYO (c8d5d40b-6d4c-4556-98de-0400271d5a80)
2019-07-10 21:08:21.747 22705 RALLYDEBUG rally_openstack.cleanup.manager [-] Cleaning up neutron router objects
2019-07-10 21:08:22.880 22705 RALLYDEBUG rally_openstack.cleanup.manager [-] Cleaning up neutron security_group objects
2019-07-10 21:08:23.677 22705 INFO rally.task.context [-] Task 3fc015d7-13ea-4005-a38c-9f588aff70fd | Context cleanup@openstack cleanup() finished in 1.04 min
2019-07-10 21:08:23.677 22705 INFO rally.task.context [-] Task 3fc015d7-13ea-4005-a38c-9f588aff70fd | Context quotas@openstack cleanup() started
2019-07-10 21:08:23.923 22705 INFO rally.task.context [-] Task 3fc015d7-13ea-4005-a38c-9f588aff70fd | Context quotas@openstack cleanup() finished in 0.25 sec
2019-07-10 21:08:23.923 22705 INFO rally.task.context [-] Task 3fc015d7-13ea-4005-a38c-9f588aff70fd | Context users@openstack cleanup() started
2019-07-10 21:08:29.421 22705 INFO rally.task.context [-] Task 3fc015d7-13ea-4005-a38c-9f588aff70fd | Context users@openstack cleanup() finished in 5.50 sec
2019-07-10 21:08:31.403 22705 INFO rally.task.engine [-] Load duration is: 90.874405
2019-07-10 21:08:31.403 22705 INFO rally.task.engine [-] Full runner duration is: 90.916268
2019-07-10 21:08:31.403 22705 INFO rally.task.engine [-] Full duration is: 164.641899
2019-07-10 21:08:31.612 22705 INFO rally.task.engine [-] Running workload: position = 1 config = { "version": 2, "title": "A cropped version of a bigger task.", "description": "Auto-generated task from a single workload (uuid=6241c456-235f-4508-846d-8a7dc1a917bf)", "subtasks": [ { "title": "NeutronNetworks.create_and_update_ports", "description": "Create and update a given number of ports.", "scenario": { "NeutronNetworks.create_and_update_ports": { "network_create_args": {}, "port_create_args": {}, "ports_per_network": 5, "port_update_args": { "admin_state_up": false, "device_id": "dummy_id", "device_owner": "dummy_owner", "name": "_port_updated" } } }, "contexts": { "users": { "tenants": 1, "users_per_tenant": 1 }, "quotas": { "neutron": { "network": -1, "port": -1 } } }, "runner": { "constant": { "times": 40, "concurrency": 20 } }, "hooks": [], "sla": { "failure_rate": { "max": 0 } } } ] }
2019-07-10 21:08:31.633 22705 RALLYDEBUG rally_openstack.contexts.keystone.users [-] Creating 1 tenants using 20 threads
2019-07-10 21:08:33.499 22705 RALLYDEBUG rally_openstack.contexts.keystone.users [-] Creating 1 users using 20 threads
2019-07-10 21:08:36.424 22705 INFO rally.task.context [-] Task 3fc015d7-13ea-4005-a38c-9f588aff70fd | Context users@openstack setup() finished in 4.79 sec
2019-07-10 21:08:37.246 22705 INFO rally.task.context [-] Task 3fc015d7-13ea-4005-a38c-9f588aff70fd | Context quotas@openstack setup() finished in 0.82 sec
2019-07-10 21:08:37.247 22705 INFO rally.task.context [-] Task 3fc015d7-13ea-4005-a38c-9f588aff70fd | Context cleanup@openstack setup() finished in 0.00 msec
2019-07-10 21:08:37.254 22705 RALLYDEBUG rally.task.runner [-] Starting the constant runner (task UUID: 3fc015d7-13ea-4005-a38c-9f588aff70fd). timeout: 0 concurrency: 20 concurrency_per_worker: 1 times: 40 concurrency_overhead: 4 processes_to_start: 16 max_cpu_used: 16
2019-07-10 21:08:37.266 26581 RALLYDEBUG rally.task.runner [-] Starting a worker. concurrency: 2 args: {"network_create_args": {}, "port_create_args": {}, "ports_per_network": 5, "port_update_args": {"admin_state_up": false, "device_id": "dummy_id", "device_owner": "dummy_owner", "name": "_port_updated"}} times: 40 method_name: run timeout: 0 duration: None cls:
2019-07-10 21:08:37.272 26582 RALLYDEBUG rally.task.runner [-] Starting a worker. concurrency: 2 args: {"network_create_args": {}, "port_create_args": {}, "ports_per_network": 5, "port_update_args": {"admin_state_up": false, "device_id": "dummy_id", "device_owner": "dummy_owner", "name": "_port_updated"}} times: 40 method_name: run timeout: 0 duration: None cls:
2019-07-10 21:08:37.274 26581 INFO rally.task.runner [-] Task 3fc015d7-13ea-4005-a38c-9f588aff70fd | ITER: 1 START
2019-07-10 21:08:37.274 26583 RALLYDEBUG rally.task.runner [-] Starting a worker. concurrency: 2 args: {"network_create_args": {}, "port_create_args": {}, "ports_per_network": 5, "port_update_args": {"admin_state_up": false, "device_id": "dummy_id", "device_owner": "dummy_owner", "name": "_port_updated"}} times: 40 method_name: run timeout: 0 duration: None cls:
2019-07-10 21:08:37.276 26581 WARNING rally_openstack.scenarios.neutron.utils [-] Running this scenario without either the 'network' or 'existing_network' context is deprecated
2019-07-10 21:08:37.279 26587 RALLYDEBUG rally.task.runner [-] Starting a worker. concurrency: 1 args: {"network_create_args": {}, "port_create_args": {}, "ports_per_network": 5, "port_update_args": {"admin_state_up": false, "device_id": "dummy_id", "device_owner": "dummy_owner", "name": "_port_updated"}} times: 40 method_name: run timeout: 0 duration: None cls:
2019-07-10 21:08:37.279 26584 RALLYDEBUG rally.task.runner [-] Starting a worker. concurrency: 2 args: {"network_create_args": {}, "port_create_args": {}, "ports_per_network": 5, "port_update_args": {"admin_state_up": false, "device_id": "dummy_id", "device_owner": "dummy_owner", "name": "_port_updated"}} times: 40 method_name: run timeout: 0 duration: None cls:
2019-07-10 21:08:37.281 26582 INFO rally.task.runner [-] Task 3fc015d7-13ea-4005-a38c-9f588aff70fd | ITER: 3 START
2019-07-10 21:08:37.283 26587 INFO rally.task.runner [-] Task 3fc015d7-13ea-4005-a38c-9f588aff70fd | ITER: 7 START
2019-07-10 21:08:37.283 26583 INFO rally.task.runner [-] Task 3fc015d7-13ea-4005-a38c-9f588aff70fd | ITER: 4 START
2019-07-10 21:08:37.282 26582 INFO rally.task.runner [-] Task 3fc015d7-13ea-4005-a38c-9f588aff70fd | ITER: 5 START
2019-07-10 21:08:37.285 26587 WARNING rally_openstack.scenarios.neutron.utils [-] Running this scenario without either the 'network' or 'existing_network' context is deprecated
2019-07-10 21:08:37.284 26582 WARNING rally_openstack.scenarios.neutron.utils [-] Running this scenario without either the 'network' or 'existing_network' context is deprecated
2019-07-10 21:08:37.285 26583 WARNING rally_openstack.scenarios.neutron.utils [-] Running this scenario without either the 'network' or 'existing_network' context is deprecated
2019-07-10 21:08:37.286 26584 INFO rally.task.runner [-] Task 3fc015d7-13ea-4005-a38c-9f588aff70fd | ITER: 8 START
2019-07-10 21:08:37.285 26582 WARNING rally_openstack.scenarios.neutron.utils [-] Running this scenario without either the 'network' or 'existing_network' context is deprecated
2019-07-10 21:08:37.286 26581 INFO rally.task.runner [-] Task 3fc015d7-13ea-4005-a38c-9f588aff70fd | ITER: 2 START
2019-07-10 21:08:37.286 26589 RALLYDEBUG rally.task.runner [-] Starting a worker. concurrency: 1 args: {"network_create_args": {}, "port_create_args": {}, "ports_per_network": 5, "port_update_args": {"admin_state_up": false, "device_id": "dummy_id", "device_owner": "dummy_owner", "name": "_port_updated"}} times: 40 method_name: run timeout: 0 duration: None cls:
2019-07-10 21:08:37.287 26584 WARNING rally_openstack.scenarios.neutron.utils [-] Running this scenario without either the 'network' or 'existing_network' context is deprecated
2019-07-10 21:08:37.287 26581 WARNING rally_openstack.scenarios.neutron.utils [-] Running this scenario without either the 'network' or 'existing_network' context is deprecated
2019-07-10 21:08:37.291 26594 RALLYDEBUG rally.task.runner [-] Starting a worker. concurrency: 1 args: {"network_create_args": {}, "port_create_args": {}, "ports_per_network": 5, "port_update_args": {"admin_state_up": false, "device_id": "dummy_id", "device_owner": "dummy_owner", "name": "_port_updated"}} times: 40 method_name: run timeout: 0 duration: None cls:
2019-07-10 21:08:37.293 26589 INFO rally.task.runner [-] Task 3fc015d7-13ea-4005-a38c-9f588aff70fd | ITER: 10 START
2019-07-10 21:08:37.293 26602 RALLYDEBUG rally.task.runner [-] Starting a worker. concurrency: 1 args: {"network_create_args": {}, "port_create_args": {}, "ports_per_network": 5, "port_update_args": {"admin_state_up": false, "device_id": "dummy_id", "device_owner": "dummy_owner", "name": "_port_updated"}} times: 40 method_name: run timeout: 0 duration: None cls:
2019-07-10 21:08:37.294 26589 WARNING rally_openstack.scenarios.neutron.utils [-] Running this scenario without either the 'network' or 'existing_network' context is deprecated
2019-07-10 21:08:37.292 26583 INFO rally.task.runner [-] Task 3fc015d7-13ea-4005-a38c-9f588aff70fd | ITER: 6 START
2019-07-10 21:08:37.295 26584 INFO rally.task.runner [-] Task 3fc015d7-13ea-4005-a38c-9f588aff70fd | ITER: 9 START
2019-07-10 21:08:37.295 26584 WARNING rally_openstack.scenarios.neutron.utils [-] Running this scenario without either the 'network' or 'existing_network' context is deprecated
2019-07-10 21:08:37.295 26583 WARNING rally_openstack.scenarios.neutron.utils [-] Running this scenario without either the 'network' or 'existing_network' context is deprecated
2019-07-10 21:08:37.300 26594 INFO rally.task.runner [-] Task 3fc015d7-13ea-4005-a38c-9f588aff70fd | ITER: 11 START
2019-07-10 21:08:37.301 26602 INFO rally.task.runner [-] Task 3fc015d7-13ea-4005-a38c-9f588aff70fd | ITER: 12 START
2019-07-10 21:08:37.302 26594 WARNING rally_openstack.scenarios.neutron.utils [-] Running this scenario without either the 'network' or 'existing_network' context is deprecated
2019-07-10 21:08:37.302 26602 WARNING rally_openstack.scenarios.neutron.utils [-] Running this scenario without either the 'network' or 'existing_network' context is deprecated
2019-07-10 21:08:37.302 26604 RALLYDEBUG rally.task.runner [-] Starting a worker. concurrency: 1 args: {"network_create_args": {}, "port_create_args": {}, "ports_per_network": 5, "port_update_args": {"admin_state_up": false, "device_id": "dummy_id", "device_owner": "dummy_owner", "name": "_port_updated"}} times: 40 method_name: run timeout: 0 duration: None cls:
2019-07-10 21:08:37.310 26604 INFO rally.task.runner [-] Task 3fc015d7-13ea-4005-a38c-9f588aff70fd | ITER: 13 START
2019-07-10 21:08:37.312 26604 WARNING rally_openstack.scenarios.neutron.utils [-] Running this scenario without either the 'network' or 'existing_network' context is deprecated
2019-07-10 21:08:37.317 26610 RALLYDEBUG rally.task.runner [-] Starting a worker. concurrency: 1 args: {"network_create_args": {}, "port_create_args": {}, "ports_per_network": 5, "port_update_args": {"admin_state_up": false, "device_id": "dummy_id", "device_owner": "dummy_owner", "name": "_port_updated"}} times: 40 method_name: run timeout: 0 duration: None cls:
2019-07-10 21:08:37.324 26610 INFO rally.task.runner [-] Task 3fc015d7-13ea-4005-a38c-9f588aff70fd | ITER: 14 START
2019-07-10 21:08:37.324 26613 RALLYDEBUG rally.task.runner [-] Starting a worker. concurrency: 1 args: {"network_create_args": {}, "port_create_args": {}, "ports_per_network": 5, "port_update_args": {"admin_state_up": false, "device_id": "dummy_id", "device_owner": "dummy_owner", "name": "_port_updated"}} times: 40 method_name: run timeout: 0 duration: None cls:
2019-07-10 21:08:37.326 26610 WARNING rally_openstack.scenarios.neutron.utils [-] Running this scenario without either the 'network' or 'existing_network' context is deprecated
2019-07-10 21:08:37.330 26613 INFO rally.task.runner [-] Task 3fc015d7-13ea-4005-a38c-9f588aff70fd | ITER: 15 START
2019-07-10 21:08:37.332 26613 WARNING rally_openstack.scenarios.neutron.utils [-] Running this scenario without either the 'network' or 'existing_network' context is deprecated
2019-07-10 21:08:37.337 26617 RALLYDEBUG rally.task.runner [-] Starting a worker. concurrency: 1 args: {"network_create_args": {}, "port_create_args": {}, "ports_per_network": 5, "port_update_args": {"admin_state_up": false, "device_id": "dummy_id", "device_owner": "dummy_owner", "name": "_port_updated"}} times: 40 method_name: run timeout: 0 duration: None cls:
2019-07-10 21:08:37.337 26614 RALLYDEBUG rally.task.runner [-] Starting a worker. concurrency: 1 args: {"network_create_args": {}, "port_create_args": {}, "ports_per_network": 5, "port_update_args": {"admin_state_up": false, "device_id": "dummy_id", "device_owner": "dummy_owner", "name": "_port_updated"}} times: 40 method_name: run timeout: 0 duration: None cls:
2019-07-10 21:08:37.341 26614 INFO rally.task.runner [-] Task 3fc015d7-13ea-4005-a38c-9f588aff70fd | ITER: 17 START
2019-07-10 21:08:37.342 26617 INFO rally.task.runner [-] Task 3fc015d7-13ea-4005-a38c-9f588aff70fd | ITER: 16 START
2019-07-10 21:08:37.343 26614 WARNING rally_openstack.scenarios.neutron.utils [-] Running this scenario without either the 'network' or 'existing_network' context is deprecated
2019-07-10 21:08:37.343 26617 WARNING rally_openstack.scenarios.neutron.utils [-] Running this scenario without either the 'network' or 'existing_network' context is deprecated
2019-07-10 21:08:37.343 26620 RALLYDEBUG rally.task.runner [-] Starting a worker. concurrency: 1 args: {"network_create_args": {}, "port_create_args": {}, "ports_per_network": 5, "port_update_args": {"admin_state_up": false, "device_id": "dummy_id", "device_owner": "dummy_owner", "name": "_port_updated"}} times: 40 method_name: run timeout: 0 duration: None cls:
2019-07-10 21:08:37.349 26620 INFO rally.task.runner [-] Task 3fc015d7-13ea-4005-a38c-9f588aff70fd | ITER: 18 START
2019-07-10 21:08:37.351 26620 WARNING rally_openstack.scenarios.neutron.utils [-] Running this scenario without either the 'network' or 'existing_network' context is deprecated
2019-07-10 21:08:37.351 26625 RALLYDEBUG rally.task.runner [-] Starting a worker. concurrency: 1 args: {"network_create_args": {}, "port_create_args": {}, "ports_per_network": 5, "port_update_args": {"admin_state_up": false, "device_id": "dummy_id", "device_owner": "dummy_owner", "name": "_port_updated"}} times: 40 method_name: run timeout: 0 duration: None cls:
2019-07-10 21:08:37.356 26625 INFO rally.task.runner [-] Task 3fc015d7-13ea-4005-a38c-9f588aff70fd | ITER: 19 START
2019-07-10 21:08:37.357 26625 WARNING rally_openstack.scenarios.neutron.utils [-] Running this scenario without either the 'network' or 'existing_network' context is deprecated
2019-07-10 21:08:37.359 26628 RALLYDEBUG rally.task.runner [-] Starting a worker. concurrency: 1 args: {"network_create_args": {}, "port_create_args": {}, "ports_per_network": 5, "port_update_args": {"admin_state_up": false, "device_id": "dummy_id", "device_owner": "dummy_owner", "name": "_port_updated"}} times: 40 method_name: run timeout: 0 duration: None cls:
2019-07-10 21:08:37.363 26628 INFO rally.task.runner [-] Task 3fc015d7-13ea-4005-a38c-9f588aff70fd | ITER: 20 START
2019-07-10 21:08:37.364 26628 WARNING rally_openstack.scenarios.neutron.utils [-] Running this scenario without either the 'network' or 'existing_network' context is deprecated
2019-07-10 21:08:49.812 26582 INFO rally.task.runner [-] Task 3fc015d7-13ea-4005-a38c-9f588aff70fd | ITER: 3 END: OK
2019-07-10 21:08:49.817 26582 INFO rally.task.runner [-] Task 3fc015d7-13ea-4005-a38c-9f588aff70fd | ITER: 21 START
2019-07-10 21:08:49.818 26582 WARNING rally_openstack.scenarios.neutron.utils [-] Running this scenario without either the 'network' or 'existing_network' context is deprecated
2019-07-10 21:08:50.751 26613 INFO rally.task.runner [-] Task 3fc015d7-13ea-4005-a38c-9f588aff70fd | ITER: 15 END: OK
2019-07-10 21:08:50.755 26613 INFO rally.task.runner [-] Task 3fc015d7-13ea-4005-a38c-9f588aff70fd | ITER: 22 START
2019-07-10 21:08:50.756 26613 WARNING rally_openstack.scenarios.neutron.utils [-] Running this scenario without either the 'network' or 'existing_network' context is deprecated
2019-07-10 21:08:51.141 26583 INFO rally.task.runner [-] Task 3fc015d7-13ea-4005-a38c-9f588aff70fd | ITER: 4 END: OK
2019-07-10 21:08:51.146 26583 INFO rally.task.runner [-] Task 3fc015d7-13ea-4005-a38c-9f588aff70fd | ITER: 23 START
2019-07-10 21:08:51.146 26583 WARNING rally_openstack.scenarios.neutron.utils [-] Running this scenario without either the 'network' or 'existing_network' context is deprecated
2019-07-10 21:08:51.322 26584 INFO rally.task.runner [-] Task 3fc015d7-13ea-4005-a38c-9f588aff70fd | ITER: 9 END: OK
2019-07-10 21:08:51.327 26584 INFO rally.task.runner [-] Task 3fc015d7-13ea-4005-a38c-9f588aff70fd | ITER: 24 START
2019-07-10 21:08:51.328 26584 WARNING rally_openstack.scenarios.neutron.utils [-] Running this scenario without either the 'network' or 'existing_network' context is deprecated
2019-07-10 21:08:51.493 26581 INFO rally.task.runner [-] Task 3fc015d7-13ea-4005-a38c-9f588aff70fd | ITER: 1 END: OK
2019-07-10 21:08:51.497 26581 INFO rally.task.runner [-] Task 3fc015d7-13ea-4005-a38c-9f588aff70fd | ITER: 25 START
2019-07-10 21:08:51.498 26581 WARNING rally_openstack.scenarios.neutron.utils [-] Running this scenario without either the 'network' or 'existing_network' context is deprecated
2019-07-10 21:08:51.755 26583 INFO rally.task.runner [-] Task 3fc015d7-13ea-4005-a38c-9f588aff70fd | ITER: 6 END: OK
2019-07-10 21:08:51.759 26583 INFO rally.task.runner [-] Task 3fc015d7-13ea-4005-a38c-9f588aff70fd | ITER: 26 START
2019-07-10 21:08:51.759 26583 WARNING rally_openstack.scenarios.neutron.utils [-] Running this scenario without either the 'network' or 'existing_network' context is deprecated
2019-07-10 21:08:51.764 26614 INFO rally.task.runner [-] Task 3fc015d7-13ea-4005-a38c-9f588aff70fd | ITER: 17 END: OK
2019-07-10 21:08:51.768 26614 INFO rally.task.runner [-] Task 3fc015d7-13ea-4005-a38c-9f588aff70fd | ITER: 27 START
2019-07-10 21:08:51.768 26614 WARNING rally_openstack.scenarios.neutron.utils [-] Running this scenario without either the 'network' or 'existing_network' context is deprecated
2019-07-10 21:08:52.025 26620 INFO rally.task.runner [-] Task 3fc015d7-13ea-4005-a38c-9f588aff70fd | ITER: 18 END: OK
2019-07-10 21:08:52.029 26620 INFO rally.task.runner [-] Task 3fc015d7-13ea-4005-a38c-9f588aff70fd | ITER: 28 START
2019-07-10 21:08:52.030 26620 WARNING rally_openstack.scenarios.neutron.utils [-] Running this scenario without either the 'network' or 'existing_network' context is deprecated
2019-07-10 21:08:52.130 26617 INFO rally.task.runner [-] Task 3fc015d7-13ea-4005-a38c-9f588aff70fd | ITER: 16 END: OK
2019-07-10 21:08:52.135 26617 INFO rally.task.runner [-] Task 3fc015d7-13ea-4005-a38c-9f588aff70fd | ITER: 29 START
2019-07-10 21:08:52.135 26617 WARNING rally_openstack.scenarios.neutron.utils [-] Running this scenario without either the 'network' or 'existing_network' context is deprecated
2019-07-10 21:08:52.378 26582 INFO rally.task.runner [-] Task 3fc015d7-13ea-4005-a38c-9f588aff70fd | ITER: 5 END: OK
2019-07-10 21:08:52.382 26582 INFO rally.task.runner [-] Task 3fc015d7-13ea-4005-a38c-9f588aff70fd | ITER: 30 START
2019-07-10 21:08:52.383 26582 WARNING rally_openstack.scenarios.neutron.utils [-] Running this scenario without either the 'network' or 'existing_network' context is deprecated
2019-07-10 21:08:52.613 26602 INFO rally.task.runner [-] Task 3fc015d7-13ea-4005-a38c-9f588aff70fd | ITER: 12 END: OK
2019-07-10 21:08:52.617 26602 INFO rally.task.runner [-] Task 3fc015d7-13ea-4005-a38c-9f588aff70fd | ITER: 31 START
2019-07-10 21:08:52.618 26602 WARNING rally_openstack.scenarios.neutron.utils [-] Running this scenario without either the 'network' or 'existing_network' context is deprecated
2019-07-10 21:08:52.947 26604 INFO rally.task.runner [-] Task 3fc015d7-13ea-4005-a38c-9f588aff70fd | ITER: 13 END: OK
2019-07-10 21:08:52.952 26604 INFO rally.task.runner [-] Task 3fc015d7-13ea-4005-a38c-9f588aff70fd | ITER: 32 START
2019-07-10 21:08:52.953 26604 WARNING rally_openstack.scenarios.neutron.utils [-] Running this scenario without either the 'network' or 'existing_network' context is deprecated
2019-07-10 21:08:53.185 26625 INFO rally.task.runner [-] Task 3fc015d7-13ea-4005-a38c-9f588aff70fd | ITER: 19 END: OK
2019-07-10 21:08:53.189 26625 INFO rally.task.runner [-] Task 3fc015d7-13ea-4005-a38c-9f588aff70fd | ITER: 33 START
2019-07-10 21:08:53.190 26625 WARNING rally_openstack.scenarios.neutron.utils [-] Running this scenario without either the 'network' or 'existing_network' context is deprecated
2019-07-10 21:08:53.218 26594 INFO rally.task.runner [-] Task 3fc015d7-13ea-4005-a38c-9f588aff70fd | ITER: 11 END: OK
2019-07-10 21:08:53.222 26594 INFO rally.task.runner [-] Task 3fc015d7-13ea-4005-a38c-9f588aff70fd | ITER: 34 START
2019-07-10 21:08:53.223 26594 WARNING rally_openstack.scenarios.neutron.utils [-] Running this scenario without either the 'network' or 'existing_network' context is deprecated
2019-07-10 21:08:53.349 26584 INFO rally.task.runner [-] Task 3fc015d7-13ea-4005-a38c-9f588aff70fd | ITER: 8 END: OK
2019-07-10 21:08:53.352 26584 INFO rally.task.runner [-] Task 3fc015d7-13ea-4005-a38c-9f588aff70fd | ITER: 35 START
2019-07-10 21:08:53.353 26584 WARNING rally_openstack.scenarios.neutron.utils [-] Running this scenario without either the 'network' or 'existing_network' context is deprecated
2019-07-10 21:08:53.984 26610 INFO rally.task.runner [-] Task 3fc015d7-13ea-4005-a38c-9f588aff70fd | ITER: 14 END: OK
2019-07-10 21:08:53.988 26610 INFO rally.task.runner [-] Task 3fc015d7-13ea-4005-a38c-9f588aff70fd | ITER: 36 START
2019-07-10 21:08:53.988 26610 WARNING rally_openstack.scenarios.neutron.utils [-] Running this scenario without either the 'network' or 'existing_network' context is deprecated
2019-07-10 21:08:54.159 26628 INFO rally.task.runner [-] Task 3fc015d7-13ea-4005-a38c-9f588aff70fd | ITER: 20 END: OK
2019-07-10 21:08:54.164 26628 INFO rally.task.runner [-] Task 3fc015d7-13ea-4005-a38c-9f588aff70fd | ITER: 37 START
2019-07-10 21:08:54.165 26628 WARNING rally_openstack.scenarios.neutron.utils [-] Running this scenario without either the 'network' or 'existing_network' context is deprecated
2019-07-10 21:08:54.408 26587 INFO rally.task.runner [-] Task 3fc015d7-13ea-4005-a38c-9f588aff70fd | ITER: 7 END: OK
2019-07-10 21:08:54.412 26587 INFO rally.task.runner [-] Task 3fc015d7-13ea-4005-a38c-9f588aff70fd | ITER: 38 START
2019-07-10 21:08:54.413 26587 WARNING rally_openstack.scenarios.neutron.utils [-] Running this scenario without either the 'network' or 'existing_network' context is deprecated
2019-07-10 21:08:54.533 26581 INFO rally.task.runner [-] Task 3fc015d7-13ea-4005-a38c-9f588aff70fd | ITER: 2 END: OK
2019-07-10 21:08:54.537 26581 INFO rally.task.runner [-] Task 3fc015d7-13ea-4005-a38c-9f588aff70fd | ITER: 39 START
2019-07-10 21:08:54.538 26581 WARNING rally_openstack.scenarios.neutron.utils [-] Running this scenario without either the 'network' or 'existing_network' context is deprecated
2019-07-10 21:08:55.381 26589 INFO rally.task.runner [-] Task 3fc015d7-13ea-4005-a38c-9f588aff70fd | ITER: 10 END: OK
2019-07-10 21:08:55.386 26589 INFO rally.task.runner [-] Task 3fc015d7-13ea-4005-a38c-9f588aff70fd | ITER: 40 START
2019-07-10 21:08:55.387 26589 WARNING rally_openstack.scenarios.neutron.utils [-] Running this scenario without either the 'network' or 'existing_network' context is deprecated
2019-07-10 21:09:03.102 26613 INFO rally.task.runner [-] Task 3fc015d7-13ea-4005-a38c-9f588aff70fd | ITER: 22 END: OK
2019-07-10 21:09:04.001 26583 INFO rally.task.runner [-] Task 3fc015d7-13ea-4005-a38c-9f588aff70fd | ITER: 23 END: OK
2019-07-10 21:09:04.074 26582 INFO rally.task.runner [-] Task 3fc015d7-13ea-4005-a38c-9f588aff70fd | ITER: 21 END: OK
2019-07-10 21:09:04.537 26581 INFO rally.task.runner [-] Task 3fc015d7-13ea-4005-a38c-9f588aff70fd | ITER: 25 END: OK
2019-07-10 21:09:04.813 26620 INFO rally.task.runner [-] Task 3fc015d7-13ea-4005-a38c-9f588aff70fd | ITER: 28 END: OK
2019-07-10 21:09:05.359 26584 INFO rally.task.runner [-] Task 3fc015d7-13ea-4005-a38c-9f588aff70fd | ITER: 24 END: OK
2019-07-10 21:09:05.971 26625 INFO rally.task.runner [-] Task 3fc015d7-13ea-4005-a38c-9f588aff70fd | ITER: 33 END: OK
2019-07-10 21:09:06.380 26583 INFO rally.task.runner [-] Task 3fc015d7-13ea-4005-a38c-9f588aff70fd | ITER: 26 END: OK
2019-07-10 21:09:06.543 26604 INFO rally.task.runner [-] Task 3fc015d7-13ea-4005-a38c-9f588aff70fd | ITER: 32 END: OK
2019-07-10 21:09:06.605 26602 INFO rally.task.runner [-] Task 3fc015d7-13ea-4005-a38c-9f588aff70fd | ITER: 31 END: OK
2019-07-10 21:09:06.845 26614 INFO rally.task.runner [-] Task 3fc015d7-13ea-4005-a38c-9f588aff70fd | ITER: 27 END: OK
2019-07-10 21:09:06.870 26594 INFO rally.task.runner [-] Task 3fc015d7-13ea-4005-a38c-9f588aff70fd | ITER: 34 END: OK
2019-07-10 21:09:06.879 26584 INFO rally.task.runner [-] Task 3fc015d7-13ea-4005-a38c-9f588aff70fd | ITER: 35 END: OK
2019-07-10 21:09:06.961 26582 INFO rally.task.runner [-] Task 3fc015d7-13ea-4005-a38c-9f588aff70fd | ITER: 30 END: OK
2019-07-10 21:09:07.330 26628 INFO rally.task.runner [-] Task 3fc015d7-13ea-4005-a38c-9f588aff70fd | ITER: 37 END: OK
2019-07-10 21:09:07.709 26617 INFO rally.task.runner [-] Task 3fc015d7-13ea-4005-a38c-9f588aff70fd | ITER: 29 END: OK
2019-07-10 21:09:07.873 26587 INFO rally.task.runner [-] Task 3fc015d7-13ea-4005-a38c-9f588aff70fd | ITER: 38 END: OK
2019-07-10 21:09:07.964 26610 INFO rally.task.runner [-] Task 3fc015d7-13ea-4005-a38c-9f588aff70fd | ITER: 36 END: OK
2019-07-10 21:09:07.985 26581 INFO rally.task.runner [-] Task 3fc015d7-13ea-4005-a38c-9f588aff70fd | ITER: 39 END: OK
2019-07-10 21:09:08.446 26589 INFO rally.task.runner [-] Task 3fc015d7-13ea-4005-a38c-9f588aff70fd | ITER: 40 END: OK
2019-07-10 21:09:08.470 22705 INFO rally.task.context [-] Task 3fc015d7-13ea-4005-a38c-9f588aff70fd | Context cleanup@openstack cleanup() started
2019-07-10 21:09:08.473 22705 RALLYDEBUG rally_openstack.cleanup.manager [-] Cleaning up neutron vip objects
2019-07-10 21:09:09.147 22705 RALLYDEBUG rally_openstack.cleanup.manager [-] Cleaning up neutron health_monitor objects
2019-07-10 21:09:09.805 22705 RALLYDEBUG rally_openstack.cleanup.manager [-] Cleaning up neutron pool objects
2019-07-10 21:09:10.548 22705 RALLYDEBUG rally_openstack.cleanup.manager [-] Cleaning up neutron loadbalancer objects
2019-07-10 21:09:11.209 22705 RALLYDEBUG rally_openstack.cleanup.manager [-] Cleaning up neutron floatingip objects
2019-07-10 21:09:11.995 22705 RALLYDEBUG rally_openstack.cleanup.manager [-] Cleaning up neutron port objects
2019-07-10 21:09:13.263 22705 RALLYDEBUG rally_openstack.cleanup.manager [-] Deleting neutron.port object s_rally_6241c456_E2EfMWmt (07ea7e1e-ff40-4754-811d-6ed8010a13c3)
2019-07-10 21:09:13.263 22705 RALLYDEBUG rally_openstack.cleanup.manager [-] Deleting neutron.port object s_rally_6241c456_po6c5KET (0ae78295-136b-4db0-9fbc-13dde2c67e4f)
2019-07-10 21:09:13.267 22705 RALLYDEBUG rally_openstack.cleanup.manager [-] Deleting neutron.port object s_rally_6241c456_Yryp1WUk (01998e60-100b-4e18-aa60-c71bfc490f8c)
2019-07-10 21:09:13.269 22705 RALLYDEBUG rally_openstack.cleanup.manager [-] Deleting neutron.port object s_rally_6241c456_JgFbTiqL (0b714ffb-bc3a-4d86-b883-cb0b19a0cc12)
2019-07-10 21:09:13.275 22705 RALLYDEBUG rally_openstack.cleanup.manager [-] Deleting neutron.port object s_rally_6241c456_frkR6EqI (0041e608-a63b-4a77-a8e4-cf33a5aae0e9)
2019-07-10 21:09:13.277 22705 RALLYDEBUG rally_openstack.cleanup.manager [-] Deleting neutron.port object s_rally_6241c456_xz7vNyUK (0dca1b52-35d7-46f8-80ab-6ee952c2ebb1)
2019-07-10 21:09:13.279 22705 RALLYDEBUG rally_openstack.cleanup.manager [-] Deleting neutron.port object s_rally_6241c456_AtMc3yYp (0092d873-ceaa-4f9e-94b5-bd0bd7b24aaa)
2019-07-10 21:09:13.286 22705 RALLYDEBUG rally_openstack.cleanup.manager [-] Deleting neutron.port object s_rally_6241c456_scp9cACA (0e54ea45-a4f4-4768-87a7-26f38c6158c2)
2019-07-10 21:09:13.288 22705 RALLYDEBUG rally_openstack.cleanup.manager [-] Deleting neutron.port object s_rally_6241c456_5hbwMMNH (104d46fb-212e-4c2d-8730-a9114c787d3d)
2019-07-10 21:09:13.289 22705 RALLYDEBUG rally_openstack.cleanup.manager [-] Deleting neutron.port object s_rally_6241c456_1jr8qqaY (0fc993be-2b95-4320-9d50-091dfef93e6a)
2019-07-10 21:09:13.293 22705 RALLYDEBUG rally_openstack.cleanup.manager [-] Deleting neutron.port object s_rally_6241c456_HUavQvMt (0b31942e-79cb-4114-9841-a4bcb58ffa72)
2019-07-10 21:09:13.297 22705 RALLYDEBUG rally_openstack.cleanup.manager [-] Deleting neutron.port object s_rally_6241c456_A6Ml21oS (113852c1-22ce-45c6-a2f3-3c2d1fef4b3e)
2019-07-10 21:09:13.298 22705 RALLYDEBUG rally_openstack.cleanup.manager [-] Deleting neutron.port object s_rally_6241c456_7ulw8c4u (09c1804b-cdc1-4e1c-853f-b60187d6b189)
2019-07-10 21:09:13.319 22705 RALLYDEBUG rally_openstack.cleanup.manager [-] Deleting neutron.port object s_rally_6241c456_T4OBy5AM (0a335bfe-cb5b-465a-9a63-48ddc55a4817)
2019-07-10 21:09:13.340 22705 RALLYDEBUG rally_openstack.cleanup.manager [-] Deleting neutron.port object s_rally_6241c456_QG37MKkF (13aeff3c-d179-42e9-ad71-45c0ade91135)
2019-07-10 21:09:13.341 22705 RALLYDEBUG rally_openstack.cleanup.manager [-] Deleting neutron.port object s_rally_6241c456_8RaWDV6x (1294c323-e4c6-4906-8d23-0261a2d63930)
2019-07-10 21:09:13.366 22705 RALLYDEBUG rally_openstack.cleanup.manager [-] Deleting neutron.port object s_rally_6241c456_oYdTmhW9 (1b923b46-2cdf-4ff4-a105-cbdcbe0a2230)
2019-07-10 21:09:13.379 22705 RALLYDEBUG rally_openstack.cleanup.manager [-] Deleting neutron.port object s_rally_6241c456_ztIBEU8J (1776a3a5-16a3-427b-ab81-b672353ba783)
2019-07-10 21:09:13.386 22705 RALLYDEBUG rally_openstack.cleanup.manager [-] Deleting neutron.port object s_rally_6241c456_X1sBQySt (1dffcbb7-1e5b-45e3-9fce-e64a375933e6)
2019-07-10 21:09:13.398 22705 RALLYDEBUG rally_openstack.cleanup.manager [-] Deleting neutron.port object s_rally_6241c456_EkdOfvyQ (1f902f37-260b-4e8f-a173-e617f5fac5cd)
2019-07-10 21:09:15.813 22705 RALLYDEBUG rally_openstack.cleanup.manager [-] Deleting neutron.port object s_rally_6241c456_tkVWk5NK (1fc79912-3990-4d82-a033-e1999a795e69)
2019-07-10 21:09:15.860 22705 RALLYDEBUG rally_openstack.cleanup.manager [-] Deleting neutron.port object s_rally_6241c456_sY2tsIGo (1fd9ec93-1c74-4af0-a8b7-e64673315a49)
2019-07-10 21:09:15.864 22705 RALLYDEBUG rally_openstack.cleanup.manager [-] Deleting neutron.port object s_rally_6241c456_fIYkROh7 (2000a51d-3dd5-4f12-b7ad-c57ea07c6a6b)
2019-07-10 21:09:15.968 22705 RALLYDEBUG rally_openstack.cleanup.manager [-] Deleting neutron.port object s_rally_6241c456_NBBda5Bl (2177ff5d-33d8-49c7-a55d-a6e210e5e5b4)
2019-07-10 21:09:15.980 22705 RALLYDEBUG rally_openstack.cleanup.manager [-] Deleting neutron.port object s_rally_6241c456_Wr0xhu7O (2224a58f-9e54-441d-9ef0-dc1e072dc6a1)
2019-07-10 21:09:16.018 22705 RALLYDEBUG rally_openstack.cleanup.manager [-] Deleting neutron.port object s_rally_6241c456_tlJbKxOT (24741983-cd03-4f0c-976b-be4b47e624cb)
2019-07-10 21:09:16.032 22705 RALLYDEBUG rally_openstack.cleanup.manager [-] Deleting neutron.port object s_rally_6241c456_JlOaBf4x (25af9b35-36ab-4109-9906-7ce25983b387)
2019-07-10 21:09:16.043 22705 RALLYDEBUG rally_openstack.cleanup.manager [-] Deleting neutron.port object s_rally_6241c456_LmL6IWGI (261e63f5-6ab8-41fb-86a8-dca8655b705f)
2019-07-10 21:09:16.098 22705 RALLYDEBUG rally_openstack.cleanup.manager [-] Deleting neutron.port object s_rally_6241c456_MWi5LyWo (2bd2578e-c864-4e91-987c-9bd10cf29375)
2019-07-10 21:09:16.103 22705 RALLYDEBUG rally_openstack.cleanup.manager [-] Deleting neutron.port object s_rally_6241c456_J5drfknO (2c2f671d-feaa-4344-95e6-e6cb7132a6d9)
2019-07-10 21:09:16.186 22705 RALLYDEBUG rally_openstack.cleanup.manager [-] Deleting neutron.port object s_rally_6241c456_vqBroQ0w (2d1110be-b9ad-434e-b1ae-8be1844d9f82)
2019-07-10 21:09:16.207 22705 RALLYDEBUG rally_openstack.cleanup.manager [-] Deleting neutron.port object s_rally_6241c456_9AMSAiO8 (2d9a67da-9e3d-40ee-8549-b7caa326aad2)
2019-07-10 21:09:16.251 22705 RALLYDEBUG rally_openstack.cleanup.manager [-] Deleting neutron.port object s_rally_6241c456_fkeAobUd (2e7d515b-bef9-446b-ae70-9f020805b01c)
2019-07-10 21:09:16.361 22705 RALLYDEBUG rally_openstack.cleanup.manager [-] Deleting neutron.port object s_rally_6241c456_l4XpgIHP (2f229f44-82de-4510-9a0f-b1c3a3da24cb)
2019-07-10 21:09:16.463 22705 RALLYDEBUG rally_openstack.cleanup.manager [-] Deleting neutron.port object s_rally_6241c456_QJ49qvf8 (300b2255-8a7e-4a69-86be-24fe6ba79111)
2019-07-10 21:09:16.523 22705 RALLYDEBUG rally_openstack.cleanup.manager [-] Deleting neutron.port object s_rally_6241c456_NGhJ7NZ7 (30fad72d-4cf9-491a-9839-4ff675b68ca0)
2019-07-10 21:09:16.530 22705 RALLYDEBUG rally_openstack.cleanup.manager [-] Deleting neutron.port object s_rally_6241c456_Wlw1iFzV (31840ed1-c891-41b0-bee7-b77193f8ddd5)
2019-07-10 21:09:16.945 22705 RALLYDEBUG rally_openstack.cleanup.manager [-] Deleting neutron.port object s_rally_6241c456_4aBdoUu5 (337a31bc-6660-429e-8af4-90af92500115)
2019-07-10 21:09:17.089 22705 RALLYDEBUG rally_openstack.cleanup.manager [-] Deleting neutron.port object s_rally_6241c456_VmIohNni (340172e6-dc6a-4b0e-b4da-098d65c205c8)
2019-07-10 21:09:17.131 22705 RALLYDEBUG rally_openstack.cleanup.manager [-] Deleting neutron.port object s_rally_6241c456_8sVasBC1 (34874925-85c3-439a-bc5e-850ae38600e4)
2019-07-10 21:09:18.060 22705 RALLYDEBUG rally_openstack.cleanup.manager [-] Deleting neutron.port object s_rally_6241c456_8RLiEP7C (35c9c49f-e501-4290-84a2-b8b8c740ac01)
2019-07-10 21:09:18.208 22705 RALLYDEBUG rally_openstack.cleanup.manager [-] Deleting neutron.port object s_rally_6241c456_ztfidM4I (3a27e23a-8764-4a7e-a695-cd3d0f9503d8)
2019-07-10 21:09:18.341 22705 RALLYDEBUG rally_openstack.cleanup.manager [-] Deleting neutron.port object s_rally_6241c456_HMXClkZe (3a35a9c2-13b7-4461-aabd-175cd36f67a7)
2019-07-10 21:09:18.391 22705 RALLYDEBUG rally_openstack.cleanup.manager [-] Deleting neutron.port object s_rally_6241c456_vG8TcWP9 (41c0528b-ad7f-4faa-8eb2-1baf5c29e457)
2019-07-10 21:09:18.392 22705 RALLYDEBUG rally_openstack.cleanup.manager [-] Deleting neutron.port object s_rally_6241c456_Sv8KdAJS (3bf7e4e9-8912-40c0-a116-0095dd26f363)
2019-07-10 21:09:18.550 22705 RALLYDEBUG rally_openstack.cleanup.manager [-] Deleting neutron.port object s_rally_6241c456_0B8xxz1r (43a71797-cf1a-4326-b78b-e90749b7a5aa)
2019-07-10 21:09:18.748 22705 RALLYDEBUG rally_openstack.cleanup.manager [-] Deleting neutron.port object s_rally_6241c456_otJ55123 (447d1fea-c971-42dd-9faf-d91b7301c494)
2019-07-10 21:09:18.803 22705 RALLYDEBUG rally_openstack.cleanup.manager [-] Deleting neutron.port object s_rally_6241c456_qA4xfk4G (45120ee7-92b4-4599-90b0-c62ffbcb72ba)
2019-07-10 21:09:18.924 22705 RALLYDEBUG rally_openstack.cleanup.manager [-] Deleting neutron.port object s_rally_6241c456_1omsNWHZ (46e97719-7746-4482-bc15-d3be4a10c777)
2019-07-10 21:09:18.931 22705 RALLYDEBUG rally_openstack.cleanup.manager [-] Deleting neutron.port object s_rally_6241c456_Qf2IioP2 (474bb4a5-baff-4b65-8395-145af2288d21)
2019-07-10 21:09:18.946 22705 RALLYDEBUG rally_openstack.cleanup.manager [-] Deleting neutron.port object s_rally_6241c456_co9mnVsp (48afed14-2b90-4954-b250-0cb4e5de338a)
2019-07-10 21:09:18.946 22705 RALLYDEBUG rally_openstack.cleanup.manager [-] Deleting neutron.port object s_rally_6241c456_LKQTWXVR (4b63dddb-cc10-48f3-8eb6-dff390e3cc8f)
2019-07-10 21:09:18.972 22705 RALLYDEBUG rally_openstack.cleanup.manager [-] Deleting neutron.port object s_rally_6241c456_5SSW7yw6 (4f027982-43aa-42eb-9cdd-338c9f7d5259)
2019-07-10 21:09:19.144 22705 RALLYDEBUG rally_openstack.cleanup.manager [-] Deleting neutron.port object s_rally_6241c456_0xgBzOnF (4f6fc1ce-12d7-40b9-ba84-d18e4d5bf8fa)
2019-07-10 21:09:19.223 22705 RALLYDEBUG rally_openstack.cleanup.manager [-] Deleting neutron.port object s_rally_6241c456_6dgn9KhQ (50186b5f-2148-4cf9-9586-494a65ee24ae)
2019-07-10 21:09:19.228 22705 RALLYDEBUG rally_openstack.cleanup.manager [-] Deleting neutron.port object s_rally_6241c456_YZE1NEOD (50db255c-67cc-4226-b2c6-758396e7a8f6)
2019-07-10 21:09:19.235 22705 RALLYDEBUG rally_openstack.cleanup.manager [-] Deleting neutron.port object s_rally_6241c456_ntmIygxA (533c7d6b-5a8b-4dea-a475-a15473721cd2)
2019-07-10 21:09:19.241 22705 RALLYDEBUG rally_openstack.cleanup.manager [-] Deleting neutron.port object s_rally_6241c456_McuqB8yF (536d7b62-bf42-44ee-9132-1779f9ef5232)
2019-07-10 21:09:19.380 22705 RALLYDEBUG rally_openstack.cleanup.manager [-] Deleting neutron.port object s_rally_6241c456_bnD0iHKE (547014a7-4781-4104-89a5-2f1ae0c75b58)
2019-07-10 21:09:19.433 22705 RALLYDEBUG rally_openstack.cleanup.manager [-] Deleting neutron.port object s_rally_6241c456_uLr1yxZH (55292068-c6e8-431a-b7fa-dffc5437226c)
2019-07-10 21:09:20.494 22705 RALLYDEBUG rally_openstack.cleanup.manager [-] Deleting neutron.port object s_rally_6241c456_ZAtT9Nyc (58885116-806c-40f3-befa-f039643a09a6)
2019-07-10 21:09:20.550 22705 RALLYDEBUG rally_openstack.cleanup.manager [-] Deleting neutron.port object s_rally_6241c456_vr7Ol8ug (59778987-3e4c-46e1-a526-e6a776679bac)
2019-07-10 21:09:20.732 22705 RALLYDEBUG rally_openstack.cleanup.manager [-] Deleting neutron.port object s_rally_6241c456_2tyUYmgM (5a3dced6-349a-4e8d-95e7-0ebb79dac172)
2019-07-10 21:09:20.760 22705 RALLYDEBUG rally_openstack.cleanup.manager [-] Deleting neutron.port object s_rally_6241c456_UinoEO1h (5d78a2f6-02f7-47fd-9af2-0b2a03449fe4)
2019-07-10 21:09:21.000 22705 RALLYDEBUG rally_openstack.cleanup.manager [-] Deleting neutron.port object s_rally_6241c456_HiyIqRZY (5d7b4e75-ce30-4237-aa95-18b14b680682)
2019-07-10 21:09:21.258 22705 RALLYDEBUG rally_openstack.cleanup.manager [-] Deleting neutron.port object s_rally_6241c456_ugVvZ3u5 (64ca4c5b-76f1-4f4f-9d84-96b144824e36)
2019-07-10 21:09:21.345 22705 RALLYDEBUG rally_openstack.cleanup.manager [-] Deleting neutron.port object s_rally_6241c456_mnDzasYd (66d23648-0fa9-4efc-ad96-ac7c2893f7c6)
2019-07-10 21:09:21.438 22705 RALLYDEBUG rally_openstack.cleanup.manager [-] Deleting neutron.port object s_rally_6241c456_RVK9BXON (68b71fda-d3de-4b37-9dde-4f68b0a0ca55)
2019-07-10 21:09:21.577 22705 RALLYDEBUG rally_openstack.cleanup.manager [-] Deleting neutron.port object s_rally_6241c456_U22wd8qU (69c79d90-910a-4c17-addc-8bc5c39e82a2)
