2019-07-10 21:09:21.583 22705 RALLYDEBUG rally_openstack.cleanup.manager [-] Deleting neutron.port object s_rally_6241c456_9gam7mCi (6a055eba-0941-481e-be1e-bdce98b49814)
2019-07-10 21:09:21.588 22705 RALLYDEBUG rally_openstack.cleanup.manager [-] Deleting neutron.port object s_rally_6241c456_6ccFezgD (6a21896c-5a5e-4fd9-89ff-2cc37fee9c1a)
2019-07-10 21:09:21.627 22705 RALLYDEBUG rally_openstack.cleanup.manager [-] Deleting neutron.port object s_rally_6241c456_UhQAid4j (6a2568d4-e33d-4904-b2ec-e4d487fca2f5)
2019-07-10 21:09:21.678 22705 RALLYDEBUG rally_openstack.cleanup.manager [-] Deleting neutron.port object s_rally_6241c456_8WlUK4FU (6a318df6-7ed2-4588-9749-00737dd9727a)
2019-07-10 21:09:21.708 22705 RALLYDEBUG rally_openstack.cleanup.manager [-] Deleting neutron.port object s_rally_6241c456_NCEMwDlE (6a871b9b-3839-4098-8663-a4a31ab1490f)
2019-07-10 21:09:21.783 22705 RALLYDEBUG rally_openstack.cleanup.manager [-] Deleting neutron.port object s_rally_6241c456_saNwxeV7 (6ad32cad-08d9-4569-89cc-6bb63d09050f)
2019-07-10 21:09:21.802 22705 RALLYDEBUG rally_openstack.cleanup.manager [-] Deleting neutron.port object s_rally_6241c456_lMdc6w5k (6d2c3b31-9c28-42e9-b81a-88f51afa9162)
2019-07-10 21:09:21.822 22705 RALLYDEBUG rally_openstack.cleanup.manager [-] Deleting neutron.port object s_rally_6241c456_VfahKz4f (6db73589-9ebb-424b-a55c-8ca3506c0cbf)
2019-07-10 21:09:21.996 22705 RALLYDEBUG rally_openstack.cleanup.manager [-] Deleting neutron.port object s_rally_6241c456_8disfc7a (6f8bbf64-6e92-4ec9-8556-fa37d4561bf8)
2019-07-10 21:09:22.107 22705 RALLYDEBUG rally_openstack.cleanup.manager [-] Deleting neutron.port object s_rally_6241c456_Tkn5Ul4i (70baa67b-d9b0-470c-b368-6f85b28935b6)
2019-07-10 21:09:22.144 22705 RALLYDEBUG rally_openstack.cleanup.manager [-] Deleting neutron.port object s_rally_6241c456_qMJUPXm4 (70f93fce-fe59-43f6-a862-0e09b9b7c7b0)
2019-07-10 21:09:22.736 22705 RALLYDEBUG rally_openstack.cleanup.manager [-] Deleting neutron.port object s_rally_6241c456_y6JJK5Q2 (73e21d24-91ac-482c-905f-c60714d7d1ac)
2019-07-10 21:09:22.788 22705 RALLYDEBUG rally_openstack.cleanup.manager [-] Deleting neutron.port object s_rally_6241c456_Ihd1sJYw (74c39571-eb3e-492b-ba69-70516716824d)
2019-07-10 21:09:22.862 22705 RALLYDEBUG rally_openstack.cleanup.manager [-] Deleting neutron.port object s_rally_6241c456_aWaAUaXR (760ca709-21d2-4341-9a78-9c2088564102)
2019-07-10 21:09:23.165 22705 RALLYDEBUG rally_openstack.cleanup.manager [-] Deleting neutron.port object s_rally_6241c456_EfBnnZ4U (762b5f95-58a1-4d73-a1ce-5303439735da)
2019-07-10 21:09:23.297 22705 RALLYDEBUG rally_openstack.cleanup.manager [-] Deleting neutron.port object s_rally_6241c456_8sv91wCc (78228da8-0f79-4691-8c58-29a19a5bd217)
2019-07-10 21:09:23.480 22705 RALLYDEBUG rally_openstack.cleanup.manager [-] Deleting neutron.port object s_rally_6241c456_9qvefi7Y (78434451-6c9f-49eb-a233-f192f40093d3)
2019-07-10 21:09:23.798 22705 RALLYDEBUG rally_openstack.cleanup.manager [-] Deleting neutron.port object s_rally_6241c456_IuMAXDUi (789a4986-1bc3-45ad-890c-f0ce898e18f4)
2019-07-10 21:09:24.016 22705 RALLYDEBUG rally_openstack.cleanup.manager [-] Deleting neutron.port object s_rally_6241c456_ESHW76Qw (78e16c73-523f-43ba-bd67-7e7469e32f4b)
2019-07-10 21:09:24.119 22705 RALLYDEBUG rally_openstack.cleanup.manager [-] Deleting neutron.port object s_rally_6241c456_F0hXDaLu (7964058c-dbef-402b-b72b-398f6f57ddd0)
2019-07-10 21:09:24.197 22705 RALLYDEBUG rally_openstack.cleanup.manager [-] Deleting neutron.port object s_rally_6241c456_H4Nw4VrX (79b49cfc-4ef7-4e0b-89cd-ba38dd315037)
2019-07-10 21:09:24.244 22705 RALLYDEBUG rally_openstack.cleanup.manager [-] Deleting neutron.port object s_rally_6241c456_lTEsOtOx (7acf5b29-1453-4d12-9074-e2354b08223a)
2019-07-10 21:09:24.248 22705 RALLYDEBUG rally_openstack.cleanup.manager [-] Deleting neutron.port object s_rally_6241c456_W49rAlEX (7ab6669c-1acf-4678-8c84-bd695eef03b7)
2019-07-10 21:09:24.327 22705 RALLYDEBUG rally_openstack.cleanup.manager [-] Deleting neutron.port object s_rally_6241c456_8vTaxDh6 (7aea9666-fd02-44a3-90f4-4287af2104af)
2019-07-10 21:09:24.376 22705 RALLYDEBUG rally_openstack.cleanup.manager [-] Deleting neutron.port object s_rally_6241c456_fYS3Rowe (7e52445f-0315-4fce-a0ba-34399a78c0c1)
2019-07-10 21:09:24.406 22705 RALLYDEBUG rally_openstack.cleanup.manager [-] Deleting neutron.port object s_rally_6241c456_VWsAPwKJ (7ecb2bd2-16b4-460a-bd66-e37c5e3c4a6a)
2019-07-10 21:09:24.406 22705 RALLYDEBUG rally_openstack.cleanup.manager [-] Deleting neutron.port object s_rally_6241c456_7Cx0tm60 (8065a842-fa3d-473b-9a4e-bc1a6b8a0a7a)
2019-07-10 21:09:24.509 22705 RALLYDEBUG rally_openstack.cleanup.manager [-] Deleting neutron.port object s_rally_6241c456_RfZ4QV9s (818f19fa-2697-481c-8c98-dd33114d8cf7)
2019-07-10 21:09:24.579 22705 RALLYDEBUG rally_openstack.cleanup.manager [-] Deleting neutron.port object s_rally_6241c456_ezRENHMI (820f7281-a80a-4643-a8fc-d02707919a89)
2019-07-10 21:09:24.594 22705 RALLYDEBUG rally_openstack.cleanup.manager [-] Deleting neutron.port object s_rally_6241c456_8GfYre92 (82e99dcf-a3b9-4111-9132-33c7911302ba)
2019-07-10 21:09:24.816 22705 RALLYDEBUG rally_openstack.cleanup.manager [-] Deleting neutron.port object s_rally_6241c456_ate9xrrq (841f5d46-3770-4d4e-8261-e6badfc61d13)
2019-07-10 21:09:25.051 22705 RALLYDEBUG rally_openstack.cleanup.manager [-] Deleting neutron.port object s_rally_6241c456_TlAoGv1W (87015b5e-bf32-424f-80ee-ff4c87431b3f)
2019-07-10 21:09:25.150 22705 RALLYDEBUG rally_openstack.cleanup.manager [-] Deleting neutron.port object s_rally_6241c456_XO6ixLqC (880efb72-935d-4d51-ab26-b3122380fd63)
2019-07-10 21:09:25.214 22705 RALLYDEBUG rally_openstack.cleanup.manager [-] Deleting neutron.port object s_rally_6241c456_2jqCPdC8 (89835f6e-6a9f-452a-9749-458f1982922b)
2019-07-10 21:09:25.432 22705 RALLYDEBUG rally_openstack.cleanup.manager [-] Deleting neutron.port object s_rally_6241c456_CIPITrzg (8a9f82c0-7839-4d2a-9c2a-2a096765f426)
2019-07-10 21:09:25.557 22705 RALLYDEBUG rally_openstack.cleanup.manager [-] Deleting neutron.port object s_rally_6241c456_bfk35lFG (8bd3be88-e2e0-465d-95ee-e2c086191498)
2019-07-10 21:09:25.694 22705 RALLYDEBUG rally_openstack.cleanup.manager [-] Deleting neutron.port object s_rally_6241c456_clZmFven (8d44c84f-1c89-49cd-9ea7-116dd76a4dd5)
2019-07-10 21:09:25.971 22705 RALLYDEBUG rally_openstack.cleanup.manager [-] Deleting neutron.port object s_rally_6241c456_61R8utp0 (8d70d75e-6db0-452f-af4b-66715df1ff1e)
2019-07-10 21:09:26.312 22705 RALLYDEBUG rally_openstack.cleanup.manager [-] Deleting neutron.port object s_rally_6241c456_Er8pOMWP (8ec3ed31-7082-485e-8c01-69d080a58fff)
2019-07-10 21:09:26.471 22705 RALLYDEBUG rally_openstack.cleanup.manager [-] Deleting neutron.port object s_rally_6241c456_ExFIif7d (8ff33df2-288b-4d8b-a257-cf02c4d48afd)
2019-07-10 21:09:26.702 22705 RALLYDEBUG rally_openstack.cleanup.manager [-] Deleting neutron.port object s_rally_6241c456_uJ2D8TB5 (926bbf9d-8b1b-4336-9dd2-03c50dae8e7a)
2019-07-10 21:09:26.712 22705 RALLYDEBUG rally_openstack.cleanup.manager [-] Deleting neutron.port object s_rally_6241c456_V0SUQqJ4 (93f88ff7-8f6f-4c90-87f4-c3217cf0630a)
2019-07-10 21:09:26.744 22705 RALLYDEBUG rally_openstack.cleanup.manager [-] Deleting neutron.port object s_rally_6241c456_R5MuzfLY (94b71248-560b-4eca-9002-7b7a670a6595)
2019-07-10 21:09:26.759 22705 RALLYDEBUG rally_openstack.cleanup.manager [-] Deleting neutron.port object s_rally_6241c456_1pABYo1l (95c82187-c6d7-434a-85ba-7c5f39309637)
2019-07-10 21:09:26.789 22705 RALLYDEBUG rally_openstack.cleanup.manager [-] Deleting neutron.port object s_rally_6241c456_r398HO7A (9601392a-7872-4c53-ac30-5b05aad9fb8a)
2019-07-10 21:09:26.859 22705 RALLYDEBUG rally_openstack.cleanup.manager [-] Deleting neutron.port object s_rally_6241c456_bTKOpoqP (96a5dd73-2f45-4aaa-9ab2-942e3bca8c88)
2019-07-10 21:09:26.906 22705 RALLYDEBUG rally_openstack.cleanup.manager [-] Deleting neutron.port object s_rally_6241c456_mLtDPyYa (96e870ed-690d-4041-b55a-b38d6683eb68)
2019-07-10 21:09:26.935 22705 RALLYDEBUG rally_openstack.cleanup.manager [-] Deleting neutron.port object s_rally_6241c456_KFfncp3M (974414a6-ad52-4662-98df-037f15d1a5a8)
2019-07-10 21:09:27.150 22705 RALLYDEBUG rally_openstack.cleanup.manager [-] Deleting neutron.port object s_rally_6241c456_weuFzeUG (993e76f4-12b6-480d-b8b9-f6027c4d0e97)
2019-07-10 21:09:27.161 22705 RALLYDEBUG rally_openstack.cleanup.manager [-] Deleting neutron.port object s_rally_6241c456_SHuEXKdn (9bb3e4db-b39a-4e1e-a8cd-d405a67d9f1e)
2019-07-10 21:09:27.294 22705 RALLYDEBUG rally_openstack.cleanup.manager [-] Deleting neutron.port object s_rally_6241c456_xD2J7Bh7 (9ca6bc7c-ad8c-4fa9-8efc-4b7f2ff361e5)
2019-07-10 21:09:27.368 22705 RALLYDEBUG rally_openstack.cleanup.manager [-] Deleting neutron.port object s_rally_6241c456_1R0tFQrB (9fc9ed38-c9d3-4471-9c68-b8e404a0572c)
2019-07-10 21:09:27.583 22705 RALLYDEBUG rally_openstack.cleanup.manager [-] Deleting neutron.port object s_rally_6241c456_klW70Jqr (a07d95bc-120c-4f3d-9d5d-d3d745be2df1)
2019-07-10 21:09:27.621 22705 RALLYDEBUG rally_openstack.cleanup.manager [-] Deleting neutron.port object s_rally_6241c456_UZa8zWfz (a091a477-ed1c-47e0-b8e1-4712a34c3635)
2019-07-10 21:09:27.755 22705 RALLYDEBUG rally_openstack.cleanup.manager [-] Deleting neutron.port object s_rally_6241c456_AXfCFoyn (a0940131-4341-4c85-bffa-8882c991cbbb)
2019-07-10 21:09:27.878 22705 RALLYDEBUG rally_openstack.cleanup.manager [-] Deleting neutron.port object s_rally_6241c456_NAfiswsy (a1c5cace-f398-4250-8043-d073c2fdde03)
2019-07-10 21:09:28.098 22705 RALLYDEBUG rally_openstack.cleanup.manager [-] Deleting neutron.port object s_rally_6241c456_yhXvyGO1 (a2d57608-25ee-4a52-9dfb-7023495738ab)
2019-07-10 21:09:28.392 22705 RALLYDEBUG rally_openstack.cleanup.manager [-] Deleting neutron.port object s_rally_6241c456_fte5nblf (a4aed9f8-b428-4124-a5f7-83324dd077ff)
2019-07-10 21:09:28.712 22705 RALLYDEBUG rally_openstack.cleanup.manager [-] Deleting neutron.port object s_rally_6241c456_n3omvTjS (a50820ef-3d9e-4f25-a079-563f8a388ad6)
2019-07-10 21:09:28.857 22705 RALLYDEBUG rally_openstack.cleanup.manager [-] Deleting neutron.port object s_rally_6241c456_uyx0vPLW (a654bcf4-8c1c-40b0-9a5f-ef8c58b3c7f3)
2019-07-10 21:09:29.057 22705 RALLYDEBUG rally_openstack.cleanup.manager [-] Deleting neutron.port object s_rally_6241c456_S7UCqpGG (a70547cf-1942-4dd4-a342-8ef955a26d77)
2019-07-10 21:09:29.120 22705 RALLYDEBUG rally_openstack.cleanup.manager [-] Deleting neutron.port object s_rally_6241c456_FAwSFIIu (a74e0ba2-5f0c-4f00-9235-cbd94ec16f5b)
2019-07-10 21:09:29.207 22705 RALLYDEBUG rally_openstack.cleanup.manager [-] Deleting neutron.port object s_rally_6241c456_iQWT09Sg (a7c49852-9fcb-4db4-b6ee-a7a37d2f987f)
2019-07-10 21:09:29.263 22705 RALLYDEBUG rally_openstack.cleanup.manager [-] Deleting neutron.port object s_rally_6241c456_KWiVZ0Lk (a82080f3-c935-4ca1-a7d9-b326d09dc155)
2019-07-10 21:09:29.308 22705 RALLYDEBUG rally_openstack.cleanup.manager [-] Deleting neutron.port object s_rally_6241c456_qv9yBhXd (a896f71a-4d0f-407b-a659-2408998fc2ae)
2019-07-10 21:09:29.477 22705 RALLYDEBUG rally_openstack.cleanup.manager [-] Deleting neutron.port object s_rally_6241c456_uWkVlbMd (a942c096-c73c-470c-9a12-b46eb6de6f1f)
2019-07-10 21:09:29.706 22705 RALLYDEBUG rally_openstack.cleanup.manager [-] Deleting neutron.port object s_rally_6241c456_4P8osIQ0 (a97a3545-b62b-4e61-b248-11815a6c2499)
2019-07-10 21:09:29.725 22705 RALLYDEBUG rally_openstack.cleanup.manager [-] Deleting neutron.port object s_rally_6241c456_P3Rs87ok (a99f6eed-b491-42f5-b93a-c51ac2088e61)
2019-07-10 21:09:29.763 22705 RALLYDEBUG rally_openstack.cleanup.manager [-] Deleting neutron.port object s_rally_6241c456_smGtIhZd (aac711eb-26a0-4b32-b8ee-99e868ce2219)
2019-07-10 21:09:29.814 22705 RALLYDEBUG rally_openstack.cleanup.manager [-] Deleting neutron.port object s_rally_6241c456_bH7ulKei (ab2db632-fb3e-40f3-86d1-d95fa4530c24)
2019-07-10 21:09:29.836 22705 RALLYDEBUG rally_openstack.cleanup.manager [-] Deleting neutron.port object s_rally_6241c456_cwmqJlae (abd6c21d-e4e1-489b-a2b4-605b18367e2f)
2019-07-10 21:09:29.848 22705 RALLYDEBUG rally_openstack.cleanup.manager [-] Deleting neutron.port object s_rally_6241c456_Jk91LOsQ (ac4d27ea-eb0c-4692-ba9c-402a8438c2f6)
2019-07-10 21:09:29.875 22705 RALLYDEBUG rally_openstack.cleanup.manager [-] Deleting neutron.port object s_rally_6241c456_OPJMp3iJ (ad89870e-57e0-4f67-8b60-4d60acff2b96)
2019-07-10 21:09:29.891 22705 RALLYDEBUG rally_openstack.cleanup.manager [-] Deleting neutron.port object s_rally_6241c456_Ie9lkxJl (ae1e06cc-d3f1-4b05-ae97-6e7a0766c775)
2019-07-10 21:09:30.127 22705 RALLYDEBUG rally_openstack.cleanup.manager [-] Deleting neutron.port object s_rally_6241c456_EwihISNX (aeac9763-64e1-4fc1-a44d-a6b33eedee56)
2019-07-10 21:09:30.216 22705 RALLYDEBUG rally_openstack.cleanup.manager [-] Deleting neutron.port object s_rally_6241c456_SA2tNsp1 (b0497d73-6f57-442a-a800-ec2254b14825)
2019-07-10 21:09:30.243 22705 RALLYDEBUG rally_openstack.cleanup.manager [-] Deleting neutron.port object s_rally_6241c456_1jMFnkLP (b05d1dfb-55bb-406a-aadb-e551f9d1753e)
2019-07-10 21:09:30.707 22705 RALLYDEBUG rally_openstack.cleanup.manager [-] Deleting neutron.port object s_rally_6241c456_M6Lg4def (b0971b24-174c-4ef4-a487-177f63b9d601)
2019-07-10 21:09:30.869 22705 RALLYDEBUG rally_openstack.cleanup.manager [-] Deleting neutron.port object s_rally_6241c456_U0muC6ok (b14d7075-5647-49f9-9ce2-4d70091e62a9)
2019-07-10 21:09:31.062 22705 RALLYDEBUG rally_openstack.cleanup.manager [-] Deleting neutron.port object s_rally_6241c456_9H3Hgw7Q (b30aaab1-edaa-47a6-bbe7-0109507295d6)
2019-07-10 21:09:31.294 22705 RALLYDEBUG rally_openstack.cleanup.manager [-] Deleting neutron.port object s_rally_6241c456_Xb8m3K7r (b30c8b69-d12a-46b9-a092-e489f314daf9)
2019-07-10 21:09:31.415 22705 RALLYDEBUG rally_openstack.cleanup.manager [-] Deleting neutron.port object s_rally_6241c456_rQFR1N97 (b6f9d799-5ff3-4dbe-8c6f-37fcade56034)
2019-07-10 21:09:31.600 22705 RALLYDEBUG rally_openstack.cleanup.manager [-] Deleting neutron.port object s_rally_6241c456_6S4oHdEg (b703c75f-76ca-4ec5-a067-f8778a414543)
2019-07-10 21:09:31.816 22705 RALLYDEBUG rally_openstack.cleanup.manager [-] Deleting neutron.port object s_rally_6241c456_cphUMWq7 (b8ef2699-1e8a-4a2e-894a-2a0c483cf3ad)
2019-07-10 21:09:32.026 22705 RALLYDEBUG rally_openstack.cleanup.manager [-] Deleting neutron.port object s_rally_6241c456_5VkRX4Nk (b9666a2e-adc0-404f-a3f4-f80e304dea84)
2019-07-10 21:09:32.042 22705 RALLYDEBUG rally_openstack.cleanup.manager [-] Deleting neutron.port object s_rally_6241c456_NqTE0Smq (b980e550-95ab-46ce-80b2-aeb936761bbb)
2019-07-10 21:09:32.099 22705 RALLYDEBUG rally_openstack.cleanup.manager [-] Deleting neutron.port object s_rally_6241c456_j2xX4P7u (b9c3ec15-6049-4ccb-b536-ff1dc129e118)
2019-07-10 21:09:32.122 22705 RALLYDEBUG rally_openstack.cleanup.manager [-] Deleting neutron.port object s_rally_6241c456_FFhRW1cF (ba08ab3e-aae8-40a7-b8d6-7fadab15ffd8)
2019-07-10 21:09:32.225 22705 RALLYDEBUG rally_openstack.cleanup.manager [-] Deleting neutron.port object s_rally_6241c456_fABjIG2F (bcd6f62c-d519-4e74-b0f9-55c88a2feaf4)
2019-07-10 21:09:32.232 22705 RALLYDEBUG rally_openstack.cleanup.manager [-] Deleting neutron.port object s_rally_6241c456_nYr5ryLr (bd0d8193-dbb9-432a-ae90-66fec2cbee0f)
2019-07-10 21:09:32.330 22705 RALLYDEBUG rally_openstack.cleanup.manager [-] Deleting neutron.port object s_rally_6241c456_qqQt0z3F (bee05663-7c47-47e5-a2c1-7f5269dd52f7)
2019-07-10 21:09:32.343 22705 RALLYDEBUG rally_openstack.cleanup.manager [-] Deleting neutron.port object s_rally_6241c456_xhcZfQln (bf128b86-fc58-4138-9c78-18875a2fc201)
2019-07-10 21:09:32.378 22705 RALLYDEBUG rally_openstack.cleanup.manager [-] Deleting neutron.port object s_rally_6241c456_V7qbJJ1E (c28614d9-568f-40f7-8e82-e6780f294c46)
2019-07-10 21:09:32.498 22705 RALLYDEBUG rally_openstack.cleanup.manager [-] Deleting neutron.port object s_rally_6241c456_TlrodfFj (c4b152bc-a42e-4109-baf3-69a6638d0941)
2019-07-10 21:09:32.555 22705 RALLYDEBUG rally_openstack.cleanup.manager [-] Deleting neutron.port object s_rally_6241c456_OeI8Qp00 (c52737b7-44e2-4dc7-b0a7-f146172a92f9)
2019-07-10 21:09:32.561 22705 RALLYDEBUG rally_openstack.cleanup.manager [-] Deleting neutron.port object s_rally_6241c456_MgvniYkn (c5fbc32e-5d3b-4054-a3fc-ca8b05a0645e)
2019-07-10 21:09:32.740 22705 RALLYDEBUG rally_openstack.cleanup.manager [-] Deleting neutron.port object s_rally_6241c456_wEkdmPqB (c9770ffb-510c-4e59-bc7b-2a625989c30c)
2019-07-10 21:09:33.072 22705 RALLYDEBUG rally_openstack.cleanup.manager [-] Deleting neutron.port object s_rally_6241c456_QqQADufB (ca42fb39-cb4a-48d8-b15c-0515db8d8187)
2019-07-10 21:09:33.170 22705 RALLYDEBUG rally_openstack.cleanup.manager [-] Deleting neutron.port object s_rally_6241c456_xce3EjNU (caa67604-d4bf-4bf8-9691-7d34baece709)
2019-07-10 21:09:33.223 22705 RALLYDEBUG rally_openstack.cleanup.manager [-] Deleting neutron.port object s_rally_6241c456_cq5nsz5n (cca6c7fa-06a3-4137-adce-fcf2355dc4c0)
2019-07-10 21:09:33.515 22705 RALLYDEBUG rally_openstack.cleanup.manager [-] Deleting neutron.port object s_rally_6241c456_YhsbJAey (cd535269-f436-4df3-ac6e-b59e8d5b9a06)
2019-07-10 21:09:33.823 22705 RALLYDEBUG rally_openstack.cleanup.manager [-] Deleting neutron.port object s_rally_6241c456_41OSW364 (cf25faca-fb8b-42ad-a0bc-3ef4a557e97d)
2019-07-10 21:09:33.877 22705 RALLYDEBUG rally_openstack.cleanup.manager [-] Deleting neutron.port object s_rally_6241c456_lVCi3NQw (d3f4eed3-b5ab-421b-b4ca-b32a0d53d302)
2019-07-10 21:09:33.943 22705 RALLYDEBUG rally_openstack.cleanup.manager [-] Deleting neutron.port object s_rally_6241c456_hoxrMDiw (db064244-e650-453a-94e1-a9aabc6628f3)
2019-07-10 21:09:34.199 22705 RALLYDEBUG rally_openstack.cleanup.manager [-] Deleting neutron.port object s_rally_6241c456_tE74MWYt (db859fb9-3d77-497e-8621-e73756798c0d)
2019-07-10 21:09:34.240 22705 RALLYDEBUG rally_openstack.cleanup.manager [-] Deleting neutron.port object s_rally_6241c456_tg0ad2Ht (e0874aec-7be3-4216-9fa8-99d8b77b046a)
2019-07-10 21:09:34.402 22705 RALLYDEBUG rally_openstack.cleanup.manager [-] Deleting neutron.port object s_rally_6241c456_B96aPaAu (e7094029-fab0-429b-ad74-4a5986a29235)
2019-07-10 21:09:34.554 22705 RALLYDEBUG rally_openstack.cleanup.manager [-] Deleting neutron.port object s_rally_6241c456_e92etwoq (e743c0ee-db70-4e7e-b4b8-58700679a0a0)
2019-07-10 21:09:34.600 22705 RALLYDEBUG rally_openstack.cleanup.manager [-] Deleting neutron.port object s_rally_6241c456_WJIkAoVb (e8202273-734a-4734-b59c-dcba30b19cc0)
2019-07-10 21:09:34.726 22705 RALLYDEBUG rally_openstack.cleanup.manager [-] Deleting neutron.port object s_rally_6241c456_aodAVlFR (e86683f8-2992-48ee-9003-bdac21da8f41)
2019-07-10 21:09:34.811 22705 RALLYDEBUG rally_openstack.cleanup.manager [-] Deleting neutron.port object s_rally_6241c456_MZmmHHtD (e9c685f7-2792-4f26-81d0-0abb86c3935f)
2019-07-10 21:09:34.906 22705 RALLYDEBUG rally_openstack.cleanup.manager [-] Deleting neutron.port object s_rally_6241c456_3C1Omwyn (eb145c22-dfd2-4e4f-8f01-33bde5cc7721)
2019-07-10 21:09:35.036 22705 RALLYDEBUG rally_openstack.cleanup.manager [-] Deleting neutron.port object s_rally_6241c456_0vEWwbc7 (ec72633a-9530-4161-aafd-229ec9b6d6c0)
2019-07-10 21:09:35.065 22705 RALLYDEBUG rally_openstack.cleanup.manager [-] Deleting neutron.port object s_rally_6241c456_7paDfIKZ (ed540a7f-ae0a-46d4-b4b3-81d8de03128e)
2019-07-10 21:09:35.069 22705 RALLYDEBUG rally_openstack.cleanup.manager [-] Deleting neutron.port object s_rally_6241c456_CLeRs6ia (eeccb62d-d570-4632-a2f1-86e84f193093)
2019-07-10 21:09:35.114 22705 RALLYDEBUG rally_openstack.cleanup.manager [-] Deleting neutron.port object s_rally_6241c456_IS25c1OU (f0620cb3-920c-4941-8e15-c0641f6cfc07)
2019-07-10 21:09:35.234 22705 RALLYDEBUG rally_openstack.cleanup.manager [-] Deleting neutron.port object s_rally_6241c456_7VZf8mTM (f068f7f2-8368-4ae4-8dca-2e860be1562e)
2019-07-10 21:09:35.282 22705 RALLYDEBUG rally_openstack.cleanup.manager [-] Deleting neutron.port object s_rally_6241c456_SoFVkOd0 (f17a8539-4101-4937-91b2-f91c961a2235)
2019-07-10 21:09:35.543 22705 RALLYDEBUG rally_openstack.cleanup.manager [-] Deleting neutron.port object s_rally_6241c456_2LMV3okE (f1ff4efb-945c-48a4-9839-f286d92fbf44)
2019-07-10 21:09:35.715 22705 RALLYDEBUG rally_openstack.cleanup.manager [-] Deleting neutron.port object s_rally_6241c456_wk344o23 (f2192dda-bea8-4f57-bb78-3361d7b7ef99)
2019-07-10 21:09:35.758 22705 RALLYDEBUG rally_openstack.cleanup.manager [-] Deleting neutron.port object s_rally_6241c456_lQkCFwF5 (f39175df-0e9f-4247-b012-89ad2a8f38d4)
2019-07-10 21:09:36.070 22705 RALLYDEBUG rally_openstack.cleanup.manager [-] Deleting neutron.port object s_rally_6241c456_1zRKcRgD (f50b236c-c40f-48c0-b58a-2aa2cf879de8)
2019-07-10 21:09:36.147 22705 RALLYDEBUG rally_openstack.cleanup.manager [-] Deleting neutron.port object s_rally_6241c456_mzrNe0Pk (f757bf58-5d1a-4518-abd6-2404774b7cda)
2019-07-10 21:09:36.428 22705 RALLYDEBUG rally_openstack.cleanup.manager [-] Deleting neutron.port object s_rally_6241c456_rjWJNXol (f7f9cc6b-768b-4a9b-96ba-81b7f88fe0f3)
2019-07-10 21:09:36.504 22705 RALLYDEBUG rally_openstack.cleanup.manager [-] Deleting neutron.port object s_rally_6241c456_gxUSrzpk (f9bf1797-ce64-4890-8c2d-48a755509484)
2019-07-10 21:09:36.674 22705 RALLYDEBUG rally_openstack.cleanup.manager [-] Deleting neutron.port object s_rally_6241c456_HLxvd9ao (faa36d6f-55a8-49ba-9dd5-ac942859beed)
2019-07-10 21:09:36.764 22705 RALLYDEBUG rally_openstack.cleanup.manager [-] Deleting neutron.port object s_rally_6241c456_tDQPRNFI (fb4eab7c-75f5-4163-9845-72d6d828bf88)
2019-07-10 21:09:36.796 22705 RALLYDEBUG rally_openstack.cleanup.manager [-] Deleting neutron.port object s_rally_6241c456_PDwRXKNE (fbac4c8d-bcb3-4d52-be40-7ee5d20abac7)
2019-07-10 21:09:37.164 22705 RALLYDEBUG rally_openstack.cleanup.manager [-] Deleting neutron.port object s_rally_6241c456_J3zDEK2d (fc10bde4-2458-4a93-856b-00bb73bd8dca)
2019-07-10 21:09:37.327 22705 RALLYDEBUG rally_openstack.cleanup.manager [-] Deleting neutron.port object s_rally_6241c456_duslKWjK (fc435644-cc6c-4f1f-9421-6ea8d984a0b3)
2019-07-10 21:09:37.355 22705 RALLYDEBUG rally_openstack.cleanup.manager [-] Deleting neutron.port object s_rally_6241c456_1w8jNjyL (fee19abb-3793-40c2-a7d6-ac3002e3efd5)
2019-07-10 21:09:39.635 22705 RALLYDEBUG rally_openstack.cleanup.manager [-] Cleaning up neutron subnet objects
2019-07-10 21:09:40.325 22705 RALLYDEBUG rally_openstack.cleanup.manager [-] Cleaning up neutron network objects
2019-07-10 21:09:41.374 22705 RALLYDEBUG rally_openstack.cleanup.manager [-] Deleting neutron.network object s_rally_6241c456_pxqQlvBB (033e5d62-e328-4cc3-bee2-f522a87500dd)
2019-07-10 21:09:41.378 22705 RALLYDEBUG rally_openstack.cleanup.manager [-] Deleting neutron.network object s_rally_6241c456_z3GQ8j9n (050c9d88-395a-4757-96e2-f251c1230ee9)
2019-07-10 21:09:41.389 22705 RALLYDEBUG rally_openstack.cleanup.manager [-] Deleting neutron.network object s_rally_6241c456_xDSxL5Lj (05faa734-4889-417b-815b-684bd636863f)
2019-07-10 21:09:41.396 22705 RALLYDEBUG rally_openstack.cleanup.manager [-] Deleting neutron.network object s_rally_6241c456_2VCSOIdQ (06715c36-9bf6-43f4-9ef3-ecd66af237a2)
2019-07-10 21:09:41.407 22705 RALLYDEBUG rally_openstack.cleanup.manager [-] Deleting neutron.network object s_rally_6241c456_CfDhjO9W (0f2c412d-1a7b-4054-9a75-641495382e65)
2019-07-10 21:09:41.415 22705 RALLYDEBUG rally_openstack.cleanup.manager [-] Deleting neutron.network object s_rally_6241c456_rqu53po6 (106a7920-b52e-4735-956e-c45b6eb9b025)
2019-07-10 21:09:41.428 22705 RALLYDEBUG rally_openstack.cleanup.manager [-] Deleting neutron.network object s_rally_6241c456_p8uH1DhS (153ccce6-203f-42e2-99e0-55692728773a)
2019-07-10 21:09:41.446 22705 RALLYDEBUG rally_openstack.cleanup.manager [-] Deleting neutron.network object s_rally_6241c456_en2o4Xm3 (1aaa158c-876d-43e2-8171-30686c577c2c)
2019-07-10 21:09:41.455 22705 RALLYDEBUG rally_openstack.cleanup.manager [-] Deleting neutron.network object s_rally_6241c456_04KuzQRE (21349438-1a9f-4c0d-86e1-75cb6c2a240e)
2019-07-10 21:09:41.465 22705 RALLYDEBUG rally_openstack.cleanup.manager [-] Deleting neutron.network object s_rally_6241c456_QrGx75EB (2182937d-4549-440d-88fa-5f083125de2d)
2019-07-10 21:09:41.473 22705 RALLYDEBUG rally_openstack.cleanup.manager [-] Deleting neutron.network object s_rally_6241c456_LGolIxdH (22526d11-0e91-4c0e-bfeb-47c641c56c1b)
2019-07-10 21:09:41.486 22705 RALLYDEBUG rally_openstack.cleanup.manager [-] Deleting neutron.network object s_rally_6241c456_0Ag34UKp (259b666b-b905-4a34-8197-1c354c874375)
2019-07-10 21:09:41.513 22705 RALLYDEBUG rally_openstack.cleanup.manager [-] Deleting neutron.network object s_rally_6241c456_j4qd5EYk (288911fa-c792-4f0c-a055-41286951c8ca)
2019-07-10 21:09:41.519 22705 RALLYDEBUG rally_openstack.cleanup.manager [-] Deleting neutron.network object s_rally_6241c456_It1HhI2Q (36042c71-25bc-49e4-9ca5-e10a610d7ccc)
2019-07-10 21:09:41.527 22705 RALLYDEBUG rally_openstack.cleanup.manager [-] Deleting neutron.network object s_rally_6241c456_9zwlK2RZ (4e2e2074-d599-4bc9-827d-5c28c226b897)
2019-07-10 21:09:41.535 22705 RALLYDEBUG rally_openstack.cleanup.manager [-] Deleting neutron.network object s_rally_6241c456_OKkKMbBC (53f53099-2c89-4235-94d0-0550cfa0812d)
2019-07-10 21:09:41.538 22705 RALLYDEBUG rally_openstack.cleanup.manager [-] Deleting neutron.network object s_rally_6241c456_4JRAOSud (3d762dd5-3ef4-44f8-aeb0-43c1213080f5)
2019-07-10 21:09:41.546 22705 RALLYDEBUG rally_openstack.cleanup.manager [-] Deleting neutron.network object s_rally_6241c456_DXckvB8O (5436751e-18b4-4b4a-b20b-3c4dcbc6d5fd)
2019-07-10 21:09:41.581 22705 RALLYDEBUG rally_openstack.cleanup.manager [-] Deleting neutron.network object s_rally_6241c456_kC2IZTav (69349303-77f1-45d5-96f1-c4b7508f7af2)
2019-07-10 21:09:41.589 22705 RALLYDEBUG rally_openstack.cleanup.manager [-] Deleting neutron.network object s_rally_6241c456_hUAK4RYe (5cf040d7-bedf-452b-bcfb-b9f55bdf538d)
2019-07-10 21:09:44.163 22705 RALLYDEBUG rally_openstack.cleanup.manager [-] Deleting neutron.network object s_rally_6241c456_L8bce7ux (6bd7ceb6-ab42-4864-9eee-f6e61aab00d3)
2019-07-10 21:09:44.209 22705 RALLYDEBUG rally_openstack.cleanup.manager [-] Deleting neutron.network object s_rally_6241c456_O7sRaVy2 (723307c4-1b42-4c97-bb11-284cf2d69187)
2019-07-10 21:09:44.384 22705 RALLYDEBUG rally_openstack.cleanup.manager [-] Deleting neutron.network object s_rally_6241c456_RX2o9BUW (7713a828-e088-4329-8f72-6bd30a87fdc3)
2019-07-10 21:09:44.497 22705 RALLYDEBUG rally_openstack.cleanup.manager [-] Deleting neutron.network object s_rally_6241c456_GXVNr2qr (89ca497b-455d-4e62-b241-66eb455b89b6)
2019-07-10 21:09:44.603 22705 RALLYDEBUG rally_openstack.cleanup.manager [-] Deleting neutron.network object s_rally_6241c456_OAMJmYfL (94c3b61f-6901-4bbd-bc40-0f1d953eb6bb)
2019-07-10 21:09:44.615 22705 RALLYDEBUG rally_openstack.cleanup.manager [-] Deleting neutron.network object s_rally_6241c456_8U2kHMnv (974708a5-abf3-44fc-b720-1cd5ddc6e976)
2019-07-10 21:09:44.633 22705 RALLYDEBUG rally_openstack.cleanup.manager [-] Deleting neutron.network object s_rally_6241c456_kuKiFxnv (9a42a226-b9a8-4d39-ab05-0ee36f7a1ab3)
2019-07-10 21:09:44.651 22705 RALLYDEBUG rally_openstack.cleanup.manager [-] Deleting neutron.network object s_rally_6241c456_E448nEXx (9d4d8a82-a64b-4b04-8e96-b6bca9305be8)
2019-07-10 21:09:44.665 22705 RALLYDEBUG rally_openstack.cleanup.manager [-] Deleting neutron.network object s_rally_6241c456_fJfsLbA0 (a292a4f2-e3df-4f4a-8567-0510fdf89334)
2019-07-10 21:09:44.673 22705 RALLYDEBUG rally_openstack.cleanup.manager [-] Deleting neutron.network object s_rally_6241c456_2mvDFWtk (bb754d23-b922-46cd-bf51-b528906d3ed0)
2019-07-10 21:09:44.719 22705 RALLYDEBUG rally_openstack.cleanup.manager [-] Deleting neutron.network object s_rally_6241c456_EEEXcG1c (ca89f291-9478-4cf9-b94d-ba4c2d5fe76a)
2019-07-10 21:09:44.780 22705 RALLYDEBUG rally_openstack.cleanup.manager [-] Deleting neutron.network object s_rally_6241c456_BSawWKJZ (cb885123-1110-486d-a714-ee8a2fa175fb)
2019-07-10 21:09:44.805 22705 RALLYDEBUG rally_openstack.cleanup.manager [-] Deleting neutron.network object s_rally_6241c456_0YOvRv5Q (cd3694a1-0edf-4ab4-8bd3-71a8ec21e11c)
2019-07-10 21:09:44.885 22705 RALLYDEBUG rally_openstack.cleanup.manager [-] Deleting neutron.network object s_rally_6241c456_Tk7128DF (d6ffed35-b0ab-4ff9-9709-ea9881016c7a)
2019-07-10 21:09:44.924 22705 RALLYDEBUG rally_openstack.cleanup.manager [-] Deleting neutron.network object s_rally_6241c456_xxQTx8hJ (dbfecc84-62df-4357-8ec4-c34f4d87bcd0)
2019-07-10 21:09:44.946 22705 RALLYDEBUG rally_openstack.cleanup.manager [-] Deleting neutron.network object s_rally_6241c456_5gtxkfwY (e679bcad-5e8c-45f4-afea-df14e4295480)
2019-07-10 21:09:44.963 22705 RALLYDEBUG rally_openstack.cleanup.manager [-] Deleting neutron.network object s_rally_6241c456_w5y8wSLh (f2453336-57cd-4961-ae3c-f59f6c1b8fcb)
2019-07-10 21:09:45.803 22705 RALLYDEBUG rally_openstack.cleanup.manager [-] Deleting neutron.network object s_rally_6241c456_DLcmBP6J (f32501e5-f848-4627-8c32-e05a684c9b3b)
2019-07-10 21:09:45.904 22705 RALLYDEBUG rally_openstack.cleanup.manager [-] Deleting neutron.network object s_rally_6241c456_gkGOSnCb (fde6628e-3722-4d5d-8be2-a63a8c935faf)
2019-07-10 21:09:45.904 22705 RALLYDEBUG rally_openstack.cleanup.manager [-] Deleting neutron.network object s_rally_6241c456_JQ0jecvz (f4eaf37f-a646-4cff-a692-4bf8a42138f6)
2019-07-10 21:09:48.573 22705 RALLYDEBUG rally_openstack.cleanup.manager [-] Cleaning up neutron router objects
2019-07-10 21:09:49.912 22705 RALLYDEBUG rally_openstack.cleanup.manager [-] Cleaning up neutron security_group objects
2019-07-10 21:09:50.709 22705 INFO rally.task.context [-] Task 3fc015d7-13ea-4005-a38c-9f588aff70fd | Context cleanup@openstack cleanup() finished in 42.24 sec
2019-07-10 21:09:50.710 22705 INFO rally.task.context [-] Task 3fc015d7-13ea-4005-a38c-9f588aff70fd | Context quotas@openstack cleanup() started
2019-07-10 21:09:51.048 22705 INFO rally.task.context [-] Task 3fc015d7-13ea-4005-a38c-9f588aff70fd | Context quotas@openstack cleanup() finished in 0.34 sec
2019-07-10 21:09:51.048 22705 INFO rally.task.context [-] Task 3fc015d7-13ea-4005-a38c-9f588aff70fd | Context users@openstack cleanup() started
2019-07-10 21:09:56.604 22705 INFO rally.task.context [-] Task 3fc015d7-13ea-4005-a38c-9f588aff70fd | Context users@openstack cleanup() finished in 5.56 sec
2019-07-10 21:09:57.963 22705 INFO rally.task.engine [-] Load duration is: 31.170343
2019-07-10 21:09:57.963 22705 INFO rally.task.engine [-] Full runner duration is: 31.216382
2019-07-10 21:09:57.964 22705 INFO rally.task.engine [-] Full duration is: 84.974276
2019-07-10 21:09:58.149 22705 INFO rally.task.engine [-] Running workload: position = 2 config = { "version": 2, "title": "A cropped version of a bigger task.", "description": "Auto-generated task from a single workload (uuid=e9db22f4-ef2a-4ff9-8446-64b8bf822f26)", "subtasks": [ { "title": "NeutronNetworks.create_and_delete_ports", "description": "Create and delete a port.", "scenario": { "NeutronNetworks.create_and_delete_ports": { "network_create_args": {}, "port_create_args": {}, "ports_per_network": 5 } }, "contexts": { "users": { "tenants": 1, "users_per_tenant": 1 }, "quotas": { "neutron": { "network": -1, "port": -1 } } }, "runner": { "constant": { "times": 40, "concurrency": 20 } }, "hooks": [], "sla": { "failure_rate": { "max": 0 } } } ] }
2019-07-10 21:09:58.164 22705 RALLYDEBUG rally_openstack.contexts.keystone.users [-] Creating 1 tenants using 20 threads
2019-07-10 21:10:00.092 22705 RALLYDEBUG rally_openstack.contexts.keystone.users [-] Creating 1 users using 20 threads
2019-07-10 21:10:02.895 22705 INFO rally.task.context [-] Task 3fc015d7-13ea-4005-a38c-9f588aff70fd | Context users@openstack setup() finished in 4.73 sec
2019-07-10 21:10:03.711 22705 INFO rally.task.context [-] Task 3fc015d7-13ea-4005-a38c-9f588aff70fd | Context quotas@openstack setup() finished in 0.82 sec
2019-07-10 21:10:03.712 22705 INFO rally.task.context [-] Task 3fc015d7-13ea-4005-a38c-9f588aff70fd | Context cleanup@openstack setup() finished in 0.00 msec
2019-07-10 21:10:03.720 22705 RALLYDEBUG rally.task.runner [-] Starting the constant runner (task UUID: 3fc015d7-13ea-4005-a38c-9f588aff70fd). timeout: 0 concurrency: 20 concurrency_per_worker: 1 times: 40 concurrency_overhead: 4 processes_to_start: 16 max_cpu_used: 16
2019-07-10 21:10:03.731 26951 RALLYDEBUG rally.task.runner [-] Starting a worker. concurrency: 2 args: {"network_create_args": {}, "port_create_args": {}, "ports_per_network": 5} times: 40 method_name: run timeout: 0 duration: None cls:
2019-07-10 21:10:03.736 26951 INFO rally.task.runner [-] Task 3fc015d7-13ea-4005-a38c-9f588aff70fd | ITER: 1 START
2019-07-10 21:10:03.737 26952 RALLYDEBUG rally.task.runner [-] Starting a worker. concurrency: 2 args: {"network_create_args": {}, "port_create_args": {}, "ports_per_network": 5} times: 40 method_name: run timeout: 0 duration: None cls:
2019-07-10 21:10:03.739 26951 WARNING rally_openstack.scenarios.neutron.utils [-] Running this scenario without either the 'network' or 'existing_network' context is deprecated
2019-07-10 21:10:03.740 26956 RALLYDEBUG rally.task.runner [-] Starting a worker. concurrency: 2 args: {"network_create_args": {}, "port_create_args": {}, "ports_per_network": 5} times: 40 method_name: run timeout: 0 duration: None cls:
2019-07-10 21:10:03.740 26953 RALLYDEBUG rally.task.runner [-] Starting a worker. concurrency: 2 args: {"network_create_args": {}, "port_create_args": {}, "ports_per_network": 5} times: 40 method_name: run timeout: 0 duration: None cls:
2019-07-10 21:10:03.744 26952 INFO rally.task.runner [-] Task 3fc015d7-13ea-4005-a38c-9f588aff70fd | ITER: 3 START
2019-07-10 21:10:03.746 26956 INFO rally.task.runner [-] Task 3fc015d7-13ea-4005-a38c-9f588aff70fd | ITER: 4 START
2019-07-10 21:10:03.745 26958 RALLYDEBUG rally.task.runner [-] Starting a worker. concurrency: 1 args: {"network_create_args": {}, "port_create_args": {}, "ports_per_network": 5} times: 40 method_name: run timeout: 0 duration: None cls:
2019-07-10 21:10:03.747 26959 RALLYDEBUG rally.task.runner [-] Starting a worker. concurrency: 1 args: {"network_create_args": {}, "port_create_args": {}, "ports_per_network": 5} times: 40 method_name: run timeout: 0 duration: None cls:
2019-07-10 21:10:03.749 26953 INFO rally.task.runner [-] Task 3fc015d7-13ea-4005-a38c-9f588aff70fd | ITER: 6 START
2019-07-10 21:10:03.747 26952 WARNING rally_openstack.scenarios.neutron.utils [-] Running this scenario without either the 'network' or 'existing_network' context is deprecated
2019-07-10 21:10:03.750 26956 WARNING rally_openstack.scenarios.neutron.utils [-] Running this scenario without either the 'network' or 'existing_network' context is deprecated
2019-07-10 21:10:03.748 26951 INFO rally.task.runner [-] Task 3fc015d7-13ea-4005-a38c-9f588aff70fd | ITER: 2 START
2019-07-10 21:10:03.751 26953 INFO rally.task.runner [-] Task 3fc015d7-13ea-4005-a38c-9f588aff70fd | ITER: 8 START
2019-07-10 21:10:03.751 26959 INFO rally.task.runner [-] Task 3fc015d7-13ea-4005-a38c-9f588aff70fd | ITER: 10 START
2019-07-10 21:10:03.751 26953 WARNING rally_openstack.scenarios.neutron.utils [-] Running this scenario without either the 'network' or 'existing_network' context is deprecated
2019-07-10 21:10:03.752 26951 WARNING rally_openstack.scenarios.neutron.utils [-] Running this scenario without either the 'network' or 'existing_network' context is deprecated
2019-07-10 21:10:03.752 26959 WARNING rally_openstack.scenarios.neutron.utils [-] Running this scenario without either the 'network' or 'existing_network' context is deprecated
2019-07-10 21:10:03.752 26958 INFO rally.task.runner [-] Task 3fc015d7-13ea-4005-a38c-9f588aff70fd | ITER: 9 START
2019-07-10 21:10:03.752 26956 INFO rally.task.runner [-] Task 3fc015d7-13ea-4005-a38c-9f588aff70fd | ITER: 7 START
2019-07-10 21:10:03.754 26958 WARNING rally_openstack.scenarios.neutron.utils [-] Running this scenario without either the 'network' or 'existing_network' context is deprecated
2019-07-10 21:10:03.754 26956 WARNING rally_openstack.scenarios.neutron.utils [-] Running this scenario without either the 'network' or 'existing_network' context is deprecated
2019-07-10 21:10:03.754 26963 RALLYDEBUG rally.task.runner [-] Starting a worker. concurrency: 1 args: {"network_create_args": {}, "port_create_args": {}, "ports_per_network": 5} times: 40 method_name: run timeout: 0 duration: None cls:
2019-07-10 21:10:03.756 26967 RALLYDEBUG rally.task.runner [-] Starting a worker. concurrency: 1 args: {"network_create_args": {}, "port_create_args": {}, "ports_per_network": 5} times: 40 method_name: run timeout: 0 duration: None cls:
2019-07-10 21:10:03.750 26953 WARNING rally_openstack.scenarios.neutron.utils [-] Running this scenario without either the 'network' or 'existing_network' context is deprecated
2019-07-10 21:10:03.760 26952 INFO rally.task.runner [-] Task 3fc015d7-13ea-4005-a38c-9f588aff70fd | ITER: 5 START
2019-07-10 21:10:03.760 26963 INFO rally.task.runner [-] Task 3fc015d7-13ea-4005-a38c-9f588aff70fd | ITER: 11 START
2019-07-10 21:10:03.762 26963 WARNING rally_openstack.scenarios.neutron.utils [-] Running this scenario without either the 'network' or 'existing_network' context is deprecated
2019-07-10 21:10:03.761 26952 WARNING rally_openstack.scenarios.neutron.utils [-] Running this scenario without either the 'network' or 'existing_network' context is deprecated
2019-07-10 21:10:03.762 26976 RALLYDEBUG rally.task.runner [-] Starting a worker. concurrency: 1 args: {"network_create_args": {}, "port_create_args": {}, "ports_per_network": 5} times: 40 method_name: run timeout: 0 duration: None cls:
2019-07-10 21:10:03.763 26967 INFO rally.task.runner [-] Task 3fc015d7-13ea-4005-a38c-9f588aff70fd | ITER: 12 START
2019-07-10 21:10:03.765 26967 WARNING rally_openstack.scenarios.neutron.utils [-] Running this scenario without either the 'network' or 'existing_network' context is deprecated
2019-07-10 21:10:03.767 26976 INFO rally.task.runner [-] Task 3fc015d7-13ea-4005-a38c-9f588aff70fd | ITER: 13 START
2019-07-10 21:10:03.767 26977 RALLYDEBUG rally.task.runner [-] Starting a worker. concurrency: 1 args: {"network_create_args": {}, "port_create_args": {}, "ports_per_network": 5} times: 40 method_name: run timeout: 0 duration: None cls:
2019-07-10 21:10:03.767 26972 RALLYDEBUG rally.task.runner [-] Starting a worker. concurrency: 1 args: {"network_create_args": {}, "port_create_args": {}, "ports_per_network": 5} times: 40 method_name: run timeout: 0 duration: None cls:
2019-07-10 21:10:03.769 26976 WARNING rally_openstack.scenarios.neutron.utils [-] Running this scenario without either the 'network' or 'existing_network' context is deprecated
2019-07-10 21:10:03.774 26977 INFO rally.task.runner [-] Task 3fc015d7-13ea-4005-a38c-9f588aff70fd | ITER: 14 START
2019-07-10 21:10:03.774 26972 INFO rally.task.runner [-] Task 3fc015d7-13ea-4005-a38c-9f588aff70fd | ITER: 15 START
2019-07-10 21:10:03.775 26977 WARNING rally_openstack.scenarios.neutron.utils [-] Running this scenario without either the 'network' or 'existing_network' context is deprecated
2019-07-10 21:10:03.775 26972 WARNING rally_openstack.scenarios.neutron.utils [-] Running this scenario without either the 'network' or 'existing_network' context is deprecated
2019-07-10 21:10:03.783 26984 RALLYDEBUG rally.task.runner [-] Starting a worker. concurrency: 1 args: {"network_create_args": {}, "port_create_args": {}, "ports_per_network": 5} times: 40 method_name: run timeout: 0 duration: None cls:
2019-07-10 21:10:03.787 26989 RALLYDEBUG rally.task.runner [-] Starting a worker. concurrency: 1 args: {"network_create_args": {}, "port_create_args": {}, "ports_per_network": 5} times: 40 method_name: run timeout: 0 duration: None cls:
2019-07-10 21:10:03.789 26984 INFO rally.task.runner [-] Task 3fc015d7-13ea-4005-a38c-9f588aff70fd | ITER: 16 START
2019-07-10 21:10:03.790 26989 INFO rally.task.runner [-] Task 3fc015d7-13ea-4005-a38c-9f588aff70fd | ITER: 17 START
2019-07-10 21:10:03.791 26984 WARNING rally_openstack.scenarios.neutron.utils [-] Running this scenario without either the 'network' or 'existing_network' context is deprecated
2019-07-10 21:10:03.791 26989 WARNING rally_openstack.scenarios.neutron.utils [-] Running this scenario without either the 'network' or 'existing_network' context is deprecated
2019-07-10 21:10:03.798 26994 RALLYDEBUG rally.task.runner [-] Starting a worker. concurrency: 1 args: {"network_create_args": {}, "port_create_args": {}, "ports_per_network": 5} times: 40 method_name: run timeout: 0 duration: None cls:
2019-07-10 21:10:03.802 26994 INFO rally.task.runner [-] Task 3fc015d7-13ea-4005-a38c-9f588aff70fd | ITER: 18 START
2019-07-10 21:10:03.802 26995 RALLYDEBUG rally.task.runner [-] Starting a worker. concurrency: 1 args: {"network_create_args": {}, "port_create_args": {}, "ports_per_network": 5} times: 40 method_name: run timeout: 0 duration: None cls:
2019-07-10 21:10:03.803 26994 WARNING rally_openstack.scenarios.neutron.utils [-] Running this scenario without either the 'network' or 'existing_network' context is deprecated
2019-07-10 21:10:03.806 26995 INFO rally.task.runner [-] Task 3fc015d7-13ea-4005-a38c-9f588aff70fd | ITER: 19 START
2019-07-10 21:10:03.807 26995 WARNING rally_openstack.scenarios.neutron.utils [-] Running this scenario without either the 'network' or 'existing_network' context is deprecated
2019-07-10 21:10:03.807 26996 RALLYDEBUG rally.task.runner [-] Starting a worker. concurrency: 1 args: {"network_create_args": {}, "port_create_args": {}, "ports_per_network": 5} times: 40 method_name: run timeout: 0 duration: None cls:
2019-07-10 21:10:03.811 26996 INFO rally.task.runner [-] Task 3fc015d7-13ea-4005-a38c-9f588aff70fd | ITER: 20 START
2019-07-10 21:10:03.812 26996 WARNING rally_openstack.scenarios.neutron.utils [-] Running this scenario without either the 'network' or 'existing_network' context is deprecated
2019-07-10 21:10:15.417 26976 INFO rally.task.runner [-] Task 3fc015d7-13ea-4005-a38c-9f588aff70fd | ITER: 13 END: OK
2019-07-10 21:10:15.422 26976 INFO rally.task.runner [-] Task 3fc015d7-13ea-4005-a38c-9f588aff70fd | ITER: 21 START
2019-07-10 21:10:15.423 26976 WARNING rally_openstack.scenarios.neutron.utils [-] Running this scenario without either the 'network' or 'existing_network' context is deprecated
2019-07-10 21:10:16.919 26989 INFO rally.task.runner [-] Task 3fc015d7-13ea-4005-a38c-9f588aff70fd | ITER: 17 END: OK
2019-07-10 21:10:16.924 26989 INFO rally.task.runner [-] Task 3fc015d7-13ea-4005-a38c-9f588aff70fd | ITER: 22 START
2019-07-10 21:10:16.925 26989 WARNING rally_openstack.scenarios.neutron.utils [-] Running this scenario without either the 'network' or 'existing_network' context is deprecated
2019-07-10 21:10:17.567 26994 INFO rally.task.runner [-] Task 3fc015d7-13ea-4005-a38c-9f588aff70fd | ITER: 18 END: OK
2019-07-10 21:10:17.571 26994 INFO rally.task.runner [-] Task 3fc015d7-13ea-4005-a38c-9f588aff70fd | ITER: 23 START
2019-07-10 21:10:17.572 26994 WARNING rally_openstack.scenarios.neutron.utils [-] Running this scenario without either the 'network' or 'existing_network' context is deprecated
2019-07-10 21:10:17.972 26996 INFO rally.task.runner [-] Task 3fc015d7-13ea-4005-a38c-9f588aff70fd | ITER: 20 END: OK
2019-07-10 21:10:17.977 26996 INFO rally.task.runner [-] Task 3fc015d7-13ea-4005-a38c-9f588aff70fd | ITER: 24 START
2019-07-10 21:10:17.978 26996 WARNING rally_openstack.scenarios.neutron.utils [-] Running this scenario without either the 'network' or 'existing_network' context is deprecated
2019-07-10 21:10:17.981 26951 INFO rally.task.runner [-] Task 3fc015d7-13ea-4005-a38c-9f588aff70fd | ITER: 2 END: OK
2019-07-10 21:10:17.986 26951 INFO rally.task.runner [-] Task 3fc015d7-13ea-4005-a38c-9f588aff70fd | ITER: 25 START
2019-07-10 21:10:17.986 26951 WARNING rally_openstack.scenarios.neutron.utils [-] Running this scenario without either the 'network' or 'existing_network' context is deprecated
2019-07-10 21:10:18.059 26956 INFO rally.task.runner [-] Task 3fc015d7-13ea-4005-a38c-9f588aff70fd | ITER: 7 END: OK
2019-07-10 21:10:18.064 26956 INFO rally.task.runner [-] Task 3fc015d7-13ea-4005-a38c-9f588aff70fd | ITER: 26 START
2019-07-10 21:10:18.065 26956 WARNING rally_openstack.scenarios.neutron.utils [-] Running this scenario without either the 'network' or 'existing_network' context is deprecated
2019-07-10 21:10:18.276 26951 INFO rally.task.runner [-] Task 3fc015d7-13ea-4005-a38c-9f588aff70fd | ITER: 1 END: OK
2019-07-10 21:10:18.279 26951 INFO rally.task.runner [-] Task 3fc015d7-13ea-4005-a38c-9f588aff70fd | ITER: 27 START
2019-07-10 21:10:18.280 26951 WARNING rally_openstack.scenarios.neutron.utils [-] Running this scenario without either the 'network' or 'existing_network' context is deprecated
2019-07-10 21:10:18.769 26963 INFO rally.task.runner [-] Task 3fc015d7-13ea-4005-a38c-9f588aff70fd | ITER: 11 END: OK
2019-07-10 21:10:18.774 26963 INFO rally.task.runner [-] Task 3fc015d7-13ea-4005-a38c-9f588aff70fd | ITER: 28 START
2019-07-10 21:10:18.774 26963 WARNING rally_openstack.scenarios.neutron.utils [-] Running this scenario without either the 'network' or 'existing_network' context is deprecated
2019-07-10 21:10:18.819 26977 INFO rally.task.runner [-] Task 3fc015d7-13ea-4005-a38c-9f588aff70fd | ITER: 14 END: OK
2019-07-10 21:10:18.823 26977 INFO rally.task.runner [-] Task 3fc015d7-13ea-4005-a38c-9f588aff70fd | ITER: 29 START
2019-07-10 21:10:18.823 26977 WARNING rally_openstack.scenarios.neutron.utils [-] Running this scenario without either the 'network' or 'existing_network' context is deprecated
2019-07-10 21:10:19.194 26956 INFO rally.task.runner [-] Task 3fc015d7-13ea-4005-a38c-9f588aff70fd | ITER: 4 END: OK
2019-07-10 21:10:19.197 26956 INFO rally.task.runner [-] Task 3fc015d7-13ea-4005-a38c-9f588aff70fd | ITER: 30 START
2019-07-10 21:10:19.198 26956 WARNING rally_openstack.scenarios.neutron.utils [-] Running this scenario without either the 'network' or 'existing_network' context is deprecated
2019-07-10 21:10:19.204 26952 INFO rally.task.runner [-] Task 3fc015d7-13ea-4005-a38c-9f588aff70fd | ITER: 3 END: OK
2019-07-10 21:10:19.209 26952 INFO rally.task.runner [-] Task 3fc015d7-13ea-4005-a38c-9f588aff70fd | ITER: 31 START
2019-07-10 21:10:19.209 26952 WARNING rally_openstack.scenarios.neutron.utils [-] Running this scenario without either the 'network' or 'existing_network' context is deprecated
2019-07-10 21:10:19.217 26972 INFO rally.task.runner [-] Task 3fc015d7-13ea-4005-a38c-9f588aff70fd | ITER: 15 END: OK
2019-07-10 21:10:19.221 26972 INFO rally.task.runner [-] Task 3fc015d7-13ea-4005-a38c-9f588aff70fd | ITER: 32 START
2019-07-10 21:10:19.221 26972 WARNING rally_openstack.scenarios.neutron.utils [-] Running this scenario without either the 'network' or 'existing_network' context is deprecated
2019-07-10 21:10:19.263 26984 INFO rally.task.runner [-] Task 3fc015d7-13ea-4005-a38c-9f588aff70fd | ITER: 16 END: OK
2019-07-10 21:10:19.266 26984 INFO rally.task.runner [-] Task 3fc015d7-13ea-4005-a38c-9f588aff70fd | ITER: 33 START
2019-07-10 21:10:19.267 26984 WARNING rally_openstack.scenarios.neutron.utils [-] Running this scenario without either the 'network' or 'existing_network' context is deprecated
2019-07-10 21:10:19.621 26958 INFO rally.task.runner [-] Task 3fc015d7-13ea-4005-a38c-9f588aff70fd | ITER: 9 END: OK
2019-07-10 21:10:19.624 26958 INFO rally.task.runner [-] Task 3fc015d7-13ea-4005-a38c-9f588aff70fd | ITER: 34 START
2019-07-10 21:10:19.625 26958 WARNING rally_openstack.scenarios.neutron.utils [-] Running this scenario without either the 'network' or 'existing_network' context is deprecated
2019-07-10 21:10:19.638 26953 INFO rally.task.runner [-] Task 3fc015d7-13ea-4005-a38c-9f588aff70fd | ITER: 8 END: OK
2019-07-10 21:10:19.643 26953 INFO rally.task.runner [-] Task 3fc015d7-13ea-4005-a38c-9f588aff70fd | ITER: 35 START
2019-07-10 21:10:19.643 26953 WARNING rally_openstack.scenarios.neutron.utils [-] Running this scenario without either the 'network' or 'existing_network' context is deprecated
2019-07-10 21:10:19.719 26967 INFO rally.task.runner [-] Task 3fc015d7-13ea-4005-a38c-9f588aff70fd | ITER: 12 END: OK
2019-07-10 21:10:19.723 26967 INFO rally.task.runner [-] Task 3fc015d7-13ea-4005-a38c-9f588aff70fd | ITER: 36 START
2019-07-10 21:10:19.724 26967 WARNING rally_openstack.scenarios.neutron.utils [-] Running this scenario without either the 'network' or 'existing_network' context is deprecated
2019-07-10 21:10:20.275 26953 INFO rally.task.runner [-] Task 3fc015d7-13ea-4005-a38c-9f588aff70fd | ITER: 6 END: OK
2019-07-10 21:10:20.279 26953 INFO rally.task.runner [-] Task 3fc015d7-13ea-4005-a38c-9f588aff70fd | ITER: 37 START
2019-07-10 21:10:20.280 26953 WARNING rally_openstack.scenarios.neutron.utils [-] Running this scenario without either the 'network' or 'existing_network' context is deprecated
2019-07-10 21:10:20.948 26995 INFO rally.task.runner [-] Task 3fc015d7-13ea-4005-a38c-9f588aff70fd | ITER: 19 END: OK
2019-07-10 21:10:20.951 26995 INFO rally.task.runner [-] Task 3fc015d7-13ea-4005-a38c-9f588aff70fd | ITER: 38 START
2019-07-10 21:10:20.952 26995 WARNING rally_openstack.scenarios.neutron.utils [-] Running this scenario without either the 'network' or 'existing_network' context is deprecated
2019-07-10 21:10:21.088 26952 INFO rally.task.runner [-] Task 3fc015d7-13ea-4005-a38c-9f588aff70fd | ITER: 5 END: OK
2019-07-10 21:10:21.091 26952 INFO rally.task.runner [-] Task 3fc015d7-13ea-4005-a38c-9f588aff70fd | ITER: 39 START
