2019-07-10 18:39:01.090 7 RALLYDEBUG rally.api [-] INFO logs from urllib3 and requests module are hide.
2019-07-10 18:39:01.091 7 RALLYDEBUG rally.api [-] urllib3 insecure warnings are hidden.
2019-07-10 18:39:01.091 7 RALLYDEBUG rally.api [-] ERROR log from boto module is hide.
2019-07-10 18:39:02.350 7 ERROR rally.cli.cliutils [-] Unexpected exception in CLI: DBRecordNotFound: Record for uuid or name is opnfv-rally not found in table envs
2019-07-10 18:39:02.350 7 ERROR rally.cli.cliutils
Traceback (most recent call last):
2019-07-10 18:39:02.350 7 ERROR rally.cli.cliutils
File "/usr/lib/python2.7/site-packages/rally/cli/cliutils.py", line 674, in run
2019-07-10 18:39:02.350 7 ERROR rally.cli.cliutils ret = fn(*fn_args, **fn_kwargs)
2019-07-10 18:39:02.350 7 ERROR rally.cli.cliutils File "", line 2, in destroy
2019-07-10 18:39:02.350 7 ERROR rally.cli.cliutils
File "/usr/lib/python2.7/site-packages/rally/cli/envutils.py", line 69, in default_from_global
2019-07-10 18:39:02.350 7 ERROR rally.cli.cliutils return f(*args, **kwargs)
2019-07-10 18:39:02.350 7 ERROR rally.cli.cliutils File "", line 2, in destroy
2019-07-10 18:39:02.350 7 ERROR rally.cli.cliutils
File "/usr/lib/python2.7/site-packages/rally/plugins/__init__.py", line 51, in ensure_plugins_are_loaded
2019-07-10 18:39:02.350 7 ERROR rally.cli.cliutils return f(*args, **kwargs)
2019-07-10 18:39:02.350 7 ERROR rally.cli.cliutils
File "/usr/lib/python2.7/site-packages/rally/cli/commands/deployment.py", line 140, in destroy
2019-07-10 18:39:02.350 7 ERROR rally.cli.cliutils api.deployment.destroy(deployment=deployment)
2019-07-10 18:39:02.350 7 ERROR rally.cli.cliutils
File "/usr/lib/python2.7/site-packages/rally/api.py", line 115, in destroy
2019-07-10 18:39:02.350 7 ERROR rally.cli.cliutils deploy = objects.Deployment.get(deployment)
2019-07-10 18:39:02.350 7 ERROR rally.cli.cliutils
File "/usr/lib/python2.7/site-packages/rally/common/objects/deploy.py", line 124, in get
2019-07-10 18:39:02.350 7 ERROR rally.cli.cliutils return Deployment(env_mgr.EnvManager.get(deploy))
2019-07-10 18:39:02.350 7 ERROR rally.cli.cliutils
File "/usr/lib/python2.7/site-packages/rally/env/env_mgr.py", line 212, in get
2019-07-10 18:39:02.350 7 ERROR rally.cli.cliutils return cls(db.env_get(uuid_or_name))
2019-07-10 18:39:02.350 7 ERROR rally.cli.cliutils
File "/usr/lib/python2.7/site-packages/rally/common/db/api.py", line 135, in wrapper
2019-07-10 18:39:02.350 7 ERROR rally.cli.cliutils result = f(session, *args, **kwargs)
2019-07-10 18:39:02.350 7 ERROR rally.cli.cliutils
File "/usr/lib/python2.7/site-packages/rally/common/db/api.py", line 521, in env_get
2019-07-10 18:39:02.350 7 ERROR rally.cli.cliutils criteria="uuid or name is %s" % uuid_or_name, table="envs")
2019-07-10 18:39:02.350 7 ERROR rally.cli.cliutils DBRecordNotFound: Record for uuid or name is opnfv-rally not found in table envs
2019-07-10 18:39:02.350 7 ERROR rally.cli.cliutils
2019-07-10 18:39:03.119 9 RALLYDEBUG rally.api [-] INFO logs from urllib3 and requests module are hide.
2019-07-10 18:39:03.119 9 RALLYDEBUG rally.api [-] urllib3 insecure warnings are hidden.
2019-07-10 18:39:03.119 9 RALLYDEBUG rally.api [-] ERROR log from boto module is hide.
2019-07-10 18:39:04.442 9 WARNING rally_openstack.platforms.existing [-] endpoint is deprecated and not used.
2019-07-10 18:39:05.392 11 RALLYDEBUG rally.api [-] INFO logs from urllib3 and requests module are hide.
2019-07-10 18:39:05.392 11 RALLYDEBUG rally.api [-] urllib3 insecure warnings are hidden.
2019-07-10 18:39:05.392 11 RALLYDEBUG rally.api [-] ERROR log from boto module is hide.
2019-07-10 18:39:08.642 14 RALLYDEBUG rally.api [-] INFO logs from urllib3 and requests module are hide.
2019-07-10 18:39:08.643 14 RALLYDEBUG rally.api [-] urllib3 insecure warnings are hidden.
2019-07-10 18:39:08.643 14 RALLYDEBUG rally.api [-] ERROR log from boto module is hide.
2019-07-10 18:39:10.353 16 RALLYDEBUG rally.api [-] INFO logs from urllib3 and requests module are hide.
2019-07-10 18:39:10.354 16 RALLYDEBUG rally.api [-] urllib3 insecure warnings are hidden.
2019-07-10 18:39:10.354 16 RALLYDEBUG rally.api [-] ERROR log from boto module is hide.
2019-07-10 18:39:11.713 16 INFO rally.task.engine [-] Task 72004ece-e759-42b8-870a-0d594d58cb10 | Starting: Task validation.
2019-07-10 18:39:11.758 16 INFO rally.task.engine [-] Task 72004ece-e759-42b8-870a-0d594d58cb10 | Starting: Task validation of syntax.
2019-07-10 18:39:11.837 16 INFO rally.task.engine [-] Task 72004ece-e759-42b8-870a-0d594d58cb10 | Completed: Task validation of syntax.
2019-07-10 18:39:11.839 16 INFO rally.task.engine [-] Task 72004ece-e759-42b8-870a-0d594d58cb10 | Starting: Task validation of required platforms.
2019-07-10 18:39:11.881 16 INFO rally.task.engine [-] Task 72004ece-e759-42b8-870a-0d594d58cb10 | Completed: Task validation of required platforms.
2019-07-10 18:39:11.881 16 INFO rally.task.engine [-] Task 72004ece-e759-42b8-870a-0d594d58cb10 | Starting: Task validation of semantic.
2019-07-10 18:39:11.881 16 INFO rally.task.engine [-] Check health of the environment '0919d62d-f3fe-4e19-9871-d5e6aa49a641'.
2019-07-10 18:39:12.717 16 INFO rally.task.engine [-] Platform existing@openstack (available: True): OK!
2019-07-10 18:39:12.734 16 RALLYDEBUG rally_openstack.contexts.keystone.users [-] Creating 1 tenants using 20 threads
2019-07-10 18:39:14.645 16 RALLYDEBUG rally_openstack.contexts.keystone.users [-] Creating 1 users using 20 threads
2019-07-10 18:39:17.455 16 INFO rally.task.context [-] Task 72004ece-e759-42b8-870a-0d594d58cb10 | Context users@openstack setup() finished in 4.72 sec
2019-07-10 18:39:17.502 16 INFO rally.task.context [-] Task 72004ece-e759-42b8-870a-0d594d58cb10 | Context users@openstack cleanup() started
2019-07-10 18:39:22.625 16 INFO rally.task.context [-] Task 72004ece-e759-42b8-870a-0d594d58cb10 | Context users@openstack cleanup() finished in 5.12 sec
2019-07-10 18:39:22.626 16 INFO rally.task.engine [-] Task 72004ece-e759-42b8-870a-0d594d58cb10 | Completed: Task validation of semantic.
2019-07-10 18:39:22.626 16 INFO rally.task.engine [-] Task 72004ece-e759-42b8-870a-0d594d58cb10 | Completed: Task validation.
2019-07-10 18:39:22.626 16 INFO rally.api [-] Task 72004ece-e759-42b8-870a-0d594d58cb10 input file is valid.
2019-07-10 18:39:22.627 16 INFO rally.api [-] Run Task 72004ece-e759-42b8-870a-0d594d58cb10 against Deployment 0919d62d-f3fe-4e19-9871-d5e6aa49a641
2019-07-10 18:39:22.627 16 INFO rally.task.engine [-] Task 72004ece-e759-42b8-870a-0d594d58cb10 | Starting: Running task.
2019-07-10 18:39:22.767 16 INFO rally.task.engine [-] Running workload: position = 0 config = { "version": 2, "title": "A cropped version of a bigger task.", "description": "Auto-generated task from a single workload (uuid=dd13af23-d060-4d61-8a02-e05db0535054)", "subtasks": [ { "title": "Authenticate.keystone", "description": "Check Keystone Client.", "scenario": { "Authenticate.keystone": {} }, "contexts": { "users": { "tenants": 3, "users_per_tenant": 2 } }, "runner": { "constant": { "concurrency": 4, "times": 10 } }, "hooks": [], "sla": { "failure_rate": { "max": 0 } } } ] }
2019-07-10 18:39:22.788 16 RALLYDEBUG rally_openstack.contexts.keystone.users [-] Creating 3 tenants using 20 threads
2019-07-10 18:39:24.693 16 RALLYDEBUG rally_openstack.contexts.keystone.users [-] Creating 6 users using 20 threads
2019-07-10 18:39:27.531 16 INFO rally.task.context [-] Task 72004ece-e759-42b8-870a-0d594d58cb10 | Context users@openstack setup() finished in 4.74 sec
2019-07-10 18:39:27.538 16 RALLYDEBUG rally.task.runner [-] Starting the constant runner (task UUID: 72004ece-e759-42b8-870a-0d594d58cb10). timeout: 0 concurrency: 4 concurrency_per_worker: 1 times: 10 concurrency_overhead: 0 processes_to_start: 4 max_cpu_used: 16
2019-07-10 18:39:27.551 140 RALLYDEBUG rally.task.runner [-] Starting a worker. concurrency: 1 args: {} times: 10 method_name: run timeout: 0 duration: None cls:
2019-07-10 18:39:27.554 141 RALLYDEBUG rally.task.runner [-] Starting a worker. concurrency: 1 args: {} times: 10 method_name: run timeout: 0 duration: None cls:
2019-07-10 18:39:27.557 140 INFO rally.task.runner [-] Task 72004ece-e759-42b8-870a-0d594d58cb10 | ITER: 1 START
2019-07-10 18:39:27.557 142 RALLYDEBUG rally.task.runner [-] Starting a worker. concurrency: 1 args: {} times: 10 method_name: run timeout: 0 duration: None cls:
2019-07-10 18:39:27.560 141 INFO rally.task.runner [-] Task 72004ece-e759-42b8-870a-0d594d58cb10 | ITER: 2 START
2019-07-10 18:39:27.560 143 RALLYDEBUG rally.task.runner [-] Starting a worker. concurrency: 1 args: {} times: 10 method_name: run timeout: 0 duration: None cls:
2019-07-10 18:39:27.562 142 INFO rally.task.runner [-] Task 72004ece-e759-42b8-870a-0d594d58cb10 | ITER: 3 START
2019-07-10 18:39:27.566 143 INFO rally.task.runner [-] Task 72004ece-e759-42b8-870a-0d594d58cb10 | ITER: 4 START
2019-07-10 18:39:28.152 142 INFO rally.task.runner [-] Task 72004ece-e759-42b8-870a-0d594d58cb10 | ITER: 3 END: OK
2019-07-10 18:39:28.157 142 INFO rally.task.runner [-] Task 72004ece-e759-42b8-870a-0d594d58cb10 | ITER: 5 START
2019-07-10 18:39:28.162 140 INFO rally.task.runner [-] Task 72004ece-e759-42b8-870a-0d594d58cb10 | ITER: 1 END: OK
2019-07-10 18:39:28.166 140 INFO rally.task.runner [-] Task 72004ece-e759-42b8-870a-0d594d58cb10 | ITER: 6 START
2019-07-10 18:39:28.172 143 INFO rally.task.runner [-] Task 72004ece-e759-42b8-870a-0d594d58cb10 | ITER: 4 END: OK
2019-07-10 18:39:28.176 143 INFO rally.task.runner [-] Task 72004ece-e759-42b8-870a-0d594d58cb10 | ITER: 7 START
2019-07-10 18:39:28.267 141 INFO rally.task.runner [-] Task 72004ece-e759-42b8-870a-0d594d58cb10 | ITER: 2 END: OK
2019-07-10 18:39:28.271 141 INFO rally.task.runner [-] Task 72004ece-e759-42b8-870a-0d594d58cb10 | ITER: 8 START
2019-07-10 18:39:28.741 142 INFO rally.task.runner [-] Task 72004ece-e759-42b8-870a-0d594d58cb10 | ITER: 5 END: OK
2019-07-10 18:39:28.745 142 INFO rally.task.runner [-] Task 72004ece-e759-42b8-870a-0d594d58cb10 | ITER: 9 START
2019-07-10 18:39:28.761 140 INFO rally.task.runner [-] Task 72004ece-e759-42b8-870a-0d594d58cb10 | ITER: 6 END: OK
2019-07-10 18:39:28.764 140 INFO rally.task.runner [-] Task 72004ece-e759-42b8-870a-0d594d58cb10 | ITER: 10 START
2019-07-10 18:39:28.770 143 INFO rally.task.runner [-] Task 72004ece-e759-42b8-870a-0d594d58cb10 | ITER: 7 END: OK
2019-07-10 18:39:28.862 141 INFO rally.task.runner [-] Task 72004ece-e759-42b8-870a-0d594d58cb10 | ITER: 8 END: OK
2019-07-10 18:39:29.366 140 INFO rally.task.runner [-] Task 72004ece-e759-42b8-870a-0d594d58cb10 | ITER: 10 END: OK
2019-07-10 18:39:29.425 142 INFO rally.task.runner [-] Task 72004ece-e759-42b8-870a-0d594d58cb10 | ITER: 9 END: OK
2019-07-10 18:39:29.445 16 INFO rally.task.context [-] Task 72004ece-e759-42b8-870a-0d594d58cb10 | Context users@openstack cleanup() started
2019-07-10 18:39:37.565 16 INFO rally.task.context [-] Task 72004ece-e759-42b8-870a-0d594d58cb10 | Context users@openstack cleanup() finished in 8.12 sec
2019-07-10 18:39:38.888 16 INFO rally.task.engine [-] Load duration is: 1.866597
2019-07-10 18:39:38.889 16 INFO rally.task.engine [-] Full runner duration is: 1.907137
2019-07-10 18:39:38.889 16 INFO rally.task.engine [-] Full duration is: 14.779328
2019-07-10 18:39:39.109 16 INFO rally.task.engine [-] Running workload: position = 0 config = { "version": 2, "title": "A cropped version of a bigger task.", "description": "Auto-generated task from a single workload (uuid=e45f0e3e-4de9-4c74-acdf-28319a2bd660)", "subtasks": [ { "title": "Authenticate.validate_cinder", "description": "Check Cinder Client to ensure validation of token.", "scenario": { "Authenticate.validate_cinder": { "repetitions": 2 } }, "contexts": { "users": { "tenants": 3, "users_per_tenant": 2 } }, "runner": { "constant": { "concurrency": 4, "times": 10 } }, "hooks": [], "sla": { "failure_rate": { "max": 0 } } } ] }
2019-07-10 18:39:39.130 16 RALLYDEBUG rally_openstack.contexts.keystone.users [-] Creating 3 tenants using 20 threads
2019-07-10 18:39:41.135 16 RALLYDEBUG rally_openstack.contexts.keystone.users [-] Creating 6 users using 20 threads
2019-07-10 18:39:43.866 16 INFO rally.task.context [-] Task 72004ece-e759-42b8-870a-0d594d58cb10 | Context users@openstack setup() finished in 4.74 sec
2019-07-10 18:39:43.873 16 RALLYDEBUG rally.task.runner [-] Starting the constant runner (task UUID: 72004ece-e759-42b8-870a-0d594d58cb10). timeout: 0 concurrency: 4 concurrency_per_worker: 1 times: 10 concurrency_overhead: 0 processes_to_start: 4 max_cpu_used: 16
2019-07-10 18:39:43.884 244 RALLYDEBUG rally.task.runner [-] Starting a worker. concurrency: 1 args: {"repetitions": 2} times: 10 method_name: run timeout: 0 duration: None cls:
2019-07-10 18:39:43.886 245 RALLYDEBUG rally.task.runner [-] Starting a worker. concurrency: 1 args: {"repetitions": 2} times: 10 method_name: run timeout: 0 duration: None cls:
2019-07-10 18:39:43.889 246 RALLYDEBUG rally.task.runner [-] Starting a worker. concurrency: 1 args: {"repetitions": 2} times: 10 method_name: run timeout: 0 duration: None cls:
2019-07-10 18:39:43.890 244 INFO rally.task.runner [-] Task 72004ece-e759-42b8-870a-0d594d58cb10 | ITER: 1 START
2019-07-10 18:39:43.891 245 INFO rally.task.runner [-] Task 72004ece-e759-42b8-870a-0d594d58cb10 | ITER: 2 START
2019-07-10 18:39:43.892 246 INFO rally.task.runner [-] Task 72004ece-e759-42b8-870a-0d594d58cb10 | ITER: 3 START
2019-07-10 18:39:43.895 248 RALLYDEBUG rally.task.runner [-] Starting a worker. concurrency: 1 args: {"repetitions": 2} times: 10 method_name: run timeout: 0 duration: None cls:
2019-07-10 18:39:43.900 248 INFO rally.task.runner [-] Task 72004ece-e759-42b8-870a-0d594d58cb10 | ITER: 4 START
2019-07-10 18:39:45.858 245 INFO rally.task.runner [-] Task 72004ece-e759-42b8-870a-0d594d58cb10 | ITER: 2 END: OK
2019-07-10 18:39:45.862 245 INFO rally.task.runner [-] Task 72004ece-e759-42b8-870a-0d594d58cb10 | ITER: 5 START
2019-07-10 18:39:45.862 248 INFO rally.task.runner [-] Task 72004ece-e759-42b8-870a-0d594d58cb10 | ITER: 4 END: OK
2019-07-10 18:39:45.866 248 INFO rally.task.runner [-] Task 72004ece-e759-42b8-870a-0d594d58cb10 | ITER: 6 START
2019-07-10 18:39:45.920 246 INFO rally.task.runner [-] Task 72004ece-e759-42b8-870a-0d594d58cb10 | ITER: 3 END: OK
2019-07-10 18:39:45.924 246 INFO rally.task.runner [-] Task 72004ece-e759-42b8-870a-0d594d58cb10 | ITER: 7 START
2019-07-10 18:39:46.009 244 INFO rally.task.runner [-] Task 72004ece-e759-42b8-870a-0d594d58cb10 | ITER: 1 END: OK
2019-07-10 18:39:46.012 244 INFO rally.task.runner [-] Task 72004ece-e759-42b8-870a-0d594d58cb10 | ITER: 8 START
2019-07-10 18:39:47.305 245 INFO rally.task.runner [-] Task 72004ece-e759-42b8-870a-0d594d58cb10 | ITER: 5 END: OK
2019-07-10 18:39:47.309 245 INFO rally.task.runner [-] Task 72004ece-e759-42b8-870a-0d594d58cb10 | ITER: 9 START
2019-07-10 18:39:47.594 248 INFO rally.task.runner [-] Task 72004ece-e759-42b8-870a-0d594d58cb10 | ITER: 6 END: OK
2019-07-10 18:39:47.598 248 INFO rally.task.runner [-] Task 72004ece-e759-42b8-870a-0d594d58cb10 | ITER: 10 START
2019-07-10 18:39:47.682 246 INFO rally.task.runner [-] Task 72004ece-e759-42b8-870a-0d594d58cb10 | ITER: 7 END: OK
2019-07-10 18:39:47.703 244 INFO rally.task.runner [-] Task 72004ece-e759-42b8-870a-0d594d58cb10 | ITER: 8 END: OK
2019-07-10 18:39:48.625 248 INFO rally.task.runner [-] Task 72004ece-e759-42b8-870a-0d594d58cb10 | ITER: 10 END: OK
2019-07-10 18:39:49.211 245 INFO rally.task.runner [-] Task 72004ece-e759-42b8-870a-0d594d58cb10 | ITER: 9 END: OK
2019-07-10 18:39:49.237 16 INFO rally.task.context [-] Task 72004ece-e759-42b8-870a-0d594d58cb10 | Context users@openstack cleanup() started
2019-07-10 18:39:56.852 16 INFO rally.task.context [-] Task 72004ece-e759-42b8-870a-0d594d58cb10 | Context users@openstack cleanup() finished in 7.62 sec
2019-07-10 18:39:57.256 16 INFO rally.task.engine [-] Load duration is: 5.319468
2019-07-10 18:39:57.256 16 INFO rally.task.engine [-] Full runner duration is: 5.363849
2019-07-10 18:39:57.257 16 INFO rally.task.engine [-] Full duration is: 17.723561
2019-07-10 18:39:57.482 16 INFO rally.task.engine [-] Running workload: position = 0 config = { "version": 2, "title": "A cropped version of a bigger task.", "description": "Auto-generated task from a single workload (uuid=6acba388-3e21-4f96-8602-b8893ad0480c)", "subtasks": [ { "title": "Authenticate.validate_glance", "description": "Check Glance Client to ensure validation of token.", "scenario": { "Authenticate.validate_glance": { "repetitions": 2 } }, "contexts": { "users": { "tenants": 3, "users_per_tenant": 2 } }, "runner": { "constant": { "concurrency": 4, "times": 10 } }, "hooks": [], "sla": { "failure_rate": { "max": 0 } } } ] }
2019-07-10 18:39:57.502 16 RALLYDEBUG rally_openstack.contexts.keystone.users [-] Creating 3 tenants using 20 threads
2019-07-10 18:39:59.536 16 RALLYDEBUG rally_openstack.contexts.keystone.users [-] Creating 6 users using 20 threads
2019-07-10 18:40:02.402 16 INFO rally.task.context [-] Task 72004ece-e759-42b8-870a-0d594d58cb10 | Context users@openstack setup() finished in 4.90 sec
2019-07-10 18:40:02.410 16 RALLYDEBUG rally.task.runner [-] Starting the constant runner (task UUID: 72004ece-e759-42b8-870a-0d594d58cb10). timeout: 0 concurrency: 4 concurrency_per_worker: 1 times: 10 concurrency_overhead: 0 processes_to_start: 4 max_cpu_used: 16
2019-07-10 18:40:02.421 348 RALLYDEBUG rally.task.runner [-] Starting a worker. concurrency: 1 args: {"repetitions": 2} times: 10 method_name: run timeout: 0 duration: None cls:
2019-07-10 18:40:02.425 348 INFO rally.task.runner [-] Task 72004ece-e759-42b8-870a-0d594d58cb10 | ITER: 1 START
2019-07-10 18:40:02.425 349 RALLYDEBUG rally.task.runner [-] Starting a worker. concurrency: 1 args: {"repetitions": 2} times: 10 method_name: run timeout: 0 duration: None cls:
2019-07-10 18:40:02.427 350 RALLYDEBUG rally.task.runner [-] Starting a worker. concurrency: 1 args: {"repetitions": 2} times: 10 method_name: run timeout: 0 duration: None cls:
2019-07-10 18:40:02.430 349 INFO rally.task.runner [-] Task 72004ece-e759-42b8-870a-0d594d58cb10 | ITER: 2 START
2019-07-10 18:40:02.430 351 RALLYDEBUG rally.task.runner [-] Starting a worker. concurrency: 1 args: {"repetitions": 2} times: 10 method_name: run timeout: 0 duration: None cls:
2019-07-10 18:40:02.433 350 INFO rally.task.runner [-] Task 72004ece-e759-42b8-870a-0d594d58cb10 | ITER: 3 START
2019-07-10 18:40:02.436 351 INFO rally.task.runner [-] Task 72004ece-e759-42b8-870a-0d594d58cb10 | ITER: 4 START
2019-07-10 18:40:03.771 348 INFO rally.task.runner [-] Task 72004ece-e759-42b8-870a-0d594d58cb10 | ITER: 1 END: OK
2019-07-10 18:40:03.776 348 INFO rally.task.runner [-] Task 72004ece-e759-42b8-870a-0d594d58cb10 | ITER: 5 START
2019-07-10 18:40:03.812 350 INFO rally.task.runner [-] Task 72004ece-e759-42b8-870a-0d594d58cb10 | ITER: 3 END: OK
2019-07-10 18:40:03.813 351 INFO rally.task.runner [-] Task 72004ece-e759-42b8-870a-0d594d58cb10 | ITER: 4 END: OK
2019-07-10 18:40:03.816 350 INFO rally.task.runner [-] Task 72004ece-e759-42b8-870a-0d594d58cb10 | ITER: 6 START
2019-07-10 18:40:03.817 351 INFO rally.task.runner [-] Task 72004ece-e759-42b8-870a-0d594d58cb10 | ITER: 7 START
2019-07-10 18:40:03.825 349 INFO rally.task.runner [-] Task 72004ece-e759-42b8-870a-0d594d58cb10 | ITER: 2 END: OK
2019-07-10 18:40:03.830 349 INFO rally.task.runner [-] Task 72004ece-e759-42b8-870a-0d594d58cb10 | ITER: 8 START
2019-07-10 18:40:04.682 348 INFO rally.task.runner [-] Task 72004ece-e759-42b8-870a-0d594d58cb10 | ITER: 5 END: OK
2019-07-10 18:40:04.685 348 INFO rally.task.runner [-] Task 72004ece-e759-42b8-870a-0d594d58cb10 | ITER: 9 START
2019-07-10 18:40:05.082 350 INFO rally.task.runner [-] Task 72004ece-e759-42b8-870a-0d594d58cb10 | ITER: 6 END: OK
2019-07-10 18:40:05.086 350 INFO rally.task.runner [-] Task 72004ece-e759-42b8-870a-0d594d58cb10 | ITER: 10 START
2019-07-10 18:40:05.095 349 INFO rally.task.runner [-] Task 72004ece-e759-42b8-870a-0d594d58cb10 | ITER: 8 END: OK
2019-07-10 18:40:05.151 351 INFO rally.task.runner [-] Task 72004ece-e759-42b8-870a-0d594d58cb10 | ITER: 7 END: OK
2019-07-10 18:40:05.897 348 INFO rally.task.runner [-] Task 72004ece-e759-42b8-870a-0d594d58cb10 | ITER: 9 END: OK
2019-07-10 18:40:06.460 350 INFO rally.task.runner [-] Task 72004ece-e759-42b8-870a-0d594d58cb10 | ITER: 10 END: OK
2019-07-10 18:40:06.485 16 INFO rally.task.context [-] Task 72004ece-e759-42b8-870a-0d594d58cb10 | Context users@openstack cleanup() started
2019-07-10 18:40:14.351 16 INFO rally.task.context [-] Task 72004ece-e759-42b8-870a-0d594d58cb10 | Context users@openstack cleanup() finished in 7.87 sec
2019-07-10 18:40:15.588 16 INFO rally.task.engine [-] Load duration is: 4.033931
2019-07-10 18:40:15.588 16 INFO rally.task.engine [-] Full runner duration is: 4.075218
2019-07-10 18:40:15.589 16 INFO rally.task.engine [-] Full duration is: 16.850319
2019-07-10 18:40:15.819 16 INFO rally.task.engine [-] Running workload: position = 0 config = { "version": 2, "title": "A cropped version of a bigger task.", "description": "Auto-generated task from a single workload (uuid=c5dc5984-ff7f-47ca-9d92-aaa62f2f611b)", "subtasks": [ { "title": "Authenticate.validate_heat", "description": "Check Heat Client to ensure validation of token.", "scenario": { "Authenticate.validate_heat": { "repetitions": 2 } }, "contexts": { "users": { "tenants": 3, "users_per_tenant": 2 } }, "runner": { "constant": { "concurrency": 4, "times": 10 } }, "hooks": [], "sla": { "failure_rate": { "max": 0 } } } ] }
2019-07-10 18:40:15.836 16 RALLYDEBUG rally_openstack.contexts.keystone.users [-] Creating 3 tenants using 20 threads
2019-07-10 18:40:17.684 16 RALLYDEBUG rally_openstack.contexts.keystone.users [-] Creating 6 users using 20 threads
2019-07-10 18:40:20.491 16 INFO rally.task.context [-] Task 72004ece-e759-42b8-870a-0d594d58cb10 | Context users@openstack setup() finished in 4.65 sec
2019-07-10 18:40:20.498 16 RALLYDEBUG rally.task.runner [-] Starting the constant runner (task UUID: 72004ece-e759-42b8-870a-0d594d58cb10). timeout: 0 concurrency: 4 concurrency_per_worker: 1 times: 10 concurrency_overhead: 0 processes_to_start: 4 max_cpu_used: 16
2019-07-10 18:40:20.511 452 RALLYDEBUG rally.task.runner [-] Starting a worker. concurrency: 1 args: {"repetitions": 2} times: 10 method_name: run timeout: 0 duration: None cls:
2019-07-10 18:40:20.513 453 RALLYDEBUG rally.task.runner [-] Starting a worker. concurrency: 1 args: {"repetitions": 2} times: 10 method_name: run timeout: 0 duration: None cls:
2019-07-10 18:40:20.516 454 RALLYDEBUG rally.task.runner [-] Starting a worker. concurrency: 1 args: {"repetitions": 2} times: 10 method_name: run timeout: 0 duration: None cls:
2019-07-10 18:40:20.517 452 INFO rally.task.runner [-] Task 72004ece-e759-42b8-870a-0d594d58cb10 | ITER: 1 START
2019-07-10 18:40:20.518 455 RALLYDEBUG rally.task.runner [-] Starting a worker. concurrency: 1 args: {"repetitions": 2} times: 10 method_name: run timeout: 0 duration: None cls:
2019-07-10 18:40:20.520 453 INFO rally.task.runner [-] Task 72004ece-e759-42b8-870a-0d594d58cb10 | ITER: 2 START
2019-07-10 18:40:20.522 454 INFO rally.task.runner [-] Task 72004ece-e759-42b8-870a-0d594d58cb10 | ITER: 3 START
2019-07-10 18:40:20.524 455 INFO rally.task.runner [-] Task 72004ece-e759-42b8-870a-0d594d58cb10 | ITER: 4 START
2019-07-10 18:40:22.372 455 INFO rally.task.runner [-] Task 72004ece-e759-42b8-870a-0d594d58cb10 | ITER: 4 END: OK
2019-07-10 18:40:22.376 455 INFO rally.task.runner [-] Task 72004ece-e759-42b8-870a-0d594d58cb10 | ITER: 5 START
2019-07-10 18:40:22.427 452 INFO rally.task.runner [-] Task 72004ece-e759-42b8-870a-0d594d58cb10 | ITER: 1 END: OK
2019-07-10 18:40:22.431 452 INFO rally.task.runner [-] Task 72004ece-e759-42b8-870a-0d594d58cb10 | ITER: 6 START
2019-07-10 18:40:22.531 454 INFO rally.task.runner [-] Task 72004ece-e759-42b8-870a-0d594d58cb10 | ITER: 3 END: OK
2019-07-10 18:40:22.535 454 INFO rally.task.runner [-] Task 72004ece-e759-42b8-870a-0d594d58cb10 | ITER: 7 START
2019-07-10 18:40:22.562 453 INFO rally.task.runner [-] Task 72004ece-e759-42b8-870a-0d594d58cb10 | ITER: 2 END: OK
2019-07-10 18:40:22.566 453 INFO rally.task.runner [-] Task 72004ece-e759-42b8-870a-0d594d58cb10 | ITER: 8 START
2019-07-10 18:40:23.934 455 INFO rally.task.runner [-] Task 72004ece-e759-42b8-870a-0d594d58cb10 | ITER: 5 END: OK
2019-07-10 18:40:23.938 455 INFO rally.task.runner [-] Task 72004ece-e759-42b8-870a-0d594d58cb10 | ITER: 9 START
2019-07-10 18:40:24.093 454 INFO rally.task.runner [-] Task 72004ece-e759-42b8-870a-0d594d58cb10 | ITER: 7 END: OK
2019-07-10 18:40:24.096 454 INFO rally.task.runner [-] Task 72004ece-e759-42b8-870a-0d594d58cb10 | ITER: 10 START
2019-07-10 18:40:24.396 452 INFO rally.task.runner [-] Task 72004ece-e759-42b8-870a-0d594d58cb10 | ITER: 6 END: OK
2019-07-10 18:40:24.585 453 INFO rally.task.runner [-] Task 72004ece-e759-42b8-870a-0d594d58cb10 | ITER: 8 END: OK
2019-07-10 18:40:25.719 454 INFO rally.task.runner [-] Task 72004ece-e759-42b8-870a-0d594d58cb10 | ITER: 10 END: OK
2019-07-10 18:40:25.919 455 INFO rally.task.runner [-] Task 72004ece-e759-42b8-870a-0d594d58cb10 | ITER: 9 END: OK
2019-07-10 18:40:25.943 16 INFO rally.task.context [-] Task 72004ece-e759-42b8-870a-0d594d58cb10 | Context users@openstack cleanup() started
2019-07-10 18:40:33.517 16 INFO rally.task.context [-] Task 72004ece-e759-42b8-870a-0d594d58cb10 | Context users@openstack cleanup() finished in 7.57 sec
2019-07-10 18:40:33.934 16 INFO rally.task.engine [-] Load duration is: 5.400404
2019-07-10 18:40:33.934 16 INFO rally.task.engine [-] Full runner duration is: 5.4448
2019-07-10 18:40:33.935 16 INFO rally.task.engine [-] Full duration is: 17.682301
2019-07-10 18:40:34.171 16 INFO rally.task.engine [-] Running workload: position = 0 config = { "version": 2, "title": "A cropped version of a bigger task.", "description": "Auto-generated task from a single workload (uuid=6ee168a7-bc2b-4653-84ac-1735a42bcebe)", "subtasks": [ { "title": "Authenticate.validate_neutron", "description": "Check Neutron Client to ensure validation of token.", "scenario": { "Authenticate.validate_neutron": { "repetitions": 2 } }, "contexts": { "users": { "tenants": 3, "users_per_tenant": 2 } }, "runner": { "constant": { "concurrency": 4, "times": 10 } }, "hooks": [], "sla": { "failure_rate": { "max": 0 } } } ] }
2019-07-10 18:40:34.193 16 RALLYDEBUG rally_openstack.contexts.keystone.users [-] Creating 3 tenants using 20 threads
2019-07-10 18:40:36.039 16 RALLYDEBUG rally_openstack.contexts.keystone.users [-] Creating 6 users using 20 threads
2019-07-10 18:40:38.808 16 INFO rally.task.context [-] Task 72004ece-e759-42b8-870a-0d594d58cb10 | Context users@openstack setup() finished in 4.61 sec
2019-07-10 18:40:38.815 16 RALLYDEBUG rally.task.runner [-] Starting the constant runner (task UUID: 72004ece-e759-42b8-870a-0d594d58cb10). timeout: 0 concurrency: 4 concurrency_per_worker: 1 times: 10 concurrency_overhead: 0 processes_to_start: 4 max_cpu_used: 16
2019-07-10 18:40:38.828 556 RALLYDEBUG rally.task.runner [-] Starting a worker. concurrency: 1 args: {"repetitions": 2} times: 10 method_name: run timeout: 0 duration: None cls:
2019-07-10 18:40:38.830 557 RALLYDEBUG rally.task.runner [-] Starting a worker. concurrency: 1 args: {"repetitions": 2} times: 10 method_name: run timeout: 0 duration: None cls:
2019-07-10 18:40:38.834 556 INFO rally.task.runner [-] Task 72004ece-e759-42b8-870a-0d594d58cb10 | ITER: 1 START
2019-07-10 18:40:38.833 558 RALLYDEBUG rally.task.runner [-] Starting a worker. concurrency: 1 args: {"repetitions": 2} times: 10 method_name: run timeout: 0 duration: None cls:
2019-07-10 18:40:38.836 557 INFO rally.task.runner [-] Task 72004ece-e759-42b8-870a-0d594d58cb10 | ITER: 2 START
2019-07-10 18:40:38.837 559 RALLYDEBUG rally.task.runner [-] Starting a worker. concurrency: 1 args: {"repetitions": 2} times: 10 method_name: run timeout: 0 duration: None cls:
2019-07-10 18:40:38.839 558 INFO rally.task.runner [-] Task 72004ece-e759-42b8-870a-0d594d58cb10 | ITER: 3 START
2019-07-10 18:40:38.843 559 INFO rally.task.runner [-] Task 72004ece-e759-42b8-870a-0d594d58cb10 | ITER: 4 START
2019-07-10 18:40:39.755 556 INFO rally.task.runner [-] Task 72004ece-e759-42b8-870a-0d594d58cb10 | ITER: 1 END: OK
2019-07-10 18:40:39.760 556 INFO rally.task.runner [-] Task 72004ece-e759-42b8-870a-0d594d58cb10 | ITER: 5 START
2019-07-10 18:40:40.054 559 INFO rally.task.runner [-] Task 72004ece-e759-42b8-870a-0d594d58cb10 | ITER: 4 END: OK
2019-07-10 18:40:40.059 559 INFO rally.task.runner [-] Task 72004ece-e759-42b8-870a-0d594d58cb10 | ITER: 6 START
2019-07-10 18:40:40.248 558 INFO rally.task.runner [-] Task 72004ece-e759-42b8-870a-0d594d58cb10 | ITER: 3 END: OK
2019-07-10 18:40:40.252 558 INFO rally.task.runner [-] Task 72004ece-e759-42b8-870a-0d594d58cb10 | ITER: 7 START
2019-07-10 18:40:40.294 557 INFO rally.task.runner [-] Task 72004ece-e759-42b8-870a-0d594d58cb10 | ITER: 2 END: OK
2019-07-10 18:40:40.298 557 INFO rally.task.runner [-] Task 72004ece-e759-42b8-870a-0d594d58cb10 | ITER: 8 START
2019-07-10 18:40:41.013 556 INFO rally.task.runner [-] Task 72004ece-e759-42b8-870a-0d594d58cb10 | ITER: 5 END: OK
2019-07-10 18:40:41.017 556 INFO rally.task.runner [-] Task 72004ece-e759-42b8-870a-0d594d58cb10 | ITER: 9 START
2019-07-10 18:40:41.246 557 INFO rally.task.runner [-] Task 72004ece-e759-42b8-870a-0d594d58cb10 | ITER: 8 END: OK
2019-07-10 18:40:41.250 557 INFO rally.task.runner [-] Task 72004ece-e759-42b8-870a-0d594d58cb10 | ITER: 10 START
2019-07-10 18:40:41.318 559 INFO rally.task.runner [-] Task 72004ece-e759-42b8-870a-0d594d58cb10 | ITER: 6 END: OK
2019-07-10 18:40:41.526 558 INFO rally.task.runner [-] Task 72004ece-e759-42b8-870a-0d594d58cb10 | ITER: 7 END: OK
2019-07-10 18:40:42.247 556 INFO rally.task.runner [-] Task 72004ece-e759-42b8-870a-0d594d58cb10 | ITER: 9 END: OK
2019-07-10 18:40:42.392 557 INFO rally.task.runner [-] Task 72004ece-e759-42b8-870a-0d594d58cb10 | ITER: 10 END: OK
2019-07-10 18:40:42.421 16 INFO rally.task.context [-] Task 72004ece-e759-42b8-870a-0d594d58cb10 | Context users@openstack cleanup() started
2019-07-10 18:40:50.373 16 INFO rally.task.context [-] Task 72004ece-e759-42b8-870a-0d594d58cb10 | Context users@openstack cleanup() finished in 7.95 sec
2019-07-10 18:40:52.290 16 INFO rally.task.engine [-] Load duration is: 3.557501
2019-07-10 18:40:52.291 16 INFO rally.task.engine [-] Full runner duration is: 3.606004
2019-07-10 18:40:52.291 16 INFO rally.task.engine [-] Full duration is: 16.181743
2019-07-10 18:40:52.486 16 INFO rally.task.engine [-] Running workload: position = 0 config = { "version": 2, "title": "A cropped version of a bigger task.", "description": "Auto-generated task from a single workload (uuid=c051991f-7c2e-48bb-b3f3-3638f4167275)", "subtasks": [ { "title": "Authenticate.validate_nova", "description": "Check Nova Client to ensure validation of token.", "scenario": { "Authenticate.validate_nova": { "repetitions": 2 } }, "contexts": { "users": { "tenants": 3, "users_per_tenant": 2 } }, "runner": { "constant": { "concurrency": 4, "times": 10 } }, "hooks": [], "sla": { "failure_rate": { "max": 0 } } } ] }
2019-07-10 18:40:52.508 16 RALLYDEBUG rally_openstack.contexts.keystone.users [-] Creating 3 tenants using 20 threads
2019-07-10 18:40:54.381 16 RALLYDEBUG rally_openstack.contexts.keystone.users [-] Creating 6 users using 20 threads
2019-07-10 18:40:57.257 16 INFO rally.task.context [-] Task 72004ece-e759-42b8-870a-0d594d58cb10 | Context users@openstack setup() finished in 4.75 sec
2019-07-10 18:40:57.264 16 RALLYDEBUG rally.task.runner [-] Starting the constant runner (task UUID: 72004ece-e759-42b8-870a-0d594d58cb10). timeout: 0 concurrency: 4 concurrency_per_worker: 1 times: 10 concurrency_overhead: 0 processes_to_start: 4 max_cpu_used: 16
2019-07-10 18:40:57.277 660 RALLYDEBUG rally.task.runner [-] Starting a worker. concurrency: 1 args: {"repetitions": 2} times: 10 method_name: run timeout: 0 duration: None cls:
2019-07-10 18:40:57.279 661 RALLYDEBUG rally.task.runner [-] Starting a worker. concurrency: 1 args: {"repetitions": 2} times: 10 method_name: run timeout: 0 duration: None cls:
2019-07-10 18:40:57.282 662 RALLYDEBUG rally.task.runner [-] Starting a worker. concurrency: 1 args: {"repetitions": 2} times: 10 method_name: run timeout: 0 duration: None cls:
2019-07-10 18:40:57.283 660 INFO rally.task.runner [-] Task 72004ece-e759-42b8-870a-0d594d58cb10 | ITER: 1 START
2019-07-10 18:40:57.284 661 INFO rally.task.runner [-] Task 72004ece-e759-42b8-870a-0d594d58cb10 | ITER: 2 START
2019-07-10 18:40:57.284 663 RALLYDEBUG rally.task.runner [-] Starting a worker. concurrency: 1 args: {"repetitions": 2} times: 10 method_name: run timeout: 0 duration: None cls:
2019-07-10 18:40:57.288 662 INFO rally.task.runner [-] Task 72004ece-e759-42b8-870a-0d594d58cb10 | ITER: 3 START
2019-07-10 18:40:57.290 663 INFO rally.task.runner [-] Task 72004ece-e759-42b8-870a-0d594d58cb10 | ITER: 4 START
2019-07-10 18:40:57.774 661 DEBUG novaclient.v2.client [-] REQ: curl -g -i -X GET http://172.30.9.24:8774/v2.1/flavors/detail -H "Accept: application/json" -H "User-Agent: python-novaclient" -H "X-Auth-Token: {SHA1}b91afac52ff6bcd94c76f22a007e6ffb402f23ca" _http_log_request /usr/lib/python2.7/site-packages/keystoneauth1/session.py:448
2019-07-10 18:40:57.775 662 DEBUG novaclient.v2.client [-] REQ: curl -g -i -X GET http://172.30.9.24:8774/v2.1/flavors/detail -H "Accept: application/json" -H "User-Agent: python-novaclient" -H "X-Auth-Token: {SHA1}9be5472d4d020a54ceadde05db9c56c901e12cc7" _http_log_request /usr/lib/python2.7/site-packages/keystoneauth1/session.py:448
2019-07-10 18:40:57.777 660 DEBUG novaclient.v2.client [-] REQ: curl -g -i -X GET http://172.30.9.24:8774/v2.1/flavors/detail -H "Accept: application/json" -H "User-Agent: python-novaclient" -H "X-Auth-Token: {SHA1}5c251a7b12fa8b57ac08cd80d93718585924a416" _http_log_request /usr/lib/python2.7/site-packages/keystoneauth1/session.py:448
2019-07-10 18:40:57.780 663 DEBUG novaclient.v2.client [-] REQ: curl -g -i -X GET http://172.30.9.24:8774/v2.1/flavors/detail -H "Accept: application/json" -H "User-Agent: python-novaclient" -H "X-Auth-Token: {SHA1}a280e5484137d68c625cd295115dc3c4d810e311" _http_log_request /usr/lib/python2.7/site-packages/keystoneauth1/session.py:448
2019-07-10 18:40:58.052 660 DEBUG novaclient.v2.client [-] RESP: [200] Content-Encoding: gzip Content-Length: 364 Content-Type: application/json Date: Wed, 10 Jul 2019 18:40:57 GMT OpenStack-API-Version: compute 2.1 Server: Apache Vary: OpenStack-API-Version,X-OpenStack-Nova-API-Version,Accept-Encoding X-OpenStack-Nova-API-Version: 2.1 x-compute-request-id: req-187e2260-af7c-493a-ac71-d037a18ba9ad x-openstack-request-id: req-187e2260-af7c-493a-ac71-d037a18ba9ad _http_log_response /usr/lib/python2.7/site-packages/keystoneauth1/session.py:479
2019-07-10 18:40:58.053 660 DEBUG novaclient.v2.client [-] RESP BODY: {"flavors": [{"name": "rally_full-flavor_alt_2e37046c-d1f5-47ec-813e-e34837a67767", "links": [{"href": "http://172.30.9.24:8774/v2.1/flavors/32276605-9641-47c8-841c-754e26cadc48", "rel": "self"}, {"href": "http://172.30.9.24:8774/flavors/32276605-9641-47c8-841c-754e26cadc48", "rel": "bookmark"}], "ram": 1024, "OS-FLV-DISABLED:disabled": false, "vcpus": 1, "swap": "", "os-flavor-access:is_public": true, "rxtx_factor": 1.0, "OS-FLV-EXT-DATA:ephemeral": 0, "disk": 1, "id": "32276605-9641-47c8-841c-754e26cadc48"}, {"name": "rally_full-flavor_2e37046c-d1f5-47ec-813e-e34837a67767", "links": [{"href": "http://172.30.9.24:8774/v2.1/flavors/c0183c70-4416-4b72-aca1-0b549a78a600", "rel": "self"}, {"href": "http://172.30.9.24:8774/flavors/c0183c70-4416-4b72-aca1-0b549a78a600", "rel": "bookmark"}], "ram": 512, "OS-FLV-DISABLED:disabled": false, "vcpus": 1, "swap": "", "os-flavor-access:is_public": true, "rxtx_factor": 1.0, "OS-FLV-EXT-DATA:ephemeral": 0, "disk": 1, "id": "c0183c70-4416-4b72-aca1-0b549a78a600"}]} _http_log_response /usr/lib/python2.7/site-packages/keystoneauth1/session.py:511
2019-07-10 18:40:58.053 660 DEBUG novaclient.v2.client [-] GET call to compute for http://172.30.9.24:8774/v2.1/flavors/detail used request id req-187e2260-af7c-493a-ac71-d037a18ba9ad request /usr/lib/python2.7/site-packages/keystoneauth1/session.py:844
2019-07-10 18:40:58.055 660 DEBUG novaclient.v2.client [-] REQ: curl -g -i -X GET http://172.30.9.24:8774/v2.1/flavors/detail -H "Accept: application/json" -H "User-Agent: python-novaclient" -H "X-Auth-Token: {SHA1}5c251a7b12fa8b57ac08cd80d93718585924a416" _http_log_request /usr/lib/python2.7/site-packages/keystoneauth1/session.py:448
2019-07-10 18:40:58.060 661 DEBUG novaclient.v2.client [-] RESP: [200] Content-Encoding: gzip Content-Length: 364 Content-Type: application/json Date: Wed, 10 Jul 2019 18:40:57 GMT OpenStack-API-Version: compute 2.1 Server: Apache Vary: OpenStack-API-Version,X-OpenStack-Nova-API-Version,Accept-Encoding X-OpenStack-Nova-API-Version: 2.1 x-compute-request-id: req-92925f0c-db6f-4da2-8a6d-ac81c1ec3088 x-openstack-request-id: req-92925f0c-db6f-4da2-8a6d-ac81c1ec3088 _http_log_response /usr/lib/python2.7/site-packages/keystoneauth1/session.py:479
2019-07-10 18:40:58.061 661 DEBUG novaclient.v2.client [-] RESP BODY: {"flavors": [{"name": "rally_full-flavor_alt_2e37046c-d1f5-47ec-813e-e34837a67767", "links": [{"href": "http://172.30.9.24:8774/v2.1/flavors/32276605-9641-47c8-841c-754e26cadc48", "rel": "self"}, {"href": "http://172.30.9.24:8774/flavors/32276605-9641-47c8-841c-754e26cadc48", "rel": "bookmark"}], "ram": 1024, "OS-FLV-DISABLED:disabled": false, "vcpus": 1, "swap": "", "os-flavor-access:is_public": true, "rxtx_factor": 1.0, "OS-FLV-EXT-DATA:ephemeral": 0, "disk": 1, "id": "32276605-9641-47c8-841c-754e26cadc48"}, {"name": "rally_full-flavor_2e37046c-d1f5-47ec-813e-e34837a67767", "links": [{"href": "http://172.30.9.24:8774/v2.1/flavors/c0183c70-4416-4b72-aca1-0b549a78a600", "rel": "self"}, {"href": "http://172.30.9.24:8774/flavors/c0183c70-4416-4b72-aca1-0b549a78a600", "rel": "bookmark"}], "ram": 512, "OS-FLV-DISABLED:disabled": false, "vcpus": 1, "swap": "", "os-flavor-access:is_public": true, "rxtx_factor": 1.0, "OS-FLV-EXT-DATA:ephemeral": 0, "disk": 1, "id": "c0183c70-4416-4b72-aca1-0b549a78a600"}]} _http_log_response /usr/lib/python2.7/site-packages/keystoneauth1/session.py:511
2019-07-10 18:40:58.061 661 DEBUG novaclient.v2.client [-] GET call to compute for http://172.30.9.24:8774/v2.1/flavors/detail used request id req-92925f0c-db6f-4da2-8a6d-ac81c1ec3088 request /usr/lib/python2.7/site-packages/keystoneauth1/session.py:844
2019-07-10 18:40:58.062 661 DEBUG novaclient.v2.client [-] REQ: curl -g -i -X GET http://172.30.9.24:8774/v2.1/flavors/detail -H "Accept: application/json" -H "User-Agent: python-novaclient" -H "X-Auth-Token: {SHA1}b91afac52ff6bcd94c76f22a007e6ffb402f23ca" _http_log_request /usr/lib/python2.7/site-packages/keystoneauth1/session.py:448
2019-07-10 18:40:58.078 660 DEBUG novaclient.v2.client [-] RESP: [200] Content-Encoding: gzip Content-Length: 364 Content-Type: application/json Date: Wed, 10 Jul 2019 18:40:58 GMT OpenStack-API-Version: compute 2.1 Server: Apache Vary: OpenStack-API-Version,X-OpenStack-Nova-API-Version,Accept-Encoding X-OpenStack-Nova-API-Version: 2.1 x-compute-request-id: req-65c87d83-9d07-4fdf-b2eb-082895aa1ab1 x-openstack-request-id: req-65c87d83-9d07-4fdf-b2eb-082895aa1ab1 _http_log_response /usr/lib/python2.7/site-packages/keystoneauth1/session.py:479
2019-07-10 18:40:58.079 660 DEBUG novaclient.v2.client [-] RESP BODY: {"flavors": [{"name": "rally_full-flavor_alt_2e37046c-d1f5-47ec-813e-e34837a67767", "links": [{"href": "http://172.30.9.24:8774/v2.1/flavors/32276605-9641-47c8-841c-754e26cadc48", "rel": "self"}, {"href": "http://172.30.9.24:8774/flavors/32276605-9641-47c8-841c-754e26cadc48", "rel": "bookmark"}], "ram": 1024, "OS-FLV-DISABLED:disabled": false, "vcpus": 1, "swap": "", "os-flavor-access:is_public": true, "rxtx_factor": 1.0, "OS-FLV-EXT-DATA:ephemeral": 0, "disk": 1, "id": "32276605-9641-47c8-841c-754e26cadc48"}, {"name": "rally_full-flavor_2e37046c-d1f5-47ec-813e-e34837a67767", "links": [{"href": "http://172.30.9.24:8774/v2.1/flavors/c0183c70-4416-4b72-aca1-0b549a78a600", "rel": "self"}, {"href": "http://172.30.9.24:8774/flavors/c0183c70-4416-4b72-aca1-0b549a78a600", "rel": "bookmark"}], "ram": 512, "OS-FLV-DISABLED:disabled": false, "vcpus": 1, "swap": "", "os-flavor-access:is_public": true, "rxtx_factor": 1.0, "OS-FLV-EXT-DATA:ephemeral": 0, "disk": 1, "id": "c0183c70-4416-4b72-aca1-0b549a78a600"}]} _http_log_response /usr/lib/python2.7/site-packages/keystoneauth1/session.py:511
2019-07-10 18:40:58.079 660 DEBUG novaclient.v2.client [-] GET call to compute for http://172.30.9.24:8774/v2.1/flavors/detail used request id req-65c87d83-9d07-4fdf-b2eb-082895aa1ab1 request /usr/lib/python2.7/site-packages/keystoneauth1/session.py:844
2019-07-10 18:40:58.080 660 INFO rally.task.runner [-] Task 72004ece-e759-42b8-870a-0d594d58cb10 | ITER: 1 END: OK
2019-07-10 18:40:58.082 661 DEBUG novaclient.v2.client [-] RESP: [200] Content-Encoding: gzip Content-Length: 364 Content-Type: application/json Date: Wed, 10 Jul 2019 18:40:58 GMT OpenStack-API-Version: compute 2.1 Server: Apache Vary: OpenStack-API-Version,X-OpenStack-Nova-API-Version,Accept-Encoding X-OpenStack-Nova-API-Version: 2.1 x-compute-request-id: req-b01d9ca6-fe46-42d4-8d3a-35bf88c2d45c x-openstack-request-id: req-b01d9ca6-fe46-42d4-8d3a-35bf88c2d45c _http_log_response /usr/lib/python2.7/site-packages/keystoneauth1/session.py:479
2019-07-10 18:40:58.082 661 DEBUG novaclient.v2.client [-] RESP BODY: {"flavors": [{"name": "rally_full-flavor_alt_2e37046c-d1f5-47ec-813e-e34837a67767", "links": [{"href": "http://172.30.9.24:8774/v2.1/flavors/32276605-9641-47c8-841c-754e26cadc48", "rel": "self"}, {"href": "http://172.30.9.24:8774/flavors/32276605-9641-47c8-841c-754e26cadc48", "rel": "bookmark"}], "ram": 1024, "OS-FLV-DISABLED:disabled": false, "vcpus": 1, "swap": "", "os-flavor-access:is_public": true, "rxtx_factor": 1.0, "OS-FLV-EXT-DATA:ephemeral": 0, "disk": 1, "id": "32276605-9641-47c8-841c-754e26cadc48"}, {"name": "rally_full-flavor_2e37046c-d1f5-47ec-813e-e34837a67767", "links": [{"href": "http://172.30.9.24:8774/v2.1/flavors/c0183c70-4416-4b72-aca1-0b549a78a600", "rel": "self"}, {"href": "http://172.30.9.24:8774/flavors/c0183c70-4416-4b72-aca1-0b549a78a600", "rel": "bookmark"}], "ram": 512, "OS-FLV-DISABLED:disabled": false, "vcpus": 1, "swap": "", "os-flavor-access:is_public": true, "rxtx_factor": 1.0, "OS-FLV-EXT-DATA:ephemeral": 0, "disk": 1, "id": "c0183c70-4416-4b72-aca1-0b549a78a600"}]} _http_log_response /usr/lib/python2.7/site-packages/keystoneauth1/session.py:511
2019-07-10 18:40:58.083 661 DEBUG novaclient.v2.client [-] GET call to compute for http://172.30.9.24:8774/v2.1/flavors/detail used request id req-b01d9ca6-fe46-42d4-8d3a-35bf88c2d45c request /usr/lib/python2.7/site-packages/keystoneauth1/session.py:844
2019-07-10 18:40:58.084 661 INFO rally.task.runner [-] Task 72004ece-e759-42b8-870a-0d594d58cb10 | ITER: 2 END: OK
2019-07-10 18:40:58.084 660 INFO rally.task.runner [-] Task 72004ece-e759-42b8-870a-0d594d58cb10 | ITER: 5 START
2019-07-10 18:40:58.088 663 DEBUG novaclient.v2.client [-] RESP: [200] Content-Encoding: gzip Content-Length: 364 Content-Type: application/json Date: Wed, 10 Jul 2019 18:40:57 GMT OpenStack-API-Version: compute 2.1 Server: Apache Vary: OpenStack-API-Version,X-OpenStack-Nova-API-Version,Accept-Encoding X-OpenStack-Nova-API-Version: 2.1 x-compute-request-id: req-a4eff471-cefb-4cbb-b190-cd75af387af8 x-openstack-request-id: req-a4eff471-cefb-4cbb-b190-cd75af387af8 _http_log_response /usr/lib/python2.7/site-packages/keystoneauth1/session.py:479
2019-07-10 18:40:58.088 663 DEBUG novaclient.v2.client [-] RESP BODY: {"flavors": [{"name": "rally_full-flavor_alt_2e37046c-d1f5-47ec-813e-e34837a67767", "links": [{"href": "http://172.30.9.24:8774/v2.1/flavors/32276605-9641-47c8-841c-754e26cadc48", "rel": "self"}, {"href": "http://172.30.9.24:8774/flavors/32276605-9641-47c8-841c-754e26cadc48", "rel": "bookmark"}], "ram": 1024, "OS-FLV-DISABLED:disabled": false, "vcpus": 1, "swap": "", "os-flavor-access:is_public": true, "rxtx_factor": 1.0, "OS-FLV-EXT-DATA:ephemeral": 0, "disk": 1, "id": "32276605-9641-47c8-841c-754e26cadc48"}, {"name": "rally_full-flavor_2e37046c-d1f5-47ec-813e-e34837a67767", "links": [{"href": "http://172.30.9.24:8774/v2.1/flavors/c0183c70-4416-4b72-aca1-0b549a78a600", "rel": "self"}, {"href": "http://172.30.9.24:8774/flavors/c0183c70-4416-4b72-aca1-0b549a78a600", "rel": "bookmark"}], "ram": 512, "OS-FLV-DISABLED:disabled": false, "vcpus": 1, "swap": "", "os-flavor-access:is_public": true, "rxtx_factor": 1.0, "OS-FLV-EXT-DATA:ephemeral": 0, "disk": 1, "id": "c0183c70-4416-4b72-aca1-0b549a78a600"}]} _http_log_response /usr/lib/python2.7/site-packages/keystoneauth1/session.py:511
2019-07-10 18:40:58.089 663 DEBUG novaclient.v2.client [-] GET call to compute for http://172.30.9.24:8774/v2.1/flavors/detail used request id req-a4eff471-cefb-4cbb-b190-cd75af387af8 request /usr/lib/python2.7/site-packages/keystoneauth1/session.py:844
2019-07-10 18:40:58.089 661 INFO rally.task.runner [-] Task 72004ece-e759-42b8-870a-0d594d58cb10 | ITER: 6 START
2019-07-10 18:40:58.090 663 DEBUG novaclient.v2.client [-] REQ: curl -g -i -X GET http://172.30.9.24:8774/v2.1/flavors/detail -H "Accept: application/json" -H "User-Agent: python-novaclient" -H "X-Auth-Token: {SHA1}a280e5484137d68c625cd295115dc3c4d810e311" _http_log_request /usr/lib/python2.7/site-packages/keystoneauth1/session.py:448
2019-07-10 18:40:58.095 662 DEBUG novaclient.v2.client [-] RESP: [200] Content-Encoding: gzip Content-Length: 364 Content-Type: application/json Date: Wed, 10 Jul 2019 18:40:57 GMT OpenStack-API-Version: compute 2.1 Server: Apache Vary: OpenStack-API-Version,X-OpenStack-Nova-API-Version,Accept-Encoding X-OpenStack-Nova-API-Version: 2.1 x-compute-request-id: req-5c2a0eba-3691-4ad0-8810-6b3d3d927404 x-openstack-request-id: req-5c2a0eba-3691-4ad0-8810-6b3d3d927404 _http_log_response /usr/lib/python2.7/site-packages/keystoneauth1/session.py:479
2019-07-10 18:40:58.096 662 DEBUG novaclient.v2.client [-] RESP BODY: {"flavors": [{"name": "rally_full-flavor_alt_2e37046c-d1f5-47ec-813e-e34837a67767", "links": [{"href": "http://172.30.9.24:8774/v2.1/flavors/32276605-9641-47c8-841c-754e26cadc48", "rel": "self"}, {"href": "http://172.30.9.24:8774/flavors/32276605-9641-47c8-841c-754e26cadc48", "rel": "bookmark"}], "ram": 1024, "OS-FLV-DISABLED:disabled": false, "vcpus": 1, "swap": "", "os-flavor-access:is_public": true, "rxtx_factor": 1.0, "OS-FLV-EXT-DATA:ephemeral": 0, "disk": 1, "id": "32276605-9641-47c8-841c-754e26cadc48"}, {"name": "rally_full-flavor_2e37046c-d1f5-47ec-813e-e34837a67767", "links": [{"href": "http://172.30.9.24:8774/v2.1/flavors/c0183c70-4416-4b72-aca1-0b549a78a600", "rel": "self"}, {"href": "http://172.30.9.24:8774/flavors/c0183c70-4416-4b72-aca1-0b549a78a600", "rel": "bookmark"}], "ram": 512, "OS-FLV-DISABLED:disabled": false, "vcpus": 1, "swap": "", "os-flavor-access:is_public": true, "rxtx_factor": 1.0, "OS-FLV-EXT-DATA:ephemeral": 0, "disk": 1, "id": "c0183c70-4416-4b72-aca1-0b549a78a600"}]} _http_log_response /usr/lib/python2.7/site-packages/keystoneauth1/session.py:511
2019-07-10 18:40:58.097 662 DEBUG novaclient.v2.client [-] GET call to compute for http://172.30.9.24:8774/v2.1/flavors/detail used request id req-5c2a0eba-3691-4ad0-8810-6b3d3d927404 request /usr/lib/python2.7/site-packages/keystoneauth1/session.py:844
2019-07-10 18:40:58.098 662 DEBUG novaclient.v2.client [-] REQ: curl -g -i -X GET http://172.30.9.24:8774/v2.1/flavors/detail -H "Accept: application/json" -H "User-Agent: python-novaclient" -H "X-Auth-Token: {SHA1}9be5472d4d020a54ceadde05db9c56c901e12cc7" _http_log_request /usr/lib/python2.7/site-packages/keystoneauth1/session.py:448
2019-07-10 18:40:58.110 663 DEBUG novaclient.v2.client [-] RESP: [200] Content-Encoding: gzip Content-Length: 364 Content-Type: application/json Date: Wed, 10 Jul 2019 18:40:58 GMT OpenStack-API-Version: compute 2.1 Server: Apache Vary: OpenStack-API-Version,X-OpenStack-Nova-API-Version,Accept-Encoding X-OpenStack-Nova-API-Version: 2.1 x-compute-request-id: req-05994502-22db-4f32-a8e2-67ce0e834848 x-openstack-request-id: req-05994502-22db-4f32-a8e2-67ce0e834848 _http_log_response /usr/lib/python2.7/site-packages/keystoneauth1/session.py:479
2019-07-10 18:40:58.110 663 DEBUG novaclient.v2.client [-] RESP BODY: {"flavors": [{"name": "rally_full-flavor_alt_2e37046c-d1f5-47ec-813e-e34837a67767", "links": [{"href": "http://172.30.9.24:8774/v2.1/flavors/32276605-9641-47c8-841c-754e26cadc48", "rel": "self"}, {"href": "http://172.30.9.24:8774/flavors/32276605-9641-47c8-841c-754e26cadc48", "rel": "bookmark"}], "ram": 1024, "OS-FLV-DISABLED:disabled": false, "vcpus": 1, "swap": "", "os-flavor-access:is_public": true, "rxtx_factor": 1.0, "OS-FLV-EXT-DATA:ephemeral": 0, "disk": 1, "id": "32276605-9641-47c8-841c-754e26cadc48"}, {"name": "rally_full-flavor_2e37046c-d1f5-47ec-813e-e34837a67767", "links": [{"href": "http://172.30.9.24:8774/v2.1/flavors/c0183c70-4416-4b72-aca1-0b549a78a600", "rel": "self"}, {"href": "http://172.30.9.24:8774/flavors/c0183c70-4416-4b72-aca1-0b549a78a600", "rel": "bookmark"}], "ram": 512, "OS-FLV-DISABLED:disabled": false, "vcpus": 1, "swap": "", "os-flavor-access:is_public": true, "rxtx_factor": 1.0, "OS-FLV-EXT-DATA:ephemeral": 0, "disk": 1, "id": "c0183c70-4416-4b72-aca1-0b549a78a600"}]} _http_log_response /usr/lib/python2.7/site-packages/keystoneauth1/session.py:511
2019-07-10 18:40:58.111 663 DEBUG novaclient.v2.client [-] GET call to compute for http://172.30.9.24:8774/v2.1/flavors/detail used request id req-05994502-22db-4f32-a8e2-67ce0e834848 request /usr/lib/python2.7/site-packages/keystoneauth1/session.py:844
