2019-07-10 18:51:07.780 1842 RALLYDEBUG rally_openstack.contexts.keystone.users [-] Creating 3 tenants using 20 threads
2019-07-10 18:51:09.637 1842 RALLYDEBUG rally_openstack.contexts.keystone.users [-] Creating 6 users using 20 threads
2019-07-10 18:51:12.545 1842 INFO rally.task.context [-] Task 5a04ac64-c29b-4375-914c-c9d809883f5b | Context users@openstack setup() finished in 4.77 sec
2019-07-10 18:51:12.973 1842 INFO rally.task.context [-] Task 5a04ac64-c29b-4375-914c-c9d809883f5b | Context api_versions@openstack setup() finished in 0.43 sec
2019-07-10 18:51:14.766 1842 INFO rally.task.context [-] Task 5a04ac64-c29b-4375-914c-c9d809883f5b | Context quotas@openstack setup() finished in 1.79 sec
2019-07-10 18:51:25.936 1842 INFO rally.task.context [-] Task 5a04ac64-c29b-4375-914c-c9d809883f5b | Context volumes@openstack setup() finished in 11.17 sec
2019-07-10 18:51:25.937 1842 INFO rally.task.context [-] Task 5a04ac64-c29b-4375-914c-c9d809883f5b | Context cleanup@openstack setup() finished in 0.01 msec
2019-07-10 18:51:25.945 1842 RALLYDEBUG rally.task.runner [-] Starting the constant runner (task UUID: 5a04ac64-c29b-4375-914c-c9d809883f5b). timeout: 0 concurrency: 4 concurrency_per_worker: 1 times: 10 concurrency_overhead: 0 processes_to_start: 4 max_cpu_used: 16
2019-07-10 18:51:25.957 2210 RALLYDEBUG rally.task.runner [-] Starting a worker. concurrency: 1 args: {"detailed": true, "force": false} times: 10 method_name: run timeout: 0 duration: None cls:
2019-07-10 18:51:25.959 2211 RALLYDEBUG rally.task.runner [-] Starting a worker. concurrency: 1 args: {"detailed": true, "force": false} times: 10 method_name: run timeout: 0 duration: None cls:
2019-07-10 18:51:25.961 2212 RALLYDEBUG rally.task.runner [-] Starting a worker. concurrency: 1 args: {"detailed": true, "force": false} times: 10 method_name: run timeout: 0 duration: None cls:
2019-07-10 18:51:25.964 2213 RALLYDEBUG rally.task.runner [-] Starting a worker. concurrency: 1 args: {"detailed": true, "force": false} times: 10 method_name: run timeout: 0 duration: None cls:
2019-07-10 18:51:25.965 2210 INFO rally.task.runner [-] Task 5a04ac64-c29b-4375-914c-c9d809883f5b | ITER: 1 START
2019-07-10 18:51:25.966 2211 INFO rally.task.runner [-] Task 5a04ac64-c29b-4375-914c-c9d809883f5b | ITER: 2 START
2019-07-10 18:51:25.967 2212 INFO rally.task.runner [-] Task 5a04ac64-c29b-4375-914c-c9d809883f5b | ITER: 3 START
2019-07-10 18:51:25.970 2213 INFO rally.task.runner [-] Task 5a04ac64-c29b-4375-914c-c9d809883f5b | ITER: 4 START
2019-07-10 18:51:29.507 2213 INFO rally.task.runner [-] Task 5a04ac64-c29b-4375-914c-c9d809883f5b | ITER: 4 END: OK
2019-07-10 18:51:29.512 2213 INFO rally.task.runner [-] Task 5a04ac64-c29b-4375-914c-c9d809883f5b | ITER: 5 START
2019-07-10 18:51:29.880 2210 INFO rally.task.runner [-] Task 5a04ac64-c29b-4375-914c-c9d809883f5b | ITER: 1 END: OK
2019-07-10 18:51:29.883 2210 INFO rally.task.runner [-] Task 5a04ac64-c29b-4375-914c-c9d809883f5b | ITER: 6 START
2019-07-10 18:51:29.925 2212 INFO rally.task.runner [-] Task 5a04ac64-c29b-4375-914c-c9d809883f5b | ITER: 3 END: OK
2019-07-10 18:51:29.929 2212 INFO rally.task.runner [-] Task 5a04ac64-c29b-4375-914c-c9d809883f5b | ITER: 7 START
2019-07-10 18:51:29.972 2211 INFO rally.task.runner [-] Task 5a04ac64-c29b-4375-914c-c9d809883f5b | ITER: 2 END: OK
2019-07-10 18:51:29.974 2211 INFO rally.task.runner [-] Task 5a04ac64-c29b-4375-914c-c9d809883f5b | ITER: 8 START
2019-07-10 18:51:33.345 2213 INFO rally.task.runner [-] Task 5a04ac64-c29b-4375-914c-c9d809883f5b | ITER: 5 END: OK
2019-07-10 18:51:33.350 2213 INFO rally.task.runner [-] Task 5a04ac64-c29b-4375-914c-c9d809883f5b | ITER: 9 START
2019-07-10 18:51:33.502 2210 INFO rally.task.runner [-] Task 5a04ac64-c29b-4375-914c-c9d809883f5b | ITER: 6 END: OK
2019-07-10 18:51:33.507 2210 INFO rally.task.runner [-] Task 5a04ac64-c29b-4375-914c-c9d809883f5b | ITER: 10 START
2019-07-10 18:51:33.602 2212 INFO rally.task.runner [-] Task 5a04ac64-c29b-4375-914c-c9d809883f5b | ITER: 7 END: OK
2019-07-10 18:51:33.910 2211 INFO rally.task.runner [-] Task 5a04ac64-c29b-4375-914c-c9d809883f5b | ITER: 8 END: OK
2019-07-10 18:51:36.991 2213 INFO rally.task.runner [-] Task 5a04ac64-c29b-4375-914c-c9d809883f5b | ITER: 9 END: OK
2019-07-10 18:51:37.290 2210 INFO rally.task.runner [-] Task 5a04ac64-c29b-4375-914c-c9d809883f5b | ITER: 10 END: OK
2019-07-10 18:51:37.310 1842 INFO rally.task.context [-] Task 5a04ac64-c29b-4375-914c-c9d809883f5b | Context cleanup@openstack cleanup() started
2019-07-10 18:51:37.312 1842 RALLYDEBUG rally_openstack.cleanup.manager [-] Cleaning up cinder backups objects
2019-07-10 18:51:39.344 1842 RALLYDEBUG rally_openstack.cleanup.manager [-] Cleaning up cinder volume_snapshots objects
2019-07-10 18:51:41.403 1842 RALLYDEBUG rally_openstack.cleanup.manager [-] Deleting cinder.volume_snapshots object s_rally_966e0828_FHRLgxDD (144bad74-fb20-435b-a06d-3dc5e616cfe8)
2019-07-10 18:51:41.403 1842 RALLYDEBUG rally_openstack.cleanup.manager [-] Deleting cinder.volume_snapshots object s_rally_966e0828_GVLunpVM (0a0b3814-f6c7-4a6b-8260-f72ce02a71c8)
2019-07-10 18:51:41.405 1842 RALLYDEBUG rally_openstack.cleanup.manager [-] Deleting cinder.volume_snapshots object s_rally_966e0828_6E8PP3tB (4717f160-f6b4-4cba-817a-2a4a30ac2360)
2019-07-10 18:51:41.406 1842 RALLYDEBUG rally_openstack.cleanup.manager [-] Deleting cinder.volume_snapshots object s_rally_966e0828_3SjAbbj3 (8bf1acd4-19d3-4653-a603-251a8051e5ee)
2019-07-10 18:51:41.408 1842 RALLYDEBUG rally_openstack.cleanup.manager [-] Deleting cinder.volume_snapshots object s_rally_966e0828_oXSWpUVI (5c54891e-96ab-44c8-894a-a7038e7ef921)
2019-07-10 18:51:41.414 1842 RALLYDEBUG rally_openstack.cleanup.manager [-] Deleting cinder.volume_snapshots object s_rally_966e0828_BFMdpEho (8a4bd0cb-3d07-4f2e-9994-e9de9ccf4f87)
2019-07-10 18:51:41.423 1842 RALLYDEBUG rally_openstack.cleanup.manager [-] Deleting cinder.volume_snapshots object s_rally_966e0828_Tcdpt9y3 (eca70db3-e904-40a0-8bb6-9ec38cb6f32c)
2019-07-10 18:51:41.435 1842 RALLYDEBUG rally_openstack.cleanup.manager [-] Deleting cinder.volume_snapshots object s_rally_966e0828_gYXvRSEc (d64faaa3-ab6c-47c5-8775-c9442c3e5c95)
2019-07-10 18:51:41.438 1842 RALLYDEBUG rally_openstack.cleanup.manager [-] Deleting cinder.volume_snapshots object s_rally_966e0828_afznXfuG (f9f1e21e-58a1-4d3f-8050-76cce35333cd)
2019-07-10 18:51:41.439 1842 RALLYDEBUG rally_openstack.cleanup.manager [-] Deleting cinder.volume_snapshots object s_rally_966e0828_YN6INsIA (0218191d-9d74-4a74-8a9b-d0097dc4ebf1)
2019-07-10 18:51:47.549 1842 RALLYDEBUG rally_openstack.cleanup.manager [-] Cleaning up cinder transfers objects
2019-07-10 18:51:49.653 1842 RALLYDEBUG rally_openstack.cleanup.manager [-] Cleaning up cinder volumes objects
2019-07-10 18:51:51.780 1842 INFO rally.task.context [-] Task 5a04ac64-c29b-4375-914c-c9d809883f5b | Context cleanup@openstack cleanup() finished in 14.47 sec
2019-07-10 18:51:51.780 1842 INFO rally.task.context [-] Task 5a04ac64-c29b-4375-914c-c9d809883f5b | Context volumes@openstack cleanup() started
2019-07-10 18:51:51.781 1842 RALLYDEBUG rally_openstack.cleanup.manager [-] Cleaning up cinder volumes objects
2019-07-10 18:51:54.110 1842 RALLYDEBUG rally_openstack.cleanup.manager [-] Deleting cinder.volumes object c_rally_966e0828_CJmZYJwi (c53d10cf-4898-48bf-8756-f12abd483f3e)
2019-07-10 18:51:54.115 1842 RALLYDEBUG rally_openstack.cleanup.manager [-] Deleting cinder.volumes object c_rally_966e0828_FU53TnzW (4c468980-c92d-40a4-93d0-ce8ea9161e94)
2019-07-10 18:51:54.120 1842 RALLYDEBUG rally_openstack.cleanup.manager [-] Deleting cinder.volumes object c_rally_966e0828_VgLGVHzo (514b2491-434e-41d5-90d6-375b67083f03)
2019-07-10 18:51:57.572 1842 INFO rally.task.context [-] Task 5a04ac64-c29b-4375-914c-c9d809883f5b | Context volumes@openstack cleanup() finished in 5.79 sec
2019-07-10 18:51:57.573 1842 INFO rally.task.context [-] Task 5a04ac64-c29b-4375-914c-c9d809883f5b | Context quotas@openstack cleanup() started
2019-07-10 18:51:58.068 1842 INFO rally.task.context [-] Task 5a04ac64-c29b-4375-914c-c9d809883f5b | Context quotas@openstack cleanup() finished in 0.50 sec
2019-07-10 18:51:58.069 1842 INFO rally.task.context [-] Task 5a04ac64-c29b-4375-914c-c9d809883f5b | Context api_versions@openstack cleanup() started
2019-07-10 18:51:58.069 1842 INFO rally.task.context [-] Task 5a04ac64-c29b-4375-914c-c9d809883f5b | Context api_versions@openstack cleanup() finished in 0.29 msec
2019-07-10 18:51:58.069 1842 INFO rally.task.context [-] Task 5a04ac64-c29b-4375-914c-c9d809883f5b | Context users@openstack cleanup() started
2019-07-10 18:52:06.135 1842 INFO rally.task.context [-] Task 5a04ac64-c29b-4375-914c-c9d809883f5b | Context users@openstack cleanup() finished in 8.07 sec
2019-07-10 18:52:08.055 1842 INFO rally.task.engine [-] Load duration is: 11.319781
2019-07-10 18:52:08.055 1842 INFO rally.task.engine [-] Full runner duration is: 11.36668
2019-07-10 18:52:08.055 1842 INFO rally.task.engine [-] Full duration is: 58.359828
2019-07-10 18:52:08.310 1842 INFO rally.task.engine [-] Running workload: position = 0 config = { "version": 2, "title": "A cropped version of a bigger task.", "description": "Auto-generated task from a single workload (uuid=492bc706-445e-4645-84d2-2ff0779d0f29)", "subtasks": [ { "title": "CinderVolumes.create_and_list_volume", "description": "Create a volume and list all volumes.", "scenario": { "CinderVolumes.create_and_list_volume": { "detailed": true, "image": { "name": "rally_full-img_2e37046c-d1f5-47ec-813e-e34837a67767" }, "size": 1 } }, "contexts": { "users": { "tenants": 3, "users_per_tenant": 2 }, "quotas": { "cinder": { "gigabytes": -1, "snapshots": -1, "volumes": -1 } }, "api_versions": { "cinder": { "version": 3, "service_type": "volumev3" } } }, "runner": { "constant": { "concurrency": 4, "times": 10 } }, "hooks": [], "sla": { "failure_rate": { "max": 0 } } } ] }
2019-07-10 18:52:08.331 1842 RALLYDEBUG rally_openstack.contexts.keystone.users [-] Creating 3 tenants using 20 threads
2019-07-10 18:52:10.242 1842 RALLYDEBUG rally_openstack.contexts.keystone.users [-] Creating 6 users using 20 threads
2019-07-10 18:52:13.092 1842 INFO rally.task.context [-] Task 5a04ac64-c29b-4375-914c-c9d809883f5b | Context users@openstack setup() finished in 4.76 sec
2019-07-10 18:52:13.520 1842 INFO rally.task.context [-] Task 5a04ac64-c29b-4375-914c-c9d809883f5b | Context api_versions@openstack setup() finished in 0.43 sec
2019-07-10 18:52:15.253 1842 INFO rally.task.context [-] Task 5a04ac64-c29b-4375-914c-c9d809883f5b | Context quotas@openstack setup() finished in 1.73 sec
2019-07-10 18:52:15.254 1842 INFO rally.task.context [-] Task 5a04ac64-c29b-4375-914c-c9d809883f5b | Context cleanup@openstack setup() finished in 0.00 msec
2019-07-10 18:52:16.303 1842 RALLYDEBUG rally.task.runner [-] Starting the constant runner (task UUID: 5a04ac64-c29b-4375-914c-c9d809883f5b). timeout: 0 concurrency: 4 concurrency_per_worker: 1 times: 10 concurrency_overhead: 0 processes_to_start: 4 max_cpu_used: 16
2019-07-10 18:52:16.313 2414 RALLYDEBUG rally.task.runner [-] Starting a worker. concurrency: 1 args: {"detailed": true, "image": "29b4f370-58bc-4e11-b70f-9d1e882ac7db", "size": 1} times: 10 method_name: run timeout: 0 duration: None cls:
2019-07-10 18:52:16.316 2416 RALLYDEBUG rally.task.runner [-] Starting a worker. concurrency: 1 args: {"detailed": true, "image": "29b4f370-58bc-4e11-b70f-9d1e882ac7db", "size": 1} times: 10 method_name: run timeout: 0 duration: None cls:
2019-07-10 18:52:16.317 2415 RALLYDEBUG rally.task.runner [-] Starting a worker. concurrency: 1 args: {"detailed": true, "image": "29b4f370-58bc-4e11-b70f-9d1e882ac7db", "size": 1} times: 10 method_name: run timeout: 0 duration: None cls:
2019-07-10 18:52:16.319 2416 INFO rally.task.runner [-] Task 5a04ac64-c29b-4375-914c-c9d809883f5b | ITER: 2 START
2019-07-10 18:52:16.320 2414 INFO rally.task.runner [-] Task 5a04ac64-c29b-4375-914c-c9d809883f5b | ITER: 1 START
2019-07-10 18:52:16.322 2417 RALLYDEBUG rally.task.runner [-] Starting a worker. concurrency: 1 args: {"detailed": true, "image": "29b4f370-58bc-4e11-b70f-9d1e882ac7db", "size": 1} times: 10 method_name: run timeout: 0 duration: None cls:
2019-07-10 18:52:16.323 2415 INFO rally.task.runner [-] Task 5a04ac64-c29b-4375-914c-c9d809883f5b | ITER: 3 START
2019-07-10 18:52:16.328 2417 INFO rally.task.runner [-] Task 5a04ac64-c29b-4375-914c-c9d809883f5b | ITER: 4 START
2019-07-10 18:52:26.116 2417 RALLYDEBUG rally.task.utils [-] Waiting for resource s_rally_492bc706_Tj4LVfH4. Status changed: CREATING => DOWNLOADING in 5.07937908173
2019-07-10 18:52:27.047 2416 RALLYDEBUG rally.task.utils [-] Waiting for resource s_rally_492bc706_VKKU6C7Y. Status changed: CREATING => DOWNLOADING in 5.39135289192
2019-07-10 18:52:28.537 2414 RALLYDEBUG rally.task.utils [-] Waiting for resource s_rally_492bc706_9vaEiVRw. Status changed: CREATING => DOWNLOADING in 7.55473303795
2019-07-10 18:52:28.813 2415 RALLYDEBUG rally.task.utils [-] Waiting for resource s_rally_492bc706_WlfYu63W. Status changed: CREATING => DOWNLOADING in 7.72636198997
2019-07-10 18:52:36.016 2416 RALLYDEBUG rally.task.utils [-] Waiting for resource s_rally_492bc706_VKKU6C7Y. Status changed: DOWNLOADING => AVAILABLE in 8.96891999245
2019-07-10 18:52:36.378 2416 INFO rally.task.runner [-] Task 5a04ac64-c29b-4375-914c-c9d809883f5b | ITER: 2 END: OK
2019-07-10 18:52:36.381 2416 INFO rally.task.runner [-] Task 5a04ac64-c29b-4375-914c-c9d809883f5b | ITER: 5 START
2019-07-10 18:52:37.311 2417 RALLYDEBUG rally.task.utils [-] Waiting for resource s_rally_492bc706_Tj4LVfH4. Status changed: DOWNLOADING => AVAILABLE in 11.1945688725
2019-07-10 18:52:37.636 2417 INFO rally.task.runner [-] Task 5a04ac64-c29b-4375-914c-c9d809883f5b | ITER: 4 END: OK
2019-07-10 18:52:37.641 2417 INFO rally.task.runner [-] Task 5a04ac64-c29b-4375-914c-c9d809883f5b | ITER: 6 START
2019-07-10 18:52:37.649 2414 RALLYDEBUG rally.task.utils [-] Waiting for resource s_rally_492bc706_9vaEiVRw. Status changed: DOWNLOADING => AVAILABLE in 9.11213588715
2019-07-10 18:52:38.126 2414 INFO rally.task.runner [-] Task 5a04ac64-c29b-4375-914c-c9d809883f5b | ITER: 1 END: OK
2019-07-10 18:52:38.131 2414 INFO rally.task.runner [-] Task 5a04ac64-c29b-4375-914c-c9d809883f5b | ITER: 7 START
2019-07-10 18:52:38.319 2415 RALLYDEBUG rally.task.utils [-] Waiting for resource s_rally_492bc706_WlfYu63W. Status changed: DOWNLOADING => AVAILABLE in 9.50612401962
2019-07-10 18:52:38.673 2415 INFO rally.task.runner [-] Task 5a04ac64-c29b-4375-914c-c9d809883f5b | ITER: 3 END: OK
2019-07-10 18:52:38.678 2415 INFO rally.task.runner [-] Task 5a04ac64-c29b-4375-914c-c9d809883f5b | ITER: 8 START
2019-07-10 18:52:44.140 2416 RALLYDEBUG rally.task.utils [-] Waiting for resource s_rally_492bc706_rPqfwWDW. Status changed: CREATING => DOWNLOADING in 2.99663615227
2019-07-10 18:52:44.991 2417 RALLYDEBUG rally.task.utils [-] Waiting for resource s_rally_492bc706_m6DVJptK. Status changed: CREATING => DOWNLOADING in 3.00902199745
2019-07-10 18:52:50.808 2414 RALLYDEBUG rally.task.utils [-] Waiting for resource s_rally_492bc706_a39K8uIi. Status changed: CREATING => DOWNLOADING in 7.66900014877
2019-07-10 18:52:50.862 2416 RALLYDEBUG rally.task.utils [-] Waiting for resource s_rally_492bc706_rPqfwWDW. Status changed: DOWNLOADING => AVAILABLE in 6.72128295898
2019-07-10 18:52:51.187 2416 INFO rally.task.runner [-] Task 5a04ac64-c29b-4375-914c-c9d809883f5b | ITER: 5 END: OK
2019-07-10 18:52:51.191 2416 INFO rally.task.runner [-] Task 5a04ac64-c29b-4375-914c-c9d809883f5b | ITER: 9 START
2019-07-10 18:52:52.125 2417 RALLYDEBUG rally.task.utils [-] Waiting for resource s_rally_492bc706_m6DVJptK. Status changed: DOWNLOADING => AVAILABLE in 7.13344502449
2019-07-10 18:52:52.222 2417 INFO rally.task.runner [-] Task 5a04ac64-c29b-4375-914c-c9d809883f5b | ITER: 6 END: OK
2019-07-10 18:52:52.227 2417 INFO rally.task.runner [-] Task 5a04ac64-c29b-4375-914c-c9d809883f5b | ITER: 10 START
2019-07-10 18:52:53.486 2415 RALLYDEBUG rally.task.utils [-] Waiting for resource s_rally_492bc706_5KTdp8Gs. Status changed: CREATING => DOWNLOADING in 10.266215086
2019-07-10 18:52:57.273 2414 RALLYDEBUG rally.task.utils [-] Waiting for resource s_rally_492bc706_a39K8uIi. Status changed: DOWNLOADING => AVAILABLE in 6.4640378952
2019-07-10 18:52:57.614 2414 INFO rally.task.runner [-] Task 5a04ac64-c29b-4375-914c-c9d809883f5b | ITER: 7 END: OK
2019-07-10 18:52:57.897 2415 RALLYDEBUG rally.task.utils [-] Waiting for resource s_rally_492bc706_5KTdp8Gs. Status changed: DOWNLOADING => AVAILABLE in 4.41111207008
2019-07-10 18:52:58.365 2415 INFO rally.task.runner [-] Task 5a04ac64-c29b-4375-914c-c9d809883f5b | ITER: 8 END: OK
2019-07-10 18:52:59.986 2416 RALLYDEBUG rally.task.utils [-] Waiting for resource s_rally_492bc706_1QQjMsoE. Status changed: CREATING => DOWNLOADING in 3.03304290771
2019-07-10 18:53:02.574 2417 RALLYDEBUG rally.task.utils [-] Waiting for resource s_rally_492bc706_fJOq17Ya. Status changed: CREATING => DOWNLOADING in 5.38938593864
2019-07-10 18:53:04.670 2416 RALLYDEBUG rally.task.utils [-] Waiting for resource s_rally_492bc706_1QQjMsoE. Status changed: DOWNLOADING => AVAILABLE in 4.68384504318
2019-07-10 18:53:04.792 2416 INFO rally.task.runner [-] Task 5a04ac64-c29b-4375-914c-c9d809883f5b | ITER: 9 END: OK
2019-07-10 18:53:04.826 2417 RALLYDEBUG rally.task.utils [-] Waiting for resource s_rally_492bc706_fJOq17Ya. Status changed: DOWNLOADING => AVAILABLE in 2.25287699699
2019-07-10 18:53:05.202 2417 INFO rally.task.runner [-] Task 5a04ac64-c29b-4375-914c-c9d809883f5b | ITER: 10 END: OK
2019-07-10 18:53:05.228 1842 INFO rally.task.context [-] Task 5a04ac64-c29b-4375-914c-c9d809883f5b | Context cleanup@openstack cleanup() started
2019-07-10 18:53:05.230 1842 RALLYDEBUG rally_openstack.cleanup.manager [-] Cleaning up cinder backups objects
2019-07-10 18:53:07.371 1842 RALLYDEBUG rally_openstack.cleanup.manager [-] Cleaning up cinder volume_snapshots objects
2019-07-10 18:53:09.393 1842 RALLYDEBUG rally_openstack.cleanup.manager [-] Cleaning up cinder transfers objects
2019-07-10 18:53:11.500 1842 RALLYDEBUG rally_openstack.cleanup.manager [-] Cleaning up cinder volumes objects
2019-07-10 18:53:13.908 1842 RALLYDEBUG rally_openstack.cleanup.manager [-] Deleting cinder.volumes object s_rally_492bc706_1QQjMsoE (1f3675bd-9161-495f-ac1b-0f3aff57f301)
2019-07-10 18:53:13.911 1842 RALLYDEBUG rally_openstack.cleanup.manager [-] Deleting cinder.volumes object s_rally_492bc706_rPqfwWDW (92e63038-2d7c-4581-8c85-ede9617b7f52)
2019-07-10 18:53:13.912 1842 RALLYDEBUG rally_openstack.cleanup.manager [-] Deleting cinder.volumes object s_rally_492bc706_9vaEiVRw (598ba174-f75e-447b-a0c1-4cf600757b81)
2019-07-10 18:53:13.915 1842 RALLYDEBUG rally_openstack.cleanup.manager [-] Deleting cinder.volumes object s_rally_492bc706_Tj4LVfH4 (758673ae-0480-46e9-a1b4-2f46f51a74fc)
2019-07-10 18:53:13.916 1842 RALLYDEBUG rally_openstack.cleanup.manager [-] Deleting cinder.volumes object s_rally_492bc706_fJOq17Ya (d46629a7-7690-4186-a7bd-30dfc52a3440)
2019-07-10 18:53:13.918 1842 RALLYDEBUG rally_openstack.cleanup.manager [-] Deleting cinder.volumes object s_rally_492bc706_5KTdp8Gs (25320c98-5c6d-45eb-a026-26e71fb48d9c)
2019-07-10 18:53:13.919 1842 RALLYDEBUG rally_openstack.cleanup.manager [-] Deleting cinder.volumes object s_rally_492bc706_m6DVJptK (29cf5660-70b2-4947-aea0-39806dd5c3c5)
2019-07-10 18:53:13.929 1842 RALLYDEBUG rally_openstack.cleanup.manager [-] Deleting cinder.volumes object s_rally_492bc706_a39K8uIi (09792f8b-3810-43ec-b0f1-68af4fedf261)
2019-07-10 18:53:13.930 1842 RALLYDEBUG rally_openstack.cleanup.manager [-] Deleting cinder.volumes object s_rally_492bc706_WlfYu63W (646e5c84-c9ef-49c6-a1bc-5823fbeb6bdb)
2019-07-10 18:53:13.945 1842 RALLYDEBUG rally_openstack.cleanup.manager [-] Deleting cinder.volumes object s_rally_492bc706_VKKU6C7Y (14f94a61-ec5a-48a6-9cf9-3e6cce946498)
2019-07-10 18:53:19.092 1842 INFO rally.task.context [-] Task 5a04ac64-c29b-4375-914c-c9d809883f5b | Context cleanup@openstack cleanup() finished in 13.86 sec
2019-07-10 18:53:19.092 1842 INFO rally.task.context [-] Task 5a04ac64-c29b-4375-914c-c9d809883f5b | Context quotas@openstack cleanup() started
2019-07-10 18:53:19.851 1842 INFO rally.task.context [-] Task 5a04ac64-c29b-4375-914c-c9d809883f5b | Context quotas@openstack cleanup() finished in 0.76 sec
2019-07-10 18:53:19.852 1842 INFO rally.task.context [-] Task 5a04ac64-c29b-4375-914c-c9d809883f5b | Context api_versions@openstack cleanup() started
2019-07-10 18:53:19.852 1842 INFO rally.task.context [-] Task 5a04ac64-c29b-4375-914c-c9d809883f5b | Context api_versions@openstack cleanup() finished in 0.27 msec
2019-07-10 18:53:19.852 1842 INFO rally.task.context [-] Task 5a04ac64-c29b-4375-914c-c9d809883f5b | Context users@openstack cleanup() started
2019-07-10 18:53:27.948 1842 INFO rally.task.context [-] Task 5a04ac64-c29b-4375-914c-c9d809883f5b | Context users@openstack cleanup() finished in 8.10 sec
2019-07-10 18:53:28.614 1842 INFO rally.task.engine [-] Load duration is: 48.878562
2019-07-10 18:53:28.615 1842 INFO rally.task.engine [-] Full runner duration is: 48.925304
2019-07-10 18:53:28.615 1842 INFO rally.task.engine [-] Full duration is: 79.620365
2019-07-10 18:53:28.799 1842 INFO rally.task.engine [-] Running workload: position = 1 config = { "version": 2, "title": "A cropped version of a bigger task.", "description": "Auto-generated task from a single workload (uuid=849657d9-f39a-44d4-91c6-e4326a75ed46)", "subtasks": [ { "title": "CinderVolumes.create_and_list_volume", "description": "Create a volume and list all volumes.", "scenario": { "CinderVolumes.create_and_list_volume": { "detailed": true, "size": 1 } }, "contexts": { "users": { "tenants": 3, "users_per_tenant": 2 }, "quotas": { "cinder": { "gigabytes": -1, "snapshots": -1, "volumes": -1 } }, "api_versions": { "cinder": { "version": 3, "service_type": "volumev3" } } }, "runner": { "constant": { "concurrency": 4, "times": 10 } }, "hooks": [], "sla": { "failure_rate": { "max": 0 } } } ] }
2019-07-10 18:53:28.821 1842 RALLYDEBUG rally_openstack.contexts.keystone.users [-] Creating 3 tenants using 20 threads
2019-07-10 18:53:30.703 1842 RALLYDEBUG rally_openstack.contexts.keystone.users [-] Creating 6 users using 20 threads
2019-07-10 18:53:33.403 1842 INFO rally.task.context [-] Task 5a04ac64-c29b-4375-914c-c9d809883f5b | Context users@openstack setup() finished in 4.58 sec
2019-07-10 18:53:33.821 1842 INFO rally.task.context [-] Task 5a04ac64-c29b-4375-914c-c9d809883f5b | Context api_versions@openstack setup() finished in 0.42 sec
2019-07-10 18:53:35.404 1842 INFO rally.task.context [-] Task 5a04ac64-c29b-4375-914c-c9d809883f5b | Context quotas@openstack setup() finished in 1.58 sec
2019-07-10 18:53:35.404 1842 INFO rally.task.context [-] Task 5a04ac64-c29b-4375-914c-c9d809883f5b | Context cleanup@openstack setup() finished in 0.01 msec
2019-07-10 18:53:35.412 1842 RALLYDEBUG rally.task.runner [-] Starting the constant runner (task UUID: 5a04ac64-c29b-4375-914c-c9d809883f5b). timeout: 0 concurrency: 4 concurrency_per_worker: 1 times: 10 concurrency_overhead: 0 processes_to_start: 4 max_cpu_used: 16
2019-07-10 18:53:35.425 2599 RALLYDEBUG rally.task.runner [-] Starting a worker. concurrency: 1 args: {"detailed": true, "size": 1} times: 10 method_name: run timeout: 0 duration: None cls:
2019-07-10 18:53:35.425 2598 RALLYDEBUG rally.task.runner [-] Starting a worker. concurrency: 1 args: {"detailed": true, "size": 1} times: 10 method_name: run timeout: 0 duration: None cls:
2019-07-10 18:53:35.429 2599 INFO rally.task.runner [-] Task 5a04ac64-c29b-4375-914c-c9d809883f5b | ITER: 1 START
2019-07-10 18:53:35.431 2601 RALLYDEBUG rally.task.runner [-] Starting a worker. concurrency: 1 args: {"detailed": true, "size": 1} times: 10 method_name: run timeout: 0 duration: None cls:
2019-07-10 18:53:35.431 2600 RALLYDEBUG rally.task.runner [-] Starting a worker. concurrency: 1 args: {"detailed": true, "size": 1} times: 10 method_name: run timeout: 0 duration: None cls:
2019-07-10 18:53:35.432 2598 INFO rally.task.runner [-] Task 5a04ac64-c29b-4375-914c-c9d809883f5b | ITER: 2 START
2019-07-10 18:53:35.436 2601 INFO rally.task.runner [-] Task 5a04ac64-c29b-4375-914c-c9d809883f5b | ITER: 3 START
2019-07-10 18:53:35.438 2600 INFO rally.task.runner [-] Task 5a04ac64-c29b-4375-914c-c9d809883f5b | ITER: 4 START
2019-07-10 18:53:39.186 2600 INFO rally.task.runner [-] Task 5a04ac64-c29b-4375-914c-c9d809883f5b | ITER: 4 END: OK
2019-07-10 18:53:39.192 2600 INFO rally.task.runner [-] Task 5a04ac64-c29b-4375-914c-c9d809883f5b | ITER: 5 START
2019-07-10 18:53:39.487 2599 INFO rally.task.runner [-] Task 5a04ac64-c29b-4375-914c-c9d809883f5b | ITER: 1 END: OK
2019-07-10 18:53:39.492 2599 INFO rally.task.runner [-] Task 5a04ac64-c29b-4375-914c-c9d809883f5b | ITER: 6 START
2019-07-10 18:53:39.562 2601 INFO rally.task.runner [-] Task 5a04ac64-c29b-4375-914c-c9d809883f5b | ITER: 3 END: OK
2019-07-10 18:53:39.567 2601 INFO rally.task.runner [-] Task 5a04ac64-c29b-4375-914c-c9d809883f5b | ITER: 7 START
2019-07-10 18:53:39.582 2598 INFO rally.task.runner [-] Task 5a04ac64-c29b-4375-914c-c9d809883f5b | ITER: 2 END: OK
2019-07-10 18:53:39.587 2598 INFO rally.task.runner [-] Task 5a04ac64-c29b-4375-914c-c9d809883f5b | ITER: 8 START
2019-07-10 18:53:43.053 2600 INFO rally.task.runner [-] Task 5a04ac64-c29b-4375-914c-c9d809883f5b | ITER: 5 END: OK
2019-07-10 18:53:43.058 2600 INFO rally.task.runner [-] Task 5a04ac64-c29b-4375-914c-c9d809883f5b | ITER: 9 START
2019-07-10 18:53:43.203 2599 INFO rally.task.runner [-] Task 5a04ac64-c29b-4375-914c-c9d809883f5b | ITER: 6 END: OK
2019-07-10 18:53:43.208 2599 INFO rally.task.runner [-] Task 5a04ac64-c29b-4375-914c-c9d809883f5b | ITER: 10 START
2019-07-10 18:53:43.470 2601 INFO rally.task.runner [-] Task 5a04ac64-c29b-4375-914c-c9d809883f5b | ITER: 7 END: OK
2019-07-10 18:53:43.553 2598 INFO rally.task.runner [-] Task 5a04ac64-c29b-4375-914c-c9d809883f5b | ITER: 8 END: OK
2019-07-10 18:53:47.062 2600 INFO rally.task.runner [-] Task 5a04ac64-c29b-4375-914c-c9d809883f5b | ITER: 9 END: OK
2019-07-10 18:53:47.211 2599 INFO rally.task.runner [-] Task 5a04ac64-c29b-4375-914c-c9d809883f5b | ITER: 10 END: OK
2019-07-10 18:53:47.235 1842 INFO rally.task.context [-] Task 5a04ac64-c29b-4375-914c-c9d809883f5b | Context cleanup@openstack cleanup() started
2019-07-10 18:53:47.238 1842 RALLYDEBUG rally_openstack.cleanup.manager [-] Cleaning up cinder backups objects
2019-07-10 18:53:49.393 1842 RALLYDEBUG rally_openstack.cleanup.manager [-] Cleaning up cinder volume_snapshots objects
2019-07-10 18:53:51.524 1842 RALLYDEBUG rally_openstack.cleanup.manager [-] Cleaning up cinder transfers objects
2019-07-10 18:53:53.641 1842 RALLYDEBUG rally_openstack.cleanup.manager [-] Cleaning up cinder volumes objects
2019-07-10 18:53:55.778 1842 RALLYDEBUG rally_openstack.cleanup.manager [-] Deleting cinder.volumes object s_rally_849657d9_Qckp8BJo (d44a03be-f9a1-4aa9-acd0-7ddb0c875871)
2019-07-10 18:53:55.781 1842 RALLYDEBUG rally_openstack.cleanup.manager [-] Deleting cinder.volumes object s_rally_849657d9_tOcmO8it (2c2ed0c0-338f-4cc6-a6ba-aeda76eac46a)
2019-07-10 18:53:55.785 1842 RALLYDEBUG rally_openstack.cleanup.manager [-] Deleting cinder.volumes object s_rally_849657d9_rL6OF4vJ (f2a74450-0c03-4729-b67b-cd79d9b064a2)
2019-07-10 18:53:55.787 1842 RALLYDEBUG rally_openstack.cleanup.manager [-] Deleting cinder.volumes object s_rally_849657d9_e6Rxb0Yj (dad09c17-87f9-4a3a-a7cc-841878d24f78)
2019-07-10 18:53:55.789 1842 RALLYDEBUG rally_openstack.cleanup.manager [-] Deleting cinder.volumes object s_rally_849657d9_U4uVXcSU (ea61555d-9539-46ea-8270-93a9499e2514)
2019-07-10 18:53:55.793 1842 RALLYDEBUG rally_openstack.cleanup.manager [-] Deleting cinder.volumes object s_rally_849657d9_VS4dsxMq (15dc8af0-9332-4d8d-8bbc-63ba9331d975)
2019-07-10 18:53:55.806 1842 RALLYDEBUG rally_openstack.cleanup.manager [-] Deleting cinder.volumes object s_rally_849657d9_M7H1dTAL (1e8930b3-fc23-44cf-97b6-f25963bde63f)
2019-07-10 18:53:55.807 1842 RALLYDEBUG rally_openstack.cleanup.manager [-] Deleting cinder.volumes object s_rally_849657d9_nSnu9mnS (1c1c995d-e51f-4d4e-89f7-b8ca68b9e3e2)
2019-07-10 18:53:55.809 1842 RALLYDEBUG rally_openstack.cleanup.manager [-] Deleting cinder.volumes object s_rally_849657d9_Nzs9rvmE (da68cb31-5414-42a2-bd71-3735be02e818)
2019-07-10 18:53:55.820 1842 RALLYDEBUG rally_openstack.cleanup.manager [-] Deleting cinder.volumes object s_rally_849657d9_Pke8vwTg (0498f7ff-9186-456a-8ef4-3623347c4244)
2019-07-10 18:53:59.755 1842 INFO rally.task.context [-] Task 5a04ac64-c29b-4375-914c-c9d809883f5b | Context cleanup@openstack cleanup() finished in 12.52 sec
2019-07-10 18:53:59.756 1842 INFO rally.task.context [-] Task 5a04ac64-c29b-4375-914c-c9d809883f5b | Context quotas@openstack cleanup() started
2019-07-10 18:54:00.673 1842 INFO rally.task.context [-] Task 5a04ac64-c29b-4375-914c-c9d809883f5b | Context quotas@openstack cleanup() finished in 0.92 sec
2019-07-10 18:54:00.673 1842 INFO rally.task.context [-] Task 5a04ac64-c29b-4375-914c-c9d809883f5b | Context api_versions@openstack cleanup() started
2019-07-10 18:54:00.673 1842 INFO rally.task.context [-] Task 5a04ac64-c29b-4375-914c-c9d809883f5b | Context api_versions@openstack cleanup() finished in 0.30 msec
2019-07-10 18:54:00.674 1842 INFO rally.task.context [-] Task 5a04ac64-c29b-4375-914c-c9d809883f5b | Context users@openstack cleanup() started
2019-07-10 18:54:08.793 1842 INFO rally.task.context [-] Task 5a04ac64-c29b-4375-914c-c9d809883f5b | Context users@openstack cleanup() finished in 8.12 sec
2019-07-10 18:54:08.977 1842 INFO rally.task.engine [-] Load duration is: 11.77935
2019-07-10 18:54:08.977 1842 INFO rally.task.engine [-] Full runner duration is: 11.823664
2019-07-10 18:54:08.978 1842 INFO rally.task.engine [-] Full duration is: 39.974645
2019-07-10 18:54:09.208 1842 INFO rally.task.engine [-] Running workload: position = 0 config = { "version": 2, "title": "A cropped version of a bigger task.", "description": "Auto-generated task from a single workload (uuid=d012feda-52e8-4044-969d-fed42e7e5775)", "subtasks": [ { "title": "CinderVolumes.create_and_upload_volume_to_image", "description": "Create and upload a volume to image.", "scenario": { "CinderVolumes.create_and_upload_volume_to_image": { "container_format": "bare", "disk_format": "raw", "do_delete": true, "force": false, "size": 1 } }, "contexts": { "users": { "tenants": 3, "users_per_tenant": 2 }, "quotas": { "cinder": { "gigabytes": -1, "snapshots": -1, "volumes": -1 } }, "api_versions": { "cinder": { "version": 3, "service_type": "volumev3" } } }, "runner": { "constant": { "concurrency": 4, "times": 10 } }, "hooks": [], "sla": { "failure_rate": { "max": 0 } } } ] }
2019-07-10 18:54:09.232 1842 RALLYDEBUG rally_openstack.contexts.keystone.users [-] Creating 3 tenants using 20 threads
2019-07-10 18:54:11.051 1842 RALLYDEBUG rally_openstack.contexts.keystone.users [-] Creating 6 users using 20 threads
2019-07-10 18:54:14.073 1842 INFO rally.task.context [-] Task 5a04ac64-c29b-4375-914c-c9d809883f5b | Context users@openstack setup() finished in 4.84 sec
2019-07-10 18:54:14.493 1842 INFO rally.task.context [-] Task 5a04ac64-c29b-4375-914c-c9d809883f5b | Context api_versions@openstack setup() finished in 0.42 sec
2019-07-10 18:54:16.178 1842 INFO rally.task.context [-] Task 5a04ac64-c29b-4375-914c-c9d809883f5b | Context quotas@openstack setup() finished in 1.68 sec
2019-07-10 18:54:16.178 1842 INFO rally.task.context [-] Task 5a04ac64-c29b-4375-914c-c9d809883f5b | Context cleanup@openstack setup() finished in 0.01 msec
2019-07-10 18:54:16.186 1842 RALLYDEBUG rally.task.runner [-] Starting the constant runner (task UUID: 5a04ac64-c29b-4375-914c-c9d809883f5b). timeout: 0 concurrency: 4 concurrency_per_worker: 1 times: 10 concurrency_overhead: 0 processes_to_start: 4 max_cpu_used: 16
2019-07-10 18:54:16.200 2782 RALLYDEBUG rally.task.runner [-] Starting a worker. concurrency: 1 args: {"container_format": "bare", "disk_format": "raw", "do_delete": true, "force": false, "size": 1} times: 10 method_name: run timeout: 0 duration: None cls:
2019-07-10 18:54:16.203 2783 RALLYDEBUG rally.task.runner [-] Starting a worker. concurrency: 1 args: {"container_format": "bare", "disk_format": "raw", "do_delete": true, "force": false, "size": 1} times: 10 method_name: run timeout: 0 duration: None cls:
2019-07-10 18:54:16.206 2784 RALLYDEBUG rally.task.runner [-] Starting a worker. concurrency: 1 args: {"container_format": "bare", "disk_format": "raw", "do_delete": true, "force": false, "size": 1} times: 10 method_name: run timeout: 0 duration: None cls:
2019-07-10 18:54:16.208 2782 INFO rally.task.runner [-] Task 5a04ac64-c29b-4375-914c-c9d809883f5b | ITER: 1 START
2019-07-10 18:54:16.209 2785 RALLYDEBUG rally.task.runner [-] Starting a worker. concurrency: 1 args: {"container_format": "bare", "disk_format": "raw", "do_delete": true, "force": false, "size": 1} times: 10 method_name: run timeout: 0 duration: None cls:
2019-07-10 18:54:16.211 2783 INFO rally.task.runner [-] Task 5a04ac64-c29b-4375-914c-c9d809883f5b | ITER: 2 START
2019-07-10 18:54:16.214 2784 INFO rally.task.runner [-] Task 5a04ac64-c29b-4375-914c-c9d809883f5b | ITER: 3 START
2019-07-10 18:54:16.217 2785 INFO rally.task.runner [-] Task 5a04ac64-c29b-4375-914c-c9d809883f5b | ITER: 4 START
2019-07-10 18:54:21.145 2782 RALLYDEBUG rally.task.utils [-] Waiting for resource s_rally_d012feda_9yBii6Kk. Status changed: AVAILABLE => UPLOADING in 0.0566868782043
2019-07-10 18:54:21.663 2785 RALLYDEBUG rally.task.utils [-] Waiting for resource s_rally_d012feda_dASAjRvn. Status changed: AVAILABLE => UPLOADING in 0.250619888306
2019-07-10 18:54:21.689 2784 RALLYDEBUG rally.task.utils [-] Waiting for resource s_rally_d012feda_ORbSQonL. Status changed: AVAILABLE => UPLOADING in 0.313857078552
2019-07-10 18:54:22.267 2783 RALLYDEBUG rally.task.utils [-] Waiting for resource s_rally_d012feda_mc2H1Xjq. Status changed: AVAILABLE => UPLOADING in 0.23642706871
2019-07-10 18:55:10.807 2782 RALLYDEBUG rally.task.utils [-] Waiting for resource s_rally_d012feda_9yBii6Kk. Status changed: UPLOADING => AVAILABLE in 49.662569046
2019-07-10 18:55:11.700 2785 RALLYDEBUG rally.task.utils [-] Waiting for resource s_rally_d012feda_dASAjRvn. Status changed: UPLOADING => AVAILABLE in 50.0372169018
2019-07-10 18:55:12.032 2784 RALLYDEBUG rally.task.utils [-] Waiting for resource s_rally_d012feda_ORbSQonL. Status changed: UPLOADING => AVAILABLE in 50.3427248001
2019-07-10 18:55:12.707 2784 RALLYDEBUG rally.task.utils [-] Waiting for resource s_rally_d012feda_ORbSQonL. Status changed: AVAILABLE => DELETING in 0.055890083313
2019-07-10 18:55:12.866 2785 RALLYDEBUG rally.task.utils [-] Waiting for resource s_rally_d012feda_dASAjRvn. Status changed: AVAILABLE => DELETING in 0.0522699356079
2019-07-10 18:55:13.307 2783 RALLYDEBUG rally.task.utils [-] Waiting for resource s_rally_d012feda_mc2H1Xjq. Status changed: UPLOADING => AVAILABLE in 51.0396258831
2019-07-10 18:55:13.454 2782 INFO rally.task.runner [-] Task 5a04ac64-c29b-4375-914c-c9d809883f5b | ITER: 1 END: OK
2019-07-10 18:55:13.461 2782 INFO rally.task.runner [-] Task 5a04ac64-c29b-4375-914c-c9d809883f5b | ITER: 5 START
2019-07-10 18:55:14.204 2783 RALLYDEBUG rally.task.utils [-] Waiting for resource s_rally_d012feda_mc2H1Xjq. Status changed: AVAILABLE => DELETING in 0.0673310756683
2019-07-10 18:55:16.563 2784 INFO rally.task.runner [-] Task 5a04ac64-c29b-4375-914c-c9d809883f5b | ITER: 3 END: OK
2019-07-10 18:55:16.571 2784 INFO rally.task.runner [-] Task 5a04ac64-c29b-4375-914c-c9d809883f5b | ITER: 6 START
2019-07-10 18:55:16.578 2785 INFO rally.task.runner [-] Task 5a04ac64-c29b-4375-914c-c9d809883f5b | ITER: 4 END: OK
2019-07-10 18:55:16.584 2785 INFO rally.task.runner [-] Task 5a04ac64-c29b-4375-914c-c9d809883f5b | ITER: 7 START
2019-07-10 18:55:17.596 2783 INFO rally.task.runner [-] Task 5a04ac64-c29b-4375-914c-c9d809883f5b | ITER: 2 END: OK
2019-07-10 18:55:17.604 2783 INFO rally.task.runner [-] Task 5a04ac64-c29b-4375-914c-c9d809883f5b | ITER: 8 START
2019-07-10 18:55:19.233 2782 RALLYDEBUG rally.task.utils [-] Waiting for resource s_rally_d012feda_xAf8cyr1. Status changed: AVAILABLE => UPLOADING in 0.242077112198
2019-07-10 18:55:22.243 2784 RALLYDEBUG rally.task.utils [-] Waiting for resource s_rally_d012feda_jaLrczSE. Status changed: AVAILABLE => UPLOADING in 0.335828065872
2019-07-10 18:55:22.669 2785 RALLYDEBUG rally.task.utils [-] Waiting for resource s_rally_d012feda_VLz3rt9J. Status changed: AVAILABLE => UPLOADING in 0.338981151581
2019-07-10 18:55:23.028 2783 RALLYDEBUG rally.task.utils [-] Waiting for resource s_rally_d012feda_lNhBjbLZ. Status changed: AVAILABLE => UPLOADING in 0.353943109512
2019-07-10 18:56:08.267 2782 RALLYDEBUG rally.task.utils [-] Waiting for resource s_rally_d012feda_xAf8cyr1. Status changed: UPLOADING => AVAILABLE in 49.0335569382
2019-07-10 18:56:09.430 2782 RALLYDEBUG rally.task.utils [-] Waiting for resource s_rally_d012feda_xAf8cyr1. Status changed: AVAILABLE => DELETING in 0.0548710823059
2019-07-10 18:56:10.393 2784 RALLYDEBUG rally.task.utils [-] Waiting for resource s_rally_d012feda_jaLrczSE. Status changed: UPLOADING => AVAILABLE in 48.1500680447
2019-07-10 18:56:11.187 2784 RALLYDEBUG rally.task.utils [-] Waiting for resource s_rally_d012feda_jaLrczSE. Status changed: AVAILABLE => DELETING in 0.068165063858
2019-07-10 18:56:12.226 2783 RALLYDEBUG rally.task.utils [-] Waiting for resource s_rally_d012feda_lNhBjbLZ. Status changed: UPLOADING => AVAILABLE in 49.1974208355
2019-07-10 18:56:12.627 2782 INFO rally.task.runner [-] Task 5a04ac64-c29b-4375-914c-c9d809883f5b | ITER: 5 END: OK
2019-07-10 18:56:12.632 2782 INFO rally.task.runner [-] Task 5a04ac64-c29b-4375-914c-c9d809883f5b | ITER: 9 START
2019-07-10 18:56:12.835 2783 RALLYDEBUG rally.task.utils [-] Waiting for resource s_rally_d012feda_lNhBjbLZ. Status changed: AVAILABLE => DELETING in 0.0580611228943
2019-07-10 18:56:12.987 2785 RALLYDEBUG rally.task.utils [-] Waiting for resource s_rally_d012feda_VLz3rt9J. Status changed: UPLOADING => AVAILABLE in 50.3181049824
2019-07-10 18:56:15.368 2785 INFO rally.task.runner [-] Task 5a04ac64-c29b-4375-914c-c9d809883f5b | ITER: 7 END: OK
2019-07-10 18:56:15.374 2785 INFO rally.task.runner [-] Task 5a04ac64-c29b-4375-914c-c9d809883f5b | ITER: 10 START
2019-07-10 18:56:15.383 2784 INFO rally.task.runner [-] Task 5a04ac64-c29b-4375-914c-c9d809883f5b | ITER: 6 END: OK
2019-07-10 18:56:15.859 2783 INFO rally.task.runner [-] Task 5a04ac64-c29b-4375-914c-c9d809883f5b | ITER: 8 END: OK
2019-07-10 18:56:18.705 2782 RALLYDEBUG rally.task.utils [-] Waiting for resource s_rally_d012feda_5SeBh5Qg. Status changed: AVAILABLE => UPLOADING in 0.344800949097
2019-07-10 18:56:21.161 2785 RALLYDEBUG rally.task.utils [-] Waiting for resource s_rally_d012feda_VpXnAPV9. Status changed: AVAILABLE => UPLOADING in 0.464416980743
2019-07-10 18:56:48.361 2782 RALLYDEBUG rally.task.utils [-] Waiting for resource s_rally_d012feda_5SeBh5Qg. Status changed: UPLOADING => AVAILABLE in 29.6557710171
2019-07-10 18:56:48.567 2782 RALLYDEBUG rally.task.utils [-] Waiting for resource s_rally_d012feda_5SeBh5Qg. Status changed: AVAILABLE => DELETING in 0.0527398586273
2019-07-10 18:56:51.555 2782 INFO rally.task.runner [-] Task 5a04ac64-c29b-4375-914c-c9d809883f5b | ITER: 9 END: OK
2019-07-10 18:56:52.611 2785 RALLYDEBUG rally.task.utils [-] Waiting for resource s_rally_d012feda_VpXnAPV9. Status changed: UPLOADING => AVAILABLE in 31.4498569965
2019-07-10 18:56:53.702 2785 RALLYDEBUG rally.task.utils [-] Waiting for resource s_rally_d012feda_VpXnAPV9. Status changed: AVAILABLE => DELETING in 0.0559630393982
2019-07-10 18:56:56.968 2785 INFO rally.task.runner [-] Task 5a04ac64-c29b-4375-914c-c9d809883f5b | ITER: 10 END: OK
2019-07-10 18:56:56.999 1842 INFO rally.task.context [-] Task 5a04ac64-c29b-4375-914c-c9d809883f5b | Context cleanup@openstack cleanup() started
2019-07-10 18:56:57.001 1842 RALLYDEBUG rally_openstack.cleanup.manager [-] Cleaning up cinder backups objects
2019-07-10 18:56:59.229 1842 RALLYDEBUG rally_openstack.cleanup.manager [-] Cleaning up cinder volume_snapshots objects
2019-07-10 18:57:01.355 1842 RALLYDEBUG rally_openstack.cleanup.manager [-] Cleaning up cinder transfers objects
2019-07-10 18:57:03.519 1842 RALLYDEBUG rally_openstack.cleanup.manager [-] Cleaning up cinder volumes objects
2019-07-10 18:57:05.786 1842 RALLYDEBUG rally_openstack.cleanup.manager [-] Cleaning up glance images objects
2019-07-10 18:57:08.910 1842 INFO rally.task.context [-] Task 5a04ac64-c29b-4375-914c-c9d809883f5b | Context cleanup@openstack cleanup() finished in 11.91 sec
2019-07-10 18:57:08.911 1842 INFO rally.task.context [-] Task 5a04ac64-c29b-4375-914c-c9d809883f5b | Context quotas@openstack cleanup() started
2019-07-10 18:57:09.887 1842 INFO rally.task.context [-] Task 5a04ac64-c29b-4375-914c-c9d809883f5b | Context quotas@openstack cleanup() finished in 0.98 sec
2019-07-10 18:57:09.888 1842 INFO rally.task.context [-] Task 5a04ac64-c29b-4375-914c-c9d809883f5b | Context api_versions@openstack cleanup() started
2019-07-10 18:57:09.888 1842 INFO rally.task.context [-] Task 5a04ac64-c29b-4375-914c-c9d809883f5b | Context api_versions@openstack cleanup() finished in 0.34 msec
2019-07-10 18:57:09.888 1842 INFO rally.task.context [-] Task 5a04ac64-c29b-4375-914c-c9d809883f5b | Context users@openstack cleanup() started
2019-07-10 18:57:17.566 1842 INFO rally.task.context [-] Task 5a04ac64-c29b-4375-914c-c9d809883f5b | Context users@openstack cleanup() finished in 7.68 sec
2019-07-10 18:57:17.941 1842 INFO rally.task.engine [-] Load duration is: 159.873177
2019-07-10 18:57:17.942 1842 INFO rally.task.engine [-] Full runner duration is: 160.812907
2019-07-10 18:57:17.942 1842 INFO rally.task.engine [-] Full duration is: 188.337204
2019-07-10 18:57:18.182 1842 INFO rally.task.engine [-] Running workload: position = 0 config = { "version": 2, "title": "A cropped version of a bigger task.", "description": "Auto-generated task from a single workload (uuid=2fbac3bc-5257-4abf-94a7-2c2e16e6bdeb)", "subtasks": [ { "title": "CinderVolumes.create_nested_snapshots_and_attach_volume", "description": "Create a volume from snapshot and attach/detach the volume", "scenario": { "CinderVolumes.create_nested_snapshots_and_attach_volume": { "flavor": { "name": "rally_full-flavor_2e37046c-d1f5-47ec-813e-e34837a67767" }, "image": { "name": "rally_full-img_2e37046c-d1f5-47ec-813e-e34837a67767" }, "nested_level": 1, "size": { "max": 1, "min": 1 }, "create_vm_params": { "nics": [ { "net-id": "2a10b979-dc99-4321-b462-9317df539b8b" } ] } } }, "contexts": { "users": { "tenants": 3, "users_per_tenant": 2 }, "quotas": { "cinder": { "gigabytes": -1, "snapshots": -1, "volumes": -1 } }, "api_versions": { "cinder": { "version": 3, "service_type": "volumev3" } } }, "runner": { "constant": { "concurrency": 4, "times": 10 } }, "hooks": [], "sla": { "failure_rate": { "max": 0 } } } ] }
2019-07-10 18:57:18.205 1842 RALLYDEBUG rally_openstack.contexts.keystone.users [-] Creating 3 tenants using 20 threads
2019-07-10 18:57:19.992 1842 RALLYDEBUG rally_openstack.contexts.keystone.users [-] Creating 6 users using 20 threads
2019-07-10 18:57:22.770 1842 INFO rally.task.context [-] Task 5a04ac64-c29b-4375-914c-c9d809883f5b | Context users@openstack setup() finished in 4.56 sec
2019-07-10 18:57:23.201 1842 INFO rally.task.context [-] Task 5a04ac64-c29b-4375-914c-c9d809883f5b | Context api_versions@openstack setup() finished in 0.43 sec
2019-07-10 18:57:24.959 1842 INFO rally.task.context [-] Task 5a04ac64-c29b-4375-914c-c9d809883f5b | Context quotas@openstack setup() finished in 1.76 sec
2019-07-10 18:57:24.959 1842 INFO rally.task.context [-] Task 5a04ac64-c29b-4375-914c-c9d809883f5b | Context cleanup@openstack setup() finished in 0.01 msec
2019-07-10 18:57:26.449 1842 DEBUG novaclient.v2.client [-] REQ: curl -g -i -X GET http://172.30.9.24:8774/v2.1/flavors/detail -H "Accept: application/json" -H "User-Agent: python-novaclient" -H "X-Auth-Token: {SHA1}74bdb02406f64ac7aee21824162ac08b626ef665" _http_log_request /usr/lib/python2.7/site-packages/keystoneauth1/session.py:448
2019-07-10 18:57:26.865 1842 DEBUG novaclient.v2.client [-] RESP: [200] Content-Encoding: gzip Content-Length: 364 Content-Type: application/json Date: Wed, 10 Jul 2019 18:57:26 GMT OpenStack-API-Version: compute 2.1 Server: Apache Vary: OpenStack-API-Version,X-OpenStack-Nova-API-Version,Accept-Encoding X-OpenStack-Nova-API-Version: 2.1 x-compute-request-id: req-65116b6d-0551-4dd8-be01-e0c953ad0c9c x-openstack-request-id: req-65116b6d-0551-4dd8-be01-e0c953ad0c9c _http_log_response /usr/lib/python2.7/site-packages/keystoneauth1/session.py:479
2019-07-10 18:57:26.866 1842 DEBUG novaclient.v2.client [-] RESP BODY: {"flavors": [{"name": "rally_full-flavor_alt_2e37046c-d1f5-47ec-813e-e34837a67767", "links": [{"href": "http://172.30.9.24:8774/v2.1/flavors/32276605-9641-47c8-841c-754e26cadc48", "rel": "self"}, {"href": "http://172.30.9.24:8774/flavors/32276605-9641-47c8-841c-754e26cadc48", "rel": "bookmark"}], "ram": 1024, "OS-FLV-DISABLED:disabled": false, "vcpus": 1, "swap": "", "os-flavor-access:is_public": true, "rxtx_factor": 1.0, "OS-FLV-EXT-DATA:ephemeral": 0, "disk": 1, "id": "32276605-9641-47c8-841c-754e26cadc48"}, {"name": "rally_full-flavor_2e37046c-d1f5-47ec-813e-e34837a67767", "links": [{"href": "http://172.30.9.24:8774/v2.1/flavors/c0183c70-4416-4b72-aca1-0b549a78a600", "rel": "self"}, {"href": "http://172.30.9.24:8774/flavors/c0183c70-4416-4b72-aca1-0b549a78a600", "rel": "bookmark"}], "ram": 512, "OS-FLV-DISABLED:disabled": false, "vcpus": 1, "swap": "", "os-flavor-access:is_public": true, "rxtx_factor": 1.0, "OS-FLV-EXT-DATA:ephemeral": 0, "disk": 1, "id": "c0183c70-4416-4b72-aca1-0b549a78a600"}]} _http_log_response /usr/lib/python2.7/site-packages/keystoneauth1/session.py:511
2019-07-10 18:57:26.866 1842 DEBUG novaclient.v2.client [-] GET call to compute for http://172.30.9.24:8774/v2.1/flavors/detail used request id req-65116b6d-0551-4dd8-be01-e0c953ad0c9c request /usr/lib/python2.7/site-packages/keystoneauth1/session.py:844
2019-07-10 18:57:26.868 1842 RALLYDEBUG rally.task.runner [-] Starting the constant runner (task UUID: 5a04ac64-c29b-4375-914c-c9d809883f5b). timeout: 0 concurrency: 4 concurrency_per_worker: 1 times: 10 concurrency_overhead: 0 processes_to_start: 4 max_cpu_used: 16
2019-07-10 18:57:26.883 2986 RALLYDEBUG rally.task.runner [-] Starting a worker. concurrency: 1 args: {"flavor": "c0183c70-4416-4b72-aca1-0b549a78a600", "image": "29b4f370-58bc-4e11-b70f-9d1e882ac7db", "nested_level": 1, "size": {"max": 1, "min": 1}, "create_vm_params": {"nics": [{"net-id": "2a10b979-dc99-4321-b462-9317df539b8b"}]}} times: 10 method_name: run timeout: 0 duration: None cls:
2019-07-10 18:57:26.885 2987 RALLYDEBUG rally.task.runner [-] Starting a worker. concurrency: 1 args: {"flavor": "c0183c70-4416-4b72-aca1-0b549a78a600", "image": "29b4f370-58bc-4e11-b70f-9d1e882ac7db", "nested_level": 1, "size": {"max": 1, "min": 1}, "create_vm_params": {"nics": [{"net-id": "2a10b979-dc99-4321-b462-9317df539b8b"}]}} times: 10 method_name: run timeout: 0 duration: None cls:
2019-07-10 18:57:26.888 2988 RALLYDEBUG rally.task.runner [-] Starting a worker. concurrency: 1 args: {"flavor": "c0183c70-4416-4b72-aca1-0b549a78a600", "image": "29b4f370-58bc-4e11-b70f-9d1e882ac7db", "nested_level": 1, "size": {"max": 1, "min": 1}, "create_vm_params": {"nics": [{"net-id": "2a10b979-dc99-4321-b462-9317df539b8b"}]}} times: 10 method_name: run timeout: 0 duration: None cls:
2019-07-10 18:57:26.890 2989 RALLYDEBUG rally.task.runner [-] Starting a worker. concurrency: 1 args: {"flavor": "c0183c70-4416-4b72-aca1-0b549a78a600", "image": "29b4f370-58bc-4e11-b70f-9d1e882ac7db", "nested_level": 1, "size": {"max": 1, "min": 1}, "create_vm_params": {"nics": [{"net-id": "2a10b979-dc99-4321-b462-9317df539b8b"}]}} times: 10 method_name: run timeout: 0 duration: None cls:
2019-07-10 18:57:26.892 2986 INFO rally.task.runner [-] Task 5a04ac64-c29b-4375-914c-c9d809883f5b | ITER: 1 START
2019-07-10 18:57:26.894 2987 INFO rally.task.runner [-] Task 5a04ac64-c29b-4375-914c-c9d809883f5b | ITER: 2 START
2019-07-10 18:57:26.897 2988 INFO rally.task.runner [-] Task 5a04ac64-c29b-4375-914c-c9d809883f5b | ITER: 3 START
2019-07-10 18:57:26.898 2989 INFO rally.task.runner [-] Task 5a04ac64-c29b-4375-914c-c9d809883f5b | ITER: 4 START
2019-07-10 18:57:27.340 2988 DEBUG novaclient.v2.client [-] REQ: curl -g -i -X POST http://172.30.9.24:8774/v2.1/servers -H "Accept: application/json" -H "Content-Type: application/json" -H "User-Agent: python-novaclient" -H "X-Auth-Token: {SHA1}477c039956e95926e1a1baba0817b96e241f2e4c" -d '{"server": {"name": "s_rally_2fbac3bc_EuqdTyh0", "imageRef": "29b4f370-58bc-4e11-b70f-9d1e882ac7db", "flavorRef": "c0183c70-4416-4b72-aca1-0b549a78a600", "max_count": 1, "min_count": 1, "networks": [{"uuid": "2a10b979-dc99-4321-b462-9317df539b8b"}]}}' _http_log_request /usr/lib/python2.7/site-packages/keystoneauth1/session.py:448
2019-07-10 18:57:27.340 2987 DEBUG novaclient.v2.client [-] REQ: curl -g -i -X POST http://172.30.9.24:8774/v2.1/servers -H "Accept: application/json" -H "Content-Type: application/json" -H "User-Agent: python-novaclient" -H "X-Auth-Token: {SHA1}6b3f9aa234f6aaa5a6a2d2afcab7cd3abed97d04" -d '{"server": {"name": "s_rally_2fbac3bc_tnfGsWsM", "imageRef": "29b4f370-58bc-4e11-b70f-9d1e882ac7db", "flavorRef": "c0183c70-4416-4b72-aca1-0b549a78a600", "max_count": 1, "min_count": 1, "networks": [{"uuid": "2a10b979-dc99-4321-b462-9317df539b8b"}]}}' _http_log_request /usr/lib/python2.7/site-packages/keystoneauth1/session.py:448
