2019-07-10 19:03:42.674 1842 RALLYDEBUG rally_openstack.contexts.keystone.users [-] Creating 3 tenants using 20 threads
2019-07-10 19:03:44.790 1842 RALLYDEBUG rally_openstack.contexts.keystone.users [-] Creating 6 users using 20 threads
2019-07-10 19:03:47.646 1842 INFO rally.task.context [-] Task 5a04ac64-c29b-4375-914c-c9d809883f5b | Context users@openstack setup() finished in 4.97 sec
2019-07-10 19:03:48.076 1842 INFO rally.task.context [-] Task 5a04ac64-c29b-4375-914c-c9d809883f5b | Context api_versions@openstack setup() finished in 0.43 sec
2019-07-10 19:03:49.870 1842 INFO rally.task.context [-] Task 5a04ac64-c29b-4375-914c-c9d809883f5b | Context quotas@openstack setup() finished in 1.79 sec
2019-07-10 19:04:29.517 1842 INFO rally.task.context [-] Task 5a04ac64-c29b-4375-914c-c9d809883f5b | Context volumes@openstack setup() finished in 39.65 sec
2019-07-10 19:04:29.525 1842 RALLYDEBUG rally.task.runner [-] Starting the constant runner (task UUID: 5a04ac64-c29b-4375-914c-c9d809883f5b). timeout: 0 concurrency: 4 concurrency_per_worker: 1 times: 10 concurrency_overhead: 0 processes_to_start: 4 max_cpu_used: 16
2019-07-10 19:04:29.538 3842 RALLYDEBUG rally.task.runner [-] Starting a worker. concurrency: 1 args: {"detailed": true} times: 10 method_name: run timeout: 0 duration: None cls:
2019-07-10 19:04:29.540 3843 RALLYDEBUG rally.task.runner [-] Starting a worker. concurrency: 1 args: {"detailed": true} times: 10 method_name: run timeout: 0 duration: None cls:
2019-07-10 19:04:29.543 3844 RALLYDEBUG rally.task.runner [-] Starting a worker. concurrency: 1 args: {"detailed": true} times: 10 method_name: run timeout: 0 duration: None cls:
2019-07-10 19:04:29.546 3845 RALLYDEBUG rally.task.runner [-] Starting a worker. concurrency: 1 args: {"detailed": true} times: 10 method_name: run timeout: 0 duration: None cls:
2019-07-10 19:04:29.547 3842 INFO rally.task.runner [-] Task 5a04ac64-c29b-4375-914c-c9d809883f5b | ITER: 1 START
2019-07-10 19:04:29.549 3843 INFO rally.task.runner [-] Task 5a04ac64-c29b-4375-914c-c9d809883f5b | ITER: 2 START
2019-07-10 19:04:29.552 3844 INFO rally.task.runner [-] Task 5a04ac64-c29b-4375-914c-c9d809883f5b | ITER: 3 START
2019-07-10 19:04:29.554 3845 INFO rally.task.runner [-] Task 5a04ac64-c29b-4375-914c-c9d809883f5b | ITER: 4 START
2019-07-10 19:04:30.273 3842 INFO rally.task.runner [-] Task 5a04ac64-c29b-4375-914c-c9d809883f5b | ITER: 1 END: OK
2019-07-10 19:04:30.279 3842 INFO rally.task.runner [-] Task 5a04ac64-c29b-4375-914c-c9d809883f5b | ITER: 5 START
2019-07-10 19:04:30.354 3843 INFO rally.task.runner [-] Task 5a04ac64-c29b-4375-914c-c9d809883f5b | ITER: 2 END: OK
2019-07-10 19:04:30.360 3843 INFO rally.task.runner [-] Task 5a04ac64-c29b-4375-914c-c9d809883f5b | ITER: 6 START
2019-07-10 19:04:30.438 3844 INFO rally.task.runner [-] Task 5a04ac64-c29b-4375-914c-c9d809883f5b | ITER: 3 END: OK
2019-07-10 19:04:30.444 3844 INFO rally.task.runner [-] Task 5a04ac64-c29b-4375-914c-c9d809883f5b | ITER: 7 START
2019-07-10 19:04:30.477 3845 INFO rally.task.runner [-] Task 5a04ac64-c29b-4375-914c-c9d809883f5b | ITER: 4 END: OK
2019-07-10 19:04:30.482 3845 INFO rally.task.runner [-] Task 5a04ac64-c29b-4375-914c-c9d809883f5b | ITER: 8 START
2019-07-10 19:04:31.197 3843 INFO rally.task.runner [-] Task 5a04ac64-c29b-4375-914c-c9d809883f5b | ITER: 6 END: OK
2019-07-10 19:04:31.201 3843 INFO rally.task.runner [-] Task 5a04ac64-c29b-4375-914c-c9d809883f5b | ITER: 9 START
2019-07-10 19:04:31.220 3844 INFO rally.task.runner [-] Task 5a04ac64-c29b-4375-914c-c9d809883f5b | ITER: 7 END: OK
2019-07-10 19:04:31.226 3844 INFO rally.task.runner [-] Task 5a04ac64-c29b-4375-914c-c9d809883f5b | ITER: 10 START
2019-07-10 19:04:31.240 3842 INFO rally.task.runner [-] Task 5a04ac64-c29b-4375-914c-c9d809883f5b | ITER: 5 END: OK
2019-07-10 19:04:31.287 3845 INFO rally.task.runner [-] Task 5a04ac64-c29b-4375-914c-c9d809883f5b | ITER: 8 END: OK
2019-07-10 19:04:31.994 3843 INFO rally.task.runner [-] Task 5a04ac64-c29b-4375-914c-c9d809883f5b | ITER: 9 END: OK
2019-07-10 19:04:31.996 3844 INFO rally.task.runner [-] Task 5a04ac64-c29b-4375-914c-c9d809883f5b | ITER: 10 END: OK
2019-07-10 19:04:32.013 1842 INFO rally.task.context [-] Task 5a04ac64-c29b-4375-914c-c9d809883f5b | Context volumes@openstack cleanup() started
2019-07-10 19:04:32.014 1842 RALLYDEBUG rally_openstack.cleanup.manager [-] Cleaning up cinder volumes objects
2019-07-10 19:04:34.223 1842 RALLYDEBUG rally_openstack.cleanup.manager [-] Deleting cinder.volumes object c_rally_685d7846_05XKfWqr (df2af3c3-4a0e-415d-86fc-3d429f9024d2)
2019-07-10 19:04:34.228 1842 RALLYDEBUG rally_openstack.cleanup.manager [-] Deleting cinder.volumes object c_rally_685d7846_LD2Jl8cm (3f29c62a-3a7e-45ce-a0b1-b7a7eb3e3727)
2019-07-10 19:04:34.232 1842 RALLYDEBUG rally_openstack.cleanup.manager [-] Deleting cinder.volumes object c_rally_685d7846_CACgE04J (3c01cdaf-b0a1-408c-8c0a-19bba54a47ac)
2019-07-10 19:04:34.237 1842 RALLYDEBUG rally_openstack.cleanup.manager [-] Deleting cinder.volumes object c_rally_685d7846_2ggKrMO6 (87161730-3f87-4bac-9f67-304e018032d7)
2019-07-10 19:04:34.239 1842 RALLYDEBUG rally_openstack.cleanup.manager [-] Deleting cinder.volumes object c_rally_685d7846_kUUqZ0RX (3cb1d288-d4a6-47f9-8303-6d9086da222e)
2019-07-10 19:04:34.240 1842 RALLYDEBUG rally_openstack.cleanup.manager [-] Deleting cinder.volumes object c_rally_685d7846_CSb0bzkr (f8131575-934b-404c-8501-02b3be9984db)
2019-07-10 19:04:34.247 1842 RALLYDEBUG rally_openstack.cleanup.manager [-] Deleting cinder.volumes object c_rally_685d7846_7quRFInk (86a028e9-dc16-4332-bd19-041e4ce715c2)
2019-07-10 19:04:34.249 1842 RALLYDEBUG rally_openstack.cleanup.manager [-] Deleting cinder.volumes object c_rally_685d7846_EYOb2BTL (f558363a-e103-4c03-8cbf-39a7cca8e367)
2019-07-10 19:04:34.252 1842 RALLYDEBUG rally_openstack.cleanup.manager [-] Deleting cinder.volumes object c_rally_685d7846_7qYsNWeH (0c0f064f-b9d7-4c08-b287-51a469e939f9)
2019-07-10 19:04:34.275 1842 RALLYDEBUG rally_openstack.cleanup.manager [-] Deleting cinder.volumes object c_rally_685d7846_jrv4oTkz (48342724-6424-423f-bd8d-60e134caec8e)
2019-07-10 19:04:34.282 1842 RALLYDEBUG rally_openstack.cleanup.manager [-] Deleting cinder.volumes object c_rally_685d7846_dTiEvmZk (5f5ca630-1238-4b27-bc00-0314fe6bab3e)
2019-07-10 19:04:34.286 1842 RALLYDEBUG rally_openstack.cleanup.manager [-] Deleting cinder.volumes object c_rally_685d7846_OIXzRtPn (b4506460-0a8f-41bf-996e-ea0eb4891568)
2019-07-10 19:04:39.469 1842 INFO rally.task.context [-] Task 5a04ac64-c29b-4375-914c-c9d809883f5b | Context volumes@openstack cleanup() finished in 7.46 sec
2019-07-10 19:04:39.469 1842 INFO rally.task.context [-] Task 5a04ac64-c29b-4375-914c-c9d809883f5b | Context quotas@openstack cleanup() started
2019-07-10 19:04:40.115 1842 INFO rally.task.context [-] Task 5a04ac64-c29b-4375-914c-c9d809883f5b | Context quotas@openstack cleanup() finished in 0.65 sec
2019-07-10 19:04:40.116 1842 INFO rally.task.context [-] Task 5a04ac64-c29b-4375-914c-c9d809883f5b | Context api_versions@openstack cleanup() started
2019-07-10 19:04:40.116 1842 INFO rally.task.context [-] Task 5a04ac64-c29b-4375-914c-c9d809883f5b | Context api_versions@openstack cleanup() finished in 0.30 msec
2019-07-10 19:04:40.117 1842 INFO rally.task.context [-] Task 5a04ac64-c29b-4375-914c-c9d809883f5b | Context users@openstack cleanup() started
2019-07-10 19:04:48.191 1842 INFO rally.task.context [-] Task 5a04ac64-c29b-4375-914c-c9d809883f5b | Context users@openstack cleanup() finished in 8.07 sec
2019-07-10 19:04:48.920 1842 INFO rally.task.engine [-] Load duration is: 2.445029
2019-07-10 19:04:48.921 1842 INFO rally.task.engine [-] Full runner duration is: 2.489293
2019-07-10 19:04:48.921 1842 INFO rally.task.engine [-] Full duration is: 65.521583
2019-07-10 19:04:49.192 1842 INFO rally.task.engine [-] Running workload: position = 0 config = { "version": 2, "title": "A cropped version of a bigger task.", "description": "Auto-generated task from a single workload (uuid=24348d59-a2bc-4ed2-96f6-d1d5ec43aa0b)", "subtasks": [ { "title": "CinderVolumes.create_and_delete_snapshot", "description": "Create and then delete a volume-snapshot.", "scenario": { "CinderVolumes.create_and_delete_snapshot": { "force": false } }, "contexts": { "users": { "tenants": 3, "users_per_tenant": 2 }, "quotas": { "cinder": { "gigabytes": -1, "snapshots": -1, "volumes": -1 } }, "api_versions": { "cinder": { "version": 3, "service_type": "volumev3" } }, "volumes": { "size": 1, "volumes_per_tenant": 1 } }, "runner": { "constant": { "concurrency": 4, "times": 10 } }, "hooks": [], "sla": { "failure_rate": { "max": 0 } } } ] }
2019-07-10 19:04:49.212 1842 RALLYDEBUG rally_openstack.contexts.keystone.users [-] Creating 3 tenants using 20 threads
2019-07-10 19:04:51.113 1842 RALLYDEBUG rally_openstack.contexts.keystone.users [-] Creating 6 users using 20 threads
2019-07-10 19:04:53.905 1842 INFO rally.task.context [-] Task 5a04ac64-c29b-4375-914c-c9d809883f5b | Context users@openstack setup() finished in 4.69 sec
2019-07-10 19:04:54.331 1842 INFO rally.task.context [-] Task 5a04ac64-c29b-4375-914c-c9d809883f5b | Context api_versions@openstack setup() finished in 0.43 sec
2019-07-10 19:04:56.147 1842 INFO rally.task.context [-] Task 5a04ac64-c29b-4375-914c-c9d809883f5b | Context quotas@openstack setup() finished in 1.82 sec
2019-07-10 19:05:07.140 1842 INFO rally.task.context [-] Task 5a04ac64-c29b-4375-914c-c9d809883f5b | Context volumes@openstack setup() finished in 10.99 sec
2019-07-10 19:05:07.141 1842 INFO rally.task.context [-] Task 5a04ac64-c29b-4375-914c-c9d809883f5b | Context cleanup@openstack setup() finished in 0.01 msec
2019-07-10 19:05:07.148 1842 RALLYDEBUG rally.task.runner [-] Starting the constant runner (task UUID: 5a04ac64-c29b-4375-914c-c9d809883f5b). timeout: 0 concurrency: 4 concurrency_per_worker: 1 times: 10 concurrency_overhead: 0 processes_to_start: 4 max_cpu_used: 16
2019-07-10 19:05:07.158 3966 RALLYDEBUG rally.task.runner [-] Starting a worker. concurrency: 1 args: {"force": false} times: 10 method_name: run timeout: 0 duration: None cls:
2019-07-10 19:05:07.162 3967 RALLYDEBUG rally.task.runner [-] Starting a worker. concurrency: 1 args: {"force": false} times: 10 method_name: run timeout: 0 duration: None cls:
2019-07-10 19:05:07.164 3968 RALLYDEBUG rally.task.runner [-] Starting a worker. concurrency: 1 args: {"force": false} times: 10 method_name: run timeout: 0 duration: None cls:
2019-07-10 19:05:07.165 3966 INFO rally.task.runner [-] Task 5a04ac64-c29b-4375-914c-c9d809883f5b | ITER: 1 START
2019-07-10 19:05:07.169 3969 RALLYDEBUG rally.task.runner [-] Starting a worker. concurrency: 1 args: {"force": false} times: 10 method_name: run timeout: 0 duration: None cls:
2019-07-10 19:05:07.170 3968 INFO rally.task.runner [-] Task 5a04ac64-c29b-4375-914c-c9d809883f5b | ITER: 3 START
2019-07-10 19:05:07.171 3967 INFO rally.task.runner [-] Task 5a04ac64-c29b-4375-914c-c9d809883f5b | ITER: 2 START
2019-07-10 19:05:07.178 3969 INFO rally.task.runner [-] Task 5a04ac64-c29b-4375-914c-c9d809883f5b | ITER: 4 START
2019-07-10 19:05:11.230 3967 RALLYDEBUG rally.task.utils [-] Waiting for resource s_rally_24348d59_QEvO5arz. Status changed: AVAILABLE => DELETING in 0.337144136429
2019-07-10 19:05:11.337 3968 RALLYDEBUG rally.task.utils [-] Waiting for resource s_rally_24348d59_jB4nF8Ut. Status changed: AVAILABLE => DELETING in 0.33055305481
2019-07-10 19:05:11.355 3969 RALLYDEBUG rally.task.utils [-] Waiting for resource s_rally_24348d59_UKlZ6yxg. Status changed: AVAILABLE => DELETING in 0.324209928513
2019-07-10 19:05:11.416 3966 RALLYDEBUG rally.task.utils [-] Waiting for resource s_rally_24348d59_cE9kEULS. Status changed: AVAILABLE => DELETING in 0.247626066208
2019-07-10 19:05:13.447 3967 INFO rally.task.runner [-] Task 5a04ac64-c29b-4375-914c-c9d809883f5b | ITER: 2 END: OK
2019-07-10 19:05:13.450 3967 INFO rally.task.runner [-] Task 5a04ac64-c29b-4375-914c-c9d809883f5b | ITER: 5 START
2019-07-10 19:05:13.559 3968 INFO rally.task.runner [-] Task 5a04ac64-c29b-4375-914c-c9d809883f5b | ITER: 3 END: OK
2019-07-10 19:05:13.564 3968 INFO rally.task.runner [-] Task 5a04ac64-c29b-4375-914c-c9d809883f5b | ITER: 6 START
2019-07-10 19:05:13.636 3966 INFO rally.task.runner [-] Task 5a04ac64-c29b-4375-914c-c9d809883f5b | ITER: 1 END: OK
2019-07-10 19:05:13.641 3966 INFO rally.task.runner [-] Task 5a04ac64-c29b-4375-914c-c9d809883f5b | ITER: 7 START
2019-07-10 19:05:13.687 3969 INFO rally.task.runner [-] Task 5a04ac64-c29b-4375-914c-c9d809883f5b | ITER: 4 END: OK
2019-07-10 19:05:13.690 3969 INFO rally.task.runner [-] Task 5a04ac64-c29b-4375-914c-c9d809883f5b | ITER: 8 START
2019-07-10 19:05:17.646 3968 RALLYDEBUG rally.task.utils [-] Waiting for resource s_rally_24348d59_xKrIEuFT. Status changed: AVAILABLE => DELETING in 0.304114818573
2019-07-10 19:05:17.658 3967 RALLYDEBUG rally.task.utils [-] Waiting for resource s_rally_24348d59_K0tEs6y7. Status changed: AVAILABLE => DELETING in 0.298837900162
2019-07-10 19:05:17.696 3966 RALLYDEBUG rally.task.utils [-] Waiting for resource s_rally_24348d59_yvduxuTb. Status changed: AVAILABLE => DELETING in 0.223257064819
2019-07-10 19:05:17.928 3969 RALLYDEBUG rally.task.utils [-] Waiting for resource s_rally_24348d59_rrcr3bDa. Status changed: AVAILABLE => DELETING in 0.216210842133
2019-07-10 19:05:19.893 3967 INFO rally.task.runner [-] Task 5a04ac64-c29b-4375-914c-c9d809883f5b | ITER: 5 END: OK
2019-07-10 19:05:19.897 3967 INFO rally.task.runner [-] Task 5a04ac64-c29b-4375-914c-c9d809883f5b | ITER: 9 START
2019-07-10 19:05:19.911 3966 INFO rally.task.runner [-] Task 5a04ac64-c29b-4375-914c-c9d809883f5b | ITER: 7 END: OK
2019-07-10 19:05:19.917 3966 INFO rally.task.runner [-] Task 5a04ac64-c29b-4375-914c-c9d809883f5b | ITER: 10 START
2019-07-10 19:05:19.962 3968 INFO rally.task.runner [-] Task 5a04ac64-c29b-4375-914c-c9d809883f5b | ITER: 6 END: OK
2019-07-10 19:05:20.223 3969 INFO rally.task.runner [-] Task 5a04ac64-c29b-4375-914c-c9d809883f5b | ITER: 8 END: OK
2019-07-10 19:05:24.027 3966 RALLYDEBUG rally.task.utils [-] Waiting for resource s_rally_24348d59_S0oGf5XB. Status changed: AVAILABLE => DELETING in 0.236154079437
2019-07-10 19:05:24.057 3967 RALLYDEBUG rally.task.utils [-] Waiting for resource s_rally_24348d59_amNormpx. Status changed: AVAILABLE => DELETING in 0.338402986526
2019-07-10 19:05:26.252 3966 INFO rally.task.runner [-] Task 5a04ac64-c29b-4375-914c-c9d809883f5b | ITER: 10 END: OK
2019-07-10 19:05:26.273 3967 INFO rally.task.runner [-] Task 5a04ac64-c29b-4375-914c-c9d809883f5b | ITER: 9 END: OK
2019-07-10 19:05:26.301 1842 INFO rally.task.context [-] Task 5a04ac64-c29b-4375-914c-c9d809883f5b | Context cleanup@openstack cleanup() started
2019-07-10 19:05:26.303 1842 RALLYDEBUG rally_openstack.cleanup.manager [-] Cleaning up cinder backups objects
2019-07-10 19:05:28.433 1842 RALLYDEBUG rally_openstack.cleanup.manager [-] Cleaning up cinder volume_snapshots objects
2019-07-10 19:05:30.453 1842 RALLYDEBUG rally_openstack.cleanup.manager [-] Cleaning up cinder transfers objects
2019-07-10 19:05:32.543 1842 RALLYDEBUG rally_openstack.cleanup.manager [-] Cleaning up cinder volumes objects
2019-07-10 19:05:34.839 1842 INFO rally.task.context [-] Task 5a04ac64-c29b-4375-914c-c9d809883f5b | Context cleanup@openstack cleanup() finished in 8.54 sec
2019-07-10 19:05:34.840 1842 INFO rally.task.context [-] Task 5a04ac64-c29b-4375-914c-c9d809883f5b | Context volumes@openstack cleanup() started
2019-07-10 19:05:34.840 1842 RALLYDEBUG rally_openstack.cleanup.manager [-] Cleaning up cinder volumes objects
2019-07-10 19:05:37.239 1842 RALLYDEBUG rally_openstack.cleanup.manager [-] Deleting cinder.volumes object c_rally_24348d59_pCAyX5U5 (0870a23a-55cb-4a7c-a500-91e8276d4711)
2019-07-10 19:05:37.239 1842 RALLYDEBUG rally_openstack.cleanup.manager [-] Deleting cinder.volumes object c_rally_24348d59_6R9Ubkkm (d6839932-6f50-4c7c-8588-c4f672913f86)
2019-07-10 19:05:37.244 1842 RALLYDEBUG rally_openstack.cleanup.manager [-] Deleting cinder.volumes object c_rally_24348d59_1CfUoeiN (01b281f8-d812-4dfb-a1a0-0ce155efa307)
2019-07-10 19:05:40.800 1842 INFO rally.task.context [-] Task 5a04ac64-c29b-4375-914c-c9d809883f5b | Context volumes@openstack cleanup() finished in 5.96 sec
2019-07-10 19:05:40.800 1842 INFO rally.task.context [-] Task 5a04ac64-c29b-4375-914c-c9d809883f5b | Context quotas@openstack cleanup() started
2019-07-10 19:05:41.745 1842 INFO rally.task.context [-] Task 5a04ac64-c29b-4375-914c-c9d809883f5b | Context quotas@openstack cleanup() finished in 0.94 sec
2019-07-10 19:05:41.745 1842 INFO rally.task.context [-] Task 5a04ac64-c29b-4375-914c-c9d809883f5b | Context api_versions@openstack cleanup() started
2019-07-10 19:05:41.745 1842 INFO rally.task.context [-] Task 5a04ac64-c29b-4375-914c-c9d809883f5b | Context api_versions@openstack cleanup() finished in 0.30 msec
2019-07-10 19:05:41.746 1842 INFO rally.task.context [-] Task 5a04ac64-c29b-4375-914c-c9d809883f5b | Context users@openstack cleanup() started
2019-07-10 19:05:49.688 1842 INFO rally.task.context [-] Task 5a04ac64-c29b-4375-914c-c9d809883f5b | Context users@openstack cleanup() finished in 7.94 sec
2019-07-10 19:05:51.454 1842 INFO rally.task.engine [-] Load duration is: 19.103742
2019-07-10 19:05:51.454 1842 INFO rally.task.engine [-] Full runner duration is: 19.152612
2019-07-10 19:05:51.455 1842 INFO rally.task.engine [-] Full duration is: 60.478395
2019-07-10 19:05:51.723 1842 INFO rally.task.engine [-] Running workload: position = 0 config = { "version": 2, "title": "A cropped version of a bigger task.", "description": "Auto-generated task from a single workload (uuid=e9bfb1e5-75a6-4be6-9425-f02d238cb631)", "subtasks": [ { "title": "CinderVolumes.create_and_delete_volume", "description": "Create and then delete a volume.", "scenario": { "CinderVolumes.create_and_delete_volume": { "size": { "max": 1, "min": 1 } } }, "contexts": { "users": { "tenants": 3, "users_per_tenant": 2 }, "quotas": { "cinder": { "gigabytes": -1, "snapshots": -1, "volumes": -1 } }, "api_versions": { "cinder": { "version": 3, "service_type": "volumev3" } } }, "runner": { "constant": { "concurrency": 4, "times": 10 } }, "hooks": [], "sla": { "failure_rate": { "max": 0 } } } ] }
2019-07-10 19:05:51.748 1842 RALLYDEBUG rally_openstack.contexts.keystone.users [-] Creating 3 tenants using 20 threads
2019-07-10 19:05:53.753 1842 RALLYDEBUG rally_openstack.contexts.keystone.users [-] Creating 6 users using 20 threads
2019-07-10 19:05:56.529 1842 INFO rally.task.context [-] Task 5a04ac64-c29b-4375-914c-c9d809883f5b | Context users@openstack setup() finished in 4.78 sec
2019-07-10 19:05:56.969 1842 INFO rally.task.context [-] Task 5a04ac64-c29b-4375-914c-c9d809883f5b | Context api_versions@openstack setup() finished in 0.44 sec
2019-07-10 19:05:58.607 1842 INFO rally.task.context [-] Task 5a04ac64-c29b-4375-914c-c9d809883f5b | Context quotas@openstack setup() finished in 1.64 sec
2019-07-10 19:05:58.607 1842 INFO rally.task.context [-] Task 5a04ac64-c29b-4375-914c-c9d809883f5b | Context cleanup@openstack setup() finished in 0.01 msec
2019-07-10 19:05:58.615 1842 RALLYDEBUG rally.task.runner [-] Starting the constant runner (task UUID: 5a04ac64-c29b-4375-914c-c9d809883f5b). timeout: 0 concurrency: 4 concurrency_per_worker: 1 times: 10 concurrency_overhead: 0 processes_to_start: 4 max_cpu_used: 16
2019-07-10 19:05:58.625 4170 RALLYDEBUG rally.task.runner [-] Starting a worker. concurrency: 1 args: {"size": {"max": 1, "min": 1}} times: 10 method_name: run timeout: 0 duration: None cls:
2019-07-10 19:05:58.631 4170 INFO rally.task.runner [-] Task 5a04ac64-c29b-4375-914c-c9d809883f5b | ITER: 1 START
2019-07-10 19:05:58.630 4171 RALLYDEBUG rally.task.runner [-] Starting a worker. concurrency: 1 args: {"size": {"max": 1, "min": 1}} times: 10 method_name: run timeout: 0 duration: None cls:
2019-07-10 19:05:58.631 4172 RALLYDEBUG rally.task.runner [-] Starting a worker. concurrency: 1 args: {"size": {"max": 1, "min": 1}} times: 10 method_name: run timeout: 0 duration: None cls:
2019-07-10 19:05:58.636 4172 INFO rally.task.runner [-] Task 5a04ac64-c29b-4375-914c-c9d809883f5b | ITER: 3 START
2019-07-10 19:05:58.636 4173 RALLYDEBUG rally.task.runner [-] Starting a worker. concurrency: 1 args: {"size": {"max": 1, "min": 1}} times: 10 method_name: run timeout: 0 duration: None cls:
2019-07-10 19:05:58.638 4171 INFO rally.task.runner [-] Task 5a04ac64-c29b-4375-914c-c9d809883f5b | ITER: 2 START
2019-07-10 19:05:58.644 4173 INFO rally.task.runner [-] Task 5a04ac64-c29b-4375-914c-c9d809883f5b | ITER: 4 START
2019-07-10 19:06:02.935 4170 RALLYDEBUG rally.task.utils [-] Waiting for resource s_rally_e9bfb1e5_6MRELIxC. Status changed: AVAILABLE => DELETING in 0.257847070694
2019-07-10 19:06:02.955 4173 RALLYDEBUG rally.task.utils [-] Waiting for resource s_rally_e9bfb1e5_Mf2Mgm3S. Status changed: AVAILABLE => DELETING in 0.0564799308777
2019-07-10 19:06:03.077 4171 RALLYDEBUG rally.task.utils [-] Waiting for resource s_rally_e9bfb1e5_KUbZRad1. Status changed: AVAILABLE => DELETING in 0.352270126343
2019-07-10 19:06:03.329 4172 RALLYDEBUG rally.task.utils [-] Waiting for resource s_rally_e9bfb1e5_oodc8lz6. Status changed: AVAILABLE => DELETING in 0.3354408741
2019-07-10 19:06:05.188 4173 INFO rally.task.runner [-] Task 5a04ac64-c29b-4375-914c-c9d809883f5b | ITER: 4 END: OK
2019-07-10 19:06:05.192 4173 INFO rally.task.runner [-] Task 5a04ac64-c29b-4375-914c-c9d809883f5b | ITER: 5 START
2019-07-10 19:06:05.246 4170 INFO rally.task.runner [-] Task 5a04ac64-c29b-4375-914c-c9d809883f5b | ITER: 1 END: OK
2019-07-10 19:06:05.250 4170 INFO rally.task.runner [-] Task 5a04ac64-c29b-4375-914c-c9d809883f5b | ITER: 6 START
2019-07-10 19:06:05.322 4171 INFO rally.task.runner [-] Task 5a04ac64-c29b-4375-914c-c9d809883f5b | ITER: 2 END: OK
2019-07-10 19:06:05.327 4171 INFO rally.task.runner [-] Task 5a04ac64-c29b-4375-914c-c9d809883f5b | ITER: 7 START
2019-07-10 19:06:05.649 4172 INFO rally.task.runner [-] Task 5a04ac64-c29b-4375-914c-c9d809883f5b | ITER: 3 END: OK
2019-07-10 19:06:05.654 4172 INFO rally.task.runner [-] Task 5a04ac64-c29b-4375-914c-c9d809883f5b | ITER: 8 START
2019-07-10 19:06:09.304 4173 INFO rally.task.runner [-] Task 5a04ac64-c29b-4375-914c-c9d809883f5b | ITER: 5 END: OK
2019-07-10 19:06:09.309 4173 INFO rally.task.runner [-] Task 5a04ac64-c29b-4375-914c-c9d809883f5b | ITER: 9 START
2019-07-10 19:06:09.320 4170 RALLYDEBUG rally.task.utils [-] Waiting for resource s_rally_e9bfb1e5_Bah4M0vB. Status changed: AVAILABLE => DELETING in 0.260704994202
2019-07-10 19:06:09.570 4171 RALLYDEBUG rally.task.utils [-] Waiting for resource s_rally_e9bfb1e5_ZfEWquuA. Status changed: AVAILABLE => DELETING in 0.246186971664
2019-07-10 19:06:09.955 4172 INFO rally.task.runner [-] Task 5a04ac64-c29b-4375-914c-c9d809883f5b | ITER: 8 END: OK
2019-07-10 19:06:09.960 4172 INFO rally.task.runner [-] Task 5a04ac64-c29b-4375-914c-c9d809883f5b | ITER: 10 START
2019-07-10 19:06:11.668 4170 INFO rally.task.runner [-] Task 5a04ac64-c29b-4375-914c-c9d809883f5b | ITER: 6 END: OK
2019-07-10 19:06:11.901 4171 INFO rally.task.runner [-] Task 5a04ac64-c29b-4375-914c-c9d809883f5b | ITER: 7 END: OK
2019-07-10 19:06:13.487 4173 INFO rally.task.runner [-] Task 5a04ac64-c29b-4375-914c-c9d809883f5b | ITER: 9 END: OK
2019-07-10 19:06:14.278 4172 INFO rally.task.runner [-] Task 5a04ac64-c29b-4375-914c-c9d809883f5b | ITER: 10 END: OK
2019-07-10 19:06:14.306 1842 INFO rally.task.context [-] Task 5a04ac64-c29b-4375-914c-c9d809883f5b | Context cleanup@openstack cleanup() started
2019-07-10 19:06:14.308 1842 RALLYDEBUG rally_openstack.cleanup.manager [-] Cleaning up cinder backups objects
2019-07-10 19:06:16.394 1842 RALLYDEBUG rally_openstack.cleanup.manager [-] Cleaning up cinder volume_snapshots objects
2019-07-10 19:06:18.596 1842 RALLYDEBUG rally_openstack.cleanup.manager [-] Cleaning up cinder transfers objects
2019-07-10 19:06:20.787 1842 RALLYDEBUG rally_openstack.cleanup.manager [-] Cleaning up cinder volumes objects
2019-07-10 19:06:22.961 1842 INFO rally.task.context [-] Task 5a04ac64-c29b-4375-914c-c9d809883f5b | Context cleanup@openstack cleanup() finished in 8.66 sec
2019-07-10 19:06:22.962 1842 INFO rally.task.context [-] Task 5a04ac64-c29b-4375-914c-c9d809883f5b | Context quotas@openstack cleanup() started
2019-07-10 19:06:23.889 1842 INFO rally.task.context [-] Task 5a04ac64-c29b-4375-914c-c9d809883f5b | Context quotas@openstack cleanup() finished in 0.93 sec
2019-07-10 19:06:23.890 1842 INFO rally.task.context [-] Task 5a04ac64-c29b-4375-914c-c9d809883f5b | Context api_versions@openstack cleanup() started
2019-07-10 19:06:23.891 1842 INFO rally.task.context [-] Task 5a04ac64-c29b-4375-914c-c9d809883f5b | Context api_versions@openstack cleanup() finished in 0.46 msec
2019-07-10 19:06:23.891 1842 INFO rally.task.context [-] Task 5a04ac64-c29b-4375-914c-c9d809883f5b | Context users@openstack cleanup() started
2019-07-10 19:06:31.771 1842 INFO rally.task.context [-] Task 5a04ac64-c29b-4375-914c-c9d809883f5b | Context users@openstack cleanup() finished in 7.88 sec
2019-07-10 19:06:31.920 1842 INFO rally.task.engine [-] Load duration is: 15.642329
2019-07-10 19:06:31.920 1842 INFO rally.task.engine [-] Full runner duration is: 15.691029
2019-07-10 19:06:31.921 1842 INFO rally.task.engine [-] Full duration is: 40.026028
2019-07-10 19:06:32.102 1842 INFO rally.task.engine [-] Running workload: position = 1 config = { "version": 2, "title": "A cropped version of a bigger task.", "description": "Auto-generated task from a single workload (uuid=b569fe5d-b5a8-42d1-b3f6-5c3953f388e3)", "subtasks": [ { "title": "CinderVolumes.create_and_delete_volume", "description": "Create and then delete a volume.", "scenario": { "CinderVolumes.create_and_delete_volume": { "image": { "name": "rally_full-img_2e37046c-d1f5-47ec-813e-e34837a67767" }, "size": 1 } }, "contexts": { "users": { "tenants": 3, "users_per_tenant": 2 }, "quotas": { "cinder": { "gigabytes": -1, "snapshots": -1, "volumes": -1 } }, "api_versions": { "cinder": { "version": 3, "service_type": "volumev3" } } }, "runner": { "constant": { "concurrency": 4, "times": 10 } }, "hooks": [], "sla": { "failure_rate": { "max": 0 } } } ] }
2019-07-10 19:06:32.126 1842 RALLYDEBUG rally_openstack.contexts.keystone.users [-] Creating 3 tenants using 20 threads
2019-07-10 19:06:33.892 1842 RALLYDEBUG rally_openstack.contexts.keystone.users [-] Creating 6 users using 20 threads
2019-07-10 19:06:36.769 1842 INFO rally.task.context [-] Task 5a04ac64-c29b-4375-914c-c9d809883f5b | Context users@openstack setup() finished in 4.64 sec
2019-07-10 19:06:37.196 1842 INFO rally.task.context [-] Task 5a04ac64-c29b-4375-914c-c9d809883f5b | Context api_versions@openstack setup() finished in 0.43 sec
2019-07-10 19:06:38.854 1842 INFO rally.task.context [-] Task 5a04ac64-c29b-4375-914c-c9d809883f5b | Context quotas@openstack setup() finished in 1.66 sec
2019-07-10 19:06:38.854 1842 INFO rally.task.context [-] Task 5a04ac64-c29b-4375-914c-c9d809883f5b | Context cleanup@openstack setup() finished in 0.01 msec
2019-07-10 19:06:39.872 1842 RALLYDEBUG rally.task.runner [-] Starting the constant runner (task UUID: 5a04ac64-c29b-4375-914c-c9d809883f5b). timeout: 0 concurrency: 4 concurrency_per_worker: 1 times: 10 concurrency_overhead: 0 processes_to_start: 4 max_cpu_used: 16
2019-07-10 19:06:39.884 4354 RALLYDEBUG rally.task.runner [-] Starting a worker. concurrency: 1 args: {"image": "29b4f370-58bc-4e11-b70f-9d1e882ac7db", "size": 1} times: 10 method_name: run timeout: 0 duration: None cls:
2019-07-10 19:06:39.885 4355 RALLYDEBUG rally.task.runner [-] Starting a worker. concurrency: 1 args: {"image": "29b4f370-58bc-4e11-b70f-9d1e882ac7db", "size": 1} times: 10 method_name: run timeout: 0 duration: None cls:
2019-07-10 19:06:39.889 4355 INFO rally.task.runner [-] Task 5a04ac64-c29b-4375-914c-c9d809883f5b | ITER: 2 START
2019-07-10 19:06:39.891 4354 INFO rally.task.runner [-] Task 5a04ac64-c29b-4375-914c-c9d809883f5b | ITER: 1 START
2019-07-10 19:06:39.891 4356 RALLYDEBUG rally.task.runner [-] Starting a worker. concurrency: 1 args: {"image": "29b4f370-58bc-4e11-b70f-9d1e882ac7db", "size": 1} times: 10 method_name: run timeout: 0 duration: None cls:
2019-07-10 19:06:39.895 4357 RALLYDEBUG rally.task.runner [-] Starting a worker. concurrency: 1 args: {"image": "29b4f370-58bc-4e11-b70f-9d1e882ac7db", "size": 1} times: 10 method_name: run timeout: 0 duration: None cls:
2019-07-10 19:06:39.898 4356 INFO rally.task.runner [-] Task 5a04ac64-c29b-4375-914c-c9d809883f5b | ITER: 3 START
2019-07-10 19:06:39.903 4357 INFO rally.task.runner [-] Task 5a04ac64-c29b-4375-914c-c9d809883f5b | ITER: 4 START
2019-07-10 19:06:46.986 4356 RALLYDEBUG rally.task.utils [-] Waiting for resource s_rally_b569fe5d_LuHpUbD2. Status changed: CREATING => DOWNLOADING in 2.90552282333
2019-07-10 19:06:50.403 4355 RALLYDEBUG rally.task.utils [-] Waiting for resource s_rally_b569fe5d_jZbvXrep. Status changed: CREATING => DOWNLOADING in 5.32485604286
2019-07-10 19:06:51.800 4354 RALLYDEBUG rally.task.utils [-] Waiting for resource s_rally_b569fe5d_f8AMYvWo. Status changed: CREATING => DOWNLOADING in 7.34669589996
2019-07-10 19:06:51.907 4357 RALLYDEBUG rally.task.utils [-] Waiting for resource s_rally_b569fe5d_VI9rnLkE. Status changed: CREATING => DOWNLOADING in 7.45924806595
2019-07-10 19:06:56.109 4356 RALLYDEBUG rally.task.utils [-] Waiting for resource s_rally_b569fe5d_LuHpUbD2. Status changed: DOWNLOADING => AVAILABLE in 9.12343406677
2019-07-10 19:06:56.914 4356 RALLYDEBUG rally.task.utils [-] Waiting for resource s_rally_b569fe5d_LuHpUbD2. Status changed: AVAILABLE => DELETING in 0.332909107208
2019-07-10 19:06:59.767 4355 RALLYDEBUG rally.task.utils [-] Waiting for resource s_rally_b569fe5d_jZbvXrep. Status changed: DOWNLOADING => AVAILABLE in 9.36427593231
2019-07-10 19:07:00.193 4355 INFO rally.task.runner [-] Task 5a04ac64-c29b-4375-914c-c9d809883f5b | ITER: 2 END: OK
2019-07-10 19:07:00.197 4355 INFO rally.task.runner [-] Task 5a04ac64-c29b-4375-914c-c9d809883f5b | ITER: 5 START
2019-07-10 19:07:00.848 4357 RALLYDEBUG rally.task.utils [-] Waiting for resource s_rally_b569fe5d_VI9rnLkE. Status changed: DOWNLOADING => AVAILABLE in 8.94083404541
2019-07-10 19:07:01.175 4354 RALLYDEBUG rally.task.utils [-] Waiting for resource s_rally_b569fe5d_f8AMYvWo. Status changed: DOWNLOADING => AVAILABLE in 9.37558603287
2019-07-10 19:07:01.288 4357 INFO rally.task.runner [-] Task 5a04ac64-c29b-4375-914c-c9d809883f5b | ITER: 4 END: OK
2019-07-10 19:07:01.293 4357 INFO rally.task.runner [-] Task 5a04ac64-c29b-4375-914c-c9d809883f5b | ITER: 6 START
2019-07-10 19:07:01.329 4356 INFO rally.task.runner [-] Task 5a04ac64-c29b-4375-914c-c9d809883f5b | ITER: 3 END: OK
2019-07-10 19:07:01.334 4356 INFO rally.task.runner [-] Task 5a04ac64-c29b-4375-914c-c9d809883f5b | ITER: 7 START
2019-07-10 19:07:01.704 4354 INFO rally.task.runner [-] Task 5a04ac64-c29b-4375-914c-c9d809883f5b | ITER: 1 END: OK
2019-07-10 19:07:01.710 4354 INFO rally.task.runner [-] Task 5a04ac64-c29b-4375-914c-c9d809883f5b | ITER: 8 START
2019-07-10 19:07:08.474 4355 RALLYDEBUG rally.task.utils [-] Waiting for resource s_rally_b569fe5d_1Q2Is3aK. Status changed: CREATING => DOWNLOADING in 3.00561118126
2019-07-10 19:07:11.400 4357 RALLYDEBUG rally.task.utils [-] Waiting for resource s_rally_b569fe5d_ekQnyxIM. Status changed: CREATING => DOWNLOADING in 5.41191196442
2019-07-10 19:07:16.078 4357 RALLYDEBUG rally.task.utils [-] Waiting for resource s_rally_b569fe5d_ekQnyxIM. Status changed: DOWNLOADING => AVAILABLE in 4.67820501328
2019-07-10 19:07:16.110 4356 RALLYDEBUG rally.task.utils [-] Waiting for resource s_rally_b569fe5d_KpEhh1gf. Status changed: CREATING => DOWNLOADING in 9.94898700714
2019-07-10 19:07:16.578 4354 RALLYDEBUG rally.task.utils [-] Waiting for resource s_rally_b569fe5d_P8dFMfcf. Status changed: CREATING => DOWNLOADING in 10.0866811275
2019-07-10 19:07:16.715 4357 RALLYDEBUG rally.task.utils [-] Waiting for resource s_rally_b569fe5d_ekQnyxIM. Status changed: AVAILABLE => DELETING in 0.253843069077
2019-07-10 19:07:17.564 4355 RALLYDEBUG rally.task.utils [-] Waiting for resource s_rally_b569fe5d_1Q2Is3aK. Status changed: DOWNLOADING => AVAILABLE in 9.08996295929
2019-07-10 19:07:18.303 4355 RALLYDEBUG rally.task.utils [-] Waiting for resource s_rally_b569fe5d_1Q2Is3aK. Status changed: AVAILABLE => DELETING in 0.356770038605
2019-07-10 19:07:20.861 4356 RALLYDEBUG rally.task.utils [-] Waiting for resource s_rally_b569fe5d_KpEhh1gf. Status changed: DOWNLOADING => AVAILABLE in 4.75143408775
2019-07-10 19:07:21.019 4354 RALLYDEBUG rally.task.utils [-] Waiting for resource s_rally_b569fe5d_P8dFMfcf. Status changed: DOWNLOADING => AVAILABLE in 4.4407749176
2019-07-10 19:07:21.119 4357 INFO rally.task.runner [-] Task 5a04ac64-c29b-4375-914c-c9d809883f5b | ITER: 6 END: OK
2019-07-10 19:07:21.125 4357 INFO rally.task.runner [-] Task 5a04ac64-c29b-4375-914c-c9d809883f5b | ITER: 9 START
2019-07-10 19:07:21.465 4354 RALLYDEBUG rally.task.utils [-] Waiting for resource s_rally_b569fe5d_P8dFMfcf. Status changed: AVAILABLE => DELETING in 0.0545749664307
2019-07-10 19:07:21.488 4356 RALLYDEBUG rally.task.utils [-] Waiting for resource s_rally_b569fe5d_KpEhh1gf. Status changed: AVAILABLE => DELETING in 0.248295068741
2019-07-10 19:07:22.403 4355 INFO rally.task.runner [-] Task 5a04ac64-c29b-4375-914c-c9d809883f5b | ITER: 5 END: OK
2019-07-10 19:07:22.408 4355 INFO rally.task.runner [-] Task 5a04ac64-c29b-4375-914c-c9d809883f5b | ITER: 10 START
2019-07-10 19:07:23.528 4356 INFO rally.task.runner [-] Task 5a04ac64-c29b-4375-914c-c9d809883f5b | ITER: 7 END: OK
2019-07-10 19:07:23.783 4354 INFO rally.task.runner [-] Task 5a04ac64-c29b-4375-914c-c9d809883f5b | ITER: 8 END: OK
2019-07-10 19:07:29.315 4357 RALLYDEBUG rally.task.utils [-] Waiting for resource s_rally_b569fe5d_rNQNSLIM. Status changed: CREATING => DOWNLOADING in 3.14515805244
2019-07-10 19:07:29.830 4355 RALLYDEBUG rally.task.utils [-] Waiting for resource s_rally_b569fe5d_JatvujEi. Status changed: CREATING => DOWNLOADING in 3.0472240448
2019-07-10 19:07:34.001 4357 RALLYDEBUG rally.task.utils [-] Waiting for resource s_rally_b569fe5d_rNQNSLIM. Status changed: DOWNLOADING => AVAILABLE in 4.68640398979
2019-07-10 19:07:34.146 4357 RALLYDEBUG rally.task.utils [-] Waiting for resource s_rally_b569fe5d_rNQNSLIM. Status changed: AVAILABLE => DELETING in 0.0558290481567
2019-07-10 19:07:34.514 4355 RALLYDEBUG rally.task.utils [-] Waiting for resource s_rally_b569fe5d_JatvujEi. Status changed: DOWNLOADING => AVAILABLE in 4.68406796455
2019-07-10 19:07:34.857 4355 INFO rally.task.runner [-] Task 5a04ac64-c29b-4375-914c-c9d809883f5b | ITER: 10 END: OK
2019-07-10 19:07:36.188 4357 INFO rally.task.runner [-] Task 5a04ac64-c29b-4375-914c-c9d809883f5b | ITER: 9 END: OK
2019-07-10 19:07:36.211 1842 INFO rally.task.context [-] Task 5a04ac64-c29b-4375-914c-c9d809883f5b | Context cleanup@openstack cleanup() started
2019-07-10 19:07:36.214 1842 RALLYDEBUG rally_openstack.cleanup.manager [-] Cleaning up cinder backups objects
2019-07-10 19:07:38.454 1842 RALLYDEBUG rally_openstack.cleanup.manager [-] Cleaning up cinder volume_snapshots objects
2019-07-10 19:07:40.702 1842 RALLYDEBUG rally_openstack.cleanup.manager [-] Cleaning up cinder transfers objects
2019-07-10 19:07:42.747 1842 RALLYDEBUG rally_openstack.cleanup.manager [-] Cleaning up cinder volumes objects
2019-07-10 19:07:45.091 1842 INFO rally.task.context [-] Task 5a04ac64-c29b-4375-914c-c9d809883f5b | Context cleanup@openstack cleanup() finished in 8.88 sec
2019-07-10 19:07:45.092 1842 INFO rally.task.context [-] Task 5a04ac64-c29b-4375-914c-c9d809883f5b | Context quotas@openstack cleanup() started
2019-07-10 19:07:45.829 1842 INFO rally.task.context [-] Task 5a04ac64-c29b-4375-914c-c9d809883f5b | Context quotas@openstack cleanup() finished in 0.74 sec
2019-07-10 19:07:45.830 1842 INFO rally.task.context [-] Task 5a04ac64-c29b-4375-914c-c9d809883f5b | Context api_versions@openstack cleanup() started
2019-07-10 19:07:45.830 1842 INFO rally.task.context [-] Task 5a04ac64-c29b-4375-914c-c9d809883f5b | Context api_versions@openstack cleanup() finished in 0.31 msec
2019-07-10 19:07:45.830 1842 INFO rally.task.context [-] Task 5a04ac64-c29b-4375-914c-c9d809883f5b | Context users@openstack cleanup() started
2019-07-10 19:07:53.897 1842 INFO rally.task.context [-] Task 5a04ac64-c29b-4375-914c-c9d809883f5b | Context users@openstack cleanup() finished in 8.07 sec
2019-07-10 19:07:54.440 1842 INFO rally.task.engine [-] Load duration is: 56.294957
2019-07-10 19:07:54.441 1842 INFO rally.task.engine [-] Full runner duration is: 56.339677
2019-07-10 19:07:54.441 1842 INFO rally.task.engine [-] Full duration is: 81.774218
2019-07-10 19:07:54.599 1842 INFO rally.task.engine [-] Running workload: position = 2 config = { "version": 2, "title": "A cropped version of a bigger task.", "description": "Auto-generated task from a single workload (uuid=dfb08243-4eda-4448-ac3b-4cd0d48a9125)", "subtasks": [ { "title": "CinderVolumes.create_and_delete_volume", "description": "Create and then delete a volume.", "scenario": { "CinderVolumes.create_and_delete_volume": { "size": 1 } }, "contexts": { "users": { "tenants": 3, "users_per_tenant": 2 }, "quotas": { "cinder": { "gigabytes": -1, "snapshots": -1, "volumes": -1 } }, "api_versions": { "cinder": { "version": 3, "service_type": "volumev3" } } }, "runner": { "constant": { "concurrency": 4, "times": 10 } }, "hooks": [], "sla": { "failure_rate": { "max": 0 } } } ] }
2019-07-10 19:07:54.622 1842 RALLYDEBUG rally_openstack.contexts.keystone.users [-] Creating 3 tenants using 20 threads
2019-07-10 19:07:56.561 1842 RALLYDEBUG rally_openstack.contexts.keystone.users [-] Creating 6 users using 20 threads
2019-07-10 19:07:59.341 1842 INFO rally.task.context [-] Task 5a04ac64-c29b-4375-914c-c9d809883f5b | Context users@openstack setup() finished in 4.72 sec
2019-07-10 19:07:59.772 1842 INFO rally.task.context [-] Task 5a04ac64-c29b-4375-914c-c9d809883f5b | Context api_versions@openstack setup() finished in 0.43 sec
2019-07-10 19:08:01.447 1842 INFO rally.task.context [-] Task 5a04ac64-c29b-4375-914c-c9d809883f5b | Context quotas@openstack setup() finished in 1.67 sec
2019-07-10 19:08:01.447 1842 INFO rally.task.context [-] Task 5a04ac64-c29b-4375-914c-c9d809883f5b | Context cleanup@openstack setup() finished in 0.01 msec
2019-07-10 19:08:01.455 1842 RALLYDEBUG rally.task.runner [-] Starting the constant runner (task UUID: 5a04ac64-c29b-4375-914c-c9d809883f5b). timeout: 0 concurrency: 4 concurrency_per_worker: 1 times: 10 concurrency_overhead: 0 processes_to_start: 4 max_cpu_used: 16
2019-07-10 19:08:01.469 4538 RALLYDEBUG rally.task.runner [-] Starting a worker. concurrency: 1 args: {"size": 1} times: 10 method_name: run timeout: 0 duration: None cls:
2019-07-10 19:08:01.471 4539 RALLYDEBUG rally.task.runner [-] Starting a worker. concurrency: 1 args: {"size": 1} times: 10 method_name: run timeout: 0 duration: None cls:
2019-07-10 19:08:01.473 4540 RALLYDEBUG rally.task.runner [-] Starting a worker. concurrency: 1 args: {"size": 1} times: 10 method_name: run timeout: 0 duration: None cls:
2019-07-10 19:08:01.477 4538 INFO rally.task.runner [-] Task 5a04ac64-c29b-4375-914c-c9d809883f5b | ITER: 1 START
2019-07-10 19:08:01.479 4540 INFO rally.task.runner [-] Task 5a04ac64-c29b-4375-914c-c9d809883f5b | ITER: 3 START
2019-07-10 19:08:01.479 4539 INFO rally.task.runner [-] Task 5a04ac64-c29b-4375-914c-c9d809883f5b | ITER: 2 START
2019-07-10 19:08:01.478 4541 RALLYDEBUG rally.task.runner [-] Starting a worker. concurrency: 1 args: {"size": 1} times: 10 method_name: run timeout: 0 duration: None cls:
2019-07-10 19:08:01.487 4541 INFO rally.task.runner [-] Task 5a04ac64-c29b-4375-914c-c9d809883f5b | ITER: 4 START
2019-07-10 19:08:05.678 4540 RALLYDEBUG rally.task.utils [-] Waiting for resource s_rally_dfb08243_PVsCcqMG. Status changed: AVAILABLE => DELETING in 0.347347021103
2019-07-10 19:08:05.680 4539 RALLYDEBUG rally.task.utils [-] Waiting for resource s_rally_dfb08243_u7HpHfiH. Status changed: AVAILABLE => DELETING in 0.380384922028
2019-07-10 19:08:05.761 4538 RALLYDEBUG rally.task.utils [-] Waiting for resource s_rally_dfb08243_jy7CdiHu. Status changed: AVAILABLE => DELETING in 0.323766946793
2019-07-10 19:08:06.016 4541 RALLYDEBUG rally.task.utils [-] Waiting for resource s_rally_dfb08243_y9TJd5b3. Status changed: AVAILABLE => DELETING in 0.350077152252
2019-07-10 19:08:07.716 4540 INFO rally.task.runner [-] Task 5a04ac64-c29b-4375-914c-c9d809883f5b | ITER: 3 END: OK
2019-07-10 19:08:07.721 4540 INFO rally.task.runner [-] Task 5a04ac64-c29b-4375-914c-c9d809883f5b | ITER: 5 START
2019-07-10 19:08:08.064 4538 INFO rally.task.runner [-] Task 5a04ac64-c29b-4375-914c-c9d809883f5b | ITER: 1 END: OK
2019-07-10 19:08:08.069 4538 INFO rally.task.runner [-] Task 5a04ac64-c29b-4375-914c-c9d809883f5b | ITER: 6 START
2019-07-10 19:08:08.105 4539 INFO rally.task.runner [-] Task 5a04ac64-c29b-4375-914c-c9d809883f5b | ITER: 2 END: OK
2019-07-10 19:08:08.110 4539 INFO rally.task.runner [-] Task 5a04ac64-c29b-4375-914c-c9d809883f5b | ITER: 7 START
2019-07-10 19:08:08.331 4541 INFO rally.task.runner [-] Task 5a04ac64-c29b-4375-914c-c9d809883f5b | ITER: 4 END: OK
2019-07-10 19:08:08.336 4541 INFO rally.task.runner [-] Task 5a04ac64-c29b-4375-914c-c9d809883f5b | ITER: 8 START
2019-07-10 19:08:11.687 4540 INFO rally.task.runner [-] Task 5a04ac64-c29b-4375-914c-c9d809883f5b | ITER: 5 END: OK
2019-07-10 19:08:11.691 4540 INFO rally.task.runner [-] Task 5a04ac64-c29b-4375-914c-c9d809883f5b | ITER: 9 START
2019-07-10 19:08:12.167 4538 RALLYDEBUG rally.task.utils [-] Waiting for resource s_rally_dfb08243_RL1xKtlV. Status changed: AVAILABLE => DELETING in 0.0582518577576
2019-07-10 19:08:12.439 4539 RALLYDEBUG rally.task.utils [-] Waiting for resource s_rally_dfb08243_FddZVpTl. Status changed: AVAILABLE => DELETING in 0.337832927704
2019-07-10 19:08:12.528 4541 RALLYDEBUG rally.task.utils [-] Waiting for resource s_rally_dfb08243_6NdajgSl. Status changed: AVAILABLE => DELETING in 0.354876995087
2019-07-10 19:08:14.397 4538 INFO rally.task.runner [-] Task 5a04ac64-c29b-4375-914c-c9d809883f5b | ITER: 6 END: OK
2019-07-10 19:08:14.402 4538 INFO rally.task.runner [-] Task 5a04ac64-c29b-4375-914c-c9d809883f5b | ITER: 10 START
2019-07-10 19:08:14.767 4539 INFO rally.task.runner [-] Task 5a04ac64-c29b-4375-914c-c9d809883f5b | ITER: 7 END: OK
2019-07-10 19:08:14.847 4541 INFO rally.task.runner [-] Task 5a04ac64-c29b-4375-914c-c9d809883f5b | ITER: 8 END: OK
2019-07-10 19:08:16.173 4540 INFO rally.task.runner [-] Task 5a04ac64-c29b-4375-914c-c9d809883f5b | ITER: 9 END: OK
2019-07-10 19:08:18.846 4538 INFO rally.task.runner [-] Task 5a04ac64-c29b-4375-914c-c9d809883f5b | ITER: 10 END: OK
2019-07-10 19:08:18.876 1842 INFO rally.task.context [-] Task 5a04ac64-c29b-4375-914c-c9d809883f5b | Context cleanup@openstack cleanup() started
2019-07-10 19:08:18.878 1842 RALLYDEBUG rally_openstack.cleanup.manager [-] Cleaning up cinder backups objects
2019-07-10 19:08:21.026 1842 RALLYDEBUG rally_openstack.cleanup.manager [-] Cleaning up cinder volume_snapshots objects
2019-07-10 19:08:23.077 1842 RALLYDEBUG rally_openstack.cleanup.manager [-] Cleaning up cinder transfers objects
2019-07-10 19:08:25.286 1842 RALLYDEBUG rally_openstack.cleanup.manager [-] Cleaning up cinder volumes objects
2019-07-10 19:08:27.617 1842 INFO rally.task.context [-] Task 5a04ac64-c29b-4375-914c-c9d809883f5b | Context cleanup@openstack cleanup() finished in 8.74 sec
2019-07-10 19:08:27.617 1842 INFO rally.task.context [-] Task 5a04ac64-c29b-4375-914c-c9d809883f5b | Context quotas@openstack cleanup() started
2019-07-10 19:08:28.421 1842 INFO rally.task.context [-] Task 5a04ac64-c29b-4375-914c-c9d809883f5b | Context quotas@openstack cleanup() finished in 0.80 sec
2019-07-10 19:08:28.422 1842 INFO rally.task.context [-] Task 5a04ac64-c29b-4375-914c-c9d809883f5b | Context api_versions@openstack cleanup() started
2019-07-10 19:08:28.422 1842 INFO rally.task.context [-] Task 5a04ac64-c29b-4375-914c-c9d809883f5b | Context api_versions@openstack cleanup() finished in 0.32 msec
2019-07-10 19:08:28.422 1842 INFO rally.task.context [-] Task 5a04ac64-c29b-4375-914c-c9d809883f5b | Context users@openstack cleanup() started
2019-07-10 19:08:36.658 1842 INFO rally.task.context [-] Task 5a04ac64-c29b-4375-914c-c9d809883f5b | Context users@openstack cleanup() finished in 8.24 sec
2019-07-10 19:08:36.791 1842 INFO rally.task.engine [-] Load duration is: 17.365281
2019-07-10 19:08:36.792 1842 INFO rally.task.engine [-] Full runner duration is: 17.420834
2019-07-10 19:08:36.792 1842 INFO rally.task.engine [-] Full duration is: 42.038574
2019-07-10 19:08:37.030 1842 INFO rally.task.engine [-] Running workload: position = 0 config = { "version": 2, "title": "A cropped version of a bigger task.", "description": "Auto-generated task from a single workload (uuid=720cdeaf-7130-43ec-842b-e9c053034c30)", "subtasks": [ { "title": "CinderVolumes.create_and_extend_volume", "description": "Create and extend a volume and then delete it.", "scenario": { "CinderVolumes.create_and_extend_volume": { "new_size": 2, "size": 1 } }, "contexts": { "users": { "tenants": 3, "users_per_tenant": 2 }, "quotas": { "cinder": { "gigabytes": -1, "snapshots": -1, "volumes": -1 } }, "api_versions": { "cinder": { "version": 3, "service_type": "volumev3" } } }, "runner": { "constant": { "concurrency": 4, "times": 10 } }, "hooks": [], "sla": { "failure_rate": { "max": 0 } } } ] }
2019-07-10 19:08:37.053 1842 RALLYDEBUG rally_openstack.contexts.keystone.users [-] Creating 3 tenants using 20 threads
2019-07-10 19:08:39.079 1842 RALLYDEBUG rally_openstack.contexts.keystone.users [-] Creating 6 users using 20 threads
2019-07-10 19:08:41.988 1842 INFO rally.task.context [-] Task 5a04ac64-c29b-4375-914c-c9d809883f5b | Context users@openstack setup() finished in 4.94 sec
2019-07-10 19:08:42.425 1842 INFO rally.task.context [-] Task 5a04ac64-c29b-4375-914c-c9d809883f5b | Context api_versions@openstack setup() finished in 0.44 sec
2019-07-10 19:08:44.058 1842 INFO rally.task.context [-] Task 5a04ac64-c29b-4375-914c-c9d809883f5b | Context quotas@openstack setup() finished in 1.63 sec
2019-07-10 19:08:44.059 1842 INFO rally.task.context [-] Task 5a04ac64-c29b-4375-914c-c9d809883f5b | Context cleanup@openstack setup() finished in 0.01 msec
2019-07-10 19:08:44.067 1842 RALLYDEBUG rally.task.runner [-] Starting the constant runner (task UUID: 5a04ac64-c29b-4375-914c-c9d809883f5b). timeout: 0 concurrency: 4 concurrency_per_worker: 1 times: 10 concurrency_overhead: 0 processes_to_start: 4 max_cpu_used: 16
2019-07-10 19:08:44.081 4722 RALLYDEBUG rally.task.runner [-] Starting a worker. concurrency: 1 args: {"new_size": 2, "size": 1} times: 10 method_name: run timeout: 0 duration: None cls:
2019-07-10 19:08:44.082 4723 RALLYDEBUG rally.task.runner [-] Starting a worker. concurrency: 1 args: {"new_size": 2, "size": 1} times: 10 method_name: run timeout: 0 duration: None cls:
2019-07-10 19:08:44.085 4724 RALLYDEBUG rally.task.runner [-] Starting a worker. concurrency: 1 args: {"new_size": 2, "size": 1} times: 10 method_name: run timeout: 0 duration: None cls:
2019-07-10 19:08:44.086 4725 RALLYDEBUG rally.task.runner [-] Starting a worker. concurrency: 1 args: {"new_size": 2, "size": 1} times: 10 method_name: run timeout: 0 duration: None cls:
2019-07-10 19:08:44.089 4722 INFO rally.task.runner [-] Task 5a04ac64-c29b-4375-914c-c9d809883f5b | ITER: 1 START
2019-07-10 19:08:44.090 4723 INFO rally.task.runner [-] Task 5a04ac64-c29b-4375-914c-c9d809883f5b | ITER: 2 START
2019-07-10 19:08:44.092 4724 INFO rally.task.runner [-] Task 5a04ac64-c29b-4375-914c-c9d809883f5b | ITER: 3 START
2019-07-10 19:08:44.093 4725 INFO rally.task.runner [-] Task 5a04ac64-c29b-4375-914c-c9d809883f5b | ITER: 4 START
2019-07-10 19:08:48.671 4724 RALLYDEBUG rally.task.utils [-] Waiting for resource s_rally_720cdeaf_aY7mVtTh. Status changed: AVAILABLE => EXTENDING in 0.253104925156
2019-07-10 19:08:49.088 4722 RALLYDEBUG rally.task.utils [-] Waiting for resource s_rally_720cdeaf_NoNBapwe. Status changed: AVAILABLE => DELETING in 0.0578620433807
2019-07-10 19:08:49.277 4723 RALLYDEBUG rally.task.utils [-] Waiting for resource s_rally_720cdeaf_s9TKLs4O. Status changed: AVAILABLE => DELETING in 0.235775947571
2019-07-10 19:08:49.474 4725 RALLYDEBUG rally.task.utils [-] Waiting for resource s_rally_720cdeaf_NtcCNFu6. Status changed: AVAILABLE => DELETING in 0.335694074631
2019-07-10 19:08:50.956 4724 RALLYDEBUG rally.task.utils [-] Waiting for resource s_rally_720cdeaf_aY7mVtTh. Status changed: EXTENDING => AVAILABLE in 2.28462910652
2019-07-10 19:08:51.313 4722 INFO rally.task.runner [-] Task 5a04ac64-c29b-4375-914c-c9d809883f5b | ITER: 1 END: OK
2019-07-10 19:08:51.319 4722 INFO rally.task.runner [-] Task 5a04ac64-c29b-4375-914c-c9d809883f5b | ITER: 5 START
2019-07-10 19:08:51.507 4723 INFO rally.task.runner [-] Task 5a04ac64-c29b-4375-914c-c9d809883f5b | ITER: 2 END: OK
2019-07-10 19:08:51.512 4723 INFO rally.task.runner [-] Task 5a04ac64-c29b-4375-914c-c9d809883f5b | ITER: 6 START
2019-07-10 19:08:51.519 4725 INFO rally.task.runner [-] Task 5a04ac64-c29b-4375-914c-c9d809883f5b | ITER: 4 END: OK
2019-07-10 19:08:51.523 4725 INFO rally.task.runner [-] Task 5a04ac64-c29b-4375-914c-c9d809883f5b | ITER: 7 START
2019-07-10 19:08:51.647 4724 INFO rally.task.runner [-] Task 5a04ac64-c29b-4375-914c-c9d809883f5b | ITER: 3 END: OK
2019-07-10 19:08:51.652 4724 INFO rally.task.runner [-] Task 5a04ac64-c29b-4375-914c-c9d809883f5b | ITER: 8 START
2019-07-10 19:08:56.307 4722 INFO rally.task.runner [-] Task 5a04ac64-c29b-4375-914c-c9d809883f5b | ITER: 5 END: OK
2019-07-10 19:08:56.312 4722 INFO rally.task.runner [-] Task 5a04ac64-c29b-4375-914c-c9d809883f5b | ITER: 9 START
