2019-07-10 19:08:56.541 4724 RALLYDEBUG rally.task.utils [-] Waiting for resource s_rally_720cdeaf_0grFR9Wt. Status changed: AVAILABLE => DELETING in 0.259350776672
2019-07-10 19:08:56.580 4723 RALLYDEBUG rally.task.utils [-] Waiting for resource s_rally_720cdeaf_9mRRSel2. Status changed: AVAILABLE => DELETING in 0.351738214493
2019-07-10 19:08:56.699 4725 RALLYDEBUG rally.task.utils [-] Waiting for resource s_rally_720cdeaf_lPcizxR4. Status changed: AVAILABLE => DELETING in 0.356925010681
2019-07-10 19:08:58.579 4724 INFO rally.task.runner [-] Task 5a04ac64-c29b-4375-914c-c9d809883f5b | ITER: 8 END: OK
2019-07-10 19:08:58.584 4724 INFO rally.task.runner [-] Task 5a04ac64-c29b-4375-914c-c9d809883f5b | ITER: 10 START
2019-07-10 19:08:58.806 4723 INFO rally.task.runner [-] Task 5a04ac64-c29b-4375-914c-c9d809883f5b | ITER: 6 END: OK
2019-07-10 19:08:58.925 4725 INFO rally.task.runner [-] Task 5a04ac64-c29b-4375-914c-c9d809883f5b | ITER: 7 END: OK
2019-07-10 19:09:01.128 4722 INFO rally.task.runner [-] Task 5a04ac64-c29b-4375-914c-c9d809883f5b | ITER: 9 END: OK
2019-07-10 19:09:03.554 4724 INFO rally.task.runner [-] Task 5a04ac64-c29b-4375-914c-c9d809883f5b | ITER: 10 END: OK
2019-07-10 19:09:03.578 1842 INFO rally.task.context [-] Task 5a04ac64-c29b-4375-914c-c9d809883f5b | Context cleanup@openstack cleanup() started
2019-07-10 19:09:03.580 1842 RALLYDEBUG rally_openstack.cleanup.manager [-] Cleaning up cinder backups objects
2019-07-10 19:09:05.728 1842 RALLYDEBUG rally_openstack.cleanup.manager [-] Cleaning up cinder volume_snapshots objects
2019-07-10 19:09:07.853 1842 RALLYDEBUG rally_openstack.cleanup.manager [-] Cleaning up cinder transfers objects
2019-07-10 19:09:10.132 1842 RALLYDEBUG rally_openstack.cleanup.manager [-] Cleaning up cinder volumes objects
2019-07-10 19:09:12.291 1842 INFO rally.task.context [-] Task 5a04ac64-c29b-4375-914c-c9d809883f5b | Context cleanup@openstack cleanup() finished in 8.71 sec
2019-07-10 19:09:12.292 1842 INFO rally.task.context [-] Task 5a04ac64-c29b-4375-914c-c9d809883f5b | Context quotas@openstack cleanup() started
2019-07-10 19:09:12.859 1842 INFO rally.task.context [-] Task 5a04ac64-c29b-4375-914c-c9d809883f5b | Context quotas@openstack cleanup() finished in 0.57 sec
2019-07-10 19:09:12.860 1842 INFO rally.task.context [-] Task 5a04ac64-c29b-4375-914c-c9d809883f5b | Context api_versions@openstack cleanup() started
2019-07-10 19:09:12.860 1842 INFO rally.task.context [-] Task 5a04ac64-c29b-4375-914c-c9d809883f5b | Context api_versions@openstack cleanup() finished in 0.33 msec
2019-07-10 19:09:12.861 1842 INFO rally.task.context [-] Task 5a04ac64-c29b-4375-914c-c9d809883f5b | Context users@openstack cleanup() started
2019-07-10 19:09:21.286 1842 INFO rally.task.context [-] Task 5a04ac64-c29b-4375-914c-c9d809883f5b | Context users@openstack cleanup() finished in 8.42 sec
2019-07-10 19:09:23.244 1842 INFO rally.task.engine [-] Load duration is: 19.460663
2019-07-10 19:09:23.244 1842 INFO rally.task.engine [-] Full runner duration is: 19.512037
2019-07-10 19:09:23.244 1842 INFO rally.task.engine [-] Full duration is: 44.236043
2019-07-10 19:09:23.540 1842 INFO rally.task.engine [-] Running workload: position = 0 config = { "version": 2, "title": "A cropped version of a bigger task.", "description": "Auto-generated task from a single workload (uuid=b24bbd26-6ebe-423c-a0e7-320c4add1d8a)", "subtasks": [ { "title": "CinderVolumes.create_from_volume_and_delete_volume", "description": "Create volume from volume and then delete it.", "scenario": { "CinderVolumes.create_from_volume_and_delete_volume": { "size": 1 } }, "contexts": { "users": { "tenants": 3, "users_per_tenant": 2 }, "quotas": { "cinder": { "gigabytes": -1, "snapshots": -1, "volumes": -1 } }, "api_versions": { "cinder": { "version": 3, "service_type": "volumev3" } }, "volumes": { "size": 1, "volumes_per_tenant": 1 } }, "runner": { "constant": { "concurrency": 4, "times": 10 } }, "hooks": [], "sla": { "failure_rate": { "max": 0 } } } ] }
2019-07-10 19:09:23.566 1842 RALLYDEBUG rally_openstack.contexts.keystone.users [-] Creating 3 tenants using 20 threads
2019-07-10 19:09:25.591 1842 RALLYDEBUG rally_openstack.contexts.keystone.users [-] Creating 6 users using 20 threads
2019-07-10 19:09:28.537 1842 INFO rally.task.context [-] Task 5a04ac64-c29b-4375-914c-c9d809883f5b | Context users@openstack setup() finished in 4.97 sec
2019-07-10 19:09:29.042 1842 INFO rally.task.context [-] Task 5a04ac64-c29b-4375-914c-c9d809883f5b | Context api_versions@openstack setup() finished in 0.50 sec
2019-07-10 19:09:30.734 1842 INFO rally.task.context [-] Task 5a04ac64-c29b-4375-914c-c9d809883f5b | Context quotas@openstack setup() finished in 1.69 sec
2019-07-10 19:09:41.773 1842 INFO rally.task.context [-] Task 5a04ac64-c29b-4375-914c-c9d809883f5b | Context volumes@openstack setup() finished in 11.04 sec
2019-07-10 19:09:41.773 1842 INFO rally.task.context [-] Task 5a04ac64-c29b-4375-914c-c9d809883f5b | Context cleanup@openstack setup() finished in 0.00 msec
2019-07-10 19:09:41.781 1842 RALLYDEBUG rally.task.runner [-] Starting the constant runner (task UUID: 5a04ac64-c29b-4375-914c-c9d809883f5b). timeout: 0 concurrency: 4 concurrency_per_worker: 1 times: 10 concurrency_overhead: 0 processes_to_start: 4 max_cpu_used: 16
2019-07-10 19:09:41.794 4906 RALLYDEBUG rally.task.runner [-] Starting a worker. concurrency: 1 args: {"size": 1} times: 10 method_name: run timeout: 0 duration: None cls:
2019-07-10 19:09:41.797 4907 RALLYDEBUG rally.task.runner [-] Starting a worker. concurrency: 1 args: {"size": 1} times: 10 method_name: run timeout: 0 duration: None cls:
2019-07-10 19:09:41.800 4908 RALLYDEBUG rally.task.runner [-] Starting a worker. concurrency: 1 args: {"size": 1} times: 10 method_name: run timeout: 0 duration: None cls:
2019-07-10 19:09:41.801 4906 INFO rally.task.runner [-] Task 5a04ac64-c29b-4375-914c-c9d809883f5b | ITER: 1 START
2019-07-10 19:09:41.803 4909 RALLYDEBUG rally.task.runner [-] Starting a worker. concurrency: 1 args: {"size": 1} times: 10 method_name: run timeout: 0 duration: None cls:
2019-07-10 19:09:41.805 4907 INFO rally.task.runner [-] Task 5a04ac64-c29b-4375-914c-c9d809883f5b | ITER: 2 START
2019-07-10 19:09:41.808 4908 INFO rally.task.runner [-] Task 5a04ac64-c29b-4375-914c-c9d809883f5b | ITER: 3 START
2019-07-10 19:09:41.809 4909 INFO rally.task.runner [-] Task 5a04ac64-c29b-4375-914c-c9d809883f5b | ITER: 4 START
2019-07-10 19:09:45.848 4909 RALLYDEBUG rally.task.utils [-] Waiting for resource s_rally_b24bbd26_s5EPzu0D. Status changed: AVAILABLE => DELETING in 0.384117126465
2019-07-10 19:09:47.748 4908 RALLYDEBUG rally.task.utils [-] Waiting for resource s_rally_b24bbd26_rH1A6zcI. Status changed: CREATING => AVAILABLE in 2.84104013443
2019-07-10 19:09:47.960 4906 RALLYDEBUG rally.task.utils [-] Waiting for resource s_rally_b24bbd26_nVtzPC6m. Status changed: CREATING => AVAILABLE in 3.06609010696
2019-07-10 19:09:48.278 4909 INFO rally.task.runner [-] Task 5a04ac64-c29b-4375-914c-c9d809883f5b | ITER: 4 END: OK
2019-07-10 19:09:48.283 4909 INFO rally.task.runner [-] Task 5a04ac64-c29b-4375-914c-c9d809883f5b | ITER: 5 START
2019-07-10 19:09:48.364 4908 RALLYDEBUG rally.task.utils [-] Waiting for resource s_rally_b24bbd26_rH1A6zcI. Status changed: AVAILABLE => DELETING in 0.328681945801
2019-07-10 19:09:48.700 4906 RALLYDEBUG rally.task.utils [-] Waiting for resource s_rally_b24bbd26_nVtzPC6m. Status changed: AVAILABLE => DELETING in 0.346091032028
2019-07-10 19:09:50.086 4907 RALLYDEBUG rally.task.utils [-] Waiting for resource s_rally_b24bbd26_SiaDVSXt. Status changed: CREATING => AVAILABLE in 5.09457492828
2019-07-10 19:09:50.627 4907 RALLYDEBUG rally.task.utils [-] Waiting for resource s_rally_b24bbd26_SiaDVSXt. Status changed: AVAILABLE => DELETING in 0.255552053452
2019-07-10 19:09:50.688 4908 INFO rally.task.runner [-] Task 5a04ac64-c29b-4375-914c-c9d809883f5b | ITER: 3 END: OK
2019-07-10 19:09:50.693 4908 INFO rally.task.runner [-] Task 5a04ac64-c29b-4375-914c-c9d809883f5b | ITER: 6 START
2019-07-10 19:09:51.016 4906 INFO rally.task.runner [-] Task 5a04ac64-c29b-4375-914c-c9d809883f5b | ITER: 1 END: OK
2019-07-10 19:09:51.022 4906 INFO rally.task.runner [-] Task 5a04ac64-c29b-4375-914c-c9d809883f5b | ITER: 7 START
2019-07-10 19:09:52.714 4909 RALLYDEBUG rally.task.utils [-] Waiting for resource s_rally_b24bbd26_Lno2RJtc. Status changed: AVAILABLE => DELETING in 0.354559183121
2019-07-10 19:09:52.936 4907 INFO rally.task.runner [-] Task 5a04ac64-c29b-4375-914c-c9d809883f5b | ITER: 2 END: OK
2019-07-10 19:09:52.942 4907 INFO rally.task.runner [-] Task 5a04ac64-c29b-4375-914c-c9d809883f5b | ITER: 8 START
2019-07-10 19:09:55.282 4908 RALLYDEBUG rally.task.utils [-] Waiting for resource s_rally_b24bbd26_zfGIWCKs. Status changed: AVAILABLE => DELETING in 0.258756875992
2019-07-10 19:09:57.181 4906 RALLYDEBUG rally.task.utils [-] Waiting for resource s_rally_b24bbd26_hPSFNbcn. Status changed: CREATING => AVAILABLE in 2.91427087784
2019-07-10 19:09:57.379 4909 INFO rally.task.runner [-] Task 5a04ac64-c29b-4375-914c-c9d809883f5b | ITER: 5 END: OK
2019-07-10 19:09:57.384 4909 INFO rally.task.runner [-] Task 5a04ac64-c29b-4375-914c-c9d809883f5b | ITER: 9 START
2019-07-10 19:09:57.891 4906 RALLYDEBUG rally.task.utils [-] Waiting for resource s_rally_b24bbd26_hPSFNbcn. Status changed: AVAILABLE => DELETING in 0.333830833435
2019-07-10 19:09:58.820 4907 RALLYDEBUG rally.task.utils [-] Waiting for resource s_rally_b24bbd26_BPsjvglr. Status changed: CREATING => AVAILABLE in 2.89150190353
2019-07-10 19:09:59.417 4907 RALLYDEBUG rally.task.utils [-] Waiting for resource s_rally_b24bbd26_BPsjvglr. Status changed: AVAILABLE => DELETING in 0.339619874954
2019-07-10 19:09:59.569 4908 INFO rally.task.runner [-] Task 5a04ac64-c29b-4375-914c-c9d809883f5b | ITER: 6 END: OK
2019-07-10 19:09:59.574 4908 INFO rally.task.runner [-] Task 5a04ac64-c29b-4375-914c-c9d809883f5b | ITER: 10 START
2019-07-10 19:09:59.926 4906 INFO rally.task.runner [-] Task 5a04ac64-c29b-4375-914c-c9d809883f5b | ITER: 7 END: OK
2019-07-10 19:10:01.933 4909 RALLYDEBUG rally.task.utils [-] Waiting for resource s_rally_b24bbd26_uSbo0mIR. Status changed: AVAILABLE => DELETING in 0.411757946014
2019-07-10 19:10:03.715 4908 RALLYDEBUG rally.task.utils [-] Waiting for resource s_rally_b24bbd26_b7IPYHZb. Status changed: AVAILABLE => DELETING in 0.0741751194
2019-07-10 19:10:03.824 4907 INFO rally.task.runner [-] Task 5a04ac64-c29b-4375-914c-c9d809883f5b | ITER: 8 END: OK
2019-07-10 19:10:04.252 4909 INFO rally.task.runner [-] Task 5a04ac64-c29b-4375-914c-c9d809883f5b | ITER: 9 END: OK
2019-07-10 19:10:06.058 4908 INFO rally.task.runner [-] Task 5a04ac64-c29b-4375-914c-c9d809883f5b | ITER: 10 END: OK
2019-07-10 19:10:06.083 1842 INFO rally.task.context [-] Task 5a04ac64-c29b-4375-914c-c9d809883f5b | Context cleanup@openstack cleanup() started
2019-07-10 19:10:06.085 1842 RALLYDEBUG rally_openstack.cleanup.manager [-] Cleaning up cinder backups objects
2019-07-10 19:10:08.234 1842 RALLYDEBUG rally_openstack.cleanup.manager [-] Cleaning up cinder volume_snapshots objects
2019-07-10 19:10:10.441 1842 RALLYDEBUG rally_openstack.cleanup.manager [-] Cleaning up cinder transfers objects
2019-07-10 19:10:12.634 1842 RALLYDEBUG rally_openstack.cleanup.manager [-] Cleaning up cinder volumes objects
2019-07-10 19:10:14.836 1842 INFO rally.task.context [-] Task 5a04ac64-c29b-4375-914c-c9d809883f5b | Context cleanup@openstack cleanup() finished in 8.75 sec
2019-07-10 19:10:14.836 1842 INFO rally.task.context [-] Task 5a04ac64-c29b-4375-914c-c9d809883f5b | Context volumes@openstack cleanup() started
2019-07-10 19:10:14.837 1842 RALLYDEBUG rally_openstack.cleanup.manager [-] Cleaning up cinder volumes objects
2019-07-10 19:10:17.310 1842 RALLYDEBUG rally_openstack.cleanup.manager [-] Deleting cinder.volumes object c_rally_b24bbd26_3X1wm2qC (1a65f4af-e009-48fa-b12c-a3dea7eeee3f)
2019-07-10 19:10:17.312 1842 RALLYDEBUG rally_openstack.cleanup.manager [-] Deleting cinder.volumes object c_rally_b24bbd26_6Fw4DZnb (c4fdc58e-fb0e-4a7d-9a01-b2f1727bd790)
2019-07-10 19:10:17.315 1842 RALLYDEBUG rally_openstack.cleanup.manager [-] Deleting cinder.volumes object c_rally_b24bbd26_Ig1rZJHO (126c51c4-de9e-4b64-ab55-7212cb4671c5)
2019-07-10 19:10:20.840 1842 INFO rally.task.context [-] Task 5a04ac64-c29b-4375-914c-c9d809883f5b | Context volumes@openstack cleanup() finished in 6.00 sec
2019-07-10 19:10:20.841 1842 INFO rally.task.context [-] Task 5a04ac64-c29b-4375-914c-c9d809883f5b | Context quotas@openstack cleanup() started
2019-07-10 19:10:21.500 1842 INFO rally.task.context [-] Task 5a04ac64-c29b-4375-914c-c9d809883f5b | Context quotas@openstack cleanup() finished in 0.66 sec
2019-07-10 19:10:21.500 1842 INFO rally.task.context [-] Task 5a04ac64-c29b-4375-914c-c9d809883f5b | Context api_versions@openstack cleanup() started
2019-07-10 19:10:21.501 1842 INFO rally.task.context [-] Task 5a04ac64-c29b-4375-914c-c9d809883f5b | Context api_versions@openstack cleanup() finished in 0.31 msec
2019-07-10 19:10:21.501 1842 INFO rally.task.context [-] Task 5a04ac64-c29b-4375-914c-c9d809883f5b | Context users@openstack cleanup() started
2019-07-10 19:10:29.635 1842 INFO rally.task.context [-] Task 5a04ac64-c29b-4375-914c-c9d809883f5b | Context users@openstack cleanup() finished in 8.13 sec
2019-07-10 19:10:29.825 1842 INFO rally.task.engine [-] Load duration is: 24.252248
2019-07-10 19:10:29.825 1842 INFO rally.task.engine [-] Full runner duration is: 24.302124
2019-07-10 19:10:29.826 1842 INFO rally.task.engine [-] Full duration is: 66.073614
2019-07-10 19:10:30.108 1842 INFO rally.task.engine [-] Running workload: position = 0 config = { "version": 2, "title": "A cropped version of a bigger task.", "description": "Auto-generated task from a single workload (uuid=d633bc5b-644a-4d96-89f8-3c2accdc2e89)", "subtasks": [ { "title": "CinderQos.create_and_get_qos", "description": "Create a qos, then get details of the qos.", "scenario": { "CinderQos.create_and_get_qos": { "consumer": "both", "write_iops_sec": "10", "read_iops_sec": "1000" } }, "contexts": { "users": { "tenants": 3, "users_per_tenant": 2 }, "api_versions": { "cinder": { "version": 3, "service_type": "volumev3" } } }, "runner": { "constant": { "concurrency": 4, "times": 10 } }, "hooks": [], "sla": { "failure_rate": { "max": 0 } } } ] }
2019-07-10 19:10:30.132 1842 RALLYDEBUG rally_openstack.contexts.keystone.users [-] Creating 3 tenants using 20 threads
2019-07-10 19:10:32.190 1842 RALLYDEBUG rally_openstack.contexts.keystone.users [-] Creating 6 users using 20 threads
2019-07-10 19:10:35.075 1842 INFO rally.task.context [-] Task 5a04ac64-c29b-4375-914c-c9d809883f5b | Context users@openstack setup() finished in 4.94 sec
2019-07-10 19:10:35.499 1842 INFO rally.task.context [-] Task 5a04ac64-c29b-4375-914c-c9d809883f5b | Context api_versions@openstack setup() finished in 0.42 sec
2019-07-10 19:10:35.499 1842 INFO rally.task.context [-] Task 5a04ac64-c29b-4375-914c-c9d809883f5b | Context admin_cleanup@openstack setup() finished in 0.00 msec
2019-07-10 19:10:35.506 1842 RALLYDEBUG rally.task.runner [-] Starting the constant runner (task UUID: 5a04ac64-c29b-4375-914c-c9d809883f5b). timeout: 0 concurrency: 4 concurrency_per_worker: 1 times: 10 concurrency_overhead: 0 processes_to_start: 4 max_cpu_used: 16
2019-07-10 19:10:35.517 5110 RALLYDEBUG rally.task.runner [-] Starting a worker. concurrency: 1 args: {"consumer": "both", "write_iops_sec": "10", "read_iops_sec": "1000"} times: 10 method_name: run timeout: 0 duration: None cls:
2019-07-10 19:10:35.521 5110 INFO rally.task.runner [-] Task 5a04ac64-c29b-4375-914c-c9d809883f5b | ITER: 1 START
2019-07-10 19:10:35.522 5111 RALLYDEBUG rally.task.runner [-] Starting a worker. concurrency: 1 args: {"consumer": "both", "write_iops_sec": "10", "read_iops_sec": "1000"} times: 10 method_name: run timeout: 0 duration: None cls:
2019-07-10 19:10:35.525 5112 RALLYDEBUG rally.task.runner [-] Starting a worker. concurrency: 1 args: {"consumer": "both", "write_iops_sec": "10", "read_iops_sec": "1000"} times: 10 method_name: run timeout: 0 duration: None cls:
2019-07-10 19:10:35.528 5115 RALLYDEBUG rally.task.runner [-] Starting a worker. concurrency: 1 args: {"consumer": "both", "write_iops_sec": "10", "read_iops_sec": "1000"} times: 10 method_name: run timeout: 0 duration: None cls:
2019-07-10 19:10:35.529 5111 INFO rally.task.runner [-] Task 5a04ac64-c29b-4375-914c-c9d809883f5b | ITER: 2 START
2019-07-10 19:10:35.532 5112 INFO rally.task.runner [-] Task 5a04ac64-c29b-4375-914c-c9d809883f5b | ITER: 3 START
2019-07-10 19:10:35.536 5115 INFO rally.task.runner [-] Task 5a04ac64-c29b-4375-914c-c9d809883f5b | ITER: 4 START
2019-07-10 19:10:36.612 5112 INFO rally.task.runner [-] Task 5a04ac64-c29b-4375-914c-c9d809883f5b | ITER: 3 END: OK
2019-07-10 19:10:36.618 5111 INFO rally.task.runner [-] Task 5a04ac64-c29b-4375-914c-c9d809883f5b | ITER: 2 END: OK
2019-07-10 19:10:36.618 5112 INFO rally.task.runner [-] Task 5a04ac64-c29b-4375-914c-c9d809883f5b | ITER: 5 START
2019-07-10 19:10:36.623 5111 INFO rally.task.runner [-] Task 5a04ac64-c29b-4375-914c-c9d809883f5b | ITER: 6 START
2019-07-10 19:10:36.653 5110 INFO rally.task.runner [-] Task 5a04ac64-c29b-4375-914c-c9d809883f5b | ITER: 1 END: OK
2019-07-10 19:10:36.658 5110 INFO rally.task.runner [-] Task 5a04ac64-c29b-4375-914c-c9d809883f5b | ITER: 7 START
2019-07-10 19:10:36.765 5115 INFO rally.task.runner [-] Task 5a04ac64-c29b-4375-914c-c9d809883f5b | ITER: 4 END: OK
2019-07-10 19:10:36.770 5115 INFO rally.task.runner [-] Task 5a04ac64-c29b-4375-914c-c9d809883f5b | ITER: 8 START
2019-07-10 19:10:37.569 5110 INFO rally.task.runner [-] Task 5a04ac64-c29b-4375-914c-c9d809883f5b | ITER: 7 END: OK
2019-07-10 19:10:37.573 5110 INFO rally.task.runner [-] Task 5a04ac64-c29b-4375-914c-c9d809883f5b | ITER: 9 START
2019-07-10 19:10:37.669 5111 INFO rally.task.runner [-] Task 5a04ac64-c29b-4375-914c-c9d809883f5b | ITER: 6 END: OK
2019-07-10 19:10:37.674 5111 INFO rally.task.runner [-] Task 5a04ac64-c29b-4375-914c-c9d809883f5b | ITER: 10 START
2019-07-10 19:10:37.682 5112 INFO rally.task.runner [-] Task 5a04ac64-c29b-4375-914c-c9d809883f5b | ITER: 5 END: OK
2019-07-10 19:10:37.832 5115 INFO rally.task.runner [-] Task 5a04ac64-c29b-4375-914c-c9d809883f5b | ITER: 8 END: OK
2019-07-10 19:10:38.690 5110 INFO rally.task.runner [-] Task 5a04ac64-c29b-4375-914c-c9d809883f5b | ITER: 9 END: OK
2019-07-10 19:10:38.751 5111 INFO rally.task.runner [-] Task 5a04ac64-c29b-4375-914c-c9d809883f5b | ITER: 10 END: OK
2019-07-10 19:10:38.779 1842 INFO rally.task.context [-] Task 5a04ac64-c29b-4375-914c-c9d809883f5b | Context admin_cleanup@openstack cleanup() started
2019-07-10 19:10:38.782 1842 RALLYDEBUG rally_openstack.cleanup.manager [-] Cleaning up cinder volume_types objects
2019-07-10 19:10:39.521 1842 RALLYDEBUG rally_openstack.cleanup.manager [-] Cleaning up cinder image_volumes_cache objects
2019-07-10 19:10:40.899 1842 RALLYDEBUG rally_openstack.cleanup.manager [-] Cleaning up cinder quotas objects
2019-07-10 19:10:42.612 1842 RALLYDEBUG rally_openstack.cleanup.manager [-] Cleaning up cinder qos_specs objects
2019-07-10 19:10:43.366 1842 RALLYDEBUG rally_openstack.cleanup.manager [-] Deleting cinder.qos_specs object s_rally_d633bc5b_epO5EnQV (b15a790f-2653-4250-bc9b-7b0cdbe87720)
2019-07-10 19:10:43.373 1842 RALLYDEBUG rally_openstack.cleanup.manager [-] Deleting cinder.qos_specs object s_rally_d633bc5b_CGPx3uG8 (19305cfc-948a-4a5c-a6ca-8b20112e6d6f)
2019-07-10 19:10:43.374 1842 RALLYDEBUG rally_openstack.cleanup.manager [-] Deleting cinder.qos_specs object s_rally_d633bc5b_klyH2ePu (898a2436-586c-4c96-9849-cb4964d2ba8a)
2019-07-10 19:10:43.383 1842 RALLYDEBUG rally_openstack.cleanup.manager [-] Deleting cinder.qos_specs object s_rally_d633bc5b_4kbQrlYS (4b5eb9c0-e04a-43eb-aaa4-3699a0ab4fbe)
2019-07-10 19:10:43.388 1842 RALLYDEBUG rally_openstack.cleanup.manager [-] Deleting cinder.qos_specs object s_rally_d633bc5b_I659osU6 (5aa1cec0-7af0-4527-986b-b6a88b4d493b)
2019-07-10 19:10:43.405 1842 RALLYDEBUG rally_openstack.cleanup.manager [-] Deleting cinder.qos_specs object s_rally_d633bc5b_RFHsImTe (e3ce581f-01ed-4b0c-8002-98b8686aa468)
2019-07-10 19:10:43.410 1842 RALLYDEBUG rally_openstack.cleanup.manager [-] Deleting cinder.qos_specs object s_rally_d633bc5b_hOty6Saf (c16b7422-e194-4541-89dd-b26e65f5a365)
2019-07-10 19:10:43.416 1842 RALLYDEBUG rally_openstack.cleanup.manager [-] Deleting cinder.qos_specs object s_rally_d633bc5b_jKiRqeQF (3bba550e-444c-424e-875d-c0444276232c)
2019-07-10 19:10:43.430 1842 RALLYDEBUG rally_openstack.cleanup.manager [-] Deleting cinder.qos_specs object s_rally_d633bc5b_3A4yMdMx (7722454b-117e-4340-80d9-47bb810a5eda)
2019-07-10 19:10:43.433 1842 RALLYDEBUG rally_openstack.cleanup.manager [-] Deleting cinder.qos_specs object s_rally_d633bc5b_7hFOJFCI (b3ea522a-6dcc-416e-b1bd-3ebfe079de88)
2019-07-10 19:10:45.794 1842 INFO rally.task.context [-] Task 5a04ac64-c29b-4375-914c-c9d809883f5b | Context admin_cleanup@openstack cleanup() finished in 7.01 sec
2019-07-10 19:10:45.794 1842 INFO rally.task.context [-] Task 5a04ac64-c29b-4375-914c-c9d809883f5b | Context api_versions@openstack cleanup() started
2019-07-10 19:10:45.795 1842 INFO rally.task.context [-] Task 5a04ac64-c29b-4375-914c-c9d809883f5b | Context api_versions@openstack cleanup() finished in 0.31 msec
2019-07-10 19:10:45.795 1842 INFO rally.task.context [-] Task 5a04ac64-c29b-4375-914c-c9d809883f5b | Context users@openstack cleanup() started
2019-07-10 19:10:54.071 1842 INFO rally.task.context [-] Task 5a04ac64-c29b-4375-914c-c9d809883f5b | Context users@openstack cleanup() finished in 8.28 sec
2019-07-10 19:10:54.238 1842 INFO rally.task.engine [-] Load duration is: 3.227902
2019-07-10 19:10:54.238 1842 INFO rally.task.engine [-] Full runner duration is: 3.273247
2019-07-10 19:10:54.239 1842 INFO rally.task.engine [-] Full duration is: 23.942682
2019-07-10 19:10:54.468 1842 INFO rally.task.engine [-] Running workload: position = 0 config = { "version": 2, "title": "A cropped version of a bigger task.", "description": "Auto-generated task from a single workload (uuid=772408f9-bb76-447e-beef-b1697f7dfa19)", "subtasks": [ { "title": "CinderQos.create_and_list_qos", "description": "Create a qos, then list all qos.", "scenario": { "CinderQos.create_and_list_qos": { "consumer": "both", "write_iops_sec": "10", "read_iops_sec": "1000" } }, "contexts": { "users": { "tenants": 3, "users_per_tenant": 2 }, "api_versions": { "cinder": { "version": 3, "service_type": "volumev3" } } }, "runner": { "constant": { "concurrency": 4, "times": 10 } }, "hooks": [], "sla": { "failure_rate": { "max": 0 } } } ] }
2019-07-10 19:10:54.489 1842 RALLYDEBUG rally_openstack.contexts.keystone.users [-] Creating 3 tenants using 20 threads
2019-07-10 19:10:56.238 1842 RALLYDEBUG rally_openstack.contexts.keystone.users [-] Creating 6 users using 20 threads
2019-07-10 19:10:58.969 1842 INFO rally.task.context [-] Task 5a04ac64-c29b-4375-914c-c9d809883f5b | Context users@openstack setup() finished in 4.48 sec
2019-07-10 19:10:59.402 1842 INFO rally.task.context [-] Task 5a04ac64-c29b-4375-914c-c9d809883f5b | Context api_versions@openstack setup() finished in 0.43 sec
2019-07-10 19:10:59.403 1842 INFO rally.task.context [-] Task 5a04ac64-c29b-4375-914c-c9d809883f5b | Context admin_cleanup@openstack setup() finished in 0.00 msec
2019-07-10 19:10:59.410 1842 RALLYDEBUG rally.task.runner [-] Starting the constant runner (task UUID: 5a04ac64-c29b-4375-914c-c9d809883f5b). timeout: 0 concurrency: 4 concurrency_per_worker: 1 times: 10 concurrency_overhead: 0 processes_to_start: 4 max_cpu_used: 16
2019-07-10 19:10:59.420 5294 RALLYDEBUG rally.task.runner [-] Starting a worker. concurrency: 1 args: {"consumer": "both", "write_iops_sec": "10", "read_iops_sec": "1000"} times: 10 method_name: run timeout: 0 duration: None cls:
2019-07-10 19:10:59.426 5294 INFO rally.task.runner [-] Task 5a04ac64-c29b-4375-914c-c9d809883f5b | ITER: 1 START
2019-07-10 19:10:59.426 5295 RALLYDEBUG rally.task.runner [-] Starting a worker. concurrency: 1 args: {"consumer": "both", "write_iops_sec": "10", "read_iops_sec": "1000"} times: 10 method_name: run timeout: 0 duration: None cls:
2019-07-10 19:10:59.430 5296 RALLYDEBUG rally.task.runner [-] Starting a worker. concurrency: 1 args: {"consumer": "both", "write_iops_sec": "10", "read_iops_sec": "1000"} times: 10 method_name: run timeout: 0 duration: None cls:
2019-07-10 19:10:59.434 5295 INFO rally.task.runner [-] Task 5a04ac64-c29b-4375-914c-c9d809883f5b | ITER: 2 START
2019-07-10 19:10:59.433 5298 RALLYDEBUG rally.task.runner [-] Starting a worker. concurrency: 1 args: {"consumer": "both", "write_iops_sec": "10", "read_iops_sec": "1000"} times: 10 method_name: run timeout: 0 duration: None cls:
2019-07-10 19:10:59.438 5296 INFO rally.task.runner [-] Task 5a04ac64-c29b-4375-914c-c9d809883f5b | ITER: 3 START
2019-07-10 19:10:59.441 5298 INFO rally.task.runner [-] Task 5a04ac64-c29b-4375-914c-c9d809883f5b | ITER: 4 START
2019-07-10 19:11:00.527 5295 INFO rally.task.runner [-] Task 5a04ac64-c29b-4375-914c-c9d809883f5b | ITER: 2 END: OK
2019-07-10 19:11:00.532 5295 INFO rally.task.runner [-] Task 5a04ac64-c29b-4375-914c-c9d809883f5b | ITER: 5 START
2019-07-10 19:11:00.555 5298 INFO rally.task.runner [-] Task 5a04ac64-c29b-4375-914c-c9d809883f5b | ITER: 4 END: OK
2019-07-10 19:11:00.560 5298 INFO rally.task.runner [-] Task 5a04ac64-c29b-4375-914c-c9d809883f5b | ITER: 6 START
2019-07-10 19:11:00.589 5296 INFO rally.task.runner [-] Task 5a04ac64-c29b-4375-914c-c9d809883f5b | ITER: 3 END: OK
2019-07-10 19:11:00.594 5296 INFO rally.task.runner [-] Task 5a04ac64-c29b-4375-914c-c9d809883f5b | ITER: 7 START
2019-07-10 19:11:00.652 5294 INFO rally.task.runner [-] Task 5a04ac64-c29b-4375-914c-c9d809883f5b | ITER: 1 END: OK
2019-07-10 19:11:00.657 5294 INFO rally.task.runner [-] Task 5a04ac64-c29b-4375-914c-c9d809883f5b | ITER: 8 START
2019-07-10 19:11:01.635 5295 INFO rally.task.runner [-] Task 5a04ac64-c29b-4375-914c-c9d809883f5b | ITER: 5 END: OK
2019-07-10 19:11:01.636 5296 INFO rally.task.runner [-] Task 5a04ac64-c29b-4375-914c-c9d809883f5b | ITER: 7 END: OK
2019-07-10 19:11:01.639 5295 INFO rally.task.runner [-] Task 5a04ac64-c29b-4375-914c-c9d809883f5b | ITER: 9 START
2019-07-10 19:11:01.641 5296 INFO rally.task.runner [-] Task 5a04ac64-c29b-4375-914c-c9d809883f5b | ITER: 10 START
2019-07-10 19:11:01.779 5294 INFO rally.task.runner [-] Task 5a04ac64-c29b-4375-914c-c9d809883f5b | ITER: 8 END: OK
2019-07-10 19:11:01.809 5298 INFO rally.task.runner [-] Task 5a04ac64-c29b-4375-914c-c9d809883f5b | ITER: 6 END: OK
2019-07-10 19:11:02.532 5296 INFO rally.task.runner [-] Task 5a04ac64-c29b-4375-914c-c9d809883f5b | ITER: 10 END: OK
2019-07-10 19:11:02.597 5295 INFO rally.task.runner [-] Task 5a04ac64-c29b-4375-914c-c9d809883f5b | ITER: 9 END: OK
2019-07-10 19:11:02.623 1842 INFO rally.task.context [-] Task 5a04ac64-c29b-4375-914c-c9d809883f5b | Context admin_cleanup@openstack cleanup() started
2019-07-10 19:11:02.625 1842 RALLYDEBUG rally_openstack.cleanup.manager [-] Cleaning up cinder volume_types objects
2019-07-10 19:11:03.303 1842 RALLYDEBUG rally_openstack.cleanup.manager [-] Cleaning up cinder image_volumes_cache objects
2019-07-10 19:11:04.684 1842 RALLYDEBUG rally_openstack.cleanup.manager [-] Cleaning up cinder quotas objects
2019-07-10 19:11:06.522 1842 RALLYDEBUG rally_openstack.cleanup.manager [-] Cleaning up cinder qos_specs objects
2019-07-10 19:11:07.291 1842 RALLYDEBUG rally_openstack.cleanup.manager [-] Deleting cinder.qos_specs object s_rally_772408f9_wWeyePKO (0815c036-d843-4f7a-89f4-d0b7531abaf4)
2019-07-10 19:11:07.298 1842 RALLYDEBUG rally_openstack.cleanup.manager [-] Deleting cinder.qos_specs object s_rally_772408f9_bQavyey8 (00c7517a-4552-42fa-a1ff-89bea6e3b49a)
2019-07-10 19:11:07.305 1842 RALLYDEBUG rally_openstack.cleanup.manager [-] Deleting cinder.qos_specs object s_rally_772408f9_b86jVRvD (e52e17cf-ae50-464d-a6f7-90b3f064eb95)
2019-07-10 19:11:07.308 1842 RALLYDEBUG rally_openstack.cleanup.manager [-] Deleting cinder.qos_specs object s_rally_772408f9_DUPNEAhq (dbb0c3a3-0b1e-41cf-928a-68a0d62dc11b)
2019-07-10 19:11:07.320 1842 RALLYDEBUG rally_openstack.cleanup.manager [-] Deleting cinder.qos_specs object s_rally_772408f9_LMnnupJ3 (a3799afd-3279-46ec-93bd-5964af1b861b)
2019-07-10 19:11:07.331 1842 RALLYDEBUG rally_openstack.cleanup.manager [-] Deleting cinder.qos_specs object s_rally_772408f9_bY0ANGo5 (34331d53-cc9d-4843-9390-96bdf9b24c26)
2019-07-10 19:11:07.337 1842 RALLYDEBUG rally_openstack.cleanup.manager [-] Deleting cinder.qos_specs object s_rally_772408f9_Cj4n2iAA (f81bcb55-ec6e-4f78-8ab9-048acf56fd2b)
2019-07-10 19:11:07.353 1842 RALLYDEBUG rally_openstack.cleanup.manager [-] Deleting cinder.qos_specs object s_rally_772408f9_MtNMIvSW (edb684d6-97c7-4368-bf0c-daf235125cf9)
2019-07-10 19:11:07.367 1842 RALLYDEBUG rally_openstack.cleanup.manager [-] Deleting cinder.qos_specs object s_rally_772408f9_fJj6B12Z (72940125-d76b-4a78-b3f1-db15b4423503)
2019-07-10 19:11:07.370 1842 RALLYDEBUG rally_openstack.cleanup.manager [-] Deleting cinder.qos_specs object s_rally_772408f9_E0MKnZvT (3df7feed-420b-4eda-a0b7-1d39cceb5922)
2019-07-10 19:11:09.715 1842 INFO rally.task.context [-] Task 5a04ac64-c29b-4375-914c-c9d809883f5b | Context admin_cleanup@openstack cleanup() finished in 7.09 sec
2019-07-10 19:11:09.716 1842 INFO rally.task.context [-] Task 5a04ac64-c29b-4375-914c-c9d809883f5b | Context api_versions@openstack cleanup() started
2019-07-10 19:11:09.716 1842 INFO rally.task.context [-] Task 5a04ac64-c29b-4375-914c-c9d809883f5b | Context api_versions@openstack cleanup() finished in 0.36 msec
2019-07-10 19:11:09.717 1842 INFO rally.task.context [-] Task 5a04ac64-c29b-4375-914c-c9d809883f5b | Context users@openstack cleanup() started
2019-07-10 19:11:17.645 1842 INFO rally.task.context [-] Task 5a04ac64-c29b-4375-914c-c9d809883f5b | Context users@openstack cleanup() finished in 7.93 sec
2019-07-10 19:11:18.605 1842 INFO rally.task.engine [-] Load duration is: 3.166485
2019-07-10 19:11:18.605 1842 INFO rally.task.engine [-] Full runner duration is: 3.212946
2019-07-10 19:11:18.605 1842 INFO rally.task.engine [-] Full duration is: 23.158622
2019-07-10 19:11:18.833 1842 INFO rally.task.engine [-] Running workload: position = 0 config = { "version": 2, "title": "A cropped version of a bigger task.", "description": "Auto-generated task from a single workload (uuid=1a1a41f1-9745-4914-b8ad-3a610c6c0d85)", "subtasks": [ { "title": "CinderQos.create_and_set_qos", "description": "Create a qos, then Add/Update keys in qos specs.", "scenario": { "CinderQos.create_and_set_qos": { "consumer": "back-end", "write_iops_sec": "10", "read_iops_sec": "1000", "set_consumer": "both", "set_write_iops_sec": "11", "set_read_iops_sec": "1001" } }, "contexts": { "users": { "tenants": 3, "users_per_tenant": 2 }, "api_versions": { "cinder": { "version": 3, "service_type": "volumev3" } } }, "runner": { "constant": { "concurrency": 4, "times": 10 } }, "hooks": [], "sla": { "failure_rate": { "max": 0 } } } ] }
2019-07-10 19:11:18.858 1842 RALLYDEBUG rally_openstack.contexts.keystone.users [-] Creating 3 tenants using 20 threads
2019-07-10 19:11:20.891 1842 RALLYDEBUG rally_openstack.contexts.keystone.users [-] Creating 6 users using 20 threads
2019-07-10 19:11:23.640 1842 INFO rally.task.context [-] Task 5a04ac64-c29b-4375-914c-c9d809883f5b | Context users@openstack setup() finished in 4.78 sec
2019-07-10 19:11:24.074 1842 INFO rally.task.context [-] Task 5a04ac64-c29b-4375-914c-c9d809883f5b | Context api_versions@openstack setup() finished in 0.43 sec
2019-07-10 19:11:24.075 1842 INFO rally.task.context [-] Task 5a04ac64-c29b-4375-914c-c9d809883f5b | Context admin_cleanup@openstack setup() finished in 0.01 msec
2019-07-10 19:11:24.082 1842 RALLYDEBUG rally.task.runner [-] Starting the constant runner (task UUID: 5a04ac64-c29b-4375-914c-c9d809883f5b). timeout: 0 concurrency: 4 concurrency_per_worker: 1 times: 10 concurrency_overhead: 0 processes_to_start: 4 max_cpu_used: 16
2019-07-10 19:11:24.095 5478 RALLYDEBUG rally.task.runner [-] Starting a worker. concurrency: 1 args: {"consumer": "back-end", "write_iops_sec": "10", "read_iops_sec": "1000", "set_consumer": "both", "set_write_iops_sec": "11", "set_read_iops_sec": "1001"} times: 10 method_name: run timeout: 0 duration: None cls:
2019-07-10 19:11:24.096 5479 RALLYDEBUG rally.task.runner [-] Starting a worker. concurrency: 1 args: {"consumer": "back-end", "write_iops_sec": "10", "read_iops_sec": "1000", "set_consumer": "both", "set_write_iops_sec": "11", "set_read_iops_sec": "1001"} times: 10 method_name: run timeout: 0 duration: None cls:
2019-07-10 19:11:24.098 5480 RALLYDEBUG rally.task.runner [-] Starting a worker. concurrency: 1 args: {"consumer": "back-end", "write_iops_sec": "10", "read_iops_sec": "1000", "set_consumer": "both", "set_write_iops_sec": "11", "set_read_iops_sec": "1001"} times: 10 method_name: run timeout: 0 duration: None cls:
2019-07-10 19:11:24.102 5479 INFO rally.task.runner [-] Task 5a04ac64-c29b-4375-914c-c9d809883f5b | ITER: 2 START
2019-07-10 19:11:24.102 5478 INFO rally.task.runner [-] Task 5a04ac64-c29b-4375-914c-c9d809883f5b | ITER: 1 START
2019-07-10 19:11:24.103 5480 INFO rally.task.runner [-] Task 5a04ac64-c29b-4375-914c-c9d809883f5b | ITER: 3 START
2019-07-10 19:11:24.105 5481 RALLYDEBUG rally.task.runner [-] Starting a worker. concurrency: 1 args: {"consumer": "back-end", "write_iops_sec": "10", "read_iops_sec": "1000", "set_consumer": "both", "set_write_iops_sec": "11", "set_read_iops_sec": "1001"} times: 10 method_name: run timeout: 0 duration: None cls:
2019-07-10 19:11:24.112 5481 INFO rally.task.runner [-] Task 5a04ac64-c29b-4375-914c-c9d809883f5b | ITER: 4 START
2019-07-10 19:11:25.318 5480 INFO rally.task.runner [-] Task 5a04ac64-c29b-4375-914c-c9d809883f5b | ITER: 3 END: OK
2019-07-10 19:11:25.324 5480 INFO rally.task.runner [-] Task 5a04ac64-c29b-4375-914c-c9d809883f5b | ITER: 5 START
2019-07-10 19:11:25.353 5481 INFO rally.task.runner [-] Task 5a04ac64-c29b-4375-914c-c9d809883f5b | ITER: 4 END: OK
2019-07-10 19:11:25.354 5478 INFO rally.task.runner [-] Task 5a04ac64-c29b-4375-914c-c9d809883f5b | ITER: 1 END: OK
2019-07-10 19:11:25.359 5481 INFO rally.task.runner [-] Task 5a04ac64-c29b-4375-914c-c9d809883f5b | ITER: 6 START
2019-07-10 19:11:25.360 5478 INFO rally.task.runner [-] Task 5a04ac64-c29b-4375-914c-c9d809883f5b | ITER: 7 START
2019-07-10 19:11:25.527 5479 INFO rally.task.runner [-] Task 5a04ac64-c29b-4375-914c-c9d809883f5b | ITER: 2 END: OK
2019-07-10 19:11:25.532 5479 INFO rally.task.runner [-] Task 5a04ac64-c29b-4375-914c-c9d809883f5b | ITER: 8 START
2019-07-10 19:11:26.472 5480 INFO rally.task.runner [-] Task 5a04ac64-c29b-4375-914c-c9d809883f5b | ITER: 5 END: OK
2019-07-10 19:11:26.477 5480 INFO rally.task.runner [-] Task 5a04ac64-c29b-4375-914c-c9d809883f5b | ITER: 9 START
2019-07-10 19:11:26.484 5481 INFO rally.task.runner [-] Task 5a04ac64-c29b-4375-914c-c9d809883f5b | ITER: 6 END: OK
2019-07-10 19:11:26.489 5481 INFO rally.task.runner [-] Task 5a04ac64-c29b-4375-914c-c9d809883f5b | ITER: 10 START
2019-07-10 19:11:26.538 5478 INFO rally.task.runner [-] Task 5a04ac64-c29b-4375-914c-c9d809883f5b | ITER: 7 END: OK
2019-07-10 19:11:26.664 5479 INFO rally.task.runner [-] Task 5a04ac64-c29b-4375-914c-c9d809883f5b | ITER: 8 END: OK
2019-07-10 19:11:27.568 5480 INFO rally.task.runner [-] Task 5a04ac64-c29b-4375-914c-c9d809883f5b | ITER: 9 END: OK
2019-07-10 19:11:27.622 5481 INFO rally.task.runner [-] Task 5a04ac64-c29b-4375-914c-c9d809883f5b | ITER: 10 END: OK
2019-07-10 19:11:27.645 1842 INFO rally.task.context [-] Task 5a04ac64-c29b-4375-914c-c9d809883f5b | Context admin_cleanup@openstack cleanup() started
2019-07-10 19:11:27.648 1842 RALLYDEBUG rally_openstack.cleanup.manager [-] Cleaning up cinder volume_types objects
2019-07-10 19:11:28.314 1842 RALLYDEBUG rally_openstack.cleanup.manager [-] Cleaning up cinder image_volumes_cache objects
2019-07-10 19:11:29.631 1842 RALLYDEBUG rally_openstack.cleanup.manager [-] Cleaning up cinder quotas objects
2019-07-10 19:11:31.426 1842 RALLYDEBUG rally_openstack.cleanup.manager [-] Cleaning up cinder qos_specs objects
2019-07-10 19:11:32.141 1842 RALLYDEBUG rally_openstack.cleanup.manager [-] Deleting cinder.qos_specs object s_rally_1a1a41f1_AFQTTH7U (d7859c9e-f960-40c2-a483-caa38961bcc4)
2019-07-10 19:11:32.146 1842 RALLYDEBUG rally_openstack.cleanup.manager [-] Deleting cinder.qos_specs object s_rally_1a1a41f1_VzMo1alc (4d47cb3f-0614-48da-8323-1477caadf686)
2019-07-10 19:11:32.155 1842 RALLYDEBUG rally_openstack.cleanup.manager [-] Deleting cinder.qos_specs object s_rally_1a1a41f1_Ttr89uPx (89188278-e8a3-4c9e-9aa2-18e90110670d)
2019-07-10 19:11:32.161 1842 RALLYDEBUG rally_openstack.cleanup.manager [-] Deleting cinder.qos_specs object s_rally_1a1a41f1_1SwUp7AZ (ac16416f-708c-40c6-af97-dd00a25afe57)
2019-07-10 19:11:32.175 1842 RALLYDEBUG rally_openstack.cleanup.manager [-] Deleting cinder.qos_specs object s_rally_1a1a41f1_JxLKqKa5 (293ed3bd-2217-44d9-a337-31323a0061f8)
2019-07-10 19:11:32.177 1842 RALLYDEBUG rally_openstack.cleanup.manager [-] Deleting cinder.qos_specs object s_rally_1a1a41f1_9h3RPMvU (4fe49c33-d44f-43c5-bade-306d940a5aad)
2019-07-10 19:11:32.182 1842 RALLYDEBUG rally_openstack.cleanup.manager [-] Deleting cinder.qos_specs object s_rally_1a1a41f1_6vxDHSR6 (a72d890c-0ce1-4978-a389-afc2a26502a6)
2019-07-10 19:11:32.191 1842 RALLYDEBUG rally_openstack.cleanup.manager [-] Deleting cinder.qos_specs object s_rally_1a1a41f1_wi4119XM (8dfc3e7b-91c3-44a8-a26e-45ede2bdd1a7)
2019-07-10 19:11:32.206 1842 RALLYDEBUG rally_openstack.cleanup.manager [-] Deleting cinder.qos_specs object s_rally_1a1a41f1_YmVNN6dG (5d132ab1-24d4-4ee7-b12a-7cdda084af1c)
2019-07-10 19:11:32.217 1842 RALLYDEBUG rally_openstack.cleanup.manager [-] Deleting cinder.qos_specs object s_rally_1a1a41f1_jhrPqFPR (1aee1806-f339-4049-ae05-267ee79d9669)
2019-07-10 19:11:34.580 1842 INFO rally.task.context [-] Task 5a04ac64-c29b-4375-914c-c9d809883f5b | Context admin_cleanup@openstack cleanup() finished in 6.93 sec
2019-07-10 19:11:34.581 1842 INFO rally.task.context [-] Task 5a04ac64-c29b-4375-914c-c9d809883f5b | Context api_versions@openstack cleanup() started
2019-07-10 19:11:34.581 1842 INFO rally.task.context [-] Task 5a04ac64-c29b-4375-914c-c9d809883f5b | Context api_versions@openstack cleanup() finished in 0.32 msec
2019-07-10 19:11:34.582 1842 INFO rally.task.context [-] Task 5a04ac64-c29b-4375-914c-c9d809883f5b | Context users@openstack cleanup() started
2019-07-10 19:11:42.633 1842 INFO rally.task.context [-] Task 5a04ac64-c29b-4375-914c-c9d809883f5b | Context users@openstack cleanup() finished in 8.05 sec
2019-07-10 19:11:42.964 1842 INFO rally.task.engine [-] Load duration is: 3.516825
2019-07-10 19:11:42.965 1842 INFO rally.task.engine [-] Full runner duration is: 3.563954
2019-07-10 19:11:42.965 1842 INFO rally.task.engine [-] Full duration is: 23.779434
2019-07-10 19:11:43.230 1842 INFO rally.task.engine [-] Running workload: position = 0 config = { "version": 2, "title": "A cropped version of a bigger task.", "description": "Auto-generated task from a single workload (uuid=a2ec7a6a-8a97-4e42-af16-4d8a4f00b1e4)", "subtasks": [ { "title": "CinderVolumeTypes.create_and_get_volume_type", "description": "Create a volume Type, then get the details of the type.", "scenario": { "CinderVolumeTypes.create_and_get_volume_type": { "description": "rally tests creating types" } }, "contexts": { "users": { "tenants": 3, "users_per_tenant": 2 }, "api_versions": { "cinder": { "version": 3, "service_type": "volumev3" } } }, "runner": { "constant": { "concurrency": 4, "times": 10 } }, "hooks": [], "sla": { "failure_rate": { "max": 0 } } } ] }
2019-07-10 19:11:43.253 1842 RALLYDEBUG rally_openstack.contexts.keystone.users [-] Creating 3 tenants using 20 threads
2019-07-10 19:11:45.101 1842 RALLYDEBUG rally_openstack.contexts.keystone.users [-] Creating 6 users using 20 threads
2019-07-10 19:11:47.997 1842 INFO rally.task.context [-] Task 5a04ac64-c29b-4375-914c-c9d809883f5b | Context users@openstack setup() finished in 4.74 sec
2019-07-10 19:11:48.425 1842 INFO rally.task.context [-] Task 5a04ac64-c29b-4375-914c-c9d809883f5b | Context api_versions@openstack setup() finished in 0.43 sec
2019-07-10 19:11:48.425 1842 INFO rally.task.context [-] Task 5a04ac64-c29b-4375-914c-c9d809883f5b | Context admin_cleanup@openstack setup() finished in 0.00 msec
2019-07-10 19:11:48.432 1842 RALLYDEBUG rally.task.runner [-] Starting the constant runner (task UUID: 5a04ac64-c29b-4375-914c-c9d809883f5b). timeout: 0 concurrency: 4 concurrency_per_worker: 1 times: 10 concurrency_overhead: 0 processes_to_start: 4 max_cpu_used: 16
2019-07-10 19:11:48.445 5662 RALLYDEBUG rally.task.runner [-] Starting a worker. concurrency: 1 args: {"description": "rally tests creating types"} times: 10 method_name: run timeout: 0 duration: None cls:
2019-07-10 19:11:48.447 5663 RALLYDEBUG rally.task.runner [-] Starting a worker. concurrency: 1 args: {"description": "rally tests creating types"} times: 10 method_name: run timeout: 0 duration: None cls:
2019-07-10 19:11:48.451 5664 RALLYDEBUG rally.task.runner [-] Starting a worker. concurrency: 1 args: {"description": "rally tests creating types"} times: 10 method_name: run timeout: 0 duration: None cls:
2019-07-10 19:11:48.452 5662 INFO rally.task.runner [-] Task 5a04ac64-c29b-4375-914c-c9d809883f5b | ITER: 1 START
2019-07-10 19:11:48.452 5663 INFO rally.task.runner [-] Task 5a04ac64-c29b-4375-914c-c9d809883f5b | ITER: 2 START
2019-07-10 19:11:48.453 5665 RALLYDEBUG rally.task.runner [-] Starting a worker. concurrency: 1 args: {"description": "rally tests creating types"} times: 10 method_name: run timeout: 0 duration: None cls:
2019-07-10 19:11:48.458 5665 INFO rally.task.runner [-] Task 5a04ac64-c29b-4375-914c-c9d809883f5b | ITER: 4 START
2019-07-10 19:11:48.458 5664 INFO rally.task.runner [-] Task 5a04ac64-c29b-4375-914c-c9d809883f5b | ITER: 3 START
2019-07-10 19:11:49.546 5665 INFO rally.task.runner [-] Task 5a04ac64-c29b-4375-914c-c9d809883f5b | ITER: 4 END: OK
2019-07-10 19:11:49.551 5665 INFO rally.task.runner [-] Task 5a04ac64-c29b-4375-914c-c9d809883f5b | ITER: 5 START
2019-07-10 19:11:49.566 5663 INFO rally.task.runner [-] Task 5a04ac64-c29b-4375-914c-c9d809883f5b | ITER: 2 END: OK
2019-07-10 19:11:49.571 5663 INFO rally.task.runner [-] Task 5a04ac64-c29b-4375-914c-c9d809883f5b | ITER: 6 START
2019-07-10 19:11:49.577 5664 INFO rally.task.runner [-] Task 5a04ac64-c29b-4375-914c-c9d809883f5b | ITER: 3 END: OK
2019-07-10 19:11:49.582 5664 INFO rally.task.runner [-] Task 5a04ac64-c29b-4375-914c-c9d809883f5b | ITER: 7 START
2019-07-10 19:11:49.638 5662 INFO rally.task.runner [-] Task 5a04ac64-c29b-4375-914c-c9d809883f5b | ITER: 1 END: OK
2019-07-10 19:11:49.643 5662 INFO rally.task.runner [-] Task 5a04ac64-c29b-4375-914c-c9d809883f5b | ITER: 8 START
2019-07-10 19:11:50.567 5663 INFO rally.task.runner [-] Task 5a04ac64-c29b-4375-914c-c9d809883f5b | ITER: 6 END: OK
2019-07-10 19:11:50.573 5663 INFO rally.task.runner [-] Task 5a04ac64-c29b-4375-914c-c9d809883f5b | ITER: 9 START
2019-07-10 19:11:50.690 5664 INFO rally.task.runner [-] Task 5a04ac64-c29b-4375-914c-c9d809883f5b | ITER: 7 END: OK
2019-07-10 19:11:50.694 5664 INFO rally.task.runner [-] Task 5a04ac64-c29b-4375-914c-c9d809883f5b | ITER: 10 START
2019-07-10 19:11:50.733 5662 INFO rally.task.runner [-] Task 5a04ac64-c29b-4375-914c-c9d809883f5b | ITER: 8 END: OK
2019-07-10 19:11:50.752 5665 INFO rally.task.runner [-] Task 5a04ac64-c29b-4375-914c-c9d809883f5b | ITER: 5 END: OK
2019-07-10 19:11:51.456 5663 INFO rally.task.runner [-] Task 5a04ac64-c29b-4375-914c-c9d809883f5b | ITER: 9 END: OK
2019-07-10 19:11:51.853 5664 INFO rally.task.runner [-] Task 5a04ac64-c29b-4375-914c-c9d809883f5b | ITER: 10 END: OK
2019-07-10 19:11:51.881 1842 INFO rally.task.context [-] Task 5a04ac64-c29b-4375-914c-c9d809883f5b | Context admin_cleanup@openstack cleanup() started
2019-07-10 19:11:51.884 1842 RALLYDEBUG rally_openstack.cleanup.manager [-] Cleaning up cinder volume_types objects
2019-07-10 19:11:52.659 1842 RALLYDEBUG rally_openstack.cleanup.manager [-] Deleting cinder.volume_types object s_rally_a2ec7a6a_FbhPMg3M (9f007f1e-4cd4-48a9-9daa-cd2833430b8a)
2019-07-10 19:11:52.659 1842 RALLYDEBUG rally_openstack.cleanup.manager [-] Deleting cinder.volume_types object s_rally_a2ec7a6a_x6moHAUV (adb20c14-40d1-4294-94d6-56dbdc8c64a5)
2019-07-10 19:11:52.662 1842 RALLYDEBUG rally_openstack.cleanup.manager [-] Deleting cinder.volume_types object s_rally_a2ec7a6a_PQF3Wp1I (5a1e94bb-9a75-4179-bc12-288b24eed3df)
2019-07-10 19:11:52.662 1842 RALLYDEBUG rally_openstack.cleanup.manager [-] Deleting cinder.volume_types object s_rally_a2ec7a6a_T6q7nuEe (2cae3b22-eb82-4c1d-90ad-0f9ae86fe999)
2019-07-10 19:11:52.667 1842 RALLYDEBUG rally_openstack.cleanup.manager [-] Deleting cinder.volume_types object s_rally_a2ec7a6a_89NihQcf (9d29f925-9cc5-4bde-96a7-d522f8940b1f)
2019-07-10 19:11:52.669 1842 RALLYDEBUG rally_openstack.cleanup.manager [-] Deleting cinder.volume_types object s_rally_a2ec7a6a_ywTAlmrR (7b002adf-3f95-429c-8bee-544b6553904c)
2019-07-10 19:11:52.678 1842 RALLYDEBUG rally_openstack.cleanup.manager [-] Deleting cinder.volume_types object s_rally_a2ec7a6a_IpzVTOLk (2f875964-d84e-4917-9bfe-f033da8901fd)
2019-07-10 19:11:52.680 1842 RALLYDEBUG rally_openstack.cleanup.manager [-] Deleting cinder.volume_types object s_rally_a2ec7a6a_cwdDXXtt (fbef16c6-e752-48ff-b4f7-e93a3ebb3ee1)
2019-07-10 19:11:52.682 1842 RALLYDEBUG rally_openstack.cleanup.manager [-] Deleting cinder.volume_types object s_rally_a2ec7a6a_zzwHoWTM (211342eb-90b0-46dc-8ee7-962084bfa23b)
2019-07-10 19:11:52.687 1842 RALLYDEBUG rally_openstack.cleanup.manager [-] Deleting cinder.volume_types object s_rally_a2ec7a6a_2Na9uno7 (41d432ae-3f63-44d0-b768-955046df4269)
2019-07-10 19:11:54.955 1842 RALLYDEBUG rally_openstack.cleanup.manager [-] Cleaning up cinder image_volumes_cache objects
2019-07-10 19:11:56.259 1842 RALLYDEBUG rally_openstack.cleanup.manager [-] Cleaning up cinder quotas objects
2019-07-10 19:11:57.985 1842 RALLYDEBUG rally_openstack.cleanup.manager [-] Cleaning up cinder qos_specs objects
2019-07-10 19:11:58.825 1842 INFO rally.task.context [-] Task 5a04ac64-c29b-4375-914c-c9d809883f5b | Context admin_cleanup@openstack cleanup() finished in 6.94 sec
2019-07-10 19:11:58.825 1842 INFO rally.task.context [-] Task 5a04ac64-c29b-4375-914c-c9d809883f5b | Context api_versions@openstack cleanup() started
2019-07-10 19:11:58.825 1842 INFO rally.task.context [-] Task 5a04ac64-c29b-4375-914c-c9d809883f5b | Context api_versions@openstack cleanup() finished in 0.32 msec
2019-07-10 19:11:58.826 1842 INFO rally.task.context [-] Task 5a04ac64-c29b-4375-914c-c9d809883f5b | Context users@openstack cleanup() started
2019-07-10 19:12:06.741 1842 INFO rally.task.context [-] Task 5a04ac64-c29b-4375-914c-c9d809883f5b | Context users@openstack cleanup() finished in 7.92 sec
2019-07-10 19:12:07.376 1842 INFO rally.task.engine [-] Load duration is: 3.396624
2019-07-10 19:12:07.377 1842 INFO rally.task.engine [-] Full runner duration is: 3.449277
2019-07-10 19:12:07.377 1842 INFO rally.task.engine [-] Full duration is: 23.490475
2019-07-10 19:12:07.648 1842 INFO rally.task.engine [-] Running workload: position = 0 config = { "version": 2, "title": "A cropped version of a bigger task.", "description": "Auto-generated task from a single workload (uuid=00aea8f8-eb8d-4d99-9870-5acb37b4067f)", "subtasks": [ { "title": "CinderVolumeTypes.create_and_list_volume_types", "description": "Create a volume Type, then list all types.", "scenario": { "CinderVolumeTypes.create_and_list_volume_types": { "description": "rally tests creating types" } }, "contexts": { "users": { "tenants": 3, "users_per_tenant": 2 }, "api_versions": { "cinder": { "version": 3, "service_type": "volumev3" } } }, "runner": { "constant": { "concurrency": 4, "times": 10 } }, "hooks": [], "sla": { "failure_rate": { "max": 0 } } } ] }
2019-07-10 19:12:07.672 1842 RALLYDEBUG rally_openstack.contexts.keystone.users [-] Creating 3 tenants using 20 threads
2019-07-10 19:12:09.771 1842 RALLYDEBUG rally_openstack.contexts.keystone.users [-] Creating 6 users using 20 threads
2019-07-10 19:12:12.606 1842 INFO rally.task.context [-] Task 5a04ac64-c29b-4375-914c-c9d809883f5b | Context users@openstack setup() finished in 4.93 sec
2019-07-10 19:12:13.037 1842 INFO rally.task.context [-] Task 5a04ac64-c29b-4375-914c-c9d809883f5b | Context api_versions@openstack setup() finished in 0.43 sec
2019-07-10 19:12:13.038 1842 INFO rally.task.context [-] Task 5a04ac64-c29b-4375-914c-c9d809883f5b | Context admin_cleanup@openstack setup() finished in 0.01 msec
2019-07-10 19:12:13.044 1842 RALLYDEBUG rally.task.runner [-] Starting the constant runner (task UUID: 5a04ac64-c29b-4375-914c-c9d809883f5b). timeout: 0 concurrency: 4 concurrency_per_worker: 1 times: 10 concurrency_overhead: 0 processes_to_start: 4 max_cpu_used: 16
2019-07-10 19:12:13.058 5846 RALLYDEBUG rally.task.runner [-] Starting a worker. concurrency: 1 args: {"description": "rally tests creating types"} times: 10 method_name: run timeout: 0 duration: None cls:
2019-07-10 19:12:13.061 5847 RALLYDEBUG rally.task.runner [-] Starting a worker. concurrency: 1 args: {"description": "rally tests creating types"} times: 10 method_name: run timeout: 0 duration: None cls:
2019-07-10 19:12:13.064 5848 RALLYDEBUG rally.task.runner [-] Starting a worker. concurrency: 1 args: {"description": "rally tests creating types"} times: 10 method_name: run timeout: 0 duration: None cls:
2019-07-10 19:12:13.066 5846 INFO rally.task.runner [-] Task 5a04ac64-c29b-4375-914c-c9d809883f5b | ITER: 1 START
