2019-07-10 09:24:18.384 24816 RALLYDEBUG rally.task.runner [-] Starting a worker. concurrency: 1 args: {"network_create_args": {}, "subnet_create_args": {}, "subnet_cidr_start": "1.1.0.0/30", "subnets_per_network": 2} times: 40 method_name: run timeout: 0 duration: None cls:
2019-07-10 09:24:18.385 24802 WARNING rally_openstack.scenarios.neutron.utils [-] Running this scenario without either the 'network' or 'existing_network' context is deprecated
2019-07-10 09:24:18.385 24804 INFO rally.task.runner [-] Task 47407093-2b33-4d7b-9875-2020ac9a1157 | ITER: 10 START
2019-07-10 09:24:18.386 24811 INFO rally.task.runner [-] Task 47407093-2b33-4d7b-9875-2020ac9a1157 | ITER: 11 START
2019-07-10 09:24:18.376 24800 INFO rally.task.runner [-] Task 47407093-2b33-4d7b-9875-2020ac9a1157 | ITER: 5 START
2019-07-10 09:24:18.387 24804 WARNING rally_openstack.scenarios.neutron.utils [-] Running this scenario without either the 'network' or 'existing_network' context is deprecated
2019-07-10 09:24:18.386 24801 INFO rally.task.runner [-] Task 47407093-2b33-4d7b-9875-2020ac9a1157 | ITER: 4 START
2019-07-10 09:24:18.387 24800 WARNING rally_openstack.scenarios.neutron.utils [-] Running this scenario without either the 'network' or 'existing_network' context is deprecated
2019-07-10 09:24:18.388 24811 WARNING rally_openstack.scenarios.neutron.utils [-] Running this scenario without either the 'network' or 'existing_network' context is deprecated
2019-07-10 09:24:18.389 24801 WARNING rally_openstack.scenarios.neutron.utils [-] Running this scenario without either the 'network' or 'existing_network' context is deprecated
2019-07-10 09:24:18.389 24807 INFO rally.task.runner [-] Task 47407093-2b33-4d7b-9875-2020ac9a1157 | ITER: 9 START
2019-07-10 09:24:18.386 24802 INFO rally.task.runner [-] Task 47407093-2b33-4d7b-9875-2020ac9a1157 | ITER: 8 START
2019-07-10 09:24:18.390 24816 INFO rally.task.runner [-] Task 47407093-2b33-4d7b-9875-2020ac9a1157 | ITER: 12 START
2019-07-10 09:24:18.391 24807 WARNING rally_openstack.scenarios.neutron.utils [-] Running this scenario without either the 'network' or 'existing_network' context is deprecated
2019-07-10 09:24:18.392 24816 WARNING rally_openstack.scenarios.neutron.utils [-] Running this scenario without either the 'network' or 'existing_network' context is deprecated
2019-07-10 09:24:18.393 24802 WARNING rally_openstack.scenarios.neutron.utils [-] Running this scenario without either the 'network' or 'existing_network' context is deprecated
2019-07-10 09:24:18.395 24825 RALLYDEBUG rally.task.runner [-] Starting a worker. concurrency: 1 args: {"network_create_args": {}, "subnet_create_args": {}, "subnet_cidr_start": "1.1.0.0/30", "subnets_per_network": 2} times: 40 method_name: run timeout: 0 duration: None cls:
2019-07-10 09:24:18.398 24828 RALLYDEBUG rally.task.runner [-] Starting a worker. concurrency: 1 args: {"network_create_args": {}, "subnet_create_args": {}, "subnet_cidr_start": "1.1.0.0/30", "subnets_per_network": 2} times: 40 method_name: run timeout: 0 duration: None cls:
2019-07-10 09:24:18.403 24825 INFO rally.task.runner [-] Task 47407093-2b33-4d7b-9875-2020ac9a1157 | ITER: 13 START
2019-07-10 09:24:18.406 24825 WARNING rally_openstack.scenarios.neutron.utils [-] Running this scenario without either the 'network' or 'existing_network' context is deprecated
2019-07-10 09:24:18.406 24828 INFO rally.task.runner [-] Task 47407093-2b33-4d7b-9875-2020ac9a1157 | ITER: 14 START
2019-07-10 09:24:18.408 24828 WARNING rally_openstack.scenarios.neutron.utils [-] Running this scenario without either the 'network' or 'existing_network' context is deprecated
2019-07-10 09:24:18.408 24829 RALLYDEBUG rally.task.runner [-] Starting a worker. concurrency: 1 args: {"network_create_args": {}, "subnet_create_args": {}, "subnet_cidr_start": "1.1.0.0/30", "subnets_per_network": 2} times: 40 method_name: run timeout: 0 duration: None cls:
2019-07-10 09:24:18.415 24829 INFO rally.task.runner [-] Task 47407093-2b33-4d7b-9875-2020ac9a1157 | ITER: 15 START
2019-07-10 09:24:18.417 24829 WARNING rally_openstack.scenarios.neutron.utils [-] Running this scenario without either the 'network' or 'existing_network' context is deprecated
2019-07-10 09:24:18.417 24835 RALLYDEBUG rally.task.runner [-] Starting a worker. concurrency: 1 args: {"network_create_args": {}, "subnet_create_args": {}, "subnet_cidr_start": "1.1.0.0/30", "subnets_per_network": 2} times: 40 method_name: run timeout: 0 duration: None cls:
2019-07-10 09:24:18.415 24833 RALLYDEBUG rally.task.runner [-] Starting a worker. concurrency: 1 args: {"network_create_args": {}, "subnet_create_args": {}, "subnet_cidr_start": "1.1.0.0/30", "subnets_per_network": 2} times: 40 method_name: run timeout: 0 duration: None cls:
2019-07-10 09:24:18.423 24835 INFO rally.task.runner [-] Task 47407093-2b33-4d7b-9875-2020ac9a1157 | ITER: 16 START
2019-07-10 09:24:18.425 24835 WARNING rally_openstack.scenarios.neutron.utils [-] Running this scenario without either the 'network' or 'existing_network' context is deprecated
2019-07-10 09:24:18.425 24838 RALLYDEBUG rally.task.runner [-] Starting a worker. concurrency: 1 args: {"network_create_args": {}, "subnet_create_args": {}, "subnet_cidr_start": "1.1.0.0/30", "subnets_per_network": 2} times: 40 method_name: run timeout: 0 duration: None cls:
2019-07-10 09:24:18.427 24833 INFO rally.task.runner [-] Task 47407093-2b33-4d7b-9875-2020ac9a1157 | ITER: 17 START
2019-07-10 09:24:18.429 24833 WARNING rally_openstack.scenarios.neutron.utils [-] Running this scenario without either the 'network' or 'existing_network' context is deprecated
2019-07-10 09:24:18.434 24843 RALLYDEBUG rally.task.runner [-] Starting a worker. concurrency: 1 args: {"network_create_args": {}, "subnet_create_args": {}, "subnet_cidr_start": "1.1.0.0/30", "subnets_per_network": 2} times: 40 method_name: run timeout: 0 duration: None cls:
2019-07-10 09:24:18.435 24838 INFO rally.task.runner [-] Task 47407093-2b33-4d7b-9875-2020ac9a1157 | ITER: 18 START
2019-07-10 09:24:18.436 24838 WARNING rally_openstack.scenarios.neutron.utils [-] Running this scenario without either the 'network' or 'existing_network' context is deprecated
2019-07-10 09:24:18.439 24843 INFO rally.task.runner [-] Task 47407093-2b33-4d7b-9875-2020ac9a1157 | ITER: 19 START
2019-07-10 09:24:18.441 24843 WARNING rally_openstack.scenarios.neutron.utils [-] Running this scenario without either the 'network' or 'existing_network' context is deprecated
2019-07-10 09:24:18.441 24846 RALLYDEBUG rally.task.runner [-] Starting a worker. concurrency: 1 args: {"network_create_args": {}, "subnet_create_args": {}, "subnet_cidr_start": "1.1.0.0/30", "subnets_per_network": 2} times: 40 method_name: run timeout: 0 duration: None cls:
2019-07-10 09:24:18.445 24846 INFO rally.task.runner [-] Task 47407093-2b33-4d7b-9875-2020ac9a1157 | ITER: 20 START
2019-07-10 09:24:18.446 24846 WARNING rally_openstack.scenarios.neutron.utils [-] Running this scenario without either the 'network' or 'existing_network' context is deprecated
2019-07-10 09:24:20.072 24800 RALLYDEBUG rally_openstack.wrappers.network [-] CIDR generated: 1.1.4.96/30
2019-07-10 09:24:20.198 24825 RALLYDEBUG rally_openstack.wrappers.network [-] CIDR generated: 1.1.4.100/30
2019-07-10 09:24:20.303 24843 RALLYDEBUG rally_openstack.wrappers.network [-] CIDR generated: 1.1.4.104/30
2019-07-10 09:24:20.380 24799 RALLYDEBUG rally_openstack.wrappers.network [-] CIDR generated: 1.1.4.108/30
2019-07-10 09:24:20.382 24800 RALLYDEBUG rally_openstack.wrappers.network [-] CIDR generated: 1.1.4.112/30
2019-07-10 09:24:20.386 24816 RALLYDEBUG rally_openstack.wrappers.network [-] CIDR generated: 1.1.4.116/30
2019-07-10 09:24:20.546 24828 RALLYDEBUG rally_openstack.wrappers.network [-] CIDR generated: 1.1.4.120/30
2019-07-10 09:24:20.587 24801 RALLYDEBUG rally_openstack.wrappers.network [-] CIDR generated: 1.1.4.124/30
2019-07-10 09:24:20.627 24807 RALLYDEBUG rally_openstack.wrappers.network [-] CIDR generated: 1.1.4.128/30
2019-07-10 09:24:20.743 24802 RALLYDEBUG rally_openstack.wrappers.network [-] CIDR generated: 1.1.4.132/30
2019-07-10 09:24:20.863 24799 RALLYDEBUG rally_openstack.wrappers.network [-] CIDR generated: 1.1.4.136/30
2019-07-10 09:24:20.903 24846 RALLYDEBUG rally_openstack.wrappers.network [-] CIDR generated: 1.1.4.140/30
2019-07-10 09:24:21.060 24804 RALLYDEBUG rally_openstack.wrappers.network [-] CIDR generated: 1.1.4.144/30
2019-07-10 09:24:21.060 24811 RALLYDEBUG rally_openstack.wrappers.network [-] CIDR generated: 1.1.4.148/30
2019-07-10 09:24:21.201 24835 RALLYDEBUG rally_openstack.wrappers.network [-] CIDR generated: 1.1.4.152/30
2019-07-10 09:24:21.389 24799 RALLYDEBUG rally_openstack.wrappers.network [-] CIDR generated: 1.1.4.156/30
2019-07-10 09:24:21.437 24800 RALLYDEBUG rally_openstack.wrappers.network [-] CIDR generated: 1.1.4.160/30
2019-07-10 09:24:21.459 24801 RALLYDEBUG rally_openstack.wrappers.network [-] CIDR generated: 1.1.4.164/30
2019-07-10 09:24:21.779 24802 RALLYDEBUG rally_openstack.wrappers.network [-] CIDR generated: 1.1.4.168/30
2019-07-10 09:24:21.925 24833 RALLYDEBUG rally_openstack.wrappers.network [-] CIDR generated: 1.1.4.172/30
2019-07-10 09:24:22.390 24843 RALLYDEBUG rally_openstack.wrappers.network [-] CIDR generated: 1.1.4.176/30
2019-07-10 09:24:23.365 24846 RALLYDEBUG rally_openstack.wrappers.network [-] CIDR generated: 1.1.4.180/30
2019-07-10 09:24:23.442 24838 RALLYDEBUG rally_openstack.wrappers.network [-] CIDR generated: 1.1.4.184/30
2019-07-10 09:24:23.604 24829 RALLYDEBUG rally_openstack.wrappers.network [-] CIDR generated: 1.1.4.188/30
2019-07-10 09:24:23.888 24802 RALLYDEBUG rally_openstack.wrappers.network [-] CIDR generated: 1.1.4.192/30
2019-07-10 09:24:23.898 24825 RALLYDEBUG rally_openstack.wrappers.network [-] CIDR generated: 1.1.4.196/30
2019-07-10 09:24:24.535 24802 RALLYDEBUG rally_openstack.wrappers.network [-] CIDR generated: 1.1.4.200/30
2019-07-10 09:24:24.632 24833 RALLYDEBUG rally_openstack.wrappers.network [-] CIDR generated: 1.1.4.204/30
2019-07-10 09:24:24.818 24835 RALLYDEBUG rally_openstack.wrappers.network [-] CIDR generated: 1.1.4.208/30
2019-07-10 09:24:25.138 24807 RALLYDEBUG rally_openstack.wrappers.network [-] CIDR generated: 1.1.4.212/30
2019-07-10 09:24:25.374 24799 RALLYDEBUG rally_openstack.wrappers.network [-] CIDR generated: 1.1.4.216/30
2019-07-10 09:24:25.779 24804 RALLYDEBUG rally_openstack.wrappers.network [-] CIDR generated: 1.1.4.220/30
2019-07-10 09:24:25.977 24811 RALLYDEBUG rally_openstack.wrappers.network [-] CIDR generated: 1.1.4.224/30
2019-07-10 09:24:26.016 24800 INFO rally.task.runner [-] Task 47407093-2b33-4d7b-9875-2020ac9a1157 | ITER: 3 END: OK
2019-07-10 09:24:26.020 24800 INFO rally.task.runner [-] Task 47407093-2b33-4d7b-9875-2020ac9a1157 | ITER: 21 START
2019-07-10 09:24:26.020 24800 WARNING rally_openstack.scenarios.neutron.utils [-] Running this scenario without either the 'network' or 'existing_network' context is deprecated
2019-07-10 09:24:26.473 24800 RALLYDEBUG rally_openstack.wrappers.network [-] CIDR generated: 1.1.4.228/30
2019-07-10 09:24:26.994 24816 RALLYDEBUG rally_openstack.wrappers.network [-] CIDR generated: 1.1.4.232/30
2019-07-10 09:24:27.169 24828 RALLYDEBUG rally_openstack.wrappers.network [-] CIDR generated: 1.1.4.236/30
2019-07-10 09:24:27.441 24838 RALLYDEBUG rally_openstack.wrappers.network [-] CIDR generated: 1.1.4.240/30
2019-07-10 09:24:27.478 24801 RALLYDEBUG rally_openstack.wrappers.network [-] CIDR generated: 1.1.4.244/30
2019-07-10 09:24:27.504 24800 RALLYDEBUG rally_openstack.wrappers.network [-] CIDR generated: 1.1.4.248/30
2019-07-10 09:24:27.555 24829 RALLYDEBUG rally_openstack.wrappers.network [-] CIDR generated: 1.1.4.252/30
2019-07-10 09:24:27.678 24801 RALLYDEBUG rally_openstack.wrappers.network [-] CIDR generated: 1.1.5.0/30
2019-07-10 09:24:28.639 24800 RALLYDEBUG rally_openstack.wrappers.network [-] CIDR generated: 1.1.5.4/30
2019-07-10 09:24:29.221 24843 INFO rally.task.runner [-] Task 47407093-2b33-4d7b-9875-2020ac9a1157 | ITER: 19 END: OK
2019-07-10 09:24:29.225 24843 INFO rally.task.runner [-] Task 47407093-2b33-4d7b-9875-2020ac9a1157 | ITER: 22 START
2019-07-10 09:24:29.226 24843 WARNING rally_openstack.scenarios.neutron.utils [-] Running this scenario without either the 'network' or 'existing_network' context is deprecated
2019-07-10 09:24:29.243 24799 INFO rally.task.runner [-] Task 47407093-2b33-4d7b-9875-2020ac9a1157 | ITER: 2 END: OK
2019-07-10 09:24:29.247 24799 INFO rally.task.runner [-] Task 47407093-2b33-4d7b-9875-2020ac9a1157 | ITER: 23 START
2019-07-10 09:24:29.247 24799 WARNING rally_openstack.scenarios.neutron.utils [-] Running this scenario without either the 'network' or 'existing_network' context is deprecated
2019-07-10 09:24:29.662 24846 INFO rally.task.runner [-] Task 47407093-2b33-4d7b-9875-2020ac9a1157 | ITER: 20 END: OK
2019-07-10 09:24:29.666 24846 INFO rally.task.runner [-] Task 47407093-2b33-4d7b-9875-2020ac9a1157 | ITER: 24 START
2019-07-10 09:24:29.667 24846 WARNING rally_openstack.scenarios.neutron.utils [-] Running this scenario without either the 'network' or 'existing_network' context is deprecated
2019-07-10 09:24:29.874 24833 INFO rally.task.runner [-] Task 47407093-2b33-4d7b-9875-2020ac9a1157 | ITER: 17 END: OK
2019-07-10 09:24:29.878 24833 INFO rally.task.runner [-] Task 47407093-2b33-4d7b-9875-2020ac9a1157 | ITER: 25 START
2019-07-10 09:24:29.879 24833 WARNING rally_openstack.scenarios.neutron.utils [-] Running this scenario without either the 'network' or 'existing_network' context is deprecated
2019-07-10 09:24:30.483 24843 RALLYDEBUG rally_openstack.wrappers.network [-] CIDR generated: 1.1.5.8/30
2019-07-10 09:24:30.575 24799 RALLYDEBUG rally_openstack.wrappers.network [-] CIDR generated: 1.1.5.12/30
2019-07-10 09:24:30.706 24802 INFO rally.task.runner [-] Task 47407093-2b33-4d7b-9875-2020ac9a1157 | ITER: 8 END: OK
2019-07-10 09:24:30.710 24802 INFO rally.task.runner [-] Task 47407093-2b33-4d7b-9875-2020ac9a1157 | ITER: 26 START
2019-07-10 09:24:30.711 24802 WARNING rally_openstack.scenarios.neutron.utils [-] Running this scenario without either the 'network' or 'existing_network' context is deprecated
2019-07-10 09:24:30.867 24833 RALLYDEBUG rally_openstack.wrappers.network [-] CIDR generated: 1.1.5.16/30
2019-07-10 09:24:31.381 24800 INFO rally.task.runner [-] Task 47407093-2b33-4d7b-9875-2020ac9a1157 | ITER: 21 END: OK
2019-07-10 09:24:31.386 24800 INFO rally.task.runner [-] Task 47407093-2b33-4d7b-9875-2020ac9a1157 | ITER: 27 START
2019-07-10 09:24:31.386 24800 WARNING rally_openstack.scenarios.neutron.utils [-] Running this scenario without either the 'network' or 'existing_network' context is deprecated
2019-07-10 09:24:31.911 24802 RALLYDEBUG rally_openstack.wrappers.network [-] CIDR generated: 1.1.5.20/30
2019-07-10 09:24:31.955 24846 RALLYDEBUG rally_openstack.wrappers.network [-] CIDR generated: 1.1.5.24/30
2019-07-10 09:24:32.593 24833 RALLYDEBUG rally_openstack.wrappers.network [-] CIDR generated: 1.1.5.28/30
2019-07-10 09:24:32.759 24800 RALLYDEBUG rally_openstack.wrappers.network [-] CIDR generated: 1.1.5.32/30
2019-07-10 09:24:33.234 24802 RALLYDEBUG rally_openstack.wrappers.network [-] CIDR generated: 1.1.5.36/30
2019-07-10 09:24:33.425 24838 INFO rally.task.runner [-] Task 47407093-2b33-4d7b-9875-2020ac9a1157 | ITER: 18 END: OK
2019-07-10 09:24:33.429 24829 INFO rally.task.runner [-] Task 47407093-2b33-4d7b-9875-2020ac9a1157 | ITER: 15 END: OK
2019-07-10 09:24:33.429 24838 INFO rally.task.runner [-] Task 47407093-2b33-4d7b-9875-2020ac9a1157 | ITER: 28 START
2019-07-10 09:24:33.430 24838 WARNING rally_openstack.scenarios.neutron.utils [-] Running this scenario without either the 'network' or 'existing_network' context is deprecated
2019-07-10 09:24:33.433 24829 INFO rally.task.runner [-] Task 47407093-2b33-4d7b-9875-2020ac9a1157 | ITER: 29 START
2019-07-10 09:24:33.434 24829 WARNING rally_openstack.scenarios.neutron.utils [-] Running this scenario without either the 'network' or 'existing_network' context is deprecated
2019-07-10 09:24:34.274 24800 RALLYDEBUG rally_openstack.wrappers.network [-] CIDR generated: 1.1.5.40/30
2019-07-10 09:24:34.336 24799 RALLYDEBUG rally_openstack.wrappers.network [-] CIDR generated: 1.1.5.44/30
2019-07-10 09:24:34.442 24843 RALLYDEBUG rally_openstack.wrappers.network [-] CIDR generated: 1.1.5.48/30
2019-07-10 09:24:34.864 24838 RALLYDEBUG rally_openstack.wrappers.network [-] CIDR generated: 1.1.5.52/30
2019-07-10 09:24:34.865 24829 RALLYDEBUG rally_openstack.wrappers.network [-] CIDR generated: 1.1.5.56/30
2019-07-10 09:24:34.878 24804 INFO rally.task.runner [-] Task 47407093-2b33-4d7b-9875-2020ac9a1157 | ITER: 10 END: OK
2019-07-10 09:24:34.882 24804 INFO rally.task.runner [-] Task 47407093-2b33-4d7b-9875-2020ac9a1157 | ITER: 30 START
2019-07-10 09:24:34.883 24804 WARNING rally_openstack.scenarios.neutron.utils [-] Running this scenario without either the 'network' or 'existing_network' context is deprecated
2019-07-10 09:24:34.886 24799 INFO rally.task.runner [-] Task 47407093-2b33-4d7b-9875-2020ac9a1157 | ITER: 1 END: OK
2019-07-10 09:24:34.887 24807 INFO rally.task.runner [-] Task 47407093-2b33-4d7b-9875-2020ac9a1157 | ITER: 9 END: OK
2019-07-10 09:24:34.889 24799 INFO rally.task.runner [-] Task 47407093-2b33-4d7b-9875-2020ac9a1157 | ITER: 31 START
2019-07-10 09:24:34.889 24825 INFO rally.task.runner [-] Task 47407093-2b33-4d7b-9875-2020ac9a1157 | ITER: 13 END: OK
2019-07-10 09:24:34.890 24799 WARNING rally_openstack.scenarios.neutron.utils [-] Running this scenario without either the 'network' or 'existing_network' context is deprecated
2019-07-10 09:24:34.891 24807 INFO rally.task.runner [-] Task 47407093-2b33-4d7b-9875-2020ac9a1157 | ITER: 32 START
2019-07-10 09:24:34.891 24807 WARNING rally_openstack.scenarios.neutron.utils [-] Running this scenario without either the 'network' or 'existing_network' context is deprecated
2019-07-10 09:24:34.894 24825 INFO rally.task.runner [-] Task 47407093-2b33-4d7b-9875-2020ac9a1157 | ITER: 33 START
2019-07-10 09:24:34.895 24825 WARNING rally_openstack.scenarios.neutron.utils [-] Running this scenario without either the 'network' or 'existing_network' context is deprecated
2019-07-10 09:24:35.097 24835 INFO rally.task.runner [-] Task 47407093-2b33-4d7b-9875-2020ac9a1157 | ITER: 16 END: OK
2019-07-10 09:24:35.102 24835 INFO rally.task.runner [-] Task 47407093-2b33-4d7b-9875-2020ac9a1157 | ITER: 34 START
2019-07-10 09:24:35.102 24835 WARNING rally_openstack.scenarios.neutron.utils [-] Running this scenario without either the 'network' or 'existing_network' context is deprecated
2019-07-10 09:24:35.128 24811 INFO rally.task.runner [-] Task 47407093-2b33-4d7b-9875-2020ac9a1157 | ITER: 11 END: OK
2019-07-10 09:24:35.132 24811 INFO rally.task.runner [-] Task 47407093-2b33-4d7b-9875-2020ac9a1157 | ITER: 35 START
2019-07-10 09:24:35.132 24811 WARNING rally_openstack.scenarios.neutron.utils [-] Running this scenario without either the 'network' or 'existing_network' context is deprecated
2019-07-10 09:24:35.236 24802 INFO rally.task.runner [-] Task 47407093-2b33-4d7b-9875-2020ac9a1157 | ITER: 7 END: OK
2019-07-10 09:24:35.240 24802 INFO rally.task.runner [-] Task 47407093-2b33-4d7b-9875-2020ac9a1157 | ITER: 36 START
2019-07-10 09:24:35.241 24802 WARNING rally_openstack.scenarios.neutron.utils [-] Running this scenario without either the 'network' or 'existing_network' context is deprecated
2019-07-10 09:24:35.293 24846 RALLYDEBUG rally_openstack.wrappers.network [-] CIDR generated: 1.1.5.60/30
2019-07-10 09:24:36.311 24833 INFO rally.task.runner [-] Task 47407093-2b33-4d7b-9875-2020ac9a1157 | ITER: 25 END: OK
2019-07-10 09:24:36.315 24833 INFO rally.task.runner [-] Task 47407093-2b33-4d7b-9875-2020ac9a1157 | ITER: 37 START
2019-07-10 09:24:36.316 24833 WARNING rally_openstack.scenarios.neutron.utils [-] Running this scenario without either the 'network' or 'existing_network' context is deprecated
2019-07-10 09:24:36.651 24804 RALLYDEBUG rally_openstack.wrappers.network [-] CIDR generated: 1.1.5.64/30
2019-07-10 09:24:37.081 24825 RALLYDEBUG rally_openstack.wrappers.network [-] CIDR generated: 1.1.5.68/30
2019-07-10 09:24:37.257 24799 RALLYDEBUG rally_openstack.wrappers.network [-] CIDR generated: 1.1.5.72/30
2019-07-10 09:24:37.476 24802 INFO rally.task.runner [-] Task 47407093-2b33-4d7b-9875-2020ac9a1157 | ITER: 26 END: OK
2019-07-10 09:24:37.480 24802 INFO rally.task.runner [-] Task 47407093-2b33-4d7b-9875-2020ac9a1157 | ITER: 38 START
2019-07-10 09:24:37.481 24802 WARNING rally_openstack.scenarios.neutron.utils [-] Running this scenario without either the 'network' or 'existing_network' context is deprecated
2019-07-10 09:24:37.588 24807 RALLYDEBUG rally_openstack.wrappers.network [-] CIDR generated: 1.1.5.76/30
2019-07-10 09:24:37.905 24802 RALLYDEBUG rally_openstack.wrappers.network [-] CIDR generated: 1.1.5.80/30
2019-07-10 09:24:38.043 24835 RALLYDEBUG rally_openstack.wrappers.network [-] CIDR generated: 1.1.5.84/30
2019-07-10 09:24:38.084 24838 RALLYDEBUG rally_openstack.wrappers.network [-] CIDR generated: 1.1.5.88/30
2019-07-10 09:24:38.242 24829 RALLYDEBUG rally_openstack.wrappers.network [-] CIDR generated: 1.1.5.92/30
2019-07-10 09:24:38.454 24811 RALLYDEBUG rally_openstack.wrappers.network [-] CIDR generated: 1.1.5.96/30
2019-07-10 09:24:38.748 24833 RALLYDEBUG rally_openstack.wrappers.network [-] CIDR generated: 1.1.5.100/30
2019-07-10 09:24:38.819 24804 RALLYDEBUG rally_openstack.wrappers.network [-] CIDR generated: 1.1.5.104/30
2019-07-10 09:24:38.954 24800 INFO rally.task.runner [-] Task 47407093-2b33-4d7b-9875-2020ac9a1157 | ITER: 27 END: OK
2019-07-10 09:24:38.958 24800 INFO rally.task.runner [-] Task 47407093-2b33-4d7b-9875-2020ac9a1157 | ITER: 39 START
2019-07-10 09:24:38.958 24800 WARNING rally_openstack.scenarios.neutron.utils [-] Running this scenario without either the 'network' or 'existing_network' context is deprecated
2019-07-10 09:24:39.586 24799 RALLYDEBUG rally_openstack.wrappers.network [-] CIDR generated: 1.1.5.108/30
2019-07-10 09:24:39.702 24825 RALLYDEBUG rally_openstack.wrappers.network [-] CIDR generated: 1.1.5.112/30
2019-07-10 09:24:40.394 24802 RALLYDEBUG rally_openstack.wrappers.network [-] CIDR generated: 1.1.5.116/30
2019-07-10 09:24:41.022 24833 RALLYDEBUG rally_openstack.wrappers.network [-] CIDR generated: 1.1.5.120/30
2019-07-10 09:24:41.066 24800 RALLYDEBUG rally_openstack.wrappers.network [-] CIDR generated: 1.1.5.124/30
2019-07-10 09:24:41.097 24802 RALLYDEBUG rally_openstack.wrappers.network [-] CIDR generated: 1.1.5.128/30
2019-07-10 09:24:41.264 24807 RALLYDEBUG rally_openstack.wrappers.network [-] CIDR generated: 1.1.5.132/30
2019-07-10 09:24:41.583 24835 RALLYDEBUG rally_openstack.wrappers.network [-] CIDR generated: 1.1.5.136/30
2019-07-10 09:24:41.782 24811 RALLYDEBUG rally_openstack.wrappers.network [-] CIDR generated: 1.1.5.140/30
2019-07-10 09:24:42.515 24802 RALLYDEBUG rally_openstack.wrappers.network [-] CIDR generated: 1.1.5.144/30
2019-07-10 09:24:43.150 24816 INFO rally.task.runner [-] Task 47407093-2b33-4d7b-9875-2020ac9a1157 | ITER: 12 END: OK
2019-07-10 09:24:43.155 24816 INFO rally.task.runner [-] Task 47407093-2b33-4d7b-9875-2020ac9a1157 | ITER: 40 START
2019-07-10 09:24:43.156 24816 WARNING rally_openstack.scenarios.neutron.utils [-] Running this scenario without either the 'network' or 'existing_network' context is deprecated
2019-07-10 09:24:43.777 24801 INFO rally.task.runner [-] Task 47407093-2b33-4d7b-9875-2020ac9a1157 | ITER: 4 END: OK
2019-07-10 09:24:44.235 24804 INFO rally.task.runner [-] Task 47407093-2b33-4d7b-9875-2020ac9a1157 | ITER: 30 END: OK
2019-07-10 09:24:44.300 24799 INFO rally.task.runner [-] Task 47407093-2b33-4d7b-9875-2020ac9a1157 | ITER: 31 END: OK
2019-07-10 09:24:45.657 24833 INFO rally.task.runner [-] Task 47407093-2b33-4d7b-9875-2020ac9a1157 | ITER: 37 END: OK
2019-07-10 09:24:45.657 24825 INFO rally.task.runner [-] Task 47407093-2b33-4d7b-9875-2020ac9a1157 | ITER: 33 END: OK
2019-07-10 09:24:45.757 24816 RALLYDEBUG rally_openstack.wrappers.network [-] CIDR generated: 1.1.5.148/30
2019-07-10 09:24:45.836 24828 INFO rally.task.runner [-] Task 47407093-2b33-4d7b-9875-2020ac9a1157 | ITER: 14 END: OK
2019-07-10 09:24:45.871 24801 INFO rally.task.runner [-] Task 47407093-2b33-4d7b-9875-2020ac9a1157 | ITER: 6 END: OK
2019-07-10 09:24:46.293 24802 INFO rally.task.runner [-] Task 47407093-2b33-4d7b-9875-2020ac9a1157 | ITER: 38 END: OK
2019-07-10 09:24:46.415 24800 INFO rally.task.runner [-] Task 47407093-2b33-4d7b-9875-2020ac9a1157 | ITER: 5 END: OK
2019-07-10 09:24:46.630 24800 RALLYDEBUG rally_openstack.wrappers.network [-] CIDR generated: 1.1.5.152/30
2019-07-10 09:24:46.882 24816 RALLYDEBUG rally_openstack.wrappers.network [-] CIDR generated: 1.1.5.156/30
2019-07-10 09:24:47.443 24802 INFO rally.task.runner [-] Task 47407093-2b33-4d7b-9875-2020ac9a1157 | ITER: 36 END: OK
2019-07-10 09:24:47.682 24843 INFO rally.task.runner [-] Task 47407093-2b33-4d7b-9875-2020ac9a1157 | ITER: 22 END: OK
2019-07-10 09:24:47.686 24799 INFO rally.task.runner [-] Task 47407093-2b33-4d7b-9875-2020ac9a1157 | ITER: 23 END: OK
2019-07-10 09:24:47.905 24811 INFO rally.task.runner [-] Task 47407093-2b33-4d7b-9875-2020ac9a1157 | ITER: 35 END: OK
2019-07-10 09:24:49.627 24846 INFO rally.task.runner [-] Task 47407093-2b33-4d7b-9875-2020ac9a1157 | ITER: 24 END: OK
2019-07-10 09:24:50.362 24816 INFO rally.task.runner [-] Task 47407093-2b33-4d7b-9875-2020ac9a1157 | ITER: 40 END: OK
2019-07-10 09:24:50.569 24807 INFO rally.task.runner [-] Task 47407093-2b33-4d7b-9875-2020ac9a1157 | ITER: 32 END: OK
2019-07-10 09:24:50.569 24835 INFO rally.task.runner [-] Task 47407093-2b33-4d7b-9875-2020ac9a1157 | ITER: 34 END: OK
2019-07-10 09:24:51.547 24838 INFO rally.task.runner [-] Task 47407093-2b33-4d7b-9875-2020ac9a1157 | ITER: 28 END: OK
2019-07-10 09:24:51.727 24829 INFO rally.task.runner [-] Task 47407093-2b33-4d7b-9875-2020ac9a1157 | ITER: 29 END: OK
2019-07-10 09:24:53.307 24800 INFO rally.task.runner [-] Task 47407093-2b33-4d7b-9875-2020ac9a1157 | ITER: 39 END: OK
2019-07-10 09:24:53.333 22705 INFO rally.task.context [-] Task 47407093-2b33-4d7b-9875-2020ac9a1157 | Context cleanup@openstack cleanup() started
2019-07-10 09:24:53.336 22705 RALLYDEBUG rally_openstack.cleanup.manager [-] Cleaning up neutron vip objects
2019-07-10 09:24:53.966 22705 RALLYDEBUG rally_openstack.cleanup.manager [-] Cleaning up neutron health_monitor objects
2019-07-10 09:24:54.660 22705 RALLYDEBUG rally_openstack.cleanup.manager [-] Cleaning up neutron pool objects
2019-07-10 09:24:55.293 22705 RALLYDEBUG rally_openstack.cleanup.manager [-] Cleaning up neutron loadbalancer objects
2019-07-10 09:24:55.936 22705 RALLYDEBUG rally_openstack.cleanup.manager [-] Cleaning up neutron floatingip objects
2019-07-10 09:24:56.689 22705 RALLYDEBUG rally_openstack.cleanup.manager [-] Cleaning up neutron port objects
2019-07-10 09:24:57.523 22705 RALLYDEBUG rally_openstack.cleanup.manager [-] Cleaning up neutron subnet objects
2019-07-10 09:24:58.340 22705 RALLYDEBUG rally_openstack.cleanup.manager [-] Cleaning up neutron network objects
2019-07-10 09:24:59.222 22705 RALLYDEBUG rally_openstack.cleanup.manager [-] Deleting neutron.network object s_rally_bf6217f1_NOazO7dE (08bcb186-5fc0-41a5-97df-56c3059bae1b)
2019-07-10 09:24:59.227 22705 RALLYDEBUG rally_openstack.cleanup.manager [-] Deleting neutron.network object s_rally_bf6217f1_XYFtMv4J (0a3df78b-b50d-4288-9eea-7402b71703e9)
2019-07-10 09:24:59.236 22705 RALLYDEBUG rally_openstack.cleanup.manager [-] Deleting neutron.network object s_rally_bf6217f1_RgFfG9c2 (0d4c7675-c8a7-4bac-a077-6d186a2b4dfe)
2019-07-10 09:24:59.247 22705 RALLYDEBUG rally_openstack.cleanup.manager [-] Deleting neutron.network object s_rally_bf6217f1_nP6y8HBU (1cea0b8c-992a-43db-9856-5c35f31f6e8a)
2019-07-10 09:24:59.257 22705 RALLYDEBUG rally_openstack.cleanup.manager [-] Deleting neutron.network object s_rally_bf6217f1_9MVEfjC9 (1fc9c3e7-ddb2-4e49-9d59-d94bce700283)
2019-07-10 09:24:59.266 22705 RALLYDEBUG rally_openstack.cleanup.manager [-] Deleting neutron.network object s_rally_bf6217f1_IT59C26b (1dd04abd-dc87-47ed-a8a0-5cf543733830)
2019-07-10 09:24:59.271 22705 RALLYDEBUG rally_openstack.cleanup.manager [-] Deleting neutron.network object s_rally_bf6217f1_KLpmWZvZ (23478656-da03-4ec6-972a-a6f40c4572d8)
2019-07-10 09:24:59.272 22705 RALLYDEBUG rally_openstack.cleanup.manager [-] Deleting neutron.network object s_rally_bf6217f1_nzRQCj3r (231ed996-cc13-442c-baea-5188f0b8cfb0)
2019-07-10 09:24:59.299 22705 RALLYDEBUG rally_openstack.cleanup.manager [-] Deleting neutron.network object s_rally_bf6217f1_PaXDEgz3 (3bae4279-a950-42fa-944c-a858de8dbe93)
2019-07-10 09:24:59.300 22705 RALLYDEBUG rally_openstack.cleanup.manager [-] Deleting neutron.network object s_rally_bf6217f1_jCjr01mY (3c8c1d39-f344-4a26-8775-934f25a07793)
2019-07-10 09:24:59.316 22705 RALLYDEBUG rally_openstack.cleanup.manager [-] Deleting neutron.network object s_rally_bf6217f1_yQgWiFzl (3d8bae66-00b2-467d-81db-8536fa15fd38)
2019-07-10 09:24:59.342 22705 RALLYDEBUG rally_openstack.cleanup.manager [-] Deleting neutron.network object s_rally_bf6217f1_ZqzY3fnV (4ca88af4-b3e3-4bdc-9c98-7f82ba8dcbfa)
2019-07-10 09:24:59.349 22705 RALLYDEBUG rally_openstack.cleanup.manager [-] Deleting neutron.network object s_rally_bf6217f1_7SHUwmRV (52514264-e3de-4b0d-89d3-daa680232b95)
2019-07-10 09:24:59.351 22705 RALLYDEBUG rally_openstack.cleanup.manager [-] Deleting neutron.network object s_rally_bf6217f1_gG9ecYIT (482b6672-3c0a-4fff-9ad7-bb4ac3d0f7af)
2019-07-10 09:24:59.362 22705 RALLYDEBUG rally_openstack.cleanup.manager [-] Deleting neutron.network object s_rally_bf6217f1_4deUyCQn (52c969ba-82f2-48ad-b819-23d7826826ae)
2019-07-10 09:24:59.402 22705 RALLYDEBUG rally_openstack.cleanup.manager [-] Deleting neutron.network object s_rally_bf6217f1_DIFWvA7K (5412110d-9a49-4a4b-b8ed-8a7abce411b6)
2019-07-10 09:24:59.410 22705 RALLYDEBUG rally_openstack.cleanup.manager [-] Deleting neutron.network object s_rally_bf6217f1_hQJ60Ktp (65794464-b42c-4ebd-9c80-f8f3ed819b0d)
2019-07-10 09:24:59.423 22705 RALLYDEBUG rally_openstack.cleanup.manager [-] Deleting neutron.network object s_rally_bf6217f1_TtLNMget (622a3154-12aa-431e-8a60-6fcd9336fd6e)
2019-07-10 09:24:59.440 22705 RALLYDEBUG rally_openstack.cleanup.manager [-] Deleting neutron.network object s_rally_bf6217f1_A54MPD8U (6fe816cd-537e-4274-b2c7-d6637468af6c)
2019-07-10 09:24:59.457 22705 RALLYDEBUG rally_openstack.cleanup.manager [-] Deleting neutron.network object s_rally_bf6217f1_mN7bYSZx (78a4fd06-a793-41f7-aa2b-745a6bd3e808)
2019-07-10 09:25:02.501 22705 RALLYDEBUG rally_openstack.cleanup.manager [-] Deleting neutron.network object s_rally_bf6217f1_B3ao8L6h (7a1e70b3-c4f0-4177-beae-c1a5b0302652)
2019-07-10 09:25:02.540 22705 RALLYDEBUG rally_openstack.cleanup.manager [-] Deleting neutron.network object s_rally_bf6217f1_q6puTDvu (7f53f4e2-8ce0-4426-8d27-1d5d0dfe08c9)
2019-07-10 09:25:02.628 22705 RALLYDEBUG rally_openstack.cleanup.manager [-] Deleting neutron.network object s_rally_bf6217f1_qfIDhMTn (89a43341-a6bd-490d-a4b8-92dbecc5ce60)
2019-07-10 09:25:02.667 22705 RALLYDEBUG rally_openstack.cleanup.manager [-] Deleting neutron.network object s_rally_bf6217f1_hxdU0akA (9248de4b-30d6-4e04-ad73-8136e1112b33)
2019-07-10 09:25:02.744 22705 RALLYDEBUG rally_openstack.cleanup.manager [-] Deleting neutron.network object s_rally_bf6217f1_wLWCrMlM (95b1efdb-e50b-4534-b7ea-888c3b3c63d8)
2019-07-10 09:25:02.753 22705 RALLYDEBUG rally_openstack.cleanup.manager [-] Deleting neutron.network object s_rally_bf6217f1_DRVKod6w (acbdb018-ae62-4902-94d2-379d63ee2042)
2019-07-10 09:25:03.242 22705 RALLYDEBUG rally_openstack.cleanup.manager [-] Deleting neutron.network object s_rally_bf6217f1_XlYNpGul (af409c30-a03f-47fe-952a-42569e0b6466)
2019-07-10 09:25:03.276 22705 RALLYDEBUG rally_openstack.cleanup.manager [-] Deleting neutron.network object s_rally_bf6217f1_vs9plqmg (b63138d3-1353-4a4b-8e45-e020d828c350)
2019-07-10 09:25:03.523 22705 RALLYDEBUG rally_openstack.cleanup.manager [-] Deleting neutron.network object s_rally_bf6217f1_GsYpJKGs (be0bd58f-92b1-4d83-981b-523b46bcc3e9)
2019-07-10 09:25:03.818 22705 RALLYDEBUG rally_openstack.cleanup.manager [-] Deleting neutron.network object s_rally_bf6217f1_L9FcyEX3 (c1174150-180b-406b-be16-c22c05356ba1)
2019-07-10 09:25:03.921 22705 RALLYDEBUG rally_openstack.cleanup.manager [-] Deleting neutron.network object s_rally_bf6217f1_juznFTPD (c55b14ae-e116-49d7-a2ea-f803058ad726)
2019-07-10 09:25:04.509 22705 RALLYDEBUG rally_openstack.cleanup.manager [-] Deleting neutron.network object s_rally_bf6217f1_eF19gClz (d65e4b72-4d6f-4335-8694-e9330769dbd2)
2019-07-10 09:25:04.561 22705 RALLYDEBUG rally_openstack.cleanup.manager [-] Deleting neutron.network object s_rally_bf6217f1_RkCrXipF (eb2ae267-58e0-4eed-a582-19e2648410b7)
2019-07-10 09:25:05.500 22705 RALLYDEBUG rally_openstack.cleanup.manager [-] Deleting neutron.network object s_rally_bf6217f1_nTlLl5LB (efe3ccd3-8b68-4ec8-95fd-9ee2f259957a)
2019-07-10 09:25:05.612 22705 RALLYDEBUG rally_openstack.cleanup.manager [-] Deleting neutron.network object s_rally_bf6217f1_3KjwbJ09 (f31d8dac-cb7c-4394-adfb-2da0d93ec11a)
2019-07-10 09:25:06.477 22705 RALLYDEBUG rally_openstack.cleanup.manager [-] Deleting neutron.network object s_rally_bf6217f1_CesBtKuM (f3fc4a69-e896-4a60-8e97-498f5915eb63)
2019-07-10 09:25:06.638 22705 RALLYDEBUG rally_openstack.cleanup.manager [-] Deleting neutron.network object s_rally_bf6217f1_6djEaqBG (f801ad2d-4da3-4068-adc8-6ac6d4e5a8fb)
2019-07-10 09:25:06.655 22705 RALLYDEBUG rally_openstack.cleanup.manager [-] Deleting neutron.network object s_rally_bf6217f1_A0UAiuSM (f8850ee2-95c8-40bd-a6af-ebe20e123f4e)
2019-07-10 09:25:06.697 22705 RALLYDEBUG rally_openstack.cleanup.manager [-] Deleting neutron.network object s_rally_bf6217f1_cI7652YT (fb847341-7252-4000-802b-3988fc605536)
2019-07-10 09:25:06.810 22705 RALLYDEBUG rally_openstack.cleanup.manager [-] Deleting neutron.network object s_rally_bf6217f1_kcIlJDFS (ffd13fc2-fc89-45fb-ac56-38347d6190ae)
2019-07-10 09:25:10.134 22705 RALLYDEBUG rally_openstack.cleanup.manager [-] Cleaning up neutron router objects
2019-07-10 09:25:10.786 22705 RALLYDEBUG rally_openstack.cleanup.manager [-] Cleaning up neutron security_group objects
2019-07-10 09:25:11.725 22705 INFO rally.task.context [-] Task 47407093-2b33-4d7b-9875-2020ac9a1157 | Context cleanup@openstack cleanup() finished in 18.39 sec
2019-07-10 09:25:11.725 22705 INFO rally.task.context [-] Task 47407093-2b33-4d7b-9875-2020ac9a1157 | Context quotas@openstack cleanup() started
2019-07-10 09:25:11.754 22705 INFO rally.task.context [-] Task 47407093-2b33-4d7b-9875-2020ac9a1157 | Context quotas@openstack cleanup() finished in 28.80 msec
2019-07-10 09:25:11.755 22705 INFO rally.task.context [-] Task 47407093-2b33-4d7b-9875-2020ac9a1157 | Context users@openstack cleanup() started
2019-07-10 09:25:16.020 22705 INFO rally.task.context [-] Task 47407093-2b33-4d7b-9875-2020ac9a1157 | Context users@openstack cleanup() finished in 4.27 sec
2019-07-10 09:25:17.538 22705 INFO rally.task.engine [-] Load duration is: 34.937004
2019-07-10 09:25:17.539 22705 INFO rally.task.engine [-] Full runner duration is: 34.984699
2019-07-10 09:25:17.539 22705 INFO rally.task.engine [-] Full duration is: 64.851461
2019-07-10 09:25:17.761 22705 INFO rally.task.engine [-] Running workload: position = 0 config = { "version": 2, "title": "A cropped version of a bigger task.", "description": "Auto-generated task from a single workload (uuid=533ac004-d216-449b-9076-cf0195e053c3)", "subtasks": [ { "title": "NeutronNetworks.create_and_list_routers", "description": "Create and a given number of routers and list all routers.", "scenario": { "NeutronNetworks.create_and_list_routers": { "network_create_args": null, "subnet_create_args": null, "subnet_cidr_start": "1.1.0.0/30", "subnets_per_network": 2, "router_create_args": null } }, "contexts": { "users": { "tenants": 1, "users_per_tenant": 1 }, "quotas": { "neutron": { "network": -1, "subnet": -1, "router": -1 } } }, "runner": { "constant": { "times": 40, "concurrency": 20 } }, "hooks": [], "sla": { "failure_rate": { "max": 0 } } } ] }
2019-07-10 09:25:17.782 22705 RALLYDEBUG rally_openstack.contexts.keystone.users [-] Creating 1 tenants using 20 threads
2019-07-10 09:25:19.588 22705 RALLYDEBUG rally_openstack.contexts.keystone.users [-] Creating 1 users using 20 threads
2019-07-10 09:25:22.329 22705 INFO rally.task.context [-] Task 47407093-2b33-4d7b-9875-2020ac9a1157 | Context users@openstack setup() finished in 4.55 sec
2019-07-10 09:25:23.129 22705 INFO rally.task.context [-] Task 47407093-2b33-4d7b-9875-2020ac9a1157 | Context quotas@openstack setup() finished in 0.80 sec
2019-07-10 09:25:23.130 22705 INFO rally.task.context [-] Task 47407093-2b33-4d7b-9875-2020ac9a1157 | Context cleanup@openstack setup() finished in 0.00 msec
2019-07-10 09:25:23.137 22705 RALLYDEBUG rally.task.runner [-] Starting the constant runner (task UUID: 47407093-2b33-4d7b-9875-2020ac9a1157). timeout: 0 concurrency: 20 concurrency_per_worker: 1 times: 40 concurrency_overhead: 4 processes_to_start: 16 max_cpu_used: 16
2019-07-10 09:25:23.150 25169 RALLYDEBUG rally.task.runner [-] Starting a worker. concurrency: 2 args: {"network_create_args": null, "subnet_create_args": null, "subnet_cidr_start": "1.1.0.0/30", "subnets_per_network": 2, "router_create_args": null} times: 40 method_name: run timeout: 0 duration: None cls:
2019-07-10 09:25:23.152 25170 RALLYDEBUG rally.task.runner [-] Starting a worker. concurrency: 2 args: {"network_create_args": null, "subnet_create_args": null, "subnet_cidr_start": "1.1.0.0/30", "subnets_per_network": 2, "router_create_args": null} times: 40 method_name: run timeout: 0 duration: None cls:
2019-07-10 09:25:23.158 25169 INFO rally.task.runner [-] Task 47407093-2b33-4d7b-9875-2020ac9a1157 | ITER: 1 START
2019-07-10 09:25:23.158 25171 RALLYDEBUG rally.task.runner [-] Starting a worker. concurrency: 2 args: {"network_create_args": null, "subnet_create_args": null, "subnet_cidr_start": "1.1.0.0/30", "subnets_per_network": 2, "router_create_args": null} times: 40 method_name: run timeout: 0 duration: None cls:
2019-07-10 09:25:23.158 25170 INFO rally.task.runner [-] Task 47407093-2b33-4d7b-9875-2020ac9a1157 | ITER: 2 START
2019-07-10 09:25:23.160 25172 RALLYDEBUG rally.task.runner [-] Starting a worker. concurrency: 2 args: {"network_create_args": null, "subnet_create_args": null, "subnet_cidr_start": "1.1.0.0/30", "subnets_per_network": 2, "router_create_args": null} times: 40 method_name: run timeout: 0 duration: None cls:
2019-07-10 09:25:23.161 25175 RALLYDEBUG rally.task.runner [-] Starting a worker. concurrency: 1 args: {"network_create_args": null, "subnet_create_args": null, "subnet_cidr_start": "1.1.0.0/30", "subnets_per_network": 2, "router_create_args": null} times: 40 method_name: run timeout: 0 duration: None cls:
2019-07-10 09:25:23.164 25170 INFO rally.task.runner [-] Task 47407093-2b33-4d7b-9875-2020ac9a1157 | ITER: 4 START
2019-07-10 09:25:23.165 25175 INFO rally.task.runner [-] Task 47407093-2b33-4d7b-9875-2020ac9a1157 | ITER: 7 START
2019-07-10 09:25:23.167 25179 RALLYDEBUG rally.task.runner [-] Starting a worker. concurrency: 1 args: {"network_create_args": null, "subnet_create_args": null, "subnet_cidr_start": "1.1.0.0/30", "subnets_per_network": 2, "router_create_args": null} times: 40 method_name: run timeout: 0 duration: None cls:
2019-07-10 09:25:23.168 25172 INFO rally.task.runner [-] Task 47407093-2b33-4d7b-9875-2020ac9a1157 | ITER: 6 START
2019-07-10 09:25:23.166 25171 INFO rally.task.runner [-] Task 47407093-2b33-4d7b-9875-2020ac9a1157 | ITER: 5 START
2019-07-10 09:25:23.167 25169 INFO rally.task.runner [-] Task 47407093-2b33-4d7b-9875-2020ac9a1157 | ITER: 3 START
2019-07-10 09:25:23.171 25171 INFO rally.task.runner [-] Task 47407093-2b33-4d7b-9875-2020ac9a1157 | ITER: 9 START
2019-07-10 09:25:23.173 25179 INFO rally.task.runner [-] Task 47407093-2b33-4d7b-9875-2020ac9a1157 | ITER: 10 START
2019-07-10 09:25:23.172 25187 RALLYDEBUG rally.task.runner [-] Starting a worker. concurrency: 1 args: {"network_create_args": null, "subnet_create_args": null, "subnet_cidr_start": "1.1.0.0/30", "subnets_per_network": 2, "router_create_args": null} times: 40 method_name: run timeout: 0 duration: None cls:
2019-07-10 09:25:23.176 25172 INFO rally.task.runner [-] Task 47407093-2b33-4d7b-9875-2020ac9a1157 | ITER: 8 START
2019-07-10 09:25:23.179 25187 INFO rally.task.runner [-] Task 47407093-2b33-4d7b-9875-2020ac9a1157 | ITER: 11 START
2019-07-10 09:25:23.181 25190 RALLYDEBUG rally.task.runner [-] Starting a worker. concurrency: 1 args: {"network_create_args": null, "subnet_create_args": null, "subnet_cidr_start": "1.1.0.0/30", "subnets_per_network": 2, "router_create_args": null} times: 40 method_name: run timeout: 0 duration: None cls:
2019-07-10 09:25:23.184 25193 RALLYDEBUG rally.task.runner [-] Starting a worker. concurrency: 1 args: {"network_create_args": null, "subnet_create_args": null, "subnet_cidr_start": "1.1.0.0/30", "subnets_per_network": 2, "router_create_args": null} times: 40 method_name: run timeout: 0 duration: None cls:
2019-07-10 09:25:23.187 25190 INFO rally.task.runner [-] Task 47407093-2b33-4d7b-9875-2020ac9a1157 | ITER: 12 START
2019-07-10 09:25:23.189 25193 INFO rally.task.runner [-] Task 47407093-2b33-4d7b-9875-2020ac9a1157 | ITER: 13 START
2019-07-10 09:25:23.190 25196 RALLYDEBUG rally.task.runner [-] Starting a worker. concurrency: 1 args: {"network_create_args": null, "subnet_create_args": null, "subnet_cidr_start": "1.1.0.0/30", "subnets_per_network": 2, "router_create_args": null} times: 40 method_name: run timeout: 0 duration: None cls:
2019-07-10 09:25:23.200 25201 RALLYDEBUG rally.task.runner [-] Starting a worker. concurrency: 1 args: {"network_create_args": null, "subnet_create_args": null, "subnet_cidr_start": "1.1.0.0/30", "subnets_per_network": 2, "router_create_args": null} times: 40 method_name: run timeout: 0 duration: None cls:
2019-07-10 09:25:23.203 25204 RALLYDEBUG rally.task.runner [-] Starting a worker. concurrency: 1 args: {"network_create_args": null, "subnet_create_args": null, "subnet_cidr_start": "1.1.0.0/30", "subnets_per_network": 2, "router_create_args": null} times: 40 method_name: run timeout: 0 duration: None cls:
2019-07-10 09:25:23.206 25201 INFO rally.task.runner [-] Task 47407093-2b33-4d7b-9875-2020ac9a1157 | ITER: 15 START
2019-07-10 09:25:23.209 25204 INFO rally.task.runner [-] Task 47407093-2b33-4d7b-9875-2020ac9a1157 | ITER: 16 START
2019-07-10 09:25:23.209 25196 INFO rally.task.runner [-] Task 47407093-2b33-4d7b-9875-2020ac9a1157 | ITER: 14 START
2019-07-10 09:25:23.210 25205 RALLYDEBUG rally.task.runner [-] Starting a worker. concurrency: 1 args: {"network_create_args": null, "subnet_create_args": null, "subnet_cidr_start": "1.1.0.0/30", "subnets_per_network": 2, "router_create_args": null} times: 40 method_name: run timeout: 0 duration: None cls:
2019-07-10 09:25:23.215 25205 INFO rally.task.runner [-] Task 47407093-2b33-4d7b-9875-2020ac9a1157 | ITER: 17 START
2019-07-10 09:25:23.216 25210 RALLYDEBUG rally.task.runner [-] Starting a worker. concurrency: 1 args: {"network_create_args": null, "subnet_create_args": null, "subnet_cidr_start": "1.1.0.0/30", "subnets_per_network": 2, "router_create_args": null} times: 40 method_name: run timeout: 0 duration: None cls:
2019-07-10 09:25:23.218 25213 RALLYDEBUG rally.task.runner [-] Starting a worker. concurrency: 1 args: {"network_create_args": null, "subnet_create_args": null, "subnet_cidr_start": "1.1.0.0/30", "subnets_per_network": 2, "router_create_args": null} times: 40 method_name: run timeout: 0 duration: None cls:
2019-07-10 09:25:23.221 25210 INFO rally.task.runner [-] Task 47407093-2b33-4d7b-9875-2020ac9a1157 | ITER: 18 START
2019-07-10 09:25:23.221 25213 INFO rally.task.runner [-] Task 47407093-2b33-4d7b-9875-2020ac9a1157 | ITER: 19 START
2019-07-10 09:25:23.224 25214 RALLYDEBUG rally.task.runner [-] Starting a worker. concurrency: 1 args: {"network_create_args": null, "subnet_create_args": null, "subnet_cidr_start": "1.1.0.0/30", "subnets_per_network": 2, "router_create_args": null} times: 40 method_name: run timeout: 0 duration: None cls:
2019-07-10 09:25:23.227 25214 INFO rally.task.runner [-] Task 47407093-2b33-4d7b-9875-2020ac9a1157 | ITER: 20 START
2019-07-10 09:25:24.838 25171 RALLYDEBUG rally_openstack.wrappers.network [-] CIDR generated: 1.1.5.160/30
2019-07-10 09:25:24.946 25175 RALLYDEBUG rally_openstack.wrappers.network [-] CIDR generated: 1.1.5.164/30
2019-07-10 09:25:25.115 25170 RALLYDEBUG rally_openstack.wrappers.network [-] CIDR generated: 1.1.5.168/30
2019-07-10 09:25:25.116 25169 RALLYDEBUG rally_openstack.wrappers.network [-] CIDR generated: 1.1.5.172/30
2019-07-10 09:25:25.155 25171 RALLYDEBUG rally_openstack.wrappers.network [-] CIDR generated: 1.1.5.176/30
2019-07-10 09:25:25.237 25210 RALLYDEBUG rally_openstack.wrappers.network [-] CIDR generated: 1.1.5.180/30
2019-07-10 09:25:25.268 25169 RALLYDEBUG rally_openstack.wrappers.network [-] CIDR generated: 1.1.5.184/30
2019-07-10 09:25:25.332 25172 RALLYDEBUG rally_openstack.wrappers.network [-] CIDR generated: 1.1.5.188/30
2019-07-10 09:25:25.433 25172 RALLYDEBUG rally_openstack.wrappers.network [-] CIDR generated: 1.1.5.192/30
2019-07-10 09:25:25.447 25179 RALLYDEBUG rally_openstack.wrappers.network [-] CIDR generated: 1.1.5.196/30
2019-07-10 09:25:25.480 25170 RALLYDEBUG rally_openstack.wrappers.network [-] CIDR generated: 1.1.5.200/30
2019-07-10 09:25:25.579 25187 RALLYDEBUG rally_openstack.wrappers.network [-] CIDR generated: 1.1.5.204/30
2019-07-10 09:25:25.636 25190 RALLYDEBUG rally_openstack.wrappers.network [-] CIDR generated: 1.1.5.208/30
2019-07-10 09:25:25.834 25204 RALLYDEBUG rally_openstack.wrappers.network [-] CIDR generated: 1.1.5.212/30
2019-07-10 09:25:25.907 25196 RALLYDEBUG rally_openstack.wrappers.network [-] CIDR generated: 1.1.5.216/30
2019-07-10 09:25:25.947 25213 RALLYDEBUG rally_openstack.wrappers.network [-] CIDR generated: 1.1.5.220/30
2019-07-10 09:25:25.987 25193 RALLYDEBUG rally_openstack.wrappers.network [-] CIDR generated: 1.1.5.224/30
2019-07-10 09:25:26.074 25214 RALLYDEBUG rally_openstack.wrappers.network [-] CIDR generated: 1.1.5.228/30
2019-07-10 09:25:26.140 25201 RALLYDEBUG rally_openstack.wrappers.network [-] CIDR generated: 1.1.5.232/30
2019-07-10 09:25:26.237 25210 RALLYDEBUG rally_openstack.wrappers.network [-] CIDR generated: 1.1.5.236/30
2019-07-10 09:25:26.345 25171 RALLYDEBUG rally_openstack.wrappers.network [-] CIDR generated: 1.1.5.240/30
2019-07-10 09:25:26.711 25205 RALLYDEBUG rally_openstack.wrappers.network [-] CIDR generated: 1.1.5.244/30
2019-07-10 09:25:27.688 25172 RALLYDEBUG rally_openstack.wrappers.network [-] CIDR generated: 1.1.5.248/30
2019-07-10 09:25:27.975 25204 RALLYDEBUG rally_openstack.wrappers.network [-] CIDR generated: 1.1.5.252/30
2019-07-10 09:25:28.298 25171 RALLYDEBUG rally_openstack.wrappers.network [-] CIDR generated: 1.1.6.0/30
2019-07-10 09:25:28.349 25175 RALLYDEBUG rally_openstack.wrappers.network [-] CIDR generated: 1.1.6.4/30
2019-07-10 09:25:28.548 25169 RALLYDEBUG rally_openstack.wrappers.network [-] CIDR generated: 1.1.6.8/30
2019-07-10 09:25:29.038 25170 RALLYDEBUG rally_openstack.wrappers.network [-] CIDR generated: 1.1.6.12/30
2019-07-10 09:25:29.470 25169 RALLYDEBUG rally_openstack.wrappers.network [-] CIDR generated: 1.1.6.16/30
2019-07-10 09:25:29.511 25170 RALLYDEBUG rally_openstack.wrappers.network [-] CIDR generated: 1.1.6.20/30
2019-07-10 09:25:29.659 25196 RALLYDEBUG rally_openstack.wrappers.network [-] CIDR generated: 1.1.6.24/30
2019-07-10 09:25:29.944 25214 RALLYDEBUG rally_openstack.wrappers.network [-] CIDR generated: 1.1.6.28/30
2019-07-10 09:25:30.452 25190 RALLYDEBUG rally_openstack.wrappers.network [-] CIDR generated: 1.1.6.32/30
2019-07-10 09:25:30.485 25179 RALLYDEBUG rally_openstack.wrappers.network [-] CIDR generated: 1.1.6.36/30
2019-07-10 09:25:31.275 25187 RALLYDEBUG rally_openstack.wrappers.network [-] CIDR generated: 1.1.6.40/30
2019-07-10 09:25:31.276 25172 RALLYDEBUG rally_openstack.wrappers.network [-] CIDR generated: 1.1.6.44/30
2019-07-10 09:25:32.084 25201 RALLYDEBUG rally_openstack.wrappers.network [-] CIDR generated: 1.1.6.48/30
2019-07-10 09:25:32.239 25193 RALLYDEBUG rally_openstack.wrappers.network [-] CIDR generated: 1.1.6.52/30
2019-07-10 09:25:32.239 25213 RALLYDEBUG rally_openstack.wrappers.network [-] CIDR generated: 1.1.6.56/30
2019-07-10 09:25:32.731 25205 RALLYDEBUG rally_openstack.wrappers.network [-] CIDR generated: 1.1.6.60/30
2019-07-10 09:25:35.391 25210 INFO rally.task.runner [-] Task 47407093-2b33-4d7b-9875-2020ac9a1157 | ITER: 18 END: OK
2019-07-10 09:25:35.396 25210 INFO rally.task.runner [-] Task 47407093-2b33-4d7b-9875-2020ac9a1157 | ITER: 21 START
2019-07-10 09:25:36.077 25171 INFO rally.task.runner [-] Task 47407093-2b33-4d7b-9875-2020ac9a1157 | ITER: 5 END: OK
2019-07-10 09:25:36.081 25171 INFO rally.task.runner [-] Task 47407093-2b33-4d7b-9875-2020ac9a1157 | ITER: 22 START
2019-07-10 09:25:36.674 25210 RALLYDEBUG rally_openstack.wrappers.network [-] CIDR generated: 1.1.6.64/30
2019-07-10 09:25:37.558 25171 RALLYDEBUG rally_openstack.wrappers.network [-] CIDR generated: 1.1.6.68/30
2019-07-10 09:25:38.191 25210 RALLYDEBUG rally_openstack.wrappers.network [-] CIDR generated: 1.1.6.72/30
2019-07-10 09:25:38.613 25171 RALLYDEBUG rally_openstack.wrappers.network [-] CIDR generated: 1.1.6.76/30
2019-07-10 09:25:45.240 25172 INFO rally.task.runner [-] Task 47407093-2b33-4d7b-9875-2020ac9a1157 | ITER: 6 END: OK
2019-07-10 09:25:45.244 25172 INFO rally.task.runner [-] Task 47407093-2b33-4d7b-9875-2020ac9a1157 | ITER: 23 START
