2019-07-10 09:38:30.874 22705 RALLYDEBUG rally_openstack.cleanup.manager [-] Deleting neutron.port object s_rally_f1a548bf_gyasiZHR (589f206b-509b-4191-af7f-09d7c39bf5bb)
2019-07-10 09:38:30.997 22705 RALLYDEBUG rally_openstack.cleanup.manager [-] Deleting neutron.port object s_rally_f1a548bf_4ykPIEY6 (59438c57-99e7-4374-b133-fdfec5baff4f)
2019-07-10 09:38:31.027 22705 RALLYDEBUG rally_openstack.cleanup.manager [-] Deleting neutron.port object s_rally_f1a548bf_dI2kIHY7 (5b62569b-bd4a-4699-a492-1ac00ac0e1e8)
2019-07-10 09:38:31.307 22705 RALLYDEBUG rally_openstack.cleanup.manager [-] Deleting neutron.port object s_rally_f1a548bf_zgnloh9N (5c399f86-878b-4316-a578-c8e824519d5d)
2019-07-10 09:38:31.401 22705 RALLYDEBUG rally_openstack.cleanup.manager [-] Deleting neutron.port object s_rally_f1a548bf_1JYGFvFq (5e81fe7d-fdef-4aa1-adf9-c59bc365eeda)
2019-07-10 09:38:31.448 22705 RALLYDEBUG rally_openstack.cleanup.manager [-] Deleting neutron.port object s_rally_f1a548bf_X5S1E1CM (60c83fa7-ad98-49f9-8c71-3beba7f23469)
2019-07-10 09:38:31.641 22705 RALLYDEBUG rally_openstack.cleanup.manager [-] Deleting neutron.port object s_rally_f1a548bf_9RT1ymgU (63bbe8c7-3e96-4da4-a412-1336f45c24a8)
2019-07-10 09:38:31.810 22705 RALLYDEBUG rally_openstack.cleanup.manager [-] Deleting neutron.port object s_rally_f1a548bf_CBbFzWa1 (678832c0-aafe-4bde-993d-4ae9db2167e0)
2019-07-10 09:38:31.826 22705 RALLYDEBUG rally_openstack.cleanup.manager [-] Deleting neutron.port object s_rally_f1a548bf_pGeBkY00 (698427d2-088b-47b1-8149-36a1cdca1226)
2019-07-10 09:38:31.847 22705 RALLYDEBUG rally_openstack.cleanup.manager [-] Deleting neutron.port object s_rally_f1a548bf_6QEZfMEn (6a4ffc5a-e137-48de-a743-2b581d3ea262)
2019-07-10 09:38:32.105 22705 RALLYDEBUG rally_openstack.cleanup.manager [-] Deleting neutron.port object s_rally_f1a548bf_mZhKBuSI (6ab89eb6-f4b3-4882-8687-d6064259a048)
2019-07-10 09:38:32.201 22705 RALLYDEBUG rally_openstack.cleanup.manager [-] Deleting neutron.port object s_rally_f1a548bf_cOSH5ThX (6abc2403-5164-4b4f-ad15-4508f681da77)
2019-07-10 09:38:32.230 22705 RALLYDEBUG rally_openstack.cleanup.manager [-] Deleting neutron.port object s_rally_f1a548bf_ki86iu6P (6fc19219-23cd-47be-a939-a802e29c90d5)
2019-07-10 09:38:32.444 22705 RALLYDEBUG rally_openstack.cleanup.manager [-] Deleting neutron.port object s_rally_f1a548bf_JdcmP4pr (72c17b29-a813-447b-87d5-205f99624821)
2019-07-10 09:38:33.283 22705 RALLYDEBUG rally_openstack.cleanup.manager [-] Deleting neutron.port object s_rally_f1a548bf_ZAkqNz1K (7479a1be-dca0-46b4-9555-49a15b818fa9)
2019-07-10 09:38:33.328 22705 RALLYDEBUG rally_openstack.cleanup.manager [-] Deleting neutron.port object s_rally_f1a548bf_M72mXqDP (752afebe-e6bf-4205-b8a5-6061969baee2)
2019-07-10 09:38:33.373 22705 RALLYDEBUG rally_openstack.cleanup.manager [-] Deleting neutron.port object s_rally_f1a548bf_sHYxYkI0 (76324251-e819-4c55-a8c2-19a661fe886e)
2019-07-10 09:38:33.515 22705 RALLYDEBUG rally_openstack.cleanup.manager [-] Deleting neutron.port object s_rally_f1a548bf_JsIoxxBR (77dbaaac-912c-4317-84e5-e6e4fc27cf7a)
2019-07-10 09:38:33.544 22705 RALLYDEBUG rally_openstack.cleanup.manager [-] Deleting neutron.port object s_rally_f1a548bf_fAq9wVdv (78fdae17-863a-4dd4-be23-e4c6fdc336b4)
2019-07-10 09:38:33.647 22705 RALLYDEBUG rally_openstack.cleanup.manager [-] Deleting neutron.port object s_rally_f1a548bf_sD6NZkjA (7a401d07-027c-4c2d-be4b-2d168a9f53fd)
2019-07-10 09:38:33.894 22705 RALLYDEBUG rally_openstack.cleanup.manager [-] Deleting neutron.port object s_rally_f1a548bf_yJczhRZv (7a52eafb-3253-4f8b-bd21-5e383e898578)
2019-07-10 09:38:33.941 22705 RALLYDEBUG rally_openstack.cleanup.manager [-] Deleting neutron.port object s_rally_f1a548bf_HQb7HxWN (7c7a43c5-5ba3-49d7-b664-0692051c82c5)
2019-07-10 09:38:34.161 22705 RALLYDEBUG rally_openstack.cleanup.manager [-] Deleting neutron.port object s_rally_f1a548bf_Fy7b6zF8 (7da8bb53-2a27-4188-bcd4-0663c3da4fa6)
2019-07-10 09:38:34.175 22705 RALLYDEBUG rally_openstack.cleanup.manager [-] Deleting neutron.port object s_rally_f1a548bf_207wIjkI (7df16d61-e49d-4618-b7d5-956ce522573e)
2019-07-10 09:38:34.245 22705 RALLYDEBUG rally_openstack.cleanup.manager [-] Deleting neutron.port object s_rally_f1a548bf_bd3llTlu (7dfa2fb0-3953-43a7-8268-a4f23bd9d1f3)
2019-07-10 09:38:34.684 22705 RALLYDEBUG rally_openstack.cleanup.manager [-] Deleting neutron.port object s_rally_f1a548bf_5u33Vly2 (815a57b2-2d30-4011-84f2-bcaac949079e)
2019-07-10 09:38:34.955 22705 RALLYDEBUG rally_openstack.cleanup.manager [-] Deleting neutron.port object s_rally_f1a548bf_J1WCzvjV (81ac1b1c-4a6f-424c-9804-a9732a899a58)
2019-07-10 09:38:34.999 22705 RALLYDEBUG rally_openstack.cleanup.manager [-] Deleting neutron.port object s_rally_f1a548bf_Ryng3LfG (837244bb-a55c-4537-9882-c4e7d3ad90cc)
2019-07-10 09:38:35.142 22705 RALLYDEBUG rally_openstack.cleanup.manager [-] Deleting neutron.port object s_rally_f1a548bf_c7xOzAE6 (8837ba9d-3c01-4218-ade0-22a750c5fdde)
2019-07-10 09:38:35.149 22705 RALLYDEBUG rally_openstack.cleanup.manager [-] Deleting neutron.port object s_rally_f1a548bf_4myTBglT (88e9f353-878a-4623-891e-ef47aa7c375e)
2019-07-10 09:38:35.255 22705 RALLYDEBUG rally_openstack.cleanup.manager [-] Deleting neutron.port object s_rally_f1a548bf_5B9g5oPh (89bede98-c95e-48db-a83d-8d963f2f38dd)
2019-07-10 09:38:35.266 22705 RALLYDEBUG rally_openstack.cleanup.manager [-] Deleting neutron.port object s_rally_f1a548bf_DljraARD (8a44ffc6-c37e-49b7-8d84-af5c503de3c6)
2019-07-10 09:38:35.506 22705 RALLYDEBUG rally_openstack.cleanup.manager [-] Deleting neutron.port object s_rally_f1a548bf_YGNgA1mn (8cd25aa8-7704-4141-9495-4ece54913756)
2019-07-10 09:38:35.506 22705 RALLYDEBUG rally_openstack.cleanup.manager [-] Deleting neutron.port object s_rally_f1a548bf_uiQzjWHE (8ba3cfd2-7a42-447d-937c-f56b703c0008)
2019-07-10 09:38:36.245 22705 RALLYDEBUG rally_openstack.cleanup.manager [-] Deleting neutron.port object s_rally_f1a548bf_Qh4KLNa4 (8db34bee-5776-4f12-8b7e-e51884bf0122)
2019-07-10 09:38:36.266 22705 RALLYDEBUG rally_openstack.cleanup.manager [-] Deleting neutron.port object s_rally_f1a548bf_Q8VyW1UW (8f712950-a164-49da-bfff-c5ca4b1f2285)
2019-07-10 09:38:36.289 22705 RALLYDEBUG rally_openstack.cleanup.manager [-] Deleting neutron.port object s_rally_f1a548bf_oHX8IUFE (903156ec-e8b1-454c-a84d-34bdf7e6c22c)
2019-07-10 09:38:36.476 22705 RALLYDEBUG rally_openstack.cleanup.manager [-] Deleting neutron.port object s_rally_f1a548bf_u2h5cgKb (9190e402-3945-411d-875d-d3e6e4132178)
2019-07-10 09:38:36.617 22705 RALLYDEBUG rally_openstack.cleanup.manager [-] Deleting neutron.port object s_rally_f1a548bf_xKupB5Ec (91a3f5ef-fef3-402e-b446-51c527a0572e)
2019-07-10 09:38:36.954 22705 RALLYDEBUG rally_openstack.cleanup.manager [-] Deleting neutron.port object s_rally_f1a548bf_BIch6ACJ (91bc7738-3ddf-47eb-9092-f30b4fad4e1c)
2019-07-10 09:38:37.014 22705 RALLYDEBUG rally_openstack.cleanup.manager [-] Deleting neutron.port object s_rally_f1a548bf_giWlknrB (93c13847-d2f1-4893-9d52-2986c067fbd4)
2019-07-10 09:38:37.019 22705 RALLYDEBUG rally_openstack.cleanup.manager [-] Deleting neutron.port object s_rally_f1a548bf_gTDceT0E (9653ef40-4482-4d3c-95a8-c2cf7c57e62d)
2019-07-10 09:38:37.222 22705 RALLYDEBUG rally_openstack.cleanup.manager [-] Deleting neutron.port object s_rally_f1a548bf_wENgmklY (98f9fdd8-588e-4a16-b21e-7d1322b4c15f)
2019-07-10 09:38:37.317 22705 RALLYDEBUG rally_openstack.cleanup.manager [-] Deleting neutron.port object s_rally_f1a548bf_0oANem27 (9c9df5c7-7c8e-4caf-8e27-d1459cd6027a)
2019-07-10 09:38:37.344 22705 RALLYDEBUG rally_openstack.cleanup.manager [-] Deleting neutron.port object s_rally_f1a548bf_pGRn5ILB (9dd9e043-365d-4ae3-8267-88fe37b790e5)
2019-07-10 09:38:37.398 22705 RALLYDEBUG rally_openstack.cleanup.manager [-] Deleting neutron.port object s_rally_f1a548bf_e1Lmlci0 (9e501843-9012-4c09-9353-4dca7233fcf8)
2019-07-10 09:38:37.543 22705 RALLYDEBUG rally_openstack.cleanup.manager [-] Deleting neutron.port object s_rally_f1a548bf_g6tcm9Ly (a01017cb-f8eb-49e0-955a-f52897b98a99)
2019-07-10 09:38:37.606 22705 RALLYDEBUG rally_openstack.cleanup.manager [-] Deleting neutron.port object s_rally_f1a548bf_QENuSwOg (a2509c1d-15ec-409b-b519-9a3ecf6162fe)
2019-07-10 09:38:37.860 22705 RALLYDEBUG rally_openstack.cleanup.manager [-] Deleting neutron.port object s_rally_f1a548bf_l0ywdhcS (a39df126-cbaa-4343-a8f7-765ea5a85055)
2019-07-10 09:38:38.210 22705 RALLYDEBUG rally_openstack.cleanup.manager [-] Deleting neutron.port object s_rally_f1a548bf_X1RAbTf4 (a517d743-fa41-42a8-91f4-80f2a2024c2e)
2019-07-10 09:38:38.210 22705 RALLYDEBUG rally_openstack.cleanup.manager [-] Deleting neutron.port object s_rally_f1a548bf_oXD4vrY6 (a54db807-37a4-4e6f-921e-99f854371556)
2019-07-10 09:38:38.232 22705 RALLYDEBUG rally_openstack.cleanup.manager [-] Deleting neutron.port object s_rally_f1a548bf_jUISYN9x (a57ed5fd-59fe-4fe2-8ccf-e86183c7b3df)
2019-07-10 09:38:38.364 22705 RALLYDEBUG rally_openstack.cleanup.manager [-] Deleting neutron.port object s_rally_f1a548bf_xuuJRofq (a594f5ec-72e9-49e2-8e12-c48670fb2cab)
2019-07-10 09:38:38.369 22705 RALLYDEBUG rally_openstack.cleanup.manager [-] Deleting neutron.port object s_rally_f1a548bf_sSW6y9l9 (a59c8f6c-c55c-480d-a38f-6605e65b6847)
2019-07-10 09:38:38.523 22705 RALLYDEBUG rally_openstack.cleanup.manager [-] Deleting neutron.port object s_rally_f1a548bf_fgMTqNLt (a5eee236-15ef-4808-b733-057a261ded2a)
2019-07-10 09:38:39.218 22705 RALLYDEBUG rally_openstack.cleanup.manager [-] Deleting neutron.port object s_rally_f1a548bf_PqiatWxC (a6387142-00f4-4705-9dce-be393905bf1a)
2019-07-10 09:38:39.219 22705 RALLYDEBUG rally_openstack.cleanup.manager [-] Deleting neutron.port object s_rally_f1a548bf_PqvABps4 (aafcb4bc-ea44-400a-9eeb-7a82805f4f84)
2019-07-10 09:38:39.370 22705 RALLYDEBUG rally_openstack.cleanup.manager [-] Deleting neutron.port object s_rally_f1a548bf_TuT6p2eH (adc1d934-41bc-41d6-a0e0-3b52358ba755)
2019-07-10 09:38:39.475 22705 RALLYDEBUG rally_openstack.cleanup.manager [-] Deleting neutron.port object s_rally_f1a548bf_xVVIcosd (ae6953cc-3386-4a52-9af0-03dd30cb4585)
2019-07-10 09:38:39.542 22705 RALLYDEBUG rally_openstack.cleanup.manager [-] Deleting neutron.port object s_rally_f1a548bf_8U3BO7PD (aed4ddf4-ce13-4583-be89-ae676dc98f68)
2019-07-10 09:38:39.673 22705 RALLYDEBUG rally_openstack.cleanup.manager [-] Deleting neutron.port object s_rally_f1a548bf_uDntobvx (b12f5f76-1fc9-4e2f-902c-9c179c210cf7)
2019-07-10 09:38:40.030 22705 RALLYDEBUG rally_openstack.cleanup.manager [-] Deleting neutron.port object s_rally_f1a548bf_UNBVDM2O (b44245cc-1632-4caf-896a-7efea0967e6f)
2019-07-10 09:38:40.354 22705 RALLYDEBUG rally_openstack.cleanup.manager [-] Deleting neutron.port object s_rally_f1a548bf_RF1WaZ9j (b65349a1-a184-40d2-bede-fcd1df52bb1c)
2019-07-10 09:38:40.435 22705 RALLYDEBUG rally_openstack.cleanup.manager [-] Deleting neutron.port object s_rally_f1a548bf_WNB4qGOA (b793ee10-e01c-4b8c-bc0f-4885e162c6ef)
2019-07-10 09:38:40.457 22705 RALLYDEBUG rally_openstack.cleanup.manager [-] Deleting neutron.port object s_rally_f1a548bf_3hRRQT46 (b8fddfc1-3f63-4474-8b7b-6b193ad6b5ef)
2019-07-10 09:38:40.590 22705 RALLYDEBUG rally_openstack.cleanup.manager [-] Deleting neutron.port object s_rally_f1a548bf_EGAw06JY (b95b042d-0bf5-49c0-8b5e-89a139b8aeee)
2019-07-10 09:38:40.654 22705 RALLYDEBUG rally_openstack.cleanup.manager [-] Deleting neutron.port object s_rally_f1a548bf_T8B5357t (bafb3d87-b83d-47ad-8ce3-789dbc898be4)
2019-07-10 09:38:40.703 22705 RALLYDEBUG rally_openstack.cleanup.manager [-] Deleting neutron.port object s_rally_f1a548bf_3QcY4Kq5 (bca74d74-134b-4f4d-8c38-f61cddebeccc)
2019-07-10 09:38:40.935 22705 RALLYDEBUG rally_openstack.cleanup.manager [-] Deleting neutron.port object s_rally_f1a548bf_5Vo9GUV2 (bec50db9-0453-49f5-a89a-30069278502f)
2019-07-10 09:38:40.975 22705 RALLYDEBUG rally_openstack.cleanup.manager [-] Deleting neutron.port object s_rally_f1a548bf_DtHkrDzL (bee52043-be42-43e9-b9ea-905279384560)
2019-07-10 09:38:41.474 22705 RALLYDEBUG rally_openstack.cleanup.manager [-] Deleting neutron.port object s_rally_f1a548bf_bOctqcI7 (bf9be19b-a4e0-453c-9ca7-128222cf4131)
2019-07-10 09:38:41.717 22705 RALLYDEBUG rally_openstack.cleanup.manager [-] Deleting neutron.port object s_rally_f1a548bf_NWUzdoMy (bfd4a96b-9e15-4bc9-98d9-4c7078f08610)
2019-07-10 09:38:41.842 22705 RALLYDEBUG rally_openstack.cleanup.manager [-] Deleting neutron.port object s_rally_f1a548bf_osf8JGH8 (c08980c2-a5e3-4733-a339-956816de6489)
2019-07-10 09:38:41.870 22705 RALLYDEBUG rally_openstack.cleanup.manager [-] Deleting neutron.port object s_rally_f1a548bf_9grAr7Fu (c2335037-1bbd-42d6-8283-78388e5052ef)
2019-07-10 09:38:41.936 22705 RALLYDEBUG rally_openstack.cleanup.manager [-] Deleting neutron.port object s_rally_f1a548bf_t2DlXqbd (c44b3ffa-e5dc-4de9-9733-166b4d08e995)
2019-07-10 09:38:41.970 22705 RALLYDEBUG rally_openstack.cleanup.manager [-] Deleting neutron.port object s_rally_f1a548bf_qKe0ABDl (c679c981-182b-4065-b3a9-be15f3a75aa2)
2019-07-10 09:38:42.402 22705 RALLYDEBUG rally_openstack.cleanup.manager [-] Deleting neutron.port object s_rally_f1a548bf_kwMhddpz (c6865e82-c2e0-4662-aa1b-dd6859e2dabf)
2019-07-10 09:38:42.852 22705 RALLYDEBUG rally_openstack.cleanup.manager [-] Deleting neutron.port object s_rally_f1a548bf_ckgSJcok (c7c0ceee-3ab9-404e-be54-1c41b8504100)
2019-07-10 09:38:42.861 22705 RALLYDEBUG rally_openstack.cleanup.manager [-] Deleting neutron.port object s_rally_f1a548bf_fe9nSgtY (c80dc0aa-b226-4225-b5ae-a6fdc13486b8)
2019-07-10 09:38:42.964 22705 RALLYDEBUG rally_openstack.cleanup.manager [-] Deleting neutron.port object s_rally_f1a548bf_GJgBRi8M (c97a74a9-cd31-4e70-b1ca-5fff1f32ad52)
2019-07-10 09:38:42.968 22705 RALLYDEBUG rally_openstack.cleanup.manager [-] Deleting neutron.port object s_rally_f1a548bf_fHDMZIH1 (ca9a3fda-460d-4739-808d-8411b343d5ae)
2019-07-10 09:38:43.249 22705 RALLYDEBUG rally_openstack.cleanup.manager [-] Deleting neutron.port object s_rally_f1a548bf_a2OjXWjK (cbbf8689-8d91-4344-9d89-ba0c582e6b57)
2019-07-10 09:38:43.261 22705 RALLYDEBUG rally_openstack.cleanup.manager [-] Deleting neutron.port object s_rally_f1a548bf_v9uXSahk (cc0e45ef-1315-461e-b667-22ad0ca58f33)
2019-07-10 09:38:43.285 22705 RALLYDEBUG rally_openstack.cleanup.manager [-] Deleting neutron.port object s_rally_f1a548bf_rOOWmeHo (ccc37cd6-21f7-4d57-a0e7-92c18bd652b0)
2019-07-10 09:38:43.355 22705 RALLYDEBUG rally_openstack.cleanup.manager [-] Deleting neutron.port object s_rally_f1a548bf_9PrYdXtF (cd6e530b-3ec6-4e6f-8b2b-9ab32f993d79)
2019-07-10 09:38:43.395 22705 RALLYDEBUG rally_openstack.cleanup.manager [-] Deleting neutron.port object s_rally_f1a548bf_YOQ20fvm (ce100872-1dca-4895-afc9-a65113cd8ea0)
2019-07-10 09:38:43.881 22705 RALLYDEBUG rally_openstack.cleanup.manager [-] Deleting neutron.port object s_rally_f1a548bf_0vqJ4fDJ (ce65788b-3983-4b9b-86eb-774f1c681bfc)
2019-07-10 09:38:43.908 22705 RALLYDEBUG rally_openstack.cleanup.manager [-] Deleting neutron.port object s_rally_f1a548bf_vrIq0DDv (ceb9c664-4e95-4976-a30a-59fd4a77779d)
2019-07-10 09:38:43.983 22705 RALLYDEBUG rally_openstack.cleanup.manager [-] Deleting neutron.port object s_rally_f1a548bf_OUmWVWYe (cf57beea-d446-487f-81bc-617c2e17cd62)
2019-07-10 09:38:44.014 22705 RALLYDEBUG rally_openstack.cleanup.manager [-] Deleting neutron.port object s_rally_f1a548bf_ijhCZRSj (d0e7e736-d94f-4d72-a071-b8f21f3baa1b)
2019-07-10 09:38:44.453 22705 RALLYDEBUG rally_openstack.cleanup.manager [-] Deleting neutron.port object s_rally_f1a548bf_mm2YyDhU (d1986f90-0a7a-4a84-9ac2-86fc1e2469d0)
2019-07-10 09:38:44.633 22705 RALLYDEBUG rally_openstack.cleanup.manager [-] Deleting neutron.port object s_rally_f1a548bf_pBFYtRvX (d2dbce5e-4654-42dc-8af2-d7729b799e64)
2019-07-10 09:38:44.639 22705 RALLYDEBUG rally_openstack.cleanup.manager [-] Deleting neutron.port object s_rally_f1a548bf_LsUWplcQ (d5e9cb94-5481-421a-9e45-72377649c122)
2019-07-10 09:38:45.086 22705 RALLYDEBUG rally_openstack.cleanup.manager [-] Deleting neutron.port object s_rally_f1a548bf_GlG9Cu3k (d5f5dcb8-ba40-4315-a852-f975b80b0e7e)
2019-07-10 09:38:45.408 22705 RALLYDEBUG rally_openstack.cleanup.manager [-] Deleting neutron.port object s_rally_f1a548bf_XJrA9idt (d61ba3dd-1ec1-4550-bd61-f304086eb171)
2019-07-10 09:38:45.417 22705 RALLYDEBUG rally_openstack.cleanup.manager [-] Deleting neutron.port object s_rally_f1a548bf_YU3dwpg5 (d6f7e321-53bf-4952-bc45-6334ae214ea4)
2019-07-10 09:38:45.623 22705 RALLYDEBUG rally_openstack.cleanup.manager [-] Deleting neutron.port object s_rally_f1a548bf_WPZ85Mz2 (d956c548-5ca1-4751-904f-0ab7939c76b6)
2019-07-10 09:38:45.623 22705 RALLYDEBUG rally_openstack.cleanup.manager [-] Deleting neutron.port object s_rally_f1a548bf_HopRmpd7 (d9c879be-d53c-4449-b7c5-a9679952fe8b)
2019-07-10 09:38:45.678 22705 RALLYDEBUG rally_openstack.cleanup.manager [-] Deleting neutron.port object s_rally_f1a548bf_tdDozbJS (da114f9a-50b4-4ffe-a468-7160a712a002)
2019-07-10 09:38:45.812 22705 RALLYDEBUG rally_openstack.cleanup.manager [-] Deleting neutron.port object s_rally_f1a548bf_VaBse0Pb (dd8e14a0-c340-4295-8608-709fb6abd971)
2019-07-10 09:38:46.064 22705 RALLYDEBUG rally_openstack.cleanup.manager [-] Deleting neutron.port object s_rally_f1a548bf_GW7aulAO (ddd6ae32-65fe-4b95-9109-3b71f0bbf296)
2019-07-10 09:38:46.078 22705 RALLYDEBUG rally_openstack.cleanup.manager [-] Deleting neutron.port object s_rally_f1a548bf_D7V35f6t (df0b0829-48c5-452e-a1b7-ed1a477bcdf2)
2019-07-10 09:38:46.099 22705 RALLYDEBUG rally_openstack.cleanup.manager [-] Deleting neutron.port object s_rally_f1a548bf_98LKNJEO (df69c8c7-a09f-43e9-99ec-2ce07b23c037)
2019-07-10 09:38:46.444 22705 RALLYDEBUG rally_openstack.cleanup.manager [-] Deleting neutron.port object s_rally_f1a548bf_i95xW9Qu (e0e0693f-503f-4c3b-bda3-0ed5d1c8f178)
2019-07-10 09:38:46.453 22705 RALLYDEBUG rally_openstack.cleanup.manager [-] Deleting neutron.port object s_rally_f1a548bf_6OX1asbj (e1da8325-f7b7-4b02-8c00-205931a60ffd)
2019-07-10 09:38:46.585 22705 RALLYDEBUG rally_openstack.cleanup.manager [-] Deleting neutron.port object s_rally_f1a548bf_2mYwjraz (e1e58604-7ca4-4fcf-9c30-8c0981e04850)
2019-07-10 09:38:46.667 22705 RALLYDEBUG rally_openstack.cleanup.manager [-] Deleting neutron.port object s_rally_f1a548bf_hm7hdkV3 (e1f050f2-130b-44a4-8704-cf2cbd780336)
2019-07-10 09:38:46.845 22705 RALLYDEBUG rally_openstack.cleanup.manager [-] Deleting neutron.port object s_rally_f1a548bf_J6CBHtxA (e2753a68-a5b5-4d8f-b86c-619a8ea8929d)
2019-07-10 09:38:46.931 22705 RALLYDEBUG rally_openstack.cleanup.manager [-] Deleting neutron.port object s_rally_f1a548bf_8ZeKabA3 (e2fd7d98-a83a-4aa3-874d-98d2fda1ef2f)
2019-07-10 09:38:46.996 22705 RALLYDEBUG rally_openstack.cleanup.manager [-] Deleting neutron.port object s_rally_f1a548bf_aQ1jhVMZ (e3579e97-4a69-4475-9d3f-34e0c169d169)
2019-07-10 09:38:47.074 22705 RALLYDEBUG rally_openstack.cleanup.manager [-] Deleting neutron.port object s_rally_f1a548bf_LzrpvTVF (e490454b-bec4-4988-980b-19dde04e124b)
2019-07-10 09:38:47.193 22705 RALLYDEBUG rally_openstack.cleanup.manager [-] Deleting neutron.port object s_rally_f1a548bf_GZtHrjKe (e50adeb6-6246-4ef2-8bec-d849015fde6a)
2019-07-10 09:38:47.264 22705 RALLYDEBUG rally_openstack.cleanup.manager [-] Deleting neutron.port object s_rally_f1a548bf_Nm5l4noc (e62c2678-5821-45e4-a223-832062f29cb0)
2019-07-10 09:38:47.710 22705 RALLYDEBUG rally_openstack.cleanup.manager [-] Deleting neutron.port object s_rally_f1a548bf_4lxbNlf9 (e66ce088-203a-4cd9-8d76-cdd65e1cce24)
2019-07-10 09:38:48.246 22705 RALLYDEBUG rally_openstack.cleanup.manager [-] Deleting neutron.port object s_rally_f1a548bf_O3eSaO5l (e7ab7f21-c811-4c48-b60c-e56fb3ff8e89)
2019-07-10 09:38:48.269 22705 RALLYDEBUG rally_openstack.cleanup.manager [-] Deleting neutron.port object s_rally_f1a548bf_WMJ51zKO (ea7f6d20-ee77-450a-b454-703ddb483a65)
2019-07-10 09:38:48.293 22705 RALLYDEBUG rally_openstack.cleanup.manager [-] Deleting neutron.port object s_rally_f1a548bf_5ekONggV (eaeff827-c6c0-4425-8e96-6e25518c7863)
2019-07-10 09:38:48.394 22705 RALLYDEBUG rally_openstack.cleanup.manager [-] Deleting neutron.port object s_rally_f1a548bf_XjpEuZXB (eb8d5f31-8a7c-42db-8a7d-4fbdb8dae6d3)
2019-07-10 09:38:48.449 22705 RALLYDEBUG rally_openstack.cleanup.manager [-] Deleting neutron.port object s_rally_f1a548bf_rvRhUewJ (ed5ef0bc-82df-44e1-a700-3764b3434eea)
2019-07-10 09:38:48.624 22705 RALLYDEBUG rally_openstack.cleanup.manager [-] Deleting neutron.port object s_rally_f1a548bf_Y5MJVuhn (ef289699-95d1-40d8-8ba0-5b17182f6481)
2019-07-10 09:38:48.861 22705 RALLYDEBUG rally_openstack.cleanup.manager [-] Deleting neutron.port object s_rally_f1a548bf_BL9oEmOt (f08e0306-8a99-43b7-820c-3f1d4aaa9451)
2019-07-10 09:38:49.163 22705 RALLYDEBUG rally_openstack.cleanup.manager [-] Deleting neutron.port object s_rally_f1a548bf_YNg336xy (f3e13317-22d0-4408-abb9-6df4bde3bfc9)
2019-07-10 09:38:49.171 22705 RALLYDEBUG rally_openstack.cleanup.manager [-] Deleting neutron.port object s_rally_f1a548bf_qkmiGviw (f5e9ee8b-1532-4c1e-9b35-1e3fbceb367d)
2019-07-10 09:38:49.408 22705 RALLYDEBUG rally_openstack.cleanup.manager [-] Deleting neutron.port object s_rally_f1a548bf_yjUO4zcp (f656845e-de1a-4119-bfe5-d9f71f10509e)
2019-07-10 09:38:50.023 22705 RALLYDEBUG rally_openstack.cleanup.manager [-] Deleting neutron.port object s_rally_f1a548bf_BNIpQNHr (f86b7ead-dece-48f2-bb94-38785fd7e360)
2019-07-10 09:38:50.103 22705 RALLYDEBUG rally_openstack.cleanup.manager [-] Deleting neutron.port object s_rally_f1a548bf_M4piQvaf (f9729514-d8e0-49f8-bfa6-0c68e90dbe43)
2019-07-10 09:38:50.118 22705 RALLYDEBUG rally_openstack.cleanup.manager [-] Deleting neutron.port object s_rally_f1a548bf_fftGuuWi (f9e4f287-914e-4cbc-b85a-724280e3cffe)
2019-07-10 09:38:50.223 22705 RALLYDEBUG rally_openstack.cleanup.manager [-] Deleting neutron.port object s_rally_f1a548bf_94SAMKln (fbefcf47-3e95-449e-a2e7-cf89ba160ab6)
2019-07-10 09:38:50.433 22705 RALLYDEBUG rally_openstack.cleanup.manager [-] Deleting neutron.port object s_rally_f1a548bf_27iaIrdu (fc78cecf-d250-4c36-a164-a20f5a89e0ad)
2019-07-10 09:38:50.440 22705 RALLYDEBUG rally_openstack.cleanup.manager [-] Deleting neutron.port object s_rally_f1a548bf_rvfr7m06 (fce39aa7-c4b1-499d-b897-1d880a200cec)
2019-07-10 09:38:50.445 22705 RALLYDEBUG rally_openstack.cleanup.manager [-] Deleting neutron.port object s_rally_f1a548bf_PXm5Xhy7 (ff43e111-94e9-4957-be22-eb207c8f934d)
2019-07-10 09:38:50.556 22705 RALLYDEBUG rally_openstack.cleanup.manager [-] Deleting neutron.port object s_rally_f1a548bf_PEtdDu6f (ff76617a-b4ab-45c3-92ad-28434cadb8e8)
2019-07-10 09:38:50.953 22705 RALLYDEBUG rally_openstack.cleanup.manager [-] Deleting neutron.port object s_rally_f1a548bf_GpOquV0C (ff9f920e-19b4-4ab1-9119-51fe834abadb)
2019-07-10 09:38:53.078 22705 RALLYDEBUG rally_openstack.cleanup.manager [-] Cleaning up neutron subnet objects
2019-07-10 09:38:53.728 22705 RALLYDEBUG rally_openstack.cleanup.manager [-] Cleaning up neutron network objects
2019-07-10 09:38:54.528 22705 RALLYDEBUG rally_openstack.cleanup.manager [-] Deleting neutron.network object s_rally_f1a548bf_wHlyZNfl (09ac174f-7d2d-499f-9cb3-43e4b659c274)
2019-07-10 09:38:54.531 22705 RALLYDEBUG rally_openstack.cleanup.manager [-] Deleting neutron.network object s_rally_f1a548bf_ricezH9w (09f9319e-7a46-4a2d-95a3-6ccdf53b0bb9)
2019-07-10 09:38:54.538 22705 RALLYDEBUG rally_openstack.cleanup.manager [-] Deleting neutron.network object s_rally_f1a548bf_5y7PCjzi (1478379f-6da0-4209-bce2-783dfd509868)
2019-07-10 09:38:54.548 22705 RALLYDEBUG rally_openstack.cleanup.manager [-] Deleting neutron.network object s_rally_f1a548bf_2aj2BHrO (1645f9e8-ca16-44d3-bafe-e4ca00ebbc2e)
2019-07-10 09:38:54.553 22705 RALLYDEBUG rally_openstack.cleanup.manager [-] Deleting neutron.network object s_rally_f1a548bf_i7TdX38Z (1aac8845-1b02-4b53-b706-c658b5bd01f9)
2019-07-10 09:38:54.564 22705 RALLYDEBUG rally_openstack.cleanup.manager [-] Deleting neutron.network object s_rally_f1a548bf_ngdKcg7b (1b1de0f6-4432-4fa1-b15b-d8bc4ed306de)
2019-07-10 09:38:54.585 22705 RALLYDEBUG rally_openstack.cleanup.manager [-] Deleting neutron.network object s_rally_f1a548bf_scvKRogW (274c418e-a8bd-4fbe-b3e8-a92c39372236)
2019-07-10 09:38:54.588 22705 RALLYDEBUG rally_openstack.cleanup.manager [-] Deleting neutron.network object s_rally_f1a548bf_kmsozFFG (363ca208-3ad4-4009-89bc-88bb97d7dc8a)
2019-07-10 09:38:54.604 22705 RALLYDEBUG rally_openstack.cleanup.manager [-] Deleting neutron.network object s_rally_f1a548bf_hpRfjanE (391508a0-78eb-4bc5-abc7-5629c35a02b3)
2019-07-10 09:38:54.605 22705 RALLYDEBUG rally_openstack.cleanup.manager [-] Deleting neutron.network object s_rally_f1a548bf_mdlAOj1L (39b521f9-1f9a-4d12-b06b-0a5bfe01968c)
2019-07-10 09:38:54.620 22705 RALLYDEBUG rally_openstack.cleanup.manager [-] Deleting neutron.network object s_rally_f1a548bf_HbHvqXfA (41a3704a-4ab7-406c-95d6-52139ff0d685)
2019-07-10 09:38:54.629 22705 RALLYDEBUG rally_openstack.cleanup.manager [-] Deleting neutron.network object s_rally_f1a548bf_wBKCPjx2 (438a11f5-1423-41cf-b6d7-d4d22f9ba968)
2019-07-10 09:38:54.637 22705 RALLYDEBUG rally_openstack.cleanup.manager [-] Deleting neutron.network object s_rally_f1a548bf_PO0TokUq (4733d327-a2c3-4818-83a3-60faeffe4c27)
2019-07-10 09:38:54.650 22705 RALLYDEBUG rally_openstack.cleanup.manager [-] Deleting neutron.network object s_rally_f1a548bf_ZaJmToQX (481a2a2b-e258-44b1-9c9a-2da2da8a946f)
2019-07-10 09:38:54.658 22705 RALLYDEBUG rally_openstack.cleanup.manager [-] Deleting neutron.network object s_rally_f1a548bf_hcQBBZJt (5124f84c-3d30-411c-9cb6-70a0b70f7ef1)
2019-07-10 09:38:54.686 22705 RALLYDEBUG rally_openstack.cleanup.manager [-] Deleting neutron.network object s_rally_f1a548bf_nAhdlfEd (5d0505eb-b4eb-45bf-9665-c1d10c4af3b4)
2019-07-10 09:38:54.694 22705 RALLYDEBUG rally_openstack.cleanup.manager [-] Deleting neutron.network object s_rally_f1a548bf_4i3z3pgU (7a315e65-635c-4951-8406-2ecc61a4f47c)
2019-07-10 09:38:54.708 22705 RALLYDEBUG rally_openstack.cleanup.manager [-] Deleting neutron.network object s_rally_f1a548bf_9CyUOY54 (8625a065-f75b-4173-813d-f686e810c178)
2019-07-10 09:38:54.708 22705 RALLYDEBUG rally_openstack.cleanup.manager [-] Deleting neutron.network object s_rally_f1a548bf_5Xd6bgI3 (8a8d82fd-b733-4c9f-9472-45c0043d4cb6)
2019-07-10 09:38:54.717 22705 RALLYDEBUG rally_openstack.cleanup.manager [-] Deleting neutron.network object s_rally_f1a548bf_8Vm1Ih7h (9a865227-abe5-41cb-ba27-988944c15083)
2019-07-10 09:38:57.841 22705 RALLYDEBUG rally_openstack.cleanup.manager [-] Deleting neutron.network object s_rally_f1a548bf_GU10CfRe (a7df52a6-b278-4d49-aabc-9bdbfbfcf76a)
2019-07-10 09:38:57.866 22705 RALLYDEBUG rally_openstack.cleanup.manager [-] Deleting neutron.network object s_rally_f1a548bf_MMgV9SOh (abc65dad-264f-4063-849a-b49aba68aec2)
2019-07-10 09:38:58.028 22705 RALLYDEBUG rally_openstack.cleanup.manager [-] Deleting neutron.network object s_rally_f1a548bf_yfxzx4NZ (adad213c-4f3e-4a6e-8fe2-a572764edda1)
2019-07-10 09:38:58.087 22705 RALLYDEBUG rally_openstack.cleanup.manager [-] Deleting neutron.network object s_rally_f1a548bf_nznM6h4V (af50cda9-2af5-4946-8355-d6b2db23b863)
2019-07-10 09:38:58.291 22705 RALLYDEBUG rally_openstack.cleanup.manager [-] Deleting neutron.network object s_rally_f1a548bf_Wdg8IE8f (b13558fe-2d24-4831-8966-79ee356f06e4)
2019-07-10 09:38:58.445 22705 RALLYDEBUG rally_openstack.cleanup.manager [-] Deleting neutron.network object s_rally_f1a548bf_nviQNn0h (b16a9b58-dd4d-438e-ad90-a54a99be6278)
2019-07-10 09:38:59.293 22705 RALLYDEBUG rally_openstack.cleanup.manager [-] Deleting neutron.network object s_rally_f1a548bf_zQSkjcrc (bed7ed7a-785c-4996-a0ce-b414a339afb3)
2019-07-10 09:38:59.296 22705 RALLYDEBUG rally_openstack.cleanup.manager [-] Deleting neutron.network object s_rally_f1a548bf_59Cui7rE (b70201b1-003d-4e07-bd7f-6668f158f293)
2019-07-10 09:38:59.314 22705 RALLYDEBUG rally_openstack.cleanup.manager [-] Deleting neutron.network object s_rally_f1a548bf_6v2fspcV (c8778cbb-af12-4280-868f-66448a595738)
2019-07-10 09:39:00.458 22705 RALLYDEBUG rally_openstack.cleanup.manager [-] Deleting neutron.network object s_rally_f1a548bf_P9W77TtX (c8815758-027e-4b4e-830e-0e83ec9fb48f)
2019-07-10 09:39:00.510 22705 RALLYDEBUG rally_openstack.cleanup.manager [-] Deleting neutron.network object s_rally_f1a548bf_p9LVEtXm (ca01e8a1-9257-42cd-b790-ebe548dcc279)
2019-07-10 09:39:01.767 22705 RALLYDEBUG rally_openstack.cleanup.manager [-] Deleting neutron.network object s_rally_f1a548bf_z3VoArnJ (d40bfb49-203a-4358-853e-a3ffbcb1cf2a)
2019-07-10 09:39:01.790 22705 RALLYDEBUG rally_openstack.cleanup.manager [-] Deleting neutron.network object s_rally_f1a548bf_LYBxi3Zp (da1392b0-1b3f-422a-aca8-cdaec2e1ac75)
2019-07-10 09:39:01.825 22705 RALLYDEBUG rally_openstack.cleanup.manager [-] Deleting neutron.network object s_rally_f1a548bf_QrLqDkRm (e499d4c1-4141-4b9b-95f7-8cbf3e79586b)
2019-07-10 09:39:01.877 22705 RALLYDEBUG rally_openstack.cleanup.manager [-] Deleting neutron.network object s_rally_f1a548bf_dNr9Uecv (e6017851-a4cb-4d02-a39f-d65395f5948f)
2019-07-10 09:39:01.931 22705 RALLYDEBUG rally_openstack.cleanup.manager [-] Deleting neutron.network object s_rally_f1a548bf_ED4aEkGT (ef25e20a-5f86-4033-9cad-c7d0ea8fc505)
2019-07-10 09:39:01.944 22705 RALLYDEBUG rally_openstack.cleanup.manager [-] Deleting neutron.network object s_rally_f1a548bf_QSOOdgfH (f98c0acd-df1e-4dbb-badc-96fc5be02105)
2019-07-10 09:39:01.944 22705 RALLYDEBUG rally_openstack.cleanup.manager [-] Deleting neutron.network object s_rally_f1a548bf_HjPCYXy1 (f83e0ed1-5c1c-4414-82e1-5a1b6ba81027)
2019-07-10 09:39:01.952 22705 RALLYDEBUG rally_openstack.cleanup.manager [-] Deleting neutron.network object s_rally_f1a548bf_NlGBJMRd (fbdba4b8-c6dd-4fb3-b842-908be231751a)
2019-07-10 09:39:02.001 22705 RALLYDEBUG rally_openstack.cleanup.manager [-] Deleting neutron.network object s_rally_f1a548bf_uKgkridW (fdd0c9d9-3fef-45d8-8cec-035b4133acd2)
2019-07-10 09:39:05.282 22705 RALLYDEBUG rally_openstack.cleanup.manager [-] Cleaning up neutron router objects
2019-07-10 09:39:05.965 22705 RALLYDEBUG rally_openstack.cleanup.manager [-] Cleaning up neutron security_group objects
2019-07-10 09:39:06.646 22705 INFO rally.task.context [-] Task 47407093-2b33-4d7b-9875-2020ac9a1157 | Context cleanup@openstack cleanup() finished in 51.52 sec
2019-07-10 09:39:06.647 22705 INFO rally.task.context [-] Task 47407093-2b33-4d7b-9875-2020ac9a1157 | Context quotas@openstack cleanup() started
2019-07-10 09:39:06.683 22705 INFO rally.task.context [-] Task 47407093-2b33-4d7b-9875-2020ac9a1157 | Context quotas@openstack cleanup() finished in 36.10 msec
2019-07-10 09:39:06.683 22705 INFO rally.task.context [-] Task 47407093-2b33-4d7b-9875-2020ac9a1157 | Context users@openstack cleanup() started
2019-07-10 09:39:11.130 22705 INFO rally.task.context [-] Task 47407093-2b33-4d7b-9875-2020ac9a1157 | Context users@openstack cleanup() finished in 4.45 sec
2019-07-10 09:39:12.109 22705 INFO rally.task.engine [-] Load duration is: 54.389013
2019-07-10 09:39:12.110 22705 INFO rally.task.engine [-] Full runner duration is: 54.43494
2019-07-10 09:39:12.110 22705 INFO rally.task.engine [-] Full duration is: 115.539127
2019-07-10 09:39:12.302 22705 INFO rally.task.engine [-] Running workload: position = 2 config = { "version": 2, "title": "A cropped version of a bigger task.", "description": "Auto-generated task from a single workload (uuid=216dea5c-8f1e-48a8-a81a-f804b8ebc235)", "subtasks": [ { "title": "NeutronNetworks.create_and_delete_ports", "description": "Create and delete a port.", "scenario": { "NeutronNetworks.create_and_delete_ports": { "network_create_args": {}, "port_create_args": {}, "ports_per_network": 5 } }, "contexts": { "users": { "tenants": 1, "users_per_tenant": 1 }, "quotas": { "neutron": { "network": -1, "port": -1 } } }, "runner": { "constant": { "times": 40, "concurrency": 20 } }, "hooks": [], "sla": { "failure_rate": { "max": 0 } } } ] }
2019-07-10 09:39:12.320 22705 RALLYDEBUG rally_openstack.contexts.keystone.users [-] Creating 1 tenants using 20 threads
2019-07-10 09:39:14.247 22705 RALLYDEBUG rally_openstack.contexts.keystone.users [-] Creating 1 users using 20 threads
2019-07-10 09:39:16.726 22705 INFO rally.task.context [-] Task 47407093-2b33-4d7b-9875-2020ac9a1157 | Context users@openstack setup() finished in 4.41 sec
2019-07-10 09:39:17.497 22705 INFO rally.task.context [-] Task 47407093-2b33-4d7b-9875-2020ac9a1157 | Context quotas@openstack setup() finished in 0.77 sec
2019-07-10 09:39:17.497 22705 INFO rally.task.context [-] Task 47407093-2b33-4d7b-9875-2020ac9a1157 | Context cleanup@openstack setup() finished in 0.00 msec
2019-07-10 09:39:17.505 22705 RALLYDEBUG rally.task.runner [-] Starting the constant runner (task UUID: 47407093-2b33-4d7b-9875-2020ac9a1157). timeout: 0 concurrency: 20 concurrency_per_worker: 1 times: 40 concurrency_overhead: 4 processes_to_start: 16 max_cpu_used: 16
2019-07-10 09:39:17.518 26951 RALLYDEBUG rally.task.runner [-] Starting a worker. concurrency: 2 args: {"network_create_args": {}, "port_create_args": {}, "ports_per_network": 5} times: 40 method_name: run timeout: 0 duration: None cls:
2019-07-10 09:39:17.520 26952 RALLYDEBUG rally.task.runner [-] Starting a worker. concurrency: 2 args: {"network_create_args": {}, "port_create_args": {}, "ports_per_network": 5} times: 40 method_name: run timeout: 0 duration: None cls:
2019-07-10 09:39:17.523 26953 RALLYDEBUG rally.task.runner [-] Starting a worker. concurrency: 2 args: {"network_create_args": {}, "port_create_args": {}, "ports_per_network": 5} times: 40 method_name: run timeout: 0 duration: None cls:
2019-07-10 09:39:17.526 26951 INFO rally.task.runner [-] Task 47407093-2b33-4d7b-9875-2020ac9a1157 | ITER: 1 START
2019-07-10 09:39:17.526 26954 RALLYDEBUG rally.task.runner [-] Starting a worker. concurrency: 2 args: {"network_create_args": {}, "port_create_args": {}, "ports_per_network": 5} times: 40 method_name: run timeout: 0 duration: None cls:
2019-07-10 09:39:17.527 26951 INFO rally.task.runner [-] Task 47407093-2b33-4d7b-9875-2020ac9a1157 | ITER: 3 START
2019-07-10 09:39:17.529 26952 INFO rally.task.runner [-] Task 47407093-2b33-4d7b-9875-2020ac9a1157 | ITER: 2 START
2019-07-10 09:39:17.529 26951 WARNING rally_openstack.scenarios.neutron.utils [-] Running this scenario without either the 'network' or 'existing_network' context is deprecated
2019-07-10 09:39:17.529 26956 RALLYDEBUG rally.task.runner [-] Starting a worker. concurrency: 1 args: {"network_create_args": {}, "port_create_args": {}, "ports_per_network": 5} times: 40 method_name: run timeout: 0 duration: None cls:
2019-07-10 09:39:17.531 26953 INFO rally.task.runner [-] Task 47407093-2b33-4d7b-9875-2020ac9a1157 | ITER: 4 START
2019-07-10 09:39:17.531 26952 WARNING rally_openstack.scenarios.neutron.utils [-] Running this scenario without either the 'network' or 'existing_network' context is deprecated
2019-07-10 09:39:17.533 26954 INFO rally.task.runner [-] Task 47407093-2b33-4d7b-9875-2020ac9a1157 | ITER: 7 START
2019-07-10 09:39:17.533 26953 WARNING rally_openstack.scenarios.neutron.utils [-] Running this scenario without either the 'network' or 'existing_network' context is deprecated
2019-07-10 09:39:17.534 26960 RALLYDEBUG rally.task.runner [-] Starting a worker. concurrency: 1 args: {"network_create_args": {}, "port_create_args": {}, "ports_per_network": 5} times: 40 method_name: run timeout: 0 duration: None cls:
2019-07-10 09:39:17.529 26951 WARNING rally_openstack.scenarios.neutron.utils [-] Running this scenario without either the 'network' or 'existing_network' context is deprecated
2019-07-10 09:39:17.536 26965 RALLYDEBUG rally.task.runner [-] Starting a worker. concurrency: 1 args: {"network_create_args": {}, "port_create_args": {}, "ports_per_network": 5} times: 40 method_name: run timeout: 0 duration: None cls:
2019-07-10 09:39:17.536 26956 INFO rally.task.runner [-] Task 47407093-2b33-4d7b-9875-2020ac9a1157 | ITER: 8 START
2019-07-10 09:39:17.535 26954 WARNING rally_openstack.scenarios.neutron.utils [-] Running this scenario without either the 'network' or 'existing_network' context is deprecated
2019-07-10 09:39:17.538 26956 WARNING rally_openstack.scenarios.neutron.utils [-] Running this scenario without either the 'network' or 'existing_network' context is deprecated
2019-07-10 09:39:17.532 26952 INFO rally.task.runner [-] Task 47407093-2b33-4d7b-9875-2020ac9a1157 | ITER: 5 START
2019-07-10 09:39:17.533 26953 INFO rally.task.runner [-] Task 47407093-2b33-4d7b-9875-2020ac9a1157 | ITER: 6 START
2019-07-10 09:39:17.540 26960 INFO rally.task.runner [-] Task 47407093-2b33-4d7b-9875-2020ac9a1157 | ITER: 9 START
2019-07-10 09:39:17.540 26953 WARNING rally_openstack.scenarios.neutron.utils [-] Running this scenario without either the 'network' or 'existing_network' context is deprecated
2019-07-10 09:39:17.542 26960 WARNING rally_openstack.scenarios.neutron.utils [-] Running this scenario without either the 'network' or 'existing_network' context is deprecated
2019-07-10 09:39:17.541 26972 RALLYDEBUG rally.task.runner [-] Starting a worker. concurrency: 1 args: {"network_create_args": {}, "port_create_args": {}, "ports_per_network": 5} times: 40 method_name: run timeout: 0 duration: None cls:
2019-07-10 09:39:17.541 26952 WARNING rally_openstack.scenarios.neutron.utils [-] Running this scenario without either the 'network' or 'existing_network' context is deprecated
2019-07-10 09:39:17.541 26969 RALLYDEBUG rally.task.runner [-] Starting a worker. concurrency: 1 args: {"network_create_args": {}, "port_create_args": {}, "ports_per_network": 5} times: 40 method_name: run timeout: 0 duration: None cls:
2019-07-10 09:39:17.546 26972 INFO rally.task.runner [-] Task 47407093-2b33-4d7b-9875-2020ac9a1157 | ITER: 12 START
2019-07-10 09:39:17.546 26975 RALLYDEBUG rally.task.runner [-] Starting a worker. concurrency: 1 args: {"network_create_args": {}, "port_create_args": {}, "ports_per_network": 5} times: 40 method_name: run timeout: 0 duration: None cls:
2019-07-10 09:39:17.547 26972 WARNING rally_openstack.scenarios.neutron.utils [-] Running this scenario without either the 'network' or 'existing_network' context is deprecated
2019-07-10 09:39:17.548 26965 INFO rally.task.runner [-] Task 47407093-2b33-4d7b-9875-2020ac9a1157 | ITER: 11 START
2019-07-10 09:39:17.548 26969 INFO rally.task.runner [-] Task 47407093-2b33-4d7b-9875-2020ac9a1157 | ITER: 13 START
2019-07-10 09:39:17.550 26969 WARNING rally_openstack.scenarios.neutron.utils [-] Running this scenario without either the 'network' or 'existing_network' context is deprecated
2019-07-10 09:39:17.550 26965 WARNING rally_openstack.scenarios.neutron.utils [-] Running this scenario without either the 'network' or 'existing_network' context is deprecated
2019-07-10 09:39:17.551 26954 INFO rally.task.runner [-] Task 47407093-2b33-4d7b-9875-2020ac9a1157 | ITER: 10 START
2019-07-10 09:39:17.551 26979 RALLYDEBUG rally.task.runner [-] Starting a worker. concurrency: 1 args: {"network_create_args": {}, "port_create_args": {}, "ports_per_network": 5} times: 40 method_name: run timeout: 0 duration: None cls:
2019-07-10 09:39:17.552 26954 WARNING rally_openstack.scenarios.neutron.utils [-] Running this scenario without either the 'network' or 'existing_network' context is deprecated
2019-07-10 09:39:17.553 26975 INFO rally.task.runner [-] Task 47407093-2b33-4d7b-9875-2020ac9a1157 | ITER: 14 START
2019-07-10 09:39:17.554 26975 WARNING rally_openstack.scenarios.neutron.utils [-] Running this scenario without either the 'network' or 'existing_network' context is deprecated
2019-07-10 09:39:17.557 26979 INFO rally.task.runner [-] Task 47407093-2b33-4d7b-9875-2020ac9a1157 | ITER: 15 START
2019-07-10 09:39:17.558 26979 WARNING rally_openstack.scenarios.neutron.utils [-] Running this scenario without either the 'network' or 'existing_network' context is deprecated
2019-07-10 09:39:17.563 26987 RALLYDEBUG rally.task.runner [-] Starting a worker. concurrency: 1 args: {"network_create_args": {}, "port_create_args": {}, "ports_per_network": 5} times: 40 method_name: run timeout: 0 duration: None cls:
2019-07-10 09:39:17.567 26989 RALLYDEBUG rally.task.runner [-] Starting a worker. concurrency: 1 args: {"network_create_args": {}, "port_create_args": {}, "ports_per_network": 5} times: 40 method_name: run timeout: 0 duration: None cls:
2019-07-10 09:39:17.569 26987 INFO rally.task.runner [-] Task 47407093-2b33-4d7b-9875-2020ac9a1157 | ITER: 16 START
2019-07-10 09:39:17.571 26987 WARNING rally_openstack.scenarios.neutron.utils [-] Running this scenario without either the 'network' or 'existing_network' context is deprecated
2019-07-10 09:39:17.571 26989 INFO rally.task.runner [-] Task 47407093-2b33-4d7b-9875-2020ac9a1157 | ITER: 17 START
2019-07-10 09:39:17.573 26989 WARNING rally_openstack.scenarios.neutron.utils [-] Running this scenario without either the 'network' or 'existing_network' context is deprecated
2019-07-10 09:39:17.575 26993 RALLYDEBUG rally.task.runner [-] Starting a worker. concurrency: 1 args: {"network_create_args": {}, "port_create_args": {}, "ports_per_network": 5} times: 40 method_name: run timeout: 0 duration: None cls:
2019-07-10 09:39:17.580 26993 INFO rally.task.runner [-] Task 47407093-2b33-4d7b-9875-2020ac9a1157 | ITER: 18 START
2019-07-10 09:39:17.581 26993 WARNING rally_openstack.scenarios.neutron.utils [-] Running this scenario without either the 'network' or 'existing_network' context is deprecated
2019-07-10 09:39:17.583 26995 RALLYDEBUG rally.task.runner [-] Starting a worker. concurrency: 1 args: {"network_create_args": {}, "port_create_args": {}, "ports_per_network": 5} times: 40 method_name: run timeout: 0 duration: None cls:
2019-07-10 09:39:17.588 26995 INFO rally.task.runner [-] Task 47407093-2b33-4d7b-9875-2020ac9a1157 | ITER: 19 START
2019-07-10 09:39:17.588 26998 RALLYDEBUG rally.task.runner [-] Starting a worker. concurrency: 1 args: {"network_create_args": {}, "port_create_args": {}, "ports_per_network": 5} times: 40 method_name: run timeout: 0 duration: None cls:
2019-07-10 09:39:17.589 26995 WARNING rally_openstack.scenarios.neutron.utils [-] Running this scenario without either the 'network' or 'existing_network' context is deprecated
2019-07-10 09:39:17.592 26998 INFO rally.task.runner [-] Task 47407093-2b33-4d7b-9875-2020ac9a1157 | ITER: 20 START
2019-07-10 09:39:17.593 26998 WARNING rally_openstack.scenarios.neutron.utils [-] Running this scenario without either the 'network' or 'existing_network' context is deprecated
2019-07-10 09:39:26.974 26960 INFO rally.task.runner [-] Task 47407093-2b33-4d7b-9875-2020ac9a1157 | ITER: 9 END: OK
2019-07-10 09:39:26.979 26960 INFO rally.task.runner [-] Task 47407093-2b33-4d7b-9875-2020ac9a1157 | ITER: 21 START
2019-07-10 09:39:26.980 26960 WARNING rally_openstack.scenarios.neutron.utils [-] Running this scenario without either the 'network' or 'existing_network' context is deprecated
2019-07-10 09:39:27.681 26979 INFO rally.task.runner [-] Task 47407093-2b33-4d7b-9875-2020ac9a1157 | ITER: 15 END: OK
2019-07-10 09:39:27.685 26979 INFO rally.task.runner [-] Task 47407093-2b33-4d7b-9875-2020ac9a1157 | ITER: 22 START
2019-07-10 09:39:27.686 26979 WARNING rally_openstack.scenarios.neutron.utils [-] Running this scenario without either the 'network' or 'existing_network' context is deprecated
2019-07-10 09:39:34.885 26960 INFO rally.task.runner [-] Task 47407093-2b33-4d7b-9875-2020ac9a1157 | ITER: 21 END: OK
2019-07-10 09:39:34.889 26960 INFO rally.task.runner [-] Task 47407093-2b33-4d7b-9875-2020ac9a1157 | ITER: 23 START
2019-07-10 09:39:34.890 26960 WARNING rally_openstack.scenarios.neutron.utils [-] Running this scenario without either the 'network' or 'existing_network' context is deprecated
2019-07-10 09:39:36.444 26979 INFO rally.task.runner [-] Task 47407093-2b33-4d7b-9875-2020ac9a1157 | ITER: 22 END: OK
2019-07-10 09:39:36.447 26979 INFO rally.task.runner [-] Task 47407093-2b33-4d7b-9875-2020ac9a1157 | ITER: 24 START
2019-07-10 09:39:36.448 26979 WARNING rally_openstack.scenarios.neutron.utils [-] Running this scenario without either the 'network' or 'existing_network' context is deprecated
2019-07-10 09:39:42.590 26969 INFO rally.task.runner [-] Task 47407093-2b33-4d7b-9875-2020ac9a1157 | ITER: 13 END: OK
2019-07-10 09:39:42.593 26969 INFO rally.task.runner [-] Task 47407093-2b33-4d7b-9875-2020ac9a1157 | ITER: 25 START
2019-07-10 09:39:42.593 26969 WARNING rally_openstack.scenarios.neutron.utils [-] Running this scenario without either the 'network' or 'existing_network' context is deprecated
2019-07-10 09:39:42.678 26954 INFO rally.task.runner [-] Task 47407093-2b33-4d7b-9875-2020ac9a1157 | ITER: 7 END: OK
2019-07-10 09:39:42.682 26954 INFO rally.task.runner [-] Task 47407093-2b33-4d7b-9875-2020ac9a1157 | ITER: 26 START
2019-07-10 09:39:42.683 26954 WARNING rally_openstack.scenarios.neutron.utils [-] Running this scenario without either the 'network' or 'existing_network' context is deprecated
2019-07-10 09:39:42.694 26953 INFO rally.task.runner [-] Task 47407093-2b33-4d7b-9875-2020ac9a1157 | ITER: 6 END: OK
2019-07-10 09:39:42.699 26953 INFO rally.task.runner [-] Task 47407093-2b33-4d7b-9875-2020ac9a1157 | ITER: 27 START
2019-07-10 09:39:42.699 26953 WARNING rally_openstack.scenarios.neutron.utils [-] Running this scenario without either the 'network' or 'existing_network' context is deprecated
2019-07-10 09:39:42.857 26954 INFO rally.task.runner [-] Task 47407093-2b33-4d7b-9875-2020ac9a1157 | ITER: 10 END: OK
2019-07-10 09:39:42.861 26956 INFO rally.task.runner [-] Task 47407093-2b33-4d7b-9875-2020ac9a1157 | ITER: 8 END: OK
2019-07-10 09:39:42.861 26954 INFO rally.task.runner [-] Task 47407093-2b33-4d7b-9875-2020ac9a1157 | ITER: 28 START
2019-07-10 09:39:42.861 26954 WARNING rally_openstack.scenarios.neutron.utils [-] Running this scenario without either the 'network' or 'existing_network' context is deprecated
2019-07-10 09:39:42.866 26956 INFO rally.task.runner [-] Task 47407093-2b33-4d7b-9875-2020ac9a1157 | ITER: 29 START
2019-07-10 09:39:42.866 26956 WARNING rally_openstack.scenarios.neutron.utils [-] Running this scenario without either the 'network' or 'existing_network' context is deprecated
2019-07-10 09:39:42.956 26975 INFO rally.task.runner [-] Task 47407093-2b33-4d7b-9875-2020ac9a1157 | ITER: 14 END: OK
2019-07-10 09:39:42.960 26975 INFO rally.task.runner [-] Task 47407093-2b33-4d7b-9875-2020ac9a1157 | ITER: 30 START
2019-07-10 09:39:42.960 26975 WARNING rally_openstack.scenarios.neutron.utils [-] Running this scenario without either the 'network' or 'existing_network' context is deprecated
2019-07-10 09:39:42.961 26995 INFO rally.task.runner [-] Task 47407093-2b33-4d7b-9875-2020ac9a1157 | ITER: 19 END: OK
2019-07-10 09:39:42.965 26995 INFO rally.task.runner [-] Task 47407093-2b33-4d7b-9875-2020ac9a1157 | ITER: 31 START
2019-07-10 09:39:42.966 26995 WARNING rally_openstack.scenarios.neutron.utils [-] Running this scenario without either the 'network' or 'existing_network' context is deprecated
2019-07-10 09:39:43.028 26965 INFO rally.task.runner [-] Task 47407093-2b33-4d7b-9875-2020ac9a1157 | ITER: 11 END: OK
2019-07-10 09:39:43.031 26965 INFO rally.task.runner [-] Task 47407093-2b33-4d7b-9875-2020ac9a1157 | ITER: 32 START
2019-07-10 09:39:43.032 26965 WARNING rally_openstack.scenarios.neutron.utils [-] Running this scenario without either the 'network' or 'existing_network' context is deprecated
2019-07-10 09:39:43.428 26987 INFO rally.task.runner [-] Task 47407093-2b33-4d7b-9875-2020ac9a1157 | ITER: 16 END: OK
2019-07-10 09:39:43.432 26987 INFO rally.task.runner [-] Task 47407093-2b33-4d7b-9875-2020ac9a1157 | ITER: 33 START
2019-07-10 09:39:43.432 26987 WARNING rally_openstack.scenarios.neutron.utils [-] Running this scenario without either the 'network' or 'existing_network' context is deprecated
2019-07-10 09:39:43.815 26979 INFO rally.task.runner [-] Task 47407093-2b33-4d7b-9875-2020ac9a1157 | ITER: 24 END: OK
2019-07-10 09:39:43.819 26979 INFO rally.task.runner [-] Task 47407093-2b33-4d7b-9875-2020ac9a1157 | ITER: 34 START
2019-07-10 09:39:43.820 26979 WARNING rally_openstack.scenarios.neutron.utils [-] Running this scenario without either the 'network' or 'existing_network' context is deprecated
2019-07-10 09:39:45.002 26960 INFO rally.task.runner [-] Task 47407093-2b33-4d7b-9875-2020ac9a1157 | ITER: 23 END: OK
2019-07-10 09:39:45.005 26960 INFO rally.task.runner [-] Task 47407093-2b33-4d7b-9875-2020ac9a1157 | ITER: 35 START
2019-07-10 09:39:45.006 26960 WARNING rally_openstack.scenarios.neutron.utils [-] Running this scenario without either the 'network' or 'existing_network' context is deprecated
2019-07-10 09:39:52.331 26979 INFO rally.task.runner [-] Task 47407093-2b33-4d7b-9875-2020ac9a1157 | ITER: 34 END: OK
2019-07-10 09:39:52.337 26979 INFO rally.task.runner [-] Task 47407093-2b33-4d7b-9875-2020ac9a1157 | ITER: 36 START
2019-07-10 09:39:52.338 26979 WARNING rally_openstack.scenarios.neutron.utils [-] Running this scenario without either the 'network' or 'existing_network' context is deprecated
2019-07-10 09:39:52.496 26989 INFO rally.task.runner [-] Task 47407093-2b33-4d7b-9875-2020ac9a1157 | ITER: 17 END: OK
2019-07-10 09:39:52.503 26989 INFO rally.task.runner [-] Task 47407093-2b33-4d7b-9875-2020ac9a1157 | ITER: 37 START
2019-07-10 09:39:52.504 26989 WARNING rally_openstack.scenarios.neutron.utils [-] Running this scenario without either the 'network' or 'existing_network' context is deprecated
2019-07-10 09:39:52.602 26952 INFO rally.task.runner [-] Task 47407093-2b33-4d7b-9875-2020ac9a1157 | ITER: 5 END: OK
2019-07-10 09:39:52.607 26952 INFO rally.task.runner [-] Task 47407093-2b33-4d7b-9875-2020ac9a1157 | ITER: 38 START
2019-07-10 09:39:52.607 26952 WARNING rally_openstack.scenarios.neutron.utils [-] Running this scenario without either the 'network' or 'existing_network' context is deprecated
