2019-07-10 09:18:01.232 22696 RALLYDEBUG rally.api [-] INFO logs from urllib3 and requests module are hide.
2019-07-10 09:18:01.233 22696 RALLYDEBUG rally.api [-] urllib3 insecure warnings are hidden.
2019-07-10 09:18:01.233 22696 RALLYDEBUG rally.api [-] ERROR log from boto module is hide.
2019-07-10 09:18:03.407 22698 RALLYDEBUG rally.api [-] INFO logs from urllib3 and requests module are hide.
2019-07-10 09:18:03.407 22698 RALLYDEBUG rally.api [-] urllib3 insecure warnings are hidden.
2019-07-10 09:18:03.407 22698 RALLYDEBUG rally.api [-] ERROR log from boto module is hide.
2019-07-10 09:18:04.656 22698 WARNING rally_openstack.platforms.existing [-] endpoint is deprecated and not used.
2019-07-10 09:18:05.568 22700 RALLYDEBUG rally.api [-] INFO logs from urllib3 and requests module are hide.
2019-07-10 09:18:05.568 22700 RALLYDEBUG rally.api [-] urllib3 insecure warnings are hidden.
2019-07-10 09:18:05.568 22700 RALLYDEBUG rally.api [-] ERROR log from boto module is hide.
2019-07-10 09:18:08.746 22703 RALLYDEBUG rally.api [-] INFO logs from urllib3 and requests module are hide.
2019-07-10 09:18:08.746 22703 RALLYDEBUG rally.api [-] urllib3 insecure warnings are hidden.
2019-07-10 09:18:08.747 22703 RALLYDEBUG rally.api [-] ERROR log from boto module is hide.
2019-07-10 09:18:10.706 22705 RALLYDEBUG rally.api [-] INFO logs from urllib3 and requests module are hide.
2019-07-10 09:18:10.707 22705 RALLYDEBUG rally.api [-] urllib3 insecure warnings are hidden.
2019-07-10 09:18:10.707 22705 RALLYDEBUG rally.api [-] ERROR log from boto module is hide.
2019-07-10 09:18:11.874 22705 INFO rally.common.plugin.discover [-] Loading plugins from directories /root/.rally/plugins/*
2019-07-10 09:18:11.874 22705 INFO rally.common.plugin.discover [-] Loaded module with plugins: /root/.rally/plugins/__init__.py
2019-07-10 09:18:11.877 22705 INFO rally.common.plugin.discover [-] Loaded module with plugins: /root/.rally/plugins/trunk_scenario.py
2019-07-10 09:18:12.056 22705 INFO rally.task.engine [-] Task 47407093-2b33-4d7b-9875-2020ac9a1157 | Starting: Task validation.
2019-07-10 09:18:12.094 22705 INFO rally.task.engine [-] Task 47407093-2b33-4d7b-9875-2020ac9a1157 | Starting: Task validation of syntax.
2019-07-10 09:18:12.299 22705 INFO rally.task.engine [-] Task 47407093-2b33-4d7b-9875-2020ac9a1157 | Completed: Task validation of syntax.
2019-07-10 09:18:12.300 22705 INFO rally.task.engine [-] Task 47407093-2b33-4d7b-9875-2020ac9a1157 | Starting: Task validation of required platforms.
2019-07-10 09:18:12.365 22705 INFO rally.task.engine [-] Task 47407093-2b33-4d7b-9875-2020ac9a1157 | Completed: Task validation of required platforms.
2019-07-10 09:18:12.365 22705 INFO rally.task.engine [-] Task 47407093-2b33-4d7b-9875-2020ac9a1157 | Starting: Task validation of semantic.
2019-07-10 09:18:12.365 22705 INFO rally.task.engine [-] Check health of the environment '5270403a-c407-460c-92ba-51e11fab1d73'.
2019-07-10 09:18:13.176 22705 INFO rally.task.engine [-] Platform existing@openstack (available: True): OK!
2019-07-10 09:18:13.195 22705 RALLYDEBUG rally_openstack.contexts.keystone.users [-] Creating 1 tenants using 20 threads
2019-07-10 09:18:14.967 22705 RALLYDEBUG rally_openstack.contexts.keystone.users [-] Creating 1 users using 20 threads
2019-07-10 09:18:17.557 22705 INFO rally.task.context [-] Task 47407093-2b33-4d7b-9875-2020ac9a1157 | Context users@openstack setup() finished in 4.36 sec
2019-07-10 09:18:23.782 22705 INFO rally.task.context [-] Task 47407093-2b33-4d7b-9875-2020ac9a1157 | Context users@openstack cleanup() started
2019-07-10 09:18:28.206 22705 INFO rally.task.context [-] Task 47407093-2b33-4d7b-9875-2020ac9a1157 | Context users@openstack cleanup() finished in 4.42 sec
2019-07-10 09:18:28.207 22705 INFO rally.task.engine [-] Task 47407093-2b33-4d7b-9875-2020ac9a1157 | Completed: Task validation of semantic.
2019-07-10 09:18:28.207 22705 INFO rally.task.engine [-] Task 47407093-2b33-4d7b-9875-2020ac9a1157 | Completed: Task validation.
2019-07-10 09:18:28.207 22705 INFO rally.api [-] Task 47407093-2b33-4d7b-9875-2020ac9a1157 input file is valid.
2019-07-10 09:18:28.208 22705 INFO rally.api [-] Run Task 47407093-2b33-4d7b-9875-2020ac9a1157 against Deployment 5270403a-c407-460c-92ba-51e11fab1d73
2019-07-10 09:18:28.208 22705 INFO rally.task.engine [-] Task 47407093-2b33-4d7b-9875-2020ac9a1157 | Starting: Running task.
2019-07-10 09:18:28.351 22705 INFO rally.task.engine [-] Running workload: position = 0 config = { "version": 2, "title": "A cropped version of a bigger task.", "description": "Auto-generated task from a single workload (uuid=d37861d4-4f64-4a83-99cb-72b6617ed24b)", "subtasks": [ { "title": "NeutronNetworks.create_and_list_networks", "description": "Check performance of list_networks action and ensure > network quotas are not exceeded", "scenario": { "NeutronNetworks.create_and_list_networks": {} }, "contexts": { "users": { "tenants": 1, "users_per_tenant": 1 }, "quotas": { "neutron": { "network": 119 } } }, "runner": { "constant": { "times": 100, "concurrency": 20 } }, "hooks": [], "sla": { "max_avg_duration_per_atomic": { "neutron.list_networks": 15 }, "failure_rate": { "max": 0 } } } ] }
2019-07-10 09:18:28.381 22705 RALLYDEBUG rally_openstack.contexts.keystone.users [-] Creating 1 tenants using 20 threads
2019-07-10 09:18:30.070 22705 RALLYDEBUG rally_openstack.contexts.keystone.users [-] Creating 1 users using 20 threads
2019-07-10 09:18:32.558 22705 INFO rally.task.context [-] Task 47407093-2b33-4d7b-9875-2020ac9a1157 | Context users@openstack setup() finished in 4.18 sec
2019-07-10 09:18:33.288 22705 INFO rally.task.context [-] Task 47407093-2b33-4d7b-9875-2020ac9a1157 | Context quotas@openstack setup() finished in 0.73 sec
2019-07-10 09:18:33.289 22705 INFO rally.task.context [-] Task 47407093-2b33-4d7b-9875-2020ac9a1157 | Context cleanup@openstack setup() finished in 0.01 msec
2019-07-10 09:18:33.295 22705 RALLYDEBUG rally.task.runner [-] Starting the constant runner (task UUID: 47407093-2b33-4d7b-9875-2020ac9a1157). timeout: 0 concurrency: 20 concurrency_per_worker: 1 times: 100 concurrency_overhead: 4 processes_to_start: 16 max_cpu_used: 16
2019-07-10 09:18:33.309 22829 RALLYDEBUG rally.task.runner [-] Starting a worker. concurrency: 2 args: {} times: 100 method_name: run timeout: 0 duration: None cls:
2019-07-10 09:18:33.311 22831 RALLYDEBUG rally.task.runner [-] Starting a worker. concurrency: 2 args: {} times: 100 method_name: run timeout: 0 duration: None cls:
2019-07-10 09:18:33.311 22830 RALLYDEBUG rally.task.runner [-] Starting a worker. concurrency: 2 args: {} times: 100 method_name: run timeout: 0 duration: None cls:
2019-07-10 09:18:33.313 22832 RALLYDEBUG rally.task.runner [-] Starting a worker. concurrency: 2 args: {} times: 100 method_name: run timeout: 0 duration: None cls:
2019-07-10 09:18:33.317 22833 RALLYDEBUG rally.task.runner [-] Starting a worker. concurrency: 1 args: {} times: 100 method_name: run timeout: 0 duration: None cls:
2019-07-10 09:18:33.318 22832 INFO rally.task.runner [-] Task 47407093-2b33-4d7b-9875-2020ac9a1157 | ITER: 6 START
2019-07-10 09:18:33.317 22831 INFO rally.task.runner [-] Task 47407093-2b33-4d7b-9875-2020ac9a1157 | ITER: 2 START
2019-07-10 09:18:33.319 22829 INFO rally.task.runner [-] Task 47407093-2b33-4d7b-9875-2020ac9a1157 | ITER: 4 START
2019-07-10 09:18:33.320 22830 INFO rally.task.runner [-] Task 47407093-2b33-4d7b-9875-2020ac9a1157 | ITER: 3 START
2019-07-10 09:18:33.322 22832 INFO rally.task.runner [-] Task 47407093-2b33-4d7b-9875-2020ac9a1157 | ITER: 8 START
2019-07-10 09:18:33.322 22833 INFO rally.task.runner [-] Task 47407093-2b33-4d7b-9875-2020ac9a1157 | ITER: 9 START
2019-07-10 09:18:33.318 22831 INFO rally.task.runner [-] Task 47407093-2b33-4d7b-9875-2020ac9a1157 | ITER: 5 START
2019-07-10 09:18:33.326 22845 RALLYDEBUG rally.task.runner [-] Starting a worker. concurrency: 1 args: {} times: 100 method_name: run timeout: 0 duration: None cls:
2019-07-10 09:18:33.321 22830 INFO rally.task.runner [-] Task 47407093-2b33-4d7b-9875-2020ac9a1157 | ITER: 7 START
2019-07-10 09:18:33.329 22849 RALLYDEBUG rally.task.runner [-] Starting a worker. concurrency: 1 args: {} times: 100 method_name: run timeout: 0 duration: None cls:
2019-07-10 09:18:33.325 22829 INFO rally.task.runner [-] Task 47407093-2b33-4d7b-9875-2020ac9a1157 | ITER: 1 START
2019-07-10 09:18:33.332 22845 INFO rally.task.runner [-] Task 47407093-2b33-4d7b-9875-2020ac9a1157 | ITER: 10 START
2019-07-10 09:18:33.333 22851 RALLYDEBUG rally.task.runner [-] Starting a worker. concurrency: 1 args: {} times: 100 method_name: run timeout: 0 duration: None cls:
2019-07-10 09:18:33.334 22849 INFO rally.task.runner [-] Task 47407093-2b33-4d7b-9875-2020ac9a1157 | ITER: 11 START
2019-07-10 09:18:33.337 22851 INFO rally.task.runner [-] Task 47407093-2b33-4d7b-9875-2020ac9a1157 | ITER: 12 START
2019-07-10 09:18:33.342 22857 RALLYDEBUG rally.task.runner [-] Starting a worker. concurrency: 1 args: {} times: 100 method_name: run timeout: 0 duration: None cls:
2019-07-10 09:18:33.348 22858 RALLYDEBUG rally.task.runner [-] Starting a worker. concurrency: 1 args: {} times: 100 method_name: run timeout: 0 duration: None cls:
2019-07-10 09:18:33.348 22857 INFO rally.task.runner [-] Task 47407093-2b33-4d7b-9875-2020ac9a1157 | ITER: 13 START
2019-07-10 09:18:33.352 22860 RALLYDEBUG rally.task.runner [-] Starting a worker. concurrency: 1 args: {} times: 100 method_name: run timeout: 0 duration: None cls:
2019-07-10 09:18:33.356 22858 INFO rally.task.runner [-] Task 47407093-2b33-4d7b-9875-2020ac9a1157 | ITER: 14 START
2019-07-10 09:18:33.356 22862 RALLYDEBUG rally.task.runner [-] Starting a worker. concurrency: 1 args: {} times: 100 method_name: run timeout: 0 duration: None cls:
2019-07-10 09:18:33.360 22860 INFO rally.task.runner [-] Task 47407093-2b33-4d7b-9875-2020ac9a1157 | ITER: 15 START
2019-07-10 09:18:33.360 22868 RALLYDEBUG rally.task.runner [-] Starting a worker. concurrency: 1 args: {} times: 100 method_name: run timeout: 0 duration: None cls:
2019-07-10 09:18:33.362 22863 RALLYDEBUG rally.task.runner [-] Starting a worker. concurrency: 1 args: {} times: 100 method_name: run timeout: 0 duration: None cls:
2019-07-10 09:18:33.364 22868 INFO rally.task.runner [-] Task 47407093-2b33-4d7b-9875-2020ac9a1157 | ITER: 17 START
2019-07-10 09:18:33.365 22862 INFO rally.task.runner [-] Task 47407093-2b33-4d7b-9875-2020ac9a1157 | ITER: 16 START
2019-07-10 09:18:33.365 22865 RALLYDEBUG rally.task.runner [-] Starting a worker. concurrency: 1 args: {} times: 100 method_name: run timeout: 0 duration: None cls:
2019-07-10 09:18:33.366 22863 INFO rally.task.runner [-] Task 47407093-2b33-4d7b-9875-2020ac9a1157 | ITER: 18 START
2019-07-10 09:18:33.366 22866 RALLYDEBUG rally.task.runner [-] Starting a worker. concurrency: 1 args: {} times: 100 method_name: run timeout: 0 duration: None cls:
2019-07-10 09:18:33.372 22866 INFO rally.task.runner [-] Task 47407093-2b33-4d7b-9875-2020ac9a1157 | ITER: 20 START
2019-07-10 09:18:33.372 22865 INFO rally.task.runner [-] Task 47407093-2b33-4d7b-9875-2020ac9a1157 | ITER: 19 START
2019-07-10 09:18:34.716 22832 INFO rally.task.runner [-] Task 47407093-2b33-4d7b-9875-2020ac9a1157 | ITER: 8 END: OK
2019-07-10 09:18:34.720 22832 INFO rally.task.runner [-] Task 47407093-2b33-4d7b-9875-2020ac9a1157 | ITER: 21 START
2019-07-10 09:18:34.923 22849 INFO rally.task.runner [-] Task 47407093-2b33-4d7b-9875-2020ac9a1157 | ITER: 11 END: OK
2019-07-10 09:18:34.926 22849 INFO rally.task.runner [-] Task 47407093-2b33-4d7b-9875-2020ac9a1157 | ITER: 22 START
2019-07-10 09:18:35.045 22830 INFO rally.task.runner [-] Task 47407093-2b33-4d7b-9875-2020ac9a1157 | ITER: 3 END: OK
2019-07-10 09:18:35.048 22830 INFO rally.task.runner [-] Task 47407093-2b33-4d7b-9875-2020ac9a1157 | ITER: 23 START
2019-07-10 09:18:35.140 22868 INFO rally.task.runner [-] Task 47407093-2b33-4d7b-9875-2020ac9a1157 | ITER: 17 END: OK
2019-07-10 09:18:35.143 22868 INFO rally.task.runner [-] Task 47407093-2b33-4d7b-9875-2020ac9a1157 | ITER: 24 START
2019-07-10 09:18:35.296 22860 INFO rally.task.runner [-] Task 47407093-2b33-4d7b-9875-2020ac9a1157 | ITER: 15 END: OK
2019-07-10 09:18:35.299 22860 INFO rally.task.runner [-] Task 47407093-2b33-4d7b-9875-2020ac9a1157 | ITER: 25 START
2019-07-10 09:18:35.345 22851 INFO rally.task.runner [-] Task 47407093-2b33-4d7b-9875-2020ac9a1157 | ITER: 12 END: OK
2019-07-10 09:18:35.349 22851 INFO rally.task.runner [-] Task 47407093-2b33-4d7b-9875-2020ac9a1157 | ITER: 26 START
2019-07-10 09:18:35.744 22845 INFO rally.task.runner [-] Task 47407093-2b33-4d7b-9875-2020ac9a1157 | ITER: 10 END: OK
2019-07-10 09:18:35.748 22845 INFO rally.task.runner [-] Task 47407093-2b33-4d7b-9875-2020ac9a1157 | ITER: 27 START
2019-07-10 09:18:35.806 22831 INFO rally.task.runner [-] Task 47407093-2b33-4d7b-9875-2020ac9a1157 | ITER: 2 END: OK
2019-07-10 09:18:35.810 22831 INFO rally.task.runner [-] Task 47407093-2b33-4d7b-9875-2020ac9a1157 | ITER: 28 START
2019-07-10 09:18:35.812 22832 INFO rally.task.runner [-] Task 47407093-2b33-4d7b-9875-2020ac9a1157 | ITER: 6 END: OK
2019-07-10 09:18:35.815 22832 INFO rally.task.runner [-] Task 47407093-2b33-4d7b-9875-2020ac9a1157 | ITER: 29 START
2019-07-10 09:18:35.956 22831 INFO rally.task.runner [-] Task 47407093-2b33-4d7b-9875-2020ac9a1157 | ITER: 5 END: OK
2019-07-10 09:18:35.959 22831 INFO rally.task.runner [-] Task 47407093-2b33-4d7b-9875-2020ac9a1157 | ITER: 30 START
2019-07-10 09:18:36.235 22829 INFO rally.task.runner [-] Task 47407093-2b33-4d7b-9875-2020ac9a1157 | ITER: 4 END: OK
2019-07-10 09:18:36.239 22829 INFO rally.task.runner [-] Task 47407093-2b33-4d7b-9875-2020ac9a1157 | ITER: 31 START
2019-07-10 09:18:36.413 22833 INFO rally.task.runner [-] Task 47407093-2b33-4d7b-9875-2020ac9a1157 | ITER: 9 END: OK
2019-07-10 09:18:36.417 22833 INFO rally.task.runner [-] Task 47407093-2b33-4d7b-9875-2020ac9a1157 | ITER: 32 START
2019-07-10 09:18:36.681 22857 INFO rally.task.runner [-] Task 47407093-2b33-4d7b-9875-2020ac9a1157 | ITER: 13 END: OK
2019-07-10 09:18:36.685 22857 INFO rally.task.runner [-] Task 47407093-2b33-4d7b-9875-2020ac9a1157 | ITER: 33 START
2019-07-10 09:18:36.746 22829 INFO rally.task.runner [-] Task 47407093-2b33-4d7b-9875-2020ac9a1157 | ITER: 1 END: OK
2019-07-10 09:18:36.749 22829 INFO rally.task.runner [-] Task 47407093-2b33-4d7b-9875-2020ac9a1157 | ITER: 34 START
2019-07-10 09:18:36.765 22830 INFO rally.task.runner [-] Task 47407093-2b33-4d7b-9875-2020ac9a1157 | ITER: 7 END: OK
2019-07-10 09:18:36.768 22830 INFO rally.task.runner [-] Task 47407093-2b33-4d7b-9875-2020ac9a1157 | ITER: 35 START
2019-07-10 09:18:36.851 22858 INFO rally.task.runner [-] Task 47407093-2b33-4d7b-9875-2020ac9a1157 | ITER: 14 END: OK
2019-07-10 09:18:36.855 22858 INFO rally.task.runner [-] Task 47407093-2b33-4d7b-9875-2020ac9a1157 | ITER: 36 START
2019-07-10 09:18:37.451 22865 INFO rally.task.runner [-] Task 47407093-2b33-4d7b-9875-2020ac9a1157 | ITER: 19 END: OK
2019-07-10 09:18:37.455 22865 INFO rally.task.runner [-] Task 47407093-2b33-4d7b-9875-2020ac9a1157 | ITER: 37 START
2019-07-10 09:18:37.583 22863 INFO rally.task.runner [-] Task 47407093-2b33-4d7b-9875-2020ac9a1157 | ITER: 18 END: OK
2019-07-10 09:18:37.587 22866 INFO rally.task.runner [-] Task 47407093-2b33-4d7b-9875-2020ac9a1157 | ITER: 20 END: OK
2019-07-10 09:18:37.587 22863 INFO rally.task.runner [-] Task 47407093-2b33-4d7b-9875-2020ac9a1157 | ITER: 38 START
2019-07-10 09:18:37.590 22866 INFO rally.task.runner [-] Task 47407093-2b33-4d7b-9875-2020ac9a1157 | ITER: 39 START
2019-07-10 09:18:37.887 22832 INFO rally.task.runner [-] Task 47407093-2b33-4d7b-9875-2020ac9a1157 | ITER: 21 END: OK
2019-07-10 09:18:37.890 22832 INFO rally.task.runner [-] Task 47407093-2b33-4d7b-9875-2020ac9a1157 | ITER: 40 START
2019-07-10 09:18:37.998 22862 INFO rally.task.runner [-] Task 47407093-2b33-4d7b-9875-2020ac9a1157 | ITER: 16 END: OK
2019-07-10 09:18:38.002 22862 INFO rally.task.runner [-] Task 47407093-2b33-4d7b-9875-2020ac9a1157 | ITER: 41 START
2019-07-10 09:18:38.267 22860 INFO rally.task.runner [-] Task 47407093-2b33-4d7b-9875-2020ac9a1157 | ITER: 25 END: OK
2019-07-10 09:18:38.270 22860 INFO rally.task.runner [-] Task 47407093-2b33-4d7b-9875-2020ac9a1157 | ITER: 42 START
2019-07-10 09:18:38.624 22830 INFO rally.task.runner [-] Task 47407093-2b33-4d7b-9875-2020ac9a1157 | ITER: 23 END: OK
2019-07-10 09:18:38.627 22830 INFO rally.task.runner [-] Task 47407093-2b33-4d7b-9875-2020ac9a1157 | ITER: 43 START
2019-07-10 09:18:38.697 22868 INFO rally.task.runner [-] Task 47407093-2b33-4d7b-9875-2020ac9a1157 | ITER: 24 END: OK
2019-07-10 09:18:38.700 22868 INFO rally.task.runner [-] Task 47407093-2b33-4d7b-9875-2020ac9a1157 | ITER: 44 START
2019-07-10 09:18:38.704 22831 INFO rally.task.runner [-] Task 47407093-2b33-4d7b-9875-2020ac9a1157 | ITER: 28 END: OK
2019-07-10 09:18:38.707 22831 INFO rally.task.runner [-] Task 47407093-2b33-4d7b-9875-2020ac9a1157 | ITER: 45 START
2019-07-10 09:18:38.824 22849 INFO rally.task.runner [-] Task 47407093-2b33-4d7b-9875-2020ac9a1157 | ITER: 22 END: OK
2019-07-10 09:18:38.827 22849 INFO rally.task.runner [-] Task 47407093-2b33-4d7b-9875-2020ac9a1157 | ITER: 46 START
2019-07-10 09:18:39.175 22833 INFO rally.task.runner [-] Task 47407093-2b33-4d7b-9875-2020ac9a1157 | ITER: 32 END: OK
2019-07-10 09:18:39.179 22833 INFO rally.task.runner [-] Task 47407093-2b33-4d7b-9875-2020ac9a1157 | ITER: 47 START
2019-07-10 09:18:39.255 22829 INFO rally.task.runner [-] Task 47407093-2b33-4d7b-9875-2020ac9a1157 | ITER: 34 END: OK
2019-07-10 09:18:39.258 22829 INFO rally.task.runner [-] Task 47407093-2b33-4d7b-9875-2020ac9a1157 | ITER: 48 START
2019-07-10 09:18:39.274 22830 INFO rally.task.runner [-] Task 47407093-2b33-4d7b-9875-2020ac9a1157 | ITER: 35 END: OK
2019-07-10 09:18:39.278 22830 INFO rally.task.runner [-] Task 47407093-2b33-4d7b-9875-2020ac9a1157 | ITER: 49 START
2019-07-10 09:18:39.406 22829 INFO rally.task.runner [-] Task 47407093-2b33-4d7b-9875-2020ac9a1157 | ITER: 31 END: OK
2019-07-10 09:18:39.410 22829 INFO rally.task.runner [-] Task 47407093-2b33-4d7b-9875-2020ac9a1157 | ITER: 50 START
2019-07-10 09:18:39.699 22858 INFO rally.task.runner [-] Task 47407093-2b33-4d7b-9875-2020ac9a1157 | ITER: 36 END: OK
2019-07-10 09:18:39.702 22858 INFO rally.task.runner [-] Task 47407093-2b33-4d7b-9875-2020ac9a1157 | ITER: 51 START
2019-07-10 09:18:40.061 22851 INFO rally.task.runner [-] Task 47407093-2b33-4d7b-9875-2020ac9a1157 | ITER: 26 END: OK
2019-07-10 09:18:40.064 22851 INFO rally.task.runner [-] Task 47407093-2b33-4d7b-9875-2020ac9a1157 | ITER: 52 START
2019-07-10 09:18:40.394 22857 INFO rally.task.runner [-] Task 47407093-2b33-4d7b-9875-2020ac9a1157 | ITER: 33 END: OK
2019-07-10 09:18:40.397 22857 INFO rally.task.runner [-] Task 47407093-2b33-4d7b-9875-2020ac9a1157 | ITER: 53 START
2019-07-10 09:18:40.571 22860 INFO rally.task.runner [-] Task 47407093-2b33-4d7b-9875-2020ac9a1157 | ITER: 42 END: OK
2019-07-10 09:18:40.571 22866 INFO rally.task.runner [-] Task 47407093-2b33-4d7b-9875-2020ac9a1157 | ITER: 39 END: OK
2019-07-10 09:18:40.574 22860 INFO rally.task.runner [-] Task 47407093-2b33-4d7b-9875-2020ac9a1157 | ITER: 54 START
2019-07-10 09:18:40.575 22866 INFO rally.task.runner [-] Task 47407093-2b33-4d7b-9875-2020ac9a1157 | ITER: 55 START
2019-07-10 09:18:40.654 22830 INFO rally.task.runner [-] Task 47407093-2b33-4d7b-9875-2020ac9a1157 | ITER: 43 END: OK
2019-07-10 09:18:40.657 22830 INFO rally.task.runner [-] Task 47407093-2b33-4d7b-9875-2020ac9a1157 | ITER: 56 START
2019-07-10 09:18:40.780 22831 INFO rally.task.runner [-] Task 47407093-2b33-4d7b-9875-2020ac9a1157 | ITER: 30 END: OK
2019-07-10 09:18:40.783 22831 INFO rally.task.runner [-] Task 47407093-2b33-4d7b-9875-2020ac9a1157 | ITER: 57 START
2019-07-10 09:18:41.057 22832 INFO rally.task.runner [-] Task 47407093-2b33-4d7b-9875-2020ac9a1157 | ITER: 29 END: OK
2019-07-10 09:18:41.060 22832 INFO rally.task.runner [-] Task 47407093-2b33-4d7b-9875-2020ac9a1157 | ITER: 58 START
2019-07-10 09:18:41.173 22845 INFO rally.task.runner [-] Task 47407093-2b33-4d7b-9875-2020ac9a1157 | ITER: 27 END: OK
2019-07-10 09:18:41.176 22845 INFO rally.task.runner [-] Task 47407093-2b33-4d7b-9875-2020ac9a1157 | ITER: 59 START
2019-07-10 09:18:41.209 22849 INFO rally.task.runner [-] Task 47407093-2b33-4d7b-9875-2020ac9a1157 | ITER: 46 END: OK
2019-07-10 09:18:41.212 22849 INFO rally.task.runner [-] Task 47407093-2b33-4d7b-9875-2020ac9a1157 | ITER: 60 START
2019-07-10 09:18:41.420 22829 INFO rally.task.runner [-] Task 47407093-2b33-4d7b-9875-2020ac9a1157 | ITER: 48 END: OK
2019-07-10 09:18:41.423 22829 INFO rally.task.runner [-] Task 47407093-2b33-4d7b-9875-2020ac9a1157 | ITER: 61 START
2019-07-10 09:18:41.686 22862 INFO rally.task.runner [-] Task 47407093-2b33-4d7b-9875-2020ac9a1157 | ITER: 41 END: OK
2019-07-10 09:18:41.689 22862 INFO rally.task.runner [-] Task 47407093-2b33-4d7b-9875-2020ac9a1157 | ITER: 62 START
2019-07-10 09:18:41.722 22863 INFO rally.task.runner [-] Task 47407093-2b33-4d7b-9875-2020ac9a1157 | ITER: 38 END: OK
2019-07-10 09:18:41.725 22863 INFO rally.task.runner [-] Task 47407093-2b33-4d7b-9875-2020ac9a1157 | ITER: 63 START
2019-07-10 09:18:41.899 22832 INFO rally.task.runner [-] Task 47407093-2b33-4d7b-9875-2020ac9a1157 | ITER: 40 END: OK
2019-07-10 09:18:41.902 22832 INFO rally.task.runner [-] Task 47407093-2b33-4d7b-9875-2020ac9a1157 | ITER: 64 START
2019-07-10 09:18:41.907 22851 INFO rally.task.runner [-] Task 47407093-2b33-4d7b-9875-2020ac9a1157 | ITER: 52 END: OK
2019-07-10 09:18:41.910 22851 INFO rally.task.runner [-] Task 47407093-2b33-4d7b-9875-2020ac9a1157 | ITER: 65 START
2019-07-10 09:18:42.033 22865 INFO rally.task.runner [-] Task 47407093-2b33-4d7b-9875-2020ac9a1157 | ITER: 37 END: OK
2019-07-10 09:18:42.036 22865 INFO rally.task.runner [-] Task 47407093-2b33-4d7b-9875-2020ac9a1157 | ITER: 66 START
2019-07-10 09:18:42.095 22860 INFO rally.task.runner [-] Task 47407093-2b33-4d7b-9875-2020ac9a1157 | ITER: 54 END: OK
2019-07-10 09:18:42.098 22860 INFO rally.task.runner [-] Task 47407093-2b33-4d7b-9875-2020ac9a1157 | ITER: 67 START
2019-07-10 09:18:42.362 22833 INFO rally.task.runner [-] Task 47407093-2b33-4d7b-9875-2020ac9a1157 | ITER: 47 END: OK
2019-07-10 09:18:42.365 22833 INFO rally.task.runner [-] Task 47407093-2b33-4d7b-9875-2020ac9a1157 | ITER: 68 START
2019-07-10 09:18:42.395 22857 INFO rally.task.runner [-] Task 47407093-2b33-4d7b-9875-2020ac9a1157 | ITER: 53 END: OK
2019-07-10 09:18:42.398 22857 INFO rally.task.runner [-] Task 47407093-2b33-4d7b-9875-2020ac9a1157 | ITER: 69 START
2019-07-10 09:18:42.479 22830 INFO rally.task.runner [-] Task 47407093-2b33-4d7b-9875-2020ac9a1157 | ITER: 49 END: OK
2019-07-10 09:18:42.482 22830 INFO rally.task.runner [-] Task 47407093-2b33-4d7b-9875-2020ac9a1157 | ITER: 70 START
2019-07-10 09:18:42.488 22829 INFO rally.task.runner [-] Task 47407093-2b33-4d7b-9875-2020ac9a1157 | ITER: 50 END: OK
2019-07-10 09:18:42.490 22829 INFO rally.task.runner [-] Task 47407093-2b33-4d7b-9875-2020ac9a1157 | ITER: 71 START
2019-07-10 09:18:42.759 22830 INFO rally.task.runner [-] Task 47407093-2b33-4d7b-9875-2020ac9a1157 | ITER: 56 END: OK
2019-07-10 09:18:42.763 22830 INFO rally.task.runner [-] Task 47407093-2b33-4d7b-9875-2020ac9a1157 | ITER: 72 START
2019-07-10 09:18:42.768 22831 INFO rally.task.runner [-] Task 47407093-2b33-4d7b-9875-2020ac9a1157 | ITER: 57 END: OK
2019-07-10 09:18:42.771 22831 INFO rally.task.runner [-] Task 47407093-2b33-4d7b-9875-2020ac9a1157 | ITER: 73 START
2019-07-10 09:18:42.783 22858 INFO rally.task.runner [-] Task 47407093-2b33-4d7b-9875-2020ac9a1157 | ITER: 51 END: OK
2019-07-10 09:18:42.786 22858 INFO rally.task.runner [-] Task 47407093-2b33-4d7b-9875-2020ac9a1157 | ITER: 74 START
2019-07-10 09:18:42.795 22866 INFO rally.task.runner [-] Task 47407093-2b33-4d7b-9875-2020ac9a1157 | ITER: 55 END: OK
2019-07-10 09:18:42.798 22866 INFO rally.task.runner [-] Task 47407093-2b33-4d7b-9875-2020ac9a1157 | ITER: 75 START
2019-07-10 09:18:42.849 22868 INFO rally.task.runner [-] Task 47407093-2b33-4d7b-9875-2020ac9a1157 | ITER: 44 END: OK
2019-07-10 09:18:42.852 22868 INFO rally.task.runner [-] Task 47407093-2b33-4d7b-9875-2020ac9a1157 | ITER: 76 START
2019-07-10 09:18:43.278 22831 INFO rally.task.runner [-] Task 47407093-2b33-4d7b-9875-2020ac9a1157 | ITER: 45 END: OK
2019-07-10 09:18:43.281 22831 INFO rally.task.runner [-] Task 47407093-2b33-4d7b-9875-2020ac9a1157 | ITER: 77 START
2019-07-10 09:18:43.405 22832 INFO rally.task.runner [-] Task 47407093-2b33-4d7b-9875-2020ac9a1157 | ITER: 58 END: OK
2019-07-10 09:18:43.409 22832 INFO rally.task.runner [-] Task 47407093-2b33-4d7b-9875-2020ac9a1157 | ITER: 78 START
2019-07-10 09:18:43.430 22845 INFO rally.task.runner [-] Task 47407093-2b33-4d7b-9875-2020ac9a1157 | ITER: 59 END: OK
2019-07-10 09:18:43.433 22845 INFO rally.task.runner [-] Task 47407093-2b33-4d7b-9875-2020ac9a1157 | ITER: 79 START
2019-07-10 09:18:43.599 22829 INFO rally.task.runner [-] Task 47407093-2b33-4d7b-9875-2020ac9a1157 | ITER: 61 END: OK
2019-07-10 09:18:43.602 22829 INFO rally.task.runner [-] Task 47407093-2b33-4d7b-9875-2020ac9a1157 | ITER: 80 START
2019-07-10 09:18:43.642 22849 INFO rally.task.runner [-] Task 47407093-2b33-4d7b-9875-2020ac9a1157 | ITER: 60 END: OK
2019-07-10 09:18:43.646 22849 INFO rally.task.runner [-] Task 47407093-2b33-4d7b-9875-2020ac9a1157 | ITER: 81 START
2019-07-10 09:18:43.866 22863 INFO rally.task.runner [-] Task 47407093-2b33-4d7b-9875-2020ac9a1157 | ITER: 63 END: OK
2019-07-10 09:18:43.869 22863 INFO rally.task.runner [-] Task 47407093-2b33-4d7b-9875-2020ac9a1157 | ITER: 82 START
2019-07-10 09:18:43.903 22832 INFO rally.task.runner [-] Task 47407093-2b33-4d7b-9875-2020ac9a1157 | ITER: 64 END: OK
2019-07-10 09:18:43.906 22832 INFO rally.task.runner [-] Task 47407093-2b33-4d7b-9875-2020ac9a1157 | ITER: 83 START
2019-07-10 09:18:44.318 22862 INFO rally.task.runner [-] Task 47407093-2b33-4d7b-9875-2020ac9a1157 | ITER: 62 END: OK
2019-07-10 09:18:44.322 22862 INFO rally.task.runner [-] Task 47407093-2b33-4d7b-9875-2020ac9a1157 | ITER: 84 START
2019-07-10 09:18:44.385 22860 INFO rally.task.runner [-] Task 47407093-2b33-4d7b-9875-2020ac9a1157 | ITER: 67 END: OK
2019-07-10 09:18:44.388 22860 INFO rally.task.runner [-] Task 47407093-2b33-4d7b-9875-2020ac9a1157 | ITER: 85 START
2019-07-10 09:18:44.567 22865 INFO rally.task.runner [-] Task 47407093-2b33-4d7b-9875-2020ac9a1157 | ITER: 66 END: OK
2019-07-10 09:18:44.570 22865 INFO rally.task.runner [-] Task 47407093-2b33-4d7b-9875-2020ac9a1157 | ITER: 86 START
2019-07-10 09:18:44.685 22851 INFO rally.task.runner [-] Task 47407093-2b33-4d7b-9875-2020ac9a1157 | ITER: 65 END: OK
2019-07-10 09:18:44.688 22851 INFO rally.task.runner [-] Task 47407093-2b33-4d7b-9875-2020ac9a1157 | ITER: 87 START
2019-07-10 09:18:44.784 22830 INFO rally.task.runner [-] Task 47407093-2b33-4d7b-9875-2020ac9a1157 | ITER: 70 END: OK
2019-07-10 09:18:44.787 22830 INFO rally.task.runner [-] Task 47407093-2b33-4d7b-9875-2020ac9a1157 | ITER: 88 START
2019-07-10 09:18:44.845 22829 INFO rally.task.runner [-] Task 47407093-2b33-4d7b-9875-2020ac9a1157 | ITER: 71 END: OK
2019-07-10 09:18:44.848 22829 INFO rally.task.runner [-] Task 47407093-2b33-4d7b-9875-2020ac9a1157 | ITER: 89 START
2019-07-10 09:18:45.223 22831 INFO rally.task.runner [-] Task 47407093-2b33-4d7b-9875-2020ac9a1157 | ITER: 73 END: OK
2019-07-10 09:18:45.226 22831 INFO rally.task.runner [-] Task 47407093-2b33-4d7b-9875-2020ac9a1157 | ITER: 90 START
2019-07-10 09:18:45.281 22833 INFO rally.task.runner [-] Task 47407093-2b33-4d7b-9875-2020ac9a1157 | ITER: 68 END: OK
2019-07-10 09:18:45.284 22833 INFO rally.task.runner [-] Task 47407093-2b33-4d7b-9875-2020ac9a1157 | ITER: 91 START
2019-07-10 09:18:45.302 22857 INFO rally.task.runner [-] Task 47407093-2b33-4d7b-9875-2020ac9a1157 | ITER: 69 END: OK
2019-07-10 09:18:45.305 22857 INFO rally.task.runner [-] Task 47407093-2b33-4d7b-9875-2020ac9a1157 | ITER: 92 START
2019-07-10 09:18:45.528 22832 INFO rally.task.runner [-] Task 47407093-2b33-4d7b-9875-2020ac9a1157 | ITER: 78 END: OK
2019-07-10 09:18:45.531 22832 INFO rally.task.runner [-] Task 47407093-2b33-4d7b-9875-2020ac9a1157 | ITER: 93 START
2019-07-10 09:18:45.604 22868 INFO rally.task.runner [-] Task 47407093-2b33-4d7b-9875-2020ac9a1157 | ITER: 76 END: OK
2019-07-10 09:18:45.607 22868 INFO rally.task.runner [-] Task 47407093-2b33-4d7b-9875-2020ac9a1157 | ITER: 94 START
2019-07-10 09:18:45.618 22831 INFO rally.task.runner [-] Task 47407093-2b33-4d7b-9875-2020ac9a1157 | ITER: 77 END: OK
2019-07-10 09:18:45.621 22831 INFO rally.task.runner [-] Task 47407093-2b33-4d7b-9875-2020ac9a1157 | ITER: 95 START
2019-07-10 09:18:45.977 22866 INFO rally.task.runner [-] Task 47407093-2b33-4d7b-9875-2020ac9a1157 | ITER: 75 END: OK
2019-07-10 09:18:45.980 22866 INFO rally.task.runner [-] Task 47407093-2b33-4d7b-9875-2020ac9a1157 | ITER: 96 START
2019-07-10 09:18:46.005 22858 INFO rally.task.runner [-] Task 47407093-2b33-4d7b-9875-2020ac9a1157 | ITER: 74 END: OK
2019-07-10 09:18:46.006 22845 INFO rally.task.runner [-] Task 47407093-2b33-4d7b-9875-2020ac9a1157 | ITER: 79 END: OK
2019-07-10 09:18:46.008 22858 INFO rally.task.runner [-] Task 47407093-2b33-4d7b-9875-2020ac9a1157 | ITER: 97 START
2019-07-10 09:18:46.009 22845 INFO rally.task.runner [-] Task 47407093-2b33-4d7b-9875-2020ac9a1157 | ITER: 98 START
2019-07-10 09:18:46.009 22830 INFO rally.task.runner [-] Task 47407093-2b33-4d7b-9875-2020ac9a1157 | ITER: 72 END: OK
2019-07-10 09:18:46.012 22830 INFO rally.task.runner [-] Task 47407093-2b33-4d7b-9875-2020ac9a1157 | ITER: 99 START
2019-07-10 09:18:46.048 22832 INFO rally.task.runner [-] Task 47407093-2b33-4d7b-9875-2020ac9a1157 | ITER: 83 END: OK
2019-07-10 09:18:46.051 22832 INFO rally.task.runner [-] Task 47407093-2b33-4d7b-9875-2020ac9a1157 | ITER: 100 START
2019-07-10 09:18:46.091 22863 INFO rally.task.runner [-] Task 47407093-2b33-4d7b-9875-2020ac9a1157 | ITER: 82 END: OK
2019-07-10 09:18:46.099 22829 INFO rally.task.runner [-] Task 47407093-2b33-4d7b-9875-2020ac9a1157 | ITER: 80 END: OK
2019-07-10 09:18:46.099 22849 INFO rally.task.runner [-] Task 47407093-2b33-4d7b-9875-2020ac9a1157 | ITER: 81 END: OK
2019-07-10 09:18:46.704 22862 INFO rally.task.runner [-] Task 47407093-2b33-4d7b-9875-2020ac9a1157 | ITER: 84 END: OK
2019-07-10 09:18:46.812 22865 INFO rally.task.runner [-] Task 47407093-2b33-4d7b-9875-2020ac9a1157 | ITER: 86 END: OK
2019-07-10 09:18:46.840 22851 INFO rally.task.runner [-] Task 47407093-2b33-4d7b-9875-2020ac9a1157 | ITER: 87 END: OK
2019-07-10 09:18:47.156 22860 INFO rally.task.runner [-] Task 47407093-2b33-4d7b-9875-2020ac9a1157 | ITER: 85 END: OK
2019-07-10 09:18:47.623 22829 INFO rally.task.runner [-] Task 47407093-2b33-4d7b-9875-2020ac9a1157 | ITER: 89 END: OK
2019-07-10 09:18:47.646 22831 INFO rally.task.runner [-] Task 47407093-2b33-4d7b-9875-2020ac9a1157 | ITER: 90 END: OK
2019-07-10 09:18:47.699 22830 INFO rally.task.runner [-] Task 47407093-2b33-4d7b-9875-2020ac9a1157 | ITER: 88 END: OK
2019-07-10 09:18:47.717 22833 INFO rally.task.runner [-] Task 47407093-2b33-4d7b-9875-2020ac9a1157 | ITER: 91 END: OK
2019-07-10 09:18:48.020 22857 INFO rally.task.runner [-] Task 47407093-2b33-4d7b-9875-2020ac9a1157 | ITER: 92 END: OK
2019-07-10 09:18:48.180 22858 INFO rally.task.runner [-] Task 47407093-2b33-4d7b-9875-2020ac9a1157 | ITER: 97 END: OK
2019-07-10 09:18:48.181 22832 INFO rally.task.runner [-] Task 47407093-2b33-4d7b-9875-2020ac9a1157 | ITER: 93 END: OK
2019-07-10 09:18:48.731 22868 INFO rally.task.runner [-] Task 47407093-2b33-4d7b-9875-2020ac9a1157 | ITER: 94 END: OK
2019-07-10 09:18:48.897 22831 INFO rally.task.runner [-] Task 47407093-2b33-4d7b-9875-2020ac9a1157 | ITER: 95 END: OK
2019-07-10 09:18:48.913 22832 INFO rally.task.runner [-] Task 47407093-2b33-4d7b-9875-2020ac9a1157 | ITER: 100 END: OK
2019-07-10 09:18:49.053 22845 INFO rally.task.runner [-] Task 47407093-2b33-4d7b-9875-2020ac9a1157 | ITER: 98 END: OK
2019-07-10 09:18:49.083 22866 INFO rally.task.runner [-] Task 47407093-2b33-4d7b-9875-2020ac9a1157 | ITER: 96 END: OK
2019-07-10 09:18:49.492 22830 INFO rally.task.runner [-] Task 47407093-2b33-4d7b-9875-2020ac9a1157 | ITER: 99 END: OK
2019-07-10 09:18:49.511 22705 INFO rally.task.context [-] Task 47407093-2b33-4d7b-9875-2020ac9a1157 | Context cleanup@openstack cleanup() started
2019-07-10 09:18:49.513 22705 RALLYDEBUG rally_openstack.cleanup.manager [-] Cleaning up neutron vip objects
2019-07-10 09:18:50.133 22705 RALLYDEBUG rally_openstack.cleanup.manager [-] Cleaning up neutron health_monitor objects
2019-07-10 09:18:50.763 22705 RALLYDEBUG rally_openstack.cleanup.manager [-] Cleaning up neutron pool objects
2019-07-10 09:18:51.385 22705 RALLYDEBUG rally_openstack.cleanup.manager [-] Cleaning up neutron loadbalancer objects
2019-07-10 09:18:51.997 22705 RALLYDEBUG rally_openstack.cleanup.manager [-] Cleaning up neutron floatingip objects
2019-07-10 09:18:52.947 22705 RALLYDEBUG rally_openstack.cleanup.manager [-] Cleaning up neutron port objects
2019-07-10 09:18:53.610 22705 RALLYDEBUG rally_openstack.cleanup.manager [-] Cleaning up neutron subnet objects
2019-07-10 09:18:54.263 22705 RALLYDEBUG rally_openstack.cleanup.manager [-] Cleaning up neutron network objects
2019-07-10 09:18:55.573 22705 RALLYDEBUG rally_openstack.cleanup.manager [-] Deleting neutron.network object s_rally_d37861d4_fJU2LM2J (09801eb9-31b6-4585-859b-a95e80366505)
2019-07-10 09:18:55.577 22705 RALLYDEBUG rally_openstack.cleanup.manager [-] Deleting neutron.network object s_rally_d37861d4_uGJF95gd (020e5c21-d304-417e-a877-56920a25a6db)
2019-07-10 09:18:55.578 22705 RALLYDEBUG rally_openstack.cleanup.manager [-] Deleting neutron.network object s_rally_d37861d4_W1Kbbqes (06b356be-bafe-405d-a969-9658069b59f8)
2019-07-10 09:18:55.581 22705 RALLYDEBUG rally_openstack.cleanup.manager [-] Deleting neutron.network object s_rally_d37861d4_EuVcNgIe (09a66df5-212a-4ed5-b9cb-feec10751f65)
2019-07-10 09:18:55.583 22705 RALLYDEBUG rally_openstack.cleanup.manager [-] Deleting neutron.network object s_rally_d37861d4_mKPj12IJ (096e2fc9-77b7-457c-b264-d09ba0c4bcf5)
2019-07-10 09:18:55.586 22705 RALLYDEBUG rally_openstack.cleanup.manager [-] Deleting neutron.network object s_rally_d37861d4_lsUUSvaM (1083d620-2ac2-4780-9326-7530cba200c8)
2019-07-10 09:18:55.587 22705 RALLYDEBUG rally_openstack.cleanup.manager [-] Deleting neutron.network object s_rally_d37861d4_BPi20S0a (087fe3d5-6efd-437f-a894-b1751544bab3)
2019-07-10 09:18:55.589 22705 RALLYDEBUG rally_openstack.cleanup.manager [-] Deleting neutron.network object s_rally_d37861d4_4XOLllMt (10b188f0-0ec3-400d-a29a-34a8fb226073)
2019-07-10 09:18:55.590 22705 RALLYDEBUG rally_openstack.cleanup.manager [-] Deleting neutron.network object s_rally_d37861d4_9a4j47tb (060cc551-32de-4047-98d9-cb6218b8d01d)
2019-07-10 09:18:55.591 22705 RALLYDEBUG rally_openstack.cleanup.manager [-] Deleting neutron.network object s_rally_d37861d4_h1CqW5x0 (106fa35f-377b-4528-bc5e-b20501e6d5b0)
2019-07-10 09:18:55.596 22705 RALLYDEBUG rally_openstack.cleanup.manager [-] Deleting neutron.network object s_rally_d37861d4_WLKhg0pe (0ecb5ca1-f790-4835-9daa-b580bdf0c99b)
2019-07-10 09:18:55.605 22705 RALLYDEBUG rally_openstack.cleanup.manager [-] Deleting neutron.network object s_rally_d37861d4_N5u3vCZP (13d2e732-6416-4846-bd52-06ea3a6bd5a8)
2019-07-10 09:18:55.614 22705 RALLYDEBUG rally_openstack.cleanup.manager [-] Deleting neutron.network object s_rally_d37861d4_SNiAwFAP (11c25b7b-4a61-4b7c-8892-cb9bc5bddd74)
2019-07-10 09:18:55.614 22705 RALLYDEBUG rally_openstack.cleanup.manager [-] Deleting neutron.network object s_rally_d37861d4_P4hqn8i1 (148fbf6b-d9be-4bfa-8da0-11c4a1e813ea)
2019-07-10 09:18:55.629 22705 RALLYDEBUG rally_openstack.cleanup.manager [-] Deleting neutron.network object s_rally_d37861d4_8KGzGdyU (0dd1b12e-4bd9-409e-8625-f0d4ea8de3d5)
2019-07-10 09:18:55.630 22705 RALLYDEBUG rally_openstack.cleanup.manager [-] Deleting neutron.network object s_rally_d37861d4_KSUC3EAE (172ce25f-48c9-4b7d-8f0f-e10b01cc39d2)
2019-07-10 09:18:55.639 22705 RALLYDEBUG rally_openstack.cleanup.manager [-] Deleting neutron.network object s_rally_d37861d4_hr8SKMNe (206f803c-d8b8-4652-96da-865b597cbe09)
2019-07-10 09:18:55.647 22705 RALLYDEBUG rally_openstack.cleanup.manager [-] Deleting neutron.network object s_rally_d37861d4_mrYKE5Uu (23a133b5-3b43-4aea-af65-333d2764671e)
2019-07-10 09:18:55.658 22705 RALLYDEBUG rally_openstack.cleanup.manager [-] Deleting neutron.network object s_rally_d37861d4_UTc7Ot6z (23c6378d-a537-4ce6-b419-b5ba2f4c3e8c)
2019-07-10 09:18:55.680 22705 RALLYDEBUG rally_openstack.cleanup.manager [-] Deleting neutron.network object s_rally_d37861d4_v1c6TEpR (24893519-6a35-493d-8a6a-3e6bcfa3d2c2)
2019-07-10 09:18:59.229 22705 RALLYDEBUG rally_openstack.cleanup.manager [-] Deleting neutron.network object s_rally_d37861d4_huwUMcpt (273d599d-6e60-484e-bbf3-fbf7fc52fbf4)
2019-07-10 09:18:59.389 22705 RALLYDEBUG rally_openstack.cleanup.manager [-] Deleting neutron.network object s_rally_d37861d4_XQM7JBbh (2cfa71ed-7ec4-436d-a26c-5cb1f5fabf30)
2019-07-10 09:18:59.487 22705 RALLYDEBUG rally_openstack.cleanup.manager [-] Deleting neutron.network object s_rally_d37861d4_zB1eRYgT (2f375565-ece1-4e85-9a2c-1f1d8ac9296c)
2019-07-10 09:18:59.705 22705 RALLYDEBUG rally_openstack.cleanup.manager [-] Deleting neutron.network object s_rally_d37861d4_c55Xx1rc (34d30f88-eab5-4785-8bf4-5f0e65f499ab)
2019-07-10 09:18:59.754 22705 RALLYDEBUG rally_openstack.cleanup.manager [-] Deleting neutron.network object s_rally_d37861d4_3xRvW5Ua (3f1dd321-9e94-437d-b5ca-5b1bcfb5f947)
2019-07-10 09:18:59.811 22705 RALLYDEBUG rally_openstack.cleanup.manager [-] Deleting neutron.network object s_rally_d37861d4_g5AL9vQm (4106e891-16d6-43b8-86bf-45aa179b07c8)
2019-07-10 09:18:59.841 22705 RALLYDEBUG rally_openstack.cleanup.manager [-] Deleting neutron.network object s_rally_d37861d4_fyrsf46k (43d5ad44-0118-451d-9b1f-81d337b9761e)
2019-07-10 09:18:59.901 22705 RALLYDEBUG rally_openstack.cleanup.manager [-] Deleting neutron.network object s_rally_d37861d4_at68mRbZ (4c45c476-36b6-420d-9011-a0a901541574)
2019-07-10 09:18:59.998 22705 RALLYDEBUG rally_openstack.cleanup.manager [-] Deleting neutron.network object s_rally_d37861d4_pKKGp3PD (532f7f9b-4e4e-49c9-8f7a-073e854f87b0)
2019-07-10 09:19:00.001 22705 RALLYDEBUG rally_openstack.cleanup.manager [-] Deleting neutron.network object s_rally_d37861d4_1NIdGBXq (59465fc9-cd86-4a0f-90a0-3ecdfd791a51)
2019-07-10 09:19:00.459 22705 RALLYDEBUG rally_openstack.cleanup.manager [-] Deleting neutron.network object s_rally_d37861d4_v1MHhvia (5af8c01c-aeb5-4aa8-b70f-19aa7473b559)
2019-07-10 09:19:00.525 22705 RALLYDEBUG rally_openstack.cleanup.manager [-] Deleting neutron.network object s_rally_d37861d4_5f5N7o91 (5b76f24d-8d45-4b05-a508-c27a5e1a918c)
2019-07-10 09:19:00.591 22705 RALLYDEBUG rally_openstack.cleanup.manager [-] Deleting neutron.network object s_rally_d37861d4_LuXRnX0f (5c25dcae-25e1-4d78-b1a1-8e033c7bc2f4)
2019-07-10 09:19:00.628 22705 RALLYDEBUG rally_openstack.cleanup.manager [-] Deleting neutron.network object s_rally_d37861d4_Vpdx6cEE (5cfc1f34-5eb5-4a71-bf54-5fb867144e0b)
2019-07-10 09:19:00.661 22705 RALLYDEBUG rally_openstack.cleanup.manager [-] Deleting neutron.network object s_rally_d37861d4_X17Cn7L7 (5d1e20e3-0be2-488a-8044-5939c7d114ed)
2019-07-10 09:19:01.995 22705 RALLYDEBUG rally_openstack.cleanup.manager [-] Deleting neutron.network object s_rally_d37861d4_bugw5e58 (5ff69a5d-61cf-4182-8a85-57f902768076)
2019-07-10 09:19:02.366 22705 RALLYDEBUG rally_openstack.cleanup.manager [-] Deleting neutron.network object s_rally_d37861d4_HoN3mwtn (6565bdc8-0c97-47b6-9c94-cec750e6caf2)
2019-07-10 09:19:02.507 22705 RALLYDEBUG rally_openstack.cleanup.manager [-] Deleting neutron.network object s_rally_d37861d4_wcg8Ihxn (6736e2c8-38e7-4a97-8bfa-f5a037b9c9d2)
2019-07-10 09:19:02.525 22705 RALLYDEBUG rally_openstack.cleanup.manager [-] Deleting neutron.network object s_rally_d37861d4_kpLqKbEj (696453cc-2379-4cb3-ab26-fd71d50e7612)
2019-07-10 09:19:02.559 22705 RALLYDEBUG rally_openstack.cleanup.manager [-] Deleting neutron.network object s_rally_d37861d4_40BaXZ9j (6d68cb02-1c16-4da0-9fd4-d69f3b6d32b2)
2019-07-10 09:19:02.577 22705 RALLYDEBUG rally_openstack.cleanup.manager [-] Deleting neutron.network object s_rally_d37861d4_bBgMeYGW (6df5d916-7d28-4f28-8acd-f61931ce2c10)
2019-07-10 09:19:02.680 22705 RALLYDEBUG rally_openstack.cleanup.manager [-] Deleting neutron.network object s_rally_d37861d4_42Pc3NJA (722982db-481d-4917-95f2-a288cedd053c)
2019-07-10 09:19:02.787 22705 RALLYDEBUG rally_openstack.cleanup.manager [-] Deleting neutron.network object s_rally_d37861d4_Nhp9thbH (737916f9-3214-41e4-b937-806096265110)
2019-07-10 09:19:02.996 22705 RALLYDEBUG rally_openstack.cleanup.manager [-] Deleting neutron.network object s_rally_d37861d4_q7D3oNKI (774eae5f-162d-4f01-989f-1c8ff88d2f53)
2019-07-10 09:19:03.016 22705 RALLYDEBUG rally_openstack.cleanup.manager [-] Deleting neutron.network object s_rally_d37861d4_q1RvItw2 (7a1293f7-d26d-4b16-a3ba-b3e70edabd91)
2019-07-10 09:19:03.171 22705 RALLYDEBUG rally_openstack.cleanup.manager [-] Deleting neutron.network object s_rally_d37861d4_YYLVF3mk (7c81f635-c4e3-4f0e-b297-8c73b6ea3f5c)
2019-07-10 09:19:03.600 22705 RALLYDEBUG rally_openstack.cleanup.manager [-] Deleting neutron.network object s_rally_d37861d4_ndi06swu (7c83c35c-b872-4126-a5e9-4f7d064625a6)
2019-07-10 09:19:03.617 22705 RALLYDEBUG rally_openstack.cleanup.manager [-] Deleting neutron.network object s_rally_d37861d4_vVvnNnHh (7c9f2673-9c0d-473f-804a-1857df154cf1)
2019-07-10 09:19:03.813 22705 RALLYDEBUG rally_openstack.cleanup.manager [-] Deleting neutron.network object s_rally_d37861d4_W5QqvwR6 (7e1b6d7b-0daa-4632-9ae3-a5ad5e00b5a9)
2019-07-10 09:19:03.813 22705 RALLYDEBUG rally_openstack.cleanup.manager [-] Deleting neutron.network object s_rally_d37861d4_FB5eezTk (7e210dc4-c1e4-4ba6-bfe5-c4d21e048785)
2019-07-10 09:19:04.145 22705 RALLYDEBUG rally_openstack.cleanup.manager [-] Deleting neutron.network object s_rally_d37861d4_xHRDaXUV (826f386c-bff2-4cbb-af29-4af59a54bae8)
2019-07-10 09:19:04.152 22705 RALLYDEBUG rally_openstack.cleanup.manager [-] Deleting neutron.network object s_rally_d37861d4_Kl8L9hnE (870498aa-6741-4604-919b-c04176add113)
2019-07-10 09:19:04.690 22705 RALLYDEBUG rally_openstack.cleanup.manager [-] Deleting neutron.network object s_rally_d37861d4_A2ibJUuL (8be473b2-5b01-48a6-96ac-d4c1c19c05e7)
2019-07-10 09:19:04.742 22705 RALLYDEBUG rally_openstack.cleanup.manager [-] Deleting neutron.network object s_rally_d37861d4_P1bTynVH (90a890d1-8e0a-438d-8ba2-4975a1eff70c)
2019-07-10 09:19:04.756 22705 RALLYDEBUG rally_openstack.cleanup.manager [-] Deleting neutron.network object s_rally_d37861d4_dqZkH5AT (90ce54c4-8bfc-4989-83a6-6bc08e206033)
2019-07-10 09:19:04.994 22705 RALLYDEBUG rally_openstack.cleanup.manager [-] Deleting neutron.network object s_rally_d37861d4_FbSPrBnQ (968574d7-4b95-4f2f-a924-e9787131a517)
2019-07-10 09:19:05.112 22705 RALLYDEBUG rally_openstack.cleanup.manager [-] Deleting neutron.network object s_rally_d37861d4_lFpzDLek (9772724f-d8b6-4641-86cd-6f8f8a1fbe0c)
2019-07-10 09:19:05.488 22705 RALLYDEBUG rally_openstack.cleanup.manager [-] Deleting neutron.network object s_rally_d37861d4_AGt1u2Cd (993a7990-5f4b-44c1-95ac-630b4e7f5888)
2019-07-10 09:19:05.862 22705 RALLYDEBUG rally_openstack.cleanup.manager [-] Deleting neutron.network object s_rally_d37861d4_gaKjGhG9 (9c577588-d294-4315-8654-fb046565a3c6)
2019-07-10 09:19:06.369 22705 RALLYDEBUG rally_openstack.cleanup.manager [-] Deleting neutron.network object s_rally_d37861d4_0Tcilfef (9eb6ca49-b9f4-4680-8400-c2b010b3b3e8)
2019-07-10 09:19:06.756 22705 RALLYDEBUG rally_openstack.cleanup.manager [-] Deleting neutron.network object s_rally_d37861d4_W1kcQ30z (a1eabb10-af8b-420d-ae89-95ca9bbd420e)
2019-07-10 09:19:07.444 22705 RALLYDEBUG rally_openstack.cleanup.manager [-] Deleting neutron.network object s_rally_d37861d4_CVw83FJy (a728a74e-a9b2-477c-b7a2-51fa7afbef49)
2019-07-10 09:19:07.460 22705 RALLYDEBUG rally_openstack.cleanup.manager [-] Deleting neutron.network object s_rally_d37861d4_Hlv4ng8L (a782737e-9e7a-49f6-9edd-681394fa16b8)
2019-07-10 09:19:07.704 22705 RALLYDEBUG rally_openstack.cleanup.manager [-] Deleting neutron.network object s_rally_d37861d4_QEy4wMSA (aa5788f6-27e8-42a7-8980-1a71a5df0d55)
2019-07-10 09:19:07.778 22705 RALLYDEBUG rally_openstack.cleanup.manager [-] Deleting neutron.network object s_rally_d37861d4_XXGX5AQ7 (b0726438-3a22-4331-a4a7-78414c9c71e7)
2019-07-10 09:19:08.020 22705 RALLYDEBUG rally_openstack.cleanup.manager [-] Deleting neutron.network object s_rally_d37861d4_78wo03co (b6b6d4f2-4359-4bed-97bc-cb5de829654c)
2019-07-10 09:19:08.090 22705 RALLYDEBUG rally_openstack.cleanup.manager [-] Deleting neutron.network object s_rally_d37861d4_cHEYLrlw (b9df2909-a879-4ee1-b23b-e26f5e3d1104)
2019-07-10 09:19:08.177 22705 RALLYDEBUG rally_openstack.cleanup.manager [-] Deleting neutron.network object s_rally_d37861d4_399HpGXp (bea5f417-36a3-46c1-993e-0ed42dd54191)
2019-07-10 09:19:08.184 22705 RALLYDEBUG rally_openstack.cleanup.manager [-] Deleting neutron.network object s_rally_d37861d4_9zkwyDIv (c19f613a-e858-48f8-a488-4f980239f9e3)
2019-07-10 09:19:08.278 22705 RALLYDEBUG rally_openstack.cleanup.manager [-] Deleting neutron.network object s_rally_d37861d4_dJgvug3D (c4d4f69a-4d5a-4a4d-8bf4-6baa360ae3a6)
2019-07-10 09:19:08.417 22705 RALLYDEBUG rally_openstack.cleanup.manager [-] Deleting neutron.network object s_rally_d37861d4_yDQ7WjTO (c8699dee-0b9f-4a3c-ad06-0691077770f3)
2019-07-10 09:19:08.693 22705 RALLYDEBUG rally_openstack.cleanup.manager [-] Deleting neutron.network object s_rally_d37861d4_dOAxiL0m (cb9df242-972c-47b7-b5d9-f2acb782b075)
2019-07-10 09:19:08.698 22705 RALLYDEBUG rally_openstack.cleanup.manager [-] Deleting neutron.network object s_rally_d37861d4_nr7IXYEz (d0450463-3531-4c36-b9d6-f61e399ed268)
2019-07-10 09:19:08.705 22705 RALLYDEBUG rally_openstack.cleanup.manager [-] Deleting neutron.network object s_rally_d37861d4_Sn4Vscyr (d21f1d8b-fec2-40d4-abac-83df2f9e6164)
2019-07-10 09:19:08.770 22705 RALLYDEBUG rally_openstack.cleanup.manager [-] Deleting neutron.network object s_rally_d37861d4_J2FrXT6R (d236c152-e8cb-4e74-83b2-0adccadd81b2)
2019-07-10 09:19:08.864 22705 RALLYDEBUG rally_openstack.cleanup.manager [-] Deleting neutron.network object s_rally_d37861d4_p4Wu8MWG (d30e6d80-7380-4e51-bb0a-ee96c45171f0)
2019-07-10 09:19:08.905 22705 RALLYDEBUG rally_openstack.cleanup.manager [-] Deleting neutron.network object s_rally_d37861d4_ROHZfFff (d4bbd22b-decc-4ff4-a856-1f9e7e685c94)
2019-07-10 09:19:08.914 22705 RALLYDEBUG rally_openstack.cleanup.manager [-] Deleting neutron.network object s_rally_d37861d4_K14KCWmq (d42a2652-ea26-4fcf-a553-7dc5f5e667cb)
2019-07-10 09:19:08.924 22705 RALLYDEBUG rally_openstack.cleanup.manager [-] Deleting neutron.network object s_rally_d37861d4_vEEiO1hw (d4e64108-0b53-4828-8ae9-dc331000ab3a)
2019-07-10 09:19:09.049 22705 RALLYDEBUG rally_openstack.cleanup.manager [-] Deleting neutron.network object s_rally_d37861d4_mEhbfima (d7aae6a9-4941-47bb-8dfd-3d0acb3d3447)
2019-07-10 09:19:09.110 22705 RALLYDEBUG rally_openstack.cleanup.manager [-] Deleting neutron.network object s_rally_d37861d4_cSRsqiUJ (dbce6fef-1407-4759-8960-25e52634a93f)
2019-07-10 09:19:10.472 22705 RALLYDEBUG rally_openstack.cleanup.manager [-] Deleting neutron.network object s_rally_d37861d4_fIxbszoo (ddfef9b5-8bc0-4699-9b09-57d0010fa260)
2019-07-10 09:19:10.787 22705 RALLYDEBUG rally_openstack.cleanup.manager [-] Deleting neutron.network object s_rally_d37861d4_avC35C8Z (de75a7c6-8ce0-495e-98f8-83bab4c8e7f0)
2019-07-10 09:19:10.829 22705 RALLYDEBUG rally_openstack.cleanup.manager [-] Deleting neutron.network object s_rally_d37861d4_BTHYrUhY (dfe55516-179b-49d2-bab9-e1aab44eabf0)
2019-07-10 09:19:11.060 22705 RALLYDEBUG rally_openstack.cleanup.manager [-] Deleting neutron.network object s_rally_d37861d4_jPpTTVG8 (e071e49f-921a-405a-9d35-f296edd99446)
2019-07-10 09:19:11.298 22705 RALLYDEBUG rally_openstack.cleanup.manager [-] Deleting neutron.network object s_rally_d37861d4_LDzwX9D0 (e215b2cd-3ab1-44d3-bf0c-0ca50d5ed7ad)
2019-07-10 09:19:11.770 22705 RALLYDEBUG rally_openstack.cleanup.manager [-] Deleting neutron.network object s_rally_d37861d4_Qt6mZJQB (e50d6b3c-57cc-44f3-af55-733123528d57)
2019-07-10 09:19:11.873 22705 RALLYDEBUG rally_openstack.cleanup.manager [-] Deleting neutron.network object s_rally_d37861d4_F3rLawZV (e5716184-7b2e-45ed-bfb7-cf20d90da0e3)
2019-07-10 09:19:11.902 22705 RALLYDEBUG rally_openstack.cleanup.manager [-] Deleting neutron.network object s_rally_d37861d4_xE4sDux1 (e623e45c-2d1d-4dbd-bab3-e66e6b7367c6)
2019-07-10 09:19:11.907 22705 RALLYDEBUG rally_openstack.cleanup.manager [-] Deleting neutron.network object s_rally_d37861d4_03yldPiY (e8f1dc61-c97c-4032-b819-18901861befc)
2019-07-10 09:19:11.921 22705 RALLYDEBUG rally_openstack.cleanup.manager [-] Deleting neutron.network object s_rally_d37861d4_3xsje6Mv (e9cc0df3-a643-4f9e-8bc9-813c9562bc8e)
2019-07-10 09:19:12.256 22705 RALLYDEBUG rally_openstack.cleanup.manager [-] Deleting neutron.network object s_rally_d37861d4_1TB3F4Fh (f144f9ed-39ce-4dc6-881c-014ac0992e01)
2019-07-10 09:19:12.372 22705 RALLYDEBUG rally_openstack.cleanup.manager [-] Deleting neutron.network object s_rally_d37861d4_hpu8WHXz (f380c829-9192-493b-a808-429e15bb4a5d)
2019-07-10 09:19:12.599 22705 RALLYDEBUG rally_openstack.cleanup.manager [-] Deleting neutron.network object s_rally_d37861d4_dfsb5j7d (f506b165-15aa-455a-94f0-c139fb249f5e)
2019-07-10 09:19:12.710 22705 RALLYDEBUG rally_openstack.cleanup.manager [-] Deleting neutron.network object s_rally_d37861d4_Mly2XYh9 (f5575c96-a885-4421-93d4-d138c0d1fee4)
2019-07-10 09:19:12.734 22705 RALLYDEBUG rally_openstack.cleanup.manager [-] Deleting neutron.network object s_rally_d37861d4_4pn9PZcP (f65941a9-82b0-4790-9043-05cecaf70f65)
