2019-07-10 09:39:52.642 26951 INFO rally.task.runner [-] Task 47407093-2b33-4d7b-9875-2020ac9a1157 | ITER: 3 END: OK
2019-07-10 09:39:52.649 26951 INFO rally.task.runner [-] Task 47407093-2b33-4d7b-9875-2020ac9a1157 | ITER: 39 START
2019-07-10 09:39:52.650 26951 WARNING rally_openstack.scenarios.neutron.utils [-] Running this scenario without either the 'network' or 'existing_network' context is deprecated
2019-07-10 09:39:52.697 26972 INFO rally.task.runner [-] Task 47407093-2b33-4d7b-9875-2020ac9a1157 | ITER: 12 END: OK
2019-07-10 09:39:52.703 26972 INFO rally.task.runner [-] Task 47407093-2b33-4d7b-9875-2020ac9a1157 | ITER: 40 START
2019-07-10 09:39:52.704 26972 WARNING rally_openstack.scenarios.neutron.utils [-] Running this scenario without either the 'network' or 'existing_network' context is deprecated
2019-07-10 09:39:52.900 26995 INFO rally.task.runner [-] Task 47407093-2b33-4d7b-9875-2020ac9a1157 | ITER: 31 END: OK
2019-07-10 09:39:52.996 26969 INFO rally.task.runner [-] Task 47407093-2b33-4d7b-9875-2020ac9a1157 | ITER: 25 END: OK
2019-07-10 09:39:53.106 26956 INFO rally.task.runner [-] Task 47407093-2b33-4d7b-9875-2020ac9a1157 | ITER: 29 END: OK
2019-07-10 09:39:55.087 26987 INFO rally.task.runner [-] Task 47407093-2b33-4d7b-9875-2020ac9a1157 | ITER: 33 END: OK
2019-07-10 09:39:55.476 26960 INFO rally.task.runner [-] Task 47407093-2b33-4d7b-9875-2020ac9a1157 | ITER: 35 END: OK
2019-07-10 09:40:00.643 26951 INFO rally.task.runner [-] Task 47407093-2b33-4d7b-9875-2020ac9a1157 | ITER: 1 END: OK
2019-07-10 09:40:00.711 26952 INFO rally.task.runner [-] Task 47407093-2b33-4d7b-9875-2020ac9a1157 | ITER: 2 END: OK
2019-07-10 09:40:00.739 26953 INFO rally.task.runner [-] Task 47407093-2b33-4d7b-9875-2020ac9a1157 | ITER: 4 END: OK
2019-07-10 09:40:00.760 26954 INFO rally.task.runner [-] Task 47407093-2b33-4d7b-9875-2020ac9a1157 | ITER: 28 END: OK
2019-07-10 09:40:00.908 26998 INFO rally.task.runner [-] Task 47407093-2b33-4d7b-9875-2020ac9a1157 | ITER: 20 END: OK
2019-07-10 09:40:00.964 26993 INFO rally.task.runner [-] Task 47407093-2b33-4d7b-9875-2020ac9a1157 | ITER: 18 END: OK
2019-07-10 09:40:01.148 26965 INFO rally.task.runner [-] Task 47407093-2b33-4d7b-9875-2020ac9a1157 | ITER: 32 END: OK
2019-07-10 09:40:01.346 26989 INFO rally.task.runner [-] Task 47407093-2b33-4d7b-9875-2020ac9a1157 | ITER: 37 END: OK
2019-07-10 09:40:02.261 26979 INFO rally.task.runner [-] Task 47407093-2b33-4d7b-9875-2020ac9a1157 | ITER: 36 END: OK
2019-07-10 09:40:05.990 26954 INFO rally.task.runner [-] Task 47407093-2b33-4d7b-9875-2020ac9a1157 | ITER: 26 END: OK
2019-07-10 09:40:06.109 26953 INFO rally.task.runner [-] Task 47407093-2b33-4d7b-9875-2020ac9a1157 | ITER: 27 END: OK
2019-07-10 09:40:06.146 26975 INFO rally.task.runner [-] Task 47407093-2b33-4d7b-9875-2020ac9a1157 | ITER: 30 END: OK
2019-07-10 09:40:10.699 26952 INFO rally.task.runner [-] Task 47407093-2b33-4d7b-9875-2020ac9a1157 | ITER: 38 END: OK
2019-07-10 09:40:10.768 26951 INFO rally.task.runner [-] Task 47407093-2b33-4d7b-9875-2020ac9a1157 | ITER: 39 END: OK
2019-07-10 09:40:11.376 26972 INFO rally.task.runner [-] Task 47407093-2b33-4d7b-9875-2020ac9a1157 | ITER: 40 END: OK
2019-07-10 09:40:11.399 22705 INFO rally.task.context [-] Task 47407093-2b33-4d7b-9875-2020ac9a1157 | Context cleanup@openstack cleanup() started
2019-07-10 09:40:11.401 22705 RALLYDEBUG rally_openstack.cleanup.manager [-] Cleaning up neutron vip objects
2019-07-10 09:40:12.015 22705 RALLYDEBUG rally_openstack.cleanup.manager [-] Cleaning up neutron health_monitor objects
2019-07-10 09:40:12.732 22705 RALLYDEBUG rally_openstack.cleanup.manager [-] Cleaning up neutron pool objects
2019-07-10 09:40:13.429 22705 RALLYDEBUG rally_openstack.cleanup.manager [-] Cleaning up neutron loadbalancer objects
2019-07-10 09:40:14.224 22705 RALLYDEBUG rally_openstack.cleanup.manager [-] Cleaning up neutron floatingip objects
2019-07-10 09:40:14.892 22705 RALLYDEBUG rally_openstack.cleanup.manager [-] Cleaning up neutron port objects
2019-07-10 09:40:16.040 22705 RALLYDEBUG rally_openstack.cleanup.manager [-] Cleaning up neutron subnet objects
2019-07-10 09:40:16.704 22705 RALLYDEBUG rally_openstack.cleanup.manager [-] Cleaning up neutron network objects
2019-07-10 09:40:17.908 22705 RALLYDEBUG rally_openstack.cleanup.manager [-] Deleting neutron.network object s_rally_216dea5c_Nxc8zBXW (1fd3fd06-8575-449e-a1e3-7ea9bf9d172d)
2019-07-10 09:40:17.911 22705 RALLYDEBUG rally_openstack.cleanup.manager [-] Deleting neutron.network object s_rally_216dea5c_uzHy7bLP (0522d89e-ecf3-40cc-b815-f2d3f3ec4704)
2019-07-10 09:40:17.912 22705 RALLYDEBUG rally_openstack.cleanup.manager [-] Deleting neutron.network object s_rally_216dea5c_NTuynRU3 (35b371bb-a678-4f8a-90d2-e15b1e5a3fe9)
2019-07-10 09:40:17.913 22705 RALLYDEBUG rally_openstack.cleanup.manager [-] Deleting neutron.network object s_rally_216dea5c_iyY4mQdE (44c6b5e6-2b30-49c2-a800-62ae980fc46f)
2019-07-10 09:40:17.919 22705 RALLYDEBUG rally_openstack.cleanup.manager [-] Deleting neutron.network object s_rally_216dea5c_etfFkGyw (4587397b-5dcd-4361-951f-8f96b2780013)
2019-07-10 09:40:17.921 22705 RALLYDEBUG rally_openstack.cleanup.manager [-] Deleting neutron.network object s_rally_216dea5c_zhGBcokE (239d5fa2-8407-4959-bf0e-53d3f67353ac)
2019-07-10 09:40:17.931 22705 RALLYDEBUG rally_openstack.cleanup.manager [-] Deleting neutron.network object s_rally_216dea5c_ulLGJG10 (4e983b97-6bb3-4ba2-8b3b-26e16e3b6f1e)
2019-07-10 09:40:17.931 22705 RALLYDEBUG rally_openstack.cleanup.manager [-] Deleting neutron.network object s_rally_216dea5c_SAU66Ew3 (4716af6f-6157-49f8-aa97-169bed788deb)
2019-07-10 09:40:17.940 22705 RALLYDEBUG rally_openstack.cleanup.manager [-] Deleting neutron.network object s_rally_216dea5c_zCeZ7ATQ (2d8ffea1-39c4-411f-aafc-5108d5abbc37)
2019-07-10 09:40:17.941 22705 RALLYDEBUG rally_openstack.cleanup.manager [-] Deleting neutron.network object s_rally_216dea5c_ujv2OsZi (28532c27-5544-4ded-9082-73efb6c0ad7d)
2019-07-10 09:40:17.944 22705 RALLYDEBUG rally_openstack.cleanup.manager [-] Deleting neutron.network object s_rally_216dea5c_CGjhKYas (4fb4d6c7-20f4-4c4f-a094-efb7fdc80318)
2019-07-10 09:40:17.962 22705 RALLYDEBUG rally_openstack.cleanup.manager [-] Deleting neutron.network object s_rally_216dea5c_saV8jso1 (506f8bb4-78b1-4f2c-b0a8-5a16378d5048)
2019-07-10 09:40:17.967 22705 RALLYDEBUG rally_openstack.cleanup.manager [-] Deleting neutron.network object s_rally_216dea5c_rbwvOGcw (5148217e-2bce-4049-ac51-6035df96408c)
2019-07-10 09:40:17.968 22705 RALLYDEBUG rally_openstack.cleanup.manager [-] Deleting neutron.network object s_rally_216dea5c_WFDwZSIm (402937d3-b999-424a-9c49-01a8816857a5)
2019-07-10 09:40:17.970 22705 RALLYDEBUG rally_openstack.cleanup.manager [-] Deleting neutron.network object s_rally_216dea5c_orWhmAIP (37d40f78-6289-46ca-a72c-4e264bce15aa)
2019-07-10 09:40:17.978 22705 RALLYDEBUG rally_openstack.cleanup.manager [-] Deleting neutron.network object s_rally_216dea5c_83c2MU49 (54cc713f-334f-4883-81b7-bba6818aa242)
2019-07-10 09:40:17.995 22705 RALLYDEBUG rally_openstack.cleanup.manager [-] Deleting neutron.network object s_rally_216dea5c_1BDW4VYc (63d7c46e-5a42-40e1-b9d7-0ae0cfc1061a)
2019-07-10 09:40:18.006 22705 RALLYDEBUG rally_openstack.cleanup.manager [-] Deleting neutron.network object s_rally_216dea5c_k36kBfgp (67d58398-8bc3-4d35-8b77-8bdc1ccb07fb)
2019-07-10 09:40:18.016 22705 RALLYDEBUG rally_openstack.cleanup.manager [-] Deleting neutron.network object s_rally_216dea5c_gP13AcZC (727d985c-2017-4cd2-ae55-f5ca53b209b5)
2019-07-10 09:40:18.042 22705 RALLYDEBUG rally_openstack.cleanup.manager [-] Deleting neutron.network object s_rally_216dea5c_8nDjgixg (7b3ac769-1285-4669-9464-de7fefb686ad)
2019-07-10 09:40:20.679 22705 RALLYDEBUG rally_openstack.cleanup.manager [-] Deleting neutron.network object s_rally_216dea5c_VSJaXGdS (80121f2c-3b1c-4721-b855-e9407ff884f1)
2019-07-10 09:40:20.787 22705 RALLYDEBUG rally_openstack.cleanup.manager [-] Deleting neutron.network object s_rally_216dea5c_XRsCuwl7 (8c850fd7-3d2c-4198-b5a6-d28cec69962a)
2019-07-10 09:40:20.804 22705 RALLYDEBUG rally_openstack.cleanup.manager [-] Deleting neutron.network object s_rally_216dea5c_ctc1xRIt (8fec3534-bc66-41c7-b18d-6c8bca6c5b9c)
2019-07-10 09:40:20.919 22705 RALLYDEBUG rally_openstack.cleanup.manager [-] Deleting neutron.network object s_rally_216dea5c_vhCfhNYl (9cabe6c0-58ed-4d1f-b6f0-059d43d0dca1)
2019-07-10 09:40:23.057 22705 RALLYDEBUG rally_openstack.cleanup.manager [-] Deleting neutron.network object s_rally_216dea5c_XQLug7DA (a49da487-f00a-4aaa-aeac-4d12f010ccac)
2019-07-10 09:40:23.861 22705 RALLYDEBUG rally_openstack.cleanup.manager [-] Deleting neutron.network object s_rally_216dea5c_FnpEuw66 (a9a383f1-901d-49a3-af79-56fe310fb63c)
2019-07-10 09:40:24.081 22705 RALLYDEBUG rally_openstack.cleanup.manager [-] Deleting neutron.network object s_rally_216dea5c_I8qWSExn (aa248d7b-71ae-4fac-a0a2-0334aa4320f4)
2019-07-10 09:40:24.101 22705 RALLYDEBUG rally_openstack.cleanup.manager [-] Deleting neutron.network object s_rally_216dea5c_gLhtHaiX (c64c11e9-95f2-4fa5-ae82-1e409d689939)
2019-07-10 09:40:24.546 22705 RALLYDEBUG rally_openstack.cleanup.manager [-] Deleting neutron.network object s_rally_216dea5c_8w9r2pVi (c9285681-cb63-4c97-9924-82134c30bb38)
2019-07-10 09:40:24.549 22705 RALLYDEBUG rally_openstack.cleanup.manager [-] Deleting neutron.network object s_rally_216dea5c_s3uE2D1C (cb7013b3-802c-4da8-8e1b-a2cb49253c69)
2019-07-10 09:40:24.763 22705 RALLYDEBUG rally_openstack.cleanup.manager [-] Deleting neutron.network object s_rally_216dea5c_dkYlNt2Z (cf435dd5-1473-40d9-89d3-f0e1500c2090)
2019-07-10 09:40:24.806 22705 RALLYDEBUG rally_openstack.cleanup.manager [-] Deleting neutron.network object s_rally_216dea5c_oxTq96YE (d8b50b07-6f88-4be3-8e2c-14d42067a46c)
2019-07-10 09:40:24.875 22705 RALLYDEBUG rally_openstack.cleanup.manager [-] Deleting neutron.network object s_rally_216dea5c_nPx1JiND (dd09980a-dfeb-404f-a032-26632c913425)
2019-07-10 09:40:24.890 22705 RALLYDEBUG rally_openstack.cleanup.manager [-] Deleting neutron.network object s_rally_216dea5c_qB0abkCF (e25b1c89-ce43-461b-9e9c-ca7c4a9ff4af)
2019-07-10 09:40:25.291 22705 RALLYDEBUG rally_openstack.cleanup.manager [-] Deleting neutron.network object s_rally_216dea5c_rLQitWDG (e802ba61-f0a1-4266-bee9-c7d15609f63b)
2019-07-10 09:40:25.312 22705 RALLYDEBUG rally_openstack.cleanup.manager [-] Deleting neutron.network object s_rally_216dea5c_qQucpD98 (e81d212a-9ee8-4d98-a940-8ed6e14fb4e9)
2019-07-10 09:40:25.540 22705 RALLYDEBUG rally_openstack.cleanup.manager [-] Deleting neutron.network object s_rally_216dea5c_nDGJwc67 (ed62db04-69c8-4396-9030-c89bedd6001f)
2019-07-10 09:40:26.674 22705 RALLYDEBUG rally_openstack.cleanup.manager [-] Deleting neutron.network object s_rally_216dea5c_8bk7bdqg (f0fdefd5-be1c-4bf3-a180-dd78378599fc)
2019-07-10 09:40:26.748 22705 RALLYDEBUG rally_openstack.cleanup.manager [-] Deleting neutron.network object s_rally_216dea5c_mGc3KUzc (f9cc5005-4536-4984-a3a8-f5353677e825)
2019-07-10 09:40:26.834 22705 RALLYDEBUG rally_openstack.cleanup.manager [-] Deleting neutron.network object s_rally_216dea5c_4KobCbFj (fc97e39a-f09c-4553-9c3e-0d22e1e7df07)
2019-07-10 09:40:29.425 22705 RALLYDEBUG rally_openstack.cleanup.manager [-] Cleaning up neutron router objects
2019-07-10 09:40:30.095 22705 RALLYDEBUG rally_openstack.cleanup.manager [-] Cleaning up neutron security_group objects
2019-07-10 09:40:30.860 22705 INFO rally.task.context [-] Task 47407093-2b33-4d7b-9875-2020ac9a1157 | Context cleanup@openstack cleanup() finished in 19.46 sec
2019-07-10 09:40:30.860 22705 INFO rally.task.context [-] Task 47407093-2b33-4d7b-9875-2020ac9a1157 | Context quotas@openstack cleanup() started
2019-07-10 09:40:31.076 22705 INFO rally.task.context [-] Task 47407093-2b33-4d7b-9875-2020ac9a1157 | Context quotas@openstack cleanup() finished in 0.22 sec
2019-07-10 09:40:31.077 22705 INFO rally.task.context [-] Task 47407093-2b33-4d7b-9875-2020ac9a1157 | Context users@openstack cleanup() started
2019-07-10 09:40:35.427 22705 INFO rally.task.context [-] Task 47407093-2b33-4d7b-9875-2020ac9a1157 | Context users@openstack cleanup() finished in 4.35 sec
2019-07-10 09:40:36.623 22705 INFO rally.task.engine [-] Load duration is: 53.847302
2019-07-10 09:40:36.624 22705 INFO rally.task.engine [-] Full runner duration is: 53.894119
2019-07-10 09:40:36.624 22705 INFO rally.task.engine [-] Full duration is: 83.11122
2019-07-10 09:40:36.878 22705 INFO rally.task.engine [-] Running workload: position = 0 config = { "version": 2, "title": "A cropped version of a bigger task.", "description": "Auto-generated task from a single workload (uuid=4648a92f-b7c7-46ea-9542-c985f9df7fb1)", "subtasks": [ { "title": "Quotas.neutron_update", "description": "Update quotas for neutron.", "scenario": { "Quotas.neutron_update": { "max_quota": 1024 } }, "contexts": { "users": { "tenants": 20, "users_per_tenant": 1 } }, "runner": { "constant": { "times": 40, "concurrency": 20 } }, "hooks": [], "sla": { "failure_rate": { "max": 0 } } } ] }
2019-07-10 09:40:36.903 22705 RALLYDEBUG rally_openstack.contexts.keystone.users [-] Creating 20 tenants using 20 threads
2019-07-10 09:40:41.647 22705 RALLYDEBUG rally_openstack.contexts.keystone.users [-] Creating 20 users using 20 threads
2019-07-10 09:40:47.133 22705 INFO rally.task.context [-] Task 47407093-2b33-4d7b-9875-2020ac9a1157 | Context users@openstack setup() finished in 10.23 sec
2019-07-10 09:40:47.133 22705 INFO rally.task.context [-] Task 47407093-2b33-4d7b-9875-2020ac9a1157 | Context admin_cleanup@openstack setup() finished in 0.01 msec
2019-07-10 09:40:47.141 22705 RALLYDEBUG rally.task.runner [-] Starting the constant runner (task UUID: 47407093-2b33-4d7b-9875-2020ac9a1157). timeout: 0 concurrency: 20 concurrency_per_worker: 1 times: 40 concurrency_overhead: 4 processes_to_start: 16 max_cpu_used: 16
2019-07-10 09:40:47.155 27321 RALLYDEBUG rally.task.runner [-] Starting a worker. concurrency: 2 args: {"max_quota": 1024} times: 40 method_name: run timeout: 0 duration: None cls:
2019-07-10 09:40:47.157 27323 RALLYDEBUG rally.task.runner [-] Starting a worker. concurrency: 2 args: {"max_quota": 1024} times: 40 method_name: run timeout: 0 duration: None cls:
2019-07-10 09:40:47.157 27322 RALLYDEBUG rally.task.runner [-] Starting a worker. concurrency: 2 args: {"max_quota": 1024} times: 40 method_name: run timeout: 0 duration: None cls:
2019-07-10 09:40:47.163 27323 INFO rally.task.runner [-] Task 47407093-2b33-4d7b-9875-2020ac9a1157 | ITER: 2 START
2019-07-10 09:40:47.164 27324 RALLYDEBUG rally.task.runner [-] Starting a worker. concurrency: 2 args: {"max_quota": 1024} times: 40 method_name: run timeout: 0 duration: None cls:
2019-07-10 09:40:47.166 27328 RALLYDEBUG rally.task.runner [-] Starting a worker. concurrency: 1 args: {"max_quota": 1024} times: 40 method_name: run timeout: 0 duration: None cls:
2019-07-10 09:40:47.167 27325 RALLYDEBUG rally.task.runner [-] Starting a worker. concurrency: 1 args: {"max_quota": 1024} times: 40 method_name: run timeout: 0 duration: None cls:
2019-07-10 09:40:47.170 27321 INFO rally.task.runner [-] Task 47407093-2b33-4d7b-9875-2020ac9a1157 | ITER: 1 START
2019-07-10 09:40:47.171 27328 INFO rally.task.runner [-] Task 47407093-2b33-4d7b-9875-2020ac9a1157 | ITER: 8 START
2019-07-10 09:40:47.171 27322 INFO rally.task.runner [-] Task 47407093-2b33-4d7b-9875-2020ac9a1157 | ITER: 3 START
2019-07-10 09:40:47.175 27322 INFO rally.task.runner [-] Task 47407093-2b33-4d7b-9875-2020ac9a1157 | ITER: 6 START
2019-07-10 09:40:47.177 27321 INFO rally.task.runner [-] Task 47407093-2b33-4d7b-9875-2020ac9a1157 | ITER: 5 START
2019-07-10 09:40:47.178 27325 INFO rally.task.runner [-] Task 47407093-2b33-4d7b-9875-2020ac9a1157 | ITER: 9 START
2019-07-10 09:40:47.177 27333 RALLYDEBUG rally.task.runner [-] Starting a worker. concurrency: 1 args: {"max_quota": 1024} times: 40 method_name: run timeout: 0 duration: None cls:
2019-07-10 09:40:47.178 27323 INFO rally.task.runner [-] Task 47407093-2b33-4d7b-9875-2020ac9a1157 | ITER: 4 START
2019-07-10 09:40:47.181 27324 INFO rally.task.runner [-] Task 47407093-2b33-4d7b-9875-2020ac9a1157 | ITER: 7 START
2019-07-10 09:40:47.183 27341 RALLYDEBUG rally.task.runner [-] Starting a worker. concurrency: 1 args: {"max_quota": 1024} times: 40 method_name: run timeout: 0 duration: None cls:
2019-07-10 09:40:47.183 27335 RALLYDEBUG rally.task.runner [-] Starting a worker. concurrency: 1 args: {"max_quota": 1024} times: 40 method_name: run timeout: 0 duration: None cls:
2019-07-10 09:40:47.184 27345 RALLYDEBUG rally.task.runner [-] Starting a worker. concurrency: 1 args: {"max_quota": 1024} times: 40 method_name: run timeout: 0 duration: None cls:
2019-07-10 09:40:47.188 27324 INFO rally.task.runner [-] Task 47407093-2b33-4d7b-9875-2020ac9a1157 | ITER: 10 START
2019-07-10 09:40:47.189 27333 INFO rally.task.runner [-] Task 47407093-2b33-4d7b-9875-2020ac9a1157 | ITER: 11 START
2019-07-10 09:40:47.189 27347 RALLYDEBUG rally.task.runner [-] Starting a worker. concurrency: 1 args: {"max_quota": 1024} times: 40 method_name: run timeout: 0 duration: None cls:
2019-07-10 09:40:47.192 27335 INFO rally.task.runner [-] Task 47407093-2b33-4d7b-9875-2020ac9a1157 | ITER: 13 START
2019-07-10 09:40:47.193 27341 INFO rally.task.runner [-] Task 47407093-2b33-4d7b-9875-2020ac9a1157 | ITER: 12 START
2019-07-10 09:40:47.195 27345 INFO rally.task.runner [-] Task 47407093-2b33-4d7b-9875-2020ac9a1157 | ITER: 14 START
2019-07-10 09:40:47.197 27347 INFO rally.task.runner [-] Task 47407093-2b33-4d7b-9875-2020ac9a1157 | ITER: 15 START
2019-07-10 09:40:47.201 27355 RALLYDEBUG rally.task.runner [-] Starting a worker. concurrency: 1 args: {"max_quota": 1024} times: 40 method_name: run timeout: 0 duration: None cls:
2019-07-10 09:40:47.204 27359 RALLYDEBUG rally.task.runner [-] Starting a worker. concurrency: 1 args: {"max_quota": 1024} times: 40 method_name: run timeout: 0 duration: None cls:
2019-07-10 09:40:47.210 27359 INFO rally.task.runner [-] Task 47407093-2b33-4d7b-9875-2020ac9a1157 | ITER: 17 START
2019-07-10 09:40:47.210 27355 INFO rally.task.runner [-] Task 47407093-2b33-4d7b-9875-2020ac9a1157 | ITER: 16 START
2019-07-10 09:40:47.215 27365 RALLYDEBUG rally.task.runner [-] Starting a worker. concurrency: 1 args: {"max_quota": 1024} times: 40 method_name: run timeout: 0 duration: None cls:
2019-07-10 09:40:47.216 27360 RALLYDEBUG rally.task.runner [-] Starting a worker. concurrency: 1 args: {"max_quota": 1024} times: 40 method_name: run timeout: 0 duration: None cls:
2019-07-10 09:40:47.222 27365 INFO rally.task.runner [-] Task 47407093-2b33-4d7b-9875-2020ac9a1157 | ITER: 18 START
2019-07-10 09:40:47.222 27366 RALLYDEBUG rally.task.runner [-] Starting a worker. concurrency: 1 args: {"max_quota": 1024} times: 40 method_name: run timeout: 0 duration: None cls:
2019-07-10 09:40:47.222 27360 INFO rally.task.runner [-] Task 47407093-2b33-4d7b-9875-2020ac9a1157 | ITER: 19 START
2019-07-10 09:40:47.227 27366 INFO rally.task.runner [-] Task 47407093-2b33-4d7b-9875-2020ac9a1157 | ITER: 20 START
2019-07-10 09:40:48.640 27321 INFO rally.task.runner [-] Task 47407093-2b33-4d7b-9875-2020ac9a1157 | ITER: 5 END: OK
2019-07-10 09:40:48.646 27321 INFO rally.task.runner [-] Task 47407093-2b33-4d7b-9875-2020ac9a1157 | ITER: 21 START
2019-07-10 09:40:48.692 27322 INFO rally.task.runner [-] Task 47407093-2b33-4d7b-9875-2020ac9a1157 | ITER: 6 END: OK
2019-07-10 09:40:48.701 27322 INFO rally.task.runner [-] Task 47407093-2b33-4d7b-9875-2020ac9a1157 | ITER: 22 START
2019-07-10 09:40:48.718 27347 INFO rally.task.runner [-] Task 47407093-2b33-4d7b-9875-2020ac9a1157 | ITER: 15 END: OK
2019-07-10 09:40:48.726 27347 INFO rally.task.runner [-] Task 47407093-2b33-4d7b-9875-2020ac9a1157 | ITER: 23 START
2019-07-10 09:40:48.812 27323 INFO rally.task.runner [-] Task 47407093-2b33-4d7b-9875-2020ac9a1157 | ITER: 2 END: OK
2019-07-10 09:40:48.813 27328 INFO rally.task.runner [-] Task 47407093-2b33-4d7b-9875-2020ac9a1157 | ITER: 8 END: OK
2019-07-10 09:40:48.819 27323 INFO rally.task.runner [-] Task 47407093-2b33-4d7b-9875-2020ac9a1157 | ITER: 24 START
2019-07-10 09:40:48.820 27328 INFO rally.task.runner [-] Task 47407093-2b33-4d7b-9875-2020ac9a1157 | ITER: 25 START
2019-07-10 09:40:48.825 27325 INFO rally.task.runner [-] Task 47407093-2b33-4d7b-9875-2020ac9a1157 | ITER: 9 END: OK
2019-07-10 09:40:48.831 27325 INFO rally.task.runner [-] Task 47407093-2b33-4d7b-9875-2020ac9a1157 | ITER: 26 START
2019-07-10 09:40:48.890 27323 INFO rally.task.runner [-] Task 47407093-2b33-4d7b-9875-2020ac9a1157 | ITER: 4 END: OK
2019-07-10 09:40:48.890 27321 INFO rally.task.runner [-] Task 47407093-2b33-4d7b-9875-2020ac9a1157 | ITER: 1 END: OK
2019-07-10 09:40:48.895 27323 INFO rally.task.runner [-] Task 47407093-2b33-4d7b-9875-2020ac9a1157 | ITER: 27 START
2019-07-10 09:40:48.897 27321 INFO rally.task.runner [-] Task 47407093-2b33-4d7b-9875-2020ac9a1157 | ITER: 28 START
2019-07-10 09:40:48.901 27341 INFO rally.task.runner [-] Task 47407093-2b33-4d7b-9875-2020ac9a1157 | ITER: 12 END: OK
2019-07-10 09:40:48.908 27324 INFO rally.task.runner [-] Task 47407093-2b33-4d7b-9875-2020ac9a1157 | ITER: 10 END: OK
2019-07-10 09:40:48.908 27341 INFO rally.task.runner [-] Task 47407093-2b33-4d7b-9875-2020ac9a1157 | ITER: 29 START
2019-07-10 09:40:48.909 27345 INFO rally.task.runner [-] Task 47407093-2b33-4d7b-9875-2020ac9a1157 | ITER: 14 END: OK
2019-07-10 09:40:48.910 27322 INFO rally.task.runner [-] Task 47407093-2b33-4d7b-9875-2020ac9a1157 | ITER: 3 END: OK
2019-07-10 09:40:48.915 27324 INFO rally.task.runner [-] Task 47407093-2b33-4d7b-9875-2020ac9a1157 | ITER: 30 START
2019-07-10 09:40:48.915 27322 INFO rally.task.runner [-] Task 47407093-2b33-4d7b-9875-2020ac9a1157 | ITER: 32 START
2019-07-10 09:40:48.915 27345 INFO rally.task.runner [-] Task 47407093-2b33-4d7b-9875-2020ac9a1157 | ITER: 31 START
2019-07-10 09:40:48.948 27335 INFO rally.task.runner [-] Task 47407093-2b33-4d7b-9875-2020ac9a1157 | ITER: 13 END: OK
2019-07-10 09:40:48.954 27333 INFO rally.task.runner [-] Task 47407093-2b33-4d7b-9875-2020ac9a1157 | ITER: 11 END: OK
2019-07-10 09:40:48.954 27335 INFO rally.task.runner [-] Task 47407093-2b33-4d7b-9875-2020ac9a1157 | ITER: 33 START
2019-07-10 09:40:48.960 27333 INFO rally.task.runner [-] Task 47407093-2b33-4d7b-9875-2020ac9a1157 | ITER: 34 START
2019-07-10 09:40:49.060 27365 INFO rally.task.runner [-] Task 47407093-2b33-4d7b-9875-2020ac9a1157 | ITER: 18 END: OK
2019-07-10 09:40:49.066 27360 INFO rally.task.runner [-] Task 47407093-2b33-4d7b-9875-2020ac9a1157 | ITER: 19 END: OK
2019-07-10 09:40:49.069 27365 INFO rally.task.runner [-] Task 47407093-2b33-4d7b-9875-2020ac9a1157 | ITER: 35 START
2019-07-10 09:40:49.073 27360 INFO rally.task.runner [-] Task 47407093-2b33-4d7b-9875-2020ac9a1157 | ITER: 36 START
2019-07-10 09:40:49.085 27366 INFO rally.task.runner [-] Task 47407093-2b33-4d7b-9875-2020ac9a1157 | ITER: 20 END: OK
2019-07-10 09:40:49.091 27366 INFO rally.task.runner [-] Task 47407093-2b33-4d7b-9875-2020ac9a1157 | ITER: 37 START
2019-07-10 09:40:49.118 27324 INFO rally.task.runner [-] Task 47407093-2b33-4d7b-9875-2020ac9a1157 | ITER: 7 END: OK
2019-07-10 09:40:49.124 27324 INFO rally.task.runner [-] Task 47407093-2b33-4d7b-9875-2020ac9a1157 | ITER: 38 START
2019-07-10 09:40:49.133 27355 INFO rally.task.runner [-] Task 47407093-2b33-4d7b-9875-2020ac9a1157 | ITER: 16 END: OK
2019-07-10 09:40:49.136 27359 INFO rally.task.runner [-] Task 47407093-2b33-4d7b-9875-2020ac9a1157 | ITER: 17 END: OK
2019-07-10 09:40:49.140 27355 INFO rally.task.runner [-] Task 47407093-2b33-4d7b-9875-2020ac9a1157 | ITER: 39 START
2019-07-10 09:40:49.142 27359 INFO rally.task.runner [-] Task 47407093-2b33-4d7b-9875-2020ac9a1157 | ITER: 40 START
2019-07-10 09:40:49.878 27322 INFO rally.task.runner [-] Task 47407093-2b33-4d7b-9875-2020ac9a1157 | ITER: 22 END: OK
2019-07-10 09:40:49.997 27321 INFO rally.task.runner [-] Task 47407093-2b33-4d7b-9875-2020ac9a1157 | ITER: 21 END: OK
2019-07-10 09:40:50.008 27347 INFO rally.task.runner [-] Task 47407093-2b33-4d7b-9875-2020ac9a1157 | ITER: 23 END: OK
2019-07-10 09:40:50.135 27323 INFO rally.task.runner [-] Task 47407093-2b33-4d7b-9875-2020ac9a1157 | ITER: 24 END: OK
2019-07-10 09:40:50.174 27322 INFO rally.task.runner [-] Task 47407093-2b33-4d7b-9875-2020ac9a1157 | ITER: 32 END: OK
2019-07-10 09:40:50.207 27345 INFO rally.task.runner [-] Task 47407093-2b33-4d7b-9875-2020ac9a1157 | ITER: 31 END: OK
2019-07-10 09:40:50.255 27341 INFO rally.task.runner [-] Task 47407093-2b33-4d7b-9875-2020ac9a1157 | ITER: 29 END: OK
2019-07-10 09:40:50.269 27328 INFO rally.task.runner [-] Task 47407093-2b33-4d7b-9875-2020ac9a1157 | ITER: 25 END: OK
2019-07-10 09:40:50.282 27324 INFO rally.task.runner [-] Task 47407093-2b33-4d7b-9875-2020ac9a1157 | ITER: 30 END: OK
2019-07-10 09:40:50.312 27325 INFO rally.task.runner [-] Task 47407093-2b33-4d7b-9875-2020ac9a1157 | ITER: 26 END: OK
2019-07-10 09:40:50.387 27321 INFO rally.task.runner [-] Task 47407093-2b33-4d7b-9875-2020ac9a1157 | ITER: 28 END: OK
2019-07-10 09:40:50.420 27335 INFO rally.task.runner [-] Task 47407093-2b33-4d7b-9875-2020ac9a1157 | ITER: 33 END: OK
2019-07-10 09:40:50.452 27360 INFO rally.task.runner [-] Task 47407093-2b33-4d7b-9875-2020ac9a1157 | ITER: 36 END: OK
2019-07-10 09:40:50.464 27323 INFO rally.task.runner [-] Task 47407093-2b33-4d7b-9875-2020ac9a1157 | ITER: 27 END: OK
2019-07-10 09:40:50.506 27365 INFO rally.task.runner [-] Task 47407093-2b33-4d7b-9875-2020ac9a1157 | ITER: 35 END: OK
2019-07-10 09:40:50.507 27333 INFO rally.task.runner [-] Task 47407093-2b33-4d7b-9875-2020ac9a1157 | ITER: 34 END: OK
2019-07-10 09:40:50.536 27366 INFO rally.task.runner [-] Task 47407093-2b33-4d7b-9875-2020ac9a1157 | ITER: 37 END: OK
2019-07-10 09:40:50.575 27355 INFO rally.task.runner [-] Task 47407093-2b33-4d7b-9875-2020ac9a1157 | ITER: 39 END: OK
2019-07-10 09:40:50.601 27324 INFO rally.task.runner [-] Task 47407093-2b33-4d7b-9875-2020ac9a1157 | ITER: 38 END: OK
2019-07-10 09:40:50.610 27359 INFO rally.task.runner [-] Task 47407093-2b33-4d7b-9875-2020ac9a1157 | ITER: 40 END: OK
2019-07-10 09:40:50.637 22705 INFO rally.task.context [-] Task 47407093-2b33-4d7b-9875-2020ac9a1157 | Context admin_cleanup@openstack cleanup() started
2019-07-10 09:40:50.640 22705 RALLYDEBUG rally_openstack.cleanup.manager [-] Cleaning up neutron quota objects
2019-07-10 09:40:54.548 22705 INFO rally.task.context [-] Task 47407093-2b33-4d7b-9875-2020ac9a1157 | Context admin_cleanup@openstack cleanup() finished in 3.91 sec
2019-07-10 09:40:54.548 22705 INFO rally.task.context [-] Task 47407093-2b33-4d7b-9875-2020ac9a1157 | Context users@openstack cleanup() started
2019-07-10 09:41:23.133 22705 INFO rally.task.context [-] Task 47407093-2b33-4d7b-9875-2020ac9a1157 | Context users@openstack cleanup() finished in 28.58 sec
2019-07-10 09:41:25.124 22705 INFO rally.task.engine [-] Load duration is: 3.444474
2019-07-10 09:41:25.125 22705 INFO rally.task.engine [-] Full runner duration is: 3.496825
2019-07-10 09:41:25.125 22705 INFO rally.task.engine [-] Full duration is: 46.233603
2019-07-10 09:41:25.386 22705 INFO rally.task.engine [-] Running workload: position = 0 config = { "version": 2, "title": "A cropped version of a bigger task.", "description": "Auto-generated task from a single workload (uuid=55cccfaf-5365-4f93-98e7-8c7e22b23927)", "subtasks": [ { "title": "NeutronTrunks.create_and_list_trunk_subports", "description": "", "scenario": { "NeutronTrunks.create_and_list_trunk_subports": { "subport_count": 125 } }, "contexts": { "users": { "tenants": 1, "users_per_tenant": 1 }, "quotas": { "neutron": { "network": -1, "port": 1000 } } }, "runner": { "constant": { "times": 4, "concurrency": 4 } }, "hooks": [], "sla": { "failure_rate": { "max": 0 } } } ] }
2019-07-10 09:41:25.408 22705 RALLYDEBUG rally_openstack.contexts.keystone.users [-] Creating 1 tenants using 20 threads
2019-07-10 09:41:27.231 22705 RALLYDEBUG rally_openstack.contexts.keystone.users [-] Creating 1 users using 20 threads
2019-07-10 09:41:29.596 22705 INFO rally.task.context [-] Task 47407093-2b33-4d7b-9875-2020ac9a1157 | Context users@openstack setup() finished in 4.19 sec
2019-07-10 09:41:30.346 22705 INFO rally.task.context [-] Task 47407093-2b33-4d7b-9875-2020ac9a1157 | Context quotas@openstack setup() finished in 0.75 sec
2019-07-10 09:41:30.347 22705 INFO rally.task.context [-] Task 47407093-2b33-4d7b-9875-2020ac9a1157 | Context cleanup@openstack setup() finished in 0.00 msec
2019-07-10 09:41:30.354 22705 RALLYDEBUG rally.task.runner [-] Starting the constant runner (task UUID: 47407093-2b33-4d7b-9875-2020ac9a1157). timeout: 0 concurrency: 4 concurrency_per_worker: 1 times: 4 concurrency_overhead: 0 processes_to_start: 4 max_cpu_used: 16
2019-07-10 09:41:30.367 27511 RALLYDEBUG rally.task.runner [-] Starting a worker. concurrency: 1 args: {"subport_count": 125} times: 4 method_name: run timeout: 0 duration: None cls:
2019-07-10 09:41:30.370 27512 RALLYDEBUG rally.task.runner [-] Starting a worker. concurrency: 1 args: {"subport_count": 125} times: 4 method_name: run timeout: 0 duration: None cls:
2019-07-10 09:41:30.372 27511 INFO rally.task.runner [-] Task 47407093-2b33-4d7b-9875-2020ac9a1157 | ITER: 1 START
2019-07-10 09:41:30.373 27513 RALLYDEBUG rally.task.runner [-] Starting a worker. concurrency: 1 args: {"subport_count": 125} times: 4 method_name: run timeout: 0 duration: None cls:
2019-07-10 09:41:30.376 27514 RALLYDEBUG rally.task.runner [-] Starting a worker. concurrency: 1 args: {"subport_count": 125} times: 4 method_name: run timeout: 0 duration: None cls:
2019-07-10 09:41:30.377 27512 INFO rally.task.runner [-] Task 47407093-2b33-4d7b-9875-2020ac9a1157 | ITER: 2 START
2019-07-10 09:41:30.379 27513 INFO rally.task.runner [-] Task 47407093-2b33-4d7b-9875-2020ac9a1157 | ITER: 3 START
2019-07-10 09:41:30.382 27514 INFO rally.task.runner [-] Task 47407093-2b33-4d7b-9875-2020ac9a1157 | ITER: 4 START
2019-07-10 09:43:42.509 27511 WARNING rally.task.atomic [-] 'optional_action_timer' is deprecated since rally v0.10.0.Please use action_timer instead, we have improved atomic actions, now do not need to explicitly close original action.
2019-07-10 09:43:42.544 27511 WARNING rally.task.atomic [-] 'optional_action_timer' is deprecated since rally v0.10.0.Please use action_timer instead, we have improved atomic actions, now do not need to explicitly close original action.
2019-07-10 09:43:43.342 27511 INFO rally.task.runner [-] Task 47407093-2b33-4d7b-9875-2020ac9a1157 | ITER: 1 END: OK
2019-07-10 09:47:34.655 27512 WARNING rally.task.atomic [-] 'optional_action_timer' is deprecated since rally v0.10.0.Please use action_timer instead, we have improved atomic actions, now do not need to explicitly close original action.
2019-07-10 09:47:34.698 27512 WARNING rally.task.atomic [-] 'optional_action_timer' is deprecated since rally v0.10.0.Please use action_timer instead, we have improved atomic actions, now do not need to explicitly close original action.
2019-07-10 09:47:36.181 27512 INFO rally.task.runner [-] Task 47407093-2b33-4d7b-9875-2020ac9a1157 | ITER: 2 END: OK
2019-07-10 09:47:38.261 27514 WARNING rally.task.atomic [-] 'optional_action_timer' is deprecated since rally v0.10.0.Please use action_timer instead, we have improved atomic actions, now do not need to explicitly close original action.
2019-07-10 09:47:38.321 27514 WARNING rally.task.atomic [-] 'optional_action_timer' is deprecated since rally v0.10.0.Please use action_timer instead, we have improved atomic actions, now do not need to explicitly close original action.
2019-07-10 09:47:39.177 27513 WARNING rally.task.atomic [-] 'optional_action_timer' is deprecated since rally v0.10.0.Please use action_timer instead, we have improved atomic actions, now do not need to explicitly close original action.
2019-07-10 09:47:39.264 27513 WARNING rally.task.atomic [-] 'optional_action_timer' is deprecated since rally v0.10.0.Please use action_timer instead, we have improved atomic actions, now do not need to explicitly close original action.
2019-07-10 09:47:39.541 27514 INFO rally.task.runner [-] Task 47407093-2b33-4d7b-9875-2020ac9a1157 | ITER: 4 END: OK
2019-07-10 09:47:39.945 27513 INFO rally.task.runner [-] Task 47407093-2b33-4d7b-9875-2020ac9a1157 | ITER: 3 END: OK
2019-07-10 09:47:39.969 22705 INFO rally.task.context [-] Task 47407093-2b33-4d7b-9875-2020ac9a1157 | Context cleanup@openstack cleanup() started
2019-07-10 09:47:39.971 22705 RALLYDEBUG rally_openstack.cleanup.manager [-] Cleaning up neutron vip objects
2019-07-10 09:47:40.701 22705 RALLYDEBUG rally_openstack.cleanup.manager [-] Cleaning up neutron health_monitor objects
2019-07-10 09:47:41.429 22705 RALLYDEBUG rally_openstack.cleanup.manager [-] Cleaning up neutron pool objects
2019-07-10 09:47:42.133 22705 RALLYDEBUG rally_openstack.cleanup.manager [-] Cleaning up neutron loadbalancer objects
2019-07-10 09:47:42.826 22705 RALLYDEBUG rally_openstack.cleanup.manager [-] Cleaning up neutron floatingip objects
2019-07-10 09:47:43.526 22705 RALLYDEBUG rally_openstack.cleanup.manager [-] Cleaning up neutron port objects
2019-07-10 09:47:45.460 22705 RALLYDEBUG rally_openstack.cleanup.manager [-] Deleting neutron.port object s_rally_55cccfaf_j1SQRgN2 (00d3073f-69a7-4f2f-8917-9db818d57ade)
2019-07-10 09:47:45.466 22705 RALLYDEBUG rally_openstack.cleanup.manager [-] Deleting neutron.port object s_rally_55cccfaf_J19TuO9v (07e0fb47-fa97-4534-8f75-02594810fc88)
2019-07-10 09:47:45.466 22705 RALLYDEBUG rally_openstack.cleanup.manager [-] Deleting neutron.port object s_rally_55cccfaf_vpgVCAU4 (03735c4f-f1a0-4306-b9fe-4152c5340fd7)
2019-07-10 09:47:45.476 22705 RALLYDEBUG rally_openstack.cleanup.manager [-] Deleting neutron.port object s_rally_55cccfaf_6vPeueqm (0878ef23-26c0-4c0b-8cd1-1d459608f463)
2019-07-10 09:47:45.476 22705 RALLYDEBUG rally_openstack.cleanup.manager [-] Deleting neutron.port object s_rally_55cccfaf_AqpHqwDE (0758bbd2-8b5e-44ab-9d0a-ec18dd142ace)
2019-07-10 09:47:45.481 22705 RALLYDEBUG rally_openstack.cleanup.manager [-] Deleting neutron.port object s_rally_55cccfaf_xjiWXt3B (04b9d339-e9e2-4450-bc97-a2eb778a3091)
2019-07-10 09:47:45.483 22705 RALLYDEBUG rally_openstack.cleanup.manager [-] Deleting neutron.port object s_rally_55cccfaf_odyHqyYE (04ce3f45-eb34-4020-8d21-4ac77dbcd22c)
2019-07-10 09:47:45.483 22705 RALLYDEBUG rally_openstack.cleanup.manager [-] Deleting neutron.port object s_rally_55cccfaf_CAR3186O (01ca432d-c5da-46bd-8b70-5a57083bb2a7)
2019-07-10 09:47:45.492 22705 RALLYDEBUG rally_openstack.cleanup.manager [-] Deleting neutron.port object s_rally_55cccfaf_Rhoe8BvZ (08c2dcb3-7e38-4fbe-bcdb-3968c5027f54)
2019-07-10 09:47:45.500 22705 RALLYDEBUG rally_openstack.cleanup.manager [-] Deleting neutron.port object s_rally_55cccfaf_cQ8bkGNW (0911c39f-9803-41fb-8902-603e39e6bb87)
2019-07-10 09:47:45.502 22705 RALLYDEBUG rally_openstack.cleanup.manager [-] Deleting neutron.port object s_rally_55cccfaf_UBKu9T7j (090d50fb-dff2-4b34-bcce-6ee99ce4f2e5)
2019-07-10 09:47:45.497 22705 RALLYDEBUG rally_openstack.cleanup.manager [-] Deleting neutron.port object s_rally_55cccfaf_jbCa4wh8 (05bcdb91-5413-46dc-b121-e002ec476c55)
2019-07-10 09:47:45.512 22705 RALLYDEBUG rally_openstack.cleanup.manager [-] Deleting neutron.port object s_rally_55cccfaf_YZ7pYao4 (0917462c-201b-435d-8921-f1a36dbd5001)
2019-07-10 09:47:45.516 22705 RALLYDEBUG rally_openstack.cleanup.manager [-] Deleting neutron.port object s_rally_55cccfaf_cTcpyDtc (0637577f-4be0-4aeb-820e-b1634bf31215)
2019-07-10 09:47:45.529 22705 RALLYDEBUG rally_openstack.cleanup.manager [-] Deleting neutron.port object s_rally_55cccfaf_sLbLqXMD (096fb3aa-64ca-49e0-9092-21e1dd50f2ce)
2019-07-10 09:47:45.539 22705 RALLYDEBUG rally_openstack.cleanup.manager [-] Deleting neutron.port object s_rally_55cccfaf_cef4xzWY (0a6c0b52-a594-46a6-8e9e-62ae8a545822)
2019-07-10 09:47:45.546 22705 RALLYDEBUG rally_openstack.cleanup.manager [-] Deleting neutron.port object s_rally_55cccfaf_pxIcjaEX (0ab8e86c-f767-4110-809a-165da7108ed0)
2019-07-10 09:47:45.564 22705 RALLYDEBUG rally_openstack.cleanup.manager [-] Deleting neutron.port object s_rally_55cccfaf_w1UWG7lX (0ac37fd5-0e83-4060-a841-3d6073e2c147)
2019-07-10 09:47:45.581 22705 RALLYDEBUG rally_openstack.cleanup.manager [-] Deleting neutron.port object s_rally_55cccfaf_T1rRPxbC (0af8be08-77a3-4f0f-9763-e75b9d6cc978)
2019-07-10 09:47:45.612 22705 RALLYDEBUG rally_openstack.cleanup.manager [-] Deleting neutron.port object s_rally_55cccfaf_icHT0oLn (0b401089-b3da-469f-bf7f-35716aba588b)
2019-07-10 09:47:48.108 22705 RALLYDEBUG rally_openstack.cleanup.manager [-] Deleting neutron.port object s_rally_55cccfaf_ty4fP8RS (0b47c783-6e03-40b6-836f-17904b883f2e)
2019-07-10 09:47:48.122 22705 RALLYDEBUG rally_openstack.cleanup.manager [-] Deleting neutron.port object s_rally_55cccfaf_ID2PON2U (0b4efdbd-7986-4ad1-94b5-dade9f55cc54)
2019-07-10 09:47:48.138 22705 RALLYDEBUG rally_openstack.cleanup.manager [-] Deleting neutron.port object s_rally_55cccfaf_7nwuVUyq (0b6c6737-e2ab-4c31-b8b7-f39a6f154ffa)
2019-07-10 09:47:49.488 22705 RALLYDEBUG rally_openstack.cleanup.manager [-] Deleting neutron.port object s_rally_55cccfaf_UUTinu6o (0c1b97a1-4b40-4475-93bb-a2c4b864637b)
2019-07-10 09:47:50.472 22705 RALLYDEBUG rally_openstack.cleanup.manager [-] Deleting neutron.port object s_rally_55cccfaf_qq4sXdFP (0ce55246-0546-4536-8418-2c4040109b0c)
2019-07-10 09:47:50.834 22705 RALLYDEBUG rally_openstack.cleanup.manager [-] Deleting neutron.port object s_rally_55cccfaf_b0OyLIhL (0e10ddf2-e276-4397-9b37-ceb2b8eb92bc)
2019-07-10 09:47:50.838 22705 RALLYDEBUG rally_openstack.cleanup.manager [-] Deleting neutron.port object s_rally_55cccfaf_Wy2Y3L0B (0edbf18c-d456-4e34-88e9-c45763d80630)
2019-07-10 09:47:52.207 22705 RALLYDEBUG rally_openstack.cleanup.manager [-] Deleting neutron.port object s_rally_55cccfaf_BwNGVMvt (0ef9c45f-fb85-4ce1-98f7-586146a3ce5f)
2019-07-10 09:47:52.454 22705 RALLYDEBUG rally_openstack.cleanup.manager [-] Deleting neutron.port object s_rally_55cccfaf_R3QgofW1 (0f9b599c-5c16-4cb4-9f40-4414970f8383)
2019-07-10 09:47:52.496 22705 RALLYDEBUG rally_openstack.cleanup.manager [-] Deleting neutron.port object s_rally_55cccfaf_mGVk5gLo (0fb407b8-0675-4acf-a1c3-7d8c82082831)
2019-07-10 09:47:52.605 22705 RALLYDEBUG rally_openstack.cleanup.manager [-] Deleting neutron.port object s_rally_55cccfaf_pqOcq2Nf (111ca51f-a877-4430-8a5b-369bc5d7b84b)
2019-07-10 09:47:52.758 22705 RALLYDEBUG rally_openstack.cleanup.manager [-] Deleting neutron.port object s_rally_55cccfaf_Q7pMy7vd (1128089c-f37f-4efb-a73f-434b00aad53e)
2019-07-10 09:47:52.888 22705 RALLYDEBUG rally_openstack.cleanup.manager [-] Deleting neutron.port object s_rally_55cccfaf_ad1fpuiv (11a87f1b-bde9-4331-900f-b18930b523e2)
2019-07-10 09:47:53.453 22705 RALLYDEBUG rally_openstack.cleanup.manager [-] Deleting neutron.port object s_rally_55cccfaf_C1mFS87e (11a90d07-b200-4b49-9c9e-e3c5e729b094)
2019-07-10 09:47:53.870 22705 RALLYDEBUG rally_openstack.cleanup.manager [-] Deleting neutron.port object s_rally_55cccfaf_YXQxci8Q (11d93253-0f72-4715-975d-e5d7473a8b14)
2019-07-10 09:47:54.074 22705 RALLYDEBUG rally_openstack.cleanup.manager [-] Deleting neutron.port object s_rally_55cccfaf_ml4toXVp (1223deb1-8967-4c5e-bffa-0b391fb5a635)
2019-07-10 09:47:54.079 22705 RALLYDEBUG rally_openstack.cleanup.manager [-] Deleting neutron.port object s_rally_55cccfaf_Gdv77LVo (124036f0-d517-4c10-a478-eca3bdd93f4f)
2019-07-10 09:47:54.086 22705 RALLYDEBUG rally_openstack.cleanup.manager [-] Deleting neutron.port object s_rally_55cccfaf_fSCC3BmX (128a6b6f-1385-4275-8bad-7a5d552ad4d1)
2019-07-10 09:47:54.176 22705 RALLYDEBUG rally_openstack.cleanup.manager [-] Deleting neutron.port object s_rally_55cccfaf_HkOoVX1e (130949e1-ca4d-4478-a5e7-7d40d42c9656)
2019-07-10 09:47:54.181 22705 RALLYDEBUG rally_openstack.cleanup.manager [-] Deleting neutron.port object s_rally_55cccfaf_EX0AakAF (1334e605-be61-46e3-bc08-498148dbf5f7)
2019-07-10 09:47:54.361 22705 RALLYDEBUG rally_openstack.cleanup.manager [-] Deleting neutron.port object s_rally_55cccfaf_4ZplAJyX (143a286c-df40-42ef-a991-08585bb20d3b)
2019-07-10 09:47:54.362 22705 RALLYDEBUG rally_openstack.cleanup.manager [-] Deleting neutron.port object s_rally_55cccfaf_6cRTA1qM (144e89a4-67e9-4516-b8a5-a2949615aa7b)
2019-07-10 09:47:54.836 22705 RALLYDEBUG rally_openstack.cleanup.manager [-] Deleting neutron.port object s_rally_55cccfaf_eEINZ0nw (1504bad1-5f5a-414d-bed0-7902300044c8)
2019-07-10 09:47:55.065 22705 RALLYDEBUG rally_openstack.cleanup.manager [-] Deleting neutron.port object s_rally_55cccfaf_jNlyCrVU (15e0d8c1-17df-479e-b38f-3b00ed398d93)
2019-07-10 09:47:55.146 22705 RALLYDEBUG rally_openstack.cleanup.manager [-] Deleting neutron.port object s_rally_55cccfaf_IF3L8Wb7 (15f9814f-2be5-4390-8db5-dca26d1b49fb)
2019-07-10 09:47:55.149 22705 RALLYDEBUG rally_openstack.cleanup.manager [-] Deleting neutron.port object s_rally_55cccfaf_KpwqSlXu (16466d96-03a6-4871-8136-aae28ca7c53e)
2019-07-10 09:47:55.193 22705 RALLYDEBUG rally_openstack.cleanup.manager [-] Deleting neutron.port object s_rally_55cccfaf_or0hSMQk (16bcf115-56b7-49fd-80f0-03c645c35ac0)
2019-07-10 09:47:55.275 22705 RALLYDEBUG rally_openstack.cleanup.manager [-] Deleting neutron.port object s_rally_55cccfaf_y7BYegtn (16ce8b6c-f3e6-4cda-9d08-29ac48f7bc2f)
2019-07-10 09:47:55.288 22705 RALLYDEBUG rally_openstack.cleanup.manager [-] Deleting neutron.port object s_rally_55cccfaf_wSoZcuxb (183bd592-c733-425e-a0a8-901c5cbfa7cc)
2019-07-10 09:47:55.477 22705 RALLYDEBUG rally_openstack.cleanup.manager [-] Deleting neutron.port object s_rally_55cccfaf_Wz0RWQ0U (18d9768e-08ac-4dee-8c5b-919f3e845378)
2019-07-10 09:47:55.992 22705 RALLYDEBUG rally_openstack.cleanup.manager [-] Deleting neutron.port object s_rally_55cccfaf_0rKN51m5 (1973c720-2731-4fd3-b0ab-2505770de9e2)
2019-07-10 09:47:56.143 22705 RALLYDEBUG rally_openstack.cleanup.manager [-] Deleting neutron.port object s_rally_55cccfaf_TYAQ4tAn (19a98eb6-8aea-4a84-9578-059c44fdbb3d)
2019-07-10 09:47:56.213 22705 RALLYDEBUG rally_openstack.cleanup.manager [-] Deleting neutron.port object s_rally_55cccfaf_S1mzdoWV (19b5bd25-5422-4389-b849-e2e02e831fab)
2019-07-10 09:47:56.361 22705 RALLYDEBUG rally_openstack.cleanup.manager [-] Deleting neutron.port object s_rally_55cccfaf_8EikVYAX (19d2a378-8c27-46cf-90ae-d4e11291240f)
2019-07-10 09:47:57.394 22705 RALLYDEBUG rally_openstack.cleanup.manager [-] Deleting neutron.port object s_rally_55cccfaf_MxFhf87t (19eaf746-574d-4e75-85fc-1f0d758e8085)
2019-07-10 09:47:57.616 22705 RALLYDEBUG rally_openstack.cleanup.manager [-] Deleting neutron.port object s_rally_55cccfaf_YzAqTrwJ (1a5e9151-e200-420a-abaa-616ef1310938)
2019-07-10 09:47:57.975 22705 RALLYDEBUG rally_openstack.cleanup.manager [-] Deleting neutron.port object s_rally_55cccfaf_hTIkkaX1 (1aa018a8-b5af-4698-9220-c09072a33f56)
2019-07-10 09:47:58.270 22705 RALLYDEBUG rally_openstack.cleanup.manager [-] Deleting neutron.port object s_rally_55cccfaf_WvAKov5D (1aa38400-fd93-4d59-863b-3c7931b1d3d9)
2019-07-10 09:47:58.300 22705 RALLYDEBUG rally_openstack.cleanup.manager [-] Deleting neutron.port object s_rally_55cccfaf_0beLvZHA (1bd54be7-7209-4e33-9039-5fd744a21aa9)
2019-07-10 09:47:58.781 22705 RALLYDEBUG rally_openstack.cleanup.manager [-] Deleting neutron.port object s_rally_55cccfaf_brdGk5E1 (1c550f0a-4646-4dc2-9b64-5912acf70a1b)
2019-07-10 09:47:58.925 22705 RALLYDEBUG rally_openstack.cleanup.manager [-] Deleting neutron.port object s_rally_55cccfaf_SQbf3ABw (1c5fe1ec-0e3a-4975-99d3-e1af852d9342)
2019-07-10 09:47:58.944 22705 RALLYDEBUG rally_openstack.cleanup.manager [-] Deleting neutron.port object s_rally_55cccfaf_YgkL9c0z (1c77c0b1-be8e-4037-a54e-3586dd80503e)
2019-07-10 09:47:58.999 22705 RALLYDEBUG rally_openstack.cleanup.manager [-] Deleting neutron.port object s_rally_55cccfaf_wQ8L1AiA (1cc8f7ab-078b-4da9-8418-75c646db8af5)
2019-07-10 09:47:59.040 22705 RALLYDEBUG rally_openstack.cleanup.manager [-] Deleting neutron.port object s_rally_55cccfaf_H1uoDsOl (1d98346d-2c43-4ec1-8034-ca0ba9f00e58)
2019-07-10 09:47:59.081 22705 RALLYDEBUG rally_openstack.cleanup.manager [-] Deleting neutron.port object s_rally_55cccfaf_KMT6McoW (1dbc9a52-a8be-403e-aa3e-f584801fbf03)
2019-07-10 09:47:59.099 22705 RALLYDEBUG rally_openstack.cleanup.manager [-] Deleting neutron.port object s_rally_55cccfaf_rzopHKM3 (1f75f9bd-4050-4f81-94ec-aa607df1050e)
2019-07-10 09:47:59.108 22705 RALLYDEBUG rally_openstack.cleanup.manager [-] Deleting neutron.port object s_rally_55cccfaf_u1a6pRLW (20301488-eda8-4a9e-9075-acb323759fec)
2019-07-10 09:47:59.238 22705 RALLYDEBUG rally_openstack.cleanup.manager [-] Deleting neutron.port object s_rally_55cccfaf_LGnWqtag (2147673e-b6be-4541-91c1-0348feaa5877)
2019-07-10 09:47:59.682 22705 RALLYDEBUG rally_openstack.cleanup.manager [-] Deleting neutron.port object s_rally_55cccfaf_yskt3tYU (21654b0f-d88f-45cf-9500-66fa543665ff)
2019-07-10 09:47:59.807 22705 RALLYDEBUG rally_openstack.cleanup.manager [-] Deleting neutron.port object s_rally_55cccfaf_od6XODrU (2239d1c6-a500-4b66-b0d0-1d52aa385ecf)
2019-07-10 09:47:59.975 22705 RALLYDEBUG rally_openstack.cleanup.manager [-] Deleting neutron.port object s_rally_55cccfaf_WXHV5irE (22e2d842-d193-4422-a330-7b5fae43d5f9)
2019-07-10 09:47:59.991 22705 RALLYDEBUG rally_openstack.cleanup.manager [-] Deleting neutron.port object s_rally_55cccfaf_4kriT5dj (240b1885-d254-4c28-99cf-144c4664be76)
2019-07-10 09:48:00.029 22705 RALLYDEBUG rally_openstack.cleanup.manager [-] Deleting neutron.port object s_rally_55cccfaf_LUi7BSLz (24ad5960-0fc7-4033-993a-b9e8f2184eb5)
2019-07-10 09:48:00.108 22705 RALLYDEBUG rally_openstack.cleanup.manager [-] Deleting neutron.port object s_rally_55cccfaf_lcSkyq3x (2511ab49-a585-4db2-864b-959e4a594f8a)
2019-07-10 09:48:00.133 22705 RALLYDEBUG rally_openstack.cleanup.manager [-] Deleting neutron.port object s_rally_55cccfaf_4AEjZ53z (2587b144-b6d3-491a-af0b-594c26bf576a)
2019-07-10 09:48:00.183 22705 RALLYDEBUG rally_openstack.cleanup.manager [-] Deleting neutron.port object s_rally_55cccfaf_YAf9g5xL (261411d0-cf8d-40a4-b39b-967dbd9e86c3)
2019-07-10 09:48:00.535 22705 RALLYDEBUG rally_openstack.cleanup.manager [-] Deleting neutron.port object s_rally_55cccfaf_hvMbewT4 (26a48cc6-d466-4e0d-8414-ae9c1ee83b74)
2019-07-10 09:48:01.202 22705 RALLYDEBUG rally_openstack.cleanup.manager [-] Deleting neutron.port object s_rally_55cccfaf_kAKRxBGr (27aab993-072b-46c1-889a-dd20842b2dad)
2019-07-10 09:48:01.300 22705 RALLYDEBUG rally_openstack.cleanup.manager [-] Deleting neutron.port object s_rally_55cccfaf_3TTxGOeE (283739c7-ce12-45e8-b5f4-ad2d033c47f1)
2019-07-10 09:48:02.011 22705 RALLYDEBUG rally_openstack.cleanup.manager [-] Deleting neutron.port object s_rally_55cccfaf_AxeCZKPg (28696242-fbf1-44e5-affa-f7a53dda8d6b)
2019-07-10 09:48:02.066 22705 RALLYDEBUG rally_openstack.cleanup.manager [-] Deleting neutron.port object s_rally_55cccfaf_eVu7XBWJ (291691c9-902f-481a-881f-ea90e69b44f1)
2019-07-10 09:48:02.187 22705 RALLYDEBUG rally_openstack.cleanup.manager [-] Deleting neutron.port object s_rally_55cccfaf_mEpZECy9 (2a1ffb5c-9df0-43ad-8087-52c9d49ed82e)
2019-07-10 09:48:02.874 22705 RALLYDEBUG rally_openstack.cleanup.manager [-] Deleting neutron.port object s_rally_55cccfaf_cSLMbXr7 (2b889370-9ac6-4570-9fcb-fea6441383b0)
2019-07-10 09:48:02.893 22705 RALLYDEBUG rally_openstack.cleanup.manager [-] Deleting neutron.port object s_rally_55cccfaf_wKNpOIXF (2bde0c4e-6aeb-4714-9d17-a666545b49d8)
2019-07-10 09:48:02.950 22705 RALLYDEBUG rally_openstack.cleanup.manager [-] Deleting neutron.port object s_rally_55cccfaf_PqmZE3Ik (2be8f6dd-461c-4219-b9dd-d89964894958)
2019-07-10 09:48:03.019 22705 RALLYDEBUG rally_openstack.cleanup.manager [-] Deleting neutron.port object s_rally_55cccfaf_49snje7B (2cb268f3-eddb-4d68-8e6f-bbcc62165bc8)
2019-07-10 09:48:03.034 22705 RALLYDEBUG rally_openstack.cleanup.manager [-] Deleting neutron.port object s_rally_55cccfaf_AwZALBu8 (2d090ca9-ee4b-408e-92d3-b1694e5ff3aa)
2019-07-10 09:48:03.399 22705 RALLYDEBUG rally_openstack.cleanup.manager [-] Deleting neutron.port object s_rally_55cccfaf_Zx1xIjaB (2e08cbfc-938f-4988-85c2-022b339c0241)
2019-07-10 09:48:03.547 22705 RALLYDEBUG rally_openstack.cleanup.manager [-] Deleting neutron.port object s_rally_55cccfaf_s3YcY5Pu (2e1b382b-2029-4f03-a62b-084f0833d658)
2019-07-10 09:48:03.778 22705 RALLYDEBUG rally_openstack.cleanup.manager [-] Deleting neutron.port object s_rally_55cccfaf_2jhWbZBD (2e884357-735b-466c-a315-308b6e72a5bd)
2019-07-10 09:48:03.956 22705 RALLYDEBUG rally_openstack.cleanup.manager [-] Deleting neutron.port object s_rally_55cccfaf_tYvFqwW6 (2f46284a-b893-41eb-8859-5d704e227431)
2019-07-10 09:48:04.133 22705 RALLYDEBUG rally_openstack.cleanup.manager [-] Deleting neutron.port object s_rally_55cccfaf_BR8kOqWK (308f00b3-ae61-48b9-a5c3-43362f928883)
2019-07-10 09:48:04.297 22705 RALLYDEBUG rally_openstack.cleanup.manager [-] Deleting neutron.port object s_rally_55cccfaf_vHbCSkpq (30aacb9d-63d0-4473-b8ef-34faf0f3f9cf)
2019-07-10 09:48:04.512 22705 RALLYDEBUG rally_openstack.cleanup.manager [-] Deleting neutron.port object s_rally_55cccfaf_aDzOn78W (313da2aa-7a2a-4d9b-8c85-8e0c5fec48a7)
2019-07-10 09:48:04.582 22705 RALLYDEBUG rally_openstack.cleanup.manager [-] Deleting neutron.port object s_rally_55cccfaf_afgpn334 (31d8bd8a-64a2-483f-9968-1a8dc0837321)
2019-07-10 09:48:04.622 22705 RALLYDEBUG rally_openstack.cleanup.manager [-] Deleting neutron.port object s_rally_55cccfaf_k5wrdaCD (31f28067-3392-40b3-8531-9a1163d93a27)
2019-07-10 09:48:04.693 22705 RALLYDEBUG rally_openstack.cleanup.manager [-] Deleting neutron.port object s_rally_55cccfaf_NuRj9o6p (3288b053-8649-4a53-bd20-21a569b4e9ae)
2019-07-10 09:48:04.772 22705 RALLYDEBUG rally_openstack.cleanup.manager [-] Deleting neutron.port object s_rally_55cccfaf_2r9XEgGR (32df29f4-634c-4f89-a735-3fff4c6dab41)
