2019-07-10 09:36:49.338 22705 RALLYDEBUG rally_openstack.cleanup.manager [-] Deleting neutron.port object s_rally_2e70ecb7_zDkkf1Fb (d54e243b-5564-428e-9679-676894fd8f27)
2019-07-10 09:36:49.372 22705 RALLYDEBUG rally_openstack.cleanup.manager [-] Deleting neutron.port object s_rally_2e70ecb7_dqgJ3Uji (d61e3101-77b0-4d99-bdd9-3ebe37324778)
2019-07-10 09:36:49.505 22705 RALLYDEBUG rally_openstack.cleanup.manager [-] Deleting neutron.port object s_rally_2e70ecb7_QOB2iah9 (d6f534fa-b64d-4516-833d-3da11b382066)
2019-07-10 09:36:49.604 22705 RALLYDEBUG rally_openstack.cleanup.manager [-] Deleting neutron.port object s_rally_2e70ecb7_Yf0oVvg9 (d7105dab-8a05-47f8-890c-cea34b8ebe07)
2019-07-10 09:36:49.710 22705 RALLYDEBUG rally_openstack.cleanup.manager [-] Deleting neutron.port object s_rally_2e70ecb7_6a4C0nTo (d71a22ba-d1cf-4a82-a357-3d71b809c6bf)
2019-07-10 09:36:50.011 22705 RALLYDEBUG rally_openstack.cleanup.manager [-] Deleting neutron.port object s_rally_2e70ecb7_IqAq15dK (d73ee636-72da-4a82-a5d6-214f60221ae3)
2019-07-10 09:36:50.108 22705 RALLYDEBUG rally_openstack.cleanup.manager [-] Deleting neutron.port object s_rally_2e70ecb7_EBDqrYDd (d89dc2d5-cc80-4ee8-9479-8da180d6e736)
2019-07-10 09:36:50.109 22705 RALLYDEBUG rally_openstack.cleanup.manager [-] Deleting neutron.port object s_rally_2e70ecb7_zm8kN2SE (d858450c-eab7-40bc-8642-94c2addae02d)
2019-07-10 09:36:50.118 22705 RALLYDEBUG rally_openstack.cleanup.manager [-] Deleting neutron.port object s_rally_2e70ecb7_4mc4sgR9 (d952dbfd-1d09-48e7-8800-9c48745cd891)
2019-07-10 09:36:50.123 22705 RALLYDEBUG rally_openstack.cleanup.manager [-] Deleting neutron.port object s_rally_2e70ecb7_9FnOFlb1 (d927abc7-1b1b-4af9-80c9-18afc24b6e97)
2019-07-10 09:36:50.127 22705 RALLYDEBUG rally_openstack.cleanup.manager [-] Deleting neutron.port object s_rally_2e70ecb7_YkHrsGtk (d9a78398-a243-49f1-9d31-49f4e91d267a)
2019-07-10 09:36:50.304 22705 RALLYDEBUG rally_openstack.cleanup.manager [-] Deleting neutron.port object s_rally_2e70ecb7_ROOXwgjS (da41bbd2-fbc5-46a8-9531-478a16aaad03)
2019-07-10 09:36:50.730 22705 RALLYDEBUG rally_openstack.cleanup.manager [-] Deleting neutron.port object s_rally_2e70ecb7_wOXUa3Th (dadc251e-77b6-48b3-9d40-5280df5883ca)
2019-07-10 09:36:51.455 22705 RALLYDEBUG rally_openstack.cleanup.manager [-] Deleting neutron.port object s_rally_2e70ecb7_q4EW9WHh (db4f2127-625c-4b7b-8bee-b60cf09316dd)
2019-07-10 09:36:52.151 22705 RALLYDEBUG rally_openstack.cleanup.manager [-] Deleting neutron.port object s_rally_2e70ecb7_WuD1ibOa (dbe81535-97a1-4625-b364-736b9319e1ec)
2019-07-10 09:36:52.236 22705 RALLYDEBUG rally_openstack.cleanup.manager [-] Deleting neutron.port object s_rally_2e70ecb7_gdZAqHah (dd28a8ce-7943-449b-83f9-e94ebf8d6017)
2019-07-10 09:36:52.236 22705 RALLYDEBUG rally_openstack.cleanup.manager [-] Deleting neutron.port object s_rally_2e70ecb7_DXPUzE5d (dc1b0114-aaf3-48f8-a4af-7010a5348bc2)
2019-07-10 09:36:52.354 22705 RALLYDEBUG rally_openstack.cleanup.manager [-] Deleting neutron.port object s_rally_2e70ecb7_r5JiouGN (dd3fbc2d-5669-4e17-9e5d-460aac50de3a)
2019-07-10 09:36:52.379 22705 RALLYDEBUG rally_openstack.cleanup.manager [-] Deleting neutron.port object s_rally_2e70ecb7_nVdhbpgQ (dd5602bc-2904-493c-bb0c-e14f1c9b8090)
2019-07-10 09:36:52.598 22705 RALLYDEBUG rally_openstack.cleanup.manager [-] Deleting neutron.port object s_rally_2e70ecb7_QEM4rurB (de1fc8c0-f287-4065-92c1-837de2cc9c97)
2019-07-10 09:36:52.668 22705 RALLYDEBUG rally_openstack.cleanup.manager [-] Deleting neutron.port object s_rally_2e70ecb7_XHWSgUj4 (deb0f1ec-77ea-4844-afee-ac3010417cc0)
2019-07-10 09:36:52.942 22705 RALLYDEBUG rally_openstack.cleanup.manager [-] Deleting neutron.port object s_rally_2e70ecb7_hSqE6PJD (dff22135-1f3a-465c-aee0-cc310db1a438)
2019-07-10 09:36:53.011 22705 RALLYDEBUG rally_openstack.cleanup.manager [-] Deleting neutron.port object s_rally_2e70ecb7_AonCZgkK (e1aa3e10-5852-4803-8e35-57f5be30c511)
2019-07-10 09:36:53.015 22705 RALLYDEBUG rally_openstack.cleanup.manager [-] Deleting neutron.port object s_rally_2e70ecb7_bhyF7WUn (e21f04eb-325c-48ca-b959-ac3faffb8467)
2019-07-10 09:36:53.041 22705 RALLYDEBUG rally_openstack.cleanup.manager [-] Deleting neutron.port object s_rally_2e70ecb7_uyFErrzM (e32bdf1e-a208-4380-88c0-d55569db7d9a)
2019-07-10 09:36:53.050 22705 RALLYDEBUG rally_openstack.cleanup.manager [-] Deleting neutron.port object s_rally_2e70ecb7_7GyKSgTQ (e38d6b78-5c6c-4c65-be49-ab8ca1e9ec55)
2019-07-10 09:36:53.050 22705 RALLYDEBUG rally_openstack.cleanup.manager [-] Deleting neutron.port object s_rally_2e70ecb7_eziKL4DR (e3923782-ab30-4b3e-b4d1-8033461993ac)
2019-07-10 09:36:53.207 22705 RALLYDEBUG rally_openstack.cleanup.manager [-] Deleting neutron.port object s_rally_2e70ecb7_SSHW21Y1 (e4233bbb-e79f-4564-a0d3-e7ca7c15471c)
2019-07-10 09:36:53.615 22705 RALLYDEBUG rally_openstack.cleanup.manager [-] Deleting neutron.port object s_rally_2e70ecb7_1DHMwhB7 (e424383c-d278-4f2f-bf5c-d9d6ed6827b3)
2019-07-10 09:36:53.623 22705 RALLYDEBUG rally_openstack.cleanup.manager [-] Deleting neutron.port object s_rally_2e70ecb7_u25OpnZq (e529f993-c563-4a43-9a8c-612555a97633)
2019-07-10 09:36:53.679 22705 RALLYDEBUG rally_openstack.cleanup.manager [-] Deleting neutron.port object s_rally_2e70ecb7_g2L02giz (e56f03ec-f897-453e-b58f-7a4c06608bc1)
2019-07-10 09:36:54.155 22705 RALLYDEBUG rally_openstack.cleanup.manager [-] Deleting neutron.port object s_rally_2e70ecb7_LSGQoRDo (e6b31613-6022-482a-96c0-696f80b16d05)
2019-07-10 09:36:54.626 22705 RALLYDEBUG rally_openstack.cleanup.manager [-] Deleting neutron.port object s_rally_2e70ecb7_XAh8JBqk (e6c8b01b-9a99-44e5-92e6-526b75c15476)
2019-07-10 09:36:54.765 22705 RALLYDEBUG rally_openstack.cleanup.manager [-] Deleting neutron.port object s_rally_2e70ecb7_C11bNuD3 (e6d16add-17f9-4e74-b505-459ee5bb5b4b)
2019-07-10 09:36:55.065 22705 RALLYDEBUG rally_openstack.cleanup.manager [-] Deleting neutron.port object s_rally_2e70ecb7_uo1z41oR (e6e0fbb6-dfb8-4ae2-99d6-c729709d407f)
2019-07-10 09:36:55.199 22705 RALLYDEBUG rally_openstack.cleanup.manager [-] Deleting neutron.port object s_rally_2e70ecb7_dsnhAR0u (ea9cc37a-9b49-4c83-bf7c-689d0b048f15)
2019-07-10 09:36:55.432 22705 RALLYDEBUG rally_openstack.cleanup.manager [-] Deleting neutron.port object s_rally_2e70ecb7_qeUuIXMy (eaf0347a-0c42-489f-a09c-44fdc412f4da)
2019-07-10 09:36:55.653 22705 RALLYDEBUG rally_openstack.cleanup.manager [-] Deleting neutron.port object s_rally_2e70ecb7_LHHIaymc (ece040ec-6153-453e-bdb6-a2f64c6e07f5)
2019-07-10 09:36:55.756 22705 RALLYDEBUG rally_openstack.cleanup.manager [-] Deleting neutron.port object s_rally_2e70ecb7_zw6EJ4rM (ed8c2ae5-8d70-411a-be0a-61db9c63c631)
2019-07-10 09:36:55.876 22705 RALLYDEBUG rally_openstack.cleanup.manager [-] Deleting neutron.port object s_rally_2e70ecb7_HvM5mxzv (ee467896-d2bf-4b17-9a25-682a4b12de9e)
2019-07-10 09:36:55.919 22705 RALLYDEBUG rally_openstack.cleanup.manager [-] Deleting neutron.port object s_rally_2e70ecb7_4kuxeqv4 (ee5ec3c7-6d84-4982-bde6-39d4713a7dfb)
2019-07-10 09:36:55.946 22705 RALLYDEBUG rally_openstack.cleanup.manager [-] Deleting neutron.port object s_rally_2e70ecb7_Ap1FNc90 (ee7ab338-5cec-4430-aa8d-e17ab616e000)
2019-07-10 09:36:56.093 22705 RALLYDEBUG rally_openstack.cleanup.manager [-] Deleting neutron.port object s_rally_2e70ecb7_4nQLYmY9 (ee82240e-275f-44c6-a425-fe18fa02ef11)
2019-07-10 09:36:56.308 22705 RALLYDEBUG rally_openstack.cleanup.manager [-] Deleting neutron.port object s_rally_2e70ecb7_HbuX1Q0S (ef8410bd-c538-4235-9f02-c9baa932d288)
2019-07-10 09:36:56.414 22705 RALLYDEBUG rally_openstack.cleanup.manager [-] Deleting neutron.port object s_rally_2e70ecb7_U9Fpxx0n (f0535850-f569-488a-8a90-b40ab3efc282)
2019-07-10 09:36:56.501 22705 RALLYDEBUG rally_openstack.cleanup.manager [-] Deleting neutron.port object s_rally_2e70ecb7_RU1g5M90 (f0603253-12cd-4bd6-a40b-e65cda7a2e42)
2019-07-10 09:36:56.579 22705 RALLYDEBUG rally_openstack.cleanup.manager [-] Deleting neutron.port object s_rally_2e70ecb7_2nG5d6m1 (f094c517-8138-4664-bb6b-97e8113a48a9)
2019-07-10 09:36:56.706 22705 RALLYDEBUG rally_openstack.cleanup.manager [-] Deleting neutron.port object s_rally_2e70ecb7_FzyfUzAA (f096a22e-dac2-461e-87cf-055878930722)
2019-07-10 09:36:56.754 22705 RALLYDEBUG rally_openstack.cleanup.manager [-] Deleting neutron.port object s_rally_2e70ecb7_ZxBKXBup (f0de7b28-0c56-46e5-afb3-2a6b722d0e73)
2019-07-10 09:36:56.859 22705 RALLYDEBUG rally_openstack.cleanup.manager [-] Deleting neutron.port object s_rally_2e70ecb7_XLp2YavU (f139d862-8628-4c93-be4c-02d2fa253105)
2019-07-10 09:36:56.900 22705 RALLYDEBUG rally_openstack.cleanup.manager [-] Deleting neutron.port object s_rally_2e70ecb7_1XKFs5fX (f24c346f-dd29-46b1-b4c1-58be61d40d79)
2019-07-10 09:36:56.928 22705 RALLYDEBUG rally_openstack.cleanup.manager [-] Deleting neutron.port object s_rally_2e70ecb7_HmCxXtm5 (f59e94f1-6ba9-4e13-afab-c27e8a3d5991)
2019-07-10 09:36:57.253 22705 RALLYDEBUG rally_openstack.cleanup.manager [-] Deleting neutron.port object s_rally_2e70ecb7_WOHYdzHL (f7b971d7-908e-46d6-a628-60652e3bd2ec)
2019-07-10 09:36:57.400 22705 RALLYDEBUG rally_openstack.cleanup.manager [-] Deleting neutron.port object s_rally_2e70ecb7_8XNajyGy (f7f24ff9-6665-4b22-8d08-fcf79da1b75f)
2019-07-10 09:36:58.106 22705 RALLYDEBUG rally_openstack.cleanup.manager [-] Deleting neutron.port object s_rally_2e70ecb7_BPwbV5xb (f8f5bef7-a51d-48bb-b287-e89892d4944e)
2019-07-10 09:36:58.158 22705 RALLYDEBUG rally_openstack.cleanup.manager [-] Deleting neutron.port object s_rally_2e70ecb7_E3iNNcbL (f9d3b9f1-a727-4c34-9dac-180f19c88c38)
2019-07-10 09:36:58.324 22705 RALLYDEBUG rally_openstack.cleanup.manager [-] Deleting neutron.port object s_rally_2e70ecb7_gxFPU4pl (fbbab853-1027-49ce-a095-838a0e6a1602)
2019-07-10 09:36:58.450 22705 RALLYDEBUG rally_openstack.cleanup.manager [-] Deleting neutron.port object s_rally_2e70ecb7_9sN3TuDN (fca48fda-c8ca-4157-ac3f-9544567cfd06)
2019-07-10 09:36:58.743 22705 RALLYDEBUG rally_openstack.cleanup.manager [-] Deleting neutron.port object s_rally_2e70ecb7_nso7m3hg (ffa45ec8-8570-4014-b993-4e4adf3df601)
2019-07-10 09:36:58.743 22705 RALLYDEBUG rally_openstack.cleanup.manager [-] Deleting neutron.port object s_rally_2e70ecb7_c2jAbqzl (fdc78069-2e22-47aa-b338-8c61b138e8cc)
2019-07-10 09:36:58.842 22705 RALLYDEBUG rally_openstack.cleanup.manager [-] Deleting neutron.port object s_rally_2e70ecb7_clCbBvAv (ffc210c6-9031-434f-9cc5-069c5f9f2b4d)
2019-07-10 09:36:58.904 22705 RALLYDEBUG rally_openstack.cleanup.manager [-] Deleting neutron.port object s_rally_2e70ecb7_3ZYzwFQW (ffe3e5aa-455b-4292-b810-9d6e87e793e7)
2019-07-10 09:37:02.422 22705 RALLYDEBUG rally_openstack.cleanup.manager [-] Cleaning up neutron subnet objects
2019-07-10 09:37:03.072 22705 RALLYDEBUG rally_openstack.cleanup.manager [-] Cleaning up neutron network objects
2019-07-10 09:37:03.798 22705 RALLYDEBUG rally_openstack.cleanup.manager [-] Deleting neutron.network object s_rally_2e70ecb7_OPJbYtTH (22d96b31-c858-4d81-964f-9d3932f3dc54)
2019-07-10 09:37:03.799 22705 RALLYDEBUG rally_openstack.cleanup.manager [-] Deleting neutron.network object s_rally_2e70ecb7_lhwuSJtx (09416569-db07-4519-b939-7a9e93cfd98f)
2019-07-10 09:37:03.813 22705 RALLYDEBUG rally_openstack.cleanup.manager [-] Deleting neutron.network object s_rally_2e70ecb7_3ORo2jcm (24fea21a-f9f1-441a-84d7-8c09692688aa)
2019-07-10 09:37:03.816 22705 RALLYDEBUG rally_openstack.cleanup.manager [-] Deleting neutron.network object s_rally_2e70ecb7_tnXvfoqN (5e5769ac-d2c5-4bce-a632-629a7d40bb72)
2019-07-10 09:37:03.824 22705 RALLYDEBUG rally_openstack.cleanup.manager [-] Deleting neutron.network object s_rally_2e70ecb7_SZrLUvBd (6d10a752-1ebf-463c-8d19-cfac106c26fd)
2019-07-10 09:37:03.840 22705 RALLYDEBUG rally_openstack.cleanup.manager [-] Deleting neutron.network object s_rally_2e70ecb7_SFCFot2b (8ab49955-3114-4923-8ed1-4b3fcb7ec4a7)
2019-07-10 09:37:03.842 22705 RALLYDEBUG rally_openstack.cleanup.manager [-] Deleting neutron.network object s_rally_2e70ecb7_7YnUKr5q (b9595e90-9fed-4900-9716-a32b3c00204f)
2019-07-10 09:37:03.856 22705 RALLYDEBUG rally_openstack.cleanup.manager [-] Deleting neutron.network object s_rally_2e70ecb7_BcxWgH2A (7b16e0a8-63c8-4746-b5d7-9328edac7c02)
2019-07-10 09:37:08.060 22705 RALLYDEBUG rally_openstack.cleanup.manager [-] Cleaning up neutron router objects
2019-07-10 09:37:09.009 22705 RALLYDEBUG rally_openstack.cleanup.manager [-] Cleaning up neutron security_group objects
2019-07-10 09:37:09.665 22705 INFO rally.task.context [-] Task 47407093-2b33-4d7b-9875-2020ac9a1157 | Context cleanup@openstack cleanup() finished in 1.31 min
2019-07-10 09:37:09.666 22705 INFO rally.task.context [-] Task 47407093-2b33-4d7b-9875-2020ac9a1157 | Context quotas@openstack cleanup() started
2019-07-10 09:37:09.886 22705 INFO rally.task.context [-] Task 47407093-2b33-4d7b-9875-2020ac9a1157 | Context quotas@openstack cleanup() finished in 0.22 sec
2019-07-10 09:37:09.886 22705 INFO rally.task.context [-] Task 47407093-2b33-4d7b-9875-2020ac9a1157 | Context users@openstack cleanup() started
2019-07-10 09:37:14.068 22705 INFO rally.task.context [-] Task 47407093-2b33-4d7b-9875-2020ac9a1157 | Context users@openstack cleanup() finished in 4.18 sec
2019-07-10 09:37:15.349 22705 INFO rally.task.engine [-] Load duration is: 102.766712
2019-07-10 09:37:15.349 22705 INFO rally.task.engine [-] Full runner duration is: 102.818424
2019-07-10 09:37:15.350 22705 INFO rally.task.engine [-] Full duration is: 191.431178
2019-07-10 09:37:15.573 22705 INFO rally.task.engine [-] Running workload: position = 1 config = { "version": 2, "title": "A cropped version of a bigger task.", "description": "Auto-generated task from a single workload (uuid=f1a548bf-2763-4cc3-8760-9ee2532f0e82)", "subtasks": [ { "title": "NeutronNetworks.create_and_update_ports", "description": "Create and update a given number of ports.", "scenario": { "NeutronNetworks.create_and_update_ports": { "network_create_args": {}, "port_create_args": {}, "ports_per_network": 5, "port_update_args": { "admin_state_up": false, "device_id": "dummy_id", "device_owner": "dummy_owner", "name": "_port_updated" } } }, "contexts": { "users": { "tenants": 1, "users_per_tenant": 1 }, "quotas": { "neutron": { "network": -1, "port": -1 } } }, "runner": { "constant": { "times": 40, "concurrency": 20 } }, "hooks": [], "sla": { "failure_rate": { "max": 0 } } } ] }
2019-07-10 09:37:15.597 22705 RALLYDEBUG rally_openstack.contexts.keystone.users [-] Creating 1 tenants using 20 threads
2019-07-10 09:37:17.320 22705 RALLYDEBUG rally_openstack.contexts.keystone.users [-] Creating 1 users using 20 threads
2019-07-10 09:37:19.942 22705 INFO rally.task.context [-] Task 47407093-2b33-4d7b-9875-2020ac9a1157 | Context users@openstack setup() finished in 4.35 sec
2019-07-10 09:37:20.682 22705 INFO rally.task.context [-] Task 47407093-2b33-4d7b-9875-2020ac9a1157 | Context quotas@openstack setup() finished in 0.74 sec
2019-07-10 09:37:20.682 22705 INFO rally.task.context [-] Task 47407093-2b33-4d7b-9875-2020ac9a1157 | Context cleanup@openstack setup() finished in 0.00 msec
2019-07-10 09:37:20.690 22705 RALLYDEBUG rally.task.runner [-] Starting the constant runner (task UUID: 47407093-2b33-4d7b-9875-2020ac9a1157). timeout: 0 concurrency: 20 concurrency_per_worker: 1 times: 40 concurrency_overhead: 4 processes_to_start: 16 max_cpu_used: 16
2019-07-10 09:37:20.701 26581 RALLYDEBUG rally.task.runner [-] Starting a worker. concurrency: 2 args: {"network_create_args": {}, "port_create_args": {}, "ports_per_network": 5, "port_update_args": {"admin_state_up": false, "device_id": "dummy_id", "device_owner": "dummy_owner", "name": "_port_updated"}} times: 40 method_name: run timeout: 0 duration: None cls:
2019-07-10 09:37:20.706 26582 RALLYDEBUG rally.task.runner [-] Starting a worker. concurrency: 2 args: {"network_create_args": {}, "port_create_args": {}, "ports_per_network": 5, "port_update_args": {"admin_state_up": false, "device_id": "dummy_id", "device_owner": "dummy_owner", "name": "_port_updated"}} times: 40 method_name: run timeout: 0 duration: None cls:
2019-07-10 09:37:20.707 26581 INFO rally.task.runner [-] Task 47407093-2b33-4d7b-9875-2020ac9a1157 | ITER: 1 START
2019-07-10 09:37:20.708 26581 WARNING rally_openstack.scenarios.neutron.utils [-] Running this scenario without either the 'network' or 'existing_network' context is deprecated
2019-07-10 09:37:20.709 26583 RALLYDEBUG rally.task.runner [-] Starting a worker. concurrency: 2 args: {"network_create_args": {}, "port_create_args": {}, "ports_per_network": 5, "port_update_args": {"admin_state_up": false, "device_id": "dummy_id", "device_owner": "dummy_owner", "name": "_port_updated"}} times: 40 method_name: run timeout: 0 duration: None cls:
2019-07-10 09:37:20.710 26585 RALLYDEBUG rally.task.runner [-] Starting a worker. concurrency: 2 args: {"network_create_args": {}, "port_create_args": {}, "ports_per_network": 5, "port_update_args": {"admin_state_up": false, "device_id": "dummy_id", "device_owner": "dummy_owner", "name": "_port_updated"}} times: 40 method_name: run timeout: 0 duration: None cls:
2019-07-10 09:37:20.714 26581 INFO rally.task.runner [-] Task 47407093-2b33-4d7b-9875-2020ac9a1157 | ITER: 2 START
2019-07-10 09:37:20.714 26585 INFO rally.task.runner [-] Task 47407093-2b33-4d7b-9875-2020ac9a1157 | ITER: 5 START
2019-07-10 09:37:20.714 26581 WARNING rally_openstack.scenarios.neutron.utils [-] Running this scenario without either the 'network' or 'existing_network' context is deprecated
2019-07-10 09:37:20.714 26585 INFO rally.task.runner [-] Task 47407093-2b33-4d7b-9875-2020ac9a1157 | ITER: 7 START
2019-07-10 09:37:20.715 26585 WARNING rally_openstack.scenarios.neutron.utils [-] Running this scenario without either the 'network' or 'existing_network' context is deprecated
2019-07-10 09:37:20.715 26582 INFO rally.task.runner [-] Task 47407093-2b33-4d7b-9875-2020ac9a1157 | ITER: 3 START
2019-07-10 09:37:20.716 26590 RALLYDEBUG rally.task.runner [-] Starting a worker. concurrency: 1 args: {"network_create_args": {}, "port_create_args": {}, "ports_per_network": 5, "port_update_args": {"admin_state_up": false, "device_id": "dummy_id", "device_owner": "dummy_owner", "name": "_port_updated"}} times: 40 method_name: run timeout: 0 duration: None cls:
2019-07-10 09:37:20.717 26583 INFO rally.task.runner [-] Task 47407093-2b33-4d7b-9875-2020ac9a1157 | ITER: 4 START
2019-07-10 09:37:20.717 26582 WARNING rally_openstack.scenarios.neutron.utils [-] Running this scenario without either the 'network' or 'existing_network' context is deprecated
2019-07-10 09:37:20.715 26585 WARNING rally_openstack.scenarios.neutron.utils [-] Running this scenario without either the 'network' or 'existing_network' context is deprecated
2019-07-10 09:37:20.719 26590 INFO rally.task.runner [-] Task 47407093-2b33-4d7b-9875-2020ac9a1157 | ITER: 9 START
2019-07-10 09:37:20.719 26583 WARNING rally_openstack.scenarios.neutron.utils [-] Running this scenario without either the 'network' or 'existing_network' context is deprecated
2019-07-10 09:37:20.720 26590 WARNING rally_openstack.scenarios.neutron.utils [-] Running this scenario without either the 'network' or 'existing_network' context is deprecated
2019-07-10 09:37:20.720 26598 RALLYDEBUG rally.task.runner [-] Starting a worker. concurrency: 1 args: {"network_create_args": {}, "port_create_args": {}, "ports_per_network": 5, "port_update_args": {"admin_state_up": false, "device_id": "dummy_id", "device_owner": "dummy_owner", "name": "_port_updated"}} times: 40 method_name: run timeout: 0 duration: None cls:
2019-07-10 09:37:20.723 26598 INFO rally.task.runner [-] Task 47407093-2b33-4d7b-9875-2020ac9a1157 | ITER: 10 START
2019-07-10 09:37:20.724 26598 WARNING rally_openstack.scenarios.neutron.utils [-] Running this scenario without either the 'network' or 'existing_network' context is deprecated
2019-07-10 09:37:20.718 26582 INFO rally.task.runner [-] Task 47407093-2b33-4d7b-9875-2020ac9a1157 | ITER: 6 START
2019-07-10 09:37:20.719 26583 INFO rally.task.runner [-] Task 47407093-2b33-4d7b-9875-2020ac9a1157 | ITER: 8 START
2019-07-10 09:37:20.727 26601 RALLYDEBUG rally.task.runner [-] Starting a worker. concurrency: 1 args: {"network_create_args": {}, "port_create_args": {}, "ports_per_network": 5, "port_update_args": {"admin_state_up": false, "device_id": "dummy_id", "device_owner": "dummy_owner", "name": "_port_updated"}} times: 40 method_name: run timeout: 0 duration: None cls:
2019-07-10 09:37:20.725 26582 WARNING rally_openstack.scenarios.neutron.utils [-] Running this scenario without either the 'network' or 'existing_network' context is deprecated
2019-07-10 09:37:20.728 26583 WARNING rally_openstack.scenarios.neutron.utils [-] Running this scenario without either the 'network' or 'existing_network' context is deprecated
2019-07-10 09:37:20.730 26601 INFO rally.task.runner [-] Task 47407093-2b33-4d7b-9875-2020ac9a1157 | ITER: 11 START
2019-07-10 09:37:20.731 26601 WARNING rally_openstack.scenarios.neutron.utils [-] Running this scenario without either the 'network' or 'existing_network' context is deprecated
2019-07-10 09:37:20.731 26604 RALLYDEBUG rally.task.runner [-] Starting a worker. concurrency: 1 args: {"network_create_args": {}, "port_create_args": {}, "ports_per_network": 5, "port_update_args": {"admin_state_up": false, "device_id": "dummy_id", "device_owner": "dummy_owner", "name": "_port_updated"}} times: 40 method_name: run timeout: 0 duration: None cls:
2019-07-10 09:37:20.734 26604 INFO rally.task.runner [-] Task 47407093-2b33-4d7b-9875-2020ac9a1157 | ITER: 12 START
2019-07-10 09:37:20.735 26604 WARNING rally_openstack.scenarios.neutron.utils [-] Running this scenario without either the 'network' or 'existing_network' context is deprecated
2019-07-10 09:37:20.739 26607 RALLYDEBUG rally.task.runner [-] Starting a worker. concurrency: 1 args: {"network_create_args": {}, "port_create_args": {}, "ports_per_network": 5, "port_update_args": {"admin_state_up": false, "device_id": "dummy_id", "device_owner": "dummy_owner", "name": "_port_updated"}} times: 40 method_name: run timeout: 0 duration: None cls:
2019-07-10 09:37:20.745 26610 RALLYDEBUG rally.task.runner [-] Starting a worker. concurrency: 1 args: {"network_create_args": {}, "port_create_args": {}, "ports_per_network": 5, "port_update_args": {"admin_state_up": false, "device_id": "dummy_id", "device_owner": "dummy_owner", "name": "_port_updated"}} times: 40 method_name: run timeout: 0 duration: None cls:
2019-07-10 09:37:20.751 26607 INFO rally.task.runner [-] Task 47407093-2b33-4d7b-9875-2020ac9a1157 | ITER: 13 START
2019-07-10 09:37:20.753 26607 WARNING rally_openstack.scenarios.neutron.utils [-] Running this scenario without either the 'network' or 'existing_network' context is deprecated
2019-07-10 09:37:20.753 26613 RALLYDEBUG rally.task.runner [-] Starting a worker. concurrency: 1 args: {"network_create_args": {}, "port_create_args": {}, "ports_per_network": 5, "port_update_args": {"admin_state_up": false, "device_id": "dummy_id", "device_owner": "dummy_owner", "name": "_port_updated"}} times: 40 method_name: run timeout: 0 duration: None cls:
2019-07-10 09:37:20.755 26610 INFO rally.task.runner [-] Task 47407093-2b33-4d7b-9875-2020ac9a1157 | ITER: 14 START
2019-07-10 09:37:20.757 26610 WARNING rally_openstack.scenarios.neutron.utils [-] Running this scenario without either the 'network' or 'existing_network' context is deprecated
2019-07-10 09:37:20.760 26613 INFO rally.task.runner [-] Task 47407093-2b33-4d7b-9875-2020ac9a1157 | ITER: 15 START
2019-07-10 09:37:20.759 26616 RALLYDEBUG rally.task.runner [-] Starting a worker. concurrency: 1 args: {"network_create_args": {}, "port_create_args": {}, "ports_per_network": 5, "port_update_args": {"admin_state_up": false, "device_id": "dummy_id", "device_owner": "dummy_owner", "name": "_port_updated"}} times: 40 method_name: run timeout: 0 duration: None cls:
2019-07-10 09:37:20.761 26613 WARNING rally_openstack.scenarios.neutron.utils [-] Running this scenario without either the 'network' or 'existing_network' context is deprecated
2019-07-10 09:37:20.765 26616 INFO rally.task.runner [-] Task 47407093-2b33-4d7b-9875-2020ac9a1157 | ITER: 16 START
2019-07-10 09:37:20.766 26616 WARNING rally_openstack.scenarios.neutron.utils [-] Running this scenario without either the 'network' or 'existing_network' context is deprecated
2019-07-10 09:37:20.769 26619 RALLYDEBUG rally.task.runner [-] Starting a worker. concurrency: 1 args: {"network_create_args": {}, "port_create_args": {}, "ports_per_network": 5, "port_update_args": {"admin_state_up": false, "device_id": "dummy_id", "device_owner": "dummy_owner", "name": "_port_updated"}} times: 40 method_name: run timeout: 0 duration: None cls:
2019-07-10 09:37:20.771 26622 RALLYDEBUG rally.task.runner [-] Starting a worker. concurrency: 1 args: {"network_create_args": {}, "port_create_args": {}, "ports_per_network": 5, "port_update_args": {"admin_state_up": false, "device_id": "dummy_id", "device_owner": "dummy_owner", "name": "_port_updated"}} times: 40 method_name: run timeout: 0 duration: None cls:
2019-07-10 09:37:20.774 26619 INFO rally.task.runner [-] Task 47407093-2b33-4d7b-9875-2020ac9a1157 | ITER: 17 START
2019-07-10 09:37:20.775 26619 WARNING rally_openstack.scenarios.neutron.utils [-] Running this scenario without either the 'network' or 'existing_network' context is deprecated
2019-07-10 09:37:20.778 26625 RALLYDEBUG rally.task.runner [-] Starting a worker. concurrency: 1 args: {"network_create_args": {}, "port_create_args": {}, "ports_per_network": 5, "port_update_args": {"admin_state_up": false, "device_id": "dummy_id", "device_owner": "dummy_owner", "name": "_port_updated"}} times: 40 method_name: run timeout: 0 duration: None cls:
2019-07-10 09:37:20.775 26622 INFO rally.task.runner [-] Task 47407093-2b33-4d7b-9875-2020ac9a1157 | ITER: 18 START
2019-07-10 09:37:20.781 26622 WARNING rally_openstack.scenarios.neutron.utils [-] Running this scenario without either the 'network' or 'existing_network' context is deprecated
2019-07-10 09:37:20.783 26625 INFO rally.task.runner [-] Task 47407093-2b33-4d7b-9875-2020ac9a1157 | ITER: 19 START
2019-07-10 09:37:20.783 26625 WARNING rally_openstack.scenarios.neutron.utils [-] Running this scenario without either the 'network' or 'existing_network' context is deprecated
2019-07-10 09:37:20.783 26628 RALLYDEBUG rally.task.runner [-] Starting a worker. concurrency: 1 args: {"network_create_args": {}, "port_create_args": {}, "ports_per_network": 5, "port_update_args": {"admin_state_up": false, "device_id": "dummy_id", "device_owner": "dummy_owner", "name": "_port_updated"}} times: 40 method_name: run timeout: 0 duration: None cls:
2019-07-10 09:37:20.786 26628 INFO rally.task.runner [-] Task 47407093-2b33-4d7b-9875-2020ac9a1157 | ITER: 20 START
2019-07-10 09:37:20.787 26628 WARNING rally_openstack.scenarios.neutron.utils [-] Running this scenario without either the 'network' or 'existing_network' context is deprecated
2019-07-10 09:37:29.305 26583 INFO rally.task.runner [-] Task 47407093-2b33-4d7b-9875-2020ac9a1157 | ITER: 8 END: OK
2019-07-10 09:37:29.310 26583 INFO rally.task.runner [-] Task 47407093-2b33-4d7b-9875-2020ac9a1157 | ITER: 21 START
2019-07-10 09:37:29.311 26583 WARNING rally_openstack.scenarios.neutron.utils [-] Running this scenario without either the 'network' or 'existing_network' context is deprecated
2019-07-10 09:37:29.711 26616 INFO rally.task.runner [-] Task 47407093-2b33-4d7b-9875-2020ac9a1157 | ITER: 16 END: OK
2019-07-10 09:37:29.716 26616 INFO rally.task.runner [-] Task 47407093-2b33-4d7b-9875-2020ac9a1157 | ITER: 22 START
2019-07-10 09:37:29.717 26616 WARNING rally_openstack.scenarios.neutron.utils [-] Running this scenario without either the 'network' or 'existing_network' context is deprecated
2019-07-10 09:37:34.268 26619 INFO rally.task.runner [-] Task 47407093-2b33-4d7b-9875-2020ac9a1157 | ITER: 17 END: OK
2019-07-10 09:37:34.272 26619 INFO rally.task.runner [-] Task 47407093-2b33-4d7b-9875-2020ac9a1157 | ITER: 23 START
2019-07-10 09:37:34.273 26619 WARNING rally_openstack.scenarios.neutron.utils [-] Running this scenario without either the 'network' or 'existing_network' context is deprecated
2019-07-10 09:37:35.384 26581 INFO rally.task.runner [-] Task 47407093-2b33-4d7b-9875-2020ac9a1157 | ITER: 2 END: OK
2019-07-10 09:37:35.389 26581 INFO rally.task.runner [-] Task 47407093-2b33-4d7b-9875-2020ac9a1157 | ITER: 24 START
2019-07-10 09:37:35.390 26581 WARNING rally_openstack.scenarios.neutron.utils [-] Running this scenario without either the 'network' or 'existing_network' context is deprecated
2019-07-10 09:37:35.618 26613 INFO rally.task.runner [-] Task 47407093-2b33-4d7b-9875-2020ac9a1157 | ITER: 15 END: OK
2019-07-10 09:37:35.623 26613 INFO rally.task.runner [-] Task 47407093-2b33-4d7b-9875-2020ac9a1157 | ITER: 25 START
2019-07-10 09:37:35.623 26613 WARNING rally_openstack.scenarios.neutron.utils [-] Running this scenario without either the 'network' or 'existing_network' context is deprecated
2019-07-10 09:37:35.680 26622 INFO rally.task.runner [-] Task 47407093-2b33-4d7b-9875-2020ac9a1157 | ITER: 18 END: OK
2019-07-10 09:37:35.684 26622 INFO rally.task.runner [-] Task 47407093-2b33-4d7b-9875-2020ac9a1157 | ITER: 26 START
2019-07-10 09:37:35.684 26622 WARNING rally_openstack.scenarios.neutron.utils [-] Running this scenario without either the 'network' or 'existing_network' context is deprecated
2019-07-10 09:37:37.304 26583 INFO rally.task.runner [-] Task 47407093-2b33-4d7b-9875-2020ac9a1157 | ITER: 21 END: OK
2019-07-10 09:37:37.308 26583 INFO rally.task.runner [-] Task 47407093-2b33-4d7b-9875-2020ac9a1157 | ITER: 27 START
2019-07-10 09:37:37.309 26583 WARNING rally_openstack.scenarios.neutron.utils [-] Running this scenario without either the 'network' or 'existing_network' context is deprecated
2019-07-10 09:37:38.992 26616 INFO rally.task.runner [-] Task 47407093-2b33-4d7b-9875-2020ac9a1157 | ITER: 22 END: OK
2019-07-10 09:37:38.996 26616 INFO rally.task.runner [-] Task 47407093-2b33-4d7b-9875-2020ac9a1157 | ITER: 28 START
2019-07-10 09:37:38.997 26616 WARNING rally_openstack.scenarios.neutron.utils [-] Running this scenario without either the 'network' or 'existing_network' context is deprecated
2019-07-10 09:37:42.855 26619 INFO rally.task.runner [-] Task 47407093-2b33-4d7b-9875-2020ac9a1157 | ITER: 23 END: OK
2019-07-10 09:37:42.860 26619 INFO rally.task.runner [-] Task 47407093-2b33-4d7b-9875-2020ac9a1157 | ITER: 29 START
2019-07-10 09:37:42.861 26619 WARNING rally_openstack.scenarios.neutron.utils [-] Running this scenario without either the 'network' or 'existing_network' context is deprecated
2019-07-10 09:37:43.972 26581 INFO rally.task.runner [-] Task 47407093-2b33-4d7b-9875-2020ac9a1157 | ITER: 24 END: OK
2019-07-10 09:37:43.976 26581 INFO rally.task.runner [-] Task 47407093-2b33-4d7b-9875-2020ac9a1157 | ITER: 30 START
2019-07-10 09:37:43.977 26581 WARNING rally_openstack.scenarios.neutron.utils [-] Running this scenario without either the 'network' or 'existing_network' context is deprecated
2019-07-10 09:37:44.012 26622 INFO rally.task.runner [-] Task 47407093-2b33-4d7b-9875-2020ac9a1157 | ITER: 26 END: OK
2019-07-10 09:37:44.016 26622 INFO rally.task.runner [-] Task 47407093-2b33-4d7b-9875-2020ac9a1157 | ITER: 31 START
2019-07-10 09:37:44.016 26622 WARNING rally_openstack.scenarios.neutron.utils [-] Running this scenario without either the 'network' or 'existing_network' context is deprecated
2019-07-10 09:37:44.876 26613 INFO rally.task.runner [-] Task 47407093-2b33-4d7b-9875-2020ac9a1157 | ITER: 25 END: OK
2019-07-10 09:37:44.879 26613 INFO rally.task.runner [-] Task 47407093-2b33-4d7b-9875-2020ac9a1157 | ITER: 32 START
2019-07-10 09:37:44.880 26613 WARNING rally_openstack.scenarios.neutron.utils [-] Running this scenario without either the 'network' or 'existing_network' context is deprecated
2019-07-10 09:37:46.031 26583 INFO rally.task.runner [-] Task 47407093-2b33-4d7b-9875-2020ac9a1157 | ITER: 27 END: OK
2019-07-10 09:37:46.035 26583 INFO rally.task.runner [-] Task 47407093-2b33-4d7b-9875-2020ac9a1157 | ITER: 33 START
2019-07-10 09:37:46.036 26583 WARNING rally_openstack.scenarios.neutron.utils [-] Running this scenario without either the 'network' or 'existing_network' context is deprecated
2019-07-10 09:37:46.267 26616 INFO rally.task.runner [-] Task 47407093-2b33-4d7b-9875-2020ac9a1157 | ITER: 28 END: OK
2019-07-10 09:37:46.272 26616 INFO rally.task.runner [-] Task 47407093-2b33-4d7b-9875-2020ac9a1157 | ITER: 34 START
2019-07-10 09:37:46.273 26616 WARNING rally_openstack.scenarios.neutron.utils [-] Running this scenario without either the 'network' or 'existing_network' context is deprecated
2019-07-10 09:37:50.917 26619 INFO rally.task.runner [-] Task 47407093-2b33-4d7b-9875-2020ac9a1157 | ITER: 29 END: OK
2019-07-10 09:37:50.922 26619 INFO rally.task.runner [-] Task 47407093-2b33-4d7b-9875-2020ac9a1157 | ITER: 35 START
2019-07-10 09:37:50.922 26619 WARNING rally_openstack.scenarios.neutron.utils [-] Running this scenario without either the 'network' or 'existing_network' context is deprecated
2019-07-10 09:37:52.151 26581 INFO rally.task.runner [-] Task 47407093-2b33-4d7b-9875-2020ac9a1157 | ITER: 30 END: OK
2019-07-10 09:37:52.156 26581 INFO rally.task.runner [-] Task 47407093-2b33-4d7b-9875-2020ac9a1157 | ITER: 36 START
2019-07-10 09:37:52.157 26581 WARNING rally_openstack.scenarios.neutron.utils [-] Running this scenario without either the 'network' or 'existing_network' context is deprecated
2019-07-10 09:37:53.017 26622 INFO rally.task.runner [-] Task 47407093-2b33-4d7b-9875-2020ac9a1157 | ITER: 31 END: OK
2019-07-10 09:37:53.024 26622 INFO rally.task.runner [-] Task 47407093-2b33-4d7b-9875-2020ac9a1157 | ITER: 37 START
2019-07-10 09:37:53.025 26622 WARNING rally_openstack.scenarios.neutron.utils [-] Running this scenario without either the 'network' or 'existing_network' context is deprecated
2019-07-10 09:37:54.168 26583 INFO rally.task.runner [-] Task 47407093-2b33-4d7b-9875-2020ac9a1157 | ITER: 33 END: OK
2019-07-10 09:37:54.173 26583 INFO rally.task.runner [-] Task 47407093-2b33-4d7b-9875-2020ac9a1157 | ITER: 38 START
2019-07-10 09:37:54.174 26583 WARNING rally_openstack.scenarios.neutron.utils [-] Running this scenario without either the 'network' or 'existing_network' context is deprecated
2019-07-10 09:37:58.067 26583 INFO rally.task.runner [-] Task 47407093-2b33-4d7b-9875-2020ac9a1157 | ITER: 4 END: OK
2019-07-10 09:37:58.071 26583 INFO rally.task.runner [-] Task 47407093-2b33-4d7b-9875-2020ac9a1157 | ITER: 39 START
2019-07-10 09:37:58.071 26583 WARNING rally_openstack.scenarios.neutron.utils [-] Running this scenario without either the 'network' or 'existing_network' context is deprecated
2019-07-10 09:37:58.604 26613 INFO rally.task.runner [-] Task 47407093-2b33-4d7b-9875-2020ac9a1157 | ITER: 32 END: OK
2019-07-10 09:37:58.610 26613 INFO rally.task.runner [-] Task 47407093-2b33-4d7b-9875-2020ac9a1157 | ITER: 40 START
2019-07-10 09:37:58.610 26613 WARNING rally_openstack.scenarios.neutron.utils [-] Running this scenario without either the 'network' or 'existing_network' context is deprecated
2019-07-10 09:37:59.931 26581 INFO rally.task.runner [-] Task 47407093-2b33-4d7b-9875-2020ac9a1157 | ITER: 1 END: OK
2019-07-10 09:37:59.947 26616 INFO rally.task.runner [-] Task 47407093-2b33-4d7b-9875-2020ac9a1157 | ITER: 34 END: OK
2019-07-10 09:38:00.019 26607 INFO rally.task.runner [-] Task 47407093-2b33-4d7b-9875-2020ac9a1157 | ITER: 13 END: OK
2019-07-10 09:38:00.034 26598 INFO rally.task.runner [-] Task 47407093-2b33-4d7b-9875-2020ac9a1157 | ITER: 10 END: OK
2019-07-10 09:38:00.039 26610 INFO rally.task.runner [-] Task 47407093-2b33-4d7b-9875-2020ac9a1157 | ITER: 14 END: OK
2019-07-10 09:38:00.074 26585 INFO rally.task.runner [-] Task 47407093-2b33-4d7b-9875-2020ac9a1157 | ITER: 7 END: OK
2019-07-10 09:38:01.770 26583 INFO rally.task.runner [-] Task 47407093-2b33-4d7b-9875-2020ac9a1157 | ITER: 38 END: OK
2019-07-10 09:38:02.323 26622 INFO rally.task.runner [-] Task 47407093-2b33-4d7b-9875-2020ac9a1157 | ITER: 37 END: OK
2019-07-10 09:38:03.518 26619 INFO rally.task.runner [-] Task 47407093-2b33-4d7b-9875-2020ac9a1157 | ITER: 35 END: OK
2019-07-10 09:38:04.454 26581 INFO rally.task.runner [-] Task 47407093-2b33-4d7b-9875-2020ac9a1157 | ITER: 36 END: OK
2019-07-10 09:38:05.198 26613 INFO rally.task.runner [-] Task 47407093-2b33-4d7b-9875-2020ac9a1157 | ITER: 40 END: OK
2019-07-10 09:38:06.369 26583 INFO rally.task.runner [-] Task 47407093-2b33-4d7b-9875-2020ac9a1157 | ITER: 39 END: OK
2019-07-10 09:38:14.143 26604 INFO rally.task.runner [-] Task 47407093-2b33-4d7b-9875-2020ac9a1157 | ITER: 12 END: OK
2019-07-10 09:38:14.670 26590 INFO rally.task.runner [-] Task 47407093-2b33-4d7b-9875-2020ac9a1157 | ITER: 9 END: OK
2019-07-10 09:38:14.709 26582 INFO rally.task.runner [-] Task 47407093-2b33-4d7b-9875-2020ac9a1157 | ITER: 6 END: OK
2019-07-10 09:38:14.713 26582 INFO rally.task.runner [-] Task 47407093-2b33-4d7b-9875-2020ac9a1157 | ITER: 3 END: OK
2019-07-10 09:38:14.781 26585 INFO rally.task.runner [-] Task 47407093-2b33-4d7b-9875-2020ac9a1157 | ITER: 5 END: OK
2019-07-10 09:38:14.997 26625 INFO rally.task.runner [-] Task 47407093-2b33-4d7b-9875-2020ac9a1157 | ITER: 19 END: OK
2019-07-10 09:38:15.019 26601 INFO rally.task.runner [-] Task 47407093-2b33-4d7b-9875-2020ac9a1157 | ITER: 11 END: OK
2019-07-10 09:38:15.097 26628 INFO rally.task.runner [-] Task 47407093-2b33-4d7b-9875-2020ac9a1157 | ITER: 20 END: OK
2019-07-10 09:38:15.125 22705 INFO rally.task.context [-] Task 47407093-2b33-4d7b-9875-2020ac9a1157 | Context cleanup@openstack cleanup() started
2019-07-10 09:38:15.127 22705 RALLYDEBUG rally_openstack.cleanup.manager [-] Cleaning up neutron vip objects
2019-07-10 09:38:15.748 22705 RALLYDEBUG rally_openstack.cleanup.manager [-] Cleaning up neutron health_monitor objects
2019-07-10 09:38:16.478 22705 RALLYDEBUG rally_openstack.cleanup.manager [-] Cleaning up neutron pool objects
2019-07-10 09:38:17.211 22705 RALLYDEBUG rally_openstack.cleanup.manager [-] Cleaning up neutron loadbalancer objects
2019-07-10 09:38:17.904 22705 RALLYDEBUG rally_openstack.cleanup.manager [-] Cleaning up neutron floatingip objects
2019-07-10 09:38:18.680 22705 RALLYDEBUG rally_openstack.cleanup.manager [-] Cleaning up neutron port objects
2019-07-10 09:38:19.780 22705 RALLYDEBUG rally_openstack.cleanup.manager [-] Deleting neutron.port object s_rally_f1a548bf_l2K293jh (0176fcbe-8791-4fd1-a921-582d3d987587)
2019-07-10 09:38:19.782 22705 RALLYDEBUG rally_openstack.cleanup.manager [-] Deleting neutron.port object s_rally_f1a548bf_7Zm6hcw8 (08d1df5b-fd77-4c0b-8b22-6f8d21562aa7)
2019-07-10 09:38:19.788 22705 RALLYDEBUG rally_openstack.cleanup.manager [-] Deleting neutron.port object s_rally_f1a548bf_Xemk7Bsb (0f269289-6040-48c9-a08c-1096fb3780cf)
2019-07-10 09:38:19.788 22705 RALLYDEBUG rally_openstack.cleanup.manager [-] Deleting neutron.port object s_rally_f1a548bf_c2Ot2Idj (09ea93f6-edd7-423d-b6f4-765a3466767a)
2019-07-10 09:38:19.793 22705 RALLYDEBUG rally_openstack.cleanup.manager [-] Deleting neutron.port object s_rally_f1a548bf_A1hWx7tc (0a2d4767-1ee2-4237-9e50-9037e052034d)
2019-07-10 09:38:19.795 22705 RALLYDEBUG rally_openstack.cleanup.manager [-] Deleting neutron.port object s_rally_f1a548bf_4QFaaPNG (0abe8b26-b0a9-4755-8a9b-689a657c6357)
2019-07-10 09:38:19.807 22705 RALLYDEBUG rally_openstack.cleanup.manager [-] Deleting neutron.port object s_rally_f1a548bf_mIepCpxC (0f5f4efd-e5ee-4bc7-9262-e3e0552ecc4c)
2019-07-10 09:38:19.810 22705 RALLYDEBUG rally_openstack.cleanup.manager [-] Deleting neutron.port object s_rally_f1a548bf_geDgZAlC (0df2ac5d-4e78-4dbd-9d3b-db267eed7258)
2019-07-10 09:38:19.813 22705 RALLYDEBUG rally_openstack.cleanup.manager [-] Deleting neutron.port object s_rally_f1a548bf_Q8qvR349 (100b369f-ac22-45ea-8c5f-992170fa173a)
2019-07-10 09:38:19.826 22705 RALLYDEBUG rally_openstack.cleanup.manager [-] Deleting neutron.port object s_rally_f1a548bf_mTHc300I (0ef04e08-fab1-420d-948b-d8fed11f8bfc)
2019-07-10 09:38:19.832 22705 RALLYDEBUG rally_openstack.cleanup.manager [-] Deleting neutron.port object s_rally_f1a548bf_b4UowLnc (14d05fc0-0242-46bf-8695-c550e8b1648a)
2019-07-10 09:38:19.835 22705 RALLYDEBUG rally_openstack.cleanup.manager [-] Deleting neutron.port object s_rally_f1a548bf_h7yhMdyw (133031d3-68f1-4367-92a3-db86ce66aa23)
2019-07-10 09:38:19.847 22705 RALLYDEBUG rally_openstack.cleanup.manager [-] Deleting neutron.port object s_rally_f1a548bf_X6Yoesqn (1ab5b577-6543-4128-a962-9fbb4dd08ed9)
2019-07-10 09:38:19.864 22705 RALLYDEBUG rally_openstack.cleanup.manager [-] Deleting neutron.port object s_rally_f1a548bf_gafs0pfD (1a157b61-cd2f-4cba-add5-afe315179dfc)
2019-07-10 09:38:19.907 22705 RALLYDEBUG rally_openstack.cleanup.manager [-] Deleting neutron.port object s_rally_f1a548bf_bG05R9kV (1e6659d0-8002-4b8b-a3c7-31423dde068a)
2019-07-10 09:38:19.915 22705 RALLYDEBUG rally_openstack.cleanup.manager [-] Deleting neutron.port object s_rally_f1a548bf_sUe9vXpd (2018d149-0e34-4c24-8dac-39ec10c23b8e)
2019-07-10 09:38:19.951 22705 RALLYDEBUG rally_openstack.cleanup.manager [-] Deleting neutron.port object s_rally_f1a548bf_HBqArjXQ (1bcb5dfa-b47c-4f7e-9ac7-fa719ff9ca11)
2019-07-10 09:38:19.960 22705 RALLYDEBUG rally_openstack.cleanup.manager [-] Deleting neutron.port object s_rally_f1a548bf_uGf8BaBC (213bb071-8587-4117-af89-61986a71ac5b)
2019-07-10 09:38:19.971 22705 RALLYDEBUG rally_openstack.cleanup.manager [-] Deleting neutron.port object s_rally_f1a548bf_BHcW5FC8 (22bc6bf2-8f1c-470f-bb4f-6ecc480b9329)
2019-07-10 09:38:19.976 22705 RALLYDEBUG rally_openstack.cleanup.manager [-] Deleting neutron.port object s_rally_f1a548bf_Me2pkwZW (20d56968-a8e9-4b63-8c2c-3c766c35db86)
2019-07-10 09:38:22.441 22705 RALLYDEBUG rally_openstack.cleanup.manager [-] Deleting neutron.port object s_rally_f1a548bf_St7AGfXM (23f22e4a-49de-4cf7-bf53-dc791fba1c1c)
2019-07-10 09:38:22.579 22705 RALLYDEBUG rally_openstack.cleanup.manager [-] Deleting neutron.port object s_rally_f1a548bf_cY3mM1hf (243dd66f-d447-4080-b7c6-b871b863fd8d)
2019-07-10 09:38:22.636 22705 RALLYDEBUG rally_openstack.cleanup.manager [-] Deleting neutron.port object s_rally_f1a548bf_8tIyxZtq (25139a9a-e62e-4169-a970-4774c370205f)
2019-07-10 09:38:22.853 22705 RALLYDEBUG rally_openstack.cleanup.manager [-] Deleting neutron.port object s_rally_f1a548bf_U36VlS5W (268c3834-d7f1-49dd-bf87-92071dc42ccf)
2019-07-10 09:38:23.007 22705 RALLYDEBUG rally_openstack.cleanup.manager [-] Deleting neutron.port object s_rally_f1a548bf_wYn9yPus (2693f9fe-73a6-4358-8bf3-dfa699e48ab9)
2019-07-10 09:38:23.425 22705 RALLYDEBUG rally_openstack.cleanup.manager [-] Deleting neutron.port object s_rally_f1a548bf_M7BQLQbA (26c3931d-4cef-4f4a-adbb-3a8289655423)
2019-07-10 09:38:24.668 22705 RALLYDEBUG rally_openstack.cleanup.manager [-] Deleting neutron.port object s_rally_f1a548bf_LvIlBRg1 (26f437ff-5c76-43a8-8f05-918d2c51ad34)
2019-07-10 09:38:24.988 22705 RALLYDEBUG rally_openstack.cleanup.manager [-] Deleting neutron.port object s_rally_f1a548bf_jcLchjMo (270ede44-6157-4cfb-8fbc-106180220d60)
2019-07-10 09:38:24.995 22705 RALLYDEBUG rally_openstack.cleanup.manager [-] Deleting neutron.port object s_rally_f1a548bf_CML4g8RU (27f6c52b-d56c-40b9-81ab-0253114589a2)
2019-07-10 09:38:25.016 22705 RALLYDEBUG rally_openstack.cleanup.manager [-] Deleting neutron.port object s_rally_f1a548bf_bfFOAghz (287a7825-fbf7-40bd-bef5-95b53357ece4)
2019-07-10 09:38:25.219 22705 RALLYDEBUG rally_openstack.cleanup.manager [-] Deleting neutron.port object s_rally_f1a548bf_ThllOq1o (2927b769-f72d-485f-8445-3d255cbbfdd5)
2019-07-10 09:38:25.239 22705 RALLYDEBUG rally_openstack.cleanup.manager [-] Deleting neutron.port object s_rally_f1a548bf_Hw6ltPuZ (2d4f9b62-e23f-4d70-866b-022833fae965)
2019-07-10 09:38:25.273 22705 RALLYDEBUG rally_openstack.cleanup.manager [-] Deleting neutron.port object s_rally_f1a548bf_Fgju8xnJ (3026bff0-81be-414e-8406-46270639ca02)
2019-07-10 09:38:25.370 22705 RALLYDEBUG rally_openstack.cleanup.manager [-] Deleting neutron.port object s_rally_f1a548bf_qND61Rx7 (3257e8f9-0e94-4bf6-9e33-27fc077c8771)
2019-07-10 09:38:25.595 22705 RALLYDEBUG rally_openstack.cleanup.manager [-] Deleting neutron.port object s_rally_f1a548bf_SagDaG8q (32cb65bf-0070-477d-a4ae-e1eafbf8b055)
2019-07-10 09:38:26.050 22705 RALLYDEBUG rally_openstack.cleanup.manager [-] Deleting neutron.port object s_rally_f1a548bf_vIAV6uVD (32e4a5f7-929a-4722-999b-2cb6559522e4)
2019-07-10 09:38:26.106 22705 RALLYDEBUG rally_openstack.cleanup.manager [-] Deleting neutron.port object s_rally_f1a548bf_WUVeZbxu (337694aa-9312-495e-823c-c5c34cc54224)
2019-07-10 09:38:26.136 22705 RALLYDEBUG rally_openstack.cleanup.manager [-] Deleting neutron.port object s_rally_f1a548bf_0WTgX1wt (33d83178-0204-42a6-8eec-fc5848d4af83)
2019-07-10 09:38:26.389 22705 RALLYDEBUG rally_openstack.cleanup.manager [-] Deleting neutron.port object s_rally_f1a548bf_3Er484a8 (37376f22-754a-44c1-a2dd-b948c3d039ab)
2019-07-10 09:38:26.401 22705 RALLYDEBUG rally_openstack.cleanup.manager [-] Deleting neutron.port object s_rally_f1a548bf_vi5mTdNm (384f6545-f78b-4c9b-bc12-6afb5aa7211d)
2019-07-10 09:38:26.480 22705 RALLYDEBUG rally_openstack.cleanup.manager [-] Deleting neutron.port object s_rally_f1a548bf_Cvp2Uy1p (3925bad6-e363-4ae9-9f5c-9dcf55e7379c)
2019-07-10 09:38:26.798 22705 RALLYDEBUG rally_openstack.cleanup.manager [-] Deleting neutron.port object s_rally_f1a548bf_z55FFBed (3b062b99-e8c0-4850-96a5-3011c2f46422)
2019-07-10 09:38:26.986 22705 RALLYDEBUG rally_openstack.cleanup.manager [-] Deleting neutron.port object s_rally_f1a548bf_07ztmb4J (3d33014b-c0a8-4cee-9f53-33cad0904675)
2019-07-10 09:38:27.070 22705 RALLYDEBUG rally_openstack.cleanup.manager [-] Deleting neutron.port object s_rally_f1a548bf_gUlYq2eT (3d4de395-150d-4cde-95c9-bb1a0c4a5320)
2019-07-10 09:38:27.147 22705 RALLYDEBUG rally_openstack.cleanup.manager [-] Deleting neutron.port object s_rally_f1a548bf_eY97b3cG (3d9dbade-b295-4b0c-96c7-77983a21578e)
2019-07-10 09:38:27.153 22705 RALLYDEBUG rally_openstack.cleanup.manager [-] Deleting neutron.port object s_rally_f1a548bf_3FAEpZT4 (3db5bdae-d1cf-48c7-9a04-45b80883c475)
2019-07-10 09:38:27.414 22705 RALLYDEBUG rally_openstack.cleanup.manager [-] Deleting neutron.port object s_rally_f1a548bf_y4ZKg7FH (4246bab4-4399-4a20-95e1-6bb371a133e9)
2019-07-10 09:38:27.451 22705 RALLYDEBUG rally_openstack.cleanup.manager [-] Deleting neutron.port object s_rally_f1a548bf_QwEl0KEI (42d57990-80b1-467e-882f-2280ca7bea27)
2019-07-10 09:38:27.816 22705 RALLYDEBUG rally_openstack.cleanup.manager [-] Deleting neutron.port object s_rally_f1a548bf_DjIHoR1S (42ecb58d-0f4d-4533-b889-afef65ae64e2)
2019-07-10 09:38:27.865 22705 RALLYDEBUG rally_openstack.cleanup.manager [-] Deleting neutron.port object s_rally_f1a548bf_rYE4Xe9y (43939246-6490-4c24-9ac3-8557db18daea)
2019-07-10 09:38:28.013 22705 RALLYDEBUG rally_openstack.cleanup.manager [-] Deleting neutron.port object s_rally_f1a548bf_E5bfrGot (446c102f-13e5-4f31-abd9-6afae13c164f)
2019-07-10 09:38:28.041 22705 RALLYDEBUG rally_openstack.cleanup.manager [-] Deleting neutron.port object s_rally_f1a548bf_wfnnMrPG (45390e85-c3bd-4654-8cf0-9889dd57a39c)
2019-07-10 09:38:28.109 22705 RALLYDEBUG rally_openstack.cleanup.manager [-] Deleting neutron.port object s_rally_f1a548bf_tlDaT5FA (4751f8cf-93c1-425e-a92d-cea412d2acca)
2019-07-10 09:38:28.292 22705 RALLYDEBUG rally_openstack.cleanup.manager [-] Deleting neutron.port object s_rally_f1a548bf_gzcohm3Q (47b213a4-f013-4b1e-a967-f63221842f57)
2019-07-10 09:38:28.494 22705 RALLYDEBUG rally_openstack.cleanup.manager [-] Deleting neutron.port object s_rally_f1a548bf_0A0hgZ19 (49545826-2568-4a55-83b2-69b416a9b57f)
2019-07-10 09:38:28.679 22705 RALLYDEBUG rally_openstack.cleanup.manager [-] Deleting neutron.port object s_rally_f1a548bf_nW4yEBaa (49c476b1-8716-479e-a49b-0964a2ee2862)
2019-07-10 09:38:28.687 22705 RALLYDEBUG rally_openstack.cleanup.manager [-] Deleting neutron.port object s_rally_f1a548bf_XPlPeMlR (4bcfebbd-aa1f-4d43-a082-e93f5279bd7f)
2019-07-10 09:38:28.754 22705 RALLYDEBUG rally_openstack.cleanup.manager [-] Deleting neutron.port object s_rally_f1a548bf_FFmkvmwo (4e929d83-db90-4ede-9d47-4aef4e3b2f63)
2019-07-10 09:38:29.364 22705 RALLYDEBUG rally_openstack.cleanup.manager [-] Deleting neutron.port object s_rally_f1a548bf_g63MoPZ3 (505d40c0-4cc2-4c2f-8bdf-634afc015179)
2019-07-10 09:38:29.607 22705 RALLYDEBUG rally_openstack.cleanup.manager [-] Deleting neutron.port object s_rally_f1a548bf_wMIykirc (5182934c-b931-41e6-8e30-1aa1603c3a35)
2019-07-10 09:38:29.695 22705 RALLYDEBUG rally_openstack.cleanup.manager [-] Deleting neutron.port object s_rally_f1a548bf_aAOa82Fm (53b0b8d7-0f8d-45ce-9337-2c4e0f02047b)
2019-07-10 09:38:30.141 22705 RALLYDEBUG rally_openstack.cleanup.manager [-] Deleting neutron.port object s_rally_f1a548bf_yK7WBend (553e4072-d9b9-4162-8d9d-f83fa95be7ed)
2019-07-10 09:38:30.141 22705 RALLYDEBUG rally_openstack.cleanup.manager [-] Deleting neutron.port object s_rally_f1a548bf_1CarEeXP (53e67c45-d80d-4612-82ab-aec89746c2c3)
2019-07-10 09:38:30.446 22705 RALLYDEBUG rally_openstack.cleanup.manager [-] Deleting neutron.port object s_rally_f1a548bf_X57kXtPP (57861b94-b7d2-46da-95ae-f3e77459b3b7)
2019-07-10 09:38:30.518 22705 RALLYDEBUG rally_openstack.cleanup.manager [-] Deleting neutron.port object s_rally_f1a548bf_niIMc6nA (578e050b-2855-4d7f-ad09-73d2d5fae684)
2019-07-10 09:38:30.652 22705 RALLYDEBUG rally_openstack.cleanup.manager [-] Deleting neutron.port object s_rally_f1a548bf_FSqMVlSx (579bd063-b727-4567-8279-178d1c39fb4e)
2019-07-10 09:38:30.873 22705 RALLYDEBUG rally_openstack.cleanup.manager [-] Deleting neutron.port object s_rally_f1a548bf_38Ice3Ra (58ca549e-e2ea-4c1f-b73e-efe6b2c71914)
