2019-07-10 07:36:31.900 725 DEBUG novaclient.v2.client [-] RESP: [200] Content-Length: 16 Content-Type: application/json Date: Wed, 10 Jul 2019 07:36:31 GMT OpenStack-API-Version: compute 2.1 Server: Apache Vary: OpenStack-API-Version,X-OpenStack-Nova-API-Version X-OpenStack-Nova-API-Version: 2.1 x-compute-request-id: req-b2d77272-a1b7-452c-8a9b-ccba69944e3b x-openstack-request-id: req-b2d77272-a1b7-452c-8a9b-ccba69944e3b _http_log_response /usr/lib/python2.7/site-packages/keystoneauth1/session.py:479
2019-07-10 07:36:31.900 725 DEBUG novaclient.v2.client [-] RESP BODY: {"keypairs": []} _http_log_response /usr/lib/python2.7/site-packages/keystoneauth1/session.py:511
2019-07-10 07:36:31.901 725 DEBUG novaclient.v2.client [-] GET call to compute for http://172.30.9.27:8774/v2.1/os-keypairs used request id req-b2d77272-a1b7-452c-8a9b-ccba69944e3b request /usr/lib/python2.7/site-packages/keystoneauth1/session.py:844
2019-07-10 07:36:32.318 725 DEBUG novaclient.v2.client [-] REQ: curl -g -i -X GET http://172.30.9.27:8774/v2.1/os-keypairs -H "Accept: application/json" -H "User-Agent: python-novaclient" -H "X-Auth-Token: {SHA1}6828787eff6df433ec3fd048ac49b353d9839f82" _http_log_request /usr/lib/python2.7/site-packages/keystoneauth1/session.py:448
2019-07-10 07:36:32.524 725 DEBUG novaclient.v2.client [-] RESP: [200] Content-Length: 16 Content-Type: application/json Date: Wed, 10 Jul 2019 07:36:32 GMT OpenStack-API-Version: compute 2.1 Server: Apache Vary: OpenStack-API-Version,X-OpenStack-Nova-API-Version X-OpenStack-Nova-API-Version: 2.1 x-compute-request-id: req-10110622-6c42-444c-bf77-7bc170817a3b x-openstack-request-id: req-10110622-6c42-444c-bf77-7bc170817a3b _http_log_response /usr/lib/python2.7/site-packages/keystoneauth1/session.py:479
2019-07-10 07:36:32.525 725 DEBUG novaclient.v2.client [-] RESP BODY: {"keypairs": []} _http_log_response /usr/lib/python2.7/site-packages/keystoneauth1/session.py:511
2019-07-10 07:36:32.525 725 DEBUG novaclient.v2.client [-] GET call to compute for http://172.30.9.27:8774/v2.1/os-keypairs used request id req-10110622-6c42-444c-bf77-7bc170817a3b request /usr/lib/python2.7/site-packages/keystoneauth1/session.py:844
2019-07-10 07:36:32.935 725 DEBUG novaclient.v2.client [-] REQ: curl -g -i -X GET http://172.30.9.27:8774/v2.1/os-keypairs -H "Accept: application/json" -H "User-Agent: python-novaclient" -H "X-Auth-Token: {SHA1}339857aceb6caaa52540e1046ed91c61053a2953" _http_log_request /usr/lib/python2.7/site-packages/keystoneauth1/session.py:448
2019-07-10 07:36:33.136 725 DEBUG novaclient.v2.client [-] RESP: [200] Content-Length: 16 Content-Type: application/json Date: Wed, 10 Jul 2019 07:36:32 GMT OpenStack-API-Version: compute 2.1 Server: Apache Vary: OpenStack-API-Version,X-OpenStack-Nova-API-Version X-OpenStack-Nova-API-Version: 2.1 x-compute-request-id: req-7b830320-fba9-4aca-90ef-ad02e6108de3 x-openstack-request-id: req-7b830320-fba9-4aca-90ef-ad02e6108de3 _http_log_response /usr/lib/python2.7/site-packages/keystoneauth1/session.py:479
2019-07-10 07:36:33.137 725 DEBUG novaclient.v2.client [-] RESP BODY: {"keypairs": []} _http_log_response /usr/lib/python2.7/site-packages/keystoneauth1/session.py:511
2019-07-10 07:36:33.137 725 DEBUG novaclient.v2.client [-] GET call to compute for http://172.30.9.27:8774/v2.1/os-keypairs used request id req-7b830320-fba9-4aca-90ef-ad02e6108de3 request /usr/lib/python2.7/site-packages/keystoneauth1/session.py:844
2019-07-10 07:36:33.144 725 RALLYDEBUG rally_openstack.cleanup.manager [-] Cleaning up glance images objects
2019-07-10 07:36:35.610 725 RALLYDEBUG rally_openstack.cleanup.manager [-] Deleting glance.images object s_rally_1e9aaf8f_edIDox3y (ff0f48b7-b257-42c5-a28e-fdcecb1265da)
2019-07-10 07:36:35.614 725 RALLYDEBUG rally_openstack.cleanup.manager [-] Deleting glance.images object s_rally_1e9aaf8f_FxBWeVRT (d7f6fcd3-db4e-46e9-8479-a05873a70206)
2019-07-10 07:36:35.618 725 RALLYDEBUG rally_openstack.cleanup.manager [-] Deleting glance.images object s_rally_1e9aaf8f_dZQniGWe (a1bca082-65db-48c9-87c0-8c6ab983e048)
2019-07-10 07:36:35.626 725 RALLYDEBUG rally_openstack.cleanup.manager [-] Deleting glance.images object s_rally_1e9aaf8f_KgpNSMHp (b5801fdf-91d9-4746-a751-abef19734bd7)
2019-07-10 07:36:35.633 725 RALLYDEBUG rally_openstack.cleanup.manager [-] Deleting glance.images object s_rally_1e9aaf8f_DxNcvAeI (c0de9175-d2f0-4fe2-b924-bcfa3589af96)
2019-07-10 07:36:35.639 725 RALLYDEBUG rally_openstack.cleanup.manager [-] Deleting glance.images object s_rally_1e9aaf8f_c3rYUMqv (261cd3a6-fabd-42ab-abcd-5dbd074b9539)
2019-07-10 07:36:35.652 725 RALLYDEBUG rally_openstack.cleanup.manager [-] Deleting glance.images object s_rally_1e9aaf8f_MYHoH1K3 (fd8081f8-97ce-4e17-a8a9-8a41242f9fda)
2019-07-10 07:36:35.662 725 RALLYDEBUG rally_openstack.cleanup.manager [-] Deleting glance.images object s_rally_1e9aaf8f_UCPwhlDl (5c58e71c-a01b-4fc1-ae59-bc57534dea7a)
2019-07-10 07:36:35.679 725 RALLYDEBUG rally_openstack.cleanup.manager [-] Deleting glance.images object s_rally_1e9aaf8f_h26leK05 (5a2f4e46-54a5-4e9c-9fd5-0c02ee301239)
2019-07-10 07:36:35.681 725 RALLYDEBUG rally_openstack.cleanup.manager [-] Deleting glance.images object s_rally_1e9aaf8f_we8G1FJN (3e70b60c-4b32-439b-8b3d-3fbeae9f2dde)
2019-07-10 07:36:37.832 725 DEBUG glanceclient.common.http [-] Request returned failure status 404. _handle_response /usr/lib/python2.7/site-packages/glanceclient/common/http.py:125
2019-07-10 07:36:37.841 725 DEBUG glanceclient.common.http [-] Request returned failure status 404. _handle_response /usr/lib/python2.7/site-packages/glanceclient/common/http.py:125
2019-07-10 07:36:37.850 725 DEBUG glanceclient.common.http [-] Request returned failure status 404. _handle_response /usr/lib/python2.7/site-packages/glanceclient/common/http.py:125
2019-07-10 07:36:37.854 725 DEBUG glanceclient.common.http [-] Request returned failure status 404. _handle_response /usr/lib/python2.7/site-packages/glanceclient/common/http.py:125
2019-07-10 07:36:37.860 725 DEBUG glanceclient.common.http [-] Request returned failure status 404. _handle_response /usr/lib/python2.7/site-packages/glanceclient/common/http.py:125
2019-07-10 07:36:37.863 725 DEBUG glanceclient.common.http [-] Request returned failure status 404. _handle_response /usr/lib/python2.7/site-packages/glanceclient/common/http.py:125
2019-07-10 07:36:37.866 725 DEBUG glanceclient.common.http [-] Request returned failure status 404. _handle_response /usr/lib/python2.7/site-packages/glanceclient/common/http.py:125
2019-07-10 07:36:37.875 725 DEBUG glanceclient.common.http [-] Request returned failure status 404. _handle_response /usr/lib/python2.7/site-packages/glanceclient/common/http.py:125
2019-07-10 07:36:38.872 725 DEBUG glanceclient.common.http [-] Request returned failure status 404. _handle_response /usr/lib/python2.7/site-packages/glanceclient/common/http.py:125
2019-07-10 07:36:38.883 725 DEBUG glanceclient.common.http [-] Request returned failure status 404. _handle_response /usr/lib/python2.7/site-packages/glanceclient/common/http.py:125
2019-07-10 07:36:38.892 725 DEBUG glanceclient.common.http [-] Request returned failure status 404. _handle_response /usr/lib/python2.7/site-packages/glanceclient/common/http.py:125
2019-07-10 07:36:38.895 725 DEBUG glanceclient.common.http [-] Request returned failure status 404. _handle_response /usr/lib/python2.7/site-packages/glanceclient/common/http.py:125
2019-07-10 07:36:38.908 725 DEBUG glanceclient.common.http [-] Request returned failure status 404. _handle_response /usr/lib/python2.7/site-packages/glanceclient/common/http.py:125
2019-07-10 07:36:38.910 725 DEBUG glanceclient.common.http [-] Request returned failure status 404. _handle_response /usr/lib/python2.7/site-packages/glanceclient/common/http.py:125
2019-07-10 07:36:38.914 725 DEBUG glanceclient.common.http [-] Request returned failure status 404. _handle_response /usr/lib/python2.7/site-packages/glanceclient/common/http.py:125
2019-07-10 07:36:38.927 725 DEBUG glanceclient.common.http [-] Request returned failure status 404. _handle_response /usr/lib/python2.7/site-packages/glanceclient/common/http.py:125
2019-07-10 07:36:38.955 725 DEBUG glanceclient.common.http [-] Request returned failure status 404. _handle_response /usr/lib/python2.7/site-packages/glanceclient/common/http.py:125
2019-07-10 07:36:38.973 725 DEBUG glanceclient.common.http [-] Request returned failure status 404. _handle_response /usr/lib/python2.7/site-packages/glanceclient/common/http.py:125
2019-07-10 07:36:38.976 725 DEBUG glanceclient.common.http [-] Request returned failure status 404. _handle_response /usr/lib/python2.7/site-packages/glanceclient/common/http.py:125
2019-07-10 07:36:38.984 725 DEBUG glanceclient.common.http [-] Request returned failure status 404. _handle_response /usr/lib/python2.7/site-packages/glanceclient/common/http.py:125
2019-07-10 07:36:39.986 725 INFO rally.task.context [-] Task a402c4eb-2e47-4175-add8-cb1f2d1d527c | Context cleanup@openstack cleanup() finished in 30.70 sec
2019-07-10 07:36:39.986 725 INFO rally.task.context [-] Task a402c4eb-2e47-4175-add8-cb1f2d1d527c | Context quotas@openstack cleanup() started
2019-07-10 07:36:39.988 725 DEBUG novaclient.v2.client [-] REQ: curl -g -i -X DELETE http://172.30.9.27:8774/v2.1/os-quota-sets/1adc3151b12a41cf9044d6c0cd7e8bf0 -H "Accept: application/json" -H "User-Agent: python-novaclient" -H "X-Auth-Token: {SHA1}978b16a1be692b7b935fd3703a87959bb77a9755" _http_log_request /usr/lib/python2.7/site-packages/keystoneauth1/session.py:448
2019-07-10 07:36:40.021 725 DEBUG novaclient.v2.client [-] RESP: [202] Content-Length: 0 Content-Type: application/json Date: Wed, 10 Jul 2019 07:36:39 GMT OpenStack-API-Version: compute 2.1 Server: Apache Vary: OpenStack-API-Version,X-OpenStack-Nova-API-Version X-OpenStack-Nova-API-Version: 2.1 x-compute-request-id: req-1961d8c9-4ccf-4db4-94b9-1e4f22a0b595 x-openstack-request-id: req-1961d8c9-4ccf-4db4-94b9-1e4f22a0b595 _http_log_response /usr/lib/python2.7/site-packages/keystoneauth1/session.py:479
2019-07-10 07:36:40.021 725 DEBUG novaclient.v2.client [-] DELETE call to compute for http://172.30.9.27:8774/v2.1/os-quota-sets/1adc3151b12a41cf9044d6c0cd7e8bf0 used request id req-1961d8c9-4ccf-4db4-94b9-1e4f22a0b595 request /usr/lib/python2.7/site-packages/keystoneauth1/session.py:844
2019-07-10 07:36:40.022 725 DEBUG novaclient.v2.client [-] REQ: curl -g -i -X DELETE http://172.30.9.27:8774/v2.1/os-quota-sets/9267bae0472946d5a4f635c980be22c4 -H "Accept: application/json" -H "User-Agent: python-novaclient" -H "X-Auth-Token: {SHA1}978b16a1be692b7b935fd3703a87959bb77a9755" _http_log_request /usr/lib/python2.7/site-packages/keystoneauth1/session.py:448
2019-07-10 07:36:40.045 725 DEBUG novaclient.v2.client [-] RESP: [202] Content-Length: 0 Content-Type: application/json Date: Wed, 10 Jul 2019 07:36:40 GMT OpenStack-API-Version: compute 2.1 Server: Apache Vary: OpenStack-API-Version,X-OpenStack-Nova-API-Version X-OpenStack-Nova-API-Version: 2.1 x-compute-request-id: req-cd9ba4cd-6147-498c-98e9-e3bbc578eade x-openstack-request-id: req-cd9ba4cd-6147-498c-98e9-e3bbc578eade _http_log_response /usr/lib/python2.7/site-packages/keystoneauth1/session.py:479
2019-07-10 07:36:40.045 725 DEBUG novaclient.v2.client [-] DELETE call to compute for http://172.30.9.27:8774/v2.1/os-quota-sets/9267bae0472946d5a4f635c980be22c4 used request id req-cd9ba4cd-6147-498c-98e9-e3bbc578eade request /usr/lib/python2.7/site-packages/keystoneauth1/session.py:844
2019-07-10 07:36:40.046 725 DEBUG novaclient.v2.client [-] REQ: curl -g -i -X DELETE http://172.30.9.27:8774/v2.1/os-quota-sets/0cd138dc853a4535920ac8f4be93bd56 -H "Accept: application/json" -H "User-Agent: python-novaclient" -H "X-Auth-Token: {SHA1}978b16a1be692b7b935fd3703a87959bb77a9755" _http_log_request /usr/lib/python2.7/site-packages/keystoneauth1/session.py:448
2019-07-10 07:36:40.068 725 DEBUG novaclient.v2.client [-] RESP: [202] Content-Length: 0 Content-Type: application/json Date: Wed, 10 Jul 2019 07:36:40 GMT OpenStack-API-Version: compute 2.1 Server: Apache Vary: OpenStack-API-Version,X-OpenStack-Nova-API-Version X-OpenStack-Nova-API-Version: 2.1 x-compute-request-id: req-24ba1698-e634-4c38-8ab3-ea2f5af20b20 x-openstack-request-id: req-24ba1698-e634-4c38-8ab3-ea2f5af20b20 _http_log_response /usr/lib/python2.7/site-packages/keystoneauth1/session.py:479
2019-07-10 07:36:40.069 725 DEBUG novaclient.v2.client [-] DELETE call to compute for http://172.30.9.27:8774/v2.1/os-quota-sets/0cd138dc853a4535920ac8f4be93bd56 used request id req-24ba1698-e634-4c38-8ab3-ea2f5af20b20 request /usr/lib/python2.7/site-packages/keystoneauth1/session.py:844
2019-07-10 07:36:40.069 725 INFO rally.task.context [-] Task a402c4eb-2e47-4175-add8-cb1f2d1d527c | Context quotas@openstack cleanup() finished in 82.82 msec
2019-07-10 07:36:40.070 725 INFO rally.task.context [-] Task a402c4eb-2e47-4175-add8-cb1f2d1d527c | Context users@openstack cleanup() started
2019-07-10 07:36:46.874 725 INFO rally.task.context [-] Task a402c4eb-2e47-4175-add8-cb1f2d1d527c | Context users@openstack cleanup() finished in 6.80 sec
2019-07-10 07:36:48.555 725 INFO rally.task.engine [-] Load duration is: 72.134019
2019-07-10 07:36:48.555 725 INFO rally.task.engine [-] Full runner duration is: 74.072078
2019-07-10 07:36:48.556 725 INFO rally.task.engine [-] Full duration is: 118.780567
2019-07-10 07:36:48.793 725 INFO rally.task.engine [-] Running workload: position = 0 config = { "version": 2, "title": "A cropped version of a bigger task.", "description": "Auto-generated task from a single workload (uuid=09dd4fbf-288d-47dc-8940-d6206eb9e86e)", "subtasks": [ { "title": "GlanceImages.create_and_deactivate_image", "description": "Create an image, then deactivate it.", "scenario": { "GlanceImages.create_and_deactivate_image": { "container_format": "bare", "disk_format": "qcow2", "image_location": "/home/opnfv/functest/images/cirros-0.4.0-x86_64-disk.img" } }, "contexts": { "users": { "tenants": 3, "users_per_tenant": 2 } }, "runner": { "constant": { "concurrency": 4, "times": 10 } }, "hooks": [], "sla": { "failure_rate": { "max": 0 } } } ] }
2019-07-10 07:36:48.817 725 RALLYDEBUG rally_openstack.contexts.keystone.users [-] Creating 3 tenants using 20 threads
2019-07-10 07:36:50.664 725 RALLYDEBUG rally_openstack.contexts.keystone.users [-] Creating 6 users using 20 threads
2019-07-10 07:36:53.239 725 INFO rally.task.context [-] Task a402c4eb-2e47-4175-add8-cb1f2d1d527c | Context users@openstack setup() finished in 4.42 sec
2019-07-10 07:36:53.239 725 INFO rally.task.context [-] Task a402c4eb-2e47-4175-add8-cb1f2d1d527c | Context cleanup@openstack setup() finished in 0.01 msec
2019-07-10 07:36:53.247 725 RALLYDEBUG rally.task.runner [-] Starting the constant runner (task UUID: a402c4eb-2e47-4175-add8-cb1f2d1d527c). timeout: 0 concurrency: 4 concurrency_per_worker: 1 times: 10 concurrency_overhead: 0 processes_to_start: 4 max_cpu_used: 16
2019-07-10 07:36:53.260 1385 RALLYDEBUG rally.task.runner [-] Starting a worker. concurrency: 1 args: {"container_format": "bare", "disk_format": "qcow2", "image_location": "/home/opnfv/functest/images/cirros-0.4.0-x86_64-disk.img"} times: 10 method_name: run timeout: 0 duration: None cls:
2019-07-10 07:36:53.262 1386 RALLYDEBUG rally.task.runner [-] Starting a worker. concurrency: 1 args: {"container_format": "bare", "disk_format": "qcow2", "image_location": "/home/opnfv/functest/images/cirros-0.4.0-x86_64-disk.img"} times: 10 method_name: run timeout: 0 duration: None cls:
2019-07-10 07:36:53.265 1387 RALLYDEBUG rally.task.runner [-] Starting a worker. concurrency: 1 args: {"container_format": "bare", "disk_format": "qcow2", "image_location": "/home/opnfv/functest/images/cirros-0.4.0-x86_64-disk.img"} times: 10 method_name: run timeout: 0 duration: None cls:
2019-07-10 07:36:53.267 1385 INFO rally.task.runner [-] Task a402c4eb-2e47-4175-add8-cb1f2d1d527c | ITER: 1 START
2019-07-10 07:36:53.268 1386 INFO rally.task.runner [-] Task a402c4eb-2e47-4175-add8-cb1f2d1d527c | ITER: 2 START
2019-07-10 07:36:53.268 1388 RALLYDEBUG rally.task.runner [-] Starting a worker. concurrency: 1 args: {"container_format": "bare", "disk_format": "qcow2", "image_location": "/home/opnfv/functest/images/cirros-0.4.0-x86_64-disk.img"} times: 10 method_name: run timeout: 0 duration: None cls:
2019-07-10 07:36:53.272 1387 INFO rally.task.runner [-] Task a402c4eb-2e47-4175-add8-cb1f2d1d527c | ITER: 3 START
2019-07-10 07:36:53.275 1388 INFO rally.task.runner [-] Task a402c4eb-2e47-4175-add8-cb1f2d1d527c | ITER: 4 START
2019-07-10 07:36:56.582 1386 RALLYDEBUG rally.task.utils [-] Waiting for resource u'4d4c0a1e-7402-4101-a6dc-32075f441cd7'. Status changed: NONE => QUEUED in 0.030219078064
2019-07-10 07:36:56.625 1388 RALLYDEBUG rally.task.utils [-] Waiting for resource u'923a504a-2b5c-4601-99fd-c9cedc8363c6'. Status changed: NONE => QUEUED in 0.0522859096527
2019-07-10 07:36:56.629 1385 RALLYDEBUG rally.task.utils [-] Waiting for resource u'761fd341-bc07-489b-9db1-b3ca1c55be26'. Status changed: NONE => QUEUED in 0.0462620258331
2019-07-10 07:36:56.633 1387 RALLYDEBUG rally.task.utils [-] Waiting for resource u'1f126fc6-3560-4205-8344-e0665779f865'. Status changed: NONE => QUEUED in 0.0489530563354
2019-07-10 07:36:57.770 1386 RALLYDEBUG rally.task.utils [-] Waiting for resource s_rally_09dd4fbf_i9whq33h. Status changed: QUEUED => ACTIVE in 0.0208120346069
2019-07-10 07:36:57.866 1386 INFO rally.task.runner [-] Task a402c4eb-2e47-4175-add8-cb1f2d1d527c | ITER: 2 END: OK
2019-07-10 07:36:57.870 1386 INFO rally.task.runner [-] Task a402c4eb-2e47-4175-add8-cb1f2d1d527c | ITER: 5 START
2019-07-10 07:36:59.864 1388 RALLYDEBUG rally.task.utils [-] Waiting for resource s_rally_09dd4fbf_sU0zwzhk. Status changed: QUEUED => ACTIVE in 0.0299251079559
2019-07-10 07:36:59.917 1385 RALLYDEBUG rally.task.utils [-] Waiting for resource s_rally_09dd4fbf_wPj0GQX0. Status changed: QUEUED => ACTIVE in 0.0330610275269
2019-07-10 07:36:59.920 1387 RALLYDEBUG rally.task.utils [-] Waiting for resource s_rally_09dd4fbf_JCjyZ7Fg. Status changed: QUEUED => ACTIVE in 0.0325391292572
2019-07-10 07:37:00.040 1388 INFO rally.task.runner [-] Task a402c4eb-2e47-4175-add8-cb1f2d1d527c | ITER: 4 END: OK
2019-07-10 07:37:00.044 1385 INFO rally.task.runner [-] Task a402c4eb-2e47-4175-add8-cb1f2d1d527c | ITER: 1 END: OK
2019-07-10 07:37:00.044 1388 INFO rally.task.runner [-] Task a402c4eb-2e47-4175-add8-cb1f2d1d527c | ITER: 6 START
2019-07-10 07:37:00.046 1387 INFO rally.task.runner [-] Task a402c4eb-2e47-4175-add8-cb1f2d1d527c | ITER: 3 END: OK
2019-07-10 07:37:00.048 1385 INFO rally.task.runner [-] Task a402c4eb-2e47-4175-add8-cb1f2d1d527c | ITER: 7 START
2019-07-10 07:37:00.050 1387 INFO rally.task.runner [-] Task a402c4eb-2e47-4175-add8-cb1f2d1d527c | ITER: 8 START
2019-07-10 07:37:01.155 1386 RALLYDEBUG rally.task.utils [-] Waiting for resource u'e06ec86f-678c-46a5-a32e-6a07cd48d5b2'. Status changed: NONE => QUEUED in 0.0277750492096
2019-07-10 07:37:01.941 1386 RALLYDEBUG rally.task.utils [-] Waiting for resource s_rally_09dd4fbf_uY4hejsi. Status changed: QUEUED => ACTIVE in 0.0189011096954
2019-07-10 07:37:02.013 1386 INFO rally.task.runner [-] Task a402c4eb-2e47-4175-add8-cb1f2d1d527c | ITER: 5 END: OK
2019-07-10 07:37:02.016 1386 INFO rally.task.runner [-] Task a402c4eb-2e47-4175-add8-cb1f2d1d527c | ITER: 9 START
2019-07-10 07:37:03.271 1387 RALLYDEBUG rally.task.utils [-] Waiting for resource u'c0f59615-23bd-4cb7-850f-08301aa53ffb'. Status changed: NONE => QUEUED in 0.0362968444824
2019-07-10 07:37:03.273 1385 RALLYDEBUG rally.task.utils [-] Waiting for resource u'4506b4f0-ee92-42b4-a98e-28b28b3a5e15'. Status changed: NONE => QUEUED in 0.033038854599
2019-07-10 07:37:03.341 1388 RALLYDEBUG rally.task.utils [-] Waiting for resource u'cc28ec0e-82c9-4e24-a69b-091cd8a923dd'. Status changed: NONE => QUEUED in 0.0611200332642
2019-07-10 07:37:05.190 1386 RALLYDEBUG rally.task.utils [-] Waiting for resource u'd562d53a-9407-43ed-8918-52615c22f535'. Status changed: NONE => QUEUED in 0.0293419361115
2019-07-10 07:37:06.122 1386 RALLYDEBUG rally.task.utils [-] Waiting for resource s_rally_09dd4fbf_nJWlTbQa. Status changed: QUEUED => ACTIVE in 0.0189270973206
2019-07-10 07:37:06.126 1387 RALLYDEBUG rally.task.utils [-] Waiting for resource s_rally_09dd4fbf_brqV5dpo. Status changed: QUEUED => ACTIVE in 0.0322818756104
2019-07-10 07:37:06.190 1388 RALLYDEBUG rally.task.utils [-] Waiting for resource s_rally_09dd4fbf_JlNRwcYq. Status changed: QUEUED => ACTIVE in 0.0437581539154
2019-07-10 07:37:06.195 1386 INFO rally.task.runner [-] Task a402c4eb-2e47-4175-add8-cb1f2d1d527c | ITER: 9 END: OK
2019-07-10 07:37:06.195 1385 RALLYDEBUG rally.task.utils [-] Waiting for resource s_rally_09dd4fbf_oaqiEeLs. Status changed: QUEUED => ACTIVE in 0.0468211174011
2019-07-10 07:37:06.199 1386 INFO rally.task.runner [-] Task a402c4eb-2e47-4175-add8-cb1f2d1d527c | ITER: 10 START
2019-07-10 07:37:06.314 1387 INFO rally.task.runner [-] Task a402c4eb-2e47-4175-add8-cb1f2d1d527c | ITER: 8 END: OK
2019-07-10 07:37:06.320 1388 INFO rally.task.runner [-] Task a402c4eb-2e47-4175-add8-cb1f2d1d527c | ITER: 6 END: OK
2019-07-10 07:37:06.323 1385 INFO rally.task.runner [-] Task a402c4eb-2e47-4175-add8-cb1f2d1d527c | ITER: 7 END: OK
2019-07-10 07:37:09.485 1386 RALLYDEBUG rally.task.utils [-] Waiting for resource u'e207d029-3a66-4b26-9e96-af4c7b9b569e'. Status changed: NONE => QUEUED in 0.0282309055328
2019-07-10 07:37:10.306 1386 RALLYDEBUG rally.task.utils [-] Waiting for resource s_rally_09dd4fbf_hf3P9t8n. Status changed: QUEUED => ACTIVE in 0.0182189941406
2019-07-10 07:37:10.373 1386 INFO rally.task.runner [-] Task a402c4eb-2e47-4175-add8-cb1f2d1d527c | ITER: 10 END: OK
2019-07-10 07:37:10.397 725 INFO rally.task.context [-] Task a402c4eb-2e47-4175-add8-cb1f2d1d527c | Context cleanup@openstack cleanup() started
2019-07-10 07:37:10.400 725 RALLYDEBUG rally_openstack.cleanup.manager [-] Cleaning up glance images objects
2019-07-10 07:37:12.792 725 RALLYDEBUG rally_openstack.cleanup.manager [-] Deleting glance.images object s_rally_09dd4fbf_uY4hejsi (e06ec86f-678c-46a5-a32e-6a07cd48d5b2)
2019-07-10 07:37:12.793 725 RALLYDEBUG rally_openstack.cleanup.manager [-] Deleting glance.images object s_rally_09dd4fbf_hf3P9t8n (e207d029-3a66-4b26-9e96-af4c7b9b569e)
2019-07-10 07:37:12.793 725 RALLYDEBUG rally_openstack.cleanup.manager [-] Deleting glance.images object s_rally_09dd4fbf_JlNRwcYq (cc28ec0e-82c9-4e24-a69b-091cd8a923dd)
2019-07-10 07:37:12.796 725 RALLYDEBUG rally_openstack.cleanup.manager [-] Deleting glance.images object s_rally_09dd4fbf_sU0zwzhk (923a504a-2b5c-4601-99fd-c9cedc8363c6)
2019-07-10 07:37:12.799 725 RALLYDEBUG rally_openstack.cleanup.manager [-] Deleting glance.images object s_rally_09dd4fbf_nJWlTbQa (d562d53a-9407-43ed-8918-52615c22f535)
2019-07-10 07:37:12.800 725 RALLYDEBUG rally_openstack.cleanup.manager [-] Deleting glance.images object s_rally_09dd4fbf_brqV5dpo (c0f59615-23bd-4cb7-850f-08301aa53ffb)
2019-07-10 07:37:12.807 725 RALLYDEBUG rally_openstack.cleanup.manager [-] Deleting glance.images object s_rally_09dd4fbf_wPj0GQX0 (761fd341-bc07-489b-9db1-b3ca1c55be26)
2019-07-10 07:37:12.807 725 RALLYDEBUG rally_openstack.cleanup.manager [-] Deleting glance.images object s_rally_09dd4fbf_i9whq33h (4d4c0a1e-7402-4101-a6dc-32075f441cd7)
2019-07-10 07:37:12.815 725 RALLYDEBUG rally_openstack.cleanup.manager [-] Deleting glance.images object s_rally_09dd4fbf_oaqiEeLs (4506b4f0-ee92-42b4-a98e-28b28b3a5e15)
2019-07-10 07:37:12.815 725 RALLYDEBUG rally_openstack.cleanup.manager [-] Deleting glance.images object s_rally_09dd4fbf_JCjyZ7Fg (1f126fc6-3560-4205-8344-e0665779f865)
2019-07-10 07:37:13.994 725 DEBUG glanceclient.common.http [-] Request returned failure status 404. _handle_response /usr/lib/python2.7/site-packages/glanceclient/common/http.py:125
2019-07-10 07:37:14.010 725 DEBUG glanceclient.common.http [-] Request returned failure status 404. _handle_response /usr/lib/python2.7/site-packages/glanceclient/common/http.py:125
2019-07-10 07:37:15.099 725 DEBUG glanceclient.common.http [-] Request returned failure status 404. _handle_response /usr/lib/python2.7/site-packages/glanceclient/common/http.py:125
2019-07-10 07:37:15.118 725 DEBUG glanceclient.common.http [-] Request returned failure status 404. _handle_response /usr/lib/python2.7/site-packages/glanceclient/common/http.py:125
2019-07-10 07:37:15.125 725 DEBUG glanceclient.common.http [-] Request returned failure status 404. _handle_response /usr/lib/python2.7/site-packages/glanceclient/common/http.py:125
2019-07-10 07:37:15.128 725 DEBUG glanceclient.common.http [-] Request returned failure status 404. _handle_response /usr/lib/python2.7/site-packages/glanceclient/common/http.py:125
2019-07-10 07:37:15.140 725 DEBUG glanceclient.common.http [-] Request returned failure status 404. _handle_response /usr/lib/python2.7/site-packages/glanceclient/common/http.py:125
2019-07-10 07:37:15.143 725 DEBUG glanceclient.common.http [-] Request returned failure status 404. _handle_response /usr/lib/python2.7/site-packages/glanceclient/common/http.py:125
2019-07-10 07:37:15.148 725 DEBUG glanceclient.common.http [-] Request returned failure status 404. _handle_response /usr/lib/python2.7/site-packages/glanceclient/common/http.py:125
2019-07-10 07:37:15.153 725 DEBUG glanceclient.common.http [-] Request returned failure status 404. _handle_response /usr/lib/python2.7/site-packages/glanceclient/common/http.py:125
2019-07-10 07:37:15.158 725 DEBUG glanceclient.common.http [-] Request returned failure status 404. _handle_response /usr/lib/python2.7/site-packages/glanceclient/common/http.py:125
2019-07-10 07:37:15.161 725 DEBUG glanceclient.common.http [-] Request returned failure status 404. _handle_response /usr/lib/python2.7/site-packages/glanceclient/common/http.py:125
2019-07-10 07:37:15.163 725 DEBUG glanceclient.common.http [-] Request returned failure status 404. _handle_response /usr/lib/python2.7/site-packages/glanceclient/common/http.py:125
2019-07-10 07:37:15.164 725 DEBUG glanceclient.common.http [-] Request returned failure status 404. _handle_response /usr/lib/python2.7/site-packages/glanceclient/common/http.py:125
2019-07-10 07:37:15.165 725 DEBUG glanceclient.common.http [-] Request returned failure status 404. _handle_response /usr/lib/python2.7/site-packages/glanceclient/common/http.py:125
2019-07-10 07:37:15.174 725 DEBUG glanceclient.common.http [-] Request returned failure status 404. _handle_response /usr/lib/python2.7/site-packages/glanceclient/common/http.py:125
2019-07-10 07:37:15.184 725 DEBUG glanceclient.common.http [-] Request returned failure status 404. _handle_response /usr/lib/python2.7/site-packages/glanceclient/common/http.py:125
2019-07-10 07:37:15.184 725 DEBUG glanceclient.common.http [-] Request returned failure status 404. _handle_response /usr/lib/python2.7/site-packages/glanceclient/common/http.py:125
2019-07-10 07:37:15.185 725 DEBUG glanceclient.common.http [-] Request returned failure status 404. _handle_response /usr/lib/python2.7/site-packages/glanceclient/common/http.py:125
2019-07-10 07:37:15.187 725 DEBUG glanceclient.common.http [-] Request returned failure status 404. _handle_response /usr/lib/python2.7/site-packages/glanceclient/common/http.py:125
2019-07-10 07:37:16.189 725 INFO rally.task.context [-] Task a402c4eb-2e47-4175-add8-cb1f2d1d527c | Context cleanup@openstack cleanup() finished in 5.79 sec
2019-07-10 07:37:16.190 725 INFO rally.task.context [-] Task a402c4eb-2e47-4175-add8-cb1f2d1d527c | Context users@openstack cleanup() started
2019-07-10 07:37:23.332 725 INFO rally.task.context [-] Task a402c4eb-2e47-4175-add8-cb1f2d1d527c | Context users@openstack cleanup() finished in 7.14 sec
2019-07-10 07:37:24.973 725 INFO rally.task.engine [-] Load duration is: 16.244266
2019-07-10 07:37:24.974 725 INFO rally.task.engine [-] Full runner duration is: 17.151019
2019-07-10 07:37:24.974 725 INFO rally.task.engine [-] Full duration is: 34.51803
2019-07-10 07:37:25.220 725 INFO rally.task.engine [-] Running workload: position = 0 config = { "version": 2, "title": "A cropped version of a bigger task.", "description": "Auto-generated task from a single workload (uuid=f0a520cc-53c9-401c-bf65-b222ef4cd82a)", "subtasks": [ { "title": "GlanceImages.create_and_download_image", "description": "Create an image, then download data of the image.", "scenario": { "GlanceImages.create_and_download_image": { "container_format": "bare", "disk_format": "qcow2", "image_location": "/home/opnfv/functest/images/cirros-0.4.0-x86_64-disk.img" } }, "contexts": { "users": { "tenants": 3, "users_per_tenant": 2 } }, "runner": { "constant": { "concurrency": 4, "times": 10 } }, "hooks": [], "sla": { "failure_rate": { "max": 0 } } } ] }
2019-07-10 07:37:25.255 725 RALLYDEBUG rally_openstack.contexts.keystone.users [-] Creating 3 tenants using 20 threads
2019-07-10 07:37:27.049 725 RALLYDEBUG rally_openstack.contexts.keystone.users [-] Creating 6 users using 20 threads
2019-07-10 07:37:29.639 725 INFO rally.task.context [-] Task a402c4eb-2e47-4175-add8-cb1f2d1d527c | Context users@openstack setup() finished in 4.38 sec
2019-07-10 07:37:29.639 725 INFO rally.task.context [-] Task a402c4eb-2e47-4175-add8-cb1f2d1d527c | Context cleanup@openstack setup() finished in 0.01 msec
2019-07-10 07:37:29.647 725 RALLYDEBUG rally.task.runner [-] Starting the constant runner (task UUID: a402c4eb-2e47-4175-add8-cb1f2d1d527c). timeout: 0 concurrency: 4 concurrency_per_worker: 1 times: 10 concurrency_overhead: 0 processes_to_start: 4 max_cpu_used: 16
2019-07-10 07:37:29.661 1509 RALLYDEBUG rally.task.runner [-] Starting a worker. concurrency: 1 args: {"container_format": "bare", "disk_format": "qcow2", "image_location": "/home/opnfv/functest/images/cirros-0.4.0-x86_64-disk.img"} times: 10 method_name: run timeout: 0 duration: None cls:
2019-07-10 07:37:29.663 1510 RALLYDEBUG rally.task.runner [-] Starting a worker. concurrency: 1 args: {"container_format": "bare", "disk_format": "qcow2", "image_location": "/home/opnfv/functest/images/cirros-0.4.0-x86_64-disk.img"} times: 10 method_name: run timeout: 0 duration: None cls:
2019-07-10 07:37:29.666 1511 RALLYDEBUG rally.task.runner [-] Starting a worker. concurrency: 1 args: {"container_format": "bare", "disk_format": "qcow2", "image_location": "/home/opnfv/functest/images/cirros-0.4.0-x86_64-disk.img"} times: 10 method_name: run timeout: 0 duration: None cls:
2019-07-10 07:37:29.669 1509 INFO rally.task.runner [-] Task a402c4eb-2e47-4175-add8-cb1f2d1d527c | ITER: 1 START
2019-07-10 07:37:29.669 1512 RALLYDEBUG rally.task.runner [-] Starting a worker. concurrency: 1 args: {"container_format": "bare", "disk_format": "qcow2", "image_location": "/home/opnfv/functest/images/cirros-0.4.0-x86_64-disk.img"} times: 10 method_name: run timeout: 0 duration: None cls:
2019-07-10 07:37:29.671 1510 INFO rally.task.runner [-] Task a402c4eb-2e47-4175-add8-cb1f2d1d527c | ITER: 2 START
2019-07-10 07:37:29.674 1511 INFO rally.task.runner [-] Task a402c4eb-2e47-4175-add8-cb1f2d1d527c | ITER: 3 START
2019-07-10 07:37:29.675 1512 INFO rally.task.runner [-] Task a402c4eb-2e47-4175-add8-cb1f2d1d527c | ITER: 4 START
2019-07-10 07:37:32.981 1510 RALLYDEBUG rally.task.utils [-] Waiting for resource u'134e4185-5382-4ee2-ad2f-646d84e3595e'. Status changed: NONE => QUEUED in 0.0319521427155
2019-07-10 07:37:33.023 1511 RALLYDEBUG rally.task.utils [-] Waiting for resource u'0bb026be-0ae3-4086-925b-e47fb8c97761'. Status changed: NONE => QUEUED in 0.0386419296265
2019-07-10 07:37:33.032 1509 RALLYDEBUG rally.task.utils [-] Waiting for resource u'4e1ef1d9-a738-47df-9642-ffae9ee5f45c'. Status changed: NONE => QUEUED in 0.0308439731598
2019-07-10 07:37:33.105 1512 RALLYDEBUG rally.task.utils [-] Waiting for resource u'92b9fc28-66f0-4319-9e34-71fc65ed2c7a'. Status changed: NONE => QUEUED in 0.0282011032104
2019-07-10 07:37:33.763 1512 RALLYDEBUG rally.task.utils [-] Waiting for resource s_rally_f0a520cc_92glJVN4. Status changed: QUEUED => ACTIVE in 0.0232760906219
2019-07-10 07:37:33.800 1509 RALLYDEBUG rally.task.utils [-] Waiting for resource s_rally_f0a520cc_WLfx1kjg. Status changed: QUEUED => ACTIVE in 0.054515838623
2019-07-10 07:37:34.165 1509 INFO rally.task.runner [-] Task a402c4eb-2e47-4175-add8-cb1f2d1d527c | ITER: 1 END: OK
2019-07-10 07:37:34.169 1509 INFO rally.task.runner [-] Task a402c4eb-2e47-4175-add8-cb1f2d1d527c | ITER: 5 START
2019-07-10 07:37:34.172 1512 INFO rally.task.runner [-] Task a402c4eb-2e47-4175-add8-cb1f2d1d527c | ITER: 4 END: OK
2019-07-10 07:37:34.176 1512 INFO rally.task.runner [-] Task a402c4eb-2e47-4175-add8-cb1f2d1d527c | ITER: 6 START
2019-07-10 07:37:34.777 1510 RALLYDEBUG rally.task.utils [-] Waiting for resource s_rally_f0a520cc_GcXEQ7xN. Status changed: QUEUED => ACTIVE in 0.0239419937134
2019-07-10 07:37:34.810 1511 RALLYDEBUG rally.task.utils [-] Waiting for resource s_rally_f0a520cc_k80X3WIe. Status changed: QUEUED => ACTIVE in 0.0217380523682
2019-07-10 07:37:34.939 1510 INFO rally.task.runner [-] Task a402c4eb-2e47-4175-add8-cb1f2d1d527c | ITER: 2 END: OK
2019-07-10 07:37:34.943 1510 INFO rally.task.runner [-] Task a402c4eb-2e47-4175-add8-cb1f2d1d527c | ITER: 7 START
2019-07-10 07:37:35.069 1511 INFO rally.task.runner [-] Task a402c4eb-2e47-4175-add8-cb1f2d1d527c | ITER: 3 END: OK
2019-07-10 07:37:35.073 1511 INFO rally.task.runner [-] Task a402c4eb-2e47-4175-add8-cb1f2d1d527c | ITER: 8 START
2019-07-10 07:37:37.557 1509 RALLYDEBUG rally.task.utils [-] Waiting for resource u'ae1edf61-f145-43c6-b9b8-74a0ba7bc841'. Status changed: NONE => QUEUED in 0.0402331352234
2019-07-10 07:37:37.560 1512 RALLYDEBUG rally.task.utils [-] Waiting for resource u'a89812fc-75fe-4954-a968-110676e0ab6f'. Status changed: NONE => QUEUED in 0.0385158061981
2019-07-10 07:37:38.223 1510 RALLYDEBUG rally.task.utils [-] Waiting for resource u'7fca15ac-b074-4dd3-b8a2-1aeba7d8b968'. Status changed: NONE => QUEUED in 0.0278279781342
2019-07-10 07:37:38.358 1511 RALLYDEBUG rally.task.utils [-] Waiting for resource u'ce1fc801-01f3-4661-99ce-3d8feb3efe3d'. Status changed: NONE => QUEUED in 0.0247218608856
2019-07-10 07:37:39.143 1511 RALLYDEBUG rally.task.utils [-] Waiting for resource s_rally_f0a520cc_IOo6V7BG. Status changed: QUEUED => ACTIVE in 0.0231211185455
2019-07-10 07:37:39.152 1510 RALLYDEBUG rally.task.utils [-] Waiting for resource s_rally_f0a520cc_YLjCpdY9. Status changed: QUEUED => ACTIVE in 0.0232989788055
2019-07-10 07:37:39.175 1509 RALLYDEBUG rally.task.utils [-] Waiting for resource s_rally_f0a520cc_qhY0gS6L. Status changed: QUEUED => ACTIVE in 0.036162853241
2019-07-10 07:37:39.179 1512 RALLYDEBUG rally.task.utils [-] Waiting for resource s_rally_f0a520cc_lbjHEx7S. Status changed: QUEUED => ACTIVE in 0.0361440181732
2019-07-10 07:37:39.324 1511 INFO rally.task.runner [-] Task a402c4eb-2e47-4175-add8-cb1f2d1d527c | ITER: 8 END: OK
2019-07-10 07:37:39.328 1511 INFO rally.task.runner [-] Task a402c4eb-2e47-4175-add8-cb1f2d1d527c | ITER: 9 START
2019-07-10 07:37:39.339 1510 INFO rally.task.runner [-] Task a402c4eb-2e47-4175-add8-cb1f2d1d527c | ITER: 7 END: OK
2019-07-10 07:37:39.343 1510 INFO rally.task.runner [-] Task a402c4eb-2e47-4175-add8-cb1f2d1d527c | ITER: 10 START
2019-07-10 07:37:39.360 1509 INFO rally.task.runner [-] Task a402c4eb-2e47-4175-add8-cb1f2d1d527c | ITER: 5 END: OK
2019-07-10 07:37:39.492 1512 INFO rally.task.runner [-] Task a402c4eb-2e47-4175-add8-cb1f2d1d527c | ITER: 6 END: OK
2019-07-10 07:37:42.521 1511 RALLYDEBUG rally.task.utils [-] Waiting for resource u'20bdd56f-d7ca-44de-b913-4201a38caaf9'. Status changed: NONE => QUEUED in 0.030131816864
2019-07-10 07:37:42.521 1510 RALLYDEBUG rally.task.utils [-] Waiting for resource u'42b164f4-118c-4e75-95d1-34b470054c59'. Status changed: NONE => QUEUED in 0.0264818668365
2019-07-10 07:37:43.790 1510 RALLYDEBUG rally.task.utils [-] Waiting for resource s_rally_f0a520cc_iPe7pwRU. Status changed: QUEUED => ACTIVE in 0.0189788341522
2019-07-10 07:37:43.790 1511 RALLYDEBUG rally.task.utils [-] Waiting for resource s_rally_f0a520cc_hPd6FKZA. Status changed: QUEUED => ACTIVE in 0.0198469161987
2019-07-10 07:37:43.942 1511 INFO rally.task.runner [-] Task a402c4eb-2e47-4175-add8-cb1f2d1d527c | ITER: 9 END: OK
2019-07-10 07:37:43.942 1510 INFO rally.task.runner [-] Task a402c4eb-2e47-4175-add8-cb1f2d1d527c | ITER: 10 END: OK
2019-07-10 07:37:43.967 725 INFO rally.task.context [-] Task a402c4eb-2e47-4175-add8-cb1f2d1d527c | Context cleanup@openstack cleanup() started
2019-07-10 07:37:43.970 725 RALLYDEBUG rally_openstack.cleanup.manager [-] Cleaning up glance images objects
2019-07-10 07:37:46.251 725 RALLYDEBUG rally_openstack.cleanup.manager [-] Deleting glance.images object s_rally_f0a520cc_92glJVN4 (92b9fc28-66f0-4319-9e34-71fc65ed2c7a)
2019-07-10 07:37:46.261 725 RALLYDEBUG rally_openstack.cleanup.manager [-] Deleting glance.images object s_rally_f0a520cc_WLfx1kjg (4e1ef1d9-a738-47df-9642-ffae9ee5f45c)
2019-07-10 07:37:46.261 725 RALLYDEBUG rally_openstack.cleanup.manager [-] Deleting glance.images object s_rally_f0a520cc_hPd6FKZA (20bdd56f-d7ca-44de-b913-4201a38caaf9)
2019-07-10 07:37:46.269 725 RALLYDEBUG rally_openstack.cleanup.manager [-] Deleting glance.images object s_rally_f0a520cc_qhY0gS6L (ae1edf61-f145-43c6-b9b8-74a0ba7bc841)
2019-07-10 07:37:46.270 725 RALLYDEBUG rally_openstack.cleanup.manager [-] Deleting glance.images object s_rally_f0a520cc_k80X3WIe (0bb026be-0ae3-4086-925b-e47fb8c97761)
2019-07-10 07:37:46.275 725 RALLYDEBUG rally_openstack.cleanup.manager [-] Deleting glance.images object s_rally_f0a520cc_YLjCpdY9 (7fca15ac-b074-4dd3-b8a2-1aeba7d8b968)
2019-07-10 07:37:46.278 725 RALLYDEBUG rally_openstack.cleanup.manager [-] Deleting glance.images object s_rally_f0a520cc_GcXEQ7xN (134e4185-5382-4ee2-ad2f-646d84e3595e)
2019-07-10 07:37:46.278 725 RALLYDEBUG rally_openstack.cleanup.manager [-] Deleting glance.images object s_rally_f0a520cc_IOo6V7BG (ce1fc801-01f3-4661-99ce-3d8feb3efe3d)
2019-07-10 07:37:46.279 725 RALLYDEBUG rally_openstack.cleanup.manager [-] Deleting glance.images object s_rally_f0a520cc_lbjHEx7S (a89812fc-75fe-4954-a968-110676e0ab6f)
2019-07-10 07:37:46.294 725 RALLYDEBUG rally_openstack.cleanup.manager [-] Deleting glance.images object s_rally_f0a520cc_iPe7pwRU (42b164f4-118c-4e75-95d1-34b470054c59)
2019-07-10 07:37:47.917 725 DEBUG glanceclient.common.http [-] Request returned failure status 404. _handle_response /usr/lib/python2.7/site-packages/glanceclient/common/http.py:125
2019-07-10 07:37:47.931 725 DEBUG glanceclient.common.http [-] Request returned failure status 404. _handle_response /usr/lib/python2.7/site-packages/glanceclient/common/http.py:125
2019-07-10 07:37:47.944 725 DEBUG glanceclient.common.http [-] Request returned failure status 404. _handle_response /usr/lib/python2.7/site-packages/glanceclient/common/http.py:125
2019-07-10 07:37:47.958 725 DEBUG glanceclient.common.http [-] Request returned failure status 404. _handle_response /usr/lib/python2.7/site-packages/glanceclient/common/http.py:125
2019-07-10 07:37:47.961 725 DEBUG glanceclient.common.http [-] Request returned failure status 404. _handle_response /usr/lib/python2.7/site-packages/glanceclient/common/http.py:125
2019-07-10 07:37:47.963 725 DEBUG glanceclient.common.http [-] Request returned failure status 404. _handle_response /usr/lib/python2.7/site-packages/glanceclient/common/http.py:125
2019-07-10 07:37:47.966 725 DEBUG glanceclient.common.http [-] Request returned failure status 404. _handle_response /usr/lib/python2.7/site-packages/glanceclient/common/http.py:125
2019-07-10 07:37:47.972 725 DEBUG glanceclient.common.http [-] Request returned failure status 404. _handle_response /usr/lib/python2.7/site-packages/glanceclient/common/http.py:125
2019-07-10 07:37:47.980 725 DEBUG glanceclient.common.http [-] Request returned failure status 404. _handle_response /usr/lib/python2.7/site-packages/glanceclient/common/http.py:125
2019-07-10 07:37:47.982 725 DEBUG glanceclient.common.http [-] Request returned failure status 404. _handle_response /usr/lib/python2.7/site-packages/glanceclient/common/http.py:125
2019-07-10 07:37:48.856 725 DEBUG glanceclient.common.http [-] Request returned failure status 404. _handle_response /usr/lib/python2.7/site-packages/glanceclient/common/http.py:125
2019-07-10 07:37:48.874 725 DEBUG glanceclient.common.http [-] Request returned failure status 404. _handle_response /usr/lib/python2.7/site-packages/glanceclient/common/http.py:125
2019-07-10 07:37:48.875 725 DEBUG glanceclient.common.http [-] Request returned failure status 404. _handle_response /usr/lib/python2.7/site-packages/glanceclient/common/http.py:125
2019-07-10 07:37:48.891 725 DEBUG glanceclient.common.http [-] Request returned failure status 404. _handle_response /usr/lib/python2.7/site-packages/glanceclient/common/http.py:125
2019-07-10 07:37:49.997 725 DEBUG glanceclient.common.http [-] Request returned failure status 404. _handle_response /usr/lib/python2.7/site-packages/glanceclient/common/http.py:125
2019-07-10 07:37:50.020 725 DEBUG glanceclient.common.http [-] Request returned failure status 404. _handle_response /usr/lib/python2.7/site-packages/glanceclient/common/http.py:125
2019-07-10 07:37:50.025 725 DEBUG glanceclient.common.http [-] Request returned failure status 404. _handle_response /usr/lib/python2.7/site-packages/glanceclient/common/http.py:125
2019-07-10 07:37:50.031 725 DEBUG glanceclient.common.http [-] Request returned failure status 404. _handle_response /usr/lib/python2.7/site-packages/glanceclient/common/http.py:125
2019-07-10 07:37:50.035 725 DEBUG glanceclient.common.http [-] Request returned failure status 404. _handle_response /usr/lib/python2.7/site-packages/glanceclient/common/http.py:125
2019-07-10 07:37:50.043 725 DEBUG glanceclient.common.http [-] Request returned failure status 404. _handle_response /usr/lib/python2.7/site-packages/glanceclient/common/http.py:125
2019-07-10 07:37:51.046 725 INFO rally.task.context [-] Task a402c4eb-2e47-4175-add8-cb1f2d1d527c | Context cleanup@openstack cleanup() finished in 7.08 sec
2019-07-10 07:37:51.046 725 INFO rally.task.context [-] Task a402c4eb-2e47-4175-add8-cb1f2d1d527c | Context users@openstack cleanup() started
2019-07-10 07:37:58.017 725 INFO rally.task.context [-] Task a402c4eb-2e47-4175-add8-cb1f2d1d527c | Context users@openstack cleanup() finished in 6.97 sec
2019-07-10 07:37:59.394 725 INFO rally.task.engine [-] Load duration is: 13.398463
2019-07-10 07:37:59.394 725 INFO rally.task.engine [-] Full runner duration is: 14.320525
2019-07-10 07:37:59.395 725 INFO rally.task.engine [-] Full duration is: 32.765257
2019-07-10 07:37:59.645 725 INFO rally.task.engine [-] Running workload: position = 0 config = { "version": 2, "title": "A cropped version of a bigger task.", "description": "Auto-generated task from a single workload (uuid=24600a1c-aa31-47ed-a9ac-5b72b7c3897f)", "subtasks": [ { "title": "GlanceImages.create_and_get_image", "description": "Create and get detailed information of an image.", "scenario": { "GlanceImages.create_and_get_image": { "container_format": "bare", "disk_format": "qcow2", "image_location": "/home/opnfv/functest/images/cirros-0.4.0-x86_64-disk.img" } }, "contexts": { "users": { "tenants": 3, "users_per_tenant": 2 } }, "runner": { "constant": { "concurrency": 4, "times": 10 } }, "hooks": [], "sla": { "failure_rate": { "max": 0 } } } ] }
2019-07-10 07:37:59.665 725 RALLYDEBUG rally_openstack.contexts.keystone.users [-] Creating 3 tenants using 20 threads
2019-07-10 07:38:01.373 725 RALLYDEBUG rally_openstack.contexts.keystone.users [-] Creating 6 users using 20 threads
2019-07-10 07:38:04.080 725 INFO rally.task.context [-] Task a402c4eb-2e47-4175-add8-cb1f2d1d527c | Context users@openstack setup() finished in 4.42 sec
2019-07-10 07:38:04.081 725 INFO rally.task.context [-] Task a402c4eb-2e47-4175-add8-cb1f2d1d527c | Context cleanup@openstack setup() finished in 0.01 msec
2019-07-10 07:38:04.088 725 RALLYDEBUG rally.task.runner [-] Starting the constant runner (task UUID: a402c4eb-2e47-4175-add8-cb1f2d1d527c). timeout: 0 concurrency: 4 concurrency_per_worker: 1 times: 10 concurrency_overhead: 0 processes_to_start: 4 max_cpu_used: 16
2019-07-10 07:38:04.098 1633 RALLYDEBUG rally.task.runner [-] Starting a worker. concurrency: 1 args: {"container_format": "bare", "disk_format": "qcow2", "image_location": "/home/opnfv/functest/images/cirros-0.4.0-x86_64-disk.img"} times: 10 method_name: run timeout: 0 duration: None cls:
2019-07-10 07:38:04.102 1633 INFO rally.task.runner [-] Task a402c4eb-2e47-4175-add8-cb1f2d1d527c | ITER: 1 START
2019-07-10 07:38:04.104 1634 RALLYDEBUG rally.task.runner [-] Starting a worker. concurrency: 1 args: {"container_format": "bare", "disk_format": "qcow2", "image_location": "/home/opnfv/functest/images/cirros-0.4.0-x86_64-disk.img"} times: 10 method_name: run timeout: 0 duration: None cls:
2019-07-10 07:38:04.108 1635 RALLYDEBUG rally.task.runner [-] Starting a worker. concurrency: 1 args: {"container_format": "bare", "disk_format": "qcow2", "image_location": "/home/opnfv/functest/images/cirros-0.4.0-x86_64-disk.img"} times: 10 method_name: run timeout: 0 duration: None cls:
2019-07-10 07:38:04.110 1634 INFO rally.task.runner [-] Task a402c4eb-2e47-4175-add8-cb1f2d1d527c | ITER: 2 START
2019-07-10 07:38:04.110 1638 RALLYDEBUG rally.task.runner [-] Starting a worker. concurrency: 1 args: {"container_format": "bare", "disk_format": "qcow2", "image_location": "/home/opnfv/functest/images/cirros-0.4.0-x86_64-disk.img"} times: 10 method_name: run timeout: 0 duration: None cls:
2019-07-10 07:38:04.115 1635 INFO rally.task.runner [-] Task a402c4eb-2e47-4175-add8-cb1f2d1d527c | ITER: 3 START
2019-07-10 07:38:04.116 1638 INFO rally.task.runner [-] Task a402c4eb-2e47-4175-add8-cb1f2d1d527c | ITER: 4 START
2019-07-10 07:38:07.410 1635 RALLYDEBUG rally.task.utils [-] Waiting for resource u'd6990ac4-265b-4fb6-bce4-b992858079d8'. Status changed: NONE => QUEUED in 0.0293321609497
2019-07-10 07:38:07.420 1638 RALLYDEBUG rally.task.utils [-] Waiting for resource u'beebc54f-ec75-4ac9-a103-fe3b242556f1'. Status changed: NONE => QUEUED in 0.0275650024414
2019-07-10 07:38:07.556 1634 RALLYDEBUG rally.task.utils [-] Waiting for resource u'e92f78d9-a784-4033-a593-fbfdc2438765'. Status changed: NONE => QUEUED in 0.0306079387665
2019-07-10 07:38:07.825 1633 RALLYDEBUG rally.task.utils [-] Waiting for resource u'826deac8-f268-4c2b-895b-ca16a235f0c2'. Status changed: NONE => QUEUED in 0.355135917664
2019-07-10 07:38:07.867 1635 RALLYDEBUG rally.task.utils [-] Waiting for resource s_rally_24600a1c_QFfdym2m. Status changed: QUEUED => ACTIVE in 0.0203549861908
2019-07-10 07:38:07.886 1635 INFO rally.task.runner [-] Task a402c4eb-2e47-4175-add8-cb1f2d1d527c | ITER: 3 END: OK
2019-07-10 07:38:07.890 1635 INFO rally.task.runner [-] Task a402c4eb-2e47-4175-add8-cb1f2d1d527c | ITER: 5 START
2019-07-10 07:38:07.890 1638 RALLYDEBUG rally.task.utils [-] Waiting for resource s_rally_24600a1c_8febGQVD. Status changed: QUEUED => ACTIVE in 0.0231931209564
2019-07-10 07:38:08.886 1638 INFO rally.task.runner [-] Task a402c4eb-2e47-4175-add8-cb1f2d1d527c | ITER: 4 END: OK
2019-07-10 07:38:08.890 1638 INFO rally.task.runner [-] Task a402c4eb-2e47-4175-add8-cb1f2d1d527c | ITER: 6 START
2019-07-10 07:38:08.945 1634 RALLYDEBUG rally.task.utils [-] Waiting for resource s_rally_24600a1c_Puw00wDl. Status changed: QUEUED => ACTIVE in 0.0179128646851
2019-07-10 07:38:08.948 1633 RALLYDEBUG rally.task.utils [-] Waiting for resource s_rally_24600a1c_RiaantNW. Status changed: QUEUED => ACTIVE in 0.0187358856201
2019-07-10 07:38:08.962 1634 INFO rally.task.runner [-] Task a402c4eb-2e47-4175-add8-cb1f2d1d527c | ITER: 2 END: OK
2019-07-10 07:38:08.966 1634 INFO rally.task.runner [-] Task a402c4eb-2e47-4175-add8-cb1f2d1d527c | ITER: 7 START
2019-07-10 07:38:08.966 1633 INFO rally.task.runner [-] Task a402c4eb-2e47-4175-add8-cb1f2d1d527c | ITER: 1 END: OK
2019-07-10 07:38:08.970 1633 INFO rally.task.runner [-] Task a402c4eb-2e47-4175-add8-cb1f2d1d527c | ITER: 8 START
2019-07-10 07:38:11.162 1635 RALLYDEBUG rally.task.utils [-] Waiting for resource u'2ccb7e60-aec7-4ea3-973f-76409a459383'. Status changed: NONE => QUEUED in 0.0281648635864
2019-07-10 07:38:12.025 1635 RALLYDEBUG rally.task.utils [-] Waiting for resource s_rally_24600a1c_RCbWJo0f. Status changed: QUEUED => ACTIVE in 0.0182580947876
2019-07-10 07:38:12.042 1635 INFO rally.task.runner [-] Task a402c4eb-2e47-4175-add8-cb1f2d1d527c | ITER: 5 END: OK
2019-07-10 07:38:12.047 1635 INFO rally.task.runner [-] Task a402c4eb-2e47-4175-add8-cb1f2d1d527c | ITER: 9 START
2019-07-10 07:38:12.238 1638 RALLYDEBUG rally.task.utils [-] Waiting for resource u'87924158-6c84-4242-a8b7-2457066b90de'. Status changed: NONE => QUEUED in 0.0263900756836
2019-07-10 07:38:12.297 1634 RALLYDEBUG rally.task.utils [-] Waiting for resource u'be523f57-b034-46fd-8b47-85d739085e03'. Status changed: NONE => QUEUED in 0.0257630348206
2019-07-10 07:38:12.320 1633 RALLYDEBUG rally.task.utils [-] Waiting for resource u'8d6199d8-708f-41f0-b63c-bd41fb731353'. Status changed: NONE => QUEUED in 0.0257921218872
2019-07-10 07:38:13.072 1638 RALLYDEBUG rally.task.utils [-] Waiting for resource s_rally_24600a1c_GS9O7xpj. Status changed: QUEUED => ACTIVE in 0.0178492069244
2019-07-10 07:38:13.092 1638 INFO rally.task.runner [-] Task a402c4eb-2e47-4175-add8-cb1f2d1d527c | ITER: 6 END: OK
2019-07-10 07:38:13.096 1638 INFO rally.task.runner [-] Task a402c4eb-2e47-4175-add8-cb1f2d1d527c | ITER: 10 START
2019-07-10 07:38:13.097 1634 RALLYDEBUG rally.task.utils [-] Waiting for resource s_rally_24600a1c_S8i2W0yw. Status changed: QUEUED => ACTIVE in 0.0169060230255
