2019-07-10 07:52:14.092 3661 RALLYDEBUG rally.task.runner [-] Starting a worker. concurrency: 1 args: {"size": {"min": 1, "max": 1}} times: 10 method_name: run timeout: 0 duration: None cls:
2019-07-10 07:52:14.094 3659 INFO rally.task.runner [-] Task e3b8e3c6-62d7-431e-b8cc-94705ffa5878 | ITER: 2 START
2019-07-10 07:52:14.096 3660 INFO rally.task.runner [-] Task e3b8e3c6-62d7-431e-b8cc-94705ffa5878 | ITER: 3 START
2019-07-10 07:52:14.100 3661 INFO rally.task.runner [-] Task e3b8e3c6-62d7-431e-b8cc-94705ffa5878 | ITER: 4 START
2019-07-10 07:52:17.701 3658 INFO rally.task.runner [-] Task e3b8e3c6-62d7-431e-b8cc-94705ffa5878 | ITER: 1 END: OK
2019-07-10 07:52:17.707 3658 INFO rally.task.runner [-] Task e3b8e3c6-62d7-431e-b8cc-94705ffa5878 | ITER: 5 START
2019-07-10 07:52:18.482 3661 INFO rally.task.runner [-] Task e3b8e3c6-62d7-431e-b8cc-94705ffa5878 | ITER: 4 END: OK
2019-07-10 07:52:18.488 3661 INFO rally.task.runner [-] Task e3b8e3c6-62d7-431e-b8cc-94705ffa5878 | ITER: 6 START
2019-07-10 07:52:18.632 3659 INFO rally.task.runner [-] Task e3b8e3c6-62d7-431e-b8cc-94705ffa5878 | ITER: 2 END: OK
2019-07-10 07:52:18.638 3659 INFO rally.task.runner [-] Task e3b8e3c6-62d7-431e-b8cc-94705ffa5878 | ITER: 7 START
2019-07-10 07:52:18.673 3660 INFO rally.task.runner [-] Task e3b8e3c6-62d7-431e-b8cc-94705ffa5878 | ITER: 3 END: OK
2019-07-10 07:52:18.679 3660 INFO rally.task.runner [-] Task e3b8e3c6-62d7-431e-b8cc-94705ffa5878 | ITER: 8 START
2019-07-10 07:52:20.903 3658 INFO rally.task.runner [-] Task e3b8e3c6-62d7-431e-b8cc-94705ffa5878 | ITER: 5 END: OK
2019-07-10 07:52:20.908 3658 INFO rally.task.runner [-] Task e3b8e3c6-62d7-431e-b8cc-94705ffa5878 | ITER: 9 START
2019-07-10 07:52:21.880 3660 INFO rally.task.runner [-] Task e3b8e3c6-62d7-431e-b8cc-94705ffa5878 | ITER: 8 END: OK
2019-07-10 07:52:21.885 3660 INFO rally.task.runner [-] Task e3b8e3c6-62d7-431e-b8cc-94705ffa5878 | ITER: 10 START
2019-07-10 07:52:21.957 3661 INFO rally.task.runner [-] Task e3b8e3c6-62d7-431e-b8cc-94705ffa5878 | ITER: 6 END: OK
2019-07-10 07:52:22.252 3659 INFO rally.task.runner [-] Task e3b8e3c6-62d7-431e-b8cc-94705ffa5878 | ITER: 7 END: OK
2019-07-10 07:52:24.312 3658 INFO rally.task.runner [-] Task e3b8e3c6-62d7-431e-b8cc-94705ffa5878 | ITER: 9 END: OK
2019-07-10 07:52:25.056 3660 INFO rally.task.runner [-] Task e3b8e3c6-62d7-431e-b8cc-94705ffa5878 | ITER: 10 END: OK
2019-07-10 07:52:25.079 1842 INFO rally.task.context [-] Task e3b8e3c6-62d7-431e-b8cc-94705ffa5878 | Context cleanup@openstack cleanup() started
2019-07-10 07:52:25.082 1842 RALLYDEBUG rally_openstack.cleanup.manager [-] Cleaning up cinder backups objects
2019-07-10 07:52:26.947 1842 RALLYDEBUG rally_openstack.cleanup.manager [-] Cleaning up cinder volume_snapshots objects
2019-07-10 07:52:28.980 1842 RALLYDEBUG rally_openstack.cleanup.manager [-] Cleaning up cinder transfers objects
2019-07-10 07:52:30.843 1842 RALLYDEBUG rally_openstack.cleanup.manager [-] Cleaning up cinder volumes objects
2019-07-10 07:52:33.016 1842 RALLYDEBUG rally_openstack.cleanup.manager [-] Deleting cinder.volumes object s_rally_76d897ce_m1FyWDGt (29993a51-e581-4022-a3a5-06d06bac3d3c)
2019-07-10 07:52:33.020 1842 RALLYDEBUG rally_openstack.cleanup.manager [-] Deleting cinder.volumes object s_rally_76d897ce_LX2Z9uHd (b7a749f6-3261-4f49-83a5-4936226484c2)
2019-07-10 07:52:33.028 1842 RALLYDEBUG rally_openstack.cleanup.manager [-] Deleting cinder.volumes object s_rally_76d897ce_4P0t9DRd (5c1cef69-f704-45ad-a4f3-869346987cb1)
2019-07-10 07:52:33.029 1842 RALLYDEBUG rally_openstack.cleanup.manager [-] Deleting cinder.volumes object s_rally_76d897ce_Z1YnZGC8 (52cc0919-9569-4829-aad6-3cd9acd55480)
2019-07-10 07:52:33.040 1842 RALLYDEBUG rally_openstack.cleanup.manager [-] Deleting cinder.volumes object s_rally_76d897ce_SNgPGn5p (fecb42df-f3c9-427d-8cae-29f9ddd0b6ce)
2019-07-10 07:52:33.041 1842 RALLYDEBUG rally_openstack.cleanup.manager [-] Deleting cinder.volumes object s_rally_76d897ce_NTBr5N6M (f2a1f78b-1aed-4d28-a996-ea721f7aee1a)
2019-07-10 07:52:33.041 1842 RALLYDEBUG rally_openstack.cleanup.manager [-] Deleting cinder.volumes object s_rally_76d897ce_btJua0pL (e6017fa8-32c3-476b-ac25-e64eafb338c1)
2019-07-10 07:52:33.043 1842 RALLYDEBUG rally_openstack.cleanup.manager [-] Deleting cinder.volumes object s_rally_76d897ce_vZIHgsoy (e66b697f-95b5-493c-bee8-2ed47a3cfd7f)
2019-07-10 07:52:33.045 1842 RALLYDEBUG rally_openstack.cleanup.manager [-] Deleting cinder.volumes object s_rally_76d897ce_KYVuappg (0d2e9dc1-5142-489c-9814-1bbe36750df6)
2019-07-10 07:52:33.056 1842 RALLYDEBUG rally_openstack.cleanup.manager [-] Deleting cinder.volumes object s_rally_76d897ce_xCz3h4mS (561860a3-7df1-42f1-9dce-5d448f63c23e)
2019-07-10 07:52:36.785 1842 INFO rally.task.context [-] Task e3b8e3c6-62d7-431e-b8cc-94705ffa5878 | Context cleanup@openstack cleanup() finished in 11.71 sec
2019-07-10 07:52:36.786 1842 INFO rally.task.context [-] Task e3b8e3c6-62d7-431e-b8cc-94705ffa5878 | Context quotas@openstack cleanup() started
2019-07-10 07:52:37.157 1842 INFO rally.task.context [-] Task e3b8e3c6-62d7-431e-b8cc-94705ffa5878 | Context quotas@openstack cleanup() finished in 0.37 sec
2019-07-10 07:52:37.157 1842 INFO rally.task.context [-] Task e3b8e3c6-62d7-431e-b8cc-94705ffa5878 | Context api_versions@openstack cleanup() started
2019-07-10 07:52:37.158 1842 INFO rally.task.context [-] Task e3b8e3c6-62d7-431e-b8cc-94705ffa5878 | Context api_versions@openstack cleanup() finished in 0.32 msec
2019-07-10 07:52:37.158 1842 INFO rally.task.context [-] Task e3b8e3c6-62d7-431e-b8cc-94705ffa5878 | Context users@openstack cleanup() started
2019-07-10 07:52:43.962 1842 INFO rally.task.context [-] Task e3b8e3c6-62d7-431e-b8cc-94705ffa5878 | Context users@openstack cleanup() finished in 6.80 sec
2019-07-10 07:52:45.744 1842 INFO rally.task.engine [-] Load duration is: 10.961907
2019-07-10 07:52:45.745 1842 INFO rally.task.engine [-] Full runner duration is: 11.010682
2019-07-10 07:52:45.745 1842 INFO rally.task.engine [-] Full duration is: 36.407195
2019-07-10 07:52:45.928 1842 INFO rally.task.engine [-] Running workload: position = 0 config = { "version": 2, "title": "A cropped version of a bigger task.", "description": "Auto-generated task from a single workload (uuid=60ff7f82-1e4e-4b75-8103-a59f23e34fcb)", "subtasks": [ { "title": "CinderVolumes.list_volumes", "description": "List all volumes.", "scenario": { "CinderVolumes.list_volumes": { "detailed": true } }, "contexts": { "users": { "tenants": 3, "users_per_tenant": 2 }, "quotas": { "cinder": { "gigabytes": -1, "snapshots": -1, "volumes": -1 } }, "api_versions": { "cinder": { "version": 3, "service_type": "volumev3" } }, "volumes": { "size": 1, "volumes_per_tenant": 4 } }, "runner": { "constant": { "concurrency": 4, "times": 10 } }, "hooks": [], "sla": { "failure_rate": { "max": 0 } } } ] }
2019-07-10 07:52:45.951 1842 RALLYDEBUG rally_openstack.contexts.keystone.users [-] Creating 3 tenants using 20 threads
2019-07-10 07:52:47.831 1842 RALLYDEBUG rally_openstack.contexts.keystone.users [-] Creating 6 users using 20 threads
2019-07-10 07:52:50.573 1842 INFO rally.task.context [-] Task e3b8e3c6-62d7-431e-b8cc-94705ffa5878 | Context users@openstack setup() finished in 4.62 sec
2019-07-10 07:52:51.116 1842 INFO rally.task.context [-] Task e3b8e3c6-62d7-431e-b8cc-94705ffa5878 | Context api_versions@openstack setup() finished in 0.54 sec
2019-07-10 07:52:52.647 1842 INFO rally.task.context [-] Task e3b8e3c6-62d7-431e-b8cc-94705ffa5878 | Context quotas@openstack setup() finished in 1.53 sec
2019-07-10 07:53:28.311 1842 INFO rally.task.context [-] Task e3b8e3c6-62d7-431e-b8cc-94705ffa5878 | Context volumes@openstack setup() finished in 35.66 sec
2019-07-10 07:53:28.320 1842 RALLYDEBUG rally.task.runner [-] Starting the constant runner (task UUID: e3b8e3c6-62d7-431e-b8cc-94705ffa5878). timeout: 0 concurrency: 4 concurrency_per_worker: 1 times: 10 concurrency_overhead: 0 processes_to_start: 4 max_cpu_used: 16
2019-07-10 07:53:28.333 3842 RALLYDEBUG rally.task.runner [-] Starting a worker. concurrency: 1 args: {"detailed": true} times: 10 method_name: run timeout: 0 duration: None cls:
2019-07-10 07:53:28.337 3843 RALLYDEBUG rally.task.runner [-] Starting a worker. concurrency: 1 args: {"detailed": true} times: 10 method_name: run timeout: 0 duration: None cls:
2019-07-10 07:53:28.340 3844 RALLYDEBUG rally.task.runner [-] Starting a worker. concurrency: 1 args: {"detailed": true} times: 10 method_name: run timeout: 0 duration: None cls:
2019-07-10 07:53:28.342 3842 INFO rally.task.runner [-] Task e3b8e3c6-62d7-431e-b8cc-94705ffa5878 | ITER: 1 START
2019-07-10 07:53:28.343 3845 RALLYDEBUG rally.task.runner [-] Starting a worker. concurrency: 1 args: {"detailed": true} times: 10 method_name: run timeout: 0 duration: None cls:
2019-07-10 07:53:28.344 3843 INFO rally.task.runner [-] Task e3b8e3c6-62d7-431e-b8cc-94705ffa5878 | ITER: 2 START
2019-07-10 07:53:28.348 3844 INFO rally.task.runner [-] Task e3b8e3c6-62d7-431e-b8cc-94705ffa5878 | ITER: 3 START
2019-07-10 07:53:28.351 3845 INFO rally.task.runner [-] Task e3b8e3c6-62d7-431e-b8cc-94705ffa5878 | ITER: 4 START
2019-07-10 07:53:29.100 3842 INFO rally.task.runner [-] Task e3b8e3c6-62d7-431e-b8cc-94705ffa5878 | ITER: 1 END: OK
2019-07-10 07:53:29.106 3842 INFO rally.task.runner [-] Task e3b8e3c6-62d7-431e-b8cc-94705ffa5878 | ITER: 5 START
2019-07-10 07:53:29.117 3845 INFO rally.task.runner [-] Task e3b8e3c6-62d7-431e-b8cc-94705ffa5878 | ITER: 4 END: OK
2019-07-10 07:53:29.122 3845 INFO rally.task.runner [-] Task e3b8e3c6-62d7-431e-b8cc-94705ffa5878 | ITER: 6 START
2019-07-10 07:53:29.139 3843 INFO rally.task.runner [-] Task e3b8e3c6-62d7-431e-b8cc-94705ffa5878 | ITER: 2 END: OK
2019-07-10 07:53:29.146 3843 INFO rally.task.runner [-] Task e3b8e3c6-62d7-431e-b8cc-94705ffa5878 | ITER: 7 START
2019-07-10 07:53:29.244 3844 INFO rally.task.runner [-] Task e3b8e3c6-62d7-431e-b8cc-94705ffa5878 | ITER: 3 END: OK
2019-07-10 07:53:29.249 3844 INFO rally.task.runner [-] Task e3b8e3c6-62d7-431e-b8cc-94705ffa5878 | ITER: 8 START
2019-07-10 07:53:29.807 3845 INFO rally.task.runner [-] Task e3b8e3c6-62d7-431e-b8cc-94705ffa5878 | ITER: 6 END: OK
2019-07-10 07:53:29.812 3845 INFO rally.task.runner [-] Task e3b8e3c6-62d7-431e-b8cc-94705ffa5878 | ITER: 9 START
2019-07-10 07:53:29.816 3842 INFO rally.task.runner [-] Task e3b8e3c6-62d7-431e-b8cc-94705ffa5878 | ITER: 5 END: OK
2019-07-10 07:53:29.821 3842 INFO rally.task.runner [-] Task e3b8e3c6-62d7-431e-b8cc-94705ffa5878 | ITER: 10 START
2019-07-10 07:53:29.823 3843 INFO rally.task.runner [-] Task e3b8e3c6-62d7-431e-b8cc-94705ffa5878 | ITER: 7 END: OK
2019-07-10 07:53:30.163 3844 INFO rally.task.runner [-] Task e3b8e3c6-62d7-431e-b8cc-94705ffa5878 | ITER: 8 END: OK
2019-07-10 07:53:30.502 3845 INFO rally.task.runner [-] Task e3b8e3c6-62d7-431e-b8cc-94705ffa5878 | ITER: 9 END: OK
2019-07-10 07:53:30.514 3842 INFO rally.task.runner [-] Task e3b8e3c6-62d7-431e-b8cc-94705ffa5878 | ITER: 10 END: OK
2019-07-10 07:53:30.538 1842 INFO rally.task.context [-] Task e3b8e3c6-62d7-431e-b8cc-94705ffa5878 | Context volumes@openstack cleanup() started
2019-07-10 07:53:30.540 1842 RALLYDEBUG rally_openstack.cleanup.manager [-] Cleaning up cinder volumes objects
2019-07-10 07:53:32.661 1842 RALLYDEBUG rally_openstack.cleanup.manager [-] Deleting cinder.volumes object c_rally_60ff7f82_fr562MBK (d8b59d7f-35b8-486a-babc-757f0c2a6506)
2019-07-10 07:53:32.664 1842 RALLYDEBUG rally_openstack.cleanup.manager [-] Deleting cinder.volumes object c_rally_60ff7f82_iATkhjBM (332bc53c-67c2-4bb9-bedb-e731016d014a)
2019-07-10 07:53:32.670 1842 RALLYDEBUG rally_openstack.cleanup.manager [-] Deleting cinder.volumes object c_rally_60ff7f82_ksgiWAD0 (5be5ad26-e68b-4b21-849f-92a87854c197)
2019-07-10 07:53:32.671 1842 RALLYDEBUG rally_openstack.cleanup.manager [-] Deleting cinder.volumes object c_rally_60ff7f82_PUpYfZBT (0b5957eb-f694-4230-a684-6b309b55d5f3)
2019-07-10 07:53:32.675 1842 RALLYDEBUG rally_openstack.cleanup.manager [-] Deleting cinder.volumes object c_rally_60ff7f82_SYT2B576 (90fe00f8-e4dc-469c-8a2e-92d50233ee58)
2019-07-10 07:53:32.684 1842 RALLYDEBUG rally_openstack.cleanup.manager [-] Deleting cinder.volumes object c_rally_60ff7f82_l6AWsqEM (ae7e60ed-173a-4d60-8aef-550e2d19d796)
2019-07-10 07:53:32.690 1842 RALLYDEBUG rally_openstack.cleanup.manager [-] Deleting cinder.volumes object c_rally_60ff7f82_dS0gUoQ0 (b5be6166-d356-4866-86f8-fce15d064ab9)
2019-07-10 07:53:32.691 1842 RALLYDEBUG rally_openstack.cleanup.manager [-] Deleting cinder.volumes object c_rally_60ff7f82_CvAZnjyd (b5c4b10f-6f96-4771-8644-2ab44732769f)
2019-07-10 07:53:32.699 1842 RALLYDEBUG rally_openstack.cleanup.manager [-] Deleting cinder.volumes object c_rally_60ff7f82_o1dQtIOJ (a44abeba-8f87-4ecf-a6c3-b903b2a12ee6)
2019-07-10 07:53:32.707 1842 RALLYDEBUG rally_openstack.cleanup.manager [-] Deleting cinder.volumes object c_rally_60ff7f82_NXp0ouvp (b1264537-6b3a-478f-a2cb-2e9c68be81ed)
2019-07-10 07:53:32.726 1842 RALLYDEBUG rally_openstack.cleanup.manager [-] Deleting cinder.volumes object c_rally_60ff7f82_GHCrOmpT (777a596e-2c54-4c06-ab52-72998aa9592f)
2019-07-10 07:53:32.740 1842 RALLYDEBUG rally_openstack.cleanup.manager [-] Deleting cinder.volumes object c_rally_60ff7f82_t0M5WuFg (6c250d81-c586-42b6-8797-9f2953bc8e54)
2019-07-10 07:53:38.277 1842 INFO rally.task.context [-] Task e3b8e3c6-62d7-431e-b8cc-94705ffa5878 | Context volumes@openstack cleanup() finished in 7.74 sec
2019-07-10 07:53:38.278 1842 INFO rally.task.context [-] Task e3b8e3c6-62d7-431e-b8cc-94705ffa5878 | Context quotas@openstack cleanup() started
2019-07-10 07:53:38.916 1842 INFO rally.task.context [-] Task e3b8e3c6-62d7-431e-b8cc-94705ffa5878 | Context quotas@openstack cleanup() finished in 0.64 sec
2019-07-10 07:53:38.917 1842 INFO rally.task.context [-] Task e3b8e3c6-62d7-431e-b8cc-94705ffa5878 | Context api_versions@openstack cleanup() started
2019-07-10 07:53:38.917 1842 INFO rally.task.context [-] Task e3b8e3c6-62d7-431e-b8cc-94705ffa5878 | Context api_versions@openstack cleanup() finished in 0.31 msec
2019-07-10 07:53:38.917 1842 INFO rally.task.context [-] Task e3b8e3c6-62d7-431e-b8cc-94705ffa5878 | Context users@openstack cleanup() started
2019-07-10 07:53:45.678 1842 INFO rally.task.context [-] Task e3b8e3c6-62d7-431e-b8cc-94705ffa5878 | Context users@openstack cleanup() finished in 6.76 sec
2019-07-10 07:53:46.176 1842 INFO rally.task.engine [-] Load duration is: 2.16782
2019-07-10 07:53:46.177 1842 INFO rally.task.engine [-] Full runner duration is: 2.220168
2019-07-10 07:53:46.177 1842 INFO rally.task.engine [-] Full duration is: 59.730613
2019-07-10 07:53:46.428 1842 INFO rally.task.engine [-] Running workload: position = 0 config = { "version": 2, "title": "A cropped version of a bigger task.", "description": "Auto-generated task from a single workload (uuid=8903cc36-f4b6-40fa-a889-64a18e2ec286)", "subtasks": [ { "title": "CinderVolumes.create_and_delete_snapshot", "description": "Create and then delete a volume-snapshot.", "scenario": { "CinderVolumes.create_and_delete_snapshot": { "force": false } }, "contexts": { "users": { "tenants": 3, "users_per_tenant": 2 }, "quotas": { "cinder": { "gigabytes": -1, "snapshots": -1, "volumes": -1 } }, "api_versions": { "cinder": { "version": 3, "service_type": "volumev3" } }, "volumes": { "size": 1, "volumes_per_tenant": 1 } }, "runner": { "constant": { "concurrency": 4, "times": 10 } }, "hooks": [], "sla": { "failure_rate": { "max": 0 } } } ] }
2019-07-10 07:53:46.454 1842 RALLYDEBUG rally_openstack.contexts.keystone.users [-] Creating 3 tenants using 20 threads
2019-07-10 07:53:48.279 1842 RALLYDEBUG rally_openstack.contexts.keystone.users [-] Creating 6 users using 20 threads
2019-07-10 07:53:51.134 1842 INFO rally.task.context [-] Task e3b8e3c6-62d7-431e-b8cc-94705ffa5878 | Context users@openstack setup() finished in 4.68 sec
2019-07-10 07:53:51.571 1842 INFO rally.task.context [-] Task e3b8e3c6-62d7-431e-b8cc-94705ffa5878 | Context api_versions@openstack setup() finished in 0.44 sec
2019-07-10 07:53:53.083 1842 INFO rally.task.context [-] Task e3b8e3c6-62d7-431e-b8cc-94705ffa5878 | Context quotas@openstack setup() finished in 1.51 sec
2019-07-10 07:54:03.624 1842 INFO rally.task.context [-] Task e3b8e3c6-62d7-431e-b8cc-94705ffa5878 | Context volumes@openstack setup() finished in 10.54 sec
2019-07-10 07:54:03.624 1842 INFO rally.task.context [-] Task e3b8e3c6-62d7-431e-b8cc-94705ffa5878 | Context cleanup@openstack setup() finished in 0.01 msec
2019-07-10 07:54:03.632 1842 RALLYDEBUG rally.task.runner [-] Starting the constant runner (task UUID: e3b8e3c6-62d7-431e-b8cc-94705ffa5878). timeout: 0 concurrency: 4 concurrency_per_worker: 1 times: 10 concurrency_overhead: 0 processes_to_start: 4 max_cpu_used: 16
2019-07-10 07:54:03.645 3966 RALLYDEBUG rally.task.runner [-] Starting a worker. concurrency: 1 args: {"force": false} times: 10 method_name: run timeout: 0 duration: None cls:
2019-07-10 07:54:03.648 3967 RALLYDEBUG rally.task.runner [-] Starting a worker. concurrency: 1 args: {"force": false} times: 10 method_name: run timeout: 0 duration: None cls:
2019-07-10 07:54:03.651 3968 RALLYDEBUG rally.task.runner [-] Starting a worker. concurrency: 1 args: {"force": false} times: 10 method_name: run timeout: 0 duration: None cls:
2019-07-10 07:54:03.654 3969 RALLYDEBUG rally.task.runner [-] Starting a worker. concurrency: 1 args: {"force": false} times: 10 method_name: run timeout: 0 duration: None cls:
2019-07-10 07:54:03.658 3966 INFO rally.task.runner [-] Task e3b8e3c6-62d7-431e-b8cc-94705ffa5878 | ITER: 1 START
2019-07-10 07:54:03.659 3967 INFO rally.task.runner [-] Task e3b8e3c6-62d7-431e-b8cc-94705ffa5878 | ITER: 2 START
2019-07-10 07:54:03.661 3968 INFO rally.task.runner [-] Task e3b8e3c6-62d7-431e-b8cc-94705ffa5878 | ITER: 3 START
2019-07-10 07:54:03.664 3969 INFO rally.task.runner [-] Task e3b8e3c6-62d7-431e-b8cc-94705ffa5878 | ITER: 4 START
2019-07-10 07:54:07.153 3969 RALLYDEBUG rally.task.utils [-] Waiting for resource s_rally_8903cc36_t7xDXo3e. Status changed: AVAILABLE => DELETING in 0.0301070213318
2019-07-10 07:54:07.369 3966 RALLYDEBUG rally.task.utils [-] Waiting for resource s_rally_8903cc36_fHqPr5V6. Status changed: AVAILABLE => DELETING in 0.0362031459808
2019-07-10 07:54:07.612 3968 RALLYDEBUG rally.task.utils [-] Waiting for resource s_rally_8903cc36_kSPLx1IP. Status changed: AVAILABLE => DELETING in 0.251135110855
2019-07-10 07:54:07.719 3967 RALLYDEBUG rally.task.utils [-] Waiting for resource s_rally_8903cc36_GNfxcxUS. Status changed: AVAILABLE => DELETING in 0.238090991974
2019-07-10 07:54:09.443 3969 INFO rally.task.runner [-] Task e3b8e3c6-62d7-431e-b8cc-94705ffa5878 | ITER: 4 END: OK
2019-07-10 07:54:09.449 3969 INFO rally.task.runner [-] Task e3b8e3c6-62d7-431e-b8cc-94705ffa5878 | ITER: 5 START
2019-07-10 07:54:09.581 3966 INFO rally.task.runner [-] Task e3b8e3c6-62d7-431e-b8cc-94705ffa5878 | ITER: 1 END: OK
2019-07-10 07:54:09.586 3966 INFO rally.task.runner [-] Task e3b8e3c6-62d7-431e-b8cc-94705ffa5878 | ITER: 6 START
2019-07-10 07:54:09.829 3968 INFO rally.task.runner [-] Task e3b8e3c6-62d7-431e-b8cc-94705ffa5878 | ITER: 3 END: OK
2019-07-10 07:54:09.834 3968 INFO rally.task.runner [-] Task e3b8e3c6-62d7-431e-b8cc-94705ffa5878 | ITER: 7 START
2019-07-10 07:54:09.933 3967 INFO rally.task.runner [-] Task e3b8e3c6-62d7-431e-b8cc-94705ffa5878 | ITER: 2 END: OK
2019-07-10 07:54:09.938 3967 INFO rally.task.runner [-] Task e3b8e3c6-62d7-431e-b8cc-94705ffa5878 | ITER: 8 START
2019-07-10 07:54:13.092 3969 RALLYDEBUG rally.task.utils [-] Waiting for resource s_rally_8903cc36_ClqR7xpz. Status changed: AVAILABLE => DELETING in 0.245779037476
2019-07-10 07:54:13.354 3966 RALLYDEBUG rally.task.utils [-] Waiting for resource s_rally_8903cc36_GkomM6dP. Status changed: AVAILABLE => DELETING in 0.250205993652
2019-07-10 07:54:13.798 3968 RALLYDEBUG rally.task.utils [-] Waiting for resource s_rally_8903cc36_Wuhlimvu. Status changed: AVAILABLE => DELETING in 0.21484208107
2019-07-10 07:54:13.848 3967 RALLYDEBUG rally.task.utils [-] Waiting for resource s_rally_8903cc36_rrP5E3aM. Status changed: AVAILABLE => DELETING in 0.294459104538
2019-07-10 07:54:15.316 3969 INFO rally.task.runner [-] Task e3b8e3c6-62d7-431e-b8cc-94705ffa5878 | ITER: 5 END: OK
2019-07-10 07:54:15.322 3969 INFO rally.task.runner [-] Task e3b8e3c6-62d7-431e-b8cc-94705ffa5878 | ITER: 9 START
2019-07-10 07:54:15.562 3966 INFO rally.task.runner [-] Task e3b8e3c6-62d7-431e-b8cc-94705ffa5878 | ITER: 6 END: OK
2019-07-10 07:54:15.567 3966 INFO rally.task.runner [-] Task e3b8e3c6-62d7-431e-b8cc-94705ffa5878 | ITER: 10 START
2019-07-10 07:54:15.822 3968 INFO rally.task.runner [-] Task e3b8e3c6-62d7-431e-b8cc-94705ffa5878 | ITER: 7 END: OK
2019-07-10 07:54:15.872 3967 INFO rally.task.runner [-] Task e3b8e3c6-62d7-431e-b8cc-94705ffa5878 | ITER: 8 END: OK
2019-07-10 07:54:19.239 3969 RALLYDEBUG rally.task.utils [-] Waiting for resource s_rally_8903cc36_jHohJY71. Status changed: AVAILABLE => DELETING in 0.319717884064
2019-07-10 07:54:19.454 3966 RALLYDEBUG rally.task.utils [-] Waiting for resource s_rally_8903cc36_dFdJq8Kl. Status changed: AVAILABLE => DELETING in 0.211439847946
2019-07-10 07:54:21.457 3969 INFO rally.task.runner [-] Task e3b8e3c6-62d7-431e-b8cc-94705ffa5878 | ITER: 9 END: OK
2019-07-10 07:54:21.654 3966 INFO rally.task.runner [-] Task e3b8e3c6-62d7-431e-b8cc-94705ffa5878 | ITER: 10 END: OK
2019-07-10 07:54:21.677 1842 INFO rally.task.context [-] Task e3b8e3c6-62d7-431e-b8cc-94705ffa5878 | Context cleanup@openstack cleanup() started
2019-07-10 07:54:21.679 1842 RALLYDEBUG rally_openstack.cleanup.manager [-] Cleaning up cinder backups objects
2019-07-10 07:54:23.578 1842 RALLYDEBUG rally_openstack.cleanup.manager [-] Cleaning up cinder volume_snapshots objects
2019-07-10 07:54:25.537 1842 RALLYDEBUG rally_openstack.cleanup.manager [-] Cleaning up cinder transfers objects
2019-07-10 07:54:27.644 1842 RALLYDEBUG rally_openstack.cleanup.manager [-] Cleaning up cinder volumes objects
2019-07-10 07:54:29.824 1842 INFO rally.task.context [-] Task e3b8e3c6-62d7-431e-b8cc-94705ffa5878 | Context cleanup@openstack cleanup() finished in 8.15 sec
2019-07-10 07:54:29.824 1842 INFO rally.task.context [-] Task e3b8e3c6-62d7-431e-b8cc-94705ffa5878 | Context volumes@openstack cleanup() started
2019-07-10 07:54:29.825 1842 RALLYDEBUG rally_openstack.cleanup.manager [-] Cleaning up cinder volumes objects
2019-07-10 07:54:31.904 1842 RALLYDEBUG rally_openstack.cleanup.manager [-] Deleting cinder.volumes object c_rally_8903cc36_8FxfzWjX (45d6d627-22fd-4fb5-b351-97af8c3941a5)
2019-07-10 07:54:31.910 1842 RALLYDEBUG rally_openstack.cleanup.manager [-] Deleting cinder.volumes object c_rally_8903cc36_6AfII4sA (e65d44dc-eb5d-4a2b-acf6-be4aaeaceb86)
2019-07-10 07:54:31.915 1842 RALLYDEBUG rally_openstack.cleanup.manager [-] Deleting cinder.volumes object c_rally_8903cc36_yfMOpfhm (912e0fb5-6bdc-4c9f-8b68-c0b38ac3ff28)
2019-07-10 07:54:35.271 1842 INFO rally.task.context [-] Task e3b8e3c6-62d7-431e-b8cc-94705ffa5878 | Context volumes@openstack cleanup() finished in 5.45 sec
2019-07-10 07:54:35.272 1842 INFO rally.task.context [-] Task e3b8e3c6-62d7-431e-b8cc-94705ffa5878 | Context quotas@openstack cleanup() started
2019-07-10 07:54:36.037 1842 INFO rally.task.context [-] Task e3b8e3c6-62d7-431e-b8cc-94705ffa5878 | Context quotas@openstack cleanup() finished in 0.77 sec
2019-07-10 07:54:36.038 1842 INFO rally.task.context [-] Task e3b8e3c6-62d7-431e-b8cc-94705ffa5878 | Context api_versions@openstack cleanup() started
2019-07-10 07:54:36.039 1842 INFO rally.task.context [-] Task e3b8e3c6-62d7-431e-b8cc-94705ffa5878 | Context api_versions@openstack cleanup() finished in 0.37 msec
2019-07-10 07:54:36.039 1842 INFO rally.task.context [-] Task e3b8e3c6-62d7-431e-b8cc-94705ffa5878 | Context users@openstack cleanup() started
2019-07-10 07:54:43.160 1842 INFO rally.task.context [-] Task e3b8e3c6-62d7-431e-b8cc-94705ffa5878 | Context users@openstack cleanup() finished in 7.12 sec
2019-07-10 07:54:44.700 1842 INFO rally.task.engine [-] Load duration is: 17.992583
2019-07-10 07:54:44.701 1842 INFO rally.task.engine [-] Full runner duration is: 18.04576
2019-07-10 07:54:44.701 1842 INFO rally.task.engine [-] Full duration is: 56.709646
2019-07-10 07:54:44.929 1842 INFO rally.task.engine [-] Running workload: position = 0 config = { "version": 2, "title": "A cropped version of a bigger task.", "description": "Auto-generated task from a single workload (uuid=0ce54b87-cac6-41a6-8592-40e3d3f7700d)", "subtasks": [ { "title": "CinderVolumes.create_and_delete_volume", "description": "Create and then delete a volume.", "scenario": { "CinderVolumes.create_and_delete_volume": { "size": { "max": 1, "min": 1 } } }, "contexts": { "users": { "tenants": 3, "users_per_tenant": 2 }, "quotas": { "cinder": { "gigabytes": -1, "snapshots": -1, "volumes": -1 } }, "api_versions": { "cinder": { "version": 3, "service_type": "volumev3" } } }, "runner": { "constant": { "concurrency": 4, "times": 10 } }, "hooks": [], "sla": { "failure_rate": { "max": 0 } } } ] }
2019-07-10 07:54:44.954 1842 RALLYDEBUG rally_openstack.contexts.keystone.users [-] Creating 3 tenants using 20 threads
2019-07-10 07:54:46.742 1842 RALLYDEBUG rally_openstack.contexts.keystone.users [-] Creating 6 users using 20 threads
2019-07-10 07:54:49.540 1842 INFO rally.task.context [-] Task e3b8e3c6-62d7-431e-b8cc-94705ffa5878 | Context users@openstack setup() finished in 4.59 sec
2019-07-10 07:54:49.962 1842 INFO rally.task.context [-] Task e3b8e3c6-62d7-431e-b8cc-94705ffa5878 | Context api_versions@openstack setup() finished in 0.42 sec
2019-07-10 07:54:51.511 1842 INFO rally.task.context [-] Task e3b8e3c6-62d7-431e-b8cc-94705ffa5878 | Context quotas@openstack setup() finished in 1.55 sec
2019-07-10 07:54:51.511 1842 INFO rally.task.context [-] Task e3b8e3c6-62d7-431e-b8cc-94705ffa5878 | Context cleanup@openstack setup() finished in 0.03 msec
2019-07-10 07:54:51.519 1842 RALLYDEBUG rally.task.runner [-] Starting the constant runner (task UUID: e3b8e3c6-62d7-431e-b8cc-94705ffa5878). timeout: 0 concurrency: 4 concurrency_per_worker: 1 times: 10 concurrency_overhead: 0 processes_to_start: 4 max_cpu_used: 16
2019-07-10 07:54:51.533 4170 RALLYDEBUG rally.task.runner [-] Starting a worker. concurrency: 1 args: {"size": {"max": 1, "min": 1}} times: 10 method_name: run timeout: 0 duration: None cls:
2019-07-10 07:54:51.536 4171 RALLYDEBUG rally.task.runner [-] Starting a worker. concurrency: 1 args: {"size": {"max": 1, "min": 1}} times: 10 method_name: run timeout: 0 duration: None cls:
2019-07-10 07:54:51.538 4172 RALLYDEBUG rally.task.runner [-] Starting a worker. concurrency: 1 args: {"size": {"max": 1, "min": 1}} times: 10 method_name: run timeout: 0 duration: None cls:
2019-07-10 07:54:51.542 4170 INFO rally.task.runner [-] Task e3b8e3c6-62d7-431e-b8cc-94705ffa5878 | ITER: 1 START
2019-07-10 07:54:51.542 4173 RALLYDEBUG rally.task.runner [-] Starting a worker. concurrency: 1 args: {"size": {"max": 1, "min": 1}} times: 10 method_name: run timeout: 0 duration: None cls:
2019-07-10 07:54:51.544 4171 INFO rally.task.runner [-] Task e3b8e3c6-62d7-431e-b8cc-94705ffa5878 | ITER: 2 START
2019-07-10 07:54:51.544 4172 INFO rally.task.runner [-] Task e3b8e3c6-62d7-431e-b8cc-94705ffa5878 | ITER: 3 START
2019-07-10 07:54:51.549 4173 INFO rally.task.runner [-] Task e3b8e3c6-62d7-431e-b8cc-94705ffa5878 | ITER: 4 START
2019-07-10 07:54:55.853 4170 RALLYDEBUG rally.task.utils [-] Waiting for resource s_rally_0ce54b87_iU6LVAQB. Status changed: AVAILABLE => DELETING in 0.269582986832
2019-07-10 07:54:55.867 4172 RALLYDEBUG rally.task.utils [-] Waiting for resource s_rally_0ce54b87_SoUpDalS. Status changed: AVAILABLE => DELETING in 0.270534992218
2019-07-10 07:54:55.875 4171 RALLYDEBUG rally.task.utils [-] Waiting for resource s_rally_0ce54b87_NTyZ1hyS. Status changed: AVAILABLE => DELETING in 0.303962945938
2019-07-10 07:54:55.951 4173 RALLYDEBUG rally.task.utils [-] Waiting for resource s_rally_0ce54b87_GKcymMRz. Status changed: AVAILABLE => DELETING in 0.296095132828
2019-07-10 07:54:57.894 4170 INFO rally.task.runner [-] Task e3b8e3c6-62d7-431e-b8cc-94705ffa5878 | ITER: 1 END: OK
2019-07-10 07:54:57.899 4170 INFO rally.task.runner [-] Task e3b8e3c6-62d7-431e-b8cc-94705ffa5878 | ITER: 5 START
2019-07-10 07:54:57.923 4171 INFO rally.task.runner [-] Task e3b8e3c6-62d7-431e-b8cc-94705ffa5878 | ITER: 2 END: OK
2019-07-10 07:54:57.929 4171 INFO rally.task.runner [-] Task e3b8e3c6-62d7-431e-b8cc-94705ffa5878 | ITER: 6 START
2019-07-10 07:54:57.999 4173 INFO rally.task.runner [-] Task e3b8e3c6-62d7-431e-b8cc-94705ffa5878 | ITER: 4 END: OK
2019-07-10 07:54:58.003 4173 INFO rally.task.runner [-] Task e3b8e3c6-62d7-431e-b8cc-94705ffa5878 | ITER: 7 START
2019-07-10 07:54:58.100 4172 INFO rally.task.runner [-] Task e3b8e3c6-62d7-431e-b8cc-94705ffa5878 | ITER: 3 END: OK
2019-07-10 07:54:58.105 4172 INFO rally.task.runner [-] Task e3b8e3c6-62d7-431e-b8cc-94705ffa5878 | ITER: 8 START
2019-07-10 07:55:01.868 4171 RALLYDEBUG rally.task.utils [-] Waiting for resource s_rally_0ce54b87_RwZyI8HT. Status changed: AVAILABLE => DELETING in 0.07501912117
2019-07-10 07:55:01.870 4170 INFO rally.task.runner [-] Task e3b8e3c6-62d7-431e-b8cc-94705ffa5878 | ITER: 5 END: OK
2019-07-10 07:55:01.874 4170 INFO rally.task.runner [-] Task e3b8e3c6-62d7-431e-b8cc-94705ffa5878 | ITER: 9 START
2019-07-10 07:55:02.124 4173 RALLYDEBUG rally.task.utils [-] Waiting for resource s_rally_0ce54b87_qOsqun5s. Status changed: AVAILABLE => DELETING in 0.246257066727
2019-07-10 07:55:02.281 4172 RALLYDEBUG rally.task.utils [-] Waiting for resource s_rally_0ce54b87_V9gRx2GR. Status changed: AVAILABLE => DELETING in 0.248826026917
2019-07-10 07:55:04.104 4171 INFO rally.task.runner [-] Task e3b8e3c6-62d7-431e-b8cc-94705ffa5878 | ITER: 6 END: OK
2019-07-10 07:55:04.110 4171 INFO rally.task.runner [-] Task e3b8e3c6-62d7-431e-b8cc-94705ffa5878 | ITER: 10 START
2019-07-10 07:55:04.162 4173 INFO rally.task.runner [-] Task e3b8e3c6-62d7-431e-b8cc-94705ffa5878 | ITER: 7 END: OK
2019-07-10 07:55:04.318 4172 INFO rally.task.runner [-] Task e3b8e3c6-62d7-431e-b8cc-94705ffa5878 | ITER: 8 END: OK
2019-07-10 07:55:05.699 4170 INFO rally.task.runner [-] Task e3b8e3c6-62d7-431e-b8cc-94705ffa5878 | ITER: 9 END: OK
2019-07-10 07:55:08.059 4171 INFO rally.task.runner [-] Task e3b8e3c6-62d7-431e-b8cc-94705ffa5878 | ITER: 10 END: OK
2019-07-10 07:55:08.085 1842 INFO rally.task.context [-] Task e3b8e3c6-62d7-431e-b8cc-94705ffa5878 | Context cleanup@openstack cleanup() started
2019-07-10 07:55:08.088 1842 RALLYDEBUG rally_openstack.cleanup.manager [-] Cleaning up cinder backups objects
2019-07-10 07:55:09.967 1842 RALLYDEBUG rally_openstack.cleanup.manager [-] Cleaning up cinder volume_snapshots objects
2019-07-10 07:55:12.024 1842 RALLYDEBUG rally_openstack.cleanup.manager [-] Cleaning up cinder transfers objects
2019-07-10 07:55:13.964 1842 RALLYDEBUG rally_openstack.cleanup.manager [-] Cleaning up cinder volumes objects
2019-07-10 07:55:15.918 1842 INFO rally.task.context [-] Task e3b8e3c6-62d7-431e-b8cc-94705ffa5878 | Context cleanup@openstack cleanup() finished in 7.83 sec
2019-07-10 07:55:15.918 1842 INFO rally.task.context [-] Task e3b8e3c6-62d7-431e-b8cc-94705ffa5878 | Context quotas@openstack cleanup() started
2019-07-10 07:55:16.445 1842 INFO rally.task.context [-] Task e3b8e3c6-62d7-431e-b8cc-94705ffa5878 | Context quotas@openstack cleanup() finished in 0.53 sec
2019-07-10 07:55:16.445 1842 INFO rally.task.context [-] Task e3b8e3c6-62d7-431e-b8cc-94705ffa5878 | Context api_versions@openstack cleanup() started
2019-07-10 07:55:16.446 1842 INFO rally.task.context [-] Task e3b8e3c6-62d7-431e-b8cc-94705ffa5878 | Context api_versions@openstack cleanup() finished in 0.31 msec
2019-07-10 07:55:16.446 1842 INFO rally.task.context [-] Task e3b8e3c6-62d7-431e-b8cc-94705ffa5878 | Context users@openstack cleanup() started
2019-07-10 07:55:23.538 1842 INFO rally.task.context [-] Task e3b8e3c6-62d7-431e-b8cc-94705ffa5878 | Context users@openstack cleanup() finished in 7.09 sec
2019-07-10 07:55:25.127 1842 INFO rally.task.engine [-] Load duration is: 16.511628
2019-07-10 07:55:25.128 1842 INFO rally.task.engine [-] Full runner duration is: 16.566724
2019-07-10 07:55:25.128 1842 INFO rally.task.engine [-] Full duration is: 38.587367
2019-07-10 07:55:25.257 1842 INFO rally.task.engine [-] Running workload: position = 1 config = { "version": 2, "title": "A cropped version of a bigger task.", "description": "Auto-generated task from a single workload (uuid=f6765fe6-175a-42f6-9afa-09332b9f8bb7)", "subtasks": [ { "title": "CinderVolumes.create_and_delete_volume", "description": "Create and then delete a volume.", "scenario": { "CinderVolumes.create_and_delete_volume": { "image": { "name": "rally_full-img_8b76efa4-8069-48fa-8b06-d8f7c4665e2c" }, "size": 1 } }, "contexts": { "users": { "tenants": 3, "users_per_tenant": 2 }, "quotas": { "cinder": { "gigabytes": -1, "snapshots": -1, "volumes": -1 } }, "api_versions": { "cinder": { "version": 3, "service_type": "volumev3" } } }, "runner": { "constant": { "concurrency": 4, "times": 10 } }, "hooks": [], "sla": { "failure_rate": { "max": 0 } } } ] }
2019-07-10 07:55:25.278 1842 RALLYDEBUG rally_openstack.contexts.keystone.users [-] Creating 3 tenants using 20 threads
2019-07-10 07:55:27.233 1842 RALLYDEBUG rally_openstack.contexts.keystone.users [-] Creating 6 users using 20 threads
2019-07-10 07:55:29.997 1842 INFO rally.task.context [-] Task e3b8e3c6-62d7-431e-b8cc-94705ffa5878 | Context users@openstack setup() finished in 4.72 sec
2019-07-10 07:55:30.411 1842 INFO rally.task.context [-] Task e3b8e3c6-62d7-431e-b8cc-94705ffa5878 | Context api_versions@openstack setup() finished in 0.41 sec
2019-07-10 07:55:31.947 1842 INFO rally.task.context [-] Task e3b8e3c6-62d7-431e-b8cc-94705ffa5878 | Context quotas@openstack setup() finished in 1.54 sec
2019-07-10 07:55:31.948 1842 INFO rally.task.context [-] Task e3b8e3c6-62d7-431e-b8cc-94705ffa5878 | Context cleanup@openstack setup() finished in 0.01 msec
2019-07-10 07:55:33.075 1842 RALLYDEBUG rally.task.runner [-] Starting the constant runner (task UUID: e3b8e3c6-62d7-431e-b8cc-94705ffa5878). timeout: 0 concurrency: 4 concurrency_per_worker: 1 times: 10 concurrency_overhead: 0 processes_to_start: 4 max_cpu_used: 16
2019-07-10 07:55:33.088 4354 RALLYDEBUG rally.task.runner [-] Starting a worker. concurrency: 1 args: {"image": "57b2127c-d7d8-480f-9f71-ea4501eb352a", "size": 1} times: 10 method_name: run timeout: 0 duration: None cls:
2019-07-10 07:55:33.091 4355 RALLYDEBUG rally.task.runner [-] Starting a worker. concurrency: 1 args: {"image": "57b2127c-d7d8-480f-9f71-ea4501eb352a", "size": 1} times: 10 method_name: run timeout: 0 duration: None cls:
2019-07-10 07:55:33.093 4356 RALLYDEBUG rally.task.runner [-] Starting a worker. concurrency: 1 args: {"image": "57b2127c-d7d8-480f-9f71-ea4501eb352a", "size": 1} times: 10 method_name: run timeout: 0 duration: None cls:
2019-07-10 07:55:33.096 4354 INFO rally.task.runner [-] Task e3b8e3c6-62d7-431e-b8cc-94705ffa5878 | ITER: 1 START
2019-07-10 07:55:33.096 4357 RALLYDEBUG rally.task.runner [-] Starting a worker. concurrency: 1 args: {"image": "57b2127c-d7d8-480f-9f71-ea4501eb352a", "size": 1} times: 10 method_name: run timeout: 0 duration: None cls:
2019-07-10 07:55:33.098 4355 INFO rally.task.runner [-] Task e3b8e3c6-62d7-431e-b8cc-94705ffa5878 | ITER: 2 START
2019-07-10 07:55:33.100 4356 INFO rally.task.runner [-] Task e3b8e3c6-62d7-431e-b8cc-94705ffa5878 | ITER: 3 START
2019-07-10 07:55:33.104 4357 INFO rally.task.runner [-] Task e3b8e3c6-62d7-431e-b8cc-94705ffa5878 | ITER: 4 START
2019-07-10 07:55:37.212 4356 RALLYDEBUG rally.task.utils [-] Waiting for resource s_rally_f6765fe6_87kzMVev. Status changed: CREATING => DOWNLOADING in 0.706948041916
2019-07-10 07:55:39.506 4356 RALLYDEBUG rally.task.utils [-] Waiting for resource s_rally_f6765fe6_87kzMVev. Status changed: DOWNLOADING => AVAILABLE in 2.29369807243
2019-07-10 07:55:39.569 4357 RALLYDEBUG rally.task.utils [-] Waiting for resource s_rally_f6765fe6_WgnGqdfl. Status changed: CREATING => AVAILABLE in 3.03332710266
2019-07-10 07:55:39.837 4356 RALLYDEBUG rally.task.utils [-] Waiting for resource s_rally_f6765fe6_87kzMVev. Status changed: AVAILABLE => DELETING in 0.0678179264069
2019-07-10 07:55:39.855 4355 RALLYDEBUG rally.task.utils [-] Waiting for resource s_rally_f6765fe6_QvPHuFlG. Status changed: CREATING => DOWNLOADING in 2.91778206825
2019-07-10 07:55:39.900 4357 RALLYDEBUG rally.task.utils [-] Waiting for resource s_rally_f6765fe6_WgnGqdfl. Status changed: AVAILABLE => DELETING in 0.0529518127441
2019-07-10 07:55:41.174 4354 RALLYDEBUG rally.task.utils [-] Waiting for resource s_rally_f6765fe6_A8Asj4gT. Status changed: DOWNLOADING => AVAILABLE in 4.72158718109
2019-07-10 07:55:41.701 4354 INFO rally.task.runner [-] Task e3b8e3c6-62d7-431e-b8cc-94705ffa5878 | ITER: 1 END: OK
2019-07-10 07:55:41.706 4354 INFO rally.task.runner [-] Task e3b8e3c6-62d7-431e-b8cc-94705ffa5878 | ITER: 5 START
2019-07-10 07:55:41.956 4357 INFO rally.task.runner [-] Task e3b8e3c6-62d7-431e-b8cc-94705ffa5878 | ITER: 4 END: OK
2019-07-10 07:55:41.962 4357 INFO rally.task.runner [-] Task e3b8e3c6-62d7-431e-b8cc-94705ffa5878 | ITER: 6 START
2019-07-10 07:55:42.059 4356 INFO rally.task.runner [-] Task e3b8e3c6-62d7-431e-b8cc-94705ffa5878 | ITER: 3 END: OK
2019-07-10 07:55:42.063 4356 INFO rally.task.runner [-] Task e3b8e3c6-62d7-431e-b8cc-94705ffa5878 | ITER: 7 START
2019-07-10 07:55:42.105 4355 RALLYDEBUG rally.task.utils [-] Waiting for resource s_rally_f6765fe6_QvPHuFlG. Status changed: DOWNLOADING => AVAILABLE in 2.2497010231
2019-07-10 07:55:42.223 4355 RALLYDEBUG rally.task.utils [-] Waiting for resource s_rally_f6765fe6_QvPHuFlG. Status changed: AVAILABLE => DELETING in 0.0524117946625
2019-07-10 07:55:44.263 4355 INFO rally.task.runner [-] Task e3b8e3c6-62d7-431e-b8cc-94705ffa5878 | ITER: 2 END: OK
2019-07-10 07:55:44.269 4355 INFO rally.task.runner [-] Task e3b8e3c6-62d7-431e-b8cc-94705ffa5878 | ITER: 8 START
2019-07-10 07:55:47.699 4354 RALLYDEBUG rally.task.utils [-] Waiting for resource s_rally_f6765fe6_jj92EtP5. Status changed: DOWNLOADING => AVAILABLE in 2.66835713387
2019-07-10 07:55:48.264 4357 RALLYDEBUG rally.task.utils [-] Waiting for resource s_rally_f6765fe6_5a7VAtvz. Status changed: DOWNLOADING => AVAILABLE in 3.05896401405
2019-07-10 07:55:48.325 4354 RALLYDEBUG rally.task.utils [-] Waiting for resource s_rally_f6765fe6_jj92EtP5. Status changed: AVAILABLE => DELETING in 0.25971198082
2019-07-10 07:55:48.446 4356 RALLYDEBUG rally.task.utils [-] Waiting for resource s_rally_f6765fe6_4iY1shC8. Status changed: DOWNLOADING => AVAILABLE in 2.91254401207
2019-07-10 07:55:48.654 4357 RALLYDEBUG rally.task.utils [-] Waiting for resource s_rally_f6765fe6_5a7VAtvz. Status changed: AVAILABLE => DELETING in 0.0557110309601
2019-07-10 07:55:48.776 4356 RALLYDEBUG rally.task.utils [-] Waiting for resource s_rally_f6765fe6_4iY1shC8. Status changed: AVAILABLE => DELETING in 0.261654138565
2019-07-10 07:55:50.366 4355 RALLYDEBUG rally.task.utils [-] Waiting for resource s_rally_f6765fe6_Yk5yHv5x. Status changed: DOWNLOADING => AVAILABLE in 2.86035513878
2019-07-10 07:55:50.542 4354 INFO rally.task.runner [-] Task e3b8e3c6-62d7-431e-b8cc-94705ffa5878 | ITER: 5 END: OK
2019-07-10 07:55:50.547 4354 INFO rally.task.runner [-] Task e3b8e3c6-62d7-431e-b8cc-94705ffa5878 | ITER: 9 START
2019-07-10 07:55:50.706 4357 INFO rally.task.runner [-] Task e3b8e3c6-62d7-431e-b8cc-94705ffa5878 | ITER: 6 END: OK
2019-07-10 07:55:50.712 4357 INFO rally.task.runner [-] Task e3b8e3c6-62d7-431e-b8cc-94705ffa5878 | ITER: 10 START
2019-07-10 07:55:50.814 4356 INFO rally.task.runner [-] Task e3b8e3c6-62d7-431e-b8cc-94705ffa5878 | ITER: 7 END: OK
2019-07-10 07:55:50.982 4355 RALLYDEBUG rally.task.utils [-] Waiting for resource s_rally_f6765fe6_Yk5yHv5x. Status changed: AVAILABLE => DELETING in 0.366286993027
2019-07-10 07:55:53.229 4355 INFO rally.task.runner [-] Task e3b8e3c6-62d7-431e-b8cc-94705ffa5878 | ITER: 8 END: OK
2019-07-10 07:55:56.715 4354 RALLYDEBUG rally.task.utils [-] Waiting for resource s_rally_f6765fe6_U5CAkERt. Status changed: DOWNLOADING => AVAILABLE in 2.66509103775
2019-07-10 07:55:56.762 4357 RALLYDEBUG rally.task.utils [-] Waiting for resource s_rally_f6765fe6_wFUThXFT. Status changed: DOWNLOADING => AVAILABLE in 2.64706611633
2019-07-10 07:55:57.216 4357 RALLYDEBUG rally.task.utils [-] Waiting for resource s_rally_f6765fe6_wFUThXFT. Status changed: AVAILABLE => DELETING in 0.0691239833832
2019-07-10 07:55:57.374 4354 RALLYDEBUG rally.task.utils [-] Waiting for resource s_rally_f6765fe6_U5CAkERt. Status changed: AVAILABLE => DELETING in 0.275619983673
2019-07-10 07:55:59.410 4354 INFO rally.task.runner [-] Task e3b8e3c6-62d7-431e-b8cc-94705ffa5878 | ITER: 9 END: OK
2019-07-10 07:55:59.449 4357 INFO rally.task.runner [-] Task e3b8e3c6-62d7-431e-b8cc-94705ffa5878 | ITER: 10 END: OK
2019-07-10 07:55:59.474 1842 INFO rally.task.context [-] Task e3b8e3c6-62d7-431e-b8cc-94705ffa5878 | Context cleanup@openstack cleanup() started
2019-07-10 07:55:59.476 1842 RALLYDEBUG rally_openstack.cleanup.manager [-] Cleaning up cinder backups objects
2019-07-10 07:56:01.537 1842 RALLYDEBUG rally_openstack.cleanup.manager [-] Cleaning up cinder volume_snapshots objects
2019-07-10 07:56:03.607 1842 RALLYDEBUG rally_openstack.cleanup.manager [-] Cleaning up cinder transfers objects
2019-07-10 07:56:05.631 1842 RALLYDEBUG rally_openstack.cleanup.manager [-] Cleaning up cinder volumes objects
2019-07-10 07:56:07.634 1842 INFO rally.task.context [-] Task e3b8e3c6-62d7-431e-b8cc-94705ffa5878 | Context cleanup@openstack cleanup() finished in 8.16 sec
2019-07-10 07:56:07.635 1842 INFO rally.task.context [-] Task e3b8e3c6-62d7-431e-b8cc-94705ffa5878 | Context quotas@openstack cleanup() started
2019-07-10 07:56:07.893 1842 INFO rally.task.context [-] Task e3b8e3c6-62d7-431e-b8cc-94705ffa5878 | Context quotas@openstack cleanup() finished in 0.26 sec
2019-07-10 07:56:07.893 1842 INFO rally.task.context [-] Task e3b8e3c6-62d7-431e-b8cc-94705ffa5878 | Context api_versions@openstack cleanup() started
2019-07-10 07:56:07.893 1842 INFO rally.task.context [-] Task e3b8e3c6-62d7-431e-b8cc-94705ffa5878 | Context api_versions@openstack cleanup() finished in 0.30 msec
2019-07-10 07:56:07.894 1842 INFO rally.task.context [-] Task e3b8e3c6-62d7-431e-b8cc-94705ffa5878 | Context users@openstack cleanup() started
2019-07-10 07:56:15.173 1842 INFO rally.task.context [-] Task e3b8e3c6-62d7-431e-b8cc-94705ffa5878 | Context users@openstack cleanup() finished in 7.28 sec
2019-07-10 07:56:15.540 1842 INFO rally.task.engine [-] Load duration is: 26.350085
2019-07-10 07:56:15.541 1842 INFO rally.task.engine [-] Full runner duration is: 26.398817
2019-07-10 07:56:15.541 1842 INFO rally.task.engine [-] Full duration is: 49.898333
2019-07-10 07:56:15.678 1842 INFO rally.task.engine [-] Running workload: position = 2 config = { "version": 2, "title": "A cropped version of a bigger task.", "description": "Auto-generated task from a single workload (uuid=13d9b4fb-13fa-4cf3-b855-86ee8ae89a1e)", "subtasks": [ { "title": "CinderVolumes.create_and_delete_volume", "description": "Create and then delete a volume.", "scenario": { "CinderVolumes.create_and_delete_volume": { "size": 1 } }, "contexts": { "users": { "tenants": 3, "users_per_tenant": 2 }, "quotas": { "cinder": { "gigabytes": -1, "snapshots": -1, "volumes": -1 } }, "api_versions": { "cinder": { "version": 3, "service_type": "volumev3" } } }, "runner": { "constant": { "concurrency": 4, "times": 10 } }, "hooks": [], "sla": { "failure_rate": { "max": 0 } } } ] }
2019-07-10 07:56:15.702 1842 RALLYDEBUG rally_openstack.contexts.keystone.users [-] Creating 3 tenants using 20 threads
2019-07-10 07:56:17.531 1842 RALLYDEBUG rally_openstack.contexts.keystone.users [-] Creating 6 users using 20 threads
2019-07-10 07:56:20.266 1842 INFO rally.task.context [-] Task e3b8e3c6-62d7-431e-b8cc-94705ffa5878 | Context users@openstack setup() finished in 4.56 sec
2019-07-10 07:56:20.684 1842 INFO rally.task.context [-] Task e3b8e3c6-62d7-431e-b8cc-94705ffa5878 | Context api_versions@openstack setup() finished in 0.42 sec
2019-07-10 07:56:22.219 1842 INFO rally.task.context [-] Task e3b8e3c6-62d7-431e-b8cc-94705ffa5878 | Context quotas@openstack setup() finished in 1.53 sec
2019-07-10 07:56:22.220 1842 INFO rally.task.context [-] Task e3b8e3c6-62d7-431e-b8cc-94705ffa5878 | Context cleanup@openstack setup() finished in 0.01 msec
2019-07-10 07:56:22.227 1842 RALLYDEBUG rally.task.runner [-] Starting the constant runner (task UUID: e3b8e3c6-62d7-431e-b8cc-94705ffa5878). timeout: 0 concurrency: 4 concurrency_per_worker: 1 times: 10 concurrency_overhead: 0 processes_to_start: 4 max_cpu_used: 16
2019-07-10 07:56:22.240 4538 RALLYDEBUG rally.task.runner [-] Starting a worker. concurrency: 1 args: {"size": 1} times: 10 method_name: run timeout: 0 duration: None cls:
2019-07-10 07:56:22.243 4539 RALLYDEBUG rally.task.runner [-] Starting a worker. concurrency: 1 args: {"size": 1} times: 10 method_name: run timeout: 0 duration: None cls:
2019-07-10 07:56:22.245 4540 RALLYDEBUG rally.task.runner [-] Starting a worker. concurrency: 1 args: {"size": 1} times: 10 method_name: run timeout: 0 duration: None cls:
2019-07-10 07:56:22.247 4538 INFO rally.task.runner [-] Task e3b8e3c6-62d7-431e-b8cc-94705ffa5878 | ITER: 1 START
2019-07-10 07:56:22.249 4541 RALLYDEBUG rally.task.runner [-] Starting a worker. concurrency: 1 args: {"size": 1} times: 10 method_name: run timeout: 0 duration: None cls:
2019-07-10 07:56:22.252 4539 INFO rally.task.runner [-] Task e3b8e3c6-62d7-431e-b8cc-94705ffa5878 | ITER: 2 START
2019-07-10 07:56:22.253 4540 INFO rally.task.runner [-] Task e3b8e3c6-62d7-431e-b8cc-94705ffa5878 | ITER: 3 START
2019-07-10 07:56:22.257 4541 INFO rally.task.runner [-] Task e3b8e3c6-62d7-431e-b8cc-94705ffa5878 | ITER: 4 START
2019-07-10 07:56:26.057 4541 RALLYDEBUG rally.task.utils [-] Waiting for resource s_rally_13d9b4fb_1mrMfO3X. Status changed: AVAILABLE => DELETING in 0.0542488098145
2019-07-10 07:56:26.289 4538 INFO rally.task.runner [-] Task e3b8e3c6-62d7-431e-b8cc-94705ffa5878 | ITER: 1 END: OK
2019-07-10 07:56:26.294 4538 INFO rally.task.runner [-] Task e3b8e3c6-62d7-431e-b8cc-94705ffa5878 | ITER: 5 START
2019-07-10 07:56:26.541 4539 RALLYDEBUG rally.task.utils [-] Waiting for resource s_rally_13d9b4fb_33ikYtaY. Status changed: AVAILABLE => DELETING in 0.274762153625
2019-07-10 07:56:26.581 4540 RALLYDEBUG rally.task.utils [-] Waiting for resource s_rally_13d9b4fb_OHnTyEPx. Status changed: AVAILABLE => DELETING in 0.242969036102
2019-07-10 07:56:28.337 4541 INFO rally.task.runner [-] Task e3b8e3c6-62d7-431e-b8cc-94705ffa5878 | ITER: 4 END: OK
2019-07-10 07:56:28.342 4541 INFO rally.task.runner [-] Task e3b8e3c6-62d7-431e-b8cc-94705ffa5878 | ITER: 6 START
2019-07-10 07:56:28.575 4539 INFO rally.task.runner [-] Task e3b8e3c6-62d7-431e-b8cc-94705ffa5878 | ITER: 2 END: OK
2019-07-10 07:56:28.581 4539 INFO rally.task.runner [-] Task e3b8e3c6-62d7-431e-b8cc-94705ffa5878 | ITER: 7 START
2019-07-10 07:56:28.619 4540 INFO rally.task.runner [-] Task e3b8e3c6-62d7-431e-b8cc-94705ffa5878 | ITER: 3 END: OK
2019-07-10 07:56:28.623 4540 INFO rally.task.runner [-] Task e3b8e3c6-62d7-431e-b8cc-94705ffa5878 | ITER: 8 START
2019-07-10 07:56:30.675 4538 RALLYDEBUG rally.task.utils [-] Waiting for resource s_rally_13d9b4fb_COXxSlEm. Status changed: AVAILABLE => DELETING in 0.337574958801
2019-07-10 07:56:32.342 4541 INFO rally.task.runner [-] Task e3b8e3c6-62d7-431e-b8cc-94705ffa5878 | ITER: 6 END: OK
2019-07-10 07:56:32.346 4541 INFO rally.task.runner [-] Task e3b8e3c6-62d7-431e-b8cc-94705ffa5878 | ITER: 9 START
2019-07-10 07:56:32.493 4539 INFO rally.task.runner [-] Task e3b8e3c6-62d7-431e-b8cc-94705ffa5878 | ITER: 7 END: OK
2019-07-10 07:56:32.498 4539 INFO rally.task.runner [-] Task e3b8e3c6-62d7-431e-b8cc-94705ffa5878 | ITER: 10 START
2019-07-10 07:56:32.542 4540 RALLYDEBUG rally.task.utils [-] Waiting for resource s_rally_13d9b4fb_m6vV4mfG. Status changed: AVAILABLE => DELETING in 0.250420093536
2019-07-10 07:56:32.903 4538 INFO rally.task.runner [-] Task e3b8e3c6-62d7-431e-b8cc-94705ffa5878 | ITER: 5 END: OK
2019-07-10 07:56:34.766 4540 INFO rally.task.runner [-] Task e3b8e3c6-62d7-431e-b8cc-94705ffa5878 | ITER: 8 END: OK
2019-07-10 07:56:36.188 4541 RALLYDEBUG rally.task.utils [-] Waiting for resource s_rally_13d9b4fb_b13in4rk. Status changed: AVAILABLE => DELETING in 0.0525650978088
2019-07-10 07:56:36.386 4539 RALLYDEBUG rally.task.utils [-] Waiting for resource s_rally_13d9b4fb_683Jfp07. Status changed: AVAILABLE => DELETING in 0.233163118362
2019-07-10 07:56:38.425 4541 INFO rally.task.runner [-] Task e3b8e3c6-62d7-431e-b8cc-94705ffa5878 | ITER: 9 END: OK
2019-07-10 07:56:38.608 4539 INFO rally.task.runner [-] Task e3b8e3c6-62d7-431e-b8cc-94705ffa5878 | ITER: 10 END: OK
2019-07-10 07:56:38.635 1842 INFO rally.task.context [-] Task e3b8e3c6-62d7-431e-b8cc-94705ffa5878 | Context cleanup@openstack cleanup() started
2019-07-10 07:56:38.637 1842 RALLYDEBUG rally_openstack.cleanup.manager [-] Cleaning up cinder backups objects
2019-07-10 07:56:40.677 1842 RALLYDEBUG rally_openstack.cleanup.manager [-] Cleaning up cinder volume_snapshots objects
2019-07-10 07:56:42.629 1842 RALLYDEBUG rally_openstack.cleanup.manager [-] Cleaning up cinder transfers objects
2019-07-10 07:56:44.595 1842 RALLYDEBUG rally_openstack.cleanup.manager [-] Cleaning up cinder volumes objects
2019-07-10 07:56:46.574 1842 INFO rally.task.context [-] Task e3b8e3c6-62d7-431e-b8cc-94705ffa5878 | Context cleanup@openstack cleanup() finished in 7.94 sec
2019-07-10 07:56:46.575 1842 INFO rally.task.context [-] Task e3b8e3c6-62d7-431e-b8cc-94705ffa5878 | Context quotas@openstack cleanup() started
