2019-07-10 07:31:04.661 7 RALLYDEBUG rally.api [-] INFO logs from urllib3 and requests module are hide.
2019-07-10 07:31:04.661 7 RALLYDEBUG rally.api [-] urllib3 insecure warnings are hidden.
2019-07-10 07:31:04.661 7 RALLYDEBUG rally.api [-] ERROR log from boto module is hide.
2019-07-10 07:31:05.715 7 ERROR rally.cli.cliutils [-] Unexpected exception in CLI: DBRecordNotFound: Record for uuid or name is opnfv-rally not found in table envs
2019-07-10 07:31:05.715 7 ERROR rally.cli.cliutils
Traceback (most recent call last):
2019-07-10 07:31:05.715 7 ERROR rally.cli.cliutils
File "/usr/lib/python2.7/site-packages/rally/cli/cliutils.py", line 674, in run
2019-07-10 07:31:05.715 7 ERROR rally.cli.cliutils ret = fn(*fn_args, **fn_kwargs)
2019-07-10 07:31:05.715 7 ERROR rally.cli.cliutils File "", line 2, in destroy
2019-07-10 07:31:05.715 7 ERROR rally.cli.cliutils
File "/usr/lib/python2.7/site-packages/rally/cli/envutils.py", line 69, in default_from_global
2019-07-10 07:31:05.715 7 ERROR rally.cli.cliutils return f(*args, **kwargs)
2019-07-10 07:31:05.715 7 ERROR rally.cli.cliutils File "", line 2, in destroy
2019-07-10 07:31:05.715 7 ERROR rally.cli.cliutils
File "/usr/lib/python2.7/site-packages/rally/plugins/__init__.py", line 51, in ensure_plugins_are_loaded
2019-07-10 07:31:05.715 7 ERROR rally.cli.cliutils return f(*args, **kwargs)
2019-07-10 07:31:05.715 7 ERROR rally.cli.cliutils
File "/usr/lib/python2.7/site-packages/rally/cli/commands/deployment.py", line 140, in destroy
2019-07-10 07:31:05.715 7 ERROR rally.cli.cliutils api.deployment.destroy(deployment=deployment)
2019-07-10 07:31:05.715 7 ERROR rally.cli.cliutils
File "/usr/lib/python2.7/site-packages/rally/api.py", line 115, in destroy
2019-07-10 07:31:05.715 7 ERROR rally.cli.cliutils deploy = objects.Deployment.get(deployment)
2019-07-10 07:31:05.715 7 ERROR rally.cli.cliutils
File "/usr/lib/python2.7/site-packages/rally/common/objects/deploy.py", line 124, in get
2019-07-10 07:31:05.715 7 ERROR rally.cli.cliutils return Deployment(env_mgr.EnvManager.get(deploy))
2019-07-10 07:31:05.715 7 ERROR rally.cli.cliutils
File "/usr/lib/python2.7/site-packages/rally/env/env_mgr.py", line 212, in get
2019-07-10 07:31:05.715 7 ERROR rally.cli.cliutils return cls(db.env_get(uuid_or_name))
2019-07-10 07:31:05.715 7 ERROR rally.cli.cliutils
File "/usr/lib/python2.7/site-packages/rally/common/db/api.py", line 135, in wrapper
2019-07-10 07:31:05.715 7 ERROR rally.cli.cliutils result = f(session, *args, **kwargs)
2019-07-10 07:31:05.715 7 ERROR rally.cli.cliutils
File "/usr/lib/python2.7/site-packages/rally/common/db/api.py", line 521, in env_get
2019-07-10 07:31:05.715 7 ERROR rally.cli.cliutils criteria="uuid or name is %s" % uuid_or_name, table="envs")
2019-07-10 07:31:05.715 7 ERROR rally.cli.cliutils DBRecordNotFound: Record for uuid or name is opnfv-rally not found in table envs
2019-07-10 07:31:05.715 7 ERROR rally.cli.cliutils
2019-07-10 07:31:06.499 9 RALLYDEBUG rally.api [-] INFO logs from urllib3 and requests module are hide.
2019-07-10 07:31:06.499 9 RALLYDEBUG rally.api [-] urllib3 insecure warnings are hidden.
2019-07-10 07:31:06.499 9 RALLYDEBUG rally.api [-] ERROR log from boto module is hide.
2019-07-10 07:31:07.752 9 WARNING rally_openstack.platforms.existing [-] endpoint is deprecated and not used.
2019-07-10 07:31:08.673 11 RALLYDEBUG rally.api [-] INFO logs from urllib3 and requests module are hide.
2019-07-10 07:31:08.673 11 RALLYDEBUG rally.api [-] urllib3 insecure warnings are hidden.
2019-07-10 07:31:08.673 11 RALLYDEBUG rally.api [-] ERROR log from boto module is hide.
2019-07-10 07:31:12.609 14 RALLYDEBUG rally.api [-] INFO logs from urllib3 and requests module are hide.
2019-07-10 07:31:12.610 14 RALLYDEBUG rally.api [-] urllib3 insecure warnings are hidden.
2019-07-10 07:31:12.610 14 RALLYDEBUG rally.api [-] ERROR log from boto module is hide.
2019-07-10 07:31:14.245 16 RALLYDEBUG rally.api [-] INFO logs from urllib3 and requests module are hide.
2019-07-10 07:31:14.245 16 RALLYDEBUG rally.api [-] urllib3 insecure warnings are hidden.
2019-07-10 07:31:14.245 16 RALLYDEBUG rally.api [-] ERROR log from boto module is hide.
2019-07-10 07:31:15.610 16 INFO rally.task.engine [-] Task 0cac2051-108e-4ffc-a5d3-659ca427d075 | Starting: Task validation.
2019-07-10 07:31:15.649 16 INFO rally.task.engine [-] Task 0cac2051-108e-4ffc-a5d3-659ca427d075 | Starting: Task validation of syntax.
2019-07-10 07:31:15.731 16 INFO rally.task.engine [-] Task 0cac2051-108e-4ffc-a5d3-659ca427d075 | Completed: Task validation of syntax.
2019-07-10 07:31:15.731 16 INFO rally.task.engine [-] Task 0cac2051-108e-4ffc-a5d3-659ca427d075 | Starting: Task validation of required platforms.
2019-07-10 07:31:15.768 16 INFO rally.task.engine [-] Task 0cac2051-108e-4ffc-a5d3-659ca427d075 | Completed: Task validation of required platforms.
2019-07-10 07:31:15.769 16 INFO rally.task.engine [-] Task 0cac2051-108e-4ffc-a5d3-659ca427d075 | Starting: Task validation of semantic.
2019-07-10 07:31:15.769 16 INFO rally.task.engine [-] Check health of the environment '3e424cc5-9171-4ab6-b36b-1b816ccdddfc'.
2019-07-10 07:31:16.488 16 INFO rally.task.engine [-] Platform existing@openstack (available: True): OK!
2019-07-10 07:31:16.505 16 RALLYDEBUG rally_openstack.contexts.keystone.users [-] Creating 1 tenants using 20 threads
2019-07-10 07:31:18.305 16 RALLYDEBUG rally_openstack.contexts.keystone.users [-] Creating 1 users using 20 threads
2019-07-10 07:31:20.777 16 INFO rally.task.context [-] Task 0cac2051-108e-4ffc-a5d3-659ca427d075 | Context users@openstack setup() finished in 4.27 sec
2019-07-10 07:31:20.824 16 INFO rally.task.context [-] Task 0cac2051-108e-4ffc-a5d3-659ca427d075 | Context users@openstack cleanup() started
2019-07-10 07:31:25.164 16 INFO rally.task.context [-] Task 0cac2051-108e-4ffc-a5d3-659ca427d075 | Context users@openstack cleanup() finished in 4.34 sec
2019-07-10 07:31:25.164 16 INFO rally.task.engine [-] Task 0cac2051-108e-4ffc-a5d3-659ca427d075 | Completed: Task validation of semantic.
2019-07-10 07:31:25.164 16 INFO rally.task.engine [-] Task 0cac2051-108e-4ffc-a5d3-659ca427d075 | Completed: Task validation.
2019-07-10 07:31:25.165 16 INFO rally.api [-] Task 0cac2051-108e-4ffc-a5d3-659ca427d075 input file is valid.
2019-07-10 07:31:25.165 16 INFO rally.api [-] Run Task 0cac2051-108e-4ffc-a5d3-659ca427d075 against Deployment 3e424cc5-9171-4ab6-b36b-1b816ccdddfc
2019-07-10 07:31:25.165 16 INFO rally.task.engine [-] Task 0cac2051-108e-4ffc-a5d3-659ca427d075 | Starting: Running task.
2019-07-10 07:31:25.307 16 INFO rally.task.engine [-] Running workload: position = 0 config = { "version": 2, "title": "A cropped version of a bigger task.", "description": "Auto-generated task from a single workload (uuid=4b200045-5ca9-44c7-a3ce-de9abeb67e02)", "subtasks": [ { "title": "Authenticate.keystone", "description": "Check Keystone Client.", "scenario": { "Authenticate.keystone": {} }, "contexts": { "users": { "tenants": 3, "users_per_tenant": 2 } }, "runner": { "constant": { "concurrency": 4, "times": 10 } }, "hooks": [], "sla": { "failure_rate": { "max": 0 } } } ] }
2019-07-10 07:31:25.328 16 RALLYDEBUG rally_openstack.contexts.keystone.users [-] Creating 3 tenants using 20 threads
2019-07-10 07:31:27.213 16 RALLYDEBUG rally_openstack.contexts.keystone.users [-] Creating 6 users using 20 threads
2019-07-10 07:31:29.971 16 INFO rally.task.context [-] Task 0cac2051-108e-4ffc-a5d3-659ca427d075 | Context users@openstack setup() finished in 4.64 sec
2019-07-10 07:31:29.977 16 RALLYDEBUG rally.task.runner [-] Starting the constant runner (task UUID: 0cac2051-108e-4ffc-a5d3-659ca427d075). timeout: 0 concurrency: 4 concurrency_per_worker: 1 times: 10 concurrency_overhead: 0 processes_to_start: 4 max_cpu_used: 16
2019-07-10 07:31:29.990 140 RALLYDEBUG rally.task.runner [-] Starting a worker. concurrency: 1 args: {} times: 10 method_name: run timeout: 0 duration: None cls:
2019-07-10 07:31:29.992 141 RALLYDEBUG rally.task.runner [-] Starting a worker. concurrency: 1 args: {} times: 10 method_name: run timeout: 0 duration: None cls:
2019-07-10 07:31:29.996 140 INFO rally.task.runner [-] Task 0cac2051-108e-4ffc-a5d3-659ca427d075 | ITER: 1 START
2019-07-10 07:31:29.995 142 RALLYDEBUG rally.task.runner [-] Starting a worker. concurrency: 1 args: {} times: 10 method_name: run timeout: 0 duration: None cls:
2019-07-10 07:31:29.997 143 RALLYDEBUG rally.task.runner [-] Starting a worker. concurrency: 1 args: {} times: 10 method_name: run timeout: 0 duration: None cls:
2019-07-10 07:31:29.998 141 INFO rally.task.runner [-] Task 0cac2051-108e-4ffc-a5d3-659ca427d075 | ITER: 2 START
2019-07-10 07:31:30.001 142 INFO rally.task.runner [-] Task 0cac2051-108e-4ffc-a5d3-659ca427d075 | ITER: 3 START
2019-07-10 07:31:30.003 143 INFO rally.task.runner [-] Task 0cac2051-108e-4ffc-a5d3-659ca427d075 | ITER: 4 START
2019-07-10 07:31:30.593 143 INFO rally.task.runner [-] Task 0cac2051-108e-4ffc-a5d3-659ca427d075 | ITER: 4 END: OK
2019-07-10 07:31:30.597 143 INFO rally.task.runner [-] Task 0cac2051-108e-4ffc-a5d3-659ca427d075 | ITER: 5 START
2019-07-10 07:31:30.599 142 INFO rally.task.runner [-] Task 0cac2051-108e-4ffc-a5d3-659ca427d075 | ITER: 3 END: OK
2019-07-10 07:31:30.601 140 INFO rally.task.runner [-] Task 0cac2051-108e-4ffc-a5d3-659ca427d075 | ITER: 1 END: OK
2019-07-10 07:31:30.604 142 INFO rally.task.runner [-] Task 0cac2051-108e-4ffc-a5d3-659ca427d075 | ITER: 6 START
2019-07-10 07:31:30.605 140 INFO rally.task.runner [-] Task 0cac2051-108e-4ffc-a5d3-659ca427d075 | ITER: 7 START
2019-07-10 07:31:30.626 141 INFO rally.task.runner [-] Task 0cac2051-108e-4ffc-a5d3-659ca427d075 | ITER: 2 END: OK
2019-07-10 07:31:30.629 141 INFO rally.task.runner [-] Task 0cac2051-108e-4ffc-a5d3-659ca427d075 | ITER: 8 START
2019-07-10 07:31:31.201 143 INFO rally.task.runner [-] Task 0cac2051-108e-4ffc-a5d3-659ca427d075 | ITER: 5 END: OK
2019-07-10 07:31:31.202 140 INFO rally.task.runner [-] Task 0cac2051-108e-4ffc-a5d3-659ca427d075 | ITER: 7 END: OK
2019-07-10 07:31:31.204 143 INFO rally.task.runner [-] Task 0cac2051-108e-4ffc-a5d3-659ca427d075 | ITER: 9 START
2019-07-10 07:31:31.205 140 INFO rally.task.runner [-] Task 0cac2051-108e-4ffc-a5d3-659ca427d075 | ITER: 10 START
2019-07-10 07:31:31.212 141 INFO rally.task.runner [-] Task 0cac2051-108e-4ffc-a5d3-659ca427d075 | ITER: 8 END: OK
2019-07-10 07:31:31.287 142 INFO rally.task.runner [-] Task 0cac2051-108e-4ffc-a5d3-659ca427d075 | ITER: 6 END: OK
2019-07-10 07:31:31.793 143 INFO rally.task.runner [-] Task 0cac2051-108e-4ffc-a5d3-659ca427d075 | ITER: 9 END: OK
2019-07-10 07:31:31.796 140 INFO rally.task.runner [-] Task 0cac2051-108e-4ffc-a5d3-659ca427d075 | ITER: 10 END: OK
2019-07-10 07:31:31.821 16 INFO rally.task.context [-] Task 0cac2051-108e-4ffc-a5d3-659ca427d075 | Context users@openstack cleanup() started
2019-07-10 07:31:38.429 16 INFO rally.task.context [-] Task 0cac2051-108e-4ffc-a5d3-659ca427d075 | Context users@openstack cleanup() finished in 6.61 sec
2019-07-10 07:31:39.437 16 INFO rally.task.engine [-] Load duration is: 1.798644
2019-07-10 07:31:39.438 16 INFO rally.task.engine [-] Full runner duration is: 1.844164
2019-07-10 07:31:39.438 16 INFO rally.task.engine [-] Full duration is: 13.103432
2019-07-10 07:31:39.666 16 INFO rally.task.engine [-] Running workload: position = 0 config = { "version": 2, "title": "A cropped version of a bigger task.", "description": "Auto-generated task from a single workload (uuid=915c3f1a-a2f2-4b6e-825f-d689ea0914dc)", "subtasks": [ { "title": "Authenticate.validate_cinder", "description": "Check Cinder Client to ensure validation of token.", "scenario": { "Authenticate.validate_cinder": { "repetitions": 2 } }, "contexts": { "users": { "tenants": 3, "users_per_tenant": 2 } }, "runner": { "constant": { "concurrency": 4, "times": 10 } }, "hooks": [], "sla": { "failure_rate": { "max": 0 } } } ] }
2019-07-10 07:31:39.686 16 RALLYDEBUG rally_openstack.contexts.keystone.users [-] Creating 3 tenants using 20 threads
2019-07-10 07:31:41.512 16 RALLYDEBUG rally_openstack.contexts.keystone.users [-] Creating 6 users using 20 threads
2019-07-10 07:31:44.263 16 INFO rally.task.context [-] Task 0cac2051-108e-4ffc-a5d3-659ca427d075 | Context users@openstack setup() finished in 4.58 sec
2019-07-10 07:31:44.270 16 RALLYDEBUG rally.task.runner [-] Starting the constant runner (task UUID: 0cac2051-108e-4ffc-a5d3-659ca427d075). timeout: 0 concurrency: 4 concurrency_per_worker: 1 times: 10 concurrency_overhead: 0 processes_to_start: 4 max_cpu_used: 16
2019-07-10 07:31:44.282 244 RALLYDEBUG rally.task.runner [-] Starting a worker. concurrency: 1 args: {"repetitions": 2} times: 10 method_name: run timeout: 0 duration: None cls:
2019-07-10 07:31:44.285 245 RALLYDEBUG rally.task.runner [-] Starting a worker. concurrency: 1 args: {"repetitions": 2} times: 10 method_name: run timeout: 0 duration: None cls:
2019-07-10 07:31:44.288 246 RALLYDEBUG rally.task.runner [-] Starting a worker. concurrency: 1 args: {"repetitions": 2} times: 10 method_name: run timeout: 0 duration: None cls:
2019-07-10 07:31:44.290 244 INFO rally.task.runner [-] Task 0cac2051-108e-4ffc-a5d3-659ca427d075 | ITER: 1 START
2019-07-10 07:31:44.291 245 INFO rally.task.runner [-] Task 0cac2051-108e-4ffc-a5d3-659ca427d075 | ITER: 2 START
2019-07-10 07:31:44.291 247 RALLYDEBUG rally.task.runner [-] Starting a worker. concurrency: 1 args: {"repetitions": 2} times: 10 method_name: run timeout: 0 duration: None cls:
2019-07-10 07:31:44.294 246 INFO rally.task.runner [-] Task 0cac2051-108e-4ffc-a5d3-659ca427d075 | ITER: 3 START
2019-07-10 07:31:44.297 247 INFO rally.task.runner [-] Task 0cac2051-108e-4ffc-a5d3-659ca427d075 | ITER: 4 START
2019-07-10 07:31:46.196 245 INFO rally.task.runner [-] Task 0cac2051-108e-4ffc-a5d3-659ca427d075 | ITER: 2 END: OK
2019-07-10 07:31:46.200 245 INFO rally.task.runner [-] Task 0cac2051-108e-4ffc-a5d3-659ca427d075 | ITER: 5 START
2019-07-10 07:31:46.231 247 INFO rally.task.runner [-] Task 0cac2051-108e-4ffc-a5d3-659ca427d075 | ITER: 4 END: OK
2019-07-10 07:31:46.235 247 INFO rally.task.runner [-] Task 0cac2051-108e-4ffc-a5d3-659ca427d075 | ITER: 6 START
2019-07-10 07:31:46.239 244 INFO rally.task.runner [-] Task 0cac2051-108e-4ffc-a5d3-659ca427d075 | ITER: 1 END: OK
2019-07-10 07:31:46.242 244 INFO rally.task.runner [-] Task 0cac2051-108e-4ffc-a5d3-659ca427d075 | ITER: 7 START
2019-07-10 07:31:46.264 246 INFO rally.task.runner [-] Task 0cac2051-108e-4ffc-a5d3-659ca427d075 | ITER: 3 END: OK
2019-07-10 07:31:46.268 246 INFO rally.task.runner [-] Task 0cac2051-108e-4ffc-a5d3-659ca427d075 | ITER: 8 START
2019-07-10 07:31:47.212 245 INFO rally.task.runner [-] Task 0cac2051-108e-4ffc-a5d3-659ca427d075 | ITER: 5 END: OK
2019-07-10 07:31:47.216 245 INFO rally.task.runner [-] Task 0cac2051-108e-4ffc-a5d3-659ca427d075 | ITER: 9 START
2019-07-10 07:31:48.205 247 INFO rally.task.runner [-] Task 0cac2051-108e-4ffc-a5d3-659ca427d075 | ITER: 6 END: OK
2019-07-10 07:31:48.209 247 INFO rally.task.runner [-] Task 0cac2051-108e-4ffc-a5d3-659ca427d075 | ITER: 10 START
2019-07-10 07:31:48.872 245 INFO rally.task.runner [-] Task 0cac2051-108e-4ffc-a5d3-659ca427d075 | ITER: 9 END: OK
2019-07-10 07:31:49.441 246 INFO rally.task.runner [-] Task 0cac2051-108e-4ffc-a5d3-659ca427d075 | ITER: 8 END: OK
2019-07-10 07:31:49.615 244 INFO rally.task.runner [-] Task 0cac2051-108e-4ffc-a5d3-659ca427d075 | ITER: 7 END: OK
2019-07-10 07:31:49.751 247 INFO rally.task.runner [-] Task 0cac2051-108e-4ffc-a5d3-659ca427d075 | ITER: 10 END: OK
2019-07-10 07:31:49.778 16 INFO rally.task.context [-] Task 0cac2051-108e-4ffc-a5d3-659ca427d075 | Context users@openstack cleanup() started
2019-07-10 07:31:56.849 16 INFO rally.task.context [-] Task 0cac2051-108e-4ffc-a5d3-659ca427d075 | Context users@openstack cleanup() finished in 7.07 sec
2019-07-10 07:31:57.767 16 INFO rally.task.engine [-] Load duration is: 5.458645
2019-07-10 07:31:57.767 16 INFO rally.task.engine [-] Full runner duration is: 5.508204
2019-07-10 07:31:57.767 16 INFO rally.task.engine [-] Full duration is: 17.164703
2019-07-10 07:31:57.982 16 INFO rally.task.engine [-] Running workload: position = 0 config = { "version": 2, "title": "A cropped version of a bigger task.", "description": "Auto-generated task from a single workload (uuid=08697abe-86b7-4a89-a728-f53544210a02)", "subtasks": [ { "title": "Authenticate.validate_glance", "description": "Check Glance Client to ensure validation of token.", "scenario": { "Authenticate.validate_glance": { "repetitions": 2 } }, "contexts": { "users": { "tenants": 3, "users_per_tenant": 2 } }, "runner": { "constant": { "concurrency": 4, "times": 10 } }, "hooks": [], "sla": { "failure_rate": { "max": 0 } } } ] }
2019-07-10 07:31:58.003 16 RALLYDEBUG rally_openstack.contexts.keystone.users [-] Creating 3 tenants using 20 threads
2019-07-10 07:31:59.911 16 RALLYDEBUG rally_openstack.contexts.keystone.users [-] Creating 6 users using 20 threads
2019-07-10 07:32:02.699 16 INFO rally.task.context [-] Task 0cac2051-108e-4ffc-a5d3-659ca427d075 | Context users@openstack setup() finished in 4.70 sec
2019-07-10 07:32:02.706 16 RALLYDEBUG rally.task.runner [-] Starting the constant runner (task UUID: 0cac2051-108e-4ffc-a5d3-659ca427d075). timeout: 0 concurrency: 4 concurrency_per_worker: 1 times: 10 concurrency_overhead: 0 processes_to_start: 4 max_cpu_used: 16
2019-07-10 07:32:02.717 348 RALLYDEBUG rally.task.runner [-] Starting a worker. concurrency: 1 args: {"repetitions": 2} times: 10 method_name: run timeout: 0 duration: None cls:
2019-07-10 07:32:02.721 349 RALLYDEBUG rally.task.runner [-] Starting a worker. concurrency: 1 args: {"repetitions": 2} times: 10 method_name: run timeout: 0 duration: None cls:
2019-07-10 07:32:02.723 350 RALLYDEBUG rally.task.runner [-] Starting a worker. concurrency: 1 args: {"repetitions": 2} times: 10 method_name: run timeout: 0 duration: None cls:
2019-07-10 07:32:02.724 348 INFO rally.task.runner [-] Task 0cac2051-108e-4ffc-a5d3-659ca427d075 | ITER: 1 START
2019-07-10 07:32:02.727 349 INFO rally.task.runner [-] Task 0cac2051-108e-4ffc-a5d3-659ca427d075 | ITER: 2 START
2019-07-10 07:32:02.727 351 RALLYDEBUG rally.task.runner [-] Starting a worker. concurrency: 1 args: {"repetitions": 2} times: 10 method_name: run timeout: 0 duration: None cls:
2019-07-10 07:32:02.730 350 INFO rally.task.runner [-] Task 0cac2051-108e-4ffc-a5d3-659ca427d075 | ITER: 3 START
2019-07-10 07:32:02.733 351 INFO rally.task.runner [-] Task 0cac2051-108e-4ffc-a5d3-659ca427d075 | ITER: 4 START
2019-07-10 07:32:03.530 351 INFO rally.task.runner [-] Task 0cac2051-108e-4ffc-a5d3-659ca427d075 | ITER: 4 END: OK
2019-07-10 07:32:03.534 351 INFO rally.task.runner [-] Task 0cac2051-108e-4ffc-a5d3-659ca427d075 | ITER: 5 START
2019-07-10 07:32:03.548 350 INFO rally.task.runner [-] Task 0cac2051-108e-4ffc-a5d3-659ca427d075 | ITER: 3 END: OK
2019-07-10 07:32:03.551 350 INFO rally.task.runner [-] Task 0cac2051-108e-4ffc-a5d3-659ca427d075 | ITER: 6 START
2019-07-10 07:32:03.554 349 INFO rally.task.runner [-] Task 0cac2051-108e-4ffc-a5d3-659ca427d075 | ITER: 2 END: OK
2019-07-10 07:32:03.558 349 INFO rally.task.runner [-] Task 0cac2051-108e-4ffc-a5d3-659ca427d075 | ITER: 7 START
2019-07-10 07:32:03.568 348 INFO rally.task.runner [-] Task 0cac2051-108e-4ffc-a5d3-659ca427d075 | ITER: 1 END: OK
2019-07-10 07:32:03.571 348 INFO rally.task.runner [-] Task 0cac2051-108e-4ffc-a5d3-659ca427d075 | ITER: 8 START
2019-07-10 07:32:04.340 351 INFO rally.task.runner [-] Task 0cac2051-108e-4ffc-a5d3-659ca427d075 | ITER: 5 END: OK
2019-07-10 07:32:04.344 351 INFO rally.task.runner [-] Task 0cac2051-108e-4ffc-a5d3-659ca427d075 | ITER: 9 START
2019-07-10 07:32:04.358 348 INFO rally.task.runner [-] Task 0cac2051-108e-4ffc-a5d3-659ca427d075 | ITER: 8 END: OK
2019-07-10 07:32:04.362 348 INFO rally.task.runner [-] Task 0cac2051-108e-4ffc-a5d3-659ca427d075 | ITER: 10 START
2019-07-10 07:32:04.393 349 INFO rally.task.runner [-] Task 0cac2051-108e-4ffc-a5d3-659ca427d075 | ITER: 7 END: OK
2019-07-10 07:32:04.416 350 INFO rally.task.runner [-] Task 0cac2051-108e-4ffc-a5d3-659ca427d075 | ITER: 6 END: OK
2019-07-10 07:32:05.041 351 INFO rally.task.runner [-] Task 0cac2051-108e-4ffc-a5d3-659ca427d075 | ITER: 9 END: OK
2019-07-10 07:32:05.126 348 INFO rally.task.runner [-] Task 0cac2051-108e-4ffc-a5d3-659ca427d075 | ITER: 10 END: OK
2019-07-10 07:32:05.147 16 INFO rally.task.context [-] Task 0cac2051-108e-4ffc-a5d3-659ca427d075 | Context users@openstack cleanup() started
2019-07-10 07:32:12.074 16 INFO rally.task.context [-] Task 0cac2051-108e-4ffc-a5d3-659ca427d075 | Context users@openstack cleanup() finished in 6.93 sec
2019-07-10 07:32:14.081 16 INFO rally.task.engine [-] Load duration is: 2.399977
2019-07-10 07:32:14.082 16 INFO rally.task.engine [-] Full runner duration is: 2.441565
2019-07-10 07:32:14.082 16 INFO rally.task.engine [-] Full duration is: 14.072693
2019-07-10 07:32:14.313 16 INFO rally.task.engine [-] Running workload: position = 0 config = { "version": 2, "title": "A cropped version of a bigger task.", "description": "Auto-generated task from a single workload (uuid=f2df48f6-73ef-4f36-9655-425ad951eb49)", "subtasks": [ { "title": "Authenticate.validate_heat", "description": "Check Heat Client to ensure validation of token.", "scenario": { "Authenticate.validate_heat": { "repetitions": 2 } }, "contexts": { "users": { "tenants": 3, "users_per_tenant": 2 } }, "runner": { "constant": { "concurrency": 4, "times": 10 } }, "hooks": [], "sla": { "failure_rate": { "max": 0 } } } ] }
2019-07-10 07:32:14.334 16 RALLYDEBUG rally_openstack.contexts.keystone.users [-] Creating 3 tenants using 20 threads
2019-07-10 07:32:16.090 16 RALLYDEBUG rally_openstack.contexts.keystone.users [-] Creating 6 users using 20 threads
2019-07-10 07:32:18.667 16 INFO rally.task.context [-] Task 0cac2051-108e-4ffc-a5d3-659ca427d075 | Context users@openstack setup() finished in 4.33 sec
2019-07-10 07:32:18.674 16 RALLYDEBUG rally.task.runner [-] Starting the constant runner (task UUID: 0cac2051-108e-4ffc-a5d3-659ca427d075). timeout: 0 concurrency: 4 concurrency_per_worker: 1 times: 10 concurrency_overhead: 0 processes_to_start: 4 max_cpu_used: 16
2019-07-10 07:32:18.686 452 RALLYDEBUG rally.task.runner [-] Starting a worker. concurrency: 1 args: {"repetitions": 2} times: 10 method_name: run timeout: 0 duration: None cls:
2019-07-10 07:32:18.689 454 RALLYDEBUG rally.task.runner [-] Starting a worker. concurrency: 1 args: {"repetitions": 2} times: 10 method_name: run timeout: 0 duration: None cls:
2019-07-10 07:32:18.688 453 RALLYDEBUG rally.task.runner [-] Starting a worker. concurrency: 1 args: {"repetitions": 2} times: 10 method_name: run timeout: 0 duration: None cls:
2019-07-10 07:32:18.692 452 INFO rally.task.runner [-] Task 0cac2051-108e-4ffc-a5d3-659ca427d075 | ITER: 1 START
2019-07-10 07:32:18.693 454 INFO rally.task.runner [-] Task 0cac2051-108e-4ffc-a5d3-659ca427d075 | ITER: 2 START
2019-07-10 07:32:18.695 453 INFO rally.task.runner [-] Task 0cac2051-108e-4ffc-a5d3-659ca427d075 | ITER: 3 START
2019-07-10 07:32:18.694 455 RALLYDEBUG rally.task.runner [-] Starting a worker. concurrency: 1 args: {"repetitions": 2} times: 10 method_name: run timeout: 0 duration: None cls:
2019-07-10 07:32:18.700 455 INFO rally.task.runner [-] Task 0cac2051-108e-4ffc-a5d3-659ca427d075 | ITER: 4 START
2019-07-10 07:32:20.614 452 INFO rally.task.runner [-] Task 0cac2051-108e-4ffc-a5d3-659ca427d075 | ITER: 1 END: OK
2019-07-10 07:32:20.618 452 INFO rally.task.runner [-] Task 0cac2051-108e-4ffc-a5d3-659ca427d075 | ITER: 5 START
2019-07-10 07:32:20.631 454 INFO rally.task.runner [-] Task 0cac2051-108e-4ffc-a5d3-659ca427d075 | ITER: 2 END: OK
2019-07-10 07:32:20.635 454 INFO rally.task.runner [-] Task 0cac2051-108e-4ffc-a5d3-659ca427d075 | ITER: 6 START
2019-07-10 07:32:20.672 453 INFO rally.task.runner [-] Task 0cac2051-108e-4ffc-a5d3-659ca427d075 | ITER: 3 END: OK
2019-07-10 07:32:20.675 453 INFO rally.task.runner [-] Task 0cac2051-108e-4ffc-a5d3-659ca427d075 | ITER: 7 START
2019-07-10 07:32:20.710 455 INFO rally.task.runner [-] Task 0cac2051-108e-4ffc-a5d3-659ca427d075 | ITER: 4 END: OK
2019-07-10 07:32:20.714 455 INFO rally.task.runner [-] Task 0cac2051-108e-4ffc-a5d3-659ca427d075 | ITER: 8 START
2019-07-10 07:32:21.587 454 INFO rally.task.runner [-] Task 0cac2051-108e-4ffc-a5d3-659ca427d075 | ITER: 6 END: OK
2019-07-10 07:32:21.591 454 INFO rally.task.runner [-] Task 0cac2051-108e-4ffc-a5d3-659ca427d075 | ITER: 9 START
2019-07-10 07:32:21.617 452 INFO rally.task.runner [-] Task 0cac2051-108e-4ffc-a5d3-659ca427d075 | ITER: 5 END: OK
2019-07-10 07:32:21.621 452 INFO rally.task.runner [-] Task 0cac2051-108e-4ffc-a5d3-659ca427d075 | ITER: 10 START
2019-07-10 07:32:22.009 453 INFO rally.task.runner [-] Task 0cac2051-108e-4ffc-a5d3-659ca427d075 | ITER: 7 END: OK
2019-07-10 07:32:22.095 455 INFO rally.task.runner [-] Task 0cac2051-108e-4ffc-a5d3-659ca427d075 | ITER: 8 END: OK
2019-07-10 07:32:22.465 452 INFO rally.task.runner [-] Task 0cac2051-108e-4ffc-a5d3-659ca427d075 | ITER: 10 END: OK
2019-07-10 07:32:22.863 454 INFO rally.task.runner [-] Task 0cac2051-108e-4ffc-a5d3-659ca427d075 | ITER: 9 END: OK
2019-07-10 07:32:22.887 16 INFO rally.task.context [-] Task 0cac2051-108e-4ffc-a5d3-659ca427d075 | Context users@openstack cleanup() started
2019-07-10 07:32:31.270 16 INFO rally.task.context [-] Task 0cac2051-108e-4ffc-a5d3-659ca427d075 | Context users@openstack cleanup() finished in 8.38 sec
2019-07-10 07:32:32.420 16 INFO rally.task.engine [-] Load duration is: 4.169302
2019-07-10 07:32:32.420 16 INFO rally.task.engine [-] Full runner duration is: 4.21369
2019-07-10 07:32:32.421 16 INFO rally.task.engine [-] Full duration is: 16.937842
2019-07-10 07:32:32.652 16 INFO rally.task.engine [-] Running workload: position = 0 config = { "version": 2, "title": "A cropped version of a bigger task.", "description": "Auto-generated task from a single workload (uuid=2e795664-55d3-4379-8316-46397251fa6a)", "subtasks": [ { "title": "Authenticate.validate_neutron", "description": "Check Neutron Client to ensure validation of token.", "scenario": { "Authenticate.validate_neutron": { "repetitions": 2 } }, "contexts": { "users": { "tenants": 3, "users_per_tenant": 2 } }, "runner": { "constant": { "concurrency": 4, "times": 10 } }, "hooks": [], "sla": { "failure_rate": { "max": 0 } } } ] }
2019-07-10 07:32:32.668 16 RALLYDEBUG rally_openstack.contexts.keystone.users [-] Creating 3 tenants using 20 threads
2019-07-10 07:32:34.606 16 RALLYDEBUG rally_openstack.contexts.keystone.users [-] Creating 6 users using 20 threads
2019-07-10 07:32:37.374 16 INFO rally.task.context [-] Task 0cac2051-108e-4ffc-a5d3-659ca427d075 | Context users@openstack setup() finished in 4.71 sec
2019-07-10 07:32:37.381 16 RALLYDEBUG rally.task.runner [-] Starting the constant runner (task UUID: 0cac2051-108e-4ffc-a5d3-659ca427d075). timeout: 0 concurrency: 4 concurrency_per_worker: 1 times: 10 concurrency_overhead: 0 processes_to_start: 4 max_cpu_used: 16
2019-07-10 07:32:37.393 556 RALLYDEBUG rally.task.runner [-] Starting a worker. concurrency: 1 args: {"repetitions": 2} times: 10 method_name: run timeout: 0 duration: None cls:
2019-07-10 07:32:37.396 557 RALLYDEBUG rally.task.runner [-] Starting a worker. concurrency: 1 args: {"repetitions": 2} times: 10 method_name: run timeout: 0 duration: None cls:
2019-07-10 07:32:37.399 556 INFO rally.task.runner [-] Task 0cac2051-108e-4ffc-a5d3-659ca427d075 | ITER: 1 START
2019-07-10 07:32:37.400 558 RALLYDEBUG rally.task.runner [-] Starting a worker. concurrency: 1 args: {"repetitions": 2} times: 10 method_name: run timeout: 0 duration: None cls:
2019-07-10 07:32:37.402 559 RALLYDEBUG rally.task.runner [-] Starting a worker. concurrency: 1 args: {"repetitions": 2} times: 10 method_name: run timeout: 0 duration: None cls:
2019-07-10 07:32:37.403 557 INFO rally.task.runner [-] Task 0cac2051-108e-4ffc-a5d3-659ca427d075 | ITER: 2 START
2019-07-10 07:32:37.405 558 INFO rally.task.runner [-] Task 0cac2051-108e-4ffc-a5d3-659ca427d075 | ITER: 3 START
2019-07-10 07:32:37.407 559 INFO rally.task.runner [-] Task 0cac2051-108e-4ffc-a5d3-659ca427d075 | ITER: 4 START
2019-07-10 07:32:38.495 558 INFO rally.task.runner [-] Task 0cac2051-108e-4ffc-a5d3-659ca427d075 | ITER: 3 END: OK
2019-07-10 07:32:38.499 558 INFO rally.task.runner [-] Task 0cac2051-108e-4ffc-a5d3-659ca427d075 | ITER: 5 START
2019-07-10 07:32:38.502 557 INFO rally.task.runner [-] Task 0cac2051-108e-4ffc-a5d3-659ca427d075 | ITER: 2 END: OK
2019-07-10 07:32:38.505 559 INFO rally.task.runner [-] Task 0cac2051-108e-4ffc-a5d3-659ca427d075 | ITER: 4 END: OK
2019-07-10 07:32:38.506 557 INFO rally.task.runner [-] Task 0cac2051-108e-4ffc-a5d3-659ca427d075 | ITER: 6 START
2019-07-10 07:32:38.509 559 INFO rally.task.runner [-] Task 0cac2051-108e-4ffc-a5d3-659ca427d075 | ITER: 7 START
2019-07-10 07:32:38.513 556 INFO rally.task.runner [-] Task 0cac2051-108e-4ffc-a5d3-659ca427d075 | ITER: 1 END: OK
2019-07-10 07:32:38.518 556 INFO rally.task.runner [-] Task 0cac2051-108e-4ffc-a5d3-659ca427d075 | ITER: 8 START
2019-07-10 07:32:39.335 559 INFO rally.task.runner [-] Task 0cac2051-108e-4ffc-a5d3-659ca427d075 | ITER: 7 END: OK
2019-07-10 07:32:39.339 559 INFO rally.task.runner [-] Task 0cac2051-108e-4ffc-a5d3-659ca427d075 | ITER: 9 START
2019-07-10 07:32:39.540 558 INFO rally.task.runner [-] Task 0cac2051-108e-4ffc-a5d3-659ca427d075 | ITER: 5 END: OK
2019-07-10 07:32:39.544 556 INFO rally.task.runner [-] Task 0cac2051-108e-4ffc-a5d3-659ca427d075 | ITER: 8 END: OK
2019-07-10 07:32:39.544 558 INFO rally.task.runner [-] Task 0cac2051-108e-4ffc-a5d3-659ca427d075 | ITER: 10 START
2019-07-10 07:32:39.682 557 INFO rally.task.runner [-] Task 0cac2051-108e-4ffc-a5d3-659ca427d075 | ITER: 6 END: OK
2019-07-10 07:32:40.256 559 INFO rally.task.runner [-] Task 0cac2051-108e-4ffc-a5d3-659ca427d075 | ITER: 9 END: OK
2019-07-10 07:32:40.399 558 INFO rally.task.runner [-] Task 0cac2051-108e-4ffc-a5d3-659ca427d075 | ITER: 10 END: OK
2019-07-10 07:32:40.422 16 INFO rally.task.context [-] Task 0cac2051-108e-4ffc-a5d3-659ca427d075 | Context users@openstack cleanup() started
2019-07-10 07:32:47.145 16 INFO rally.task.context [-] Task 0cac2051-108e-4ffc-a5d3-659ca427d075 | Context users@openstack cleanup() finished in 6.72 sec
2019-07-10 07:32:48.749 16 INFO rally.task.engine [-] Load duration is: 2.998279
2019-07-10 07:32:48.749 16 INFO rally.task.engine [-] Full runner duration is: 3.041374
2019-07-10 07:32:48.750 16 INFO rally.task.engine [-] Full duration is: 14.478019
2019-07-10 07:32:48.985 16 INFO rally.task.engine [-] Running workload: position = 0 config = { "version": 2, "title": "A cropped version of a bigger task.", "description": "Auto-generated task from a single workload (uuid=42063eed-37c3-44a9-b79c-870546528d7a)", "subtasks": [ { "title": "Authenticate.validate_nova", "description": "Check Nova Client to ensure validation of token.", "scenario": { "Authenticate.validate_nova": { "repetitions": 2 } }, "contexts": { "users": { "tenants": 3, "users_per_tenant": 2 } }, "runner": { "constant": { "concurrency": 4, "times": 10 } }, "hooks": [], "sla": { "failure_rate": { "max": 0 } } } ] }
2019-07-10 07:32:49.008 16 RALLYDEBUG rally_openstack.contexts.keystone.users [-] Creating 3 tenants using 20 threads
2019-07-10 07:32:50.775 16 RALLYDEBUG rally_openstack.contexts.keystone.users [-] Creating 6 users using 20 threads
2019-07-10 07:32:53.537 16 INFO rally.task.context [-] Task 0cac2051-108e-4ffc-a5d3-659ca427d075 | Context users@openstack setup() finished in 4.53 sec
2019-07-10 07:32:53.546 16 RALLYDEBUG rally.task.runner [-] Starting the constant runner (task UUID: 0cac2051-108e-4ffc-a5d3-659ca427d075). timeout: 0 concurrency: 4 concurrency_per_worker: 1 times: 10 concurrency_overhead: 0 processes_to_start: 4 max_cpu_used: 16
2019-07-10 07:32:53.558 660 RALLYDEBUG rally.task.runner [-] Starting a worker. concurrency: 1 args: {"repetitions": 2} times: 10 method_name: run timeout: 0 duration: None cls:
2019-07-10 07:32:53.561 661 RALLYDEBUG rally.task.runner [-] Starting a worker. concurrency: 1 args: {"repetitions": 2} times: 10 method_name: run timeout: 0 duration: None cls:
2019-07-10 07:32:53.564 662 RALLYDEBUG rally.task.runner [-] Starting a worker. concurrency: 1 args: {"repetitions": 2} times: 10 method_name: run timeout: 0 duration: None cls:
2019-07-10 07:32:53.565 660 INFO rally.task.runner [-] Task 0cac2051-108e-4ffc-a5d3-659ca427d075 | ITER: 1 START
2019-07-10 07:32:53.568 661 INFO rally.task.runner [-] Task 0cac2051-108e-4ffc-a5d3-659ca427d075 | ITER: 2 START
2019-07-10 07:32:53.567 663 RALLYDEBUG rally.task.runner [-] Starting a worker. concurrency: 1 args: {"repetitions": 2} times: 10 method_name: run timeout: 0 duration: None cls:
2019-07-10 07:32:53.570 662 INFO rally.task.runner [-] Task 0cac2051-108e-4ffc-a5d3-659ca427d075 | ITER: 3 START
2019-07-10 07:32:53.573 663 INFO rally.task.runner [-] Task 0cac2051-108e-4ffc-a5d3-659ca427d075 | ITER: 4 START
2019-07-10 07:32:54.072 661 DEBUG novaclient.v2.client [-] REQ: curl -g -i -X GET http://172.30.9.27:8774/v2.1/flavors/detail -H "Accept: application/json" -H "User-Agent: python-novaclient" -H "X-Auth-Token: {SHA1}8edddf278ae7af006063fa9ac38b09f0aa2e9f7b" _http_log_request /usr/lib/python2.7/site-packages/keystoneauth1/session.py:448
2019-07-10 07:32:54.072 663 DEBUG novaclient.v2.client [-] REQ: curl -g -i -X GET http://172.30.9.27:8774/v2.1/flavors/detail -H "Accept: application/json" -H "User-Agent: python-novaclient" -H "X-Auth-Token: {SHA1}41a1a682f47f800e0fb31f7ccd37a62fdbcc233f" _http_log_request /usr/lib/python2.7/site-packages/keystoneauth1/session.py:448
2019-07-10 07:32:54.075 660 DEBUG novaclient.v2.client [-] REQ: curl -g -i -X GET http://172.30.9.27:8774/v2.1/flavors/detail -H "Accept: application/json" -H "User-Agent: python-novaclient" -H "X-Auth-Token: {SHA1}e0896421eb798379159d380b48c0c431ab738c77" _http_log_request /usr/lib/python2.7/site-packages/keystoneauth1/session.py:448
2019-07-10 07:32:54.077 662 DEBUG novaclient.v2.client [-] REQ: curl -g -i -X GET http://172.30.9.27:8774/v2.1/flavors/detail -H "Accept: application/json" -H "User-Agent: python-novaclient" -H "X-Auth-Token: {SHA1}befccd93518c7c6a84f309bde8ec0d2796799ab7" _http_log_request /usr/lib/python2.7/site-packages/keystoneauth1/session.py:448
2019-07-10 07:32:54.387 660 DEBUG novaclient.v2.client [-] RESP: [200] Content-Encoding: gzip Content-Length: 363 Content-Type: application/json Date: Wed, 10 Jul 2019 07:32:54 GMT OpenStack-API-Version: compute 2.1 Server: Apache Vary: OpenStack-API-Version,X-OpenStack-Nova-API-Version,Accept-Encoding X-OpenStack-Nova-API-Version: 2.1 x-compute-request-id: req-03aeb415-f756-4ed2-845e-6717533d617b x-openstack-request-id: req-03aeb415-f756-4ed2-845e-6717533d617b _http_log_response /usr/lib/python2.7/site-packages/keystoneauth1/session.py:479
2019-07-10 07:32:54.388 660 DEBUG novaclient.v2.client [-] RESP BODY: {"flavors": [{"name": "rally_full-flavor_8b76efa4-8069-48fa-8b06-d8f7c4665e2c", "links": [{"href": "http://172.30.9.27:8774/v2.1/flavors/63798cb0-29c1-42e7-a465-0b45687bcb34", "rel": "self"}, {"href": "http://172.30.9.27:8774/flavors/63798cb0-29c1-42e7-a465-0b45687bcb34", "rel": "bookmark"}], "ram": 512, "OS-FLV-DISABLED:disabled": false, "vcpus": 1, "swap": "", "os-flavor-access:is_public": true, "rxtx_factor": 1.0, "OS-FLV-EXT-DATA:ephemeral": 0, "disk": 1, "id": "63798cb0-29c1-42e7-a465-0b45687bcb34"}, {"name": "rally_full-flavor_alt_8b76efa4-8069-48fa-8b06-d8f7c4665e2c", "links": [{"href": "http://172.30.9.27:8774/v2.1/flavors/ecca0c65-f746-4329-aca4-0b4d2a8ff162", "rel": "self"}, {"href": "http://172.30.9.27:8774/flavors/ecca0c65-f746-4329-aca4-0b4d2a8ff162", "rel": "bookmark"}], "ram": 1024, "OS-FLV-DISABLED:disabled": false, "vcpus": 1, "swap": "", "os-flavor-access:is_public": true, "rxtx_factor": 1.0, "OS-FLV-EXT-DATA:ephemeral": 0, "disk": 1, "id": "ecca0c65-f746-4329-aca4-0b4d2a8ff162"}]} _http_log_response /usr/lib/python2.7/site-packages/keystoneauth1/session.py:511
2019-07-10 07:32:54.388 660 DEBUG novaclient.v2.client [-] GET call to compute for http://172.30.9.27:8774/v2.1/flavors/detail used request id req-03aeb415-f756-4ed2-845e-6717533d617b request /usr/lib/python2.7/site-packages/keystoneauth1/session.py:844
2019-07-10 07:32:54.390 660 DEBUG novaclient.v2.client [-] REQ: curl -g -i -X GET http://172.30.9.27:8774/v2.1/flavors/detail -H "Accept: application/json" -H "User-Agent: python-novaclient" -H "X-Auth-Token: {SHA1}e0896421eb798379159d380b48c0c431ab738c77" _http_log_request /usr/lib/python2.7/site-packages/keystoneauth1/session.py:448
2019-07-10 07:32:54.399 662 DEBUG novaclient.v2.client [-] RESP: [200] Content-Encoding: gzip Content-Length: 363 Content-Type: application/json Date: Wed, 10 Jul 2019 07:32:54 GMT OpenStack-API-Version: compute 2.1 Server: Apache Vary: OpenStack-API-Version,X-OpenStack-Nova-API-Version,Accept-Encoding X-OpenStack-Nova-API-Version: 2.1 x-compute-request-id: req-bea4a9a5-915f-463c-9855-54922ba95c96 x-openstack-request-id: req-bea4a9a5-915f-463c-9855-54922ba95c96 _http_log_response /usr/lib/python2.7/site-packages/keystoneauth1/session.py:479
2019-07-10 07:32:54.399 663 DEBUG novaclient.v2.client [-] RESP: [200] Content-Encoding: gzip Content-Length: 363 Content-Type: application/json Date: Wed, 10 Jul 2019 07:32:54 GMT OpenStack-API-Version: compute 2.1 Server: Apache Vary: OpenStack-API-Version,X-OpenStack-Nova-API-Version,Accept-Encoding X-OpenStack-Nova-API-Version: 2.1 x-compute-request-id: req-59034021-3525-4e83-947f-6236e1fd2bc4 x-openstack-request-id: req-59034021-3525-4e83-947f-6236e1fd2bc4 _http_log_response /usr/lib/python2.7/site-packages/keystoneauth1/session.py:479
2019-07-10 07:32:54.400 662 DEBUG novaclient.v2.client [-] RESP BODY: {"flavors": [{"name": "rally_full-flavor_8b76efa4-8069-48fa-8b06-d8f7c4665e2c", "links": [{"href": "http://172.30.9.27:8774/v2.1/flavors/63798cb0-29c1-42e7-a465-0b45687bcb34", "rel": "self"}, {"href": "http://172.30.9.27:8774/flavors/63798cb0-29c1-42e7-a465-0b45687bcb34", "rel": "bookmark"}], "ram": 512, "OS-FLV-DISABLED:disabled": false, "vcpus": 1, "swap": "", "os-flavor-access:is_public": true, "rxtx_factor": 1.0, "OS-FLV-EXT-DATA:ephemeral": 0, "disk": 1, "id": "63798cb0-29c1-42e7-a465-0b45687bcb34"}, {"name": "rally_full-flavor_alt_8b76efa4-8069-48fa-8b06-d8f7c4665e2c", "links": [{"href": "http://172.30.9.27:8774/v2.1/flavors/ecca0c65-f746-4329-aca4-0b4d2a8ff162", "rel": "self"}, {"href": "http://172.30.9.27:8774/flavors/ecca0c65-f746-4329-aca4-0b4d2a8ff162", "rel": "bookmark"}], "ram": 1024, "OS-FLV-DISABLED:disabled": false, "vcpus": 1, "swap": "", "os-flavor-access:is_public": true, "rxtx_factor": 1.0, "OS-FLV-EXT-DATA:ephemeral": 0, "disk": 1, "id": "ecca0c65-f746-4329-aca4-0b4d2a8ff162"}]} _http_log_response /usr/lib/python2.7/site-packages/keystoneauth1/session.py:511
2019-07-10 07:32:54.400 662 DEBUG novaclient.v2.client [-] GET call to compute for http://172.30.9.27:8774/v2.1/flavors/detail used request id req-bea4a9a5-915f-463c-9855-54922ba95c96 request /usr/lib/python2.7/site-packages/keystoneauth1/session.py:844
2019-07-10 07:32:54.400 663 DEBUG novaclient.v2.client [-] RESP BODY: {"flavors": [{"name": "rally_full-flavor_8b76efa4-8069-48fa-8b06-d8f7c4665e2c", "links": [{"href": "http://172.30.9.27:8774/v2.1/flavors/63798cb0-29c1-42e7-a465-0b45687bcb34", "rel": "self"}, {"href": "http://172.30.9.27:8774/flavors/63798cb0-29c1-42e7-a465-0b45687bcb34", "rel": "bookmark"}], "ram": 512, "OS-FLV-DISABLED:disabled": false, "vcpus": 1, "swap": "", "os-flavor-access:is_public": true, "rxtx_factor": 1.0, "OS-FLV-EXT-DATA:ephemeral": 0, "disk": 1, "id": "63798cb0-29c1-42e7-a465-0b45687bcb34"}, {"name": "rally_full-flavor_alt_8b76efa4-8069-48fa-8b06-d8f7c4665e2c", "links": [{"href": "http://172.30.9.27:8774/v2.1/flavors/ecca0c65-f746-4329-aca4-0b4d2a8ff162", "rel": "self"}, {"href": "http://172.30.9.27:8774/flavors/ecca0c65-f746-4329-aca4-0b4d2a8ff162", "rel": "bookmark"}], "ram": 1024, "OS-FLV-DISABLED:disabled": false, "vcpus": 1, "swap": "", "os-flavor-access:is_public": true, "rxtx_factor": 1.0, "OS-FLV-EXT-DATA:ephemeral": 0, "disk": 1, "id": "ecca0c65-f746-4329-aca4-0b4d2a8ff162"}]} _http_log_response /usr/lib/python2.7/site-packages/keystoneauth1/session.py:511
2019-07-10 07:32:54.401 663 DEBUG novaclient.v2.client [-] GET call to compute for http://172.30.9.27:8774/v2.1/flavors/detail used request id req-59034021-3525-4e83-947f-6236e1fd2bc4 request /usr/lib/python2.7/site-packages/keystoneauth1/session.py:844
2019-07-10 07:32:54.402 662 DEBUG novaclient.v2.client [-] REQ: curl -g -i -X GET http://172.30.9.27:8774/v2.1/flavors/detail -H "Accept: application/json" -H "User-Agent: python-novaclient" -H "X-Auth-Token: {SHA1}befccd93518c7c6a84f309bde8ec0d2796799ab7" _http_log_request /usr/lib/python2.7/site-packages/keystoneauth1/session.py:448
2019-07-10 07:32:54.402 663 DEBUG novaclient.v2.client [-] REQ: curl -g -i -X GET http://172.30.9.27:8774/v2.1/flavors/detail -H "Accept: application/json" -H "User-Agent: python-novaclient" -H "X-Auth-Token: {SHA1}41a1a682f47f800e0fb31f7ccd37a62fdbcc233f" _http_log_request /usr/lib/python2.7/site-packages/keystoneauth1/session.py:448
2019-07-10 07:32:54.426 662 DEBUG novaclient.v2.client [-] RESP: [200] Content-Encoding: gzip Content-Length: 363 Content-Type: application/json Date: Wed, 10 Jul 2019 07:32:54 GMT OpenStack-API-Version: compute 2.1 Server: Apache Vary: OpenStack-API-Version,X-OpenStack-Nova-API-Version,Accept-Encoding X-OpenStack-Nova-API-Version: 2.1 x-compute-request-id: req-165bce58-b75b-45a8-9c76-1c0a517709b9 x-openstack-request-id: req-165bce58-b75b-45a8-9c76-1c0a517709b9 _http_log_response /usr/lib/python2.7/site-packages/keystoneauth1/session.py:479
2019-07-10 07:32:54.427 662 DEBUG novaclient.v2.client [-] RESP BODY: {"flavors": [{"name": "rally_full-flavor_8b76efa4-8069-48fa-8b06-d8f7c4665e2c", "links": [{"href": "http://172.30.9.27:8774/v2.1/flavors/63798cb0-29c1-42e7-a465-0b45687bcb34", "rel": "self"}, {"href": "http://172.30.9.27:8774/flavors/63798cb0-29c1-42e7-a465-0b45687bcb34", "rel": "bookmark"}], "ram": 512, "OS-FLV-DISABLED:disabled": false, "vcpus": 1, "swap": "", "os-flavor-access:is_public": true, "rxtx_factor": 1.0, "OS-FLV-EXT-DATA:ephemeral": 0, "disk": 1, "id": "63798cb0-29c1-42e7-a465-0b45687bcb34"}, {"name": "rally_full-flavor_alt_8b76efa4-8069-48fa-8b06-d8f7c4665e2c", "links": [{"href": "http://172.30.9.27:8774/v2.1/flavors/ecca0c65-f746-4329-aca4-0b4d2a8ff162", "rel": "self"}, {"href": "http://172.30.9.27:8774/flavors/ecca0c65-f746-4329-aca4-0b4d2a8ff162", "rel": "bookmark"}], "ram": 1024, "OS-FLV-DISABLED:disabled": false, "vcpus": 1, "swap": "", "os-flavor-access:is_public": true, "rxtx_factor": 1.0, "OS-FLV-EXT-DATA:ephemeral": 0, "disk": 1, "id": "ecca0c65-f746-4329-aca4-0b4d2a8ff162"}]} _http_log_response /usr/lib/python2.7/site-packages/keystoneauth1/session.py:511
2019-07-10 07:32:54.427 662 DEBUG novaclient.v2.client [-] GET call to compute for http://172.30.9.27:8774/v2.1/flavors/detail used request id req-165bce58-b75b-45a8-9c76-1c0a517709b9 request /usr/lib/python2.7/site-packages/keystoneauth1/session.py:844
2019-07-10 07:32:54.427 660 DEBUG novaclient.v2.client [-] RESP: [200] Content-Encoding: gzip Content-Length: 363 Content-Type: application/json Date: Wed, 10 Jul 2019 07:32:54 GMT OpenStack-API-Version: compute 2.1 Server: Apache Vary: OpenStack-API-Version,X-OpenStack-Nova-API-Version,Accept-Encoding X-OpenStack-Nova-API-Version: 2.1 x-compute-request-id: req-e2782fc3-9694-44cf-9fa9-ec4d9a8085b3 x-openstack-request-id: req-e2782fc3-9694-44cf-9fa9-ec4d9a8085b3 _http_log_response /usr/lib/python2.7/site-packages/keystoneauth1/session.py:479
2019-07-10 07:32:54.428 660 DEBUG novaclient.v2.client [-] RESP BODY: {"flavors": [{"name": "rally_full-flavor_8b76efa4-8069-48fa-8b06-d8f7c4665e2c", "links": [{"href": "http://172.30.9.27:8774/v2.1/flavors/63798cb0-29c1-42e7-a465-0b45687bcb34", "rel": "self"}, {"href": "http://172.30.9.27:8774/flavors/63798cb0-29c1-42e7-a465-0b45687bcb34", "rel": "bookmark"}], "ram": 512, "OS-FLV-DISABLED:disabled": false, "vcpus": 1, "swap": "", "os-flavor-access:is_public": true, "rxtx_factor": 1.0, "OS-FLV-EXT-DATA:ephemeral": 0, "disk": 1, "id": "63798cb0-29c1-42e7-a465-0b45687bcb34"}, {"name": "rally_full-flavor_alt_8b76efa4-8069-48fa-8b06-d8f7c4665e2c", "links": [{"href": "http://172.30.9.27:8774/v2.1/flavors/ecca0c65-f746-4329-aca4-0b4d2a8ff162", "rel": "self"}, {"href": "http://172.30.9.27:8774/flavors/ecca0c65-f746-4329-aca4-0b4d2a8ff162", "rel": "bookmark"}], "ram": 1024, "OS-FLV-DISABLED:disabled": false, "vcpus": 1, "swap": "", "os-flavor-access:is_public": true, "rxtx_factor": 1.0, "OS-FLV-EXT-DATA:ephemeral": 0, "disk": 1, "id": "ecca0c65-f746-4329-aca4-0b4d2a8ff162"}]} _http_log_response /usr/lib/python2.7/site-packages/keystoneauth1/session.py:511
2019-07-10 07:32:54.428 662 INFO rally.task.runner [-] Task 0cac2051-108e-4ffc-a5d3-659ca427d075 | ITER: 3 END: OK
2019-07-10 07:32:54.428 660 DEBUG novaclient.v2.client [-] GET call to compute for http://172.30.9.27:8774/v2.1/flavors/detail used request id req-e2782fc3-9694-44cf-9fa9-ec4d9a8085b3 request /usr/lib/python2.7/site-packages/keystoneauth1/session.py:844
2019-07-10 07:32:54.429 660 INFO rally.task.runner [-] Task 0cac2051-108e-4ffc-a5d3-659ca427d075 | ITER: 1 END: OK
2019-07-10 07:32:54.432 662 INFO rally.task.runner [-] Task 0cac2051-108e-4ffc-a5d3-659ca427d075 | ITER: 5 START
2019-07-10 07:32:54.433 663 DEBUG novaclient.v2.client [-] RESP: [200] Content-Encoding: gzip Content-Length: 363 Content-Type: application/json Date: Wed, 10 Jul 2019 07:32:54 GMT OpenStack-API-Version: compute 2.1 Server: Apache Vary: OpenStack-API-Version,X-OpenStack-Nova-API-Version,Accept-Encoding X-OpenStack-Nova-API-Version: 2.1 x-compute-request-id: req-84726d35-cff4-44c4-a722-b68820b45300 x-openstack-request-id: req-84726d35-cff4-44c4-a722-b68820b45300 _http_log_response /usr/lib/python2.7/site-packages/keystoneauth1/session.py:479
2019-07-10 07:32:54.433 660 INFO rally.task.runner [-] Task 0cac2051-108e-4ffc-a5d3-659ca427d075 | ITER: 6 START
2019-07-10 07:32:54.433 663 DEBUG novaclient.v2.client [-] RESP BODY: {"flavors": [{"name": "rally_full-flavor_8b76efa4-8069-48fa-8b06-d8f7c4665e2c", "links": [{"href": "http://172.30.9.27:8774/v2.1/flavors/63798cb0-29c1-42e7-a465-0b45687bcb34", "rel": "self"}, {"href": "http://172.30.9.27:8774/flavors/63798cb0-29c1-42e7-a465-0b45687bcb34", "rel": "bookmark"}], "ram": 512, "OS-FLV-DISABLED:disabled": false, "vcpus": 1, "swap": "", "os-flavor-access:is_public": true, "rxtx_factor": 1.0, "OS-FLV-EXT-DATA:ephemeral": 0, "disk": 1, "id": "63798cb0-29c1-42e7-a465-0b45687bcb34"}, {"name": "rally_full-flavor_alt_8b76efa4-8069-48fa-8b06-d8f7c4665e2c", "links": [{"href": "http://172.30.9.27:8774/v2.1/flavors/ecca0c65-f746-4329-aca4-0b4d2a8ff162", "rel": "self"}, {"href": "http://172.30.9.27:8774/flavors/ecca0c65-f746-4329-aca4-0b4d2a8ff162", "rel": "bookmark"}], "ram": 1024, "OS-FLV-DISABLED:disabled": false, "vcpus": 1, "swap": "", "os-flavor-access:is_public": true, "rxtx_factor": 1.0, "OS-FLV-EXT-DATA:ephemeral": 0, "disk": 1, "id": "ecca0c65-f746-4329-aca4-0b4d2a8ff162"}]} _http_log_response /usr/lib/python2.7/site-packages/keystoneauth1/session.py:511
2019-07-10 07:32:54.434 663 DEBUG novaclient.v2.client [-] GET call to compute for http://172.30.9.27:8774/v2.1/flavors/detail used request id req-84726d35-cff4-44c4-a722-b68820b45300 request /usr/lib/python2.7/site-packages/keystoneauth1/session.py:844
2019-07-10 07:32:54.434 663 INFO rally.task.runner [-] Task 0cac2051-108e-4ffc-a5d3-659ca427d075 | ITER: 4 END: OK
2019-07-10 07:32:54.439 661 DEBUG novaclient.v2.client [-] RESP: [200] Content-Encoding: gzip Content-Length: 363 Content-Type: application/json Date: Wed, 10 Jul 2019 07:32:54 GMT OpenStack-API-Version: compute 2.1 Server: Apache Vary: OpenStack-API-Version,X-OpenStack-Nova-API-Version,Accept-Encoding X-OpenStack-Nova-API-Version: 2.1 x-compute-request-id: req-d06de271-7e4a-45a5-9ef9-cf8ace5b330f x-openstack-request-id: req-d06de271-7e4a-45a5-9ef9-cf8ace5b330f _http_log_response /usr/lib/python2.7/site-packages/keystoneauth1/session.py:479
2019-07-10 07:32:54.438 663 INFO rally.task.runner [-] Task 0cac2051-108e-4ffc-a5d3-659ca427d075 | ITER: 7 START
2019-07-10 07:32:54.439 661 DEBUG novaclient.v2.client [-] RESP BODY: {"flavors": [{"name": "rally_full-flavor_8b76efa4-8069-48fa-8b06-d8f7c4665e2c", "links": [{"href": "http://172.30.9.27:8774/v2.1/flavors/63798cb0-29c1-42e7-a465-0b45687bcb34", "rel": "self"}, {"href": "http://172.30.9.27:8774/flavors/63798cb0-29c1-42e7-a465-0b45687bcb34", "rel": "bookmark"}], "ram": 512, "OS-FLV-DISABLED:disabled": false, "vcpus": 1, "swap": "", "os-flavor-access:is_public": true, "rxtx_factor": 1.0, "OS-FLV-EXT-DATA:ephemeral": 0, "disk": 1, "id": "63798cb0-29c1-42e7-a465-0b45687bcb34"}, {"name": "rally_full-flavor_alt_8b76efa4-8069-48fa-8b06-d8f7c4665e2c", "links": [{"href": "http://172.30.9.27:8774/v2.1/flavors/ecca0c65-f746-4329-aca4-0b4d2a8ff162", "rel": "self"}, {"href": "http://172.30.9.27:8774/flavors/ecca0c65-f746-4329-aca4-0b4d2a8ff162", "rel": "bookmark"}], "ram": 1024, "OS-FLV-DISABLED:disabled": false, "vcpus": 1, "swap": "", "os-flavor-access:is_public": true, "rxtx_factor": 1.0, "OS-FLV-EXT-DATA:ephemeral": 0, "disk": 1, "id": "ecca0c65-f746-4329-aca4-0b4d2a8ff162"}]} _http_log_response /usr/lib/python2.7/site-packages/keystoneauth1/session.py:511
2019-07-10 07:32:54.440 661 DEBUG novaclient.v2.client [-] GET call to compute for http://172.30.9.27:8774/v2.1/flavors/detail used request id req-d06de271-7e4a-45a5-9ef9-cf8ace5b330f request /usr/lib/python2.7/site-packages/keystoneauth1/session.py:844
