2019-07-10 07:56:47.201 1842 INFO rally.task.context [-] Task e3b8e3c6-62d7-431e-b8cc-94705ffa5878 | Context quotas@openstack cleanup() finished in 0.63 sec
2019-07-10 07:56:47.201 1842 INFO rally.task.context [-] Task e3b8e3c6-62d7-431e-b8cc-94705ffa5878 | Context api_versions@openstack cleanup() started
2019-07-10 07:56:47.201 1842 INFO rally.task.context [-] Task e3b8e3c6-62d7-431e-b8cc-94705ffa5878 | Context api_versions@openstack cleanup() finished in 0.33 msec
2019-07-10 07:56:47.202 1842 INFO rally.task.context [-] Task e3b8e3c6-62d7-431e-b8cc-94705ffa5878 | Context users@openstack cleanup() started
2019-07-10 07:56:54.063 1842 INFO rally.task.context [-] Task e3b8e3c6-62d7-431e-b8cc-94705ffa5878 | Context users@openstack cleanup() finished in 6.86 sec
2019-07-10 07:56:55.877 1842 INFO rally.task.engine [-] Load duration is: 16.356819
2019-07-10 07:56:55.877 1842 INFO rally.task.engine [-] Full runner duration is: 16.408305
2019-07-10 07:56:55.877 1842 INFO rally.task.engine [-] Full duration is: 38.364944
2019-07-10 07:56:56.121 1842 INFO rally.task.engine [-] Running workload: position = 0 config = { "version": 2, "title": "A cropped version of a bigger task.", "description": "Auto-generated task from a single workload (uuid=130672ed-cfad-4bed-b383-f06032918821)", "subtasks": [ { "title": "CinderVolumes.create_and_extend_volume", "description": "Create and extend a volume and then delete it.", "scenario": { "CinderVolumes.create_and_extend_volume": { "new_size": 2, "size": 1 } }, "contexts": { "users": { "tenants": 3, "users_per_tenant": 2 }, "quotas": { "cinder": { "gigabytes": -1, "snapshots": -1, "volumes": -1 } }, "api_versions": { "cinder": { "version": 3, "service_type": "volumev3" } } }, "runner": { "constant": { "concurrency": 4, "times": 10 } }, "hooks": [], "sla": { "failure_rate": { "max": 0 } } } ] }
2019-07-10 07:56:56.145 1842 RALLYDEBUG rally_openstack.contexts.keystone.users [-] Creating 3 tenants using 20 threads
2019-07-10 07:56:57.873 1842 RALLYDEBUG rally_openstack.contexts.keystone.users [-] Creating 6 users using 20 threads
2019-07-10 07:57:00.486 1842 INFO rally.task.context [-] Task e3b8e3c6-62d7-431e-b8cc-94705ffa5878 | Context users@openstack setup() finished in 4.34 sec
2019-07-10 07:57:00.908 1842 INFO rally.task.context [-] Task e3b8e3c6-62d7-431e-b8cc-94705ffa5878 | Context api_versions@openstack setup() finished in 0.42 sec
2019-07-10 07:57:02.421 1842 INFO rally.task.context [-] Task e3b8e3c6-62d7-431e-b8cc-94705ffa5878 | Context quotas@openstack setup() finished in 1.51 sec
2019-07-10 07:57:02.422 1842 INFO rally.task.context [-] Task e3b8e3c6-62d7-431e-b8cc-94705ffa5878 | Context cleanup@openstack setup() finished in 0.01 msec
2019-07-10 07:57:02.429 1842 RALLYDEBUG rally.task.runner [-] Starting the constant runner (task UUID: e3b8e3c6-62d7-431e-b8cc-94705ffa5878). timeout: 0 concurrency: 4 concurrency_per_worker: 1 times: 10 concurrency_overhead: 0 processes_to_start: 4 max_cpu_used: 16
2019-07-10 07:57:02.442 4723 RALLYDEBUG rally.task.runner [-] Starting a worker. concurrency: 1 args: {"new_size": 2, "size": 1} times: 10 method_name: run timeout: 0 duration: None cls:
2019-07-10 07:57:02.442 4722 RALLYDEBUG rally.task.runner [-] Starting a worker. concurrency: 1 args: {"new_size": 2, "size": 1} times: 10 method_name: run timeout: 0 duration: None cls:
2019-07-10 07:57:02.446 4724 RALLYDEBUG rally.task.runner [-] Starting a worker. concurrency: 1 args: {"new_size": 2, "size": 1} times: 10 method_name: run timeout: 0 duration: None cls:
2019-07-10 07:57:02.447 4723 INFO rally.task.runner [-] Task e3b8e3c6-62d7-431e-b8cc-94705ffa5878 | ITER: 1 START
2019-07-10 07:57:02.448 4722 INFO rally.task.runner [-] Task e3b8e3c6-62d7-431e-b8cc-94705ffa5878 | ITER: 2 START
2019-07-10 07:57:02.451 4725 RALLYDEBUG rally.task.runner [-] Starting a worker. concurrency: 1 args: {"new_size": 2, "size": 1} times: 10 method_name: run timeout: 0 duration: None cls:
2019-07-10 07:57:02.453 4724 INFO rally.task.runner [-] Task e3b8e3c6-62d7-431e-b8cc-94705ffa5878 | ITER: 3 START
2019-07-10 07:57:02.457 4725 INFO rally.task.runner [-] Task e3b8e3c6-62d7-431e-b8cc-94705ffa5878 | ITER: 4 START
2019-07-10 07:57:06.743 4723 RALLYDEBUG rally.task.utils [-] Waiting for resource s_rally_130672ed_JD0bj1m1. Status changed: AVAILABLE => EXTENDING in 0.0766007900238
2019-07-10 07:57:07.051 4722 RALLYDEBUG rally.task.utils [-] Waiting for resource s_rally_130672ed_JEDKpuTS. Status changed: AVAILABLE => DELETING in 0.256795167923
2019-07-10 07:57:07.170 4725 RALLYDEBUG rally.task.utils [-] Waiting for resource s_rally_130672ed_RVhVFPYA. Status changed: AVAILABLE => DELETING in 0.287796974182
2019-07-10 07:57:07.280 4724 RALLYDEBUG rally.task.utils [-] Waiting for resource s_rally_130672ed_Zo2UfTBu. Status changed: AVAILABLE => DELETING in 0.24704003334
2019-07-10 07:57:08.806 4723 RALLYDEBUG rally.task.utils [-] Waiting for resource s_rally_130672ed_JD0bj1m1. Status changed: EXTENDING => AVAILABLE in 2.06357502937
2019-07-10 07:57:09.286 4723 INFO rally.task.runner [-] Task e3b8e3c6-62d7-431e-b8cc-94705ffa5878 | ITER: 1 END: OK
2019-07-10 07:57:09.291 4723 INFO rally.task.runner [-] Task e3b8e3c6-62d7-431e-b8cc-94705ffa5878 | ITER: 5 START
2019-07-10 07:57:09.384 4722 INFO rally.task.runner [-] Task e3b8e3c6-62d7-431e-b8cc-94705ffa5878 | ITER: 2 END: OK
2019-07-10 07:57:09.390 4722 INFO rally.task.runner [-] Task e3b8e3c6-62d7-431e-b8cc-94705ffa5878 | ITER: 6 START
2019-07-10 07:57:09.406 4725 INFO rally.task.runner [-] Task e3b8e3c6-62d7-431e-b8cc-94705ffa5878 | ITER: 4 END: OK
2019-07-10 07:57:09.410 4725 INFO rally.task.runner [-] Task e3b8e3c6-62d7-431e-b8cc-94705ffa5878 | ITER: 7 START
2019-07-10 07:57:09.515 4724 INFO rally.task.runner [-] Task e3b8e3c6-62d7-431e-b8cc-94705ffa5878 | ITER: 3 END: OK
2019-07-10 07:57:09.521 4724 INFO rally.task.runner [-] Task e3b8e3c6-62d7-431e-b8cc-94705ffa5878 | ITER: 8 START
2019-07-10 07:57:12.742 4723 RALLYDEBUG rally.task.utils [-] Waiting for resource s_rally_130672ed_Gqs75NYT. Status changed: AVAILABLE => EXTENDING in 0.0580909252167
2019-07-10 07:57:13.770 4724 RALLYDEBUG rally.task.utils [-] Waiting for resource s_rally_130672ed_OKqrn70M. Status changed: AVAILABLE => DELETING in 0.0597751140594
2019-07-10 07:57:13.851 4725 RALLYDEBUG rally.task.utils [-] Waiting for resource s_rally_130672ed_uja6Qzi8. Status changed: AVAILABLE => DELETING in 0.254143953323
2019-07-10 07:57:13.978 4722 RALLYDEBUG rally.task.utils [-] Waiting for resource s_rally_130672ed_nDxEa6ba. Status changed: AVAILABLE => DELETING in 0.0585749149323
2019-07-10 07:57:15.004 4723 RALLYDEBUG rally.task.utils [-] Waiting for resource s_rally_130672ed_Gqs75NYT. Status changed: EXTENDING => AVAILABLE in 2.26156902313
2019-07-10 07:57:15.493 4723 INFO rally.task.runner [-] Task e3b8e3c6-62d7-431e-b8cc-94705ffa5878 | ITER: 5 END: OK
2019-07-10 07:57:15.498 4723 INFO rally.task.runner [-] Task e3b8e3c6-62d7-431e-b8cc-94705ffa5878 | ITER: 9 START
2019-07-10 07:57:15.807 4724 INFO rally.task.runner [-] Task e3b8e3c6-62d7-431e-b8cc-94705ffa5878 | ITER: 8 END: OK
2019-07-10 07:57:15.812 4724 INFO rally.task.runner [-] Task e3b8e3c6-62d7-431e-b8cc-94705ffa5878 | ITER: 10 START
2019-07-10 07:57:15.890 4725 INFO rally.task.runner [-] Task e3b8e3c6-62d7-431e-b8cc-94705ffa5878 | ITER: 7 END: OK
2019-07-10 07:57:16.213 4722 INFO rally.task.runner [-] Task e3b8e3c6-62d7-431e-b8cc-94705ffa5878 | ITER: 6 END: OK
2019-07-10 07:57:19.242 4723 RALLYDEBUG rally.task.utils [-] Waiting for resource s_rally_130672ed_EdyBVS4f. Status changed: AVAILABLE => EXTENDING in 0.0624730587006
2019-07-10 07:57:20.022 4724 RALLYDEBUG rally.task.utils [-] Waiting for resource s_rally_130672ed_NZFK5J3h. Status changed: AVAILABLE => DELETING in 0.0535571575165
2019-07-10 07:57:21.492 4723 RALLYDEBUG rally.task.utils [-] Waiting for resource s_rally_130672ed_EdyBVS4f. Status changed: EXTENDING => AVAILABLE in 2.24946594238
2019-07-10 07:57:22.048 4723 INFO rally.task.runner [-] Task e3b8e3c6-62d7-431e-b8cc-94705ffa5878 | ITER: 9 END: OK
2019-07-10 07:57:22.254 4724 INFO rally.task.runner [-] Task e3b8e3c6-62d7-431e-b8cc-94705ffa5878 | ITER: 10 END: OK
2019-07-10 07:57:22.278 1842 INFO rally.task.context [-] Task e3b8e3c6-62d7-431e-b8cc-94705ffa5878 | Context cleanup@openstack cleanup() started
2019-07-10 07:57:22.281 1842 RALLYDEBUG rally_openstack.cleanup.manager [-] Cleaning up cinder backups objects
2019-07-10 07:57:24.269 1842 RALLYDEBUG rally_openstack.cleanup.manager [-] Cleaning up cinder volume_snapshots objects
2019-07-10 07:57:26.250 1842 RALLYDEBUG rally_openstack.cleanup.manager [-] Cleaning up cinder transfers objects
2019-07-10 07:57:28.137 1842 RALLYDEBUG rally_openstack.cleanup.manager [-] Cleaning up cinder volumes objects
2019-07-10 07:57:30.138 1842 INFO rally.task.context [-] Task e3b8e3c6-62d7-431e-b8cc-94705ffa5878 | Context cleanup@openstack cleanup() finished in 7.86 sec
2019-07-10 07:57:30.138 1842 INFO rally.task.context [-] Task e3b8e3c6-62d7-431e-b8cc-94705ffa5878 | Context quotas@openstack cleanup() started
2019-07-10 07:57:30.609 1842 INFO rally.task.context [-] Task e3b8e3c6-62d7-431e-b8cc-94705ffa5878 | Context quotas@openstack cleanup() finished in 0.47 sec
2019-07-10 07:57:30.609 1842 INFO rally.task.context [-] Task e3b8e3c6-62d7-431e-b8cc-94705ffa5878 | Context api_versions@openstack cleanup() started
2019-07-10 07:57:30.610 1842 INFO rally.task.context [-] Task e3b8e3c6-62d7-431e-b8cc-94705ffa5878 | Context api_versions@openstack cleanup() finished in 0.30 msec
2019-07-10 07:57:30.610 1842 INFO rally.task.context [-] Task e3b8e3c6-62d7-431e-b8cc-94705ffa5878 | Context users@openstack cleanup() started
2019-07-10 07:57:37.905 1842 INFO rally.task.context [-] Task e3b8e3c6-62d7-431e-b8cc-94705ffa5878 | Context users@openstack cleanup() finished in 7.30 sec
2019-07-10 07:57:38.308 1842 INFO rally.task.engine [-] Load duration is: 19.804278
2019-07-10 07:57:38.308 1842 INFO rally.task.engine [-] Full runner duration is: 19.849189
2019-07-10 07:57:38.308 1842 INFO rally.task.engine [-] Full duration is: 41.765142
2019-07-10 07:57:38.539 1842 INFO rally.task.engine [-] Running workload: position = 0 config = { "version": 2, "title": "A cropped version of a bigger task.", "description": "Auto-generated task from a single workload (uuid=20582394-cf74-436e-8e72-5c0bd582bad9)", "subtasks": [ { "title": "CinderVolumes.create_from_volume_and_delete_volume", "description": "Create volume from volume and then delete it.", "scenario": { "CinderVolumes.create_from_volume_and_delete_volume": { "size": 1 } }, "contexts": { "users": { "tenants": 3, "users_per_tenant": 2 }, "quotas": { "cinder": { "gigabytes": -1, "snapshots": -1, "volumes": -1 } }, "api_versions": { "cinder": { "version": 3, "service_type": "volumev3" } }, "volumes": { "size": 1, "volumes_per_tenant": 1 } }, "runner": { "constant": { "concurrency": 4, "times": 10 } }, "hooks": [], "sla": { "failure_rate": { "max": 0 } } } ] }
2019-07-10 07:57:38.562 1842 RALLYDEBUG rally_openstack.contexts.keystone.users [-] Creating 3 tenants using 20 threads
2019-07-10 07:57:40.437 1842 RALLYDEBUG rally_openstack.contexts.keystone.users [-] Creating 6 users using 20 threads
2019-07-10 07:57:43.005 1842 INFO rally.task.context [-] Task e3b8e3c6-62d7-431e-b8cc-94705ffa5878 | Context users@openstack setup() finished in 4.44 sec
2019-07-10 07:57:43.436 1842 INFO rally.task.context [-] Task e3b8e3c6-62d7-431e-b8cc-94705ffa5878 | Context api_versions@openstack setup() finished in 0.43 sec
2019-07-10 07:57:45.074 1842 INFO rally.task.context [-] Task e3b8e3c6-62d7-431e-b8cc-94705ffa5878 | Context quotas@openstack setup() finished in 1.64 sec
2019-07-10 07:57:55.513 1842 INFO rally.task.context [-] Task e3b8e3c6-62d7-431e-b8cc-94705ffa5878 | Context volumes@openstack setup() finished in 10.44 sec
2019-07-10 07:57:55.514 1842 INFO rally.task.context [-] Task e3b8e3c6-62d7-431e-b8cc-94705ffa5878 | Context cleanup@openstack setup() finished in 0.00 msec
2019-07-10 07:57:55.522 1842 RALLYDEBUG rally.task.runner [-] Starting the constant runner (task UUID: e3b8e3c6-62d7-431e-b8cc-94705ffa5878). timeout: 0 concurrency: 4 concurrency_per_worker: 1 times: 10 concurrency_overhead: 0 processes_to_start: 4 max_cpu_used: 16
2019-07-10 07:57:55.534 4906 RALLYDEBUG rally.task.runner [-] Starting a worker. concurrency: 1 args: {"size": 1} times: 10 method_name: run timeout: 0 duration: None cls:
2019-07-10 07:57:55.538 4907 RALLYDEBUG rally.task.runner [-] Starting a worker. concurrency: 1 args: {"size": 1} times: 10 method_name: run timeout: 0 duration: None cls:
2019-07-10 07:57:55.542 4906 INFO rally.task.runner [-] Task e3b8e3c6-62d7-431e-b8cc-94705ffa5878 | ITER: 1 START
2019-07-10 07:57:55.542 4908 RALLYDEBUG rally.task.runner [-] Starting a worker. concurrency: 1 args: {"size": 1} times: 10 method_name: run timeout: 0 duration: None cls:
2019-07-10 07:57:55.546 4909 RALLYDEBUG rally.task.runner [-] Starting a worker. concurrency: 1 args: {"size": 1} times: 10 method_name: run timeout: 0 duration: None cls:
2019-07-10 07:57:55.547 4907 INFO rally.task.runner [-] Task e3b8e3c6-62d7-431e-b8cc-94705ffa5878 | ITER: 2 START
2019-07-10 07:57:55.549 4908 INFO rally.task.runner [-] Task e3b8e3c6-62d7-431e-b8cc-94705ffa5878 | ITER: 3 START
2019-07-10 07:57:55.554 4909 INFO rally.task.runner [-] Task e3b8e3c6-62d7-431e-b8cc-94705ffa5878 | ITER: 4 START
2019-07-10 07:57:59.409 4906 RALLYDEBUG rally.task.utils [-] Waiting for resource s_rally_20582394_8DLcv2OP. Status changed: CREATING => AVAILABLE in 0.661825180054
2019-07-10 07:57:59.693 4907 RALLYDEBUG rally.task.utils [-] Waiting for resource s_rally_20582394_vYCTGrCI. Status changed: AVAILABLE => DELETING in 0.240091085434
2019-07-10 07:57:59.898 4906 RALLYDEBUG rally.task.utils [-] Waiting for resource s_rally_20582394_8DLcv2OP. Status changed: AVAILABLE => DELETING in 0.241544008255
2019-07-10 07:58:01.405 4909 RALLYDEBUG rally.task.utils [-] Waiting for resource s_rally_20582394_hZqm89IW. Status changed: CREATING => AVAILABLE in 2.7187769413
2019-07-10 07:58:01.576 4908 RALLYDEBUG rally.task.utils [-] Waiting for resource s_rally_20582394_z9LI4hd4. Status changed: CREATING => AVAILABLE in 2.91798496246
2019-07-10 07:58:01.912 4909 RALLYDEBUG rally.task.utils [-] Waiting for resource s_rally_20582394_hZqm89IW. Status changed: AVAILABLE => DELETING in 0.243741035461
2019-07-10 07:58:01.918 4908 RALLYDEBUG rally.task.utils [-] Waiting for resource s_rally_20582394_z9LI4hd4. Status changed: AVAILABLE => DELETING in 0.261183023453
2019-07-10 07:58:04.181 4906 INFO rally.task.runner [-] Task e3b8e3c6-62d7-431e-b8cc-94705ffa5878 | ITER: 1 END: OK
2019-07-10 07:58:04.186 4906 INFO rally.task.runner [-] Task e3b8e3c6-62d7-431e-b8cc-94705ffa5878 | ITER: 5 START
2019-07-10 07:58:06.430 4909 INFO rally.task.runner [-] Task e3b8e3c6-62d7-431e-b8cc-94705ffa5878 | ITER: 4 END: OK
2019-07-10 07:58:06.434 4909 INFO rally.task.runner [-] Task e3b8e3c6-62d7-431e-b8cc-94705ffa5878 | ITER: 6 START
2019-07-10 07:58:06.507 4907 INFO rally.task.runner [-] Task e3b8e3c6-62d7-431e-b8cc-94705ffa5878 | ITER: 2 END: OK
2019-07-10 07:58:06.512 4907 INFO rally.task.runner [-] Task e3b8e3c6-62d7-431e-b8cc-94705ffa5878 | ITER: 7 START
2019-07-10 07:58:06.545 4908 INFO rally.task.runner [-] Task e3b8e3c6-62d7-431e-b8cc-94705ffa5878 | ITER: 3 END: OK
2019-07-10 07:58:06.551 4908 INFO rally.task.runner [-] Task e3b8e3c6-62d7-431e-b8cc-94705ffa5878 | ITER: 8 START
2019-07-10 07:58:08.234 4906 RALLYDEBUG rally.task.utils [-] Waiting for resource s_rally_20582394_1mEZbStu. Status changed: AVAILABLE => DELETING in 0.245779037476
2019-07-10 07:58:10.376 4909 RALLYDEBUG rally.task.utils [-] Waiting for resource s_rally_20582394_Sv7hSlpZ. Status changed: AVAILABLE => DELETING in 0.0512640476227
2019-07-10 07:58:12.358 4907 RALLYDEBUG rally.task.utils [-] Waiting for resource s_rally_20582394_mkSgW0Ov. Status changed: CREATING => AVAILABLE in 2.75996589661
2019-07-10 07:58:12.629 4906 INFO rally.task.runner [-] Task e3b8e3c6-62d7-431e-b8cc-94705ffa5878 | ITER: 5 END: OK
2019-07-10 07:58:12.635 4906 INFO rally.task.runner [-] Task e3b8e3c6-62d7-431e-b8cc-94705ffa5878 | ITER: 9 START
2019-07-10 07:58:12.982 4907 RALLYDEBUG rally.task.utils [-] Waiting for resource s_rally_20582394_mkSgW0Ov. Status changed: AVAILABLE => DELETING in 0.24812412262
2019-07-10 07:58:14.717 4909 INFO rally.task.runner [-] Task e3b8e3c6-62d7-431e-b8cc-94705ffa5878 | ITER: 6 END: OK
2019-07-10 07:58:14.722 4909 INFO rally.task.runner [-] Task e3b8e3c6-62d7-431e-b8cc-94705ffa5878 | ITER: 10 START
2019-07-10 07:58:14.758 4908 RALLYDEBUG rally.task.utils [-] Waiting for resource s_rally_20582394_ZYU0PfrV. Status changed: CREATING => AVAILABLE in 5.11325192451
2019-07-10 07:58:15.077 4908 RALLYDEBUG rally.task.utils [-] Waiting for resource s_rally_20582394_ZYU0PfrV. Status changed: AVAILABLE => DELETING in 0.255259990692
2019-07-10 07:58:15.363 4907 INFO rally.task.runner [-] Task e3b8e3c6-62d7-431e-b8cc-94705ffa5878 | ITER: 7 END: OK
2019-07-10 07:58:17.039 4906 RALLYDEBUG rally.task.utils [-] Waiting for resource s_rally_20582394_3EXWknUj. Status changed: AVAILABLE => DELETING in 0.366091012955
2019-07-10 07:58:17.114 4908 INFO rally.task.runner [-] Task e3b8e3c6-62d7-431e-b8cc-94705ffa5878 | ITER: 8 END: OK
2019-07-10 07:58:18.752 4909 RALLYDEBUG rally.task.utils [-] Waiting for resource s_rally_20582394_pAaamehc. Status changed: AVAILABLE => DELETING in 0.35497879982
2019-07-10 07:58:19.258 4906 INFO rally.task.runner [-] Task e3b8e3c6-62d7-431e-b8cc-94705ffa5878 | ITER: 9 END: OK
2019-07-10 07:58:20.976 4909 INFO rally.task.runner [-] Task e3b8e3c6-62d7-431e-b8cc-94705ffa5878 | ITER: 10 END: OK
2019-07-10 07:58:20.997 1842 INFO rally.task.context [-] Task e3b8e3c6-62d7-431e-b8cc-94705ffa5878 | Context cleanup@openstack cleanup() started
2019-07-10 07:58:21.000 1842 RALLYDEBUG rally_openstack.cleanup.manager [-] Cleaning up cinder backups objects
2019-07-10 07:58:23.011 1842 RALLYDEBUG rally_openstack.cleanup.manager [-] Cleaning up cinder volume_snapshots objects
2019-07-10 07:58:24.966 1842 RALLYDEBUG rally_openstack.cleanup.manager [-] Cleaning up cinder transfers objects
2019-07-10 07:58:26.923 1842 RALLYDEBUG rally_openstack.cleanup.manager [-] Cleaning up cinder volumes objects
2019-07-10 07:58:28.941 1842 INFO rally.task.context [-] Task e3b8e3c6-62d7-431e-b8cc-94705ffa5878 | Context cleanup@openstack cleanup() finished in 7.94 sec
2019-07-10 07:58:28.941 1842 INFO rally.task.context [-] Task e3b8e3c6-62d7-431e-b8cc-94705ffa5878 | Context volumes@openstack cleanup() started
2019-07-10 07:58:28.942 1842 RALLYDEBUG rally_openstack.cleanup.manager [-] Cleaning up cinder volumes objects
2019-07-10 07:58:30.950 1842 RALLYDEBUG rally_openstack.cleanup.manager [-] Deleting cinder.volumes object c_rally_20582394_WBUoIbYP (a5def78e-619a-415b-82bf-2c85f58198db)
2019-07-10 07:58:30.953 1842 RALLYDEBUG rally_openstack.cleanup.manager [-] Deleting cinder.volumes object c_rally_20582394_tpKntBqb (7df07d8d-c3df-41e3-b458-eb0ed5a13414)
2019-07-10 07:58:30.958 1842 RALLYDEBUG rally_openstack.cleanup.manager [-] Deleting cinder.volumes object c_rally_20582394_k4CXOjjc (08d28275-ccb1-41dc-ae9f-ca13d06984b9)
2019-07-10 07:58:34.296 1842 INFO rally.task.context [-] Task e3b8e3c6-62d7-431e-b8cc-94705ffa5878 | Context volumes@openstack cleanup() finished in 5.36 sec
2019-07-10 07:58:34.297 1842 INFO rally.task.context [-] Task e3b8e3c6-62d7-431e-b8cc-94705ffa5878 | Context quotas@openstack cleanup() started
2019-07-10 07:58:34.780 1842 INFO rally.task.context [-] Task e3b8e3c6-62d7-431e-b8cc-94705ffa5878 | Context quotas@openstack cleanup() finished in 0.48 sec
2019-07-10 07:58:34.781 1842 INFO rally.task.context [-] Task e3b8e3c6-62d7-431e-b8cc-94705ffa5878 | Context api_versions@openstack cleanup() started
2019-07-10 07:58:34.781 1842 INFO rally.task.context [-] Task e3b8e3c6-62d7-431e-b8cc-94705ffa5878 | Context api_versions@openstack cleanup() finished in 0.35 msec
2019-07-10 07:58:34.781 1842 INFO rally.task.context [-] Task e3b8e3c6-62d7-431e-b8cc-94705ffa5878 | Context users@openstack cleanup() started
2019-07-10 07:58:41.981 1842 INFO rally.task.context [-] Task e3b8e3c6-62d7-431e-b8cc-94705ffa5878 | Context users@openstack cleanup() finished in 7.20 sec
2019-07-10 07:58:42.833 1842 INFO rally.task.engine [-] Load duration is: 25.43013
2019-07-10 07:58:42.833 1842 INFO rally.task.engine [-] Full runner duration is: 25.476881
2019-07-10 07:58:42.834 1842 INFO rally.task.engine [-] Full duration is: 63.424945
2019-07-10 07:58:43.038 1842 INFO rally.task.engine [-] Running workload: position = 0 config = { "version": 2, "title": "A cropped version of a bigger task.", "description": "Auto-generated task from a single workload (uuid=81424a4d-7aea-491d-8722-4a6bdfafd257)", "subtasks": [ { "title": "CinderQos.create_and_get_qos", "description": "Create a qos, then get details of the qos.", "scenario": { "CinderQos.create_and_get_qos": { "consumer": "both", "write_iops_sec": "10", "read_iops_sec": "1000" } }, "contexts": { "users": { "tenants": 3, "users_per_tenant": 2 }, "api_versions": { "cinder": { "version": 3, "service_type": "volumev3" } } }, "runner": { "constant": { "concurrency": 4, "times": 10 } }, "hooks": [], "sla": { "failure_rate": { "max": 0 } } } ] }
2019-07-10 07:58:43.058 1842 RALLYDEBUG rally_openstack.contexts.keystone.users [-] Creating 3 tenants using 20 threads
2019-07-10 07:58:44.928 1842 RALLYDEBUG rally_openstack.contexts.keystone.users [-] Creating 6 users using 20 threads
2019-07-10 07:58:47.683 1842 INFO rally.task.context [-] Task e3b8e3c6-62d7-431e-b8cc-94705ffa5878 | Context users@openstack setup() finished in 4.62 sec
2019-07-10 07:58:48.097 1842 INFO rally.task.context [-] Task e3b8e3c6-62d7-431e-b8cc-94705ffa5878 | Context api_versions@openstack setup() finished in 0.41 sec
2019-07-10 07:58:48.098 1842 INFO rally.task.context [-] Task e3b8e3c6-62d7-431e-b8cc-94705ffa5878 | Context admin_cleanup@openstack setup() finished in 0.00 msec
2019-07-10 07:58:48.105 1842 RALLYDEBUG rally.task.runner [-] Starting the constant runner (task UUID: e3b8e3c6-62d7-431e-b8cc-94705ffa5878). timeout: 0 concurrency: 4 concurrency_per_worker: 1 times: 10 concurrency_overhead: 0 processes_to_start: 4 max_cpu_used: 16
2019-07-10 07:58:48.118 5110 RALLYDEBUG rally.task.runner [-] Starting a worker. concurrency: 1 args: {"consumer": "both", "write_iops_sec": "10", "read_iops_sec": "1000"} times: 10 method_name: run timeout: 0 duration: None cls:
2019-07-10 07:58:48.121 5111 RALLYDEBUG rally.task.runner [-] Starting a worker. concurrency: 1 args: {"consumer": "both", "write_iops_sec": "10", "read_iops_sec": "1000"} times: 10 method_name: run timeout: 0 duration: None cls:
2019-07-10 07:58:48.125 5110 INFO rally.task.runner [-] Task e3b8e3c6-62d7-431e-b8cc-94705ffa5878 | ITER: 1 START
2019-07-10 07:58:48.124 5112 RALLYDEBUG rally.task.runner [-] Starting a worker. concurrency: 1 args: {"consumer": "both", "write_iops_sec": "10", "read_iops_sec": "1000"} times: 10 method_name: run timeout: 0 duration: None cls:
2019-07-10 07:58:48.128 5111 INFO rally.task.runner [-] Task e3b8e3c6-62d7-431e-b8cc-94705ffa5878 | ITER: 2 START
2019-07-10 07:58:48.129 5113 RALLYDEBUG rally.task.runner [-] Starting a worker. concurrency: 1 args: {"consumer": "both", "write_iops_sec": "10", "read_iops_sec": "1000"} times: 10 method_name: run timeout: 0 duration: None cls:
2019-07-10 07:58:48.132 5112 INFO rally.task.runner [-] Task e3b8e3c6-62d7-431e-b8cc-94705ffa5878 | ITER: 3 START
2019-07-10 07:58:48.135 5113 INFO rally.task.runner [-] Task e3b8e3c6-62d7-431e-b8cc-94705ffa5878 | ITER: 4 START
2019-07-10 07:58:49.169 5111 INFO rally.task.runner [-] Task e3b8e3c6-62d7-431e-b8cc-94705ffa5878 | ITER: 2 END: OK
2019-07-10 07:58:49.173 5111 INFO rally.task.runner [-] Task e3b8e3c6-62d7-431e-b8cc-94705ffa5878 | ITER: 5 START
2019-07-10 07:58:49.239 5113 INFO rally.task.runner [-] Task e3b8e3c6-62d7-431e-b8cc-94705ffa5878 | ITER: 4 END: OK
2019-07-10 07:58:49.244 5113 INFO rally.task.runner [-] Task e3b8e3c6-62d7-431e-b8cc-94705ffa5878 | ITER: 6 START
2019-07-10 07:58:49.258 5112 INFO rally.task.runner [-] Task e3b8e3c6-62d7-431e-b8cc-94705ffa5878 | ITER: 3 END: OK
2019-07-10 07:58:49.263 5112 INFO rally.task.runner [-] Task e3b8e3c6-62d7-431e-b8cc-94705ffa5878 | ITER: 7 START
2019-07-10 07:58:49.274 5110 INFO rally.task.runner [-] Task e3b8e3c6-62d7-431e-b8cc-94705ffa5878 | ITER: 1 END: OK
2019-07-10 07:58:49.280 5110 INFO rally.task.runner [-] Task e3b8e3c6-62d7-431e-b8cc-94705ffa5878 | ITER: 8 START
2019-07-10 07:58:50.189 5111 INFO rally.task.runner [-] Task e3b8e3c6-62d7-431e-b8cc-94705ffa5878 | ITER: 5 END: OK
2019-07-10 07:58:50.194 5111 INFO rally.task.runner [-] Task e3b8e3c6-62d7-431e-b8cc-94705ffa5878 | ITER: 9 START
2019-07-10 07:58:50.220 5112 INFO rally.task.runner [-] Task e3b8e3c6-62d7-431e-b8cc-94705ffa5878 | ITER: 7 END: OK
2019-07-10 07:58:50.226 5112 INFO rally.task.runner [-] Task e3b8e3c6-62d7-431e-b8cc-94705ffa5878 | ITER: 10 START
2019-07-10 07:58:50.285 5113 INFO rally.task.runner [-] Task e3b8e3c6-62d7-431e-b8cc-94705ffa5878 | ITER: 6 END: OK
2019-07-10 07:58:50.326 5110 INFO rally.task.runner [-] Task e3b8e3c6-62d7-431e-b8cc-94705ffa5878 | ITER: 8 END: OK
2019-07-10 07:58:51.052 5111 INFO rally.task.runner [-] Task e3b8e3c6-62d7-431e-b8cc-94705ffa5878 | ITER: 9 END: OK
2019-07-10 07:58:51.099 5112 INFO rally.task.runner [-] Task e3b8e3c6-62d7-431e-b8cc-94705ffa5878 | ITER: 10 END: OK
2019-07-10 07:58:51.123 1842 INFO rally.task.context [-] Task e3b8e3c6-62d7-431e-b8cc-94705ffa5878 | Context admin_cleanup@openstack cleanup() started
2019-07-10 07:58:51.126 1842 RALLYDEBUG rally_openstack.cleanup.manager [-] Cleaning up cinder volume_types objects
2019-07-10 07:58:51.804 1842 RALLYDEBUG rally_openstack.cleanup.manager [-] Cleaning up cinder image_volumes_cache objects
2019-07-10 07:58:52.842 1842 RALLYDEBUG rally_openstack.cleanup.manager [-] Cleaning up cinder quotas objects
2019-07-10 07:58:54.398 1842 RALLYDEBUG rally_openstack.cleanup.manager [-] Cleaning up cinder qos_specs objects
2019-07-10 07:58:55.036 1842 RALLYDEBUG rally_openstack.cleanup.manager [-] Deleting cinder.qos_specs object s_rally_81424a4d_gGAU0M0G (d03ce1fe-9f6e-4d49-a592-da7c8e74cb19)
2019-07-10 07:58:55.038 1842 RALLYDEBUG rally_openstack.cleanup.manager [-] Deleting cinder.qos_specs object s_rally_81424a4d_5u6nuJgi (ee700ed1-dbbf-48b3-bac1-3b3551a51baa)
2019-07-10 07:58:55.047 1842 RALLYDEBUG rally_openstack.cleanup.manager [-] Deleting cinder.qos_specs object s_rally_81424a4d_VsSlmTN8 (8c6ecbe4-602b-4716-8033-1f20e08b4216)
2019-07-10 07:58:55.055 1842 RALLYDEBUG rally_openstack.cleanup.manager [-] Deleting cinder.qos_specs object s_rally_81424a4d_S6iBMDHt (f8e7674f-3868-407b-9420-ab8e3b49b61c)
2019-07-10 07:58:55.055 1842 RALLYDEBUG rally_openstack.cleanup.manager [-] Deleting cinder.qos_specs object s_rally_81424a4d_bqVkSF33 (a2da42b3-9ae9-417b-9e05-43057d0ba580)
2019-07-10 07:58:55.065 1842 RALLYDEBUG rally_openstack.cleanup.manager [-] Deleting cinder.qos_specs object s_rally_81424a4d_WEgFgbQn (84cb3aff-5bbf-4979-95c6-85e319c36c06)
2019-07-10 07:58:55.077 1842 RALLYDEBUG rally_openstack.cleanup.manager [-] Deleting cinder.qos_specs object s_rally_81424a4d_c6FNmttA (7f8ff73a-70d8-4402-b3cf-38f793fc3570)
2019-07-10 07:58:55.093 1842 RALLYDEBUG rally_openstack.cleanup.manager [-] Deleting cinder.qos_specs object s_rally_81424a4d_VnHwSvdt (3005b3e0-9f80-46c6-b0fe-003820867f24)
2019-07-10 07:58:55.120 1842 RALLYDEBUG rally_openstack.cleanup.manager [-] Deleting cinder.qos_specs object s_rally_81424a4d_UgoDK0oB (77ae3bef-db93-41b0-98c7-86eb6c00c1bd)
2019-07-10 07:58:55.123 1842 RALLYDEBUG rally_openstack.cleanup.manager [-] Deleting cinder.qos_specs object s_rally_81424a4d_bA6Aug69 (08c482c8-330b-4686-a742-7a1a8c4eb410)
2019-07-10 07:58:57.435 1842 INFO rally.task.context [-] Task e3b8e3c6-62d7-431e-b8cc-94705ffa5878 | Context admin_cleanup@openstack cleanup() finished in 6.31 sec
2019-07-10 07:58:57.436 1842 INFO rally.task.context [-] Task e3b8e3c6-62d7-431e-b8cc-94705ffa5878 | Context api_versions@openstack cleanup() started
2019-07-10 07:58:57.436 1842 INFO rally.task.context [-] Task e3b8e3c6-62d7-431e-b8cc-94705ffa5878 | Context api_versions@openstack cleanup() finished in 0.36 msec
2019-07-10 07:58:57.437 1842 INFO rally.task.context [-] Task e3b8e3c6-62d7-431e-b8cc-94705ffa5878 | Context users@openstack cleanup() started
2019-07-10 07:59:04.595 1842 INFO rally.task.context [-] Task e3b8e3c6-62d7-431e-b8cc-94705ffa5878 | Context users@openstack cleanup() finished in 7.16 sec
2019-07-10 07:59:05.206 1842 INFO rally.task.engine [-] Load duration is: 2.970329
2019-07-10 07:59:05.206 1842 INFO rally.task.engine [-] Full runner duration is: 3.018699
2019-07-10 07:59:05.206 1842 INFO rally.task.engine [-] Full duration is: 21.538692
2019-07-10 07:59:05.451 1842 INFO rally.task.engine [-] Running workload: position = 0 config = { "version": 2, "title": "A cropped version of a bigger task.", "description": "Auto-generated task from a single workload (uuid=86e24bac-2759-4907-af0a-f48f776e5726)", "subtasks": [ { "title": "CinderQos.create_and_list_qos", "description": "Create a qos, then list all qos.", "scenario": { "CinderQos.create_and_list_qos": { "consumer": "both", "write_iops_sec": "10", "read_iops_sec": "1000" } }, "contexts": { "users": { "tenants": 3, "users_per_tenant": 2 }, "api_versions": { "cinder": { "version": 3, "service_type": "volumev3" } } }, "runner": { "constant": { "concurrency": 4, "times": 10 } }, "hooks": [], "sla": { "failure_rate": { "max": 0 } } } ] }
2019-07-10 07:59:05.471 1842 RALLYDEBUG rally_openstack.contexts.keystone.users [-] Creating 3 tenants using 20 threads
2019-07-10 07:59:07.323 1842 RALLYDEBUG rally_openstack.contexts.keystone.users [-] Creating 6 users using 20 threads
2019-07-10 07:59:09.921 1842 INFO rally.task.context [-] Task e3b8e3c6-62d7-431e-b8cc-94705ffa5878 | Context users@openstack setup() finished in 4.45 sec
2019-07-10 07:59:10.334 1842 INFO rally.task.context [-] Task e3b8e3c6-62d7-431e-b8cc-94705ffa5878 | Context api_versions@openstack setup() finished in 0.41 sec
2019-07-10 07:59:10.335 1842 INFO rally.task.context [-] Task e3b8e3c6-62d7-431e-b8cc-94705ffa5878 | Context admin_cleanup@openstack setup() finished in 0.00 msec
2019-07-10 07:59:10.341 1842 RALLYDEBUG rally.task.runner [-] Starting the constant runner (task UUID: e3b8e3c6-62d7-431e-b8cc-94705ffa5878). timeout: 0 concurrency: 4 concurrency_per_worker: 1 times: 10 concurrency_overhead: 0 processes_to_start: 4 max_cpu_used: 16
2019-07-10 07:59:10.354 5294 RALLYDEBUG rally.task.runner [-] Starting a worker. concurrency: 1 args: {"consumer": "both", "write_iops_sec": "10", "read_iops_sec": "1000"} times: 10 method_name: run timeout: 0 duration: None cls:
2019-07-10 07:59:10.357 5295 RALLYDEBUG rally.task.runner [-] Starting a worker. concurrency: 1 args: {"consumer": "both", "write_iops_sec": "10", "read_iops_sec": "1000"} times: 10 method_name: run timeout: 0 duration: None cls:
2019-07-10 07:59:10.360 5296 RALLYDEBUG rally.task.runner [-] Starting a worker. concurrency: 1 args: {"consumer": "both", "write_iops_sec": "10", "read_iops_sec": "1000"} times: 10 method_name: run timeout: 0 duration: None cls:
2019-07-10 07:59:10.362 5294 INFO rally.task.runner [-] Task e3b8e3c6-62d7-431e-b8cc-94705ffa5878 | ITER: 1 START
2019-07-10 07:59:10.363 5297 RALLYDEBUG rally.task.runner [-] Starting a worker. concurrency: 1 args: {"consumer": "both", "write_iops_sec": "10", "read_iops_sec": "1000"} times: 10 method_name: run timeout: 0 duration: None cls:
2019-07-10 07:59:10.365 5295 INFO rally.task.runner [-] Task e3b8e3c6-62d7-431e-b8cc-94705ffa5878 | ITER: 2 START
2019-07-10 07:59:10.367 5296 INFO rally.task.runner [-] Task e3b8e3c6-62d7-431e-b8cc-94705ffa5878 | ITER: 3 START
2019-07-10 07:59:10.371 5297 INFO rally.task.runner [-] Task e3b8e3c6-62d7-431e-b8cc-94705ffa5878 | ITER: 4 START
2019-07-10 07:59:11.474 5297 INFO rally.task.runner [-] Task e3b8e3c6-62d7-431e-b8cc-94705ffa5878 | ITER: 4 END: OK
2019-07-10 07:59:11.476 5295 INFO rally.task.runner [-] Task e3b8e3c6-62d7-431e-b8cc-94705ffa5878 | ITER: 2 END: OK
2019-07-10 07:59:11.478 5297 INFO rally.task.runner [-] Task e3b8e3c6-62d7-431e-b8cc-94705ffa5878 | ITER: 5 START
2019-07-10 07:59:11.480 5296 INFO rally.task.runner [-] Task e3b8e3c6-62d7-431e-b8cc-94705ffa5878 | ITER: 3 END: OK
2019-07-10 07:59:11.484 5295 INFO rally.task.runner [-] Task e3b8e3c6-62d7-431e-b8cc-94705ffa5878 | ITER: 6 START
2019-07-10 07:59:11.486 5296 INFO rally.task.runner [-] Task e3b8e3c6-62d7-431e-b8cc-94705ffa5878 | ITER: 7 START
2019-07-10 07:59:11.503 5294 INFO rally.task.runner [-] Task e3b8e3c6-62d7-431e-b8cc-94705ffa5878 | ITER: 1 END: OK
2019-07-10 07:59:11.507 5294 INFO rally.task.runner [-] Task e3b8e3c6-62d7-431e-b8cc-94705ffa5878 | ITER: 8 START
2019-07-10 07:59:12.429 5295 INFO rally.task.runner [-] Task e3b8e3c6-62d7-431e-b8cc-94705ffa5878 | ITER: 6 END: OK
2019-07-10 07:59:12.433 5297 INFO rally.task.runner [-] Task e3b8e3c6-62d7-431e-b8cc-94705ffa5878 | ITER: 5 END: OK
2019-07-10 07:59:12.433 5295 INFO rally.task.runner [-] Task e3b8e3c6-62d7-431e-b8cc-94705ffa5878 | ITER: 9 START
2019-07-10 07:59:12.438 5297 INFO rally.task.runner [-] Task e3b8e3c6-62d7-431e-b8cc-94705ffa5878 | ITER: 10 START
2019-07-10 07:59:12.438 5296 INFO rally.task.runner [-] Task e3b8e3c6-62d7-431e-b8cc-94705ffa5878 | ITER: 7 END: OK
2019-07-10 07:59:12.503 5294 INFO rally.task.runner [-] Task e3b8e3c6-62d7-431e-b8cc-94705ffa5878 | ITER: 8 END: OK
2019-07-10 07:59:13.287 5295 INFO rally.task.runner [-] Task e3b8e3c6-62d7-431e-b8cc-94705ffa5878 | ITER: 9 END: OK
2019-07-10 07:59:13.312 5297 INFO rally.task.runner [-] Task e3b8e3c6-62d7-431e-b8cc-94705ffa5878 | ITER: 10 END: OK
2019-07-10 07:59:13.333 1842 INFO rally.task.context [-] Task e3b8e3c6-62d7-431e-b8cc-94705ffa5878 | Context admin_cleanup@openstack cleanup() started
2019-07-10 07:59:13.335 1842 RALLYDEBUG rally_openstack.cleanup.manager [-] Cleaning up cinder volume_types objects
2019-07-10 07:59:14.064 1842 RALLYDEBUG rally_openstack.cleanup.manager [-] Cleaning up cinder image_volumes_cache objects
2019-07-10 07:59:15.016 1842 RALLYDEBUG rally_openstack.cleanup.manager [-] Cleaning up cinder quotas objects
2019-07-10 07:59:16.530 1842 RALLYDEBUG rally_openstack.cleanup.manager [-] Cleaning up cinder qos_specs objects
2019-07-10 07:59:17.290 1842 RALLYDEBUG rally_openstack.cleanup.manager [-] Deleting cinder.qos_specs object s_rally_86e24bac_XzusGjHp (aabebfe1-ba47-4c0d-803b-a021b16cb479)
2019-07-10 07:59:17.295 1842 RALLYDEBUG rally_openstack.cleanup.manager [-] Deleting cinder.qos_specs object s_rally_86e24bac_RNkoT9kl (117e4582-54ec-41bd-9cd0-a7a2576713bb)
2019-07-10 07:59:17.304 1842 RALLYDEBUG rally_openstack.cleanup.manager [-] Deleting cinder.qos_specs object s_rally_86e24bac_f5X8dezz (8c5bff05-7cbb-4d0e-8473-00b4c91e791b)
2019-07-10 07:59:17.311 1842 RALLYDEBUG rally_openstack.cleanup.manager [-] Deleting cinder.qos_specs object s_rally_86e24bac_iAggrtY6 (6de44605-c0ec-4a80-9db5-a73b266c8dc9)
2019-07-10 07:59:17.323 1842 RALLYDEBUG rally_openstack.cleanup.manager [-] Deleting cinder.qos_specs object s_rally_86e24bac_eK0iY4Su (46410b98-1c24-4986-9c91-bdd83e5f800d)
2019-07-10 07:59:17.341 1842 RALLYDEBUG rally_openstack.cleanup.manager [-] Deleting cinder.qos_specs object s_rally_86e24bac_qhSPgkB7 (f36c84dd-782f-408e-a023-9eb472e48361)
2019-07-10 07:59:17.345 1842 RALLYDEBUG rally_openstack.cleanup.manager [-] Deleting cinder.qos_specs object s_rally_86e24bac_RRJqd0pL (10b79bf2-ea56-46f6-825f-11f18b0c05ad)
2019-07-10 07:59:17.349 1842 RALLYDEBUG rally_openstack.cleanup.manager [-] Deleting cinder.qos_specs object s_rally_86e24bac_RCUJelVM (c03f3541-1d79-413d-ab12-051c5dd56e7d)
2019-07-10 07:59:17.358 1842 RALLYDEBUG rally_openstack.cleanup.manager [-] Deleting cinder.qos_specs object s_rally_86e24bac_yuBO8aLV (9de199ea-cee3-4809-9710-fb6f4c10b321)
2019-07-10 07:59:17.371 1842 RALLYDEBUG rally_openstack.cleanup.manager [-] Deleting cinder.qos_specs object s_rally_86e24bac_iktAYn9M (c40a938f-b281-40ea-b2bf-4e64e39e9a79)
2019-07-10 07:59:19.722 1842 INFO rally.task.context [-] Task e3b8e3c6-62d7-431e-b8cc-94705ffa5878 | Context admin_cleanup@openstack cleanup() finished in 6.39 sec
2019-07-10 07:59:19.723 1842 INFO rally.task.context [-] Task e3b8e3c6-62d7-431e-b8cc-94705ffa5878 | Context api_versions@openstack cleanup() started
2019-07-10 07:59:19.723 1842 INFO rally.task.context [-] Task e3b8e3c6-62d7-431e-b8cc-94705ffa5878 | Context api_versions@openstack cleanup() finished in 0.32 msec
2019-07-10 07:59:19.723 1842 INFO rally.task.context [-] Task e3b8e3c6-62d7-431e-b8cc-94705ffa5878 | Context users@openstack cleanup() started
2019-07-10 07:59:26.781 1842 INFO rally.task.context [-] Task e3b8e3c6-62d7-431e-b8cc-94705ffa5878 | Context users@openstack cleanup() finished in 7.06 sec
2019-07-10 07:59:27.578 1842 INFO rally.task.engine [-] Load duration is: 2.946174
2019-07-10 07:59:27.579 1842 INFO rally.task.engine [-] Full runner duration is: 2.991455
2019-07-10 07:59:27.579 1842 INFO rally.task.engine [-] Full duration is: 21.311925
2019-07-10 07:59:27.793 1842 INFO rally.task.engine [-] Running workload: position = 0 config = { "version": 2, "title": "A cropped version of a bigger task.", "description": "Auto-generated task from a single workload (uuid=536994ef-f0dc-43c7-b1f2-ce24a993d1a8)", "subtasks": [ { "title": "CinderQos.create_and_set_qos", "description": "Create a qos, then Add/Update keys in qos specs.", "scenario": { "CinderQos.create_and_set_qos": { "consumer": "back-end", "write_iops_sec": "10", "read_iops_sec": "1000", "set_consumer": "both", "set_write_iops_sec": "11", "set_read_iops_sec": "1001" } }, "contexts": { "users": { "tenants": 3, "users_per_tenant": 2 }, "api_versions": { "cinder": { "version": 3, "service_type": "volumev3" } } }, "runner": { "constant": { "concurrency": 4, "times": 10 } }, "hooks": [], "sla": { "failure_rate": { "max": 0 } } } ] }
2019-07-10 07:59:27.817 1842 RALLYDEBUG rally_openstack.contexts.keystone.users [-] Creating 3 tenants using 20 threads
2019-07-10 07:59:29.706 1842 RALLYDEBUG rally_openstack.contexts.keystone.users [-] Creating 6 users using 20 threads
2019-07-10 07:59:32.346 1842 INFO rally.task.context [-] Task e3b8e3c6-62d7-431e-b8cc-94705ffa5878 | Context users@openstack setup() finished in 4.53 sec
2019-07-10 07:59:32.760 1842 INFO rally.task.context [-] Task e3b8e3c6-62d7-431e-b8cc-94705ffa5878 | Context api_versions@openstack setup() finished in 0.41 sec
2019-07-10 07:59:32.761 1842 INFO rally.task.context [-] Task e3b8e3c6-62d7-431e-b8cc-94705ffa5878 | Context admin_cleanup@openstack setup() finished in 0.00 msec
2019-07-10 07:59:32.768 1842 RALLYDEBUG rally.task.runner [-] Starting the constant runner (task UUID: e3b8e3c6-62d7-431e-b8cc-94705ffa5878). timeout: 0 concurrency: 4 concurrency_per_worker: 1 times: 10 concurrency_overhead: 0 processes_to_start: 4 max_cpu_used: 16
2019-07-10 07:59:32.781 5478 RALLYDEBUG rally.task.runner [-] Starting a worker. concurrency: 1 args: {"consumer": "back-end", "write_iops_sec": "10", "read_iops_sec": "1000", "set_consumer": "both", "set_write_iops_sec": "11", "set_read_iops_sec": "1001"} times: 10 method_name: run timeout: 0 duration: None cls:
2019-07-10 07:59:32.783 5479 RALLYDEBUG rally.task.runner [-] Starting a worker. concurrency: 1 args: {"consumer": "back-end", "write_iops_sec": "10", "read_iops_sec": "1000", "set_consumer": "both", "set_write_iops_sec": "11", "set_read_iops_sec": "1001"} times: 10 method_name: run timeout: 0 duration: None cls:
2019-07-10 07:59:32.786 5480 RALLYDEBUG rally.task.runner [-] Starting a worker. concurrency: 1 args: {"consumer": "back-end", "write_iops_sec": "10", "read_iops_sec": "1000", "set_consumer": "both", "set_write_iops_sec": "11", "set_read_iops_sec": "1001"} times: 10 method_name: run timeout: 0 duration: None cls:
2019-07-10 07:59:32.789 5478 INFO rally.task.runner [-] Task e3b8e3c6-62d7-431e-b8cc-94705ffa5878 | ITER: 1 START
2019-07-10 07:59:32.789 5481 RALLYDEBUG rally.task.runner [-] Starting a worker. concurrency: 1 args: {"consumer": "back-end", "write_iops_sec": "10", "read_iops_sec": "1000", "set_consumer": "both", "set_write_iops_sec": "11", "set_read_iops_sec": "1001"} times: 10 method_name: run timeout: 0 duration: None cls:
2019-07-10 07:59:32.790 5479 INFO rally.task.runner [-] Task e3b8e3c6-62d7-431e-b8cc-94705ffa5878 | ITER: 2 START
2019-07-10 07:59:32.793 5480 INFO rally.task.runner [-] Task e3b8e3c6-62d7-431e-b8cc-94705ffa5878 | ITER: 3 START
2019-07-10 07:59:32.797 5481 INFO rally.task.runner [-] Task e3b8e3c6-62d7-431e-b8cc-94705ffa5878 | ITER: 4 START
2019-07-10 07:59:33.869 5478 INFO rally.task.runner [-] Task e3b8e3c6-62d7-431e-b8cc-94705ffa5878 | ITER: 1 END: OK
2019-07-10 07:59:33.874 5478 INFO rally.task.runner [-] Task e3b8e3c6-62d7-431e-b8cc-94705ffa5878 | ITER: 5 START
2019-07-10 07:59:33.892 5479 INFO rally.task.runner [-] Task e3b8e3c6-62d7-431e-b8cc-94705ffa5878 | ITER: 2 END: OK
2019-07-10 07:59:33.898 5479 INFO rally.task.runner [-] Task e3b8e3c6-62d7-431e-b8cc-94705ffa5878 | ITER: 6 START
2019-07-10 07:59:33.928 5481 INFO rally.task.runner [-] Task e3b8e3c6-62d7-431e-b8cc-94705ffa5878 | ITER: 4 END: OK
2019-07-10 07:59:33.934 5481 INFO rally.task.runner [-] Task e3b8e3c6-62d7-431e-b8cc-94705ffa5878 | ITER: 7 START
2019-07-10 07:59:33.952 5480 INFO rally.task.runner [-] Task e3b8e3c6-62d7-431e-b8cc-94705ffa5878 | ITER: 3 END: OK
2019-07-10 07:59:33.957 5480 INFO rally.task.runner [-] Task e3b8e3c6-62d7-431e-b8cc-94705ffa5878 | ITER: 8 START
2019-07-10 07:59:34.830 5479 INFO rally.task.runner [-] Task e3b8e3c6-62d7-431e-b8cc-94705ffa5878 | ITER: 6 END: OK
2019-07-10 07:59:34.835 5479 INFO rally.task.runner [-] Task e3b8e3c6-62d7-431e-b8cc-94705ffa5878 | ITER: 9 START
2019-07-10 07:59:34.932 5481 INFO rally.task.runner [-] Task e3b8e3c6-62d7-431e-b8cc-94705ffa5878 | ITER: 7 END: OK
2019-07-10 07:59:34.936 5481 INFO rally.task.runner [-] Task e3b8e3c6-62d7-431e-b8cc-94705ffa5878 | ITER: 10 START
2019-07-10 07:59:34.938 5480 INFO rally.task.runner [-] Task e3b8e3c6-62d7-431e-b8cc-94705ffa5878 | ITER: 8 END: OK
2019-07-10 07:59:35.015 5478 INFO rally.task.runner [-] Task e3b8e3c6-62d7-431e-b8cc-94705ffa5878 | ITER: 5 END: OK
2019-07-10 07:59:35.754 5479 INFO rally.task.runner [-] Task e3b8e3c6-62d7-431e-b8cc-94705ffa5878 | ITER: 9 END: OK
2019-07-10 07:59:35.814 5481 INFO rally.task.runner [-] Task e3b8e3c6-62d7-431e-b8cc-94705ffa5878 | ITER: 10 END: OK
2019-07-10 07:59:35.835 1842 INFO rally.task.context [-] Task e3b8e3c6-62d7-431e-b8cc-94705ffa5878 | Context admin_cleanup@openstack cleanup() started
2019-07-10 07:59:35.838 1842 RALLYDEBUG rally_openstack.cleanup.manager [-] Cleaning up cinder volume_types objects
2019-07-10 07:59:36.510 1842 RALLYDEBUG rally_openstack.cleanup.manager [-] Cleaning up cinder image_volumes_cache objects
2019-07-10 07:59:37.538 1842 RALLYDEBUG rally_openstack.cleanup.manager [-] Cleaning up cinder quotas objects
2019-07-10 07:59:39.000 1842 RALLYDEBUG rally_openstack.cleanup.manager [-] Cleaning up cinder qos_specs objects
2019-07-10 07:59:39.712 1842 RALLYDEBUG rally_openstack.cleanup.manager [-] Deleting cinder.qos_specs object s_rally_536994ef_4kR95LG4 (c958bd04-4cd2-4e01-a112-20e20aa67e62)
2019-07-10 07:59:39.721 1842 RALLYDEBUG rally_openstack.cleanup.manager [-] Deleting cinder.qos_specs object s_rally_536994ef_RanaZOpv (7b35e573-bd7e-4554-be67-eaf94ac50e01)
2019-07-10 07:59:39.721 1842 RALLYDEBUG rally_openstack.cleanup.manager [-] Deleting cinder.qos_specs object s_rally_536994ef_E5Nsekqz (b4bdf5d8-c63e-486d-9b42-36d15b4c7bc4)
2019-07-10 07:59:39.722 1842 RALLYDEBUG rally_openstack.cleanup.manager [-] Deleting cinder.qos_specs object s_rally_536994ef_qBFeyA9f (d9c0bc0d-6070-4ddf-94b8-f6b3c1e85240)
2019-07-10 07:59:39.739 1842 RALLYDEBUG rally_openstack.cleanup.manager [-] Deleting cinder.qos_specs object s_rally_536994ef_Ve7GuCSX (61934334-e675-4590-b592-309ed8551933)
2019-07-10 07:59:39.745 1842 RALLYDEBUG rally_openstack.cleanup.manager [-] Deleting cinder.qos_specs object s_rally_536994ef_Ht7QKIkz (4b59fcf1-e300-433b-8934-6309f6edfb4e)
2019-07-10 07:59:39.759 1842 RALLYDEBUG rally_openstack.cleanup.manager [-] Deleting cinder.qos_specs object s_rally_536994ef_UztPpxqO (ce99b7ea-92b2-4785-8d3b-4068d0c161f2)
2019-07-10 07:59:39.781 1842 RALLYDEBUG rally_openstack.cleanup.manager [-] Deleting cinder.qos_specs object s_rally_536994ef_huvYalmy (8fd607cf-dc85-4d5a-afe8-011230cabe60)
2019-07-10 07:59:39.795 1842 RALLYDEBUG rally_openstack.cleanup.manager [-] Deleting cinder.qos_specs object s_rally_536994ef_hv1pFjDw (88ac380f-004a-438d-8b59-f2b01606bc24)
2019-07-10 07:59:39.809 1842 RALLYDEBUG rally_openstack.cleanup.manager [-] Deleting cinder.qos_specs object s_rally_536994ef_QXFnsqL9 (1f653950-ead8-4feb-bbb9-9aa93bacf421)
2019-07-10 07:59:42.166 1842 INFO rally.task.context [-] Task e3b8e3c6-62d7-431e-b8cc-94705ffa5878 | Context admin_cleanup@openstack cleanup() finished in 6.33 sec
2019-07-10 07:59:42.166 1842 INFO rally.task.context [-] Task e3b8e3c6-62d7-431e-b8cc-94705ffa5878 | Context api_versions@openstack cleanup() started
2019-07-10 07:59:42.167 1842 INFO rally.task.context [-] Task e3b8e3c6-62d7-431e-b8cc-94705ffa5878 | Context api_versions@openstack cleanup() finished in 0.32 msec
2019-07-10 07:59:42.167 1842 INFO rally.task.context [-] Task e3b8e3c6-62d7-431e-b8cc-94705ffa5878 | Context users@openstack cleanup() started
2019-07-10 07:59:49.329 1842 INFO rally.task.context [-] Task e3b8e3c6-62d7-431e-b8cc-94705ffa5878 | Context users@openstack cleanup() finished in 7.16 sec
2019-07-10 07:59:49.940 1842 INFO rally.task.engine [-] Load duration is: 3.020939
2019-07-10 07:59:49.941 1842 INFO rally.task.engine [-] Full runner duration is: 3.0676
2019-07-10 07:59:49.941 1842 INFO rally.task.engine [-] Full duration is: 21.514723
2019-07-10 07:59:50.146 1842 INFO rally.task.engine [-] Running workload: position = 0 config = { "version": 2, "title": "A cropped version of a bigger task.", "description": "Auto-generated task from a single workload (uuid=839078b2-78f5-40d5-8298-27fac8450aef)", "subtasks": [ { "title": "CinderVolumeTypes.create_and_get_volume_type", "description": "Create a volume Type, then get the details of the type.", "scenario": { "CinderVolumeTypes.create_and_get_volume_type": { "description": "rally tests creating types" } }, "contexts": { "users": { "tenants": 3, "users_per_tenant": 2 }, "api_versions": { "cinder": { "version": 3, "service_type": "volumev3" } } }, "runner": { "constant": { "concurrency": 4, "times": 10 } }, "hooks": [], "sla": { "failure_rate": { "max": 0 } } } ] }
2019-07-10 07:59:50.170 1842 RALLYDEBUG rally_openstack.contexts.keystone.users [-] Creating 3 tenants using 20 threads
2019-07-10 07:59:52.083 1842 RALLYDEBUG rally_openstack.contexts.keystone.users [-] Creating 6 users using 20 threads
2019-07-10 07:59:54.817 1842 INFO rally.task.context [-] Task e3b8e3c6-62d7-431e-b8cc-94705ffa5878 | Context users@openstack setup() finished in 4.65 sec
2019-07-10 07:59:55.241 1842 INFO rally.task.context [-] Task e3b8e3c6-62d7-431e-b8cc-94705ffa5878 | Context api_versions@openstack setup() finished in 0.42 sec
2019-07-10 07:59:55.241 1842 INFO rally.task.context [-] Task e3b8e3c6-62d7-431e-b8cc-94705ffa5878 | Context admin_cleanup@openstack setup() finished in 0.00 msec
2019-07-10 07:59:55.248 1842 RALLYDEBUG rally.task.runner [-] Starting the constant runner (task UUID: e3b8e3c6-62d7-431e-b8cc-94705ffa5878). timeout: 0 concurrency: 4 concurrency_per_worker: 1 times: 10 concurrency_overhead: 0 processes_to_start: 4 max_cpu_used: 16
2019-07-10 07:59:55.261 5662 RALLYDEBUG rally.task.runner [-] Starting a worker. concurrency: 1 args: {"description": "rally tests creating types"} times: 10 method_name: run timeout: 0 duration: None cls:
2019-07-10 07:59:55.264 5663 RALLYDEBUG rally.task.runner [-] Starting a worker. concurrency: 1 args: {"description": "rally tests creating types"} times: 10 method_name: run timeout: 0 duration: None cls:
2019-07-10 07:59:55.266 5664 RALLYDEBUG rally.task.runner [-] Starting a worker. concurrency: 1 args: {"description": "rally tests creating types"} times: 10 method_name: run timeout: 0 duration: None cls:
2019-07-10 07:59:55.269 5662 INFO rally.task.runner [-] Task e3b8e3c6-62d7-431e-b8cc-94705ffa5878 | ITER: 1 START
2019-07-10 07:59:55.269 5665 RALLYDEBUG rally.task.runner [-] Starting a worker. concurrency: 1 args: {"description": "rally tests creating types"} times: 10 method_name: run timeout: 0 duration: None cls:
2019-07-10 07:59:55.272 5663 INFO rally.task.runner [-] Task e3b8e3c6-62d7-431e-b8cc-94705ffa5878 | ITER: 2 START
2019-07-10 07:59:55.274 5664 INFO rally.task.runner [-] Task e3b8e3c6-62d7-431e-b8cc-94705ffa5878 | ITER: 3 START
2019-07-10 07:59:55.277 5665 INFO rally.task.runner [-] Task e3b8e3c6-62d7-431e-b8cc-94705ffa5878 | ITER: 4 START
2019-07-10 07:59:56.420 5664 INFO rally.task.runner [-] Task e3b8e3c6-62d7-431e-b8cc-94705ffa5878 | ITER: 3 END: OK
2019-07-10 07:59:56.425 5664 INFO rally.task.runner [-] Task e3b8e3c6-62d7-431e-b8cc-94705ffa5878 | ITER: 5 START
2019-07-10 07:59:56.431 5663 INFO rally.task.runner [-] Task e3b8e3c6-62d7-431e-b8cc-94705ffa5878 | ITER: 2 END: OK
2019-07-10 07:59:56.436 5665 INFO rally.task.runner [-] Task e3b8e3c6-62d7-431e-b8cc-94705ffa5878 | ITER: 4 END: OK
2019-07-10 07:59:56.437 5663 INFO rally.task.runner [-] Task e3b8e3c6-62d7-431e-b8cc-94705ffa5878 | ITER: 6 START
2019-07-10 07:59:56.441 5665 INFO rally.task.runner [-] Task e3b8e3c6-62d7-431e-b8cc-94705ffa5878 | ITER: 7 START
2019-07-10 07:59:56.472 5662 INFO rally.task.runner [-] Task e3b8e3c6-62d7-431e-b8cc-94705ffa5878 | ITER: 1 END: OK
