2019-07-08 21:00:18.517 18997 RALLYDEBUG rally_openstack.cleanup.manager [-] Deleting neutron.port object s_rally_341726bf_q2EMbOxh (60b9fa4d-4a7f-4701-82ab-7d5d5b8f2a50)
2019-07-08 21:00:18.795 18997 RALLYDEBUG rally_openstack.cleanup.manager [-] Deleting neutron.port object s_rally_341726bf_mIUENeyU (61006a59-3412-433b-a77d-00e20a89fce5)
2019-07-08 21:00:18.850 18997 RALLYDEBUG rally_openstack.cleanup.manager [-] Deleting neutron.port object s_rally_341726bf_wQXq9REo (617f793a-e50f-4ef0-b924-173fcf7f9d84)
2019-07-08 21:00:18.903 18997 RALLYDEBUG rally_openstack.cleanup.manager [-] Deleting neutron.port object s_rally_341726bf_Z2hlNCIk (63ce58f8-b63f-4cbf-9e24-d7a96b0191d9)
2019-07-08 21:00:18.998 18997 RALLYDEBUG rally_openstack.cleanup.manager [-] Deleting neutron.port object s_rally_341726bf_fwrP5IOW (64463374-5733-48d4-bc87-811ec20ab262)
2019-07-08 21:00:19.046 18997 RALLYDEBUG rally_openstack.cleanup.manager [-] Deleting neutron.port object s_rally_341726bf_l1Dbdbcq (6454795c-3590-4456-98eb-817f88f6f115)
2019-07-08 21:00:19.288 18997 RALLYDEBUG rally_openstack.cleanup.manager [-] Deleting neutron.port object s_rally_341726bf_ijgMCLVn (6543b737-9cd2-4e28-ac15-60e28f547088)
2019-07-08 21:00:19.511 18997 RALLYDEBUG rally_openstack.cleanup.manager [-] Deleting neutron.port object s_rally_341726bf_106TP3tg (66e210e8-2a41-4f41-a68c-5e013fac788c)
2019-07-08 21:00:19.607 18997 RALLYDEBUG rally_openstack.cleanup.manager [-] Deleting neutron.port object s_rally_341726bf_o2IbLHmW (67114fc1-ef14-46cc-b27e-3c8235aab00f)
2019-07-08 21:00:19.936 18997 RALLYDEBUG rally_openstack.cleanup.manager [-] Deleting neutron.port object s_rally_341726bf_0xJleK3W (67fa0388-b2db-4af4-a1cf-4d5ba5db9a29)
2019-07-08 21:00:20.016 18997 RALLYDEBUG rally_openstack.cleanup.manager [-] Deleting neutron.port object s_rally_341726bf_m35yd9eH (68ee4cff-e09e-46ac-9cb0-914f74e32708)
2019-07-08 21:00:20.023 18997 RALLYDEBUG rally_openstack.cleanup.manager [-] Deleting neutron.port object s_rally_341726bf_jZFjBB5e (69b83037-eba7-4f20-8aa5-6b290ea31d42)
2019-07-08 21:00:20.259 18997 RALLYDEBUG rally_openstack.cleanup.manager [-] Deleting neutron.port object s_rally_341726bf_7univ3hZ (69f052be-6b2d-48a1-a92b-2b70c370fc6b)
2019-07-08 21:00:20.324 18997 RALLYDEBUG rally_openstack.cleanup.manager [-] Deleting neutron.port object s_rally_341726bf_mVjGlrCU (6bb93faa-6bb8-4721-8426-7b5574e0854c)
2019-07-08 21:00:20.445 18997 RALLYDEBUG rally_openstack.cleanup.manager [-] Deleting neutron.port object s_rally_341726bf_EYj3eR0X (6bbb43f9-d647-4595-923d-8b3ed1979953)
2019-07-08 21:00:20.503 18997 RALLYDEBUG rally_openstack.cleanup.manager [-] Deleting neutron.port object s_rally_341726bf_lxYiELyy (6edcf61d-33c0-4694-948f-8256d8c29138)
2019-07-08 21:00:20.750 18997 RALLYDEBUG rally_openstack.cleanup.manager [-] Deleting neutron.port object s_rally_341726bf_vZn5uStG (6f44f2f3-bfe4-4446-8b15-f81736b56df0)
2019-07-08 21:00:20.946 18997 RALLYDEBUG rally_openstack.cleanup.manager [-] Deleting neutron.port object s_rally_341726bf_zyR4TVSe (6f577978-f8e9-4a68-a64c-db2b7d551f27)
2019-07-08 21:00:21.080 18997 RALLYDEBUG rally_openstack.cleanup.manager [-] Deleting neutron.port object s_rally_341726bf_8nxQIevZ (6f8bd637-b873-416b-a6b3-7f4452e665a1)
2019-07-08 21:00:21.254 18997 RALLYDEBUG rally_openstack.cleanup.manager [-] Deleting neutron.port object s_rally_341726bf_c0K5Zmtw (706bc7ff-a855-45b2-9c5e-22fc67eb3c2d)
2019-07-08 21:00:21.361 18997 RALLYDEBUG rally_openstack.cleanup.manager [-] Deleting neutron.port object s_rally_341726bf_LvtLrsSV (70e80ed4-71a6-486a-a22d-4607c1aa1c4f)
2019-07-08 21:00:21.375 18997 RALLYDEBUG rally_openstack.cleanup.manager [-] Deleting neutron.port object s_rally_341726bf_gsRHKpCN (710f4127-bac6-4dcd-aac2-3b95b613e493)
2019-07-08 21:00:21.455 18997 RALLYDEBUG rally_openstack.cleanup.manager [-] Deleting neutron.port object s_rally_341726bf_LjZjcZAJ (716e6ac1-15c0-4518-8837-179c03836432)
2019-07-08 21:00:21.498 18997 RALLYDEBUG rally_openstack.cleanup.manager [-] Deleting neutron.port object s_rally_341726bf_GKgZXKQx (71982c0a-877d-43b4-ae55-0ebd0e07d366)
2019-07-08 21:00:21.535 18997 RALLYDEBUG rally_openstack.cleanup.manager [-] Deleting neutron.port object s_rally_341726bf_yV2rlO3J (71b7b43a-4c3e-4520-a27f-d0657676bf68)
2019-07-08 21:00:21.650 18997 RALLYDEBUG rally_openstack.cleanup.manager [-] Deleting neutron.port object s_rally_341726bf_yaY3vnG9 (728c59e3-546f-44d2-991c-5b509358229e)
2019-07-08 21:00:21.813 18997 RALLYDEBUG rally_openstack.cleanup.manager [-] Deleting neutron.port object s_rally_341726bf_fVLQA92m (748b4df2-c122-4b58-a63b-c06f72ab875a)
2019-07-08 21:00:21.860 18997 RALLYDEBUG rally_openstack.cleanup.manager [-] Deleting neutron.port object s_rally_341726bf_QQPqXeFK (75481924-ba60-40b7-adae-3e6ae13c6104)
2019-07-08 21:00:22.304 18997 RALLYDEBUG rally_openstack.cleanup.manager [-] Deleting neutron.port object s_rally_341726bf_iOyC1g93 (7b425efd-6eb6-408f-9db0-fa85f7cc7350)
2019-07-08 21:00:22.404 18997 RALLYDEBUG rally_openstack.cleanup.manager [-] Deleting neutron.port object s_rally_341726bf_vA8oAUCm (7ce9e7fa-0df3-442e-91e2-f26dc7b16fe1)
2019-07-08 21:00:22.434 18997 RALLYDEBUG rally_openstack.cleanup.manager [-] Deleting neutron.port object s_rally_341726bf_2InqS9rN (7d0b484a-53e3-43b0-9d62-e206707ea019)
2019-07-08 21:00:22.586 18997 RALLYDEBUG rally_openstack.cleanup.manager [-] Deleting neutron.port object s_rally_341726bf_6VPeNzZB (7d4c2c0b-aea1-4213-baad-6569e446bee2)
2019-07-08 21:00:22.647 18997 RALLYDEBUG rally_openstack.cleanup.manager [-] Deleting neutron.port object s_rally_341726bf_qYtqdevy (7ee641b0-a97d-4ce6-be93-49c757dbace1)
2019-07-08 21:00:22.738 18997 RALLYDEBUG rally_openstack.cleanup.manager [-] Deleting neutron.port object s_rally_341726bf_20STPz7F (7f33f15c-0750-45a1-845f-c644f0fbef92)
2019-07-08 21:00:22.830 18997 RALLYDEBUG rally_openstack.cleanup.manager [-] Deleting neutron.port object s_rally_341726bf_jIcEXVHM (7f4f4761-98a3-4c12-8fbc-2c600e434936)
2019-07-08 21:00:22.991 18997 RALLYDEBUG rally_openstack.cleanup.manager [-] Deleting neutron.port object s_rally_341726bf_FQFm8xRC (8118393f-7555-463e-aa5a-6fe728cb20b1)
2019-07-08 21:00:23.043 18997 RALLYDEBUG rally_openstack.cleanup.manager [-] Deleting neutron.port object s_rally_341726bf_iSCzbMzs (82e3412e-0a8d-426d-9850-1ce8321bd1ec)
2019-07-08 21:00:23.328 18997 RALLYDEBUG rally_openstack.cleanup.manager [-] Deleting neutron.port object s_rally_341726bf_9dPj58Ze (854f2334-2d7b-4aa1-9171-d88b68b2a8ae)
2019-07-08 21:00:23.640 18997 RALLYDEBUG rally_openstack.cleanup.manager [-] Deleting neutron.port object s_rally_341726bf_yBgMyph3 (87731518-32d5-43c5-9ce0-b0818961b467)
2019-07-08 21:00:23.797 18997 RALLYDEBUG rally_openstack.cleanup.manager [-] Deleting neutron.port object s_rally_341726bf_5m18CaKL (87bb015e-dde3-4014-bb68-b129a55bfe32)
2019-07-08 21:00:23.865 18997 RALLYDEBUG rally_openstack.cleanup.manager [-] Deleting neutron.port object s_rally_341726bf_MT1Glmlo (88379390-48b6-4f20-89d4-96955bcc4799)
2019-07-08 21:00:23.928 18997 RALLYDEBUG rally_openstack.cleanup.manager [-] Deleting neutron.port object s_rally_341726bf_fF1qEVIy (88645445-bbc7-4f08-8a03-1c3bd7976ad7)
2019-07-08 21:00:24.011 18997 RALLYDEBUG rally_openstack.cleanup.manager [-] Deleting neutron.port object s_rally_341726bf_06Em8f5T (886c0919-5649-4840-96ab-a2bd6aaee680)
2019-07-08 21:00:24.061 18997 RALLYDEBUG rally_openstack.cleanup.manager [-] Deleting neutron.port object s_rally_341726bf_KYexXJyU (8b2c763e-56a6-4ad0-8462-903bf30a951c)
2019-07-08 21:00:24.087 18997 RALLYDEBUG rally_openstack.cleanup.manager [-] Deleting neutron.port object s_rally_341726bf_Gmyt2L4q (8d0c4c7b-100c-48fb-8726-1bd976d1553a)
2019-07-08 21:00:24.312 18997 RALLYDEBUG rally_openstack.cleanup.manager [-] Deleting neutron.port object s_rally_341726bf_THFFnGYV (8f1318ad-ec5e-4462-a416-8ed82145cac3)
2019-07-08 21:00:24.493 18997 RALLYDEBUG rally_openstack.cleanup.manager [-] Deleting neutron.port object s_rally_341726bf_Vhea4WkK (919750ec-fa9b-41e7-bd65-60991788c5c2)
2019-07-08 21:00:24.600 18997 RALLYDEBUG rally_openstack.cleanup.manager [-] Deleting neutron.port object s_rally_341726bf_Av4McAAc (929c1b1b-fef9-436d-9a21-12ad2b743305)
2019-07-08 21:00:24.615 18997 RALLYDEBUG rally_openstack.cleanup.manager [-] Deleting neutron.port object s_rally_341726bf_d1vMKtNY (94bd951d-7db3-4ecf-ae2d-aca914a263b8)
2019-07-08 21:00:24.831 18997 RALLYDEBUG rally_openstack.cleanup.manager [-] Deleting neutron.port object s_rally_341726bf_3NfVrP2A (9519f01b-a1c2-41a6-bbcd-466582235a30)
2019-07-08 21:00:24.923 18997 RALLYDEBUG rally_openstack.cleanup.manager [-] Deleting neutron.port object s_rally_341726bf_Mfq7RCVr (9918f846-bc82-4398-bb00-80b377c5d358)
2019-07-08 21:00:25.035 18997 RALLYDEBUG rally_openstack.cleanup.manager [-] Deleting neutron.port object s_rally_341726bf_kUr3M0j1 (9b6c6e48-71f2-4944-abc2-0a8b990e1b0c)
2019-07-08 21:00:25.158 18997 RALLYDEBUG rally_openstack.cleanup.manager [-] Deleting neutron.port object s_rally_341726bf_cV1L32e2 (9bdfe04b-862f-4e0e-b325-0a8590825bf5)
2019-07-08 21:00:25.490 18997 RALLYDEBUG rally_openstack.cleanup.manager [-] Deleting neutron.port object s_rally_341726bf_BM9gdpkD (9cc8f727-961b-438b-b238-8826e1ff170b)
2019-07-08 21:00:25.612 18997 RALLYDEBUG rally_openstack.cleanup.manager [-] Deleting neutron.port object s_rally_341726bf_PXaAbFnt (a194bfe7-2a3f-42de-b5f1-7b979850bf56)
2019-07-08 21:00:25.665 18997 RALLYDEBUG rally_openstack.cleanup.manager [-] Deleting neutron.port object s_rally_341726bf_ecIUBzh1 (a1a8d436-0d39-45dd-84b8-da7125b383e0)
2019-07-08 21:00:25.894 18997 RALLYDEBUG rally_openstack.cleanup.manager [-] Deleting neutron.port object s_rally_341726bf_uTc9pWEA (a2306474-7ed5-469e-b9a8-f4f9c08afe6e)
2019-07-08 21:00:25.993 18997 RALLYDEBUG rally_openstack.cleanup.manager [-] Deleting neutron.port object s_rally_341726bf_fVEOwmBG (a238d381-8d7f-41f6-918d-102912b40504)
2019-07-08 21:00:26.176 18997 RALLYDEBUG rally_openstack.cleanup.manager [-] Deleting neutron.port object s_rally_341726bf_nbrBGBxP (a2485702-1de1-4703-a037-e4ba94144d06)
2019-07-08 21:00:26.384 18997 RALLYDEBUG rally_openstack.cleanup.manager [-] Deleting neutron.port object s_rally_341726bf_oCfszZRd (a35abb0c-9e59-4fa5-8ece-eae820da6170)
2019-07-08 21:00:26.400 18997 RALLYDEBUG rally_openstack.cleanup.manager [-] Deleting neutron.port object s_rally_341726bf_BQSOJTRQ (a7a1d16e-da5f-489b-adb4-452f560ccdee)
2019-07-08 21:00:26.499 18997 RALLYDEBUG rally_openstack.cleanup.manager [-] Deleting neutron.port object s_rally_341726bf_tGbW7WvZ (a7b83e92-3747-4e2a-98d3-8db2ba7de5ac)
2019-07-08 21:00:26.597 18997 RALLYDEBUG rally_openstack.cleanup.manager [-] Deleting neutron.port object s_rally_341726bf_OgO1jVmW (aafd8761-83f8-48ca-b273-14aa1eebce2d)
2019-07-08 21:00:26.803 18997 RALLYDEBUG rally_openstack.cleanup.manager [-] Deleting neutron.port object s_rally_341726bf_4J2mwjeK (abcd5897-c7e3-4208-96b4-0496c776a08d)
2019-07-08 21:00:26.960 18997 RALLYDEBUG rally_openstack.cleanup.manager [-] Deleting neutron.port object s_rally_341726bf_Nzb3TNDV (ac0b2e5c-4100-45c4-ae31-ce63290409af)
2019-07-08 21:00:27.136 18997 RALLYDEBUG rally_openstack.cleanup.manager [-] Deleting neutron.port object s_rally_341726bf_aG77FeTV (ac4700dc-5732-4cf3-a34f-d0a0b3281c3e)
2019-07-08 21:00:27.158 18997 RALLYDEBUG rally_openstack.cleanup.manager [-] Deleting neutron.port object s_rally_341726bf_ZmAR3Aqy (ad69363f-a70f-414e-bca8-b66be88b2893)
2019-07-08 21:00:27.187 18997 RALLYDEBUG rally_openstack.cleanup.manager [-] Deleting neutron.port object s_rally_341726bf_pA0GjOOS (add98c66-bdbc-461b-8c80-4fd96d44b086)
2019-07-08 21:00:27.269 18997 RALLYDEBUG rally_openstack.cleanup.manager [-] Deleting neutron.port object s_rally_341726bf_3yTV6bSm (ae1fa34e-b56e-47f4-ad1e-486abaf49f63)
2019-07-08 21:00:27.286 18997 RALLYDEBUG rally_openstack.cleanup.manager [-] Deleting neutron.port object s_rally_341726bf_M5jeFYzE (b12001e8-5d89-4e72-a764-829a6dcb6bde)
2019-07-08 21:00:27.335 18997 RALLYDEBUG rally_openstack.cleanup.manager [-] Deleting neutron.port object s_rally_341726bf_vahlMxdZ (b203e4d8-3667-49f2-99ee-41475e45de65)
2019-07-08 21:00:27.738 18997 RALLYDEBUG rally_openstack.cleanup.manager [-] Deleting neutron.port object s_rally_341726bf_gEkaZmNG (b21da0df-b1ec-4393-b8b6-7178273493ea)
2019-07-08 21:00:27.755 18997 RALLYDEBUG rally_openstack.cleanup.manager [-] Deleting neutron.port object s_rally_341726bf_Q2kpCYZO (b2ba990f-d18d-4292-b759-df4f28dee81b)
2019-07-08 21:00:27.805 18997 RALLYDEBUG rally_openstack.cleanup.manager [-] Deleting neutron.port object s_rally_341726bf_20G2aXr5 (b49da870-f68b-449f-839d-018362c6fded)
2019-07-08 21:00:27.883 18997 RALLYDEBUG rally_openstack.cleanup.manager [-] Deleting neutron.port object s_rally_341726bf_NJCTPVnG (b55d7afc-be34-40f9-861c-14492b4d9647)
2019-07-08 21:00:28.187 18997 RALLYDEBUG rally_openstack.cleanup.manager [-] Deleting neutron.port object s_rally_341726bf_0QhlQm3Y (b88e2e84-32e1-4bfc-8d34-e4bb22aaf8c0)
2019-07-08 21:00:28.262 18997 RALLYDEBUG rally_openstack.cleanup.manager [-] Deleting neutron.port object s_rally_341726bf_YK8XUvUl (ba58444c-f2e5-4c85-83a1-ca61075e5b29)
2019-07-08 21:00:28.308 18997 RALLYDEBUG rally_openstack.cleanup.manager [-] Deleting neutron.port object s_rally_341726bf_7g2MR9tV (ba803a8b-1b66-4891-a242-fa38bd63263b)
2019-07-08 21:00:28.390 18997 RALLYDEBUG rally_openstack.cleanup.manager [-] Deleting neutron.port object s_rally_341726bf_tMSpzwv8 (bcaa30ce-f704-4bdf-b359-61280822dfeb)
2019-07-08 21:00:28.864 18997 RALLYDEBUG rally_openstack.cleanup.manager [-] Deleting neutron.port object s_rally_341726bf_E8Brijtx (be67178d-c2ec-41a3-8d98-62780cc0606a)
2019-07-08 21:00:28.937 18997 RALLYDEBUG rally_openstack.cleanup.manager [-] Deleting neutron.port object s_rally_341726bf_fbxD5eCD (bf7e23ea-7b88-4ac9-a3da-abb8517efc31)
2019-07-08 21:00:28.983 18997 RALLYDEBUG rally_openstack.cleanup.manager [-] Deleting neutron.port object s_rally_341726bf_gtZuFBNl (c18343de-e549-42a4-9eff-85b358df1e21)
2019-07-08 21:00:29.471 18997 RALLYDEBUG rally_openstack.cleanup.manager [-] Deleting neutron.port object s_rally_341726bf_fplZpSaz (c2d7d1a0-0acf-49c0-a272-74ee52e3d38a)
2019-07-08 21:00:29.475 18997 RALLYDEBUG rally_openstack.cleanup.manager [-] Deleting neutron.port object s_rally_341726bf_2w1rOkA1 (c3b748ca-f30d-4bce-9137-9210807b043d)
2019-07-08 21:00:29.493 18997 RALLYDEBUG rally_openstack.cleanup.manager [-] Deleting neutron.port object s_rally_341726bf_bzs3OwMZ (c5a7a833-d258-4237-bae6-092034f45510)
2019-07-08 21:00:29.678 18997 RALLYDEBUG rally_openstack.cleanup.manager [-] Deleting neutron.port object s_rally_341726bf_I1fBBhe9 (c6441416-3f8b-4eda-9a66-3b9a3cba4e05)
2019-07-08 21:00:29.962 18997 RALLYDEBUG rally_openstack.cleanup.manager [-] Deleting neutron.port object s_rally_341726bf_1vs2axeC (c78ed5af-6c23-4c69-bd56-e654340a9189)
2019-07-08 21:00:30.005 18997 RALLYDEBUG rally_openstack.cleanup.manager [-] Deleting neutron.port object s_rally_341726bf_AanZwA48 (c84db49e-87d8-47b9-bac4-f14432080912)
2019-07-08 21:00:30.109 18997 RALLYDEBUG rally_openstack.cleanup.manager [-] Deleting neutron.port object s_rally_341726bf_ThBBtItp (c94f3530-224e-4751-8be8-e05bc24e7824)
2019-07-08 21:00:30.136 18997 RALLYDEBUG rally_openstack.cleanup.manager [-] Deleting neutron.port object s_rally_341726bf_HtwNbZlc (cba53d5e-8dea-48ef-84f3-1172f2afd32e)
2019-07-08 21:00:30.250 18997 RALLYDEBUG rally_openstack.cleanup.manager [-] Deleting neutron.port object s_rally_341726bf_5c2SlW3H (cf4752c2-0463-45db-b000-79c63bbe1829)
2019-07-08 21:00:30.286 18997 RALLYDEBUG rally_openstack.cleanup.manager [-] Deleting neutron.port object s_rally_341726bf_c8AsQ1Sb (cfae10be-4fd9-4e50-be69-5c3b05875612)
2019-07-08 21:00:30.336 18997 RALLYDEBUG rally_openstack.cleanup.manager [-] Deleting neutron.port object s_rally_341726bf_govnXrpF (d1b42262-68cd-4d2a-82ca-9aeeb1186e51)
2019-07-08 21:00:30.354 18997 RALLYDEBUG rally_openstack.cleanup.manager [-] Deleting neutron.port object s_rally_341726bf_cOcgzSk7 (d1c767f5-ec76-4575-a914-2ef887402cce)
2019-07-08 21:00:30.440 18997 RALLYDEBUG rally_openstack.cleanup.manager [-] Deleting neutron.port object s_rally_341726bf_ocitdyi6 (d45339bd-c75b-4ca4-9994-56c0df5004e1)
2019-07-08 21:00:30.512 18997 RALLYDEBUG rally_openstack.cleanup.manager [-] Deleting neutron.port object s_rally_341726bf_74DN9bXM (d5985cef-ed60-48fd-8dda-9460bad95de3)
2019-07-08 21:00:30.607 18997 RALLYDEBUG rally_openstack.cleanup.manager [-] Deleting neutron.port object s_rally_341726bf_LsqEbT7C (d5d62a80-f4ff-4190-bb5c-060c4bf447ee)
2019-07-08 21:00:30.690 18997 RALLYDEBUG rally_openstack.cleanup.manager [-] Deleting neutron.port object s_rally_341726bf_DjUUsO1G (d6d6c82c-c4af-4e12-b8f7-d54f06db7bfa)
2019-07-08 21:00:30.793 18997 RALLYDEBUG rally_openstack.cleanup.manager [-] Deleting neutron.port object s_rally_341726bf_uPTNWLZQ (d739c4cd-ffd1-459b-b330-41c5a4e20dba)
2019-07-08 21:00:31.165 18997 RALLYDEBUG rally_openstack.cleanup.manager [-] Deleting neutron.port object s_rally_341726bf_kmdYi8Am (d88a260e-3f90-4915-9e66-5fb8f6ff4509)
2019-07-08 21:00:31.294 18997 RALLYDEBUG rally_openstack.cleanup.manager [-] Deleting neutron.port object s_rally_341726bf_A56LLvN7 (d88b9ae9-2260-4da7-91de-1c8ec5dadc4d)
2019-07-08 21:00:31.325 18997 RALLYDEBUG rally_openstack.cleanup.manager [-] Deleting neutron.port object s_rally_341726bf_WoneNA2N (d9de6df7-5b57-40aa-a351-37d6de829cbf)
2019-07-08 21:00:31.706 18997 RALLYDEBUG rally_openstack.cleanup.manager [-] Deleting neutron.port object s_rally_341726bf_X3GqhQnp (d9e893e6-792b-4e30-819d-ff010dbf22a9)
2019-07-08 21:00:31.760 18997 RALLYDEBUG rally_openstack.cleanup.manager [-] Deleting neutron.port object s_rally_341726bf_9QJdhSDM (da6dbfcd-042f-43a0-8d39-4a6ba9cabb6c)
2019-07-08 21:00:31.880 18997 RALLYDEBUG rally_openstack.cleanup.manager [-] Deleting neutron.port object s_rally_341726bf_kFJM8L4G (dad33c50-c097-4072-8971-03d8ef3aab1a)
2019-07-08 21:00:31.911 18997 RALLYDEBUG rally_openstack.cleanup.manager [-] Deleting neutron.port object s_rally_341726bf_GH9FHgvZ (dd96ab05-6dbf-4cab-b8e0-eac13db3e21b)
2019-07-08 21:00:32.414 18997 RALLYDEBUG rally_openstack.cleanup.manager [-] Deleting neutron.port object s_rally_341726bf_GnVdw9Dn (ddc16274-d472-40e1-9843-19abbb56b2b3)
2019-07-08 21:00:32.468 18997 RALLYDEBUG rally_openstack.cleanup.manager [-] Deleting neutron.port object s_rally_341726bf_Fd8kvsuO (de973509-7c15-4ae1-9f32-0c3a67fe46f8)
2019-07-08 21:00:32.889 18997 RALLYDEBUG rally_openstack.cleanup.manager [-] Deleting neutron.port object s_rally_341726bf_FR39bW6W (e0df5a31-dc76-4e99-9bd5-72a78861bee6)
2019-07-08 21:00:32.966 18997 RALLYDEBUG rally_openstack.cleanup.manager [-] Deleting neutron.port object s_rally_341726bf_MsNbCEZA (e1eb9f3a-91de-4e4f-b9d4-69fef8c83184)
2019-07-08 21:00:32.975 18997 RALLYDEBUG rally_openstack.cleanup.manager [-] Deleting neutron.port object s_rally_341726bf_H5L8NQHh (e3eb62cf-664f-4468-bb3d-ff148a8a76e6)
2019-07-08 21:00:33.006 18997 RALLYDEBUG rally_openstack.cleanup.manager [-] Deleting neutron.port object s_rally_341726bf_4hJyCBWO (e5c0ede3-6394-4d5c-8403-dfe8196abd98)
2019-07-08 21:00:33.154 18997 RALLYDEBUG rally_openstack.cleanup.manager [-] Deleting neutron.port object s_rally_341726bf_4DuI7umv (e7a8abb9-5615-477f-8a1c-e03c133433af)
2019-07-08 21:00:33.169 18997 RALLYDEBUG rally_openstack.cleanup.manager [-] Deleting neutron.port object s_rally_341726bf_WYNTRUe2 (e817a6f4-3137-4fae-832d-fba29e1dca34)
2019-07-08 21:00:33.220 18997 RALLYDEBUG rally_openstack.cleanup.manager [-] Deleting neutron.port object s_rally_341726bf_7tnvASTH (e98267cc-e78d-4acc-a385-a390e0ec5e32)
2019-07-08 21:00:33.266 18997 RALLYDEBUG rally_openstack.cleanup.manager [-] Deleting neutron.port object s_rally_341726bf_IKinau0h (e9ad427c-7093-4bc3-9ced-ddc5d80153e6)
2019-07-08 21:00:33.411 18997 RALLYDEBUG rally_openstack.cleanup.manager [-] Deleting neutron.port object s_rally_341726bf_edIxrqql (ea0de654-1bdb-4e7c-bfb0-6c1f08ada5c2)
2019-07-08 21:00:33.596 18997 RALLYDEBUG rally_openstack.cleanup.manager [-] Deleting neutron.port object s_rally_341726bf_oBwGgQuP (eb9a58a9-4830-45e3-ba86-e303dc13f25c)
2019-07-08 21:00:33.638 18997 RALLYDEBUG rally_openstack.cleanup.manager [-] Deleting neutron.port object s_rally_341726bf_WynDSXU3 (ed1adefa-826d-40d1-84fb-bfef56689b93)
2019-07-08 21:00:33.710 18997 RALLYDEBUG rally_openstack.cleanup.manager [-] Deleting neutron.port object s_rally_341726bf_wNd3fcui (ee9b237c-787d-4e51-be86-2d3468ef2463)
2019-07-08 21:00:33.834 18997 RALLYDEBUG rally_openstack.cleanup.manager [-] Deleting neutron.port object s_rally_341726bf_SeYYpJ8D (f0ab35e7-68a0-4885-9a5c-a8a0d7d4e703)
2019-07-08 21:00:33.875 18997 RALLYDEBUG rally_openstack.cleanup.manager [-] Deleting neutron.port object s_rally_341726bf_Ewq80Q0S (f1346713-1ac9-48e9-8d58-23001e58e6f3)
2019-07-08 21:00:34.217 18997 RALLYDEBUG rally_openstack.cleanup.manager [-] Deleting neutron.port object s_rally_341726bf_ttdDc8Y6 (f2b581d4-755b-4c31-85c7-e97b653c82d0)
2019-07-08 21:00:34.280 18997 RALLYDEBUG rally_openstack.cleanup.manager [-] Deleting neutron.port object s_rally_341726bf_vtDSpZF6 (f2d61b67-4371-4eec-a36d-745f4d3686fe)
2019-07-08 21:00:34.309 18997 RALLYDEBUG rally_openstack.cleanup.manager [-] Deleting neutron.port object s_rally_341726bf_OMG6jf3E (f2fcf465-a53b-441f-91a5-c4f16c7e6942)
2019-07-08 21:00:34.573 18997 RALLYDEBUG rally_openstack.cleanup.manager [-] Deleting neutron.port object s_rally_341726bf_BLYX35qI (f359b84e-a7cf-45bf-bc58-bc4a68f5e143)
2019-07-08 21:00:34.848 18997 RALLYDEBUG rally_openstack.cleanup.manager [-] Deleting neutron.port object s_rally_341726bf_yV5BqyBE (f3988826-ff2f-4393-8da8-fdde424993ac)
2019-07-08 21:00:35.053 18997 RALLYDEBUG rally_openstack.cleanup.manager [-] Deleting neutron.port object s_rally_341726bf_23oicdn9 (f65cc84e-65ed-44fd-92dd-f337a008a474)
2019-07-08 21:00:35.257 18997 RALLYDEBUG rally_openstack.cleanup.manager [-] Deleting neutron.port object s_rally_341726bf_sOsfEEdT (fa3a02f5-4748-4364-aa74-9d928ff970db)
2019-07-08 21:00:35.261 18997 RALLYDEBUG rally_openstack.cleanup.manager [-] Deleting neutron.port object s_rally_341726bf_7rW2SdSA (fa78f024-5fe0-4b95-943e-da9d29bf2ad1)
2019-07-08 21:00:35.452 18997 RALLYDEBUG rally_openstack.cleanup.manager [-] Deleting neutron.port object s_rally_341726bf_YiDuzazX (ffdba483-5767-41ef-a896-f1c9ba3eae46)
2019-07-08 21:00:37.849 18997 RALLYDEBUG rally_openstack.cleanup.manager [-] Cleaning up neutron subnet objects
2019-07-08 21:00:38.528 18997 RALLYDEBUG rally_openstack.cleanup.manager [-] Cleaning up neutron network objects
2019-07-08 21:00:39.728 18997 RALLYDEBUG rally_openstack.cleanup.manager [-] Deleting neutron.network object s_rally_341726bf_0MndQuev (14536213-2afd-4f49-810f-e896d9266138)
2019-07-08 21:00:39.729 18997 RALLYDEBUG rally_openstack.cleanup.manager [-] Deleting neutron.network object s_rally_341726bf_RI1YPmuF (1887690d-f313-4ca1-a707-7cba044dc4be)
2019-07-08 21:00:39.742 18997 RALLYDEBUG rally_openstack.cleanup.manager [-] Deleting neutron.network object s_rally_341726bf_qsTUisjI (1b486a40-8f24-4b61-a606-06228dd6eb88)
2019-07-08 21:00:39.742 18997 RALLYDEBUG rally_openstack.cleanup.manager [-] Deleting neutron.network object s_rally_341726bf_H914gcg7 (2b25f6ae-4cf0-4b43-b7a0-437a4e346382)
2019-07-08 21:00:39.753 18997 RALLYDEBUG rally_openstack.cleanup.manager [-] Deleting neutron.network object s_rally_341726bf_7qIKBjI2 (2c5ed8f2-ad41-446a-9a8e-2eec46d17cd6)
2019-07-08 21:00:39.760 18997 RALLYDEBUG rally_openstack.cleanup.manager [-] Deleting neutron.network object s_rally_341726bf_pzyIPAnY (354597db-686a-48ab-91dc-41476f22237f)
2019-07-08 21:00:39.765 18997 RALLYDEBUG rally_openstack.cleanup.manager [-] Deleting neutron.network object s_rally_341726bf_XtoSw4NH (358d4386-ad4d-4c62-8f5b-4062ccabfa00)
2019-07-08 21:00:39.771 18997 RALLYDEBUG rally_openstack.cleanup.manager [-] Deleting neutron.network object s_rally_341726bf_bETaTdJS (3de4b332-1df8-4ab5-bc16-e5c6d3e21051)
2019-07-08 21:00:39.792 18997 RALLYDEBUG rally_openstack.cleanup.manager [-] Deleting neutron.network object s_rally_341726bf_1gsmj6LH (47d16c3c-491e-45c0-9ea8-6b3f2ebb636f)
2019-07-08 21:00:39.795 18997 RALLYDEBUG rally_openstack.cleanup.manager [-] Deleting neutron.network object s_rally_341726bf_l84HcpXu (43a3acef-d5b8-4543-bdf2-8d2884aa5415)
2019-07-08 21:00:39.831 18997 RALLYDEBUG rally_openstack.cleanup.manager [-] Deleting neutron.network object s_rally_341726bf_EKpV4izq (5e414119-3bb9-4fd5-913f-5be7a8fc507a)
2019-07-08 21:00:39.848 18997 RALLYDEBUG rally_openstack.cleanup.manager [-] Deleting neutron.network object s_rally_341726bf_CC2UVz2r (4d5322ab-7725-4a40-a73e-212ce28f3341)
2019-07-08 21:00:39.852 18997 RALLYDEBUG rally_openstack.cleanup.manager [-] Deleting neutron.network object s_rally_341726bf_npgLU6aP (67652bca-67bc-4675-9780-4927eee0a066)
2019-07-08 21:00:39.883 18997 RALLYDEBUG rally_openstack.cleanup.manager [-] Deleting neutron.network object s_rally_341726bf_F6pReSo4 (6af3439d-f08d-41ad-861c-bb9284b46906)
2019-07-08 21:00:39.895 18997 RALLYDEBUG rally_openstack.cleanup.manager [-] Deleting neutron.network object s_rally_341726bf_ZlZCmm16 (78856033-3c2d-4891-abfe-d9cfc554e609)
2019-07-08 21:00:39.901 18997 RALLYDEBUG rally_openstack.cleanup.manager [-] Deleting neutron.network object s_rally_341726bf_bsBDYHS2 (789e095b-159c-42d6-8694-bd1c602f138f)
2019-07-08 21:00:39.909 18997 RALLYDEBUG rally_openstack.cleanup.manager [-] Deleting neutron.network object s_rally_341726bf_RTd5eyxl (7059fa5c-9227-4cf1-8516-a2615ff068fd)
2019-07-08 21:00:39.926 18997 RALLYDEBUG rally_openstack.cleanup.manager [-] Deleting neutron.network object s_rally_341726bf_JCjXy3Sj (82737ae9-5373-42a7-a1e5-0313d92874c2)
2019-07-08 21:00:39.934 18997 RALLYDEBUG rally_openstack.cleanup.manager [-] Deleting neutron.network object s_rally_341726bf_k7EVnC9t (7f31dbb4-79bb-4d8e-8f4c-568ff0dabafe)
2019-07-08 21:00:39.960 18997 RALLYDEBUG rally_openstack.cleanup.manager [-] Deleting neutron.network object s_rally_341726bf_wBP3gUhy (85c4082a-98f3-49c0-b09e-05c2b27b32fd)
2019-07-08 21:00:43.302 18997 RALLYDEBUG rally_openstack.cleanup.manager [-] Deleting neutron.network object s_rally_341726bf_QhV5dR4q (879298f0-643b-44ab-a5e2-d403ea8c4c39)
2019-07-08 21:00:43.334 18997 RALLYDEBUG rally_openstack.cleanup.manager [-] Deleting neutron.network object s_rally_341726bf_1ryXZDdm (8a6d5c3b-e5b2-422c-be3a-5c0efbf2b1c2)
2019-07-08 21:00:43.371 18997 RALLYDEBUG rally_openstack.cleanup.manager [-] Deleting neutron.network object s_rally_341726bf_36B8bNXO (8b4fcb52-ab67-419a-8bd4-51decb035888)
2019-07-08 21:00:43.416 18997 RALLYDEBUG rally_openstack.cleanup.manager [-] Deleting neutron.network object s_rally_341726bf_528mtJqz (8f7f1250-148a-453a-940d-4411d6eca820)
2019-07-08 21:00:43.554 18997 RALLYDEBUG rally_openstack.cleanup.manager [-] Deleting neutron.network object s_rally_341726bf_H19lfoTA (9e7c54d0-a048-431f-b217-1d2f6514c976)
2019-07-08 21:00:43.595 18997 RALLYDEBUG rally_openstack.cleanup.manager [-] Deleting neutron.network object s_rally_341726bf_c3QkEkXp (9f9041b1-3737-4806-985e-b47148207c6b)
2019-07-08 21:00:43.615 18997 RALLYDEBUG rally_openstack.cleanup.manager [-] Deleting neutron.network object s_rally_341726bf_tzYukux6 (a5e4d240-eda1-4f90-88a7-8114fdf0be58)
2019-07-08 21:00:43.737 18997 RALLYDEBUG rally_openstack.cleanup.manager [-] Deleting neutron.network object s_rally_341726bf_ODRYn8ux (a9f9f7d9-5cd8-4170-a25f-43e93f1d9fac)
2019-07-08 21:00:43.776 18997 RALLYDEBUG rally_openstack.cleanup.manager [-] Deleting neutron.network object s_rally_341726bf_p9oNq533 (b466bffd-63b7-4b04-bfd3-d993fd6a2298)
2019-07-08 21:00:44.493 18997 RALLYDEBUG rally_openstack.cleanup.manager [-] Deleting neutron.network object s_rally_341726bf_WdqD2xDZ (b7527ad5-ca4e-4161-ba80-e0fb3beec9a9)
2019-07-08 21:00:44.508 18997 RALLYDEBUG rally_openstack.cleanup.manager [-] Deleting neutron.network object s_rally_341726bf_LhdBqdSR (bb4911bb-9990-4ded-a711-9ccd82a0783b)
2019-07-08 21:00:44.512 18997 RALLYDEBUG rally_openstack.cleanup.manager [-] Deleting neutron.network object s_rally_341726bf_QsDhKBta (be91efb1-b414-44bc-940e-6b2d5c1caebc)
2019-07-08 21:00:44.524 18997 RALLYDEBUG rally_openstack.cleanup.manager [-] Deleting neutron.network object s_rally_341726bf_SH9ybRGX (c576d738-7c17-474f-84af-e973b4e4baa3)
2019-07-08 21:00:44.690 18997 RALLYDEBUG rally_openstack.cleanup.manager [-] Deleting neutron.network object s_rally_341726bf_Vkio7s69 (c81f5ae2-ce55-4783-8a48-a91c29d46689)
2019-07-08 21:00:44.696 18997 RALLYDEBUG rally_openstack.cleanup.manager [-] Deleting neutron.network object s_rally_341726bf_2vteO32o (ca97e89b-fda0-4f70-a307-826e8f1c4c17)
2019-07-08 21:00:44.700 18997 RALLYDEBUG rally_openstack.cleanup.manager [-] Deleting neutron.network object s_rally_341726bf_krqenO0k (cac810e3-e186-47a5-a9e3-8a8aa6fa81d6)
2019-07-08 21:00:44.711 18997 RALLYDEBUG rally_openstack.cleanup.manager [-] Deleting neutron.network object s_rally_341726bf_6Rw3aT5B (dc248ce4-28c8-4e44-8cd7-339619e28a4d)
2019-07-08 21:00:45.107 18997 RALLYDEBUG rally_openstack.cleanup.manager [-] Deleting neutron.network object s_rally_341726bf_IfRP9QzR (efc4b971-88bd-4ce3-9381-a05f525d5a79)
2019-07-08 21:00:45.794 18997 RALLYDEBUG rally_openstack.cleanup.manager [-] Deleting neutron.network object s_rally_341726bf_AEknPjXe (f189e248-9081-4e33-8381-c192d9965667)
2019-07-08 21:00:45.822 18997 RALLYDEBUG rally_openstack.cleanup.manager [-] Deleting neutron.network object s_rally_341726bf_DB895FT5 (fa2c4f3a-5e47-4394-b160-29ddc02a6b41)
2019-07-08 21:00:49.283 18997 RALLYDEBUG rally_openstack.cleanup.manager [-] Cleaning up neutron router objects
2019-07-08 21:00:50.412 18997 RALLYDEBUG rally_openstack.cleanup.manager [-] Cleaning up neutron security_group objects
2019-07-08 21:00:51.174 18997 INFO rally.task.context [-] Task f7d6c8a3-bbb5-4510-92c0-a5a93f145259 | Context cleanup@openstack cleanup() finished in 46.90 sec
2019-07-08 21:00:51.175 18997 INFO rally.task.context [-] Task f7d6c8a3-bbb5-4510-92c0-a5a93f145259 | Context quotas@openstack cleanup() started
2019-07-08 21:00:51.497 18997 INFO rally.task.context [-] Task f7d6c8a3-bbb5-4510-92c0-a5a93f145259 | Context quotas@openstack cleanup() finished in 0.32 sec
2019-07-08 21:00:51.497 18997 INFO rally.task.context [-] Task f7d6c8a3-bbb5-4510-92c0-a5a93f145259 | Context users@openstack cleanup() started
2019-07-08 21:00:56.769 18997 INFO rally.task.context [-] Task f7d6c8a3-bbb5-4510-92c0-a5a93f145259 | Context users@openstack cleanup() finished in 5.27 sec
2019-07-08 21:00:58.376 18997 INFO rally.task.engine [-] Load duration is: 38.633458
2019-07-08 21:00:58.376 18997 INFO rally.task.engine [-] Full runner duration is: 38.682804
2019-07-08 21:00:58.377 18997 INFO rally.task.engine [-] Full duration is: 96.855952
2019-07-08 21:00:58.670 18997 INFO rally.task.engine [-] Running workload: position = 2 config = { "version": 2, "title": "A cropped version of a bigger task.", "description": "Auto-generated task from a single workload (uuid=bd43b986-bb64-418f-abd5-79b1a9e6b26d)", "subtasks": [ { "title": "NeutronNetworks.create_and_delete_ports", "description": "Create and delete a port.", "scenario": { "NeutronNetworks.create_and_delete_ports": { "network_create_args": {}, "port_create_args": {}, "ports_per_network": 5 } }, "contexts": { "users": { "tenants": 1, "users_per_tenant": 1 }, "quotas": { "neutron": { "network": -1, "port": -1 } } }, "runner": { "constant": { "times": 40, "concurrency": 20 } }, "hooks": [], "sla": { "failure_rate": { "max": 0 } } } ] }
2019-07-08 21:00:58.691 18997 RALLYDEBUG rally_openstack.contexts.keystone.users [-] Creating 1 tenants using 20 threads
2019-07-08 21:01:00.632 18997 RALLYDEBUG rally_openstack.contexts.keystone.users [-] Creating 1 users using 20 threads
2019-07-08 21:01:03.398 18997 INFO rally.task.context [-] Task f7d6c8a3-bbb5-4510-92c0-a5a93f145259 | Context users@openstack setup() finished in 4.71 sec
2019-07-08 21:01:04.141 18997 INFO rally.task.context [-] Task f7d6c8a3-bbb5-4510-92c0-a5a93f145259 | Context quotas@openstack setup() finished in 0.74 sec
2019-07-08 21:01:04.141 18997 INFO rally.task.context [-] Task f7d6c8a3-bbb5-4510-92c0-a5a93f145259 | Context cleanup@openstack setup() finished in 0.01 msec
2019-07-08 21:01:04.150 18997 RALLYDEBUG rally.task.runner [-] Starting the constant runner (task UUID: f7d6c8a3-bbb5-4510-92c0-a5a93f145259). timeout: 0 concurrency: 20 concurrency_per_worker: 1 times: 40 concurrency_overhead: 4 processes_to_start: 16 max_cpu_used: 16
2019-07-08 21:01:04.163 23243 RALLYDEBUG rally.task.runner [-] Starting a worker. concurrency: 2 args: {"network_create_args": {}, "port_create_args": {}, "ports_per_network": 5} times: 40 method_name: run timeout: 0 duration: None cls:
2019-07-08 21:01:04.165 23244 RALLYDEBUG rally.task.runner [-] Starting a worker. concurrency: 2 args: {"network_create_args": {}, "port_create_args": {}, "ports_per_network": 5} times: 40 method_name: run timeout: 0 duration: None cls:
2019-07-08 21:01:04.169 23245 RALLYDEBUG rally.task.runner [-] Starting a worker. concurrency: 2 args: {"network_create_args": {}, "port_create_args": {}, "ports_per_network": 5} times: 40 method_name: run timeout: 0 duration: None cls:
2019-07-08 21:01:04.171 23246 RALLYDEBUG rally.task.runner [-] Starting a worker. concurrency: 2 args: {"network_create_args": {}, "port_create_args": {}, "ports_per_network": 5} times: 40 method_name: run timeout: 0 duration: None cls:
2019-07-08 21:01:04.171 23243 INFO rally.task.runner [-] Task f7d6c8a3-bbb5-4510-92c0-a5a93f145259 | ITER: 1 START
2019-07-08 21:01:04.172 23243 INFO rally.task.runner [-] Task f7d6c8a3-bbb5-4510-92c0-a5a93f145259 | ITER: 3 START
2019-07-08 21:01:04.174 23248 RALLYDEBUG rally.task.runner [-] Starting a worker. concurrency: 1 args: {"network_create_args": {}, "port_create_args": {}, "ports_per_network": 5} times: 40 method_name: run timeout: 0 duration: None cls:
2019-07-08 21:01:04.174 23243 WARNING rally_openstack.scenarios.neutron.utils [-] Running this scenario without either the 'network' or 'existing_network' context is deprecated
2019-07-08 21:01:04.175 23244 INFO rally.task.runner [-] Task f7d6c8a3-bbb5-4510-92c0-a5a93f145259 | ITER: 2 START
2019-07-08 21:01:04.177 23244 WARNING rally_openstack.scenarios.neutron.utils [-] Running this scenario without either the 'network' or 'existing_network' context is deprecated
2019-07-08 21:01:04.178 23245 INFO rally.task.runner [-] Task f7d6c8a3-bbb5-4510-92c0-a5a93f145259 | ITER: 5 START
2019-07-08 21:01:04.178 23246 INFO rally.task.runner [-] Task f7d6c8a3-bbb5-4510-92c0-a5a93f145259 | ITER: 6 START
2019-07-08 21:01:04.175 23243 WARNING rally_openstack.scenarios.neutron.utils [-] Running this scenario without either the 'network' or 'existing_network' context is deprecated
2019-07-08 21:01:04.179 23252 RALLYDEBUG rally.task.runner [-] Starting a worker. concurrency: 1 args: {"network_create_args": {}, "port_create_args": {}, "ports_per_network": 5} times: 40 method_name: run timeout: 0 duration: None cls:
2019-07-08 21:01:04.179 23244 INFO rally.task.runner [-] Task f7d6c8a3-bbb5-4510-92c0-a5a93f145259 | ITER: 4 START
2019-07-08 21:01:04.180 23245 WARNING rally_openstack.scenarios.neutron.utils [-] Running this scenario without either the 'network' or 'existing_network' context is deprecated
2019-07-08 21:01:04.182 23246 WARNING rally_openstack.scenarios.neutron.utils [-] Running this scenario without either the 'network' or 'existing_network' context is deprecated
2019-07-08 21:01:04.180 23244 WARNING rally_openstack.scenarios.neutron.utils [-] Running this scenario without either the 'network' or 'existing_network' context is deprecated
2019-07-08 21:01:04.182 23256 RALLYDEBUG rally.task.runner [-] Starting a worker. concurrency: 1 args: {"network_create_args": {}, "port_create_args": {}, "ports_per_network": 5} times: 40 method_name: run timeout: 0 duration: None cls:
2019-07-08 21:01:04.185 23252 INFO rally.task.runner [-] Task f7d6c8a3-bbb5-4510-92c0-a5a93f145259 | ITER: 10 START
2019-07-08 21:01:04.183 23245 INFO rally.task.runner [-] Task f7d6c8a3-bbb5-4510-92c0-a5a93f145259 | ITER: 7 START
2019-07-08 21:01:04.188 23252 WARNING rally_openstack.scenarios.neutron.utils [-] Running this scenario without either the 'network' or 'existing_network' context is deprecated
2019-07-08 21:01:04.188 23256 INFO rally.task.runner [-] Task f7d6c8a3-bbb5-4510-92c0-a5a93f145259 | ITER: 11 START
2019-07-08 21:01:04.189 23263 RALLYDEBUG rally.task.runner [-] Starting a worker. concurrency: 1 args: {"network_create_args": {}, "port_create_args": {}, "ports_per_network": 5} times: 40 method_name: run timeout: 0 duration: None cls:
2019-07-08 21:01:04.190 23256 WARNING rally_openstack.scenarios.neutron.utils [-] Running this scenario without either the 'network' or 'existing_network' context is deprecated
2019-07-08 21:01:04.189 23245 WARNING rally_openstack.scenarios.neutron.utils [-] Running this scenario without either the 'network' or 'existing_network' context is deprecated
2019-07-08 21:01:04.181 23248 INFO rally.task.runner [-] Task f7d6c8a3-bbb5-4510-92c0-a5a93f145259 | ITER: 8 START
2019-07-08 21:01:04.192 23246 INFO rally.task.runner [-] Task f7d6c8a3-bbb5-4510-92c0-a5a93f145259 | ITER: 9 START
2019-07-08 21:01:04.192 23246 WARNING rally_openstack.scenarios.neutron.utils [-] Running this scenario without either the 'network' or 'existing_network' context is deprecated
2019-07-08 21:01:04.194 23248 WARNING rally_openstack.scenarios.neutron.utils [-] Running this scenario without either the 'network' or 'existing_network' context is deprecated
2019-07-08 21:01:04.193 23268 RALLYDEBUG rally.task.runner [-] Starting a worker. concurrency: 1 args: {"network_create_args": {}, "port_create_args": {}, "ports_per_network": 5} times: 40 method_name: run timeout: 0 duration: None cls:
2019-07-08 21:01:04.195 23263 INFO rally.task.runner [-] Task f7d6c8a3-bbb5-4510-92c0-a5a93f145259 | ITER: 12 START
2019-07-08 21:01:04.197 23263 WARNING rally_openstack.scenarios.neutron.utils [-] Running this scenario without either the 'network' or 'existing_network' context is deprecated
2019-07-08 21:01:04.199 23268 INFO rally.task.runner [-] Task f7d6c8a3-bbb5-4510-92c0-a5a93f145259 | ITER: 13 START
2019-07-08 21:01:04.201 23268 WARNING rally_openstack.scenarios.neutron.utils [-] Running this scenario without either the 'network' or 'existing_network' context is deprecated
2019-07-08 21:01:04.203 23271 RALLYDEBUG rally.task.runner [-] Starting a worker. concurrency: 1 args: {"network_create_args": {}, "port_create_args": {}, "ports_per_network": 5} times: 40 method_name: run timeout: 0 duration: None cls:
2019-07-08 21:01:04.208 23271 INFO rally.task.runner [-] Task f7d6c8a3-bbb5-4510-92c0-a5a93f145259 | ITER: 14 START
2019-07-08 21:01:04.209 23271 WARNING rally_openstack.scenarios.neutron.utils [-] Running this scenario without either the 'network' or 'existing_network' context is deprecated
2019-07-08 21:01:04.218 23278 RALLYDEBUG rally.task.runner [-] Starting a worker. concurrency: 1 args: {"network_create_args": {}, "port_create_args": {}, "ports_per_network": 5} times: 40 method_name: run timeout: 0 duration: None cls:
2019-07-08 21:01:04.219 23275 RALLYDEBUG rally.task.runner [-] Starting a worker. concurrency: 1 args: {"network_create_args": {}, "port_create_args": {}, "ports_per_network": 5} times: 40 method_name: run timeout: 0 duration: None cls:
2019-07-08 21:01:04.226 23278 INFO rally.task.runner [-] Task f7d6c8a3-bbb5-4510-92c0-a5a93f145259 | ITER: 15 START
2019-07-08 21:01:04.226 23279 RALLYDEBUG rally.task.runner [-] Starting a worker. concurrency: 1 args: {"network_create_args": {}, "port_create_args": {}, "ports_per_network": 5} times: 40 method_name: run timeout: 0 duration: None cls:
2019-07-08 21:01:04.227 23275 INFO rally.task.runner [-] Task f7d6c8a3-bbb5-4510-92c0-a5a93f145259 | ITER: 16 START
2019-07-08 21:01:04.228 23278 WARNING rally_openstack.scenarios.neutron.utils [-] Running this scenario without either the 'network' or 'existing_network' context is deprecated
2019-07-08 21:01:04.229 23275 WARNING rally_openstack.scenarios.neutron.utils [-] Running this scenario without either the 'network' or 'existing_network' context is deprecated
2019-07-08 21:01:04.231 23279 INFO rally.task.runner [-] Task f7d6c8a3-bbb5-4510-92c0-a5a93f145259 | ITER: 17 START
2019-07-08 21:01:04.233 23279 WARNING rally_openstack.scenarios.neutron.utils [-] Running this scenario without either the 'network' or 'existing_network' context is deprecated
2019-07-08 21:01:04.234 23284 RALLYDEBUG rally.task.runner [-] Starting a worker. concurrency: 1 args: {"network_create_args": {}, "port_create_args": {}, "ports_per_network": 5} times: 40 method_name: run timeout: 0 duration: None cls:
2019-07-08 21:01:04.239 23284 INFO rally.task.runner [-] Task f7d6c8a3-bbb5-4510-92c0-a5a93f145259 | ITER: 18 START
2019-07-08 21:01:04.240 23284 WARNING rally_openstack.scenarios.neutron.utils [-] Running this scenario without either the 'network' or 'existing_network' context is deprecated
2019-07-08 21:01:04.241 23287 RALLYDEBUG rally.task.runner [-] Starting a worker. concurrency: 1 args: {"network_create_args": {}, "port_create_args": {}, "ports_per_network": 5} times: 40 method_name: run timeout: 0 duration: None cls:
2019-07-08 21:01:04.245 23287 INFO rally.task.runner [-] Task f7d6c8a3-bbb5-4510-92c0-a5a93f145259 | ITER: 19 START
2019-07-08 21:01:04.246 23290 RALLYDEBUG rally.task.runner [-] Starting a worker. concurrency: 1 args: {"network_create_args": {}, "port_create_args": {}, "ports_per_network": 5} times: 40 method_name: run timeout: 0 duration: None cls:
2019-07-08 21:01:04.247 23287 WARNING rally_openstack.scenarios.neutron.utils [-] Running this scenario without either the 'network' or 'existing_network' context is deprecated
2019-07-08 21:01:04.250 23290 INFO rally.task.runner [-] Task f7d6c8a3-bbb5-4510-92c0-a5a93f145259 | ITER: 20 START
2019-07-08 21:01:04.251 23290 WARNING rally_openstack.scenarios.neutron.utils [-] Running this scenario without either the 'network' or 'existing_network' context is deprecated
2019-07-08 21:01:21.062 23290 INFO rally.task.runner [-] Task f7d6c8a3-bbb5-4510-92c0-a5a93f145259 | ITER: 20 END: OK
2019-07-08 21:01:21.067 23290 INFO rally.task.runner [-] Task f7d6c8a3-bbb5-4510-92c0-a5a93f145259 | ITER: 21 START
2019-07-08 21:01:21.067 23290 WARNING rally_openstack.scenarios.neutron.utils [-] Running this scenario without either the 'network' or 'existing_network' context is deprecated
2019-07-08 21:01:21.402 23275 INFO rally.task.runner [-] Task f7d6c8a3-bbb5-4510-92c0-a5a93f145259 | ITER: 16 END: OK
2019-07-08 21:01:21.406 23275 INFO rally.task.runner [-] Task f7d6c8a3-bbb5-4510-92c0-a5a93f145259 | ITER: 22 START
2019-07-08 21:01:21.407 23275 WARNING rally_openstack.scenarios.neutron.utils [-] Running this scenario without either the 'network' or 'existing_network' context is deprecated
2019-07-08 21:01:21.623 23244 INFO rally.task.runner [-] Task f7d6c8a3-bbb5-4510-92c0-a5a93f145259 | ITER: 2 END: OK
2019-07-08 21:01:21.627 23244 INFO rally.task.runner [-] Task f7d6c8a3-bbb5-4510-92c0-a5a93f145259 | ITER: 23 START
2019-07-08 21:01:21.628 23244 WARNING rally_openstack.scenarios.neutron.utils [-] Running this scenario without either the 'network' or 'existing_network' context is deprecated
2019-07-08 21:01:21.789 23246 INFO rally.task.runner [-] Task f7d6c8a3-bbb5-4510-92c0-a5a93f145259 | ITER: 6 END: OK
2019-07-08 21:01:21.793 23246 INFO rally.task.runner [-] Task f7d6c8a3-bbb5-4510-92c0-a5a93f145259 | ITER: 24 START
2019-07-08 21:01:21.794 23246 WARNING rally_openstack.scenarios.neutron.utils [-] Running this scenario without either the 'network' or 'existing_network' context is deprecated
2019-07-08 21:01:21.950 23246 INFO rally.task.runner [-] Task f7d6c8a3-bbb5-4510-92c0-a5a93f145259 | ITER: 9 END: OK
2019-07-08 21:01:21.953 23246 INFO rally.task.runner [-] Task f7d6c8a3-bbb5-4510-92c0-a5a93f145259 | ITER: 25 START
2019-07-08 21:01:21.953 23246 WARNING rally_openstack.scenarios.neutron.utils [-] Running this scenario without either the 'network' or 'existing_network' context is deprecated
2019-07-08 21:01:21.976 23279 INFO rally.task.runner [-] Task f7d6c8a3-bbb5-4510-92c0-a5a93f145259 | ITER: 17 END: OK
2019-07-08 21:01:21.980 23279 INFO rally.task.runner [-] Task f7d6c8a3-bbb5-4510-92c0-a5a93f145259 | ITER: 26 START
2019-07-08 21:01:21.980 23279 WARNING rally_openstack.scenarios.neutron.utils [-] Running this scenario without either the 'network' or 'existing_network' context is deprecated
2019-07-08 21:01:22.128 23263 INFO rally.task.runner [-] Task f7d6c8a3-bbb5-4510-92c0-a5a93f145259 | ITER: 12 END: OK
2019-07-08 21:01:22.132 23263 INFO rally.task.runner [-] Task f7d6c8a3-bbb5-4510-92c0-a5a93f145259 | ITER: 27 START
2019-07-08 21:01:22.132 23263 WARNING rally_openstack.scenarios.neutron.utils [-] Running this scenario without either the 'network' or 'existing_network' context is deprecated
2019-07-08 21:01:22.181 23245 INFO rally.task.runner [-] Task f7d6c8a3-bbb5-4510-92c0-a5a93f145259 | ITER: 5 END: OK
2019-07-08 21:01:22.184 23245 INFO rally.task.runner [-] Task f7d6c8a3-bbb5-4510-92c0-a5a93f145259 | ITER: 28 START
2019-07-08 21:01:22.185 23245 WARNING rally_openstack.scenarios.neutron.utils [-] Running this scenario without either the 'network' or 'existing_network' context is deprecated
2019-07-08 21:01:22.401 23256 INFO rally.task.runner [-] Task f7d6c8a3-bbb5-4510-92c0-a5a93f145259 | ITER: 11 END: OK
2019-07-08 21:01:22.405 23256 INFO rally.task.runner [-] Task f7d6c8a3-bbb5-4510-92c0-a5a93f145259 | ITER: 29 START
2019-07-08 21:01:22.405 23256 WARNING rally_openstack.scenarios.neutron.utils [-] Running this scenario without either the 'network' or 'existing_network' context is deprecated
2019-07-08 21:01:22.641 23245 INFO rally.task.runner [-] Task f7d6c8a3-bbb5-4510-92c0-a5a93f145259 | ITER: 7 END: OK
2019-07-08 21:01:22.645 23245 INFO rally.task.runner [-] Task f7d6c8a3-bbb5-4510-92c0-a5a93f145259 | ITER: 30 START
2019-07-08 21:01:22.646 23245 WARNING rally_openstack.scenarios.neutron.utils [-] Running this scenario without either the 'network' or 'existing_network' context is deprecated
2019-07-08 21:01:22.665 23278 INFO rally.task.runner [-] Task f7d6c8a3-bbb5-4510-92c0-a5a93f145259 | ITER: 15 END: OK
2019-07-08 21:01:22.669 23278 INFO rally.task.runner [-] Task f7d6c8a3-bbb5-4510-92c0-a5a93f145259 | ITER: 31 START
2019-07-08 21:01:22.670 23278 WARNING rally_openstack.scenarios.neutron.utils [-] Running this scenario without either the 'network' or 'existing_network' context is deprecated
2019-07-08 21:01:22.676 23248 INFO rally.task.runner [-] Task f7d6c8a3-bbb5-4510-92c0-a5a93f145259 | ITER: 8 END: OK
2019-07-08 21:01:22.680 23248 INFO rally.task.runner [-] Task f7d6c8a3-bbb5-4510-92c0-a5a93f145259 | ITER: 32 START
2019-07-08 21:01:22.681 23248 WARNING rally_openstack.scenarios.neutron.utils [-] Running this scenario without either the 'network' or 'existing_network' context is deprecated
2019-07-08 21:01:22.789 23243 INFO rally.task.runner [-] Task f7d6c8a3-bbb5-4510-92c0-a5a93f145259 | ITER: 1 END: OK
2019-07-08 21:01:22.793 23243 INFO rally.task.runner [-] Task f7d6c8a3-bbb5-4510-92c0-a5a93f145259 | ITER: 33 START
2019-07-08 21:01:22.794 23243 WARNING rally_openstack.scenarios.neutron.utils [-] Running this scenario without either the 'network' or 'existing_network' context is deprecated
2019-07-08 21:01:23.673 23271 INFO rally.task.runner [-] Task f7d6c8a3-bbb5-4510-92c0-a5a93f145259 | ITER: 14 END: OK
2019-07-08 21:01:23.677 23271 INFO rally.task.runner [-] Task f7d6c8a3-bbb5-4510-92c0-a5a93f145259 | ITER: 34 START
2019-07-08 21:01:23.677 23271 WARNING rally_openstack.scenarios.neutron.utils [-] Running this scenario without either the 'network' or 'existing_network' context is deprecated
2019-07-08 21:01:23.798 23243 INFO rally.task.runner [-] Task f7d6c8a3-bbb5-4510-92c0-a5a93f145259 | ITER: 3 END: OK
2019-07-08 21:01:23.802 23243 INFO rally.task.runner [-] Task f7d6c8a3-bbb5-4510-92c0-a5a93f145259 | ITER: 35 START
2019-07-08 21:01:23.803 23243 WARNING rally_openstack.scenarios.neutron.utils [-] Running this scenario without either the 'network' or 'existing_network' context is deprecated
2019-07-08 21:01:23.851 23287 INFO rally.task.runner [-] Task f7d6c8a3-bbb5-4510-92c0-a5a93f145259 | ITER: 19 END: OK
2019-07-08 21:01:23.855 23287 INFO rally.task.runner [-] Task f7d6c8a3-bbb5-4510-92c0-a5a93f145259 | ITER: 36 START
2019-07-08 21:01:23.855 23287 WARNING rally_openstack.scenarios.neutron.utils [-] Running this scenario without either the 'network' or 'existing_network' context is deprecated
2019-07-08 21:01:24.054 23244 INFO rally.task.runner [-] Task f7d6c8a3-bbb5-4510-92c0-a5a93f145259 | ITER: 4 END: OK
2019-07-08 21:01:24.058 23244 INFO rally.task.runner [-] Task f7d6c8a3-bbb5-4510-92c0-a5a93f145259 | ITER: 37 START
2019-07-08 21:01:24.059 23244 WARNING rally_openstack.scenarios.neutron.utils [-] Running this scenario without either the 'network' or 'existing_network' context is deprecated
2019-07-08 21:01:24.347 23284 INFO rally.task.runner [-] Task f7d6c8a3-bbb5-4510-92c0-a5a93f145259 | ITER: 18 END: OK
2019-07-08 21:01:24.351 23284 INFO rally.task.runner [-] Task f7d6c8a3-bbb5-4510-92c0-a5a93f145259 | ITER: 38 START
2019-07-08 21:01:24.352 23284 WARNING rally_openstack.scenarios.neutron.utils [-] Running this scenario without either the 'network' or 'existing_network' context is deprecated
2019-07-08 21:01:25.351 23252 INFO rally.task.runner [-] Task f7d6c8a3-bbb5-4510-92c0-a5a93f145259 | ITER: 10 END: OK
2019-07-08 21:01:25.355 23252 INFO rally.task.runner [-] Task f7d6c8a3-bbb5-4510-92c0-a5a93f145259 | ITER: 39 START
