2019-07-08 21:01:25.355 23252 WARNING rally_openstack.scenarios.neutron.utils [-] Running this scenario without either the 'network' or 'existing_network' context is deprecated
2019-07-08 21:01:28.919 23268 INFO rally.task.runner [-] Task f7d6c8a3-bbb5-4510-92c0-a5a93f145259 | ITER: 13 END: OK
2019-07-08 21:01:28.923 23268 INFO rally.task.runner [-] Task f7d6c8a3-bbb5-4510-92c0-a5a93f145259 | ITER: 40 START
2019-07-08 21:01:28.924 23268 WARNING rally_openstack.scenarios.neutron.utils [-] Running this scenario without either the 'network' or 'existing_network' context is deprecated
2019-07-08 21:01:37.644 23290 INFO rally.task.runner [-] Task f7d6c8a3-bbb5-4510-92c0-a5a93f145259 | ITER: 21 END: OK
2019-07-08 21:01:38.676 23244 INFO rally.task.runner [-] Task f7d6c8a3-bbb5-4510-92c0-a5a93f145259 | ITER: 23 END: OK
2019-07-08 21:01:38.883 23245 INFO rally.task.runner [-] Task f7d6c8a3-bbb5-4510-92c0-a5a93f145259 | ITER: 28 END: OK
2019-07-08 21:01:39.460 23263 INFO rally.task.runner [-] Task f7d6c8a3-bbb5-4510-92c0-a5a93f145259 | ITER: 27 END: OK
2019-07-08 21:01:39.937 23256 INFO rally.task.runner [-] Task f7d6c8a3-bbb5-4510-92c0-a5a93f145259 | ITER: 29 END: OK
2019-07-08 21:01:39.981 23287 INFO rally.task.runner [-] Task f7d6c8a3-bbb5-4510-92c0-a5a93f145259 | ITER: 36 END: OK
2019-07-08 21:01:40.003 23248 INFO rally.task.runner [-] Task f7d6c8a3-bbb5-4510-92c0-a5a93f145259 | ITER: 32 END: OK
2019-07-08 21:01:40.649 23246 INFO rally.task.runner [-] Task f7d6c8a3-bbb5-4510-92c0-a5a93f145259 | ITER: 24 END: OK
2019-07-08 21:01:40.769 23246 INFO rally.task.runner [-] Task f7d6c8a3-bbb5-4510-92c0-a5a93f145259 | ITER: 25 END: OK
2019-07-08 21:01:41.248 23245 INFO rally.task.runner [-] Task f7d6c8a3-bbb5-4510-92c0-a5a93f145259 | ITER: 30 END: OK
2019-07-08 21:01:41.437 23271 INFO rally.task.runner [-] Task f7d6c8a3-bbb5-4510-92c0-a5a93f145259 | ITER: 34 END: OK
2019-07-08 21:01:41.844 23243 INFO rally.task.runner [-] Task f7d6c8a3-bbb5-4510-92c0-a5a93f145259 | ITER: 33 END: OK
2019-07-08 21:01:41.876 23278 INFO rally.task.runner [-] Task f7d6c8a3-bbb5-4510-92c0-a5a93f145259 | ITER: 31 END: OK
2019-07-08 21:01:41.962 23279 INFO rally.task.runner [-] Task f7d6c8a3-bbb5-4510-92c0-a5a93f145259 | ITER: 26 END: OK
2019-07-08 21:01:42.345 23284 INFO rally.task.runner [-] Task f7d6c8a3-bbb5-4510-92c0-a5a93f145259 | ITER: 38 END: OK
2019-07-08 21:01:42.636 23244 INFO rally.task.runner [-] Task f7d6c8a3-bbb5-4510-92c0-a5a93f145259 | ITER: 37 END: OK
2019-07-08 21:01:42.707 23275 INFO rally.task.runner [-] Task f7d6c8a3-bbb5-4510-92c0-a5a93f145259 | ITER: 22 END: OK
2019-07-08 21:01:42.845 23243 INFO rally.task.runner [-] Task f7d6c8a3-bbb5-4510-92c0-a5a93f145259 | ITER: 35 END: OK
2019-07-08 21:01:43.605 23252 INFO rally.task.runner [-] Task f7d6c8a3-bbb5-4510-92c0-a5a93f145259 | ITER: 39 END: OK
2019-07-08 21:01:45.051 23268 INFO rally.task.runner [-] Task f7d6c8a3-bbb5-4510-92c0-a5a93f145259 | ITER: 40 END: OK
2019-07-08 21:01:45.078 18997 INFO rally.task.context [-] Task f7d6c8a3-bbb5-4510-92c0-a5a93f145259 | Context cleanup@openstack cleanup() started
2019-07-08 21:01:45.080 18997 RALLYDEBUG rally_openstack.cleanup.manager [-] Cleaning up neutron vip objects
2019-07-08 21:01:45.736 18997 RALLYDEBUG rally_openstack.cleanup.manager [-] Cleaning up neutron health_monitor objects
2019-07-08 21:01:46.472 18997 RALLYDEBUG rally_openstack.cleanup.manager [-] Cleaning up neutron pool objects
2019-07-08 21:01:47.109 18997 RALLYDEBUG rally_openstack.cleanup.manager [-] Cleaning up neutron loadbalancer objects
2019-07-08 21:01:47.848 18997 RALLYDEBUG rally_openstack.cleanup.manager [-] Cleaning up neutron floatingip objects
2019-07-08 21:01:48.720 18997 RALLYDEBUG rally_openstack.cleanup.manager [-] Cleaning up neutron port objects
2019-07-08 21:01:49.969 18997 RALLYDEBUG rally_openstack.cleanup.manager [-] Cleaning up neutron subnet objects
2019-07-08 21:01:50.710 18997 RALLYDEBUG rally_openstack.cleanup.manager [-] Cleaning up neutron network objects
2019-07-08 21:01:51.526 18997 RALLYDEBUG rally_openstack.cleanup.manager [-] Deleting neutron.network object s_rally_bd43b986_dCJtgmnb (03e2dac9-fcd5-47a1-af53-848b0117165b)
2019-07-08 21:01:51.531 18997 RALLYDEBUG rally_openstack.cleanup.manager [-] Deleting neutron.network object s_rally_bd43b986_i9T1R0dD (04ae1feb-f114-47ca-8eb7-39ed1972ee7b)
2019-07-08 21:01:51.535 18997 RALLYDEBUG rally_openstack.cleanup.manager [-] Deleting neutron.network object s_rally_bd43b986_NAgnkgi3 (04f59f06-5490-4e15-a2a0-ecc899e47b6c)
2019-07-08 21:01:51.544 18997 RALLYDEBUG rally_openstack.cleanup.manager [-] Deleting neutron.network object s_rally_bd43b986_hUOMN3S9 (1940f88d-477b-43f4-9eca-b326ce2c4ebe)
2019-07-08 21:01:51.545 18997 RALLYDEBUG rally_openstack.cleanup.manager [-] Deleting neutron.network object s_rally_bd43b986_xb2punlG (1ad013a1-f3f9-4fb7-9526-1b34dd3d07f1)
2019-07-08 21:01:51.553 18997 RALLYDEBUG rally_openstack.cleanup.manager [-] Deleting neutron.network object s_rally_bd43b986_c5cAGWxd (27a88145-584f-4fe1-baa1-514acb6602c0)
2019-07-08 21:01:51.571 18997 RALLYDEBUG rally_openstack.cleanup.manager [-] Deleting neutron.network object s_rally_bd43b986_MUjAezpp (388bc5bb-44eb-48f6-bf62-8a12040f4044)
2019-07-08 21:01:51.579 18997 RALLYDEBUG rally_openstack.cleanup.manager [-] Deleting neutron.network object s_rally_bd43b986_I3qLCUiR (42c86ebc-f3d4-45f8-9246-ed17a19f24c0)
2019-07-08 21:01:51.590 18997 RALLYDEBUG rally_openstack.cleanup.manager [-] Deleting neutron.network object s_rally_bd43b986_009QkDbl (43610420-6cc3-4c41-b149-5592b609458b)
2019-07-08 21:01:51.597 18997 RALLYDEBUG rally_openstack.cleanup.manager [-] Deleting neutron.network object s_rally_bd43b986_Mg7rnvv4 (48987088-1c41-4c1e-b09d-6ac9a920e125)
2019-07-08 21:01:51.614 18997 RALLYDEBUG rally_openstack.cleanup.manager [-] Deleting neutron.network object s_rally_bd43b986_a8BvCF79 (4a0dc71a-d279-44cf-8744-2634d7fe0e1c)
2019-07-08 21:01:51.628 18997 RALLYDEBUG rally_openstack.cleanup.manager [-] Deleting neutron.network object s_rally_bd43b986_d8AvR7tx (4f5ff001-b528-42d1-b5f4-d5ab699c40d8)
2019-07-08 21:01:51.633 18997 RALLYDEBUG rally_openstack.cleanup.manager [-] Deleting neutron.network object s_rally_bd43b986_YFIA2wZ3 (4e738997-4593-4e31-8b6f-eeda4e520039)
2019-07-08 21:01:51.661 18997 RALLYDEBUG rally_openstack.cleanup.manager [-] Deleting neutron.network object s_rally_bd43b986_sJE13uKA (53ac5d86-d58f-496c-835d-5834e48a76a3)
2019-07-08 21:01:51.669 18997 RALLYDEBUG rally_openstack.cleanup.manager [-] Deleting neutron.network object s_rally_bd43b986_rPxA9CXC (6a574c84-cfdc-4203-aa0e-c183a0b0d660)
2019-07-08 21:01:51.687 18997 RALLYDEBUG rally_openstack.cleanup.manager [-] Deleting neutron.network object s_rally_bd43b986_ueLjzo5q (6e9101bf-fc95-41e9-9dd8-f41062ca3b1c)
2019-07-08 21:01:51.690 18997 RALLYDEBUG rally_openstack.cleanup.manager [-] Deleting neutron.network object s_rally_bd43b986_Uq5ttCQH (6b48e0ed-183a-4e36-8f76-1268ae8cef90)
2019-07-08 21:01:51.690 18997 RALLYDEBUG rally_openstack.cleanup.manager [-] Deleting neutron.network object s_rally_bd43b986_9F2LT7I6 (7d32e50a-d89c-416c-a227-ad986407af20)
2019-07-08 21:01:51.700 18997 RALLYDEBUG rally_openstack.cleanup.manager [-] Deleting neutron.network object s_rally_bd43b986_qKUYZpnF (775bb93c-321d-4699-aa17-128b1e31d2be)
2019-07-08 21:01:51.707 18997 RALLYDEBUG rally_openstack.cleanup.manager [-] Deleting neutron.network object s_rally_bd43b986_ihEQxXuo (8059a71e-7213-4c93-af72-d799ca6e9d6d)
2019-07-08 21:01:54.993 18997 RALLYDEBUG rally_openstack.cleanup.manager [-] Deleting neutron.network object s_rally_bd43b986_xrpTZYk8 (81f17f56-4fa9-4563-8710-e96edba9dee0)
2019-07-08 21:01:55.164 18997 RALLYDEBUG rally_openstack.cleanup.manager [-] Deleting neutron.network object s_rally_bd43b986_rilZf3Hf (82c66d28-03c5-4aaf-a152-534201bc5376)
2019-07-08 21:01:55.407 18997 RALLYDEBUG rally_openstack.cleanup.manager [-] Deleting neutron.network object s_rally_bd43b986_oMTT9EHN (8bcaaa1d-bff6-4adc-9df8-39b877423ae0)
2019-07-08 21:01:55.415 18997 RALLYDEBUG rally_openstack.cleanup.manager [-] Deleting neutron.network object s_rally_bd43b986_53FMd4MP (913351f4-b522-4be7-b3b2-4719a5721707)
2019-07-08 21:01:55.493 18997 RALLYDEBUG rally_openstack.cleanup.manager [-] Deleting neutron.network object s_rally_bd43b986_tiH9VYgT (9a789880-ad3e-427b-be85-0bdd7ad5bbdd)
2019-07-08 21:01:55.796 18997 RALLYDEBUG rally_openstack.cleanup.manager [-] Deleting neutron.network object s_rally_bd43b986_wqlJhCDh (a14e6859-1423-45e6-a4f5-ec96c7bcc567)
2019-07-08 21:01:56.220 18997 RALLYDEBUG rally_openstack.cleanup.manager [-] Deleting neutron.network object s_rally_bd43b986_JHEiVrjt (a6b35fcf-9c5d-4ef5-be20-9a961859949c)
2019-07-08 21:01:56.337 18997 RALLYDEBUG rally_openstack.cleanup.manager [-] Deleting neutron.network object s_rally_bd43b986_D5H0V5u0 (a95d2f15-5f78-4d3e-a3b0-0ee7bc0356f1)
2019-07-08 21:01:56.435 18997 RALLYDEBUG rally_openstack.cleanup.manager [-] Deleting neutron.network object s_rally_bd43b986_btWgEOAr (abab9c93-d6ce-4e96-bf01-2fa6c06c47a1)
2019-07-08 21:01:56.444 18997 RALLYDEBUG rally_openstack.cleanup.manager [-] Deleting neutron.network object s_rally_bd43b986_b4bEmDSy (c2f151fc-5670-4d9f-8642-2c4a6ec1e7cf)
2019-07-08 21:01:56.450 18997 RALLYDEBUG rally_openstack.cleanup.manager [-] Deleting neutron.network object s_rally_bd43b986_XGqKDcb6 (c71c7e05-ff8e-450c-9cae-43e5374e701d)
2019-07-08 21:01:56.589 18997 RALLYDEBUG rally_openstack.cleanup.manager [-] Deleting neutron.network object s_rally_bd43b986_D8qfg6aP (d0f56804-fa91-4d8f-84c1-70016e7dc802)
2019-07-08 21:01:56.607 18997 RALLYDEBUG rally_openstack.cleanup.manager [-] Deleting neutron.network object s_rally_bd43b986_jp2mrF3Y (d443f399-bcc7-4f01-8ae9-cf3c75b701c7)
2019-07-08 21:01:56.611 18997 RALLYDEBUG rally_openstack.cleanup.manager [-] Deleting neutron.network object s_rally_bd43b986_A50XbIrA (d715d722-a91b-4503-8b57-16a0195a3e70)
2019-07-08 21:01:57.417 18997 RALLYDEBUG rally_openstack.cleanup.manager [-] Deleting neutron.network object s_rally_bd43b986_BVWVcGho (da563abd-7376-468a-ba77-be5c69c1f1e4)
2019-07-08 21:01:57.649 18997 RALLYDEBUG rally_openstack.cleanup.manager [-] Deleting neutron.network object s_rally_bd43b986_KtzmSYLx (e47cd867-447c-46ec-aab2-2877857b9db7)
2019-07-08 21:01:57.656 18997 RALLYDEBUG rally_openstack.cleanup.manager [-] Deleting neutron.network object s_rally_bd43b986_zMK4ltXR (ee85552c-fd23-4455-9125-58dc5e4f3f02)
2019-07-08 21:01:57.889 18997 RALLYDEBUG rally_openstack.cleanup.manager [-] Deleting neutron.network object s_rally_bd43b986_wfF4utl2 (f0cb7a0c-28a3-41b8-b26b-f781203b5592)
2019-07-08 21:01:57.890 18997 RALLYDEBUG rally_openstack.cleanup.manager [-] Deleting neutron.network object s_rally_bd43b986_towsW8AK (fc3fcc8c-73b4-41c6-bee2-04d7193f30c1)
2019-07-08 21:01:57.935 18997 RALLYDEBUG rally_openstack.cleanup.manager [-] Deleting neutron.network object s_rally_bd43b986_6YEYqrIW (fca96b20-a42e-4852-b6e1-a180ed4076a2)
2019-07-08 21:02:01.197 18997 RALLYDEBUG rally_openstack.cleanup.manager [-] Cleaning up neutron router objects
2019-07-08 21:02:01.976 18997 RALLYDEBUG rally_openstack.cleanup.manager [-] Cleaning up neutron security_group objects
2019-07-08 21:02:02.696 18997 INFO rally.task.context [-] Task f7d6c8a3-bbb5-4510-92c0-a5a93f145259 | Context cleanup@openstack cleanup() finished in 17.62 sec
2019-07-08 21:02:02.697 18997 INFO rally.task.context [-] Task f7d6c8a3-bbb5-4510-92c0-a5a93f145259 | Context quotas@openstack cleanup() started
2019-07-08 21:02:02.952 18997 INFO rally.task.context [-] Task f7d6c8a3-bbb5-4510-92c0-a5a93f145259 | Context quotas@openstack cleanup() finished in 0.26 sec
2019-07-08 21:02:02.952 18997 INFO rally.task.context [-] Task f7d6c8a3-bbb5-4510-92c0-a5a93f145259 | Context users@openstack cleanup() started
2019-07-08 21:02:08.093 18997 INFO rally.task.context [-] Task f7d6c8a3-bbb5-4510-92c0-a5a93f145259 | Context users@openstack cleanup() finished in 5.14 sec
2019-07-08 21:02:08.944 18997 INFO rally.task.engine [-] Load duration is: 40.877197
2019-07-08 21:02:08.945 18997 INFO rally.task.engine [-] Full runner duration is: 40.929153
2019-07-08 21:02:08.945 18997 INFO rally.task.engine [-] Full duration is: 69.404205
2019-07-08 21:02:09.227 18997 INFO rally.task.engine [-] Running workload: position = 0 config = { "version": 2, "title": "A cropped version of a bigger task.", "description": "Auto-generated task from a single workload (uuid=35ddb17d-e9e8-4411-9e18-78d3af9594c4)", "subtasks": [ { "title": "Quotas.neutron_update", "description": "Update quotas for neutron.", "scenario": { "Quotas.neutron_update": { "max_quota": 1024 } }, "contexts": { "users": { "tenants": 20, "users_per_tenant": 1 } }, "runner": { "constant": { "times": 40, "concurrency": 20 } }, "hooks": [], "sla": { "failure_rate": { "max": 0 } } } ] }
2019-07-08 21:02:09.250 18997 RALLYDEBUG rally_openstack.contexts.keystone.users [-] Creating 20 tenants using 20 threads
2019-07-08 21:02:11.937 18997 RALLYDEBUG rally_openstack.contexts.keystone.users [-] Creating 20 users using 20 threads
2019-07-08 21:02:15.524 18997 INFO rally.task.context [-] Task f7d6c8a3-bbb5-4510-92c0-a5a93f145259 | Context users@openstack setup() finished in 6.27 sec
2019-07-08 21:02:15.525 18997 INFO rally.task.context [-] Task f7d6c8a3-bbb5-4510-92c0-a5a93f145259 | Context admin_cleanup@openstack setup() finished in 0.00 msec
2019-07-08 21:02:15.529 18997 RALLYDEBUG rally.task.runner [-] Starting the constant runner (task UUID: f7d6c8a3-bbb5-4510-92c0-a5a93f145259). timeout: 0 concurrency: 20 concurrency_per_worker: 1 times: 40 concurrency_overhead: 4 processes_to_start: 16 max_cpu_used: 16
2019-07-08 21:02:15.541 23613 RALLYDEBUG rally.task.runner [-] Starting a worker. concurrency: 2 args: {"max_quota": 1024} times: 40 method_name: run timeout: 0 duration: None cls:
2019-07-08 21:02:15.543 23614 RALLYDEBUG rally.task.runner [-] Starting a worker. concurrency: 2 args: {"max_quota": 1024} times: 40 method_name: run timeout: 0 duration: None cls:
2019-07-08 21:02:15.545 23615 RALLYDEBUG rally.task.runner [-] Starting a worker. concurrency: 2 args: {"max_quota": 1024} times: 40 method_name: run timeout: 0 duration: None cls:
2019-07-08 21:02:15.546 23616 RALLYDEBUG rally.task.runner [-] Starting a worker. concurrency: 2 args: {"max_quota": 1024} times: 40 method_name: run timeout: 0 duration: None cls:
2019-07-08 21:02:15.548 23618 RALLYDEBUG rally.task.runner [-] Starting a worker. concurrency: 1 args: {"max_quota": 1024} times: 40 method_name: run timeout: 0 duration: None cls:
2019-07-08 21:02:15.549 23617 RALLYDEBUG rally.task.runner [-] Starting a worker. concurrency: 1 args: {"max_quota": 1024} times: 40 method_name: run timeout: 0 duration: None cls:
2019-07-08 21:02:15.554 23618 INFO rally.task.runner [-] Task f7d6c8a3-bbb5-4510-92c0-a5a93f145259 | ITER: 5 START
2019-07-08 21:02:15.553 23614 INFO rally.task.runner [-] Task f7d6c8a3-bbb5-4510-92c0-a5a93f145259 | ITER: 2 START
2019-07-08 21:02:15.555 23615 INFO rally.task.runner [-] Task f7d6c8a3-bbb5-4510-92c0-a5a93f145259 | ITER: 3 START
2019-07-08 21:02:15.557 23619 RALLYDEBUG rally.task.runner [-] Starting a worker. concurrency: 1 args: {"max_quota": 1024} times: 40 method_name: run timeout: 0 duration: None cls:
2019-07-08 21:02:15.558 23613 INFO rally.task.runner [-] Task f7d6c8a3-bbb5-4510-92c0-a5a93f145259 | ITER: 1 START
2019-07-08 21:02:15.559 23628 RALLYDEBUG rally.task.runner [-] Starting a worker. concurrency: 1 args: {"max_quota": 1024} times: 40 method_name: run timeout: 0 duration: None cls:
2019-07-08 21:02:15.564 23613 INFO rally.task.runner [-] Task f7d6c8a3-bbb5-4510-92c0-a5a93f145259 | ITER: 6 START
2019-07-08 21:02:15.565 23628 INFO rally.task.runner [-] Task f7d6c8a3-bbb5-4510-92c0-a5a93f145259 | ITER: 12 START
2019-07-08 21:02:15.566 23615 INFO rally.task.runner [-] Task f7d6c8a3-bbb5-4510-92c0-a5a93f145259 | ITER: 9 START
2019-07-08 21:02:15.566 23617 INFO rally.task.runner [-] Task f7d6c8a3-bbb5-4510-92c0-a5a93f145259 | ITER: 7 START
2019-07-08 21:02:15.567 23616 INFO rally.task.runner [-] Task f7d6c8a3-bbb5-4510-92c0-a5a93f145259 | ITER: 4 START
2019-07-08 21:02:15.567 23632 RALLYDEBUG rally.task.runner [-] Starting a worker. concurrency: 1 args: {"max_quota": 1024} times: 40 method_name: run timeout: 0 duration: None cls:
2019-07-08 21:02:15.569 23619 INFO rally.task.runner [-] Task f7d6c8a3-bbb5-4510-92c0-a5a93f145259 | ITER: 11 START
2019-07-08 21:02:15.567 23616 INFO rally.task.runner [-] Task f7d6c8a3-bbb5-4510-92c0-a5a93f145259 | ITER: 10 START
2019-07-08 21:02:15.573 23636 RALLYDEBUG rally.task.runner [-] Starting a worker. concurrency: 1 args: {"max_quota": 1024} times: 40 method_name: run timeout: 0 duration: None cls:
2019-07-08 21:02:15.573 23614 INFO rally.task.runner [-] Task f7d6c8a3-bbb5-4510-92c0-a5a93f145259 | ITER: 8 START
2019-07-08 21:02:15.577 23642 RALLYDEBUG rally.task.runner [-] Starting a worker. concurrency: 1 args: {"max_quota": 1024} times: 40 method_name: run timeout: 0 duration: None cls:
2019-07-08 21:02:15.578 23632 INFO rally.task.runner [-] Task f7d6c8a3-bbb5-4510-92c0-a5a93f145259 | ITER: 13 START
2019-07-08 21:02:15.583 23644 RALLYDEBUG rally.task.runner [-] Starting a worker. concurrency: 1 args: {"max_quota": 1024} times: 40 method_name: run timeout: 0 duration: None cls:
2019-07-08 21:02:15.586 23642 INFO rally.task.runner [-] Task f7d6c8a3-bbb5-4510-92c0-a5a93f145259 | ITER: 15 START
2019-07-08 21:02:15.590 23647 RALLYDEBUG rally.task.runner [-] Starting a worker. concurrency: 1 args: {"max_quota": 1024} times: 40 method_name: run timeout: 0 duration: None cls:
2019-07-08 21:02:15.595 23644 INFO rally.task.runner [-] Task f7d6c8a3-bbb5-4510-92c0-a5a93f145259 | ITER: 16 START
2019-07-08 21:02:15.598 23647 INFO rally.task.runner [-] Task f7d6c8a3-bbb5-4510-92c0-a5a93f145259 | ITER: 17 START
2019-07-08 21:02:15.604 23649 RALLYDEBUG rally.task.runner [-] Starting a worker. concurrency: 1 args: {"max_quota": 1024} times: 40 method_name: run timeout: 0 duration: None cls:
2019-07-08 21:02:15.604 23655 RALLYDEBUG rally.task.runner [-] Starting a worker. concurrency: 1 args: {"max_quota": 1024} times: 40 method_name: run timeout: 0 duration: None cls:
2019-07-08 21:02:15.605 23652 RALLYDEBUG rally.task.runner [-] Starting a worker. concurrency: 1 args: {"max_quota": 1024} times: 40 method_name: run timeout: 0 duration: None cls:
2019-07-08 21:02:15.605 23636 INFO rally.task.runner [-] Task f7d6c8a3-bbb5-4510-92c0-a5a93f145259 | ITER: 14 START
2019-07-08 21:02:15.611 23655 INFO rally.task.runner [-] Task f7d6c8a3-bbb5-4510-92c0-a5a93f145259 | ITER: 19 START
2019-07-08 21:02:15.613 23649 INFO rally.task.runner [-] Task f7d6c8a3-bbb5-4510-92c0-a5a93f145259 | ITER: 18 START
2019-07-08 21:02:15.614 23652 INFO rally.task.runner [-] Task f7d6c8a3-bbb5-4510-92c0-a5a93f145259 | ITER: 20 START
2019-07-08 21:02:17.691 23617 INFO rally.task.runner [-] Task f7d6c8a3-bbb5-4510-92c0-a5a93f145259 | ITER: 7 END: OK
2019-07-08 21:02:17.697 23617 INFO rally.task.runner [-] Task f7d6c8a3-bbb5-4510-92c0-a5a93f145259 | ITER: 21 START
2019-07-08 21:02:17.792 23613 INFO rally.task.runner [-] Task f7d6c8a3-bbb5-4510-92c0-a5a93f145259 | ITER: 6 END: OK
2019-07-08 21:02:17.799 23613 INFO rally.task.runner [-] Task f7d6c8a3-bbb5-4510-92c0-a5a93f145259 | ITER: 22 START
2019-07-08 21:02:17.965 23615 INFO rally.task.runner [-] Task f7d6c8a3-bbb5-4510-92c0-a5a93f145259 | ITER: 3 END: OK
2019-07-08 21:02:17.972 23615 INFO rally.task.runner [-] Task f7d6c8a3-bbb5-4510-92c0-a5a93f145259 | ITER: 23 START
2019-07-08 21:02:17.993 23628 INFO rally.task.runner [-] Task f7d6c8a3-bbb5-4510-92c0-a5a93f145259 | ITER: 12 END: OK
2019-07-08 21:02:17.999 23628 INFO rally.task.runner [-] Task f7d6c8a3-bbb5-4510-92c0-a5a93f145259 | ITER: 24 START
2019-07-08 21:02:18.074 23619 INFO rally.task.runner [-] Task f7d6c8a3-bbb5-4510-92c0-a5a93f145259 | ITER: 11 END: OK
2019-07-08 21:02:18.080 23619 INFO rally.task.runner [-] Task f7d6c8a3-bbb5-4510-92c0-a5a93f145259 | ITER: 25 START
2019-07-08 21:02:18.090 23613 INFO rally.task.runner [-] Task f7d6c8a3-bbb5-4510-92c0-a5a93f145259 | ITER: 1 END: OK
2019-07-08 21:02:18.095 23613 INFO rally.task.runner [-] Task f7d6c8a3-bbb5-4510-92c0-a5a93f145259 | ITER: 26 START
2019-07-08 21:02:18.108 23647 INFO rally.task.runner [-] Task f7d6c8a3-bbb5-4510-92c0-a5a93f145259 | ITER: 17 END: OK
2019-07-08 21:02:18.113 23647 INFO rally.task.runner [-] Task f7d6c8a3-bbb5-4510-92c0-a5a93f145259 | ITER: 27 START
2019-07-08 21:02:18.127 23614 INFO rally.task.runner [-] Task f7d6c8a3-bbb5-4510-92c0-a5a93f145259 | ITER: 8 END: OK
2019-07-08 21:02:18.132 23614 INFO rally.task.runner [-] Task f7d6c8a3-bbb5-4510-92c0-a5a93f145259 | ITER: 28 START
2019-07-08 21:02:18.170 23618 INFO rally.task.runner [-] Task f7d6c8a3-bbb5-4510-92c0-a5a93f145259 | ITER: 5 END: OK
2019-07-08 21:02:18.176 23618 INFO rally.task.runner [-] Task f7d6c8a3-bbb5-4510-92c0-a5a93f145259 | ITER: 29 START
2019-07-08 21:02:18.187 23614 INFO rally.task.runner [-] Task f7d6c8a3-bbb5-4510-92c0-a5a93f145259 | ITER: 2 END: OK
2019-07-08 21:02:18.192 23614 INFO rally.task.runner [-] Task f7d6c8a3-bbb5-4510-92c0-a5a93f145259 | ITER: 30 START
2019-07-08 21:02:18.223 23652 INFO rally.task.runner [-] Task f7d6c8a3-bbb5-4510-92c0-a5a93f145259 | ITER: 20 END: OK
2019-07-08 21:02:18.230 23652 INFO rally.task.runner [-] Task f7d6c8a3-bbb5-4510-92c0-a5a93f145259 | ITER: 31 START
2019-07-08 21:02:18.233 23655 INFO rally.task.runner [-] Task f7d6c8a3-bbb5-4510-92c0-a5a93f145259 | ITER: 19 END: OK
2019-07-08 21:02:18.238 23655 INFO rally.task.runner [-] Task f7d6c8a3-bbb5-4510-92c0-a5a93f145259 | ITER: 32 START
2019-07-08 21:02:18.242 23615 INFO rally.task.runner [-] Task f7d6c8a3-bbb5-4510-92c0-a5a93f145259 | ITER: 9 END: OK
2019-07-08 21:02:18.249 23615 INFO rally.task.runner [-] Task f7d6c8a3-bbb5-4510-92c0-a5a93f145259 | ITER: 33 START
2019-07-08 21:02:18.257 23636 INFO rally.task.runner [-] Task f7d6c8a3-bbb5-4510-92c0-a5a93f145259 | ITER: 14 END: OK
2019-07-08 21:02:18.264 23636 INFO rally.task.runner [-] Task f7d6c8a3-bbb5-4510-92c0-a5a93f145259 | ITER: 34 START
2019-07-08 21:02:18.290 23649 INFO rally.task.runner [-] Task f7d6c8a3-bbb5-4510-92c0-a5a93f145259 | ITER: 18 END: OK
2019-07-08 21:02:18.295 23649 INFO rally.task.runner [-] Task f7d6c8a3-bbb5-4510-92c0-a5a93f145259 | ITER: 35 START
2019-07-08 21:02:18.328 23644 INFO rally.task.runner [-] Task f7d6c8a3-bbb5-4510-92c0-a5a93f145259 | ITER: 16 END: OK
2019-07-08 21:02:18.334 23644 INFO rally.task.runner [-] Task f7d6c8a3-bbb5-4510-92c0-a5a93f145259 | ITER: 36 START
2019-07-08 21:02:18.346 23632 INFO rally.task.runner [-] Task f7d6c8a3-bbb5-4510-92c0-a5a93f145259 | ITER: 13 END: OK
2019-07-08 21:02:18.350 23632 INFO rally.task.runner [-] Task f7d6c8a3-bbb5-4510-92c0-a5a93f145259 | ITER: 37 START
2019-07-08 21:02:18.351 23642 INFO rally.task.runner [-] Task f7d6c8a3-bbb5-4510-92c0-a5a93f145259 | ITER: 15 END: OK
2019-07-08 21:02:18.358 23642 INFO rally.task.runner [-] Task f7d6c8a3-bbb5-4510-92c0-a5a93f145259 | ITER: 38 START
2019-07-08 21:02:18.372 23616 INFO rally.task.runner [-] Task f7d6c8a3-bbb5-4510-92c0-a5a93f145259 | ITER: 4 END: OK
2019-07-08 21:02:18.376 23616 INFO rally.task.runner [-] Task f7d6c8a3-bbb5-4510-92c0-a5a93f145259 | ITER: 39 START
2019-07-08 21:02:18.384 23616 INFO rally.task.runner [-] Task f7d6c8a3-bbb5-4510-92c0-a5a93f145259 | ITER: 10 END: OK
2019-07-08 21:02:18.388 23616 INFO rally.task.runner [-] Task f7d6c8a3-bbb5-4510-92c0-a5a93f145259 | ITER: 40 START
2019-07-08 21:02:18.725 23617 INFO rally.task.runner [-] Task f7d6c8a3-bbb5-4510-92c0-a5a93f145259 | ITER: 21 END: OK
2019-07-08 21:02:18.771 23613 INFO rally.task.runner [-] Task f7d6c8a3-bbb5-4510-92c0-a5a93f145259 | ITER: 22 END: OK
2019-07-08 21:02:19.329 23613 INFO rally.task.runner [-] Task f7d6c8a3-bbb5-4510-92c0-a5a93f145259 | ITER: 26 END: OK
2019-07-08 21:02:19.462 23655 INFO rally.task.runner [-] Task f7d6c8a3-bbb5-4510-92c0-a5a93f145259 | ITER: 32 END: OK
2019-07-08 21:02:19.696 23628 INFO rally.task.runner [-] Task f7d6c8a3-bbb5-4510-92c0-a5a93f145259 | ITER: 24 END: OK
2019-07-08 21:02:19.718 23642 INFO rally.task.runner [-] Task f7d6c8a3-bbb5-4510-92c0-a5a93f145259 | ITER: 38 END: OK
2019-07-08 21:02:19.766 23647 INFO rally.task.runner [-] Task f7d6c8a3-bbb5-4510-92c0-a5a93f145259 | ITER: 27 END: OK
2019-07-08 21:02:19.839 23618 INFO rally.task.runner [-] Task f7d6c8a3-bbb5-4510-92c0-a5a93f145259 | ITER: 29 END: OK
2019-07-08 21:02:19.983 23615 INFO rally.task.runner [-] Task f7d6c8a3-bbb5-4510-92c0-a5a93f145259 | ITER: 33 END: OK
2019-07-08 21:02:20.008 23615 INFO rally.task.runner [-] Task f7d6c8a3-bbb5-4510-92c0-a5a93f145259 | ITER: 23 END: OK
2019-07-08 21:02:20.029 23619 INFO rally.task.runner [-] Task f7d6c8a3-bbb5-4510-92c0-a5a93f145259 | ITER: 25 END: OK
2019-07-08 21:02:20.187 23644 INFO rally.task.runner [-] Task f7d6c8a3-bbb5-4510-92c0-a5a93f145259 | ITER: 36 END: OK
2019-07-08 21:02:20.223 23652 INFO rally.task.runner [-] Task f7d6c8a3-bbb5-4510-92c0-a5a93f145259 | ITER: 31 END: OK
2019-07-08 21:02:20.245 23614 INFO rally.task.runner [-] Task f7d6c8a3-bbb5-4510-92c0-a5a93f145259 | ITER: 30 END: OK
2019-07-08 21:02:20.320 23636 INFO rally.task.runner [-] Task f7d6c8a3-bbb5-4510-92c0-a5a93f145259 | ITER: 34 END: OK
2019-07-08 21:02:20.377 23614 INFO rally.task.runner [-] Task f7d6c8a3-bbb5-4510-92c0-a5a93f145259 | ITER: 28 END: OK
2019-07-08 21:02:20.389 23649 INFO rally.task.runner [-] Task f7d6c8a3-bbb5-4510-92c0-a5a93f145259 | ITER: 35 END: OK
2019-07-08 21:02:20.414 23632 INFO rally.task.runner [-] Task f7d6c8a3-bbb5-4510-92c0-a5a93f145259 | ITER: 37 END: OK
2019-07-08 21:02:20.449 23616 INFO rally.task.runner [-] Task f7d6c8a3-bbb5-4510-92c0-a5a93f145259 | ITER: 40 END: OK
2019-07-08 21:02:20.462 23616 INFO rally.task.runner [-] Task f7d6c8a3-bbb5-4510-92c0-a5a93f145259 | ITER: 39 END: OK
2019-07-08 21:02:20.491 18997 INFO rally.task.context [-] Task f7d6c8a3-bbb5-4510-92c0-a5a93f145259 | Context admin_cleanup@openstack cleanup() started
2019-07-08 21:02:20.493 18997 RALLYDEBUG rally_openstack.cleanup.manager [-] Cleaning up neutron quota objects
2019-07-08 21:02:24.838 18997 INFO rally.task.context [-] Task f7d6c8a3-bbb5-4510-92c0-a5a93f145259 | Context admin_cleanup@openstack cleanup() finished in 4.35 sec
2019-07-08 21:02:24.838 18997 INFO rally.task.context [-] Task f7d6c8a3-bbb5-4510-92c0-a5a93f145259 | Context users@openstack cleanup() started
2019-07-08 21:02:57.045 18997 INFO rally.task.context [-] Task f7d6c8a3-bbb5-4510-92c0-a5a93f145259 | Context users@openstack cleanup() finished in 32.21 sec
2019-07-08 21:02:57.490 18997 INFO rally.task.engine [-] Load duration is: 4.906117
2019-07-08 21:02:57.490 18997 INFO rally.task.engine [-] Full runner duration is: 4.962068
2019-07-08 21:02:57.490 18997 INFO rally.task.engine [-] Full duration is: 47.796503
2019-07-08 21:02:57.844 18997 INFO rally.task.engine [-] Running workload: position = 0 config = { "version": 2, "title": "A cropped version of a bigger task.", "description": "Auto-generated task from a single workload (uuid=af2adeca-e65d-4518-af4f-15523921db22)", "subtasks": [ { "title": "NeutronTrunks.create_and_list_trunk_subports", "description": "", "scenario": { "NeutronTrunks.create_and_list_trunk_subports": { "subport_count": 125 } }, "contexts": { "users": { "tenants": 1, "users_per_tenant": 1 }, "quotas": { "neutron": { "network": -1, "port": 1000 } } }, "runner": { "constant": { "times": 4, "concurrency": 4 } }, "hooks": [], "sla": { "failure_rate": { "max": 0 } } } ] }
2019-07-08 21:02:57.867 18997 RALLYDEBUG rally_openstack.contexts.keystone.users [-] Creating 1 tenants using 20 threads
2019-07-08 21:02:59.608 18997 RALLYDEBUG rally_openstack.contexts.keystone.users [-] Creating 1 users using 20 threads
2019-07-08 21:03:02.237 18997 INFO rally.task.context [-] Task f7d6c8a3-bbb5-4510-92c0-a5a93f145259 | Context users@openstack setup() finished in 4.37 sec
2019-07-08 21:03:03.043 18997 INFO rally.task.context [-] Task f7d6c8a3-bbb5-4510-92c0-a5a93f145259 | Context quotas@openstack setup() finished in 0.81 sec
2019-07-08 21:03:03.043 18997 INFO rally.task.context [-] Task f7d6c8a3-bbb5-4510-92c0-a5a93f145259 | Context cleanup@openstack setup() finished in 0.00 msec
2019-07-08 21:03:03.050 18997 RALLYDEBUG rally.task.runner [-] Starting the constant runner (task UUID: f7d6c8a3-bbb5-4510-92c0-a5a93f145259). timeout: 0 concurrency: 4 concurrency_per_worker: 1 times: 4 concurrency_overhead: 0 processes_to_start: 4 max_cpu_used: 16
2019-07-08 21:03:03.061 23803 RALLYDEBUG rally.task.runner [-] Starting a worker. concurrency: 1 args: {"subport_count": 125} times: 4 method_name: run timeout: 0 duration: None cls:
2019-07-08 21:03:03.065 23803 INFO rally.task.runner [-] Task f7d6c8a3-bbb5-4510-92c0-a5a93f145259 | ITER: 1 START
2019-07-08 21:03:03.066 23804 RALLYDEBUG rally.task.runner [-] Starting a worker. concurrency: 1 args: {"subport_count": 125} times: 4 method_name: run timeout: 0 duration: None cls:
2019-07-08 21:03:03.068 23805 RALLYDEBUG rally.task.runner [-] Starting a worker. concurrency: 1 args: {"subport_count": 125} times: 4 method_name: run timeout: 0 duration: None cls:
2019-07-08 21:03:03.070 23806 RALLYDEBUG rally.task.runner [-] Starting a worker. concurrency: 1 args: {"subport_count": 125} times: 4 method_name: run timeout: 0 duration: None cls:
2019-07-08 21:03:03.072 23804 INFO rally.task.runner [-] Task f7d6c8a3-bbb5-4510-92c0-a5a93f145259 | ITER: 2 START
2019-07-08 21:03:03.074 23805 INFO rally.task.runner [-] Task f7d6c8a3-bbb5-4510-92c0-a5a93f145259 | ITER: 3 START
2019-07-08 21:03:03.075 23806 INFO rally.task.runner [-] Task f7d6c8a3-bbb5-4510-92c0-a5a93f145259 | ITER: 4 START
2019-07-08 21:07:46.892 23804 DEBUG neutronclient.v2_0.client [-] Error message:

504 Gateway Time-out

The server didn't respond in time. _handle_fault_response /usr/lib/python2.7/site-packages/neutronclient/v2_0/client.py:259
2019-07-08 21:07:46.899 23804 ERROR rally.task.runner [-] Iteration 2 raised Exception: NeutronClientException:

504 Gateway Time-out

The server didn't respond in time.
2019-07-08 21:07:46.899 23804 ERROR rally.task.runner
Traceback (most recent call last):
2019-07-08 21:07:46.899 23804 ERROR rally.task.runner
File "/usr/lib/python2.7/site-packages/rally/task/runner.py", line 71, in _run_scenario_once
2019-07-08 21:07:46.899 23804 ERROR rally.task.runner getattr(scenario_inst, method_name)(**scenario_kwargs)
2019-07-08 21:07:46.899 23804 ERROR rally.task.runner
File "/root/.rally/plugins/trunk_scenario.py", line 41, in run
2019-07-08 21:07:46.899 23804 ERROR rally.task.runner trunk = self._create_trunk(trunk_payload)
2019-07-08 21:07:46.899 23804 ERROR rally.task.runner
File "/usr/lib/python2.7/site-packages/rally/task/atomic.py", line 91, in func_atomic_actions
2019-07-08 21:07:46.899 23804 ERROR rally.task.runner f = func(self, *args, **kwargs)
2019-07-08 21:07:46.899 23804 ERROR rally.task.runner
File "/root/.rally/plugins/trunk_scenario.py", line 53, in _create_trunk
2019-07-08 21:07:46.899 23804 ERROR rally.task.runner return self.clients("neutron").create_trunk({'trunk': trunk_payload})
2019-07-08 21:07:46.899 23804 ERROR rally.task.runner
File "/usr/lib/python2.7/site-packages/neutronclient/v2_0/client.py", line 2091, in create_trunk
2019-07-08 21:07:46.899 23804 ERROR rally.task.runner return self.post(self.trunks_path, body=body)
2019-07-08 21:07:46.899 23804 ERROR rally.task.runner
File "/usr/lib/python2.7/site-packages/neutronclient/v2_0/client.py", line 359, in post
2019-07-08 21:07:46.899 23804 ERROR rally.task.runner headers=headers, params=params)
2019-07-08 21:07:46.899 23804 ERROR rally.task.runner
File "/usr/lib/python2.7/site-packages/neutronclient/v2_0/client.py", line 294, in do_request
2019-07-08 21:07:46.899 23804 ERROR rally.task.runner self._handle_fault_response(status_code, replybody, resp)
2019-07-08 21:07:46.899 23804 ERROR rally.task.runner
File "/usr/lib/python2.7/site-packages/neutronclient/v2_0/client.py", line 269, in _handle_fault_response
2019-07-08 21:07:46.899 23804 ERROR rally.task.runner exception_handler_v20(status_code, error_body)
2019-07-08 21:07:46.899 23804 ERROR rally.task.runner
File "/usr/lib/python2.7/site-packages/neutronclient/v2_0/client.py", line 93, in exception_handler_v20
2019-07-08 21:07:46.899 23804 ERROR rally.task.runner request_ids=request_ids)
2019-07-08 21:07:46.899 23804 ERROR rally.task.runner NeutronClientException:

504 Gateway Time-out

2019-07-08 21:07:46.899 23804 ERROR rally.task.runner The server didn't respond in time.
2019-07-08 21:07:46.899 23804 ERROR rally.task.runner
2019-07-08 21:07:46.899 23804 ERROR rally.task.runner
2019-07-08 21:07:46.899 23804 ERROR rally.task.runner
2019-07-08 21:07:46.900 23804 INFO rally.task.runner [-] Task f7d6c8a3-bbb5-4510-92c0-a5a93f145259 | ITER: 2 END: Error NeutronClientException:

504 Gateway Time-out

The server didn't respond in time.
2019-07-08 21:07:48.369 23803 DEBUG neutronclient.v2_0.client [-] Error message:

504 Gateway Time-out

The server didn't respond in time. _handle_fault_response /usr/lib/python2.7/site-packages/neutronclient/v2_0/client.py:259
2019-07-08 21:07:48.377 23803 ERROR rally.task.runner [-] Iteration 1 raised Exception: NeutronClientException:

504 Gateway Time-out

The server didn't respond in time.
2019-07-08 21:07:48.377 23803 ERROR rally.task.runner
Traceback (most recent call last):
2019-07-08 21:07:48.377 23803 ERROR rally.task.runner
File "/usr/lib/python2.7/site-packages/rally/task/runner.py", line 71, in _run_scenario_once
2019-07-08 21:07:48.377 23803 ERROR rally.task.runner getattr(scenario_inst, method_name)(**scenario_kwargs)
2019-07-08 21:07:48.377 23803 ERROR rally.task.runner
File "/root/.rally/plugins/trunk_scenario.py", line 41, in run
2019-07-08 21:07:48.377 23803 ERROR rally.task.runner trunk = self._create_trunk(trunk_payload)
2019-07-08 21:07:48.377 23803 ERROR rally.task.runner
File "/usr/lib/python2.7/site-packages/rally/task/atomic.py", line 91, in func_atomic_actions
2019-07-08 21:07:48.377 23803 ERROR rally.task.runner f = func(self, *args, **kwargs)
2019-07-08 21:07:48.377 23803 ERROR rally.task.runner
File "/root/.rally/plugins/trunk_scenario.py", line 53, in _create_trunk
2019-07-08 21:07:48.377 23803 ERROR rally.task.runner return self.clients("neutron").create_trunk({'trunk': trunk_payload})
2019-07-08 21:07:48.377 23803 ERROR rally.task.runner
File "/usr/lib/python2.7/site-packages/neutronclient/v2_0/client.py", line 2091, in create_trunk
2019-07-08 21:07:48.377 23803 ERROR rally.task.runner return self.post(self.trunks_path, body=body)
2019-07-08 21:07:48.377 23803 ERROR rally.task.runner
File "/usr/lib/python2.7/site-packages/neutronclient/v2_0/client.py", line 359, in post
2019-07-08 21:07:48.377 23803 ERROR rally.task.runner headers=headers, params=params)
2019-07-08 21:07:48.377 23803 ERROR rally.task.runner
File "/usr/lib/python2.7/site-packages/neutronclient/v2_0/client.py", line 294, in do_request
2019-07-08 21:07:48.377 23803 ERROR rally.task.runner self._handle_fault_response(status_code, replybody, resp)
2019-07-08 21:07:48.377 23803 ERROR rally.task.runner
File "/usr/lib/python2.7/site-packages/neutronclient/v2_0/client.py", line 269, in _handle_fault_response
2019-07-08 21:07:48.377 23803 ERROR rally.task.runner exception_handler_v20(status_code, error_body)
2019-07-08 21:07:48.377 23803 ERROR rally.task.runner
File "/usr/lib/python2.7/site-packages/neutronclient/v2_0/client.py", line 93, in exception_handler_v20
2019-07-08 21:07:48.377 23803 ERROR rally.task.runner request_ids=request_ids)
2019-07-08 21:07:48.377 23803 ERROR rally.task.runner NeutronClientException:

504 Gateway Time-out

2019-07-08 21:07:48.377 23803 ERROR rally.task.runner The server didn't respond in time.
2019-07-08 21:07:48.377 23803 ERROR rally.task.runner
2019-07-08 21:07:48.377 23803 ERROR rally.task.runner
2019-07-08 21:07:48.377 23803 ERROR rally.task.runner
2019-07-08 21:07:48.378 23803 INFO rally.task.runner [-] Task f7d6c8a3-bbb5-4510-92c0-a5a93f145259 | ITER: 1 END: Error NeutronClientException:

504 Gateway Time-out

The server didn't respond in time.
2019-07-08 21:07:51.351 23805 DEBUG neutronclient.v2_0.client [-] Error message:

504 Gateway Time-out

The server didn't respond in time. _handle_fault_response /usr/lib/python2.7/site-packages/neutronclient/v2_0/client.py:259
2019-07-08 21:07:51.358 23805 ERROR rally.task.runner [-] Iteration 3 raised Exception: NeutronClientException:

504 Gateway Time-out

The server didn't respond in time.
2019-07-08 21:07:51.358 23805 ERROR rally.task.runner
Traceback (most recent call last):
2019-07-08 21:07:51.358 23805 ERROR rally.task.runner
File "/usr/lib/python2.7/site-packages/rally/task/runner.py", line 71, in _run_scenario_once
2019-07-08 21:07:51.358 23805 ERROR rally.task.runner getattr(scenario_inst, method_name)(**scenario_kwargs)
2019-07-08 21:07:51.358 23805 ERROR rally.task.runner
File "/root/.rally/plugins/trunk_scenario.py", line 41, in run
2019-07-08 21:07:51.358 23805 ERROR rally.task.runner trunk = self._create_trunk(trunk_payload)
2019-07-08 21:07:51.358 23805 ERROR rally.task.runner
File "/usr/lib/python2.7/site-packages/rally/task/atomic.py", line 91, in func_atomic_actions
2019-07-08 21:07:51.358 23805 ERROR rally.task.runner f = func(self, *args, **kwargs)
2019-07-08 21:07:51.358 23805 ERROR rally.task.runner
File "/root/.rally/plugins/trunk_scenario.py", line 53, in _create_trunk
2019-07-08 21:07:51.358 23805 ERROR rally.task.runner return self.clients("neutron").create_trunk({'trunk': trunk_payload})
2019-07-08 21:07:51.358 23805 ERROR rally.task.runner
File "/usr/lib/python2.7/site-packages/neutronclient/v2_0/client.py", line 2091, in create_trunk
2019-07-08 21:07:51.358 23805 ERROR rally.task.runner return self.post(self.trunks_path, body=body)
2019-07-08 21:07:51.358 23805 ERROR rally.task.runner
File "/usr/lib/python2.7/site-packages/neutronclient/v2_0/client.py", line 359, in post
2019-07-08 21:07:51.358 23805 ERROR rally.task.runner headers=headers, params=params)
2019-07-08 21:07:51.358 23805 ERROR rally.task.runner
File "/usr/lib/python2.7/site-packages/neutronclient/v2_0/client.py", line 294, in do_request
2019-07-08 21:07:51.358 23805 ERROR rally.task.runner self._handle_fault_response(status_code, replybody, resp)
2019-07-08 21:07:51.358 23805 ERROR rally.task.runner
File "/usr/lib/python2.7/site-packages/neutronclient/v2_0/client.py", line 269, in _handle_fault_response
2019-07-08 21:07:51.358 23805 ERROR rally.task.runner exception_handler_v20(status_code, error_body)
2019-07-08 21:07:51.358 23805 ERROR rally.task.runner
File "/usr/lib/python2.7/site-packages/neutronclient/v2_0/client.py", line 93, in exception_handler_v20
2019-07-08 21:07:51.358 23805 ERROR rally.task.runner request_ids=request_ids)
2019-07-08 21:07:51.358 23805 ERROR rally.task.runner NeutronClientException:

504 Gateway Time-out

2019-07-08 21:07:51.358 23805 ERROR rally.task.runner The server didn't respond in time.
2019-07-08 21:07:51.358 23805 ERROR rally.task.runner
2019-07-08 21:07:51.358 23805 ERROR rally.task.runner
2019-07-08 21:07:51.358 23805 ERROR rally.task.runner
2019-07-08 21:07:51.360 23805 INFO rally.task.runner [-] Task f7d6c8a3-bbb5-4510-92c0-a5a93f145259 | ITER: 3 END: Error NeutronClientException:

504 Gateway Time-out

The server didn't respond in time.
2019-07-08 21:07:51.807 23806 DEBUG neutronclient.v2_0.client [-] Error message:

504 Gateway Time-out

The server didn't respond in time. _handle_fault_response /usr/lib/python2.7/site-packages/neutronclient/v2_0/client.py:259
2019-07-08 21:07:51.814 23806 ERROR rally.task.runner [-] Iteration 4 raised Exception: NeutronClientException:

504 Gateway Time-out

The server didn't respond in time.
2019-07-08 21:07:51.814 23806 ERROR rally.task.runner
Traceback (most recent call last):
2019-07-08 21:07:51.814 23806 ERROR rally.task.runner
File "/usr/lib/python2.7/site-packages/rally/task/runner.py", line 71, in _run_scenario_once
2019-07-08 21:07:51.814 23806 ERROR rally.task.runner getattr(scenario_inst, method_name)(**scenario_kwargs)
2019-07-08 21:07:51.814 23806 ERROR rally.task.runner
File "/root/.rally/plugins/trunk_scenario.py", line 41, in run
2019-07-08 21:07:51.814 23806 ERROR rally.task.runner trunk = self._create_trunk(trunk_payload)
2019-07-08 21:07:51.814 23806 ERROR rally.task.runner
File "/usr/lib/python2.7/site-packages/rally/task/atomic.py", line 91, in func_atomic_actions
2019-07-08 21:07:51.814 23806 ERROR rally.task.runner f = func(self, *args, **kwargs)
2019-07-08 21:07:51.814 23806 ERROR rally.task.runner
File "/root/.rally/plugins/trunk_scenario.py", line 53, in _create_trunk
2019-07-08 21:07:51.814 23806 ERROR rally.task.runner return self.clients("neutron").create_trunk({'trunk': trunk_payload})
2019-07-08 21:07:51.814 23806 ERROR rally.task.runner
File "/usr/lib/python2.7/site-packages/neutronclient/v2_0/client.py", line 2091, in create_trunk
2019-07-08 21:07:51.814 23806 ERROR rally.task.runner return self.post(self.trunks_path, body=body)
2019-07-08 21:07:51.814 23806 ERROR rally.task.runner
File "/usr/lib/python2.7/site-packages/neutronclient/v2_0/client.py", line 359, in post
2019-07-08 21:07:51.814 23806 ERROR rally.task.runner headers=headers, params=params)
2019-07-08 21:07:51.814 23806 ERROR rally.task.runner
File "/usr/lib/python2.7/site-packages/neutronclient/v2_0/client.py", line 294, in do_request
2019-07-08 21:07:51.814 23806 ERROR rally.task.runner self._handle_fault_response(status_code, replybody, resp)
2019-07-08 21:07:51.814 23806 ERROR rally.task.runner
File "/usr/lib/python2.7/site-packages/neutronclient/v2_0/client.py", line 269, in _handle_fault_response
2019-07-08 21:07:51.814 23806 ERROR rally.task.runner exception_handler_v20(status_code, error_body)
2019-07-08 21:07:51.814 23806 ERROR rally.task.runner
File "/usr/lib/python2.7/site-packages/neutronclient/v2_0/client.py", line 93, in exception_handler_v20
2019-07-08 21:07:51.814 23806 ERROR rally.task.runner request_ids=request_ids)
2019-07-08 21:07:51.814 23806 ERROR rally.task.runner NeutronClientException:

504 Gateway Time-out

2019-07-08 21:07:51.814 23806 ERROR rally.task.runner The server didn't respond in time.
2019-07-08 21:07:51.814 23806 ERROR rally.task.runner
2019-07-08 21:07:51.814 23806 ERROR rally.task.runner
2019-07-08 21:07:51.814 23806 ERROR rally.task.runner
2019-07-08 21:07:51.816 23806 INFO rally.task.runner [-] Task f7d6c8a3-bbb5-4510-92c0-a5a93f145259 | ITER: 4 END: Error NeutronClientException:

504 Gateway Time-out

The server didn't respond in time.
2019-07-08 21:07:51.844 18997 INFO rally.task.context [-] Task f7d6c8a3-bbb5-4510-92c0-a5a93f145259 | Context cleanup@openstack cleanup() started
2019-07-08 21:07:51.849 18997 RALLYDEBUG rally_openstack.cleanup.manager [-] Cleaning up neutron vip objects
2019-07-08 21:07:52.603 18997 RALLYDEBUG rally_openstack.cleanup.manager [-] Cleaning up neutron health_monitor objects
2019-07-08 21:07:53.371 18997 RALLYDEBUG rally_openstack.cleanup.manager [-] Cleaning up neutron pool objects
2019-07-08 21:07:54.170 18997 RALLYDEBUG rally_openstack.cleanup.manager [-] Cleaning up neutron loadbalancer objects
2019-07-08 21:07:54.914 18997 RALLYDEBUG rally_openstack.cleanup.manager [-] Cleaning up neutron floatingip objects
2019-07-08 21:07:55.773 18997 RALLYDEBUG rally_openstack.cleanup.manager [-] Cleaning up neutron port objects
2019-07-08 21:07:58.744 18997 RALLYDEBUG rally_openstack.cleanup.manager [-] Deleting neutron.port object s_rally_af2adeca_qQ6otbYY (059f3b95-830a-452c-bbbf-427e2af62cd8)
2019-07-08 21:07:58.749 18997 RALLYDEBUG rally_openstack.cleanup.manager [-] Deleting neutron.port object s_rally_af2adeca_vPcnU1lo (00d0bcf5-2559-4ca9-be25-3d01c04ea34b)
2019-07-08 21:07:58.751 18997 RALLYDEBUG rally_openstack.cleanup.manager [-] Deleting neutron.port object s_rally_af2adeca_brLNl0JH (056ee31d-f994-4052-97a2-ebcfd2e027d6)
2019-07-08 21:07:58.752 18997 RALLYDEBUG rally_openstack.cleanup.manager [-] Deleting neutron.port object s_rally_af2adeca_cvpg9NTG (0422b54b-35be-4e3d-8840-d4c1cefd2417)
2019-07-08 21:07:58.752 18997 RALLYDEBUG rally_openstack.cleanup.manager [-] Deleting neutron.port object s_rally_af2adeca_JKJnMTLJ (047f1a6e-7989-4599-aad3-40c6f71a5336)
2019-07-08 21:07:58.758 18997 RALLYDEBUG rally_openstack.cleanup.manager [-] Deleting neutron.port object s_rally_af2adeca_2HBmDSlT (06cc70fa-b8ca-47f6-8f51-5f9c21bf3688)
2019-07-08 21:07:58.768 18997 RALLYDEBUG rally_openstack.cleanup.manager [-] Deleting neutron.port object s_rally_af2adeca_pBh5B5uC (0712a0a5-8732-430c-835f-aedb4c01ff14)
2019-07-08 21:07:58.769 18997 RALLYDEBUG rally_openstack.cleanup.manager [-] Deleting neutron.port object s_rally_af2adeca_ZpUvmeUT (07ded940-060c-4b7b-aa5d-706658340e6f)
2019-07-08 21:07:58.771 18997 RALLYDEBUG rally_openstack.cleanup.manager [-] Deleting neutron.port object s_rally_af2adeca_SlRV8Q5d (0040556a-bfb3-4c7e-9685-e90cc1a86037)
2019-07-08 21:07:58.776 18997 RALLYDEBUG rally_openstack.cleanup.manager [-] Deleting neutron.port object s_rally_af2adeca_ayqIFnHZ (04b888ac-ea83-4ad8-93e4-29edaf51fe15)
2019-07-08 21:07:58.781 18997 RALLYDEBUG rally_openstack.cleanup.manager [-] Deleting neutron.port object s_rally_af2adeca_CLZzDxon (07f66eb7-e63d-48f6-855f-077e1fe627bc)
2019-07-08 21:07:58.782 18997 RALLYDEBUG rally_openstack.cleanup.manager [-] Deleting neutron.port object s_rally_af2adeca_LoSMDuoZ (092834b5-501a-47de-8094-47923c96eff2)
2019-07-08 21:07:58.787 18997 RALLYDEBUG rally_openstack.cleanup.manager [-] Deleting neutron.port object s_rally_af2adeca_FU7solbX (040792cb-d41f-4d2a-bf21-a78146b2feaa)
2019-07-08 21:07:58.809 18997 RALLYDEBUG rally_openstack.cleanup.manager [-] Deleting neutron.port object s_rally_af2adeca_GXvjcjIs (09887c45-9834-4277-81b2-ae59b09000cb)
2019-07-08 21:07:58.826 18997 RALLYDEBUG rally_openstack.cleanup.manager [-] Deleting neutron.port object s_rally_af2adeca_jHsAmqUz (0a26195d-c572-4dcd-b596-73582428a263)
2019-07-08 21:07:58.838 18997 RALLYDEBUG rally_openstack.cleanup.manager [-] Deleting neutron.port object s_rally_af2adeca_SwnB2X8S (0a519159-63b9-4e35-8f5d-6800bdad198c)
2019-07-08 21:07:58.843 18997 RALLYDEBUG rally_openstack.cleanup.manager [-] Deleting neutron.port object s_rally_af2adeca_NwcKGlSe (0aa2da07-9376-42c4-8ebd-cdaef37bcea3)
2019-07-08 21:07:58.859 18997 RALLYDEBUG rally_openstack.cleanup.manager [-] Deleting neutron.port object s_rally_af2adeca_AA2x9X18 (0b43f645-752e-42e3-abfd-ef59a2312f86)
2019-07-08 21:07:58.863 18997 RALLYDEBUG rally_openstack.cleanup.manager [-] Deleting neutron.port object s_rally_af2adeca_vo6pxZzn (0b73f29e-d1ce-43db-9175-25621671353c)
2019-07-08 21:07:58.886 18997 RALLYDEBUG rally_openstack.cleanup.manager [-] Deleting neutron.port object s_rally_af2adeca_AjVu6TTV (0ce44178-3f76-4bc6-bbfa-6d663ff7c548)
2019-07-08 21:07:59.878 18997 DEBUG neutronclient.v2_0.client [-] Error message: {"NeutronError": {"message": "Port 047f1a6e-7989-4599-aad3-40c6f71a5336 is currently a subport for trunk ccc2419f-bf10-4c51-aa97-ae19e9ff5612.", "type": "PortInUseAsSubPort", "detail": ""}} _handle_fault_response /usr/lib/python2.7/site-packages/neutronclient/v2_0/client.py:259
2019-07-08 21:07:59.903 18997 DEBUG neutronclient.v2_0.client [-] Error message: {"NeutronError": {"message": "Port 07f66eb7-e63d-48f6-855f-077e1fe627bc is currently a subport for trunk 33fcf1c3-7e4c-4cba-8470-bc77aaac8d1f.", "type": "PortInUseAsSubPort", "detail": ""}} _handle_fault_response /usr/lib/python2.7/site-packages/neutronclient/v2_0/client.py:259
2019-07-08 21:07:59.971 18997 DEBUG neutronclient.v2_0.client [-] Error message: {"NeutronError": {"message": "Port 092834b5-501a-47de-8094-47923c96eff2 is currently a subport for trunk e034bd13-984b-4337-9a74-4bf018eaae60.", "type": "PortInUseAsSubPort", "detail": ""}} _handle_fault_response /usr/lib/python2.7/site-packages/neutronclient/v2_0/client.py:259
2019-07-08 21:07:59.978 18997 DEBUG neutronclient.v2_0.client [-] Error message: {"NeutronError": {"message": "Port 040792cb-d41f-4d2a-bf21-a78146b2feaa is currently a subport for trunk 33fcf1c3-7e4c-4cba-8470-bc77aaac8d1f.", "type": "PortInUseAsSubPort", "detail": ""}} _handle_fault_response /usr/lib/python2.7/site-packages/neutronclient/v2_0/client.py:259
2019-07-08 21:07:59.989 18997 DEBUG neutronclient.v2_0.client [-] Error message: {"NeutronError": {"message": "Port 0712a0a5-8732-430c-835f-aedb4c01ff14 is currently a subport for trunk ccc2419f-bf10-4c51-aa97-ae19e9ff5612.", "type": "PortInUseAsSubPort", "detail": ""}} _handle_fault_response /usr/lib/python2.7/site-packages/neutronclient/v2_0/client.py:259
2019-07-08 21:08:00.037 18997 DEBUG neutronclient.v2_0.client [-] Error message: {"NeutronError": {"message": "Port 04b888ac-ea83-4ad8-93e4-29edaf51fe15 is currently a subport for trunk ccc2419f-bf10-4c51-aa97-ae19e9ff5612.", "type": "PortInUseAsSubPort", "detail": ""}} _handle_fault_response /usr/lib/python2.7/site-packages/neutronclient/v2_0/client.py:259
2019-07-08 21:08:00.066 18997 DEBUG neutronclient.v2_0.client [-] Error message: {"NeutronError": {"message": "Port 056ee31d-f994-4052-97a2-ebcfd2e027d6 is currently a subport for trunk 33fcf1c3-7e4c-4cba-8470-bc77aaac8d1f.", "type": "PortInUseAsSubPort", "detail": ""}} _handle_fault_response /usr/lib/python2.7/site-packages/neutronclient/v2_0/client.py:259
2019-07-08 21:08:00.071 18997 DEBUG neutronclient.v2_0.client [-] Error message: {"NeutronError": {"message": "Port 059f3b95-830a-452c-bbbf-427e2af62cd8 is currently a subport for trunk e90a7f42-2ed6-42af-b8f7-2a079ce2776d.", "type": "PortInUseAsSubPort", "detail": ""}} _handle_fault_response /usr/lib/python2.7/site-packages/neutronclient/v2_0/client.py:259
