2019-07-08 20:49:01.558 21091 WARNING rally_openstack.scenarios.neutron.utils [-] Running this scenario without either the 'network' or 'existing_network' context is deprecated
2019-07-08 20:49:01.568 21101 WARNING rally_openstack.scenarios.neutron.utils [-] Running this scenario without either the 'network' or 'existing_network' context is deprecated
2019-07-08 20:49:01.568 21108 RALLYDEBUG rally.task.runner [-] Starting a worker. concurrency: 1 args: {"network_create_args": {}, "subnet_create_args": {}, "subnet_cidr_start": "1.1.0.0/30", "subnets_per_network": 2} times: 40 method_name: run timeout: 0 duration: None cls:
2019-07-08 20:49:01.568 21096 WARNING rally_openstack.scenarios.neutron.utils [-] Running this scenario without either the 'network' or 'existing_network' context is deprecated
2019-07-08 20:49:01.570 21092 INFO rally.task.runner [-] Task f7d6c8a3-bbb5-4510-92c0-a5a93f145259 | ITER: 4 START
2019-07-08 20:49:01.571 21092 WARNING rally_openstack.scenarios.neutron.utils [-] Running this scenario without either the 'network' or 'existing_network' context is deprecated
2019-07-08 20:49:01.565 21094 INFO rally.task.runner [-] Task f7d6c8a3-bbb5-4510-92c0-a5a93f145259 | ITER: 8 START
2019-07-08 20:49:01.572 21103 INFO rally.task.runner [-] Task f7d6c8a3-bbb5-4510-92c0-a5a93f145259 | ITER: 11 START
2019-07-08 20:49:01.573 21094 WARNING rally_openstack.scenarios.neutron.utils [-] Running this scenario without either the 'network' or 'existing_network' context is deprecated
2019-07-08 20:49:01.573 21103 WARNING rally_openstack.scenarios.neutron.utils [-] Running this scenario without either the 'network' or 'existing_network' context is deprecated
2019-07-08 20:49:01.573 21113 RALLYDEBUG rally.task.runner [-] Starting a worker. concurrency: 1 args: {"network_create_args": {}, "subnet_create_args": {}, "subnet_cidr_start": "1.1.0.0/30", "subnets_per_network": 2} times: 40 method_name: run timeout: 0 duration: None cls:
2019-07-08 20:49:01.578 21093 INFO rally.task.runner [-] Task f7d6c8a3-bbb5-4510-92c0-a5a93f145259 | ITER: 7 START
2019-07-08 20:49:01.578 21113 INFO rally.task.runner [-] Task f7d6c8a3-bbb5-4510-92c0-a5a93f145259 | ITER: 13 START
2019-07-08 20:49:01.579 21093 WARNING rally_openstack.scenarios.neutron.utils [-] Running this scenario without either the 'network' or 'existing_network' context is deprecated
2019-07-08 20:49:01.579 21108 INFO rally.task.runner [-] Task f7d6c8a3-bbb5-4510-92c0-a5a93f145259 | ITER: 12 START
2019-07-08 20:49:01.580 21113 WARNING rally_openstack.scenarios.neutron.utils [-] Running this scenario without either the 'network' or 'existing_network' context is deprecated
2019-07-08 20:49:01.579 21114 RALLYDEBUG rally.task.runner [-] Starting a worker. concurrency: 1 args: {"network_create_args": {}, "subnet_create_args": {}, "subnet_cidr_start": "1.1.0.0/30", "subnets_per_network": 2} times: 40 method_name: run timeout: 0 duration: None cls:
2019-07-08 20:49:01.581 21108 WARNING rally_openstack.scenarios.neutron.utils [-] Running this scenario without either the 'network' or 'existing_network' context is deprecated
2019-07-08 20:49:01.582 21118 RALLYDEBUG rally.task.runner [-] Starting a worker. concurrency: 1 args: {"network_create_args": {}, "subnet_create_args": {}, "subnet_cidr_start": "1.1.0.0/30", "subnets_per_network": 2} times: 40 method_name: run timeout: 0 duration: None cls:
2019-07-08 20:49:01.585 21122 RALLYDEBUG rally.task.runner [-] Starting a worker. concurrency: 1 args: {"network_create_args": {}, "subnet_create_args": {}, "subnet_cidr_start": "1.1.0.0/30", "subnets_per_network": 2} times: 40 method_name: run timeout: 0 duration: None cls:
2019-07-08 20:49:01.586 21114 INFO rally.task.runner [-] Task f7d6c8a3-bbb5-4510-92c0-a5a93f145259 | ITER: 14 START
2019-07-08 20:49:01.588 21114 WARNING rally_openstack.scenarios.neutron.utils [-] Running this scenario without either the 'network' or 'existing_network' context is deprecated
2019-07-08 20:49:01.590 21118 INFO rally.task.runner [-] Task f7d6c8a3-bbb5-4510-92c0-a5a93f145259 | ITER: 15 START
2019-07-08 20:49:01.590 21122 INFO rally.task.runner [-] Task f7d6c8a3-bbb5-4510-92c0-a5a93f145259 | ITER: 16 START
2019-07-08 20:49:01.591 21122 WARNING rally_openstack.scenarios.neutron.utils [-] Running this scenario without either the 'network' or 'existing_network' context is deprecated
2019-07-08 20:49:01.591 21118 WARNING rally_openstack.scenarios.neutron.utils [-] Running this scenario without either the 'network' or 'existing_network' context is deprecated
2019-07-08 20:49:01.604 21127 RALLYDEBUG rally.task.runner [-] Starting a worker. concurrency: 1 args: {"network_create_args": {}, "subnet_create_args": {}, "subnet_cidr_start": "1.1.0.0/30", "subnets_per_network": 2} times: 40 method_name: run timeout: 0 duration: None cls:
2019-07-08 20:49:01.605 21132 RALLYDEBUG rally.task.runner [-] Starting a worker. concurrency: 1 args: {"network_create_args": {}, "subnet_create_args": {}, "subnet_cidr_start": "1.1.0.0/30", "subnets_per_network": 2} times: 40 method_name: run timeout: 0 duration: None cls:
2019-07-08 20:49:01.609 21132 INFO rally.task.runner [-] Task f7d6c8a3-bbb5-4510-92c0-a5a93f145259 | ITER: 18 START
2019-07-08 20:49:01.610 21127 INFO rally.task.runner [-] Task f7d6c8a3-bbb5-4510-92c0-a5a93f145259 | ITER: 17 START
2019-07-08 20:49:01.610 21132 WARNING rally_openstack.scenarios.neutron.utils [-] Running this scenario without either the 'network' or 'existing_network' context is deprecated
2019-07-08 20:49:01.611 21127 WARNING rally_openstack.scenarios.neutron.utils [-] Running this scenario without either the 'network' or 'existing_network' context is deprecated
2019-07-08 20:49:01.611 21133 RALLYDEBUG rally.task.runner [-] Starting a worker. concurrency: 1 args: {"network_create_args": {}, "subnet_create_args": {}, "subnet_cidr_start": "1.1.0.0/30", "subnets_per_network": 2} times: 40 method_name: run timeout: 0 duration: None cls:
2019-07-08 20:49:01.615 21133 INFO rally.task.runner [-] Task f7d6c8a3-bbb5-4510-92c0-a5a93f145259 | ITER: 19 START
2019-07-08 20:49:01.615 21138 RALLYDEBUG rally.task.runner [-] Starting a worker. concurrency: 1 args: {"network_create_args": {}, "subnet_create_args": {}, "subnet_cidr_start": "1.1.0.0/30", "subnets_per_network": 2} times: 40 method_name: run timeout: 0 duration: None cls:
2019-07-08 20:49:01.617 21133 WARNING rally_openstack.scenarios.neutron.utils [-] Running this scenario without either the 'network' or 'existing_network' context is deprecated
2019-07-08 20:49:01.621 21138 INFO rally.task.runner [-] Task f7d6c8a3-bbb5-4510-92c0-a5a93f145259 | ITER: 20 START
2019-07-08 20:49:01.622 21138 WARNING rally_openstack.scenarios.neutron.utils [-] Running this scenario without either the 'network' or 'existing_network' context is deprecated
2019-07-08 20:49:04.535 21092 RALLYDEBUG rally_openstack.wrappers.network [-] CIDR generated: 1.1.4.96/30
2019-07-08 20:49:04.560 21101 RALLYDEBUG rally_openstack.wrappers.network [-] CIDR generated: 1.1.4.100/30
2019-07-08 20:49:04.702 21108 RALLYDEBUG rally_openstack.wrappers.network [-] CIDR generated: 1.1.4.104/30
2019-07-08 20:49:04.708 21127 RALLYDEBUG rally_openstack.wrappers.network [-] CIDR generated: 1.1.4.108/30
2019-07-08 20:49:04.733 21113 RALLYDEBUG rally_openstack.wrappers.network [-] CIDR generated: 1.1.4.112/30
2019-07-08 20:49:04.786 21091 RALLYDEBUG rally_openstack.wrappers.network [-] CIDR generated: 1.1.4.116/30
2019-07-08 20:49:04.846 21094 RALLYDEBUG rally_openstack.wrappers.network [-] CIDR generated: 1.1.4.120/30
2019-07-08 20:49:04.917 21096 RALLYDEBUG rally_openstack.wrappers.network [-] CIDR generated: 1.1.4.124/30
2019-07-08 20:49:04.930 21093 RALLYDEBUG rally_openstack.wrappers.network [-] CIDR generated: 1.1.4.128/30
2019-07-08 20:49:05.055 21103 RALLYDEBUG rally_openstack.wrappers.network [-] CIDR generated: 1.1.4.132/30
2019-07-08 20:49:05.104 21114 RALLYDEBUG rally_openstack.wrappers.network [-] CIDR generated: 1.1.4.136/30
2019-07-08 20:49:05.253 21122 RALLYDEBUG rally_openstack.wrappers.network [-] CIDR generated: 1.1.4.140/30
2019-07-08 20:49:05.265 21133 RALLYDEBUG rally_openstack.wrappers.network [-] CIDR generated: 1.1.4.144/30
2019-07-08 20:49:05.300 21093 RALLYDEBUG rally_openstack.wrappers.network [-] CIDR generated: 1.1.4.148/30
2019-07-08 20:49:05.324 21091 RALLYDEBUG rally_openstack.wrappers.network [-] CIDR generated: 1.1.4.152/30
2019-07-08 20:49:05.384 21094 RALLYDEBUG rally_openstack.wrappers.network [-] CIDR generated: 1.1.4.156/30
2019-07-08 20:49:05.409 21132 RALLYDEBUG rally_openstack.wrappers.network [-] CIDR generated: 1.1.4.160/30
2019-07-08 20:49:05.457 21118 RALLYDEBUG rally_openstack.wrappers.network [-] CIDR generated: 1.1.4.164/30
2019-07-08 20:49:05.785 21092 RALLYDEBUG rally_openstack.wrappers.network [-] CIDR generated: 1.1.4.168/30
2019-07-08 20:49:05.791 21138 RALLYDEBUG rally_openstack.wrappers.network [-] CIDR generated: 1.1.4.172/30
2019-07-08 20:49:06.782 21127 RALLYDEBUG rally_openstack.wrappers.network [-] CIDR generated: 1.1.4.176/30
2019-07-08 20:49:06.905 21092 RALLYDEBUG rally_openstack.wrappers.network [-] CIDR generated: 1.1.4.180/30
2019-07-08 20:49:07.000 21094 RALLYDEBUG rally_openstack.wrappers.network [-] CIDR generated: 1.1.4.184/30
2019-07-08 20:49:07.259 21091 RALLYDEBUG rally_openstack.wrappers.network [-] CIDR generated: 1.1.4.188/30
2019-07-08 20:49:07.319 21108 RALLYDEBUG rally_openstack.wrappers.network [-] CIDR generated: 1.1.4.192/30
2019-07-08 20:49:07.397 21114 RALLYDEBUG rally_openstack.wrappers.network [-] CIDR generated: 1.1.4.196/30
2019-07-08 20:49:07.510 21118 RALLYDEBUG rally_openstack.wrappers.network [-] CIDR generated: 1.1.4.200/30
2019-07-08 20:49:07.641 21122 RALLYDEBUG rally_openstack.wrappers.network [-] CIDR generated: 1.1.4.204/30
2019-07-08 20:49:07.713 21093 RALLYDEBUG rally_openstack.wrappers.network [-] CIDR generated: 1.1.4.208/30
2019-07-08 20:49:07.780 21132 RALLYDEBUG rally_openstack.wrappers.network [-] CIDR generated: 1.1.4.212/30
2019-07-08 20:49:07.869 21092 RALLYDEBUG rally_openstack.wrappers.network [-] CIDR generated: 1.1.4.216/30
2019-07-08 20:49:08.187 21138 RALLYDEBUG rally_openstack.wrappers.network [-] CIDR generated: 1.1.4.220/30
2019-07-08 20:49:08.932 21093 RALLYDEBUG rally_openstack.wrappers.network [-] CIDR generated: 1.1.4.224/30
2019-07-08 20:49:09.007 21091 RALLYDEBUG rally_openstack.wrappers.network [-] CIDR generated: 1.1.4.228/30
2019-07-08 20:49:09.547 21101 RALLYDEBUG rally_openstack.wrappers.network [-] CIDR generated: 1.1.4.232/30
2019-07-08 20:49:09.585 21113 RALLYDEBUG rally_openstack.wrappers.network [-] CIDR generated: 1.1.4.236/30
2019-07-08 20:49:09.920 21096 RALLYDEBUG rally_openstack.wrappers.network [-] CIDR generated: 1.1.4.240/30
2019-07-08 20:49:10.152 21133 RALLYDEBUG rally_openstack.wrappers.network [-] CIDR generated: 1.1.4.244/30
2019-07-08 20:49:10.181 21103 RALLYDEBUG rally_openstack.wrappers.network [-] CIDR generated: 1.1.4.248/30
2019-07-08 20:49:10.707 21094 RALLYDEBUG rally_openstack.wrappers.network [-] CIDR generated: 1.1.4.252/30
2019-07-08 20:49:13.031 21092 INFO rally.task.runner [-] Task f7d6c8a3-bbb5-4510-92c0-a5a93f145259 | ITER: 3 END: OK
2019-07-08 20:49:13.035 21092 INFO rally.task.runner [-] Task f7d6c8a3-bbb5-4510-92c0-a5a93f145259 | ITER: 21 START
2019-07-08 20:49:13.036 21092 WARNING rally_openstack.scenarios.neutron.utils [-] Running this scenario without either the 'network' or 'existing_network' context is deprecated
2019-07-08 20:49:13.397 21093 INFO rally.task.runner [-] Task f7d6c8a3-bbb5-4510-92c0-a5a93f145259 | ITER: 5 END: OK
2019-07-08 20:49:13.402 21093 INFO rally.task.runner [-] Task f7d6c8a3-bbb5-4510-92c0-a5a93f145259 | ITER: 22 START
2019-07-08 20:49:13.402 21093 WARNING rally_openstack.scenarios.neutron.utils [-] Running this scenario without either the 'network' or 'existing_network' context is deprecated
2019-07-08 20:49:13.540 21127 INFO rally.task.runner [-] Task f7d6c8a3-bbb5-4510-92c0-a5a93f145259 | ITER: 17 END: OK
2019-07-08 20:49:13.544 21127 INFO rally.task.runner [-] Task f7d6c8a3-bbb5-4510-92c0-a5a93f145259 | ITER: 23 START
2019-07-08 20:49:13.545 21127 WARNING rally_openstack.scenarios.neutron.utils [-] Running this scenario without either the 'network' or 'existing_network' context is deprecated
2019-07-08 20:49:13.710 21094 INFO rally.task.runner [-] Task f7d6c8a3-bbb5-4510-92c0-a5a93f145259 | ITER: 8 END: OK
2019-07-08 20:49:13.714 21094 INFO rally.task.runner [-] Task f7d6c8a3-bbb5-4510-92c0-a5a93f145259 | ITER: 24 START
2019-07-08 20:49:13.715 21094 WARNING rally_openstack.scenarios.neutron.utils [-] Running this scenario without either the 'network' or 'existing_network' context is deprecated
2019-07-08 20:49:13.919 21108 INFO rally.task.runner [-] Task f7d6c8a3-bbb5-4510-92c0-a5a93f145259 | ITER: 12 END: OK
2019-07-08 20:49:13.924 21108 INFO rally.task.runner [-] Task f7d6c8a3-bbb5-4510-92c0-a5a93f145259 | ITER: 25 START
2019-07-08 20:49:13.924 21108 WARNING rally_openstack.scenarios.neutron.utils [-] Running this scenario without either the 'network' or 'existing_network' context is deprecated
2019-07-08 20:49:13.975 21118 INFO rally.task.runner [-] Task f7d6c8a3-bbb5-4510-92c0-a5a93f145259 | ITER: 15 END: OK
2019-07-08 20:49:13.980 21118 INFO rally.task.runner [-] Task f7d6c8a3-bbb5-4510-92c0-a5a93f145259 | ITER: 26 START
2019-07-08 20:49:13.980 21118 WARNING rally_openstack.scenarios.neutron.utils [-] Running this scenario without either the 'network' or 'existing_network' context is deprecated
2019-07-08 20:49:14.218 21092 INFO rally.task.runner [-] Task f7d6c8a3-bbb5-4510-92c0-a5a93f145259 | ITER: 4 END: OK
2019-07-08 20:49:14.222 21092 INFO rally.task.runner [-] Task f7d6c8a3-bbb5-4510-92c0-a5a93f145259 | ITER: 27 START
2019-07-08 20:49:14.222 21092 WARNING rally_openstack.scenarios.neutron.utils [-] Running this scenario without either the 'network' or 'existing_network' context is deprecated
2019-07-08 20:49:14.313 21138 INFO rally.task.runner [-] Task f7d6c8a3-bbb5-4510-92c0-a5a93f145259 | ITER: 20 END: OK
2019-07-08 20:49:14.317 21138 INFO rally.task.runner [-] Task f7d6c8a3-bbb5-4510-92c0-a5a93f145259 | ITER: 28 START
2019-07-08 20:49:14.318 21138 WARNING rally_openstack.scenarios.neutron.utils [-] Running this scenario without either the 'network' or 'existing_network' context is deprecated
2019-07-08 20:49:14.667 21122 INFO rally.task.runner [-] Task f7d6c8a3-bbb5-4510-92c0-a5a93f145259 | ITER: 16 END: OK
2019-07-08 20:49:14.671 21122 INFO rally.task.runner [-] Task f7d6c8a3-bbb5-4510-92c0-a5a93f145259 | ITER: 29 START
2019-07-08 20:49:14.672 21122 WARNING rally_openstack.scenarios.neutron.utils [-] Running this scenario without either the 'network' or 'existing_network' context is deprecated
2019-07-08 20:49:14.881 21091 INFO rally.task.runner [-] Task f7d6c8a3-bbb5-4510-92c0-a5a93f145259 | ITER: 2 END: OK
2019-07-08 20:49:14.885 21091 INFO rally.task.runner [-] Task f7d6c8a3-bbb5-4510-92c0-a5a93f145259 | ITER: 30 START
2019-07-08 20:49:14.886 21091 WARNING rally_openstack.scenarios.neutron.utils [-] Running this scenario without either the 'network' or 'existing_network' context is deprecated
2019-07-08 20:49:15.234 21091 INFO rally.task.runner [-] Task f7d6c8a3-bbb5-4510-92c0-a5a93f145259 | ITER: 1 END: OK
2019-07-08 20:49:15.238 21091 INFO rally.task.runner [-] Task f7d6c8a3-bbb5-4510-92c0-a5a93f145259 | ITER: 31 START
2019-07-08 20:49:15.239 21091 WARNING rally_openstack.scenarios.neutron.utils [-] Running this scenario without either the 'network' or 'existing_network' context is deprecated
2019-07-08 20:49:15.262 21114 INFO rally.task.runner [-] Task f7d6c8a3-bbb5-4510-92c0-a5a93f145259 | ITER: 14 END: OK
2019-07-08 20:49:15.267 21114 INFO rally.task.runner [-] Task f7d6c8a3-bbb5-4510-92c0-a5a93f145259 | ITER: 32 START
2019-07-08 20:49:15.268 21114 WARNING rally_openstack.scenarios.neutron.utils [-] Running this scenario without either the 'network' or 'existing_network' context is deprecated
2019-07-08 20:49:15.452 21093 RALLYDEBUG rally_openstack.wrappers.network [-] CIDR generated: 1.1.5.0/30
2019-07-08 20:49:15.532 21132 INFO rally.task.runner [-] Task f7d6c8a3-bbb5-4510-92c0-a5a93f145259 | ITER: 18 END: OK
2019-07-08 20:49:15.537 21132 INFO rally.task.runner [-] Task f7d6c8a3-bbb5-4510-92c0-a5a93f145259 | ITER: 33 START
2019-07-08 20:49:15.537 21132 WARNING rally_openstack.scenarios.neutron.utils [-] Running this scenario without either the 'network' or 'existing_network' context is deprecated
2019-07-08 20:49:15.684 21092 RALLYDEBUG rally_openstack.wrappers.network [-] CIDR generated: 1.1.5.4/30
2019-07-08 20:49:15.756 21094 RALLYDEBUG rally_openstack.wrappers.network [-] CIDR generated: 1.1.5.8/30
2019-07-08 20:49:15.917 21127 RALLYDEBUG rally_openstack.wrappers.network [-] CIDR generated: 1.1.5.12/30
2019-07-08 20:49:16.201 21118 RALLYDEBUG rally_openstack.wrappers.network [-] CIDR generated: 1.1.5.16/30
2019-07-08 20:49:16.360 21092 RALLYDEBUG rally_openstack.wrappers.network [-] CIDR generated: 1.1.5.20/30
2019-07-08 20:49:16.469 21108 RALLYDEBUG rally_openstack.wrappers.network [-] CIDR generated: 1.1.5.24/30
2019-07-08 20:49:16.549 21113 INFO rally.task.runner [-] Task f7d6c8a3-bbb5-4510-92c0-a5a93f145259 | ITER: 13 END: OK
2019-07-08 20:49:16.553 21113 INFO rally.task.runner [-] Task f7d6c8a3-bbb5-4510-92c0-a5a93f145259 | ITER: 34 START
2019-07-08 20:49:16.554 21113 WARNING rally_openstack.scenarios.neutron.utils [-] Running this scenario without either the 'network' or 'existing_network' context is deprecated
2019-07-08 20:49:16.672 21138 RALLYDEBUG rally_openstack.wrappers.network [-] CIDR generated: 1.1.5.28/30
2019-07-08 20:49:16.806 21096 INFO rally.task.runner [-] Task f7d6c8a3-bbb5-4510-92c0-a5a93f145259 | ITER: 9 END: OK
2019-07-08 20:49:16.811 21096 INFO rally.task.runner [-] Task f7d6c8a3-bbb5-4510-92c0-a5a93f145259 | ITER: 35 START
2019-07-08 20:49:16.811 21096 WARNING rally_openstack.scenarios.neutron.utils [-] Running this scenario without either the 'network' or 'existing_network' context is deprecated
2019-07-08 20:49:16.905 21122 RALLYDEBUG rally_openstack.wrappers.network [-] CIDR generated: 1.1.5.32/30
2019-07-08 20:49:17.385 21091 RALLYDEBUG rally_openstack.wrappers.network [-] CIDR generated: 1.1.5.36/30
2019-07-08 20:49:17.409 21093 INFO rally.task.runner [-] Task f7d6c8a3-bbb5-4510-92c0-a5a93f145259 | ITER: 7 END: OK
2019-07-08 20:49:17.414 21093 INFO rally.task.runner [-] Task f7d6c8a3-bbb5-4510-92c0-a5a93f145259 | ITER: 36 START
2019-07-08 20:49:17.414 21093 WARNING rally_openstack.scenarios.neutron.utils [-] Running this scenario without either the 'network' or 'existing_network' context is deprecated
2019-07-08 20:49:17.515 21093 RALLYDEBUG rally_openstack.wrappers.network [-] CIDR generated: 1.1.5.40/30
2019-07-08 20:49:17.539 21091 RALLYDEBUG rally_openstack.wrappers.network [-] CIDR generated: 1.1.5.44/30
2019-07-08 20:49:17.592 21103 INFO rally.task.runner [-] Task f7d6c8a3-bbb5-4510-92c0-a5a93f145259 | ITER: 11 END: OK
2019-07-08 20:49:17.597 21103 INFO rally.task.runner [-] Task f7d6c8a3-bbb5-4510-92c0-a5a93f145259 | ITER: 37 START
2019-07-08 20:49:17.597 21103 WARNING rally_openstack.scenarios.neutron.utils [-] Running this scenario without either the 'network' or 'existing_network' context is deprecated
2019-07-08 20:49:17.635 21101 INFO rally.task.runner [-] Task f7d6c8a3-bbb5-4510-92c0-a5a93f145259 | ITER: 10 END: OK
2019-07-08 20:49:17.639 21101 INFO rally.task.runner [-] Task f7d6c8a3-bbb5-4510-92c0-a5a93f145259 | ITER: 38 START
2019-07-08 20:49:17.640 21101 WARNING rally_openstack.scenarios.neutron.utils [-] Running this scenario without either the 'network' or 'existing_network' context is deprecated
2019-07-08 20:49:17.733 21132 RALLYDEBUG rally_openstack.wrappers.network [-] CIDR generated: 1.1.5.48/30
2019-07-08 20:49:17.756 21114 RALLYDEBUG rally_openstack.wrappers.network [-] CIDR generated: 1.1.5.52/30
2019-07-08 20:49:17.957 21094 INFO rally.task.runner [-] Task f7d6c8a3-bbb5-4510-92c0-a5a93f145259 | ITER: 6 END: OK
2019-07-08 20:49:17.960 21094 INFO rally.task.runner [-] Task f7d6c8a3-bbb5-4510-92c0-a5a93f145259 | ITER: 39 START
2019-07-08 20:49:17.961 21094 WARNING rally_openstack.scenarios.neutron.utils [-] Running this scenario without either the 'network' or 'existing_network' context is deprecated
2019-07-08 20:49:18.146 21092 RALLYDEBUG rally_openstack.wrappers.network [-] CIDR generated: 1.1.5.56/30
2019-07-08 20:49:18.172 21118 RALLYDEBUG rally_openstack.wrappers.network [-] CIDR generated: 1.1.5.60/30
2019-07-08 20:49:18.398 21094 RALLYDEBUG rally_openstack.wrappers.network [-] CIDR generated: 1.1.5.64/30
2019-07-08 20:49:18.776 21113 RALLYDEBUG rally_openstack.wrappers.network [-] CIDR generated: 1.1.5.68/30
2019-07-08 20:49:18.917 21096 RALLYDEBUG rally_openstack.wrappers.network [-] CIDR generated: 1.1.5.72/30
2019-07-08 20:49:18.959 21138 RALLYDEBUG rally_openstack.wrappers.network [-] CIDR generated: 1.1.5.76/30
2019-07-08 20:49:19.205 21133 INFO rally.task.runner [-] Task f7d6c8a3-bbb5-4510-92c0-a5a93f145259 | ITER: 19 END: OK
2019-07-08 20:49:19.210 21133 INFO rally.task.runner [-] Task f7d6c8a3-bbb5-4510-92c0-a5a93f145259 | ITER: 40 START
2019-07-08 20:49:19.211 21133 WARNING rally_openstack.scenarios.neutron.utils [-] Running this scenario without either the 'network' or 'existing_network' context is deprecated
2019-07-08 20:49:19.229 21092 RALLYDEBUG rally_openstack.wrappers.network [-] CIDR generated: 1.1.5.80/30
2019-07-08 20:49:19.365 21127 RALLYDEBUG rally_openstack.wrappers.network [-] CIDR generated: 1.1.5.84/30
2019-07-08 20:49:19.473 21108 RALLYDEBUG rally_openstack.wrappers.network [-] CIDR generated: 1.1.5.88/30
2019-07-08 20:49:19.587 21122 RALLYDEBUG rally_openstack.wrappers.network [-] CIDR generated: 1.1.5.92/30
2019-07-08 20:49:19.721 21091 RALLYDEBUG rally_openstack.wrappers.network [-] CIDR generated: 1.1.5.96/30
2019-07-08 20:49:19.989 21103 RALLYDEBUG rally_openstack.wrappers.network [-] CIDR generated: 1.1.5.100/30
2019-07-08 20:49:20.204 21101 RALLYDEBUG rally_openstack.wrappers.network [-] CIDR generated: 1.1.5.104/30
2019-07-08 20:49:20.359 21093 RALLYDEBUG rally_openstack.wrappers.network [-] CIDR generated: 1.1.5.108/30
2019-07-08 20:49:20.483 21114 RALLYDEBUG rally_openstack.wrappers.network [-] CIDR generated: 1.1.5.112/30
2019-07-08 20:49:20.696 21132 RALLYDEBUG rally_openstack.wrappers.network [-] CIDR generated: 1.1.5.116/30
2019-07-08 20:49:20.893 21094 RALLYDEBUG rally_openstack.wrappers.network [-] CIDR generated: 1.1.5.120/30
2019-07-08 20:49:21.066 21096 RALLYDEBUG rally_openstack.wrappers.network [-] CIDR generated: 1.1.5.124/30
2019-07-08 20:49:21.090 21091 RALLYDEBUG rally_openstack.wrappers.network [-] CIDR generated: 1.1.5.128/30
2019-07-08 20:49:21.174 21133 RALLYDEBUG rally_openstack.wrappers.network [-] CIDR generated: 1.1.5.132/30
2019-07-08 20:49:21.454 21113 RALLYDEBUG rally_openstack.wrappers.network [-] CIDR generated: 1.1.5.136/30
2019-07-08 20:49:22.252 21101 RALLYDEBUG rally_openstack.wrappers.network [-] CIDR generated: 1.1.5.140/30
2019-07-08 20:49:22.961 21103 RALLYDEBUG rally_openstack.wrappers.network [-] CIDR generated: 1.1.5.144/30
2019-07-08 20:49:23.390 21093 RALLYDEBUG rally_openstack.wrappers.network [-] CIDR generated: 1.1.5.148/30
2019-07-08 20:49:23.803 21133 RALLYDEBUG rally_openstack.wrappers.network [-] CIDR generated: 1.1.5.152/30
2019-07-08 20:49:23.911 21094 RALLYDEBUG rally_openstack.wrappers.network [-] CIDR generated: 1.1.5.156/30
2019-07-08 20:49:25.346 21093 INFO rally.task.runner [-] Task f7d6c8a3-bbb5-4510-92c0-a5a93f145259 | ITER: 22 END: OK
2019-07-08 20:49:25.818 21092 INFO rally.task.runner [-] Task f7d6c8a3-bbb5-4510-92c0-a5a93f145259 | ITER: 21 END: OK
2019-07-08 20:49:25.922 21118 INFO rally.task.runner [-] Task f7d6c8a3-bbb5-4510-92c0-a5a93f145259 | ITER: 26 END: OK
2019-07-08 20:49:26.106 21122 INFO rally.task.runner [-] Task f7d6c8a3-bbb5-4510-92c0-a5a93f145259 | ITER: 29 END: OK
2019-07-08 20:49:26.119 21092 INFO rally.task.runner [-] Task f7d6c8a3-bbb5-4510-92c0-a5a93f145259 | ITER: 27 END: OK
2019-07-08 20:49:26.571 21108 INFO rally.task.runner [-] Task f7d6c8a3-bbb5-4510-92c0-a5a93f145259 | ITER: 25 END: OK
2019-07-08 20:49:26.750 21127 INFO rally.task.runner [-] Task f7d6c8a3-bbb5-4510-92c0-a5a93f145259 | ITER: 23 END: OK
2019-07-08 20:49:26.945 21114 INFO rally.task.runner [-] Task f7d6c8a3-bbb5-4510-92c0-a5a93f145259 | ITER: 32 END: OK
2019-07-08 20:49:27.655 21094 INFO rally.task.runner [-] Task f7d6c8a3-bbb5-4510-92c0-a5a93f145259 | ITER: 24 END: OK
2019-07-08 20:49:27.824 21091 INFO rally.task.runner [-] Task f7d6c8a3-bbb5-4510-92c0-a5a93f145259 | ITER: 30 END: OK
2019-07-08 20:49:27.957 21113 INFO rally.task.runner [-] Task f7d6c8a3-bbb5-4510-92c0-a5a93f145259 | ITER: 34 END: OK
2019-07-08 20:49:28.006 21091 INFO rally.task.runner [-] Task f7d6c8a3-bbb5-4510-92c0-a5a93f145259 | ITER: 31 END: OK
2019-07-08 20:49:28.071 21138 INFO rally.task.runner [-] Task f7d6c8a3-bbb5-4510-92c0-a5a93f145259 | ITER: 28 END: OK
2019-07-08 20:49:28.209 21132 INFO rally.task.runner [-] Task f7d6c8a3-bbb5-4510-92c0-a5a93f145259 | ITER: 33 END: OK
2019-07-08 20:49:28.659 21096 INFO rally.task.runner [-] Task f7d6c8a3-bbb5-4510-92c0-a5a93f145259 | ITER: 35 END: OK
2019-07-08 20:49:29.186 21101 INFO rally.task.runner [-] Task f7d6c8a3-bbb5-4510-92c0-a5a93f145259 | ITER: 38 END: OK
2019-07-08 20:49:29.327 21093 INFO rally.task.runner [-] Task f7d6c8a3-bbb5-4510-92c0-a5a93f145259 | ITER: 36 END: OK
2019-07-08 20:49:30.012 21133 INFO rally.task.runner [-] Task f7d6c8a3-bbb5-4510-92c0-a5a93f145259 | ITER: 40 END: OK
2019-07-08 20:49:30.559 21103 INFO rally.task.runner [-] Task f7d6c8a3-bbb5-4510-92c0-a5a93f145259 | ITER: 37 END: OK
2019-07-08 20:49:30.562 21094 INFO rally.task.runner [-] Task f7d6c8a3-bbb5-4510-92c0-a5a93f145259 | ITER: 39 END: OK
2019-07-08 20:49:30.585 18997 INFO rally.task.context [-] Task f7d6c8a3-bbb5-4510-92c0-a5a93f145259 | Context cleanup@openstack cleanup() started
2019-07-08 20:49:30.588 18997 RALLYDEBUG rally_openstack.cleanup.manager [-] Cleaning up neutron vip objects
2019-07-08 20:49:31.267 18997 RALLYDEBUG rally_openstack.cleanup.manager [-] Cleaning up neutron health_monitor objects
2019-07-08 20:49:31.918 18997 RALLYDEBUG rally_openstack.cleanup.manager [-] Cleaning up neutron pool objects
2019-07-08 20:49:32.641 18997 RALLYDEBUG rally_openstack.cleanup.manager [-] Cleaning up neutron loadbalancer objects
2019-07-08 20:49:33.488 18997 RALLYDEBUG rally_openstack.cleanup.manager [-] Cleaning up neutron floatingip objects
2019-07-08 20:49:34.322 18997 RALLYDEBUG rally_openstack.cleanup.manager [-] Cleaning up neutron port objects
2019-07-08 20:49:35.397 18997 RALLYDEBUG rally_openstack.cleanup.manager [-] Cleaning up neutron subnet objects
2019-07-08 20:49:36.185 18997 RALLYDEBUG rally_openstack.cleanup.manager [-] Cleaning up neutron network objects
2019-07-08 20:49:37.103 18997 RALLYDEBUG rally_openstack.cleanup.manager [-] Deleting neutron.network object s_rally_685385bc_7kZWC1Ia (03819df8-e8ba-4c8d-b196-47addc58a303)
2019-07-08 20:49:37.109 18997 RALLYDEBUG rally_openstack.cleanup.manager [-] Deleting neutron.network object s_rally_685385bc_yZ8YqdUf (06f60742-1b87-4dc3-ac7a-ea3e66f1dd78)
2019-07-08 20:49:37.116 18997 RALLYDEBUG rally_openstack.cleanup.manager [-] Deleting neutron.network object s_rally_685385bc_1V4OtZHN (09e05e0b-8de6-4949-9ee7-dda00eddf16d)
2019-07-08 20:49:37.127 18997 RALLYDEBUG rally_openstack.cleanup.manager [-] Deleting neutron.network object s_rally_685385bc_khgrRBuy (18600824-5a4c-42c4-ae51-929afef67e1a)
2019-07-08 20:49:37.128 18997 RALLYDEBUG rally_openstack.cleanup.manager [-] Deleting neutron.network object s_rally_685385bc_EkGW6DB1 (14cabf0d-5b4e-4461-8833-b422b0e70423)
2019-07-08 20:49:37.136 18997 RALLYDEBUG rally_openstack.cleanup.manager [-] Deleting neutron.network object s_rally_685385bc_ky3yUhac (18cb7143-0bf2-4773-a64b-b11973e9f6c7)
2019-07-08 20:49:37.143 18997 RALLYDEBUG rally_openstack.cleanup.manager [-] Deleting neutron.network object s_rally_685385bc_Kva7i4mM (1d4d7b77-802d-4f7e-8181-94446b00e4ca)
2019-07-08 20:49:37.151 18997 RALLYDEBUG rally_openstack.cleanup.manager [-] Deleting neutron.network object s_rally_685385bc_3qNFVvkn (20b5391a-7a7f-4a51-bcb9-e942a63cd8ef)
2019-07-08 20:49:37.175 18997 RALLYDEBUG rally_openstack.cleanup.manager [-] Deleting neutron.network object s_rally_685385bc_Kn5Vm3w5 (40ce848e-be45-4733-8640-1df0bf749d21)
2019-07-08 20:49:37.175 18997 RALLYDEBUG rally_openstack.cleanup.manager [-] Deleting neutron.network object s_rally_685385bc_hPMPKy6F (41c109de-3bae-4600-8364-f0e2f80b6d9f)
2019-07-08 20:49:37.184 18997 RALLYDEBUG rally_openstack.cleanup.manager [-] Deleting neutron.network object s_rally_685385bc_wdWS7xBS (4583ded7-b4c4-4ad6-ba7a-3ac5f993813a)
2019-07-08 20:49:37.189 18997 RALLYDEBUG rally_openstack.cleanup.manager [-] Deleting neutron.network object s_rally_685385bc_wfRP9IeI (4dd12def-3a54-44a1-80e9-48de34533893)
2019-07-08 20:49:37.208 18997 RALLYDEBUG rally_openstack.cleanup.manager [-] Deleting neutron.network object s_rally_685385bc_Mu5IN7vP (4f2bcf35-1e1b-47cc-b22a-a34366a60626)
2019-07-08 20:49:37.212 18997 RALLYDEBUG rally_openstack.cleanup.manager [-] Deleting neutron.network object s_rally_685385bc_rGUGAN6W (56acaf62-143b-4e17-928b-a4c12f92fb83)
2019-07-08 20:49:37.213 18997 RALLYDEBUG rally_openstack.cleanup.manager [-] Deleting neutron.network object s_rally_685385bc_WdpxRo4W (79666570-9fbb-43db-8afe-cd0f723213c4)
2019-07-08 20:49:37.227 18997 RALLYDEBUG rally_openstack.cleanup.manager [-] Deleting neutron.network object s_rally_685385bc_uc8RHka6 (832023bf-551c-4d97-ad9d-700df0c8fa78)
2019-07-08 20:49:37.255 18997 RALLYDEBUG rally_openstack.cleanup.manager [-] Deleting neutron.network object s_rally_685385bc_iETIOO8Q (8c6fb9db-abad-4db6-bae5-7ce418e76215)
2019-07-08 20:49:37.264 18997 RALLYDEBUG rally_openstack.cleanup.manager [-] Deleting neutron.network object s_rally_685385bc_JeLbPA6Y (8f4e7665-cd2b-4c78-bd7d-3babd35a3136)
2019-07-08 20:49:37.286 18997 RALLYDEBUG rally_openstack.cleanup.manager [-] Deleting neutron.network object s_rally_685385bc_0t07CVFa (9013c21c-19c0-4075-bf83-e5a28098f111)
2019-07-08 20:49:37.290 18997 RALLYDEBUG rally_openstack.cleanup.manager [-] Deleting neutron.network object s_rally_685385bc_5OnSl0xK (9419c18a-bda8-4910-ae3a-3ca9d8c42c46)
2019-07-08 20:49:40.668 18997 RALLYDEBUG rally_openstack.cleanup.manager [-] Deleting neutron.network object s_rally_685385bc_eCSD3uRr (9872eb00-c048-4b8a-a02a-64f02b482128)
2019-07-08 20:49:40.730 18997 RALLYDEBUG rally_openstack.cleanup.manager [-] Deleting neutron.network object s_rally_685385bc_gUoAf7N2 (9f030771-7e99-4d9c-97c5-2126367ed935)
2019-07-08 20:49:40.809 18997 RALLYDEBUG rally_openstack.cleanup.manager [-] Deleting neutron.network object s_rally_685385bc_ueBAqdd2 (a1caedf6-bb98-4b8c-a3b6-438d4acc42b5)
2019-07-08 20:49:40.873 18997 RALLYDEBUG rally_openstack.cleanup.manager [-] Deleting neutron.network object s_rally_685385bc_bpefOM9h (b5f6b9cf-d0af-4737-83bd-9491e2b5954e)
2019-07-08 20:49:40.886 18997 RALLYDEBUG rally_openstack.cleanup.manager [-] Deleting neutron.network object s_rally_685385bc_hrtY9PNB (b6055c38-8be1-42bb-b24f-debb3d77da31)
2019-07-08 20:49:40.915 18997 RALLYDEBUG rally_openstack.cleanup.manager [-] Deleting neutron.network object s_rally_685385bc_gUaTKubG (b9660da5-0255-4acc-bed5-b166b9d66d0c)
2019-07-08 20:49:41.173 18997 RALLYDEBUG rally_openstack.cleanup.manager [-] Deleting neutron.network object s_rally_685385bc_m4GTD1NX (ba278895-2eb0-4f56-8838-8fe71098a0e9)
2019-07-08 20:49:42.119 18997 RALLYDEBUG rally_openstack.cleanup.manager [-] Deleting neutron.network object s_rally_685385bc_4B1BVmM4 (ba7ef547-73aa-40c8-993f-ed12f91d8e74)
2019-07-08 20:49:42.186 18997 RALLYDEBUG rally_openstack.cleanup.manager [-] Deleting neutron.network object s_rally_685385bc_a2VZ3GpC (bd5d5300-cbb2-4c42-adcc-eb545f9548e4)
2019-07-08 20:49:42.192 18997 RALLYDEBUG rally_openstack.cleanup.manager [-] Deleting neutron.network object s_rally_685385bc_H1SbVeqZ (bf16bca6-d9e7-4141-b88c-6f470b930933)
2019-07-08 20:49:42.207 18997 RALLYDEBUG rally_openstack.cleanup.manager [-] Deleting neutron.network object s_rally_685385bc_BvJPI6ve (c185de47-e5d6-4118-b23c-ac60a94dbbbe)
2019-07-08 20:49:43.321 18997 RALLYDEBUG rally_openstack.cleanup.manager [-] Deleting neutron.network object s_rally_685385bc_HfymdNIQ (c2361f2b-bf38-4853-b811-6cbab2539e1f)
2019-07-08 20:49:43.327 18997 RALLYDEBUG rally_openstack.cleanup.manager [-] Deleting neutron.network object s_rally_685385bc_eF2YSQTr (c9fef86b-f6cb-4ca3-a0f9-a84af93b1901)
2019-07-08 20:49:43.364 18997 RALLYDEBUG rally_openstack.cleanup.manager [-] Deleting neutron.network object s_rally_685385bc_pXR3ADTZ (d1ad2d21-500d-4f17-9d3f-765db2427790)
2019-07-08 20:49:43.940 18997 RALLYDEBUG rally_openstack.cleanup.manager [-] Deleting neutron.network object s_rally_685385bc_NnPqPMAB (d3487f00-a78d-4885-917c-d10e6307b370)
2019-07-08 20:49:44.059 18997 RALLYDEBUG rally_openstack.cleanup.manager [-] Deleting neutron.network object s_rally_685385bc_AVPU1LtH (d3baf602-d953-4c7c-9f40-5ec99bdb8521)
2019-07-08 20:49:44.147 18997 RALLYDEBUG rally_openstack.cleanup.manager [-] Deleting neutron.network object s_rally_685385bc_KYai8uXl (d583693b-d6ef-470c-8ee2-f121a7dde471)
2019-07-08 20:49:44.255 18997 RALLYDEBUG rally_openstack.cleanup.manager [-] Deleting neutron.network object s_rally_685385bc_aTH136MT (dea8afa8-0610-4ae3-b817-c1277fbba960)
2019-07-08 20:49:44.385 18997 RALLYDEBUG rally_openstack.cleanup.manager [-] Deleting neutron.network object s_rally_685385bc_tSRZiiiV (e050740f-8e1b-434f-a5c2-1ca9ab2cb2d6)
2019-07-08 20:49:45.292 18997 RALLYDEBUG rally_openstack.cleanup.manager [-] Deleting neutron.network object s_rally_685385bc_csmHmdGZ (eb43eac1-b825-4adc-b96f-db2b709bf09c)
2019-07-08 20:49:48.461 18997 RALLYDEBUG rally_openstack.cleanup.manager [-] Cleaning up neutron router objects
2019-07-08 20:49:49.274 18997 RALLYDEBUG rally_openstack.cleanup.manager [-] Cleaning up neutron security_group objects
2019-07-08 20:49:50.055 18997 INFO rally.task.context [-] Task f7d6c8a3-bbb5-4510-92c0-a5a93f145259 | Context cleanup@openstack cleanup() finished in 19.47 sec
2019-07-08 20:49:50.055 18997 INFO rally.task.context [-] Task f7d6c8a3-bbb5-4510-92c0-a5a93f145259 | Context quotas@openstack cleanup() started
2019-07-08 20:49:50.377 18997 INFO rally.task.context [-] Task f7d6c8a3-bbb5-4510-92c0-a5a93f145259 | Context quotas@openstack cleanup() finished in 0.32 sec
2019-07-08 20:49:50.377 18997 INFO rally.task.context [-] Task f7d6c8a3-bbb5-4510-92c0-a5a93f145259 | Context users@openstack cleanup() started
2019-07-08 20:49:55.697 18997 INFO rally.task.context [-] Task f7d6c8a3-bbb5-4510-92c0-a5a93f145259 | Context users@openstack cleanup() finished in 5.32 sec
2019-07-08 20:49:56.308 18997 INFO rally.task.engine [-] Load duration is: 29.004986
2019-07-08 20:49:56.308 18997 INFO rally.task.engine [-] Full runner duration is: 29.051984
2019-07-08 20:49:56.309 18997 INFO rally.task.engine [-] Full duration is: 59.616544
2019-07-08 20:49:56.571 18997 INFO rally.task.engine [-] Running workload: position = 0 config = { "version": 2, "title": "A cropped version of a bigger task.", "description": "Auto-generated task from a single workload (uuid=583f9d00-9201-48a2-8dd4-6bf3046be152)", "subtasks": [ { "title": "NeutronNetworks.create_and_list_routers", "description": "Create and a given number of routers and list all routers.", "scenario": { "NeutronNetworks.create_and_list_routers": { "network_create_args": null, "subnet_create_args": null, "subnet_cidr_start": "1.1.0.0/30", "subnets_per_network": 2, "router_create_args": null } }, "contexts": { "users": { "tenants": 1, "users_per_tenant": 1 }, "quotas": { "neutron": { "network": -1, "subnet": -1, "router": -1 } } }, "runner": { "constant": { "times": 40, "concurrency": 20 } }, "hooks": [], "sla": { "failure_rate": { "max": 0 } } } ] }
2019-07-08 20:49:56.595 18997 RALLYDEBUG rally_openstack.contexts.keystone.users [-] Creating 1 tenants using 20 threads
2019-07-08 20:49:58.506 18997 RALLYDEBUG rally_openstack.contexts.keystone.users [-] Creating 1 users using 20 threads
2019-07-08 20:50:01.302 18997 INFO rally.task.context [-] Task f7d6c8a3-bbb5-4510-92c0-a5a93f145259 | Context users@openstack setup() finished in 4.71 sec
2019-07-08 20:50:02.143 18997 INFO rally.task.context [-] Task f7d6c8a3-bbb5-4510-92c0-a5a93f145259 | Context quotas@openstack setup() finished in 0.84 sec
2019-07-08 20:50:02.143 18997 INFO rally.task.context [-] Task f7d6c8a3-bbb5-4510-92c0-a5a93f145259 | Context cleanup@openstack setup() finished in 0.00 msec
2019-07-08 20:50:02.151 18997 RALLYDEBUG rally.task.runner [-] Starting the constant runner (task UUID: f7d6c8a3-bbb5-4510-92c0-a5a93f145259). timeout: 0 concurrency: 20 concurrency_per_worker: 1 times: 40 concurrency_overhead: 4 processes_to_start: 16 max_cpu_used: 16
2019-07-08 20:50:02.165 21461 RALLYDEBUG rally.task.runner [-] Starting a worker. concurrency: 2 args: {"network_create_args": null, "subnet_create_args": null, "subnet_cidr_start": "1.1.0.0/30", "subnets_per_network": 2, "router_create_args": null} times: 40 method_name: run timeout: 0 duration: None cls:
2019-07-08 20:50:02.167 21462 RALLYDEBUG rally.task.runner [-] Starting a worker. concurrency: 2 args: {"network_create_args": null, "subnet_create_args": null, "subnet_cidr_start": "1.1.0.0/30", "subnets_per_network": 2, "router_create_args": null} times: 40 method_name: run timeout: 0 duration: None cls:
2019-07-08 20:50:02.169 21463 RALLYDEBUG rally.task.runner [-] Starting a worker. concurrency: 2 args: {"network_create_args": null, "subnet_create_args": null, "subnet_cidr_start": "1.1.0.0/30", "subnets_per_network": 2, "router_create_args": null} times: 40 method_name: run timeout: 0 duration: None cls:
2019-07-08 20:50:02.172 21464 RALLYDEBUG rally.task.runner [-] Starting a worker. concurrency: 2 args: {"network_create_args": null, "subnet_create_args": null, "subnet_cidr_start": "1.1.0.0/30", "subnets_per_network": 2, "router_create_args": null} times: 40 method_name: run timeout: 0 duration: None cls:
2019-07-08 20:50:02.175 21461 INFO rally.task.runner [-] Task f7d6c8a3-bbb5-4510-92c0-a5a93f145259 | ITER: 1 START
2019-07-08 20:50:02.176 21462 INFO rally.task.runner [-] Task f7d6c8a3-bbb5-4510-92c0-a5a93f145259 | ITER: 2 START
2019-07-08 20:50:02.176 21465 RALLYDEBUG rally.task.runner [-] Starting a worker. concurrency: 1 args: {"network_create_args": null, "subnet_create_args": null, "subnet_cidr_start": "1.1.0.0/30", "subnets_per_network": 2, "router_create_args": null} times: 40 method_name: run timeout: 0 duration: None cls:
2019-07-08 20:50:02.178 21463 INFO rally.task.runner [-] Task f7d6c8a3-bbb5-4510-92c0-a5a93f145259 | ITER: 4 START
2019-07-08 20:50:02.179 21470 RALLYDEBUG rally.task.runner [-] Starting a worker. concurrency: 1 args: {"network_create_args": null, "subnet_create_args": null, "subnet_cidr_start": "1.1.0.0/30", "subnets_per_network": 2, "router_create_args": null} times: 40 method_name: run timeout: 0 duration: None cls:
2019-07-08 20:50:02.180 21464 INFO rally.task.runner [-] Task f7d6c8a3-bbb5-4510-92c0-a5a93f145259 | ITER: 6 START
2019-07-08 20:50:02.181 21462 INFO rally.task.runner [-] Task f7d6c8a3-bbb5-4510-92c0-a5a93f145259 | ITER: 5 START
2019-07-08 20:50:02.181 21465 INFO rally.task.runner [-] Task f7d6c8a3-bbb5-4510-92c0-a5a93f145259 | ITER: 9 START
2019-07-08 20:50:02.185 21470 INFO rally.task.runner [-] Task f7d6c8a3-bbb5-4510-92c0-a5a93f145259 | ITER: 10 START
2019-07-08 20:50:02.180 21463 INFO rally.task.runner [-] Task f7d6c8a3-bbb5-4510-92c0-a5a93f145259 | ITER: 7 START
2019-07-08 20:50:02.184 21475 RALLYDEBUG rally.task.runner [-] Starting a worker. concurrency: 1 args: {"network_create_args": null, "subnet_create_args": null, "subnet_cidr_start": "1.1.0.0/30", "subnets_per_network": 2, "router_create_args": null} times: 40 method_name: run timeout: 0 duration: None cls:
2019-07-08 20:50:02.188 21481 RALLYDEBUG rally.task.runner [-] Starting a worker. concurrency: 1 args: {"network_create_args": null, "subnet_create_args": null, "subnet_cidr_start": "1.1.0.0/30", "subnets_per_network": 2, "router_create_args": null} times: 40 method_name: run timeout: 0 duration: None cls:
2019-07-08 20:50:02.190 21461 INFO rally.task.runner [-] Task f7d6c8a3-bbb5-4510-92c0-a5a93f145259 | ITER: 3 START
2019-07-08 20:50:02.192 21464 INFO rally.task.runner [-] Task f7d6c8a3-bbb5-4510-92c0-a5a93f145259 | ITER: 8 START
2019-07-08 20:50:02.193 21475 INFO rally.task.runner [-] Task f7d6c8a3-bbb5-4510-92c0-a5a93f145259 | ITER: 11 START
2019-07-08 20:50:02.193 21484 RALLYDEBUG rally.task.runner [-] Starting a worker. concurrency: 1 args: {"network_create_args": null, "subnet_create_args": null, "subnet_cidr_start": "1.1.0.0/30", "subnets_per_network": 2, "router_create_args": null} times: 40 method_name: run timeout: 0 duration: None cls:
2019-07-08 20:50:02.197 21481 INFO rally.task.runner [-] Task f7d6c8a3-bbb5-4510-92c0-a5a93f145259 | ITER: 12 START
2019-07-08 20:50:02.197 21486 RALLYDEBUG rally.task.runner [-] Starting a worker. concurrency: 1 args: {"network_create_args": null, "subnet_create_args": null, "subnet_cidr_start": "1.1.0.0/30", "subnets_per_network": 2, "router_create_args": null} times: 40 method_name: run timeout: 0 duration: None cls:
2019-07-08 20:50:02.200 21484 INFO rally.task.runner [-] Task f7d6c8a3-bbb5-4510-92c0-a5a93f145259 | ITER: 13 START
2019-07-08 20:50:02.202 21491 RALLYDEBUG rally.task.runner [-] Starting a worker. concurrency: 1 args: {"network_create_args": null, "subnet_create_args": null, "subnet_cidr_start": "1.1.0.0/30", "subnets_per_network": 2, "router_create_args": null} times: 40 method_name: run timeout: 0 duration: None cls:
2019-07-08 20:50:02.203 21486 INFO rally.task.runner [-] Task f7d6c8a3-bbb5-4510-92c0-a5a93f145259 | ITER: 14 START
2019-07-08 20:50:02.215 21497 RALLYDEBUG rally.task.runner [-] Starting a worker. concurrency: 1 args: {"network_create_args": null, "subnet_create_args": null, "subnet_cidr_start": "1.1.0.0/30", "subnets_per_network": 2, "router_create_args": null} times: 40 method_name: run timeout: 0 duration: None cls:
2019-07-08 20:50:02.221 21497 INFO rally.task.runner [-] Task f7d6c8a3-bbb5-4510-92c0-a5a93f145259 | ITER: 16 START
2019-07-08 20:50:02.221 21491 INFO rally.task.runner [-] Task f7d6c8a3-bbb5-4510-92c0-a5a93f145259 | ITER: 15 START
2019-07-08 20:50:02.227 21499 RALLYDEBUG rally.task.runner [-] Starting a worker. concurrency: 1 args: {"network_create_args": null, "subnet_create_args": null, "subnet_cidr_start": "1.1.0.0/30", "subnets_per_network": 2, "router_create_args": null} times: 40 method_name: run timeout: 0 duration: None cls:
2019-07-08 20:50:02.229 21502 RALLYDEBUG rally.task.runner [-] Starting a worker. concurrency: 1 args: {"network_create_args": null, "subnet_create_args": null, "subnet_cidr_start": "1.1.0.0/30", "subnets_per_network": 2, "router_create_args": null} times: 40 method_name: run timeout: 0 duration: None cls:
2019-07-08 20:50:02.232 21499 INFO rally.task.runner [-] Task f7d6c8a3-bbb5-4510-92c0-a5a93f145259 | ITER: 17 START
2019-07-08 20:50:02.233 21502 INFO rally.task.runner [-] Task f7d6c8a3-bbb5-4510-92c0-a5a93f145259 | ITER: 18 START
2019-07-08 20:50:02.234 21503 RALLYDEBUG rally.task.runner [-] Starting a worker. concurrency: 1 args: {"network_create_args": null, "subnet_create_args": null, "subnet_cidr_start": "1.1.0.0/30", "subnets_per_network": 2, "router_create_args": null} times: 40 method_name: run timeout: 0 duration: None cls:
2019-07-08 20:50:02.237 21506 RALLYDEBUG rally.task.runner [-] Starting a worker. concurrency: 1 args: {"network_create_args": null, "subnet_create_args": null, "subnet_cidr_start": "1.1.0.0/30", "subnets_per_network": 2, "router_create_args": null} times: 40 method_name: run timeout: 0 duration: None cls:
2019-07-08 20:50:02.239 21503 INFO rally.task.runner [-] Task f7d6c8a3-bbb5-4510-92c0-a5a93f145259 | ITER: 19 START
2019-07-08 20:50:02.241 21506 INFO rally.task.runner [-] Task f7d6c8a3-bbb5-4510-92c0-a5a93f145259 | ITER: 20 START
2019-07-08 20:50:04.673 21463 RALLYDEBUG rally_openstack.wrappers.network [-] CIDR generated: 1.1.5.160/30
2019-07-08 20:50:04.768 21475 RALLYDEBUG rally_openstack.wrappers.network [-] CIDR generated: 1.1.5.164/30
2019-07-08 20:50:04.804 21502 RALLYDEBUG rally_openstack.wrappers.network [-] CIDR generated: 1.1.5.168/30
2019-07-08 20:50:04.954 21461 RALLYDEBUG rally_openstack.wrappers.network [-] CIDR generated: 1.1.5.172/30
2019-07-08 20:50:05.018 21461 RALLYDEBUG rally_openstack.wrappers.network [-] CIDR generated: 1.1.5.176/30
2019-07-08 20:50:05.116 21464 RALLYDEBUG rally_openstack.wrappers.network [-] CIDR generated: 1.1.5.180/30
2019-07-08 20:50:05.145 21481 RALLYDEBUG rally_openstack.wrappers.network [-] CIDR generated: 1.1.5.184/30
2019-07-08 20:50:05.751 21464 RALLYDEBUG rally_openstack.wrappers.network [-] CIDR generated: 1.1.5.188/30
2019-07-08 20:50:05.791 21484 RALLYDEBUG rally_openstack.wrappers.network [-] CIDR generated: 1.1.5.192/30
2019-07-08 20:50:05.820 21491 RALLYDEBUG rally_openstack.wrappers.network [-] CIDR generated: 1.1.5.196/30
2019-07-08 20:50:05.911 21499 RALLYDEBUG rally_openstack.wrappers.network [-] CIDR generated: 1.1.5.200/30
2019-07-08 20:50:06.624 21463 RALLYDEBUG rally_openstack.wrappers.network [-] CIDR generated: 1.1.5.204/30
2019-07-08 20:50:06.648 21470 RALLYDEBUG rally_openstack.wrappers.network [-] CIDR generated: 1.1.5.208/30
2019-07-08 20:50:06.678 21462 RALLYDEBUG rally_openstack.wrappers.network [-] CIDR generated: 1.1.5.212/30
2019-07-08 20:50:06.729 21503 RALLYDEBUG rally_openstack.wrappers.network [-] CIDR generated: 1.1.5.216/30
2019-07-08 20:50:06.766 21506 RALLYDEBUG rally_openstack.wrappers.network [-] CIDR generated: 1.1.5.220/30
2019-07-08 20:50:06.798 21465 RALLYDEBUG rally_openstack.wrappers.network [-] CIDR generated: 1.1.5.224/30
2019-07-08 20:50:06.857 21463 RALLYDEBUG rally_openstack.wrappers.network [-] CIDR generated: 1.1.5.228/30
2019-07-08 20:50:06.941 21497 RALLYDEBUG rally_openstack.wrappers.network [-] CIDR generated: 1.1.5.232/30
2019-07-08 20:50:06.980 21486 RALLYDEBUG rally_openstack.wrappers.network [-] CIDR generated: 1.1.5.236/30
2019-07-08 20:50:07.010 21462 RALLYDEBUG rally_openstack.wrappers.network [-] CIDR generated: 1.1.5.240/30
2019-07-08 20:50:07.318 21502 RALLYDEBUG rally_openstack.wrappers.network [-] CIDR generated: 1.1.5.244/30
2019-07-08 20:50:07.480 21481 RALLYDEBUG rally_openstack.wrappers.network [-] CIDR generated: 1.1.5.248/30
2019-07-08 20:50:07.725 21464 RALLYDEBUG rally_openstack.wrappers.network [-] CIDR generated: 1.1.5.252/30
2019-07-08 20:50:07.804 21484 RALLYDEBUG rally_openstack.wrappers.network [-] CIDR generated: 1.1.6.0/30
2019-07-08 20:50:08.224 21461 RALLYDEBUG rally_openstack.wrappers.network [-] CIDR generated: 1.1.6.4/30
2019-07-08 20:50:08.504 21464 RALLYDEBUG rally_openstack.wrappers.network [-] CIDR generated: 1.1.6.8/30
2019-07-08 20:50:08.767 21499 RALLYDEBUG rally_openstack.wrappers.network [-] CIDR generated: 1.1.6.12/30
2019-07-08 20:50:08.858 21463 RALLYDEBUG rally_openstack.wrappers.network [-] CIDR generated: 1.1.6.16/30
2019-07-08 20:50:09.043 21470 RALLYDEBUG rally_openstack.wrappers.network [-] CIDR generated: 1.1.6.20/30
2019-07-08 20:50:09.067 21497 RALLYDEBUG rally_openstack.wrappers.network [-] CIDR generated: 1.1.6.24/30
2019-07-08 20:50:09.079 21506 RALLYDEBUG rally_openstack.wrappers.network [-] CIDR generated: 1.1.6.28/30
2019-07-08 20:50:09.212 21475 RALLYDEBUG rally_openstack.wrappers.network [-] CIDR generated: 1.1.6.32/30
2019-07-08 20:50:09.259 21461 RALLYDEBUG rally_openstack.wrappers.network [-] CIDR generated: 1.1.6.36/30
2019-07-08 20:50:09.272 21462 RALLYDEBUG rally_openstack.wrappers.network [-] CIDR generated: 1.1.6.40/30
2019-07-08 20:50:09.313 21491 RALLYDEBUG rally_openstack.wrappers.network [-] CIDR generated: 1.1.6.44/30
2019-07-08 20:50:09.373 21465 RALLYDEBUG rally_openstack.wrappers.network [-] CIDR generated: 1.1.6.48/30
2019-07-08 20:50:09.480 21462 RALLYDEBUG rally_openstack.wrappers.network [-] CIDR generated: 1.1.6.52/30
2019-07-08 20:50:10.104 21486 RALLYDEBUG rally_openstack.wrappers.network [-] CIDR generated: 1.1.6.56/30
2019-07-08 20:50:11.213 21503 RALLYDEBUG rally_openstack.wrappers.network [-] CIDR generated: 1.1.6.60/30
2019-07-08 20:50:21.104 21499 INFO rally.task.runner [-] Task f7d6c8a3-bbb5-4510-92c0-a5a93f145259 | ITER: 17 END: OK
2019-07-08 20:50:21.108 21499 INFO rally.task.runner [-] Task f7d6c8a3-bbb5-4510-92c0-a5a93f145259 | ITER: 21 START
2019-07-08 20:50:21.216 21481 INFO rally.task.runner [-] Task f7d6c8a3-bbb5-4510-92c0-a5a93f145259 | ITER: 12 END: OK
2019-07-08 20:50:21.220 21481 INFO rally.task.runner [-] Task f7d6c8a3-bbb5-4510-92c0-a5a93f145259 | ITER: 22 START
2019-07-08 20:50:21.853 21497 INFO rally.task.runner [-] Task f7d6c8a3-bbb5-4510-92c0-a5a93f145259 | ITER: 16 END: OK
2019-07-08 20:50:21.858 21497 INFO rally.task.runner [-] Task f7d6c8a3-bbb5-4510-92c0-a5a93f145259 | ITER: 23 START
2019-07-08 20:50:21.865 21462 INFO rally.task.runner [-] Task f7d6c8a3-bbb5-4510-92c0-a5a93f145259 | ITER: 2 END: OK
2019-07-08 20:50:21.868 21462 INFO rally.task.runner [-] Task f7d6c8a3-bbb5-4510-92c0-a5a93f145259 | ITER: 24 START
2019-07-08 20:50:22.144 21464 INFO rally.task.runner [-] Task f7d6c8a3-bbb5-4510-92c0-a5a93f145259 | ITER: 6 END: OK
2019-07-08 20:50:22.145 21461 INFO rally.task.runner [-] Task f7d6c8a3-bbb5-4510-92c0-a5a93f145259 | ITER: 1 END: OK
2019-07-08 20:50:22.148 21464 INFO rally.task.runner [-] Task f7d6c8a3-bbb5-4510-92c0-a5a93f145259 | ITER: 25 START
2019-07-08 20:50:22.150 21461 INFO rally.task.runner [-] Task f7d6c8a3-bbb5-4510-92c0-a5a93f145259 | ITER: 26 START
