2019-07-08 20:42:40.579 18988 RALLYDEBUG rally.api [-] INFO logs from urllib3 and requests module are hide.
2019-07-08 20:42:40.579 18988 RALLYDEBUG rally.api [-] urllib3 insecure warnings are hidden.
2019-07-08 20:42:40.580 18988 RALLYDEBUG rally.api [-] ERROR log from boto module is hide.
2019-07-08 20:42:42.777 18990 RALLYDEBUG rally.api [-] INFO logs from urllib3 and requests module are hide.
2019-07-08 20:42:42.778 18990 RALLYDEBUG rally.api [-] urllib3 insecure warnings are hidden.
2019-07-08 20:42:42.778 18990 RALLYDEBUG rally.api [-] ERROR log from boto module is hide.
2019-07-08 20:42:44.090 18990 WARNING rally_openstack.platforms.existing [-] endpoint is deprecated and not used.
2019-07-08 20:42:45.057 18992 RALLYDEBUG rally.api [-] INFO logs from urllib3 and requests module are hide.
2019-07-08 20:42:45.057 18992 RALLYDEBUG rally.api [-] urllib3 insecure warnings are hidden.
2019-07-08 20:42:45.057 18992 RALLYDEBUG rally.api [-] ERROR log from boto module is hide.
2019-07-08 20:42:48.404 18995 RALLYDEBUG rally.api [-] INFO logs from urllib3 and requests module are hide.
2019-07-08 20:42:48.404 18995 RALLYDEBUG rally.api [-] urllib3 insecure warnings are hidden.
2019-07-08 20:42:48.404 18995 RALLYDEBUG rally.api [-] ERROR log from boto module is hide.
2019-07-08 20:42:50.077 18997 RALLYDEBUG rally.api [-] INFO logs from urllib3 and requests module are hide.
2019-07-08 20:42:50.077 18997 RALLYDEBUG rally.api [-] urllib3 insecure warnings are hidden.
2019-07-08 20:42:50.078 18997 RALLYDEBUG rally.api [-] ERROR log from boto module is hide.
2019-07-08 20:42:51.235 18997 INFO rally.common.plugin.discover [-] Loading plugins from directories /root/.rally/plugins/*
2019-07-08 20:42:51.236 18997 INFO rally.common.plugin.discover [-] Loaded module with plugins: /root/.rally/plugins/__init__.py
2019-07-08 20:42:51.238 18997 INFO rally.common.plugin.discover [-] Loaded module with plugins: /root/.rally/plugins/trunk_scenario.py
2019-07-08 20:42:51.436 18997 INFO rally.task.engine [-] Task f7d6c8a3-bbb5-4510-92c0-a5a93f145259 | Starting: Task validation.
2019-07-08 20:42:51.472 18997 INFO rally.task.engine [-] Task f7d6c8a3-bbb5-4510-92c0-a5a93f145259 | Starting: Task validation of syntax.
2019-07-08 20:42:51.687 18997 INFO rally.task.engine [-] Task f7d6c8a3-bbb5-4510-92c0-a5a93f145259 | Completed: Task validation of syntax.
2019-07-08 20:42:51.687 18997 INFO rally.task.engine [-] Task f7d6c8a3-bbb5-4510-92c0-a5a93f145259 | Starting: Task validation of required platforms.
2019-07-08 20:42:51.746 18997 INFO rally.task.engine [-] Task f7d6c8a3-bbb5-4510-92c0-a5a93f145259 | Completed: Task validation of required platforms.
2019-07-08 20:42:51.746 18997 INFO rally.task.engine [-] Task f7d6c8a3-bbb5-4510-92c0-a5a93f145259 | Starting: Task validation of semantic.
2019-07-08 20:42:51.747 18997 INFO rally.task.engine [-] Check health of the environment '4d0da88d-711b-4c22-b37f-422c4b420395'.
2019-07-08 20:42:52.563 18997 INFO rally.task.engine [-] Platform existing@openstack (available: True): OK!
2019-07-08 20:42:52.581 18997 RALLYDEBUG rally_openstack.contexts.keystone.users [-] Creating 1 tenants using 20 threads
2019-07-08 20:42:54.481 18997 RALLYDEBUG rally_openstack.contexts.keystone.users [-] Creating 1 users using 20 threads
2019-07-08 20:42:57.434 18997 INFO rally.task.context [-] Task f7d6c8a3-bbb5-4510-92c0-a5a93f145259 | Context users@openstack setup() finished in 4.85 sec
2019-07-08 20:43:03.809 18997 INFO rally.task.context [-] Task f7d6c8a3-bbb5-4510-92c0-a5a93f145259 | Context users@openstack cleanup() started
2019-07-08 20:43:09.182 18997 INFO rally.task.context [-] Task f7d6c8a3-bbb5-4510-92c0-a5a93f145259 | Context users@openstack cleanup() finished in 5.37 sec
2019-07-08 20:43:09.182 18997 INFO rally.task.engine [-] Task f7d6c8a3-bbb5-4510-92c0-a5a93f145259 | Completed: Task validation of semantic.
2019-07-08 20:43:09.183 18997 INFO rally.task.engine [-] Task f7d6c8a3-bbb5-4510-92c0-a5a93f145259 | Completed: Task validation.
2019-07-08 20:43:09.183 18997 INFO rally.api [-] Task f7d6c8a3-bbb5-4510-92c0-a5a93f145259 input file is valid.
2019-07-08 20:43:09.183 18997 INFO rally.api [-] Run Task f7d6c8a3-bbb5-4510-92c0-a5a93f145259 against Deployment 4d0da88d-711b-4c22-b37f-422c4b420395
2019-07-08 20:43:09.184 18997 INFO rally.task.engine [-] Task f7d6c8a3-bbb5-4510-92c0-a5a93f145259 | Starting: Running task.
2019-07-08 20:43:09.335 18997 INFO rally.task.engine [-] Running workload: position = 0 config = { "version": 2, "title": "A cropped version of a bigger task.", "description": "Auto-generated task from a single workload (uuid=44b8f2d9-ee7b-45c8-b97c-51a28e8ca6ef)", "subtasks": [ { "title": "NeutronNetworks.create_and_list_networks", "description": "Check performance of list_networks action and ensure > network quotas are not exceeded", "scenario": { "NeutronNetworks.create_and_list_networks": {} }, "contexts": { "users": { "tenants": 1, "users_per_tenant": 1 }, "quotas": { "neutron": { "network": 119 } } }, "runner": { "constant": { "times": 100, "concurrency": 20 } }, "hooks": [], "sla": { "max_avg_duration_per_atomic": { "neutron.list_networks": 15 }, "failure_rate": { "max": 0 } } } ] }
2019-07-08 20:43:09.355 18997 RALLYDEBUG rally_openstack.contexts.keystone.users [-] Creating 1 tenants using 20 threads
2019-07-08 20:43:11.188 18997 RALLYDEBUG rally_openstack.contexts.keystone.users [-] Creating 1 users using 20 threads
2019-07-08 20:43:14.002 18997 INFO rally.task.context [-] Task f7d6c8a3-bbb5-4510-92c0-a5a93f145259 | Context users@openstack setup() finished in 4.65 sec
2019-07-08 20:43:14.807 18997 INFO rally.task.context [-] Task f7d6c8a3-bbb5-4510-92c0-a5a93f145259 | Context quotas@openstack setup() finished in 0.80 sec
2019-07-08 20:43:14.808 18997 INFO rally.task.context [-] Task f7d6c8a3-bbb5-4510-92c0-a5a93f145259 | Context cleanup@openstack setup() finished in 0.01 msec
2019-07-08 20:43:14.816 18997 RALLYDEBUG rally.task.runner [-] Starting the constant runner (task UUID: f7d6c8a3-bbb5-4510-92c0-a5a93f145259). timeout: 0 concurrency: 20 concurrency_per_worker: 1 times: 100 concurrency_overhead: 4 processes_to_start: 16 max_cpu_used: 16
2019-07-08 20:43:14.828 19121 RALLYDEBUG rally.task.runner [-] Starting a worker. concurrency: 2 args: {} times: 100 method_name: run timeout: 0 duration: None cls:
2019-07-08 20:43:14.832 19122 RALLYDEBUG rally.task.runner [-] Starting a worker. concurrency: 2 args: {} times: 100 method_name: run timeout: 0 duration: None cls:
2019-07-08 20:43:14.834 19123 RALLYDEBUG rally.task.runner [-] Starting a worker. concurrency: 2 args: {} times: 100 method_name: run timeout: 0 duration: None cls:
2019-07-08 20:43:14.836 19121 INFO rally.task.runner [-] Task f7d6c8a3-bbb5-4510-92c0-a5a93f145259 | ITER: 1 START
2019-07-08 20:43:14.837 19127 RALLYDEBUG rally.task.runner [-] Starting a worker. concurrency: 1 args: {} times: 100 method_name: run timeout: 0 duration: None cls:
2019-07-08 20:43:14.837 19125 RALLYDEBUG rally.task.runner [-] Starting a worker. concurrency: 2 args: {} times: 100 method_name: run timeout: 0 duration: None cls:
2019-07-08 20:43:14.837 19121 INFO rally.task.runner [-] Task f7d6c8a3-bbb5-4510-92c0-a5a93f145259 | ITER: 2 START
2019-07-08 20:43:14.839 19122 INFO rally.task.runner [-] Task f7d6c8a3-bbb5-4510-92c0-a5a93f145259 | ITER: 3 START
2019-07-08 20:43:14.840 19127 INFO rally.task.runner [-] Task f7d6c8a3-bbb5-4510-92c0-a5a93f145259 | ITER: 5 START
2019-07-08 20:43:14.842 19130 RALLYDEBUG rally.task.runner [-] Starting a worker. concurrency: 1 args: {} times: 100 method_name: run timeout: 0 duration: None cls:
2019-07-08 20:43:14.845 19123 INFO rally.task.runner [-] Task f7d6c8a3-bbb5-4510-92c0-a5a93f145259 | ITER: 4 START
2019-07-08 20:43:14.846 19125 INFO rally.task.runner [-] Task f7d6c8a3-bbb5-4510-92c0-a5a93f145259 | ITER: 6 START
2019-07-08 20:43:14.848 19136 RALLYDEBUG rally.task.runner [-] Starting a worker. concurrency: 1 args: {} times: 100 method_name: run timeout: 0 duration: None cls:
2019-07-08 20:43:14.849 19130 INFO rally.task.runner [-] Task f7d6c8a3-bbb5-4510-92c0-a5a93f145259 | ITER: 10 START
2019-07-08 20:43:14.846 19123 INFO rally.task.runner [-] Task f7d6c8a3-bbb5-4510-92c0-a5a93f145259 | ITER: 7 START
2019-07-08 20:43:14.851 19141 RALLYDEBUG rally.task.runner [-] Starting a worker. concurrency: 1 args: {} times: 100 method_name: run timeout: 0 duration: None cls:
2019-07-08 20:43:14.847 19125 INFO rally.task.runner [-] Task f7d6c8a3-bbb5-4510-92c0-a5a93f145259 | ITER: 9 START
2019-07-08 20:43:14.853 19122 INFO rally.task.runner [-] Task f7d6c8a3-bbb5-4510-92c0-a5a93f145259 | ITER: 8 START
2019-07-08 20:43:14.855 19136 INFO rally.task.runner [-] Task f7d6c8a3-bbb5-4510-92c0-a5a93f145259 | ITER: 11 START
2019-07-08 20:43:14.856 19141 INFO rally.task.runner [-] Task f7d6c8a3-bbb5-4510-92c0-a5a93f145259 | ITER: 12 START
2019-07-08 20:43:14.861 19148 RALLYDEBUG rally.task.runner [-] Starting a worker. concurrency: 1 args: {} times: 100 method_name: run timeout: 0 duration: None cls:
2019-07-08 20:43:14.865 19150 RALLYDEBUG rally.task.runner [-] Starting a worker. concurrency: 1 args: {} times: 100 method_name: run timeout: 0 duration: None cls:
2019-07-08 20:43:14.867 19148 INFO rally.task.runner [-] Task f7d6c8a3-bbb5-4510-92c0-a5a93f145259 | ITER: 13 START
2019-07-08 20:43:14.869 19151 RALLYDEBUG rally.task.runner [-] Starting a worker. concurrency: 1 args: {} times: 100 method_name: run timeout: 0 duration: None cls:
2019-07-08 20:43:14.872 19150 INFO rally.task.runner [-] Task f7d6c8a3-bbb5-4510-92c0-a5a93f145259 | ITER: 14 START
2019-07-08 20:43:14.876 19151 INFO rally.task.runner [-] Task f7d6c8a3-bbb5-4510-92c0-a5a93f145259 | ITER: 15 START
2019-07-08 20:43:14.876 19155 RALLYDEBUG rally.task.runner [-] Starting a worker. concurrency: 1 args: {} times: 100 method_name: run timeout: 0 duration: None cls:
2019-07-08 20:43:14.882 19155 INFO rally.task.runner [-] Task f7d6c8a3-bbb5-4510-92c0-a5a93f145259 | ITER: 16 START
2019-07-08 20:43:14.883 19159 RALLYDEBUG rally.task.runner [-] Starting a worker. concurrency: 1 args: {} times: 100 method_name: run timeout: 0 duration: None cls:
2019-07-08 20:43:14.885 19162 RALLYDEBUG rally.task.runner [-] Starting a worker. concurrency: 1 args: {} times: 100 method_name: run timeout: 0 duration: None cls:
2019-07-08 20:43:14.889 19162 INFO rally.task.runner [-] Task f7d6c8a3-bbb5-4510-92c0-a5a93f145259 | ITER: 18 START
2019-07-08 20:43:14.889 19159 INFO rally.task.runner [-] Task f7d6c8a3-bbb5-4510-92c0-a5a93f145259 | ITER: 17 START
2019-07-08 20:43:14.891 19163 RALLYDEBUG rally.task.runner [-] Starting a worker. concurrency: 1 args: {} times: 100 method_name: run timeout: 0 duration: None cls:
2019-07-08 20:43:14.892 19168 RALLYDEBUG rally.task.runner [-] Starting a worker. concurrency: 1 args: {} times: 100 method_name: run timeout: 0 duration: None cls:
2019-07-08 20:43:14.896 19168 INFO rally.task.runner [-] Task f7d6c8a3-bbb5-4510-92c0-a5a93f145259 | ITER: 20 START
2019-07-08 20:43:14.896 19163 INFO rally.task.runner [-] Task f7d6c8a3-bbb5-4510-92c0-a5a93f145259 | ITER: 19 START
2019-07-08 20:43:17.696 19136 INFO rally.task.runner [-] Task f7d6c8a3-bbb5-4510-92c0-a5a93f145259 | ITER: 11 END: OK
2019-07-08 20:43:17.700 19136 INFO rally.task.runner [-] Task f7d6c8a3-bbb5-4510-92c0-a5a93f145259 | ITER: 21 START
2019-07-08 20:43:17.795 19123 INFO rally.task.runner [-] Task f7d6c8a3-bbb5-4510-92c0-a5a93f145259 | ITER: 4 END: OK
2019-07-08 20:43:17.798 19123 INFO rally.task.runner [-] Task f7d6c8a3-bbb5-4510-92c0-a5a93f145259 | ITER: 22 START
2019-07-08 20:43:17.807 19150 INFO rally.task.runner [-] Task f7d6c8a3-bbb5-4510-92c0-a5a93f145259 | ITER: 14 END: OK
2019-07-08 20:43:17.810 19150 INFO rally.task.runner [-] Task f7d6c8a3-bbb5-4510-92c0-a5a93f145259 | ITER: 23 START
2019-07-08 20:43:17.988 19122 INFO rally.task.runner [-] Task f7d6c8a3-bbb5-4510-92c0-a5a93f145259 | ITER: 3 END: OK
2019-07-08 20:43:17.990 19122 INFO rally.task.runner [-] Task f7d6c8a3-bbb5-4510-92c0-a5a93f145259 | ITER: 24 START
2019-07-08 20:43:18.342 19151 INFO rally.task.runner [-] Task f7d6c8a3-bbb5-4510-92c0-a5a93f145259 | ITER: 15 END: OK
2019-07-08 20:43:18.346 19151 INFO rally.task.runner [-] Task f7d6c8a3-bbb5-4510-92c0-a5a93f145259 | ITER: 25 START
2019-07-08 20:43:18.428 19125 INFO rally.task.runner [-] Task f7d6c8a3-bbb5-4510-92c0-a5a93f145259 | ITER: 6 END: OK
2019-07-08 20:43:18.432 19125 INFO rally.task.runner [-] Task f7d6c8a3-bbb5-4510-92c0-a5a93f145259 | ITER: 26 START
2019-07-08 20:43:18.485 19141 INFO rally.task.runner [-] Task f7d6c8a3-bbb5-4510-92c0-a5a93f145259 | ITER: 12 END: OK
2019-07-08 20:43:18.489 19141 INFO rally.task.runner [-] Task f7d6c8a3-bbb5-4510-92c0-a5a93f145259 | ITER: 27 START
2019-07-08 20:43:19.052 19125 INFO rally.task.runner [-] Task f7d6c8a3-bbb5-4510-92c0-a5a93f145259 | ITER: 9 END: OK
2019-07-08 20:43:19.056 19125 INFO rally.task.runner [-] Task f7d6c8a3-bbb5-4510-92c0-a5a93f145259 | ITER: 28 START
2019-07-08 20:43:19.074 19148 INFO rally.task.runner [-] Task f7d6c8a3-bbb5-4510-92c0-a5a93f145259 | ITER: 13 END: OK
2019-07-08 20:43:19.077 19148 INFO rally.task.runner [-] Task f7d6c8a3-bbb5-4510-92c0-a5a93f145259 | ITER: 29 START
2019-07-08 20:43:19.235 19121 INFO rally.task.runner [-] Task f7d6c8a3-bbb5-4510-92c0-a5a93f145259 | ITER: 2 END: OK
2019-07-08 20:43:19.237 19121 INFO rally.task.runner [-] Task f7d6c8a3-bbb5-4510-92c0-a5a93f145259 | ITER: 30 START
2019-07-08 20:43:19.267 19155 INFO rally.task.runner [-] Task f7d6c8a3-bbb5-4510-92c0-a5a93f145259 | ITER: 16 END: OK
2019-07-08 20:43:19.269 19155 INFO rally.task.runner [-] Task f7d6c8a3-bbb5-4510-92c0-a5a93f145259 | ITER: 31 START
2019-07-08 20:43:19.577 19121 INFO rally.task.runner [-] Task f7d6c8a3-bbb5-4510-92c0-a5a93f145259 | ITER: 1 END: OK
2019-07-08 20:43:19.581 19121 INFO rally.task.runner [-] Task f7d6c8a3-bbb5-4510-92c0-a5a93f145259 | ITER: 32 START
2019-07-08 20:43:19.723 19159 INFO rally.task.runner [-] Task f7d6c8a3-bbb5-4510-92c0-a5a93f145259 | ITER: 17 END: OK
2019-07-08 20:43:19.726 19159 INFO rally.task.runner [-] Task f7d6c8a3-bbb5-4510-92c0-a5a93f145259 | ITER: 33 START
2019-07-08 20:43:19.742 19168 INFO rally.task.runner [-] Task f7d6c8a3-bbb5-4510-92c0-a5a93f145259 | ITER: 20 END: OK
2019-07-08 20:43:19.745 19168 INFO rally.task.runner [-] Task f7d6c8a3-bbb5-4510-92c0-a5a93f145259 | ITER: 34 START
2019-07-08 20:43:19.749 19123 INFO rally.task.runner [-] Task f7d6c8a3-bbb5-4510-92c0-a5a93f145259 | ITER: 7 END: OK
2019-07-08 20:43:19.752 19123 INFO rally.task.runner [-] Task f7d6c8a3-bbb5-4510-92c0-a5a93f145259 | ITER: 35 START
2019-07-08 20:43:19.804 19122 INFO rally.task.runner [-] Task f7d6c8a3-bbb5-4510-92c0-a5a93f145259 | ITER: 8 END: OK
2019-07-08 20:43:19.806 19163 INFO rally.task.runner [-] Task f7d6c8a3-bbb5-4510-92c0-a5a93f145259 | ITER: 19 END: OK
2019-07-08 20:43:19.807 19122 INFO rally.task.runner [-] Task f7d6c8a3-bbb5-4510-92c0-a5a93f145259 | ITER: 36 START
2019-07-08 20:43:19.809 19163 INFO rally.task.runner [-] Task f7d6c8a3-bbb5-4510-92c0-a5a93f145259 | ITER: 37 START
2019-07-08 20:43:19.860 19130 INFO rally.task.runner [-] Task f7d6c8a3-bbb5-4510-92c0-a5a93f145259 | ITER: 10 END: OK
2019-07-08 20:43:19.863 19130 INFO rally.task.runner [-] Task f7d6c8a3-bbb5-4510-92c0-a5a93f145259 | ITER: 38 START
2019-07-08 20:43:20.078 19162 INFO rally.task.runner [-] Task f7d6c8a3-bbb5-4510-92c0-a5a93f145259 | ITER: 18 END: OK
2019-07-08 20:43:20.083 19162 INFO rally.task.runner [-] Task f7d6c8a3-bbb5-4510-92c0-a5a93f145259 | ITER: 39 START
2019-07-08 20:43:20.240 19127 INFO rally.task.runner [-] Task f7d6c8a3-bbb5-4510-92c0-a5a93f145259 | ITER: 5 END: OK
2019-07-08 20:43:20.244 19127 INFO rally.task.runner [-] Task f7d6c8a3-bbb5-4510-92c0-a5a93f145259 | ITER: 40 START
2019-07-08 20:43:20.326 19123 INFO rally.task.runner [-] Task f7d6c8a3-bbb5-4510-92c0-a5a93f145259 | ITER: 22 END: OK
2019-07-08 20:43:20.329 19123 INFO rally.task.runner [-] Task f7d6c8a3-bbb5-4510-92c0-a5a93f145259 | ITER: 41 START
2019-07-08 20:43:20.386 19150 INFO rally.task.runner [-] Task f7d6c8a3-bbb5-4510-92c0-a5a93f145259 | ITER: 23 END: OK
2019-07-08 20:43:20.389 19122 INFO rally.task.runner [-] Task f7d6c8a3-bbb5-4510-92c0-a5a93f145259 | ITER: 24 END: OK
2019-07-08 20:43:20.389 19150 INFO rally.task.runner [-] Task f7d6c8a3-bbb5-4510-92c0-a5a93f145259 | ITER: 42 START
2019-07-08 20:43:20.392 19122 INFO rally.task.runner [-] Task f7d6c8a3-bbb5-4510-92c0-a5a93f145259 | ITER: 43 START
2019-07-08 20:43:20.417 19136 INFO rally.task.runner [-] Task f7d6c8a3-bbb5-4510-92c0-a5a93f145259 | ITER: 21 END: OK
2019-07-08 20:43:20.420 19136 INFO rally.task.runner [-] Task f7d6c8a3-bbb5-4510-92c0-a5a93f145259 | ITER: 44 START
2019-07-08 20:43:21.368 19151 INFO rally.task.runner [-] Task f7d6c8a3-bbb5-4510-92c0-a5a93f145259 | ITER: 25 END: OK
2019-07-08 20:43:21.372 19151 INFO rally.task.runner [-] Task f7d6c8a3-bbb5-4510-92c0-a5a93f145259 | ITER: 45 START
2019-07-08 20:43:21.379 19141 INFO rally.task.runner [-] Task f7d6c8a3-bbb5-4510-92c0-a5a93f145259 | ITER: 27 END: OK
2019-07-08 20:43:21.383 19141 INFO rally.task.runner [-] Task f7d6c8a3-bbb5-4510-92c0-a5a93f145259 | ITER: 46 START
2019-07-08 20:43:21.976 19148 INFO rally.task.runner [-] Task f7d6c8a3-bbb5-4510-92c0-a5a93f145259 | ITER: 29 END: OK
2019-07-08 20:43:21.979 19148 INFO rally.task.runner [-] Task f7d6c8a3-bbb5-4510-92c0-a5a93f145259 | ITER: 47 START
2019-07-08 20:43:22.415 19125 INFO rally.task.runner [-] Task f7d6c8a3-bbb5-4510-92c0-a5a93f145259 | ITER: 26 END: OK
2019-07-08 20:43:22.418 19125 INFO rally.task.runner [-] Task f7d6c8a3-bbb5-4510-92c0-a5a93f145259 | ITER: 48 START
2019-07-08 20:43:22.514 19121 INFO rally.task.runner [-] Task f7d6c8a3-bbb5-4510-92c0-a5a93f145259 | ITER: 32 END: OK
2019-07-08 20:43:22.518 19121 INFO rally.task.runner [-] Task f7d6c8a3-bbb5-4510-92c0-a5a93f145259 | ITER: 49 START
2019-07-08 20:43:22.590 19125 INFO rally.task.runner [-] Task f7d6c8a3-bbb5-4510-92c0-a5a93f145259 | ITER: 28 END: OK
2019-07-08 20:43:22.593 19125 INFO rally.task.runner [-] Task f7d6c8a3-bbb5-4510-92c0-a5a93f145259 | ITER: 50 START
2019-07-08 20:43:22.632 19122 INFO rally.task.runner [-] Task f7d6c8a3-bbb5-4510-92c0-a5a93f145259 | ITER: 36 END: OK
2019-07-08 20:43:22.635 19122 INFO rally.task.runner [-] Task f7d6c8a3-bbb5-4510-92c0-a5a93f145259 | ITER: 51 START
2019-07-08 20:43:22.802 19121 INFO rally.task.runner [-] Task f7d6c8a3-bbb5-4510-92c0-a5a93f145259 | ITER: 30 END: OK
2019-07-08 20:43:22.805 19121 INFO rally.task.runner [-] Task f7d6c8a3-bbb5-4510-92c0-a5a93f145259 | ITER: 52 START
2019-07-08 20:43:22.906 19159 INFO rally.task.runner [-] Task f7d6c8a3-bbb5-4510-92c0-a5a93f145259 | ITER: 33 END: OK
2019-07-08 20:43:22.909 19159 INFO rally.task.runner [-] Task f7d6c8a3-bbb5-4510-92c0-a5a93f145259 | ITER: 53 START
2019-07-08 20:43:22.986 19168 INFO rally.task.runner [-] Task f7d6c8a3-bbb5-4510-92c0-a5a93f145259 | ITER: 34 END: OK
2019-07-08 20:43:22.989 19168 INFO rally.task.runner [-] Task f7d6c8a3-bbb5-4510-92c0-a5a93f145259 | ITER: 54 START
2019-07-08 20:43:23.087 19127 INFO rally.task.runner [-] Task f7d6c8a3-bbb5-4510-92c0-a5a93f145259 | ITER: 40 END: OK
2019-07-08 20:43:23.088 19130 INFO rally.task.runner [-] Task f7d6c8a3-bbb5-4510-92c0-a5a93f145259 | ITER: 38 END: OK
2019-07-08 20:43:23.091 19127 INFO rally.task.runner [-] Task f7d6c8a3-bbb5-4510-92c0-a5a93f145259 | ITER: 55 START
2019-07-08 20:43:23.091 19130 INFO rally.task.runner [-] Task f7d6c8a3-bbb5-4510-92c0-a5a93f145259 | ITER: 56 START
2019-07-08 20:43:23.286 19155 INFO rally.task.runner [-] Task f7d6c8a3-bbb5-4510-92c0-a5a93f145259 | ITER: 31 END: OK
2019-07-08 20:43:23.290 19155 INFO rally.task.runner [-] Task f7d6c8a3-bbb5-4510-92c0-a5a93f145259 | ITER: 57 START
2019-07-08 20:43:23.482 19162 INFO rally.task.runner [-] Task f7d6c8a3-bbb5-4510-92c0-a5a93f145259 | ITER: 39 END: OK
2019-07-08 20:43:23.485 19162 INFO rally.task.runner [-] Task f7d6c8a3-bbb5-4510-92c0-a5a93f145259 | ITER: 58 START
2019-07-08 20:43:23.677 19123 INFO rally.task.runner [-] Task f7d6c8a3-bbb5-4510-92c0-a5a93f145259 | ITER: 41 END: OK
2019-07-08 20:43:23.680 19123 INFO rally.task.runner [-] Task f7d6c8a3-bbb5-4510-92c0-a5a93f145259 | ITER: 59 START
2019-07-08 20:43:24.316 19150 INFO rally.task.runner [-] Task f7d6c8a3-bbb5-4510-92c0-a5a93f145259 | ITER: 42 END: OK
2019-07-08 20:43:24.320 19150 INFO rally.task.runner [-] Task f7d6c8a3-bbb5-4510-92c0-a5a93f145259 | ITER: 60 START
2019-07-08 20:43:24.363 19151 INFO rally.task.runner [-] Task f7d6c8a3-bbb5-4510-92c0-a5a93f145259 | ITER: 45 END: OK
2019-07-08 20:43:24.366 19151 INFO rally.task.runner [-] Task f7d6c8a3-bbb5-4510-92c0-a5a93f145259 | ITER: 61 START
2019-07-08 20:43:24.927 19122 INFO rally.task.runner [-] Task f7d6c8a3-bbb5-4510-92c0-a5a93f145259 | ITER: 43 END: OK
2019-07-08 20:43:24.930 19122 INFO rally.task.runner [-] Task f7d6c8a3-bbb5-4510-92c0-a5a93f145259 | ITER: 62 START
2019-07-08 20:43:25.131 19136 INFO rally.task.runner [-] Task f7d6c8a3-bbb5-4510-92c0-a5a93f145259 | ITER: 44 END: OK
2019-07-08 20:43:25.134 19136 INFO rally.task.runner [-] Task f7d6c8a3-bbb5-4510-92c0-a5a93f145259 | ITER: 63 START
2019-07-08 20:43:25.258 19159 INFO rally.task.runner [-] Task f7d6c8a3-bbb5-4510-92c0-a5a93f145259 | ITER: 53 END: OK
2019-07-08 20:43:25.261 19159 INFO rally.task.runner [-] Task f7d6c8a3-bbb5-4510-92c0-a5a93f145259 | ITER: 64 START
2019-07-08 20:43:25.277 19148 INFO rally.task.runner [-] Task f7d6c8a3-bbb5-4510-92c0-a5a93f145259 | ITER: 47 END: OK
2019-07-08 20:43:25.279 19163 INFO rally.task.runner [-] Task f7d6c8a3-bbb5-4510-92c0-a5a93f145259 | ITER: 37 END: OK
2019-07-08 20:43:25.281 19148 INFO rally.task.runner [-] Task f7d6c8a3-bbb5-4510-92c0-a5a93f145259 | ITER: 65 START
2019-07-08 20:43:25.282 19163 INFO rally.task.runner [-] Task f7d6c8a3-bbb5-4510-92c0-a5a93f145259 | ITER: 66 START
2019-07-08 20:43:25.626 19121 INFO rally.task.runner [-] Task f7d6c8a3-bbb5-4510-92c0-a5a93f145259 | ITER: 49 END: OK
2019-07-08 20:43:25.629 19121 INFO rally.task.runner [-] Task f7d6c8a3-bbb5-4510-92c0-a5a93f145259 | ITER: 67 START
2019-07-08 20:43:25.660 19123 INFO rally.task.runner [-] Task f7d6c8a3-bbb5-4510-92c0-a5a93f145259 | ITER: 35 END: OK
2019-07-08 20:43:25.664 19123 INFO rally.task.runner [-] Task f7d6c8a3-bbb5-4510-92c0-a5a93f145259 | ITER: 68 START
2019-07-08 20:43:25.946 19121 INFO rally.task.runner [-] Task f7d6c8a3-bbb5-4510-92c0-a5a93f145259 | ITER: 52 END: OK
2019-07-08 20:43:25.947 19127 INFO rally.task.runner [-] Task f7d6c8a3-bbb5-4510-92c0-a5a93f145259 | ITER: 55 END: OK
2019-07-08 20:43:25.949 19121 INFO rally.task.runner [-] Task f7d6c8a3-bbb5-4510-92c0-a5a93f145259 | ITER: 69 START
2019-07-08 20:43:25.950 19127 INFO rally.task.runner [-] Task f7d6c8a3-bbb5-4510-92c0-a5a93f145259 | ITER: 70 START
2019-07-08 20:43:25.964 19125 INFO rally.task.runner [-] Task f7d6c8a3-bbb5-4510-92c0-a5a93f145259 | ITER: 50 END: OK
2019-07-08 20:43:25.967 19125 INFO rally.task.runner [-] Task f7d6c8a3-bbb5-4510-92c0-a5a93f145259 | ITER: 71 START
2019-07-08 20:43:25.997 19141 INFO rally.task.runner [-] Task f7d6c8a3-bbb5-4510-92c0-a5a93f145259 | ITER: 46 END: OK
2019-07-08 20:43:26.000 19141 INFO rally.task.runner [-] Task f7d6c8a3-bbb5-4510-92c0-a5a93f145259 | ITER: 72 START
2019-07-08 20:43:26.068 19162 INFO rally.task.runner [-] Task f7d6c8a3-bbb5-4510-92c0-a5a93f145259 | ITER: 58 END: OK
2019-07-08 20:43:26.071 19162 INFO rally.task.runner [-] Task f7d6c8a3-bbb5-4510-92c0-a5a93f145259 | ITER: 73 START
2019-07-08 20:43:26.369 19125 INFO rally.task.runner [-] Task f7d6c8a3-bbb5-4510-92c0-a5a93f145259 | ITER: 48 END: OK
2019-07-08 20:43:26.372 19125 INFO rally.task.runner [-] Task f7d6c8a3-bbb5-4510-92c0-a5a93f145259 | ITER: 74 START
2019-07-08 20:43:26.523 19130 INFO rally.task.runner [-] Task f7d6c8a3-bbb5-4510-92c0-a5a93f145259 | ITER: 56 END: OK
2019-07-08 20:43:26.526 19130 INFO rally.task.runner [-] Task f7d6c8a3-bbb5-4510-92c0-a5a93f145259 | ITER: 75 START
2019-07-08 20:43:26.684 19168 INFO rally.task.runner [-] Task f7d6c8a3-bbb5-4510-92c0-a5a93f145259 | ITER: 54 END: OK
2019-07-08 20:43:26.685 19155 INFO rally.task.runner [-] Task f7d6c8a3-bbb5-4510-92c0-a5a93f145259 | ITER: 57 END: OK
2019-07-08 20:43:26.687 19168 INFO rally.task.runner [-] Task f7d6c8a3-bbb5-4510-92c0-a5a93f145259 | ITER: 76 START
2019-07-08 20:43:26.688 19155 INFO rally.task.runner [-] Task f7d6c8a3-bbb5-4510-92c0-a5a93f145259 | ITER: 77 START
2019-07-08 20:43:26.939 19123 INFO rally.task.runner [-] Task f7d6c8a3-bbb5-4510-92c0-a5a93f145259 | ITER: 59 END: OK
2019-07-08 20:43:26.942 19123 INFO rally.task.runner [-] Task f7d6c8a3-bbb5-4510-92c0-a5a93f145259 | ITER: 78 START
2019-07-08 20:43:27.222 19150 INFO rally.task.runner [-] Task f7d6c8a3-bbb5-4510-92c0-a5a93f145259 | ITER: 60 END: OK
2019-07-08 20:43:27.225 19150 INFO rally.task.runner [-] Task f7d6c8a3-bbb5-4510-92c0-a5a93f145259 | ITER: 79 START
2019-07-08 20:43:27.237 19122 INFO rally.task.runner [-] Task f7d6c8a3-bbb5-4510-92c0-a5a93f145259 | ITER: 51 END: OK
2019-07-08 20:43:27.241 19122 INFO rally.task.runner [-] Task f7d6c8a3-bbb5-4510-92c0-a5a93f145259 | ITER: 80 START
2019-07-08 20:43:27.575 19151 INFO rally.task.runner [-] Task f7d6c8a3-bbb5-4510-92c0-a5a93f145259 | ITER: 61 END: OK
2019-07-08 20:43:27.578 19151 INFO rally.task.runner [-] Task f7d6c8a3-bbb5-4510-92c0-a5a93f145259 | ITER: 81 START
2019-07-08 20:43:27.633 19122 INFO rally.task.runner [-] Task f7d6c8a3-bbb5-4510-92c0-a5a93f145259 | ITER: 62 END: OK
2019-07-08 20:43:27.636 19122 INFO rally.task.runner [-] Task f7d6c8a3-bbb5-4510-92c0-a5a93f145259 | ITER: 82 START
2019-07-08 20:43:28.157 19163 INFO rally.task.runner [-] Task f7d6c8a3-bbb5-4510-92c0-a5a93f145259 | ITER: 66 END: OK
2019-07-08 20:43:28.161 19163 INFO rally.task.runner [-] Task f7d6c8a3-bbb5-4510-92c0-a5a93f145259 | ITER: 83 START
2019-07-08 20:43:28.254 19136 INFO rally.task.runner [-] Task f7d6c8a3-bbb5-4510-92c0-a5a93f145259 | ITER: 63 END: OK
2019-07-08 20:43:28.257 19136 INFO rally.task.runner [-] Task f7d6c8a3-bbb5-4510-92c0-a5a93f145259 | ITER: 84 START
2019-07-08 20:43:28.350 19159 INFO rally.task.runner [-] Task f7d6c8a3-bbb5-4510-92c0-a5a93f145259 | ITER: 64 END: OK
2019-07-08 20:43:28.353 19159 INFO rally.task.runner [-] Task f7d6c8a3-bbb5-4510-92c0-a5a93f145259 | ITER: 85 START
2019-07-08 20:43:28.869 19121 INFO rally.task.runner [-] Task f7d6c8a3-bbb5-4510-92c0-a5a93f145259 | ITER: 67 END: OK
2019-07-08 20:43:28.876 19125 INFO rally.task.runner [-] Task f7d6c8a3-bbb5-4510-92c0-a5a93f145259 | ITER: 71 END: OK
2019-07-08 20:43:28.876 19162 INFO rally.task.runner [-] Task f7d6c8a3-bbb5-4510-92c0-a5a93f145259 | ITER: 73 END: OK
2019-07-08 20:43:28.877 19121 INFO rally.task.runner [-] Task f7d6c8a3-bbb5-4510-92c0-a5a93f145259 | ITER: 69 END: OK
2019-07-08 20:43:28.879 19125 INFO rally.task.runner [-] Task f7d6c8a3-bbb5-4510-92c0-a5a93f145259 | ITER: 86 START
2019-07-08 20:43:28.880 19162 INFO rally.task.runner [-] Task f7d6c8a3-bbb5-4510-92c0-a5a93f145259 | ITER: 88 START
2019-07-08 20:43:28.880 19121 INFO rally.task.runner [-] Task f7d6c8a3-bbb5-4510-92c0-a5a93f145259 | ITER: 87 START
2019-07-08 20:43:28.886 19121 INFO rally.task.runner [-] Task f7d6c8a3-bbb5-4510-92c0-a5a93f145259 | ITER: 89 START
2019-07-08 20:43:29.144 19148 INFO rally.task.runner [-] Task f7d6c8a3-bbb5-4510-92c0-a5a93f145259 | ITER: 65 END: OK
2019-07-08 20:43:29.147 19148 INFO rally.task.runner [-] Task f7d6c8a3-bbb5-4510-92c0-a5a93f145259 | ITER: 90 START
2019-07-08 20:43:29.259 19127 INFO rally.task.runner [-] Task f7d6c8a3-bbb5-4510-92c0-a5a93f145259 | ITER: 70 END: OK
2019-07-08 20:43:29.262 19127 INFO rally.task.runner [-] Task f7d6c8a3-bbb5-4510-92c0-a5a93f145259 | ITER: 91 START
2019-07-08 20:43:29.442 19168 INFO rally.task.runner [-] Task f7d6c8a3-bbb5-4510-92c0-a5a93f145259 | ITER: 76 END: OK
2019-07-08 20:43:29.445 19168 INFO rally.task.runner [-] Task f7d6c8a3-bbb5-4510-92c0-a5a93f145259 | ITER: 92 START
2019-07-08 20:43:29.526 19125 INFO rally.task.runner [-] Task f7d6c8a3-bbb5-4510-92c0-a5a93f145259 | ITER: 74 END: OK
2019-07-08 20:43:29.528 19125 INFO rally.task.runner [-] Task f7d6c8a3-bbb5-4510-92c0-a5a93f145259 | ITER: 93 START
2019-07-08 20:43:29.821 19123 INFO rally.task.runner [-] Task f7d6c8a3-bbb5-4510-92c0-a5a93f145259 | ITER: 68 END: OK
2019-07-08 20:43:29.824 19123 INFO rally.task.runner [-] Task f7d6c8a3-bbb5-4510-92c0-a5a93f145259 | ITER: 94 START
2019-07-08 20:43:30.164 19141 INFO rally.task.runner [-] Task f7d6c8a3-bbb5-4510-92c0-a5a93f145259 | ITER: 72 END: OK
2019-07-08 20:43:30.167 19141 INFO rally.task.runner [-] Task f7d6c8a3-bbb5-4510-92c0-a5a93f145259 | ITER: 95 START
2019-07-08 20:43:30.217 19130 INFO rally.task.runner [-] Task f7d6c8a3-bbb5-4510-92c0-a5a93f145259 | ITER: 75 END: OK
2019-07-08 20:43:30.220 19155 INFO rally.task.runner [-] Task f7d6c8a3-bbb5-4510-92c0-a5a93f145259 | ITER: 77 END: OK
2019-07-08 20:43:30.221 19130 INFO rally.task.runner [-] Task f7d6c8a3-bbb5-4510-92c0-a5a93f145259 | ITER: 96 START
2019-07-08 20:43:30.223 19155 INFO rally.task.runner [-] Task f7d6c8a3-bbb5-4510-92c0-a5a93f145259 | ITER: 97 START
2019-07-08 20:43:30.587 19123 INFO rally.task.runner [-] Task f7d6c8a3-bbb5-4510-92c0-a5a93f145259 | ITER: 78 END: OK
2019-07-08 20:43:30.590 19123 INFO rally.task.runner [-] Task f7d6c8a3-bbb5-4510-92c0-a5a93f145259 | ITER: 98 START
2019-07-08 20:43:31.074 19122 INFO rally.task.runner [-] Task f7d6c8a3-bbb5-4510-92c0-a5a93f145259 | ITER: 80 END: OK
2019-07-08 20:43:31.078 19122 INFO rally.task.runner [-] Task f7d6c8a3-bbb5-4510-92c0-a5a93f145259 | ITER: 99 START
2019-07-08 20:43:31.116 19150 INFO rally.task.runner [-] Task f7d6c8a3-bbb5-4510-92c0-a5a93f145259 | ITER: 79 END: OK
2019-07-08 20:43:31.117 19151 INFO rally.task.runner [-] Task f7d6c8a3-bbb5-4510-92c0-a5a93f145259 | ITER: 81 END: OK
2019-07-08 20:43:31.120 19150 INFO rally.task.runner [-] Task f7d6c8a3-bbb5-4510-92c0-a5a93f145259 | ITER: 100 START
2019-07-08 20:43:31.329 19122 INFO rally.task.runner [-] Task f7d6c8a3-bbb5-4510-92c0-a5a93f145259 | ITER: 82 END: OK
2019-07-08 20:43:31.798 19121 INFO rally.task.runner [-] Task f7d6c8a3-bbb5-4510-92c0-a5a93f145259 | ITER: 87 END: OK
2019-07-08 20:43:31.857 19136 INFO rally.task.runner [-] Task f7d6c8a3-bbb5-4510-92c0-a5a93f145259 | ITER: 84 END: OK
2019-07-08 20:43:31.895 19163 INFO rally.task.runner [-] Task f7d6c8a3-bbb5-4510-92c0-a5a93f145259 | ITER: 83 END: OK
2019-07-08 20:43:31.933 19162 INFO rally.task.runner [-] Task f7d6c8a3-bbb5-4510-92c0-a5a93f145259 | ITER: 88 END: OK
2019-07-08 20:43:31.981 19121 INFO rally.task.runner [-] Task f7d6c8a3-bbb5-4510-92c0-a5a93f145259 | ITER: 89 END: OK
2019-07-08 20:43:32.051 19148 INFO rally.task.runner [-] Task f7d6c8a3-bbb5-4510-92c0-a5a93f145259 | ITER: 90 END: OK
2019-07-08 20:43:32.066 19168 INFO rally.task.runner [-] Task f7d6c8a3-bbb5-4510-92c0-a5a93f145259 | ITER: 92 END: OK
2019-07-08 20:43:32.212 19159 INFO rally.task.runner [-] Task f7d6c8a3-bbb5-4510-92c0-a5a93f145259 | ITER: 85 END: OK
2019-07-08 20:43:32.374 19125 INFO rally.task.runner [-] Task f7d6c8a3-bbb5-4510-92c0-a5a93f145259 | ITER: 93 END: OK
2019-07-08 20:43:32.476 19123 INFO rally.task.runner [-] Task f7d6c8a3-bbb5-4510-92c0-a5a93f145259 | ITER: 94 END: OK
2019-07-08 20:43:32.597 19141 INFO rally.task.runner [-] Task f7d6c8a3-bbb5-4510-92c0-a5a93f145259 | ITER: 95 END: OK
2019-07-08 20:43:32.749 19130 INFO rally.task.runner [-] Task f7d6c8a3-bbb5-4510-92c0-a5a93f145259 | ITER: 96 END: OK
2019-07-08 20:43:32.790 19155 INFO rally.task.runner [-] Task f7d6c8a3-bbb5-4510-92c0-a5a93f145259 | ITER: 97 END: OK
2019-07-08 20:43:32.968 19125 INFO rally.task.runner [-] Task f7d6c8a3-bbb5-4510-92c0-a5a93f145259 | ITER: 86 END: OK
2019-07-08 20:43:32.971 19127 INFO rally.task.runner [-] Task f7d6c8a3-bbb5-4510-92c0-a5a93f145259 | ITER: 91 END: OK
2019-07-08 20:43:33.481 19150 INFO rally.task.runner [-] Task f7d6c8a3-bbb5-4510-92c0-a5a93f145259 | ITER: 100 END: OK
2019-07-08 20:43:33.587 19122 INFO rally.task.runner [-] Task f7d6c8a3-bbb5-4510-92c0-a5a93f145259 | ITER: 99 END: OK
2019-07-08 20:43:33.696 19123 INFO rally.task.runner [-] Task f7d6c8a3-bbb5-4510-92c0-a5a93f145259 | ITER: 98 END: OK
2019-07-08 20:43:33.720 18997 INFO rally.task.context [-] Task f7d6c8a3-bbb5-4510-92c0-a5a93f145259 | Context cleanup@openstack cleanup() started
2019-07-08 20:43:33.723 18997 RALLYDEBUG rally_openstack.cleanup.manager [-] Cleaning up neutron vip objects
2019-07-08 20:43:34.370 18997 RALLYDEBUG rally_openstack.cleanup.manager [-] Cleaning up neutron health_monitor objects
2019-07-08 20:43:35.075 18997 RALLYDEBUG rally_openstack.cleanup.manager [-] Cleaning up neutron pool objects
2019-07-08 20:43:35.714 18997 RALLYDEBUG rally_openstack.cleanup.manager [-] Cleaning up neutron loadbalancer objects
2019-07-08 20:43:36.449 18997 RALLYDEBUG rally_openstack.cleanup.manager [-] Cleaning up neutron floatingip objects
2019-07-08 20:43:37.258 18997 RALLYDEBUG rally_openstack.cleanup.manager [-] Cleaning up neutron port objects
2019-07-08 20:43:38.761 18997 RALLYDEBUG rally_openstack.cleanup.manager [-] Cleaning up neutron subnet objects
2019-07-08 20:43:39.603 18997 RALLYDEBUG rally_openstack.cleanup.manager [-] Cleaning up neutron network objects
2019-07-08 20:43:40.563 18997 RALLYDEBUG rally_openstack.cleanup.manager [-] Deleting neutron.network object s_rally_44b8f2d9_inkgbXOu (03b94186-3d2f-40c6-9e25-96d77a9750dc)
2019-07-08 20:43:40.567 18997 RALLYDEBUG rally_openstack.cleanup.manager [-] Deleting neutron.network object s_rally_44b8f2d9_Usl4ouMt (07c586e4-4865-48e7-9d82-ccba97af71fe)
2019-07-08 20:43:40.573 18997 RALLYDEBUG rally_openstack.cleanup.manager [-] Deleting neutron.network object s_rally_44b8f2d9_CPmB2A4M (0f86e97e-4d4d-414f-aa13-8f72d2dd4546)
2019-07-08 20:43:40.574 18997 RALLYDEBUG rally_openstack.cleanup.manager [-] Deleting neutron.network object s_rally_44b8f2d9_d4SBAsjS (0e66c4e1-806d-410b-b9b6-f90b0e3422ce)
2019-07-08 20:43:40.578 18997 RALLYDEBUG rally_openstack.cleanup.manager [-] Deleting neutron.network object s_rally_44b8f2d9_uyw8U5cA (0f9b5143-ef34-4e4a-b522-347a99c87ea4)
2019-07-08 20:43:40.592 18997 RALLYDEBUG rally_openstack.cleanup.manager [-] Deleting neutron.network object s_rally_44b8f2d9_BIwOuu3G (137d601b-c01a-48a2-8e0c-6db8a5b454f5)
2019-07-08 20:43:40.602 18997 RALLYDEBUG rally_openstack.cleanup.manager [-] Deleting neutron.network object s_rally_44b8f2d9_CUipR209 (1447fc9d-d777-492a-8048-b47e8c25d51b)
2019-07-08 20:43:40.612 18997 RALLYDEBUG rally_openstack.cleanup.manager [-] Deleting neutron.network object s_rally_44b8f2d9_eNW6x7yW (11d90c8f-023c-4385-9b28-7593e24e6725)
2019-07-08 20:43:40.619 18997 RALLYDEBUG rally_openstack.cleanup.manager [-] Deleting neutron.network object s_rally_44b8f2d9_FoJjGYox (14d31cca-ae1b-42d1-9249-637a0a5611b8)
2019-07-08 20:43:40.627 18997 RALLYDEBUG rally_openstack.cleanup.manager [-] Deleting neutron.network object s_rally_44b8f2d9_nR4i92ld (168353fe-bc4c-419f-9a6f-8beef0f72f7d)
2019-07-08 20:43:40.642 18997 RALLYDEBUG rally_openstack.cleanup.manager [-] Deleting neutron.network object s_rally_44b8f2d9_3MJHdTJh (1e2ddef3-d09b-4764-b50b-b7811de45ad2)
2019-07-08 20:43:40.667 18997 RALLYDEBUG rally_openstack.cleanup.manager [-] Deleting neutron.network object s_rally_44b8f2d9_8BGk8Ory (1ffc16d2-d6b7-43fb-a472-647f1c5a6a01)
2019-07-08 20:43:40.673 18997 RALLYDEBUG rally_openstack.cleanup.manager [-] Deleting neutron.network object s_rally_44b8f2d9_BoWsC2cN (30ca775d-6758-4ea2-9907-89477e589607)
2019-07-08 20:43:40.691 18997 RALLYDEBUG rally_openstack.cleanup.manager [-] Deleting neutron.network object s_rally_44b8f2d9_OY2n464f (38546879-e588-4e07-ac6e-7121e02bb593)
2019-07-08 20:43:40.697 18997 RALLYDEBUG rally_openstack.cleanup.manager [-] Deleting neutron.network object s_rally_44b8f2d9_ZQXWGmle (2df5861c-638c-4a89-8688-3d112694fcce)
2019-07-08 20:43:40.705 18997 RALLYDEBUG rally_openstack.cleanup.manager [-] Deleting neutron.network object s_rally_44b8f2d9_W7vZuH0V (3af3abc4-622f-4b18-84a8-721f23ce280a)
2019-07-08 20:43:40.719 18997 RALLYDEBUG rally_openstack.cleanup.manager [-] Deleting neutron.network object s_rally_44b8f2d9_sWkfos2G (3b473f9e-2cb5-46c6-897d-ad7a7cb784b2)
2019-07-08 20:43:40.734 18997 RALLYDEBUG rally_openstack.cleanup.manager [-] Deleting neutron.network object s_rally_44b8f2d9_WPfntkyY (3d3cb857-2812-4cee-b2af-af34eb9736a4)
2019-07-08 20:43:40.746 18997 RALLYDEBUG rally_openstack.cleanup.manager [-] Deleting neutron.network object s_rally_44b8f2d9_JtgVRIPj (402b2336-ca67-49cc-9504-37c8da3dc950)
2019-07-08 20:43:40.757 18997 RALLYDEBUG rally_openstack.cleanup.manager [-] Deleting neutron.network object s_rally_44b8f2d9_VdVjINzz (40c42265-ce45-444b-a7d7-cae6c664975e)
2019-07-08 20:43:43.980 18997 RALLYDEBUG rally_openstack.cleanup.manager [-] Deleting neutron.network object s_rally_44b8f2d9_h18uNRdR (44f8c06c-1f5e-4b48-abe4-d551b9d12fb8)
2019-07-08 20:43:44.072 18997 RALLYDEBUG rally_openstack.cleanup.manager [-] Deleting neutron.network object s_rally_44b8f2d9_ZDlFVzLE (4501e3f2-354f-448b-b2cb-9307236cf7ac)
2019-07-08 20:43:44.132 18997 RALLYDEBUG rally_openstack.cleanup.manager [-] Deleting neutron.network object s_rally_44b8f2d9_AihglFf9 (466dae4f-1abd-4e0c-b138-faf8ab64f904)
2019-07-08 20:43:44.138 18997 RALLYDEBUG rally_openstack.cleanup.manager [-] Deleting neutron.network object s_rally_44b8f2d9_AmQrDbaT (49e5acfb-d856-480d-925a-b578c83a4f81)
2019-07-08 20:43:44.324 18997 RALLYDEBUG rally_openstack.cleanup.manager [-] Deleting neutron.network object s_rally_44b8f2d9_GB73uvj6 (4a0a3a33-4a49-4016-b48a-a24be61a3e59)
2019-07-08 20:43:44.417 18997 RALLYDEBUG rally_openstack.cleanup.manager [-] Deleting neutron.network object s_rally_44b8f2d9_okvsVjOj (4a608b41-9f3b-4374-a8bc-6c2d0c33a2cf)
2019-07-08 20:43:44.478 18997 RALLYDEBUG rally_openstack.cleanup.manager [-] Deleting neutron.network object s_rally_44b8f2d9_uPMeckgn (4a612292-a001-411f-906c-5869d18dddd2)
2019-07-08 20:43:44.555 18997 RALLYDEBUG rally_openstack.cleanup.manager [-] Deleting neutron.network object s_rally_44b8f2d9_FOVcSX9y (4bcd5d1f-4873-4c44-b018-b5a3d9f52c1c)
2019-07-08 20:43:44.634 18997 RALLYDEBUG rally_openstack.cleanup.manager [-] Deleting neutron.network object s_rally_44b8f2d9_tKgJdffT (4bef68ea-72fa-41ba-b80d-df1cf2321123)
2019-07-08 20:43:44.970 18997 RALLYDEBUG rally_openstack.cleanup.manager [-] Deleting neutron.network object s_rally_44b8f2d9_qe9cL6W1 (51487255-4b24-4f49-97d7-cda730a0e57b)
2019-07-08 20:43:45.114 18997 RALLYDEBUG rally_openstack.cleanup.manager [-] Deleting neutron.network object s_rally_44b8f2d9_vPcNeYjY (5249b3a0-d055-439b-8f00-9eac5e9a84e5)
2019-07-08 20:43:45.141 18997 RALLYDEBUG rally_openstack.cleanup.manager [-] Deleting neutron.network object s_rally_44b8f2d9_RxcXxFFT (53508b0b-f14b-4d7d-8143-801e154b7e0c)
2019-07-08 20:43:45.187 18997 RALLYDEBUG rally_openstack.cleanup.manager [-] Deleting neutron.network object s_rally_44b8f2d9_ykxs350m (5ea58481-e5ea-4147-b97d-2b783e542e09)
2019-07-08 20:43:45.448 18997 RALLYDEBUG rally_openstack.cleanup.manager [-] Deleting neutron.network object s_rally_44b8f2d9_rieq2VAC (60679985-bec9-434f-aa3f-856d2a026461)
2019-07-08 20:43:45.448 18997 RALLYDEBUG rally_openstack.cleanup.manager [-] Deleting neutron.network object s_rally_44b8f2d9_KVZ5aGfa (6128bacf-8cde-4e80-abad-f4d5e3541c66)
2019-07-08 20:43:45.511 18997 RALLYDEBUG rally_openstack.cleanup.manager [-] Deleting neutron.network object s_rally_44b8f2d9_RBudyowj (61636780-d3d5-48c6-a69d-fd2adf5f96b1)
2019-07-08 20:43:45.678 18997 RALLYDEBUG rally_openstack.cleanup.manager [-] Deleting neutron.network object s_rally_44b8f2d9_FEAfdllq (6353c305-2778-4c1f-877a-fefd92aabcbe)
2019-07-08 20:43:46.715 18997 RALLYDEBUG rally_openstack.cleanup.manager [-] Deleting neutron.network object s_rally_44b8f2d9_0QdvqrAm (68939194-923a-4a5f-8387-b6b95a43afff)
2019-07-08 20:43:46.716 18997 RALLYDEBUG rally_openstack.cleanup.manager [-] Deleting neutron.network object s_rally_44b8f2d9_NQDUWGD5 (68dde0cf-81b0-48ab-88a2-1d06a7f0bb3e)
2019-07-08 20:43:46.748 18997 RALLYDEBUG rally_openstack.cleanup.manager [-] Deleting neutron.network object s_rally_44b8f2d9_EZtGVOEU (6d9a6c59-ee4a-46a8-bdfd-3fec8ee132a4)
2019-07-08 20:43:47.229 18997 RALLYDEBUG rally_openstack.cleanup.manager [-] Deleting neutron.network object s_rally_44b8f2d9_myiSo5QK (72dde8c3-dcea-4d9c-9289-07d2cfe9baa3)
2019-07-08 20:43:47.397 18997 RALLYDEBUG rally_openstack.cleanup.manager [-] Deleting neutron.network object s_rally_44b8f2d9_ty5ljNVQ (79065734-b28d-40e8-99a5-bbad0b747f2f)
2019-07-08 20:43:47.557 18997 RALLYDEBUG rally_openstack.cleanup.manager [-] Deleting neutron.network object s_rally_44b8f2d9_o2Y0zkZX (7af879c7-62bf-4bdb-878f-c1fb8a187731)
2019-07-08 20:43:47.557 18997 RALLYDEBUG rally_openstack.cleanup.manager [-] Deleting neutron.network object s_rally_44b8f2d9_7bixUE1P (7c16a0bf-c30c-4bf5-b321-6daaaf6d05e7)
2019-07-08 20:43:47.678 18997 RALLYDEBUG rally_openstack.cleanup.manager [-] Deleting neutron.network object s_rally_44b8f2d9_aBlOz84V (7c4fcd84-a54a-497a-ae6f-0bd549e65781)
2019-07-08 20:43:48.029 18997 RALLYDEBUG rally_openstack.cleanup.manager [-] Deleting neutron.network object s_rally_44b8f2d9_vADeuWmh (7e065e93-021d-4f2c-8ca1-6de209845c9d)
2019-07-08 20:43:48.036 18997 RALLYDEBUG rally_openstack.cleanup.manager [-] Deleting neutron.network object s_rally_44b8f2d9_stFxpFul (80d32450-9a1f-4cde-ae7e-c7640401814f)
2019-07-08 20:43:48.045 18997 RALLYDEBUG rally_openstack.cleanup.manager [-] Deleting neutron.network object s_rally_44b8f2d9_tKdKHqyE (818b1ea0-2c8b-4dc9-b04c-b5d445a5dd42)
2019-07-08 20:43:48.111 18997 RALLYDEBUG rally_openstack.cleanup.manager [-] Deleting neutron.network object s_rally_44b8f2d9_EZQw7wn6 (82493f7c-3f04-43f3-9b84-a252b7331f0c)
2019-07-08 20:43:48.469 18997 RALLYDEBUG rally_openstack.cleanup.manager [-] Deleting neutron.network object s_rally_44b8f2d9_VrI3e3Aw (90024d7d-8d84-4d21-8581-c31da3d14c7a)
2019-07-08 20:43:48.498 18997 RALLYDEBUG rally_openstack.cleanup.manager [-] Deleting neutron.network object s_rally_44b8f2d9_uLJzIPfn (90cabafc-f222-4cf8-93fd-57ab874c3e19)
2019-07-08 20:43:48.639 18997 RALLYDEBUG rally_openstack.cleanup.manager [-] Deleting neutron.network object s_rally_44b8f2d9_rEDiAFA1 (915f70ec-4aac-4912-9a72-94e46a8c458f)
2019-07-08 20:43:48.730 18997 RALLYDEBUG rally_openstack.cleanup.manager [-] Deleting neutron.network object s_rally_44b8f2d9_9eFNWYqL (95782705-01e7-4907-aa6d-594851f8b0d7)
2019-07-08 20:43:48.826 18997 RALLYDEBUG rally_openstack.cleanup.manager [-] Deleting neutron.network object s_rally_44b8f2d9_jyWysl3Q (996a1987-daa4-4223-8e0c-602bb5e0810e)
2019-07-08 20:43:49.324 18997 RALLYDEBUG rally_openstack.cleanup.manager [-] Deleting neutron.network object s_rally_44b8f2d9_l7OgXqVe (9b7b1bda-f456-4292-99be-058c323be407)
2019-07-08 20:43:49.572 18997 RALLYDEBUG rally_openstack.cleanup.manager [-] Deleting neutron.network object s_rally_44b8f2d9_Ry8V6jpH (9bed52fc-dcc8-40bc-9a85-f969808cdf31)
2019-07-08 20:43:49.862 18997 RALLYDEBUG rally_openstack.cleanup.manager [-] Deleting neutron.network object s_rally_44b8f2d9_msawPFho (9c5317b2-b958-4148-bf46-8eb0f7c6efcb)
2019-07-08 20:43:49.998 18997 RALLYDEBUG rally_openstack.cleanup.manager [-] Deleting neutron.network object s_rally_44b8f2d9_ocGsP9s6 (9edd5cb8-f2fa-4a4b-a007-c25d1fe41fc2)
2019-07-08 20:43:50.053 18997 RALLYDEBUG rally_openstack.cleanup.manager [-] Deleting neutron.network object s_rally_44b8f2d9_KoUnFcbD (a2cf5489-3dff-41e4-ae2a-04305ff2d051)
2019-07-08 20:43:50.166 18997 RALLYDEBUG rally_openstack.cleanup.manager [-] Deleting neutron.network object s_rally_44b8f2d9_8Qa0YEbN (a345a2af-a87b-4543-aba0-9dc5c4087903)
2019-07-08 20:43:50.701 18997 RALLYDEBUG rally_openstack.cleanup.manager [-] Deleting neutron.network object s_rally_44b8f2d9_txtWmBkw (a41eafd3-6b5c-4988-8959-c811969cc9f7)
2019-07-08 20:43:50.812 18997 RALLYDEBUG rally_openstack.cleanup.manager [-] Deleting neutron.network object s_rally_44b8f2d9_S22oMTmy (a4719481-a07b-4a80-9d8f-ee2c88610e05)
2019-07-08 20:43:50.818 18997 RALLYDEBUG rally_openstack.cleanup.manager [-] Deleting neutron.network object s_rally_44b8f2d9_rLALyhz9 (ab3973bc-a212-4a66-b872-3752370701b6)
2019-07-08 20:43:50.879 18997 RALLYDEBUG rally_openstack.cleanup.manager [-] Deleting neutron.network object s_rally_44b8f2d9_KUDHmgtD (ab7467db-e2f0-4fcc-845e-a83aa2a2b3ce)
2019-07-08 20:43:50.973 18997 RALLYDEBUG rally_openstack.cleanup.manager [-] Deleting neutron.network object s_rally_44b8f2d9_LeryhUbe (b077c4a0-d7c7-4410-a10a-3728e20f21ae)
2019-07-08 20:43:51.084 18997 RALLYDEBUG rally_openstack.cleanup.manager [-] Deleting neutron.network object s_rally_44b8f2d9_6udYkro0 (b10386c8-e4f2-4c87-872e-90f5ba0e7568)
2019-07-08 20:43:51.232 18997 RALLYDEBUG rally_openstack.cleanup.manager [-] Deleting neutron.network object s_rally_44b8f2d9_U0WGaDdT (b18d69e8-3486-42e0-8a01-11b19c938385)
2019-07-08 20:43:51.613 18997 RALLYDEBUG rally_openstack.cleanup.manager [-] Deleting neutron.network object s_rally_44b8f2d9_jXUhdGE5 (b24e9456-6eed-4123-8dd9-b9b7381f1828)
2019-07-08 20:43:51.779 18997 RALLYDEBUG rally_openstack.cleanup.manager [-] Deleting neutron.network object s_rally_44b8f2d9_KEEW1gOg (b57ef9a0-d47b-4f10-a2cd-827bd0c8c6ae)
2019-07-08 20:43:51.794 18997 RALLYDEBUG rally_openstack.cleanup.manager [-] Deleting neutron.network object s_rally_44b8f2d9_fswSgziB (b64a3676-89e7-47c9-9cc6-7260169ba54b)
2019-07-08 20:43:51.912 18997 RALLYDEBUG rally_openstack.cleanup.manager [-] Deleting neutron.network object s_rally_44b8f2d9_Vu9oD1hu (b746bd6d-1344-494a-aad6-6b597f5ef571)
2019-07-08 20:43:52.042 18997 RALLYDEBUG rally_openstack.cleanup.manager [-] Deleting neutron.network object s_rally_44b8f2d9_QgPShUi8 (b89d191e-449a-40b4-a7ef-b81ae69d9521)
2019-07-08 20:43:52.112 18997 RALLYDEBUG rally_openstack.cleanup.manager [-] Deleting neutron.network object s_rally_44b8f2d9_5bRkfCIE (b96af931-0580-4f3d-b316-4a2f025d5d2a)
2019-07-08 20:43:52.326 18997 RALLYDEBUG rally_openstack.cleanup.manager [-] Deleting neutron.network object s_rally_44b8f2d9_t69wD05t (baf36c58-60c3-4448-8c89-4271049f9ff8)
2019-07-08 20:43:52.356 18997 RALLYDEBUG rally_openstack.cleanup.manager [-] Deleting neutron.network object s_rally_44b8f2d9_kIW05Vr0 (c3bb0731-42da-48e4-a575-dee6cbcedc8c)
2019-07-08 20:43:52.570 18997 RALLYDEBUG rally_openstack.cleanup.manager [-] Deleting neutron.network object s_rally_44b8f2d9_8jl6gXt2 (c5000cbe-bc85-4e3f-9841-1ac50604eccb)
2019-07-08 20:43:53.334 18997 RALLYDEBUG rally_openstack.cleanup.manager [-] Deleting neutron.network object s_rally_44b8f2d9_3rRyoRPd (c504cd17-537e-4e75-ab2b-890d98d0d70c)
2019-07-08 20:43:53.379 18997 RALLYDEBUG rally_openstack.cleanup.manager [-] Deleting neutron.network object s_rally_44b8f2d9_k8xql0Xo (c61c3cad-65be-451d-882d-6b80fb293550)
2019-07-08 20:43:53.449 18997 RALLYDEBUG rally_openstack.cleanup.manager [-] Deleting neutron.network object s_rally_44b8f2d9_CyD9cW4f (c7f18a28-feee-4ffa-a5f2-558e8b245584)
2019-07-08 20:43:53.669 18997 RALLYDEBUG rally_openstack.cleanup.manager [-] Deleting neutron.network object s_rally_44b8f2d9_H4NNKfMu (c99c5469-06cb-4eca-85e2-4af7f5702db9)
2019-07-08 20:43:53.789 18997 RALLYDEBUG rally_openstack.cleanup.manager [-] Deleting neutron.network object s_rally_44b8f2d9_5iotH2CZ (ca326511-ecdc-4502-b4c9-d49085746467)
2019-07-08 20:43:53.884 18997 RALLYDEBUG rally_openstack.cleanup.manager [-] Deleting neutron.network object s_rally_44b8f2d9_H3yq1TZP (cd3cd7ed-ded2-42c0-93d5-40f891ec29de)
2019-07-08 20:43:54.550 18997 RALLYDEBUG rally_openstack.cleanup.manager [-] Deleting neutron.network object s_rally_44b8f2d9_n5nvbbAY (d2d9bea0-f7b8-4680-9b76-1bc8bb6cd9b0)
2019-07-08 20:43:54.710 18997 RALLYDEBUG rally_openstack.cleanup.manager [-] Deleting neutron.network object s_rally_44b8f2d9_UdTTO5oW (d390a53a-1a62-4e1d-aa7d-61d8402a9c85)
2019-07-08 20:43:54.840 18997 RALLYDEBUG rally_openstack.cleanup.manager [-] Deleting neutron.network object s_rally_44b8f2d9_QOBFeslF (da7fa9e6-e73c-409f-be03-f936e3c6acb2)
2019-07-08 20:43:54.893 18997 RALLYDEBUG rally_openstack.cleanup.manager [-] Deleting neutron.network object s_rally_44b8f2d9_ryxH4Jcm (db90bb53-4ff0-457f-9454-8645f1596ad1)
2019-07-08 20:43:54.967 18997 RALLYDEBUG rally_openstack.cleanup.manager [-] Deleting neutron.network object s_rally_44b8f2d9_a597RSK8 (dcd16e9c-2313-4588-84c7-c47c298b5473)
2019-07-08 20:43:54.981 18997 RALLYDEBUG rally_openstack.cleanup.manager [-] Deleting neutron.network object s_rally_44b8f2d9_vTHdCVzH (de3cee4f-d4fe-4040-aca8-855072f85692)
2019-07-08 20:43:55.064 18997 RALLYDEBUG rally_openstack.cleanup.manager [-] Deleting neutron.network object s_rally_44b8f2d9_UwJQU7mH (e24b3469-ec8f-469f-8b60-ed847073fddf)
2019-07-08 20:43:55.218 18997 RALLYDEBUG rally_openstack.cleanup.manager [-] Deleting neutron.network object s_rally_44b8f2d9_QQuUFjr0 (e765729c-356f-48aa-923f-457b4c2235b4)
2019-07-08 20:43:55.364 18997 RALLYDEBUG rally_openstack.cleanup.manager [-] Deleting neutron.network object s_rally_44b8f2d9_qTqzxZmo (e7caf7b6-6d67-42eb-a5c8-5981c53e64de)
2019-07-08 20:43:55.384 18997 RALLYDEBUG rally_openstack.cleanup.manager [-] Deleting neutron.network object s_rally_44b8f2d9_sHtukqCw (e8422736-c982-45e9-958e-d2e7871ced86)
2019-07-08 20:43:55.487 18997 RALLYDEBUG rally_openstack.cleanup.manager [-] Deleting neutron.network object s_rally_44b8f2d9_wcIWgqlL (ecd5deb1-5cbc-461c-be61-b75344f71ad6)
2019-07-08 20:43:55.550 18997 RALLYDEBUG rally_openstack.cleanup.manager [-] Deleting neutron.network object s_rally_44b8f2d9_KcCQH6rm (f002c6c6-6f9c-43b8-80b2-f87162bcd5ee)
2019-07-08 20:43:55.600 18997 RALLYDEBUG rally_openstack.cleanup.manager [-] Deleting neutron.network object s_rally_44b8f2d9_ZOt9j2FR (f4d3e00a-d4fe-4e70-91cc-4db227179fc3)
2019-07-08 20:43:55.827 18997 RALLYDEBUG rally_openstack.cleanup.manager [-] Deleting neutron.network object s_rally_44b8f2d9_biEXJiGq (f9f54f3b-ca03-488c-8a45-ee8d07906835)
