2019-07-08 20:58:56.570 18997 RALLYDEBUG rally_openstack.cleanup.manager [-] Deleting neutron.port object s_rally_9f667a1a_4zmsefOm (d8246779-5d7a-4952-b867-705f838649e4)
2019-07-08 20:58:56.602 18997 RALLYDEBUG rally_openstack.cleanup.manager [-] Deleting neutron.port object s_rally_9f667a1a_szJqbg3S (d870b682-cb1b-486d-9d6e-f099fc2de789)
2019-07-08 20:58:56.708 18997 RALLYDEBUG rally_openstack.cleanup.manager [-] Deleting neutron.port object s_rally_9f667a1a_XPbqDfzj (d8908f19-0153-48d8-b187-d69fbab39787)
2019-07-08 20:58:56.778 18997 RALLYDEBUG rally_openstack.cleanup.manager [-] Deleting neutron.port object s_rally_9f667a1a_gcsdDOeE (d8b1a897-e324-461f-a588-c883be32704a)
2019-07-08 20:58:56.865 18997 RALLYDEBUG rally_openstack.cleanup.manager [-] Deleting neutron.port object s_rally_9f667a1a_2RUYj2Yk (da914506-2734-445f-8234-ee0aa120b465)
2019-07-08 20:58:56.951 18997 RALLYDEBUG rally_openstack.cleanup.manager [-] Deleting neutron.port object s_rally_9f667a1a_KiUv9u8x (db1f48e4-ea72-406a-b1d3-1f72ec8dbf13)
2019-07-08 20:58:57.039 18997 RALLYDEBUG rally_openstack.cleanup.manager [-] Deleting neutron.port object s_rally_9f667a1a_CLfFRhBd (db22a868-4ecf-4cc1-a0a3-6401b349cde1)
2019-07-08 20:58:57.132 18997 RALLYDEBUG rally_openstack.cleanup.manager [-] Deleting neutron.port object s_rally_9f667a1a_S6YcDUcd (db79062c-e8d1-4c16-9538-db1d65230bdb)
2019-07-08 20:58:57.211 18997 RALLYDEBUG rally_openstack.cleanup.manager [-] Deleting neutron.port object s_rally_9f667a1a_YZ4M1ZBG (dbf25d5a-1e05-4e23-ac14-47830b6ddaa1)
2019-07-08 20:58:57.341 18997 RALLYDEBUG rally_openstack.cleanup.manager [-] Deleting neutron.port object s_rally_9f667a1a_4wBjlKEj (dbf29910-6080-4bc6-94ac-76aae6bf4182)
2019-07-08 20:58:57.547 18997 RALLYDEBUG rally_openstack.cleanup.manager [-] Deleting neutron.port object s_rally_9f667a1a_zx5D9KPT (dc90b835-f4d3-43a6-bae8-d6e163db597e)
2019-07-08 20:58:57.673 18997 RALLYDEBUG rally_openstack.cleanup.manager [-] Deleting neutron.port object s_rally_9f667a1a_JeBK1V8n (de5e719c-5529-42b7-ab63-67a99bd96dcd)
2019-07-08 20:58:57.836 18997 RALLYDEBUG rally_openstack.cleanup.manager [-] Deleting neutron.port object s_rally_9f667a1a_yfkNdeY6 (debc3c69-f17c-401e-bc15-af9553233f91)
2019-07-08 20:58:58.044 18997 RALLYDEBUG rally_openstack.cleanup.manager [-] Deleting neutron.port object s_rally_9f667a1a_3pP552j0 (dec94f47-1296-4604-ac23-88394f4e94a8)
2019-07-08 20:58:58.195 18997 RALLYDEBUG rally_openstack.cleanup.manager [-] Deleting neutron.port object s_rally_9f667a1a_97Xfdlu5 (dec96de3-f200-476c-8721-1bfd687ed05b)
2019-07-08 20:58:58.301 18997 RALLYDEBUG rally_openstack.cleanup.manager [-] Deleting neutron.port object s_rally_9f667a1a_K27xHUIg (e05379e6-ced8-4624-a3de-f86cdf854661)
2019-07-08 20:58:58.316 18997 RALLYDEBUG rally_openstack.cleanup.manager [-] Deleting neutron.port object s_rally_9f667a1a_25cs5AuA (e0ca407f-b894-4e53-a2be-494c6e314b85)
2019-07-08 20:58:58.504 18997 RALLYDEBUG rally_openstack.cleanup.manager [-] Deleting neutron.port object s_rally_9f667a1a_c41ZSXeL (e1770895-1512-4384-b630-59a2e11de0bc)
2019-07-08 20:58:58.985 18997 RALLYDEBUG rally_openstack.cleanup.manager [-] Deleting neutron.port object s_rally_9f667a1a_PO4SDbzy (e26ac3e8-f7a8-48b4-b81d-3527a7c51736)
2019-07-08 20:58:59.036 18997 RALLYDEBUG rally_openstack.cleanup.manager [-] Deleting neutron.port object s_rally_9f667a1a_ZK99IuZU (e32d81a6-e48e-4fed-bfcf-fbf29a4b8fc1)
2019-07-08 20:58:59.204 18997 RALLYDEBUG rally_openstack.cleanup.manager [-] Deleting neutron.port object s_rally_9f667a1a_kB29vvmm (e341f661-7d7a-454b-9093-d2e47043b481)
2019-07-08 20:58:59.295 18997 RALLYDEBUG rally_openstack.cleanup.manager [-] Deleting neutron.port object s_rally_9f667a1a_aV2jW1Is (e3e1a22c-ccbc-4f96-ab0b-a5ac89e000b5)
2019-07-08 20:58:59.364 18997 RALLYDEBUG rally_openstack.cleanup.manager [-] Deleting neutron.port object s_rally_9f667a1a_AKNrC4JG (e405331c-3a64-49e7-a684-f100133cee3d)
2019-07-08 20:58:59.597 18997 RALLYDEBUG rally_openstack.cleanup.manager [-] Deleting neutron.port object s_rally_9f667a1a_Yc029ERW (e71ad4ac-7460-4319-9550-de561ffe95f7)
2019-07-08 20:58:59.599 18997 RALLYDEBUG rally_openstack.cleanup.manager [-] Deleting neutron.port object s_rally_9f667a1a_JDacva9q (e4a0710a-c1c0-4b53-b85b-3d94b362698c)
2019-07-08 20:58:59.891 18997 RALLYDEBUG rally_openstack.cleanup.manager [-] Deleting neutron.port object s_rally_9f667a1a_foPFXApD (e76602af-2f5b-4f65-87e2-ae50cb1197b3)
2019-07-08 20:58:59.898 18997 RALLYDEBUG rally_openstack.cleanup.manager [-] Deleting neutron.port object s_rally_9f667a1a_7MIoldHd (e866c5e6-4e30-441b-a600-22cb588170c3)
2019-07-08 20:58:59.990 18997 RALLYDEBUG rally_openstack.cleanup.manager [-] Deleting neutron.port object s_rally_9f667a1a_tJFrRZH3 (e868aaf3-d016-4723-9fec-7bb8287f7f84)
2019-07-08 20:58:59.997 18997 RALLYDEBUG rally_openstack.cleanup.manager [-] Deleting neutron.port object s_rally_9f667a1a_LDC8nJ4P (e8eee709-4a89-4dbf-a1ec-bcf5af7b6594)
2019-07-08 20:59:00.090 18997 RALLYDEBUG rally_openstack.cleanup.manager [-] Deleting neutron.port object s_rally_9f667a1a_7jnf7NAz (e907ce3b-f4ea-4f6f-b6c0-ecad0175830a)
2019-07-08 20:59:00.190 18997 RALLYDEBUG rally_openstack.cleanup.manager [-] Deleting neutron.port object s_rally_9f667a1a_cGFihOva (e9aa9b78-b084-4600-ac5f-c1c279f2f6a9)
2019-07-08 20:59:00.199 18997 RALLYDEBUG rally_openstack.cleanup.manager [-] Deleting neutron.port object s_rally_9f667a1a_ET4OieYq (eb792ca8-ffc3-4421-a963-243b80d1ae04)
2019-07-08 20:59:00.199 18997 RALLYDEBUG rally_openstack.cleanup.manager [-] Deleting neutron.port object s_rally_9f667a1a_BFTyjZnw (ea4b2c7c-ed0d-4920-a35e-7ef6465de8c3)
2019-07-08 20:59:00.663 18997 RALLYDEBUG rally_openstack.cleanup.manager [-] Deleting neutron.port object s_rally_9f667a1a_Xj61zldA (ebc7753d-9e44-4c7d-924b-7505b2f32170)
2019-07-08 20:59:00.683 18997 RALLYDEBUG rally_openstack.cleanup.manager [-] Deleting neutron.port object s_rally_9f667a1a_f2YuYznl (ec4113ac-4408-4624-ba54-1fb114175573)
2019-07-08 20:59:00.963 18997 RALLYDEBUG rally_openstack.cleanup.manager [-] Deleting neutron.port object s_rally_9f667a1a_gJXkUagt (edbd08c9-01af-4aed-9a85-86c60db142f1)
2019-07-08 20:59:01.084 18997 RALLYDEBUG rally_openstack.cleanup.manager [-] Deleting neutron.port object s_rally_9f667a1a_7bbVSQt8 (ef095fc6-2b4a-4223-b07f-d8b582331e4e)
2019-07-08 20:59:01.259 18997 RALLYDEBUG rally_openstack.cleanup.manager [-] Deleting neutron.port object s_rally_9f667a1a_fssTpnPx (effad7ae-ad07-4098-8eb4-fe04bdd2631b)
2019-07-08 20:59:01.451 18997 RALLYDEBUG rally_openstack.cleanup.manager [-] Deleting neutron.port object s_rally_9f667a1a_rKgyofoQ (f024d5f2-996e-4d50-830a-0d6ee54f1a9b)
2019-07-08 20:59:01.565 18997 RALLYDEBUG rally_openstack.cleanup.manager [-] Deleting neutron.port object s_rally_9f667a1a_gGoYZZQm (f0e965b0-5d0d-4dd4-b5fa-51d52bc076e2)
2019-07-08 20:59:01.647 18997 RALLYDEBUG rally_openstack.cleanup.manager [-] Deleting neutron.port object s_rally_9f667a1a_imw0lsxA (f10b3dda-db17-4b22-9f98-a4acd3cbfbe3)
2019-07-08 20:59:01.989 18997 RALLYDEBUG rally_openstack.cleanup.manager [-] Deleting neutron.port object s_rally_9f667a1a_IOzMnODB (f24b5b5b-5531-4ca6-a303-4d596cc65b57)
2019-07-08 20:59:02.094 18997 RALLYDEBUG rally_openstack.cleanup.manager [-] Deleting neutron.port object s_rally_9f667a1a_FxRBDsWf (f25c8ffd-f88a-4bfb-8fc4-904d6f5cec15)
2019-07-08 20:59:02.229 18997 RALLYDEBUG rally_openstack.cleanup.manager [-] Deleting neutron.port object s_rally_9f667a1a_XvFhZThd (f3112c66-7c8b-4973-84aa-932a1d43b06f)
2019-07-08 20:59:02.351 18997 RALLYDEBUG rally_openstack.cleanup.manager [-] Deleting neutron.port object s_rally_9f667a1a_MYttVleR (f36a6b52-aad6-43c0-ad4b-3d7c5b32daa2)
2019-07-08 20:59:02.556 18997 RALLYDEBUG rally_openstack.cleanup.manager [-] Deleting neutron.port object s_rally_9f667a1a_CVKIreYH (f4c7c6fd-6b08-4369-86d5-81ebe7b82c0d)
2019-07-08 20:59:02.743 18997 RALLYDEBUG rally_openstack.cleanup.manager [-] Deleting neutron.port object s_rally_9f667a1a_e9YqaYth (f50730bd-7549-4765-8b4c-f8c57c48412b)
2019-07-08 20:59:02.771 18997 RALLYDEBUG rally_openstack.cleanup.manager [-] Deleting neutron.port object s_rally_9f667a1a_TFMjpA2l (f555461b-5dd6-4111-a558-bf2110866eee)
2019-07-08 20:59:02.894 18997 RALLYDEBUG rally_openstack.cleanup.manager [-] Deleting neutron.port object s_rally_9f667a1a_OdIKXvDb (f58cb522-9750-412f-b177-cf30195e2152)
2019-07-08 20:59:02.942 18997 RALLYDEBUG rally_openstack.cleanup.manager [-] Deleting neutron.port object s_rally_9f667a1a_vAv2K2kI (f5b0dd36-9a4a-40a9-8858-f4df8e898c60)
2019-07-08 20:59:02.986 18997 RALLYDEBUG rally_openstack.cleanup.manager [-] Deleting neutron.port object s_rally_9f667a1a_R8mj2gzr (f66511f7-edd0-4bc3-96d2-becc1bf4a8c1)
2019-07-08 20:59:02.990 18997 RALLYDEBUG rally_openstack.cleanup.manager [-] Deleting neutron.port object s_rally_9f667a1a_tv1qJBt2 (f67f3bb6-45fc-434a-aa44-57b00b047c9b)
2019-07-08 20:59:03.098 18997 RALLYDEBUG rally_openstack.cleanup.manager [-] Deleting neutron.port object s_rally_9f667a1a_CIVJLZRb (f7c506aa-5e8c-4674-92c9-0118e7e921c2)
2019-07-08 20:59:03.169 18997 RALLYDEBUG rally_openstack.cleanup.manager [-] Deleting neutron.port object s_rally_9f667a1a_kZLJegJ7 (f8536f7b-8ef1-44e9-ae65-4865b604ca70)
2019-07-08 20:59:03.210 18997 RALLYDEBUG rally_openstack.cleanup.manager [-] Deleting neutron.port object s_rally_9f667a1a_fLBecGlk (f9357dcf-5a68-46ca-9cb4-0bed14091c35)
2019-07-08 20:59:03.430 18997 RALLYDEBUG rally_openstack.cleanup.manager [-] Deleting neutron.port object s_rally_9f667a1a_wdTEdh17 (fb05b271-15ce-406c-a09f-4457857a348d)
2019-07-08 20:59:03.572 18997 RALLYDEBUG rally_openstack.cleanup.manager [-] Deleting neutron.port object s_rally_9f667a1a_RRePOqeb (fba9f2af-c004-4996-bf56-a2ae40d3db4f)
2019-07-08 20:59:03.737 18997 RALLYDEBUG rally_openstack.cleanup.manager [-] Deleting neutron.port object s_rally_9f667a1a_1G5F5RHd (fc58a6ac-f97c-42a7-aa9a-8a6499ce024e)
2019-07-08 20:59:03.990 18997 RALLYDEBUG rally_openstack.cleanup.manager [-] Deleting neutron.port object s_rally_9f667a1a_Qr0JVZza (fc5d6925-9b51-4aca-8329-c9a180c31033)
2019-07-08 20:59:04.058 18997 RALLYDEBUG rally_openstack.cleanup.manager [-] Deleting neutron.port object s_rally_9f667a1a_6vb9921L (fcc5eb79-3ade-48e9-849d-a29c4bf0624b)
2019-07-08 20:59:06.309 18997 RALLYDEBUG rally_openstack.cleanup.manager [-] Cleaning up neutron subnet objects
2019-07-08 20:59:07.002 18997 RALLYDEBUG rally_openstack.cleanup.manager [-] Cleaning up neutron network objects
2019-07-08 20:59:07.880 18997 RALLYDEBUG rally_openstack.cleanup.manager [-] Deleting neutron.network object s_rally_9f667a1a_rd61xa8X (0c727afe-5140-487d-b9ca-19a46709dd85)
2019-07-08 20:59:07.888 18997 RALLYDEBUG rally_openstack.cleanup.manager [-] Deleting neutron.network object s_rally_9f667a1a_bKBRKS6H (48355cd7-8838-4540-89ae-4d6bd7a86ad1)
2019-07-08 20:59:07.894 18997 RALLYDEBUG rally_openstack.cleanup.manager [-] Deleting neutron.network object s_rally_9f667a1a_37JmpmfU (6578cd2d-4abf-4300-b1fb-85846f2c30a6)
2019-07-08 20:59:07.900 18997 RALLYDEBUG rally_openstack.cleanup.manager [-] Deleting neutron.network object s_rally_9f667a1a_zn4hF4wU (66aa3089-87e4-4f1f-a87f-5aa07b58102b)
2019-07-08 20:59:07.909 18997 RALLYDEBUG rally_openstack.cleanup.manager [-] Deleting neutron.network object s_rally_9f667a1a_9BvmlRDP (7d6f37eb-3221-4c31-9dd2-f7ef8d25281e)
2019-07-08 20:59:07.910 18997 RALLYDEBUG rally_openstack.cleanup.manager [-] Deleting neutron.network object s_rally_9f667a1a_89oO2033 (cbc29428-0ef9-4350-9c56-ab9715631733)
2019-07-08 20:59:07.925 18997 RALLYDEBUG rally_openstack.cleanup.manager [-] Deleting neutron.network object s_rally_9f667a1a_XwtVpbgv (f5382930-32aa-4e62-9ac6-45e25b565355)
2019-07-08 20:59:07.931 18997 RALLYDEBUG rally_openstack.cleanup.manager [-] Deleting neutron.network object s_rally_9f667a1a_bAyMWo0E (d624f199-95e8-4437-9168-9a0acf98a1dc)
2019-07-08 20:59:12.385 18997 RALLYDEBUG rally_openstack.cleanup.manager [-] Cleaning up neutron router objects
2019-07-08 20:59:13.169 18997 RALLYDEBUG rally_openstack.cleanup.manager [-] Cleaning up neutron security_group objects
2019-07-08 20:59:13.875 18997 INFO rally.task.context [-] Task f7d6c8a3-bbb5-4510-92c0-a5a93f145259 | Context cleanup@openstack cleanup() finished in 1.13 min
2019-07-08 20:59:13.875 18997 INFO rally.task.context [-] Task f7d6c8a3-bbb5-4510-92c0-a5a93f145259 | Context quotas@openstack cleanup() started
2019-07-08 20:59:14.203 18997 INFO rally.task.context [-] Task f7d6c8a3-bbb5-4510-92c0-a5a93f145259 | Context quotas@openstack cleanup() finished in 0.33 sec
2019-07-08 20:59:14.204 18997 INFO rally.task.context [-] Task f7d6c8a3-bbb5-4510-92c0-a5a93f145259 | Context users@openstack cleanup() started
2019-07-08 20:59:19.470 18997 INFO rally.task.context [-] Task f7d6c8a3-bbb5-4510-92c0-a5a93f145259 | Context users@openstack cleanup() finished in 5.27 sec
2019-07-08 20:59:19.688 18997 INFO rally.task.engine [-] Load duration is: 113.472421
2019-07-08 20:59:19.688 18997 INFO rally.task.engine [-] Full runner duration is: 113.513495
2019-07-08 20:59:19.689 18997 INFO rally.task.engine [-] Full duration is: 192.577374
2019-07-08 20:59:19.894 18997 INFO rally.task.engine [-] Running workload: position = 1 config = { "version": 2, "title": "A cropped version of a bigger task.", "description": "Auto-generated task from a single workload (uuid=341726bf-8a9f-4294-aca9-46247cbbe059)", "subtasks": [ { "title": "NeutronNetworks.create_and_update_ports", "description": "Create and update a given number of ports.", "scenario": { "NeutronNetworks.create_and_update_ports": { "network_create_args": {}, "port_create_args": {}, "ports_per_network": 5, "port_update_args": { "admin_state_up": false, "device_id": "dummy_id", "device_owner": "dummy_owner", "name": "_port_updated" } } }, "contexts": { "users": { "tenants": 1, "users_per_tenant": 1 }, "quotas": { "neutron": { "network": -1, "port": -1 } } }, "runner": { "constant": { "times": 40, "concurrency": 20 } }, "hooks": [], "sla": { "failure_rate": { "max": 0 } } } ] }
2019-07-08 20:59:19.915 18997 RALLYDEBUG rally_openstack.contexts.keystone.users [-] Creating 1 tenants using 20 threads
2019-07-08 20:59:21.847 18997 RALLYDEBUG rally_openstack.contexts.keystone.users [-] Creating 1 users using 20 threads
2019-07-08 20:59:24.754 18997 INFO rally.task.context [-] Task f7d6c8a3-bbb5-4510-92c0-a5a93f145259 | Context users@openstack setup() finished in 4.84 sec
2019-07-08 20:59:25.585 18997 INFO rally.task.context [-] Task f7d6c8a3-bbb5-4510-92c0-a5a93f145259 | Context quotas@openstack setup() finished in 0.83 sec
2019-07-08 20:59:25.586 18997 INFO rally.task.context [-] Task f7d6c8a3-bbb5-4510-92c0-a5a93f145259 | Context cleanup@openstack setup() finished in 0.00 msec
2019-07-08 20:59:25.593 18997 RALLYDEBUG rally.task.runner [-] Starting the constant runner (task UUID: f7d6c8a3-bbb5-4510-92c0-a5a93f145259). timeout: 0 concurrency: 20 concurrency_per_worker: 1 times: 40 concurrency_overhead: 4 processes_to_start: 16 max_cpu_used: 16
2019-07-08 20:59:25.606 22873 RALLYDEBUG rally.task.runner [-] Starting a worker. concurrency: 2 args: {"network_create_args": {}, "port_create_args": {}, "ports_per_network": 5, "port_update_args": {"admin_state_up": false, "device_id": "dummy_id", "device_owner": "dummy_owner", "name": "_port_updated"}} times: 40 method_name: run timeout: 0 duration: None cls:
2019-07-08 20:59:25.609 22874 RALLYDEBUG rally.task.runner [-] Starting a worker. concurrency: 2 args: {"network_create_args": {}, "port_create_args": {}, "ports_per_network": 5, "port_update_args": {"admin_state_up": false, "device_id": "dummy_id", "device_owner": "dummy_owner", "name": "_port_updated"}} times: 40 method_name: run timeout: 0 duration: None cls:
2019-07-08 20:59:25.612 22875 RALLYDEBUG rally.task.runner [-] Starting a worker. concurrency: 2 args: {"network_create_args": {}, "port_create_args": {}, "ports_per_network": 5, "port_update_args": {"admin_state_up": false, "device_id": "dummy_id", "device_owner": "dummy_owner", "name": "_port_updated"}} times: 40 method_name: run timeout: 0 duration: None cls:
2019-07-08 20:59:25.615 22873 INFO rally.task.runner [-] Task f7d6c8a3-bbb5-4510-92c0-a5a93f145259 | ITER: 1 START
2019-07-08 20:59:25.616 22874 INFO rally.task.runner [-] Task f7d6c8a3-bbb5-4510-92c0-a5a93f145259 | ITER: 2 START
2019-07-08 20:59:25.616 22876 RALLYDEBUG rally.task.runner [-] Starting a worker. concurrency: 2 args: {"network_create_args": {}, "port_create_args": {}, "ports_per_network": 5, "port_update_args": {"admin_state_up": false, "device_id": "dummy_id", "device_owner": "dummy_owner", "name": "_port_updated"}} times: 40 method_name: run timeout: 0 duration: None cls:
2019-07-08 20:59:25.617 22874 WARNING rally_openstack.scenarios.neutron.utils [-] Running this scenario without either the 'network' or 'existing_network' context is deprecated
2019-07-08 20:59:25.617 22873 INFO rally.task.runner [-] Task f7d6c8a3-bbb5-4510-92c0-a5a93f145259 | ITER: 3 START
2019-07-08 20:59:25.618 22883 RALLYDEBUG rally.task.runner [-] Starting a worker. concurrency: 1 args: {"network_create_args": {}, "port_create_args": {}, "ports_per_network": 5, "port_update_args": {"admin_state_up": false, "device_id": "dummy_id", "device_owner": "dummy_owner", "name": "_port_updated"}} times: 40 method_name: run timeout: 0 duration: None cls:
2019-07-08 20:59:25.618 22873 WARNING rally_openstack.scenarios.neutron.utils [-] Running this scenario without either the 'network' or 'existing_network' context is deprecated
2019-07-08 20:59:25.619 22879 RALLYDEBUG rally.task.runner [-] Starting a worker. concurrency: 1 args: {"network_create_args": {}, "port_create_args": {}, "ports_per_network": 5, "port_update_args": {"admin_state_up": false, "device_id": "dummy_id", "device_owner": "dummy_owner", "name": "_port_updated"}} times: 40 method_name: run timeout: 0 duration: None cls:
2019-07-08 20:59:25.620 22875 INFO rally.task.runner [-] Task f7d6c8a3-bbb5-4510-92c0-a5a93f145259 | ITER: 5 START
2019-07-08 20:59:25.621 22883 INFO rally.task.runner [-] Task f7d6c8a3-bbb5-4510-92c0-a5a93f145259 | ITER: 8 START
2019-07-08 20:59:25.622 22883 WARNING rally_openstack.scenarios.neutron.utils [-] Running this scenario without either the 'network' or 'existing_network' context is deprecated
2019-07-08 20:59:25.622 22875 WARNING rally_openstack.scenarios.neutron.utils [-] Running this scenario without either the 'network' or 'existing_network' context is deprecated
2019-07-08 20:59:25.624 22874 INFO rally.task.runner [-] Task f7d6c8a3-bbb5-4510-92c0-a5a93f145259 | ITER: 4 START
2019-07-08 20:59:25.619 22873 WARNING rally_openstack.scenarios.neutron.utils [-] Running this scenario without either the 'network' or 'existing_network' context is deprecated
2019-07-08 20:59:25.626 22887 RALLYDEBUG rally.task.runner [-] Starting a worker. concurrency: 1 args: {"network_create_args": {}, "port_create_args": {}, "ports_per_network": 5, "port_update_args": {"admin_state_up": false, "device_id": "dummy_id", "device_owner": "dummy_owner", "name": "_port_updated"}} times: 40 method_name: run timeout: 0 duration: None cls:
2019-07-08 20:59:25.626 22889 RALLYDEBUG rally.task.runner [-] Starting a worker. concurrency: 1 args: {"network_create_args": {}, "port_create_args": {}, "ports_per_network": 5, "port_update_args": {"admin_state_up": false, "device_id": "dummy_id", "device_owner": "dummy_owner", "name": "_port_updated"}} times: 40 method_name: run timeout: 0 duration: None cls:
2019-07-08 20:59:25.627 22874 WARNING rally_openstack.scenarios.neutron.utils [-] Running this scenario without either the 'network' or 'existing_network' context is deprecated
2019-07-08 20:59:25.626 22876 INFO rally.task.runner [-] Task f7d6c8a3-bbb5-4510-92c0-a5a93f145259 | ITER: 7 START
2019-07-08 20:59:25.627 22876 INFO rally.task.runner [-] Task f7d6c8a3-bbb5-4510-92c0-a5a93f145259 | ITER: 9 START
2019-07-08 20:59:25.629 22876 WARNING rally_openstack.scenarios.neutron.utils [-] Running this scenario without either the 'network' or 'existing_network' context is deprecated
2019-07-08 20:59:25.630 22879 INFO rally.task.runner [-] Task f7d6c8a3-bbb5-4510-92c0-a5a93f145259 | ITER: 10 START
2019-07-08 20:59:25.631 22889 INFO rally.task.runner [-] Task f7d6c8a3-bbb5-4510-92c0-a5a93f145259 | ITER: 12 START
2019-07-08 20:59:25.632 22889 WARNING rally_openstack.scenarios.neutron.utils [-] Running this scenario without either the 'network' or 'existing_network' context is deprecated
2019-07-08 20:59:25.632 22879 WARNING rally_openstack.scenarios.neutron.utils [-] Running this scenario without either the 'network' or 'existing_network' context is deprecated
2019-07-08 20:59:25.634 22898 RALLYDEBUG rally.task.runner [-] Starting a worker. concurrency: 1 args: {"network_create_args": {}, "port_create_args": {}, "ports_per_network": 5, "port_update_args": {"admin_state_up": false, "device_id": "dummy_id", "device_owner": "dummy_owner", "name": "_port_updated"}} times: 40 method_name: run timeout: 0 duration: None cls:
2019-07-08 20:59:25.635 22875 INFO rally.task.runner [-] Task f7d6c8a3-bbb5-4510-92c0-a5a93f145259 | ITER: 6 START
2019-07-08 20:59:25.634 22894 RALLYDEBUG rally.task.runner [-] Starting a worker. concurrency: 1 args: {"network_create_args": {}, "port_create_args": {}, "ports_per_network": 5, "port_update_args": {"admin_state_up": false, "device_id": "dummy_id", "device_owner": "dummy_owner", "name": "_port_updated"}} times: 40 method_name: run timeout: 0 duration: None cls:
2019-07-08 20:59:25.636 22875 WARNING rally_openstack.scenarios.neutron.utils [-] Running this scenario without either the 'network' or 'existing_network' context is deprecated
2019-07-08 20:59:25.637 22876 WARNING rally_openstack.scenarios.neutron.utils [-] Running this scenario without either the 'network' or 'existing_network' context is deprecated
2019-07-08 20:59:25.639 22887 INFO rally.task.runner [-] Task f7d6c8a3-bbb5-4510-92c0-a5a93f145259 | ITER: 11 START
2019-07-08 20:59:25.638 22903 RALLYDEBUG rally.task.runner [-] Starting a worker. concurrency: 1 args: {"network_create_args": {}, "port_create_args": {}, "ports_per_network": 5, "port_update_args": {"admin_state_up": false, "device_id": "dummy_id", "device_owner": "dummy_owner", "name": "_port_updated"}} times: 40 method_name: run timeout: 0 duration: None cls:
2019-07-08 20:59:25.641 22898 INFO rally.task.runner [-] Task f7d6c8a3-bbb5-4510-92c0-a5a93f145259 | ITER: 13 START
2019-07-08 20:59:25.641 22904 RALLYDEBUG rally.task.runner [-] Starting a worker. concurrency: 1 args: {"network_create_args": {}, "port_create_args": {}, "ports_per_network": 5, "port_update_args": {"admin_state_up": false, "device_id": "dummy_id", "device_owner": "dummy_owner", "name": "_port_updated"}} times: 40 method_name: run timeout: 0 duration: None cls:
2019-07-08 20:59:25.642 22887 WARNING rally_openstack.scenarios.neutron.utils [-] Running this scenario without either the 'network' or 'existing_network' context is deprecated
2019-07-08 20:59:25.642 22898 WARNING rally_openstack.scenarios.neutron.utils [-] Running this scenario without either the 'network' or 'existing_network' context is deprecated
2019-07-08 20:59:25.643 22894 INFO rally.task.runner [-] Task f7d6c8a3-bbb5-4510-92c0-a5a93f145259 | ITER: 14 START
2019-07-08 20:59:25.645 22894 WARNING rally_openstack.scenarios.neutron.utils [-] Running this scenario without either the 'network' or 'existing_network' context is deprecated
2019-07-08 20:59:25.646 22903 INFO rally.task.runner [-] Task f7d6c8a3-bbb5-4510-92c0-a5a93f145259 | ITER: 15 START
2019-07-08 20:59:25.647 22903 WARNING rally_openstack.scenarios.neutron.utils [-] Running this scenario without either the 'network' or 'existing_network' context is deprecated
2019-07-08 20:59:25.648 22904 INFO rally.task.runner [-] Task f7d6c8a3-bbb5-4510-92c0-a5a93f145259 | ITER: 16 START
2019-07-08 20:59:25.650 22904 WARNING rally_openstack.scenarios.neutron.utils [-] Running this scenario without either the 'network' or 'existing_network' context is deprecated
2019-07-08 20:59:25.657 22910 RALLYDEBUG rally.task.runner [-] Starting a worker. concurrency: 1 args: {"network_create_args": {}, "port_create_args": {}, "ports_per_network": 5, "port_update_args": {"admin_state_up": false, "device_id": "dummy_id", "device_owner": "dummy_owner", "name": "_port_updated"}} times: 40 method_name: run timeout: 0 duration: None cls:
2019-07-08 20:59:25.660 22914 RALLYDEBUG rally.task.runner [-] Starting a worker. concurrency: 1 args: {"network_create_args": {}, "port_create_args": {}, "ports_per_network": 5, "port_update_args": {"admin_state_up": false, "device_id": "dummy_id", "device_owner": "dummy_owner", "name": "_port_updated"}} times: 40 method_name: run timeout: 0 duration: None cls:
2019-07-08 20:59:25.663 22910 INFO rally.task.runner [-] Task f7d6c8a3-bbb5-4510-92c0-a5a93f145259 | ITER: 17 START
2019-07-08 20:59:25.665 22910 WARNING rally_openstack.scenarios.neutron.utils [-] Running this scenario without either the 'network' or 'existing_network' context is deprecated
2019-07-08 20:59:25.665 22914 INFO rally.task.runner [-] Task f7d6c8a3-bbb5-4510-92c0-a5a93f145259 | ITER: 18 START
2019-07-08 20:59:25.666 22914 WARNING rally_openstack.scenarios.neutron.utils [-] Running this scenario without either the 'network' or 'existing_network' context is deprecated
2019-07-08 20:59:25.674 22919 RALLYDEBUG rally.task.runner [-] Starting a worker. concurrency: 1 args: {"network_create_args": {}, "port_create_args": {}, "ports_per_network": 5, "port_update_args": {"admin_state_up": false, "device_id": "dummy_id", "device_owner": "dummy_owner", "name": "_port_updated"}} times: 40 method_name: run timeout: 0 duration: None cls:
2019-07-08 20:59:25.677 22920 RALLYDEBUG rally.task.runner [-] Starting a worker. concurrency: 1 args: {"network_create_args": {}, "port_create_args": {}, "ports_per_network": 5, "port_update_args": {"admin_state_up": false, "device_id": "dummy_id", "device_owner": "dummy_owner", "name": "_port_updated"}} times: 40 method_name: run timeout: 0 duration: None cls:
2019-07-08 20:59:25.679 22919 INFO rally.task.runner [-] Task f7d6c8a3-bbb5-4510-92c0-a5a93f145259 | ITER: 19 START
2019-07-08 20:59:25.680 22919 WARNING rally_openstack.scenarios.neutron.utils [-] Running this scenario without either the 'network' or 'existing_network' context is deprecated
2019-07-08 20:59:25.681 22920 INFO rally.task.runner [-] Task f7d6c8a3-bbb5-4510-92c0-a5a93f145259 | ITER: 20 START
2019-07-08 20:59:25.682 22920 WARNING rally_openstack.scenarios.neutron.utils [-] Running this scenario without either the 'network' or 'existing_network' context is deprecated
2019-07-08 20:59:41.326 22876 INFO rally.task.runner [-] Task f7d6c8a3-bbb5-4510-92c0-a5a93f145259 | ITER: 9 END: OK
2019-07-08 20:59:41.331 22876 INFO rally.task.runner [-] Task f7d6c8a3-bbb5-4510-92c0-a5a93f145259 | ITER: 21 START
2019-07-08 20:59:41.332 22876 WARNING rally_openstack.scenarios.neutron.utils [-] Running this scenario without either the 'network' or 'existing_network' context is deprecated
2019-07-08 20:59:42.556 22879 INFO rally.task.runner [-] Task f7d6c8a3-bbb5-4510-92c0-a5a93f145259 | ITER: 10 END: OK
2019-07-08 20:59:42.561 22879 INFO rally.task.runner [-] Task f7d6c8a3-bbb5-4510-92c0-a5a93f145259 | ITER: 22 START
2019-07-08 20:59:42.561 22879 WARNING rally_openstack.scenarios.neutron.utils [-] Running this scenario without either the 'network' or 'existing_network' context is deprecated
2019-07-08 20:59:42.782 22910 INFO rally.task.runner [-] Task f7d6c8a3-bbb5-4510-92c0-a5a93f145259 | ITER: 17 END: OK
2019-07-08 20:59:42.786 22910 INFO rally.task.runner [-] Task f7d6c8a3-bbb5-4510-92c0-a5a93f145259 | ITER: 23 START
2019-07-08 20:59:42.787 22910 WARNING rally_openstack.scenarios.neutron.utils [-] Running this scenario without either the 'network' or 'existing_network' context is deprecated
2019-07-08 20:59:43.265 22875 INFO rally.task.runner [-] Task f7d6c8a3-bbb5-4510-92c0-a5a93f145259 | ITER: 5 END: OK
2019-07-08 20:59:43.269 22875 INFO rally.task.runner [-] Task f7d6c8a3-bbb5-4510-92c0-a5a93f145259 | ITER: 24 START
2019-07-08 20:59:43.269 22875 WARNING rally_openstack.scenarios.neutron.utils [-] Running this scenario without either the 'network' or 'existing_network' context is deprecated
2019-07-08 20:59:43.276 22883 INFO rally.task.runner [-] Task f7d6c8a3-bbb5-4510-92c0-a5a93f145259 | ITER: 8 END: OK
2019-07-08 20:59:43.280 22883 INFO rally.task.runner [-] Task f7d6c8a3-bbb5-4510-92c0-a5a93f145259 | ITER: 25 START
2019-07-08 20:59:43.281 22883 WARNING rally_openstack.scenarios.neutron.utils [-] Running this scenario without either the 'network' or 'existing_network' context is deprecated
2019-07-08 20:59:43.432 22898 INFO rally.task.runner [-] Task f7d6c8a3-bbb5-4510-92c0-a5a93f145259 | ITER: 13 END: OK
2019-07-08 20:59:43.435 22898 INFO rally.task.runner [-] Task f7d6c8a3-bbb5-4510-92c0-a5a93f145259 | ITER: 26 START
2019-07-08 20:59:43.436 22898 WARNING rally_openstack.scenarios.neutron.utils [-] Running this scenario without either the 'network' or 'existing_network' context is deprecated
2019-07-08 20:59:43.555 22876 INFO rally.task.runner [-] Task f7d6c8a3-bbb5-4510-92c0-a5a93f145259 | ITER: 7 END: OK
2019-07-08 20:59:43.559 22876 INFO rally.task.runner [-] Task f7d6c8a3-bbb5-4510-92c0-a5a93f145259 | ITER: 27 START
2019-07-08 20:59:43.560 22876 WARNING rally_openstack.scenarios.neutron.utils [-] Running this scenario without either the 'network' or 'existing_network' context is deprecated
2019-07-08 20:59:43.743 22889 INFO rally.task.runner [-] Task f7d6c8a3-bbb5-4510-92c0-a5a93f145259 | ITER: 12 END: OK
2019-07-08 20:59:43.748 22889 INFO rally.task.runner [-] Task f7d6c8a3-bbb5-4510-92c0-a5a93f145259 | ITER: 28 START
2019-07-08 20:59:43.749 22889 WARNING rally_openstack.scenarios.neutron.utils [-] Running this scenario without either the 'network' or 'existing_network' context is deprecated
2019-07-08 20:59:43.762 22887 INFO rally.task.runner [-] Task f7d6c8a3-bbb5-4510-92c0-a5a93f145259 | ITER: 11 END: OK
2019-07-08 20:59:43.766 22873 INFO rally.task.runner [-] Task f7d6c8a3-bbb5-4510-92c0-a5a93f145259 | ITER: 1 END: OK
2019-07-08 20:59:43.766 22887 INFO rally.task.runner [-] Task f7d6c8a3-bbb5-4510-92c0-a5a93f145259 | ITER: 29 START
2019-07-08 20:59:43.767 22887 WARNING rally_openstack.scenarios.neutron.utils [-] Running this scenario without either the 'network' or 'existing_network' context is deprecated
2019-07-08 20:59:43.770 22873 INFO rally.task.runner [-] Task f7d6c8a3-bbb5-4510-92c0-a5a93f145259 | ITER: 30 START
2019-07-08 20:59:43.771 22873 WARNING rally_openstack.scenarios.neutron.utils [-] Running this scenario without either the 'network' or 'existing_network' context is deprecated
2019-07-08 20:59:43.965 22920 INFO rally.task.runner [-] Task f7d6c8a3-bbb5-4510-92c0-a5a93f145259 | ITER: 20 END: OK
2019-07-08 20:59:43.970 22920 INFO rally.task.runner [-] Task f7d6c8a3-bbb5-4510-92c0-a5a93f145259 | ITER: 31 START
2019-07-08 20:59:43.971 22920 WARNING rally_openstack.scenarios.neutron.utils [-] Running this scenario without either the 'network' or 'existing_network' context is deprecated
2019-07-08 20:59:44.284 22894 INFO rally.task.runner [-] Task f7d6c8a3-bbb5-4510-92c0-a5a93f145259 | ITER: 14 END: OK
2019-07-08 20:59:44.288 22894 INFO rally.task.runner [-] Task f7d6c8a3-bbb5-4510-92c0-a5a93f145259 | ITER: 32 START
2019-07-08 20:59:44.289 22894 WARNING rally_openstack.scenarios.neutron.utils [-] Running this scenario without either the 'network' or 'existing_network' context is deprecated
2019-07-08 20:59:44.443 22904 INFO rally.task.runner [-] Task f7d6c8a3-bbb5-4510-92c0-a5a93f145259 | ITER: 16 END: OK
2019-07-08 20:59:44.448 22904 INFO rally.task.runner [-] Task f7d6c8a3-bbb5-4510-92c0-a5a93f145259 | ITER: 33 START
2019-07-08 20:59:44.448 22904 WARNING rally_openstack.scenarios.neutron.utils [-] Running this scenario without either the 'network' or 'existing_network' context is deprecated
2019-07-08 20:59:45.018 22875 INFO rally.task.runner [-] Task f7d6c8a3-bbb5-4510-92c0-a5a93f145259 | ITER: 6 END: OK
2019-07-08 20:59:45.022 22875 INFO rally.task.runner [-] Task f7d6c8a3-bbb5-4510-92c0-a5a93f145259 | ITER: 34 START
2019-07-08 20:59:45.023 22875 WARNING rally_openstack.scenarios.neutron.utils [-] Running this scenario without either the 'network' or 'existing_network' context is deprecated
2019-07-08 20:59:45.251 22903 INFO rally.task.runner [-] Task f7d6c8a3-bbb5-4510-92c0-a5a93f145259 | ITER: 15 END: OK
2019-07-08 20:59:45.255 22903 INFO rally.task.runner [-] Task f7d6c8a3-bbb5-4510-92c0-a5a93f145259 | ITER: 35 START
2019-07-08 20:59:45.256 22903 WARNING rally_openstack.scenarios.neutron.utils [-] Running this scenario without either the 'network' or 'existing_network' context is deprecated
2019-07-08 20:59:45.435 22919 INFO rally.task.runner [-] Task f7d6c8a3-bbb5-4510-92c0-a5a93f145259 | ITER: 19 END: OK
2019-07-08 20:59:45.438 22919 INFO rally.task.runner [-] Task f7d6c8a3-bbb5-4510-92c0-a5a93f145259 | ITER: 36 START
2019-07-08 20:59:45.438 22919 WARNING rally_openstack.scenarios.neutron.utils [-] Running this scenario without either the 'network' or 'existing_network' context is deprecated
2019-07-08 20:59:45.560 22914 INFO rally.task.runner [-] Task f7d6c8a3-bbb5-4510-92c0-a5a93f145259 | ITER: 18 END: OK
2019-07-08 20:59:45.564 22914 INFO rally.task.runner [-] Task f7d6c8a3-bbb5-4510-92c0-a5a93f145259 | ITER: 37 START
2019-07-08 20:59:45.564 22914 WARNING rally_openstack.scenarios.neutron.utils [-] Running this scenario without either the 'network' or 'existing_network' context is deprecated
2019-07-08 20:59:45.866 22874 INFO rally.task.runner [-] Task f7d6c8a3-bbb5-4510-92c0-a5a93f145259 | ITER: 2 END: OK
2019-07-08 20:59:45.871 22874 INFO rally.task.runner [-] Task f7d6c8a3-bbb5-4510-92c0-a5a93f145259 | ITER: 38 START
2019-07-08 20:59:45.871 22874 WARNING rally_openstack.scenarios.neutron.utils [-] Running this scenario without either the 'network' or 'existing_network' context is deprecated
2019-07-08 20:59:45.927 22873 INFO rally.task.runner [-] Task f7d6c8a3-bbb5-4510-92c0-a5a93f145259 | ITER: 3 END: OK
2019-07-08 20:59:45.931 22873 INFO rally.task.runner [-] Task f7d6c8a3-bbb5-4510-92c0-a5a93f145259 | ITER: 39 START
2019-07-08 20:59:45.931 22873 WARNING rally_openstack.scenarios.neutron.utils [-] Running this scenario without either the 'network' or 'existing_network' context is deprecated
2019-07-08 20:59:49.019 22874 INFO rally.task.runner [-] Task f7d6c8a3-bbb5-4510-92c0-a5a93f145259 | ITER: 4 END: OK
2019-07-08 20:59:49.023 22874 INFO rally.task.runner [-] Task f7d6c8a3-bbb5-4510-92c0-a5a93f145259 | ITER: 40 START
2019-07-08 20:59:49.023 22874 WARNING rally_openstack.scenarios.neutron.utils [-] Running this scenario without either the 'network' or 'existing_network' context is deprecated
2019-07-08 20:59:58.741 22883 INFO rally.task.runner [-] Task f7d6c8a3-bbb5-4510-92c0-a5a93f145259 | ITER: 25 END: OK
2019-07-08 21:00:00.310 22887 INFO rally.task.runner [-] Task f7d6c8a3-bbb5-4510-92c0-a5a93f145259 | ITER: 29 END: OK
2019-07-08 21:00:00.446 22920 INFO rally.task.runner [-] Task f7d6c8a3-bbb5-4510-92c0-a5a93f145259 | ITER: 31 END: OK
2019-07-08 21:00:00.694 22894 INFO rally.task.runner [-] Task f7d6c8a3-bbb5-4510-92c0-a5a93f145259 | ITER: 32 END: OK
2019-07-08 21:00:00.814 22898 INFO rally.task.runner [-] Task f7d6c8a3-bbb5-4510-92c0-a5a93f145259 | ITER: 26 END: OK
2019-07-08 21:00:00.867 22876 INFO rally.task.runner [-] Task f7d6c8a3-bbb5-4510-92c0-a5a93f145259 | ITER: 27 END: OK
2019-07-08 21:00:01.095 22904 INFO rally.task.runner [-] Task f7d6c8a3-bbb5-4510-92c0-a5a93f145259 | ITER: 33 END: OK
2019-07-08 21:00:01.339 22879 INFO rally.task.runner [-] Task f7d6c8a3-bbb5-4510-92c0-a5a93f145259 | ITER: 22 END: OK
2019-07-08 21:00:01.460 22876 INFO rally.task.runner [-] Task f7d6c8a3-bbb5-4510-92c0-a5a93f145259 | ITER: 21 END: OK
2019-07-08 21:00:01.652 22919 INFO rally.task.runner [-] Task f7d6c8a3-bbb5-4510-92c0-a5a93f145259 | ITER: 36 END: OK
2019-07-08 21:00:01.742 22875 INFO rally.task.runner [-] Task f7d6c8a3-bbb5-4510-92c0-a5a93f145259 | ITER: 24 END: OK
2019-07-08 21:00:01.790 22873 INFO rally.task.runner [-] Task f7d6c8a3-bbb5-4510-92c0-a5a93f145259 | ITER: 30 END: OK
2019-07-08 21:00:01.929 22889 INFO rally.task.runner [-] Task f7d6c8a3-bbb5-4510-92c0-a5a93f145259 | ITER: 28 END: OK
2019-07-08 21:00:02.208 22910 INFO rally.task.runner [-] Task f7d6c8a3-bbb5-4510-92c0-a5a93f145259 | ITER: 23 END: OK
2019-07-08 21:00:02.855 22874 INFO rally.task.runner [-] Task f7d6c8a3-bbb5-4510-92c0-a5a93f145259 | ITER: 38 END: OK
2019-07-08 21:00:03.118 22875 INFO rally.task.runner [-] Task f7d6c8a3-bbb5-4510-92c0-a5a93f145259 | ITER: 34 END: OK
2019-07-08 21:00:03.501 22903 INFO rally.task.runner [-] Task f7d6c8a3-bbb5-4510-92c0-a5a93f145259 | ITER: 35 END: OK
2019-07-08 21:00:03.675 22873 INFO rally.task.runner [-] Task f7d6c8a3-bbb5-4510-92c0-a5a93f145259 | ITER: 39 END: OK
2019-07-08 21:00:04.153 22874 INFO rally.task.runner [-] Task f7d6c8a3-bbb5-4510-92c0-a5a93f145259 | ITER: 40 END: OK
2019-07-08 21:00:04.251 22914 INFO rally.task.runner [-] Task f7d6c8a3-bbb5-4510-92c0-a5a93f145259 | ITER: 37 END: OK
2019-07-08 21:00:04.276 18997 INFO rally.task.context [-] Task f7d6c8a3-bbb5-4510-92c0-a5a93f145259 | Context cleanup@openstack cleanup() started
2019-07-08 21:00:04.278 18997 RALLYDEBUG rally_openstack.cleanup.manager [-] Cleaning up neutron vip objects
2019-07-08 21:00:05.025 18997 RALLYDEBUG rally_openstack.cleanup.manager [-] Cleaning up neutron health_monitor objects
2019-07-08 21:00:05.770 18997 RALLYDEBUG rally_openstack.cleanup.manager [-] Cleaning up neutron pool objects
2019-07-08 21:00:06.834 18997 RALLYDEBUG rally_openstack.cleanup.manager [-] Cleaning up neutron loadbalancer objects
2019-07-08 21:00:07.695 18997 RALLYDEBUG rally_openstack.cleanup.manager [-] Cleaning up neutron floatingip objects
2019-07-08 21:00:08.477 18997 RALLYDEBUG rally_openstack.cleanup.manager [-] Cleaning up neutron port objects
2019-07-08 21:00:10.082 18997 RALLYDEBUG rally_openstack.cleanup.manager [-] Deleting neutron.port object s_rally_341726bf_nBZpBBC9 (07e0a0f1-6e03-4b4b-9da3-da043d52f59b)
2019-07-08 21:00:10.085 18997 RALLYDEBUG rally_openstack.cleanup.manager [-] Deleting neutron.port object s_rally_341726bf_kUWv2WqL (060cf4d9-5360-44cb-89ce-ab08495c7569)
2019-07-08 21:00:10.088 18997 RALLYDEBUG rally_openstack.cleanup.manager [-] Deleting neutron.port object s_rally_341726bf_tdne3bQO (034bb4cf-faf7-497a-979b-b39d0cd85931)
2019-07-08 21:00:10.096 18997 RALLYDEBUG rally_openstack.cleanup.manager [-] Deleting neutron.port object s_rally_341726bf_VBBqOho2 (0cc20955-6df9-4da7-9ca0-2464de20a051)
2019-07-08 21:00:10.097 18997 RALLYDEBUG rally_openstack.cleanup.manager [-] Deleting neutron.port object s_rally_341726bf_8lC7QJCf (05f018ef-5b95-464b-bfc8-a3bc183dc3b0)
2019-07-08 21:00:10.106 18997 RALLYDEBUG rally_openstack.cleanup.manager [-] Deleting neutron.port object s_rally_341726bf_aya9i88B (08f7b1da-015e-47d1-acd2-69c576d814eb)
2019-07-08 21:00:10.107 18997 RALLYDEBUG rally_openstack.cleanup.manager [-] Deleting neutron.port object s_rally_341726bf_ZzYD6XHg (00f4d7dd-3a32-4224-b861-698514db4edf)
2019-07-08 21:00:10.108 18997 RALLYDEBUG rally_openstack.cleanup.manager [-] Deleting neutron.port object s_rally_341726bf_VdbuHbn5 (0e3cf7a5-f623-4f7e-88c8-90e81f5effeb)
2019-07-08 21:00:10.108 18997 RALLYDEBUG rally_openstack.cleanup.manager [-] Deleting neutron.port object s_rally_341726bf_hmXRfcef (08602778-fc35-4e48-8d86-b788f2accffb)
2019-07-08 21:00:10.108 18997 RALLYDEBUG rally_openstack.cleanup.manager [-] Deleting neutron.port object s_rally_341726bf_DRli7oHW (0b0b41ec-ccd8-4db6-972e-43b6d025a9a0)
2019-07-08 21:00:10.111 18997 RALLYDEBUG rally_openstack.cleanup.manager [-] Deleting neutron.port object s_rally_341726bf_d0PktaV0 (03141472-bc81-4df6-8dea-2443c0e72e80)
2019-07-08 21:00:10.111 18997 RALLYDEBUG rally_openstack.cleanup.manager [-] Deleting neutron.port object s_rally_341726bf_9wRzra3n (0a4727c6-7df4-408d-9e53-53c48dff2f10)
2019-07-08 21:00:10.112 18997 RALLYDEBUG rally_openstack.cleanup.manager [-] Deleting neutron.port object s_rally_341726bf_sBHO2rQo (05b03480-80ea-4cc0-bd6e-5106ff99fc69)
2019-07-08 21:00:10.129 18997 RALLYDEBUG rally_openstack.cleanup.manager [-] Deleting neutron.port object s_rally_341726bf_FPn6vJV1 (0534ce24-2534-4f9d-820d-514bd5db6a45)
2019-07-08 21:00:10.138 18997 RALLYDEBUG rally_openstack.cleanup.manager [-] Deleting neutron.port object s_rally_341726bf_t9Nuvxad (0efe3c42-cc5e-4486-b508-d2d1b7c337c8)
2019-07-08 21:00:10.143 18997 RALLYDEBUG rally_openstack.cleanup.manager [-] Deleting neutron.port object s_rally_341726bf_HWWAschu (154dd82c-ca87-43c4-b750-58fa25805c1b)
2019-07-08 21:00:10.149 18997 RALLYDEBUG rally_openstack.cleanup.manager [-] Deleting neutron.port object s_rally_341726bf_RZFev1P1 (16d2e4bf-bfde-4e1d-8817-68e655e17e6a)
2019-07-08 21:00:10.152 18997 RALLYDEBUG rally_openstack.cleanup.manager [-] Deleting neutron.port object s_rally_341726bf_J62cubTy (11de0157-a9a9-4ab7-8eea-e95cf16fc0f9)
2019-07-08 21:00:10.178 18997 RALLYDEBUG rally_openstack.cleanup.manager [-] Deleting neutron.port object s_rally_341726bf_kNxNPhqo (1ad22c34-ebac-4457-ad83-a7d8ac30a4da)
2019-07-08 21:00:10.197 18997 RALLYDEBUG rally_openstack.cleanup.manager [-] Deleting neutron.port object s_rally_341726bf_T5BkULaL (1a9e31d9-0021-4f87-bc5e-4cc9e03132f0)
2019-07-08 21:00:12.555 18997 RALLYDEBUG rally_openstack.cleanup.manager [-] Deleting neutron.port object s_rally_341726bf_3uI4qq7e (2038504d-67bf-4b92-9c6d-163d2f7f82d2)
2019-07-08 21:00:12.671 18997 RALLYDEBUG rally_openstack.cleanup.manager [-] Deleting neutron.port object s_rally_341726bf_LGstItB2 (2152ccb8-11ec-4c4f-8362-78658d4554b1)
2019-07-08 21:00:12.687 18997 RALLYDEBUG rally_openstack.cleanup.manager [-] Deleting neutron.port object s_rally_341726bf_7Gz1SFb6 (2318416d-c670-4aff-9e10-cae3f0658d1a)
2019-07-08 21:00:12.930 18997 RALLYDEBUG rally_openstack.cleanup.manager [-] Deleting neutron.port object s_rally_341726bf_ZkdaFkNc (241dd926-59de-4603-8d58-a0361458cfe4)
2019-07-08 21:00:13.093 18997 RALLYDEBUG rally_openstack.cleanup.manager [-] Deleting neutron.port object s_rally_341726bf_VnaDisYj (24ef5319-833c-43ad-95dc-96def83a3961)
2019-07-08 21:00:13.150 18997 RALLYDEBUG rally_openstack.cleanup.manager [-] Deleting neutron.port object s_rally_341726bf_tcZD30in (2547fb5a-3890-4ab5-a8fe-99d075e6044d)
2019-07-08 21:00:13.162 18997 RALLYDEBUG rally_openstack.cleanup.manager [-] Deleting neutron.port object s_rally_341726bf_mk2fS5NP (2738a163-cba6-4e5f-9a97-480b869f73a3)
2019-07-08 21:00:13.181 18997 RALLYDEBUG rally_openstack.cleanup.manager [-] Deleting neutron.port object s_rally_341726bf_jCpcS6dv (29eef459-ea63-470d-9d85-173b3d0a34c9)
2019-07-08 21:00:13.344 18997 RALLYDEBUG rally_openstack.cleanup.manager [-] Deleting neutron.port object s_rally_341726bf_89G3FejT (2ab22aaa-5ef4-4eac-b750-80ef694ca03f)
2019-07-08 21:00:13.491 18997 RALLYDEBUG rally_openstack.cleanup.manager [-] Deleting neutron.port object s_rally_341726bf_MYmnVwak (2f88303a-5023-46ee-8089-e77c3d229353)
2019-07-08 21:00:13.500 18997 RALLYDEBUG rally_openstack.cleanup.manager [-] Deleting neutron.port object s_rally_341726bf_Lt4p546T (3076952b-d320-4e55-b282-796a026719af)
2019-07-08 21:00:13.806 18997 RALLYDEBUG rally_openstack.cleanup.manager [-] Deleting neutron.port object s_rally_341726bf_E2kT4f5B (32b2c82b-41dd-473a-ab6d-82b16f8f2bfe)
2019-07-08 21:00:13.806 18997 RALLYDEBUG rally_openstack.cleanup.manager [-] Deleting neutron.port object s_rally_341726bf_hPN3qTIR (31cf573a-cd47-4439-9c65-55c21ea520f8)
2019-07-08 21:00:13.903 18997 RALLYDEBUG rally_openstack.cleanup.manager [-] Deleting neutron.port object s_rally_341726bf_Dh1VrDsI (339ea9bc-2735-4dc6-8316-d86d34ff0c3b)
2019-07-08 21:00:13.977 18997 RALLYDEBUG rally_openstack.cleanup.manager [-] Deleting neutron.port object s_rally_341726bf_fhdf1vqk (33cf16fa-07ae-459d-9de4-9bb22e2335f7)
2019-07-08 21:00:14.044 18997 RALLYDEBUG rally_openstack.cleanup.manager [-] Deleting neutron.port object s_rally_341726bf_IdrbZoUv (3419231b-d0da-457b-8cba-5fcdcc26dd70)
2019-07-08 21:00:14.110 18997 RALLYDEBUG rally_openstack.cleanup.manager [-] Deleting neutron.port object s_rally_341726bf_vKd1WCON (3485a751-076d-42b9-8b57-2873c657a647)
2019-07-08 21:00:14.171 18997 RALLYDEBUG rally_openstack.cleanup.manager [-] Deleting neutron.port object s_rally_341726bf_004lIcwn (34fed0ce-3328-4a01-a6fd-9cb1a3b74f6c)
2019-07-08 21:00:14.186 18997 RALLYDEBUG rally_openstack.cleanup.manager [-] Deleting neutron.port object s_rally_341726bf_5stkZaH6 (37158e94-004f-4d05-8e3c-278f01b2115b)
2019-07-08 21:00:14.194 18997 RALLYDEBUG rally_openstack.cleanup.manager [-] Deleting neutron.port object s_rally_341726bf_aKiEiGAa (38a2c6bd-39fa-49cd-b58c-4e68f04aef4f)
2019-07-08 21:00:15.143 18997 RALLYDEBUG rally_openstack.cleanup.manager [-] Deleting neutron.port object s_rally_341726bf_U7LfzUMA (39275e29-8808-47d4-9db4-756bf44d1dda)
2019-07-08 21:00:15.152 18997 RALLYDEBUG rally_openstack.cleanup.manager [-] Deleting neutron.port object s_rally_341726bf_oOpLXKBs (3ac387c7-fb72-48e3-8673-590a74fa0c1c)
2019-07-08 21:00:15.208 18997 RALLYDEBUG rally_openstack.cleanup.manager [-] Deleting neutron.port object s_rally_341726bf_43gh0Oss (3bd78cf5-00cb-4245-8d7b-b3da9974b0d0)
2019-07-08 21:00:15.310 18997 RALLYDEBUG rally_openstack.cleanup.manager [-] Deleting neutron.port object s_rally_341726bf_TGsbB6aW (3c21220b-7be4-41ec-a3ee-8b7bbfd12629)
2019-07-08 21:00:15.532 18997 RALLYDEBUG rally_openstack.cleanup.manager [-] Deleting neutron.port object s_rally_341726bf_FAdUHjiG (3cb696ea-7cd1-488e-9301-25cf6f8f22ec)
2019-07-08 21:00:15.549 18997 RALLYDEBUG rally_openstack.cleanup.manager [-] Deleting neutron.port object s_rally_341726bf_bzaZs5Dj (3d00dfb0-8689-41d8-bcdb-ca90b690fd73)
2019-07-08 21:00:15.635 18997 RALLYDEBUG rally_openstack.cleanup.manager [-] Deleting neutron.port object s_rally_341726bf_hIP2v3hs (3d871f25-457e-479b-a6a9-dd77bdfa6e35)
2019-07-08 21:00:15.737 18997 RALLYDEBUG rally_openstack.cleanup.manager [-] Deleting neutron.port object s_rally_341726bf_Sng6QJCs (3daf1088-8631-4bdb-a267-f926dc1e9526)
2019-07-08 21:00:15.850 18997 RALLYDEBUG rally_openstack.cleanup.manager [-] Deleting neutron.port object s_rally_341726bf_4unPevWl (3ea014f0-9bbf-4e47-88ce-c05dbc5846fe)
2019-07-08 21:00:15.890 18997 RALLYDEBUG rally_openstack.cleanup.manager [-] Deleting neutron.port object s_rally_341726bf_pvbZdge7 (40d4ac25-6bfb-4d19-9adf-bcb0be6e9efa)
2019-07-08 21:00:15.940 18997 RALLYDEBUG rally_openstack.cleanup.manager [-] Deleting neutron.port object s_rally_341726bf_6HrNHNBR (46403751-f03a-4127-a57f-0f97cbf92a77)
2019-07-08 21:00:16.454 18997 RALLYDEBUG rally_openstack.cleanup.manager [-] Deleting neutron.port object s_rally_341726bf_20nn0UXC (465ddb55-f27c-4e47-8461-17fb80bdf9ba)
2019-07-08 21:00:16.517 18997 RALLYDEBUG rally_openstack.cleanup.manager [-] Deleting neutron.port object s_rally_341726bf_U8XRILEU (466b580b-df53-4aed-81be-5a78a06cbe0a)
2019-07-08 21:00:16.656 18997 RALLYDEBUG rally_openstack.cleanup.manager [-] Deleting neutron.port object s_rally_341726bf_c02bwnqU (46ba6925-9db0-4756-8740-9cc64a8ae862)
2019-07-08 21:00:16.676 18997 RALLYDEBUG rally_openstack.cleanup.manager [-] Deleting neutron.port object s_rally_341726bf_SsmjhBpl (47e162a3-3e57-4f62-9648-28685f2e1a16)
2019-07-08 21:00:16.784 18997 RALLYDEBUG rally_openstack.cleanup.manager [-] Deleting neutron.port object s_rally_341726bf_t4o3hmru (48d5aa3c-4090-420f-829f-aad590be80a7)
2019-07-08 21:00:16.809 18997 RALLYDEBUG rally_openstack.cleanup.manager [-] Deleting neutron.port object s_rally_341726bf_7A8qX8Ue (4a34feca-0b7c-4326-8473-5f768a24a994)
2019-07-08 21:00:17.148 18997 RALLYDEBUG rally_openstack.cleanup.manager [-] Deleting neutron.port object s_rally_341726bf_Cpb7pnUk (4cf431fc-3e83-4223-80ab-3bdc8a318a2e)
2019-07-08 21:00:17.295 18997 RALLYDEBUG rally_openstack.cleanup.manager [-] Deleting neutron.port object s_rally_341726bf_y7m64FOn (51abd2a1-87a4-4dd2-82f3-c4497cf8171c)
2019-07-08 21:00:17.549 18997 RALLYDEBUG rally_openstack.cleanup.manager [-] Deleting neutron.port object s_rally_341726bf_7gGe3aXv (5478cd42-533b-4982-b613-a243499e1382)
2019-07-08 21:00:17.578 18997 RALLYDEBUG rally_openstack.cleanup.manager [-] Deleting neutron.port object s_rally_341726bf_FDEjPCe6 (54f92330-107a-48a6-a27f-70635148dd76)
2019-07-08 21:00:17.763 18997 RALLYDEBUG rally_openstack.cleanup.manager [-] Deleting neutron.port object s_rally_341726bf_BUHCZMPZ (5521ca3c-ecf8-4815-aa9f-c3efa3f654eb)
2019-07-08 21:00:17.959 18997 RALLYDEBUG rally_openstack.cleanup.manager [-] Deleting neutron.port object s_rally_341726bf_srVrEHwF (562b8418-012e-4feb-ab06-154d08601706)
2019-07-08 21:00:18.023 18997 RALLYDEBUG rally_openstack.cleanup.manager [-] Deleting neutron.port object s_rally_341726bf_nPiUEcG2 (56a87dd4-0f52-4685-85d3-3db89946a00e)
2019-07-08 21:00:18.175 18997 RALLYDEBUG rally_openstack.cleanup.manager [-] Deleting neutron.port object s_rally_341726bf_zhojZWVz (57dbeb25-49e2-4f38-b3ab-27c7063227a4)
2019-07-08 21:00:18.268 18997 RALLYDEBUG rally_openstack.cleanup.manager [-] Deleting neutron.port object s_rally_341726bf_cTxyhAVu (585c4578-7ec6-4afe-bd1b-a11293ea13da)
2019-07-08 21:00:18.325 18997 RALLYDEBUG rally_openstack.cleanup.manager [-] Deleting neutron.port object s_rally_341726bf_4GnAZOEC (58b292cc-b5be-4775-bda5-a15ccfe6e679)
2019-07-08 21:00:18.341 18997 RALLYDEBUG rally_openstack.cleanup.manager [-] Deleting neutron.port object s_rally_341726bf_xhNq3fV6 (59c6d018-d441-415b-9da7-cee12a54c7ec)
2019-07-08 21:00:18.505 18997 RALLYDEBUG rally_openstack.cleanup.manager [-] Deleting neutron.port object s_rally_341726bf_qSHiqBwk (5af76fc7-ae55-4875-a9df-2c56b1355f15)
