2019-07-08 19:02:44.343 725 DEBUG novaclient.v2.client [-] REQ: curl -g -i -X GET http://172.30.9.21:8774/v2.1/os-keypairs -H "Accept: application/json" -H "User-Agent: python-novaclient" -H "X-Auth-Token: {SHA1}547bea325c2f4b1e035232d5daaa94894dd5ccb6" _http_log_request /usr/lib/python2.7/site-packages/keystoneauth1/session.py:448
2019-07-08 19:02:44.565 725 DEBUG novaclient.v2.client [-] RESP: [200] Content-Length: 16 Content-Type: application/json Date: Mon, 08 Jul 2019 19:02:44 GMT OpenStack-API-Version: compute 2.1 Server: Apache Vary: OpenStack-API-Version,X-OpenStack-Nova-API-Version X-OpenStack-Nova-API-Version: 2.1 x-compute-request-id: req-d2b82589-f014-4bf8-8697-7240f0a9beae x-openstack-request-id: req-d2b82589-f014-4bf8-8697-7240f0a9beae _http_log_response /usr/lib/python2.7/site-packages/keystoneauth1/session.py:479
2019-07-08 19:02:44.566 725 DEBUG novaclient.v2.client [-] RESP BODY: {"keypairs": []} _http_log_response /usr/lib/python2.7/site-packages/keystoneauth1/session.py:511
2019-07-08 19:02:44.566 725 DEBUG novaclient.v2.client [-] GET call to compute for http://172.30.9.21:8774/v2.1/os-keypairs used request id req-d2b82589-f014-4bf8-8697-7240f0a9beae request /usr/lib/python2.7/site-packages/keystoneauth1/session.py:844
2019-07-08 19:02:44.997 725 DEBUG novaclient.v2.client [-] REQ: curl -g -i -X GET http://172.30.9.21:8774/v2.1/os-keypairs -H "Accept: application/json" -H "User-Agent: python-novaclient" -H "X-Auth-Token: {SHA1}5399940a0b1752145069d711874f3140aaee071f" _http_log_request /usr/lib/python2.7/site-packages/keystoneauth1/session.py:448
2019-07-08 19:02:45.310 725 DEBUG novaclient.v2.client [-] RESP: [200] Content-Length: 16 Content-Type: application/json Date: Mon, 08 Jul 2019 19:02:44 GMT OpenStack-API-Version: compute 2.1 Server: Apache Vary: OpenStack-API-Version,X-OpenStack-Nova-API-Version X-OpenStack-Nova-API-Version: 2.1 x-compute-request-id: req-3d1498a8-44fa-41b0-b223-5b9d4d9fd944 x-openstack-request-id: req-3d1498a8-44fa-41b0-b223-5b9d4d9fd944 _http_log_response /usr/lib/python2.7/site-packages/keystoneauth1/session.py:479
2019-07-08 19:02:45.310 725 DEBUG novaclient.v2.client [-] RESP BODY: {"keypairs": []} _http_log_response /usr/lib/python2.7/site-packages/keystoneauth1/session.py:511
2019-07-08 19:02:45.311 725 DEBUG novaclient.v2.client [-] GET call to compute for http://172.30.9.21:8774/v2.1/os-keypairs used request id req-3d1498a8-44fa-41b0-b223-5b9d4d9fd944 request /usr/lib/python2.7/site-packages/keystoneauth1/session.py:844
2019-07-08 19:02:45.323 725 RALLYDEBUG rally_openstack.cleanup.manager [-] Cleaning up glance images objects
2019-07-08 19:02:49.920 725 RALLYDEBUG rally_openstack.cleanup.manager [-] Deleting glance.images object s_rally_c991cc1a_MJTrBfuO (62435e34-51f6-461b-8d63-a83feb3dfcfb)
2019-07-08 19:02:49.924 725 RALLYDEBUG rally_openstack.cleanup.manager [-] Deleting glance.images object s_rally_c991cc1a_FUoxXV92 (6a241162-96d0-49f2-9bb9-db9c042c9d2a)
2019-07-08 19:02:49.935 725 RALLYDEBUG rally_openstack.cleanup.manager [-] Deleting glance.images object s_rally_c991cc1a_XdetyQu2 (3d13b886-f74f-44ef-9aec-6cf7f6a38daf)
2019-07-08 19:02:49.946 725 RALLYDEBUG rally_openstack.cleanup.manager [-] Deleting glance.images object s_rally_c991cc1a_wRpJ64oa (ddd1ac78-6553-4f1e-ba30-f398e213dedb)
2019-07-08 19:02:49.948 725 RALLYDEBUG rally_openstack.cleanup.manager [-] Deleting glance.images object s_rally_c991cc1a_2yvlAEfH (b85f16c8-b8cc-4662-a925-6ac1a202240c)
2019-07-08 19:02:49.955 725 RALLYDEBUG rally_openstack.cleanup.manager [-] Deleting glance.images object s_rally_c991cc1a_ygCfP6yR (c6ed13a2-d913-4e59-8330-58f3152f70d9)
2019-07-08 19:02:49.964 725 RALLYDEBUG rally_openstack.cleanup.manager [-] Deleting glance.images object s_rally_c991cc1a_uwqaj6Ze (93bf6123-d7d9-4e4f-a20d-8fd9c99f47c5)
2019-07-08 19:02:49.970 725 RALLYDEBUG rally_openstack.cleanup.manager [-] Deleting glance.images object s_rally_c991cc1a_AP7CucPw (3334fd70-cb0a-4b6e-a7b0-2d54cbcfeff6)
2019-07-08 19:02:49.992 725 RALLYDEBUG rally_openstack.cleanup.manager [-] Deleting glance.images object s_rally_c991cc1a_JnfprEgO (920c95b3-9cfb-4e65-a5c5-3082debd86c0)
2019-07-08 19:02:50.016 725 RALLYDEBUG rally_openstack.cleanup.manager [-] Deleting glance.images object s_rally_c991cc1a_1EfAJ5Yo (77adc93c-a943-49c9-a0fd-0082df69c7fb)
2019-07-08 19:02:51.163 725 DEBUG glanceclient.common.http [-] Request returned failure status 404. _handle_response /usr/lib/python2.7/site-packages/glanceclient/common/http.py:125
2019-07-08 19:02:51.471 725 DEBUG glanceclient.common.http [-] Request returned failure status 404. _handle_response /usr/lib/python2.7/site-packages/glanceclient/common/http.py:125
2019-07-08 19:02:52.456 725 DEBUG glanceclient.common.http [-] Request returned failure status 404. _handle_response /usr/lib/python2.7/site-packages/glanceclient/common/http.py:125
2019-07-08 19:02:52.552 725 DEBUG glanceclient.common.http [-] Request returned failure status 404. _handle_response /usr/lib/python2.7/site-packages/glanceclient/common/http.py:125
2019-07-08 19:02:52.588 725 DEBUG glanceclient.common.http [-] Request returned failure status 404. _handle_response /usr/lib/python2.7/site-packages/glanceclient/common/http.py:125
2019-07-08 19:02:52.600 725 DEBUG glanceclient.common.http [-] Request returned failure status 404. _handle_response /usr/lib/python2.7/site-packages/glanceclient/common/http.py:125
2019-07-08 19:02:52.612 725 DEBUG glanceclient.common.http [-] Request returned failure status 404. _handle_response /usr/lib/python2.7/site-packages/glanceclient/common/http.py:125
2019-07-08 19:02:52.622 725 DEBUG glanceclient.common.http [-] Request returned failure status 404. _handle_response /usr/lib/python2.7/site-packages/glanceclient/common/http.py:125
2019-07-08 19:02:52.698 725 DEBUG glanceclient.common.http [-] Request returned failure status 404. _handle_response /usr/lib/python2.7/site-packages/glanceclient/common/http.py:125
2019-07-08 19:02:52.810 725 DEBUG glanceclient.common.http [-] Request returned failure status 404. _handle_response /usr/lib/python2.7/site-packages/glanceclient/common/http.py:125
2019-07-08 19:02:52.822 725 DEBUG glanceclient.common.http [-] Request returned failure status 404. _handle_response /usr/lib/python2.7/site-packages/glanceclient/common/http.py:125
2019-07-08 19:02:52.869 725 DEBUG glanceclient.common.http [-] Request returned failure status 404. _handle_response /usr/lib/python2.7/site-packages/glanceclient/common/http.py:125
2019-07-08 19:02:52.966 725 DEBUG glanceclient.common.http [-] Request returned failure status 404. _handle_response /usr/lib/python2.7/site-packages/glanceclient/common/http.py:125
2019-07-08 19:02:53.020 725 DEBUG glanceclient.common.http [-] Request returned failure status 404. _handle_response /usr/lib/python2.7/site-packages/glanceclient/common/http.py:125
2019-07-08 19:02:53.076 725 DEBUG glanceclient.common.http [-] Request returned failure status 404. _handle_response /usr/lib/python2.7/site-packages/glanceclient/common/http.py:125
2019-07-08 19:02:53.226 725 DEBUG glanceclient.common.http [-] Request returned failure status 404. _handle_response /usr/lib/python2.7/site-packages/glanceclient/common/http.py:125
2019-07-08 19:02:53.345 725 DEBUG glanceclient.common.http [-] Request returned failure status 404. _handle_response /usr/lib/python2.7/site-packages/glanceclient/common/http.py:125
2019-07-08 19:02:53.572 725 DEBUG glanceclient.common.http [-] Request returned failure status 404. _handle_response /usr/lib/python2.7/site-packages/glanceclient/common/http.py:125
2019-07-08 19:02:54.051 725 DEBUG glanceclient.common.http [-] Request returned failure status 404. _handle_response /usr/lib/python2.7/site-packages/glanceclient/common/http.py:125
2019-07-08 19:02:54.065 725 DEBUG glanceclient.common.http [-] Request returned failure status 404. _handle_response /usr/lib/python2.7/site-packages/glanceclient/common/http.py:125
2019-07-08 19:02:55.067 725 INFO rally.task.context [-] Task a0fe30f8-80fd-4fbd-a374-7fccbda03ae5 | Context cleanup@openstack cleanup() finished in 34.13 sec
2019-07-08 19:02:55.068 725 INFO rally.task.context [-] Task a0fe30f8-80fd-4fbd-a374-7fccbda03ae5 | Context quotas@openstack cleanup() started
2019-07-08 19:02:55.069 725 DEBUG novaclient.v2.client [-] REQ: curl -g -i -X DELETE http://172.30.9.21:8774/v2.1/os-quota-sets/7bed27f35c6845408e30b71f2a2fd3b8 -H "Accept: application/json" -H "User-Agent: python-novaclient" -H "X-Auth-Token: {SHA1}0870d9ec5a49f69c4aff879bb3807cf6adb37f95" _http_log_request /usr/lib/python2.7/site-packages/keystoneauth1/session.py:448
2019-07-08 19:02:55.097 725 DEBUG novaclient.v2.client [-] RESP: [202] Content-Length: 0 Content-Type: application/json Date: Mon, 08 Jul 2019 19:02:55 GMT OpenStack-API-Version: compute 2.1 Server: Apache Vary: OpenStack-API-Version,X-OpenStack-Nova-API-Version X-OpenStack-Nova-API-Version: 2.1 x-compute-request-id: req-8b1b9380-2a87-44aa-a780-f3fb448889e0 x-openstack-request-id: req-8b1b9380-2a87-44aa-a780-f3fb448889e0 _http_log_response /usr/lib/python2.7/site-packages/keystoneauth1/session.py:479
2019-07-08 19:02:55.098 725 DEBUG novaclient.v2.client [-] DELETE call to compute for http://172.30.9.21:8774/v2.1/os-quota-sets/7bed27f35c6845408e30b71f2a2fd3b8 used request id req-8b1b9380-2a87-44aa-a780-f3fb448889e0 request /usr/lib/python2.7/site-packages/keystoneauth1/session.py:844
2019-07-08 19:02:55.099 725 DEBUG novaclient.v2.client [-] REQ: curl -g -i -X DELETE http://172.30.9.21:8774/v2.1/os-quota-sets/1e30ecd0cfc54cd5b92aa88f36eff764 -H "Accept: application/json" -H "User-Agent: python-novaclient" -H "X-Auth-Token: {SHA1}0870d9ec5a49f69c4aff879bb3807cf6adb37f95" _http_log_request /usr/lib/python2.7/site-packages/keystoneauth1/session.py:448
2019-07-08 19:02:55.139 725 DEBUG novaclient.v2.client [-] RESP: [202] Content-Length: 0 Content-Type: application/json Date: Mon, 08 Jul 2019 19:02:55 GMT OpenStack-API-Version: compute 2.1 Server: Apache Vary: OpenStack-API-Version,X-OpenStack-Nova-API-Version X-OpenStack-Nova-API-Version: 2.1 x-compute-request-id: req-96252143-b596-4d02-b6c4-fec47965ea08 x-openstack-request-id: req-96252143-b596-4d02-b6c4-fec47965ea08 _http_log_response /usr/lib/python2.7/site-packages/keystoneauth1/session.py:479
2019-07-08 19:02:55.139 725 DEBUG novaclient.v2.client [-] DELETE call to compute for http://172.30.9.21:8774/v2.1/os-quota-sets/1e30ecd0cfc54cd5b92aa88f36eff764 used request id req-96252143-b596-4d02-b6c4-fec47965ea08 request /usr/lib/python2.7/site-packages/keystoneauth1/session.py:844
2019-07-08 19:02:55.141 725 DEBUG novaclient.v2.client [-] REQ: curl -g -i -X DELETE http://172.30.9.21:8774/v2.1/os-quota-sets/06b7d8253acb4d719b3748ca9b6bfd1e -H "Accept: application/json" -H "User-Agent: python-novaclient" -H "X-Auth-Token: {SHA1}0870d9ec5a49f69c4aff879bb3807cf6adb37f95" _http_log_request /usr/lib/python2.7/site-packages/keystoneauth1/session.py:448
2019-07-08 19:02:55.181 725 DEBUG novaclient.v2.client [-] RESP: [202] Content-Length: 0 Content-Type: application/json Date: Mon, 08 Jul 2019 19:02:55 GMT OpenStack-API-Version: compute 2.1 Server: Apache Vary: OpenStack-API-Version,X-OpenStack-Nova-API-Version X-OpenStack-Nova-API-Version: 2.1 x-compute-request-id: req-57ed2ccb-d369-4896-8a63-25c42baf1329 x-openstack-request-id: req-57ed2ccb-d369-4896-8a63-25c42baf1329 _http_log_response /usr/lib/python2.7/site-packages/keystoneauth1/session.py:479
2019-07-08 19:02:55.181 725 DEBUG novaclient.v2.client [-] DELETE call to compute for http://172.30.9.21:8774/v2.1/os-quota-sets/06b7d8253acb4d719b3748ca9b6bfd1e used request id req-57ed2ccb-d369-4896-8a63-25c42baf1329 request /usr/lib/python2.7/site-packages/keystoneauth1/session.py:844
2019-07-08 19:02:55.182 725 INFO rally.task.context [-] Task a0fe30f8-80fd-4fbd-a374-7fccbda03ae5 | Context quotas@openstack cleanup() finished in 0.11 sec
2019-07-08 19:02:55.182 725 INFO rally.task.context [-] Task a0fe30f8-80fd-4fbd-a374-7fccbda03ae5 | Context users@openstack cleanup() started
2019-07-08 19:03:03.159 725 INFO rally.task.context [-] Task a0fe30f8-80fd-4fbd-a374-7fccbda03ae5 | Context users@openstack cleanup() finished in 7.98 sec
2019-07-08 19:03:03.388 725 INFO rally.task.engine [-] Load duration is: 81.540495
2019-07-08 19:03:03.388 725 INFO rally.task.engine [-] Full runner duration is: 83.448904
2019-07-08 19:03:03.389 725 INFO rally.task.engine [-] Full duration is: 134.296071
2019-07-08 19:03:03.650 725 INFO rally.task.engine [-] Running workload: position = 0 config = { "version": 2, "title": "A cropped version of a bigger task.", "description": "Auto-generated task from a single workload (uuid=b4d34270-bacd-40dc-98ff-ddd633e551c0)", "subtasks": [ { "title": "GlanceImages.create_and_deactivate_image", "description": "Create an image, then deactivate it.", "scenario": { "GlanceImages.create_and_deactivate_image": { "container_format": "bare", "disk_format": "qcow2", "image_location": "/home/opnfv/functest/images/cirros-0.4.0-x86_64-disk.img" } }, "contexts": { "users": { "tenants": 3, "users_per_tenant": 2 } }, "runner": { "constant": { "concurrency": 4, "times": 10 } }, "hooks": [], "sla": { "failure_rate": { "max": 0 } } } ] }
2019-07-08 19:03:03.671 725 RALLYDEBUG rally_openstack.contexts.keystone.users [-] Creating 3 tenants using 20 threads
2019-07-08 19:03:05.495 725 RALLYDEBUG rally_openstack.contexts.keystone.users [-] Creating 6 users using 20 threads
2019-07-08 19:03:08.437 725 INFO rally.task.context [-] Task a0fe30f8-80fd-4fbd-a374-7fccbda03ae5 | Context users@openstack setup() finished in 4.77 sec
2019-07-08 19:03:08.438 725 INFO rally.task.context [-] Task a0fe30f8-80fd-4fbd-a374-7fccbda03ae5 | Context cleanup@openstack setup() finished in 0.00 msec
2019-07-08 19:03:08.445 725 RALLYDEBUG rally.task.runner [-] Starting the constant runner (task UUID: a0fe30f8-80fd-4fbd-a374-7fccbda03ae5). timeout: 0 concurrency: 4 concurrency_per_worker: 1 times: 10 concurrency_overhead: 0 processes_to_start: 4 max_cpu_used: 16
2019-07-08 19:03:08.456 1385 RALLYDEBUG rally.task.runner [-] Starting a worker. concurrency: 1 args: {"container_format": "bare", "disk_format": "qcow2", "image_location": "/home/opnfv/functest/images/cirros-0.4.0-x86_64-disk.img"} times: 10 method_name: run timeout: 0 duration: None cls:
2019-07-08 19:03:08.461 1385 INFO rally.task.runner [-] Task a0fe30f8-80fd-4fbd-a374-7fccbda03ae5 | ITER: 1 START
2019-07-08 19:03:08.461 1386 RALLYDEBUG rally.task.runner [-] Starting a worker. concurrency: 1 args: {"container_format": "bare", "disk_format": "qcow2", "image_location": "/home/opnfv/functest/images/cirros-0.4.0-x86_64-disk.img"} times: 10 method_name: run timeout: 0 duration: None cls:
2019-07-08 19:03:08.464 1387 RALLYDEBUG rally.task.runner [-] Starting a worker. concurrency: 1 args: {"container_format": "bare", "disk_format": "qcow2", "image_location": "/home/opnfv/functest/images/cirros-0.4.0-x86_64-disk.img"} times: 10 method_name: run timeout: 0 duration: None cls:
2019-07-08 19:03:08.467 1386 INFO rally.task.runner [-] Task a0fe30f8-80fd-4fbd-a374-7fccbda03ae5 | ITER: 2 START
2019-07-08 19:03:08.467 1388 RALLYDEBUG rally.task.runner [-] Starting a worker. concurrency: 1 args: {"container_format": "bare", "disk_format": "qcow2", "image_location": "/home/opnfv/functest/images/cirros-0.4.0-x86_64-disk.img"} times: 10 method_name: run timeout: 0 duration: None cls:
2019-07-08 19:03:08.470 1387 INFO rally.task.runner [-] Task a0fe30f8-80fd-4fbd-a374-7fccbda03ae5 | ITER: 3 START
2019-07-08 19:03:08.472 1388 INFO rally.task.runner [-] Task a0fe30f8-80fd-4fbd-a374-7fccbda03ae5 | ITER: 4 START
2019-07-08 19:03:11.943 1387 RALLYDEBUG rally.task.utils [-] Waiting for resource u'e2e16ba8-b1d7-4403-9731-20d05ad6a56f'. Status changed: NONE => QUEUED in 0.217779874802
2019-07-08 19:03:12.285 1388 RALLYDEBUG rally.task.utils [-] Waiting for resource u'b4dd382f-e287-44ea-a6bd-60fd798fd8ac'. Status changed: NONE => QUEUED in 0.298434972763
2019-07-08 19:03:12.293 1385 RALLYDEBUG rally.task.utils [-] Waiting for resource u'd0692d99-a97a-446d-b076-5f3e2d0a29d3'. Status changed: NONE => QUEUED in 0.29057097435
2019-07-08 19:03:13.026 1386 RALLYDEBUG rally.task.utils [-] Waiting for resource u'0fccb60b-b3d6-4bda-904a-0ee6447fa2f5'. Status changed: NONE => QUEUED in 0.494336128235
2019-07-08 19:03:13.539 1387 RALLYDEBUG rally.task.utils [-] Waiting for resource s_rally_b4d34270_5Wry3cYZ. Status changed: QUEUED => ACTIVE in 0.313289165497
2019-07-08 19:03:13.549 1385 RALLYDEBUG rally.task.utils [-] Waiting for resource s_rally_b4d34270_oeA3l8yr. Status changed: QUEUED => ACTIVE in 0.303611040115
2019-07-08 19:03:13.806 1385 INFO rally.task.runner [-] Task a0fe30f8-80fd-4fbd-a374-7fccbda03ae5 | ITER: 1 END: OK
2019-07-08 19:03:13.811 1385 INFO rally.task.runner [-] Task a0fe30f8-80fd-4fbd-a374-7fccbda03ae5 | ITER: 5 START
2019-07-08 19:03:13.894 1387 INFO rally.task.runner [-] Task a0fe30f8-80fd-4fbd-a374-7fccbda03ae5 | ITER: 3 END: OK
2019-07-08 19:03:13.898 1387 INFO rally.task.runner [-] Task a0fe30f8-80fd-4fbd-a374-7fccbda03ae5 | ITER: 6 START
2019-07-08 19:03:14.103 1388 RALLYDEBUG rally.task.utils [-] Waiting for resource s_rally_b4d34270_AtegMa5C. Status changed: QUEUED => ACTIVE in 0.0171999931335
2019-07-08 19:03:14.118 1386 RALLYDEBUG rally.task.utils [-] Waiting for resource s_rally_b4d34270_ZyAjm7KB. Status changed: QUEUED => ACTIVE in 0.0179760456085
2019-07-08 19:03:14.388 1388 INFO rally.task.runner [-] Task a0fe30f8-80fd-4fbd-a374-7fccbda03ae5 | ITER: 4 END: OK
2019-07-08 19:03:14.392 1388 INFO rally.task.runner [-] Task a0fe30f8-80fd-4fbd-a374-7fccbda03ae5 | ITER: 7 START
2019-07-08 19:03:14.466 1386 INFO rally.task.runner [-] Task a0fe30f8-80fd-4fbd-a374-7fccbda03ae5 | ITER: 2 END: OK
2019-07-08 19:03:14.470 1386 INFO rally.task.runner [-] Task a0fe30f8-80fd-4fbd-a374-7fccbda03ae5 | ITER: 8 START
2019-07-08 19:03:17.613 1385 RALLYDEBUG rally.task.utils [-] Waiting for resource u'468a0676-9708-469e-9a93-558fd878d2d9'. Status changed: NONE => QUEUED in 0.228500127792
2019-07-08 19:03:17.869 1387 RALLYDEBUG rally.task.utils [-] Waiting for resource u'7447faa4-c833-41b7-a749-4136cec8e0e7'. Status changed: NONE => QUEUED in 0.310878038406
2019-07-08 19:03:18.197 1388 RALLYDEBUG rally.task.utils [-] Waiting for resource u'13948a9e-44a9-445d-9c7a-8ad9c4c3de3b'. Status changed: NONE => QUEUED in 0.333950042725
2019-07-08 19:03:18.250 1386 RALLYDEBUG rally.task.utils [-] Waiting for resource u'ff77498c-1daa-4415-8446-547e4c5e39e8'. Status changed: NONE => QUEUED in 0.22475194931
2019-07-08 19:03:19.076 1387 RALLYDEBUG rally.task.utils [-] Waiting for resource s_rally_b4d34270_oMNZnqxm. Status changed: QUEUED => ACTIVE in 0.0203909873962
2019-07-08 19:03:19.088 1385 RALLYDEBUG rally.task.utils [-] Waiting for resource s_rally_b4d34270_abTy42zp. Status changed: QUEUED => ACTIVE in 0.019406080246
2019-07-08 19:03:19.345 1387 INFO rally.task.runner [-] Task a0fe30f8-80fd-4fbd-a374-7fccbda03ae5 | ITER: 6 END: OK
2019-07-08 19:03:19.348 1387 INFO rally.task.runner [-] Task a0fe30f8-80fd-4fbd-a374-7fccbda03ae5 | ITER: 9 START
2019-07-08 19:03:19.553 1385 INFO rally.task.runner [-] Task a0fe30f8-80fd-4fbd-a374-7fccbda03ae5 | ITER: 5 END: OK
2019-07-08 19:03:19.557 1385 INFO rally.task.runner [-] Task a0fe30f8-80fd-4fbd-a374-7fccbda03ae5 | ITER: 10 START
2019-07-08 19:03:20.094 1386 RALLYDEBUG rally.task.utils [-] Waiting for resource s_rally_b4d34270_zpaV19RD. Status changed: QUEUED => ACTIVE in 0.0186882019043
2019-07-08 19:03:20.380 1388 RALLYDEBUG rally.task.utils [-] Waiting for resource s_rally_b4d34270_eyMxH3Ag. Status changed: QUEUED => ACTIVE in 0.317994117737
2019-07-08 19:03:20.502 1386 INFO rally.task.runner [-] Task a0fe30f8-80fd-4fbd-a374-7fccbda03ae5 | ITER: 8 END: OK
2019-07-08 19:03:20.649 1388 INFO rally.task.runner [-] Task a0fe30f8-80fd-4fbd-a374-7fccbda03ae5 | ITER: 7 END: OK
2019-07-08 19:03:23.259 1387 RALLYDEBUG rally.task.utils [-] Waiting for resource u'48003aa3-490b-4a29-b2bd-44cd30942932'. Status changed: NONE => QUEUED in 0.623012065887
2019-07-08 19:03:23.456 1385 RALLYDEBUG rally.task.utils [-] Waiting for resource u'f0ee7f08-a92c-4976-a36f-3f3ce67e4099'. Status changed: NONE => QUEUED in 0.219319105148
2019-07-08 19:03:24.294 1387 RALLYDEBUG rally.task.utils [-] Waiting for resource s_rally_b4d34270_uJUgv5f5. Status changed: QUEUED => ACTIVE in 0.248809099197
2019-07-08 19:03:24.481 1385 RALLYDEBUG rally.task.utils [-] Waiting for resource s_rally_b4d34270_JPZVADKy. Status changed: QUEUED => ACTIVE in 0.416926145554
2019-07-08 19:03:24.561 1387 INFO rally.task.runner [-] Task a0fe30f8-80fd-4fbd-a374-7fccbda03ae5 | ITER: 9 END: OK
2019-07-08 19:03:24.765 1385 INFO rally.task.runner [-] Task a0fe30f8-80fd-4fbd-a374-7fccbda03ae5 | ITER: 10 END: OK
2019-07-08 19:03:24.789 725 INFO rally.task.context [-] Task a0fe30f8-80fd-4fbd-a374-7fccbda03ae5 | Context cleanup@openstack cleanup() started
2019-07-08 19:03:24.792 725 RALLYDEBUG rally_openstack.cleanup.manager [-] Cleaning up glance images objects
2019-07-08 19:03:29.027 725 RALLYDEBUG rally_openstack.cleanup.manager [-] Deleting glance.images object s_rally_b4d34270_ZyAjm7KB (0fccb60b-b3d6-4bda-904a-0ee6447fa2f5)
2019-07-08 19:03:29.029 725 RALLYDEBUG rally_openstack.cleanup.manager [-] Deleting glance.images object s_rally_b4d34270_eyMxH3Ag (13948a9e-44a9-445d-9c7a-8ad9c4c3de3b)
2019-07-08 19:03:29.029 725 RALLYDEBUG rally_openstack.cleanup.manager [-] Deleting glance.images object s_rally_b4d34270_AtegMa5C (b4dd382f-e287-44ea-a6bd-60fd798fd8ac)
2019-07-08 19:03:29.030 725 RALLYDEBUG rally_openstack.cleanup.manager [-] Deleting glance.images object s_rally_b4d34270_uJUgv5f5 (48003aa3-490b-4a29-b2bd-44cd30942932)
2019-07-08 19:03:29.033 725 RALLYDEBUG rally_openstack.cleanup.manager [-] Deleting glance.images object s_rally_b4d34270_oMNZnqxm (7447faa4-c833-41b7-a749-4136cec8e0e7)
2019-07-08 19:03:29.033 725 RALLYDEBUG rally_openstack.cleanup.manager [-] Deleting glance.images object s_rally_b4d34270_oeA3l8yr (d0692d99-a97a-446d-b076-5f3e2d0a29d3)
2019-07-08 19:03:29.039 725 RALLYDEBUG rally_openstack.cleanup.manager [-] Deleting glance.images object s_rally_b4d34270_zpaV19RD (ff77498c-1daa-4415-8446-547e4c5e39e8)
2019-07-08 19:03:29.039 725 RALLYDEBUG rally_openstack.cleanup.manager [-] Deleting glance.images object s_rally_b4d34270_JPZVADKy (f0ee7f08-a92c-4976-a36f-3f3ce67e4099)
2019-07-08 19:03:29.043 725 RALLYDEBUG rally_openstack.cleanup.manager [-] Deleting glance.images object s_rally_b4d34270_abTy42zp (468a0676-9708-469e-9a93-558fd878d2d9)
2019-07-08 19:03:29.047 725 RALLYDEBUG rally_openstack.cleanup.manager [-] Deleting glance.images object s_rally_b4d34270_5Wry3cYZ (e2e16ba8-b1d7-4403-9731-20d05ad6a56f)
2019-07-08 19:03:31.332 725 DEBUG glanceclient.common.http [-] Request returned failure status 404. _handle_response /usr/lib/python2.7/site-packages/glanceclient/common/http.py:125
2019-07-08 19:03:31.343 725 DEBUG glanceclient.common.http [-] Request returned failure status 404. _handle_response /usr/lib/python2.7/site-packages/glanceclient/common/http.py:125
2019-07-08 19:03:31.358 725 DEBUG glanceclient.common.http [-] Request returned failure status 404. _handle_response /usr/lib/python2.7/site-packages/glanceclient/common/http.py:125
2019-07-08 19:03:31.366 725 DEBUG glanceclient.common.http [-] Request returned failure status 404. _handle_response /usr/lib/python2.7/site-packages/glanceclient/common/http.py:125
2019-07-08 19:03:31.378 725 DEBUG glanceclient.common.http [-] Request returned failure status 404. _handle_response /usr/lib/python2.7/site-packages/glanceclient/common/http.py:125
2019-07-08 19:03:31.395 725 DEBUG glanceclient.common.http [-] Request returned failure status 404. _handle_response /usr/lib/python2.7/site-packages/glanceclient/common/http.py:125
2019-07-08 19:03:31.402 725 DEBUG glanceclient.common.http [-] Request returned failure status 404. _handle_response /usr/lib/python2.7/site-packages/glanceclient/common/http.py:125
2019-07-08 19:03:31.440 725 DEBUG glanceclient.common.http [-] Request returned failure status 404. _handle_response /usr/lib/python2.7/site-packages/glanceclient/common/http.py:125
2019-07-08 19:03:31.468 725 DEBUG glanceclient.common.http [-] Request returned failure status 404. _handle_response /usr/lib/python2.7/site-packages/glanceclient/common/http.py:125
2019-07-08 19:03:31.581 725 DEBUG glanceclient.common.http [-] Request returned failure status 404. _handle_response /usr/lib/python2.7/site-packages/glanceclient/common/http.py:125
2019-07-08 19:03:31.671 725 DEBUG glanceclient.common.http [-] Request returned failure status 404. _handle_response /usr/lib/python2.7/site-packages/glanceclient/common/http.py:125
2019-07-08 19:03:31.691 725 DEBUG glanceclient.common.http [-] Request returned failure status 404. _handle_response /usr/lib/python2.7/site-packages/glanceclient/common/http.py:125
2019-07-08 19:03:31.720 725 DEBUG glanceclient.common.http [-] Request returned failure status 404. _handle_response /usr/lib/python2.7/site-packages/glanceclient/common/http.py:125
2019-07-08 19:03:31.724 725 DEBUG glanceclient.common.http [-] Request returned failure status 404. _handle_response /usr/lib/python2.7/site-packages/glanceclient/common/http.py:125
2019-07-08 19:03:31.751 725 DEBUG glanceclient.common.http [-] Request returned failure status 404. _handle_response /usr/lib/python2.7/site-packages/glanceclient/common/http.py:125
2019-07-08 19:03:31.769 725 DEBUG glanceclient.common.http [-] Request returned failure status 404. _handle_response /usr/lib/python2.7/site-packages/glanceclient/common/http.py:125
2019-07-08 19:03:31.839 725 DEBUG glanceclient.common.http [-] Request returned failure status 404. _handle_response /usr/lib/python2.7/site-packages/glanceclient/common/http.py:125
2019-07-08 19:03:31.979 725 DEBUG glanceclient.common.http [-] Request returned failure status 404. _handle_response /usr/lib/python2.7/site-packages/glanceclient/common/http.py:125
2019-07-08 19:03:32.023 725 DEBUG glanceclient.common.http [-] Request returned failure status 404. _handle_response /usr/lib/python2.7/site-packages/glanceclient/common/http.py:125
2019-07-08 19:03:32.248 725 DEBUG glanceclient.common.http [-] Request returned failure status 404. _handle_response /usr/lib/python2.7/site-packages/glanceclient/common/http.py:125
2019-07-08 19:03:33.251 725 INFO rally.task.context [-] Task a0fe30f8-80fd-4fbd-a374-7fccbda03ae5 | Context cleanup@openstack cleanup() finished in 8.46 sec
2019-07-08 19:03:33.252 725 INFO rally.task.context [-] Task a0fe30f8-80fd-4fbd-a374-7fccbda03ae5 | Context users@openstack cleanup() started
2019-07-08 19:03:41.567 725 INFO rally.task.context [-] Task a0fe30f8-80fd-4fbd-a374-7fccbda03ae5 | Context users@openstack cleanup() finished in 8.32 sec
2019-07-08 19:03:41.833 725 INFO rally.task.engine [-] Load duration is: 15.42837
2019-07-08 19:03:41.833 725 INFO rally.task.engine [-] Full runner duration is: 16.344606
2019-07-08 19:03:41.834 725 INFO rally.task.engine [-] Full duration is: 37.898907
2019-07-08 19:03:42.064 725 INFO rally.task.engine [-] Running workload: position = 0 config = { "version": 2, "title": "A cropped version of a bigger task.", "description": "Auto-generated task from a single workload (uuid=5b8c3fe6-a079-4c06-8cda-5cb92a661a6c)", "subtasks": [ { "title": "GlanceImages.create_and_download_image", "description": "Create an image, then download data of the image.", "scenario": { "GlanceImages.create_and_download_image": { "container_format": "bare", "disk_format": "qcow2", "image_location": "/home/opnfv/functest/images/cirros-0.4.0-x86_64-disk.img" } }, "contexts": { "users": { "tenants": 3, "users_per_tenant": 2 } }, "runner": { "constant": { "concurrency": 4, "times": 10 } }, "hooks": [], "sla": { "failure_rate": { "max": 0 } } } ] }
2019-07-08 19:03:42.088 725 RALLYDEBUG rally_openstack.contexts.keystone.users [-] Creating 3 tenants using 20 threads
2019-07-08 19:03:43.914 725 RALLYDEBUG rally_openstack.contexts.keystone.users [-] Creating 6 users using 20 threads
2019-07-08 19:03:46.712 725 INFO rally.task.context [-] Task a0fe30f8-80fd-4fbd-a374-7fccbda03ae5 | Context users@openstack setup() finished in 4.62 sec
2019-07-08 19:03:46.713 725 INFO rally.task.context [-] Task a0fe30f8-80fd-4fbd-a374-7fccbda03ae5 | Context cleanup@openstack setup() finished in 0.01 msec
2019-07-08 19:03:46.721 725 RALLYDEBUG rally.task.runner [-] Starting the constant runner (task UUID: a0fe30f8-80fd-4fbd-a374-7fccbda03ae5). timeout: 0 concurrency: 4 concurrency_per_worker: 1 times: 10 concurrency_overhead: 0 processes_to_start: 4 max_cpu_used: 16
2019-07-08 19:03:46.735 1509 RALLYDEBUG rally.task.runner [-] Starting a worker. concurrency: 1 args: {"container_format": "bare", "disk_format": "qcow2", "image_location": "/home/opnfv/functest/images/cirros-0.4.0-x86_64-disk.img"} times: 10 method_name: run timeout: 0 duration: None cls:
2019-07-08 19:03:46.737 1510 RALLYDEBUG rally.task.runner [-] Starting a worker. concurrency: 1 args: {"container_format": "bare", "disk_format": "qcow2", "image_location": "/home/opnfv/functest/images/cirros-0.4.0-x86_64-disk.img"} times: 10 method_name: run timeout: 0 duration: None cls:
2019-07-08 19:03:46.740 1511 RALLYDEBUG rally.task.runner [-] Starting a worker. concurrency: 1 args: {"container_format": "bare", "disk_format": "qcow2", "image_location": "/home/opnfv/functest/images/cirros-0.4.0-x86_64-disk.img"} times: 10 method_name: run timeout: 0 duration: None cls:
2019-07-08 19:03:46.741 1509 INFO rally.task.runner [-] Task a0fe30f8-80fd-4fbd-a374-7fccbda03ae5 | ITER: 1 START
2019-07-08 19:03:46.743 1512 RALLYDEBUG rally.task.runner [-] Starting a worker. concurrency: 1 args: {"container_format": "bare", "disk_format": "qcow2", "image_location": "/home/opnfv/functest/images/cirros-0.4.0-x86_64-disk.img"} times: 10 method_name: run timeout: 0 duration: None cls:
2019-07-08 19:03:46.744 1510 INFO rally.task.runner [-] Task a0fe30f8-80fd-4fbd-a374-7fccbda03ae5 | ITER: 2 START
2019-07-08 19:03:46.747 1511 INFO rally.task.runner [-] Task a0fe30f8-80fd-4fbd-a374-7fccbda03ae5 | ITER: 3 START
2019-07-08 19:03:46.750 1512 INFO rally.task.runner [-] Task a0fe30f8-80fd-4fbd-a374-7fccbda03ae5 | ITER: 4 START
2019-07-08 19:03:50.310 1511 RALLYDEBUG rally.task.utils [-] Waiting for resource u'6eb89679-57d2-451a-b563-68e4b44c5d9f'. Status changed: NONE => QUEUED in 0.0299510955811
2019-07-08 19:03:50.590 1509 RALLYDEBUG rally.task.utils [-] Waiting for resource u'33ec0775-b573-4c15-8a0b-f82909b21a39'. Status changed: NONE => QUEUED in 0.29688000679
2019-07-08 19:03:50.600 1512 RALLYDEBUG rally.task.utils [-] Waiting for resource u'a80a532f-39d8-47fe-8eaf-0f7a18da3de8'. Status changed: NONE => QUEUED in 0.309946060181
2019-07-08 19:03:50.621 1510 RALLYDEBUG rally.task.utils [-] Waiting for resource u'b2673f64-9930-46e2-950c-79b85a54e64c'. Status changed: NONE => QUEUED in 0.304732084274
2019-07-08 19:03:51.356 1511 RALLYDEBUG rally.task.utils [-] Waiting for resource s_rally_5b8c3fe6_ehBK0Ct7. Status changed: QUEUED => ACTIVE in 0.301214933395
2019-07-08 19:03:52.172 1512 RALLYDEBUG rally.task.utils [-] Waiting for resource s_rally_5b8c3fe6_TDMJ352S. Status changed: QUEUED => ACTIVE in 0.0254170894623
2019-07-08 19:03:52.685 1511 INFO rally.task.runner [-] Task a0fe30f8-80fd-4fbd-a374-7fccbda03ae5 | ITER: 3 END: OK
2019-07-08 19:03:52.689 1511 INFO rally.task.runner [-] Task a0fe30f8-80fd-4fbd-a374-7fccbda03ae5 | ITER: 5 START
2019-07-08 19:03:53.352 1512 INFO rally.task.runner [-] Task a0fe30f8-80fd-4fbd-a374-7fccbda03ae5 | ITER: 4 END: OK
2019-07-08 19:03:53.356 1512 INFO rally.task.runner [-] Task a0fe30f8-80fd-4fbd-a374-7fccbda03ae5 | ITER: 6 START
2019-07-08 19:03:53.504 1509 RALLYDEBUG rally.task.utils [-] Waiting for resource s_rally_5b8c3fe6_swgAXRzu. Status changed: QUEUED => ACTIVE in 0.315004825592
2019-07-08 19:03:53.550 1510 RALLYDEBUG rally.task.utils [-] Waiting for resource s_rally_5b8c3fe6_1DCCdV8O. Status changed: QUEUED => ACTIVE in 0.318349123001
2019-07-08 19:03:54.166 1510 INFO rally.task.runner [-] Task a0fe30f8-80fd-4fbd-a374-7fccbda03ae5 | ITER: 2 END: OK
2019-07-08 19:03:54.170 1510 INFO rally.task.runner [-] Task a0fe30f8-80fd-4fbd-a374-7fccbda03ae5 | ITER: 7 START
2019-07-08 19:03:54.205 1509 INFO rally.task.runner [-] Task a0fe30f8-80fd-4fbd-a374-7fccbda03ae5 | ITER: 1 END: OK
2019-07-08 19:03:54.209 1509 INFO rally.task.runner [-] Task a0fe30f8-80fd-4fbd-a374-7fccbda03ae5 | ITER: 8 START
2019-07-08 19:03:56.373 1511 RALLYDEBUG rally.task.utils [-] Waiting for resource u'f7575975-193b-42c7-a19d-3a863c62ca3b'. Status changed: NONE => QUEUED in 0.234470844269
2019-07-08 19:03:57.181 1511 RALLYDEBUG rally.task.utils [-] Waiting for resource s_rally_5b8c3fe6_TkdOGDsq. Status changed: QUEUED => ACTIVE in 0.0228221416473
2019-07-08 19:03:57.454 1512 RALLYDEBUG rally.task.utils [-] Waiting for resource u'cee5371b-9f81-4b72-96a5-9ef5f8bd8809'. Status changed: NONE => QUEUED in 0.622265100479
2019-07-08 19:03:57.722 1511 INFO rally.task.runner [-] Task a0fe30f8-80fd-4fbd-a374-7fccbda03ae5 | ITER: 5 END: OK
2019-07-08 19:03:57.726 1511 INFO rally.task.runner [-] Task a0fe30f8-80fd-4fbd-a374-7fccbda03ae5 | ITER: 9 START
2019-07-08 19:03:58.126 1510 RALLYDEBUG rally.task.utils [-] Waiting for resource u'cf7d2ed1-39f4-4fe4-92e8-420774e52a9e'. Status changed: NONE => QUEUED in 0.509567975998
2019-07-08 19:03:58.309 1512 RALLYDEBUG rally.task.utils [-] Waiting for resource s_rally_5b8c3fe6_igRgW204. Status changed: QUEUED => ACTIVE in 0.0187010765076
2019-07-08 19:03:58.435 1509 RALLYDEBUG rally.task.utils [-] Waiting for resource u'22d947bf-ab82-4284-841b-a1a1b357fafa'. Status changed: NONE => QUEUED in 0.78681397438
2019-07-08 19:03:59.433 1509 RALLYDEBUG rally.task.utils [-] Waiting for resource s_rally_5b8c3fe6_VTh33AO8. Status changed: QUEUED => ACTIVE in 0.0172719955444
2019-07-08 19:03:59.497 1512 INFO rally.task.runner [-] Task a0fe30f8-80fd-4fbd-a374-7fccbda03ae5 | ITER: 6 END: OK
2019-07-08 19:03:59.502 1512 INFO rally.task.runner [-] Task a0fe30f8-80fd-4fbd-a374-7fccbda03ae5 | ITER: 10 START
2019-07-08 19:03:59.973 1510 RALLYDEBUG rally.task.utils [-] Waiting for resource s_rally_5b8c3fe6_cQDZ17lX. Status changed: QUEUED => ACTIVE in 0.238466978073
2019-07-08 19:04:00.078 1509 INFO rally.task.runner [-] Task a0fe30f8-80fd-4fbd-a374-7fccbda03ae5 | ITER: 8 END: OK
2019-07-08 19:04:00.587 1510 INFO rally.task.runner [-] Task a0fe30f8-80fd-4fbd-a374-7fccbda03ae5 | ITER: 7 END: OK
2019-07-08 19:04:01.504 1511 RALLYDEBUG rally.task.utils [-] Waiting for resource u'a908f33f-3054-481f-b223-e76914883569'. Status changed: NONE => QUEUED in 0.31672000885
2019-07-08 19:04:03.101 1511 RALLYDEBUG rally.task.utils [-] Waiting for resource s_rally_5b8c3fe6_8DPO5AlI. Status changed: QUEUED => ACTIVE in 0.0197710990906
2019-07-08 19:04:03.395 1512 RALLYDEBUG rally.task.utils [-] Waiting for resource u'2db93fbe-d8d4-472b-a0eb-ad6051849e4d'. Status changed: NONE => QUEUED in 0.513404846191
2019-07-08 19:04:03.549 1511 INFO rally.task.runner [-] Task a0fe30f8-80fd-4fbd-a374-7fccbda03ae5 | ITER: 9 END: OK
2019-07-08 19:04:04.339 1512 RALLYDEBUG rally.task.utils [-] Waiting for resource s_rally_5b8c3fe6_NICyfDmb. Status changed: QUEUED => ACTIVE in 0.222867965698
2019-07-08 19:04:05.179 1512 INFO rally.task.runner [-] Task a0fe30f8-80fd-4fbd-a374-7fccbda03ae5 | ITER: 10 END: OK
2019-07-08 19:04:05.203 725 INFO rally.task.context [-] Task a0fe30f8-80fd-4fbd-a374-7fccbda03ae5 | Context cleanup@openstack cleanup() started
2019-07-08 19:04:05.205 725 RALLYDEBUG rally_openstack.cleanup.manager [-] Cleaning up glance images objects
2019-07-08 19:04:09.176 725 RALLYDEBUG rally_openstack.cleanup.manager [-] Deleting glance.images object s_rally_5b8c3fe6_1DCCdV8O (b2673f64-9930-46e2-950c-79b85a54e64c)
2019-07-08 19:04:09.179 725 RALLYDEBUG rally_openstack.cleanup.manager [-] Deleting glance.images object s_rally_5b8c3fe6_ehBK0Ct7 (6eb89679-57d2-451a-b563-68e4b44c5d9f)
2019-07-08 19:04:09.180 725 RALLYDEBUG rally_openstack.cleanup.manager [-] Deleting glance.images object s_rally_5b8c3fe6_TkdOGDsq (f7575975-193b-42c7-a19d-3a863c62ca3b)
2019-07-08 19:04:09.184 725 RALLYDEBUG rally_openstack.cleanup.manager [-] Deleting glance.images object s_rally_5b8c3fe6_8DPO5AlI (a908f33f-3054-481f-b223-e76914883569)
2019-07-08 19:04:09.189 725 RALLYDEBUG rally_openstack.cleanup.manager [-] Deleting glance.images object s_rally_5b8c3fe6_cQDZ17lX (cf7d2ed1-39f4-4fe4-92e8-420774e52a9e)
2019-07-08 19:04:09.198 725 RALLYDEBUG rally_openstack.cleanup.manager [-] Deleting glance.images object s_rally_5b8c3fe6_swgAXRzu (33ec0775-b573-4c15-8a0b-f82909b21a39)
2019-07-08 19:04:09.200 725 RALLYDEBUG rally_openstack.cleanup.manager [-] Deleting glance.images object s_rally_5b8c3fe6_TDMJ352S (a80a532f-39d8-47fe-8eaf-0f7a18da3de8)
2019-07-08 19:04:09.201 725 RALLYDEBUG rally_openstack.cleanup.manager [-] Deleting glance.images object s_rally_5b8c3fe6_igRgW204 (cee5371b-9f81-4b72-96a5-9ef5f8bd8809)
2019-07-08 19:04:09.204 725 RALLYDEBUG rally_openstack.cleanup.manager [-] Deleting glance.images object s_rally_5b8c3fe6_VTh33AO8 (22d947bf-ab82-4284-841b-a1a1b357fafa)
2019-07-08 19:04:09.205 725 RALLYDEBUG rally_openstack.cleanup.manager [-] Deleting glance.images object s_rally_5b8c3fe6_NICyfDmb (2db93fbe-d8d4-472b-a0eb-ad6051849e4d)
2019-07-08 19:04:11.486 725 DEBUG glanceclient.common.http [-] Request returned failure status 404. _handle_response /usr/lib/python2.7/site-packages/glanceclient/common/http.py:125
2019-07-08 19:04:11.499 725 DEBUG glanceclient.common.http [-] Request returned failure status 404. _handle_response /usr/lib/python2.7/site-packages/glanceclient/common/http.py:125
2019-07-08 19:04:11.509 725 DEBUG glanceclient.common.http [-] Request returned failure status 404. _handle_response /usr/lib/python2.7/site-packages/glanceclient/common/http.py:125
2019-07-08 19:04:11.516 725 DEBUG glanceclient.common.http [-] Request returned failure status 404. _handle_response /usr/lib/python2.7/site-packages/glanceclient/common/http.py:125
2019-07-08 19:04:11.630 725 DEBUG glanceclient.common.http [-] Request returned failure status 404. _handle_response /usr/lib/python2.7/site-packages/glanceclient/common/http.py:125
2019-07-08 19:04:11.647 725 DEBUG glanceclient.common.http [-] Request returned failure status 404. _handle_response /usr/lib/python2.7/site-packages/glanceclient/common/http.py:125
2019-07-08 19:04:11.666 725 DEBUG glanceclient.common.http [-] Request returned failure status 404. _handle_response /usr/lib/python2.7/site-packages/glanceclient/common/http.py:125
2019-07-08 19:04:11.696 725 DEBUG glanceclient.common.http [-] Request returned failure status 404. _handle_response /usr/lib/python2.7/site-packages/glanceclient/common/http.py:125
2019-07-08 19:04:11.704 725 DEBUG glanceclient.common.http [-] Request returned failure status 404. _handle_response /usr/lib/python2.7/site-packages/glanceclient/common/http.py:125
2019-07-08 19:04:11.719 725 DEBUG glanceclient.common.http [-] Request returned failure status 404. _handle_response /usr/lib/python2.7/site-packages/glanceclient/common/http.py:125
2019-07-08 19:04:11.769 725 DEBUG glanceclient.common.http [-] Request returned failure status 404. _handle_response /usr/lib/python2.7/site-packages/glanceclient/common/http.py:125
2019-07-08 19:04:11.814 725 DEBUG glanceclient.common.http [-] Request returned failure status 404. _handle_response /usr/lib/python2.7/site-packages/glanceclient/common/http.py:125
2019-07-08 19:04:11.878 725 DEBUG glanceclient.common.http [-] Request returned failure status 404. _handle_response /usr/lib/python2.7/site-packages/glanceclient/common/http.py:125
2019-07-08 19:04:11.911 725 DEBUG glanceclient.common.http [-] Request returned failure status 404. _handle_response /usr/lib/python2.7/site-packages/glanceclient/common/http.py:125
2019-07-08 19:04:11.925 725 DEBUG glanceclient.common.http [-] Request returned failure status 404. _handle_response /usr/lib/python2.7/site-packages/glanceclient/common/http.py:125
2019-07-08 19:04:11.959 725 DEBUG glanceclient.common.http [-] Request returned failure status 404. _handle_response /usr/lib/python2.7/site-packages/glanceclient/common/http.py:125
2019-07-08 19:04:12.020 725 DEBUG glanceclient.common.http [-] Request returned failure status 404. _handle_response /usr/lib/python2.7/site-packages/glanceclient/common/http.py:125
2019-07-08 19:04:12.057 725 DEBUG glanceclient.common.http [-] Request returned failure status 404. _handle_response /usr/lib/python2.7/site-packages/glanceclient/common/http.py:125
2019-07-08 19:04:12.107 725 DEBUG glanceclient.common.http [-] Request returned failure status 404. _handle_response /usr/lib/python2.7/site-packages/glanceclient/common/http.py:125
2019-07-08 19:04:12.109 725 DEBUG glanceclient.common.http [-] Request returned failure status 404. _handle_response /usr/lib/python2.7/site-packages/glanceclient/common/http.py:125
2019-07-08 19:04:13.112 725 INFO rally.task.context [-] Task a0fe30f8-80fd-4fbd-a374-7fccbda03ae5 | Context cleanup@openstack cleanup() finished in 7.91 sec
2019-07-08 19:04:13.113 725 INFO rally.task.context [-] Task a0fe30f8-80fd-4fbd-a374-7fccbda03ae5 | Context users@openstack cleanup() started
2019-07-08 19:04:21.214 725 INFO rally.task.context [-] Task a0fe30f8-80fd-4fbd-a374-7fccbda03ae5 | Context users@openstack cleanup() finished in 8.10 sec
2019-07-08 19:04:22.248 725 INFO rally.task.engine [-] Load duration is: 17.574494
2019-07-08 19:04:22.249 725 INFO rally.task.engine [-] Full runner duration is: 18.482847
2019-07-08 19:04:22.249 725 INFO rally.task.engine [-] Full duration is: 39.12717
2019-07-08 19:04:22.483 725 INFO rally.task.engine [-] Running workload: position = 0 config = { "version": 2, "title": "A cropped version of a bigger task.", "description": "Auto-generated task from a single workload (uuid=fe53fdf2-ece1-4016-8fcd-5a45c5579206)", "subtasks": [ { "title": "GlanceImages.create_and_get_image", "description": "Create and get detailed information of an image.", "scenario": { "GlanceImages.create_and_get_image": { "container_format": "bare", "disk_format": "qcow2", "image_location": "/home/opnfv/functest/images/cirros-0.4.0-x86_64-disk.img" } }, "contexts": { "users": { "tenants": 3, "users_per_tenant": 2 } }, "runner": { "constant": { "concurrency": 4, "times": 10 } }, "hooks": [], "sla": { "failure_rate": { "max": 0 } } } ] }
2019-07-08 19:04:22.505 725 RALLYDEBUG rally_openstack.contexts.keystone.users [-] Creating 3 tenants using 20 threads
2019-07-08 19:04:24.441 725 RALLYDEBUG rally_openstack.contexts.keystone.users [-] Creating 6 users using 20 threads
2019-07-08 19:04:27.304 725 INFO rally.task.context [-] Task a0fe30f8-80fd-4fbd-a374-7fccbda03ae5 | Context users@openstack setup() finished in 4.80 sec
2019-07-08 19:04:27.305 725 INFO rally.task.context [-] Task a0fe30f8-80fd-4fbd-a374-7fccbda03ae5 | Context cleanup@openstack setup() finished in 0.00 msec
2019-07-08 19:04:27.312 725 RALLYDEBUG rally.task.runner [-] Starting the constant runner (task UUID: a0fe30f8-80fd-4fbd-a374-7fccbda03ae5). timeout: 0 concurrency: 4 concurrency_per_worker: 1 times: 10 concurrency_overhead: 0 processes_to_start: 4 max_cpu_used: 16
2019-07-08 19:04:27.325 1633 RALLYDEBUG rally.task.runner [-] Starting a worker. concurrency: 1 args: {"container_format": "bare", "disk_format": "qcow2", "image_location": "/home/opnfv/functest/images/cirros-0.4.0-x86_64-disk.img"} times: 10 method_name: run timeout: 0 duration: None cls:
2019-07-08 19:04:27.328 1634 RALLYDEBUG rally.task.runner [-] Starting a worker. concurrency: 1 args: {"container_format": "bare", "disk_format": "qcow2", "image_location": "/home/opnfv/functest/images/cirros-0.4.0-x86_64-disk.img"} times: 10 method_name: run timeout: 0 duration: None cls:
2019-07-08 19:04:27.330 1633 INFO rally.task.runner [-] Task a0fe30f8-80fd-4fbd-a374-7fccbda03ae5 | ITER: 1 START
2019-07-08 19:04:27.331 1635 RALLYDEBUG rally.task.runner [-] Starting a worker. concurrency: 1 args: {"container_format": "bare", "disk_format": "qcow2", "image_location": "/home/opnfv/functest/images/cirros-0.4.0-x86_64-disk.img"} times: 10 method_name: run timeout: 0 duration: None cls:
2019-07-08 19:04:27.335 1634 INFO rally.task.runner [-] Task a0fe30f8-80fd-4fbd-a374-7fccbda03ae5 | ITER: 2 START
2019-07-08 19:04:27.337 1635 INFO rally.task.runner [-] Task a0fe30f8-80fd-4fbd-a374-7fccbda03ae5 | ITER: 3 START
2019-07-08 19:04:27.337 1637 RALLYDEBUG rally.task.runner [-] Starting a worker. concurrency: 1 args: {"container_format": "bare", "disk_format": "qcow2", "image_location": "/home/opnfv/functest/images/cirros-0.4.0-x86_64-disk.img"} times: 10 method_name: run timeout: 0 duration: None cls:
2019-07-08 19:04:27.346 1637 INFO rally.task.runner [-] Task a0fe30f8-80fd-4fbd-a374-7fccbda03ae5 | ITER: 4 START
2019-07-08 19:04:31.157 1637 RALLYDEBUG rally.task.utils [-] Waiting for resource u'c4909e2c-8f2b-4279-bab3-02195fc3b31b'. Status changed: NONE => QUEUED in 0.226670980453
2019-07-08 19:04:31.216 1635 RALLYDEBUG rally.task.utils [-] Waiting for resource u'e239dae7-4a51-43ab-ac35-fb0269ef583a'. Status changed: NONE => QUEUED in 0.296035051346
2019-07-08 19:04:31.251 1634 RALLYDEBUG rally.task.utils [-] Waiting for resource u'58ac3c2b-4007-409a-814f-ca27b3a7b42f'. Status changed: NONE => QUEUED in 0.349439144135
2019-07-08 19:04:31.357 1633 RALLYDEBUG rally.task.utils [-] Waiting for resource u'f778e774-609c-458e-b666-f4293fea1506'. Status changed: NONE => QUEUED in 0.319967031479
2019-07-08 19:04:31.692 1634 RALLYDEBUG rally.task.utils [-] Waiting for resource s_rally_fe53fdf2_zLMSGOZI. Status changed: QUEUED => ACTIVE in 0.0182161331177
2019-07-08 19:04:31.994 1634 INFO rally.task.runner [-] Task a0fe30f8-80fd-4fbd-a374-7fccbda03ae5 | ITER: 2 END: OK
2019-07-08 19:04:31.998 1634 INFO rally.task.runner [-] Task a0fe30f8-80fd-4fbd-a374-7fccbda03ae5 | ITER: 5 START
2019-07-08 19:04:33.211 1635 RALLYDEBUG rally.task.utils [-] Waiting for resource s_rally_fe53fdf2_qGZvFUkJ. Status changed: QUEUED => ACTIVE in 0.230093002319
2019-07-08 19:04:33.303 1637 RALLYDEBUG rally.task.utils [-] Waiting for resource s_rally_fe53fdf2_T07t3JOY. Status changed: QUEUED => ACTIVE in 0.334255933762
2019-07-08 19:04:33.334 1633 RALLYDEBUG rally.task.utils [-] Waiting for resource s_rally_fe53fdf2_j6JL7M5w. Status changed: QUEUED => ACTIVE in 0.384010076523
2019-07-08 19:04:33.353 1633 INFO rally.task.runner [-] Task a0fe30f8-80fd-4fbd-a374-7fccbda03ae5 | ITER: 1 END: OK
2019-07-08 19:04:33.357 1633 INFO rally.task.runner [-] Task a0fe30f8-80fd-4fbd-a374-7fccbda03ae5 | ITER: 6 START
2019-07-08 19:04:33.543 1635 INFO rally.task.runner [-] Task a0fe30f8-80fd-4fbd-a374-7fccbda03ae5 | ITER: 3 END: OK
2019-07-08 19:04:33.548 1635 INFO rally.task.runner [-] Task a0fe30f8-80fd-4fbd-a374-7fccbda03ae5 | ITER: 7 START
2019-07-08 19:04:33.599 1637 INFO rally.task.runner [-] Task a0fe30f8-80fd-4fbd-a374-7fccbda03ae5 | ITER: 4 END: OK
2019-07-08 19:04:33.603 1637 INFO rally.task.runner [-] Task a0fe30f8-80fd-4fbd-a374-7fccbda03ae5 | ITER: 8 START
2019-07-08 19:04:35.929 1634 RALLYDEBUG rally.task.utils [-] Waiting for resource u'5058c1c4-b23c-4297-b113-99568cc18fc6'. Status changed: NONE => QUEUED in 0.305824995041
2019-07-08 19:04:36.908 1633 RALLYDEBUG rally.task.utils [-] Waiting for resource u'7a48ebe4-f489-442e-88f3-7ac6118ec41e'. Status changed: NONE => QUEUED in 0.222644090652
2019-07-08 19:04:37.134 1634 RALLYDEBUG rally.task.utils [-] Waiting for resource s_rally_fe53fdf2_zczbXqVN. Status changed: QUEUED => ACTIVE in 0.0170300006866
2019-07-08 19:04:37.426 1634 INFO rally.task.runner [-] Task a0fe30f8-80fd-4fbd-a374-7fccbda03ae5 | ITER: 5 END: OK
2019-07-08 19:04:37.430 1634 INFO rally.task.runner [-] Task a0fe30f8-80fd-4fbd-a374-7fccbda03ae5 | ITER: 9 START
2019-07-08 19:04:37.566 1635 RALLYDEBUG rally.task.utils [-] Waiting for resource u'c545b332-b2b9-4432-992a-0c32b9fa302b'. Status changed: NONE => QUEUED in 0.481543064117
2019-07-08 19:04:37.755 1637 RALLYDEBUG rally.task.utils [-] Waiting for resource u'd1fcb8ce-64dd-4c9b-bce8-56332a3050d6'. Status changed: NONE => QUEUED in 0.771100997925
2019-07-08 19:04:38.577 1633 RALLYDEBUG rally.task.utils [-] Waiting for resource s_rally_fe53fdf2_zWtZrfdx. Status changed: QUEUED => ACTIVE in 0.204087972641
2019-07-08 19:04:38.657 1637 RALLYDEBUG rally.task.utils [-] Waiting for resource s_rally_fe53fdf2_4mjJzDhD. Status changed: QUEUED => ACTIVE in 0.294013977051
2019-07-08 19:04:38.675 1637 INFO rally.task.runner [-] Task a0fe30f8-80fd-4fbd-a374-7fccbda03ae5 | ITER: 8 END: OK
2019-07-08 19:04:38.679 1637 INFO rally.task.runner [-] Task a0fe30f8-80fd-4fbd-a374-7fccbda03ae5 | ITER: 10 START
2019-07-08 19:04:38.898 1633 INFO rally.task.runner [-] Task a0fe30f8-80fd-4fbd-a374-7fccbda03ae5 | ITER: 6 END: OK
2019-07-08 19:04:39.435 1635 RALLYDEBUG rally.task.utils [-] Waiting for resource s_rally_fe53fdf2_nUilam5d. Status changed: QUEUED => ACTIVE in 0.0186581611633
2019-07-08 19:04:39.454 1635 INFO rally.task.runner [-] Task a0fe30f8-80fd-4fbd-a374-7fccbda03ae5 | ITER: 7 END: OK
2019-07-08 19:04:41.218 1634 RALLYDEBUG rally.task.utils [-] Waiting for resource u'a4be11f5-1e01-42a2-ad5b-f25cad43b86b'. Status changed: NONE => QUEUED in 0.623755931854
2019-07-08 19:04:42.130 1634 RALLYDEBUG rally.task.utils [-] Waiting for resource s_rally_fe53fdf2_br6bnUTt. Status changed: QUEUED => ACTIVE in 0.210358858109
2019-07-08 19:04:42.407 1634 INFO rally.task.runner [-] Task a0fe30f8-80fd-4fbd-a374-7fccbda03ae5 | ITER: 9 END: OK
2019-07-08 19:04:42.470 1637 RALLYDEBUG rally.task.utils [-] Waiting for resource u'70b86bd0-68c6-41ed-b484-14feb9bb2655'. Status changed: NONE => QUEUED in 0.336811065674
