2019-07-08 19:09:27.310 1842 RALLYDEBUG rally_openstack.cleanup.manager [-] Deleting cinder.volume_snapshots object s_rally_f5214a2b_qUIhs6Bh (02f44215-d3b4-4534-9aef-b157241b4031)
2019-07-08 19:09:27.317 1842 RALLYDEBUG rally_openstack.cleanup.manager [-] Deleting cinder.volume_snapshots object s_rally_f5214a2b_bYsr2Nxz (7cfc9e42-18ca-452a-8220-a8dcfd939953)
2019-07-08 19:09:27.318 1842 RALLYDEBUG rally_openstack.cleanup.manager [-] Deleting cinder.volume_snapshots object s_rally_f5214a2b_IUKqDRYx (17ebc569-96f3-4eba-b780-d1f76b23dd95)
2019-07-08 19:09:27.321 1842 RALLYDEBUG rally_openstack.cleanup.manager [-] Deleting cinder.volume_snapshots object s_rally_f5214a2b_x27MvkCq (a838ec98-b367-4e2c-bb67-afb0380b0e4a)
2019-07-08 19:09:27.331 1842 RALLYDEBUG rally_openstack.cleanup.manager [-] Deleting cinder.volume_snapshots object s_rally_f5214a2b_6zAZYmcy (69bb90a6-f7d5-40f0-a8d0-704f6f6a8d49)
2019-07-08 19:09:27.333 1842 RALLYDEBUG rally_openstack.cleanup.manager [-] Deleting cinder.volume_snapshots object s_rally_f5214a2b_8a7R32MA (40ca5e08-ac72-4029-8289-28b9d4a3c35c)
2019-07-08 19:09:27.340 1842 RALLYDEBUG rally_openstack.cleanup.manager [-] Deleting cinder.volume_snapshots object s_rally_f5214a2b_4OgxHLCh (5f2f8169-b658-4eaf-b1e1-b1fd0c48d372)
2019-07-08 19:09:27.343 1842 RALLYDEBUG rally_openstack.cleanup.manager [-] Deleting cinder.volume_snapshots object s_rally_f5214a2b_tJBPmavk (b4119994-c09f-4e8c-9466-b8dad83ed0a7)
2019-07-08 19:09:27.355 1842 RALLYDEBUG rally_openstack.cleanup.manager [-] Deleting cinder.volume_snapshots object s_rally_f5214a2b_3H5UcwFV (b1b3ed06-1c20-45b3-91ae-f00ab8efce99)
2019-07-08 19:09:27.367 1842 RALLYDEBUG rally_openstack.cleanup.manager [-] Deleting cinder.volume_snapshots object s_rally_f5214a2b_AbDOJn9F (376a16b6-97a0-40d6-95b6-80f37b08bfd0)
2019-07-08 19:09:32.137 1842 RALLYDEBUG rally_openstack.cleanup.manager [-] Cleaning up cinder transfers objects
2019-07-08 19:09:34.287 1842 RALLYDEBUG rally_openstack.cleanup.manager [-] Cleaning up cinder volumes objects
2019-07-08 19:09:36.667 1842 INFO rally.task.context [-] Task 4b1d5022-84c6-435e-8f71-f9b49209a2cf | Context cleanup@openstack cleanup() finished in 13.87 sec
2019-07-08 19:09:36.667 1842 INFO rally.task.context [-] Task 4b1d5022-84c6-435e-8f71-f9b49209a2cf | Context volumes@openstack cleanup() started
2019-07-08 19:09:36.668 1842 RALLYDEBUG rally_openstack.cleanup.manager [-] Cleaning up cinder volumes objects
2019-07-08 19:09:38.953 1842 RALLYDEBUG rally_openstack.cleanup.manager [-] Deleting cinder.volumes object c_rally_f5214a2b_K57D276Y (603741f0-2457-46f3-aa24-dc59ebe0ade8)
2019-07-08 19:09:38.958 1842 RALLYDEBUG rally_openstack.cleanup.manager [-] Deleting cinder.volumes object c_rally_f5214a2b_3FL54VMU (bcc8ba75-ef81-4a21-82f5-3cdba068c285)
2019-07-08 19:09:38.959 1842 RALLYDEBUG rally_openstack.cleanup.manager [-] Deleting cinder.volumes object c_rally_f5214a2b_gFncJobL (fc81b482-0931-4465-b769-1ed576527218)
2019-07-08 19:09:42.406 1842 INFO rally.task.context [-] Task 4b1d5022-84c6-435e-8f71-f9b49209a2cf | Context volumes@openstack cleanup() finished in 5.74 sec
2019-07-08 19:09:42.407 1842 INFO rally.task.context [-] Task 4b1d5022-84c6-435e-8f71-f9b49209a2cf | Context quotas@openstack cleanup() started
2019-07-08 19:09:43.349 1842 INFO rally.task.context [-] Task 4b1d5022-84c6-435e-8f71-f9b49209a2cf | Context quotas@openstack cleanup() finished in 0.94 sec
2019-07-08 19:09:43.350 1842 INFO rally.task.context [-] Task 4b1d5022-84c6-435e-8f71-f9b49209a2cf | Context api_versions@openstack cleanup() started
2019-07-08 19:09:43.350 1842 INFO rally.task.context [-] Task 4b1d5022-84c6-435e-8f71-f9b49209a2cf | Context api_versions@openstack cleanup() finished in 0.30 msec
2019-07-08 19:09:43.350 1842 INFO rally.task.context [-] Task 4b1d5022-84c6-435e-8f71-f9b49209a2cf | Context users@openstack cleanup() started
2019-07-08 19:09:51.704 1842 INFO rally.task.context [-] Task 4b1d5022-84c6-435e-8f71-f9b49209a2cf | Context users@openstack cleanup() finished in 8.35 sec
2019-07-08 19:09:53.246 1842 INFO rally.task.engine [-] Load duration is: 11.517809
2019-07-08 19:09:53.246 1842 INFO rally.task.engine [-] Full runner duration is: 11.565836
2019-07-08 19:09:53.246 1842 INFO rally.task.engine [-] Full duration is: 58.709501
2019-07-08 19:09:53.477 1842 INFO rally.task.engine [-] Running workload: position = 0 config = { "version": 2, "title": "A cropped version of a bigger task.", "description": "Auto-generated task from a single workload (uuid=98cd90b6-5d32-4401-a1de-4bbd04b8ec1d)", "subtasks": [ { "title": "CinderVolumes.create_and_list_volume", "description": "Create a volume and list all volumes.", "scenario": { "CinderVolumes.create_and_list_volume": { "detailed": true, "image": { "name": "rally_full-img_dd3a611e-b0b1-4307-ab5b-6e0a97c02396" }, "size": 1 } }, "contexts": { "users": { "tenants": 3, "users_per_tenant": 2 }, "quotas": { "cinder": { "gigabytes": -1, "snapshots": -1, "volumes": -1 } }, "api_versions": { "cinder": { "version": 3, "service_type": "volumev3" } } }, "runner": { "constant": { "concurrency": 4, "times": 10 } }, "hooks": [], "sla": { "failure_rate": { "max": 0 } } } ] }
2019-07-08 19:09:53.503 1842 RALLYDEBUG rally_openstack.contexts.keystone.users [-] Creating 3 tenants using 20 threads
2019-07-08 19:09:55.418 1842 RALLYDEBUG rally_openstack.contexts.keystone.users [-] Creating 6 users using 20 threads
2019-07-08 19:09:58.261 1842 INFO rally.task.context [-] Task 4b1d5022-84c6-435e-8f71-f9b49209a2cf | Context users@openstack setup() finished in 4.76 sec
2019-07-08 19:09:58.695 1842 INFO rally.task.context [-] Task 4b1d5022-84c6-435e-8f71-f9b49209a2cf | Context api_versions@openstack setup() finished in 0.43 sec
2019-07-08 19:10:00.359 1842 INFO rally.task.context [-] Task 4b1d5022-84c6-435e-8f71-f9b49209a2cf | Context quotas@openstack setup() finished in 1.66 sec
2019-07-08 19:10:00.359 1842 INFO rally.task.context [-] Task 4b1d5022-84c6-435e-8f71-f9b49209a2cf | Context cleanup@openstack setup() finished in 0.01 msec
2019-07-08 19:10:01.395 1842 RALLYDEBUG rally.task.runner [-] Starting the constant runner (task UUID: 4b1d5022-84c6-435e-8f71-f9b49209a2cf). timeout: 0 concurrency: 4 concurrency_per_worker: 1 times: 10 concurrency_overhead: 0 processes_to_start: 4 max_cpu_used: 16
2019-07-08 19:10:01.407 2414 RALLYDEBUG rally.task.runner [-] Starting a worker. concurrency: 1 args: {"detailed": true, "image": "fb66361a-a3ec-47ea-9bdf-ad21e9711674", "size": 1} times: 10 method_name: run timeout: 0 duration: None cls:
2019-07-08 19:10:01.409 2415 RALLYDEBUG rally.task.runner [-] Starting a worker. concurrency: 1 args: {"detailed": true, "image": "fb66361a-a3ec-47ea-9bdf-ad21e9711674", "size": 1} times: 10 method_name: run timeout: 0 duration: None cls:
2019-07-08 19:10:01.411 2416 RALLYDEBUG rally.task.runner [-] Starting a worker. concurrency: 1 args: {"detailed": true, "image": "fb66361a-a3ec-47ea-9bdf-ad21e9711674", "size": 1} times: 10 method_name: run timeout: 0 duration: None cls:
2019-07-08 19:10:01.414 2414 INFO rally.task.runner [-] Task 4b1d5022-84c6-435e-8f71-f9b49209a2cf | ITER: 1 START
2019-07-08 19:10:01.415 2417 RALLYDEBUG rally.task.runner [-] Starting a worker. concurrency: 1 args: {"detailed": true, "image": "fb66361a-a3ec-47ea-9bdf-ad21e9711674", "size": 1} times: 10 method_name: run timeout: 0 duration: None cls:
2019-07-08 19:10:01.416 2415 INFO rally.task.runner [-] Task 4b1d5022-84c6-435e-8f71-f9b49209a2cf | ITER: 2 START
2019-07-08 19:10:01.416 2416 INFO rally.task.runner [-] Task 4b1d5022-84c6-435e-8f71-f9b49209a2cf | ITER: 3 START
2019-07-08 19:10:01.422 2417 INFO rally.task.runner [-] Task 4b1d5022-84c6-435e-8f71-f9b49209a2cf | ITER: 4 START
2019-07-08 19:10:08.852 2417 RALLYDEBUG rally.task.utils [-] Waiting for resource s_rally_98cd90b6_MxaDjI4j. Status changed: CREATING => DOWNLOADING in 3.00001001358
2019-07-08 19:10:10.859 2416 RALLYDEBUG rally.task.utils [-] Waiting for resource s_rally_98cd90b6_3sTWtYG0. Status changed: CREATING => DOWNLOADING in 5.33839488029
2019-07-08 19:10:16.000 2415 RALLYDEBUG rally.task.utils [-] Waiting for resource s_rally_98cd90b6_Am5JznDt. Status changed: CREATING => DOWNLOADING in 9.67582583427
2019-07-08 19:10:16.536 2414 RALLYDEBUG rally.task.utils [-] Waiting for resource s_rally_98cd90b6_M7SoH2eA. Status changed: CREATING => DOWNLOADING in 9.93652296066
2019-07-08 19:10:17.851 2416 RALLYDEBUG rally.task.utils [-] Waiting for resource s_rally_98cd90b6_3sTWtYG0. Status changed: DOWNLOADING => AVAILABLE in 6.99181103706
2019-07-08 19:10:18.120 2416 INFO rally.task.runner [-] Task 4b1d5022-84c6-435e-8f71-f9b49209a2cf | ITER: 3 END: OK
2019-07-08 19:10:18.125 2416 INFO rally.task.runner [-] Task 4b1d5022-84c6-435e-8f71-f9b49209a2cf | ITER: 5 START
2019-07-08 19:10:18.248 2417 RALLYDEBUG rally.task.utils [-] Waiting for resource s_rally_98cd90b6_MxaDjI4j. Status changed: DOWNLOADING => AVAILABLE in 9.39593911171
2019-07-08 19:10:18.566 2417 INFO rally.task.runner [-] Task 4b1d5022-84c6-435e-8f71-f9b49209a2cf | ITER: 4 END: OK
2019-07-08 19:10:18.571 2417 INFO rally.task.runner [-] Task 4b1d5022-84c6-435e-8f71-f9b49209a2cf | ITER: 6 START
2019-07-08 19:10:23.028 2415 RALLYDEBUG rally.task.utils [-] Waiting for resource s_rally_98cd90b6_Am5JznDt. Status changed: DOWNLOADING => AVAILABLE in 7.02774810791
2019-07-08 19:10:23.294 2415 INFO rally.task.runner [-] Task 4b1d5022-84c6-435e-8f71-f9b49209a2cf | ITER: 2 END: OK
2019-07-08 19:10:23.298 2415 INFO rally.task.runner [-] Task 4b1d5022-84c6-435e-8f71-f9b49209a2cf | ITER: 7 START
2019-07-08 19:10:23.313 2414 RALLYDEBUG rally.task.utils [-] Waiting for resource s_rally_98cd90b6_M7SoH2eA. Status changed: DOWNLOADING => AVAILABLE in 6.77691793442
2019-07-08 19:10:23.846 2414 INFO rally.task.runner [-] Task 4b1d5022-84c6-435e-8f71-f9b49209a2cf | ITER: 1 END: OK
2019-07-08 19:10:23.851 2414 INFO rally.task.runner [-] Task 4b1d5022-84c6-435e-8f71-f9b49209a2cf | ITER: 8 START
2019-07-08 19:10:26.535 2417 RALLYDEBUG rally.task.utils [-] Waiting for resource s_rally_98cd90b6_tk56y7f8. Status changed: CREATING => DOWNLOADING in 2.91670417786
2019-07-08 19:10:28.221 2416 RALLYDEBUG rally.task.utils [-] Waiting for resource s_rally_98cd90b6_4rcQYaQR. Status changed: CREATING => DOWNLOADING in 5.3638241291
2019-07-08 19:10:30.933 2417 RALLYDEBUG rally.task.utils [-] Waiting for resource s_rally_98cd90b6_tk56y7f8. Status changed: DOWNLOADING => AVAILABLE in 4.39853692055
2019-07-08 19:10:31.282 2417 INFO rally.task.runner [-] Task 4b1d5022-84c6-435e-8f71-f9b49209a2cf | ITER: 6 END: OK
2019-07-08 19:10:31.287 2417 INFO rally.task.runner [-] Task 4b1d5022-84c6-435e-8f71-f9b49209a2cf | ITER: 9 START
2019-07-08 19:10:32.869 2416 RALLYDEBUG rally.task.utils [-] Waiting for resource s_rally_98cd90b6_4rcQYaQR. Status changed: DOWNLOADING => AVAILABLE in 4.64746689796
2019-07-08 19:10:32.953 2416 INFO rally.task.runner [-] Task 4b1d5022-84c6-435e-8f71-f9b49209a2cf | ITER: 5 END: OK
2019-07-08 19:10:32.958 2416 INFO rally.task.runner [-] Task 4b1d5022-84c6-435e-8f71-f9b49209a2cf | ITER: 10 START
2019-07-08 19:10:34.237 2414 RALLYDEBUG rally.task.utils [-] Waiting for resource s_rally_98cd90b6_unufsD1T. Status changed: CREATING => DOWNLOADING in 5.33750915527
2019-07-08 19:10:35.902 2415 RALLYDEBUG rally.task.utils [-] Waiting for resource s_rally_98cd90b6_LCmNZTTS. Status changed: CREATING => DOWNLOADING in 7.52348399162
2019-07-08 19:10:40.590 2415 RALLYDEBUG rally.task.utils [-] Waiting for resource s_rally_98cd90b6_LCmNZTTS. Status changed: DOWNLOADING => AVAILABLE in 4.68782711029
2019-07-08 19:10:40.936 2415 INFO rally.task.runner [-] Task 4b1d5022-84c6-435e-8f71-f9b49209a2cf | ITER: 7 END: OK
2019-07-08 19:10:40.977 2414 RALLYDEBUG rally.task.utils [-] Waiting for resource s_rally_98cd90b6_unufsD1T. Status changed: DOWNLOADING => AVAILABLE in 6.74056887627
2019-07-08 19:10:41.415 2414 INFO rally.task.runner [-] Task 4b1d5022-84c6-435e-8f71-f9b49209a2cf | ITER: 8 END: OK
2019-07-08 19:10:43.887 2417 RALLYDEBUG rally.task.utils [-] Waiting for resource s_rally_98cd90b6_T5bqFoPG. Status changed: CREATING => DOWNLOADING in 7.7692990303
2019-07-08 19:10:44.991 2416 RALLYDEBUG rally.task.utils [-] Waiting for resource s_rally_98cd90b6_QlisHBmQ. Status changed: CREATING => DOWNLOADING in 7.24739217758
2019-07-08 19:10:48.305 2417 RALLYDEBUG rally.task.utils [-] Waiting for resource s_rally_98cd90b6_T5bqFoPG. Status changed: DOWNLOADING => AVAILABLE in 4.41773915291
2019-07-08 19:10:48.685 2417 INFO rally.task.runner [-] Task 4b1d5022-84c6-435e-8f71-f9b49209a2cf | ITER: 9 END: OK
2019-07-08 19:10:49.659 2416 RALLYDEBUG rally.task.utils [-] Waiting for resource s_rally_98cd90b6_QlisHBmQ. Status changed: DOWNLOADING => AVAILABLE in 4.66856789589
2019-07-08 19:10:50.019 2416 INFO rally.task.runner [-] Task 4b1d5022-84c6-435e-8f71-f9b49209a2cf | ITER: 10 END: OK
2019-07-08 19:10:50.041 1842 INFO rally.task.context [-] Task 4b1d5022-84c6-435e-8f71-f9b49209a2cf | Context cleanup@openstack cleanup() started
2019-07-08 19:10:50.043 1842 RALLYDEBUG rally_openstack.cleanup.manager [-] Cleaning up cinder backups objects
2019-07-08 19:10:52.422 1842 RALLYDEBUG rally_openstack.cleanup.manager [-] Cleaning up cinder volume_snapshots objects
2019-07-08 19:10:54.660 1842 RALLYDEBUG rally_openstack.cleanup.manager [-] Cleaning up cinder transfers objects
2019-07-08 19:10:56.948 1842 RALLYDEBUG rally_openstack.cleanup.manager [-] Cleaning up cinder volumes objects
2019-07-08 19:10:59.226 1842 RALLYDEBUG rally_openstack.cleanup.manager [-] Deleting cinder.volumes object s_rally_98cd90b6_M7SoH2eA (57318e76-367d-49f0-840b-456db1e039bb)
2019-07-08 19:10:59.228 1842 RALLYDEBUG rally_openstack.cleanup.manager [-] Deleting cinder.volumes object s_rally_98cd90b6_QlisHBmQ (9b6f0e76-c1db-4f2f-8dd8-3444099a9acf)
2019-07-08 19:10:59.231 1842 RALLYDEBUG rally_openstack.cleanup.manager [-] Deleting cinder.volumes object s_rally_98cd90b6_T5bqFoPG (66d58abb-e7b1-4ced-b7e0-dfc63a3aad40)
2019-07-08 19:10:59.233 1842 RALLYDEBUG rally_openstack.cleanup.manager [-] Deleting cinder.volumes object s_rally_98cd90b6_LCmNZTTS (db70ed45-6005-46be-8c10-b9106034f8fe)
2019-07-08 19:10:59.236 1842 RALLYDEBUG rally_openstack.cleanup.manager [-] Deleting cinder.volumes object s_rally_98cd90b6_Am5JznDt (0c9964ab-b74c-4058-9b16-d3293f336fd4)
2019-07-08 19:10:59.245 1842 RALLYDEBUG rally_openstack.cleanup.manager [-] Deleting cinder.volumes object s_rally_98cd90b6_4rcQYaQR (62aeb635-766a-41c0-b6c0-2eb91b796d16)
2019-07-08 19:10:59.252 1842 RALLYDEBUG rally_openstack.cleanup.manager [-] Deleting cinder.volumes object s_rally_98cd90b6_unufsD1T (7ac58f69-0d68-4923-bcb6-39f7e46d53a2)
2019-07-08 19:10:59.266 1842 RALLYDEBUG rally_openstack.cleanup.manager [-] Deleting cinder.volumes object s_rally_98cd90b6_MxaDjI4j (37bf0d6d-9c10-42cc-89ed-6075f9c55209)
2019-07-08 19:10:59.272 1842 RALLYDEBUG rally_openstack.cleanup.manager [-] Deleting cinder.volumes object s_rally_98cd90b6_tk56y7f8 (69c523fb-fe34-49ad-9992-74fa2708bc62)
2019-07-08 19:10:59.276 1842 RALLYDEBUG rally_openstack.cleanup.manager [-] Deleting cinder.volumes object s_rally_98cd90b6_3sTWtYG0 (4c6ee7cb-2bb3-48b3-8817-b3ce6e5a278f)
2019-07-08 19:11:03.309 1842 INFO rally.task.context [-] Task 4b1d5022-84c6-435e-8f71-f9b49209a2cf | Context cleanup@openstack cleanup() finished in 13.27 sec
2019-07-08 19:11:03.309 1842 INFO rally.task.context [-] Task 4b1d5022-84c6-435e-8f71-f9b49209a2cf | Context quotas@openstack cleanup() started
2019-07-08 19:11:03.888 1842 INFO rally.task.context [-] Task 4b1d5022-84c6-435e-8f71-f9b49209a2cf | Context quotas@openstack cleanup() finished in 0.58 sec
2019-07-08 19:11:03.888 1842 INFO rally.task.context [-] Task 4b1d5022-84c6-435e-8f71-f9b49209a2cf | Context api_versions@openstack cleanup() started
2019-07-08 19:11:03.889 1842 INFO rally.task.context [-] Task 4b1d5022-84c6-435e-8f71-f9b49209a2cf | Context api_versions@openstack cleanup() finished in 0.30 msec
2019-07-08 19:11:03.889 1842 INFO rally.task.context [-] Task 4b1d5022-84c6-435e-8f71-f9b49209a2cf | Context users@openstack cleanup() started
2019-07-08 19:11:12.214 1842 INFO rally.task.context [-] Task 4b1d5022-84c6-435e-8f71-f9b49209a2cf | Context users@openstack cleanup() finished in 8.33 sec
2019-07-08 19:11:13.847 1842 INFO rally.task.engine [-] Load duration is: 48.601395
2019-07-08 19:11:13.847 1842 INFO rally.task.engine [-] Full runner duration is: 48.646566
2019-07-08 19:11:13.848 1842 INFO rally.task.engine [-] Full duration is: 78.717226
2019-07-08 19:11:13.989 1842 INFO rally.task.engine [-] Running workload: position = 1 config = { "version": 2, "title": "A cropped version of a bigger task.", "description": "Auto-generated task from a single workload (uuid=c8b9d3d8-536d-410b-ac1a-9c60b98a9b26)", "subtasks": [ { "title": "CinderVolumes.create_and_list_volume", "description": "Create a volume and list all volumes.", "scenario": { "CinderVolumes.create_and_list_volume": { "detailed": true, "size": 1 } }, "contexts": { "users": { "tenants": 3, "users_per_tenant": 2 }, "quotas": { "cinder": { "gigabytes": -1, "snapshots": -1, "volumes": -1 } }, "api_versions": { "cinder": { "version": 3, "service_type": "volumev3" } } }, "runner": { "constant": { "concurrency": 4, "times": 10 } }, "hooks": [], "sla": { "failure_rate": { "max": 0 } } } ] }
2019-07-08 19:11:14.014 1842 RALLYDEBUG rally_openstack.contexts.keystone.users [-] Creating 3 tenants using 20 threads
2019-07-08 19:11:15.932 1842 RALLYDEBUG rally_openstack.contexts.keystone.users [-] Creating 6 users using 20 threads
2019-07-08 19:11:18.808 1842 INFO rally.task.context [-] Task 4b1d5022-84c6-435e-8f71-f9b49209a2cf | Context users@openstack setup() finished in 4.79 sec
2019-07-08 19:11:19.239 1842 INFO rally.task.context [-] Task 4b1d5022-84c6-435e-8f71-f9b49209a2cf | Context api_versions@openstack setup() finished in 0.43 sec
2019-07-08 19:11:20.900 1842 INFO rally.task.context [-] Task 4b1d5022-84c6-435e-8f71-f9b49209a2cf | Context quotas@openstack setup() finished in 1.66 sec
2019-07-08 19:11:20.900 1842 INFO rally.task.context [-] Task 4b1d5022-84c6-435e-8f71-f9b49209a2cf | Context cleanup@openstack setup() finished in 0.01 msec
2019-07-08 19:11:20.908 1842 RALLYDEBUG rally.task.runner [-] Starting the constant runner (task UUID: 4b1d5022-84c6-435e-8f71-f9b49209a2cf). timeout: 0 concurrency: 4 concurrency_per_worker: 1 times: 10 concurrency_overhead: 0 processes_to_start: 4 max_cpu_used: 16
2019-07-08 19:11:20.924 2598 RALLYDEBUG rally.task.runner [-] Starting a worker. concurrency: 1 args: {"detailed": true, "size": 1} times: 10 method_name: run timeout: 0 duration: None cls:
2019-07-08 19:11:20.926 2599 RALLYDEBUG rally.task.runner [-] Starting a worker. concurrency: 1 args: {"detailed": true, "size": 1} times: 10 method_name: run timeout: 0 duration: None cls:
2019-07-08 19:11:20.928 2600 RALLYDEBUG rally.task.runner [-] Starting a worker. concurrency: 1 args: {"detailed": true, "size": 1} times: 10 method_name: run timeout: 0 duration: None cls:
2019-07-08 19:11:20.931 2601 RALLYDEBUG rally.task.runner [-] Starting a worker. concurrency: 1 args: {"detailed": true, "size": 1} times: 10 method_name: run timeout: 0 duration: None cls:
2019-07-08 19:11:20.933 2598 INFO rally.task.runner [-] Task 4b1d5022-84c6-435e-8f71-f9b49209a2cf | ITER: 1 START
2019-07-08 19:11:20.933 2600 INFO rally.task.runner [-] Task 4b1d5022-84c6-435e-8f71-f9b49209a2cf | ITER: 3 START
2019-07-08 19:11:20.935 2599 INFO rally.task.runner [-] Task 4b1d5022-84c6-435e-8f71-f9b49209a2cf | ITER: 2 START
2019-07-08 19:11:20.940 2601 INFO rally.task.runner [-] Task 4b1d5022-84c6-435e-8f71-f9b49209a2cf | ITER: 4 START
2019-07-08 19:11:24.879 2598 INFO rally.task.runner [-] Task 4b1d5022-84c6-435e-8f71-f9b49209a2cf | ITER: 1 END: OK
2019-07-08 19:11:24.885 2598 INFO rally.task.runner [-] Task 4b1d5022-84c6-435e-8f71-f9b49209a2cf | ITER: 5 START
2019-07-08 19:11:24.990 2600 INFO rally.task.runner [-] Task 4b1d5022-84c6-435e-8f71-f9b49209a2cf | ITER: 3 END: OK
2019-07-08 19:11:24.995 2600 INFO rally.task.runner [-] Task 4b1d5022-84c6-435e-8f71-f9b49209a2cf | ITER: 6 START
2019-07-08 19:11:25.176 2599 INFO rally.task.runner [-] Task 4b1d5022-84c6-435e-8f71-f9b49209a2cf | ITER: 2 END: OK
2019-07-08 19:11:25.182 2599 INFO rally.task.runner [-] Task 4b1d5022-84c6-435e-8f71-f9b49209a2cf | ITER: 7 START
2019-07-08 19:11:25.232 2601 INFO rally.task.runner [-] Task 4b1d5022-84c6-435e-8f71-f9b49209a2cf | ITER: 4 END: OK
2019-07-08 19:11:25.237 2601 INFO rally.task.runner [-] Task 4b1d5022-84c6-435e-8f71-f9b49209a2cf | ITER: 8 START
2019-07-08 19:11:28.721 2598 INFO rally.task.runner [-] Task 4b1d5022-84c6-435e-8f71-f9b49209a2cf | ITER: 5 END: OK
2019-07-08 19:11:28.726 2598 INFO rally.task.runner [-] Task 4b1d5022-84c6-435e-8f71-f9b49209a2cf | ITER: 9 START
2019-07-08 19:11:28.871 2600 INFO rally.task.runner [-] Task 4b1d5022-84c6-435e-8f71-f9b49209a2cf | ITER: 6 END: OK
2019-07-08 19:11:28.876 2600 INFO rally.task.runner [-] Task 4b1d5022-84c6-435e-8f71-f9b49209a2cf | ITER: 10 START
2019-07-08 19:11:29.115 2601 INFO rally.task.runner [-] Task 4b1d5022-84c6-435e-8f71-f9b49209a2cf | ITER: 8 END: OK
2019-07-08 19:11:29.314 2599 INFO rally.task.runner [-] Task 4b1d5022-84c6-435e-8f71-f9b49209a2cf | ITER: 7 END: OK
2019-07-08 19:11:32.614 2600 INFO rally.task.runner [-] Task 4b1d5022-84c6-435e-8f71-f9b49209a2cf | ITER: 10 END: OK
2019-07-08 19:11:32.772 2598 INFO rally.task.runner [-] Task 4b1d5022-84c6-435e-8f71-f9b49209a2cf | ITER: 9 END: OK
2019-07-08 19:11:32.798 1842 INFO rally.task.context [-] Task 4b1d5022-84c6-435e-8f71-f9b49209a2cf | Context cleanup@openstack cleanup() started
2019-07-08 19:11:32.802 1842 RALLYDEBUG rally_openstack.cleanup.manager [-] Cleaning up cinder backups objects
2019-07-08 19:11:34.941 1842 RALLYDEBUG rally_openstack.cleanup.manager [-] Cleaning up cinder volume_snapshots objects
2019-07-08 19:11:37.317 1842 RALLYDEBUG rally_openstack.cleanup.manager [-] Cleaning up cinder transfers objects
2019-07-08 19:11:39.624 1842 RALLYDEBUG rally_openstack.cleanup.manager [-] Cleaning up cinder volumes objects
2019-07-08 19:11:42.012 1842 RALLYDEBUG rally_openstack.cleanup.manager [-] Deleting cinder.volumes object s_rally_c8b9d3d8_f8LSNx43 (403c47c9-f9b1-4ea5-9de2-eaff0cc2c1f5)
2019-07-08 19:11:42.013 1842 RALLYDEBUG rally_openstack.cleanup.manager [-] Deleting cinder.volumes object s_rally_c8b9d3d8_lUyUqYEf (36a62c36-ab91-43c3-a52b-82c24e393f9d)
2019-07-08 19:11:42.017 1842 RALLYDEBUG rally_openstack.cleanup.manager [-] Deleting cinder.volumes object s_rally_c8b9d3d8_8ID7Q2q6 (5c217b99-a1a5-4c93-97dd-1f1c91d92384)
2019-07-08 19:11:42.028 1842 RALLYDEBUG rally_openstack.cleanup.manager [-] Deleting cinder.volumes object s_rally_c8b9d3d8_E4qYdKDC (814c75cb-222d-4a59-8e42-f77aa6a3c0b6)
2019-07-08 19:11:42.034 1842 RALLYDEBUG rally_openstack.cleanup.manager [-] Deleting cinder.volumes object s_rally_c8b9d3d8_DS0pigC9 (12a7052d-1dd2-4b61-9adb-7b1ae00ed0cc)
2019-07-08 19:11:42.040 1842 RALLYDEBUG rally_openstack.cleanup.manager [-] Deleting cinder.volumes object s_rally_c8b9d3d8_KiNTGxKj (efd37c80-b482-4472-a3db-c8a37fd0b2b3)
2019-07-08 19:11:42.041 1842 RALLYDEBUG rally_openstack.cleanup.manager [-] Deleting cinder.volumes object s_rally_c8b9d3d8_5pe9krmb (4e74169e-84d5-4c74-b786-3ec3d4c0069b)
2019-07-08 19:11:42.050 1842 RALLYDEBUG rally_openstack.cleanup.manager [-] Deleting cinder.volumes object s_rally_c8b9d3d8_T3HKcBc9 (cacaca39-2099-477d-9c39-7c4009314da4)
2019-07-08 19:11:42.058 1842 RALLYDEBUG rally_openstack.cleanup.manager [-] Deleting cinder.volumes object s_rally_c8b9d3d8_UlRN1tdi (3ab47ad9-e333-4010-9768-ef86bba091a0)
2019-07-08 19:11:42.061 1842 RALLYDEBUG rally_openstack.cleanup.manager [-] Deleting cinder.volumes object s_rally_c8b9d3d8_VVjz9zkR (ffe83c78-0ba3-4b23-8da2-2c71039cf2d5)
2019-07-08 19:11:45.824 1842 INFO rally.task.context [-] Task 4b1d5022-84c6-435e-8f71-f9b49209a2cf | Context cleanup@openstack cleanup() finished in 13.03 sec
2019-07-08 19:11:45.825 1842 INFO rally.task.context [-] Task 4b1d5022-84c6-435e-8f71-f9b49209a2cf | Context quotas@openstack cleanup() started
2019-07-08 19:11:46.751 1842 INFO rally.task.context [-] Task 4b1d5022-84c6-435e-8f71-f9b49209a2cf | Context quotas@openstack cleanup() finished in 0.93 sec
2019-07-08 19:11:46.751 1842 INFO rally.task.context [-] Task 4b1d5022-84c6-435e-8f71-f9b49209a2cf | Context api_versions@openstack cleanup() started
2019-07-08 19:11:46.752 1842 INFO rally.task.context [-] Task 4b1d5022-84c6-435e-8f71-f9b49209a2cf | Context api_versions@openstack cleanup() finished in 0.34 msec
2019-07-08 19:11:46.752 1842 INFO rally.task.context [-] Task 4b1d5022-84c6-435e-8f71-f9b49209a2cf | Context users@openstack cleanup() started
2019-07-08 19:11:54.914 1842 INFO rally.task.context [-] Task 4b1d5022-84c6-435e-8f71-f9b49209a2cf | Context users@openstack cleanup() finished in 8.16 sec
2019-07-08 19:11:56.194 1842 INFO rally.task.engine [-] Load duration is: 11.829569
2019-07-08 19:11:56.195 1842 INFO rally.task.engine [-] Full runner duration is: 11.890085
2019-07-08 19:11:56.195 1842 INFO rally.task.engine [-] Full duration is: 40.904541
2019-07-08 19:11:56.430 1842 INFO rally.task.engine [-] Running workload: position = 0 config = { "version": 2, "title": "A cropped version of a bigger task.", "description": "Auto-generated task from a single workload (uuid=e1018ae9-9df8-4655-82a8-10bb9e961e5b)", "subtasks": [ { "title": "CinderVolumes.create_and_upload_volume_to_image", "description": "Create and upload a volume to image.", "scenario": { "CinderVolumes.create_and_upload_volume_to_image": { "container_format": "bare", "disk_format": "raw", "do_delete": true, "force": false, "size": 1 } }, "contexts": { "users": { "tenants": 3, "users_per_tenant": 2 }, "quotas": { "cinder": { "gigabytes": -1, "snapshots": -1, "volumes": -1 } }, "api_versions": { "cinder": { "version": 3, "service_type": "volumev3" } } }, "runner": { "constant": { "concurrency": 4, "times": 10 } }, "hooks": [], "sla": { "failure_rate": { "max": 0 } } } ] }
2019-07-08 19:11:56.453 1842 RALLYDEBUG rally_openstack.contexts.keystone.users [-] Creating 3 tenants using 20 threads
2019-07-08 19:11:58.459 1842 RALLYDEBUG rally_openstack.contexts.keystone.users [-] Creating 6 users using 20 threads
2019-07-08 19:12:01.291 1842 INFO rally.task.context [-] Task 4b1d5022-84c6-435e-8f71-f9b49209a2cf | Context users@openstack setup() finished in 4.84 sec
2019-07-08 19:12:01.734 1842 INFO rally.task.context [-] Task 4b1d5022-84c6-435e-8f71-f9b49209a2cf | Context api_versions@openstack setup() finished in 0.44 sec
2019-07-08 19:12:03.404 1842 INFO rally.task.context [-] Task 4b1d5022-84c6-435e-8f71-f9b49209a2cf | Context quotas@openstack setup() finished in 1.67 sec
2019-07-08 19:12:03.405 1842 INFO rally.task.context [-] Task 4b1d5022-84c6-435e-8f71-f9b49209a2cf | Context cleanup@openstack setup() finished in 0.01 msec
2019-07-08 19:12:03.412 1842 RALLYDEBUG rally.task.runner [-] Starting the constant runner (task UUID: 4b1d5022-84c6-435e-8f71-f9b49209a2cf). timeout: 0 concurrency: 4 concurrency_per_worker: 1 times: 10 concurrency_overhead: 0 processes_to_start: 4 max_cpu_used: 16
2019-07-08 19:12:03.426 2782 RALLYDEBUG rally.task.runner [-] Starting a worker. concurrency: 1 args: {"container_format": "bare", "disk_format": "raw", "do_delete": true, "force": false, "size": 1} times: 10 method_name: run timeout: 0 duration: None cls:
2019-07-08 19:12:03.428 2783 RALLYDEBUG rally.task.runner [-] Starting a worker. concurrency: 1 args: {"container_format": "bare", "disk_format": "raw", "do_delete": true, "force": false, "size": 1} times: 10 method_name: run timeout: 0 duration: None cls:
2019-07-08 19:12:03.431 2784 RALLYDEBUG rally.task.runner [-] Starting a worker. concurrency: 1 args: {"container_format": "bare", "disk_format": "raw", "do_delete": true, "force": false, "size": 1} times: 10 method_name: run timeout: 0 duration: None cls:
2019-07-08 19:12:03.433 2782 INFO rally.task.runner [-] Task 4b1d5022-84c6-435e-8f71-f9b49209a2cf | ITER: 1 START
2019-07-08 19:12:03.434 2785 RALLYDEBUG rally.task.runner [-] Starting a worker. concurrency: 1 args: {"container_format": "bare", "disk_format": "raw", "do_delete": true, "force": false, "size": 1} times: 10 method_name: run timeout: 0 duration: None cls:
2019-07-08 19:12:03.437 2783 INFO rally.task.runner [-] Task 4b1d5022-84c6-435e-8f71-f9b49209a2cf | ITER: 2 START
2019-07-08 19:12:03.438 2784 INFO rally.task.runner [-] Task 4b1d5022-84c6-435e-8f71-f9b49209a2cf | ITER: 3 START
2019-07-08 19:12:03.441 2785 INFO rally.task.runner [-] Task 4b1d5022-84c6-435e-8f71-f9b49209a2cf | ITER: 4 START
2019-07-08 19:12:09.020 2783 RALLYDEBUG rally.task.utils [-] Waiting for resource s_rally_e1018ae9_PzwPPztt. Status changed: AVAILABLE => UPLOADING in 0.348714113235
2019-07-08 19:12:09.248 2782 RALLYDEBUG rally.task.utils [-] Waiting for resource s_rally_e1018ae9_C3jRSeOO. Status changed: AVAILABLE => UPLOADING in 0.418735980988
2019-07-08 19:12:09.331 2784 RALLYDEBUG rally.task.utils [-] Waiting for resource s_rally_e1018ae9_Gkv3AXjv. Status changed: AVAILABLE => UPLOADING in 0.393590927124
2019-07-08 19:12:09.408 2785 RALLYDEBUG rally.task.utils [-] Waiting for resource s_rally_e1018ae9_DEchSUno. Status changed: AVAILABLE => UPLOADING in 0.335124015808
2019-07-08 19:12:56.114 2782 RALLYDEBUG rally.task.utils [-] Waiting for resource s_rally_e1018ae9_C3jRSeOO. Status changed: UPLOADING => AVAILABLE in 46.8661129475
2019-07-08 19:12:57.507 2785 RALLYDEBUG rally.task.utils [-] Waiting for resource s_rally_e1018ae9_DEchSUno. Status changed: UPLOADING => AVAILABLE in 48.0980641842
2019-07-08 19:12:58.171 2785 RALLYDEBUG rally.task.utils [-] Waiting for resource s_rally_e1018ae9_DEchSUno. Status changed: AVAILABLE => DELETING in 0.0569221973419
2019-07-08 19:12:58.863 2783 RALLYDEBUG rally.task.utils [-] Waiting for resource s_rally_e1018ae9_PzwPPztt. Status changed: UPLOADING => AVAILABLE in 49.8432118893
2019-07-08 19:12:59.275 2782 INFO rally.task.runner [-] Task 4b1d5022-84c6-435e-8f71-f9b49209a2cf | ITER: 1 END: OK
2019-07-08 19:12:59.282 2782 INFO rally.task.runner [-] Task 4b1d5022-84c6-435e-8f71-f9b49209a2cf | ITER: 5 START
2019-07-08 19:12:59.330 2784 RALLYDEBUG rally.task.utils [-] Waiting for resource s_rally_e1018ae9_Gkv3AXjv. Status changed: UPLOADING => AVAILABLE in 49.9984900951
2019-07-08 19:13:01.514 2784 INFO rally.task.runner [-] Task 4b1d5022-84c6-435e-8f71-f9b49209a2cf | ITER: 3 END: OK
2019-07-08 19:13:01.520 2784 INFO rally.task.runner [-] Task 4b1d5022-84c6-435e-8f71-f9b49209a2cf | ITER: 6 START
2019-07-08 19:13:01.531 2785 INFO rally.task.runner [-] Task 4b1d5022-84c6-435e-8f71-f9b49209a2cf | ITER: 4 END: OK
2019-07-08 19:13:01.537 2785 INFO rally.task.runner [-] Task 4b1d5022-84c6-435e-8f71-f9b49209a2cf | ITER: 7 START
2019-07-08 19:13:01.544 2783 INFO rally.task.runner [-] Task 4b1d5022-84c6-435e-8f71-f9b49209a2cf | ITER: 2 END: OK
2019-07-08 19:13:01.551 2783 INFO rally.task.runner [-] Task 4b1d5022-84c6-435e-8f71-f9b49209a2cf | ITER: 8 START
2019-07-08 19:13:04.427 2782 RALLYDEBUG rally.task.utils [-] Waiting for resource s_rally_e1018ae9_lgLoNeOT. Status changed: AVAILABLE => UPLOADING in 0.0541279315948
2019-07-08 19:13:06.853 2784 RALLYDEBUG rally.task.utils [-] Waiting for resource s_rally_e1018ae9_V2VYuz6Y. Status changed: AVAILABLE => UPLOADING in 0.266648054123
2019-07-08 19:13:07.194 2785 RALLYDEBUG rally.task.utils [-] Waiting for resource s_rally_e1018ae9_MU5MZ4S1. Status changed: AVAILABLE => UPLOADING in 0.270354032516
2019-07-08 19:13:07.198 2783 RALLYDEBUG rally.task.utils [-] Waiting for resource s_rally_e1018ae9_2P72lR63. Status changed: AVAILABLE => UPLOADING in 0.206578016281
2019-07-08 19:13:52.577 2782 RALLYDEBUG rally.task.utils [-] Waiting for resource s_rally_e1018ae9_lgLoNeOT. Status changed: UPLOADING => AVAILABLE in 48.1503479481
2019-07-08 19:13:53.351 2782 RALLYDEBUG rally.task.utils [-] Waiting for resource s_rally_e1018ae9_lgLoNeOT. Status changed: AVAILABLE => DELETING in 0.332952022552
2019-07-08 19:13:53.706 2784 RALLYDEBUG rally.task.utils [-] Waiting for resource s_rally_e1018ae9_V2VYuz6Y. Status changed: UPLOADING => AVAILABLE in 46.8532450199
2019-07-08 19:13:54.774 2784 RALLYDEBUG rally.task.utils [-] Waiting for resource s_rally_e1018ae9_V2VYuz6Y. Status changed: AVAILABLE => DELETING in 0.337955951691
2019-07-08 19:13:55.236 2783 RALLYDEBUG rally.task.utils [-] Waiting for resource s_rally_e1018ae9_2P72lR63. Status changed: UPLOADING => AVAILABLE in 48.0381088257
2019-07-08 19:13:55.279 2785 RALLYDEBUG rally.task.utils [-] Waiting for resource s_rally_e1018ae9_MU5MZ4S1. Status changed: UPLOADING => AVAILABLE in 48.0843598843
2019-07-08 19:13:55.955 2785 RALLYDEBUG rally.task.utils [-] Waiting for resource s_rally_e1018ae9_MU5MZ4S1. Status changed: AVAILABLE => DELETING in 0.0513851642609
2019-07-08 19:13:56.229 2783 RALLYDEBUG rally.task.utils [-] Waiting for resource s_rally_e1018ae9_2P72lR63. Status changed: AVAILABLE => DELETING in 0.0617129802704
2019-07-08 19:13:56.357 2782 INFO rally.task.runner [-] Task 4b1d5022-84c6-435e-8f71-f9b49209a2cf | ITER: 5 END: OK
2019-07-08 19:13:56.363 2782 INFO rally.task.runner [-] Task 4b1d5022-84c6-435e-8f71-f9b49209a2cf | ITER: 9 START
2019-07-08 19:13:58.442 2784 INFO rally.task.runner [-] Task 4b1d5022-84c6-435e-8f71-f9b49209a2cf | ITER: 6 END: OK
2019-07-08 19:13:58.447 2784 INFO rally.task.runner [-] Task 4b1d5022-84c6-435e-8f71-f9b49209a2cf | ITER: 10 START
2019-07-08 19:13:59.639 2783 INFO rally.task.runner [-] Task 4b1d5022-84c6-435e-8f71-f9b49209a2cf | ITER: 8 END: OK
2019-07-08 19:13:59.651 2785 INFO rally.task.runner [-] Task 4b1d5022-84c6-435e-8f71-f9b49209a2cf | ITER: 7 END: OK
2019-07-08 19:14:02.170 2782 RALLYDEBUG rally.task.utils [-] Waiting for resource s_rally_e1018ae9_90C778Ws. Status changed: AVAILABLE => UPLOADING in 0.313879966736
2019-07-08 19:14:04.057 2784 RALLYDEBUG rally.task.utils [-] Waiting for resource s_rally_e1018ae9_OKK8qIhF. Status changed: AVAILABLE => UPLOADING in 0.25714302063
2019-07-08 19:14:33.459 2782 RALLYDEBUG rally.task.utils [-] Waiting for resource s_rally_e1018ae9_90C778Ws. Status changed: UPLOADING => AVAILABLE in 31.2889759541
2019-07-08 19:14:34.432 2782 RALLYDEBUG rally.task.utils [-] Waiting for resource s_rally_e1018ae9_90C778Ws. Status changed: AVAILABLE => DELETING in 0.0684821605682
2019-07-08 19:14:36.101 2784 RALLYDEBUG rally.task.utils [-] Waiting for resource s_rally_e1018ae9_OKK8qIhF. Status changed: UPLOADING => AVAILABLE in 32.0441548824
2019-07-08 19:14:37.855 2782 INFO rally.task.runner [-] Task 4b1d5022-84c6-435e-8f71-f9b49209a2cf | ITER: 9 END: OK
2019-07-08 19:14:38.957 2784 INFO rally.task.runner [-] Task 4b1d5022-84c6-435e-8f71-f9b49209a2cf | ITER: 10 END: OK
2019-07-08 19:14:38.987 1842 INFO rally.task.context [-] Task 4b1d5022-84c6-435e-8f71-f9b49209a2cf | Context cleanup@openstack cleanup() started
2019-07-08 19:14:38.989 1842 RALLYDEBUG rally_openstack.cleanup.manager [-] Cleaning up cinder backups objects
2019-07-08 19:14:41.246 1842 RALLYDEBUG rally_openstack.cleanup.manager [-] Cleaning up cinder volume_snapshots objects
2019-07-08 19:14:43.455 1842 RALLYDEBUG rally_openstack.cleanup.manager [-] Cleaning up cinder transfers objects
2019-07-08 19:14:45.594 1842 RALLYDEBUG rally_openstack.cleanup.manager [-] Cleaning up cinder volumes objects
2019-07-08 19:14:47.916 1842 RALLYDEBUG rally_openstack.cleanup.manager [-] Cleaning up glance images objects
2019-07-08 19:14:51.096 1842 INFO rally.task.context [-] Task 4b1d5022-84c6-435e-8f71-f9b49209a2cf | Context cleanup@openstack cleanup() finished in 12.11 sec
2019-07-08 19:14:51.097 1842 INFO rally.task.context [-] Task 4b1d5022-84c6-435e-8f71-f9b49209a2cf | Context quotas@openstack cleanup() started
2019-07-08 19:14:51.793 1842 INFO rally.task.context [-] Task 4b1d5022-84c6-435e-8f71-f9b49209a2cf | Context quotas@openstack cleanup() finished in 0.70 sec
2019-07-08 19:14:51.793 1842 INFO rally.task.context [-] Task 4b1d5022-84c6-435e-8f71-f9b49209a2cf | Context api_versions@openstack cleanup() started
2019-07-08 19:14:51.793 1842 INFO rally.task.context [-] Task 4b1d5022-84c6-435e-8f71-f9b49209a2cf | Context api_versions@openstack cleanup() finished in 0.32 msec
2019-07-08 19:14:51.794 1842 INFO rally.task.context [-] Task 4b1d5022-84c6-435e-8f71-f9b49209a2cf | Context users@openstack cleanup() started
2019-07-08 19:15:00.328 1842 INFO rally.task.context [-] Task 4b1d5022-84c6-435e-8f71-f9b49209a2cf | Context users@openstack cleanup() finished in 8.53 sec
2019-07-08 19:15:01.190 1842 INFO rally.task.engine [-] Load duration is: 154.657881
2019-07-08 19:15:01.190 1842 INFO rally.task.engine [-] Full runner duration is: 155.574934
2019-07-08 19:15:01.191 1842 INFO rally.task.engine [-] Full duration is: 183.879419
2019-07-08 19:15:01.441 1842 INFO rally.task.engine [-] Running workload: position = 0 config = { "version": 2, "title": "A cropped version of a bigger task.", "description": "Auto-generated task from a single workload (uuid=14571973-8865-4e6b-969f-fe4229f6557c)", "subtasks": [ { "title": "CinderVolumes.create_nested_snapshots_and_attach_volume", "description": "Create a volume from snapshot and attach/detach the volume", "scenario": { "CinderVolumes.create_nested_snapshots_and_attach_volume": { "flavor": { "name": "rally_full-flavor_dd3a611e-b0b1-4307-ab5b-6e0a97c02396" }, "image": { "name": "rally_full-img_dd3a611e-b0b1-4307-ab5b-6e0a97c02396" }, "nested_level": 1, "size": { "max": 1, "min": 1 }, "create_vm_params": { "nics": [ { "net-id": "12054502-e612-44cb-9ac7-9528681fb966" } ] } } }, "contexts": { "users": { "tenants": 3, "users_per_tenant": 2 }, "quotas": { "cinder": { "gigabytes": -1, "snapshots": -1, "volumes": -1 } }, "api_versions": { "cinder": { "version": 3, "service_type": "volumev3" } } }, "runner": { "constant": { "concurrency": 4, "times": 10 } }, "hooks": [], "sla": { "failure_rate": { "max": 0 } } } ] }
2019-07-08 19:15:01.462 1842 RALLYDEBUG rally_openstack.contexts.keystone.users [-] Creating 3 tenants using 20 threads
2019-07-08 19:15:03.394 1842 RALLYDEBUG rally_openstack.contexts.keystone.users [-] Creating 6 users using 20 threads
2019-07-08 19:15:06.189 1842 INFO rally.task.context [-] Task 4b1d5022-84c6-435e-8f71-f9b49209a2cf | Context users@openstack setup() finished in 4.73 sec
2019-07-08 19:15:06.632 1842 INFO rally.task.context [-] Task 4b1d5022-84c6-435e-8f71-f9b49209a2cf | Context api_versions@openstack setup() finished in 0.44 sec
2019-07-08 19:15:08.507 1842 INFO rally.task.context [-] Task 4b1d5022-84c6-435e-8f71-f9b49209a2cf | Context quotas@openstack setup() finished in 1.87 sec
2019-07-08 19:15:08.507 1842 INFO rally.task.context [-] Task 4b1d5022-84c6-435e-8f71-f9b49209a2cf | Context cleanup@openstack setup() finished in 0.01 msec
2019-07-08 19:15:09.904 1842 DEBUG novaclient.v2.client [-] REQ: curl -g -i -X GET http://172.30.9.21:8774/v2.1/flavors/detail -H "Accept: application/json" -H "User-Agent: python-novaclient" -H "X-Auth-Token: {SHA1}a1f490f6f63204061a8781d05e2c06f4718cd0fa" _http_log_request /usr/lib/python2.7/site-packages/keystoneauth1/session.py:448
2019-07-08 19:15:10.224 1842 DEBUG novaclient.v2.client [-] RESP: [200] Content-Encoding: gzip Content-Length: 364 Content-Type: application/json Date: Mon, 08 Jul 2019 19:15:09 GMT OpenStack-API-Version: compute 2.1 Server: Apache Vary: OpenStack-API-Version,X-OpenStack-Nova-API-Version,Accept-Encoding X-OpenStack-Nova-API-Version: 2.1 x-compute-request-id: req-e35b691e-860f-4f7f-ae1a-0d9ddcee0af6 x-openstack-request-id: req-e35b691e-860f-4f7f-ae1a-0d9ddcee0af6 _http_log_response /usr/lib/python2.7/site-packages/keystoneauth1/session.py:479
2019-07-08 19:15:10.225 1842 DEBUG novaclient.v2.client [-] RESP BODY: {"flavors": [{"name": "rally_full-flavor_alt_dd3a611e-b0b1-4307-ab5b-6e0a97c02396", "links": [{"href": "http://172.30.9.21:8774/v2.1/flavors/8a552a55-80de-442b-95f3-ad69af5ee4bb", "rel": "self"}, {"href": "http://172.30.9.21:8774/flavors/8a552a55-80de-442b-95f3-ad69af5ee4bb", "rel": "bookmark"}], "ram": 1024, "OS-FLV-DISABLED:disabled": false, "vcpus": 1, "swap": "", "os-flavor-access:is_public": true, "rxtx_factor": 1.0, "OS-FLV-EXT-DATA:ephemeral": 0, "disk": 1, "id": "8a552a55-80de-442b-95f3-ad69af5ee4bb"}, {"name": "rally_full-flavor_dd3a611e-b0b1-4307-ab5b-6e0a97c02396", "links": [{"href": "http://172.30.9.21:8774/v2.1/flavors/f6511c41-a6aa-487a-b6c8-075504a2be27", "rel": "self"}, {"href": "http://172.30.9.21:8774/flavors/f6511c41-a6aa-487a-b6c8-075504a2be27", "rel": "bookmark"}], "ram": 512, "OS-FLV-DISABLED:disabled": false, "vcpus": 1, "swap": "", "os-flavor-access:is_public": true, "rxtx_factor": 1.0, "OS-FLV-EXT-DATA:ephemeral": 0, "disk": 1, "id": "f6511c41-a6aa-487a-b6c8-075504a2be27"}]} _http_log_response /usr/lib/python2.7/site-packages/keystoneauth1/session.py:511
2019-07-08 19:15:10.225 1842 DEBUG novaclient.v2.client [-] GET call to compute for http://172.30.9.21:8774/v2.1/flavors/detail used request id req-e35b691e-860f-4f7f-ae1a-0d9ddcee0af6 request /usr/lib/python2.7/site-packages/keystoneauth1/session.py:844
2019-07-08 19:15:10.227 1842 RALLYDEBUG rally.task.runner [-] Starting the constant runner (task UUID: 4b1d5022-84c6-435e-8f71-f9b49209a2cf). timeout: 0 concurrency: 4 concurrency_per_worker: 1 times: 10 concurrency_overhead: 0 processes_to_start: 4 max_cpu_used: 16
2019-07-08 19:15:10.240 2986 RALLYDEBUG rally.task.runner [-] Starting a worker. concurrency: 1 args: {"flavor": "f6511c41-a6aa-487a-b6c8-075504a2be27", "image": "fb66361a-a3ec-47ea-9bdf-ad21e9711674", "nested_level": 1, "size": {"max": 1, "min": 1}, "create_vm_params": {"nics": [{"net-id": "12054502-e612-44cb-9ac7-9528681fb966"}]}} times: 10 method_name: run timeout: 0 duration: None cls:
2019-07-08 19:15:10.244 2987 RALLYDEBUG rally.task.runner [-] Starting a worker. concurrency: 1 args: {"flavor": "f6511c41-a6aa-487a-b6c8-075504a2be27", "image": "fb66361a-a3ec-47ea-9bdf-ad21e9711674", "nested_level": 1, "size": {"max": 1, "min": 1}, "create_vm_params": {"nics": [{"net-id": "12054502-e612-44cb-9ac7-9528681fb966"}]}} times: 10 method_name: run timeout: 0 duration: None cls:
2019-07-08 19:15:10.246 2988 RALLYDEBUG rally.task.runner [-] Starting a worker. concurrency: 1 args: {"flavor": "f6511c41-a6aa-487a-b6c8-075504a2be27", "image": "fb66361a-a3ec-47ea-9bdf-ad21e9711674", "nested_level": 1, "size": {"max": 1, "min": 1}, "create_vm_params": {"nics": [{"net-id": "12054502-e612-44cb-9ac7-9528681fb966"}]}} times: 10 method_name: run timeout: 0 duration: None cls:
2019-07-08 19:15:10.248 2986 INFO rally.task.runner [-] Task 4b1d5022-84c6-435e-8f71-f9b49209a2cf | ITER: 1 START
2019-07-08 19:15:10.250 2989 RALLYDEBUG rally.task.runner [-] Starting a worker. concurrency: 1 args: {"flavor": "f6511c41-a6aa-487a-b6c8-075504a2be27", "image": "fb66361a-a3ec-47ea-9bdf-ad21e9711674", "nested_level": 1, "size": {"max": 1, "min": 1}, "create_vm_params": {"nics": [{"net-id": "12054502-e612-44cb-9ac7-9528681fb966"}]}} times: 10 method_name: run timeout: 0 duration: None cls:
2019-07-08 19:15:10.252 2987 INFO rally.task.runner [-] Task 4b1d5022-84c6-435e-8f71-f9b49209a2cf | ITER: 2 START
2019-07-08 19:15:10.255 2988 INFO rally.task.runner [-] Task 4b1d5022-84c6-435e-8f71-f9b49209a2cf | ITER: 3 START
2019-07-08 19:15:10.259 2989 INFO rally.task.runner [-] Task 4b1d5022-84c6-435e-8f71-f9b49209a2cf | ITER: 4 START
2019-07-08 19:15:10.690 2986 DEBUG novaclient.v2.client [-] REQ: curl -g -i -X POST http://172.30.9.21:8774/v2.1/servers -H "Accept: application/json" -H "Content-Type: application/json" -H "User-Agent: python-novaclient" -H "X-Auth-Token: {SHA1}2c221bb42e1b0a2f176936d46bd9c506ba79692c" -d '{"server": {"name": "s_rally_14571973_WS1MAy8k", "imageRef": "fb66361a-a3ec-47ea-9bdf-ad21e9711674", "flavorRef": "f6511c41-a6aa-487a-b6c8-075504a2be27", "max_count": 1, "min_count": 1, "networks": [{"uuid": "12054502-e612-44cb-9ac7-9528681fb966"}]}}' _http_log_request /usr/lib/python2.7/site-packages/keystoneauth1/session.py:448
2019-07-08 19:15:10.699 2989 DEBUG novaclient.v2.client [-] REQ: curl -g -i -X POST http://172.30.9.21:8774/v2.1/servers -H "Accept: application/json" -H "Content-Type: application/json" -H "User-Agent: python-novaclient" -H "X-Auth-Token: {SHA1}d7b30466027cb61c4644e0c843a3802c10e945e3" -d '{"server": {"name": "s_rally_14571973_OkDQzRkj", "imageRef": "fb66361a-a3ec-47ea-9bdf-ad21e9711674", "flavorRef": "f6511c41-a6aa-487a-b6c8-075504a2be27", "max_count": 1, "min_count": 1, "networks": [{"uuid": "12054502-e612-44cb-9ac7-9528681fb966"}]}}' _http_log_request /usr/lib/python2.7/site-packages/keystoneauth1/session.py:448
2019-07-08 19:15:10.703 2988 DEBUG novaclient.v2.client [-] REQ: curl -g -i -X POST http://172.30.9.21:8774/v2.1/servers -H "Accept: application/json" -H "Content-Type: application/json" -H "User-Agent: python-novaclient" -H "X-Auth-Token: {SHA1}e787fa1354f1cfa0fe6b6423d0f277bd34c7cb90" -d '{"server": {"name": "s_rally_14571973_LBnwFGIQ", "imageRef": "fb66361a-a3ec-47ea-9bdf-ad21e9711674", "flavorRef": "f6511c41-a6aa-487a-b6c8-075504a2be27", "max_count": 1, "min_count": 1, "networks": [{"uuid": "12054502-e612-44cb-9ac7-9528681fb966"}]}}' _http_log_request /usr/lib/python2.7/site-packages/keystoneauth1/session.py:448
2019-07-08 19:15:10.704 2987 DEBUG novaclient.v2.client [-] REQ: curl -g -i -X POST http://172.30.9.21:8774/v2.1/servers -H "Accept: application/json" -H "Content-Type: application/json" -H "User-Agent: python-novaclient" -H "X-Auth-Token: {SHA1}d7114f06507d3a173ed3ff193e0a9a04cb334aab" -d '{"server": {"name": "s_rally_14571973_CeeuoFv3", "imageRef": "fb66361a-a3ec-47ea-9bdf-ad21e9711674", "flavorRef": "f6511c41-a6aa-487a-b6c8-075504a2be27", "max_count": 1, "min_count": 1, "networks": [{"uuid": "12054502-e612-44cb-9ac7-9528681fb966"}]}}' _http_log_request /usr/lib/python2.7/site-packages/keystoneauth1/session.py:448
2019-07-08 19:15:13.538 2986 DEBUG novaclient.v2.client [-] RESP: [202] Content-Length: 374 Content-Type: application/json Date: Mon, 08 Jul 2019 19:15:10 GMT OpenStack-API-Version: compute 2.1 Server: Apache Vary: OpenStack-API-Version,X-OpenStack-Nova-API-Version X-OpenStack-Nova-API-Version: 2.1 location: http://172.30.9.21:8774/v2.1/servers/b25111bb-382d-4d51-8016-5ec60e250c9e x-compute-request-id: req-f895d6d2-76f0-41b6-8b64-43f9e82b8eaa x-openstack-request-id: req-f895d6d2-76f0-41b6-8b64-43f9e82b8eaa _http_log_response /usr/lib/python2.7/site-packages/keystoneauth1/session.py:479
2019-07-08 19:15:13.539 2986 DEBUG novaclient.v2.client [-] RESP BODY: {"server": {"security_groups": [{"name": "default"}], "OS-DCF:diskConfig": "MANUAL", "id": "b25111bb-382d-4d51-8016-5ec60e250c9e", "links": [{"href": "http://172.30.9.21:8774/v2.1/servers/b25111bb-382d-4d51-8016-5ec60e250c9e", "rel": "self"}, {"href": "http://172.30.9.21:8774/servers/b25111bb-382d-4d51-8016-5ec60e250c9e", "rel": "bookmark"}], "adminPass": "9bkMpfgeZXy9"}} _http_log_response /usr/lib/python2.7/site-packages/keystoneauth1/session.py:511
2019-07-08 19:15:13.539 2986 DEBUG novaclient.v2.client [-] POST call to compute for http://172.30.9.21:8774/v2.1/servers used request id req-f895d6d2-76f0-41b6-8b64-43f9e82b8eaa request /usr/lib/python2.7/site-packages/keystoneauth1/session.py:844
2019-07-08 19:15:13.960 2989 DEBUG novaclient.v2.client [-] RESP: [202] Content-Length: 374 Content-Type: application/json Date: Mon, 08 Jul 2019 19:15:10 GMT OpenStack-API-Version: compute 2.1 Server: Apache Vary: OpenStack-API-Version,X-OpenStack-Nova-API-Version X-OpenStack-Nova-API-Version: 2.1 location: http://172.30.9.21:8774/v2.1/servers/cfbe033d-f1ab-489a-8e90-d8ea2cae3887 x-compute-request-id: req-471d5a6a-b644-444e-8146-d763c342efc6 x-openstack-request-id: req-471d5a6a-b644-444e-8146-d763c342efc6 _http_log_response /usr/lib/python2.7/site-packages/keystoneauth1/session.py:479
2019-07-08 19:15:13.960 2989 DEBUG novaclient.v2.client [-] RESP BODY: {"server": {"security_groups": [{"name": "default"}], "OS-DCF:diskConfig": "MANUAL", "id": "cfbe033d-f1ab-489a-8e90-d8ea2cae3887", "links": [{"href": "http://172.30.9.21:8774/v2.1/servers/cfbe033d-f1ab-489a-8e90-d8ea2cae3887", "rel": "self"}, {"href": "http://172.30.9.21:8774/servers/cfbe033d-f1ab-489a-8e90-d8ea2cae3887", "rel": "bookmark"}], "adminPass": "PNF7QTGpesn9"}} _http_log_response /usr/lib/python2.7/site-packages/keystoneauth1/session.py:511
2019-07-08 19:15:13.961 2989 DEBUG novaclient.v2.client [-] POST call to compute for http://172.30.9.21:8774/v2.1/servers used request id req-471d5a6a-b644-444e-8146-d763c342efc6 request /usr/lib/python2.7/site-packages/keystoneauth1/session.py:844
2019-07-08 19:15:14.538 2988 DEBUG novaclient.v2.client [-] RESP: [202] Content-Length: 374 Content-Type: application/json Date: Mon, 08 Jul 2019 19:15:10 GMT OpenStack-API-Version: compute 2.1 Server: Apache Vary: OpenStack-API-Version,X-OpenStack-Nova-API-Version X-OpenStack-Nova-API-Version: 2.1 location: http://172.30.9.21:8774/v2.1/servers/1f5e0766-eca3-4a61-8507-6ca2d40d2e68 x-compute-request-id: req-e6a857d9-f271-4e7c-8624-90e8a07988ce x-openstack-request-id: req-e6a857d9-f271-4e7c-8624-90e8a07988ce _http_log_response /usr/lib/python2.7/site-packages/keystoneauth1/session.py:479
2019-07-08 19:15:14.539 2988 DEBUG novaclient.v2.client [-] RESP BODY: {"server": {"security_groups": [{"name": "default"}], "OS-DCF:diskConfig": "MANUAL", "id": "1f5e0766-eca3-4a61-8507-6ca2d40d2e68", "links": [{"href": "http://172.30.9.21:8774/v2.1/servers/1f5e0766-eca3-4a61-8507-6ca2d40d2e68", "rel": "self"}, {"href": "http://172.30.9.21:8774/servers/1f5e0766-eca3-4a61-8507-6ca2d40d2e68", "rel": "bookmark"}], "adminPass": "bmvLoE6o3Y7m"}} _http_log_response /usr/lib/python2.7/site-packages/keystoneauth1/session.py:511
