2019-07-08 18:56:31.301 7 RALLYDEBUG rally.api [-] INFO logs from urllib3 and requests module are hide.
2019-07-08 18:56:31.301 7 RALLYDEBUG rally.api [-] urllib3 insecure warnings are hidden.
2019-07-08 18:56:31.301 7 RALLYDEBUG rally.api [-] ERROR log from boto module is hide.
2019-07-08 18:56:32.490 7 ERROR rally.cli.cliutils [-] Unexpected exception in CLI: DBRecordNotFound: Record for uuid or name is opnfv-rally not found in table envs
2019-07-08 18:56:32.490 7 ERROR rally.cli.cliutils
Traceback (most recent call last):
2019-07-08 18:56:32.490 7 ERROR rally.cli.cliutils
File "/usr/lib/python2.7/site-packages/rally/cli/cliutils.py", line 674, in run
2019-07-08 18:56:32.490 7 ERROR rally.cli.cliutils ret = fn(*fn_args, **fn_kwargs)
2019-07-08 18:56:32.490 7 ERROR rally.cli.cliutils File "", line 2, in destroy
2019-07-08 18:56:32.490 7 ERROR rally.cli.cliutils
File "/usr/lib/python2.7/site-packages/rally/cli/envutils.py", line 69, in default_from_global
2019-07-08 18:56:32.490 7 ERROR rally.cli.cliutils return f(*args, **kwargs)
2019-07-08 18:56:32.490 7 ERROR rally.cli.cliutils File "", line 2, in destroy
2019-07-08 18:56:32.490 7 ERROR rally.cli.cliutils
File "/usr/lib/python2.7/site-packages/rally/plugins/__init__.py", line 51, in ensure_plugins_are_loaded
2019-07-08 18:56:32.490 7 ERROR rally.cli.cliutils return f(*args, **kwargs)
2019-07-08 18:56:32.490 7 ERROR rally.cli.cliutils
File "/usr/lib/python2.7/site-packages/rally/cli/commands/deployment.py", line 140, in destroy
2019-07-08 18:56:32.490 7 ERROR rally.cli.cliutils api.deployment.destroy(deployment=deployment)
2019-07-08 18:56:32.490 7 ERROR rally.cli.cliutils
File "/usr/lib/python2.7/site-packages/rally/api.py", line 115, in destroy
2019-07-08 18:56:32.490 7 ERROR rally.cli.cliutils deploy = objects.Deployment.get(deployment)
2019-07-08 18:56:32.490 7 ERROR rally.cli.cliutils
File "/usr/lib/python2.7/site-packages/rally/common/objects/deploy.py", line 124, in get
2019-07-08 18:56:32.490 7 ERROR rally.cli.cliutils return Deployment(env_mgr.EnvManager.get(deploy))
2019-07-08 18:56:32.490 7 ERROR rally.cli.cliutils
File "/usr/lib/python2.7/site-packages/rally/env/env_mgr.py", line 212, in get
2019-07-08 18:56:32.490 7 ERROR rally.cli.cliutils return cls(db.env_get(uuid_or_name))
2019-07-08 18:56:32.490 7 ERROR rally.cli.cliutils
File "/usr/lib/python2.7/site-packages/rally/common/db/api.py", line 135, in wrapper
2019-07-08 18:56:32.490 7 ERROR rally.cli.cliutils result = f(session, *args, **kwargs)
2019-07-08 18:56:32.490 7 ERROR rally.cli.cliutils
File "/usr/lib/python2.7/site-packages/rally/common/db/api.py", line 521, in env_get
2019-07-08 18:56:32.490 7 ERROR rally.cli.cliutils criteria="uuid or name is %s" % uuid_or_name, table="envs")
2019-07-08 18:56:32.490 7 ERROR rally.cli.cliutils DBRecordNotFound: Record for uuid or name is opnfv-rally not found in table envs
2019-07-08 18:56:32.490 7 ERROR rally.cli.cliutils
2019-07-08 18:56:33.243 9 RALLYDEBUG rally.api [-] INFO logs from urllib3 and requests module are hide.
2019-07-08 18:56:33.243 9 RALLYDEBUG rally.api [-] urllib3 insecure warnings are hidden.
2019-07-08 18:56:33.243 9 RALLYDEBUG rally.api [-] ERROR log from boto module is hide.
2019-07-08 18:56:34.625 9 WARNING rally_openstack.platforms.existing [-] endpoint is deprecated and not used.
2019-07-08 18:56:35.592 11 RALLYDEBUG rally.api [-] INFO logs from urllib3 and requests module are hide.
2019-07-08 18:56:35.593 11 RALLYDEBUG rally.api [-] urllib3 insecure warnings are hidden.
2019-07-08 18:56:35.593 11 RALLYDEBUG rally.api [-] ERROR log from boto module is hide.
2019-07-08 18:56:38.953 14 RALLYDEBUG rally.api [-] INFO logs from urllib3 and requests module are hide.
2019-07-08 18:56:38.954 14 RALLYDEBUG rally.api [-] urllib3 insecure warnings are hidden.
2019-07-08 18:56:38.954 14 RALLYDEBUG rally.api [-] ERROR log from boto module is hide.
2019-07-08 18:56:41.237 16 RALLYDEBUG rally.api [-] INFO logs from urllib3 and requests module are hide.
2019-07-08 18:56:41.237 16 RALLYDEBUG rally.api [-] urllib3 insecure warnings are hidden.
2019-07-08 18:56:41.237 16 RALLYDEBUG rally.api [-] ERROR log from boto module is hide.
2019-07-08 18:56:42.665 16 INFO rally.task.engine [-] Task e6aaa696-cffa-4c95-b175-008606314be8 | Starting: Task validation.
2019-07-08 18:56:42.704 16 INFO rally.task.engine [-] Task e6aaa696-cffa-4c95-b175-008606314be8 | Starting: Task validation of syntax.
2019-07-08 18:56:42.785 16 INFO rally.task.engine [-] Task e6aaa696-cffa-4c95-b175-008606314be8 | Completed: Task validation of syntax.
2019-07-08 18:56:42.786 16 INFO rally.task.engine [-] Task e6aaa696-cffa-4c95-b175-008606314be8 | Starting: Task validation of required platforms.
2019-07-08 18:56:42.822 16 INFO rally.task.engine [-] Task e6aaa696-cffa-4c95-b175-008606314be8 | Completed: Task validation of required platforms.
2019-07-08 18:56:42.823 16 INFO rally.task.engine [-] Task e6aaa696-cffa-4c95-b175-008606314be8 | Starting: Task validation of semantic.
2019-07-08 18:56:42.823 16 INFO rally.task.engine [-] Check health of the environment 'f5984301-52b9-45d0-8954-225b4b7b2329'.
2019-07-08 18:56:43.669 16 INFO rally.task.engine [-] Platform existing@openstack (available: True): OK!
2019-07-08 18:56:43.686 16 RALLYDEBUG rally_openstack.contexts.keystone.users [-] Creating 1 tenants using 20 threads
2019-07-08 18:56:45.483 16 RALLYDEBUG rally_openstack.contexts.keystone.users [-] Creating 1 users using 20 threads
2019-07-08 18:56:48.313 16 INFO rally.task.context [-] Task e6aaa696-cffa-4c95-b175-008606314be8 | Context users@openstack setup() finished in 4.63 sec
2019-07-08 18:56:48.358 16 INFO rally.task.context [-] Task e6aaa696-cffa-4c95-b175-008606314be8 | Context users@openstack cleanup() started
2019-07-08 18:56:54.327 16 INFO rally.task.context [-] Task e6aaa696-cffa-4c95-b175-008606314be8 | Context users@openstack cleanup() finished in 5.97 sec
2019-07-08 18:56:54.328 16 INFO rally.task.engine [-] Task e6aaa696-cffa-4c95-b175-008606314be8 | Completed: Task validation of semantic.
2019-07-08 18:56:54.328 16 INFO rally.task.engine [-] Task e6aaa696-cffa-4c95-b175-008606314be8 | Completed: Task validation.
2019-07-08 18:56:54.328 16 INFO rally.api [-] Task e6aaa696-cffa-4c95-b175-008606314be8 input file is valid.
2019-07-08 18:56:54.329 16 INFO rally.api [-] Run Task e6aaa696-cffa-4c95-b175-008606314be8 against Deployment f5984301-52b9-45d0-8954-225b4b7b2329
2019-07-08 18:56:54.329 16 INFO rally.task.engine [-] Task e6aaa696-cffa-4c95-b175-008606314be8 | Starting: Running task.
2019-07-08 18:56:54.461 16 INFO rally.task.engine [-] Running workload: position = 0 config = { "version": 2, "title": "A cropped version of a bigger task.", "description": "Auto-generated task from a single workload (uuid=232cf086-874c-41c9-ac0c-4b1daa62ae20)", "subtasks": [ { "title": "Authenticate.keystone", "description": "Check Keystone Client.", "scenario": { "Authenticate.keystone": {} }, "contexts": { "users": { "tenants": 3, "users_per_tenant": 2 } }, "runner": { "constant": { "concurrency": 4, "times": 10 } }, "hooks": [], "sla": { "failure_rate": { "max": 0 } } } ] }
2019-07-08 18:56:54.482 16 RALLYDEBUG rally_openstack.contexts.keystone.users [-] Creating 3 tenants using 20 threads
2019-07-08 18:56:56.267 16 RALLYDEBUG rally_openstack.contexts.keystone.users [-] Creating 6 users using 20 threads
2019-07-08 18:56:59.024 16 INFO rally.task.context [-] Task e6aaa696-cffa-4c95-b175-008606314be8 | Context users@openstack setup() finished in 4.54 sec
2019-07-08 18:56:59.032 16 RALLYDEBUG rally.task.runner [-] Starting the constant runner (task UUID: e6aaa696-cffa-4c95-b175-008606314be8). timeout: 0 concurrency: 4 concurrency_per_worker: 1 times: 10 concurrency_overhead: 0 processes_to_start: 4 max_cpu_used: 16
2019-07-08 18:56:59.046 140 RALLYDEBUG rally.task.runner [-] Starting a worker. concurrency: 1 args: {} times: 10 method_name: run timeout: 0 duration: None cls:
2019-07-08 18:56:59.049 141 RALLYDEBUG rally.task.runner [-] Starting a worker. concurrency: 1 args: {} times: 10 method_name: run timeout: 0 duration: None cls:
2019-07-08 18:56:59.051 142 RALLYDEBUG rally.task.runner [-] Starting a worker. concurrency: 1 args: {} times: 10 method_name: run timeout: 0 duration: None cls:
2019-07-08 18:56:59.052 140 INFO rally.task.runner [-] Task e6aaa696-cffa-4c95-b175-008606314be8 | ITER: 1 START
2019-07-08 18:56:59.054 143 RALLYDEBUG rally.task.runner [-] Starting a worker. concurrency: 1 args: {} times: 10 method_name: run timeout: 0 duration: None cls:
2019-07-08 18:56:59.055 141 INFO rally.task.runner [-] Task e6aaa696-cffa-4c95-b175-008606314be8 | ITER: 2 START
2019-07-08 18:56:59.057 142 INFO rally.task.runner [-] Task e6aaa696-cffa-4c95-b175-008606314be8 | ITER: 3 START
2019-07-08 18:56:59.060 143 INFO rally.task.runner [-] Task e6aaa696-cffa-4c95-b175-008606314be8 | ITER: 4 START
2019-07-08 18:56:59.643 143 INFO rally.task.runner [-] Task e6aaa696-cffa-4c95-b175-008606314be8 | ITER: 4 END: OK
2019-07-08 18:56:59.648 143 INFO rally.task.runner [-] Task e6aaa696-cffa-4c95-b175-008606314be8 | ITER: 5 START
2019-07-08 18:56:59.652 140 INFO rally.task.runner [-] Task e6aaa696-cffa-4c95-b175-008606314be8 | ITER: 1 END: OK
2019-07-08 18:56:59.653 141 INFO rally.task.runner [-] Task e6aaa696-cffa-4c95-b175-008606314be8 | ITER: 2 END: OK
2019-07-08 18:56:59.657 141 INFO rally.task.runner [-] Task e6aaa696-cffa-4c95-b175-008606314be8 | ITER: 6 START
2019-07-08 18:56:59.657 140 INFO rally.task.runner [-] Task e6aaa696-cffa-4c95-b175-008606314be8 | ITER: 7 START
2019-07-08 18:56:59.661 142 INFO rally.task.runner [-] Task e6aaa696-cffa-4c95-b175-008606314be8 | ITER: 3 END: OK
2019-07-08 18:56:59.667 142 INFO rally.task.runner [-] Task e6aaa696-cffa-4c95-b175-008606314be8 | ITER: 8 START
2019-07-08 18:57:00.249 140 INFO rally.task.runner [-] Task e6aaa696-cffa-4c95-b175-008606314be8 | ITER: 7 END: OK
2019-07-08 18:57:00.250 143 INFO rally.task.runner [-] Task e6aaa696-cffa-4c95-b175-008606314be8 | ITER: 5 END: OK
2019-07-08 18:57:00.252 140 INFO rally.task.runner [-] Task e6aaa696-cffa-4c95-b175-008606314be8 | ITER: 9 START
2019-07-08 18:57:00.254 143 INFO rally.task.runner [-] Task e6aaa696-cffa-4c95-b175-008606314be8 | ITER: 10 START
2019-07-08 18:57:00.258 141 INFO rally.task.runner [-] Task e6aaa696-cffa-4c95-b175-008606314be8 | ITER: 6 END: OK
2019-07-08 18:57:00.286 142 INFO rally.task.runner [-] Task e6aaa696-cffa-4c95-b175-008606314be8 | ITER: 8 END: OK
2019-07-08 18:57:00.838 140 INFO rally.task.runner [-] Task e6aaa696-cffa-4c95-b175-008606314be8 | ITER: 9 END: OK
2019-07-08 18:57:00.854 143 INFO rally.task.runner [-] Task e6aaa696-cffa-4c95-b175-008606314be8 | ITER: 10 END: OK
2019-07-08 18:57:00.876 16 INFO rally.task.context [-] Task e6aaa696-cffa-4c95-b175-008606314be8 | Context users@openstack cleanup() started
2019-07-08 18:57:09.633 16 INFO rally.task.context [-] Task e6aaa696-cffa-4c95-b175-008606314be8 | Context users@openstack cleanup() finished in 8.76 sec
2019-07-08 18:57:10.558 16 INFO rally.task.engine [-] Load duration is: 1.79966
2019-07-08 18:57:10.559 16 INFO rally.task.engine [-] Full runner duration is: 1.845402
2019-07-08 18:57:10.559 16 INFO rally.task.engine [-] Full duration is: 15.152448
2019-07-08 18:57:10.754 16 INFO rally.task.engine [-] Running workload: position = 0 config = { "version": 2, "title": "A cropped version of a bigger task.", "description": "Auto-generated task from a single workload (uuid=6b855a8f-adaf-4e36-bb3a-f62c4377f0e5)", "subtasks": [ { "title": "Authenticate.validate_cinder", "description": "Check Cinder Client to ensure validation of token.", "scenario": { "Authenticate.validate_cinder": { "repetitions": 2 } }, "contexts": { "users": { "tenants": 3, "users_per_tenant": 2 } }, "runner": { "constant": { "concurrency": 4, "times": 10 } }, "hooks": [], "sla": { "failure_rate": { "max": 0 } } } ] }
2019-07-08 18:57:10.777 16 RALLYDEBUG rally_openstack.contexts.keystone.users [-] Creating 3 tenants using 20 threads
2019-07-08 18:57:12.657 16 RALLYDEBUG rally_openstack.contexts.keystone.users [-] Creating 6 users using 20 threads
2019-07-08 18:57:15.362 16 INFO rally.task.context [-] Task e6aaa696-cffa-4c95-b175-008606314be8 | Context users@openstack setup() finished in 4.58 sec
2019-07-08 18:57:15.369 16 RALLYDEBUG rally.task.runner [-] Starting the constant runner (task UUID: e6aaa696-cffa-4c95-b175-008606314be8). timeout: 0 concurrency: 4 concurrency_per_worker: 1 times: 10 concurrency_overhead: 0 processes_to_start: 4 max_cpu_used: 16
2019-07-08 18:57:15.381 244 RALLYDEBUG rally.task.runner [-] Starting a worker. concurrency: 1 args: {"repetitions": 2} times: 10 method_name: run timeout: 0 duration: None cls:
2019-07-08 18:57:15.381 245 RALLYDEBUG rally.task.runner [-] Starting a worker. concurrency: 1 args: {"repetitions": 2} times: 10 method_name: run timeout: 0 duration: None cls:
2019-07-08 18:57:15.386 246 RALLYDEBUG rally.task.runner [-] Starting a worker. concurrency: 1 args: {"repetitions": 2} times: 10 method_name: run timeout: 0 duration: None cls:
2019-07-08 18:57:15.387 244 INFO rally.task.runner [-] Task e6aaa696-cffa-4c95-b175-008606314be8 | ITER: 1 START
2019-07-08 18:57:15.387 245 INFO rally.task.runner [-] Task e6aaa696-cffa-4c95-b175-008606314be8 | ITER: 2 START
2019-07-08 18:57:15.389 247 RALLYDEBUG rally.task.runner [-] Starting a worker. concurrency: 1 args: {"repetitions": 2} times: 10 method_name: run timeout: 0 duration: None cls:
2019-07-08 18:57:15.392 246 INFO rally.task.runner [-] Task e6aaa696-cffa-4c95-b175-008606314be8 | ITER: 3 START
2019-07-08 18:57:15.395 247 INFO rally.task.runner [-] Task e6aaa696-cffa-4c95-b175-008606314be8 | ITER: 4 START
2019-07-08 18:57:17.257 244 INFO rally.task.runner [-] Task e6aaa696-cffa-4c95-b175-008606314be8 | ITER: 1 END: OK
2019-07-08 18:57:17.260 244 INFO rally.task.runner [-] Task e6aaa696-cffa-4c95-b175-008606314be8 | ITER: 5 START
2019-07-08 18:57:17.264 245 INFO rally.task.runner [-] Task e6aaa696-cffa-4c95-b175-008606314be8 | ITER: 2 END: OK
2019-07-08 18:57:17.267 247 INFO rally.task.runner [-] Task e6aaa696-cffa-4c95-b175-008606314be8 | ITER: 4 END: OK
2019-07-08 18:57:17.269 245 INFO rally.task.runner [-] Task e6aaa696-cffa-4c95-b175-008606314be8 | ITER: 6 START
2019-07-08 18:57:17.271 247 INFO rally.task.runner [-] Task e6aaa696-cffa-4c95-b175-008606314be8 | ITER: 7 START
2019-07-08 18:57:17.303 246 INFO rally.task.runner [-] Task e6aaa696-cffa-4c95-b175-008606314be8 | ITER: 3 END: OK
2019-07-08 18:57:17.306 246 INFO rally.task.runner [-] Task e6aaa696-cffa-4c95-b175-008606314be8 | ITER: 8 START
2019-07-08 18:57:18.648 247 INFO rally.task.runner [-] Task e6aaa696-cffa-4c95-b175-008606314be8 | ITER: 7 END: OK
2019-07-08 18:57:18.652 247 INFO rally.task.runner [-] Task e6aaa696-cffa-4c95-b175-008606314be8 | ITER: 9 START
2019-07-08 18:57:19.055 244 INFO rally.task.runner [-] Task e6aaa696-cffa-4c95-b175-008606314be8 | ITER: 5 END: OK
2019-07-08 18:57:19.059 244 INFO rally.task.runner [-] Task e6aaa696-cffa-4c95-b175-008606314be8 | ITER: 10 START
2019-07-08 18:57:19.089 246 INFO rally.task.runner [-] Task e6aaa696-cffa-4c95-b175-008606314be8 | ITER: 8 END: OK
2019-07-08 18:57:19.118 245 INFO rally.task.runner [-] Task e6aaa696-cffa-4c95-b175-008606314be8 | ITER: 6 END: OK
2019-07-08 18:57:20.534 247 INFO rally.task.runner [-] Task e6aaa696-cffa-4c95-b175-008606314be8 | ITER: 9 END: OK
2019-07-08 18:57:20.965 244 INFO rally.task.runner [-] Task e6aaa696-cffa-4c95-b175-008606314be8 | ITER: 10 END: OK
2019-07-08 18:57:20.987 16 INFO rally.task.context [-] Task e6aaa696-cffa-4c95-b175-008606314be8 | Context users@openstack cleanup() started
2019-07-08 18:57:30.590 16 INFO rally.task.context [-] Task e6aaa696-cffa-4c95-b175-008606314be8 | Context users@openstack cleanup() finished in 9.60 sec
2019-07-08 18:57:30.872 16 INFO rally.task.engine [-] Load duration is: 5.576072
2019-07-08 18:57:30.872 16 INFO rally.task.engine [-] Full runner duration is: 5.618535
2019-07-08 18:57:30.873 16 INFO rally.task.engine [-] Full duration is: 19.816266
2019-07-08 18:57:31.106 16 INFO rally.task.engine [-] Running workload: position = 0 config = { "version": 2, "title": "A cropped version of a bigger task.", "description": "Auto-generated task from a single workload (uuid=d2701a5f-2f36-443c-a2e4-303f50f6d084)", "subtasks": [ { "title": "Authenticate.validate_glance", "description": "Check Glance Client to ensure validation of token.", "scenario": { "Authenticate.validate_glance": { "repetitions": 2 } }, "contexts": { "users": { "tenants": 3, "users_per_tenant": 2 } }, "runner": { "constant": { "concurrency": 4, "times": 10 } }, "hooks": [], "sla": { "failure_rate": { "max": 0 } } } ] }
2019-07-08 18:57:31.130 16 RALLYDEBUG rally_openstack.contexts.keystone.users [-] Creating 3 tenants using 20 threads
2019-07-08 18:57:33.082 16 RALLYDEBUG rally_openstack.contexts.keystone.users [-] Creating 6 users using 20 threads
2019-07-08 18:57:35.981 16 INFO rally.task.context [-] Task e6aaa696-cffa-4c95-b175-008606314be8 | Context users@openstack setup() finished in 4.85 sec
2019-07-08 18:57:35.988 16 RALLYDEBUG rally.task.runner [-] Starting the constant runner (task UUID: e6aaa696-cffa-4c95-b175-008606314be8). timeout: 0 concurrency: 4 concurrency_per_worker: 1 times: 10 concurrency_overhead: 0 processes_to_start: 4 max_cpu_used: 16
2019-07-08 18:57:35.999 348 RALLYDEBUG rally.task.runner [-] Starting a worker. concurrency: 1 args: {"repetitions": 2} times: 10 method_name: run timeout: 0 duration: None cls:
2019-07-08 18:57:36.002 349 RALLYDEBUG rally.task.runner [-] Starting a worker. concurrency: 1 args: {"repetitions": 2} times: 10 method_name: run timeout: 0 duration: None cls:
2019-07-08 18:57:36.003 350 RALLYDEBUG rally.task.runner [-] Starting a worker. concurrency: 1 args: {"repetitions": 2} times: 10 method_name: run timeout: 0 duration: None cls:
2019-07-08 18:57:36.006 348 INFO rally.task.runner [-] Task e6aaa696-cffa-4c95-b175-008606314be8 | ITER: 1 START
2019-07-08 18:57:36.006 351 RALLYDEBUG rally.task.runner [-] Starting a worker. concurrency: 1 args: {"repetitions": 2} times: 10 method_name: run timeout: 0 duration: None cls:
2019-07-08 18:57:36.007 350 INFO rally.task.runner [-] Task e6aaa696-cffa-4c95-b175-008606314be8 | ITER: 3 START
2019-07-08 18:57:36.008 349 INFO rally.task.runner [-] Task e6aaa696-cffa-4c95-b175-008606314be8 | ITER: 2 START
2019-07-08 18:57:36.011 351 INFO rally.task.runner [-] Task e6aaa696-cffa-4c95-b175-008606314be8 | ITER: 4 START
2019-07-08 18:57:37.111 348 INFO rally.task.runner [-] Task e6aaa696-cffa-4c95-b175-008606314be8 | ITER: 1 END: OK
2019-07-08 18:57:37.115 348 INFO rally.task.runner [-] Task e6aaa696-cffa-4c95-b175-008606314be8 | ITER: 5 START
2019-07-08 18:57:37.200 349 INFO rally.task.runner [-] Task e6aaa696-cffa-4c95-b175-008606314be8 | ITER: 2 END: OK
2019-07-08 18:57:37.205 349 INFO rally.task.runner [-] Task e6aaa696-cffa-4c95-b175-008606314be8 | ITER: 6 START
2019-07-08 18:57:37.536 350 INFO rally.task.runner [-] Task e6aaa696-cffa-4c95-b175-008606314be8 | ITER: 3 END: OK
2019-07-08 18:57:37.541 350 INFO rally.task.runner [-] Task e6aaa696-cffa-4c95-b175-008606314be8 | ITER: 7 START
2019-07-08 18:57:37.784 351 INFO rally.task.runner [-] Task e6aaa696-cffa-4c95-b175-008606314be8 | ITER: 4 END: OK
2019-07-08 18:57:37.789 351 INFO rally.task.runner [-] Task e6aaa696-cffa-4c95-b175-008606314be8 | ITER: 8 START
2019-07-08 18:57:38.283 349 INFO rally.task.runner [-] Task e6aaa696-cffa-4c95-b175-008606314be8 | ITER: 6 END: OK
2019-07-08 18:57:38.287 349 INFO rally.task.runner [-] Task e6aaa696-cffa-4c95-b175-008606314be8 | ITER: 9 START
2019-07-08 18:57:38.467 348 INFO rally.task.runner [-] Task e6aaa696-cffa-4c95-b175-008606314be8 | ITER: 5 END: OK
2019-07-08 18:57:38.471 348 INFO rally.task.runner [-] Task e6aaa696-cffa-4c95-b175-008606314be8 | ITER: 10 START
2019-07-08 18:57:38.786 350 INFO rally.task.runner [-] Task e6aaa696-cffa-4c95-b175-008606314be8 | ITER: 7 END: OK
2019-07-08 18:57:39.044 351 INFO rally.task.runner [-] Task e6aaa696-cffa-4c95-b175-008606314be8 | ITER: 8 END: OK
2019-07-08 18:57:39.462 348 INFO rally.task.runner [-] Task e6aaa696-cffa-4c95-b175-008606314be8 | ITER: 10 END: OK
2019-07-08 18:57:39.770 349 INFO rally.task.runner [-] Task e6aaa696-cffa-4c95-b175-008606314be8 | ITER: 9 END: OK
2019-07-08 18:57:39.801 16 INFO rally.task.context [-] Task e6aaa696-cffa-4c95-b175-008606314be8 | Context users@openstack cleanup() started
2019-07-08 18:57:48.118 16 INFO rally.task.context [-] Task e6aaa696-cffa-4c95-b175-008606314be8 | Context users@openstack cleanup() finished in 8.32 sec
2019-07-08 18:57:49.224 16 INFO rally.task.engine [-] Load duration is: 3.762472
2019-07-08 18:57:49.224 16 INFO rally.task.engine [-] Full runner duration is: 3.81313
2019-07-08 18:57:49.224 16 INFO rally.task.engine [-] Full duration is: 16.989768
2019-07-08 18:57:49.448 16 INFO rally.task.engine [-] Running workload: position = 0 config = { "version": 2, "title": "A cropped version of a bigger task.", "description": "Auto-generated task from a single workload (uuid=1b152764-6ead-46c7-84a1-7ecbc164e00d)", "subtasks": [ { "title": "Authenticate.validate_heat", "description": "Check Heat Client to ensure validation of token.", "scenario": { "Authenticate.validate_heat": { "repetitions": 2 } }, "contexts": { "users": { "tenants": 3, "users_per_tenant": 2 } }, "runner": { "constant": { "concurrency": 4, "times": 10 } }, "hooks": [], "sla": { "failure_rate": { "max": 0 } } } ] }
2019-07-08 18:57:49.470 16 RALLYDEBUG rally_openstack.contexts.keystone.users [-] Creating 3 tenants using 20 threads
2019-07-08 18:57:51.405 16 RALLYDEBUG rally_openstack.contexts.keystone.users [-] Creating 6 users using 20 threads
2019-07-08 18:57:54.224 16 INFO rally.task.context [-] Task e6aaa696-cffa-4c95-b175-008606314be8 | Context users@openstack setup() finished in 4.75 sec
2019-07-08 18:57:54.231 16 RALLYDEBUG rally.task.runner [-] Starting the constant runner (task UUID: e6aaa696-cffa-4c95-b175-008606314be8). timeout: 0 concurrency: 4 concurrency_per_worker: 1 times: 10 concurrency_overhead: 0 processes_to_start: 4 max_cpu_used: 16
2019-07-08 18:57:54.244 452 RALLYDEBUG rally.task.runner [-] Starting a worker. concurrency: 1 args: {"repetitions": 2} times: 10 method_name: run timeout: 0 duration: None cls:
2019-07-08 18:57:54.247 453 RALLYDEBUG rally.task.runner [-] Starting a worker. concurrency: 1 args: {"repetitions": 2} times: 10 method_name: run timeout: 0 duration: None cls:
2019-07-08 18:57:54.250 454 RALLYDEBUG rally.task.runner [-] Starting a worker. concurrency: 1 args: {"repetitions": 2} times: 10 method_name: run timeout: 0 duration: None cls:
2019-07-08 18:57:54.251 452 INFO rally.task.runner [-] Task e6aaa696-cffa-4c95-b175-008606314be8 | ITER: 1 START
2019-07-08 18:57:54.252 455 RALLYDEBUG rally.task.runner [-] Starting a worker. concurrency: 1 args: {"repetitions": 2} times: 10 method_name: run timeout: 0 duration: None cls:
2019-07-08 18:57:54.254 453 INFO rally.task.runner [-] Task e6aaa696-cffa-4c95-b175-008606314be8 | ITER: 2 START
2019-07-08 18:57:54.256 454 INFO rally.task.runner [-] Task e6aaa696-cffa-4c95-b175-008606314be8 | ITER: 3 START
2019-07-08 18:57:54.258 455 INFO rally.task.runner [-] Task e6aaa696-cffa-4c95-b175-008606314be8 | ITER: 4 START
2019-07-08 18:57:56.204 454 INFO rally.task.runner [-] Task e6aaa696-cffa-4c95-b175-008606314be8 | ITER: 3 END: OK
2019-07-08 18:57:56.208 454 INFO rally.task.runner [-] Task e6aaa696-cffa-4c95-b175-008606314be8 | ITER: 5 START
2019-07-08 18:57:56.245 452 INFO rally.task.runner [-] Task e6aaa696-cffa-4c95-b175-008606314be8 | ITER: 1 END: OK
2019-07-08 18:57:56.249 452 INFO rally.task.runner [-] Task e6aaa696-cffa-4c95-b175-008606314be8 | ITER: 6 START
2019-07-08 18:57:56.283 453 INFO rally.task.runner [-] Task e6aaa696-cffa-4c95-b175-008606314be8 | ITER: 2 END: OK
2019-07-08 18:57:56.288 453 INFO rally.task.runner [-] Task e6aaa696-cffa-4c95-b175-008606314be8 | ITER: 7 START
2019-07-08 18:57:56.439 455 INFO rally.task.runner [-] Task e6aaa696-cffa-4c95-b175-008606314be8 | ITER: 4 END: OK
2019-07-08 18:57:56.444 455 INFO rally.task.runner [-] Task e6aaa696-cffa-4c95-b175-008606314be8 | ITER: 8 START
2019-07-08 18:57:57.620 454 INFO rally.task.runner [-] Task e6aaa696-cffa-4c95-b175-008606314be8 | ITER: 5 END: OK
2019-07-08 18:57:57.623 454 INFO rally.task.runner [-] Task e6aaa696-cffa-4c95-b175-008606314be8 | ITER: 9 START
2019-07-08 18:57:57.763 452 INFO rally.task.runner [-] Task e6aaa696-cffa-4c95-b175-008606314be8 | ITER: 6 END: OK
2019-07-08 18:57:57.767 452 INFO rally.task.runner [-] Task e6aaa696-cffa-4c95-b175-008606314be8 | ITER: 10 START
2019-07-08 18:57:58.315 453 INFO rally.task.runner [-] Task e6aaa696-cffa-4c95-b175-008606314be8 | ITER: 7 END: OK
2019-07-08 18:57:58.417 455 INFO rally.task.runner [-] Task e6aaa696-cffa-4c95-b175-008606314be8 | ITER: 8 END: OK
2019-07-08 18:57:59.083 454 INFO rally.task.runner [-] Task e6aaa696-cffa-4c95-b175-008606314be8 | ITER: 9 END: OK
2019-07-08 18:57:59.185 452 INFO rally.task.runner [-] Task e6aaa696-cffa-4c95-b175-008606314be8 | ITER: 10 END: OK
2019-07-08 18:57:59.205 16 INFO rally.task.context [-] Task e6aaa696-cffa-4c95-b175-008606314be8 | Context users@openstack cleanup() started
2019-07-08 18:58:07.716 16 INFO rally.task.context [-] Task e6aaa696-cffa-4c95-b175-008606314be8 | Context users@openstack cleanup() finished in 8.51 sec
2019-07-08 18:58:09.570 16 INFO rally.task.engine [-] Load duration is: 4.931855
2019-07-08 18:58:09.571 16 INFO rally.task.engine [-] Full runner duration is: 4.973851
2019-07-08 18:58:09.571 16 INFO rally.task.engine [-] Full duration is: 18.248478
2019-07-08 18:58:09.773 16 INFO rally.task.engine [-] Running workload: position = 0 config = { "version": 2, "title": "A cropped version of a bigger task.", "description": "Auto-generated task from a single workload (uuid=65cf86f5-f85c-4b77-973b-f02218a160a4)", "subtasks": [ { "title": "Authenticate.validate_neutron", "description": "Check Neutron Client to ensure validation of token.", "scenario": { "Authenticate.validate_neutron": { "repetitions": 2 } }, "contexts": { "users": { "tenants": 3, "users_per_tenant": 2 } }, "runner": { "constant": { "concurrency": 4, "times": 10 } }, "hooks": [], "sla": { "failure_rate": { "max": 0 } } } ] }
2019-07-08 18:58:09.795 16 RALLYDEBUG rally_openstack.contexts.keystone.users [-] Creating 3 tenants using 20 threads
2019-07-08 18:58:11.717 16 RALLYDEBUG rally_openstack.contexts.keystone.users [-] Creating 6 users using 20 threads
2019-07-08 18:58:14.560 16 INFO rally.task.context [-] Task e6aaa696-cffa-4c95-b175-008606314be8 | Context users@openstack setup() finished in 4.77 sec
2019-07-08 18:58:14.567 16 RALLYDEBUG rally.task.runner [-] Starting the constant runner (task UUID: e6aaa696-cffa-4c95-b175-008606314be8). timeout: 0 concurrency: 4 concurrency_per_worker: 1 times: 10 concurrency_overhead: 0 processes_to_start: 4 max_cpu_used: 16
2019-07-08 18:58:14.579 556 RALLYDEBUG rally.task.runner [-] Starting a worker. concurrency: 1 args: {"repetitions": 2} times: 10 method_name: run timeout: 0 duration: None cls:
2019-07-08 18:58:14.582 557 RALLYDEBUG rally.task.runner [-] Starting a worker. concurrency: 1 args: {"repetitions": 2} times: 10 method_name: run timeout: 0 duration: None cls:
2019-07-08 18:58:14.585 558 RALLYDEBUG rally.task.runner [-] Starting a worker. concurrency: 1 args: {"repetitions": 2} times: 10 method_name: run timeout: 0 duration: None cls:
2019-07-08 18:58:14.586 556 INFO rally.task.runner [-] Task e6aaa696-cffa-4c95-b175-008606314be8 | ITER: 1 START
2019-07-08 18:58:14.588 557 INFO rally.task.runner [-] Task e6aaa696-cffa-4c95-b175-008606314be8 | ITER: 2 START
2019-07-08 18:58:14.588 559 RALLYDEBUG rally.task.runner [-] Starting a worker. concurrency: 1 args: {"repetitions": 2} times: 10 method_name: run timeout: 0 duration: None cls:
2019-07-08 18:58:14.591 558 INFO rally.task.runner [-] Task e6aaa696-cffa-4c95-b175-008606314be8 | ITER: 3 START
2019-07-08 18:58:14.595 559 INFO rally.task.runner [-] Task e6aaa696-cffa-4c95-b175-008606314be8 | ITER: 4 START
2019-07-08 18:58:15.517 559 INFO rally.task.runner [-] Task e6aaa696-cffa-4c95-b175-008606314be8 | ITER: 4 END: OK
2019-07-08 18:58:15.522 559 INFO rally.task.runner [-] Task e6aaa696-cffa-4c95-b175-008606314be8 | ITER: 5 START
2019-07-08 18:58:15.941 556 INFO rally.task.runner [-] Task e6aaa696-cffa-4c95-b175-008606314be8 | ITER: 1 END: OK
2019-07-08 18:58:15.946 556 INFO rally.task.runner [-] Task e6aaa696-cffa-4c95-b175-008606314be8 | ITER: 6 START
2019-07-08 18:58:16.070 557 INFO rally.task.runner [-] Task e6aaa696-cffa-4c95-b175-008606314be8 | ITER: 2 END: OK
2019-07-08 18:58:16.074 557 INFO rally.task.runner [-] Task e6aaa696-cffa-4c95-b175-008606314be8 | ITER: 7 START
2019-07-08 18:58:16.429 558 INFO rally.task.runner [-] Task e6aaa696-cffa-4c95-b175-008606314be8 | ITER: 3 END: OK
2019-07-08 18:58:16.433 558 INFO rally.task.runner [-] Task e6aaa696-cffa-4c95-b175-008606314be8 | ITER: 8 START
2019-07-08 18:58:16.949 559 INFO rally.task.runner [-] Task e6aaa696-cffa-4c95-b175-008606314be8 | ITER: 5 END: OK
2019-07-08 18:58:16.952 559 INFO rally.task.runner [-] Task e6aaa696-cffa-4c95-b175-008606314be8 | ITER: 9 START
2019-07-08 18:58:17.057 556 INFO rally.task.runner [-] Task e6aaa696-cffa-4c95-b175-008606314be8 | ITER: 6 END: OK
2019-07-08 18:58:17.061 556 INFO rally.task.runner [-] Task e6aaa696-cffa-4c95-b175-008606314be8 | ITER: 10 START
2019-07-08 18:58:17.270 557 INFO rally.task.runner [-] Task e6aaa696-cffa-4c95-b175-008606314be8 | ITER: 7 END: OK
2019-07-08 18:58:17.606 558 INFO rally.task.runner [-] Task e6aaa696-cffa-4c95-b175-008606314be8 | ITER: 8 END: OK
2019-07-08 18:58:18.128 559 INFO rally.task.runner [-] Task e6aaa696-cffa-4c95-b175-008606314be8 | ITER: 9 END: OK
2019-07-08 18:58:18.169 556 INFO rally.task.runner [-] Task e6aaa696-cffa-4c95-b175-008606314be8 | ITER: 10 END: OK
2019-07-08 18:58:18.191 16 INFO rally.task.context [-] Task e6aaa696-cffa-4c95-b175-008606314be8 | Context users@openstack cleanup() started
2019-07-08 18:58:27.944 16 INFO rally.task.context [-] Task e6aaa696-cffa-4c95-b175-008606314be8 | Context users@openstack cleanup() finished in 9.75 sec
2019-07-08 18:58:29.893 16 INFO rally.task.engine [-] Load duration is: 3.581099
2019-07-08 18:58:29.893 16 INFO rally.task.engine [-] Full runner duration is: 3.624301
2019-07-08 18:58:29.893 16 INFO rally.task.engine [-] Full duration is: 18.150721
2019-07-08 18:58:30.112 16 INFO rally.task.engine [-] Running workload: position = 0 config = { "version": 2, "title": "A cropped version of a bigger task.", "description": "Auto-generated task from a single workload (uuid=f3c9c87b-7855-4f55-abe6-278059f0b640)", "subtasks": [ { "title": "Authenticate.validate_nova", "description": "Check Nova Client to ensure validation of token.", "scenario": { "Authenticate.validate_nova": { "repetitions": 2 } }, "contexts": { "users": { "tenants": 3, "users_per_tenant": 2 } }, "runner": { "constant": { "concurrency": 4, "times": 10 } }, "hooks": [], "sla": { "failure_rate": { "max": 0 } } } ] }
2019-07-08 18:58:30.136 16 RALLYDEBUG rally_openstack.contexts.keystone.users [-] Creating 3 tenants using 20 threads
2019-07-08 18:58:32.088 16 RALLYDEBUG rally_openstack.contexts.keystone.users [-] Creating 6 users using 20 threads
2019-07-08 18:58:35.237 16 INFO rally.task.context [-] Task e6aaa696-cffa-4c95-b175-008606314be8 | Context users@openstack setup() finished in 5.10 sec
2019-07-08 18:58:35.245 16 RALLYDEBUG rally.task.runner [-] Starting the constant runner (task UUID: e6aaa696-cffa-4c95-b175-008606314be8). timeout: 0 concurrency: 4 concurrency_per_worker: 1 times: 10 concurrency_overhead: 0 processes_to_start: 4 max_cpu_used: 16
2019-07-08 18:58:35.255 660 RALLYDEBUG rally.task.runner [-] Starting a worker. concurrency: 1 args: {"repetitions": 2} times: 10 method_name: run timeout: 0 duration: None cls:
2019-07-08 18:58:35.259 660 INFO rally.task.runner [-] Task e6aaa696-cffa-4c95-b175-008606314be8 | ITER: 1 START
2019-07-08 18:58:35.259 661 RALLYDEBUG rally.task.runner [-] Starting a worker. concurrency: 1 args: {"repetitions": 2} times: 10 method_name: run timeout: 0 duration: None cls:
2019-07-08 18:58:35.262 665 RALLYDEBUG rally.task.runner [-] Starting a worker. concurrency: 1 args: {"repetitions": 2} times: 10 method_name: run timeout: 0 duration: None cls:
2019-07-08 18:58:35.262 662 RALLYDEBUG rally.task.runner [-] Starting a worker. concurrency: 1 args: {"repetitions": 2} times: 10 method_name: run timeout: 0 duration: None cls:
2019-07-08 18:58:35.265 661 INFO rally.task.runner [-] Task e6aaa696-cffa-4c95-b175-008606314be8 | ITER: 2 START
2019-07-08 18:58:35.266 665 INFO rally.task.runner [-] Task e6aaa696-cffa-4c95-b175-008606314be8 | ITER: 3 START
2019-07-08 18:58:35.269 662 INFO rally.task.runner [-] Task e6aaa696-cffa-4c95-b175-008606314be8 | ITER: 4 START
2019-07-08 18:58:35.753 661 DEBUG novaclient.v2.client [-] REQ: curl -g -i -X GET http://172.30.9.21:8774/v2.1/flavors/detail -H "Accept: application/json" -H "User-Agent: python-novaclient" -H "X-Auth-Token: {SHA1}5742da3838ed4095c42adbc8c0beaa39e64bd76a" _http_log_request /usr/lib/python2.7/site-packages/keystoneauth1/session.py:448
2019-07-08 18:58:35.756 662 DEBUG novaclient.v2.client [-] REQ: curl -g -i -X GET http://172.30.9.21:8774/v2.1/flavors/detail -H "Accept: application/json" -H "User-Agent: python-novaclient" -H "X-Auth-Token: {SHA1}d96bf0833ece8eb1b721af659ae46dad760270b7" _http_log_request /usr/lib/python2.7/site-packages/keystoneauth1/session.py:448
2019-07-08 18:58:35.763 665 DEBUG novaclient.v2.client [-] REQ: curl -g -i -X GET http://172.30.9.21:8774/v2.1/flavors/detail -H "Accept: application/json" -H "User-Agent: python-novaclient" -H "X-Auth-Token: {SHA1}cba56965c79b2b57463ab52d00e89f23cfefad04" _http_log_request /usr/lib/python2.7/site-packages/keystoneauth1/session.py:448
2019-07-08 18:58:35.882 660 DEBUG novaclient.v2.client [-] REQ: curl -g -i -X GET http://172.30.9.21:8774/v2.1/flavors/detail -H "Accept: application/json" -H "User-Agent: python-novaclient" -H "X-Auth-Token: {SHA1}65ef5c4c58f1f79e861da4e3f36d1d6bf7d39b4b" _http_log_request /usr/lib/python2.7/site-packages/keystoneauth1/session.py:448
2019-07-08 18:58:36.471 661 DEBUG novaclient.v2.client [-] RESP: [200] Content-Encoding: gzip Content-Length: 364 Content-Type: application/json Date: Mon, 08 Jul 2019 18:58:35 GMT OpenStack-API-Version: compute 2.1 Server: Apache Vary: OpenStack-API-Version,X-OpenStack-Nova-API-Version,Accept-Encoding X-OpenStack-Nova-API-Version: 2.1 x-compute-request-id: req-3dee96e3-75ce-42f2-b494-4d64cd08fda9 x-openstack-request-id: req-3dee96e3-75ce-42f2-b494-4d64cd08fda9 _http_log_response /usr/lib/python2.7/site-packages/keystoneauth1/session.py:479
2019-07-08 18:58:36.471 661 DEBUG novaclient.v2.client [-] RESP BODY: {"flavors": [{"name": "rally_full-flavor_alt_dd3a611e-b0b1-4307-ab5b-6e0a97c02396", "links": [{"href": "http://172.30.9.21:8774/v2.1/flavors/8a552a55-80de-442b-95f3-ad69af5ee4bb", "rel": "self"}, {"href": "http://172.30.9.21:8774/flavors/8a552a55-80de-442b-95f3-ad69af5ee4bb", "rel": "bookmark"}], "ram": 1024, "OS-FLV-DISABLED:disabled": false, "vcpus": 1, "swap": "", "os-flavor-access:is_public": true, "rxtx_factor": 1.0, "OS-FLV-EXT-DATA:ephemeral": 0, "disk": 1, "id": "8a552a55-80de-442b-95f3-ad69af5ee4bb"}, {"name": "rally_full-flavor_dd3a611e-b0b1-4307-ab5b-6e0a97c02396", "links": [{"href": "http://172.30.9.21:8774/v2.1/flavors/f6511c41-a6aa-487a-b6c8-075504a2be27", "rel": "self"}, {"href": "http://172.30.9.21:8774/flavors/f6511c41-a6aa-487a-b6c8-075504a2be27", "rel": "bookmark"}], "ram": 512, "OS-FLV-DISABLED:disabled": false, "vcpus": 1, "swap": "", "os-flavor-access:is_public": true, "rxtx_factor": 1.0, "OS-FLV-EXT-DATA:ephemeral": 0, "disk": 1, "id": "f6511c41-a6aa-487a-b6c8-075504a2be27"}]} _http_log_response /usr/lib/python2.7/site-packages/keystoneauth1/session.py:511
2019-07-08 18:58:36.472 661 DEBUG novaclient.v2.client [-] GET call to compute for http://172.30.9.21:8774/v2.1/flavors/detail used request id req-3dee96e3-75ce-42f2-b494-4d64cd08fda9 request /usr/lib/python2.7/site-packages/keystoneauth1/session.py:844
2019-07-08 18:58:36.474 661 DEBUG novaclient.v2.client [-] REQ: curl -g -i -X GET http://172.30.9.21:8774/v2.1/flavors/detail -H "Accept: application/json" -H "User-Agent: python-novaclient" -H "X-Auth-Token: {SHA1}5742da3838ed4095c42adbc8c0beaa39e64bd76a" _http_log_request /usr/lib/python2.7/site-packages/keystoneauth1/session.py:448
2019-07-08 18:58:36.497 661 DEBUG novaclient.v2.client [-] RESP: [200] Content-Encoding: gzip Content-Length: 364 Content-Type: application/json Date: Mon, 08 Jul 2019 18:58:36 GMT OpenStack-API-Version: compute 2.1 Server: Apache Vary: OpenStack-API-Version,X-OpenStack-Nova-API-Version,Accept-Encoding X-OpenStack-Nova-API-Version: 2.1 x-compute-request-id: req-75246ba0-e21a-44f8-ade9-4d68e01e3736 x-openstack-request-id: req-75246ba0-e21a-44f8-ade9-4d68e01e3736 _http_log_response /usr/lib/python2.7/site-packages/keystoneauth1/session.py:479
2019-07-08 18:58:36.498 661 DEBUG novaclient.v2.client [-] RESP BODY: {"flavors": [{"name": "rally_full-flavor_alt_dd3a611e-b0b1-4307-ab5b-6e0a97c02396", "links": [{"href": "http://172.30.9.21:8774/v2.1/flavors/8a552a55-80de-442b-95f3-ad69af5ee4bb", "rel": "self"}, {"href": "http://172.30.9.21:8774/flavors/8a552a55-80de-442b-95f3-ad69af5ee4bb", "rel": "bookmark"}], "ram": 1024, "OS-FLV-DISABLED:disabled": false, "vcpus": 1, "swap": "", "os-flavor-access:is_public": true, "rxtx_factor": 1.0, "OS-FLV-EXT-DATA:ephemeral": 0, "disk": 1, "id": "8a552a55-80de-442b-95f3-ad69af5ee4bb"}, {"name": "rally_full-flavor_dd3a611e-b0b1-4307-ab5b-6e0a97c02396", "links": [{"href": "http://172.30.9.21:8774/v2.1/flavors/f6511c41-a6aa-487a-b6c8-075504a2be27", "rel": "self"}, {"href": "http://172.30.9.21:8774/flavors/f6511c41-a6aa-487a-b6c8-075504a2be27", "rel": "bookmark"}], "ram": 512, "OS-FLV-DISABLED:disabled": false, "vcpus": 1, "swap": "", "os-flavor-access:is_public": true, "rxtx_factor": 1.0, "OS-FLV-EXT-DATA:ephemeral": 0, "disk": 1, "id": "f6511c41-a6aa-487a-b6c8-075504a2be27"}]} _http_log_response /usr/lib/python2.7/site-packages/keystoneauth1/session.py:511
2019-07-08 18:58:36.498 661 DEBUG novaclient.v2.client [-] GET call to compute for http://172.30.9.21:8774/v2.1/flavors/detail used request id req-75246ba0-e21a-44f8-ade9-4d68e01e3736 request /usr/lib/python2.7/site-packages/keystoneauth1/session.py:844
2019-07-08 18:58:36.499 661 INFO rally.task.runner [-] Task e6aaa696-cffa-4c95-b175-008606314be8 | ITER: 2 END: OK
2019-07-08 18:58:36.503 661 INFO rally.task.runner [-] Task e6aaa696-cffa-4c95-b175-008606314be8 | ITER: 5 START
2019-07-08 18:58:36.504 665 DEBUG novaclient.v2.client [-] RESP: [200] Content-Encoding: gzip Content-Length: 364 Content-Type: application/json Date: Mon, 08 Jul 2019 18:58:35 GMT OpenStack-API-Version: compute 2.1 Server: Apache Vary: OpenStack-API-Version,X-OpenStack-Nova-API-Version,Accept-Encoding X-OpenStack-Nova-API-Version: 2.1 x-compute-request-id: req-b8c5c0a2-d220-41a0-b9fc-2292a84c62b3 x-openstack-request-id: req-b8c5c0a2-d220-41a0-b9fc-2292a84c62b3 _http_log_response /usr/lib/python2.7/site-packages/keystoneauth1/session.py:479
2019-07-08 18:58:36.505 665 DEBUG novaclient.v2.client [-] RESP BODY: {"flavors": [{"name": "rally_full-flavor_alt_dd3a611e-b0b1-4307-ab5b-6e0a97c02396", "links": [{"href": "http://172.30.9.21:8774/v2.1/flavors/8a552a55-80de-442b-95f3-ad69af5ee4bb", "rel": "self"}, {"href": "http://172.30.9.21:8774/flavors/8a552a55-80de-442b-95f3-ad69af5ee4bb", "rel": "bookmark"}], "ram": 1024, "OS-FLV-DISABLED:disabled": false, "vcpus": 1, "swap": "", "os-flavor-access:is_public": true, "rxtx_factor": 1.0, "OS-FLV-EXT-DATA:ephemeral": 0, "disk": 1, "id": "8a552a55-80de-442b-95f3-ad69af5ee4bb"}, {"name": "rally_full-flavor_dd3a611e-b0b1-4307-ab5b-6e0a97c02396", "links": [{"href": "http://172.30.9.21:8774/v2.1/flavors/f6511c41-a6aa-487a-b6c8-075504a2be27", "rel": "self"}, {"href": "http://172.30.9.21:8774/flavors/f6511c41-a6aa-487a-b6c8-075504a2be27", "rel": "bookmark"}], "ram": 512, "OS-FLV-DISABLED:disabled": false, "vcpus": 1, "swap": "", "os-flavor-access:is_public": true, "rxtx_factor": 1.0, "OS-FLV-EXT-DATA:ephemeral": 0, "disk": 1, "id": "f6511c41-a6aa-487a-b6c8-075504a2be27"}]} _http_log_response /usr/lib/python2.7/site-packages/keystoneauth1/session.py:511
2019-07-08 18:58:36.505 665 DEBUG novaclient.v2.client [-] GET call to compute for http://172.30.9.21:8774/v2.1/flavors/detail used request id req-b8c5c0a2-d220-41a0-b9fc-2292a84c62b3 request /usr/lib/python2.7/site-packages/keystoneauth1/session.py:844
2019-07-08 18:58:36.507 665 DEBUG novaclient.v2.client [-] REQ: curl -g -i -X GET http://172.30.9.21:8774/v2.1/flavors/detail -H "Accept: application/json" -H "User-Agent: python-novaclient" -H "X-Auth-Token: {SHA1}cba56965c79b2b57463ab52d00e89f23cfefad04" _http_log_request /usr/lib/python2.7/site-packages/keystoneauth1/session.py:448
2019-07-08 18:58:36.508 662 DEBUG novaclient.v2.client [-] RESP: [200] Content-Encoding: gzip Content-Length: 364 Content-Type: application/json Date: Mon, 08 Jul 2019 18:58:35 GMT OpenStack-API-Version: compute 2.1 Server: Apache Vary: OpenStack-API-Version,X-OpenStack-Nova-API-Version,Accept-Encoding X-OpenStack-Nova-API-Version: 2.1 x-compute-request-id: req-d71b4450-4a95-4cc0-81b4-4182d980f8da x-openstack-request-id: req-d71b4450-4a95-4cc0-81b4-4182d980f8da _http_log_response /usr/lib/python2.7/site-packages/keystoneauth1/session.py:479
2019-07-08 18:58:36.509 662 DEBUG novaclient.v2.client [-] RESP BODY: {"flavors": [{"name": "rally_full-flavor_alt_dd3a611e-b0b1-4307-ab5b-6e0a97c02396", "links": [{"href": "http://172.30.9.21:8774/v2.1/flavors/8a552a55-80de-442b-95f3-ad69af5ee4bb", "rel": "self"}, {"href": "http://172.30.9.21:8774/flavors/8a552a55-80de-442b-95f3-ad69af5ee4bb", "rel": "bookmark"}], "ram": 1024, "OS-FLV-DISABLED:disabled": false, "vcpus": 1, "swap": "", "os-flavor-access:is_public": true, "rxtx_factor": 1.0, "OS-FLV-EXT-DATA:ephemeral": 0, "disk": 1, "id": "8a552a55-80de-442b-95f3-ad69af5ee4bb"}, {"name": "rally_full-flavor_dd3a611e-b0b1-4307-ab5b-6e0a97c02396", "links": [{"href": "http://172.30.9.21:8774/v2.1/flavors/f6511c41-a6aa-487a-b6c8-075504a2be27", "rel": "self"}, {"href": "http://172.30.9.21:8774/flavors/f6511c41-a6aa-487a-b6c8-075504a2be27", "rel": "bookmark"}], "ram": 512, "OS-FLV-DISABLED:disabled": false, "vcpus": 1, "swap": "", "os-flavor-access:is_public": true, "rxtx_factor": 1.0, "OS-FLV-EXT-DATA:ephemeral": 0, "disk": 1, "id": "f6511c41-a6aa-487a-b6c8-075504a2be27"}]} _http_log_response /usr/lib/python2.7/site-packages/keystoneauth1/session.py:511
2019-07-08 18:58:36.510 662 DEBUG novaclient.v2.client [-] GET call to compute for http://172.30.9.21:8774/v2.1/flavors/detail used request id req-d71b4450-4a95-4cc0-81b4-4182d980f8da request /usr/lib/python2.7/site-packages/keystoneauth1/session.py:844
2019-07-08 18:58:36.511 662 DEBUG novaclient.v2.client [-] REQ: curl -g -i -X GET http://172.30.9.21:8774/v2.1/flavors/detail -H "Accept: application/json" -H "User-Agent: python-novaclient" -H "X-Auth-Token: {SHA1}d96bf0833ece8eb1b721af659ae46dad760270b7" _http_log_request /usr/lib/python2.7/site-packages/keystoneauth1/session.py:448
2019-07-08 18:58:36.529 665 DEBUG novaclient.v2.client [-] RESP: [200] Content-Encoding: gzip Content-Length: 364 Content-Type: application/json Date: Mon, 08 Jul 2019 18:58:36 GMT OpenStack-API-Version: compute 2.1 Server: Apache Vary: OpenStack-API-Version,X-OpenStack-Nova-API-Version,Accept-Encoding X-OpenStack-Nova-API-Version: 2.1 x-compute-request-id: req-612ff0b1-786c-4f49-a742-19a304d0b24e x-openstack-request-id: req-612ff0b1-786c-4f49-a742-19a304d0b24e _http_log_response /usr/lib/python2.7/site-packages/keystoneauth1/session.py:479
2019-07-08 18:58:36.529 665 DEBUG novaclient.v2.client [-] RESP BODY: {"flavors": [{"name": "rally_full-flavor_alt_dd3a611e-b0b1-4307-ab5b-6e0a97c02396", "links": [{"href": "http://172.30.9.21:8774/v2.1/flavors/8a552a55-80de-442b-95f3-ad69af5ee4bb", "rel": "self"}, {"href": "http://172.30.9.21:8774/flavors/8a552a55-80de-442b-95f3-ad69af5ee4bb", "rel": "bookmark"}], "ram": 1024, "OS-FLV-DISABLED:disabled": false, "vcpus": 1, "swap": "", "os-flavor-access:is_public": true, "rxtx_factor": 1.0, "OS-FLV-EXT-DATA:ephemeral": 0, "disk": 1, "id": "8a552a55-80de-442b-95f3-ad69af5ee4bb"}, {"name": "rally_full-flavor_dd3a611e-b0b1-4307-ab5b-6e0a97c02396", "links": [{"href": "http://172.30.9.21:8774/v2.1/flavors/f6511c41-a6aa-487a-b6c8-075504a2be27", "rel": "self"}, {"href": "http://172.30.9.21:8774/flavors/f6511c41-a6aa-487a-b6c8-075504a2be27", "rel": "bookmark"}], "ram": 512, "OS-FLV-DISABLED:disabled": false, "vcpus": 1, "swap": "", "os-flavor-access:is_public": true, "rxtx_factor": 1.0, "OS-FLV-EXT-DATA:ephemeral": 0, "disk": 1, "id": "f6511c41-a6aa-487a-b6c8-075504a2be27"}]} _http_log_response /usr/lib/python2.7/site-packages/keystoneauth1/session.py:511
2019-07-08 18:58:36.530 665 DEBUG novaclient.v2.client [-] GET call to compute for http://172.30.9.21:8774/v2.1/flavors/detail used request id req-612ff0b1-786c-4f49-a742-19a304d0b24e request /usr/lib/python2.7/site-packages/keystoneauth1/session.py:844
2019-07-08 18:58:36.531 665 INFO rally.task.runner [-] Task e6aaa696-cffa-4c95-b175-008606314be8 | ITER: 3 END: OK
2019-07-08 18:58:36.534 665 INFO rally.task.runner [-] Task e6aaa696-cffa-4c95-b175-008606314be8 | ITER: 6 START
2019-07-08 18:58:36.538 662 DEBUG novaclient.v2.client [-] RESP: [200] Content-Encoding: gzip Content-Length: 364 Content-Type: application/json Date: Mon, 08 Jul 2019 18:58:36 GMT OpenStack-API-Version: compute 2.1 Server: Apache Vary: OpenStack-API-Version,X-OpenStack-Nova-API-Version,Accept-Encoding X-OpenStack-Nova-API-Version: 2.1 x-compute-request-id: req-92f9260a-3e73-4678-b9b6-a1de32b0d31a x-openstack-request-id: req-92f9260a-3e73-4678-b9b6-a1de32b0d31a _http_log_response /usr/lib/python2.7/site-packages/keystoneauth1/session.py:479
2019-07-08 18:58:36.538 662 DEBUG novaclient.v2.client [-] RESP BODY: {"flavors": [{"name": "rally_full-flavor_alt_dd3a611e-b0b1-4307-ab5b-6e0a97c02396", "links": [{"href": "http://172.30.9.21:8774/v2.1/flavors/8a552a55-80de-442b-95f3-ad69af5ee4bb", "rel": "self"}, {"href": "http://172.30.9.21:8774/flavors/8a552a55-80de-442b-95f3-ad69af5ee4bb", "rel": "bookmark"}], "ram": 1024, "OS-FLV-DISABLED:disabled": false, "vcpus": 1, "swap": "", "os-flavor-access:is_public": true, "rxtx_factor": 1.0, "OS-FLV-EXT-DATA:ephemeral": 0, "disk": 1, "id": "8a552a55-80de-442b-95f3-ad69af5ee4bb"}, {"name": "rally_full-flavor_dd3a611e-b0b1-4307-ab5b-6e0a97c02396", "links": [{"href": "http://172.30.9.21:8774/v2.1/flavors/f6511c41-a6aa-487a-b6c8-075504a2be27", "rel": "self"}, {"href": "http://172.30.9.21:8774/flavors/f6511c41-a6aa-487a-b6c8-075504a2be27", "rel": "bookmark"}], "ram": 512, "OS-FLV-DISABLED:disabled": false, "vcpus": 1, "swap": "", "os-flavor-access:is_public": true, "rxtx_factor": 1.0, "OS-FLV-EXT-DATA:ephemeral": 0, "disk": 1, "id": "f6511c41-a6aa-487a-b6c8-075504a2be27"}]} _http_log_response /usr/lib/python2.7/site-packages/keystoneauth1/session.py:511
2019-07-08 18:58:36.538 662 DEBUG novaclient.v2.client [-] GET call to compute for http://172.30.9.21:8774/v2.1/flavors/detail used request id req-92f9260a-3e73-4678-b9b6-a1de32b0d31a request /usr/lib/python2.7/site-packages/keystoneauth1/session.py:844
2019-07-08 18:58:36.539 662 INFO rally.task.runner [-] Task e6aaa696-cffa-4c95-b175-008606314be8 | ITER: 4 END: OK
2019-07-08 18:58:36.543 662 INFO rally.task.runner [-] Task e6aaa696-cffa-4c95-b175-008606314be8 | ITER: 7 START
2019-07-08 18:58:36.595 660 DEBUG novaclient.v2.client [-] RESP: [200] Content-Encoding: gzip Content-Length: 364 Content-Type: application/json Date: Mon, 08 Jul 2019 18:58:35 GMT OpenStack-API-Version: compute 2.1 Server: Apache Vary: OpenStack-API-Version,X-OpenStack-Nova-API-Version,Accept-Encoding X-OpenStack-Nova-API-Version: 2.1 x-compute-request-id: req-b9f1fb2d-073c-4993-9020-b8d99abd8aac x-openstack-request-id: req-b9f1fb2d-073c-4993-9020-b8d99abd8aac _http_log_response /usr/lib/python2.7/site-packages/keystoneauth1/session.py:479
2019-07-08 18:58:36.596 660 DEBUG novaclient.v2.client [-] RESP BODY: {"flavors": [{"name": "rally_full-flavor_alt_dd3a611e-b0b1-4307-ab5b-6e0a97c02396", "links": [{"href": "http://172.30.9.21:8774/v2.1/flavors/8a552a55-80de-442b-95f3-ad69af5ee4bb", "rel": "self"}, {"href": "http://172.30.9.21:8774/flavors/8a552a55-80de-442b-95f3-ad69af5ee4bb", "rel": "bookmark"}], "ram": 1024, "OS-FLV-DISABLED:disabled": false, "vcpus": 1, "swap": "", "os-flavor-access:is_public": true, "rxtx_factor": 1.0, "OS-FLV-EXT-DATA:ephemeral": 0, "disk": 1, "id": "8a552a55-80de-442b-95f3-ad69af5ee4bb"}, {"name": "rally_full-flavor_dd3a611e-b0b1-4307-ab5b-6e0a97c02396", "links": [{"href": "http://172.30.9.21:8774/v2.1/flavors/f6511c41-a6aa-487a-b6c8-075504a2be27", "rel": "self"}, {"href": "http://172.30.9.21:8774/flavors/f6511c41-a6aa-487a-b6c8-075504a2be27", "rel": "bookmark"}], "ram": 512, "OS-FLV-DISABLED:disabled": false, "vcpus": 1, "swap": "", "os-flavor-access:is_public": true, "rxtx_factor": 1.0, "OS-FLV-EXT-DATA:ephemeral": 0, "disk": 1, "id": "f6511c41-a6aa-487a-b6c8-075504a2be27"}]} _http_log_response /usr/lib/python2.7/site-packages/keystoneauth1/session.py:511
2019-07-08 18:58:36.597 660 DEBUG novaclient.v2.client [-] GET call to compute for http://172.30.9.21:8774/v2.1/flavors/detail used request id req-b9f1fb2d-073c-4993-9020-b8d99abd8aac request /usr/lib/python2.7/site-packages/keystoneauth1/session.py:844
