2019-07-08 19:26:28.542 1842 INFO rally.task.context [-] Task 4b1d5022-84c6-435e-8f71-f9b49209a2cf | Context api_versions@openstack cleanup() started
2019-07-08 19:26:28.542 1842 INFO rally.task.context [-] Task 4b1d5022-84c6-435e-8f71-f9b49209a2cf | Context api_versions@openstack cleanup() finished in 0.34 msec
2019-07-08 19:26:28.542 1842 INFO rally.task.context [-] Task 4b1d5022-84c6-435e-8f71-f9b49209a2cf | Context users@openstack cleanup() started
2019-07-08 19:26:37.046 1842 INFO rally.task.context [-] Task 4b1d5022-84c6-435e-8f71-f9b49209a2cf | Context users@openstack cleanup() finished in 8.50 sec
2019-07-08 19:26:38.155 1842 INFO rally.task.engine [-] Load duration is: 17.739246
2019-07-08 19:26:38.155 1842 INFO rally.task.engine [-] Full runner duration is: 17.784314
2019-07-08 19:26:38.155 1842 INFO rally.task.engine [-] Full duration is: 43.081363
2019-07-08 19:26:38.377 1842 INFO rally.task.engine [-] Running workload: position = 0 config = { "version": 2, "title": "A cropped version of a bigger task.", "description": "Auto-generated task from a single workload (uuid=a89f5f01-c59f-4d92-92ee-dc1206b48c5b)", "subtasks": [ { "title": "CinderVolumes.create_and_extend_volume", "description": "Create and extend a volume and then delete it.", "scenario": { "CinderVolumes.create_and_extend_volume": { "new_size": 2, "size": 1 } }, "contexts": { "users": { "tenants": 3, "users_per_tenant": 2 }, "quotas": { "cinder": { "gigabytes": -1, "snapshots": -1, "volumes": -1 } }, "api_versions": { "cinder": { "version": 3, "service_type": "volumev3" } } }, "runner": { "constant": { "concurrency": 4, "times": 10 } }, "hooks": [], "sla": { "failure_rate": { "max": 0 } } } ] }
2019-07-08 19:26:38.404 1842 RALLYDEBUG rally_openstack.contexts.keystone.users [-] Creating 3 tenants using 20 threads
2019-07-08 19:26:40.262 1842 RALLYDEBUG rally_openstack.contexts.keystone.users [-] Creating 6 users using 20 threads
2019-07-08 19:26:43.156 1842 INFO rally.task.context [-] Task 4b1d5022-84c6-435e-8f71-f9b49209a2cf | Context users@openstack setup() finished in 4.75 sec
2019-07-08 19:26:43.597 1842 INFO rally.task.context [-] Task 4b1d5022-84c6-435e-8f71-f9b49209a2cf | Context api_versions@openstack setup() finished in 0.44 sec
2019-07-08 19:26:45.351 1842 INFO rally.task.context [-] Task 4b1d5022-84c6-435e-8f71-f9b49209a2cf | Context quotas@openstack setup() finished in 1.75 sec
2019-07-08 19:26:45.352 1842 INFO rally.task.context [-] Task 4b1d5022-84c6-435e-8f71-f9b49209a2cf | Context cleanup@openstack setup() finished in 0.00 msec
2019-07-08 19:26:45.359 1842 RALLYDEBUG rally.task.runner [-] Starting the constant runner (task UUID: 4b1d5022-84c6-435e-8f71-f9b49209a2cf). timeout: 0 concurrency: 4 concurrency_per_worker: 1 times: 10 concurrency_overhead: 0 processes_to_start: 4 max_cpu_used: 16
2019-07-08 19:26:45.373 4722 RALLYDEBUG rally.task.runner [-] Starting a worker. concurrency: 1 args: {"new_size": 2, "size": 1} times: 10 method_name: run timeout: 0 duration: None cls:
2019-07-08 19:26:45.375 4723 RALLYDEBUG rally.task.runner [-] Starting a worker. concurrency: 1 args: {"new_size": 2, "size": 1} times: 10 method_name: run timeout: 0 duration: None cls:
2019-07-08 19:26:45.378 4724 RALLYDEBUG rally.task.runner [-] Starting a worker. concurrency: 1 args: {"new_size": 2, "size": 1} times: 10 method_name: run timeout: 0 duration: None cls:
2019-07-08 19:26:45.381 4722 INFO rally.task.runner [-] Task 4b1d5022-84c6-435e-8f71-f9b49209a2cf | ITER: 1 START
2019-07-08 19:26:45.382 4725 RALLYDEBUG rally.task.runner [-] Starting a worker. concurrency: 1 args: {"new_size": 2, "size": 1} times: 10 method_name: run timeout: 0 duration: None cls:
2019-07-08 19:26:45.383 4723 INFO rally.task.runner [-] Task 4b1d5022-84c6-435e-8f71-f9b49209a2cf | ITER: 2 START
2019-07-08 19:26:45.386 4724 INFO rally.task.runner [-] Task 4b1d5022-84c6-435e-8f71-f9b49209a2cf | ITER: 3 START
2019-07-08 19:26:45.389 4725 INFO rally.task.runner [-] Task 4b1d5022-84c6-435e-8f71-f9b49209a2cf | ITER: 4 START
2019-07-08 19:26:50.378 4723 INFO rally.task.runner [-] Task 4b1d5022-84c6-435e-8f71-f9b49209a2cf | ITER: 2 END: OK
2019-07-08 19:26:50.384 4723 INFO rally.task.runner [-] Task 4b1d5022-84c6-435e-8f71-f9b49209a2cf | ITER: 5 START
2019-07-08 19:26:50.653 4722 RALLYDEBUG rally.task.utils [-] Waiting for resource s_rally_a89f5f01_gEOwlcMc. Status changed: AVAILABLE => DELETING in 0.053848028183
2019-07-08 19:26:50.663 4724 RALLYDEBUG rally.task.utils [-] Waiting for resource s_rally_a89f5f01_Rps9fDTJ. Status changed: AVAILABLE => DELETING in 0.351691007614
2019-07-08 19:26:50.743 4725 RALLYDEBUG rally.task.utils [-] Waiting for resource s_rally_a89f5f01_v1UuOIrp. Status changed: AVAILABLE => DELETING in 0.335489034653
2019-07-08 19:26:52.892 4724 INFO rally.task.runner [-] Task 4b1d5022-84c6-435e-8f71-f9b49209a2cf | ITER: 3 END: OK
2019-07-08 19:26:52.896 4724 INFO rally.task.runner [-] Task 4b1d5022-84c6-435e-8f71-f9b49209a2cf | ITER: 6 START
2019-07-08 19:26:52.969 4722 INFO rally.task.runner [-] Task 4b1d5022-84c6-435e-8f71-f9b49209a2cf | ITER: 1 END: OK
2019-07-08 19:26:52.975 4722 INFO rally.task.runner [-] Task 4b1d5022-84c6-435e-8f71-f9b49209a2cf | ITER: 7 START
2019-07-08 19:26:53.150 4725 INFO rally.task.runner [-] Task 4b1d5022-84c6-435e-8f71-f9b49209a2cf | ITER: 4 END: OK
2019-07-08 19:26:53.155 4725 INFO rally.task.runner [-] Task 4b1d5022-84c6-435e-8f71-f9b49209a2cf | ITER: 8 START
2019-07-08 19:26:55.291 4723 RALLYDEBUG rally.task.utils [-] Waiting for resource s_rally_a89f5f01_lSEPYfuJ. Status changed: AVAILABLE => DELETING in 0.242966175079
2019-07-08 19:26:57.339 4724 RALLYDEBUG rally.task.utils [-] Waiting for resource s_rally_a89f5f01_9F4JNd5H. Status changed: AVAILABLE => DELETING in 0.249519824982
2019-07-08 19:26:57.362 4725 RALLYDEBUG rally.task.utils [-] Waiting for resource s_rally_a89f5f01_2qHSDanz. Status changed: AVAILABLE => EXTENDING in 0.331738948822
2019-07-08 19:26:57.524 4723 INFO rally.task.runner [-] Task 4b1d5022-84c6-435e-8f71-f9b49209a2cf | ITER: 5 END: OK
2019-07-08 19:26:57.527 4723 INFO rally.task.runner [-] Task 4b1d5022-84c6-435e-8f71-f9b49209a2cf | ITER: 9 START
2019-07-08 19:26:57.968 4722 INFO rally.task.runner [-] Task 4b1d5022-84c6-435e-8f71-f9b49209a2cf | ITER: 7 END: OK
2019-07-08 19:26:57.974 4722 INFO rally.task.runner [-] Task 4b1d5022-84c6-435e-8f71-f9b49209a2cf | ITER: 10 START
2019-07-08 19:26:59.563 4724 INFO rally.task.runner [-] Task 4b1d5022-84c6-435e-8f71-f9b49209a2cf | ITER: 6 END: OK
2019-07-08 19:26:59.823 4725 RALLYDEBUG rally.task.utils [-] Waiting for resource s_rally_a89f5f01_2qHSDanz. Status changed: EXTENDING => AVAILABLE in 2.4606461525
2019-07-08 19:27:00.327 4725 INFO rally.task.runner [-] Task 4b1d5022-84c6-435e-8f71-f9b49209a2cf | ITER: 8 END: OK
2019-07-08 19:27:01.911 4722 RALLYDEBUG rally.task.utils [-] Waiting for resource s_rally_a89f5f01_YQnSH2Qc. Status changed: AVAILABLE => EXTENDING in 0.0534999370575
2019-07-08 19:27:02.557 4723 INFO rally.task.runner [-] Task 4b1d5022-84c6-435e-8f71-f9b49209a2cf | ITER: 9 END: OK
2019-07-08 19:27:04.257 4722 RALLYDEBUG rally.task.utils [-] Waiting for resource s_rally_a89f5f01_YQnSH2Qc. Status changed: EXTENDING => AVAILABLE in 2.34632492065
2019-07-08 19:27:04.788 4722 INFO rally.task.runner [-] Task 4b1d5022-84c6-435e-8f71-f9b49209a2cf | ITER: 10 END: OK
2019-07-08 19:27:04.817 1842 INFO rally.task.context [-] Task 4b1d5022-84c6-435e-8f71-f9b49209a2cf | Context cleanup@openstack cleanup() started
2019-07-08 19:27:04.820 1842 RALLYDEBUG rally_openstack.cleanup.manager [-] Cleaning up cinder backups objects
2019-07-08 19:27:07.077 1842 RALLYDEBUG rally_openstack.cleanup.manager [-] Cleaning up cinder volume_snapshots objects
2019-07-08 19:27:09.470 1842 RALLYDEBUG rally_openstack.cleanup.manager [-] Cleaning up cinder transfers objects
2019-07-08 19:27:11.603 1842 RALLYDEBUG rally_openstack.cleanup.manager [-] Cleaning up cinder volumes objects
2019-07-08 19:27:13.920 1842 INFO rally.task.context [-] Task 4b1d5022-84c6-435e-8f71-f9b49209a2cf | Context cleanup@openstack cleanup() finished in 9.10 sec
2019-07-08 19:27:13.920 1842 INFO rally.task.context [-] Task 4b1d5022-84c6-435e-8f71-f9b49209a2cf | Context quotas@openstack cleanup() started
2019-07-08 19:27:14.895 1842 INFO rally.task.context [-] Task 4b1d5022-84c6-435e-8f71-f9b49209a2cf | Context quotas@openstack cleanup() finished in 0.97 sec
2019-07-08 19:27:14.896 1842 INFO rally.task.context [-] Task 4b1d5022-84c6-435e-8f71-f9b49209a2cf | Context api_versions@openstack cleanup() started
2019-07-08 19:27:14.896 1842 INFO rally.task.context [-] Task 4b1d5022-84c6-435e-8f71-f9b49209a2cf | Context api_versions@openstack cleanup() finished in 0.34 msec
2019-07-08 19:27:14.896 1842 INFO rally.task.context [-] Task 4b1d5022-84c6-435e-8f71-f9b49209a2cf | Context users@openstack cleanup() started
2019-07-08 19:27:23.633 1842 INFO rally.task.context [-] Task 4b1d5022-84c6-435e-8f71-f9b49209a2cf | Context users@openstack cleanup() finished in 8.74 sec
2019-07-08 19:27:24.589 1842 INFO rally.task.engine [-] Load duration is: 19.402714
2019-07-08 19:27:24.589 1842 INFO rally.task.engine [-] Full runner duration is: 19.458078
2019-07-08 19:27:24.589 1842 INFO rally.task.engine [-] Full duration is: 45.236211
2019-07-08 19:27:24.831 1842 INFO rally.task.engine [-] Running workload: position = 0 config = { "version": 2, "title": "A cropped version of a bigger task.", "description": "Auto-generated task from a single workload (uuid=c50b2cff-fc73-4d7a-b2eb-deb6d1257453)", "subtasks": [ { "title": "CinderVolumes.create_from_volume_and_delete_volume", "description": "Create volume from volume and then delete it.", "scenario": { "CinderVolumes.create_from_volume_and_delete_volume": { "size": 1 } }, "contexts": { "users": { "tenants": 3, "users_per_tenant": 2 }, "quotas": { "cinder": { "gigabytes": -1, "snapshots": -1, "volumes": -1 } }, "api_versions": { "cinder": { "version": 3, "service_type": "volumev3" } }, "volumes": { "size": 1, "volumes_per_tenant": 1 } }, "runner": { "constant": { "concurrency": 4, "times": 10 } }, "hooks": [], "sla": { "failure_rate": { "max": 0 } } } ] }
2019-07-08 19:27:24.854 1842 RALLYDEBUG rally_openstack.contexts.keystone.users [-] Creating 3 tenants using 20 threads
2019-07-08 19:27:26.682 1842 RALLYDEBUG rally_openstack.contexts.keystone.users [-] Creating 6 users using 20 threads
2019-07-08 19:27:29.497 1842 INFO rally.task.context [-] Task 4b1d5022-84c6-435e-8f71-f9b49209a2cf | Context users@openstack setup() finished in 4.64 sec
2019-07-08 19:27:30.040 1842 INFO rally.task.context [-] Task 4b1d5022-84c6-435e-8f71-f9b49209a2cf | Context api_versions@openstack setup() finished in 0.54 sec
2019-07-08 19:27:31.734 1842 INFO rally.task.context [-] Task 4b1d5022-84c6-435e-8f71-f9b49209a2cf | Context quotas@openstack setup() finished in 1.69 sec
2019-07-08 19:27:42.715 1842 INFO rally.task.context [-] Task 4b1d5022-84c6-435e-8f71-f9b49209a2cf | Context volumes@openstack setup() finished in 10.98 sec
2019-07-08 19:27:42.716 1842 INFO rally.task.context [-] Task 4b1d5022-84c6-435e-8f71-f9b49209a2cf | Context cleanup@openstack setup() finished in 0.01 msec
2019-07-08 19:27:42.723 1842 RALLYDEBUG rally.task.runner [-] Starting the constant runner (task UUID: 4b1d5022-84c6-435e-8f71-f9b49209a2cf). timeout: 0 concurrency: 4 concurrency_per_worker: 1 times: 10 concurrency_overhead: 0 processes_to_start: 4 max_cpu_used: 16
2019-07-08 19:27:42.736 4906 RALLYDEBUG rally.task.runner [-] Starting a worker. concurrency: 1 args: {"size": 1} times: 10 method_name: run timeout: 0 duration: None cls:
2019-07-08 19:27:42.739 4907 RALLYDEBUG rally.task.runner [-] Starting a worker. concurrency: 1 args: {"size": 1} times: 10 method_name: run timeout: 0 duration: None cls:
2019-07-08 19:27:42.743 4908 RALLYDEBUG rally.task.runner [-] Starting a worker. concurrency: 1 args: {"size": 1} times: 10 method_name: run timeout: 0 duration: None cls:
2019-07-08 19:27:42.744 4906 INFO rally.task.runner [-] Task 4b1d5022-84c6-435e-8f71-f9b49209a2cf | ITER: 1 START
2019-07-08 19:27:42.746 4909 RALLYDEBUG rally.task.runner [-] Starting a worker. concurrency: 1 args: {"size": 1} times: 10 method_name: run timeout: 0 duration: None cls:
2019-07-08 19:27:42.748 4907 INFO rally.task.runner [-] Task 4b1d5022-84c6-435e-8f71-f9b49209a2cf | ITER: 2 START
2019-07-08 19:27:42.751 4908 INFO rally.task.runner [-] Task 4b1d5022-84c6-435e-8f71-f9b49209a2cf | ITER: 3 START
2019-07-08 19:27:42.754 4909 INFO rally.task.runner [-] Task 4b1d5022-84c6-435e-8f71-f9b49209a2cf | ITER: 4 START
2019-07-08 19:27:47.130 4907 RALLYDEBUG rally.task.utils [-] Waiting for resource s_rally_c50b2cff_PIdJwa74. Status changed: AVAILABLE => DELETING in 0.254763126373
2019-07-08 19:27:48.955 4908 RALLYDEBUG rally.task.utils [-] Waiting for resource s_rally_c50b2cff_ZSlWHFDz. Status changed: CREATING => AVAILABLE in 3.01109099388
2019-07-08 19:27:49.026 4906 RALLYDEBUG rally.task.utils [-] Waiting for resource s_rally_c50b2cff_lXnIhI0Z. Status changed: CREATING => AVAILABLE in 3.04879999161
2019-07-08 19:27:49.168 4907 INFO rally.task.runner [-] Task 4b1d5022-84c6-435e-8f71-f9b49209a2cf | ITER: 2 END: OK
2019-07-08 19:27:49.174 4907 INFO rally.task.runner [-] Task 4b1d5022-84c6-435e-8f71-f9b49209a2cf | ITER: 5 START
2019-07-08 19:27:49.804 4908 RALLYDEBUG rally.task.utils [-] Waiting for resource s_rally_c50b2cff_ZSlWHFDz. Status changed: AVAILABLE => DELETING in 0.341756105423
2019-07-08 19:27:49.822 4906 RALLYDEBUG rally.task.utils [-] Waiting for resource s_rally_c50b2cff_lXnIhI0Z. Status changed: AVAILABLE => DELETING in 0.342027902603
2019-07-08 19:27:51.127 4909 RALLYDEBUG rally.task.utils [-] Waiting for resource s_rally_c50b2cff_WFzrbico. Status changed: CREATING => AVAILABLE in 5.25425481796
2019-07-08 19:27:51.844 4908 INFO rally.task.runner [-] Task 4b1d5022-84c6-435e-8f71-f9b49209a2cf | ITER: 3 END: OK
2019-07-08 19:27:51.849 4908 INFO rally.task.runner [-] Task 4b1d5022-84c6-435e-8f71-f9b49209a2cf | ITER: 6 START
2019-07-08 19:27:51.855 4909 RALLYDEBUG rally.task.utils [-] Waiting for resource s_rally_c50b2cff_WFzrbico. Status changed: AVAILABLE => DELETING in 0.352077960968
2019-07-08 19:27:51.871 4906 INFO rally.task.runner [-] Task 4b1d5022-84c6-435e-8f71-f9b49209a2cf | ITER: 1 END: OK
2019-07-08 19:27:51.877 4906 INFO rally.task.runner [-] Task 4b1d5022-84c6-435e-8f71-f9b49209a2cf | ITER: 7 START
2019-07-08 19:27:53.913 4907 RALLYDEBUG rally.task.utils [-] Waiting for resource s_rally_c50b2cff_x9YW1M0V. Status changed: AVAILABLE => DELETING in 0.330433130264
2019-07-08 19:27:56.527 4909 INFO rally.task.runner [-] Task 4b1d5022-84c6-435e-8f71-f9b49209a2cf | ITER: 4 END: OK
2019-07-08 19:27:56.532 4909 INFO rally.task.runner [-] Task 4b1d5022-84c6-435e-8f71-f9b49209a2cf | ITER: 8 START
2019-07-08 19:27:57.895 4906 RALLYDEBUG rally.task.utils [-] Waiting for resource s_rally_c50b2cff_vlPUnUDV. Status changed: CREATING => AVAILABLE in 2.99690008163
2019-07-08 19:27:57.925 4908 RALLYDEBUG rally.task.utils [-] Waiting for resource s_rally_c50b2cff_e8HCO5yk. Status changed: CREATING => AVAILABLE in 3.04067492485
2019-07-08 19:27:58.235 4906 RALLYDEBUG rally.task.utils [-] Waiting for resource s_rally_c50b2cff_vlPUnUDV. Status changed: AVAILABLE => DELETING in 0.241615056992
2019-07-08 19:27:58.624 4908 RALLYDEBUG rally.task.utils [-] Waiting for resource s_rally_c50b2cff_e8HCO5yk. Status changed: AVAILABLE => DELETING in 0.330775022507
2019-07-08 19:27:58.664 4907 INFO rally.task.runner [-] Task 4b1d5022-84c6-435e-8f71-f9b49209a2cf | ITER: 5 END: OK
2019-07-08 19:27:58.670 4907 INFO rally.task.runner [-] Task 4b1d5022-84c6-435e-8f71-f9b49209a2cf | ITER: 9 START
2019-07-08 19:28:00.898 4909 RALLYDEBUG rally.task.utils [-] Waiting for resource s_rally_c50b2cff_wsePfYj5. Status changed: AVAILABLE => DELETING in 0.250813007355
2019-07-08 19:28:02.796 4906 INFO rally.task.runner [-] Task 4b1d5022-84c6-435e-8f71-f9b49209a2cf | ITER: 7 END: OK
2019-07-08 19:28:02.802 4906 INFO rally.task.runner [-] Task 4b1d5022-84c6-435e-8f71-f9b49209a2cf | ITER: 10 START
2019-07-08 19:28:02.915 4908 INFO rally.task.runner [-] Task 4b1d5022-84c6-435e-8f71-f9b49209a2cf | ITER: 6 END: OK
2019-07-08 19:28:04.577 4907 RALLYDEBUG rally.task.utils [-] Waiting for resource s_rally_c50b2cff_wH8lndsV. Status changed: CREATING => AVAILABLE in 2.94649100304
2019-07-08 19:28:05.277 4909 INFO rally.task.runner [-] Task 4b1d5022-84c6-435e-8f71-f9b49209a2cf | ITER: 8 END: OK
2019-07-08 19:28:05.293 4907 RALLYDEBUG rally.task.utils [-] Waiting for resource s_rally_c50b2cff_wH8lndsV. Status changed: AVAILABLE => DELETING in 0.333760976791
2019-07-08 19:28:07.178 4906 RALLYDEBUG rally.task.utils [-] Waiting for resource s_rally_c50b2cff_6yMuJiO1. Status changed: AVAILABLE => DELETING in 0.352554798126
2019-07-08 19:28:07.627 4907 INFO rally.task.runner [-] Task 4b1d5022-84c6-435e-8f71-f9b49209a2cf | ITER: 9 END: OK
2019-07-08 19:28:09.490 4906 INFO rally.task.runner [-] Task 4b1d5022-84c6-435e-8f71-f9b49209a2cf | ITER: 10 END: OK
2019-07-08 19:28:09.511 1842 INFO rally.task.context [-] Task 4b1d5022-84c6-435e-8f71-f9b49209a2cf | Context cleanup@openstack cleanup() started
2019-07-08 19:28:09.513 1842 RALLYDEBUG rally_openstack.cleanup.manager [-] Cleaning up cinder backups objects
2019-07-08 19:28:11.750 1842 RALLYDEBUG rally_openstack.cleanup.manager [-] Cleaning up cinder volume_snapshots objects
2019-07-08 19:28:13.992 1842 RALLYDEBUG rally_openstack.cleanup.manager [-] Cleaning up cinder transfers objects
2019-07-08 19:28:16.173 1842 RALLYDEBUG rally_openstack.cleanup.manager [-] Cleaning up cinder volumes objects
2019-07-08 19:28:18.654 1842 INFO rally.task.context [-] Task 4b1d5022-84c6-435e-8f71-f9b49209a2cf | Context cleanup@openstack cleanup() finished in 9.14 sec
2019-07-08 19:28:18.655 1842 INFO rally.task.context [-] Task 4b1d5022-84c6-435e-8f71-f9b49209a2cf | Context volumes@openstack cleanup() started
2019-07-08 19:28:18.657 1842 RALLYDEBUG rally_openstack.cleanup.manager [-] Cleaning up cinder volumes objects
2019-07-08 19:28:21.006 1842 RALLYDEBUG rally_openstack.cleanup.manager [-] Deleting cinder.volumes object c_rally_c50b2cff_FXK7wbor (9c736600-aa6c-4724-a3d3-1757dc4a06bb)
2019-07-08 19:28:21.011 1842 RALLYDEBUG rally_openstack.cleanup.manager [-] Deleting cinder.volumes object c_rally_c50b2cff_N0iKoEM4 (e4f58f9f-48b0-4054-b65f-bcaccaac8fda)
2019-07-08 19:28:21.016 1842 RALLYDEBUG rally_openstack.cleanup.manager [-] Deleting cinder.volumes object c_rally_c50b2cff_wv50I8ti (5ea40bc3-dcb9-4441-97f8-415f2020da1a)
2019-07-08 19:28:24.731 1842 INFO rally.task.context [-] Task 4b1d5022-84c6-435e-8f71-f9b49209a2cf | Context volumes@openstack cleanup() finished in 6.08 sec
2019-07-08 19:28:24.731 1842 INFO rally.task.context [-] Task 4b1d5022-84c6-435e-8f71-f9b49209a2cf | Context quotas@openstack cleanup() started
2019-07-08 19:28:25.320 1842 INFO rally.task.context [-] Task 4b1d5022-84c6-435e-8f71-f9b49209a2cf | Context quotas@openstack cleanup() finished in 0.59 sec
2019-07-08 19:28:25.320 1842 INFO rally.task.context [-] Task 4b1d5022-84c6-435e-8f71-f9b49209a2cf | Context api_versions@openstack cleanup() started
2019-07-08 19:28:25.321 1842 INFO rally.task.context [-] Task 4b1d5022-84c6-435e-8f71-f9b49209a2cf | Context api_versions@openstack cleanup() finished in 0.31 msec
2019-07-08 19:28:25.321 1842 INFO rally.task.context [-] Task 4b1d5022-84c6-435e-8f71-f9b49209a2cf | Context users@openstack cleanup() started
2019-07-08 19:28:33.878 1842 INFO rally.task.context [-] Task 4b1d5022-84c6-435e-8f71-f9b49209a2cf | Context users@openstack cleanup() finished in 8.56 sec
2019-07-08 19:28:35.158 1842 INFO rally.task.engine [-] Load duration is: 26.741151
2019-07-08 19:28:35.158 1842 INFO rally.task.engine [-] Full runner duration is: 26.788291
2019-07-08 19:28:35.158 1842 INFO rally.task.engine [-] Full duration is: 69.029157
2019-07-08 19:28:35.415 1842 INFO rally.task.engine [-] Running workload: position = 0 config = { "version": 2, "title": "A cropped version of a bigger task.", "description": "Auto-generated task from a single workload (uuid=f3db0f33-2079-4a7f-a8e3-383344c70c25)", "subtasks": [ { "title": "CinderQos.create_and_get_qos", "description": "Create a qos, then get details of the qos.", "scenario": { "CinderQos.create_and_get_qos": { "consumer": "both", "write_iops_sec": "10", "read_iops_sec": "1000" } }, "contexts": { "users": { "tenants": 3, "users_per_tenant": 2 }, "api_versions": { "cinder": { "version": 3, "service_type": "volumev3" } } }, "runner": { "constant": { "concurrency": 4, "times": 10 } }, "hooks": [], "sla": { "failure_rate": { "max": 0 } } } ] }
2019-07-08 19:28:35.440 1842 RALLYDEBUG rally_openstack.contexts.keystone.users [-] Creating 3 tenants using 20 threads
2019-07-08 19:28:37.377 1842 RALLYDEBUG rally_openstack.contexts.keystone.users [-] Creating 6 users using 20 threads
2019-07-08 19:28:40.430 1842 INFO rally.task.context [-] Task 4b1d5022-84c6-435e-8f71-f9b49209a2cf | Context users@openstack setup() finished in 4.99 sec
2019-07-08 19:28:40.862 1842 INFO rally.task.context [-] Task 4b1d5022-84c6-435e-8f71-f9b49209a2cf | Context api_versions@openstack setup() finished in 0.43 sec
2019-07-08 19:28:40.863 1842 INFO rally.task.context [-] Task 4b1d5022-84c6-435e-8f71-f9b49209a2cf | Context admin_cleanup@openstack setup() finished in 0.01 msec
2019-07-08 19:28:40.870 1842 RALLYDEBUG rally.task.runner [-] Starting the constant runner (task UUID: 4b1d5022-84c6-435e-8f71-f9b49209a2cf). timeout: 0 concurrency: 4 concurrency_per_worker: 1 times: 10 concurrency_overhead: 0 processes_to_start: 4 max_cpu_used: 16
2019-07-08 19:28:40.883 5110 RALLYDEBUG rally.task.runner [-] Starting a worker. concurrency: 1 args: {"consumer": "both", "write_iops_sec": "10", "read_iops_sec": "1000"} times: 10 method_name: run timeout: 0 duration: None cls:
2019-07-08 19:28:40.885 5111 RALLYDEBUG rally.task.runner [-] Starting a worker. concurrency: 1 args: {"consumer": "both", "write_iops_sec": "10", "read_iops_sec": "1000"} times: 10 method_name: run timeout: 0 duration: None cls:
2019-07-08 19:28:40.888 5112 RALLYDEBUG rally.task.runner [-] Starting a worker. concurrency: 1 args: {"consumer": "both", "write_iops_sec": "10", "read_iops_sec": "1000"} times: 10 method_name: run timeout: 0 duration: None cls:
2019-07-08 19:28:40.890 5111 INFO rally.task.runner [-] Task 4b1d5022-84c6-435e-8f71-f9b49209a2cf | ITER: 2 START
2019-07-08 19:28:40.891 5110 INFO rally.task.runner [-] Task 4b1d5022-84c6-435e-8f71-f9b49209a2cf | ITER: 1 START
2019-07-08 19:28:40.892 5113 RALLYDEBUG rally.task.runner [-] Starting a worker. concurrency: 1 args: {"consumer": "both", "write_iops_sec": "10", "read_iops_sec": "1000"} times: 10 method_name: run timeout: 0 duration: None cls:
2019-07-08 19:28:40.893 5112 INFO rally.task.runner [-] Task 4b1d5022-84c6-435e-8f71-f9b49209a2cf | ITER: 3 START
2019-07-08 19:28:40.900 5113 INFO rally.task.runner [-] Task 4b1d5022-84c6-435e-8f71-f9b49209a2cf | ITER: 4 START
2019-07-08 19:28:41.971 5112 INFO rally.task.runner [-] Task 4b1d5022-84c6-435e-8f71-f9b49209a2cf | ITER: 3 END: OK
2019-07-08 19:28:41.975 5112 INFO rally.task.runner [-] Task 4b1d5022-84c6-435e-8f71-f9b49209a2cf | ITER: 5 START
2019-07-08 19:28:42.002 5110 INFO rally.task.runner [-] Task 4b1d5022-84c6-435e-8f71-f9b49209a2cf | ITER: 1 END: OK
2019-07-08 19:28:42.007 5110 INFO rally.task.runner [-] Task 4b1d5022-84c6-435e-8f71-f9b49209a2cf | ITER: 6 START
2019-07-08 19:28:42.047 5111 INFO rally.task.runner [-] Task 4b1d5022-84c6-435e-8f71-f9b49209a2cf | ITER: 2 END: OK
2019-07-08 19:28:42.051 5111 INFO rally.task.runner [-] Task 4b1d5022-84c6-435e-8f71-f9b49209a2cf | ITER: 7 START
2019-07-08 19:28:42.124 5113 INFO rally.task.runner [-] Task 4b1d5022-84c6-435e-8f71-f9b49209a2cf | ITER: 4 END: OK
2019-07-08 19:28:42.130 5113 INFO rally.task.runner [-] Task 4b1d5022-84c6-435e-8f71-f9b49209a2cf | ITER: 8 START
2019-07-08 19:28:43.067 5110 INFO rally.task.runner [-] Task 4b1d5022-84c6-435e-8f71-f9b49209a2cf | ITER: 6 END: OK
2019-07-08 19:28:43.071 5110 INFO rally.task.runner [-] Task 4b1d5022-84c6-435e-8f71-f9b49209a2cf | ITER: 9 START
2019-07-08 19:28:43.103 5112 INFO rally.task.runner [-] Task 4b1d5022-84c6-435e-8f71-f9b49209a2cf | ITER: 5 END: OK
2019-07-08 19:28:43.108 5112 INFO rally.task.runner [-] Task 4b1d5022-84c6-435e-8f71-f9b49209a2cf | ITER: 10 START
2019-07-08 19:28:43.133 5111 INFO rally.task.runner [-] Task 4b1d5022-84c6-435e-8f71-f9b49209a2cf | ITER: 7 END: OK
2019-07-08 19:28:43.173 5113 INFO rally.task.runner [-] Task 4b1d5022-84c6-435e-8f71-f9b49209a2cf | ITER: 8 END: OK
2019-07-08 19:28:44.066 5110 INFO rally.task.runner [-] Task 4b1d5022-84c6-435e-8f71-f9b49209a2cf | ITER: 9 END: OK
2019-07-08 19:28:44.187 5112 INFO rally.task.runner [-] Task 4b1d5022-84c6-435e-8f71-f9b49209a2cf | ITER: 10 END: OK
2019-07-08 19:28:44.216 1842 INFO rally.task.context [-] Task 4b1d5022-84c6-435e-8f71-f9b49209a2cf | Context admin_cleanup@openstack cleanup() started
2019-07-08 19:28:44.218 1842 RALLYDEBUG rally_openstack.cleanup.manager [-] Cleaning up cinder volume_types objects
2019-07-08 19:28:44.968 1842 RALLYDEBUG rally_openstack.cleanup.manager [-] Cleaning up cinder image_volumes_cache objects
2019-07-08 19:28:46.379 1842 RALLYDEBUG rally_openstack.cleanup.manager [-] Cleaning up cinder quotas objects
2019-07-08 19:28:48.158 1842 RALLYDEBUG rally_openstack.cleanup.manager [-] Cleaning up cinder qos_specs objects
2019-07-08 19:28:48.912 1842 RALLYDEBUG rally_openstack.cleanup.manager [-] Deleting cinder.qos_specs object s_rally_f3db0f33_3Yfli5bH (de304185-bbf6-49d6-9eae-459f6ec64438)
2019-07-08 19:28:48.916 1842 RALLYDEBUG rally_openstack.cleanup.manager [-] Deleting cinder.qos_specs object s_rally_f3db0f33_FnuLIbNl (3e4d60f5-c865-4686-bd42-620279b6d4db)
2019-07-08 19:28:48.927 1842 RALLYDEBUG rally_openstack.cleanup.manager [-] Deleting cinder.qos_specs object s_rally_f3db0f33_mfOWLaOG (dd97b445-8620-483c-b828-f40d7a34045c)
2019-07-08 19:28:48.939 1842 RALLYDEBUG rally_openstack.cleanup.manager [-] Deleting cinder.qos_specs object s_rally_f3db0f33_jCLKG0ZE (4f0facec-e3de-4343-99b4-dbd320ca943f)
2019-07-08 19:28:48.946 1842 RALLYDEBUG rally_openstack.cleanup.manager [-] Deleting cinder.qos_specs object s_rally_f3db0f33_7NzYeMuV (d3d0b837-2776-482a-8d6c-49d4f04a4255)
2019-07-08 19:28:48.952 1842 RALLYDEBUG rally_openstack.cleanup.manager [-] Deleting cinder.qos_specs object s_rally_f3db0f33_un95U9wn (1174ec7f-7a5a-4ccf-9634-fc3b043def1c)
2019-07-08 19:28:48.960 1842 RALLYDEBUG rally_openstack.cleanup.manager [-] Deleting cinder.qos_specs object s_rally_f3db0f33_B7UsFj0x (c4faea87-ed69-43b8-b7b3-2cbe9a1e7bfc)
2019-07-08 19:28:48.972 1842 RALLYDEBUG rally_openstack.cleanup.manager [-] Deleting cinder.qos_specs object s_rally_f3db0f33_lUfBC7lp (5cbce119-7a44-4c59-bd0c-44fb37d430d5)
2019-07-08 19:28:48.980 1842 RALLYDEBUG rally_openstack.cleanup.manager [-] Deleting cinder.qos_specs object s_rally_f3db0f33_TAu4XYy7 (4d14b395-2139-4cb5-a09f-0605e903e3bb)
2019-07-08 19:28:49.006 1842 RALLYDEBUG rally_openstack.cleanup.manager [-] Deleting cinder.qos_specs object s_rally_f3db0f33_nuCcs8qA (2e2e2642-60c2-4c4a-a588-357b503a7c90)
2019-07-08 19:28:51.452 1842 INFO rally.task.context [-] Task 4b1d5022-84c6-435e-8f71-f9b49209a2cf | Context admin_cleanup@openstack cleanup() finished in 7.24 sec
2019-07-08 19:28:51.452 1842 INFO rally.task.context [-] Task 4b1d5022-84c6-435e-8f71-f9b49209a2cf | Context api_versions@openstack cleanup() started
2019-07-08 19:28:51.452 1842 INFO rally.task.context [-] Task 4b1d5022-84c6-435e-8f71-f9b49209a2cf | Context api_versions@openstack cleanup() finished in 0.31 msec
2019-07-08 19:28:51.453 1842 INFO rally.task.context [-] Task 4b1d5022-84c6-435e-8f71-f9b49209a2cf | Context users@openstack cleanup() started
2019-07-08 19:29:00.035 1842 INFO rally.task.context [-] Task 4b1d5022-84c6-435e-8f71-f9b49209a2cf | Context users@openstack cleanup() finished in 8.58 sec
2019-07-08 19:29:01.568 1842 INFO rally.task.engine [-] Load duration is: 3.294024
2019-07-08 19:29:01.568 1842 INFO rally.task.engine [-] Full runner duration is: 3.345919
2019-07-08 19:29:01.569 1842 INFO rally.task.engine [-] Full duration is: 24.597868
2019-07-08 19:29:01.809 1842 INFO rally.task.engine [-] Running workload: position = 0 config = { "version": 2, "title": "A cropped version of a bigger task.", "description": "Auto-generated task from a single workload (uuid=127b0610-8118-4e07-beff-1627747758a3)", "subtasks": [ { "title": "CinderQos.create_and_list_qos", "description": "Create a qos, then list all qos.", "scenario": { "CinderQos.create_and_list_qos": { "consumer": "both", "write_iops_sec": "10", "read_iops_sec": "1000" } }, "contexts": { "users": { "tenants": 3, "users_per_tenant": 2 }, "api_versions": { "cinder": { "version": 3, "service_type": "volumev3" } } }, "runner": { "constant": { "concurrency": 4, "times": 10 } }, "hooks": [], "sla": { "failure_rate": { "max": 0 } } } ] }
2019-07-08 19:29:01.831 1842 RALLYDEBUG rally_openstack.contexts.keystone.users [-] Creating 3 tenants using 20 threads
2019-07-08 19:29:03.724 1842 RALLYDEBUG rally_openstack.contexts.keystone.users [-] Creating 6 users using 20 threads
2019-07-08 19:29:06.507 1842 INFO rally.task.context [-] Task 4b1d5022-84c6-435e-8f71-f9b49209a2cf | Context users@openstack setup() finished in 4.68 sec
2019-07-08 19:29:06.943 1842 INFO rally.task.context [-] Task 4b1d5022-84c6-435e-8f71-f9b49209a2cf | Context api_versions@openstack setup() finished in 0.44 sec
2019-07-08 19:29:06.943 1842 INFO rally.task.context [-] Task 4b1d5022-84c6-435e-8f71-f9b49209a2cf | Context admin_cleanup@openstack setup() finished in 0.01 msec
2019-07-08 19:29:06.950 1842 RALLYDEBUG rally.task.runner [-] Starting the constant runner (task UUID: 4b1d5022-84c6-435e-8f71-f9b49209a2cf). timeout: 0 concurrency: 4 concurrency_per_worker: 1 times: 10 concurrency_overhead: 0 processes_to_start: 4 max_cpu_used: 16
2019-07-08 19:29:06.964 5294 RALLYDEBUG rally.task.runner [-] Starting a worker. concurrency: 1 args: {"consumer": "both", "write_iops_sec": "10", "read_iops_sec": "1000"} times: 10 method_name: run timeout: 0 duration: None cls:
2019-07-08 19:29:06.966 5295 RALLYDEBUG rally.task.runner [-] Starting a worker. concurrency: 1 args: {"consumer": "both", "write_iops_sec": "10", "read_iops_sec": "1000"} times: 10 method_name: run timeout: 0 duration: None cls:
2019-07-08 19:29:06.968 5296 RALLYDEBUG rally.task.runner [-] Starting a worker. concurrency: 1 args: {"consumer": "both", "write_iops_sec": "10", "read_iops_sec": "1000"} times: 10 method_name: run timeout: 0 duration: None cls:
2019-07-08 19:29:06.972 5297 RALLYDEBUG rally.task.runner [-] Starting a worker. concurrency: 1 args: {"consumer": "both", "write_iops_sec": "10", "read_iops_sec": "1000"} times: 10 method_name: run timeout: 0 duration: None cls:
2019-07-08 19:29:06.973 5294 INFO rally.task.runner [-] Task 4b1d5022-84c6-435e-8f71-f9b49209a2cf | ITER: 1 START
2019-07-08 19:29:06.974 5295 INFO rally.task.runner [-] Task 4b1d5022-84c6-435e-8f71-f9b49209a2cf | ITER: 2 START
2019-07-08 19:29:06.975 5296 INFO rally.task.runner [-] Task 4b1d5022-84c6-435e-8f71-f9b49209a2cf | ITER: 3 START
2019-07-08 19:29:06.980 5297 INFO rally.task.runner [-] Task 4b1d5022-84c6-435e-8f71-f9b49209a2cf | ITER: 4 START
2019-07-08 19:29:08.060 5296 INFO rally.task.runner [-] Task 4b1d5022-84c6-435e-8f71-f9b49209a2cf | ITER: 3 END: OK
2019-07-08 19:29:08.060 5297 INFO rally.task.runner [-] Task 4b1d5022-84c6-435e-8f71-f9b49209a2cf | ITER: 4 END: OK
2019-07-08 19:29:08.065 5296 INFO rally.task.runner [-] Task 4b1d5022-84c6-435e-8f71-f9b49209a2cf | ITER: 5 START
2019-07-08 19:29:08.065 5297 INFO rally.task.runner [-] Task 4b1d5022-84c6-435e-8f71-f9b49209a2cf | ITER: 6 START
2019-07-08 19:29:08.086 5294 INFO rally.task.runner [-] Task 4b1d5022-84c6-435e-8f71-f9b49209a2cf | ITER: 1 END: OK
2019-07-08 19:29:08.090 5294 INFO rally.task.runner [-] Task 4b1d5022-84c6-435e-8f71-f9b49209a2cf | ITER: 7 START
2019-07-08 19:29:08.127 5295 INFO rally.task.runner [-] Task 4b1d5022-84c6-435e-8f71-f9b49209a2cf | ITER: 2 END: OK
2019-07-08 19:29:08.132 5295 INFO rally.task.runner [-] Task 4b1d5022-84c6-435e-8f71-f9b49209a2cf | ITER: 8 START
2019-07-08 19:29:09.124 5296 INFO rally.task.runner [-] Task 4b1d5022-84c6-435e-8f71-f9b49209a2cf | ITER: 5 END: OK
2019-07-08 19:29:09.127 5297 INFO rally.task.runner [-] Task 4b1d5022-84c6-435e-8f71-f9b49209a2cf | ITER: 6 END: OK
2019-07-08 19:29:09.129 5296 INFO rally.task.runner [-] Task 4b1d5022-84c6-435e-8f71-f9b49209a2cf | ITER: 9 START
2019-07-08 19:29:09.131 5297 INFO rally.task.runner [-] Task 4b1d5022-84c6-435e-8f71-f9b49209a2cf | ITER: 10 START
2019-07-08 19:29:09.134 5294 INFO rally.task.runner [-] Task 4b1d5022-84c6-435e-8f71-f9b49209a2cf | ITER: 7 END: OK
2019-07-08 19:29:09.234 5295 INFO rally.task.runner [-] Task 4b1d5022-84c6-435e-8f71-f9b49209a2cf | ITER: 8 END: OK
2019-07-08 19:29:10.105 5296 INFO rally.task.runner [-] Task 4b1d5022-84c6-435e-8f71-f9b49209a2cf | ITER: 9 END: OK
2019-07-08 19:29:10.169 5297 INFO rally.task.runner [-] Task 4b1d5022-84c6-435e-8f71-f9b49209a2cf | ITER: 10 END: OK
2019-07-08 19:29:10.194 1842 INFO rally.task.context [-] Task 4b1d5022-84c6-435e-8f71-f9b49209a2cf | Context admin_cleanup@openstack cleanup() started
2019-07-08 19:29:10.196 1842 RALLYDEBUG rally_openstack.cleanup.manager [-] Cleaning up cinder volume_types objects
2019-07-08 19:29:10.976 1842 RALLYDEBUG rally_openstack.cleanup.manager [-] Cleaning up cinder image_volumes_cache objects
2019-07-08 19:29:12.377 1842 RALLYDEBUG rally_openstack.cleanup.manager [-] Cleaning up cinder quotas objects
2019-07-08 19:29:14.092 1842 RALLYDEBUG rally_openstack.cleanup.manager [-] Cleaning up cinder qos_specs objects
2019-07-08 19:29:14.744 1842 RALLYDEBUG rally_openstack.cleanup.manager [-] Deleting cinder.qos_specs object s_rally_127b0610_sTGK8YO0 (67f1ea70-6752-4a10-9e3b-650f812a26bf)
2019-07-08 19:29:14.755 1842 RALLYDEBUG rally_openstack.cleanup.manager [-] Deleting cinder.qos_specs object s_rally_127b0610_CSwCF61f (bf18b574-782f-4559-adc4-823b0479bfbc)
2019-07-08 19:29:14.755 1842 RALLYDEBUG rally_openstack.cleanup.manager [-] Deleting cinder.qos_specs object s_rally_127b0610_ibR6VFnZ (24ab9ec2-164c-4683-ba17-9a338fca8c57)
2019-07-08 19:29:14.763 1842 RALLYDEBUG rally_openstack.cleanup.manager [-] Deleting cinder.qos_specs object s_rally_127b0610_RiCuugMs (89625048-f873-42d3-ae58-b2b979768f23)
2019-07-08 19:29:14.778 1842 RALLYDEBUG rally_openstack.cleanup.manager [-] Deleting cinder.qos_specs object s_rally_127b0610_3y8QUeko (1a54ca3b-1e54-42d1-afdc-84115c530ce7)
2019-07-08 19:29:14.779 1842 RALLYDEBUG rally_openstack.cleanup.manager [-] Deleting cinder.qos_specs object s_rally_127b0610_vg4Z7Av5 (8253af2f-bfdd-4c89-88bf-8bc9094fab3d)
2019-07-08 19:29:14.791 1842 RALLYDEBUG rally_openstack.cleanup.manager [-] Deleting cinder.qos_specs object s_rally_127b0610_3OEmtK71 (f7a4abf9-f89e-4d18-ac33-78621512e317)
2019-07-08 19:29:14.821 1842 RALLYDEBUG rally_openstack.cleanup.manager [-] Deleting cinder.qos_specs object s_rally_127b0610_qi7W8Kp7 (c43f1cdf-33ab-4de5-be7e-b194329bcec8)
2019-07-08 19:29:14.841 1842 RALLYDEBUG rally_openstack.cleanup.manager [-] Deleting cinder.qos_specs object s_rally_127b0610_af06yOWF (88606721-34e1-40d6-9bb7-1a71f894ae15)
2019-07-08 19:29:14.841 1842 RALLYDEBUG rally_openstack.cleanup.manager [-] Deleting cinder.qos_specs object s_rally_127b0610_XanJehVO (3de98c10-bccc-42ac-beef-561f2f8ad289)
2019-07-08 19:29:17.167 1842 INFO rally.task.context [-] Task 4b1d5022-84c6-435e-8f71-f9b49209a2cf | Context admin_cleanup@openstack cleanup() finished in 6.97 sec
2019-07-08 19:29:17.168 1842 INFO rally.task.context [-] Task 4b1d5022-84c6-435e-8f71-f9b49209a2cf | Context api_versions@openstack cleanup() started
2019-07-08 19:29:17.168 1842 INFO rally.task.context [-] Task 4b1d5022-84c6-435e-8f71-f9b49209a2cf | Context api_versions@openstack cleanup() finished in 0.33 msec
2019-07-08 19:29:17.169 1842 INFO rally.task.context [-] Task 4b1d5022-84c6-435e-8f71-f9b49209a2cf | Context users@openstack cleanup() started
2019-07-08 19:29:25.490 1842 INFO rally.task.context [-] Task 4b1d5022-84c6-435e-8f71-f9b49209a2cf | Context users@openstack cleanup() finished in 8.32 sec
2019-07-08 19:29:25.941 1842 INFO rally.task.engine [-] Load duration is: 3.191356
2019-07-08 19:29:25.941 1842 INFO rally.task.engine [-] Full runner duration is: 3.244043
2019-07-08 19:29:25.942 1842 INFO rally.task.engine [-] Full duration is: 23.661653
2019-07-08 19:29:26.165 1842 INFO rally.task.engine [-] Running workload: position = 0 config = { "version": 2, "title": "A cropped version of a bigger task.", "description": "Auto-generated task from a single workload (uuid=94726a43-a963-43a6-9f23-5e2fa5379bda)", "subtasks": [ { "title": "CinderQos.create_and_set_qos", "description": "Create a qos, then Add/Update keys in qos specs.", "scenario": { "CinderQos.create_and_set_qos": { "consumer": "back-end", "write_iops_sec": "10", "read_iops_sec": "1000", "set_consumer": "both", "set_write_iops_sec": "11", "set_read_iops_sec": "1001" } }, "contexts": { "users": { "tenants": 3, "users_per_tenant": 2 }, "api_versions": { "cinder": { "version": 3, "service_type": "volumev3" } } }, "runner": { "constant": { "concurrency": 4, "times": 10 } }, "hooks": [], "sla": { "failure_rate": { "max": 0 } } } ] }
2019-07-08 19:29:26.188 1842 RALLYDEBUG rally_openstack.contexts.keystone.users [-] Creating 3 tenants using 20 threads
2019-07-08 19:29:28.052 1842 RALLYDEBUG rally_openstack.contexts.keystone.users [-] Creating 6 users using 20 threads
2019-07-08 19:29:30.999 1842 INFO rally.task.context [-] Task 4b1d5022-84c6-435e-8f71-f9b49209a2cf | Context users@openstack setup() finished in 4.81 sec
2019-07-08 19:29:31.420 1842 INFO rally.task.context [-] Task 4b1d5022-84c6-435e-8f71-f9b49209a2cf | Context api_versions@openstack setup() finished in 0.42 sec
2019-07-08 19:29:31.420 1842 INFO rally.task.context [-] Task 4b1d5022-84c6-435e-8f71-f9b49209a2cf | Context admin_cleanup@openstack setup() finished in 0.01 msec
2019-07-08 19:29:31.427 1842 RALLYDEBUG rally.task.runner [-] Starting the constant runner (task UUID: 4b1d5022-84c6-435e-8f71-f9b49209a2cf). timeout: 0 concurrency: 4 concurrency_per_worker: 1 times: 10 concurrency_overhead: 0 processes_to_start: 4 max_cpu_used: 16
2019-07-08 19:29:31.440 5478 RALLYDEBUG rally.task.runner [-] Starting a worker. concurrency: 1 args: {"consumer": "back-end", "write_iops_sec": "10", "read_iops_sec": "1000", "set_consumer": "both", "set_write_iops_sec": "11", "set_read_iops_sec": "1001"} times: 10 method_name: run timeout: 0 duration: None cls:
2019-07-08 19:29:31.442 5479 RALLYDEBUG rally.task.runner [-] Starting a worker. concurrency: 1 args: {"consumer": "back-end", "write_iops_sec": "10", "read_iops_sec": "1000", "set_consumer": "both", "set_write_iops_sec": "11", "set_read_iops_sec": "1001"} times: 10 method_name: run timeout: 0 duration: None cls:
2019-07-08 19:29:31.444 5480 RALLYDEBUG rally.task.runner [-] Starting a worker. concurrency: 1 args: {"consumer": "back-end", "write_iops_sec": "10", "read_iops_sec": "1000", "set_consumer": "both", "set_write_iops_sec": "11", "set_read_iops_sec": "1001"} times: 10 method_name: run timeout: 0 duration: None cls:
2019-07-08 19:29:31.448 5478 INFO rally.task.runner [-] Task 4b1d5022-84c6-435e-8f71-f9b49209a2cf | ITER: 1 START
2019-07-08 19:29:31.449 5479 INFO rally.task.runner [-] Task 4b1d5022-84c6-435e-8f71-f9b49209a2cf | ITER: 2 START
2019-07-08 19:29:31.449 5480 INFO rally.task.runner [-] Task 4b1d5022-84c6-435e-8f71-f9b49209a2cf | ITER: 3 START
2019-07-08 19:29:31.450 5481 RALLYDEBUG rally.task.runner [-] Starting a worker. concurrency: 1 args: {"consumer": "back-end", "write_iops_sec": "10", "read_iops_sec": "1000", "set_consumer": "both", "set_write_iops_sec": "11", "set_read_iops_sec": "1001"} times: 10 method_name: run timeout: 0 duration: None cls:
2019-07-08 19:29:31.457 5481 INFO rally.task.runner [-] Task 4b1d5022-84c6-435e-8f71-f9b49209a2cf | ITER: 4 START
2019-07-08 19:29:32.570 5481 INFO rally.task.runner [-] Task 4b1d5022-84c6-435e-8f71-f9b49209a2cf | ITER: 4 END: OK
2019-07-08 19:29:32.576 5481 INFO rally.task.runner [-] Task 4b1d5022-84c6-435e-8f71-f9b49209a2cf | ITER: 5 START
2019-07-08 19:29:32.586 5478 INFO rally.task.runner [-] Task 4b1d5022-84c6-435e-8f71-f9b49209a2cf | ITER: 1 END: OK
2019-07-08 19:29:32.592 5478 INFO rally.task.runner [-] Task 4b1d5022-84c6-435e-8f71-f9b49209a2cf | ITER: 6 START
2019-07-08 19:29:32.604 5479 INFO rally.task.runner [-] Task 4b1d5022-84c6-435e-8f71-f9b49209a2cf | ITER: 2 END: OK
2019-07-08 19:29:32.609 5479 INFO rally.task.runner [-] Task 4b1d5022-84c6-435e-8f71-f9b49209a2cf | ITER: 7 START
2019-07-08 19:29:32.623 5480 INFO rally.task.runner [-] Task 4b1d5022-84c6-435e-8f71-f9b49209a2cf | ITER: 3 END: OK
2019-07-08 19:29:32.628 5480 INFO rally.task.runner [-] Task 4b1d5022-84c6-435e-8f71-f9b49209a2cf | ITER: 8 START
2019-07-08 19:29:33.634 5479 INFO rally.task.runner [-] Task 4b1d5022-84c6-435e-8f71-f9b49209a2cf | ITER: 7 END: OK
2019-07-08 19:29:33.639 5479 INFO rally.task.runner [-] Task 4b1d5022-84c6-435e-8f71-f9b49209a2cf | ITER: 9 START
2019-07-08 19:29:33.706 5480 INFO rally.task.runner [-] Task 4b1d5022-84c6-435e-8f71-f9b49209a2cf | ITER: 8 END: OK
2019-07-08 19:29:33.710 5480 INFO rally.task.runner [-] Task 4b1d5022-84c6-435e-8f71-f9b49209a2cf | ITER: 10 START
2019-07-08 19:29:33.719 5478 INFO rally.task.runner [-] Task 4b1d5022-84c6-435e-8f71-f9b49209a2cf | ITER: 6 END: OK
2019-07-08 19:29:33.772 5481 INFO rally.task.runner [-] Task 4b1d5022-84c6-435e-8f71-f9b49209a2cf | ITER: 5 END: OK
2019-07-08 19:29:34.832 5480 INFO rally.task.runner [-] Task 4b1d5022-84c6-435e-8f71-f9b49209a2cf | ITER: 10 END: OK
2019-07-08 19:29:34.903 5479 INFO rally.task.runner [-] Task 4b1d5022-84c6-435e-8f71-f9b49209a2cf | ITER: 9 END: OK
2019-07-08 19:29:34.932 1842 INFO rally.task.context [-] Task 4b1d5022-84c6-435e-8f71-f9b49209a2cf | Context admin_cleanup@openstack cleanup() started
2019-07-08 19:29:34.934 1842 RALLYDEBUG rally_openstack.cleanup.manager [-] Cleaning up cinder volume_types objects
2019-07-08 19:29:35.613 1842 RALLYDEBUG rally_openstack.cleanup.manager [-] Cleaning up cinder image_volumes_cache objects
2019-07-08 19:29:36.897 1842 RALLYDEBUG rally_openstack.cleanup.manager [-] Cleaning up cinder quotas objects
2019-07-08 19:29:38.707 1842 RALLYDEBUG rally_openstack.cleanup.manager [-] Cleaning up cinder qos_specs objects
2019-07-08 19:29:39.550 1842 RALLYDEBUG rally_openstack.cleanup.manager [-] Deleting cinder.qos_specs object s_rally_94726a43_0cUJtFih (05b1ea70-03ff-4dea-9276-78eb15006705)
2019-07-08 19:29:39.556 1842 RALLYDEBUG rally_openstack.cleanup.manager [-] Deleting cinder.qos_specs object s_rally_94726a43_mGQZIW5S (02434b47-a987-47a9-a74a-579162d4aaa7)
2019-07-08 19:29:39.560 1842 RALLYDEBUG rally_openstack.cleanup.manager [-] Deleting cinder.qos_specs object s_rally_94726a43_upP0ADFe (f57587ee-f512-4390-aaaf-b500467751fd)
2019-07-08 19:29:39.574 1842 RALLYDEBUG rally_openstack.cleanup.manager [-] Deleting cinder.qos_specs object s_rally_94726a43_I82CYFTq (e3e1c3f7-1a50-4ec3-9e63-d369b524d376)
2019-07-08 19:29:39.574 1842 RALLYDEBUG rally_openstack.cleanup.manager [-] Deleting cinder.qos_specs object s_rally_94726a43_T1M8ujJW (e7c68d55-8fef-42bc-a54a-89fe304daa9c)
2019-07-08 19:29:39.595 1842 RALLYDEBUG rally_openstack.cleanup.manager [-] Deleting cinder.qos_specs object s_rally_94726a43_etbkeIhg (b3c0ca14-ec8e-41a8-9b36-6229f56a15dd)
2019-07-08 19:29:39.601 1842 RALLYDEBUG rally_openstack.cleanup.manager [-] Deleting cinder.qos_specs object s_rally_94726a43_NsRTumpD (8db71e15-a18b-4cda-acf2-201d5dcddfb4)
2019-07-08 19:29:39.601 1842 RALLYDEBUG rally_openstack.cleanup.manager [-] Deleting cinder.qos_specs object s_rally_94726a43_Fe49HSbO (a523a93d-eccf-4250-b8d4-3f2cf3fd2b7a)
2019-07-08 19:29:39.619 1842 RALLYDEBUG rally_openstack.cleanup.manager [-] Deleting cinder.qos_specs object s_rally_94726a43_5inRyH8G (39cf6341-842b-4db0-bc4c-013f8701efe7)
2019-07-08 19:29:39.635 1842 RALLYDEBUG rally_openstack.cleanup.manager [-] Deleting cinder.qos_specs object s_rally_94726a43_gqjrUJvj (541df24c-0d51-41bb-92d4-310f271540c0)
2019-07-08 19:29:42.018 1842 INFO rally.task.context [-] Task 4b1d5022-84c6-435e-8f71-f9b49209a2cf | Context admin_cleanup@openstack cleanup() finished in 7.09 sec
2019-07-08 19:29:42.019 1842 INFO rally.task.context [-] Task 4b1d5022-84c6-435e-8f71-f9b49209a2cf | Context api_versions@openstack cleanup() started
2019-07-08 19:29:42.019 1842 INFO rally.task.context [-] Task 4b1d5022-84c6-435e-8f71-f9b49209a2cf | Context api_versions@openstack cleanup() finished in 0.34 msec
2019-07-08 19:29:42.020 1842 INFO rally.task.context [-] Task 4b1d5022-84c6-435e-8f71-f9b49209a2cf | Context users@openstack cleanup() started
2019-07-08 19:29:50.311 1842 INFO rally.task.context [-] Task 4b1d5022-84c6-435e-8f71-f9b49209a2cf | Context users@openstack cleanup() finished in 8.29 sec
2019-07-08 19:29:52.305 1842 INFO rally.task.engine [-] Load duration is: 3.452298
2019-07-08 19:29:52.306 1842 INFO rally.task.engine [-] Full runner duration is: 3.504652
2019-07-08 19:29:52.306 1842 INFO rally.task.engine [-] Full duration is: 24.125033
2019-07-08 19:29:52.543 1842 INFO rally.task.engine [-] Running workload: position = 0 config = { "version": 2, "title": "A cropped version of a bigger task.", "description": "Auto-generated task from a single workload (uuid=ec0762eb-8ebd-4456-b402-9572a23d48f6)", "subtasks": [ { "title": "CinderVolumeTypes.create_and_get_volume_type", "description": "Create a volume Type, then get the details of the type.", "scenario": { "CinderVolumeTypes.create_and_get_volume_type": { "description": "rally tests creating types" } }, "contexts": { "users": { "tenants": 3, "users_per_tenant": 2 }, "api_versions": { "cinder": { "version": 3, "service_type": "volumev3" } } }, "runner": { "constant": { "concurrency": 4, "times": 10 } }, "hooks": [], "sla": { "failure_rate": { "max": 0 } } } ] }
2019-07-08 19:29:52.566 1842 RALLYDEBUG rally_openstack.contexts.keystone.users [-] Creating 3 tenants using 20 threads
2019-07-08 19:29:54.588 1842 RALLYDEBUG rally_openstack.contexts.keystone.users [-] Creating 6 users using 20 threads
2019-07-08 19:29:57.514 1842 INFO rally.task.context [-] Task 4b1d5022-84c6-435e-8f71-f9b49209a2cf | Context users@openstack setup() finished in 4.95 sec
2019-07-08 19:29:57.941 1842 INFO rally.task.context [-] Task 4b1d5022-84c6-435e-8f71-f9b49209a2cf | Context api_versions@openstack setup() finished in 0.43 sec
2019-07-08 19:29:57.942 1842 INFO rally.task.context [-] Task 4b1d5022-84c6-435e-8f71-f9b49209a2cf | Context admin_cleanup@openstack setup() finished in 0.01 msec
2019-07-08 19:29:57.949 1842 RALLYDEBUG rally.task.runner [-] Starting the constant runner (task UUID: 4b1d5022-84c6-435e-8f71-f9b49209a2cf). timeout: 0 concurrency: 4 concurrency_per_worker: 1 times: 10 concurrency_overhead: 0 processes_to_start: 4 max_cpu_used: 16
2019-07-08 19:29:57.962 5662 RALLYDEBUG rally.task.runner [-] Starting a worker. concurrency: 1 args: {"description": "rally tests creating types"} times: 10 method_name: run timeout: 0 duration: None cls:
2019-07-08 19:29:57.965 5663 RALLYDEBUG rally.task.runner [-] Starting a worker. concurrency: 1 args: {"description": "rally tests creating types"} times: 10 method_name: run timeout: 0 duration: None cls:
2019-07-08 19:29:57.968 5664 RALLYDEBUG rally.task.runner [-] Starting a worker. concurrency: 1 args: {"description": "rally tests creating types"} times: 10 method_name: run timeout: 0 duration: None cls:
2019-07-08 19:29:57.971 5662 INFO rally.task.runner [-] Task 4b1d5022-84c6-435e-8f71-f9b49209a2cf | ITER: 1 START
2019-07-08 19:29:57.971 5665 RALLYDEBUG rally.task.runner [-] Starting a worker. concurrency: 1 args: {"description": "rally tests creating types"} times: 10 method_name: run timeout: 0 duration: None cls:
2019-07-08 19:29:57.973 5663 INFO rally.task.runner [-] Task 4b1d5022-84c6-435e-8f71-f9b49209a2cf | ITER: 2 START
2019-07-08 19:29:57.976 5664 INFO rally.task.runner [-] Task 4b1d5022-84c6-435e-8f71-f9b49209a2cf | ITER: 3 START
2019-07-08 19:29:57.979 5665 INFO rally.task.runner [-] Task 4b1d5022-84c6-435e-8f71-f9b49209a2cf | ITER: 4 START
2019-07-08 19:29:59.029 5664 INFO rally.task.runner [-] Task 4b1d5022-84c6-435e-8f71-f9b49209a2cf | ITER: 3 END: OK
2019-07-08 19:29:59.035 5664 INFO rally.task.runner [-] Task 4b1d5022-84c6-435e-8f71-f9b49209a2cf | ITER: 5 START
2019-07-08 19:29:59.037 5662 INFO rally.task.runner [-] Task 4b1d5022-84c6-435e-8f71-f9b49209a2cf | ITER: 1 END: OK
2019-07-08 19:29:59.042 5662 INFO rally.task.runner [-] Task 4b1d5022-84c6-435e-8f71-f9b49209a2cf | ITER: 6 START
2019-07-08 19:29:59.052 5663 INFO rally.task.runner [-] Task 4b1d5022-84c6-435e-8f71-f9b49209a2cf | ITER: 2 END: OK
2019-07-08 19:29:59.054 5665 INFO rally.task.runner [-] Task 4b1d5022-84c6-435e-8f71-f9b49209a2cf | ITER: 4 END: OK
2019-07-08 19:29:59.058 5663 INFO rally.task.runner [-] Task 4b1d5022-84c6-435e-8f71-f9b49209a2cf | ITER: 7 START
2019-07-08 19:29:59.059 5665 INFO rally.task.runner [-] Task 4b1d5022-84c6-435e-8f71-f9b49209a2cf | ITER: 8 START
2019-07-08 19:30:00.063 5663 INFO rally.task.runner [-] Task 4b1d5022-84c6-435e-8f71-f9b49209a2cf | ITER: 7 END: OK
2019-07-08 19:30:00.067 5663 INFO rally.task.runner [-] Task 4b1d5022-84c6-435e-8f71-f9b49209a2cf | ITER: 9 START
2019-07-08 19:30:00.071 5662 INFO rally.task.runner [-] Task 4b1d5022-84c6-435e-8f71-f9b49209a2cf | ITER: 6 END: OK
2019-07-08 19:30:00.076 5662 INFO rally.task.runner [-] Task 4b1d5022-84c6-435e-8f71-f9b49209a2cf | ITER: 10 START
2019-07-08 19:30:00.102 5665 INFO rally.task.runner [-] Task 4b1d5022-84c6-435e-8f71-f9b49209a2cf | ITER: 8 END: OK
