2019-07-08 19:21:07.927 3661 INFO rally.task.runner [-] Task 4b1d5022-84c6-435e-8f71-f9b49209a2cf | ITER: 5 END: OK
2019-07-08 19:21:07.931 3661 INFO rally.task.runner [-] Task 4b1d5022-84c6-435e-8f71-f9b49209a2cf | ITER: 10 START
2019-07-08 19:21:07.972 3659 INFO rally.task.runner [-] Task 4b1d5022-84c6-435e-8f71-f9b49209a2cf | ITER: 6 END: OK
2019-07-08 19:21:08.017 3658 INFO rally.task.runner [-] Task 4b1d5022-84c6-435e-8f71-f9b49209a2cf | ITER: 7 END: OK
2019-07-08 19:21:11.610 3660 INFO rally.task.runner [-] Task 4b1d5022-84c6-435e-8f71-f9b49209a2cf | ITER: 9 END: OK
2019-07-08 19:21:11.668 3661 INFO rally.task.runner [-] Task 4b1d5022-84c6-435e-8f71-f9b49209a2cf | ITER: 10 END: OK
2019-07-08 19:21:11.698 1842 INFO rally.task.context [-] Task 4b1d5022-84c6-435e-8f71-f9b49209a2cf | Context cleanup@openstack cleanup() started
2019-07-08 19:21:11.701 1842 RALLYDEBUG rally_openstack.cleanup.manager [-] Cleaning up cinder backups objects
2019-07-08 19:21:13.935 1842 RALLYDEBUG rally_openstack.cleanup.manager [-] Cleaning up cinder volume_snapshots objects
2019-07-08 19:21:15.978 1842 RALLYDEBUG rally_openstack.cleanup.manager [-] Cleaning up cinder transfers objects
2019-07-08 19:21:18.187 1842 RALLYDEBUG rally_openstack.cleanup.manager [-] Cleaning up cinder volumes objects
2019-07-08 19:21:20.416 1842 RALLYDEBUG rally_openstack.cleanup.manager [-] Deleting cinder.volumes object s_rally_0f9c2ad9_ZjiImGvZ (1175d08b-4b82-4f2f-842c-e0747ce0a0f5)
2019-07-08 19:21:20.417 1842 RALLYDEBUG rally_openstack.cleanup.manager [-] Deleting cinder.volumes object s_rally_0f9c2ad9_KXfB8xnU (55b2c033-e8ce-466f-a577-1493f28d215e)
2019-07-08 19:21:20.417 1842 RALLYDEBUG rally_openstack.cleanup.manager [-] Deleting cinder.volumes object s_rally_0f9c2ad9_GbHBpGgb (0e44dcaa-cd1a-4e71-b191-30ed12ab0078)
2019-07-08 19:21:20.417 1842 RALLYDEBUG rally_openstack.cleanup.manager [-] Deleting cinder.volumes object s_rally_0f9c2ad9_7sbOIYKe (c9247144-b954-4d49-9252-fdfa346bc2e6)
2019-07-08 19:21:20.418 1842 RALLYDEBUG rally_openstack.cleanup.manager [-] Deleting cinder.volumes object s_rally_0f9c2ad9_Cq8d4rSk (bf9c6f08-2d4d-4815-8fa1-956456421b13)
2019-07-08 19:21:20.423 1842 RALLYDEBUG rally_openstack.cleanup.manager [-] Deleting cinder.volumes object s_rally_0f9c2ad9_ooERackP (79269240-8521-4314-ba59-8207372ac069)
2019-07-08 19:21:20.425 1842 RALLYDEBUG rally_openstack.cleanup.manager [-] Deleting cinder.volumes object s_rally_0f9c2ad9_3I9eGjfA (51d6c688-e318-4afe-8eb8-d666406c1981)
2019-07-08 19:21:20.428 1842 RALLYDEBUG rally_openstack.cleanup.manager [-] Deleting cinder.volumes object s_rally_0f9c2ad9_a8fjzJnI (e917e551-9432-4320-b868-36c9a58652e5)
2019-07-08 19:21:20.428 1842 RALLYDEBUG rally_openstack.cleanup.manager [-] Deleting cinder.volumes object s_rally_0f9c2ad9_nU3vA20a (7d7feccd-7d81-4f8b-8f77-26133454aea3)
2019-07-08 19:21:20.429 1842 RALLYDEBUG rally_openstack.cleanup.manager [-] Deleting cinder.volumes object s_rally_0f9c2ad9_dVe8tmR5 (62578a6c-7971-4903-a587-6d6b23f37675)
2019-07-08 19:21:24.532 1842 INFO rally.task.context [-] Task 4b1d5022-84c6-435e-8f71-f9b49209a2cf | Context cleanup@openstack cleanup() finished in 12.83 sec
2019-07-08 19:21:24.533 1842 INFO rally.task.context [-] Task 4b1d5022-84c6-435e-8f71-f9b49209a2cf | Context quotas@openstack cleanup() started
2019-07-08 19:21:25.320 1842 INFO rally.task.context [-] Task 4b1d5022-84c6-435e-8f71-f9b49209a2cf | Context quotas@openstack cleanup() finished in 0.79 sec
2019-07-08 19:21:25.320 1842 INFO rally.task.context [-] Task 4b1d5022-84c6-435e-8f71-f9b49209a2cf | Context api_versions@openstack cleanup() started
2019-07-08 19:21:25.320 1842 INFO rally.task.context [-] Task 4b1d5022-84c6-435e-8f71-f9b49209a2cf | Context api_versions@openstack cleanup() finished in 0.32 msec
2019-07-08 19:21:25.321 1842 INFO rally.task.context [-] Task 4b1d5022-84c6-435e-8f71-f9b49209a2cf | Context users@openstack cleanup() started
2019-07-08 19:21:33.478 1842 INFO rally.task.context [-] Task 4b1d5022-84c6-435e-8f71-f9b49209a2cf | Context users@openstack cleanup() finished in 8.16 sec
2019-07-08 19:21:33.705 1842 INFO rally.task.engine [-] Load duration is: 11.219236
2019-07-08 19:21:33.706 1842 INFO rally.task.engine [-] Full runner duration is: 11.274397
2019-07-08 19:21:33.706 1842 INFO rally.task.engine [-] Full duration is: 39.94391
2019-07-08 19:21:33.970 1842 INFO rally.task.engine [-] Running workload: position = 0 config = { "version": 2, "title": "A cropped version of a bigger task.", "description": "Auto-generated task from a single workload (uuid=0ffa037d-a96f-4971-9827-3bf5fe968c11)", "subtasks": [ { "title": "CinderVolumes.list_volumes", "description": "List all volumes.", "scenario": { "CinderVolumes.list_volumes": { "detailed": true } }, "contexts": { "users": { "tenants": 3, "users_per_tenant": 2 }, "quotas": { "cinder": { "gigabytes": -1, "snapshots": -1, "volumes": -1 } }, "api_versions": { "cinder": { "version": 3, "service_type": "volumev3" } }, "volumes": { "size": 1, "volumes_per_tenant": 4 } }, "runner": { "constant": { "concurrency": 4, "times": 10 } }, "hooks": [], "sla": { "failure_rate": { "max": 0 } } } ] }
2019-07-08 19:21:33.994 1842 RALLYDEBUG rally_openstack.contexts.keystone.users [-] Creating 3 tenants using 20 threads
2019-07-08 19:21:35.873 1842 RALLYDEBUG rally_openstack.contexts.keystone.users [-] Creating 6 users using 20 threads
2019-07-08 19:21:38.877 1842 INFO rally.task.context [-] Task 4b1d5022-84c6-435e-8f71-f9b49209a2cf | Context users@openstack setup() finished in 4.88 sec
2019-07-08 19:21:39.312 1842 INFO rally.task.context [-] Task 4b1d5022-84c6-435e-8f71-f9b49209a2cf | Context api_versions@openstack setup() finished in 0.44 sec
2019-07-08 19:21:41.092 1842 INFO rally.task.context [-] Task 4b1d5022-84c6-435e-8f71-f9b49209a2cf | Context quotas@openstack setup() finished in 1.78 sec
2019-07-08 19:22:20.228 1842 INFO rally.task.context [-] Task 4b1d5022-84c6-435e-8f71-f9b49209a2cf | Context volumes@openstack setup() finished in 39.14 sec
2019-07-08 19:22:20.236 1842 RALLYDEBUG rally.task.runner [-] Starting the constant runner (task UUID: 4b1d5022-84c6-435e-8f71-f9b49209a2cf). timeout: 0 concurrency: 4 concurrency_per_worker: 1 times: 10 concurrency_overhead: 0 processes_to_start: 4 max_cpu_used: 16
2019-07-08 19:22:20.249 3842 RALLYDEBUG rally.task.runner [-] Starting a worker. concurrency: 1 args: {"detailed": true} times: 10 method_name: run timeout: 0 duration: None cls:
2019-07-08 19:22:20.253 3843 RALLYDEBUG rally.task.runner [-] Starting a worker. concurrency: 1 args: {"detailed": true} times: 10 method_name: run timeout: 0 duration: None cls:
2019-07-08 19:22:20.255 3844 RALLYDEBUG rally.task.runner [-] Starting a worker. concurrency: 1 args: {"detailed": true} times: 10 method_name: run timeout: 0 duration: None cls:
2019-07-08 19:22:20.257 3842 INFO rally.task.runner [-] Task 4b1d5022-84c6-435e-8f71-f9b49209a2cf | ITER: 1 START
2019-07-08 19:22:20.259 3845 RALLYDEBUG rally.task.runner [-] Starting a worker. concurrency: 1 args: {"detailed": true} times: 10 method_name: run timeout: 0 duration: None cls:
2019-07-08 19:22:20.262 3844 INFO rally.task.runner [-] Task 4b1d5022-84c6-435e-8f71-f9b49209a2cf | ITER: 3 START
2019-07-08 19:22:20.263 3843 INFO rally.task.runner [-] Task 4b1d5022-84c6-435e-8f71-f9b49209a2cf | ITER: 2 START
2019-07-08 19:22:20.267 3845 INFO rally.task.runner [-] Task 4b1d5022-84c6-435e-8f71-f9b49209a2cf | ITER: 4 START
2019-07-08 19:22:21.051 3843 INFO rally.task.runner [-] Task 4b1d5022-84c6-435e-8f71-f9b49209a2cf | ITER: 2 END: OK
2019-07-08 19:22:21.051 3844 INFO rally.task.runner [-] Task 4b1d5022-84c6-435e-8f71-f9b49209a2cf | ITER: 3 END: OK
2019-07-08 19:22:21.056 3843 INFO rally.task.runner [-] Task 4b1d5022-84c6-435e-8f71-f9b49209a2cf | ITER: 5 START
2019-07-08 19:22:21.057 3845 INFO rally.task.runner [-] Task 4b1d5022-84c6-435e-8f71-f9b49209a2cf | ITER: 4 END: OK
2019-07-08 19:22:21.057 3844 INFO rally.task.runner [-] Task 4b1d5022-84c6-435e-8f71-f9b49209a2cf | ITER: 6 START
2019-07-08 19:22:21.063 3845 INFO rally.task.runner [-] Task 4b1d5022-84c6-435e-8f71-f9b49209a2cf | ITER: 7 START
2019-07-08 19:22:21.071 3842 INFO rally.task.runner [-] Task 4b1d5022-84c6-435e-8f71-f9b49209a2cf | ITER: 1 END: OK
2019-07-08 19:22:21.076 3842 INFO rally.task.runner [-] Task 4b1d5022-84c6-435e-8f71-f9b49209a2cf | ITER: 8 START
2019-07-08 19:22:21.786 3844 INFO rally.task.runner [-] Task 4b1d5022-84c6-435e-8f71-f9b49209a2cf | ITER: 6 END: OK
2019-07-08 19:22:21.791 3844 INFO rally.task.runner [-] Task 4b1d5022-84c6-435e-8f71-f9b49209a2cf | ITER: 9 START
2019-07-08 19:22:21.855 3843 INFO rally.task.runner [-] Task 4b1d5022-84c6-435e-8f71-f9b49209a2cf | ITER: 5 END: OK
2019-07-08 19:22:21.860 3843 INFO rally.task.runner [-] Task 4b1d5022-84c6-435e-8f71-f9b49209a2cf | ITER: 10 START
2019-07-08 19:22:21.870 3845 INFO rally.task.runner [-] Task 4b1d5022-84c6-435e-8f71-f9b49209a2cf | ITER: 7 END: OK
2019-07-08 19:22:21.991 3842 INFO rally.task.runner [-] Task 4b1d5022-84c6-435e-8f71-f9b49209a2cf | ITER: 8 END: OK
2019-07-08 19:22:22.591 3844 INFO rally.task.runner [-] Task 4b1d5022-84c6-435e-8f71-f9b49209a2cf | ITER: 9 END: OK
2019-07-08 19:22:22.667 3843 INFO rally.task.runner [-] Task 4b1d5022-84c6-435e-8f71-f9b49209a2cf | ITER: 10 END: OK
2019-07-08 19:22:22.693 1842 INFO rally.task.context [-] Task 4b1d5022-84c6-435e-8f71-f9b49209a2cf | Context volumes@openstack cleanup() started
2019-07-08 19:22:22.694 1842 RALLYDEBUG rally_openstack.cleanup.manager [-] Cleaning up cinder volumes objects
2019-07-08 19:22:25.021 1842 RALLYDEBUG rally_openstack.cleanup.manager [-] Deleting cinder.volumes object c_rally_0ffa037d_rYwhKeWf (91d99a26-9604-44a8-91de-c4de1a3e6f88)
2019-07-08 19:22:25.025 1842 RALLYDEBUG rally_openstack.cleanup.manager [-] Deleting cinder.volumes object c_rally_0ffa037d_lwvE94X0 (01f84c8c-68c4-4748-a5af-2d03f49f2c1e)
2019-07-08 19:22:25.025 1842 RALLYDEBUG rally_openstack.cleanup.manager [-] Deleting cinder.volumes object c_rally_0ffa037d_ukgvEy5P (cc0c1714-c1f4-4e00-b974-4c3511cbe79a)
2019-07-08 19:22:25.032 1842 RALLYDEBUG rally_openstack.cleanup.manager [-] Deleting cinder.volumes object c_rally_0ffa037d_YwPPdiTs (b6e20a8a-e5fa-46c8-a675-7539f32e6317)
2019-07-08 19:22:25.034 1842 RALLYDEBUG rally_openstack.cleanup.manager [-] Deleting cinder.volumes object c_rally_0ffa037d_IIZTARmz (5cc95609-6f09-45ca-8d2b-58cf004edf31)
2019-07-08 19:22:25.039 1842 RALLYDEBUG rally_openstack.cleanup.manager [-] Deleting cinder.volumes object c_rally_0ffa037d_kfTxCvGj (b34707e2-dff5-485a-904d-34525a97338c)
2019-07-08 19:22:25.048 1842 RALLYDEBUG rally_openstack.cleanup.manager [-] Deleting cinder.volumes object c_rally_0ffa037d_BYgGo7oJ (9635c41d-a848-4e84-ba98-4bbfdd2457b9)
2019-07-08 19:22:25.056 1842 RALLYDEBUG rally_openstack.cleanup.manager [-] Deleting cinder.volumes object c_rally_0ffa037d_Jmzgq5wH (a97c6f2b-0255-43c1-b905-1be6a33cd8b6)
2019-07-08 19:22:25.062 1842 RALLYDEBUG rally_openstack.cleanup.manager [-] Deleting cinder.volumes object c_rally_0ffa037d_LnnYMOsy (bfdc00fc-ae77-4b9e-abaf-acb537669359)
2019-07-08 19:22:25.073 1842 RALLYDEBUG rally_openstack.cleanup.manager [-] Deleting cinder.volumes object c_rally_0ffa037d_GHf8V1rH (06e768a3-d4ef-45e9-abd8-e624e9aca342)
2019-07-08 19:22:25.077 1842 RALLYDEBUG rally_openstack.cleanup.manager [-] Deleting cinder.volumes object c_rally_0ffa037d_Iua1HxdP (d1455b96-d0d9-4913-ab16-7444bffe958f)
2019-07-08 19:22:25.091 1842 RALLYDEBUG rally_openstack.cleanup.manager [-] Deleting cinder.volumes object c_rally_0ffa037d_9rOj6MUR (c827f524-fa71-4334-9067-18bdee92b8fa)
2019-07-08 19:22:30.381 1842 INFO rally.task.context [-] Task 4b1d5022-84c6-435e-8f71-f9b49209a2cf | Context volumes@openstack cleanup() finished in 7.69 sec
2019-07-08 19:22:30.382 1842 INFO rally.task.context [-] Task 4b1d5022-84c6-435e-8f71-f9b49209a2cf | Context quotas@openstack cleanup() started
2019-07-08 19:22:31.206 1842 INFO rally.task.context [-] Task 4b1d5022-84c6-435e-8f71-f9b49209a2cf | Context quotas@openstack cleanup() finished in 0.82 sec
2019-07-08 19:22:31.206 1842 INFO rally.task.context [-] Task 4b1d5022-84c6-435e-8f71-f9b49209a2cf | Context api_versions@openstack cleanup() started
2019-07-08 19:22:31.206 1842 INFO rally.task.context [-] Task 4b1d5022-84c6-435e-8f71-f9b49209a2cf | Context api_versions@openstack cleanup() finished in 0.30 msec
2019-07-08 19:22:31.207 1842 INFO rally.task.context [-] Task 4b1d5022-84c6-435e-8f71-f9b49209a2cf | Context users@openstack cleanup() started
2019-07-08 19:22:39.807 1842 INFO rally.task.context [-] Task 4b1d5022-84c6-435e-8f71-f9b49209a2cf | Context users@openstack cleanup() finished in 8.60 sec
2019-07-08 19:22:40.290 1842 INFO rally.task.engine [-] Load duration is: 2.4058
2019-07-08 19:22:40.290 1842 INFO rally.task.engine [-] Full runner duration is: 2.458226
2019-07-08 19:22:40.290 1842 INFO rally.task.engine [-] Full duration is: 65.817569
2019-07-08 19:22:40.538 1842 INFO rally.task.engine [-] Running workload: position = 0 config = { "version": 2, "title": "A cropped version of a bigger task.", "description": "Auto-generated task from a single workload (uuid=8a4d119a-3b51-4804-a3fb-8f92448f0bc9)", "subtasks": [ { "title": "CinderVolumes.create_and_delete_snapshot", "description": "Create and then delete a volume-snapshot.", "scenario": { "CinderVolumes.create_and_delete_snapshot": { "force": false } }, "contexts": { "users": { "tenants": 3, "users_per_tenant": 2 }, "quotas": { "cinder": { "gigabytes": -1, "snapshots": -1, "volumes": -1 } }, "api_versions": { "cinder": { "version": 3, "service_type": "volumev3" } }, "volumes": { "size": 1, "volumes_per_tenant": 1 } }, "runner": { "constant": { "concurrency": 4, "times": 10 } }, "hooks": [], "sla": { "failure_rate": { "max": 0 } } } ] }
2019-07-08 19:22:40.562 1842 RALLYDEBUG rally_openstack.contexts.keystone.users [-] Creating 3 tenants using 20 threads
2019-07-08 19:22:42.622 1842 RALLYDEBUG rally_openstack.contexts.keystone.users [-] Creating 6 users using 20 threads
2019-07-08 19:22:45.371 1842 INFO rally.task.context [-] Task 4b1d5022-84c6-435e-8f71-f9b49209a2cf | Context users@openstack setup() finished in 4.81 sec
2019-07-08 19:22:45.798 1842 INFO rally.task.context [-] Task 4b1d5022-84c6-435e-8f71-f9b49209a2cf | Context api_versions@openstack setup() finished in 0.43 sec
2019-07-08 19:22:47.553 1842 INFO rally.task.context [-] Task 4b1d5022-84c6-435e-8f71-f9b49209a2cf | Context quotas@openstack setup() finished in 1.75 sec
2019-07-08 19:22:58.670 1842 INFO rally.task.context [-] Task 4b1d5022-84c6-435e-8f71-f9b49209a2cf | Context volumes@openstack setup() finished in 11.12 sec
2019-07-08 19:22:58.671 1842 INFO rally.task.context [-] Task 4b1d5022-84c6-435e-8f71-f9b49209a2cf | Context cleanup@openstack setup() finished in 0.01 msec
2019-07-08 19:22:58.678 1842 RALLYDEBUG rally.task.runner [-] Starting the constant runner (task UUID: 4b1d5022-84c6-435e-8f71-f9b49209a2cf). timeout: 0 concurrency: 4 concurrency_per_worker: 1 times: 10 concurrency_overhead: 0 processes_to_start: 4 max_cpu_used: 16
2019-07-08 19:22:58.691 3966 RALLYDEBUG rally.task.runner [-] Starting a worker. concurrency: 1 args: {"force": false} times: 10 method_name: run timeout: 0 duration: None cls:
2019-07-08 19:22:58.694 3967 RALLYDEBUG rally.task.runner [-] Starting a worker. concurrency: 1 args: {"force": false} times: 10 method_name: run timeout: 0 duration: None cls:
2019-07-08 19:22:58.696 3968 RALLYDEBUG rally.task.runner [-] Starting a worker. concurrency: 1 args: {"force": false} times: 10 method_name: run timeout: 0 duration: None cls:
2019-07-08 19:22:58.699 3966 INFO rally.task.runner [-] Task 4b1d5022-84c6-435e-8f71-f9b49209a2cf | ITER: 1 START
2019-07-08 19:22:58.700 3969 RALLYDEBUG rally.task.runner [-] Starting a worker. concurrency: 1 args: {"force": false} times: 10 method_name: run timeout: 0 duration: None cls:
2019-07-08 19:22:58.701 3967 INFO rally.task.runner [-] Task 4b1d5022-84c6-435e-8f71-f9b49209a2cf | ITER: 2 START
2019-07-08 19:22:58.704 3968 INFO rally.task.runner [-] Task 4b1d5022-84c6-435e-8f71-f9b49209a2cf | ITER: 3 START
2019-07-08 19:22:58.708 3969 INFO rally.task.runner [-] Task 4b1d5022-84c6-435e-8f71-f9b49209a2cf | ITER: 4 START
2019-07-08 19:23:02.813 3967 RALLYDEBUG rally.task.utils [-] Waiting for resource s_rally_8a4d119a_ChIvTYXi. Status changed: AVAILABLE => DELETING in 0.0275959968567
2019-07-08 19:23:02.867 3969 RALLYDEBUG rally.task.utils [-] Waiting for resource s_rally_8a4d119a_5Vdzr5GR. Status changed: AVAILABLE => DELETING in 0.314829826355
2019-07-08 19:23:02.896 3966 RALLYDEBUG rally.task.utils [-] Waiting for resource s_rally_8a4d119a_xM1zAi8c. Status changed: AVAILABLE => DELETING in 0.326406002045
2019-07-08 19:23:02.930 3968 RALLYDEBUG rally.task.utils [-] Waiting for resource s_rally_8a4d119a_5ogGcZ4i. Status changed: AVAILABLE => DELETING in 0.324817180634
2019-07-08 19:23:04.892 3969 INFO rally.task.runner [-] Task 4b1d5022-84c6-435e-8f71-f9b49209a2cf | ITER: 4 END: OK
2019-07-08 19:23:04.898 3969 INFO rally.task.runner [-] Task 4b1d5022-84c6-435e-8f71-f9b49209a2cf | ITER: 5 START
2019-07-08 19:23:05.036 3967 INFO rally.task.runner [-] Task 4b1d5022-84c6-435e-8f71-f9b49209a2cf | ITER: 2 END: OK
2019-07-08 19:23:05.042 3967 INFO rally.task.runner [-] Task 4b1d5022-84c6-435e-8f71-f9b49209a2cf | ITER: 6 START
2019-07-08 19:23:05.150 3968 INFO rally.task.runner [-] Task 4b1d5022-84c6-435e-8f71-f9b49209a2cf | ITER: 3 END: OK
2019-07-08 19:23:05.156 3968 INFO rally.task.runner [-] Task 4b1d5022-84c6-435e-8f71-f9b49209a2cf | ITER: 7 START
2019-07-08 19:23:05.205 3966 INFO rally.task.runner [-] Task 4b1d5022-84c6-435e-8f71-f9b49209a2cf | ITER: 1 END: OK
2019-07-08 19:23:05.211 3966 INFO rally.task.runner [-] Task 4b1d5022-84c6-435e-8f71-f9b49209a2cf | ITER: 8 START
2019-07-08 19:23:09.042 3969 RALLYDEBUG rally.task.utils [-] Waiting for resource s_rally_8a4d119a_TMSCfuKF. Status changed: AVAILABLE => DELETING in 0.310497999191
2019-07-08 19:23:09.059 3967 RALLYDEBUG rally.task.utils [-] Waiting for resource s_rally_8a4d119a_Am7abiFO. Status changed: AVAILABLE => DELETING in 0.364260196686
2019-07-08 19:23:09.347 3966 RALLYDEBUG rally.task.utils [-] Waiting for resource s_rally_8a4d119a_VcrGingD. Status changed: AVAILABLE => DELETING in 0.23265504837
2019-07-08 19:23:09.510 3968 RALLYDEBUG rally.task.utils [-] Waiting for resource s_rally_8a4d119a_P6qhK1Cd. Status changed: AVAILABLE => DELETING in 0.234142065048
2019-07-08 19:23:11.285 3967 INFO rally.task.runner [-] Task 4b1d5022-84c6-435e-8f71-f9b49209a2cf | ITER: 6 END: OK
2019-07-08 19:23:11.290 3967 INFO rally.task.runner [-] Task 4b1d5022-84c6-435e-8f71-f9b49209a2cf | ITER: 9 START
2019-07-08 19:23:11.371 3969 INFO rally.task.runner [-] Task 4b1d5022-84c6-435e-8f71-f9b49209a2cf | ITER: 5 END: OK
2019-07-08 19:23:11.375 3969 INFO rally.task.runner [-] Task 4b1d5022-84c6-435e-8f71-f9b49209a2cf | ITER: 10 START
2019-07-08 19:23:11.657 3966 INFO rally.task.runner [-] Task 4b1d5022-84c6-435e-8f71-f9b49209a2cf | ITER: 8 END: OK
2019-07-08 19:23:11.738 3968 INFO rally.task.runner [-] Task 4b1d5022-84c6-435e-8f71-f9b49209a2cf | ITER: 7 END: OK
2019-07-08 19:23:15.234 3969 RALLYDEBUG rally.task.utils [-] Waiting for resource s_rally_8a4d119a_vwq500ba. Status changed: AVAILABLE => DELETING in 0.233479976654
2019-07-08 19:23:15.457 3967 RALLYDEBUG rally.task.utils [-] Waiting for resource s_rally_8a4d119a_SVnrRWTJ. Status changed: AVAILABLE => DELETING in 0.300887107849
2019-07-08 19:23:17.550 3969 INFO rally.task.runner [-] Task 4b1d5022-84c6-435e-8f71-f9b49209a2cf | ITER: 10 END: OK
2019-07-08 19:23:17.774 3967 INFO rally.task.runner [-] Task 4b1d5022-84c6-435e-8f71-f9b49209a2cf | ITER: 9 END: OK
2019-07-08 19:23:17.798 1842 INFO rally.task.context [-] Task 4b1d5022-84c6-435e-8f71-f9b49209a2cf | Context cleanup@openstack cleanup() started
2019-07-08 19:23:17.802 1842 RALLYDEBUG rally_openstack.cleanup.manager [-] Cleaning up cinder backups objects
2019-07-08 19:23:19.909 1842 RALLYDEBUG rally_openstack.cleanup.manager [-] Cleaning up cinder volume_snapshots objects
2019-07-08 19:23:21.986 1842 RALLYDEBUG rally_openstack.cleanup.manager [-] Cleaning up cinder transfers objects
2019-07-08 19:23:24.126 1842 RALLYDEBUG rally_openstack.cleanup.manager [-] Cleaning up cinder volumes objects
2019-07-08 19:23:26.400 1842 INFO rally.task.context [-] Task 4b1d5022-84c6-435e-8f71-f9b49209a2cf | Context cleanup@openstack cleanup() finished in 8.60 sec
2019-07-08 19:23:26.401 1842 INFO rally.task.context [-] Task 4b1d5022-84c6-435e-8f71-f9b49209a2cf | Context volumes@openstack cleanup() started
2019-07-08 19:23:26.401 1842 RALLYDEBUG rally_openstack.cleanup.manager [-] Cleaning up cinder volumes objects
2019-07-08 19:23:28.627 1842 RALLYDEBUG rally_openstack.cleanup.manager [-] Deleting cinder.volumes object c_rally_8a4d119a_gfubLgz9 (3919c1fd-6ae0-4c8d-8bea-5bf21e25126e)
2019-07-08 19:23:28.631 1842 RALLYDEBUG rally_openstack.cleanup.manager [-] Deleting cinder.volumes object c_rally_8a4d119a_IcLN7QFw (34a3a654-b41d-475a-a2a5-aa65485e3846)
2019-07-08 19:23:28.634 1842 RALLYDEBUG rally_openstack.cleanup.manager [-] Deleting cinder.volumes object c_rally_8a4d119a_idNbqXRQ (8857cae1-d56a-42fe-96d1-c865a99cfa60)
2019-07-08 19:23:32.209 1842 INFO rally.task.context [-] Task 4b1d5022-84c6-435e-8f71-f9b49209a2cf | Context volumes@openstack cleanup() finished in 5.81 sec
2019-07-08 19:23:32.209 1842 INFO rally.task.context [-] Task 4b1d5022-84c6-435e-8f71-f9b49209a2cf | Context quotas@openstack cleanup() started
2019-07-08 19:23:32.907 1842 INFO rally.task.context [-] Task 4b1d5022-84c6-435e-8f71-f9b49209a2cf | Context quotas@openstack cleanup() finished in 0.70 sec
2019-07-08 19:23:32.907 1842 INFO rally.task.context [-] Task 4b1d5022-84c6-435e-8f71-f9b49209a2cf | Context api_versions@openstack cleanup() started
2019-07-08 19:23:32.907 1842 INFO rally.task.context [-] Task 4b1d5022-84c6-435e-8f71-f9b49209a2cf | Context api_versions@openstack cleanup() finished in 0.33 msec
2019-07-08 19:23:32.908 1842 INFO rally.task.context [-] Task 4b1d5022-84c6-435e-8f71-f9b49209a2cf | Context users@openstack cleanup() started
2019-07-08 19:23:41.597 1842 INFO rally.task.context [-] Task 4b1d5022-84c6-435e-8f71-f9b49209a2cf | Context users@openstack cleanup() finished in 8.69 sec
2019-07-08 19:23:42.802 1842 INFO rally.task.engine [-] Load duration is: 19.070775
2019-07-08 19:23:42.802 1842 INFO rally.task.engine [-] Full runner duration is: 19.120566
2019-07-08 19:23:42.802 1842 INFO rally.task.engine [-] Full duration is: 61.038827
2019-07-08 19:23:43.058 1842 INFO rally.task.engine [-] Running workload: position = 0 config = { "version": 2, "title": "A cropped version of a bigger task.", "description": "Auto-generated task from a single workload (uuid=ff4223c0-673d-44d9-89c0-1cea95102911)", "subtasks": [ { "title": "CinderVolumes.create_and_delete_volume", "description": "Create and then delete a volume.", "scenario": { "CinderVolumes.create_and_delete_volume": { "size": { "max": 1, "min": 1 } } }, "contexts": { "users": { "tenants": 3, "users_per_tenant": 2 }, "quotas": { "cinder": { "gigabytes": -1, "snapshots": -1, "volumes": -1 } }, "api_versions": { "cinder": { "version": 3, "service_type": "volumev3" } } }, "runner": { "constant": { "concurrency": 4, "times": 10 } }, "hooks": [], "sla": { "failure_rate": { "max": 0 } } } ] }
2019-07-08 19:23:43.085 1842 RALLYDEBUG rally_openstack.contexts.keystone.users [-] Creating 3 tenants using 20 threads
2019-07-08 19:23:44.981 1842 RALLYDEBUG rally_openstack.contexts.keystone.users [-] Creating 6 users using 20 threads
2019-07-08 19:23:47.862 1842 INFO rally.task.context [-] Task 4b1d5022-84c6-435e-8f71-f9b49209a2cf | Context users@openstack setup() finished in 4.78 sec
2019-07-08 19:23:48.293 1842 INFO rally.task.context [-] Task 4b1d5022-84c6-435e-8f71-f9b49209a2cf | Context api_versions@openstack setup() finished in 0.43 sec
2019-07-08 19:23:49.970 1842 INFO rally.task.context [-] Task 4b1d5022-84c6-435e-8f71-f9b49209a2cf | Context quotas@openstack setup() finished in 1.68 sec
2019-07-08 19:23:49.970 1842 INFO rally.task.context [-] Task 4b1d5022-84c6-435e-8f71-f9b49209a2cf | Context cleanup@openstack setup() finished in 0.01 msec
2019-07-08 19:23:49.979 1842 RALLYDEBUG rally.task.runner [-] Starting the constant runner (task UUID: 4b1d5022-84c6-435e-8f71-f9b49209a2cf). timeout: 0 concurrency: 4 concurrency_per_worker: 1 times: 10 concurrency_overhead: 0 processes_to_start: 4 max_cpu_used: 16
2019-07-08 19:23:49.992 4170 RALLYDEBUG rally.task.runner [-] Starting a worker. concurrency: 1 args: {"size": {"max": 1, "min": 1}} times: 10 method_name: run timeout: 0 duration: None cls:
2019-07-08 19:23:49.994 4171 RALLYDEBUG rally.task.runner [-] Starting a worker. concurrency: 1 args: {"size": {"max": 1, "min": 1}} times: 10 method_name: run timeout: 0 duration: None cls:
2019-07-08 19:23:49.997 4172 RALLYDEBUG rally.task.runner [-] Starting a worker. concurrency: 1 args: {"size": {"max": 1, "min": 1}} times: 10 method_name: run timeout: 0 duration: None cls:
2019-07-08 19:23:50.000 4170 INFO rally.task.runner [-] Task 4b1d5022-84c6-435e-8f71-f9b49209a2cf | ITER: 1 START
2019-07-08 19:23:50.001 4173 RALLYDEBUG rally.task.runner [-] Starting a worker. concurrency: 1 args: {"size": {"max": 1, "min": 1}} times: 10 method_name: run timeout: 0 duration: None cls:
2019-07-08 19:23:50.003 4171 INFO rally.task.runner [-] Task 4b1d5022-84c6-435e-8f71-f9b49209a2cf | ITER: 2 START
2019-07-08 19:23:50.005 4172 INFO rally.task.runner [-] Task 4b1d5022-84c6-435e-8f71-f9b49209a2cf | ITER: 3 START
2019-07-08 19:23:50.009 4173 INFO rally.task.runner [-] Task 4b1d5022-84c6-435e-8f71-f9b49209a2cf | ITER: 4 START
2019-07-08 19:23:54.221 4171 RALLYDEBUG rally.task.utils [-] Waiting for resource s_rally_ff4223c0_3Y4hg4GQ. Status changed: AVAILABLE => DELETING in 0.0521152019501
2019-07-08 19:23:54.263 4173 RALLYDEBUG rally.task.utils [-] Waiting for resource s_rally_ff4223c0_QJJ7HAm7. Status changed: AVAILABLE => DELETING in 0.251576900482
2019-07-08 19:23:54.293 4172 RALLYDEBUG rally.task.utils [-] Waiting for resource s_rally_ff4223c0_FTERG8IS. Status changed: AVAILABLE => DELETING in 0.268287181854
2019-07-08 19:23:54.456 4170 RALLYDEBUG rally.task.utils [-] Waiting for resource s_rally_ff4223c0_GVJWfHhj. Status changed: AVAILABLE => DELETING in 0.276454925537
2019-07-08 19:23:56.540 4171 INFO rally.task.runner [-] Task 4b1d5022-84c6-435e-8f71-f9b49209a2cf | ITER: 2 END: OK
2019-07-08 19:23:56.546 4171 INFO rally.task.runner [-] Task 4b1d5022-84c6-435e-8f71-f9b49209a2cf | ITER: 5 START
2019-07-08 19:23:56.568 4173 INFO rally.task.runner [-] Task 4b1d5022-84c6-435e-8f71-f9b49209a2cf | ITER: 4 END: OK
2019-07-08 19:23:56.573 4173 INFO rally.task.runner [-] Task 4b1d5022-84c6-435e-8f71-f9b49209a2cf | ITER: 6 START
2019-07-08 19:23:56.607 4172 INFO rally.task.runner [-] Task 4b1d5022-84c6-435e-8f71-f9b49209a2cf | ITER: 3 END: OK
2019-07-08 19:23:56.613 4172 INFO rally.task.runner [-] Task 4b1d5022-84c6-435e-8f71-f9b49209a2cf | ITER: 7 START
2019-07-08 19:23:56.691 4170 INFO rally.task.runner [-] Task 4b1d5022-84c6-435e-8f71-f9b49209a2cf | ITER: 1 END: OK
2019-07-08 19:23:56.696 4170 INFO rally.task.runner [-] Task 4b1d5022-84c6-435e-8f71-f9b49209a2cf | ITER: 8 START
2019-07-08 19:24:00.863 4172 RALLYDEBUG rally.task.utils [-] Waiting for resource s_rally_ff4223c0_XOfJHSqB. Status changed: AVAILABLE => DELETING in 0.252308130264
2019-07-08 19:24:00.963 4173 RALLYDEBUG rally.task.utils [-] Waiting for resource s_rally_ff4223c0_ofY4Qkvu. Status changed: AVAILABLE => DELETING in 0.362982988358
2019-07-08 19:24:00.993 4171 RALLYDEBUG rally.task.utils [-] Waiting for resource s_rally_ff4223c0_R2yzSyOl. Status changed: AVAILABLE => DELETING in 0.334239959717
2019-07-08 19:24:01.285 4170 RALLYDEBUG rally.task.utils [-] Waiting for resource s_rally_ff4223c0_kNajJqQH. Status changed: AVAILABLE => DELETING in 0.34567117691
2019-07-08 19:24:03.089 4172 INFO rally.task.runner [-] Task 4b1d5022-84c6-435e-8f71-f9b49209a2cf | ITER: 7 END: OK
2019-07-08 19:24:03.094 4172 INFO rally.task.runner [-] Task 4b1d5022-84c6-435e-8f71-f9b49209a2cf | ITER: 9 START
2019-07-08 19:24:03.222 4171 INFO rally.task.runner [-] Task 4b1d5022-84c6-435e-8f71-f9b49209a2cf | ITER: 5 END: OK
2019-07-08 19:24:03.227 4171 INFO rally.task.runner [-] Task 4b1d5022-84c6-435e-8f71-f9b49209a2cf | ITER: 10 START
2019-07-08 19:24:03.292 4173 INFO rally.task.runner [-] Task 4b1d5022-84c6-435e-8f71-f9b49209a2cf | ITER: 6 END: OK
2019-07-08 19:24:03.630 4170 INFO rally.task.runner [-] Task 4b1d5022-84c6-435e-8f71-f9b49209a2cf | ITER: 8 END: OK
2019-07-08 19:24:07.073 4172 INFO rally.task.runner [-] Task 4b1d5022-84c6-435e-8f71-f9b49209a2cf | ITER: 9 END: OK
2019-07-08 19:24:07.700 4171 INFO rally.task.runner [-] Task 4b1d5022-84c6-435e-8f71-f9b49209a2cf | ITER: 10 END: OK
2019-07-08 19:24:07.728 1842 INFO rally.task.context [-] Task 4b1d5022-84c6-435e-8f71-f9b49209a2cf | Context cleanup@openstack cleanup() started
2019-07-08 19:24:07.730 1842 RALLYDEBUG rally_openstack.cleanup.manager [-] Cleaning up cinder backups objects
2019-07-08 19:24:09.994 1842 RALLYDEBUG rally_openstack.cleanup.manager [-] Cleaning up cinder volume_snapshots objects
2019-07-08 19:24:12.156 1842 RALLYDEBUG rally_openstack.cleanup.manager [-] Cleaning up cinder transfers objects
2019-07-08 19:24:14.304 1842 RALLYDEBUG rally_openstack.cleanup.manager [-] Cleaning up cinder volumes objects
2019-07-08 19:24:16.595 1842 INFO rally.task.context [-] Task 4b1d5022-84c6-435e-8f71-f9b49209a2cf | Context cleanup@openstack cleanup() finished in 8.87 sec
2019-07-08 19:24:16.595 1842 INFO rally.task.context [-] Task 4b1d5022-84c6-435e-8f71-f9b49209a2cf | Context quotas@openstack cleanup() started
2019-07-08 19:24:17.493 1842 INFO rally.task.context [-] Task 4b1d5022-84c6-435e-8f71-f9b49209a2cf | Context quotas@openstack cleanup() finished in 0.90 sec
2019-07-08 19:24:17.494 1842 INFO rally.task.context [-] Task 4b1d5022-84c6-435e-8f71-f9b49209a2cf | Context api_versions@openstack cleanup() started
2019-07-08 19:24:17.494 1842 INFO rally.task.context [-] Task 4b1d5022-84c6-435e-8f71-f9b49209a2cf | Context api_versions@openstack cleanup() finished in 0.34 msec
2019-07-08 19:24:17.494 1842 INFO rally.task.context [-] Task 4b1d5022-84c6-435e-8f71-f9b49209a2cf | Context users@openstack cleanup() started
2019-07-08 19:24:25.556 1842 INFO rally.task.context [-] Task 4b1d5022-84c6-435e-8f71-f9b49209a2cf | Context users@openstack cleanup() finished in 8.06 sec
2019-07-08 19:24:27.261 1842 INFO rally.task.engine [-] Load duration is: 17.695078
2019-07-08 19:24:27.261 1842 INFO rally.task.engine [-] Full runner duration is: 17.749479
2019-07-08 19:24:27.262 1842 INFO rally.task.engine [-] Full duration is: 42.475054
2019-07-08 19:24:27.435 1842 INFO rally.task.engine [-] Running workload: position = 1 config = { "version": 2, "title": "A cropped version of a bigger task.", "description": "Auto-generated task from a single workload (uuid=3910ab9d-300f-45bb-98b6-d0ed8c716a6f)", "subtasks": [ { "title": "CinderVolumes.create_and_delete_volume", "description": "Create and then delete a volume.", "scenario": { "CinderVolumes.create_and_delete_volume": { "image": { "name": "rally_full-img_dd3a611e-b0b1-4307-ab5b-6e0a97c02396" }, "size": 1 } }, "contexts": { "users": { "tenants": 3, "users_per_tenant": 2 }, "quotas": { "cinder": { "gigabytes": -1, "snapshots": -1, "volumes": -1 } }, "api_versions": { "cinder": { "version": 3, "service_type": "volumev3" } } }, "runner": { "constant": { "concurrency": 4, "times": 10 } }, "hooks": [], "sla": { "failure_rate": { "max": 0 } } } ] }
2019-07-08 19:24:27.459 1842 RALLYDEBUG rally_openstack.contexts.keystone.users [-] Creating 3 tenants using 20 threads
2019-07-08 19:24:29.353 1842 RALLYDEBUG rally_openstack.contexts.keystone.users [-] Creating 6 users using 20 threads
2019-07-08 19:24:32.335 1842 INFO rally.task.context [-] Task 4b1d5022-84c6-435e-8f71-f9b49209a2cf | Context users@openstack setup() finished in 4.88 sec
2019-07-08 19:24:32.762 1842 INFO rally.task.context [-] Task 4b1d5022-84c6-435e-8f71-f9b49209a2cf | Context api_versions@openstack setup() finished in 0.43 sec
2019-07-08 19:24:34.507 1842 INFO rally.task.context [-] Task 4b1d5022-84c6-435e-8f71-f9b49209a2cf | Context quotas@openstack setup() finished in 1.75 sec
2019-07-08 19:24:34.508 1842 INFO rally.task.context [-] Task 4b1d5022-84c6-435e-8f71-f9b49209a2cf | Context cleanup@openstack setup() finished in 0.01 msec
2019-07-08 19:24:35.674 1842 RALLYDEBUG rally.task.runner [-] Starting the constant runner (task UUID: 4b1d5022-84c6-435e-8f71-f9b49209a2cf). timeout: 0 concurrency: 4 concurrency_per_worker: 1 times: 10 concurrency_overhead: 0 processes_to_start: 4 max_cpu_used: 16
2019-07-08 19:24:35.685 4354 RALLYDEBUG rally.task.runner [-] Starting a worker. concurrency: 1 args: {"image": "fb66361a-a3ec-47ea-9bdf-ad21e9711674", "size": 1} times: 10 method_name: run timeout: 0 duration: None cls:
2019-07-08 19:24:35.690 4355 RALLYDEBUG rally.task.runner [-] Starting a worker. concurrency: 1 args: {"image": "fb66361a-a3ec-47ea-9bdf-ad21e9711674", "size": 1} times: 10 method_name: run timeout: 0 duration: None cls:
2019-07-08 19:24:35.691 4354 INFO rally.task.runner [-] Task 4b1d5022-84c6-435e-8f71-f9b49209a2cf | ITER: 1 START
2019-07-08 19:24:35.692 4356 RALLYDEBUG rally.task.runner [-] Starting a worker. concurrency: 1 args: {"image": "fb66361a-a3ec-47ea-9bdf-ad21e9711674", "size": 1} times: 10 method_name: run timeout: 0 duration: None cls:
2019-07-08 19:24:35.694 4357 RALLYDEBUG rally.task.runner [-] Starting a worker. concurrency: 1 args: {"image": "fb66361a-a3ec-47ea-9bdf-ad21e9711674", "size": 1} times: 10 method_name: run timeout: 0 duration: None cls:
2019-07-08 19:24:35.698 4355 INFO rally.task.runner [-] Task 4b1d5022-84c6-435e-8f71-f9b49209a2cf | ITER: 2 START
2019-07-08 19:24:35.701 4356 INFO rally.task.runner [-] Task 4b1d5022-84c6-435e-8f71-f9b49209a2cf | ITER: 3 START
2019-07-08 19:24:35.701 4357 INFO rally.task.runner [-] Task 4b1d5022-84c6-435e-8f71-f9b49209a2cf | ITER: 4 START
2019-07-08 19:24:43.338 4354 RALLYDEBUG rally.task.utils [-] Waiting for resource s_rally_3910ab9d_TBvHub91. Status changed: CREATING => DOWNLOADING in 3.01776814461
2019-07-08 19:24:48.076 4355 RALLYDEBUG rally.task.utils [-] Waiting for resource s_rally_3910ab9d_s8FsbRgy. Status changed: CREATING => DOWNLOADING in 7.31296300888
2019-07-08 19:24:48.232 4356 RALLYDEBUG rally.task.utils [-] Waiting for resource s_rally_3910ab9d_VgjuEKdU. Status changed: CREATING => DOWNLOADING in 7.62473082542
2019-07-08 19:24:48.347 4357 RALLYDEBUG rally.task.utils [-] Waiting for resource s_rally_3910ab9d_B1EPSoV1. Status changed: CREATING => DOWNLOADING in 7.40380001068
2019-07-08 19:24:54.895 4356 RALLYDEBUG rally.task.utils [-] Waiting for resource s_rally_3910ab9d_VgjuEKdU. Status changed: DOWNLOADING => AVAILABLE in 6.66378307343
2019-07-08 19:24:54.931 4357 RALLYDEBUG rally.task.utils [-] Waiting for resource s_rally_3910ab9d_B1EPSoV1. Status changed: DOWNLOADING => AVAILABLE in 6.58317303658
2019-07-08 19:24:55.107 4354 RALLYDEBUG rally.task.utils [-] Waiting for resource s_rally_3910ab9d_TBvHub91. Status changed: DOWNLOADING => AVAILABLE in 11.7694578171
2019-07-08 19:24:55.119 4355 RALLYDEBUG rally.task.utils [-] Waiting for resource s_rally_3910ab9d_s8FsbRgy. Status changed: DOWNLOADING => AVAILABLE in 7.04301714897
2019-07-08 19:24:55.555 4356 RALLYDEBUG rally.task.utils [-] Waiting for resource s_rally_3910ab9d_VgjuEKdU. Status changed: AVAILABLE => DELETING in 0.285197973251
2019-07-08 19:24:55.626 4357 RALLYDEBUG rally.task.utils [-] Waiting for resource s_rally_3910ab9d_B1EPSoV1. Status changed: AVAILABLE => DELETING in 0.338181018829
2019-07-08 19:24:55.798 4354 RALLYDEBUG rally.task.utils [-] Waiting for resource s_rally_3910ab9d_TBvHub91. Status changed: AVAILABLE => DELETING in 0.329586029053
2019-07-08 19:24:55.842 4355 RALLYDEBUG rally.task.utils [-] Waiting for resource s_rally_3910ab9d_s8FsbRgy. Status changed: AVAILABLE => DELETING in 0.336576938629
2019-07-08 19:24:57.592 4356 INFO rally.task.runner [-] Task 4b1d5022-84c6-435e-8f71-f9b49209a2cf | ITER: 3 END: OK
2019-07-08 19:24:57.597 4356 INFO rally.task.runner [-] Task 4b1d5022-84c6-435e-8f71-f9b49209a2cf | ITER: 5 START
2019-07-08 19:24:57.946 4357 INFO rally.task.runner [-] Task 4b1d5022-84c6-435e-8f71-f9b49209a2cf | ITER: 4 END: OK
2019-07-08 19:24:57.950 4357 INFO rally.task.runner [-] Task 4b1d5022-84c6-435e-8f71-f9b49209a2cf | ITER: 6 START
2019-07-08 19:24:58.090 4355 INFO rally.task.runner [-] Task 4b1d5022-84c6-435e-8f71-f9b49209a2cf | ITER: 2 END: OK
2019-07-08 19:24:58.097 4355 INFO rally.task.runner [-] Task 4b1d5022-84c6-435e-8f71-f9b49209a2cf | ITER: 7 START
2019-07-08 19:24:58.124 4354 INFO rally.task.runner [-] Task 4b1d5022-84c6-435e-8f71-f9b49209a2cf | ITER: 1 END: OK
2019-07-08 19:24:58.128 4354 INFO rally.task.runner [-] Task 4b1d5022-84c6-435e-8f71-f9b49209a2cf | ITER: 8 START
2019-07-08 19:25:07.810 4356 RALLYDEBUG rally.task.utils [-] Waiting for resource s_rally_3910ab9d_Us7d9lNp. Status changed: CREATING => DOWNLOADING in 5.25134301186
2019-07-08 19:25:07.917 4357 RALLYDEBUG rally.task.utils [-] Waiting for resource s_rally_3910ab9d_75NuCqV4. Status changed: CREATING => DOWNLOADING in 5.21544313431
2019-07-08 19:25:08.018 4355 RALLYDEBUG rally.task.utils [-] Waiting for resource s_rally_3910ab9d_IGYWX3L1. Status changed: CREATING => DOWNLOADING in 5.30699515343
2019-07-08 19:25:14.843 4356 RALLYDEBUG rally.task.utils [-] Waiting for resource s_rally_3910ab9d_Us7d9lNp. Status changed: DOWNLOADING => AVAILABLE in 7.03313803673
2019-07-08 19:25:15.054 4354 RALLYDEBUG rally.task.utils [-] Waiting for resource s_rally_3910ab9d_logIdqqw. Status changed: CREATING => DOWNLOADING in 12.1167919636
2019-07-08 19:25:15.590 4356 RALLYDEBUG rally.task.utils [-] Waiting for resource s_rally_3910ab9d_Us7d9lNp. Status changed: AVAILABLE => DELETING in 0.349488019943
2019-07-08 19:25:16.939 4357 RALLYDEBUG rally.task.utils [-] Waiting for resource s_rally_3910ab9d_75NuCqV4. Status changed: DOWNLOADING => AVAILABLE in 9.02141499519
2019-07-08 19:25:17.210 4355 RALLYDEBUG rally.task.utils [-] Waiting for resource s_rally_3910ab9d_IGYWX3L1. Status changed: DOWNLOADING => AVAILABLE in 9.19212794304
2019-07-08 19:25:17.702 4357 RALLYDEBUG rally.task.utils [-] Waiting for resource s_rally_3910ab9d_75NuCqV4. Status changed: AVAILABLE => DELETING in 0.24674487114
2019-07-08 19:25:17.824 4355 RALLYDEBUG rally.task.utils [-] Waiting for resource s_rally_3910ab9d_IGYWX3L1. Status changed: AVAILABLE => DELETING in 0.334188938141
2019-07-08 19:25:17.909 4356 INFO rally.task.runner [-] Task 4b1d5022-84c6-435e-8f71-f9b49209a2cf | ITER: 5 END: OK
2019-07-08 19:25:17.915 4356 INFO rally.task.runner [-] Task 4b1d5022-84c6-435e-8f71-f9b49209a2cf | ITER: 9 START
2019-07-08 19:25:19.181 4354 RALLYDEBUG rally.task.utils [-] Waiting for resource s_rally_3910ab9d_logIdqqw. Status changed: DOWNLOADING => AVAILABLE in 4.1268620491
2019-07-08 19:25:19.339 4354 RALLYDEBUG rally.task.utils [-] Waiting for resource s_rally_3910ab9d_logIdqqw. Status changed: AVAILABLE => DELETING in 0.0744080543518
2019-07-08 19:25:19.863 4355 INFO rally.task.runner [-] Task 4b1d5022-84c6-435e-8f71-f9b49209a2cf | ITER: 7 END: OK
2019-07-08 19:25:19.869 4355 INFO rally.task.runner [-] Task 4b1d5022-84c6-435e-8f71-f9b49209a2cf | ITER: 10 START
2019-07-08 19:25:20.007 4357 INFO rally.task.runner [-] Task 4b1d5022-84c6-435e-8f71-f9b49209a2cf | ITER: 6 END: OK
2019-07-08 19:25:21.663 4354 INFO rally.task.runner [-] Task 4b1d5022-84c6-435e-8f71-f9b49209a2cf | ITER: 8 END: OK
2019-07-08 19:25:26.017 4356 RALLYDEBUG rally.task.utils [-] Waiting for resource s_rally_3910ab9d_MZLpdzBo. Status changed: CREATING => DOWNLOADING in 3.00531506538
2019-07-08 19:25:28.075 4356 RALLYDEBUG rally.task.utils [-] Waiting for resource s_rally_3910ab9d_MZLpdzBo. Status changed: DOWNLOADING => AVAILABLE in 2.05732584
2019-07-08 19:25:28.812 4356 RALLYDEBUG rally.task.utils [-] Waiting for resource s_rally_3910ab9d_MZLpdzBo. Status changed: AVAILABLE => DELETING in 0.35701084137
2019-07-08 19:25:29.842 4355 RALLYDEBUG rally.task.utils [-] Waiting for resource s_rally_3910ab9d_KXZvh1Rp. Status changed: CREATING => DOWNLOADING in 5.34646296501
2019-07-08 19:25:30.848 4356 INFO rally.task.runner [-] Task 4b1d5022-84c6-435e-8f71-f9b49209a2cf | ITER: 9 END: OK
2019-07-08 19:25:33.960 4355 RALLYDEBUG rally.task.utils [-] Waiting for resource s_rally_3910ab9d_KXZvh1Rp. Status changed: DOWNLOADING => AVAILABLE in 4.11732196808
2019-07-08 19:25:34.662 4355 INFO rally.task.runner [-] Task 4b1d5022-84c6-435e-8f71-f9b49209a2cf | ITER: 10 END: OK
2019-07-08 19:25:34.685 1842 INFO rally.task.context [-] Task 4b1d5022-84c6-435e-8f71-f9b49209a2cf | Context cleanup@openstack cleanup() started
2019-07-08 19:25:34.687 1842 RALLYDEBUG rally_openstack.cleanup.manager [-] Cleaning up cinder backups objects
2019-07-08 19:25:36.884 1842 RALLYDEBUG rally_openstack.cleanup.manager [-] Cleaning up cinder volume_snapshots objects
2019-07-08 19:25:39.107 1842 RALLYDEBUG rally_openstack.cleanup.manager [-] Cleaning up cinder transfers objects
2019-07-08 19:25:41.333 1842 RALLYDEBUG rally_openstack.cleanup.manager [-] Cleaning up cinder volumes objects
2019-07-08 19:25:43.639 1842 INFO rally.task.context [-] Task 4b1d5022-84c6-435e-8f71-f9b49209a2cf | Context cleanup@openstack cleanup() finished in 8.95 sec
2019-07-08 19:25:43.640 1842 INFO rally.task.context [-] Task 4b1d5022-84c6-435e-8f71-f9b49209a2cf | Context quotas@openstack cleanup() started
2019-07-08 19:25:44.638 1842 INFO rally.task.context [-] Task 4b1d5022-84c6-435e-8f71-f9b49209a2cf | Context quotas@openstack cleanup() finished in 1.00 sec
2019-07-08 19:25:44.638 1842 INFO rally.task.context [-] Task 4b1d5022-84c6-435e-8f71-f9b49209a2cf | Context api_versions@openstack cleanup() started
2019-07-08 19:25:44.639 1842 INFO rally.task.context [-] Task 4b1d5022-84c6-435e-8f71-f9b49209a2cf | Context api_versions@openstack cleanup() finished in 0.33 msec
2019-07-08 19:25:44.639 1842 INFO rally.task.context [-] Task 4b1d5022-84c6-435e-8f71-f9b49209a2cf | Context users@openstack cleanup() started
2019-07-08 19:25:53.160 1842 INFO rally.task.context [-] Task 4b1d5022-84c6-435e-8f71-f9b49209a2cf | Context users@openstack cleanup() finished in 8.52 sec
2019-07-08 19:25:53.788 1842 INFO rally.task.engine [-] Load duration is: 58.968519
2019-07-08 19:25:53.788 1842 INFO rally.task.engine [-] Full runner duration is: 59.011536
2019-07-08 19:25:53.788 1842 INFO rally.task.engine [-] Full duration is: 85.706064
2019-07-08 19:25:53.946 1842 INFO rally.task.engine [-] Running workload: position = 2 config = { "version": 2, "title": "A cropped version of a bigger task.", "description": "Auto-generated task from a single workload (uuid=85755e73-d403-4747-a1ec-4543de2a43fa)", "subtasks": [ { "title": "CinderVolumes.create_and_delete_volume", "description": "Create and then delete a volume.", "scenario": { "CinderVolumes.create_and_delete_volume": { "size": 1 } }, "contexts": { "users": { "tenants": 3, "users_per_tenant": 2 }, "quotas": { "cinder": { "gigabytes": -1, "snapshots": -1, "volumes": -1 } }, "api_versions": { "cinder": { "version": 3, "service_type": "volumev3" } } }, "runner": { "constant": { "concurrency": 4, "times": 10 } }, "hooks": [], "sla": { "failure_rate": { "max": 0 } } } ] }
2019-07-08 19:25:53.969 1842 RALLYDEBUG rally_openstack.contexts.keystone.users [-] Creating 3 tenants using 20 threads
2019-07-08 19:25:56.018 1842 RALLYDEBUG rally_openstack.contexts.keystone.users [-] Creating 6 users using 20 threads
2019-07-08 19:25:58.850 1842 INFO rally.task.context [-] Task 4b1d5022-84c6-435e-8f71-f9b49209a2cf | Context users@openstack setup() finished in 4.88 sec
2019-07-08 19:25:59.276 1842 INFO rally.task.context [-] Task 4b1d5022-84c6-435e-8f71-f9b49209a2cf | Context api_versions@openstack setup() finished in 0.43 sec
2019-07-08 19:26:01.052 1842 INFO rally.task.context [-] Task 4b1d5022-84c6-435e-8f71-f9b49209a2cf | Context quotas@openstack setup() finished in 1.78 sec
2019-07-08 19:26:01.052 1842 INFO rally.task.context [-] Task 4b1d5022-84c6-435e-8f71-f9b49209a2cf | Context cleanup@openstack setup() finished in 0.01 msec
2019-07-08 19:26:01.060 1842 RALLYDEBUG rally.task.runner [-] Starting the constant runner (task UUID: 4b1d5022-84c6-435e-8f71-f9b49209a2cf). timeout: 0 concurrency: 4 concurrency_per_worker: 1 times: 10 concurrency_overhead: 0 processes_to_start: 4 max_cpu_used: 16
2019-07-08 19:26:01.073 4539 RALLYDEBUG rally.task.runner [-] Starting a worker. concurrency: 1 args: {"size": 1} times: 10 method_name: run timeout: 0 duration: None cls:
2019-07-08 19:26:01.073 4538 RALLYDEBUG rally.task.runner [-] Starting a worker. concurrency: 1 args: {"size": 1} times: 10 method_name: run timeout: 0 duration: None cls:
2019-07-08 19:26:01.078 4540 RALLYDEBUG rally.task.runner [-] Starting a worker. concurrency: 1 args: {"size": 1} times: 10 method_name: run timeout: 0 duration: None cls:
2019-07-08 19:26:01.079 4539 INFO rally.task.runner [-] Task 4b1d5022-84c6-435e-8f71-f9b49209a2cf | ITER: 1 START
2019-07-08 19:26:01.081 4538 INFO rally.task.runner [-] Task 4b1d5022-84c6-435e-8f71-f9b49209a2cf | ITER: 2 START
2019-07-08 19:26:01.082 4541 RALLYDEBUG rally.task.runner [-] Starting a worker. concurrency: 1 args: {"size": 1} times: 10 method_name: run timeout: 0 duration: None cls:
2019-07-08 19:26:01.085 4540 INFO rally.task.runner [-] Task 4b1d5022-84c6-435e-8f71-f9b49209a2cf | ITER: 3 START
2019-07-08 19:26:01.089 4541 INFO rally.task.runner [-] Task 4b1d5022-84c6-435e-8f71-f9b49209a2cf | ITER: 4 START
2019-07-08 19:26:05.294 4540 RALLYDEBUG rally.task.utils [-] Waiting for resource s_rally_85755e73_uWtQ50sv. Status changed: AVAILABLE => DELETING in 0.0574448108673
2019-07-08 19:26:05.625 4539 RALLYDEBUG rally.task.utils [-] Waiting for resource s_rally_85755e73_Ix5w6Gwq. Status changed: AVAILABLE => DELETING in 0.290076971054
2019-07-08 19:26:05.722 4538 RALLYDEBUG rally.task.utils [-] Waiting for resource s_rally_85755e73_l0MVZPyF. Status changed: AVAILABLE => DELETING in 0.374787092209
2019-07-08 19:26:05.787 4541 RALLYDEBUG rally.task.utils [-] Waiting for resource s_rally_85755e73_fVC6jgdM. Status changed: AVAILABLE => DELETING in 0.378478050232
2019-07-08 19:26:07.609 4540 INFO rally.task.runner [-] Task 4b1d5022-84c6-435e-8f71-f9b49209a2cf | ITER: 3 END: OK
2019-07-08 19:26:07.615 4540 INFO rally.task.runner [-] Task 4b1d5022-84c6-435e-8f71-f9b49209a2cf | ITER: 5 START
2019-07-08 19:26:07.940 4539 INFO rally.task.runner [-] Task 4b1d5022-84c6-435e-8f71-f9b49209a2cf | ITER: 1 END: OK
2019-07-08 19:26:07.946 4539 INFO rally.task.runner [-] Task 4b1d5022-84c6-435e-8f71-f9b49209a2cf | ITER: 6 START
2019-07-08 19:26:08.014 4541 INFO rally.task.runner [-] Task 4b1d5022-84c6-435e-8f71-f9b49209a2cf | ITER: 4 END: OK
2019-07-08 19:26:08.019 4541 INFO rally.task.runner [-] Task 4b1d5022-84c6-435e-8f71-f9b49209a2cf | ITER: 7 START
2019-07-08 19:26:08.043 4538 INFO rally.task.runner [-] Task 4b1d5022-84c6-435e-8f71-f9b49209a2cf | ITER: 2 END: OK
2019-07-08 19:26:08.049 4538 INFO rally.task.runner [-] Task 4b1d5022-84c6-435e-8f71-f9b49209a2cf | ITER: 8 START
2019-07-08 19:26:11.923 4540 INFO rally.task.runner [-] Task 4b1d5022-84c6-435e-8f71-f9b49209a2cf | ITER: 5 END: OK
2019-07-08 19:26:11.927 4540 INFO rally.task.runner [-] Task 4b1d5022-84c6-435e-8f71-f9b49209a2cf | ITER: 9 START
2019-07-08 19:26:12.195 4539 RALLYDEBUG rally.task.utils [-] Waiting for resource s_rally_85755e73_OnJ6beMr. Status changed: AVAILABLE => DELETING in 0.363028049469
2019-07-08 19:26:12.265 4541 RALLYDEBUG rally.task.utils [-] Waiting for resource s_rally_85755e73_mi7Uakkj. Status changed: AVAILABLE => DELETING in 0.360903978348
2019-07-08 19:26:12.682 4538 RALLYDEBUG rally.task.utils [-] Waiting for resource s_rally_85755e73_I9imkWls. Status changed: AVAILABLE => DELETING in 0.245634078979
2019-07-08 19:26:14.500 4541 INFO rally.task.runner [-] Task 4b1d5022-84c6-435e-8f71-f9b49209a2cf | ITER: 7 END: OK
2019-07-08 19:26:14.503 4539 INFO rally.task.runner [-] Task 4b1d5022-84c6-435e-8f71-f9b49209a2cf | ITER: 6 END: OK
2019-07-08 19:26:14.506 4541 INFO rally.task.runner [-] Task 4b1d5022-84c6-435e-8f71-f9b49209a2cf | ITER: 10 START
2019-07-08 19:26:15.022 4538 INFO rally.task.runner [-] Task 4b1d5022-84c6-435e-8f71-f9b49209a2cf | ITER: 8 END: OK
2019-07-08 19:26:16.035 4540 INFO rally.task.runner [-] Task 4b1d5022-84c6-435e-8f71-f9b49209a2cf | ITER: 9 END: OK
2019-07-08 19:26:18.822 4541 INFO rally.task.runner [-] Task 4b1d5022-84c6-435e-8f71-f9b49209a2cf | ITER: 10 END: OK
2019-07-08 19:26:18.844 1842 INFO rally.task.context [-] Task 4b1d5022-84c6-435e-8f71-f9b49209a2cf | Context cleanup@openstack cleanup() started
2019-07-08 19:26:18.846 1842 RALLYDEBUG rally_openstack.cleanup.manager [-] Cleaning up cinder backups objects
2019-07-08 19:26:20.991 1842 RALLYDEBUG rally_openstack.cleanup.manager [-] Cleaning up cinder volume_snapshots objects
2019-07-08 19:26:23.053 1842 RALLYDEBUG rally_openstack.cleanup.manager [-] Cleaning up cinder transfers objects
2019-07-08 19:26:25.265 1842 RALLYDEBUG rally_openstack.cleanup.manager [-] Cleaning up cinder volumes objects
2019-07-08 19:26:27.570 1842 INFO rally.task.context [-] Task 4b1d5022-84c6-435e-8f71-f9b49209a2cf | Context cleanup@openstack cleanup() finished in 8.73 sec
2019-07-08 19:26:27.570 1842 INFO rally.task.context [-] Task 4b1d5022-84c6-435e-8f71-f9b49209a2cf | Context quotas@openstack cleanup() started
2019-07-08 19:26:28.541 1842 INFO rally.task.context [-] Task 4b1d5022-84c6-435e-8f71-f9b49209a2cf | Context quotas@openstack cleanup() finished in 0.97 sec
