2019-07-08 09:37:19.191 22705 RALLYDEBUG rally_openstack.cleanup.manager [-] Deleting neutron.port object s_rally_98fb440c_FflAOk2C (d76f296d-6fab-4847-920b-4ea91bf9feae)
2019-07-08 09:37:19.216 22705 RALLYDEBUG rally_openstack.cleanup.manager [-] Deleting neutron.port object s_rally_98fb440c_8yOIvN6X (d7b4a7b6-d276-470a-bed5-557140c6207b)
2019-07-08 09:37:19.230 22705 RALLYDEBUG rally_openstack.cleanup.manager [-] Deleting neutron.port object s_rally_98fb440c_bhupayuK (d7ff8304-1d27-44ac-910d-3620c2bee7ef)
2019-07-08 09:37:19.321 22705 RALLYDEBUG rally_openstack.cleanup.manager [-] Deleting neutron.port object s_rally_98fb440c_hu75hsUz (d840b1ea-3680-4b9a-acaf-e80e7ca4d698)
2019-07-08 09:37:19.325 22705 RALLYDEBUG rally_openstack.cleanup.manager [-] Deleting neutron.port object s_rally_98fb440c_5ZhRtnJV (d938e848-688b-4137-a329-15c123d41cdc)
2019-07-08 09:37:19.410 22705 RALLYDEBUG rally_openstack.cleanup.manager [-] Deleting neutron.port object s_rally_98fb440c_mX3bINS3 (d968d864-dcf5-404f-825b-688921553ae1)
2019-07-08 09:37:19.452 22705 RALLYDEBUG rally_openstack.cleanup.manager [-] Deleting neutron.port object s_rally_98fb440c_A9PdqAw2 (d9ee43f5-0c78-4be0-a672-3be9d914e789)
2019-07-08 09:37:19.619 22705 RALLYDEBUG rally_openstack.cleanup.manager [-] Deleting neutron.port object s_rally_98fb440c_wFXYLLXa (da13b2b3-0078-448a-b2c2-68dfca2ed40c)
2019-07-08 09:37:19.648 22705 RALLYDEBUG rally_openstack.cleanup.manager [-] Deleting neutron.port object s_rally_98fb440c_2dBzLpB5 (ddc6eb55-069d-41e8-be3b-6c2806e79c86)
2019-07-08 09:37:19.734 22705 RALLYDEBUG rally_openstack.cleanup.manager [-] Deleting neutron.port object s_rally_98fb440c_9hzNNaZs (de67c5cc-9017-4c71-817b-dc6953aab3d6)
2019-07-08 09:37:20.083 22705 RALLYDEBUG rally_openstack.cleanup.manager [-] Deleting neutron.port object s_rally_98fb440c_SggUKFCm (dfc98eb8-0150-43c9-a2d1-423ee22594f4)
2019-07-08 09:37:20.526 22705 RALLYDEBUG rally_openstack.cleanup.manager [-] Deleting neutron.port object s_rally_98fb440c_FyPBCRbE (e02db502-57df-4aab-ba1e-9fa01365cf98)
2019-07-08 09:37:20.563 22705 RALLYDEBUG rally_openstack.cleanup.manager [-] Deleting neutron.port object s_rally_98fb440c_cmKodLIb (e04eb1a5-24cc-40af-8bb2-bdbfcd87f518)
2019-07-08 09:37:20.570 22705 RALLYDEBUG rally_openstack.cleanup.manager [-] Deleting neutron.port object s_rally_98fb440c_vQ6xjcgr (e09e2047-fe9c-4d1b-be75-7761a2db858e)
2019-07-08 09:37:21.027 22705 RALLYDEBUG rally_openstack.cleanup.manager [-] Deleting neutron.port object s_rally_98fb440c_5AHVmjSt (e0e2a061-3c27-474b-bb85-2287b9084875)
2019-07-08 09:37:21.205 22705 RALLYDEBUG rally_openstack.cleanup.manager [-] Deleting neutron.port object s_rally_98fb440c_BZDJuWN8 (e1dcf3ab-83be-48b2-8cd7-5e125a066f75)
2019-07-08 09:37:21.316 22705 RALLYDEBUG rally_openstack.cleanup.manager [-] Deleting neutron.port object s_rally_98fb440c_pEXa23oC (e1f80ddd-77e7-47c3-bd5e-1880fd465d57)
2019-07-08 09:37:21.569 22705 RALLYDEBUG rally_openstack.cleanup.manager [-] Deleting neutron.port object s_rally_98fb440c_4mrSs1xi (e22488ab-4a70-47d9-a627-308c8077638c)
2019-07-08 09:37:21.729 22705 RALLYDEBUG rally_openstack.cleanup.manager [-] Deleting neutron.port object s_rally_98fb440c_w0HUgDj2 (e25dc462-2c15-412a-b206-1e99fddaceac)
2019-07-08 09:37:21.802 22705 RALLYDEBUG rally_openstack.cleanup.manager [-] Deleting neutron.port object s_rally_98fb440c_cCRx8VSh (e2c30afd-d358-4f86-8e7d-cdae114e1661)
2019-07-08 09:37:21.926 22705 RALLYDEBUG rally_openstack.cleanup.manager [-] Deleting neutron.port object s_rally_98fb440c_W7Q8O3k7 (e2cd3dc1-27b6-4798-8495-bab0d2a1c82c)
2019-07-08 09:37:22.453 22705 RALLYDEBUG rally_openstack.cleanup.manager [-] Deleting neutron.port object s_rally_98fb440c_CRL5Z37W (e2d48ff1-4891-4726-b25b-b0f4209bfca4)
2019-07-08 09:37:22.496 22705 RALLYDEBUG rally_openstack.cleanup.manager [-] Deleting neutron.port object s_rally_98fb440c_I1s9qSPd (e338665d-f557-4992-a8e8-05fc883c34e4)
2019-07-08 09:37:22.546 22705 RALLYDEBUG rally_openstack.cleanup.manager [-] Deleting neutron.port object s_rally_98fb440c_rOZrlbDp (e3f78062-ee3c-4b5b-a017-d25ac3ab0f0a)
2019-07-08 09:37:22.750 22705 RALLYDEBUG rally_openstack.cleanup.manager [-] Deleting neutron.port object s_rally_98fb440c_c90jCIfR (e41bbd1b-2ac3-4bba-935a-dca98e2966d1)
2019-07-08 09:37:22.897 22705 RALLYDEBUG rally_openstack.cleanup.manager [-] Deleting neutron.port object s_rally_98fb440c_YH06LuFK (e430c89a-f94a-457c-9d14-65209200836b)
2019-07-08 09:37:22.925 22705 RALLYDEBUG rally_openstack.cleanup.manager [-] Deleting neutron.port object s_rally_98fb440c_QclKKSuq (e48f4861-dfbe-46d5-9407-667307c2676e)
2019-07-08 09:37:22.968 22705 RALLYDEBUG rally_openstack.cleanup.manager [-] Deleting neutron.port object s_rally_98fb440c_Cesrmcr1 (e54f1ecf-3d3d-4a60-86dd-07d3a95c2c18)
2019-07-08 09:37:23.134 22705 RALLYDEBUG rally_openstack.cleanup.manager [-] Deleting neutron.port object s_rally_98fb440c_T9uiqUfa (e56e0ea9-2193-463a-9f30-94767d38de95)
2019-07-08 09:37:23.202 22705 RALLYDEBUG rally_openstack.cleanup.manager [-] Deleting neutron.port object s_rally_98fb440c_D9bOf20I (e7bfb57f-dd10-48c8-a9e3-d68776064719)
2019-07-08 09:37:23.587 22705 RALLYDEBUG rally_openstack.cleanup.manager [-] Deleting neutron.port object s_rally_98fb440c_gvjThqZj (e845cdae-91bd-42a7-a849-041cc169023f)
2019-07-08 09:37:23.656 22705 RALLYDEBUG rally_openstack.cleanup.manager [-] Deleting neutron.port object s_rally_98fb440c_ry6p0ydm (ea098a98-ce7c-4434-8ef3-f69935e40406)
2019-07-08 09:37:23.794 22705 RALLYDEBUG rally_openstack.cleanup.manager [-] Deleting neutron.port object s_rally_98fb440c_2QaxJHnC (eb960c86-42a0-41b3-a010-d9ffc810d140)
2019-07-08 09:37:23.822 22705 RALLYDEBUG rally_openstack.cleanup.manager [-] Deleting neutron.port object s_rally_98fb440c_6TBVn75F (eb9d7a83-68a0-4b0d-a018-745524cd90f4)
2019-07-08 09:37:23.875 22705 RALLYDEBUG rally_openstack.cleanup.manager [-] Deleting neutron.port object s_rally_98fb440c_ZLRdR9w2 (ed8b5881-a9f0-407f-a41b-61d15d439faa)
2019-07-08 09:37:23.882 22705 RALLYDEBUG rally_openstack.cleanup.manager [-] Deleting neutron.port object s_rally_98fb440c_mDQMiBYO (ede70057-6a74-4aa1-88f9-7be53b5328d7)
2019-07-08 09:37:23.924 22705 RALLYDEBUG rally_openstack.cleanup.manager [-] Deleting neutron.port object s_rally_98fb440c_9YAr8Sx6 (eedfb8fc-4be5-4b17-bf2c-95f83b272306)
2019-07-08 09:37:23.975 22705 RALLYDEBUG rally_openstack.cleanup.manager [-] Deleting neutron.port object s_rally_98fb440c_21k2WH68 (ef482c6d-d488-4a5f-b5e2-6f08b8eea0b6)
2019-07-08 09:37:24.694 22705 RALLYDEBUG rally_openstack.cleanup.manager [-] Deleting neutron.port object s_rally_98fb440c_CWOek2id (ef8458a9-d15d-4c28-8797-5c011c53f187)
2019-07-08 09:37:25.522 22705 RALLYDEBUG rally_openstack.cleanup.manager [-] Deleting neutron.port object s_rally_98fb440c_mn0QhqAI (f16a5f0d-581c-41a8-bac9-67e360bdfac8)
2019-07-08 09:37:25.528 22705 RALLYDEBUG rally_openstack.cleanup.manager [-] Deleting neutron.port object s_rally_98fb440c_fM8ideF1 (f1d4b8ca-37b1-47c5-beb6-4df90e914030)
2019-07-08 09:37:25.711 22705 RALLYDEBUG rally_openstack.cleanup.manager [-] Deleting neutron.port object s_rally_98fb440c_A7k9QUrO (f23bd05e-8ee4-44f8-b9a0-014024a1e519)
2019-07-08 09:37:25.718 22705 RALLYDEBUG rally_openstack.cleanup.manager [-] Deleting neutron.port object s_rally_98fb440c_IYoPkQrw (f3e26118-c965-4922-b3bc-78d93565c54f)
2019-07-08 09:37:25.755 22705 RALLYDEBUG rally_openstack.cleanup.manager [-] Deleting neutron.port object s_rally_98fb440c_9jY4V1mX (f420967f-193e-49d5-aacc-a969a5577b3a)
2019-07-08 09:37:25.959 22705 RALLYDEBUG rally_openstack.cleanup.manager [-] Deleting neutron.port object s_rally_98fb440c_uZtJFj3z (f43fcfa4-342e-4b0d-bbb3-84a504470c0a)
2019-07-08 09:37:26.017 22705 RALLYDEBUG rally_openstack.cleanup.manager [-] Deleting neutron.port object s_rally_98fb440c_IBhD2vCM (f53cb6e1-889c-4a41-ae7f-37445a5fb852)
2019-07-08 09:37:26.080 22705 RALLYDEBUG rally_openstack.cleanup.manager [-] Deleting neutron.port object s_rally_98fb440c_l52n6LUh (f5957c8b-e1f4-4c6c-8625-e5b7d3ae9502)
2019-07-08 09:37:26.086 22705 RALLYDEBUG rally_openstack.cleanup.manager [-] Deleting neutron.port object s_rally_98fb440c_miskrkWu (f81affe5-bf04-4a28-95af-fb085c5a665e)
2019-07-08 09:37:26.171 22705 RALLYDEBUG rally_openstack.cleanup.manager [-] Deleting neutron.port object s_rally_98fb440c_jhcVh44u (f97364b6-e6f2-43db-8f1e-19d16241f7c5)
2019-07-08 09:37:26.321 22705 RALLYDEBUG rally_openstack.cleanup.manager [-] Deleting neutron.port object s_rally_98fb440c_H2XXOZPG (f97688d1-2481-49a5-9170-8c09cf192da6)
2019-07-08 09:37:26.359 22705 RALLYDEBUG rally_openstack.cleanup.manager [-] Deleting neutron.port object s_rally_98fb440c_ZHh2sGPf (fa0b82d5-3eaa-4255-a9c0-59e5a0f3da75)
2019-07-08 09:37:26.547 22705 RALLYDEBUG rally_openstack.cleanup.manager [-] Deleting neutron.port object s_rally_98fb440c_yPlZ4wKH (fa9553eb-24b0-4045-bd61-7f2b559136e4)
2019-07-08 09:37:26.660 22705 RALLYDEBUG rally_openstack.cleanup.manager [-] Deleting neutron.port object s_rally_98fb440c_rkFLj2yY (fb01bc2a-2645-441c-bd38-21070747af71)
2019-07-08 09:37:26.825 22705 RALLYDEBUG rally_openstack.cleanup.manager [-] Deleting neutron.port object s_rally_98fb440c_uD6PR9rK (fd578cd8-9a34-4727-a8da-f1daa3aa9a0a)
2019-07-08 09:37:26.945 22705 RALLYDEBUG rally_openstack.cleanup.manager [-] Deleting neutron.port object s_rally_98fb440c_EV2zI1k9 (fd583a15-e7a1-4dbc-bfac-0084e6991b0d)
2019-07-08 09:37:27.143 22705 RALLYDEBUG rally_openstack.cleanup.manager [-] Deleting neutron.port object s_rally_98fb440c_asL22gxT (fdf86dd9-0d5f-4504-965d-810c18462421)
2019-07-08 09:37:27.744 22705 RALLYDEBUG rally_openstack.cleanup.manager [-] Deleting neutron.port object s_rally_98fb440c_oMJm57Ad (fe4e45fd-1e5a-47f5-b01c-d6be4c4538fa)
2019-07-08 09:37:27.753 22705 RALLYDEBUG rally_openstack.cleanup.manager [-] Deleting neutron.port object s_rally_98fb440c_bXB3ehRq (fe9331a8-030a-4a18-922b-4570f242ae56)
2019-07-08 09:37:27.762 22705 RALLYDEBUG rally_openstack.cleanup.manager [-] Deleting neutron.port object s_rally_98fb440c_zIn6dzX4 (ff1fd451-b693-47c3-989b-8b29821b5898)
2019-07-08 09:37:28.175 22705 RALLYDEBUG rally_openstack.cleanup.manager [-] Deleting neutron.port object s_rally_98fb440c_fr0smdgX (ff6a4938-edd0-4361-9d32-6e8354d0fd5a)
2019-07-08 09:37:30.569 22705 RALLYDEBUG rally_openstack.cleanup.manager [-] Cleaning up neutron subnet objects
2019-07-08 09:37:31.238 22705 RALLYDEBUG rally_openstack.cleanup.manager [-] Cleaning up neutron network objects
2019-07-08 09:37:32.000 22705 RALLYDEBUG rally_openstack.cleanup.manager [-] Deleting neutron.network object s_rally_98fb440c_akP6XpSn (131b23bc-cb9d-42cb-94df-0d938cc3b85f)
2019-07-08 09:37:32.004 22705 RALLYDEBUG rally_openstack.cleanup.manager [-] Deleting neutron.network object s_rally_98fb440c_RHMfywWM (213d64b9-3ab0-4fd2-b9ab-a6216ddf2245)
2019-07-08 09:37:32.010 22705 RALLYDEBUG rally_openstack.cleanup.manager [-] Deleting neutron.network object s_rally_98fb440c_htk0QAPT (5969667c-d31c-43b7-8f0d-b2e8c74c2478)
2019-07-08 09:37:32.022 22705 RALLYDEBUG rally_openstack.cleanup.manager [-] Deleting neutron.network object s_rally_98fb440c_ocHyLAD6 (8ec36142-4a6b-4c48-9506-c908c5b1bfb1)
2019-07-08 09:37:32.030 22705 RALLYDEBUG rally_openstack.cleanup.manager [-] Deleting neutron.network object s_rally_98fb440c_krldneCJ (8edd7f80-8965-4c82-b930-5b350829820f)
2019-07-08 09:37:32.030 22705 RALLYDEBUG rally_openstack.cleanup.manager [-] Deleting neutron.network object s_rally_98fb440c_UnAaTaha (683c743d-59e0-4c03-acc3-771175b775dc)
2019-07-08 09:37:32.039 22705 RALLYDEBUG rally_openstack.cleanup.manager [-] Deleting neutron.network object s_rally_98fb440c_3eXIEnba (de76b62e-175b-4802-8b9a-f4216d591662)
2019-07-08 09:37:32.040 22705 RALLYDEBUG rally_openstack.cleanup.manager [-] Deleting neutron.network object s_rally_98fb440c_8cgxYyPG (c1ab9a80-834d-4a8d-9a6a-4fd27f703a82)
2019-07-08 09:37:35.506 22705 RALLYDEBUG rally_openstack.cleanup.manager [-] Cleaning up neutron router objects
2019-07-08 09:37:36.185 22705 RALLYDEBUG rally_openstack.cleanup.manager [-] Cleaning up neutron security_group objects
2019-07-08 09:37:36.845 22705 INFO rally.task.context [-] Task 8e99c22b-70c5-49a3-b51b-87013a88d735 | Context cleanup@openstack cleanup() finished in 1.31 min
2019-07-08 09:37:36.845 22705 INFO rally.task.context [-] Task 8e99c22b-70c5-49a3-b51b-87013a88d735 | Context quotas@openstack cleanup() started
2019-07-08 09:37:37.061 22705 INFO rally.task.context [-] Task 8e99c22b-70c5-49a3-b51b-87013a88d735 | Context quotas@openstack cleanup() finished in 0.22 sec
2019-07-08 09:37:37.062 22705 INFO rally.task.context [-] Task 8e99c22b-70c5-49a3-b51b-87013a88d735 | Context users@openstack cleanup() started
2019-07-08 09:37:41.585 22705 INFO rally.task.context [-] Task 8e99c22b-70c5-49a3-b51b-87013a88d735 | Context users@openstack cleanup() finished in 4.52 sec
2019-07-08 09:37:43.336 22705 INFO rally.task.engine [-] Load duration is: 104.668615
2019-07-08 09:37:43.336 22705 INFO rally.task.engine [-] Full runner duration is: 104.715533
2019-07-08 09:37:43.336 22705 INFO rally.task.engine [-] Full duration is: 193.017548
2019-07-08 09:37:43.541 22705 INFO rally.task.engine [-] Running workload: position = 1 config = { "version": 2, "title": "A cropped version of a bigger task.", "description": "Auto-generated task from a single workload (uuid=020d84d6-c5cc-4092-a5d0-76d44724eb6d)", "subtasks": [ { "title": "NeutronNetworks.create_and_update_ports", "description": "Create and update a given number of ports.", "scenario": { "NeutronNetworks.create_and_update_ports": { "network_create_args": {}, "port_create_args": {}, "ports_per_network": 5, "port_update_args": { "admin_state_up": false, "device_id": "dummy_id", "device_owner": "dummy_owner", "name": "_port_updated" } } }, "contexts": { "users": { "tenants": 1, "users_per_tenant": 1 }, "quotas": { "neutron": { "network": -1, "port": -1 } } }, "runner": { "constant": { "times": 40, "concurrency": 20 } }, "hooks": [], "sla": { "failure_rate": { "max": 0 } } } ] }
2019-07-08 09:37:43.563 22705 RALLYDEBUG rally_openstack.contexts.keystone.users [-] Creating 1 tenants using 20 threads
2019-07-08 09:37:45.146 22705 RALLYDEBUG rally_openstack.contexts.keystone.users [-] Creating 1 users using 20 threads
2019-07-08 09:37:47.574 22705 INFO rally.task.context [-] Task 8e99c22b-70c5-49a3-b51b-87013a88d735 | Context users@openstack setup() finished in 4.01 sec
2019-07-08 09:37:48.335 22705 INFO rally.task.context [-] Task 8e99c22b-70c5-49a3-b51b-87013a88d735 | Context quotas@openstack setup() finished in 0.76 sec
2019-07-08 09:37:48.335 22705 INFO rally.task.context [-] Task 8e99c22b-70c5-49a3-b51b-87013a88d735 | Context cleanup@openstack setup() finished in 0.00 msec
2019-07-08 09:37:48.343 22705 RALLYDEBUG rally.task.runner [-] Starting the constant runner (task UUID: 8e99c22b-70c5-49a3-b51b-87013a88d735). timeout: 0 concurrency: 20 concurrency_per_worker: 1 times: 40 concurrency_overhead: 4 processes_to_start: 16 max_cpu_used: 16
2019-07-08 09:37:48.354 26581 RALLYDEBUG rally.task.runner [-] Starting a worker. concurrency: 2 args: {"network_create_args": {}, "port_create_args": {}, "ports_per_network": 5, "port_update_args": {"admin_state_up": false, "device_id": "dummy_id", "device_owner": "dummy_owner", "name": "_port_updated"}} times: 40 method_name: run timeout: 0 duration: None cls:
2019-07-08 09:37:48.357 26582 RALLYDEBUG rally.task.runner [-] Starting a worker. concurrency: 2 args: {"network_create_args": {}, "port_create_args": {}, "ports_per_network": 5, "port_update_args": {"admin_state_up": false, "device_id": "dummy_id", "device_owner": "dummy_owner", "name": "_port_updated"}} times: 40 method_name: run timeout: 0 duration: None cls:
2019-07-08 09:37:48.360 26583 RALLYDEBUG rally.task.runner [-] Starting a worker. concurrency: 2 args: {"network_create_args": {}, "port_create_args": {}, "ports_per_network": 5, "port_update_args": {"admin_state_up": false, "device_id": "dummy_id", "device_owner": "dummy_owner", "name": "_port_updated"}} times: 40 method_name: run timeout: 0 duration: None cls:
2019-07-08 09:37:48.361 26581 INFO rally.task.runner [-] Task 8e99c22b-70c5-49a3-b51b-87013a88d735 | ITER: 1 START
2019-07-08 09:37:48.364 26584 RALLYDEBUG rally.task.runner [-] Starting a worker. concurrency: 2 args: {"network_create_args": {}, "port_create_args": {}, "ports_per_network": 5, "port_update_args": {"admin_state_up": false, "device_id": "dummy_id", "device_owner": "dummy_owner", "name": "_port_updated"}} times: 40 method_name: run timeout: 0 duration: None cls:
2019-07-08 09:37:48.367 26581 INFO rally.task.runner [-] Task 8e99c22b-70c5-49a3-b51b-87013a88d735 | ITER: 2 START
2019-07-08 09:37:48.368 26581 WARNING rally_openstack.scenarios.neutron.utils [-] Running this scenario without either the 'network' or 'existing_network' context is deprecated
2019-07-08 09:37:48.367 26586 RALLYDEBUG rally.task.runner [-] Starting a worker. concurrency: 1 args: {"network_create_args": {}, "port_create_args": {}, "ports_per_network": 5, "port_update_args": {"admin_state_up": false, "device_id": "dummy_id", "device_owner": "dummy_owner", "name": "_port_updated"}} times: 40 method_name: run timeout: 0 duration: None cls:
2019-07-08 09:37:48.368 26589 RALLYDEBUG rally.task.runner [-] Starting a worker. concurrency: 1 args: {"network_create_args": {}, "port_create_args": {}, "ports_per_network": 5, "port_update_args": {"admin_state_up": false, "device_id": "dummy_id", "device_owner": "dummy_owner", "name": "_port_updated"}} times: 40 method_name: run timeout: 0 duration: None cls:
2019-07-08 09:37:48.372 26582 INFO rally.task.runner [-] Task 8e99c22b-70c5-49a3-b51b-87013a88d735 | ITER: 3 START
2019-07-08 09:37:48.373 26582 WARNING rally_openstack.scenarios.neutron.utils [-] Running this scenario without either the 'network' or 'existing_network' context is deprecated
2019-07-08 09:37:48.374 26589 INFO rally.task.runner [-] Task 8e99c22b-70c5-49a3-b51b-87013a88d735 | ITER: 9 START
2019-07-08 09:37:48.369 26583 INFO rally.task.runner [-] Task 8e99c22b-70c5-49a3-b51b-87013a88d735 | ITER: 5 START
2019-07-08 09:37:48.374 26592 RALLYDEBUG rally.task.runner [-] Starting a worker. concurrency: 1 args: {"network_create_args": {}, "port_create_args": {}, "ports_per_network": 5, "port_update_args": {"admin_state_up": false, "device_id": "dummy_id", "device_owner": "dummy_owner", "name": "_port_updated"}} times: 40 method_name: run timeout: 0 duration: None cls:
2019-07-08 09:37:48.375 26589 WARNING rally_openstack.scenarios.neutron.utils [-] Running this scenario without either the 'network' or 'existing_network' context is deprecated
2019-07-08 09:37:48.375 26583 WARNING rally_openstack.scenarios.neutron.utils [-] Running this scenario without either the 'network' or 'existing_network' context is deprecated
2019-07-08 09:37:48.376 26584 INFO rally.task.runner [-] Task 8e99c22b-70c5-49a3-b51b-87013a88d735 | ITER: 6 START
2019-07-08 09:37:48.367 26581 WARNING rally_openstack.scenarios.neutron.utils [-] Running this scenario without either the 'network' or 'existing_network' context is deprecated
2019-07-08 09:37:48.378 26584 WARNING rally_openstack.scenarios.neutron.utils [-] Running this scenario without either the 'network' or 'existing_network' context is deprecated
2019-07-08 09:37:48.378 26586 INFO rally.task.runner [-] Task 8e99c22b-70c5-49a3-b51b-87013a88d735 | ITER: 8 START
2019-07-08 09:37:48.380 26586 WARNING rally_openstack.scenarios.neutron.utils [-] Running this scenario without either the 'network' or 'existing_network' context is deprecated
2019-07-08 09:37:48.379 26596 RALLYDEBUG rally.task.runner [-] Starting a worker. concurrency: 1 args: {"network_create_args": {}, "port_create_args": {}, "ports_per_network": 5, "port_update_args": {"admin_state_up": false, "device_id": "dummy_id", "device_owner": "dummy_owner", "name": "_port_updated"}} times: 40 method_name: run timeout: 0 duration: None cls:
2019-07-08 09:37:48.381 26598 RALLYDEBUG rally.task.runner [-] Starting a worker. concurrency: 1 args: {"network_create_args": {}, "port_create_args": {}, "ports_per_network": 5, "port_update_args": {"admin_state_up": false, "device_id": "dummy_id", "device_owner": "dummy_owner", "name": "_port_updated"}} times: 40 method_name: run timeout: 0 duration: None cls:
2019-07-08 09:37:48.382 26582 INFO rally.task.runner [-] Task 8e99c22b-70c5-49a3-b51b-87013a88d735 | ITER: 4 START
2019-07-08 09:37:48.383 26582 WARNING rally_openstack.scenarios.neutron.utils [-] Running this scenario without either the 'network' or 'existing_network' context is deprecated
2019-07-08 09:37:48.384 26601 RALLYDEBUG rally.task.runner [-] Starting a worker. concurrency: 1 args: {"network_create_args": {}, "port_create_args": {}, "ports_per_network": 5, "port_update_args": {"admin_state_up": false, "device_id": "dummy_id", "device_owner": "dummy_owner", "name": "_port_updated"}} times: 40 method_name: run timeout: 0 duration: None cls:
2019-07-08 09:37:48.384 26607 RALLYDEBUG rally.task.runner [-] Starting a worker. concurrency: 1 args: {"network_create_args": {}, "port_create_args": {}, "ports_per_network": 5, "port_update_args": {"admin_state_up": false, "device_id": "dummy_id", "device_owner": "dummy_owner", "name": "_port_updated"}} times: 40 method_name: run timeout: 0 duration: None cls:
2019-07-08 09:37:48.386 26583 INFO rally.task.runner [-] Task 8e99c22b-70c5-49a3-b51b-87013a88d735 | ITER: 7 START
2019-07-08 09:37:48.386 26583 WARNING rally_openstack.scenarios.neutron.utils [-] Running this scenario without either the 'network' or 'existing_network' context is deprecated
2019-07-08 09:37:48.388 26584 INFO rally.task.runner [-] Task 8e99c22b-70c5-49a3-b51b-87013a88d735 | ITER: 10 START
2019-07-08 09:37:48.388 26592 INFO rally.task.runner [-] Task 8e99c22b-70c5-49a3-b51b-87013a88d735 | ITER: 11 START
2019-07-08 09:37:48.388 26584 WARNING rally_openstack.scenarios.neutron.utils [-] Running this scenario without either the 'network' or 'existing_network' context is deprecated
2019-07-08 09:37:48.389 26592 WARNING rally_openstack.scenarios.neutron.utils [-] Running this scenario without either the 'network' or 'existing_network' context is deprecated
2019-07-08 09:37:48.389 26598 INFO rally.task.runner [-] Task 8e99c22b-70c5-49a3-b51b-87013a88d735 | ITER: 13 START
2019-07-08 09:37:48.389 26601 INFO rally.task.runner [-] Task 8e99c22b-70c5-49a3-b51b-87013a88d735 | ITER: 14 START
2019-07-08 09:37:48.389 26596 INFO rally.task.runner [-] Task 8e99c22b-70c5-49a3-b51b-87013a88d735 | ITER: 12 START
2019-07-08 09:37:48.391 26601 WARNING rally_openstack.scenarios.neutron.utils [-] Running this scenario without either the 'network' or 'existing_network' context is deprecated
2019-07-08 09:37:48.391 26596 WARNING rally_openstack.scenarios.neutron.utils [-] Running this scenario without either the 'network' or 'existing_network' context is deprecated
2019-07-08 09:37:48.391 26598 WARNING rally_openstack.scenarios.neutron.utils [-] Running this scenario without either the 'network' or 'existing_network' context is deprecated
2019-07-08 09:37:48.393 26608 RALLYDEBUG rally.task.runner [-] Starting a worker. concurrency: 1 args: {"network_create_args": {}, "port_create_args": {}, "ports_per_network": 5, "port_update_args": {"admin_state_up": false, "device_id": "dummy_id", "device_owner": "dummy_owner", "name": "_port_updated"}} times: 40 method_name: run timeout: 0 duration: None cls:
2019-07-08 09:37:48.395 26607 INFO rally.task.runner [-] Task 8e99c22b-70c5-49a3-b51b-87013a88d735 | ITER: 15 START
2019-07-08 09:37:48.396 26607 WARNING rally_openstack.scenarios.neutron.utils [-] Running this scenario without either the 'network' or 'existing_network' context is deprecated
2019-07-08 09:37:48.398 26608 INFO rally.task.runner [-] Task 8e99c22b-70c5-49a3-b51b-87013a88d735 | ITER: 16 START
2019-07-08 09:37:48.387 26611 RALLYDEBUG rally.task.runner [-] Starting a worker. concurrency: 1 args: {"network_create_args": {}, "port_create_args": {}, "ports_per_network": 5, "port_update_args": {"admin_state_up": false, "device_id": "dummy_id", "device_owner": "dummy_owner", "name": "_port_updated"}} times: 40 method_name: run timeout: 0 duration: None cls:
2019-07-08 09:37:48.402 26608 WARNING rally_openstack.scenarios.neutron.utils [-] Running this scenario without either the 'network' or 'existing_network' context is deprecated
2019-07-08 09:37:48.405 26621 RALLYDEBUG rally.task.runner [-] Starting a worker. concurrency: 1 args: {"network_create_args": {}, "port_create_args": {}, "ports_per_network": 5, "port_update_args": {"admin_state_up": false, "device_id": "dummy_id", "device_owner": "dummy_owner", "name": "_port_updated"}} times: 40 method_name: run timeout: 0 duration: None cls:
2019-07-08 09:37:48.407 26611 INFO rally.task.runner [-] Task 8e99c22b-70c5-49a3-b51b-87013a88d735 | ITER: 17 START
2019-07-08 09:37:48.407 26618 RALLYDEBUG rally.task.runner [-] Starting a worker. concurrency: 1 args: {"network_create_args": {}, "port_create_args": {}, "ports_per_network": 5, "port_update_args": {"admin_state_up": false, "device_id": "dummy_id", "device_owner": "dummy_owner", "name": "_port_updated"}} times: 40 method_name: run timeout: 0 duration: None cls:
2019-07-08 09:37:48.411 26611 WARNING rally_openstack.scenarios.neutron.utils [-] Running this scenario without either the 'network' or 'existing_network' context is deprecated
2019-07-08 09:37:48.412 26621 INFO rally.task.runner [-] Task 8e99c22b-70c5-49a3-b51b-87013a88d735 | ITER: 18 START
2019-07-08 09:37:48.413 26624 RALLYDEBUG rally.task.runner [-] Starting a worker. concurrency: 1 args: {"network_create_args": {}, "port_create_args": {}, "ports_per_network": 5, "port_update_args": {"admin_state_up": false, "device_id": "dummy_id", "device_owner": "dummy_owner", "name": "_port_updated"}} times: 40 method_name: run timeout: 0 duration: None cls:
2019-07-08 09:37:48.412 26618 INFO rally.task.runner [-] Task 8e99c22b-70c5-49a3-b51b-87013a88d735 | ITER: 19 START
2019-07-08 09:37:48.415 26621 WARNING rally_openstack.scenarios.neutron.utils [-] Running this scenario without either the 'network' or 'existing_network' context is deprecated
2019-07-08 09:37:48.418 26618 WARNING rally_openstack.scenarios.neutron.utils [-] Running this scenario without either the 'network' or 'existing_network' context is deprecated
2019-07-08 09:37:48.420 26624 INFO rally.task.runner [-] Task 8e99c22b-70c5-49a3-b51b-87013a88d735 | ITER: 20 START
2019-07-08 09:37:48.424 26624 WARNING rally_openstack.scenarios.neutron.utils [-] Running this scenario without either the 'network' or 'existing_network' context is deprecated
2019-07-08 09:37:57.241 26624 INFO rally.task.runner [-] Task 8e99c22b-70c5-49a3-b51b-87013a88d735 | ITER: 20 END: OK
2019-07-08 09:37:57.246 26624 INFO rally.task.runner [-] Task 8e99c22b-70c5-49a3-b51b-87013a88d735 | ITER: 21 START
2019-07-08 09:37:57.246 26624 WARNING rally_openstack.scenarios.neutron.utils [-] Running this scenario without either the 'network' or 'existing_network' context is deprecated
2019-07-08 09:37:58.289 26582 INFO rally.task.runner [-] Task 8e99c22b-70c5-49a3-b51b-87013a88d735 | ITER: 3 END: OK
2019-07-08 09:37:58.292 26582 INFO rally.task.runner [-] Task 8e99c22b-70c5-49a3-b51b-87013a88d735 | ITER: 22 START
2019-07-08 09:37:58.293 26582 WARNING rally_openstack.scenarios.neutron.utils [-] Running this scenario without either the 'network' or 'existing_network' context is deprecated
2019-07-08 09:37:59.607 26618 INFO rally.task.runner [-] Task 8e99c22b-70c5-49a3-b51b-87013a88d735 | ITER: 19 END: OK
2019-07-08 09:37:59.610 26618 INFO rally.task.runner [-] Task 8e99c22b-70c5-49a3-b51b-87013a88d735 | ITER: 23 START
2019-07-08 09:37:59.610 26618 WARNING rally_openstack.scenarios.neutron.utils [-] Running this scenario without either the 'network' or 'existing_network' context is deprecated
2019-07-08 09:38:05.302 26624 INFO rally.task.runner [-] Task 8e99c22b-70c5-49a3-b51b-87013a88d735 | ITER: 21 END: OK
2019-07-08 09:38:05.305 26624 INFO rally.task.runner [-] Task 8e99c22b-70c5-49a3-b51b-87013a88d735 | ITER: 24 START
2019-07-08 09:38:05.305 26624 WARNING rally_openstack.scenarios.neutron.utils [-] Running this scenario without either the 'network' or 'existing_network' context is deprecated
2019-07-08 09:38:06.596 26582 INFO rally.task.runner [-] Task 8e99c22b-70c5-49a3-b51b-87013a88d735 | ITER: 4 END: OK
2019-07-08 09:38:06.599 26582 INFO rally.task.runner [-] Task 8e99c22b-70c5-49a3-b51b-87013a88d735 | ITER: 25 START
2019-07-08 09:38:06.600 26582 WARNING rally_openstack.scenarios.neutron.utils [-] Running this scenario without either the 'network' or 'existing_network' context is deprecated
2019-07-08 09:38:06.623 26584 INFO rally.task.runner [-] Task 8e99c22b-70c5-49a3-b51b-87013a88d735 | ITER: 6 END: OK
2019-07-08 09:38:06.626 26584 INFO rally.task.runner [-] Task 8e99c22b-70c5-49a3-b51b-87013a88d735 | ITER: 26 START
2019-07-08 09:38:06.627 26584 WARNING rally_openstack.scenarios.neutron.utils [-] Running this scenario without either the 'network' or 'existing_network' context is deprecated
2019-07-08 09:38:06.734 26582 INFO rally.task.runner [-] Task 8e99c22b-70c5-49a3-b51b-87013a88d735 | ITER: 22 END: OK
2019-07-08 09:38:06.738 26582 INFO rally.task.runner [-] Task 8e99c22b-70c5-49a3-b51b-87013a88d735 | ITER: 27 START
2019-07-08 09:38:06.739 26582 WARNING rally_openstack.scenarios.neutron.utils [-] Running this scenario without either the 'network' or 'existing_network' context is deprecated
2019-07-08 09:38:08.000 26618 INFO rally.task.runner [-] Task 8e99c22b-70c5-49a3-b51b-87013a88d735 | ITER: 23 END: OK
2019-07-08 09:38:08.004 26618 INFO rally.task.runner [-] Task 8e99c22b-70c5-49a3-b51b-87013a88d735 | ITER: 28 START
2019-07-08 09:38:08.005 26618 WARNING rally_openstack.scenarios.neutron.utils [-] Running this scenario without either the 'network' or 'existing_network' context is deprecated
2019-07-08 09:38:13.099 26583 INFO rally.task.runner [-] Task 8e99c22b-70c5-49a3-b51b-87013a88d735 | ITER: 7 END: OK
2019-07-08 09:38:13.103 26583 INFO rally.task.runner [-] Task 8e99c22b-70c5-49a3-b51b-87013a88d735 | ITER: 29 START
2019-07-08 09:38:13.104 26583 WARNING rally_openstack.scenarios.neutron.utils [-] Running this scenario without either the 'network' or 'existing_network' context is deprecated
2019-07-08 09:38:13.490 26583 INFO rally.task.runner [-] Task 8e99c22b-70c5-49a3-b51b-87013a88d735 | ITER: 5 END: OK
2019-07-08 09:38:13.494 26583 INFO rally.task.runner [-] Task 8e99c22b-70c5-49a3-b51b-87013a88d735 | ITER: 30 START
2019-07-08 09:38:13.495 26583 WARNING rally_openstack.scenarios.neutron.utils [-] Running this scenario without either the 'network' or 'existing_network' context is deprecated
2019-07-08 09:38:13.528 26598 INFO rally.task.runner [-] Task 8e99c22b-70c5-49a3-b51b-87013a88d735 | ITER: 13 END: OK
2019-07-08 09:38:13.533 26598 INFO rally.task.runner [-] Task 8e99c22b-70c5-49a3-b51b-87013a88d735 | ITER: 31 START
2019-07-08 09:38:13.533 26598 WARNING rally_openstack.scenarios.neutron.utils [-] Running this scenario without either the 'network' or 'existing_network' context is deprecated
2019-07-08 09:38:13.795 26607 INFO rally.task.runner [-] Task 8e99c22b-70c5-49a3-b51b-87013a88d735 | ITER: 15 END: OK
2019-07-08 09:38:13.799 26607 INFO rally.task.runner [-] Task 8e99c22b-70c5-49a3-b51b-87013a88d735 | ITER: 32 START
2019-07-08 09:38:13.799 26607 WARNING rally_openstack.scenarios.neutron.utils [-] Running this scenario without either the 'network' or 'existing_network' context is deprecated
2019-07-08 09:38:13.806 26624 INFO rally.task.runner [-] Task 8e99c22b-70c5-49a3-b51b-87013a88d735 | ITER: 24 END: OK
2019-07-08 09:38:13.810 26624 INFO rally.task.runner [-] Task 8e99c22b-70c5-49a3-b51b-87013a88d735 | ITER: 33 START
2019-07-08 09:38:13.810 26624 WARNING rally_openstack.scenarios.neutron.utils [-] Running this scenario without either the 'network' or 'existing_network' context is deprecated
2019-07-08 09:38:13.839 26592 INFO rally.task.runner [-] Task 8e99c22b-70c5-49a3-b51b-87013a88d735 | ITER: 11 END: OK
2019-07-08 09:38:13.843 26581 INFO rally.task.runner [-] Task 8e99c22b-70c5-49a3-b51b-87013a88d735 | ITER: 1 END: OK
2019-07-08 09:38:13.843 26592 INFO rally.task.runner [-] Task 8e99c22b-70c5-49a3-b51b-87013a88d735 | ITER: 34 START
2019-07-08 09:38:13.843 26592 WARNING rally_openstack.scenarios.neutron.utils [-] Running this scenario without either the 'network' or 'existing_network' context is deprecated
2019-07-08 09:38:13.847 26581 INFO rally.task.runner [-] Task 8e99c22b-70c5-49a3-b51b-87013a88d735 | ITER: 35 START
2019-07-08 09:38:13.847 26581 WARNING rally_openstack.scenarios.neutron.utils [-] Running this scenario without either the 'network' or 'existing_network' context is deprecated
2019-07-08 09:38:14.229 26589 INFO rally.task.runner [-] Task 8e99c22b-70c5-49a3-b51b-87013a88d735 | ITER: 9 END: OK
2019-07-08 09:38:14.234 26589 INFO rally.task.runner [-] Task 8e99c22b-70c5-49a3-b51b-87013a88d735 | ITER: 36 START
2019-07-08 09:38:14.235 26589 WARNING rally_openstack.scenarios.neutron.utils [-] Running this scenario without either the 'network' or 'existing_network' context is deprecated
2019-07-08 09:38:14.305 26601 INFO rally.task.runner [-] Task 8e99c22b-70c5-49a3-b51b-87013a88d735 | ITER: 14 END: OK
2019-07-08 09:38:14.309 26601 INFO rally.task.runner [-] Task 8e99c22b-70c5-49a3-b51b-87013a88d735 | ITER: 37 START
2019-07-08 09:38:14.310 26601 WARNING rally_openstack.scenarios.neutron.utils [-] Running this scenario without either the 'network' or 'existing_network' context is deprecated
2019-07-08 09:38:14.475 26586 INFO rally.task.runner [-] Task 8e99c22b-70c5-49a3-b51b-87013a88d735 | ITER: 8 END: OK
2019-07-08 09:38:14.479 26586 INFO rally.task.runner [-] Task 8e99c22b-70c5-49a3-b51b-87013a88d735 | ITER: 38 START
2019-07-08 09:38:14.480 26586 WARNING rally_openstack.scenarios.neutron.utils [-] Running this scenario without either the 'network' or 'existing_network' context is deprecated
2019-07-08 09:38:14.511 26611 INFO rally.task.runner [-] Task 8e99c22b-70c5-49a3-b51b-87013a88d735 | ITER: 17 END: OK
2019-07-08 09:38:14.514 26611 INFO rally.task.runner [-] Task 8e99c22b-70c5-49a3-b51b-87013a88d735 | ITER: 39 START
2019-07-08 09:38:14.515 26611 WARNING rally_openstack.scenarios.neutron.utils [-] Running this scenario without either the 'network' or 'existing_network' context is deprecated
2019-07-08 09:38:14.654 26584 INFO rally.task.runner [-] Task 8e99c22b-70c5-49a3-b51b-87013a88d735 | ITER: 10 END: OK
2019-07-08 09:38:14.658 26584 INFO rally.task.runner [-] Task 8e99c22b-70c5-49a3-b51b-87013a88d735 | ITER: 40 START
2019-07-08 09:38:14.659 26584 WARNING rally_openstack.scenarios.neutron.utils [-] Running this scenario without either the 'network' or 'existing_network' context is deprecated
2019-07-08 09:38:14.670 26596 INFO rally.task.runner [-] Task 8e99c22b-70c5-49a3-b51b-87013a88d735 | ITER: 12 END: OK
2019-07-08 09:38:14.756 26581 INFO rally.task.runner [-] Task 8e99c22b-70c5-49a3-b51b-87013a88d735 | ITER: 2 END: OK
2019-07-08 09:38:14.822 26621 INFO rally.task.runner [-] Task 8e99c22b-70c5-49a3-b51b-87013a88d735 | ITER: 18 END: OK
2019-07-08 09:38:15.230 26608 INFO rally.task.runner [-] Task 8e99c22b-70c5-49a3-b51b-87013a88d735 | ITER: 16 END: OK
2019-07-08 09:38:16.110 26582 INFO rally.task.runner [-] Task 8e99c22b-70c5-49a3-b51b-87013a88d735 | ITER: 25 END: OK
2019-07-08 09:38:16.606 26582 INFO rally.task.runner [-] Task 8e99c22b-70c5-49a3-b51b-87013a88d735 | ITER: 27 END: OK
2019-07-08 09:38:16.651 26584 INFO rally.task.runner [-] Task 8e99c22b-70c5-49a3-b51b-87013a88d735 | ITER: 26 END: OK
2019-07-08 09:38:19.793 26618 INFO rally.task.runner [-] Task 8e99c22b-70c5-49a3-b51b-87013a88d735 | ITER: 28 END: OK
2019-07-08 09:38:23.093 26589 INFO rally.task.runner [-] Task 8e99c22b-70c5-49a3-b51b-87013a88d735 | ITER: 36 END: OK
2019-07-08 09:38:23.296 26611 INFO rally.task.runner [-] Task 8e99c22b-70c5-49a3-b51b-87013a88d735 | ITER: 39 END: OK
2019-07-08 09:38:25.154 26624 INFO rally.task.runner [-] Task 8e99c22b-70c5-49a3-b51b-87013a88d735 | ITER: 33 END: OK
2019-07-08 09:38:26.690 26598 INFO rally.task.runner [-] Task 8e99c22b-70c5-49a3-b51b-87013a88d735 | ITER: 31 END: OK
2019-07-08 09:38:27.258 26607 INFO rally.task.runner [-] Task 8e99c22b-70c5-49a3-b51b-87013a88d735 | ITER: 32 END: OK
2019-07-08 09:38:27.498 26592 INFO rally.task.runner [-] Task 8e99c22b-70c5-49a3-b51b-87013a88d735 | ITER: 34 END: OK
2019-07-08 09:38:27.541 26583 INFO rally.task.runner [-] Task 8e99c22b-70c5-49a3-b51b-87013a88d735 | ITER: 29 END: OK
2019-07-08 09:38:27.821 26583 INFO rally.task.runner [-] Task 8e99c22b-70c5-49a3-b51b-87013a88d735 | ITER: 30 END: OK
2019-07-08 09:38:27.948 26584 INFO rally.task.runner [-] Task 8e99c22b-70c5-49a3-b51b-87013a88d735 | ITER: 40 END: OK
2019-07-08 09:38:33.448 26581 INFO rally.task.runner [-] Task 8e99c22b-70c5-49a3-b51b-87013a88d735 | ITER: 35 END: OK
2019-07-08 09:38:33.673 26586 INFO rally.task.runner [-] Task 8e99c22b-70c5-49a3-b51b-87013a88d735 | ITER: 38 END: OK
2019-07-08 09:38:34.233 26601 INFO rally.task.runner [-] Task 8e99c22b-70c5-49a3-b51b-87013a88d735 | ITER: 37 END: OK
2019-07-08 09:38:34.263 22705 INFO rally.task.context [-] Task 8e99c22b-70c5-49a3-b51b-87013a88d735 | Context cleanup@openstack cleanup() started
2019-07-08 09:38:34.268 22705 RALLYDEBUG rally_openstack.cleanup.manager [-] Cleaning up neutron vip objects
2019-07-08 09:38:34.897 22705 RALLYDEBUG rally_openstack.cleanup.manager [-] Cleaning up neutron health_monitor objects
2019-07-08 09:38:35.517 22705 RALLYDEBUG rally_openstack.cleanup.manager [-] Cleaning up neutron pool objects
2019-07-08 09:38:36.249 22705 RALLYDEBUG rally_openstack.cleanup.manager [-] Cleaning up neutron loadbalancer objects
2019-07-08 09:38:37.001 22705 RALLYDEBUG rally_openstack.cleanup.manager [-] Cleaning up neutron floatingip objects
2019-07-08 09:38:37.901 22705 RALLYDEBUG rally_openstack.cleanup.manager [-] Cleaning up neutron port objects
2019-07-08 09:38:39.112 22705 RALLYDEBUG rally_openstack.cleanup.manager [-] Deleting neutron.port object s_rally_020d84d6_TSphwsqs (00688187-1282-47c5-98b3-4ff88de9b82c)
2019-07-08 09:38:39.113 22705 RALLYDEBUG rally_openstack.cleanup.manager [-] Deleting neutron.port object s_rally_020d84d6_MM9b6xQ4 (06bb1697-6674-4de8-ba8d-d2a5e01854b5)
2019-07-08 09:38:39.120 22705 RALLYDEBUG rally_openstack.cleanup.manager [-] Deleting neutron.port object s_rally_020d84d6_pXkq9L9t (0a470132-959c-41dc-a66b-008b62fdbead)
2019-07-08 09:38:39.121 22705 RALLYDEBUG rally_openstack.cleanup.manager [-] Deleting neutron.port object s_rally_020d84d6_1zT8i0Qu (0153e28b-69a4-4520-bfec-983fcf60ebdd)
2019-07-08 09:38:39.127 22705 RALLYDEBUG rally_openstack.cleanup.manager [-] Deleting neutron.port object s_rally_020d84d6_6lHENcmp (06e296b5-2124-41d9-84da-edf8453cfd64)
2019-07-08 09:38:39.132 22705 RALLYDEBUG rally_openstack.cleanup.manager [-] Deleting neutron.port object s_rally_020d84d6_q1kr4qII (0344099d-06ef-49f0-a51f-9e197858550a)
2019-07-08 09:38:39.133 22705 RALLYDEBUG rally_openstack.cleanup.manager [-] Deleting neutron.port object s_rally_020d84d6_2b5Z1A7l (041bc8b4-3c97-4b9a-8695-72712d3cf465)
2019-07-08 09:38:39.137 22705 RALLYDEBUG rally_openstack.cleanup.manager [-] Deleting neutron.port object s_rally_020d84d6_2Mcbalag (0ab4b702-25dd-4e22-ba45-c535b5cfce62)
2019-07-08 09:38:39.140 22705 RALLYDEBUG rally_openstack.cleanup.manager [-] Deleting neutron.port object s_rally_020d84d6_5cVBegVT (0472b85b-4358-42ef-b034-26076ff0b113)
2019-07-08 09:38:39.140 22705 RALLYDEBUG rally_openstack.cleanup.manager [-] Deleting neutron.port object s_rally_020d84d6_7XSjRx58 (0f9e6b06-2045-4074-bcd1-2012adfcb8e6)
2019-07-08 09:38:39.152 22705 RALLYDEBUG rally_openstack.cleanup.manager [-] Deleting neutron.port object s_rally_020d84d6_sbmf9oxZ (0fe21ff8-2b55-48e3-a1d0-1f9f000f73ff)
2019-07-08 09:38:39.157 22705 RALLYDEBUG rally_openstack.cleanup.manager [-] Deleting neutron.port object s_rally_020d84d6_57QAJSPj (09d6e37d-d8bd-4d60-a400-3411ee3834f3)
2019-07-08 09:38:39.160 22705 RALLYDEBUG rally_openstack.cleanup.manager [-] Deleting neutron.port object s_rally_020d84d6_SuPHyW75 (110a9b1b-47e0-46f1-9b78-255f49b93c9c)
2019-07-08 09:38:39.170 22705 RALLYDEBUG rally_openstack.cleanup.manager [-] Deleting neutron.port object s_rally_020d84d6_A6mJv3oy (12fa8cd0-9717-42c8-a78b-f137fe7a855a)
2019-07-08 09:38:39.184 22705 RALLYDEBUG rally_openstack.cleanup.manager [-] Deleting neutron.port object s_rally_020d84d6_tnf7j2bC (165cbcac-0b49-47bd-be30-e4f53f0b1827)
2019-07-08 09:38:39.197 22705 RALLYDEBUG rally_openstack.cleanup.manager [-] Deleting neutron.port object s_rally_020d84d6_0IY9syfd (196e40b3-530e-43cc-884d-360558e00fbc)
2019-07-08 09:38:39.219 22705 RALLYDEBUG rally_openstack.cleanup.manager [-] Deleting neutron.port object s_rally_020d84d6_YoBRJJ2S (1bd0f30c-8861-42d6-b17d-4b90e6c994b6)
2019-07-08 09:38:39.220 22705 RALLYDEBUG rally_openstack.cleanup.manager [-] Deleting neutron.port object s_rally_020d84d6_Ywl7tRRw (1bc934fd-fce9-43dd-8110-f1f2cd39f3df)
2019-07-08 09:38:39.229 22705 RALLYDEBUG rally_openstack.cleanup.manager [-] Deleting neutron.port object s_rally_020d84d6_x8GyaM7W (1c012916-6eda-433f-b0df-31473791d6a2)
2019-07-08 09:38:39.237 22705 RALLYDEBUG rally_openstack.cleanup.manager [-] Deleting neutron.port object s_rally_020d84d6_BYTXPB4V (1c5b25a2-9999-439d-9d15-1f48c37dfcff)
2019-07-08 09:38:41.781 22705 RALLYDEBUG rally_openstack.cleanup.manager [-] Deleting neutron.port object s_rally_020d84d6_eezWEhBi (1d141cd7-47f7-475e-b629-dc3da2148e41)
2019-07-08 09:38:41.977 22705 RALLYDEBUG rally_openstack.cleanup.manager [-] Deleting neutron.port object s_rally_020d84d6_04dvQ5Nv (1d76f81d-3c7b-4ce5-a709-3a891cb50802)
2019-07-08 09:38:41.988 22705 RALLYDEBUG rally_openstack.cleanup.manager [-] Deleting neutron.port object s_rally_020d84d6_vlm1edeV (1dca2df1-6727-4227-b3ba-6a2b7af46651)
2019-07-08 09:38:43.271 22705 RALLYDEBUG rally_openstack.cleanup.manager [-] Deleting neutron.port object s_rally_020d84d6_dPXkCmqT (1edd35a8-fd2f-4967-9cc1-aa884a6a1780)
2019-07-08 09:38:43.274 22705 RALLYDEBUG rally_openstack.cleanup.manager [-] Deleting neutron.port object s_rally_020d84d6_igSgRj9W (2069644d-19cc-4328-b5c2-b60aea8981fa)
2019-07-08 09:38:43.474 22705 RALLYDEBUG rally_openstack.cleanup.manager [-] Deleting neutron.port object s_rally_020d84d6_3702YUfh (2100a927-1986-47d4-b7e8-a8149a056f0a)
2019-07-08 09:38:43.893 22705 RALLYDEBUG rally_openstack.cleanup.manager [-] Deleting neutron.port object s_rally_020d84d6_ctBfZsLv (21561155-e744-4ba7-af3c-b07099d559dc)
2019-07-08 09:38:43.978 22705 RALLYDEBUG rally_openstack.cleanup.manager [-] Deleting neutron.port object s_rally_020d84d6_P8zjwrw6 (223e8403-b13a-4d85-8fc2-c3de8b67f07a)
2019-07-08 09:38:44.087 22705 RALLYDEBUG rally_openstack.cleanup.manager [-] Deleting neutron.port object s_rally_020d84d6_MvNCX1b3 (22fbafb1-2358-411f-bf9b-904564690a30)
2019-07-08 09:38:44.138 22705 RALLYDEBUG rally_openstack.cleanup.manager [-] Deleting neutron.port object s_rally_020d84d6_RBYAtV25 (2338a157-6cdc-48b7-bd7e-6319d310aab4)
2019-07-08 09:38:44.446 22705 RALLYDEBUG rally_openstack.cleanup.manager [-] Deleting neutron.port object s_rally_020d84d6_24L2zTQn (237cdbd7-e49f-4b41-b0c2-90dc5f526448)
2019-07-08 09:38:44.544 22705 RALLYDEBUG rally_openstack.cleanup.manager [-] Deleting neutron.port object s_rally_020d84d6_OqBEFjNY (26f3c352-63c0-4ce6-8bf0-664ad4be5f2c)
2019-07-08 09:38:44.900 22705 RALLYDEBUG rally_openstack.cleanup.manager [-] Deleting neutron.port object s_rally_020d84d6_uM8iHOQb (272e9ec3-e591-4cc4-a948-5a35002ddf80)
2019-07-08 09:38:44.920 22705 RALLYDEBUG rally_openstack.cleanup.manager [-] Deleting neutron.port object s_rally_020d84d6_GCcZQu9I (27db457f-ccc5-4964-a0ac-e851f15de329)
2019-07-08 09:38:45.035 22705 RALLYDEBUG rally_openstack.cleanup.manager [-] Deleting neutron.port object s_rally_020d84d6_UPkFZSQs (288db286-39bf-4c5b-956e-6e5956185f00)
2019-07-08 09:38:45.085 22705 RALLYDEBUG rally_openstack.cleanup.manager [-] Deleting neutron.port object s_rally_020d84d6_6lDHX8OD (292499e4-169b-42d9-b82e-874dd2c75b12)
2019-07-08 09:38:45.493 22705 RALLYDEBUG rally_openstack.cleanup.manager [-] Deleting neutron.port object s_rally_020d84d6_Y01beDdx (2a38d762-f2e0-46c0-8562-73974174501c)
2019-07-08 09:38:45.596 22705 RALLYDEBUG rally_openstack.cleanup.manager [-] Deleting neutron.port object s_rally_020d84d6_4CtuUs1f (2b503b2c-4277-4807-b3ce-f00e94cffdf6)
2019-07-08 09:38:45.647 22705 RALLYDEBUG rally_openstack.cleanup.manager [-] Deleting neutron.port object s_rally_020d84d6_ICBwGqHB (2b7778a5-a0c3-47eb-8b35-92133dea3220)
2019-07-08 09:38:46.075 22705 RALLYDEBUG rally_openstack.cleanup.manager [-] Deleting neutron.port object s_rally_020d84d6_JtSBI7ui (2e1cc927-ba2a-4806-9265-332a6addfb71)
2019-07-08 09:38:46.271 22705 RALLYDEBUG rally_openstack.cleanup.manager [-] Deleting neutron.port object s_rally_020d84d6_j4ZBlMCt (317e196b-9416-4c5a-9576-3330fbefc826)
2019-07-08 09:38:46.323 22705 RALLYDEBUG rally_openstack.cleanup.manager [-] Deleting neutron.port object s_rally_020d84d6_pSKZDvO1 (330b4135-bf26-40bd-9951-19ffb8b518c8)
2019-07-08 09:38:46.432 22705 RALLYDEBUG rally_openstack.cleanup.manager [-] Deleting neutron.port object s_rally_020d84d6_gAANqH0t (3415382c-f2a3-47e1-ba54-6674a7e01206)
2019-07-08 09:38:46.764 22705 RALLYDEBUG rally_openstack.cleanup.manager [-] Deleting neutron.port object s_rally_020d84d6_4yxpZlpw (345cf641-430f-4eda-82be-d6ec57e2c12e)
2019-07-08 09:38:46.837 22705 RALLYDEBUG rally_openstack.cleanup.manager [-] Deleting neutron.port object s_rally_020d84d6_p15il45z (36323e89-cb7f-4f97-8acb-7018cd33d75d)
2019-07-08 09:38:47.130 22705 RALLYDEBUG rally_openstack.cleanup.manager [-] Deleting neutron.port object s_rally_020d84d6_5Mi5pZWZ (368800df-c60b-49ea-bdfb-274525aa0eb1)
2019-07-08 09:38:47.508 22705 RALLYDEBUG rally_openstack.cleanup.manager [-] Deleting neutron.port object s_rally_020d84d6_1COWswpk (37b23f7b-6ca0-419f-ad03-14113e1827ee)
2019-07-08 09:38:47.624 22705 RALLYDEBUG rally_openstack.cleanup.manager [-] Deleting neutron.port object s_rally_020d84d6_yOEdphPE (39b9b7ce-7a11-414d-ba49-84ff46fc8904)
2019-07-08 09:38:47.794 22705 RALLYDEBUG rally_openstack.cleanup.manager [-] Deleting neutron.port object s_rally_020d84d6_TOxiWbnE (3acd59e4-e118-4e58-9d3a-681f2bf6c9ff)
2019-07-08 09:38:47.827 22705 RALLYDEBUG rally_openstack.cleanup.manager [-] Deleting neutron.port object s_rally_020d84d6_Xr3IJl4N (4020f054-082b-4928-aa3b-6c83c59df196)
2019-07-08 09:38:47.888 22705 RALLYDEBUG rally_openstack.cleanup.manager [-] Deleting neutron.port object s_rally_020d84d6_ryw0AssP (4296e094-3d9c-4287-afde-d94bc14f37be)
2019-07-08 09:38:48.145 22705 RALLYDEBUG rally_openstack.cleanup.manager [-] Deleting neutron.port object s_rally_020d84d6_vgymjJTL (444c0fe8-2b25-407b-b2eb-4bf6b6bfc0db)
2019-07-08 09:38:48.198 22705 RALLYDEBUG rally_openstack.cleanup.manager [-] Deleting neutron.port object s_rally_020d84d6_Gn1WZQqU (44b307a1-f60d-4c83-8d8a-c79acd754255)
2019-07-08 09:38:48.642 22705 RALLYDEBUG rally_openstack.cleanup.manager [-] Deleting neutron.port object s_rally_020d84d6_PID7yDsE (44cc0c93-eb15-4e40-9ace-9b346014c89f)
2019-07-08 09:38:48.829 22705 RALLYDEBUG rally_openstack.cleanup.manager [-] Deleting neutron.port object s_rally_020d84d6_TtSnFDUq (4534cdca-5550-4f76-9846-dc5779fbfddd)
2019-07-08 09:38:49.156 22705 RALLYDEBUG rally_openstack.cleanup.manager [-] Deleting neutron.port object s_rally_020d84d6_XAjdX0Y6 (458b1bb0-f501-4f35-ac7f-3c76fb6e9fc8)
2019-07-08 09:38:49.311 22705 RALLYDEBUG rally_openstack.cleanup.manager [-] Deleting neutron.port object s_rally_020d84d6_b9qVaagx (4622a3b9-a8ec-47c6-af65-39a850618902)
2019-07-08 09:38:49.317 22705 RALLYDEBUG rally_openstack.cleanup.manager [-] Deleting neutron.port object s_rally_020d84d6_4mehjMqj (4baa17b3-87c5-49a7-b74f-e7e974e8e944)
2019-07-08 09:38:49.461 22705 RALLYDEBUG rally_openstack.cleanup.manager [-] Deleting neutron.port object s_rally_020d84d6_Q6s1HeZe (4c295d75-ad23-42ac-8045-2e0f44ca501b)
2019-07-08 09:38:49.497 22705 RALLYDEBUG rally_openstack.cleanup.manager [-] Deleting neutron.port object s_rally_020d84d6_JiBpNq0E (4cfbd43c-12f3-4f2b-b085-df6cf35f2567)
2019-07-08 09:38:49.587 22705 RALLYDEBUG rally_openstack.cleanup.manager [-] Deleting neutron.port object s_rally_020d84d6_CdrsGsdH (4d2a5c3e-1c94-4dbb-9cdc-3cb697d076da)
2019-07-08 09:38:49.650 22705 RALLYDEBUG rally_openstack.cleanup.manager [-] Deleting neutron.port object s_rally_020d84d6_ZSjYVlDW (4f89529d-afad-47dc-a6b3-70d1b04bf215)
2019-07-08 09:38:49.689 22705 RALLYDEBUG rally_openstack.cleanup.manager [-] Deleting neutron.port object s_rally_020d84d6_eCWDEjxG (4fbadcd9-6940-4fb3-a7cb-f27a560a87d2)
2019-07-08 09:38:49.758 22705 RALLYDEBUG rally_openstack.cleanup.manager [-] Deleting neutron.port object s_rally_020d84d6_KM55jY3a (50e9e49e-3600-45af-81c6-113ad2ed3624)
2019-07-08 09:38:49.763 22705 RALLYDEBUG rally_openstack.cleanup.manager [-] Deleting neutron.port object s_rally_020d84d6_UJXg9jVC (52eaf76c-ee99-4ab6-b965-63b83436dfb0)
2019-07-08 09:38:49.827 22705 RALLYDEBUG rally_openstack.cleanup.manager [-] Deleting neutron.port object s_rally_020d84d6_XsKuZdoJ (5631e951-b6b2-47a1-939c-fb22f1a23b24)
2019-07-08 09:38:49.895 22705 RALLYDEBUG rally_openstack.cleanup.manager [-] Deleting neutron.port object s_rally_020d84d6_7QADdpjG (56409465-7139-44bd-902a-c6c9d0b6fc16)
2019-07-08 09:38:49.910 22705 RALLYDEBUG rally_openstack.cleanup.manager [-] Deleting neutron.port object s_rally_020d84d6_cal4xpuZ (56683072-a852-44cd-b542-41932597bbda)
2019-07-08 09:38:50.418 22705 RALLYDEBUG rally_openstack.cleanup.manager [-] Deleting neutron.port object s_rally_020d84d6_wW0JxESZ (56ebdbc2-948c-4726-8b90-d0f82820082f)
