2019-07-08 09:24:18.664 24813 RALLYDEBUG rally.task.runner [-] Starting a worker. concurrency: 1 args: {"network_create_args": {}, "subnet_create_args": {}, "subnet_cidr_start": "1.1.0.0/30", "subnets_per_network": 2} times: 40 method_name: run timeout: 0 duration: None cls:
2019-07-08 09:24:18.663 24803 INFO rally.task.runner [-] Task 8e99c22b-70c5-49a3-b51b-87013a88d735 | ITER: 9 START
2019-07-08 09:24:18.667 24818 RALLYDEBUG rally.task.runner [-] Starting a worker. concurrency: 1 args: {"network_create_args": {}, "subnet_create_args": {}, "subnet_cidr_start": "1.1.0.0/30", "subnets_per_network": 2} times: 40 method_name: run timeout: 0 duration: None cls:
2019-07-08 09:24:18.668 24803 WARNING rally_openstack.scenarios.neutron.utils [-] Running this scenario without either the 'network' or 'existing_network' context is deprecated
2019-07-08 09:24:18.658 24800 WARNING rally_openstack.scenarios.neutron.utils [-] Running this scenario without either the 'network' or 'existing_network' context is deprecated
2019-07-08 09:24:18.669 24809 INFO rally.task.runner [-] Task 8e99c22b-70c5-49a3-b51b-87013a88d735 | ITER: 10 START
2019-07-08 09:24:18.671 24809 WARNING rally_openstack.scenarios.neutron.utils [-] Running this scenario without either the 'network' or 'existing_network' context is deprecated
2019-07-08 09:24:18.660 24801 WARNING rally_openstack.scenarios.neutron.utils [-] Running this scenario without either the 'network' or 'existing_network' context is deprecated
2019-07-08 09:24:18.670 24821 RALLYDEBUG rally.task.runner [-] Starting a worker. concurrency: 1 args: {"network_create_args": {}, "subnet_create_args": {}, "subnet_cidr_start": "1.1.0.0/30", "subnets_per_network": 2} times: 40 method_name: run timeout: 0 duration: None cls:
2019-07-08 09:24:18.671 24813 INFO rally.task.runner [-] Task 8e99c22b-70c5-49a3-b51b-87013a88d735 | ITER: 11 START
2019-07-08 09:24:18.673 24813 WARNING rally_openstack.scenarios.neutron.utils [-] Running this scenario without either the 'network' or 'existing_network' context is deprecated
2019-07-08 09:24:18.664 24802 WARNING rally_openstack.scenarios.neutron.utils [-] Running this scenario without either the 'network' or 'existing_network' context is deprecated
2019-07-08 09:24:18.675 24818 INFO rally.task.runner [-] Task 8e99c22b-70c5-49a3-b51b-87013a88d735 | ITER: 12 START
2019-07-08 09:24:18.676 24824 RALLYDEBUG rally.task.runner [-] Starting a worker. concurrency: 1 args: {"network_create_args": {}, "subnet_create_args": {}, "subnet_cidr_start": "1.1.0.0/30", "subnets_per_network": 2} times: 40 method_name: run timeout: 0 duration: None cls:
2019-07-08 09:24:18.677 24818 WARNING rally_openstack.scenarios.neutron.utils [-] Running this scenario without either the 'network' or 'existing_network' context is deprecated
2019-07-08 09:24:18.680 24828 RALLYDEBUG rally.task.runner [-] Starting a worker. concurrency: 1 args: {"network_create_args": {}, "subnet_create_args": {}, "subnet_cidr_start": "1.1.0.0/30", "subnets_per_network": 2} times: 40 method_name: run timeout: 0 duration: None cls:
2019-07-08 09:24:18.683 24824 INFO rally.task.runner [-] Task 8e99c22b-70c5-49a3-b51b-87013a88d735 | ITER: 14 START
2019-07-08 09:24:18.685 24824 WARNING rally_openstack.scenarios.neutron.utils [-] Running this scenario without either the 'network' or 'existing_network' context is deprecated
2019-07-08 09:24:18.684 24832 RALLYDEBUG rally.task.runner [-] Starting a worker. concurrency: 1 args: {"network_create_args": {}, "subnet_create_args": {}, "subnet_cidr_start": "1.1.0.0/30", "subnets_per_network": 2} times: 40 method_name: run timeout: 0 duration: None cls:
2019-07-08 09:24:18.685 24821 INFO rally.task.runner [-] Task 8e99c22b-70c5-49a3-b51b-87013a88d735 | ITER: 13 START
2019-07-08 09:24:18.688 24821 WARNING rally_openstack.scenarios.neutron.utils [-] Running this scenario without either the 'network' or 'existing_network' context is deprecated
2019-07-08 09:24:18.690 24832 INFO rally.task.runner [-] Task 8e99c22b-70c5-49a3-b51b-87013a88d735 | ITER: 16 START
2019-07-08 09:24:18.692 24832 WARNING rally_openstack.scenarios.neutron.utils [-] Running this scenario without either the 'network' or 'existing_network' context is deprecated
2019-07-08 09:24:18.695 24835 RALLYDEBUG rally.task.runner [-] Starting a worker. concurrency: 1 args: {"network_create_args": {}, "subnet_create_args": {}, "subnet_cidr_start": "1.1.0.0/30", "subnets_per_network": 2} times: 40 method_name: run timeout: 0 duration: None cls:
2019-07-08 09:24:18.699 24839 RALLYDEBUG rally.task.runner [-] Starting a worker. concurrency: 1 args: {"network_create_args": {}, "subnet_create_args": {}, "subnet_cidr_start": "1.1.0.0/30", "subnets_per_network": 2} times: 40 method_name: run timeout: 0 duration: None cls:
2019-07-08 09:24:18.701 24828 INFO rally.task.runner [-] Task 8e99c22b-70c5-49a3-b51b-87013a88d735 | ITER: 15 START
2019-07-08 09:24:18.701 24835 INFO rally.task.runner [-] Task 8e99c22b-70c5-49a3-b51b-87013a88d735 | ITER: 17 START
2019-07-08 09:24:18.702 24828 WARNING rally_openstack.scenarios.neutron.utils [-] Running this scenario without either the 'network' or 'existing_network' context is deprecated
2019-07-08 09:24:18.703 24835 WARNING rally_openstack.scenarios.neutron.utils [-] Running this scenario without either the 'network' or 'existing_network' context is deprecated
2019-07-08 09:24:18.705 24839 INFO rally.task.runner [-] Task 8e99c22b-70c5-49a3-b51b-87013a88d735 | ITER: 18 START
2019-07-08 09:24:18.707 24839 WARNING rally_openstack.scenarios.neutron.utils [-] Running this scenario without either the 'network' or 'existing_network' context is deprecated
2019-07-08 09:24:18.707 24843 RALLYDEBUG rally.task.runner [-] Starting a worker. concurrency: 1 args: {"network_create_args": {}, "subnet_create_args": {}, "subnet_cidr_start": "1.1.0.0/30", "subnets_per_network": 2} times: 40 method_name: run timeout: 0 duration: None cls:
2019-07-08 09:24:18.710 24846 RALLYDEBUG rally.task.runner [-] Starting a worker. concurrency: 1 args: {"network_create_args": {}, "subnet_create_args": {}, "subnet_cidr_start": "1.1.0.0/30", "subnets_per_network": 2} times: 40 method_name: run timeout: 0 duration: None cls:
2019-07-08 09:24:18.713 24843 INFO rally.task.runner [-] Task 8e99c22b-70c5-49a3-b51b-87013a88d735 | ITER: 19 START
2019-07-08 09:24:18.714 24843 WARNING rally_openstack.scenarios.neutron.utils [-] Running this scenario without either the 'network' or 'existing_network' context is deprecated
2019-07-08 09:24:18.715 24846 INFO rally.task.runner [-] Task 8e99c22b-70c5-49a3-b51b-87013a88d735 | ITER: 20 START
2019-07-08 09:24:18.716 24846 WARNING rally_openstack.scenarios.neutron.utils [-] Running this scenario without either the 'network' or 'existing_network' context is deprecated
2019-07-08 09:24:20.366 24813 RALLYDEBUG rally_openstack.wrappers.network [-] CIDR generated: 1.1.4.96/30
2019-07-08 09:24:20.405 24802 RALLYDEBUG rally_openstack.wrappers.network [-] CIDR generated: 1.1.4.100/30
2019-07-08 09:24:20.427 24801 RALLYDEBUG rally_openstack.wrappers.network [-] CIDR generated: 1.1.4.104/30
2019-07-08 09:24:20.461 24818 RALLYDEBUG rally_openstack.wrappers.network [-] CIDR generated: 1.1.4.108/30
2019-07-08 09:24:20.462 24809 RALLYDEBUG rally_openstack.wrappers.network [-] CIDR generated: 1.1.4.112/30
2019-07-08 09:24:20.475 24803 RALLYDEBUG rally_openstack.wrappers.network [-] CIDR generated: 1.1.4.116/30
2019-07-08 09:24:20.551 24799 RALLYDEBUG rally_openstack.wrappers.network [-] CIDR generated: 1.1.4.120/30
2019-07-08 09:24:20.552 24800 RALLYDEBUG rally_openstack.wrappers.network [-] CIDR generated: 1.1.4.124/30
2019-07-08 09:24:20.756 24801 RALLYDEBUG rally_openstack.wrappers.network [-] CIDR generated: 1.1.4.128/30
2019-07-08 09:24:20.764 24802 RALLYDEBUG rally_openstack.wrappers.network [-] CIDR generated: 1.1.4.132/30
2019-07-08 09:24:20.872 24799 RALLYDEBUG rally_openstack.wrappers.network [-] CIDR generated: 1.1.4.136/30
2019-07-08 09:24:20.932 24800 RALLYDEBUG rally_openstack.wrappers.network [-] CIDR generated: 1.1.4.140/30
2019-07-08 09:24:21.488 24821 RALLYDEBUG rally_openstack.wrappers.network [-] CIDR generated: 1.1.4.144/30
2019-07-08 09:24:21.577 24813 RALLYDEBUG rally_openstack.wrappers.network [-] CIDR generated: 1.1.4.148/30
2019-07-08 09:24:21.645 24843 RALLYDEBUG rally_openstack.wrappers.network [-] CIDR generated: 1.1.4.152/30
2019-07-08 09:24:22.166 24803 RALLYDEBUG rally_openstack.wrappers.network [-] CIDR generated: 1.1.4.156/30
2019-07-08 09:24:22.245 24839 RALLYDEBUG rally_openstack.wrappers.network [-] CIDR generated: 1.1.4.160/30
2019-07-08 09:24:22.408 24802 RALLYDEBUG rally_openstack.wrappers.network [-] CIDR generated: 1.1.4.164/30
2019-07-08 09:24:22.463 24835 RALLYDEBUG rally_openstack.wrappers.network [-] CIDR generated: 1.1.4.168/30
2019-07-08 09:24:22.685 24824 RALLYDEBUG rally_openstack.wrappers.network [-] CIDR generated: 1.1.4.172/30
2019-07-08 09:24:22.761 24801 RALLYDEBUG rally_openstack.wrappers.network [-] CIDR generated: 1.1.4.176/30
2019-07-08 09:24:22.976 24801 RALLYDEBUG rally_openstack.wrappers.network [-] CIDR generated: 1.1.4.180/30
2019-07-08 09:24:23.226 24828 RALLYDEBUG rally_openstack.wrappers.network [-] CIDR generated: 1.1.4.184/30
2019-07-08 09:24:23.636 24802 RALLYDEBUG rally_openstack.wrappers.network [-] CIDR generated: 1.1.4.188/30
2019-07-08 09:24:23.742 24846 RALLYDEBUG rally_openstack.wrappers.network [-] CIDR generated: 1.1.4.192/30
2019-07-08 09:24:23.849 24832 RALLYDEBUG rally_openstack.wrappers.network [-] CIDR generated: 1.1.4.196/30
2019-07-08 09:24:23.969 24818 RALLYDEBUG rally_openstack.wrappers.network [-] CIDR generated: 1.1.4.200/30
2019-07-08 09:24:24.383 24809 RALLYDEBUG rally_openstack.wrappers.network [-] CIDR generated: 1.1.4.204/30
2019-07-08 09:24:24.472 24835 RALLYDEBUG rally_openstack.wrappers.network [-] CIDR generated: 1.1.4.208/30
2019-07-08 09:24:24.861 24821 RALLYDEBUG rally_openstack.wrappers.network [-] CIDR generated: 1.1.4.212/30
2019-07-08 09:24:25.015 24839 RALLYDEBUG rally_openstack.wrappers.network [-] CIDR generated: 1.1.4.216/30
2019-07-08 09:24:25.750 24824 RALLYDEBUG rally_openstack.wrappers.network [-] CIDR generated: 1.1.4.220/30
2019-07-08 09:24:25.751 24799 RALLYDEBUG rally_openstack.wrappers.network [-] CIDR generated: 1.1.4.224/30
2019-07-08 09:24:25.856 24799 RALLYDEBUG rally_openstack.wrappers.network [-] CIDR generated: 1.1.4.228/30
2019-07-08 09:24:26.396 24846 RALLYDEBUG rally_openstack.wrappers.network [-] CIDR generated: 1.1.4.232/30
2019-07-08 09:24:26.515 24813 INFO rally.task.runner [-] Task 8e99c22b-70c5-49a3-b51b-87013a88d735 | ITER: 11 END: OK
2019-07-08 09:24:26.519 24813 INFO rally.task.runner [-] Task 8e99c22b-70c5-49a3-b51b-87013a88d735 | ITER: 21 START
2019-07-08 09:24:26.520 24843 RALLYDEBUG rally_openstack.wrappers.network [-] CIDR generated: 1.1.4.236/30
2019-07-08 09:24:26.520 24813 WARNING rally_openstack.scenarios.neutron.utils [-] Running this scenario without either the 'network' or 'existing_network' context is deprecated
2019-07-08 09:24:26.528 24800 RALLYDEBUG rally_openstack.wrappers.network [-] CIDR generated: 1.1.4.240/30
2019-07-08 09:24:26.692 24800 RALLYDEBUG rally_openstack.wrappers.network [-] CIDR generated: 1.1.4.244/30
2019-07-08 09:24:26.719 24832 RALLYDEBUG rally_openstack.wrappers.network [-] CIDR generated: 1.1.4.248/30
2019-07-08 09:24:27.753 24813 RALLYDEBUG rally_openstack.wrappers.network [-] CIDR generated: 1.1.4.252/30
2019-07-08 09:24:28.096 24835 INFO rally.task.runner [-] Task 8e99c22b-70c5-49a3-b51b-87013a88d735 | ITER: 17 END: OK
2019-07-08 09:24:28.101 24835 INFO rally.task.runner [-] Task 8e99c22b-70c5-49a3-b51b-87013a88d735 | ITER: 22 START
2019-07-08 09:24:28.102 24835 WARNING rally_openstack.scenarios.neutron.utils [-] Running this scenario without either the 'network' or 'existing_network' context is deprecated
2019-07-08 09:24:28.160 24828 RALLYDEBUG rally_openstack.wrappers.network [-] CIDR generated: 1.1.5.0/30
2019-07-08 09:24:28.861 24813 RALLYDEBUG rally_openstack.wrappers.network [-] CIDR generated: 1.1.5.4/30
2019-07-08 09:24:29.504 24835 RALLYDEBUG rally_openstack.wrappers.network [-] CIDR generated: 1.1.5.8/30
2019-07-08 09:24:29.972 24803 INFO rally.task.runner [-] Task 8e99c22b-70c5-49a3-b51b-87013a88d735 | ITER: 9 END: OK
2019-07-08 09:24:29.977 24803 INFO rally.task.runner [-] Task 8e99c22b-70c5-49a3-b51b-87013a88d735 | ITER: 23 START
2019-07-08 09:24:29.977 24803 WARNING rally_openstack.scenarios.neutron.utils [-] Running this scenario without either the 'network' or 'existing_network' context is deprecated
2019-07-08 09:24:30.315 24801 INFO rally.task.runner [-] Task 8e99c22b-70c5-49a3-b51b-87013a88d735 | ITER: 7 END: OK
2019-07-08 09:24:30.318 24801 INFO rally.task.runner [-] Task 8e99c22b-70c5-49a3-b51b-87013a88d735 | ITER: 24 START
2019-07-08 09:24:30.319 24801 WARNING rally_openstack.scenarios.neutron.utils [-] Running this scenario without either the 'network' or 'existing_network' context is deprecated
2019-07-08 09:24:30.372 24821 INFO rally.task.runner [-] Task 8e99c22b-70c5-49a3-b51b-87013a88d735 | ITER: 13 END: OK
2019-07-08 09:24:30.376 24821 INFO rally.task.runner [-] Task 8e99c22b-70c5-49a3-b51b-87013a88d735 | ITER: 25 START
2019-07-08 09:24:30.376 24821 WARNING rally_openstack.scenarios.neutron.utils [-] Running this scenario without either the 'network' or 'existing_network' context is deprecated
2019-07-08 09:24:30.543 24802 INFO rally.task.runner [-] Task 8e99c22b-70c5-49a3-b51b-87013a88d735 | ITER: 6 END: OK
2019-07-08 09:24:30.547 24802 INFO rally.task.runner [-] Task 8e99c22b-70c5-49a3-b51b-87013a88d735 | ITER: 26 START
2019-07-08 09:24:30.548 24802 WARNING rally_openstack.scenarios.neutron.utils [-] Running this scenario without either the 'network' or 'existing_network' context is deprecated
2019-07-08 09:24:30.777 24839 INFO rally.task.runner [-] Task 8e99c22b-70c5-49a3-b51b-87013a88d735 | ITER: 18 END: OK
2019-07-08 09:24:30.782 24839 INFO rally.task.runner [-] Task 8e99c22b-70c5-49a3-b51b-87013a88d735 | ITER: 27 START
2019-07-08 09:24:30.782 24839 WARNING rally_openstack.scenarios.neutron.utils [-] Running this scenario without either the 'network' or 'existing_network' context is deprecated
2019-07-08 09:24:30.873 24801 INFO rally.task.runner [-] Task 8e99c22b-70c5-49a3-b51b-87013a88d735 | ITER: 5 END: OK
2019-07-08 09:24:30.876 24801 INFO rally.task.runner [-] Task 8e99c22b-70c5-49a3-b51b-87013a88d735 | ITER: 28 START
2019-07-08 09:24:30.876 24801 WARNING rally_openstack.scenarios.neutron.utils [-] Running this scenario without either the 'network' or 'existing_network' context is deprecated
2019-07-08 09:24:30.902 24835 RALLYDEBUG rally_openstack.wrappers.network [-] CIDR generated: 1.1.5.12/30
2019-07-08 09:24:30.990 24802 INFO rally.task.runner [-] Task 8e99c22b-70c5-49a3-b51b-87013a88d735 | ITER: 8 END: OK
2019-07-08 09:24:30.993 24802 INFO rally.task.runner [-] Task 8e99c22b-70c5-49a3-b51b-87013a88d735 | ITER: 29 START
2019-07-08 09:24:30.993 24802 WARNING rally_openstack.scenarios.neutron.utils [-] Running this scenario without either the 'network' or 'existing_network' context is deprecated
2019-07-08 09:24:31.021 24824 INFO rally.task.runner [-] Task 8e99c22b-70c5-49a3-b51b-87013a88d735 | ITER: 14 END: OK
2019-07-08 09:24:31.025 24824 INFO rally.task.runner [-] Task 8e99c22b-70c5-49a3-b51b-87013a88d735 | ITER: 30 START
2019-07-08 09:24:31.026 24824 WARNING rally_openstack.scenarios.neutron.utils [-] Running this scenario without either the 'network' or 'existing_network' context is deprecated
2019-07-08 09:24:31.699 24846 INFO rally.task.runner [-] Task 8e99c22b-70c5-49a3-b51b-87013a88d735 | ITER: 20 END: OK
2019-07-08 09:24:31.703 24846 INFO rally.task.runner [-] Task 8e99c22b-70c5-49a3-b51b-87013a88d735 | ITER: 31 START
2019-07-08 09:24:31.703 24846 WARNING rally_openstack.scenarios.neutron.utils [-] Running this scenario without either the 'network' or 'existing_network' context is deprecated
2019-07-08 09:24:31.847 24832 INFO rally.task.runner [-] Task 8e99c22b-70c5-49a3-b51b-87013a88d735 | ITER: 16 END: OK
2019-07-08 09:24:31.852 24832 INFO rally.task.runner [-] Task 8e99c22b-70c5-49a3-b51b-87013a88d735 | ITER: 32 START
2019-07-08 09:24:31.852 24832 WARNING rally_openstack.scenarios.neutron.utils [-] Running this scenario without either the 'network' or 'existing_network' context is deprecated
2019-07-08 09:24:31.892 24803 RALLYDEBUG rally_openstack.wrappers.network [-] CIDR generated: 1.1.5.16/30
2019-07-08 09:24:32.259 24821 RALLYDEBUG rally_openstack.wrappers.network [-] CIDR generated: 1.1.5.20/30
2019-07-08 09:24:32.392 24802 RALLYDEBUG rally_openstack.wrappers.network [-] CIDR generated: 1.1.5.24/30
2019-07-08 09:24:32.544 24813 INFO rally.task.runner [-] Task 8e99c22b-70c5-49a3-b51b-87013a88d735 | ITER: 21 END: OK
2019-07-08 09:24:32.548 24813 INFO rally.task.runner [-] Task 8e99c22b-70c5-49a3-b51b-87013a88d735 | ITER: 33 START
2019-07-08 09:24:32.548 24813 WARNING rally_openstack.scenarios.neutron.utils [-] Running this scenario without either the 'network' or 'existing_network' context is deprecated
2019-07-08 09:24:32.664 24801 RALLYDEBUG rally_openstack.wrappers.network [-] CIDR generated: 1.1.5.28/30
2019-07-08 09:24:32.900 24801 RALLYDEBUG rally_openstack.wrappers.network [-] CIDR generated: 1.1.5.32/30
2019-07-08 09:24:32.979 24824 RALLYDEBUG rally_openstack.wrappers.network [-] CIDR generated: 1.1.5.36/30
2019-07-08 09:24:32.986 24802 RALLYDEBUG rally_openstack.wrappers.network [-] CIDR generated: 1.1.5.40/30
2019-07-08 09:24:33.200 24839 RALLYDEBUG rally_openstack.wrappers.network [-] CIDR generated: 1.1.5.44/30
2019-07-08 09:24:33.264 24846 RALLYDEBUG rally_openstack.wrappers.network [-] CIDR generated: 1.1.5.48/30
2019-07-08 09:24:33.399 24832 RALLYDEBUG rally_openstack.wrappers.network [-] CIDR generated: 1.1.5.52/30
2019-07-08 09:24:33.852 24821 RALLYDEBUG rally_openstack.wrappers.network [-] CIDR generated: 1.1.5.56/30
2019-07-08 09:24:34.041 24813 RALLYDEBUG rally_openstack.wrappers.network [-] CIDR generated: 1.1.5.60/30
2019-07-08 09:24:34.902 24835 INFO rally.task.runner [-] Task 8e99c22b-70c5-49a3-b51b-87013a88d735 | ITER: 22 END: OK
2019-07-08 09:24:34.905 24835 INFO rally.task.runner [-] Task 8e99c22b-70c5-49a3-b51b-87013a88d735 | ITER: 34 START
2019-07-08 09:24:34.906 24835 WARNING rally_openstack.scenarios.neutron.utils [-] Running this scenario without either the 'network' or 'existing_network' context is deprecated
2019-07-08 09:24:35.302 24802 RALLYDEBUG rally_openstack.wrappers.network [-] CIDR generated: 1.1.5.64/30
2019-07-08 09:24:35.918 24801 RALLYDEBUG rally_openstack.wrappers.network [-] CIDR generated: 1.1.5.68/30
2019-07-08 09:24:35.943 24824 RALLYDEBUG rally_openstack.wrappers.network [-] CIDR generated: 1.1.5.72/30
2019-07-08 09:24:36.066 24802 RALLYDEBUG rally_openstack.wrappers.network [-] CIDR generated: 1.1.5.76/30
2019-07-08 09:24:36.093 24803 RALLYDEBUG rally_openstack.wrappers.network [-] CIDR generated: 1.1.5.80/30
2019-07-08 09:24:36.110 24813 RALLYDEBUG rally_openstack.wrappers.network [-] CIDR generated: 1.1.5.84/30
2019-07-08 09:24:36.444 24832 RALLYDEBUG rally_openstack.wrappers.network [-] CIDR generated: 1.1.5.88/30
2019-07-08 09:24:36.447 24846 RALLYDEBUG rally_openstack.wrappers.network [-] CIDR generated: 1.1.5.92/30
2019-07-08 09:24:37.182 24801 RALLYDEBUG rally_openstack.wrappers.network [-] CIDR generated: 1.1.5.96/30
2019-07-08 09:24:37.300 24843 INFO rally.task.runner [-] Task 8e99c22b-70c5-49a3-b51b-87013a88d735 | ITER: 19 END: OK
2019-07-08 09:24:37.305 24843 INFO rally.task.runner [-] Task 8e99c22b-70c5-49a3-b51b-87013a88d735 | ITER: 35 START
2019-07-08 09:24:37.306 24843 WARNING rally_openstack.scenarios.neutron.utils [-] Running this scenario without either the 'network' or 'existing_network' context is deprecated
2019-07-08 09:24:37.616 24839 RALLYDEBUG rally_openstack.wrappers.network [-] CIDR generated: 1.1.5.100/30
2019-07-08 09:24:37.683 24835 RALLYDEBUG rally_openstack.wrappers.network [-] CIDR generated: 1.1.5.104/30
2019-07-08 09:24:37.773 24809 INFO rally.task.runner [-] Task 8e99c22b-70c5-49a3-b51b-87013a88d735 | ITER: 10 END: OK
2019-07-08 09:24:37.777 24809 INFO rally.task.runner [-] Task 8e99c22b-70c5-49a3-b51b-87013a88d735 | ITER: 36 START
2019-07-08 09:24:37.778 24809 WARNING rally_openstack.scenarios.neutron.utils [-] Running this scenario without either the 'network' or 'existing_network' context is deprecated
2019-07-08 09:24:37.819 24799 INFO rally.task.runner [-] Task 8e99c22b-70c5-49a3-b51b-87013a88d735 | ITER: 3 END: OK
2019-07-08 09:24:37.823 24799 INFO rally.task.runner [-] Task 8e99c22b-70c5-49a3-b51b-87013a88d735 | ITER: 37 START
2019-07-08 09:24:37.824 24799 WARNING rally_openstack.scenarios.neutron.utils [-] Running this scenario without either the 'network' or 'existing_network' context is deprecated
2019-07-08 09:24:38.040 24818 INFO rally.task.runner [-] Task 8e99c22b-70c5-49a3-b51b-87013a88d735 | ITER: 12 END: OK
2019-07-08 09:24:38.045 24818 INFO rally.task.runner [-] Task 8e99c22b-70c5-49a3-b51b-87013a88d735 | ITER: 38 START
2019-07-08 09:24:38.046 24818 WARNING rally_openstack.scenarios.neutron.utils [-] Running this scenario without either the 'network' or 'existing_network' context is deprecated
2019-07-08 09:24:38.218 24821 INFO rally.task.runner [-] Task 8e99c22b-70c5-49a3-b51b-87013a88d735 | ITER: 25 END: OK
2019-07-08 09:24:38.223 24821 INFO rally.task.runner [-] Task 8e99c22b-70c5-49a3-b51b-87013a88d735 | ITER: 39 START
2019-07-08 09:24:38.223 24821 WARNING rally_openstack.scenarios.neutron.utils [-] Running this scenario without either the 'network' or 'existing_network' context is deprecated
2019-07-08 09:24:39.006 24828 INFO rally.task.runner [-] Task 8e99c22b-70c5-49a3-b51b-87013a88d735 | ITER: 15 END: OK
2019-07-08 09:24:39.010 24828 INFO rally.task.runner [-] Task 8e99c22b-70c5-49a3-b51b-87013a88d735 | ITER: 40 START
2019-07-08 09:24:39.010 24828 WARNING rally_openstack.scenarios.neutron.utils [-] Running this scenario without either the 'network' or 'existing_network' context is deprecated
2019-07-08 09:24:39.068 24800 INFO rally.task.runner [-] Task 8e99c22b-70c5-49a3-b51b-87013a88d735 | ITER: 2 END: OK
2019-07-08 09:24:39.205 24843 RALLYDEBUG rally_openstack.wrappers.network [-] CIDR generated: 1.1.5.108/30
2019-07-08 09:24:42.120 24799 RALLYDEBUG rally_openstack.wrappers.network [-] CIDR generated: 1.1.5.112/30
2019-07-08 09:24:42.341 24818 RALLYDEBUG rally_openstack.wrappers.network [-] CIDR generated: 1.1.5.116/30
2019-07-08 09:24:42.516 24809 RALLYDEBUG rally_openstack.wrappers.network [-] CIDR generated: 1.1.5.120/30
2019-07-08 09:24:42.861 24821 RALLYDEBUG rally_openstack.wrappers.network [-] CIDR generated: 1.1.5.124/30
2019-07-08 09:24:42.979 24813 INFO rally.task.runner [-] Task 8e99c22b-70c5-49a3-b51b-87013a88d735 | ITER: 33 END: OK
2019-07-08 09:24:43.101 24828 RALLYDEBUG rally_openstack.wrappers.network [-] CIDR generated: 1.1.5.128/30
2019-07-08 09:24:43.703 24800 INFO rally.task.runner [-] Task 8e99c22b-70c5-49a3-b51b-87013a88d735 | ITER: 4 END: OK
2019-07-08 09:24:43.794 24843 RALLYDEBUG rally_openstack.wrappers.network [-] CIDR generated: 1.1.5.132/30
2019-07-08 09:24:44.248 24802 INFO rally.task.runner [-] Task 8e99c22b-70c5-49a3-b51b-87013a88d735 | ITER: 29 END: OK
2019-07-08 09:24:44.305 24818 RALLYDEBUG rally_openstack.wrappers.network [-] CIDR generated: 1.1.5.136/30
2019-07-08 09:24:44.404 24799 RALLYDEBUG rally_openstack.wrappers.network [-] CIDR generated: 1.1.5.140/30
2019-07-08 09:24:44.477 24809 RALLYDEBUG rally_openstack.wrappers.network [-] CIDR generated: 1.1.5.144/30
2019-07-08 09:24:44.862 24828 RALLYDEBUG rally_openstack.wrappers.network [-] CIDR generated: 1.1.5.148/30
2019-07-08 09:24:45.792 24799 INFO rally.task.runner [-] Task 8e99c22b-70c5-49a3-b51b-87013a88d735 | ITER: 1 END: OK
2019-07-08 09:24:45.841 24832 INFO rally.task.runner [-] Task 8e99c22b-70c5-49a3-b51b-87013a88d735 | ITER: 32 END: OK
2019-07-08 09:24:45.869 24846 INFO rally.task.runner [-] Task 8e99c22b-70c5-49a3-b51b-87013a88d735 | ITER: 31 END: OK
2019-07-08 09:24:45.991 24835 RALLYDEBUG rally_openstack.wrappers.network [-] CIDR generated: 1.1.5.152/30
2019-07-08 09:24:46.054 24801 INFO rally.task.runner [-] Task 8e99c22b-70c5-49a3-b51b-87013a88d735 | ITER: 28 END: OK
2019-07-08 09:24:47.655 24821 RALLYDEBUG rally_openstack.wrappers.network [-] CIDR generated: 1.1.5.156/30
2019-07-08 09:24:47.656 24802 INFO rally.task.runner [-] Task 8e99c22b-70c5-49a3-b51b-87013a88d735 | ITER: 26 END: OK
2019-07-08 09:24:48.071 24824 INFO rally.task.runner [-] Task 8e99c22b-70c5-49a3-b51b-87013a88d735 | ITER: 30 END: OK
2019-07-08 09:24:48.666 24843 INFO rally.task.runner [-] Task 8e99c22b-70c5-49a3-b51b-87013a88d735 | ITER: 35 END: OK
2019-07-08 09:24:48.932 24828 INFO rally.task.runner [-] Task 8e99c22b-70c5-49a3-b51b-87013a88d735 | ITER: 40 END: OK
2019-07-08 09:24:48.996 24818 INFO rally.task.runner [-] Task 8e99c22b-70c5-49a3-b51b-87013a88d735 | ITER: 38 END: OK
2019-07-08 09:24:49.132 24809 INFO rally.task.runner [-] Task 8e99c22b-70c5-49a3-b51b-87013a88d735 | ITER: 36 END: OK
2019-07-08 09:24:49.169 24799 INFO rally.task.runner [-] Task 8e99c22b-70c5-49a3-b51b-87013a88d735 | ITER: 37 END: OK
2019-07-08 09:24:50.518 24821 INFO rally.task.runner [-] Task 8e99c22b-70c5-49a3-b51b-87013a88d735 | ITER: 39 END: OK
2019-07-08 09:24:53.956 24803 INFO rally.task.runner [-] Task 8e99c22b-70c5-49a3-b51b-87013a88d735 | ITER: 23 END: OK
2019-07-08 09:24:54.974 24801 INFO rally.task.runner [-] Task 8e99c22b-70c5-49a3-b51b-87013a88d735 | ITER: 24 END: OK
2019-07-08 09:24:55.321 24839 INFO rally.task.runner [-] Task 8e99c22b-70c5-49a3-b51b-87013a88d735 | ITER: 27 END: OK
2019-07-08 09:24:55.649 24835 INFO rally.task.runner [-] Task 8e99c22b-70c5-49a3-b51b-87013a88d735 | ITER: 34 END: OK
2019-07-08 09:24:55.677 22705 INFO rally.task.context [-] Task 8e99c22b-70c5-49a3-b51b-87013a88d735 | Context cleanup@openstack cleanup() started
2019-07-08 09:24:55.679 22705 RALLYDEBUG rally_openstack.cleanup.manager [-] Cleaning up neutron vip objects
2019-07-08 09:24:56.312 22705 RALLYDEBUG rally_openstack.cleanup.manager [-] Cleaning up neutron health_monitor objects
2019-07-08 09:24:56.950 22705 RALLYDEBUG rally_openstack.cleanup.manager [-] Cleaning up neutron pool objects
2019-07-08 09:24:57.680 22705 RALLYDEBUG rally_openstack.cleanup.manager [-] Cleaning up neutron loadbalancer objects
2019-07-08 09:24:58.428 22705 RALLYDEBUG rally_openstack.cleanup.manager [-] Cleaning up neutron floatingip objects
2019-07-08 09:24:59.287 22705 RALLYDEBUG rally_openstack.cleanup.manager [-] Cleaning up neutron port objects
2019-07-08 09:25:00.327 22705 RALLYDEBUG rally_openstack.cleanup.manager [-] Cleaning up neutron subnet objects
2019-07-08 09:25:01.104 22705 RALLYDEBUG rally_openstack.cleanup.manager [-] Cleaning up neutron network objects
2019-07-08 09:25:02.077 22705 RALLYDEBUG rally_openstack.cleanup.manager [-] Deleting neutron.network object s_rally_763cb874_zkvBLWXb (09a472a0-da66-4552-925c-3393cffd5962)
2019-07-08 09:25:02.083 22705 RALLYDEBUG rally_openstack.cleanup.manager [-] Deleting neutron.network object s_rally_763cb874_K58CAnke (09bf9939-160f-48ef-bcd7-c078eccb56c7)
2019-07-08 09:25:02.091 22705 RALLYDEBUG rally_openstack.cleanup.manager [-] Deleting neutron.network object s_rally_763cb874_dVACfFFs (0b99e3d8-aaaf-4a76-aa5c-d7781ba1ced1)
2019-07-08 09:25:02.099 22705 RALLYDEBUG rally_openstack.cleanup.manager [-] Deleting neutron.network object s_rally_763cb874_vvlp2BBT (12f54f2d-50a8-42e1-a6b3-62fd867fdb72)
2019-07-08 09:25:02.106 22705 RALLYDEBUG rally_openstack.cleanup.manager [-] Deleting neutron.network object s_rally_763cb874_BAHxOxiu (1c5201c3-f252-4de0-b629-682dd1a92cbc)
2019-07-08 09:25:02.121 22705 RALLYDEBUG rally_openstack.cleanup.manager [-] Deleting neutron.network object s_rally_763cb874_AOyTq7dY (1e63fc3d-df2c-47d1-8e36-ef94acf1318a)
2019-07-08 09:25:02.129 22705 RALLYDEBUG rally_openstack.cleanup.manager [-] Deleting neutron.network object s_rally_763cb874_EkCkz8Cw (2ae261c4-f4ca-4830-b271-741b89e4d328)
2019-07-08 09:25:02.139 22705 RALLYDEBUG rally_openstack.cleanup.manager [-] Deleting neutron.network object s_rally_763cb874_tw1ii9Jx (2a04b587-7ad9-44cc-9cfa-669a0832b243)
2019-07-08 09:25:02.143 22705 RALLYDEBUG rally_openstack.cleanup.manager [-] Deleting neutron.network object s_rally_763cb874_2Lzb1u38 (33310758-f16c-47cc-8297-e52bc3fa69f1)
2019-07-08 09:25:02.153 22705 RALLYDEBUG rally_openstack.cleanup.manager [-] Deleting neutron.network object s_rally_763cb874_Cx5eh9j9 (32c80c22-601d-4ae3-91a2-89e4397ef0fb)
2019-07-08 09:25:02.159 22705 RALLYDEBUG rally_openstack.cleanup.manager [-] Deleting neutron.network object s_rally_763cb874_g1GSd1OY (4082223c-f97d-46c9-b18a-4d3c2ff3b5d2)
2019-07-08 09:25:02.187 22705 RALLYDEBUG rally_openstack.cleanup.manager [-] Deleting neutron.network object s_rally_763cb874_BVkTrrVt (47f9b590-0c7c-43c5-837c-d02268246420)
2019-07-08 09:25:02.205 22705 RALLYDEBUG rally_openstack.cleanup.manager [-] Deleting neutron.network object s_rally_763cb874_MC7n0pGB (4881c9b9-f752-4650-a51f-c5b4cdf7492b)
2019-07-08 09:25:02.214 22705 RALLYDEBUG rally_openstack.cleanup.manager [-] Deleting neutron.network object s_rally_763cb874_ojYvwQYE (4b82ae97-a3d2-4d64-9506-b3cd739be9f5)
2019-07-08 09:25:02.218 22705 RALLYDEBUG rally_openstack.cleanup.manager [-] Deleting neutron.network object s_rally_763cb874_SKjFFVAg (4d7e82d9-7522-463d-ae38-9e9f33443d05)
2019-07-08 09:25:02.331 22705 RALLYDEBUG rally_openstack.cleanup.manager [-] Deleting neutron.network object s_rally_763cb874_QXvHM33V (4e52f6af-b91e-4a2c-a355-e34fd62e8d5d)
2019-07-08 09:25:02.350 22705 RALLYDEBUG rally_openstack.cleanup.manager [-] Deleting neutron.network object s_rally_763cb874_FimA0bGd (523c8e20-abf9-4c3a-a124-176679a3c27c)
2019-07-08 09:25:02.359 22705 RALLYDEBUG rally_openstack.cleanup.manager [-] Deleting neutron.network object s_rally_763cb874_TL4TaFRU (52e7281c-829d-465e-ac01-11583687a0d9)
2019-07-08 09:25:02.374 22705 RALLYDEBUG rally_openstack.cleanup.manager [-] Deleting neutron.network object s_rally_763cb874_lHnPSRSA (561dc309-1749-4416-88d8-f61ac85196a5)
2019-07-08 09:25:02.387 22705 RALLYDEBUG rally_openstack.cleanup.manager [-] Deleting neutron.network object s_rally_763cb874_oR0OEZrv (57034193-cc14-4448-aa02-7d92ef463618)
2019-07-08 09:25:06.054 22705 RALLYDEBUG rally_openstack.cleanup.manager [-] Deleting neutron.network object s_rally_763cb874_I3o5B4Yl (6212f83f-42c0-4ac8-9d4a-94738561fab3)
2019-07-08 09:25:06.092 22705 RALLYDEBUG rally_openstack.cleanup.manager [-] Deleting neutron.network object s_rally_763cb874_6fraObEd (6998fcda-24d5-4283-b1e9-567d4bda85f4)
2019-07-08 09:25:06.112 22705 RALLYDEBUG rally_openstack.cleanup.manager [-] Deleting neutron.network object s_rally_763cb874_g6zO0duH (7c2ee4cd-af5e-41e2-8176-2ad9cc3ed5b3)
2019-07-08 09:25:06.165 22705 RALLYDEBUG rally_openstack.cleanup.manager [-] Deleting neutron.network object s_rally_763cb874_f5MMHyNQ (89970126-2179-4b2a-9918-0fd634d4631e)
2019-07-08 09:25:06.612 22705 RALLYDEBUG rally_openstack.cleanup.manager [-] Deleting neutron.network object s_rally_763cb874_zp3bnv55 (90b19a50-bfed-4791-a560-0cd8dfc7121d)
2019-07-08 09:25:08.128 22705 RALLYDEBUG rally_openstack.cleanup.manager [-] Deleting neutron.network object s_rally_763cb874_y39qtsgi (af419d03-b779-436a-8276-6ba76c9d2fdf)
2019-07-08 09:25:08.902 22705 RALLYDEBUG rally_openstack.cleanup.manager [-] Deleting neutron.network object s_rally_763cb874_2acZ19aF (b28fdf18-8b4c-48ac-9fa2-b7c82a3939e4)
2019-07-08 09:25:08.965 22705 RALLYDEBUG rally_openstack.cleanup.manager [-] Deleting neutron.network object s_rally_763cb874_IXiLCgtc (bb85eba5-ecbd-449e-bb91-8b1aa7c90741)
2019-07-08 09:25:09.192 22705 RALLYDEBUG rally_openstack.cleanup.manager [-] Deleting neutron.network object s_rally_763cb874_W7LVh7aF (bc19c5f2-ee95-4615-b289-0dec4afb0a58)
2019-07-08 09:25:09.314 22705 RALLYDEBUG rally_openstack.cleanup.manager [-] Deleting neutron.network object s_rally_763cb874_ezLvUPmq (c00941bf-98a1-4d75-81fe-c012f943d7b6)
2019-07-08 09:25:09.487 22705 RALLYDEBUG rally_openstack.cleanup.manager [-] Deleting neutron.network object s_rally_763cb874_Zl8s5idi (c80652a2-dbdd-46cc-9cda-53ed93f624c8)
2019-07-08 09:25:09.530 22705 RALLYDEBUG rally_openstack.cleanup.manager [-] Deleting neutron.network object s_rally_763cb874_EMLjqg47 (d6db1155-98c8-4744-a146-d9b9f649cf0d)
2019-07-08 09:25:09.573 22705 RALLYDEBUG rally_openstack.cleanup.manager [-] Deleting neutron.network object s_rally_763cb874_9QcRUw1A (e346ba71-1f42-4ce0-b522-74245ede5c63)
2019-07-08 09:25:09.933 22705 RALLYDEBUG rally_openstack.cleanup.manager [-] Deleting neutron.network object s_rally_763cb874_2RTApxeS (e57cb904-cfd6-4a14-9d40-803ef11488d9)
2019-07-08 09:25:11.300 22705 RALLYDEBUG rally_openstack.cleanup.manager [-] Deleting neutron.network object s_rally_763cb874_XHstmgVG (e7cdf965-80f9-4fef-9a30-3b9c300cb91b)
2019-07-08 09:25:11.330 22705 RALLYDEBUG rally_openstack.cleanup.manager [-] Deleting neutron.network object s_rally_763cb874_j9nCzBXv (effed2bb-d922-486f-9f37-30bbcde56f71)
2019-07-08 09:25:11.336 22705 RALLYDEBUG rally_openstack.cleanup.manager [-] Deleting neutron.network object s_rally_763cb874_7m4gDuWJ (f1aea954-fbcf-49cb-815e-d9b569a7c67e)
2019-07-08 09:25:11.347 22705 RALLYDEBUG rally_openstack.cleanup.manager [-] Deleting neutron.network object s_rally_763cb874_a9yU7Ke0 (fa42ea00-769b-42a8-80d0-bbd0038b5320)
2019-07-08 09:25:11.369 22705 RALLYDEBUG rally_openstack.cleanup.manager [-] Deleting neutron.network object s_rally_763cb874_s60LxCZa (fd048401-71b8-44b1-90a0-a4380cd358dd)
2019-07-08 09:25:11.431 22705 RALLYDEBUG rally_openstack.cleanup.manager [-] Deleting neutron.network object s_rally_763cb874_2za1DryI (fe196092-dfc0-4721-83e3-860f46ee3a05)
2019-07-08 09:25:15.992 22705 RALLYDEBUG rally_openstack.cleanup.manager [-] Cleaning up neutron router objects
2019-07-08 09:25:16.674 22705 RALLYDEBUG rally_openstack.cleanup.manager [-] Cleaning up neutron security_group objects
2019-07-08 09:25:17.332 22705 INFO rally.task.context [-] Task 8e99c22b-70c5-49a3-b51b-87013a88d735 | Context cleanup@openstack cleanup() finished in 21.65 sec
2019-07-08 09:25:17.332 22705 INFO rally.task.context [-] Task 8e99c22b-70c5-49a3-b51b-87013a88d735 | Context quotas@openstack cleanup() started
2019-07-08 09:25:17.553 22705 INFO rally.task.context [-] Task 8e99c22b-70c5-49a3-b51b-87013a88d735 | Context quotas@openstack cleanup() finished in 0.22 sec
2019-07-08 09:25:17.554 22705 INFO rally.task.context [-] Task 8e99c22b-70c5-49a3-b51b-87013a88d735 | Context users@openstack cleanup() started
2019-07-08 09:25:21.897 22705 INFO rally.task.context [-] Task 8e99c22b-70c5-49a3-b51b-87013a88d735 | Context users@openstack cleanup() finished in 4.34 sec
2019-07-08 09:25:23.589 22705 INFO rally.task.engine [-] Load duration is: 36.994766
2019-07-08 09:25:23.590 22705 INFO rally.task.engine [-] Full runner duration is: 37.048424
2019-07-08 09:25:23.590 22705 INFO rally.task.engine [-] Full duration is: 68.572882
2019-07-08 09:25:23.853 22705 INFO rally.task.engine [-] Running workload: position = 0 config = { "version": 2, "title": "A cropped version of a bigger task.", "description": "Auto-generated task from a single workload (uuid=6f5f110f-1ac3-4a6d-8ecf-b79617c58968)", "subtasks": [ { "title": "NeutronNetworks.create_and_list_routers", "description": "Create and a given number of routers and list all routers.", "scenario": { "NeutronNetworks.create_and_list_routers": { "network_create_args": null, "subnet_create_args": null, "subnet_cidr_start": "1.1.0.0/30", "subnets_per_network": 2, "router_create_args": null } }, "contexts": { "users": { "tenants": 1, "users_per_tenant": 1 }, "quotas": { "neutron": { "network": -1, "subnet": -1, "router": -1 } } }, "runner": { "constant": { "times": 40, "concurrency": 20 } }, "hooks": [], "sla": { "failure_rate": { "max": 0 } } } ] }
2019-07-08 09:25:23.876 22705 RALLYDEBUG rally_openstack.contexts.keystone.users [-] Creating 1 tenants using 20 threads
2019-07-08 09:25:25.599 22705 RALLYDEBUG rally_openstack.contexts.keystone.users [-] Creating 1 users using 20 threads
2019-07-08 09:25:28.135 22705 INFO rally.task.context [-] Task 8e99c22b-70c5-49a3-b51b-87013a88d735 | Context users@openstack setup() finished in 4.26 sec
2019-07-08 09:25:28.888 22705 INFO rally.task.context [-] Task 8e99c22b-70c5-49a3-b51b-87013a88d735 | Context quotas@openstack setup() finished in 0.75 sec
2019-07-08 09:25:28.889 22705 INFO rally.task.context [-] Task 8e99c22b-70c5-49a3-b51b-87013a88d735 | Context cleanup@openstack setup() finished in 0.00 msec
2019-07-08 09:25:28.896 22705 RALLYDEBUG rally.task.runner [-] Starting the constant runner (task UUID: 8e99c22b-70c5-49a3-b51b-87013a88d735). timeout: 0 concurrency: 20 concurrency_per_worker: 1 times: 40 concurrency_overhead: 4 processes_to_start: 16 max_cpu_used: 16
2019-07-08 09:25:28.909 25169 RALLYDEBUG rally.task.runner [-] Starting a worker. concurrency: 2 args: {"network_create_args": null, "subnet_create_args": null, "subnet_cidr_start": "1.1.0.0/30", "subnets_per_network": 2, "router_create_args": null} times: 40 method_name: run timeout: 0 duration: None cls:
2019-07-08 09:25:28.912 25170 RALLYDEBUG rally.task.runner [-] Starting a worker. concurrency: 2 args: {"network_create_args": null, "subnet_create_args": null, "subnet_cidr_start": "1.1.0.0/30", "subnets_per_network": 2, "router_create_args": null} times: 40 method_name: run timeout: 0 duration: None cls:
2019-07-08 09:25:28.915 25171 RALLYDEBUG rally.task.runner [-] Starting a worker. concurrency: 2 args: {"network_create_args": null, "subnet_create_args": null, "subnet_cidr_start": "1.1.0.0/30", "subnets_per_network": 2, "router_create_args": null} times: 40 method_name: run timeout: 0 duration: None cls:
2019-07-08 09:25:28.917 25172 RALLYDEBUG rally.task.runner [-] Starting a worker. concurrency: 2 args: {"network_create_args": null, "subnet_create_args": null, "subnet_cidr_start": "1.1.0.0/30", "subnets_per_network": 2, "router_create_args": null} times: 40 method_name: run timeout: 0 duration: None cls:
2019-07-08 09:25:28.918 25170 INFO rally.task.runner [-] Task 8e99c22b-70c5-49a3-b51b-87013a88d735 | ITER: 2 START
2019-07-08 09:25:28.918 25169 INFO rally.task.runner [-] Task 8e99c22b-70c5-49a3-b51b-87013a88d735 | ITER: 1 START
2019-07-08 09:25:28.920 25173 RALLYDEBUG rally.task.runner [-] Starting a worker. concurrency: 1 args: {"network_create_args": null, "subnet_create_args": null, "subnet_cidr_start": "1.1.0.0/30", "subnets_per_network": 2, "router_create_args": null} times: 40 method_name: run timeout: 0 duration: None cls:
2019-07-08 09:25:28.926 25172 INFO rally.task.runner [-] Task 8e99c22b-70c5-49a3-b51b-87013a88d735 | ITER: 6 START
2019-07-08 09:25:28.925 25171 INFO rally.task.runner [-] Task 8e99c22b-70c5-49a3-b51b-87013a88d735 | ITER: 4 START
2019-07-08 09:25:28.926 25173 INFO rally.task.runner [-] Task 8e99c22b-70c5-49a3-b51b-87013a88d735 | ITER: 8 START
2019-07-08 09:25:28.926 25176 RALLYDEBUG rally.task.runner [-] Starting a worker. concurrency: 1 args: {"network_create_args": null, "subnet_create_args": null, "subnet_cidr_start": "1.1.0.0/30", "subnets_per_network": 2, "router_create_args": null} times: 40 method_name: run timeout: 0 duration: None cls:
2019-07-08 09:25:28.927 25181 RALLYDEBUG rally.task.runner [-] Starting a worker. concurrency: 1 args: {"network_create_args": null, "subnet_create_args": null, "subnet_cidr_start": "1.1.0.0/30", "subnets_per_network": 2, "router_create_args": null} times: 40 method_name: run timeout: 0 duration: None cls:
2019-07-08 09:25:28.931 25186 RALLYDEBUG rally.task.runner [-] Starting a worker. concurrency: 1 args: {"network_create_args": null, "subnet_create_args": null, "subnet_cidr_start": "1.1.0.0/30", "subnets_per_network": 2, "router_create_args": null} times: 40 method_name: run timeout: 0 duration: None cls:
2019-07-08 09:25:28.932 25181 INFO rally.task.runner [-] Task 8e99c22b-70c5-49a3-b51b-87013a88d735 | ITER: 11 START
2019-07-08 09:25:28.930 25169 INFO rally.task.runner [-] Task 8e99c22b-70c5-49a3-b51b-87013a88d735 | ITER: 3 START
2019-07-08 09:25:28.933 25176 INFO rally.task.runner [-] Task 8e99c22b-70c5-49a3-b51b-87013a88d735 | ITER: 10 START
2019-07-08 09:25:28.936 25171 INFO rally.task.runner [-] Task 8e99c22b-70c5-49a3-b51b-87013a88d735 | ITER: 7 START
2019-07-08 09:25:28.937 25170 INFO rally.task.runner [-] Task 8e99c22b-70c5-49a3-b51b-87013a88d735 | ITER: 5 START
2019-07-08 09:25:28.938 25186 INFO rally.task.runner [-] Task 8e99c22b-70c5-49a3-b51b-87013a88d735 | ITER: 12 START
2019-07-08 09:25:28.935 25172 INFO rally.task.runner [-] Task 8e99c22b-70c5-49a3-b51b-87013a88d735 | ITER: 9 START
2019-07-08 09:25:28.940 25191 RALLYDEBUG rally.task.runner [-] Starting a worker. concurrency: 1 args: {"network_create_args": null, "subnet_create_args": null, "subnet_cidr_start": "1.1.0.0/30", "subnets_per_network": 2, "router_create_args": null} times: 40 method_name: run timeout: 0 duration: None cls:
2019-07-08 09:25:28.947 25191 INFO rally.task.runner [-] Task 8e99c22b-70c5-49a3-b51b-87013a88d735 | ITER: 13 START
2019-07-08 09:25:28.947 25199 RALLYDEBUG rally.task.runner [-] Starting a worker. concurrency: 1 args: {"network_create_args": null, "subnet_create_args": null, "subnet_cidr_start": "1.1.0.0/30", "subnets_per_network": 2, "router_create_args": null} times: 40 method_name: run timeout: 0 duration: None cls:
2019-07-08 09:25:28.947 25197 RALLYDEBUG rally.task.runner [-] Starting a worker. concurrency: 1 args: {"network_create_args": null, "subnet_create_args": null, "subnet_cidr_start": "1.1.0.0/30", "subnets_per_network": 2, "router_create_args": null} times: 40 method_name: run timeout: 0 duration: None cls:
2019-07-08 09:25:28.953 25197 INFO rally.task.runner [-] Task 8e99c22b-70c5-49a3-b51b-87013a88d735 | ITER: 14 START
2019-07-08 09:25:28.954 25199 INFO rally.task.runner [-] Task 8e99c22b-70c5-49a3-b51b-87013a88d735 | ITER: 15 START
2019-07-08 09:25:28.956 25202 RALLYDEBUG rally.task.runner [-] Starting a worker. concurrency: 1 args: {"network_create_args": null, "subnet_create_args": null, "subnet_cidr_start": "1.1.0.0/30", "subnets_per_network": 2, "router_create_args": null} times: 40 method_name: run timeout: 0 duration: None cls:
2019-07-08 09:25:28.962 25202 INFO rally.task.runner [-] Task 8e99c22b-70c5-49a3-b51b-87013a88d735 | ITER: 16 START
2019-07-08 09:25:28.966 25207 RALLYDEBUG rally.task.runner [-] Starting a worker. concurrency: 1 args: {"network_create_args": null, "subnet_create_args": null, "subnet_cidr_start": "1.1.0.0/30", "subnets_per_network": 2, "router_create_args": null} times: 40 method_name: run timeout: 0 duration: None cls:
2019-07-08 09:25:28.971 25210 RALLYDEBUG rally.task.runner [-] Starting a worker. concurrency: 1 args: {"network_create_args": null, "subnet_create_args": null, "subnet_cidr_start": "1.1.0.0/30", "subnets_per_network": 2, "router_create_args": null} times: 40 method_name: run timeout: 0 duration: None cls:
2019-07-08 09:25:28.973 25207 INFO rally.task.runner [-] Task 8e99c22b-70c5-49a3-b51b-87013a88d735 | ITER: 17 START
2019-07-08 09:25:28.977 25210 INFO rally.task.runner [-] Task 8e99c22b-70c5-49a3-b51b-87013a88d735 | ITER: 18 START
2019-07-08 09:25:28.980 25214 RALLYDEBUG rally.task.runner [-] Starting a worker. concurrency: 1 args: {"network_create_args": null, "subnet_create_args": null, "subnet_cidr_start": "1.1.0.0/30", "subnets_per_network": 2, "router_create_args": null} times: 40 method_name: run timeout: 0 duration: None cls:
2019-07-08 09:25:28.980 25212 RALLYDEBUG rally.task.runner [-] Starting a worker. concurrency: 1 args: {"network_create_args": null, "subnet_create_args": null, "subnet_cidr_start": "1.1.0.0/30", "subnets_per_network": 2, "router_create_args": null} times: 40 method_name: run timeout: 0 duration: None cls:
2019-07-08 09:25:28.984 25214 INFO rally.task.runner [-] Task 8e99c22b-70c5-49a3-b51b-87013a88d735 | ITER: 19 START
2019-07-08 09:25:28.985 25212 INFO rally.task.runner [-] Task 8e99c22b-70c5-49a3-b51b-87013a88d735 | ITER: 20 START
2019-07-08 09:25:30.602 25172 RALLYDEBUG rally_openstack.wrappers.network [-] CIDR generated: 1.1.5.160/30
2019-07-08 09:25:30.699 25191 RALLYDEBUG rally_openstack.wrappers.network [-] CIDR generated: 1.1.5.164/30
2019-07-08 09:25:30.707 25181 RALLYDEBUG rally_openstack.wrappers.network [-] CIDR generated: 1.1.5.168/30
2019-07-08 09:25:30.709 25170 RALLYDEBUG rally_openstack.wrappers.network [-] CIDR generated: 1.1.5.172/30
2019-07-08 09:25:30.741 25170 RALLYDEBUG rally_openstack.wrappers.network [-] CIDR generated: 1.1.5.176/30
2019-07-08 09:25:30.767 25171 RALLYDEBUG rally_openstack.wrappers.network [-] CIDR generated: 1.1.5.180/30
2019-07-08 09:25:30.773 25169 RALLYDEBUG rally_openstack.wrappers.network [-] CIDR generated: 1.1.5.184/30
2019-07-08 09:25:30.890 25173 RALLYDEBUG rally_openstack.wrappers.network [-] CIDR generated: 1.1.5.188/30
2019-07-08 09:25:30.927 25169 RALLYDEBUG rally_openstack.wrappers.network [-] CIDR generated: 1.1.5.192/30
2019-07-08 09:25:30.934 25172 RALLYDEBUG rally_openstack.wrappers.network [-] CIDR generated: 1.1.5.196/30
2019-07-08 09:25:30.989 25176 RALLYDEBUG rally_openstack.wrappers.network [-] CIDR generated: 1.1.5.200/30
2019-07-08 09:25:31.021 25210 RALLYDEBUG rally_openstack.wrappers.network [-] CIDR generated: 1.1.5.204/30
2019-07-08 09:25:31.023 25207 RALLYDEBUG rally_openstack.wrappers.network [-] CIDR generated: 1.1.5.208/30
2019-07-08 09:25:31.079 25202 RALLYDEBUG rally_openstack.wrappers.network [-] CIDR generated: 1.1.5.212/30
2019-07-08 09:25:31.080 25212 RALLYDEBUG rally_openstack.wrappers.network [-] CIDR generated: 1.1.5.216/30
2019-07-08 09:25:31.180 25186 RALLYDEBUG rally_openstack.wrappers.network [-] CIDR generated: 1.1.5.220/30
2019-07-08 09:25:31.493 25197 RALLYDEBUG rally_openstack.wrappers.network [-] CIDR generated: 1.1.5.224/30
2019-07-08 09:25:31.527 25171 RALLYDEBUG rally_openstack.wrappers.network [-] CIDR generated: 1.1.5.228/30
2019-07-08 09:25:31.591 25214 RALLYDEBUG rally_openstack.wrappers.network [-] CIDR generated: 1.1.5.232/30
2019-07-08 09:25:31.779 25199 RALLYDEBUG rally_openstack.wrappers.network [-] CIDR generated: 1.1.5.236/30
2019-07-08 09:25:32.557 25170 RALLYDEBUG rally_openstack.wrappers.network [-] CIDR generated: 1.1.5.240/30
2019-07-08 09:25:32.736 25176 RALLYDEBUG rally_openstack.wrappers.network [-] CIDR generated: 1.1.5.244/30
2019-07-08 09:25:32.867 25172 RALLYDEBUG rally_openstack.wrappers.network [-] CIDR generated: 1.1.5.248/30
2019-07-08 09:25:33.476 25207 RALLYDEBUG rally_openstack.wrappers.network [-] CIDR generated: 1.1.5.252/30
2019-07-08 09:25:33.583 25210 RALLYDEBUG rally_openstack.wrappers.network [-] CIDR generated: 1.1.6.0/30
2019-07-08 09:25:33.700 25181 RALLYDEBUG rally_openstack.wrappers.network [-] CIDR generated: 1.1.6.4/30
2019-07-08 09:25:33.788 25170 RALLYDEBUG rally_openstack.wrappers.network [-] CIDR generated: 1.1.6.8/30
2019-07-08 09:25:33.826 25214 RALLYDEBUG rally_openstack.wrappers.network [-] CIDR generated: 1.1.6.12/30
2019-07-08 09:25:34.370 25212 RALLYDEBUG rally_openstack.wrappers.network [-] CIDR generated: 1.1.6.16/30
2019-07-08 09:25:34.403 25202 RALLYDEBUG rally_openstack.wrappers.network [-] CIDR generated: 1.1.6.20/30
2019-07-08 09:25:34.964 25173 RALLYDEBUG rally_openstack.wrappers.network [-] CIDR generated: 1.1.6.24/30
2019-07-08 09:25:34.978 25171 RALLYDEBUG rally_openstack.wrappers.network [-] CIDR generated: 1.1.6.28/30
2019-07-08 09:25:35.020 25186 RALLYDEBUG rally_openstack.wrappers.network [-] CIDR generated: 1.1.6.32/30
2019-07-08 09:25:35.026 25172 RALLYDEBUG rally_openstack.wrappers.network [-] CIDR generated: 1.1.6.36/30
2019-07-08 09:25:35.030 25169 RALLYDEBUG rally_openstack.wrappers.network [-] CIDR generated: 1.1.6.40/30
2019-07-08 09:25:35.316 25169 RALLYDEBUG rally_openstack.wrappers.network [-] CIDR generated: 1.1.6.44/30
2019-07-08 09:25:35.803 25191 RALLYDEBUG rally_openstack.wrappers.network [-] CIDR generated: 1.1.6.48/30
2019-07-08 09:25:36.805 25197 RALLYDEBUG rally_openstack.wrappers.network [-] CIDR generated: 1.1.6.52/30
2019-07-08 09:25:36.980 25171 RALLYDEBUG rally_openstack.wrappers.network [-] CIDR generated: 1.1.6.56/30
2019-07-08 09:25:36.980 25199 RALLYDEBUG rally_openstack.wrappers.network [-] CIDR generated: 1.1.6.60/30
2019-07-08 09:25:51.281 25176 INFO rally.task.runner [-] Task 8e99c22b-70c5-49a3-b51b-87013a88d735 | ITER: 10 END: OK
2019-07-08 09:25:51.283 25170 INFO rally.task.runner [-] Task 8e99c22b-70c5-49a3-b51b-87013a88d735 | ITER: 5 END: OK
2019-07-08 09:25:51.285 25176 INFO rally.task.runner [-] Task 8e99c22b-70c5-49a3-b51b-87013a88d735 | ITER: 21 START
2019-07-08 09:25:51.288 25170 INFO rally.task.runner [-] Task 8e99c22b-70c5-49a3-b51b-87013a88d735 | ITER: 22 START
2019-07-08 09:25:52.707 25170 RALLYDEBUG rally_openstack.wrappers.network [-] CIDR generated: 1.1.6.64/30
2019-07-08 09:25:52.796 25176 RALLYDEBUG rally_openstack.wrappers.network [-] CIDR generated: 1.1.6.68/30
2019-07-08 09:25:53.169 25172 INFO rally.task.runner [-] Task 8e99c22b-70c5-49a3-b51b-87013a88d735 | ITER: 9 END: OK
2019-07-08 09:25:53.174 25172 INFO rally.task.runner [-] Task 8e99c22b-70c5-49a3-b51b-87013a88d735 | ITER: 23 START
2019-07-08 09:25:53.241 25210 INFO rally.task.runner [-] Task 8e99c22b-70c5-49a3-b51b-87013a88d735 | ITER: 18 END: OK
2019-07-08 09:25:53.245 25210 INFO rally.task.runner [-] Task 8e99c22b-70c5-49a3-b51b-87013a88d735 | ITER: 24 START
2019-07-08 09:25:53.316 25207 INFO rally.task.runner [-] Task 8e99c22b-70c5-49a3-b51b-87013a88d735 | ITER: 17 END: OK
2019-07-08 09:25:53.320 25207 INFO rally.task.runner [-] Task 8e99c22b-70c5-49a3-b51b-87013a88d735 | ITER: 25 START
