2019-07-08 09:38:50.439 22705 RALLYDEBUG rally_openstack.cleanup.manager [-] Deleting neutron.port object s_rally_020d84d6_G6LTBh45 (57070d04-e09a-461c-8656-ccd587fba81a)
2019-07-08 09:38:50.501 22705 RALLYDEBUG rally_openstack.cleanup.manager [-] Deleting neutron.port object s_rally_020d84d6_g4KiWL7L (570ea24c-18c9-4b39-a7a6-b767dec473ef)
2019-07-08 09:38:50.531 22705 RALLYDEBUG rally_openstack.cleanup.manager [-] Deleting neutron.port object s_rally_020d84d6_14Tb5dfA (5a5a4de6-534e-4dc0-bbd9-4bd2259cbcad)
2019-07-08 09:38:50.766 22705 RALLYDEBUG rally_openstack.cleanup.manager [-] Deleting neutron.port object s_rally_020d84d6_RhzeKZjO (5adc8e4e-30c2-4971-9877-2d13346c7e4f)
2019-07-08 09:38:51.629 22705 RALLYDEBUG rally_openstack.cleanup.manager [-] Deleting neutron.port object s_rally_020d84d6_LUzCokRE (5c29cb95-fe3c-4296-a53c-ef9e0e52abdf)
2019-07-08 09:38:51.960 22705 RALLYDEBUG rally_openstack.cleanup.manager [-] Deleting neutron.port object s_rally_020d84d6_vK1gGAYX (5e0a9d94-cbc8-4d32-8e0c-1dda0a7c6281)
2019-07-08 09:38:52.064 22705 RALLYDEBUG rally_openstack.cleanup.manager [-] Deleting neutron.port object s_rally_020d84d6_rJ8bp71A (5ffbe511-d314-4120-8eec-57917820f189)
2019-07-08 09:38:52.534 22705 RALLYDEBUG rally_openstack.cleanup.manager [-] Deleting neutron.port object s_rally_020d84d6_BF5XrfbG (60acdcdd-cd7a-490b-8196-83cc51563bd1)
2019-07-08 09:38:52.922 22705 RALLYDEBUG rally_openstack.cleanup.manager [-] Deleting neutron.port object s_rally_020d84d6_pZY4dXxd (62df804e-5a6c-41d9-9be4-c58309d14041)
2019-07-08 09:38:52.954 22705 RALLYDEBUG rally_openstack.cleanup.manager [-] Deleting neutron.port object s_rally_020d84d6_f6OdPmnn (63c67972-d22d-4834-b6f0-49aeb8554de1)
2019-07-08 09:38:53.018 22705 RALLYDEBUG rally_openstack.cleanup.manager [-] Deleting neutron.port object s_rally_020d84d6_uwTPwabz (65a38a8c-cace-4f2e-92dc-18584d38791f)
2019-07-08 09:38:53.057 22705 RALLYDEBUG rally_openstack.cleanup.manager [-] Deleting neutron.port object s_rally_020d84d6_0GeV4iQI (68ca8db1-5a9a-49cc-871c-fdb0370d8b11)
2019-07-08 09:38:53.130 22705 RALLYDEBUG rally_openstack.cleanup.manager [-] Deleting neutron.port object s_rally_020d84d6_6RR47qoJ (6bf30f88-edf4-47bb-a721-bcdd3cd5f076)
2019-07-08 09:38:53.154 22705 RALLYDEBUG rally_openstack.cleanup.manager [-] Deleting neutron.port object s_rally_020d84d6_d7zTulnZ (6fd0b088-7838-4406-8cb5-67f5a64b2b34)
2019-07-08 09:38:53.155 22705 RALLYDEBUG rally_openstack.cleanup.manager [-] Deleting neutron.port object s_rally_020d84d6_n7gB7VbW (6caf9168-b125-4ec1-90ad-70d27ccd2902)
2019-07-08 09:38:53.458 22705 RALLYDEBUG rally_openstack.cleanup.manager [-] Deleting neutron.port object s_rally_020d84d6_ep8VjNeV (700c69a6-1272-427e-946e-9e5e8cba96f5)
2019-07-08 09:38:53.571 22705 RALLYDEBUG rally_openstack.cleanup.manager [-] Deleting neutron.port object s_rally_020d84d6_YjJPBE7K (70726882-757f-423a-9a25-70c7a01ff9f6)
2019-07-08 09:38:53.638 22705 RALLYDEBUG rally_openstack.cleanup.manager [-] Deleting neutron.port object s_rally_020d84d6_07OTzPyv (717fd0fc-22ba-4d46-8537-c02e240488bd)
2019-07-08 09:38:53.744 22705 RALLYDEBUG rally_openstack.cleanup.manager [-] Deleting neutron.port object s_rally_020d84d6_DWovtKBJ (724191e7-fe50-4184-8872-b499a7322e94)
2019-07-08 09:38:53.796 22705 RALLYDEBUG rally_openstack.cleanup.manager [-] Deleting neutron.port object s_rally_020d84d6_xnkh1TUq (7243cd77-991c-4163-aadb-eeea356b1042)
2019-07-08 09:38:53.802 22705 RALLYDEBUG rally_openstack.cleanup.manager [-] Deleting neutron.port object s_rally_020d84d6_McqHdNmL (75f5a2c1-5c7e-4891-a8fa-65ac60f70e0c)
2019-07-08 09:38:53.841 22705 RALLYDEBUG rally_openstack.cleanup.manager [-] Deleting neutron.port object s_rally_020d84d6_VCsxXIbJ (769681aa-e15e-4f5b-8804-69b22042988c)
2019-07-08 09:38:53.994 22705 RALLYDEBUG rally_openstack.cleanup.manager [-] Deleting neutron.port object s_rally_020d84d6_cdOStl6O (7b4ba360-1cc3-4476-b24c-6c7886f59a25)
2019-07-08 09:38:53.995 22705 RALLYDEBUG rally_openstack.cleanup.manager [-] Deleting neutron.port object s_rally_020d84d6_wTeGgUZt (7a704eaf-13e7-49d3-a418-72f46e65cf2c)
2019-07-08 09:38:54.242 22705 RALLYDEBUG rally_openstack.cleanup.manager [-] Deleting neutron.port object s_rally_020d84d6_57ZmjDnl (7c076ae1-ea7f-45c0-8542-deab49855fe6)
2019-07-08 09:38:54.570 22705 RALLYDEBUG rally_openstack.cleanup.manager [-] Deleting neutron.port object s_rally_020d84d6_7IEJt2Au (7cf58cc9-52fb-4333-86f5-6376bcb03749)
2019-07-08 09:38:54.800 22705 RALLYDEBUG rally_openstack.cleanup.manager [-] Deleting neutron.port object s_rally_020d84d6_A37Fa9R7 (7ff90eb8-fc33-4438-8b23-2dd065103640)
2019-07-08 09:38:55.066 22705 RALLYDEBUG rally_openstack.cleanup.manager [-] Deleting neutron.port object s_rally_020d84d6_2gvWWpUF (80e9e70e-c896-4e8c-baac-ce9f00484668)
2019-07-08 09:38:55.527 22705 RALLYDEBUG rally_openstack.cleanup.manager [-] Deleting neutron.port object s_rally_020d84d6_0HBFiTz2 (80ebfe4c-01f9-4c69-8bc4-d44e3de40a82)
2019-07-08 09:38:55.547 22705 RALLYDEBUG rally_openstack.cleanup.manager [-] Deleting neutron.port object s_rally_020d84d6_4vcCVYEX (84dbb1fc-46f6-4626-84c7-d72342d2a6a2)
2019-07-08 09:38:55.662 22705 RALLYDEBUG rally_openstack.cleanup.manager [-] Deleting neutron.port object s_rally_020d84d6_d7Ji3E6p (85249098-db4e-413b-9bb9-66c2dceab665)
2019-07-08 09:38:55.988 22705 RALLYDEBUG rally_openstack.cleanup.manager [-] Deleting neutron.port object s_rally_020d84d6_IMOBVM9p (855b4f65-2a1e-4bd6-8d36-966584e3b00b)
2019-07-08 09:38:56.120 22705 RALLYDEBUG rally_openstack.cleanup.manager [-] Deleting neutron.port object s_rally_020d84d6_47z4uwQ9 (88c6b095-88c1-4507-8b5a-f325e9e8d521)
2019-07-08 09:38:56.393 22705 RALLYDEBUG rally_openstack.cleanup.manager [-] Deleting neutron.port object s_rally_020d84d6_PPZ7k3ur (895878ab-aa66-44fc-82c7-be96aa0327f0)
2019-07-08 09:38:56.457 22705 RALLYDEBUG rally_openstack.cleanup.manager [-] Deleting neutron.port object s_rally_020d84d6_wrz7t3iJ (896b1414-5450-4f2c-be30-c3c09329ea9f)
2019-07-08 09:38:56.496 22705 RALLYDEBUG rally_openstack.cleanup.manager [-] Deleting neutron.port object s_rally_020d84d6_bptiHPfF (89de4373-7df9-4528-8de1-be51ce975bfa)
2019-07-08 09:38:56.536 22705 RALLYDEBUG rally_openstack.cleanup.manager [-] Deleting neutron.port object s_rally_020d84d6_Y7jXU2Mf (8ad25127-cda4-457f-a5a8-4e2973b31286)
2019-07-08 09:38:56.573 22705 RALLYDEBUG rally_openstack.cleanup.manager [-] Deleting neutron.port object s_rally_020d84d6_a8Ph1mrp (8ad335c2-91c3-4d88-a642-5165022140b2)
2019-07-08 09:38:56.595 22705 RALLYDEBUG rally_openstack.cleanup.manager [-] Deleting neutron.port object s_rally_020d84d6_Du0lOEPf (8bef93a7-f105-4faf-a109-f48b6d9b891d)
2019-07-08 09:38:56.640 22705 RALLYDEBUG rally_openstack.cleanup.manager [-] Deleting neutron.port object s_rally_020d84d6_GQ9K1uiW (8f9cafb4-3738-420a-ad4b-f571f18ba3a5)
2019-07-08 09:38:56.687 22705 RALLYDEBUG rally_openstack.cleanup.manager [-] Deleting neutron.port object s_rally_020d84d6_udIFEPpD (90cc9705-d6b5-4d65-a414-ee07e71e9e8f)
2019-07-08 09:38:56.823 22705 RALLYDEBUG rally_openstack.cleanup.manager [-] Deleting neutron.port object s_rally_020d84d6_6eQVcO5B (913ee136-fe99-422b-ba23-10d97eecd77d)
2019-07-08 09:38:57.045 22705 RALLYDEBUG rally_openstack.cleanup.manager [-] Deleting neutron.port object s_rally_020d84d6_Efva3IqS (92e55523-5d5c-4957-8aa8-fcb54f1ac168)
2019-07-08 09:38:57.146 22705 RALLYDEBUG rally_openstack.cleanup.manager [-] Deleting neutron.port object s_rally_020d84d6_zfzYOLY6 (98e499f1-9680-473b-ba3f-c1cb03f8e54d)
2019-07-08 09:38:57.150 22705 RALLYDEBUG rally_openstack.cleanup.manager [-] Deleting neutron.port object s_rally_020d84d6_nQwXTJ5h (9ad53a12-27b3-499d-aff9-8380eed78ca2)
2019-07-08 09:38:57.332 22705 RALLYDEBUG rally_openstack.cleanup.manager [-] Deleting neutron.port object s_rally_020d84d6_95ImWakt (9baba54c-af80-46f0-a546-b951381425bb)
2019-07-08 09:38:57.346 22705 RALLYDEBUG rally_openstack.cleanup.manager [-] Deleting neutron.port object s_rally_020d84d6_hX4kcqOg (9d7afade-3d67-468c-9764-7e464f8f089d)
2019-07-08 09:38:57.507 22705 RALLYDEBUG rally_openstack.cleanup.manager [-] Deleting neutron.port object s_rally_020d84d6_p4jmRm89 (9defaf1e-9349-4495-aa5b-09cb3e326e2d)
2019-07-08 09:38:57.861 22705 RALLYDEBUG rally_openstack.cleanup.manager [-] Deleting neutron.port object s_rally_020d84d6_ITtZQMEq (9e2b9ad5-ff39-4c73-ad6f-e467c5235ef8)
2019-07-08 09:38:57.976 22705 RALLYDEBUG rally_openstack.cleanup.manager [-] Deleting neutron.port object s_rally_020d84d6_HRL6LUbu (9ea451e0-3699-4a53-89a0-27c46642bc58)
2019-07-08 09:38:58.654 22705 RALLYDEBUG rally_openstack.cleanup.manager [-] Deleting neutron.port object s_rally_020d84d6_0SPiVrRV (9f6cc926-efa4-431b-ad1b-7d439c21b7fc)
2019-07-08 09:38:58.818 22705 RALLYDEBUG rally_openstack.cleanup.manager [-] Deleting neutron.port object s_rally_020d84d6_tIyGkNfM (9f7abe83-e7ed-49f9-8976-d770b5c27c87)
2019-07-08 09:38:59.079 22705 RALLYDEBUG rally_openstack.cleanup.manager [-] Deleting neutron.port object s_rally_020d84d6_J3mCa1s8 (a322aac0-b945-4774-b576-7bfd76b491f9)
2019-07-08 09:38:59.192 22705 RALLYDEBUG rally_openstack.cleanup.manager [-] Deleting neutron.port object s_rally_020d84d6_MFA3RGlE (a56387a9-0fa7-472d-bdf9-b13c1e3928c8)
2019-07-08 09:38:59.411 22705 RALLYDEBUG rally_openstack.cleanup.manager [-] Deleting neutron.port object s_rally_020d84d6_df3Ma1jQ (a8f57893-6fb9-4c1e-91a9-3bd39a233fd9)
2019-07-08 09:38:59.445 22705 RALLYDEBUG rally_openstack.cleanup.manager [-] Deleting neutron.port object s_rally_020d84d6_OiFKFqO8 (acca92ed-e00a-444a-95c9-e86881caa977)
2019-07-08 09:38:59.791 22705 RALLYDEBUG rally_openstack.cleanup.manager [-] Deleting neutron.port object s_rally_020d84d6_uN4yJvpo (ad35cfcd-2ab4-48d3-aaaf-3963a130f422)
2019-07-08 09:38:59.810 22705 RALLYDEBUG rally_openstack.cleanup.manager [-] Deleting neutron.port object s_rally_020d84d6_eMFyK33P (ad6c9b1e-901e-45af-85ac-3d6ccb595213)
2019-07-08 09:38:59.831 22705 RALLYDEBUG rally_openstack.cleanup.manager [-] Deleting neutron.port object s_rally_020d84d6_69Ub9CAk (af07736a-6d76-4756-bec7-b2592b684f34)
2019-07-08 09:39:00.175 22705 RALLYDEBUG rally_openstack.cleanup.manager [-] Deleting neutron.port object s_rally_020d84d6_wSDCEVmW (af642e6c-c1b8-46d3-a532-8b59e8bda999)
2019-07-08 09:39:00.300 22705 RALLYDEBUG rally_openstack.cleanup.manager [-] Deleting neutron.port object s_rally_020d84d6_52kiMfro (af89de69-0ddf-4279-9034-fc17e3fe4afd)
2019-07-08 09:39:00.432 22705 RALLYDEBUG rally_openstack.cleanup.manager [-] Deleting neutron.port object s_rally_020d84d6_30Hope1T (b047bfcb-3b4f-4666-b5c7-238d0201590b)
2019-07-08 09:39:00.526 22705 RALLYDEBUG rally_openstack.cleanup.manager [-] Deleting neutron.port object s_rally_020d84d6_0LCD3r8s (b0fd7299-5298-4498-bb3f-57675a760fb2)
2019-07-08 09:39:00.674 22705 RALLYDEBUG rally_openstack.cleanup.manager [-] Deleting neutron.port object s_rally_020d84d6_XLeMBVkN (b34942c8-a7f4-4875-9794-245228fd17a2)
2019-07-08 09:39:00.753 22705 RALLYDEBUG rally_openstack.cleanup.manager [-] Deleting neutron.port object s_rally_020d84d6_pDXMIRgJ (b37aa3b2-4820-4824-9084-aaf18cf241b7)
2019-07-08 09:39:00.760 22705 RALLYDEBUG rally_openstack.cleanup.manager [-] Deleting neutron.port object s_rally_020d84d6_mn1cu2i5 (b39efe3c-f108-4a6f-afc8-cc59bd291b40)
2019-07-08 09:39:00.920 22705 RALLYDEBUG rally_openstack.cleanup.manager [-] Deleting neutron.port object s_rally_020d84d6_UrrxPIIa (b3f901c4-2923-453c-9387-92eb229d6835)
2019-07-08 09:39:00.963 22705 RALLYDEBUG rally_openstack.cleanup.manager [-] Deleting neutron.port object s_rally_020d84d6_ODaNNpKN (b509eff5-7855-4974-a49e-427f66e67069)
2019-07-08 09:39:00.964 22705 RALLYDEBUG rally_openstack.cleanup.manager [-] Deleting neutron.port object s_rally_020d84d6_vFIRcgwP (b49074c2-0426-4bbd-bd99-298be0b861b8)
2019-07-08 09:39:00.972 22705 RALLYDEBUG rally_openstack.cleanup.manager [-] Deleting neutron.port object s_rally_020d84d6_NI91RIes (b674a347-4805-42de-93a5-d2f81bf28852)
2019-07-08 09:39:01.176 22705 RALLYDEBUG rally_openstack.cleanup.manager [-] Deleting neutron.port object s_rally_020d84d6_x0JQ59J2 (b68fe338-a8c9-422e-b246-5d23b213b33b)
2019-07-08 09:39:01.476 22705 RALLYDEBUG rally_openstack.cleanup.manager [-] Deleting neutron.port object s_rally_020d84d6_7ej21QT5 (b711f7c1-d75e-47d2-bec8-e91b4ff9f354)
2019-07-08 09:39:01.527 22705 RALLYDEBUG rally_openstack.cleanup.manager [-] Deleting neutron.port object s_rally_020d84d6_aM3SRPha (b86e71a1-2a6c-4159-a965-03e29f862939)
2019-07-08 09:39:01.608 22705 RALLYDEBUG rally_openstack.cleanup.manager [-] Deleting neutron.port object s_rally_020d84d6_ULUrDvsu (b946f18a-2615-4055-85fe-5d605d4e5220)
2019-07-08 09:39:02.177 22705 RALLYDEBUG rally_openstack.cleanup.manager [-] Deleting neutron.port object s_rally_020d84d6_oyM1f37D (ba23977d-4358-488f-b1d3-826489161191)
2019-07-08 09:39:02.261 22705 RALLYDEBUG rally_openstack.cleanup.manager [-] Deleting neutron.port object s_rally_020d84d6_6sR2Fc8M (beaa8628-0936-4311-9548-279dd70602b1)
2019-07-08 09:39:02.352 22705 RALLYDEBUG rally_openstack.cleanup.manager [-] Deleting neutron.port object s_rally_020d84d6_21MFUsvr (bead31c0-9d16-47bc-8dc9-f5282a013b1d)
2019-07-08 09:39:02.557 22705 RALLYDEBUG rally_openstack.cleanup.manager [-] Deleting neutron.port object s_rally_020d84d6_XnJ2QJUJ (c0440160-bd63-4225-a310-8c4dfa21d181)
2019-07-08 09:39:02.677 22705 RALLYDEBUG rally_openstack.cleanup.manager [-] Deleting neutron.port object s_rally_020d84d6_NJAiya1C (c21828ca-26e9-425c-ba95-bf2ceedca826)
2019-07-08 09:39:02.721 22705 RALLYDEBUG rally_openstack.cleanup.manager [-] Deleting neutron.port object s_rally_020d84d6_l69vXHq8 (c231609e-1d61-4966-8bb3-48dff0de6a25)
2019-07-08 09:39:03.284 22705 RALLYDEBUG rally_openstack.cleanup.manager [-] Deleting neutron.port object s_rally_020d84d6_bsDiKwJa (c2f5e8ab-803e-46e7-86d8-a6fbd33fd7ea)
2019-07-08 09:39:03.653 22705 RALLYDEBUG rally_openstack.cleanup.manager [-] Deleting neutron.port object s_rally_020d84d6_STsl0R7J (c3914eef-05e0-48f9-a2fd-d218987cd594)
2019-07-08 09:39:03.860 22705 RALLYDEBUG rally_openstack.cleanup.manager [-] Deleting neutron.port object s_rally_020d84d6_PXxvalom (c44d4aac-36cb-4fa9-8720-9025330c1421)
2019-07-08 09:39:04.035 22705 RALLYDEBUG rally_openstack.cleanup.manager [-] Deleting neutron.port object s_rally_020d84d6_1yAL8uht (c4dd61dc-df85-4666-a87f-7b2625f677b3)
2019-07-08 09:39:04.051 22705 RALLYDEBUG rally_openstack.cleanup.manager [-] Deleting neutron.port object s_rally_020d84d6_5atVV6Q3 (c780891d-c976-426d-8ce9-052502150eec)
2019-07-08 09:39:04.069 22705 RALLYDEBUG rally_openstack.cleanup.manager [-] Deleting neutron.port object s_rally_020d84d6_8HEqWaoy (c7d9dddf-326a-4a7c-87f5-f82af53d5d36)
2019-07-08 09:39:04.254 22705 RALLYDEBUG rally_openstack.cleanup.manager [-] Deleting neutron.port object s_rally_020d84d6_1zmGK4Xr (c845ce9d-eda8-42e0-b16f-c7a5793160bf)
2019-07-08 09:39:04.290 22705 RALLYDEBUG rally_openstack.cleanup.manager [-] Deleting neutron.port object s_rally_020d84d6_Ts9DICik (c9278c49-5cdb-4e32-925f-8b69fb3eddcc)
2019-07-08 09:39:04.601 22705 RALLYDEBUG rally_openstack.cleanup.manager [-] Deleting neutron.port object s_rally_020d84d6_39yV7sNv (cdf699bd-640b-46b5-8c45-e55c5b82fb3c)
2019-07-08 09:39:04.727 22705 RALLYDEBUG rally_openstack.cleanup.manager [-] Deleting neutron.port object s_rally_020d84d6_SyJKvGPI (d00985e1-ea64-41e5-bdfa-a392d627bdd5)
2019-07-08 09:39:04.775 22705 RALLYDEBUG rally_openstack.cleanup.manager [-] Deleting neutron.port object s_rally_020d84d6_SBaHmwKA (d088fd55-87d6-4c11-aa49-d78845bf99a6)
2019-07-08 09:39:04.814 22705 RALLYDEBUG rally_openstack.cleanup.manager [-] Deleting neutron.port object s_rally_020d84d6_6notCzrJ (d17199f9-b59b-4800-bdcf-beb73c2a6c86)
2019-07-08 09:39:04.904 22705 RALLYDEBUG rally_openstack.cleanup.manager [-] Deleting neutron.port object s_rally_020d84d6_OnTzzX4U (d1ceb0fb-0ce3-45e0-a57b-0821b5fcd3a2)
2019-07-08 09:39:04.904 22705 RALLYDEBUG rally_openstack.cleanup.manager [-] Deleting neutron.port object s_rally_020d84d6_tmDyXsm4 (d2b5a82d-eb7f-4138-9b36-da2ca93cd02d)
2019-07-08 09:39:04.940 22705 RALLYDEBUG rally_openstack.cleanup.manager [-] Deleting neutron.port object s_rally_020d84d6_xntyUA0A (d3bbb4a7-f958-4952-bb27-666210c4d73b)
2019-07-08 09:39:05.114 22705 RALLYDEBUG rally_openstack.cleanup.manager [-] Deleting neutron.port object s_rally_020d84d6_7ersqCaX (d492f15d-2384-4146-8cfb-ab667bfb75d9)
2019-07-08 09:39:05.278 22705 RALLYDEBUG rally_openstack.cleanup.manager [-] Deleting neutron.port object s_rally_020d84d6_l1Fw0nlU (d50b254d-2891-499e-b122-ba661a667272)
2019-07-08 09:39:05.351 22705 RALLYDEBUG rally_openstack.cleanup.manager [-] Deleting neutron.port object s_rally_020d84d6_L3nMeS05 (d719cac3-6570-4a3a-97a6-2a475daea1d7)
2019-07-08 09:39:05.359 22705 RALLYDEBUG rally_openstack.cleanup.manager [-] Deleting neutron.port object s_rally_020d84d6_dgO9p15x (d810e455-115b-4859-b6c1-ac63bc22c45f)
2019-07-08 09:39:05.389 22705 RALLYDEBUG rally_openstack.cleanup.manager [-] Deleting neutron.port object s_rally_020d84d6_waEMPcOU (d8628486-21be-49bd-9be3-760259d537e6)
2019-07-08 09:39:05.535 22705 RALLYDEBUG rally_openstack.cleanup.manager [-] Deleting neutron.port object s_rally_020d84d6_ci2Eq4Y5 (d8c4e935-a945-4249-b829-a1d55fe5437b)
2019-07-08 09:39:05.827 22705 RALLYDEBUG rally_openstack.cleanup.manager [-] Deleting neutron.port object s_rally_020d84d6_rLhrhqEn (d913fc29-7a70-470d-9e89-6bea085a14be)
2019-07-08 09:39:06.290 22705 RALLYDEBUG rally_openstack.cleanup.manager [-] Deleting neutron.port object s_rally_020d84d6_zOSrG2OM (dc4e882c-1991-4a0c-979f-ac9d4f0870a9)
2019-07-08 09:39:06.537 22705 RALLYDEBUG rally_openstack.cleanup.manager [-] Deleting neutron.port object s_rally_020d84d6_JQCbABBx (ddf1bd1e-a759-4a63-8799-377eb78a17f7)
2019-07-08 09:39:06.771 22705 RALLYDEBUG rally_openstack.cleanup.manager [-] Deleting neutron.port object s_rally_020d84d6_3taaOFHS (df12fb3d-d257-48a6-84ff-588078770892)
2019-07-08 09:39:06.842 22705 RALLYDEBUG rally_openstack.cleanup.manager [-] Deleting neutron.port object s_rally_020d84d6_nVivXkUG (df466094-db13-4f43-8b67-ee6973e4c497)
2019-07-08 09:39:06.875 22705 RALLYDEBUG rally_openstack.cleanup.manager [-] Deleting neutron.port object s_rally_020d84d6_FpiszZHW (dfa541a8-88d6-482d-9805-b7b64ad38b02)
2019-07-08 09:39:07.022 22705 RALLYDEBUG rally_openstack.cleanup.manager [-] Deleting neutron.port object s_rally_020d84d6_xhvPzoEK (e089245d-629f-43e8-923b-23d6ed589147)
2019-07-08 09:39:07.401 22705 RALLYDEBUG rally_openstack.cleanup.manager [-] Deleting neutron.port object s_rally_020d84d6_SvmfL3T1 (e3bd8c47-6075-4bf1-b9e6-c253df007b3d)
2019-07-08 09:39:07.475 22705 RALLYDEBUG rally_openstack.cleanup.manager [-] Deleting neutron.port object s_rally_020d84d6_j3YxvkIu (e5d15931-8ee4-4bad-be9c-8ce084890493)
2019-07-08 09:39:07.564 22705 RALLYDEBUG rally_openstack.cleanup.manager [-] Deleting neutron.port object s_rally_020d84d6_sYQIVY3O (e8880bc5-08ab-4855-9210-8c8d903fb5de)
2019-07-08 09:39:07.632 22705 RALLYDEBUG rally_openstack.cleanup.manager [-] Deleting neutron.port object s_rally_020d84d6_TvUf1fEh (e961bf75-2b10-4ee6-8cdd-60a285afd39b)
2019-07-08 09:39:07.687 22705 RALLYDEBUG rally_openstack.cleanup.manager [-] Deleting neutron.port object s_rally_020d84d6_fTJ1iM1n (e9b0179f-be0d-4a93-a4da-62eada094168)
2019-07-08 09:39:07.921 22705 RALLYDEBUG rally_openstack.cleanup.manager [-] Deleting neutron.port object s_rally_020d84d6_9EFUpUhZ (ea1d04bf-b1d0-4b7f-85b1-c345741c30e1)
2019-07-08 09:39:08.033 22705 RALLYDEBUG rally_openstack.cleanup.manager [-] Deleting neutron.port object s_rally_020d84d6_yYlAQsTt (ea45f412-f52e-4a0e-b252-c64f2f1d086b)
2019-07-08 09:39:08.087 22705 RALLYDEBUG rally_openstack.cleanup.manager [-] Deleting neutron.port object s_rally_020d84d6_vqgkJ1Qx (ec5c37a3-da21-46c3-a215-9279d50761ba)
2019-07-08 09:39:08.447 22705 RALLYDEBUG rally_openstack.cleanup.manager [-] Deleting neutron.port object s_rally_020d84d6_IaWIrtsd (ed5cfd94-a61a-466f-a0b4-e99fd2570fcd)
2019-07-08 09:39:08.493 22705 RALLYDEBUG rally_openstack.cleanup.manager [-] Deleting neutron.port object s_rally_020d84d6_h43X3TLv (ed96ad97-3c5f-48f4-9481-6d9abb650db1)
2019-07-08 09:39:08.641 22705 RALLYDEBUG rally_openstack.cleanup.manager [-] Deleting neutron.port object s_rally_020d84d6_mX6Chm2E (efc45119-40a0-464b-91e3-fc48a9c0ba2a)
2019-07-08 09:39:08.660 22705 RALLYDEBUG rally_openstack.cleanup.manager [-] Deleting neutron.port object s_rally_020d84d6_Zukn651l (efe87639-6f94-42e5-af56-374a7a85e7fa)
2019-07-08 09:39:08.664 22705 RALLYDEBUG rally_openstack.cleanup.manager [-] Deleting neutron.port object s_rally_020d84d6_Mq04MwU6 (f0a3e43f-55cf-47db-95ee-ccf840c8474f)
2019-07-08 09:39:08.742 22705 RALLYDEBUG rally_openstack.cleanup.manager [-] Deleting neutron.port object s_rally_020d84d6_TGS2cNhB (f0de1768-5584-43ed-ac6e-af8e9eda0d5c)
2019-07-08 09:39:08.917 22705 RALLYDEBUG rally_openstack.cleanup.manager [-] Deleting neutron.port object s_rally_020d84d6_xTtY6CJI (f1f8817e-6ab0-4c91-8401-b8949dd23c1e)
2019-07-08 09:39:09.174 22705 RALLYDEBUG rally_openstack.cleanup.manager [-] Deleting neutron.port object s_rally_020d84d6_etury2je (f2b174f2-bdda-4998-bcea-9264a4e47446)
2019-07-08 09:39:09.258 22705 RALLYDEBUG rally_openstack.cleanup.manager [-] Deleting neutron.port object s_rally_020d84d6_tpJgYYa1 (f6013353-c413-4f3b-840b-5586bf086224)
2019-07-08 09:39:09.479 22705 RALLYDEBUG rally_openstack.cleanup.manager [-] Deleting neutron.port object s_rally_020d84d6_G5aJvWK4 (f60261fe-c06c-40fe-a15a-eeddfd0efc3b)
2019-07-08 09:39:09.575 22705 RALLYDEBUG rally_openstack.cleanup.manager [-] Deleting neutron.port object s_rally_020d84d6_Y9yUEMhT (f6576e1e-ee0a-43c3-b0c5-8c99d1d7ebbb)
2019-07-08 09:39:09.759 22705 RALLYDEBUG rally_openstack.cleanup.manager [-] Deleting neutron.port object s_rally_020d84d6_Daltxvaq (f7304ba2-417e-4d1c-b1fe-951648831dd5)
2019-07-08 09:39:10.240 22705 RALLYDEBUG rally_openstack.cleanup.manager [-] Deleting neutron.port object s_rally_020d84d6_L9EQtYuD (f9fc5f22-eb8e-47f1-819b-88d49a3ca1fc)
2019-07-08 09:39:10.318 22705 RALLYDEBUG rally_openstack.cleanup.manager [-] Deleting neutron.port object s_rally_020d84d6_G3hqKiC1 (fabe3393-be48-4bd0-8b3e-51946c764d5e)
2019-07-08 09:39:10.406 22705 RALLYDEBUG rally_openstack.cleanup.manager [-] Deleting neutron.port object s_rally_020d84d6_FVNaFXKu (fe07766b-c9a7-4045-928f-2e4054328e2d)
2019-07-08 09:39:12.746 22705 RALLYDEBUG rally_openstack.cleanup.manager [-] Cleaning up neutron subnet objects
2019-07-08 09:39:13.405 22705 RALLYDEBUG rally_openstack.cleanup.manager [-] Cleaning up neutron network objects
2019-07-08 09:39:14.215 22705 RALLYDEBUG rally_openstack.cleanup.manager [-] Deleting neutron.network object s_rally_020d84d6_oYgBrjo6 (0469320a-7d92-4ff8-ad2c-f25ba15239bc)
2019-07-08 09:39:14.219 22705 RALLYDEBUG rally_openstack.cleanup.manager [-] Deleting neutron.network object s_rally_020d84d6_SwecJyze (097b73fd-a36c-4ba6-a253-b23b63a2ab8a)
2019-07-08 09:39:14.224 22705 RALLYDEBUG rally_openstack.cleanup.manager [-] Deleting neutron.network object s_rally_020d84d6_tSPX1PVv (0c0ad635-b795-4e12-b27c-cbbec9bca0ab)
2019-07-08 09:39:14.231 22705 RALLYDEBUG rally_openstack.cleanup.manager [-] Deleting neutron.network object s_rally_020d84d6_M4eWcJXU (0f917383-6416-48ab-8357-a0596c7d37de)
2019-07-08 09:39:14.237 22705 RALLYDEBUG rally_openstack.cleanup.manager [-] Deleting neutron.network object s_rally_020d84d6_PKXUUZq8 (18d10868-a06b-4ada-8d53-24132f9ac793)
2019-07-08 09:39:14.249 22705 RALLYDEBUG rally_openstack.cleanup.manager [-] Deleting neutron.network object s_rally_020d84d6_KTseH1lu (1aa2d3b4-bfd8-4638-ab90-32ac195eb11c)
2019-07-08 09:39:14.260 22705 RALLYDEBUG rally_openstack.cleanup.manager [-] Deleting neutron.network object s_rally_020d84d6_avY3R47K (1d878e11-f795-45d4-b653-27b2a4728cf6)
2019-07-08 09:39:14.277 22705 RALLYDEBUG rally_openstack.cleanup.manager [-] Deleting neutron.network object s_rally_020d84d6_gJU4n9Yr (2b5943ee-1ac3-428a-8425-e2b8c1182258)
2019-07-08 09:39:14.282 22705 RALLYDEBUG rally_openstack.cleanup.manager [-] Deleting neutron.network object s_rally_020d84d6_GZ6zD1ce (2c3d7119-cc89-482f-b3b7-8cb82fd15376)
2019-07-08 09:39:14.294 22705 RALLYDEBUG rally_openstack.cleanup.manager [-] Deleting neutron.network object s_rally_020d84d6_EWqDDYGu (326f3cd9-c24d-453b-8bb2-25c19acc62e0)
2019-07-08 09:39:14.305 22705 RALLYDEBUG rally_openstack.cleanup.manager [-] Deleting neutron.network object s_rally_020d84d6_mIW4EdBz (33a7ebc8-5b9c-4570-94b9-7a87a38b159a)
2019-07-08 09:39:14.326 22705 RALLYDEBUG rally_openstack.cleanup.manager [-] Deleting neutron.network object s_rally_020d84d6_crJKDxe6 (414dcff5-7ed3-4bdf-9d6a-196cea2d7832)
2019-07-08 09:39:14.340 22705 RALLYDEBUG rally_openstack.cleanup.manager [-] Deleting neutron.network object s_rally_020d84d6_RNJnFJ0b (41dece14-0f62-455e-9543-3419b0095aa4)
2019-07-08 09:39:14.352 22705 RALLYDEBUG rally_openstack.cleanup.manager [-] Deleting neutron.network object s_rally_020d84d6_PtvJtBCC (42cd1e5f-390a-4eaf-a633-f930479b1ebd)
2019-07-08 09:39:14.366 22705 RALLYDEBUG rally_openstack.cleanup.manager [-] Deleting neutron.network object s_rally_020d84d6_Hlfm5gjq (45129a43-fca1-4757-a574-b50608e71d75)
2019-07-08 09:39:14.384 22705 RALLYDEBUG rally_openstack.cleanup.manager [-] Deleting neutron.network object s_rally_020d84d6_94otlKpm (46cc9461-76c8-4f65-9adb-ab92de994a6c)
2019-07-08 09:39:14.394 22705 RALLYDEBUG rally_openstack.cleanup.manager [-] Deleting neutron.network object s_rally_020d84d6_1K76x4JD (4bdccfa7-27ac-4315-9f18-448997f15a2b)
2019-07-08 09:39:14.410 22705 RALLYDEBUG rally_openstack.cleanup.manager [-] Deleting neutron.network object s_rally_020d84d6_lII8D4w1 (4c670309-ecc7-44de-926d-430541e56007)
2019-07-08 09:39:14.414 22705 RALLYDEBUG rally_openstack.cleanup.manager [-] Deleting neutron.network object s_rally_020d84d6_qQn4CQi2 (4db4837e-6c05-474d-97e2-a38f481a369f)
2019-07-08 09:39:14.427 22705 RALLYDEBUG rally_openstack.cleanup.manager [-] Deleting neutron.network object s_rally_020d84d6_uTuMgB1C (55e4badb-6c78-4dc5-8740-1c7d64f797d5)
2019-07-08 09:39:17.717 22705 RALLYDEBUG rally_openstack.cleanup.manager [-] Deleting neutron.network object s_rally_020d84d6_YA1l4yJV (57c6149b-3c02-4f33-8387-b609db3248e9)
2019-07-08 09:39:17.852 22705 RALLYDEBUG rally_openstack.cleanup.manager [-] Deleting neutron.network object s_rally_020d84d6_3dUtnVWw (5d3eabc5-c565-464a-82c4-903a46f59122)
2019-07-08 09:39:17.924 22705 RALLYDEBUG rally_openstack.cleanup.manager [-] Deleting neutron.network object s_rally_020d84d6_oi0KZ0ig (636ad497-1e61-47f8-8e7f-50be15cd13c1)
2019-07-08 09:39:17.989 22705 RALLYDEBUG rally_openstack.cleanup.manager [-] Deleting neutron.network object s_rally_020d84d6_AnqjjxF2 (64e63353-5109-4072-b096-7a212ca577e9)
2019-07-08 09:39:18.137 22705 RALLYDEBUG rally_openstack.cleanup.manager [-] Deleting neutron.network object s_rally_020d84d6_6BBS16MK (655e23d3-12c0-4e24-93cd-0b462056934b)
2019-07-08 09:39:18.403 22705 RALLYDEBUG rally_openstack.cleanup.manager [-] Deleting neutron.network object s_rally_020d84d6_R5wbQ53C (669edc28-3160-4555-9407-ba6c5169a924)
2019-07-08 09:39:18.463 22705 RALLYDEBUG rally_openstack.cleanup.manager [-] Deleting neutron.network object s_rally_020d84d6_9oz5DhME (6a265400-a60a-44cc-b645-9a623f120e53)
2019-07-08 09:39:18.521 22705 RALLYDEBUG rally_openstack.cleanup.manager [-] Deleting neutron.network object s_rally_020d84d6_hujeS0lj (6f0dfe71-9277-4fdb-97a0-4d12dcb3aa60)
2019-07-08 09:39:18.771 22705 RALLYDEBUG rally_openstack.cleanup.manager [-] Deleting neutron.network object s_rally_020d84d6_nn27DNo2 (a6449f80-e763-4010-8a54-c6e56b304368)
2019-07-08 09:39:18.811 22705 RALLYDEBUG rally_openstack.cleanup.manager [-] Deleting neutron.network object s_rally_020d84d6_uPsJ7lgv (b98d9ff6-cad7-4cc0-a7b0-d401ea2e44bd)
2019-07-08 09:39:19.079 22705 RALLYDEBUG rally_openstack.cleanup.manager [-] Deleting neutron.network object s_rally_020d84d6_ksSIYs3s (baf1d0d9-bfef-4031-8a29-accf6a65c51d)
2019-07-08 09:39:19.118 22705 RALLYDEBUG rally_openstack.cleanup.manager [-] Deleting neutron.network object s_rally_020d84d6_PGNd386K (bdaf6741-28b0-454d-bb82-ea66cb96f685)
2019-07-08 09:39:19.616 22705 RALLYDEBUG rally_openstack.cleanup.manager [-] Deleting neutron.network object s_rally_020d84d6_P5MwDobs (c3cd08e2-d6b4-448a-9266-a157dcb86791)
2019-07-08 09:39:19.646 22705 RALLYDEBUG rally_openstack.cleanup.manager [-] Deleting neutron.network object s_rally_020d84d6_qBoNMKpT (c59534d6-c81d-4ac4-883f-40a2a21fdb02)
2019-07-08 09:39:19.746 22705 RALLYDEBUG rally_openstack.cleanup.manager [-] Deleting neutron.network object s_rally_020d84d6_Ql5tPZgd (d3435483-8522-4170-a61a-809cf3468b36)
2019-07-08 09:39:19.747 22705 RALLYDEBUG rally_openstack.cleanup.manager [-] Deleting neutron.network object s_rally_020d84d6_3PU8CUiO (c8149475-2ae1-4cee-b635-c6865ea9002f)
2019-07-08 09:39:20.476 22705 RALLYDEBUG rally_openstack.cleanup.manager [-] Deleting neutron.network object s_rally_020d84d6_1H19pBF3 (dc72f1cf-4527-4da4-8d59-d4e20072ef7f)
2019-07-08 09:39:20.847 22705 RALLYDEBUG rally_openstack.cleanup.manager [-] Deleting neutron.network object s_rally_020d84d6_J2bd5GBM (eaf808e0-4b70-4a5d-b551-c22b145eb92c)
2019-07-08 09:39:20.964 22705 RALLYDEBUG rally_openstack.cleanup.manager [-] Deleting neutron.network object s_rally_020d84d6_ztZIFYny (ee7ee1dc-38c6-429e-8c63-26c9112c4b11)
2019-07-08 09:39:21.008 22705 RALLYDEBUG rally_openstack.cleanup.manager [-] Deleting neutron.network object s_rally_020d84d6_m2aJ9p7E (fec2dcb5-96aa-4b44-95ee-663d7cc9077a)
2019-07-08 09:39:24.201 22705 RALLYDEBUG rally_openstack.cleanup.manager [-] Cleaning up neutron router objects
2019-07-08 09:39:25.155 22705 RALLYDEBUG rally_openstack.cleanup.manager [-] Cleaning up neutron security_group objects
2019-07-08 09:39:25.905 22705 INFO rally.task.context [-] Task 8e99c22b-70c5-49a3-b51b-87013a88d735 | Context cleanup@openstack cleanup() finished in 51.64 sec
2019-07-08 09:39:25.906 22705 INFO rally.task.context [-] Task 8e99c22b-70c5-49a3-b51b-87013a88d735 | Context quotas@openstack cleanup() started
2019-07-08 09:39:26.113 22705 INFO rally.task.context [-] Task 8e99c22b-70c5-49a3-b51b-87013a88d735 | Context quotas@openstack cleanup() finished in 0.21 sec
2019-07-08 09:39:26.114 22705 INFO rally.task.context [-] Task 8e99c22b-70c5-49a3-b51b-87013a88d735 | Context users@openstack cleanup() started
2019-07-08 09:39:30.399 22705 INFO rally.task.context [-] Task 8e99c22b-70c5-49a3-b51b-87013a88d735 | Context users@openstack cleanup() finished in 4.28 sec
2019-07-08 09:39:32.156 22705 INFO rally.task.engine [-] Load duration is: 45.865592
2019-07-08 09:39:32.156 22705 INFO rally.task.engine [-] Full runner duration is: 45.920172
2019-07-08 09:39:32.157 22705 INFO rally.task.engine [-] Full duration is: 106.837853
2019-07-08 09:39:32.356 22705 INFO rally.task.engine [-] Running workload: position = 2 config = { "version": 2, "title": "A cropped version of a bigger task.", "description": "Auto-generated task from a single workload (uuid=ffc8f78c-64af-4250-8890-b4336c905022)", "subtasks": [ { "title": "NeutronNetworks.create_and_delete_ports", "description": "Create and delete a port.", "scenario": { "NeutronNetworks.create_and_delete_ports": { "network_create_args": {}, "port_create_args": {}, "ports_per_network": 5 } }, "contexts": { "users": { "tenants": 1, "users_per_tenant": 1 }, "quotas": { "neutron": { "network": -1, "port": -1 } } }, "runner": { "constant": { "times": 40, "concurrency": 20 } }, "hooks": [], "sla": { "failure_rate": { "max": 0 } } } ] }
2019-07-08 09:39:32.376 22705 RALLYDEBUG rally_openstack.contexts.keystone.users [-] Creating 1 tenants using 20 threads
2019-07-08 09:39:34.117 22705 RALLYDEBUG rally_openstack.contexts.keystone.users [-] Creating 1 users using 20 threads
2019-07-08 09:39:36.540 22705 INFO rally.task.context [-] Task 8e99c22b-70c5-49a3-b51b-87013a88d735 | Context users@openstack setup() finished in 4.16 sec
2019-07-08 09:39:37.377 22705 INFO rally.task.context [-] Task 8e99c22b-70c5-49a3-b51b-87013a88d735 | Context quotas@openstack setup() finished in 0.84 sec
2019-07-08 09:39:37.377 22705 INFO rally.task.context [-] Task 8e99c22b-70c5-49a3-b51b-87013a88d735 | Context cleanup@openstack setup() finished in 0.00 msec
2019-07-08 09:39:37.386 22705 RALLYDEBUG rally.task.runner [-] Starting the constant runner (task UUID: 8e99c22b-70c5-49a3-b51b-87013a88d735). timeout: 0 concurrency: 20 concurrency_per_worker: 1 times: 40 concurrency_overhead: 4 processes_to_start: 16 max_cpu_used: 16
2019-07-08 09:39:37.399 26951 RALLYDEBUG rally.task.runner [-] Starting a worker. concurrency: 2 args: {"network_create_args": {}, "port_create_args": {}, "ports_per_network": 5} times: 40 method_name: run timeout: 0 duration: None cls:
2019-07-08 09:39:37.402 26952 RALLYDEBUG rally.task.runner [-] Starting a worker. concurrency: 2 args: {"network_create_args": {}, "port_create_args": {}, "ports_per_network": 5} times: 40 method_name: run timeout: 0 duration: None cls:
2019-07-08 09:39:37.405 26951 INFO rally.task.runner [-] Task 8e99c22b-70c5-49a3-b51b-87013a88d735 | ITER: 1 START
2019-07-08 09:39:37.405 26953 RALLYDEBUG rally.task.runner [-] Starting a worker. concurrency: 2 args: {"network_create_args": {}, "port_create_args": {}, "ports_per_network": 5} times: 40 method_name: run timeout: 0 duration: None cls:
2019-07-08 09:39:37.407 26951 WARNING rally_openstack.scenarios.neutron.utils [-] Running this scenario without either the 'network' or 'existing_network' context is deprecated
2019-07-08 09:39:37.409 26954 RALLYDEBUG rally.task.runner [-] Starting a worker. concurrency: 2 args: {"network_create_args": {}, "port_create_args": {}, "ports_per_network": 5} times: 40 method_name: run timeout: 0 duration: None cls:
2019-07-08 09:39:37.409 26952 INFO rally.task.runner [-] Task 8e99c22b-70c5-49a3-b51b-87013a88d735 | ITER: 5 START
2019-07-08 09:39:37.410 26952 INFO rally.task.runner [-] Task 8e99c22b-70c5-49a3-b51b-87013a88d735 | ITER: 2 START
2019-07-08 09:39:37.412 26952 WARNING rally_openstack.scenarios.neutron.utils [-] Running this scenario without either the 'network' or 'existing_network' context is deprecated
2019-07-08 09:39:37.413 26953 INFO rally.task.runner [-] Task 8e99c22b-70c5-49a3-b51b-87013a88d735 | ITER: 4 START
2019-07-08 09:39:37.414 26953 INFO rally.task.runner [-] Task 8e99c22b-70c5-49a3-b51b-87013a88d735 | ITER: 6 START
2019-07-08 09:39:37.415 26953 WARNING rally_openstack.scenarios.neutron.utils [-] Running this scenario without either the 'network' or 'existing_network' context is deprecated
2019-07-08 09:39:37.416 26958 RALLYDEBUG rally.task.runner [-] Starting a worker. concurrency: 1 args: {"network_create_args": {}, "port_create_args": {}, "ports_per_network": 5} times: 40 method_name: run timeout: 0 duration: None cls:
2019-07-08 09:39:37.420 26951 INFO rally.task.runner [-] Task 8e99c22b-70c5-49a3-b51b-87013a88d735 | ITER: 3 START
2019-07-08 09:39:37.419 26954 INFO rally.task.runner [-] Task 8e99c22b-70c5-49a3-b51b-87013a88d735 | ITER: 7 START
2019-07-08 09:39:37.413 26952 WARNING rally_openstack.scenarios.neutron.utils [-] Running this scenario without either the 'network' or 'existing_network' context is deprecated
2019-07-08 09:39:37.420 26964 RALLYDEBUG rally.task.runner [-] Starting a worker. concurrency: 1 args: {"network_create_args": {}, "port_create_args": {}, "ports_per_network": 5} times: 40 method_name: run timeout: 0 duration: None cls:
2019-07-08 09:39:37.420 26951 WARNING rally_openstack.scenarios.neutron.utils [-] Running this scenario without either the 'network' or 'existing_network' context is deprecated
2019-07-08 09:39:37.422 26954 WARNING rally_openstack.scenarios.neutron.utils [-] Running this scenario without either the 'network' or 'existing_network' context is deprecated
2019-07-08 09:39:37.416 26953 WARNING rally_openstack.scenarios.neutron.utils [-] Running this scenario without either the 'network' or 'existing_network' context is deprecated
2019-07-08 09:39:37.423 26958 INFO rally.task.runner [-] Task 8e99c22b-70c5-49a3-b51b-87013a88d735 | ITER: 9 START
2019-07-08 09:39:37.425 26958 WARNING rally_openstack.scenarios.neutron.utils [-] Running this scenario without either the 'network' or 'existing_network' context is deprecated
2019-07-08 09:39:37.425 26964 INFO rally.task.runner [-] Task 8e99c22b-70c5-49a3-b51b-87013a88d735 | ITER: 10 START
2019-07-08 09:39:37.426 26964 WARNING rally_openstack.scenarios.neutron.utils [-] Running this scenario without either the 'network' or 'existing_network' context is deprecated
2019-07-08 09:39:37.428 26969 RALLYDEBUG rally.task.runner [-] Starting a worker. concurrency: 1 args: {"network_create_args": {}, "port_create_args": {}, "ports_per_network": 5} times: 40 method_name: run timeout: 0 duration: None cls:
2019-07-08 09:39:37.430 26954 INFO rally.task.runner [-] Task 8e99c22b-70c5-49a3-b51b-87013a88d735 | ITER: 8 START
2019-07-08 09:39:37.432 26954 WARNING rally_openstack.scenarios.neutron.utils [-] Running this scenario without either the 'network' or 'existing_network' context is deprecated
2019-07-08 09:39:37.435 26969 INFO rally.task.runner [-] Task 8e99c22b-70c5-49a3-b51b-87013a88d735 | ITER: 11 START
2019-07-08 09:39:37.436 26969 WARNING rally_openstack.scenarios.neutron.utils [-] Running this scenario without either the 'network' or 'existing_network' context is deprecated
2019-07-08 09:39:37.437 26974 RALLYDEBUG rally.task.runner [-] Starting a worker. concurrency: 1 args: {"network_create_args": {}, "port_create_args": {}, "ports_per_network": 5} times: 40 method_name: run timeout: 0 duration: None cls:
2019-07-08 09:39:37.442 26977 RALLYDEBUG rally.task.runner [-] Starting a worker. concurrency: 1 args: {"network_create_args": {}, "port_create_args": {}, "ports_per_network": 5} times: 40 method_name: run timeout: 0 duration: None cls:
2019-07-08 09:39:37.445 26974 INFO rally.task.runner [-] Task 8e99c22b-70c5-49a3-b51b-87013a88d735 | ITER: 12 START
2019-07-08 09:39:37.447 26974 WARNING rally_openstack.scenarios.neutron.utils [-] Running this scenario without either the 'network' or 'existing_network' context is deprecated
2019-07-08 09:39:37.446 26978 RALLYDEBUG rally.task.runner [-] Starting a worker. concurrency: 1 args: {"network_create_args": {}, "port_create_args": {}, "ports_per_network": 5} times: 40 method_name: run timeout: 0 duration: None cls:
2019-07-08 09:39:37.449 26977 INFO rally.task.runner [-] Task 8e99c22b-70c5-49a3-b51b-87013a88d735 | ITER: 13 START
2019-07-08 09:39:37.451 26977 WARNING rally_openstack.scenarios.neutron.utils [-] Running this scenario without either the 'network' or 'existing_network' context is deprecated
2019-07-08 09:39:37.452 26978 INFO rally.task.runner [-] Task 8e99c22b-70c5-49a3-b51b-87013a88d735 | ITER: 14 START
2019-07-08 09:39:37.452 26981 RALLYDEBUG rally.task.runner [-] Starting a worker. concurrency: 1 args: {"network_create_args": {}, "port_create_args": {}, "ports_per_network": 5} times: 40 method_name: run timeout: 0 duration: None cls:
2019-07-08 09:39:37.453 26978 WARNING rally_openstack.scenarios.neutron.utils [-] Running this scenario without either the 'network' or 'existing_network' context is deprecated
2019-07-08 09:39:37.459 26981 INFO rally.task.runner [-] Task 8e99c22b-70c5-49a3-b51b-87013a88d735 | ITER: 15 START
2019-07-08 09:39:37.460 26981 WARNING rally_openstack.scenarios.neutron.utils [-] Running this scenario without either the 'network' or 'existing_network' context is deprecated
2019-07-08 09:39:37.461 26984 RALLYDEBUG rally.task.runner [-] Starting a worker. concurrency: 1 args: {"network_create_args": {}, "port_create_args": {}, "ports_per_network": 5} times: 40 method_name: run timeout: 0 duration: None cls:
2019-07-08 09:39:37.464 26987 RALLYDEBUG rally.task.runner [-] Starting a worker. concurrency: 1 args: {"network_create_args": {}, "port_create_args": {}, "ports_per_network": 5} times: 40 method_name: run timeout: 0 duration: None cls:
2019-07-08 09:39:37.466 26990 RALLYDEBUG rally.task.runner [-] Starting a worker. concurrency: 1 args: {"network_create_args": {}, "port_create_args": {}, "ports_per_network": 5} times: 40 method_name: run timeout: 0 duration: None cls:
2019-07-08 09:39:37.469 26987 INFO rally.task.runner [-] Task 8e99c22b-70c5-49a3-b51b-87013a88d735 | ITER: 17 START
2019-07-08 09:39:37.470 26991 RALLYDEBUG rally.task.runner [-] Starting a worker. concurrency: 1 args: {"network_create_args": {}, "port_create_args": {}, "ports_per_network": 5} times: 40 method_name: run timeout: 0 duration: None cls:
2019-07-08 09:39:37.471 26984 INFO rally.task.runner [-] Task 8e99c22b-70c5-49a3-b51b-87013a88d735 | ITER: 16 START
2019-07-08 09:39:37.471 26987 WARNING rally_openstack.scenarios.neutron.utils [-] Running this scenario without either the 'network' or 'existing_network' context is deprecated
2019-07-08 09:39:37.471 26984 WARNING rally_openstack.scenarios.neutron.utils [-] Running this scenario without either the 'network' or 'existing_network' context is deprecated
2019-07-08 09:39:37.472 26990 INFO rally.task.runner [-] Task 8e99c22b-70c5-49a3-b51b-87013a88d735 | ITER: 18 START
2019-07-08 09:39:37.473 26990 WARNING rally_openstack.scenarios.neutron.utils [-] Running this scenario without either the 'network' or 'existing_network' context is deprecated
2019-07-08 09:39:37.473 26992 RALLYDEBUG rally.task.runner [-] Starting a worker. concurrency: 1 args: {"network_create_args": {}, "port_create_args": {}, "ports_per_network": 5} times: 40 method_name: run timeout: 0 duration: None cls:
2019-07-08 09:39:37.474 26991 INFO rally.task.runner [-] Task 8e99c22b-70c5-49a3-b51b-87013a88d735 | ITER: 19 START
2019-07-08 09:39:37.476 26991 WARNING rally_openstack.scenarios.neutron.utils [-] Running this scenario without either the 'network' or 'existing_network' context is deprecated
2019-07-08 09:39:37.477 26992 INFO rally.task.runner [-] Task 8e99c22b-70c5-49a3-b51b-87013a88d735 | ITER: 20 START
2019-07-08 09:39:37.478 26992 WARNING rally_openstack.scenarios.neutron.utils [-] Running this scenario without either the 'network' or 'existing_network' context is deprecated
2019-07-08 09:39:47.404 26958 INFO rally.task.runner [-] Task 8e99c22b-70c5-49a3-b51b-87013a88d735 | ITER: 9 END: OK
2019-07-08 09:39:47.409 26958 INFO rally.task.runner [-] Task 8e99c22b-70c5-49a3-b51b-87013a88d735 | ITER: 21 START
2019-07-08 09:39:47.409 26958 WARNING rally_openstack.scenarios.neutron.utils [-] Running this scenario without either the 'network' or 'existing_network' context is deprecated
2019-07-08 09:39:47.927 26952 INFO rally.task.runner [-] Task 8e99c22b-70c5-49a3-b51b-87013a88d735 | ITER: 5 END: OK
2019-07-08 09:39:47.931 26952 INFO rally.task.runner [-] Task 8e99c22b-70c5-49a3-b51b-87013a88d735 | ITER: 22 START
2019-07-08 09:39:47.932 26952 WARNING rally_openstack.scenarios.neutron.utils [-] Running this scenario without either the 'network' or 'existing_network' context is deprecated
2019-07-08 09:39:48.363 26981 INFO rally.task.runner [-] Task 8e99c22b-70c5-49a3-b51b-87013a88d735 | ITER: 15 END: OK
2019-07-08 09:39:48.367 26981 INFO rally.task.runner [-] Task 8e99c22b-70c5-49a3-b51b-87013a88d735 | ITER: 23 START
2019-07-08 09:39:48.368 26981 WARNING rally_openstack.scenarios.neutron.utils [-] Running this scenario without either the 'network' or 'existing_network' context is deprecated
2019-07-08 09:39:56.166 26958 INFO rally.task.runner [-] Task 8e99c22b-70c5-49a3-b51b-87013a88d735 | ITER: 21 END: OK
2019-07-08 09:39:56.170 26958 INFO rally.task.runner [-] Task 8e99c22b-70c5-49a3-b51b-87013a88d735 | ITER: 24 START
2019-07-08 09:39:56.170 26958 WARNING rally_openstack.scenarios.neutron.utils [-] Running this scenario without either the 'network' or 'existing_network' context is deprecated
2019-07-08 09:39:57.821 26952 INFO rally.task.runner [-] Task 8e99c22b-70c5-49a3-b51b-87013a88d735 | ITER: 22 END: OK
2019-07-08 09:39:57.824 26952 INFO rally.task.runner [-] Task 8e99c22b-70c5-49a3-b51b-87013a88d735 | ITER: 25 START
2019-07-08 09:39:57.825 26952 WARNING rally_openstack.scenarios.neutron.utils [-] Running this scenario without either the 'network' or 'existing_network' context is deprecated
2019-07-08 09:39:58.040 26981 INFO rally.task.runner [-] Task 8e99c22b-70c5-49a3-b51b-87013a88d735 | ITER: 23 END: OK
2019-07-08 09:39:58.044 26981 INFO rally.task.runner [-] Task 8e99c22b-70c5-49a3-b51b-87013a88d735 | ITER: 26 START
2019-07-08 09:39:58.045 26981 WARNING rally_openstack.scenarios.neutron.utils [-] Running this scenario without either the 'network' or 'existing_network' context is deprecated
2019-07-08 09:40:01.299 26952 INFO rally.task.runner [-] Task 8e99c22b-70c5-49a3-b51b-87013a88d735 | ITER: 2 END: OK
2019-07-08 09:40:01.302 26952 INFO rally.task.runner [-] Task 8e99c22b-70c5-49a3-b51b-87013a88d735 | ITER: 27 START
2019-07-08 09:40:01.303 26952 WARNING rally_openstack.scenarios.neutron.utils [-] Running this scenario without either the 'network' or 'existing_network' context is deprecated
2019-07-08 09:40:02.197 26987 INFO rally.task.runner [-] Task 8e99c22b-70c5-49a3-b51b-87013a88d735 | ITER: 17 END: OK
2019-07-08 09:40:02.202 26987 INFO rally.task.runner [-] Task 8e99c22b-70c5-49a3-b51b-87013a88d735 | ITER: 28 START
2019-07-08 09:40:02.203 26987 WARNING rally_openstack.scenarios.neutron.utils [-] Running this scenario without either the 'network' or 'existing_network' context is deprecated
2019-07-08 09:40:02.907 26969 INFO rally.task.runner [-] Task 8e99c22b-70c5-49a3-b51b-87013a88d735 | ITER: 11 END: OK
2019-07-08 09:40:02.912 26969 INFO rally.task.runner [-] Task 8e99c22b-70c5-49a3-b51b-87013a88d735 | ITER: 29 START
2019-07-08 09:40:02.913 26969 WARNING rally_openstack.scenarios.neutron.utils [-] Running this scenario without either the 'network' or 'existing_network' context is deprecated
2019-07-08 09:40:02.943 26951 INFO rally.task.runner [-] Task 8e99c22b-70c5-49a3-b51b-87013a88d735 | ITER: 3 END: OK
2019-07-08 09:40:02.948 26951 INFO rally.task.runner [-] Task 8e99c22b-70c5-49a3-b51b-87013a88d735 | ITER: 30 START
2019-07-08 09:40:02.949 26951 WARNING rally_openstack.scenarios.neutron.utils [-] Running this scenario without either the 'network' or 'existing_network' context is deprecated
2019-07-08 09:40:03.885 26984 INFO rally.task.runner [-] Task 8e99c22b-70c5-49a3-b51b-87013a88d735 | ITER: 16 END: OK
2019-07-08 09:40:03.889 26984 INFO rally.task.runner [-] Task 8e99c22b-70c5-49a3-b51b-87013a88d735 | ITER: 31 START
2019-07-08 09:40:03.890 26984 WARNING rally_openstack.scenarios.neutron.utils [-] Running this scenario without either the 'network' or 'existing_network' context is deprecated
2019-07-08 09:40:03.892 26977 INFO rally.task.runner [-] Task 8e99c22b-70c5-49a3-b51b-87013a88d735 | ITER: 13 END: OK
2019-07-08 09:40:03.896 26977 INFO rally.task.runner [-] Task 8e99c22b-70c5-49a3-b51b-87013a88d735 | ITER: 32 START
2019-07-08 09:40:03.897 26977 WARNING rally_openstack.scenarios.neutron.utils [-] Running this scenario without either the 'network' or 'existing_network' context is deprecated
2019-07-08 09:40:03.971 26991 INFO rally.task.runner [-] Task 8e99c22b-70c5-49a3-b51b-87013a88d735 | ITER: 19 END: OK
2019-07-08 09:40:03.975 26991 INFO rally.task.runner [-] Task 8e99c22b-70c5-49a3-b51b-87013a88d735 | ITER: 33 START
2019-07-08 09:40:03.975 26991 WARNING rally_openstack.scenarios.neutron.utils [-] Running this scenario without either the 'network' or 'existing_network' context is deprecated
2019-07-08 09:40:04.042 26990 INFO rally.task.runner [-] Task 8e99c22b-70c5-49a3-b51b-87013a88d735 | ITER: 18 END: OK
2019-07-08 09:40:04.045 26990 INFO rally.task.runner [-] Task 8e99c22b-70c5-49a3-b51b-87013a88d735 | ITER: 34 START
2019-07-08 09:40:04.046 26990 WARNING rally_openstack.scenarios.neutron.utils [-] Running this scenario without either the 'network' or 'existing_network' context is deprecated
2019-07-08 09:40:04.133 26978 INFO rally.task.runner [-] Task 8e99c22b-70c5-49a3-b51b-87013a88d735 | ITER: 14 END: OK
2019-07-08 09:40:04.138 26978 INFO rally.task.runner [-] Task 8e99c22b-70c5-49a3-b51b-87013a88d735 | ITER: 35 START
2019-07-08 09:40:04.139 26978 WARNING rally_openstack.scenarios.neutron.utils [-] Running this scenario without either the 'network' or 'existing_network' context is deprecated
2019-07-08 09:40:05.685 26958 INFO rally.task.runner [-] Task 8e99c22b-70c5-49a3-b51b-87013a88d735 | ITER: 24 END: OK
2019-07-08 09:40:05.688 26958 INFO rally.task.runner [-] Task 8e99c22b-70c5-49a3-b51b-87013a88d735 | ITER: 36 START
2019-07-08 09:40:05.689 26958 WARNING rally_openstack.scenarios.neutron.utils [-] Running this scenario without either the 'network' or 'existing_network' context is deprecated
2019-07-08 09:40:07.108 26992 INFO rally.task.runner [-] Task 8e99c22b-70c5-49a3-b51b-87013a88d735 | ITER: 20 END: OK
2019-07-08 09:40:07.111 26992 INFO rally.task.runner [-] Task 8e99c22b-70c5-49a3-b51b-87013a88d735 | ITER: 37 START
2019-07-08 09:40:07.112 26992 WARNING rally_openstack.scenarios.neutron.utils [-] Running this scenario without either the 'network' or 'existing_network' context is deprecated
2019-07-08 09:40:07.582 26964 INFO rally.task.runner [-] Task 8e99c22b-70c5-49a3-b51b-87013a88d735 | ITER: 10 END: OK
2019-07-08 09:40:07.589 26954 INFO rally.task.runner [-] Task 8e99c22b-70c5-49a3-b51b-87013a88d735 | ITER: 7 END: OK
2019-07-08 09:40:07.591 26964 INFO rally.task.runner [-] Task 8e99c22b-70c5-49a3-b51b-87013a88d735 | ITER: 38 START
2019-07-08 09:40:07.591 26964 WARNING rally_openstack.scenarios.neutron.utils [-] Running this scenario without either the 'network' or 'existing_network' context is deprecated
2019-07-08 09:40:07.599 26954 INFO rally.task.runner [-] Task 8e99c22b-70c5-49a3-b51b-87013a88d735 | ITER: 39 START
