2019-07-08 09:40:07.599 26954 WARNING rally_openstack.scenarios.neutron.utils [-] Running this scenario without either the 'network' or 'existing_network' context is deprecated
2019-07-08 09:40:07.815 26951 INFO rally.task.runner [-] Task 8e99c22b-70c5-49a3-b51b-87013a88d735 | ITER: 1 END: OK
2019-07-08 09:40:07.819 26951 INFO rally.task.runner [-] Task 8e99c22b-70c5-49a3-b51b-87013a88d735 | ITER: 40 START
2019-07-08 09:40:07.819 26951 WARNING rally_openstack.scenarios.neutron.utils [-] Running this scenario without either the 'network' or 'existing_network' context is deprecated
2019-07-08 09:40:11.471 26952 INFO rally.task.runner [-] Task 8e99c22b-70c5-49a3-b51b-87013a88d735 | ITER: 27 END: OK
2019-07-08 09:40:12.832 26954 INFO rally.task.runner [-] Task 8e99c22b-70c5-49a3-b51b-87013a88d735 | ITER: 8 END: OK
2019-07-08 09:40:13.067 26953 INFO rally.task.runner [-] Task 8e99c22b-70c5-49a3-b51b-87013a88d735 | ITER: 6 END: OK
2019-07-08 09:40:13.225 26953 INFO rally.task.runner [-] Task 8e99c22b-70c5-49a3-b51b-87013a88d735 | ITER: 4 END: OK
2019-07-08 09:40:13.241 26974 INFO rally.task.runner [-] Task 8e99c22b-70c5-49a3-b51b-87013a88d735 | ITER: 12 END: OK
2019-07-08 09:40:13.358 26951 INFO rally.task.runner [-] Task 8e99c22b-70c5-49a3-b51b-87013a88d735 | ITER: 30 END: OK
2019-07-08 09:40:15.443 26952 INFO rally.task.runner [-] Task 8e99c22b-70c5-49a3-b51b-87013a88d735 | ITER: 25 END: OK
2019-07-08 09:40:15.631 26981 INFO rally.task.runner [-] Task 8e99c22b-70c5-49a3-b51b-87013a88d735 | ITER: 26 END: OK
2019-07-08 09:40:15.747 26958 INFO rally.task.runner [-] Task 8e99c22b-70c5-49a3-b51b-87013a88d735 | ITER: 36 END: OK
2019-07-08 09:40:17.134 26992 INFO rally.task.runner [-] Task 8e99c22b-70c5-49a3-b51b-87013a88d735 | ITER: 37 END: OK
2019-07-08 09:40:17.528 26964 INFO rally.task.runner [-] Task 8e99c22b-70c5-49a3-b51b-87013a88d735 | ITER: 38 END: OK
2019-07-08 09:40:18.060 26987 INFO rally.task.runner [-] Task 8e99c22b-70c5-49a3-b51b-87013a88d735 | ITER: 28 END: OK
2019-07-08 09:40:19.441 26984 INFO rally.task.runner [-] Task 8e99c22b-70c5-49a3-b51b-87013a88d735 | ITER: 31 END: OK
2019-07-08 09:40:21.188 26991 INFO rally.task.runner [-] Task 8e99c22b-70c5-49a3-b51b-87013a88d735 | ITER: 33 END: OK
2019-07-08 09:40:21.189 26977 INFO rally.task.runner [-] Task 8e99c22b-70c5-49a3-b51b-87013a88d735 | ITER: 32 END: OK
2019-07-08 09:40:21.491 26954 INFO rally.task.runner [-] Task 8e99c22b-70c5-49a3-b51b-87013a88d735 | ITER: 39 END: OK
2019-07-08 09:40:21.781 26951 INFO rally.task.runner [-] Task 8e99c22b-70c5-49a3-b51b-87013a88d735 | ITER: 40 END: OK
2019-07-08 09:40:23.321 26969 INFO rally.task.runner [-] Task 8e99c22b-70c5-49a3-b51b-87013a88d735 | ITER: 29 END: OK
2019-07-08 09:40:25.578 26978 INFO rally.task.runner [-] Task 8e99c22b-70c5-49a3-b51b-87013a88d735 | ITER: 35 END: OK
2019-07-08 09:40:25.582 26990 INFO rally.task.runner [-] Task 8e99c22b-70c5-49a3-b51b-87013a88d735 | ITER: 34 END: OK
2019-07-08 09:40:25.608 22705 INFO rally.task.context [-] Task 8e99c22b-70c5-49a3-b51b-87013a88d735 | Context cleanup@openstack cleanup() started
2019-07-08 09:40:25.611 22705 RALLYDEBUG rally_openstack.cleanup.manager [-] Cleaning up neutron vip objects
2019-07-08 09:40:26.232 22705 RALLYDEBUG rally_openstack.cleanup.manager [-] Cleaning up neutron health_monitor objects
2019-07-08 09:40:26.930 22705 RALLYDEBUG rally_openstack.cleanup.manager [-] Cleaning up neutron pool objects
2019-07-08 09:40:27.652 22705 RALLYDEBUG rally_openstack.cleanup.manager [-] Cleaning up neutron loadbalancer objects
2019-07-08 09:40:28.389 22705 RALLYDEBUG rally_openstack.cleanup.manager [-] Cleaning up neutron floatingip objects
2019-07-08 09:40:29.394 22705 RALLYDEBUG rally_openstack.cleanup.manager [-] Cleaning up neutron port objects
2019-07-08 09:40:30.145 22705 RALLYDEBUG rally_openstack.cleanup.manager [-] Cleaning up neutron subnet objects
2019-07-08 09:40:30.855 22705 RALLYDEBUG rally_openstack.cleanup.manager [-] Cleaning up neutron network objects
2019-07-08 09:40:31.806 22705 RALLYDEBUG rally_openstack.cleanup.manager [-] Deleting neutron.network object s_rally_ffc8f78c_W2me1TPk (0b97cd6c-66a1-4667-9131-cfc388173df1)
2019-07-08 09:40:31.808 22705 RALLYDEBUG rally_openstack.cleanup.manager [-] Deleting neutron.network object s_rally_ffc8f78c_1v2cqxRP (15c17e03-50d1-4b66-b01a-b78aaabf65ca)
2019-07-08 09:40:31.814 22705 RALLYDEBUG rally_openstack.cleanup.manager [-] Deleting neutron.network object s_rally_ffc8f78c_JjARJ18t (1a1449b7-bd15-4458-b8d6-73a1df68803e)
2019-07-08 09:40:31.820 22705 RALLYDEBUG rally_openstack.cleanup.manager [-] Deleting neutron.network object s_rally_ffc8f78c_Dd1Q8uuw (06f459e8-3c67-41ea-90f2-70717ed333d0)
2019-07-08 09:40:31.825 22705 RALLYDEBUG rally_openstack.cleanup.manager [-] Deleting neutron.network object s_rally_ffc8f78c_Gd2W0q0N (2906ba1f-2fb6-4943-a6cc-4541609a2ea8)
2019-07-08 09:40:31.838 22705 RALLYDEBUG rally_openstack.cleanup.manager [-] Deleting neutron.network object s_rally_ffc8f78c_qiN9sxF3 (31c3afb8-9fb6-42e7-9015-a98cd1a5ebac)
2019-07-08 09:40:31.840 22705 RALLYDEBUG rally_openstack.cleanup.manager [-] Deleting neutron.network object s_rally_ffc8f78c_QQorzpDQ (3d942ef4-0752-4ef9-8c92-7f72fc73f047)
2019-07-08 09:40:31.845 22705 RALLYDEBUG rally_openstack.cleanup.manager [-] Deleting neutron.network object s_rally_ffc8f78c_7wGruuRY (49da06ca-c171-4dca-8ae5-b79a9e1b65f9)
2019-07-08 09:40:31.857 22705 RALLYDEBUG rally_openstack.cleanup.manager [-] Deleting neutron.network object s_rally_ffc8f78c_zTqeIm6e (10428ba1-7ba9-4af8-9027-bef2bce967bb)
2019-07-08 09:40:31.865 22705 RALLYDEBUG rally_openstack.cleanup.manager [-] Deleting neutron.network object s_rally_ffc8f78c_wpCUWyIe (1cd83ad7-38bb-4e70-8424-db9a1fa6c749)
2019-07-08 09:40:31.869 22705 RALLYDEBUG rally_openstack.cleanup.manager [-] Deleting neutron.network object s_rally_ffc8f78c_wzosLoKs (4be370b4-1172-4532-a99d-81f22b75baf5)
2019-07-08 09:40:31.879 22705 RALLYDEBUG rally_openstack.cleanup.manager [-] Deleting neutron.network object s_rally_ffc8f78c_dLGYpR9T (56189fc9-2ba1-46a2-8b4f-375b60a58727)
2019-07-08 09:40:31.880 22705 RALLYDEBUG rally_openstack.cleanup.manager [-] Deleting neutron.network object s_rally_ffc8f78c_brbcASXz (56908c7e-0ebc-4e5c-b092-2e1d056d34ca)
2019-07-08 09:40:31.884 22705 RALLYDEBUG rally_openstack.cleanup.manager [-] Deleting neutron.network object s_rally_ffc8f78c_spxaCA1q (5d1053ed-b55e-47c0-ae00-1ed491ff04b7)
2019-07-08 09:40:31.896 22705 RALLYDEBUG rally_openstack.cleanup.manager [-] Deleting neutron.network object s_rally_ffc8f78c_8VjgBJ0x (68d72f37-8823-465b-8932-f86d0b278d44)
2019-07-08 09:40:31.901 22705 RALLYDEBUG rally_openstack.cleanup.manager [-] Deleting neutron.network object s_rally_ffc8f78c_78Jfzjup (6f091e1d-7a07-49ba-b4f3-6ffb73836f14)
2019-07-08 09:40:31.904 22705 RALLYDEBUG rally_openstack.cleanup.manager [-] Deleting neutron.network object s_rally_ffc8f78c_U74YtopB (61c83808-435b-46ad-b44f-9a130c815b41)
2019-07-08 09:40:31.906 22705 RALLYDEBUG rally_openstack.cleanup.manager [-] Deleting neutron.network object s_rally_ffc8f78c_i0duAE8T (72c9d0f1-7c94-46ac-8ea0-a765c772bdbd)
2019-07-08 09:40:31.927 22705 RALLYDEBUG rally_openstack.cleanup.manager [-] Deleting neutron.network object s_rally_ffc8f78c_ad2rcYzZ (74aa34a5-acbf-43ce-9995-88dc90799ceb)
2019-07-08 09:40:31.961 22705 RALLYDEBUG rally_openstack.cleanup.manager [-] Deleting neutron.network object s_rally_ffc8f78c_OM6VpkGm (759fc23d-e436-48b1-91ab-114cdc04e75b)
2019-07-08 09:40:34.640 22705 RALLYDEBUG rally_openstack.cleanup.manager [-] Deleting neutron.network object s_rally_ffc8f78c_a6qvqhlY (76ef6d63-2d8b-4696-aa6d-15beeb2b6d8b)
2019-07-08 09:40:34.656 22705 RALLYDEBUG rally_openstack.cleanup.manager [-] Deleting neutron.network object s_rally_ffc8f78c_jwPGHNev (8145c2a0-eff7-483d-a150-c0e9e29e02a1)
2019-07-08 09:40:34.833 22705 RALLYDEBUG rally_openstack.cleanup.manager [-] Deleting neutron.network object s_rally_ffc8f78c_4IRBPd6Q (84ca79b7-41be-47e2-bc09-eb864e220586)
2019-07-08 09:40:34.974 22705 RALLYDEBUG rally_openstack.cleanup.manager [-] Deleting neutron.network object s_rally_ffc8f78c_Omb6xmXI (8a12e878-b447-4435-85f3-d2b8a788921e)
2019-07-08 09:40:35.460 22705 RALLYDEBUG rally_openstack.cleanup.manager [-] Deleting neutron.network object s_rally_ffc8f78c_jgpU2ZKO (8df06ffb-56f9-4168-9a6c-0aa4a1f7cab7)
2019-07-08 09:40:35.482 22705 RALLYDEBUG rally_openstack.cleanup.manager [-] Deleting neutron.network object s_rally_ffc8f78c_Srz12nIZ (94078c5d-eda2-4564-b7a3-4fa9f3bb29f4)
2019-07-08 09:40:36.506 22705 RALLYDEBUG rally_openstack.cleanup.manager [-] Deleting neutron.network object s_rally_ffc8f78c_uy8PjXQL (a5afe9f0-205b-49a3-9743-dfb95a7c43fb)
2019-07-08 09:40:36.682 22705 RALLYDEBUG rally_openstack.cleanup.manager [-] Deleting neutron.network object s_rally_ffc8f78c_Ukley68H (aafe9f78-ad49-4380-b903-af6347c81877)
2019-07-08 09:40:36.734 22705 RALLYDEBUG rally_openstack.cleanup.manager [-] Deleting neutron.network object s_rally_ffc8f78c_IcGCyJFF (acdaf64c-3032-4b2c-8363-2e5e88ad6f60)
2019-07-08 09:40:36.839 22705 RALLYDEBUG rally_openstack.cleanup.manager [-] Deleting neutron.network object s_rally_ffc8f78c_EmTH28Fp (b12309d5-2855-4ac7-bcf8-b2662a34b326)
2019-07-08 09:40:37.318 22705 RALLYDEBUG rally_openstack.cleanup.manager [-] Deleting neutron.network object s_rally_ffc8f78c_K3oItPc3 (ba233a4b-bab3-4685-bb81-5f8103d10d0e)
2019-07-08 09:40:37.625 22705 RALLYDEBUG rally_openstack.cleanup.manager [-] Deleting neutron.network object s_rally_ffc8f78c_lzK0DZPd (bb4edae8-5c33-4bb3-b14c-82d6f658ceec)
2019-07-08 09:40:37.923 22705 RALLYDEBUG rally_openstack.cleanup.manager [-] Deleting neutron.network object s_rally_ffc8f78c_wEvdZJbc (bc06761c-5779-4d74-86cf-fd04589db302)
2019-07-08 09:40:38.520 22705 RALLYDEBUG rally_openstack.cleanup.manager [-] Deleting neutron.network object s_rally_ffc8f78c_nniDUvlY (c3eaed51-ef68-4314-8cea-0019a5d7d53f)
2019-07-08 09:40:38.543 22705 RALLYDEBUG rally_openstack.cleanup.manager [-] Deleting neutron.network object s_rally_ffc8f78c_5FFW0eBB (ca4b41f4-2ca0-4b9c-8e46-b627d252766b)
2019-07-08 09:40:38.693 22705 RALLYDEBUG rally_openstack.cleanup.manager [-] Deleting neutron.network object s_rally_ffc8f78c_eQSBmJ8o (d44e1a69-7e8f-47e9-a143-6bbe5ff2554b)
2019-07-08 09:40:38.694 22705 RALLYDEBUG rally_openstack.cleanup.manager [-] Deleting neutron.network object s_rally_ffc8f78c_bkaEqKdL (d098aff7-6870-4e8b-b47c-8bfcf62f44e2)
2019-07-08 09:40:38.946 22705 RALLYDEBUG rally_openstack.cleanup.manager [-] Deleting neutron.network object s_rally_ffc8f78c_DG9Ma9o3 (d5ed5d52-15a2-42cf-ba6a-aa4bff3c4c05)
2019-07-08 09:40:38.971 22705 RALLYDEBUG rally_openstack.cleanup.manager [-] Deleting neutron.network object s_rally_ffc8f78c_CxpuHDnh (d8253f30-3b54-4218-852f-4ab8a0fcf214)
2019-07-08 09:40:38.982 22705 RALLYDEBUG rally_openstack.cleanup.manager [-] Deleting neutron.network object s_rally_ffc8f78c_ChOxqMMu (d8b2ee31-b67c-43d7-8760-f21ed7a53dd5)
2019-07-08 09:40:41.874 22705 RALLYDEBUG rally_openstack.cleanup.manager [-] Cleaning up neutron router objects
2019-07-08 09:40:42.538 22705 RALLYDEBUG rally_openstack.cleanup.manager [-] Cleaning up neutron security_group objects
2019-07-08 09:40:43.202 22705 INFO rally.task.context [-] Task 8e99c22b-70c5-49a3-b51b-87013a88d735 | Context cleanup@openstack cleanup() finished in 17.59 sec
2019-07-08 09:40:43.203 22705 INFO rally.task.context [-] Task 8e99c22b-70c5-49a3-b51b-87013a88d735 | Context quotas@openstack cleanup() started
2019-07-08 09:40:43.434 22705 INFO rally.task.context [-] Task 8e99c22b-70c5-49a3-b51b-87013a88d735 | Context quotas@openstack cleanup() finished in 0.23 sec
2019-07-08 09:40:43.435 22705 INFO rally.task.context [-] Task 8e99c22b-70c5-49a3-b51b-87013a88d735 | Context users@openstack cleanup() started
2019-07-08 09:40:47.413 22705 INFO rally.task.context [-] Task 8e99c22b-70c5-49a3-b51b-87013a88d735 | Context users@openstack cleanup() finished in 3.98 sec
2019-07-08 09:40:48.655 22705 INFO rally.task.engine [-] Load duration is: 48.174888
2019-07-08 09:40:48.655 22705 INFO rally.task.engine [-] Full runner duration is: 48.22331
2019-07-08 09:40:48.655 22705 INFO rally.task.engine [-] Full duration is: 75.03861
2019-07-08 09:40:49.015 22705 INFO rally.task.engine [-] Running workload: position = 0 config = { "version": 2, "title": "A cropped version of a bigger task.", "description": "Auto-generated task from a single workload (uuid=43a572d3-a4c5-45c4-8ae3-48ec04a5f0e8)", "subtasks": [ { "title": "Quotas.neutron_update", "description": "Update quotas for neutron.", "scenario": { "Quotas.neutron_update": { "max_quota": 1024 } }, "contexts": { "users": { "tenants": 20, "users_per_tenant": 1 } }, "runner": { "constant": { "times": 40, "concurrency": 20 } }, "hooks": [], "sla": { "failure_rate": { "max": 0 } } } ] }
2019-07-08 09:40:49.032 22705 RALLYDEBUG rally_openstack.contexts.keystone.users [-] Creating 20 tenants using 20 threads
2019-07-08 09:40:53.091 22705 RALLYDEBUG rally_openstack.contexts.keystone.users [-] Creating 20 users using 20 threads
2019-07-08 09:40:58.733 22705 INFO rally.task.context [-] Task 8e99c22b-70c5-49a3-b51b-87013a88d735 | Context users@openstack setup() finished in 9.70 sec
2019-07-08 09:40:58.734 22705 INFO rally.task.context [-] Task 8e99c22b-70c5-49a3-b51b-87013a88d735 | Context admin_cleanup@openstack setup() finished in 0.00 msec
2019-07-08 09:40:58.741 22705 RALLYDEBUG rally.task.runner [-] Starting the constant runner (task UUID: 8e99c22b-70c5-49a3-b51b-87013a88d735). timeout: 0 concurrency: 20 concurrency_per_worker: 1 times: 40 concurrency_overhead: 4 processes_to_start: 16 max_cpu_used: 16
2019-07-08 09:40:58.755 27321 RALLYDEBUG rally.task.runner [-] Starting a worker. concurrency: 2 args: {"max_quota": 1024} times: 40 method_name: run timeout: 0 duration: None cls:
2019-07-08 09:40:58.767 27324 RALLYDEBUG rally.task.runner [-] Starting a worker. concurrency: 2 args: {"max_quota": 1024} times: 40 method_name: run timeout: 0 duration: None cls:
2019-07-08 09:40:58.768 27323 RALLYDEBUG rally.task.runner [-] Starting a worker. concurrency: 2 args: {"max_quota": 1024} times: 40 method_name: run timeout: 0 duration: None cls:
2019-07-08 09:40:58.769 27321 INFO rally.task.runner [-] Task 8e99c22b-70c5-49a3-b51b-87013a88d735 | ITER: 1 START
2019-07-08 09:40:58.773 27325 RALLYDEBUG rally.task.runner [-] Starting a worker. concurrency: 1 args: {"max_quota": 1024} times: 40 method_name: run timeout: 0 duration: None cls:
2019-07-08 09:40:58.770 27322 RALLYDEBUG rally.task.runner [-] Starting a worker. concurrency: 2 args: {"max_quota": 1024} times: 40 method_name: run timeout: 0 duration: None cls:
2019-07-08 09:40:58.775 27328 RALLYDEBUG rally.task.runner [-] Starting a worker. concurrency: 1 args: {"max_quota": 1024} times: 40 method_name: run timeout: 0 duration: None cls:
2019-07-08 09:40:58.778 27329 RALLYDEBUG rally.task.runner [-] Starting a worker. concurrency: 1 args: {"max_quota": 1024} times: 40 method_name: run timeout: 0 duration: None cls:
2019-07-08 09:40:58.780 27321 INFO rally.task.runner [-] Task 8e99c22b-70c5-49a3-b51b-87013a88d735 | ITER: 2 START
2019-07-08 09:40:58.784 27325 INFO rally.task.runner [-] Task 8e99c22b-70c5-49a3-b51b-87013a88d735 | ITER: 5 START
2019-07-08 09:40:58.783 27331 RALLYDEBUG rally.task.runner [-] Starting a worker. concurrency: 1 args: {"max_quota": 1024} times: 40 method_name: run timeout: 0 duration: None cls:
2019-07-08 09:40:58.785 27324 INFO rally.task.runner [-] Task 8e99c22b-70c5-49a3-b51b-87013a88d735 | ITER: 3 START
2019-07-08 09:40:58.791 27329 INFO rally.task.runner [-] Task 8e99c22b-70c5-49a3-b51b-87013a88d735 | ITER: 8 START
2019-07-08 09:40:58.791 27338 RALLYDEBUG rally.task.runner [-] Starting a worker. concurrency: 1 args: {"max_quota": 1024} times: 40 method_name: run timeout: 0 duration: None cls:
2019-07-08 09:40:58.792 27328 INFO rally.task.runner [-] Task 8e99c22b-70c5-49a3-b51b-87013a88d735 | ITER: 7 START
2019-07-08 09:40:58.789 27323 INFO rally.task.runner [-] Task 8e99c22b-70c5-49a3-b51b-87013a88d735 | ITER: 4 START
2019-07-08 09:40:58.797 27322 INFO rally.task.runner [-] Task 8e99c22b-70c5-49a3-b51b-87013a88d735 | ITER: 12 START
2019-07-08 09:40:58.799 27342 RALLYDEBUG rally.task.runner [-] Starting a worker. concurrency: 1 args: {"max_quota": 1024} times: 40 method_name: run timeout: 0 duration: None cls:
2019-07-08 09:40:58.801 27338 INFO rally.task.runner [-] Task 8e99c22b-70c5-49a3-b51b-87013a88d735 | ITER: 13 START
2019-07-08 09:40:58.802 27331 INFO rally.task.runner [-] Task 8e99c22b-70c5-49a3-b51b-87013a88d735 | ITER: 11 START
2019-07-08 09:40:58.802 27324 INFO rally.task.runner [-] Task 8e99c22b-70c5-49a3-b51b-87013a88d735 | ITER: 9 START
2019-07-08 09:40:58.805 27348 RALLYDEBUG rally.task.runner [-] Starting a worker. concurrency: 1 args: {"max_quota": 1024} times: 40 method_name: run timeout: 0 duration: None cls:
2019-07-08 09:40:58.807 27322 INFO rally.task.runner [-] Task 8e99c22b-70c5-49a3-b51b-87013a88d735 | ITER: 6 START
2019-07-08 09:40:58.810 27342 INFO rally.task.runner [-] Task 8e99c22b-70c5-49a3-b51b-87013a88d735 | ITER: 14 START
2019-07-08 09:40:58.815 27348 INFO rally.task.runner [-] Task 8e99c22b-70c5-49a3-b51b-87013a88d735 | ITER: 15 START
2019-07-08 09:40:58.797 27323 INFO rally.task.runner [-] Task 8e99c22b-70c5-49a3-b51b-87013a88d735 | ITER: 10 START
2019-07-08 09:40:58.822 27360 RALLYDEBUG rally.task.runner [-] Starting a worker. concurrency: 1 args: {"max_quota": 1024} times: 40 method_name: run timeout: 0 duration: None cls:
2019-07-08 09:40:58.824 27354 RALLYDEBUG rally.task.runner [-] Starting a worker. concurrency: 1 args: {"max_quota": 1024} times: 40 method_name: run timeout: 0 duration: None cls:
2019-07-08 09:40:58.825 27357 RALLYDEBUG rally.task.runner [-] Starting a worker. concurrency: 1 args: {"max_quota": 1024} times: 40 method_name: run timeout: 0 duration: None cls:
2019-07-08 09:40:58.829 27361 RALLYDEBUG rally.task.runner [-] Starting a worker. concurrency: 1 args: {"max_quota": 1024} times: 40 method_name: run timeout: 0 duration: None cls:
2019-07-08 09:40:58.832 27354 INFO rally.task.runner [-] Task 8e99c22b-70c5-49a3-b51b-87013a88d735 | ITER: 17 START
2019-07-08 09:40:58.834 27357 INFO rally.task.runner [-] Task 8e99c22b-70c5-49a3-b51b-87013a88d735 | ITER: 18 START
2019-07-08 09:40:58.835 27360 INFO rally.task.runner [-] Task 8e99c22b-70c5-49a3-b51b-87013a88d735 | ITER: 16 START
2019-07-08 09:40:58.840 27362 RALLYDEBUG rally.task.runner [-] Starting a worker. concurrency: 1 args: {"max_quota": 1024} times: 40 method_name: run timeout: 0 duration: None cls:
2019-07-08 09:40:58.845 27361 INFO rally.task.runner [-] Task 8e99c22b-70c5-49a3-b51b-87013a88d735 | ITER: 19 START
2019-07-08 09:40:58.849 27362 INFO rally.task.runner [-] Task 8e99c22b-70c5-49a3-b51b-87013a88d735 | ITER: 20 START
2019-07-08 09:41:00.267 27328 INFO rally.task.runner [-] Task 8e99c22b-70c5-49a3-b51b-87013a88d735 | ITER: 7 END: OK
2019-07-08 09:41:00.270 27338 INFO rally.task.runner [-] Task 8e99c22b-70c5-49a3-b51b-87013a88d735 | ITER: 13 END: OK
2019-07-08 09:41:00.273 27328 INFO rally.task.runner [-] Task 8e99c22b-70c5-49a3-b51b-87013a88d735 | ITER: 21 START
2019-07-08 09:41:00.275 27338 INFO rally.task.runner [-] Task 8e99c22b-70c5-49a3-b51b-87013a88d735 | ITER: 22 START
2019-07-08 09:41:00.303 27324 INFO rally.task.runner [-] Task 8e99c22b-70c5-49a3-b51b-87013a88d735 | ITER: 9 END: OK
2019-07-08 09:41:00.308 27324 INFO rally.task.runner [-] Task 8e99c22b-70c5-49a3-b51b-87013a88d735 | ITER: 23 START
2019-07-08 09:41:00.316 27324 INFO rally.task.runner [-] Task 8e99c22b-70c5-49a3-b51b-87013a88d735 | ITER: 3 END: OK
2019-07-08 09:41:00.325 27324 INFO rally.task.runner [-] Task 8e99c22b-70c5-49a3-b51b-87013a88d735 | ITER: 24 START
2019-07-08 09:41:00.356 27321 INFO rally.task.runner [-] Task 8e99c22b-70c5-49a3-b51b-87013a88d735 | ITER: 2 END: OK
2019-07-08 09:41:00.363 27321 INFO rally.task.runner [-] Task 8e99c22b-70c5-49a3-b51b-87013a88d735 | ITER: 25 START
2019-07-08 09:41:00.387 27321 INFO rally.task.runner [-] Task 8e99c22b-70c5-49a3-b51b-87013a88d735 | ITER: 1 END: OK
2019-07-08 09:41:00.392 27321 INFO rally.task.runner [-] Task 8e99c22b-70c5-49a3-b51b-87013a88d735 | ITER: 26 START
2019-07-08 09:41:00.407 27354 INFO rally.task.runner [-] Task 8e99c22b-70c5-49a3-b51b-87013a88d735 | ITER: 17 END: OK
2019-07-08 09:41:00.412 27354 INFO rally.task.runner [-] Task 8e99c22b-70c5-49a3-b51b-87013a88d735 | ITER: 27 START
2019-07-08 09:41:00.452 27325 INFO rally.task.runner [-] Task 8e99c22b-70c5-49a3-b51b-87013a88d735 | ITER: 5 END: OK
2019-07-08 09:41:00.456 27329 INFO rally.task.runner [-] Task 8e99c22b-70c5-49a3-b51b-87013a88d735 | ITER: 8 END: OK
2019-07-08 09:41:00.458 27322 INFO rally.task.runner [-] Task 8e99c22b-70c5-49a3-b51b-87013a88d735 | ITER: 6 END: OK
2019-07-08 09:41:00.458 27325 INFO rally.task.runner [-] Task 8e99c22b-70c5-49a3-b51b-87013a88d735 | ITER: 28 START
2019-07-08 09:41:00.463 27329 INFO rally.task.runner [-] Task 8e99c22b-70c5-49a3-b51b-87013a88d735 | ITER: 29 START
2019-07-08 09:41:00.465 27322 INFO rally.task.runner [-] Task 8e99c22b-70c5-49a3-b51b-87013a88d735 | ITER: 30 START
2019-07-08 09:41:00.470 27322 INFO rally.task.runner [-] Task 8e99c22b-70c5-49a3-b51b-87013a88d735 | ITER: 12 END: OK
2019-07-08 09:41:00.478 27322 INFO rally.task.runner [-] Task 8e99c22b-70c5-49a3-b51b-87013a88d735 | ITER: 31 START
2019-07-08 09:41:00.520 27357 INFO rally.task.runner [-] Task 8e99c22b-70c5-49a3-b51b-87013a88d735 | ITER: 18 END: OK
2019-07-08 09:41:00.526 27357 INFO rally.task.runner [-] Task 8e99c22b-70c5-49a3-b51b-87013a88d735 | ITER: 32 START
2019-07-08 09:41:00.648 27323 INFO rally.task.runner [-] Task 8e99c22b-70c5-49a3-b51b-87013a88d735 | ITER: 10 END: OK
2019-07-08 09:41:00.654 27323 INFO rally.task.runner [-] Task 8e99c22b-70c5-49a3-b51b-87013a88d735 | ITER: 33 START
2019-07-08 09:41:00.661 27342 INFO rally.task.runner [-] Task 8e99c22b-70c5-49a3-b51b-87013a88d735 | ITER: 14 END: OK
2019-07-08 09:41:00.667 27342 INFO rally.task.runner [-] Task 8e99c22b-70c5-49a3-b51b-87013a88d735 | ITER: 34 START
2019-07-08 09:41:00.713 27348 INFO rally.task.runner [-] Task 8e99c22b-70c5-49a3-b51b-87013a88d735 | ITER: 15 END: OK
2019-07-08 09:41:00.719 27348 INFO rally.task.runner [-] Task 8e99c22b-70c5-49a3-b51b-87013a88d735 | ITER: 35 START
2019-07-08 09:41:00.722 27360 INFO rally.task.runner [-] Task 8e99c22b-70c5-49a3-b51b-87013a88d735 | ITER: 16 END: OK
2019-07-08 09:41:00.729 27360 INFO rally.task.runner [-] Task 8e99c22b-70c5-49a3-b51b-87013a88d735 | ITER: 36 START
2019-07-08 09:41:00.735 27362 INFO rally.task.runner [-] Task 8e99c22b-70c5-49a3-b51b-87013a88d735 | ITER: 20 END: OK
2019-07-08 09:41:00.742 27362 INFO rally.task.runner [-] Task 8e99c22b-70c5-49a3-b51b-87013a88d735 | ITER: 37 START
2019-07-08 09:41:00.800 27361 INFO rally.task.runner [-] Task 8e99c22b-70c5-49a3-b51b-87013a88d735 | ITER: 19 END: OK
2019-07-08 09:41:00.805 27361 INFO rally.task.runner [-] Task 8e99c22b-70c5-49a3-b51b-87013a88d735 | ITER: 38 START
2019-07-08 09:41:00.821 27323 INFO rally.task.runner [-] Task 8e99c22b-70c5-49a3-b51b-87013a88d735 | ITER: 4 END: OK
2019-07-08 09:41:00.832 27331 INFO rally.task.runner [-] Task 8e99c22b-70c5-49a3-b51b-87013a88d735 | ITER: 11 END: OK
2019-07-08 09:41:00.833 27323 INFO rally.task.runner [-] Task 8e99c22b-70c5-49a3-b51b-87013a88d735 | ITER: 39 START
2019-07-08 09:41:00.837 27331 INFO rally.task.runner [-] Task 8e99c22b-70c5-49a3-b51b-87013a88d735 | ITER: 40 START
2019-07-08 09:41:01.629 27328 INFO rally.task.runner [-] Task 8e99c22b-70c5-49a3-b51b-87013a88d735 | ITER: 21 END: OK
2019-07-08 09:41:01.681 27324 INFO rally.task.runner [-] Task 8e99c22b-70c5-49a3-b51b-87013a88d735 | ITER: 23 END: OK
2019-07-08 09:41:01.724 27324 INFO rally.task.runner [-] Task 8e99c22b-70c5-49a3-b51b-87013a88d735 | ITER: 24 END: OK
2019-07-08 09:41:01.780 27338 INFO rally.task.runner [-] Task 8e99c22b-70c5-49a3-b51b-87013a88d735 | ITER: 22 END: OK
2019-07-08 09:41:01.786 27321 INFO rally.task.runner [-] Task 8e99c22b-70c5-49a3-b51b-87013a88d735 | ITER: 25 END: OK
2019-07-08 09:41:01.815 27354 INFO rally.task.runner [-] Task 8e99c22b-70c5-49a3-b51b-87013a88d735 | ITER: 27 END: OK
2019-07-08 09:41:01.831 27329 INFO rally.task.runner [-] Task 8e99c22b-70c5-49a3-b51b-87013a88d735 | ITER: 29 END: OK
2019-07-08 09:41:01.842 27321 INFO rally.task.runner [-] Task 8e99c22b-70c5-49a3-b51b-87013a88d735 | ITER: 26 END: OK
2019-07-08 09:41:01.897 27322 INFO rally.task.runner [-] Task 8e99c22b-70c5-49a3-b51b-87013a88d735 | ITER: 30 END: OK
2019-07-08 09:41:01.903 27322 INFO rally.task.runner [-] Task 8e99c22b-70c5-49a3-b51b-87013a88d735 | ITER: 31 END: OK
2019-07-08 09:41:01.974 27325 INFO rally.task.runner [-] Task 8e99c22b-70c5-49a3-b51b-87013a88d735 | ITER: 28 END: OK
2019-07-08 09:41:01.990 27342 INFO rally.task.runner [-] Task 8e99c22b-70c5-49a3-b51b-87013a88d735 | ITER: 34 END: OK
2019-07-08 09:41:02.042 27323 INFO rally.task.runner [-] Task 8e99c22b-70c5-49a3-b51b-87013a88d735 | ITER: 33 END: OK
2019-07-08 09:41:02.059 27348 INFO rally.task.runner [-] Task 8e99c22b-70c5-49a3-b51b-87013a88d735 | ITER: 35 END: OK
2019-07-08 09:41:02.097 27360 INFO rally.task.runner [-] Task 8e99c22b-70c5-49a3-b51b-87013a88d735 | ITER: 36 END: OK
2019-07-08 09:41:02.100 27331 INFO rally.task.runner [-] Task 8e99c22b-70c5-49a3-b51b-87013a88d735 | ITER: 40 END: OK
2019-07-08 09:41:02.132 27323 INFO rally.task.runner [-] Task 8e99c22b-70c5-49a3-b51b-87013a88d735 | ITER: 39 END: OK
2019-07-08 09:41:02.348 27357 INFO rally.task.runner [-] Task 8e99c22b-70c5-49a3-b51b-87013a88d735 | ITER: 32 END: OK
2019-07-08 09:41:02.405 27361 INFO rally.task.runner [-] Task 8e99c22b-70c5-49a3-b51b-87013a88d735 | ITER: 38 END: OK
2019-07-08 09:41:02.425 27362 INFO rally.task.runner [-] Task 8e99c22b-70c5-49a3-b51b-87013a88d735 | ITER: 37 END: OK
2019-07-08 09:41:02.447 22705 INFO rally.task.context [-] Task 8e99c22b-70c5-49a3-b51b-87013a88d735 | Context admin_cleanup@openstack cleanup() started
2019-07-08 09:41:02.450 22705 RALLYDEBUG rally_openstack.cleanup.manager [-] Cleaning up neutron quota objects
2019-07-08 09:41:06.178 22705 INFO rally.task.context [-] Task 8e99c22b-70c5-49a3-b51b-87013a88d735 | Context admin_cleanup@openstack cleanup() finished in 3.73 sec
2019-07-08 09:41:06.179 22705 INFO rally.task.context [-] Task 8e99c22b-70c5-49a3-b51b-87013a88d735 | Context users@openstack cleanup() started
2019-07-08 09:41:34.361 22705 INFO rally.task.context [-] Task 8e99c22b-70c5-49a3-b51b-87013a88d735 | Context users@openstack cleanup() finished in 28.18 sec
2019-07-08 09:41:35.370 22705 INFO rally.task.engine [-] Load duration is: 3.651013
2019-07-08 09:41:35.370 22705 INFO rally.task.engine [-] Full runner duration is: 3.705902
2019-07-08 09:41:35.370 22705 INFO rally.task.engine [-] Full duration is: 45.33058
2019-07-08 09:41:35.590 22705 INFO rally.task.engine [-] Running workload: position = 0 config = { "version": 2, "title": "A cropped version of a bigger task.", "description": "Auto-generated task from a single workload (uuid=15fb32c6-28e9-432c-975b-1e861600df83)", "subtasks": [ { "title": "NeutronTrunks.create_and_list_trunk_subports", "description": "", "scenario": { "NeutronTrunks.create_and_list_trunk_subports": { "subport_count": 125 } }, "contexts": { "users": { "tenants": 1, "users_per_tenant": 1 }, "quotas": { "neutron": { "network": -1, "port": 1000 } } }, "runner": { "constant": { "times": 4, "concurrency": 4 } }, "hooks": [], "sla": { "failure_rate": { "max": 0 } } } ] }
2019-07-08 09:41:35.611 22705 RALLYDEBUG rally_openstack.contexts.keystone.users [-] Creating 1 tenants using 20 threads
2019-07-08 09:41:37.189 22705 RALLYDEBUG rally_openstack.contexts.keystone.users [-] Creating 1 users using 20 threads
2019-07-08 09:41:39.547 22705 INFO rally.task.context [-] Task 8e99c22b-70c5-49a3-b51b-87013a88d735 | Context users@openstack setup() finished in 3.94 sec
2019-07-08 09:41:40.287 22705 INFO rally.task.context [-] Task 8e99c22b-70c5-49a3-b51b-87013a88d735 | Context quotas@openstack setup() finished in 0.74 sec
2019-07-08 09:41:40.288 22705 INFO rally.task.context [-] Task 8e99c22b-70c5-49a3-b51b-87013a88d735 | Context cleanup@openstack setup() finished in 0.01 msec
2019-07-08 09:41:40.294 22705 RALLYDEBUG rally.task.runner [-] Starting the constant runner (task UUID: 8e99c22b-70c5-49a3-b51b-87013a88d735). timeout: 0 concurrency: 4 concurrency_per_worker: 1 times: 4 concurrency_overhead: 0 processes_to_start: 4 max_cpu_used: 16
2019-07-08 09:41:40.308 27511 RALLYDEBUG rally.task.runner [-] Starting a worker. concurrency: 1 args: {"subport_count": 125} times: 4 method_name: run timeout: 0 duration: None cls:
2019-07-08 09:41:40.309 27512 RALLYDEBUG rally.task.runner [-] Starting a worker. concurrency: 1 args: {"subport_count": 125} times: 4 method_name: run timeout: 0 duration: None cls:
2019-07-08 09:41:40.313 27511 INFO rally.task.runner [-] Task 8e99c22b-70c5-49a3-b51b-87013a88d735 | ITER: 1 START
2019-07-08 09:41:40.313 27513 RALLYDEBUG rally.task.runner [-] Starting a worker. concurrency: 1 args: {"subport_count": 125} times: 4 method_name: run timeout: 0 duration: None cls:
2019-07-08 09:41:40.315 27512 INFO rally.task.runner [-] Task 8e99c22b-70c5-49a3-b51b-87013a88d735 | ITER: 2 START
2019-07-08 09:41:40.316 27514 RALLYDEBUG rally.task.runner [-] Starting a worker. concurrency: 1 args: {"subport_count": 125} times: 4 method_name: run timeout: 0 duration: None cls:
2019-07-08 09:41:40.318 27513 INFO rally.task.runner [-] Task 8e99c22b-70c5-49a3-b51b-87013a88d735 | ITER: 3 START
2019-07-08 09:41:40.321 27514 INFO rally.task.runner [-] Task 8e99c22b-70c5-49a3-b51b-87013a88d735 | ITER: 4 START
2019-07-08 09:43:53.216 27513 WARNING rally.task.atomic [-] 'optional_action_timer' is deprecated since rally v0.10.0.Please use action_timer instead, we have improved atomic actions, now do not need to explicitly close original action.
2019-07-08 09:43:53.252 27513 WARNING rally.task.atomic [-] 'optional_action_timer' is deprecated since rally v0.10.0.Please use action_timer instead, we have improved atomic actions, now do not need to explicitly close original action.
2019-07-08 09:43:54.032 27513 INFO rally.task.runner [-] Task 8e99c22b-70c5-49a3-b51b-87013a88d735 | ITER: 3 END: OK
2019-07-08 09:47:48.669 27511 WARNING rally.task.atomic [-] 'optional_action_timer' is deprecated since rally v0.10.0.Please use action_timer instead, we have improved atomic actions, now do not need to explicitly close original action.
2019-07-08 09:47:48.812 27511 WARNING rally.task.atomic [-] 'optional_action_timer' is deprecated since rally v0.10.0.Please use action_timer instead, we have improved atomic actions, now do not need to explicitly close original action.
2019-07-08 09:47:48.852 27512 WARNING rally.task.atomic [-] 'optional_action_timer' is deprecated since rally v0.10.0.Please use action_timer instead, we have improved atomic actions, now do not need to explicitly close original action.
2019-07-08 09:47:48.916 27512 WARNING rally.task.atomic [-] 'optional_action_timer' is deprecated since rally v0.10.0.Please use action_timer instead, we have improved atomic actions, now do not need to explicitly close original action.
2019-07-08 09:47:49.145 27514 WARNING rally.task.atomic [-] 'optional_action_timer' is deprecated since rally v0.10.0.Please use action_timer instead, we have improved atomic actions, now do not need to explicitly close original action.
2019-07-08 09:47:49.510 27514 WARNING rally.task.atomic [-] 'optional_action_timer' is deprecated since rally v0.10.0.Please use action_timer instead, we have improved atomic actions, now do not need to explicitly close original action.
2019-07-08 09:47:51.736 27512 INFO rally.task.runner [-] Task 8e99c22b-70c5-49a3-b51b-87013a88d735 | ITER: 2 END: OK
2019-07-08 09:47:51.784 27511 INFO rally.task.runner [-] Task 8e99c22b-70c5-49a3-b51b-87013a88d735 | ITER: 1 END: OK
2019-07-08 09:47:51.803 27514 INFO rally.task.runner [-] Task 8e99c22b-70c5-49a3-b51b-87013a88d735 | ITER: 4 END: OK
2019-07-08 09:47:51.833 22705 INFO rally.task.context [-] Task 8e99c22b-70c5-49a3-b51b-87013a88d735 | Context cleanup@openstack cleanup() started
2019-07-08 09:47:51.835 22705 RALLYDEBUG rally_openstack.cleanup.manager [-] Cleaning up neutron vip objects
2019-07-08 09:47:52.948 22705 RALLYDEBUG rally_openstack.cleanup.manager [-] Cleaning up neutron health_monitor objects
2019-07-08 09:47:54.077 22705 RALLYDEBUG rally_openstack.cleanup.manager [-] Cleaning up neutron pool objects
2019-07-08 09:47:54.688 22705 RALLYDEBUG rally_openstack.cleanup.manager [-] Cleaning up neutron loadbalancer objects
2019-07-08 09:47:55.302 22705 RALLYDEBUG rally_openstack.cleanup.manager [-] Cleaning up neutron floatingip objects
2019-07-08 09:47:55.972 22705 RALLYDEBUG rally_openstack.cleanup.manager [-] Cleaning up neutron port objects
2019-07-08 09:47:58.335 22705 RALLYDEBUG rally_openstack.cleanup.manager [-] Deleting neutron.port object s_rally_15fb32c6_wHU0mdD1 (0041fa19-fbdb-4774-bf3a-a834939698f1)
2019-07-08 09:47:58.338 22705 RALLYDEBUG rally_openstack.cleanup.manager [-] Deleting neutron.port object s_rally_15fb32c6_GVtobqd9 (04c1f2e4-a76e-46d5-bb97-534c94052dc6)
2019-07-08 09:47:58.340 22705 RALLYDEBUG rally_openstack.cleanup.manager [-] Deleting neutron.port object s_rally_15fb32c6_1i75HmCO (036c5e7a-f13b-463e-9e4f-d118be04668b)
2019-07-08 09:47:58.345 22705 RALLYDEBUG rally_openstack.cleanup.manager [-] Deleting neutron.port object s_rally_15fb32c6_h3KAzyRY (05ed3c4e-e374-4caf-9b86-c431dd97f77c)
2019-07-08 09:47:58.348 22705 RALLYDEBUG rally_openstack.cleanup.manager [-] Deleting neutron.port object s_rally_15fb32c6_uV5aGCrK (01243be4-68c5-4ac4-a607-8a87ef29d0d5)
2019-07-08 09:47:58.349 22705 RALLYDEBUG rally_openstack.cleanup.manager [-] Deleting neutron.port object s_rally_15fb32c6_saHof8qE (056ff447-d21d-49f2-8511-92a8c4ea0169)
2019-07-08 09:47:58.357 22705 RALLYDEBUG rally_openstack.cleanup.manager [-] Deleting neutron.port object s_rally_15fb32c6_AA5eIzVQ (07327b87-c854-4075-ba01-5213cb22b9f1)
2019-07-08 09:47:58.358 22705 RALLYDEBUG rally_openstack.cleanup.manager [-] Deleting neutron.port object s_rally_15fb32c6_79HyFXXE (024df2d4-d561-4c19-8319-5708954fdee2)
2019-07-08 09:47:58.369 22705 RALLYDEBUG rally_openstack.cleanup.manager [-] Deleting neutron.port object s_rally_15fb32c6_RKh4PQof (01b725a7-dfa9-4009-beee-b47955ed3e7e)
2019-07-08 09:47:58.376 22705 RALLYDEBUG rally_openstack.cleanup.manager [-] Deleting neutron.port object s_rally_15fb32c6_Hx3CXAPk (07e0cc9f-b86e-4687-967e-6cf1dec33a81)
2019-07-08 09:47:58.385 22705 RALLYDEBUG rally_openstack.cleanup.manager [-] Deleting neutron.port object s_rally_15fb32c6_7WdJktm6 (0805b6e6-d6e6-4f0a-9a72-e8e5609689e7)
2019-07-08 09:47:58.393 22705 RALLYDEBUG rally_openstack.cleanup.manager [-] Deleting neutron.port object s_rally_15fb32c6_ysMiHzY2 (006c6a3e-0f07-4588-8f15-3823d6449f32)
2019-07-08 09:47:58.429 22705 RALLYDEBUG rally_openstack.cleanup.manager [-] Deleting neutron.port object s_rally_15fb32c6_5Q331wqz (0a82133b-9a85-4167-8e52-35050bc37598)
2019-07-08 09:47:58.433 22705 RALLYDEBUG rally_openstack.cleanup.manager [-] Deleting neutron.port object s_rally_15fb32c6_et02ql6O (0af65465-f5ac-4cc9-b078-be007fc18595)
2019-07-08 09:47:58.446 22705 RALLYDEBUG rally_openstack.cleanup.manager [-] Deleting neutron.port object s_rally_15fb32c6_jJsVxHO8 (0850bc8b-f99f-4596-a614-3c6a3f2d5d1c)
2019-07-08 09:47:58.448 22705 RALLYDEBUG rally_openstack.cleanup.manager [-] Deleting neutron.port object s_rally_15fb32c6_MYH8NmvJ (0b948467-e4e7-4619-a4a6-0b42f41994fc)
2019-07-08 09:47:58.466 22705 RALLYDEBUG rally_openstack.cleanup.manager [-] Deleting neutron.port object s_rally_15fb32c6_Bsp7518c (0b9c4f2b-4dbb-478e-ab9f-a3730915a7c2)
2019-07-08 09:47:58.473 22705 RALLYDEBUG rally_openstack.cleanup.manager [-] Deleting neutron.port object s_rally_15fb32c6_oQK1JCc8 (0bc7d2e9-08d4-476b-b1b7-38e53461d682)
2019-07-08 09:47:58.502 22705 RALLYDEBUG rally_openstack.cleanup.manager [-] Deleting neutron.port object s_rally_15fb32c6_m33PMIAW (0bf5a657-9a7b-424d-96fc-d72cc830d394)
2019-07-08 09:47:58.523 22705 RALLYDEBUG rally_openstack.cleanup.manager [-] Deleting neutron.port object s_rally_15fb32c6_FePTbW3L (0c015afa-857c-4df9-8688-5de4e22ab25d)
2019-07-08 09:48:00.961 22705 RALLYDEBUG rally_openstack.cleanup.manager [-] Deleting neutron.port object s_rally_15fb32c6_YysXtSLI (0c6902c0-6b7a-4983-acf2-1b14420362f3)
2019-07-08 09:48:00.970 22705 RALLYDEBUG rally_openstack.cleanup.manager [-] Deleting neutron.port object s_rally_15fb32c6_JGw3TLVY (0c6be1cb-2b21-4ca2-b877-8760146ba05f)
2019-07-08 09:48:05.505 22705 RALLYDEBUG rally_openstack.cleanup.manager [-] Deleting neutron.port object s_rally_15fb32c6_ZNEkNAMC (0cec2d11-7539-4af3-b031-929a39b93a8d)
2019-07-08 09:48:05.620 22705 RALLYDEBUG rally_openstack.cleanup.manager [-] Deleting neutron.port object s_rally_15fb32c6_675TNsrs (0d22ec63-20eb-4827-b6c2-faf230ce909e)
2019-07-08 09:48:06.004 22705 RALLYDEBUG rally_openstack.cleanup.manager [-] Deleting neutron.port object s_rally_15fb32c6_6hDYlCSd (0d5f942e-097f-4da0-b9b5-903533506bee)
2019-07-08 09:48:06.151 22705 RALLYDEBUG rally_openstack.cleanup.manager [-] Deleting neutron.port object s_rally_15fb32c6_W8Hb8aLO (0d93705d-ce8a-4a3a-a049-aee4771e8e76)
2019-07-08 09:48:06.180 22705 RALLYDEBUG rally_openstack.cleanup.manager [-] Deleting neutron.port object s_rally_15fb32c6_RwK8TP88 (0ddf589a-a982-4757-a129-e3a1ef969407)
2019-07-08 09:48:06.181 22705 RALLYDEBUG rally_openstack.cleanup.manager [-] Deleting neutron.port object s_rally_15fb32c6_6DtRk5jL (0dd8475a-be7e-49de-8742-eeede6642238)
2019-07-08 09:48:06.199 22705 RALLYDEBUG rally_openstack.cleanup.manager [-] Deleting neutron.port object s_rally_15fb32c6_ULpR61cg (0e31875d-dfaf-4a07-be44-95bbe8bf20ec)
2019-07-08 09:48:06.281 22705 RALLYDEBUG rally_openstack.cleanup.manager [-] Deleting neutron.port object s_rally_15fb32c6_AGuQc14N (0e4ca425-de34-491f-8ba3-a8d9d623201e)
2019-07-08 09:48:06.314 22705 RALLYDEBUG rally_openstack.cleanup.manager [-] Deleting neutron.port object s_rally_15fb32c6_wRon0X3O (0f5a106e-9128-4ea0-b72e-74eecd0995b0)
2019-07-08 09:48:06.326 22705 RALLYDEBUG rally_openstack.cleanup.manager [-] Deleting neutron.port object s_rally_15fb32c6_aWCZwImG (0f98597b-60be-49c0-a213-36e714e1e3dc)
2019-07-08 09:48:06.348 22705 RALLYDEBUG rally_openstack.cleanup.manager [-] Deleting neutron.port object s_rally_15fb32c6_Domln4SP (0ff2ce95-25e0-44b5-baf8-c02463e90c42)
2019-07-08 09:48:06.542 22705 RALLYDEBUG rally_openstack.cleanup.manager [-] Deleting neutron.port object s_rally_15fb32c6_iPFk8KJG (107b6102-0dbe-411f-b931-9135224d71f2)
2019-07-08 09:48:06.591 22705 RALLYDEBUG rally_openstack.cleanup.manager [-] Deleting neutron.port object s_rally_15fb32c6_dkZ7DX7T (10a8097b-df0f-494f-919d-faab1496f68e)
2019-07-08 09:48:06.591 22705 RALLYDEBUG rally_openstack.cleanup.manager [-] Deleting neutron.port object s_rally_15fb32c6_RDMR9EG5 (10a4ca3f-049a-4f30-b9ca-d1136f0b4609)
2019-07-08 09:48:06.661 22705 RALLYDEBUG rally_openstack.cleanup.manager [-] Deleting neutron.port object s_rally_15fb32c6_CYbb18ci (10c691af-b019-4a2c-9cc5-dcd88b2e7487)
2019-07-08 09:48:07.969 22705 RALLYDEBUG rally_openstack.cleanup.manager [-] Deleting neutron.port object s_rally_15fb32c6_qQU0epbB (10e10177-727a-4b38-8664-8cdd0bac3f89)
2019-07-08 09:48:08.640 22705 RALLYDEBUG rally_openstack.cleanup.manager [-] Deleting neutron.port object s_rally_15fb32c6_o3lDyGgd (116b4408-8bc1-434c-9377-d364c5181070)
2019-07-08 09:48:08.749 22705 RALLYDEBUG rally_openstack.cleanup.manager [-] Deleting neutron.port object s_rally_15fb32c6_pCUxEYPP (119694b1-6b62-40ba-85fa-313ca4d8807f)
2019-07-08 09:48:08.776 22705 RALLYDEBUG rally_openstack.cleanup.manager [-] Deleting neutron.port object s_rally_15fb32c6_1B7VsLB5 (11c30729-e153-438c-8514-edc86f594cf7)
2019-07-08 09:48:08.781 22705 RALLYDEBUG rally_openstack.cleanup.manager [-] Deleting neutron.port object s_rally_15fb32c6_gfI7PoRK (127a36e1-ea23-40e3-972a-33beb330be39)
2019-07-08 09:48:08.797 22705 RALLYDEBUG rally_openstack.cleanup.manager [-] Deleting neutron.port object s_rally_15fb32c6_J5P5AEbW (12d7c8ad-7e40-4b23-a08d-cb5b749960bf)
2019-07-08 09:48:08.834 22705 RALLYDEBUG rally_openstack.cleanup.manager [-] Deleting neutron.port object s_rally_15fb32c6_uOrYUwsG (13138930-ab83-4132-a0a4-2e540ad1d840)
2019-07-08 09:48:09.245 22705 RALLYDEBUG rally_openstack.cleanup.manager [-] Deleting neutron.port object s_rally_15fb32c6_pCUUX9ry (13759439-f3b5-479e-9431-49770d23235c)
2019-07-08 09:48:09.357 22705 RALLYDEBUG rally_openstack.cleanup.manager [-] Deleting neutron.port object s_rally_15fb32c6_XdYFH2FB (139a85df-1d24-4021-b461-74ab5d067783)
2019-07-08 09:48:09.863 22705 RALLYDEBUG rally_openstack.cleanup.manager [-] Deleting neutron.port object s_rally_15fb32c6_j2EuzK8O (14e35e99-634a-49e9-9855-882e4eb3f68c)
2019-07-08 09:48:09.904 22705 RALLYDEBUG rally_openstack.cleanup.manager [-] Deleting neutron.port object s_rally_15fb32c6_l87m9f6W (150f0a43-15af-44e8-a949-1285350799ff)
2019-07-08 09:48:10.388 22705 RALLYDEBUG rally_openstack.cleanup.manager [-] Deleting neutron.port object s_rally_15fb32c6_NsjoLOOU (1576ffb4-203b-47c5-9404-bfbed9f6f06e)
2019-07-08 09:48:11.403 22705 RALLYDEBUG rally_openstack.cleanup.manager [-] Deleting neutron.port object s_rally_15fb32c6_NzQ5tQMb (15adaa7a-925d-45e3-becb-0273417644db)
2019-07-08 09:48:11.404 22705 RALLYDEBUG rally_openstack.cleanup.manager [-] Deleting neutron.port object s_rally_15fb32c6_p6QZVaqa (15dee3d5-2ed9-4f2c-9cae-bf31fbfc37df)
2019-07-08 09:48:11.667 22705 RALLYDEBUG rally_openstack.cleanup.manager [-] Deleting neutron.port object s_rally_15fb32c6_XG464tFg (1628442d-27bc-48ff-b0b6-2deeebe7445d)
2019-07-08 09:48:11.714 22705 RALLYDEBUG rally_openstack.cleanup.manager [-] Deleting neutron.port object s_rally_15fb32c6_2sBfyD3M (16bdc527-88ff-4377-b3f8-0c98899d1c98)
2019-07-08 09:48:11.727 22705 RALLYDEBUG rally_openstack.cleanup.manager [-] Deleting neutron.port object s_rally_15fb32c6_26qG0KGc (16fddac0-1dd8-48b4-aa81-92d939eac3d8)
2019-07-08 09:48:11.784 22705 RALLYDEBUG rally_openstack.cleanup.manager [-] Deleting neutron.port object s_rally_15fb32c6_rtORbOKi (17ab30b7-1c6d-4907-a33e-2e78a0ccec5d)
2019-07-08 09:48:11.903 22705 RALLYDEBUG rally_openstack.cleanup.manager [-] Deleting neutron.port object s_rally_15fb32c6_i0rHgNCN (18279a73-bd6e-4e9a-9b02-0a24aeb601fe)
2019-07-08 09:48:11.926 22705 RALLYDEBUG rally_openstack.cleanup.manager [-] Deleting neutron.port object s_rally_15fb32c6_QVP7JyTc (193eb05c-94d8-4e30-8338-ac7c86109d42)
2019-07-08 09:48:11.927 22705 RALLYDEBUG rally_openstack.cleanup.manager [-] Deleting neutron.port object s_rally_15fb32c6_z8V6UIe2 (1857053f-3463-4bd2-a7eb-2b4038f29953)
2019-07-08 09:48:11.995 22705 RALLYDEBUG rally_openstack.cleanup.manager [-] Deleting neutron.port object s_rally_15fb32c6_Tyuzia84 (19b8a005-20d0-42bd-b7c6-e0fb3a12ed8a)
2019-07-08 09:48:12.056 22705 RALLYDEBUG rally_openstack.cleanup.manager [-] Deleting neutron.port object s_rally_15fb32c6_llzphsBc (19d24d20-c2d2-466f-8e9f-8527f2906e99)
2019-07-08 09:48:12.254 22705 RALLYDEBUG rally_openstack.cleanup.manager [-] Deleting neutron.port object s_rally_15fb32c6_MsRQ5JIJ (1aff62b2-abf0-47a3-8d27-13e0f0c1d930)
2019-07-08 09:48:12.348 22705 RALLYDEBUG rally_openstack.cleanup.manager [-] Deleting neutron.port object s_rally_15fb32c6_T5eK2e5q (1b168929-5024-442c-8c3d-d69c986ab3fe)
2019-07-08 09:48:12.409 22705 RALLYDEBUG rally_openstack.cleanup.manager [-] Deleting neutron.port object s_rally_15fb32c6_NoLHZnUp (1b1883bb-7c97-4d63-ba45-297ab7f3034b)
2019-07-08 09:48:12.484 22705 RALLYDEBUG rally_openstack.cleanup.manager [-] Deleting neutron.port object s_rally_15fb32c6_wsHx4S9p (1be504b5-c473-4cbe-a650-ce5ea2397629)
2019-07-08 09:48:12.539 22705 RALLYDEBUG rally_openstack.cleanup.manager [-] Deleting neutron.port object s_rally_15fb32c6_CCOoS05t (1c0bb808-804b-40fe-ada9-020008166722)
2019-07-08 09:48:12.622 22705 RALLYDEBUG rally_openstack.cleanup.manager [-] Deleting neutron.port object s_rally_15fb32c6_MGbI9M2E (1c9c7dd1-2e4d-46c1-b6e6-10e99c787df4)
2019-07-08 09:48:12.864 22705 RALLYDEBUG rally_openstack.cleanup.manager [-] Deleting neutron.port object s_rally_15fb32c6_KoA2mWq8 (1cea4312-d6a8-47b9-ac51-3ecc99b405ac)
2019-07-08 09:48:12.889 22705 RALLYDEBUG rally_openstack.cleanup.manager [-] Deleting neutron.port object s_rally_15fb32c6_niZ2xmvr (1d32c489-f2e0-46e3-b6c1-f0b8dcf98466)
2019-07-08 09:48:13.114 22705 RALLYDEBUG rally_openstack.cleanup.manager [-] Deleting neutron.port object s_rally_15fb32c6_hgRQ4D2L (1e7f00eb-a5e3-4375-a269-37c169f0d6ed)
2019-07-08 09:48:14.028 22705 RALLYDEBUG rally_openstack.cleanup.manager [-] Deleting neutron.port object s_rally_15fb32c6_hKWR8Pjk (1ee9f227-022e-4067-bfcf-305e02fb821d)
2019-07-08 09:48:14.705 22705 RALLYDEBUG rally_openstack.cleanup.manager [-] Deleting neutron.port object s_rally_15fb32c6_XwVoEDXg (1f3aac73-6b88-4d3b-a931-2bab062130e4)
2019-07-08 09:48:14.753 22705 RALLYDEBUG rally_openstack.cleanup.manager [-] Deleting neutron.port object s_rally_15fb32c6_jhlUhpEm (1f97eca8-e508-4fcf-a864-95d011b77a08)
2019-07-08 09:48:15.267 22705 RALLYDEBUG rally_openstack.cleanup.manager [-] Deleting neutron.port object s_rally_15fb32c6_RVglTzL0 (1faae90c-dbb1-4115-bc58-c40580b60859)
2019-07-08 09:48:15.564 22705 RALLYDEBUG rally_openstack.cleanup.manager [-] Deleting neutron.port object s_rally_15fb32c6_M6fiJkHd (204add7c-8b27-4286-9833-983409b37a44)
2019-07-08 09:48:15.582 22705 RALLYDEBUG rally_openstack.cleanup.manager [-] Deleting neutron.port object s_rally_15fb32c6_sxAG0Jga (20a4d394-5c4a-4d73-8ca0-b984d421027f)
2019-07-08 09:48:15.808 22705 RALLYDEBUG rally_openstack.cleanup.manager [-] Deleting neutron.port object s_rally_15fb32c6_AiFmRQFg (20c05a15-79ba-4944-9860-d8e853b19a11)
2019-07-08 09:48:15.836 22705 RALLYDEBUG rally_openstack.cleanup.manager [-] Deleting neutron.port object s_rally_15fb32c6_66oupBwi (21215407-32d2-457d-86d6-0e9690daf5e0)
2019-07-08 09:48:16.707 22705 RALLYDEBUG rally_openstack.cleanup.manager [-] Deleting neutron.port object s_rally_15fb32c6_kKSM7wI9 (21693521-e027-406a-9a14-93d7d1bc05f5)
2019-07-08 09:48:17.302 22705 RALLYDEBUG rally_openstack.cleanup.manager [-] Deleting neutron.port object s_rally_15fb32c6_5lLBeyrv (218f6747-1bc5-4b25-9423-e76dd2a0929c)
2019-07-08 09:48:17.323 22705 RALLYDEBUG rally_openstack.cleanup.manager [-] Deleting neutron.port object s_rally_15fb32c6_yNKFfyAD (22721a68-5f41-4eb4-b517-82f82a50a643)
2019-07-08 09:48:17.388 22705 RALLYDEBUG rally_openstack.cleanup.manager [-] Deleting neutron.port object s_rally_15fb32c6_8We3FnEZ (24a9af87-5786-46ee-a2ca-ff90b9bd14de)
2019-07-08 09:48:17.507 22705 RALLYDEBUG rally_openstack.cleanup.manager [-] Deleting neutron.port object s_rally_15fb32c6_PFz2Yt3C (25a62be8-90dd-4b31-98cc-1ee08a209d9c)
2019-07-08 09:48:17.581 22705 RALLYDEBUG rally_openstack.cleanup.manager [-] Deleting neutron.port object s_rally_15fb32c6_WS0MktKO (28007d06-6c68-47d7-b219-1fe7f6c64fd7)
2019-07-08 09:48:17.729 22705 RALLYDEBUG rally_openstack.cleanup.manager [-] Deleting neutron.port object s_rally_15fb32c6_OjRFMkC1 (28654fc8-2d1b-406b-87b7-6bd7ea7c2a06)
2019-07-08 09:48:17.795 22705 RALLYDEBUG rally_openstack.cleanup.manager [-] Deleting neutron.port object s_rally_15fb32c6_TnvDqgQX (2875dd7d-2499-4880-9d4a-1cb9b5c983f5)
2019-07-08 09:48:18.140 22705 RALLYDEBUG rally_openstack.cleanup.manager [-] Deleting neutron.port object s_rally_15fb32c6_UQD3OJeN (297ac00b-d195-44fb-a5a5-c94a71db84c0)
2019-07-08 09:48:18.172 22705 RALLYDEBUG rally_openstack.cleanup.manager [-] Deleting neutron.port object s_rally_15fb32c6_pUUQgHbA (29cb4db2-7b51-4b7a-94b5-8f5121d9d2db)
2019-07-08 09:48:18.191 22705 RALLYDEBUG rally_openstack.cleanup.manager [-] Deleting neutron.port object s_rally_15fb32c6_a2wpXUBH (29f778b8-ffc5-4e88-8051-3a4734e6e704)
2019-07-08 09:48:18.338 22705 RALLYDEBUG rally_openstack.cleanup.manager [-] Deleting neutron.port object s_rally_15fb32c6_yl39dxZh (2abae81e-a049-48dd-a9d9-45780e5c6adb)
2019-07-08 09:48:18.344 22705 RALLYDEBUG rally_openstack.cleanup.manager [-] Deleting neutron.port object s_rally_15fb32c6_nXh88WoU (2b4ea429-c57a-41c6-95d4-b625fda2f473)
2019-07-08 09:48:18.352 22705 RALLYDEBUG rally_openstack.cleanup.manager [-] Deleting neutron.port object s_rally_15fb32c6_9WlywMUj (2b7859d4-c935-4abf-8d32-6ef55912fe70)
2019-07-08 09:48:18.356 22705 RALLYDEBUG rally_openstack.cleanup.manager [-] Deleting neutron.port object s_rally_15fb32c6_WeMSrO5s (2c792ffd-8ea6-4eed-b001-afdf739b7022)
2019-07-08 09:48:18.365 22705 RALLYDEBUG rally_openstack.cleanup.manager [-] Deleting neutron.port object s_rally_15fb32c6_AGPDVc29 (2d969a83-d853-4dff-9222-daa3b97c5681)
2019-07-08 09:48:18.508 22705 RALLYDEBUG rally_openstack.cleanup.manager [-] Deleting neutron.port object s_rally_15fb32c6_t4NzY9Tw (2e0aa4cc-0a0c-4843-bc2d-6bce69538280)
2019-07-08 09:48:18.963 22705 RALLYDEBUG rally_openstack.cleanup.manager [-] Deleting neutron.port object s_rally_15fb32c6_ZhUFb7Qp (2e9bf75f-c557-4588-830f-6d0f8e5c6aa4)
2019-07-08 09:48:19.019 22705 RALLYDEBUG rally_openstack.cleanup.manager [-] Deleting neutron.port object s_rally_15fb32c6_U0WmCmK6 (2ecf2f85-8c95-45a5-b3fc-d6bdc78d94c8)
2019-07-08 09:48:19.061 22705 RALLYDEBUG rally_openstack.cleanup.manager [-] Deleting neutron.port object s_rally_15fb32c6_p42cw0Uo (30335f9b-3de6-4cd2-aa75-e46f0490645e)
2019-07-08 09:48:19.323 22705 RALLYDEBUG rally_openstack.cleanup.manager [-] Deleting neutron.port object s_rally_15fb32c6_ooMnLeE8 (3137c5f2-d8d9-411a-b113-ea71e380d511)
2019-07-08 09:48:20.014 22705 RALLYDEBUG rally_openstack.cleanup.manager [-] Deleting neutron.port object s_rally_15fb32c6_dK51QB6K (332025c5-7401-4337-bc76-68f475570350)
