2019-07-08 09:18:00.061 22696 RALLYDEBUG rally.api [-] INFO logs from urllib3 and requests module are hide.
2019-07-08 09:18:00.062 22696 RALLYDEBUG rally.api [-] urllib3 insecure warnings are hidden.
2019-07-08 09:18:00.062 22696 RALLYDEBUG rally.api [-] ERROR log from boto module is hide.
2019-07-08 09:18:02.375 22698 RALLYDEBUG rally.api [-] INFO logs from urllib3 and requests module are hide.
2019-07-08 09:18:02.375 22698 RALLYDEBUG rally.api [-] urllib3 insecure warnings are hidden.
2019-07-08 09:18:02.375 22698 RALLYDEBUG rally.api [-] ERROR log from boto module is hide.
2019-07-08 09:18:03.554 22698 WARNING rally_openstack.platforms.existing [-] endpoint is deprecated and not used.
2019-07-08 09:18:04.418 22700 RALLYDEBUG rally.api [-] INFO logs from urllib3 and requests module are hide.
2019-07-08 09:18:04.418 22700 RALLYDEBUG rally.api [-] urllib3 insecure warnings are hidden.
2019-07-08 09:18:04.418 22700 RALLYDEBUG rally.api [-] ERROR log from boto module is hide.
2019-07-08 09:18:07.683 22703 RALLYDEBUG rally.api [-] INFO logs from urllib3 and requests module are hide.
2019-07-08 09:18:07.683 22703 RALLYDEBUG rally.api [-] urllib3 insecure warnings are hidden.
2019-07-08 09:18:07.683 22703 RALLYDEBUG rally.api [-] ERROR log from boto module is hide.
2019-07-08 09:18:09.712 22705 RALLYDEBUG rally.api [-] INFO logs from urllib3 and requests module are hide.
2019-07-08 09:18:09.712 22705 RALLYDEBUG rally.api [-] urllib3 insecure warnings are hidden.
2019-07-08 09:18:09.712 22705 RALLYDEBUG rally.api [-] ERROR log from boto module is hide.
2019-07-08 09:18:10.964 22705 INFO rally.common.plugin.discover [-] Loading plugins from directories /root/.rally/plugins/*
2019-07-08 09:18:10.965 22705 INFO rally.common.plugin.discover [-] Loaded module with plugins: /root/.rally/plugins/__init__.py
2019-07-08 09:18:10.968 22705 INFO rally.common.plugin.discover [-] Loaded module with plugins: /root/.rally/plugins/trunk_scenario.py
2019-07-08 09:18:11.179 22705 INFO rally.task.engine [-] Task 8e99c22b-70c5-49a3-b51b-87013a88d735 | Starting: Task validation.
2019-07-08 09:18:11.221 22705 INFO rally.task.engine [-] Task 8e99c22b-70c5-49a3-b51b-87013a88d735 | Starting: Task validation of syntax.
2019-07-08 09:18:11.426 22705 INFO rally.task.engine [-] Task 8e99c22b-70c5-49a3-b51b-87013a88d735 | Completed: Task validation of syntax.
2019-07-08 09:18:11.426 22705 INFO rally.task.engine [-] Task 8e99c22b-70c5-49a3-b51b-87013a88d735 | Starting: Task validation of required platforms.
2019-07-08 09:18:11.483 22705 INFO rally.task.engine [-] Task 8e99c22b-70c5-49a3-b51b-87013a88d735 | Completed: Task validation of required platforms.
2019-07-08 09:18:11.483 22705 INFO rally.task.engine [-] Task 8e99c22b-70c5-49a3-b51b-87013a88d735 | Starting: Task validation of semantic.
2019-07-08 09:18:11.483 22705 INFO rally.task.engine [-] Check health of the environment 'b5bc6b8c-404f-4a56-b9df-3e538abee1fd'.
2019-07-08 09:18:12.275 22705 INFO rally.task.engine [-] Platform existing@openstack (available: True): OK!
2019-07-08 09:18:12.293 22705 RALLYDEBUG rally_openstack.contexts.keystone.users [-] Creating 1 tenants using 20 threads
2019-07-08 09:18:13.990 22705 RALLYDEBUG rally_openstack.contexts.keystone.users [-] Creating 1 users using 20 threads
2019-07-08 09:18:16.177 22705 INFO rally.task.context [-] Task 8e99c22b-70c5-49a3-b51b-87013a88d735 | Context users@openstack setup() finished in 3.88 sec
2019-07-08 09:18:22.177 22705 INFO rally.task.context [-] Task 8e99c22b-70c5-49a3-b51b-87013a88d735 | Context users@openstack cleanup() started
2019-07-08 09:18:26.614 22705 INFO rally.task.context [-] Task 8e99c22b-70c5-49a3-b51b-87013a88d735 | Context users@openstack cleanup() finished in 4.44 sec
2019-07-08 09:18:26.615 22705 INFO rally.task.engine [-] Task 8e99c22b-70c5-49a3-b51b-87013a88d735 | Completed: Task validation of semantic.
2019-07-08 09:18:26.615 22705 INFO rally.task.engine [-] Task 8e99c22b-70c5-49a3-b51b-87013a88d735 | Completed: Task validation.
2019-07-08 09:18:26.615 22705 INFO rally.api [-] Task 8e99c22b-70c5-49a3-b51b-87013a88d735 input file is valid.
2019-07-08 09:18:26.616 22705 INFO rally.api [-] Run Task 8e99c22b-70c5-49a3-b51b-87013a88d735 against Deployment b5bc6b8c-404f-4a56-b9df-3e538abee1fd
2019-07-08 09:18:26.616 22705 INFO rally.task.engine [-] Task 8e99c22b-70c5-49a3-b51b-87013a88d735 | Starting: Running task.
2019-07-08 09:18:26.760 22705 INFO rally.task.engine [-] Running workload: position = 0 config = { "version": 2, "title": "A cropped version of a bigger task.", "description": "Auto-generated task from a single workload (uuid=5f99f6e4-a5cd-4e3a-94ad-41330045a504)", "subtasks": [ { "title": "NeutronNetworks.create_and_list_networks", "description": "Check performance of list_networks action and ensure > network quotas are not exceeded", "scenario": { "NeutronNetworks.create_and_list_networks": {} }, "contexts": { "users": { "tenants": 1, "users_per_tenant": 1 }, "quotas": { "neutron": { "network": 119 } } }, "runner": { "constant": { "times": 100, "concurrency": 20 } }, "hooks": [], "sla": { "max_avg_duration_per_atomic": { "neutron.list_networks": 15 }, "failure_rate": { "max": 0 } } } ] }
2019-07-08 09:18:26.782 22705 RALLYDEBUG rally_openstack.contexts.keystone.users [-] Creating 1 tenants using 20 threads
2019-07-08 09:18:28.562 22705 RALLYDEBUG rally_openstack.contexts.keystone.users [-] Creating 1 users using 20 threads
2019-07-08 09:18:30.851 22705 INFO rally.task.context [-] Task 8e99c22b-70c5-49a3-b51b-87013a88d735 | Context users@openstack setup() finished in 4.07 sec
2019-07-08 09:18:31.575 22705 INFO rally.task.context [-] Task 8e99c22b-70c5-49a3-b51b-87013a88d735 | Context quotas@openstack setup() finished in 0.72 sec
2019-07-08 09:18:31.576 22705 INFO rally.task.context [-] Task 8e99c22b-70c5-49a3-b51b-87013a88d735 | Context cleanup@openstack setup() finished in 0.03 msec
2019-07-08 09:18:31.583 22705 RALLYDEBUG rally.task.runner [-] Starting the constant runner (task UUID: 8e99c22b-70c5-49a3-b51b-87013a88d735). timeout: 0 concurrency: 20 concurrency_per_worker: 1 times: 100 concurrency_overhead: 4 processes_to_start: 16 max_cpu_used: 16
2019-07-08 09:18:31.596 22829 RALLYDEBUG rally.task.runner [-] Starting a worker. concurrency: 2 args: {} times: 100 method_name: run timeout: 0 duration: None cls:
2019-07-08 09:18:31.599 22830 RALLYDEBUG rally.task.runner [-] Starting a worker. concurrency: 2 args: {} times: 100 method_name: run timeout: 0 duration: None cls:
2019-07-08 09:18:31.601 22831 RALLYDEBUG rally.task.runner [-] Starting a worker. concurrency: 2 args: {} times: 100 method_name: run timeout: 0 duration: None cls:
2019-07-08 09:18:31.604 22832 RALLYDEBUG rally.task.runner [-] Starting a worker. concurrency: 2 args: {} times: 100 method_name: run timeout: 0 duration: None cls:
2019-07-08 09:18:31.607 22829 INFO rally.task.runner [-] Task 8e99c22b-70c5-49a3-b51b-87013a88d735 | ITER: 1 START
2019-07-08 09:18:31.608 22835 RALLYDEBUG rally.task.runner [-] Starting a worker. concurrency: 1 args: {} times: 100 method_name: run timeout: 0 duration: None cls:
2019-07-08 09:18:31.609 22830 INFO rally.task.runner [-] Task 8e99c22b-70c5-49a3-b51b-87013a88d735 | ITER: 2 START
2019-07-08 09:18:31.608 22829 INFO rally.task.runner [-] Task 8e99c22b-70c5-49a3-b51b-87013a88d735 | ITER: 3 START
2019-07-08 09:18:31.610 22838 RALLYDEBUG rally.task.runner [-] Starting a worker. concurrency: 1 args: {} times: 100 method_name: run timeout: 0 duration: None cls:
2019-07-08 09:18:31.612 22831 INFO rally.task.runner [-] Task 8e99c22b-70c5-49a3-b51b-87013a88d735 | ITER: 4 START
2019-07-08 09:18:31.615 22832 INFO rally.task.runner [-] Task 8e99c22b-70c5-49a3-b51b-87013a88d735 | ITER: 6 START
2019-07-08 09:18:31.610 22830 INFO rally.task.runner [-] Task 8e99c22b-70c5-49a3-b51b-87013a88d735 | ITER: 5 START
2019-07-08 09:18:31.615 22841 RALLYDEBUG rally.task.runner [-] Starting a worker. concurrency: 1 args: {} times: 100 method_name: run timeout: 0 duration: None cls:
2019-07-08 09:18:31.614 22835 INFO rally.task.runner [-] Task 8e99c22b-70c5-49a3-b51b-87013a88d735 | ITER: 9 START
2019-07-08 09:18:31.620 22832 INFO rally.task.runner [-] Task 8e99c22b-70c5-49a3-b51b-87013a88d735 | ITER: 8 START
2019-07-08 09:18:31.620 22831 INFO rally.task.runner [-] Task 8e99c22b-70c5-49a3-b51b-87013a88d735 | ITER: 7 START
2019-07-08 09:18:31.620 22854 RALLYDEBUG rally.task.runner [-] Starting a worker. concurrency: 1 args: {} times: 100 method_name: run timeout: 0 duration: None cls:
2019-07-08 09:18:31.621 22838 INFO rally.task.runner [-] Task 8e99c22b-70c5-49a3-b51b-87013a88d735 | ITER: 10 START
2019-07-08 09:18:31.624 22841 INFO rally.task.runner [-] Task 8e99c22b-70c5-49a3-b51b-87013a88d735 | ITER: 11 START
2019-07-08 09:18:31.628 22854 INFO rally.task.runner [-] Task 8e99c22b-70c5-49a3-b51b-87013a88d735 | ITER: 12 START
2019-07-08 09:18:31.628 22849 RALLYDEBUG rally.task.runner [-] Starting a worker. concurrency: 1 args: {} times: 100 method_name: run timeout: 0 duration: None cls:
2019-07-08 09:18:31.629 22860 RALLYDEBUG rally.task.runner [-] Starting a worker. concurrency: 1 args: {} times: 100 method_name: run timeout: 0 duration: None cls:
2019-07-08 09:18:31.630 22845 RALLYDEBUG rally.task.runner [-] Starting a worker. concurrency: 1 args: {} times: 100 method_name: run timeout: 0 duration: None cls:
2019-07-08 09:18:31.631 22858 RALLYDEBUG rally.task.runner [-] Starting a worker. concurrency: 1 args: {} times: 100 method_name: run timeout: 0 duration: None cls:
2019-07-08 09:18:31.633 22855 RALLYDEBUG rally.task.runner [-] Starting a worker. concurrency: 1 args: {} times: 100 method_name: run timeout: 0 duration: None cls:
2019-07-08 09:18:31.634 22862 RALLYDEBUG rally.task.runner [-] Starting a worker. concurrency: 1 args: {} times: 100 method_name: run timeout: 0 duration: None cls:
2019-07-08 09:18:31.637 22849 INFO rally.task.runner [-] Task 8e99c22b-70c5-49a3-b51b-87013a88d735 | ITER: 13 START
2019-07-08 09:18:31.639 22845 INFO rally.task.runner [-] Task 8e99c22b-70c5-49a3-b51b-87013a88d735 | ITER: 15 START
2019-07-08 09:18:31.639 22858 INFO rally.task.runner [-] Task 8e99c22b-70c5-49a3-b51b-87013a88d735 | ITER: 16 START
2019-07-08 09:18:31.641 22855 INFO rally.task.runner [-] Task 8e99c22b-70c5-49a3-b51b-87013a88d735 | ITER: 17 START
2019-07-08 09:18:31.641 22860 INFO rally.task.runner [-] Task 8e99c22b-70c5-49a3-b51b-87013a88d735 | ITER: 14 START
2019-07-08 09:18:31.642 22866 RALLYDEBUG rally.task.runner [-] Starting a worker. concurrency: 1 args: {} times: 100 method_name: run timeout: 0 duration: None cls:
2019-07-08 09:18:31.648 22875 RALLYDEBUG rally.task.runner [-] Starting a worker. concurrency: 1 args: {} times: 100 method_name: run timeout: 0 duration: None cls:
2019-07-08 09:18:31.649 22866 INFO rally.task.runner [-] Task 8e99c22b-70c5-49a3-b51b-87013a88d735 | ITER: 19 START
2019-07-08 09:18:31.650 22862 INFO rally.task.runner [-] Task 8e99c22b-70c5-49a3-b51b-87013a88d735 | ITER: 18 START
2019-07-08 09:18:31.656 22875 INFO rally.task.runner [-] Task 8e99c22b-70c5-49a3-b51b-87013a88d735 | ITER: 20 START
2019-07-08 09:18:33.070 22832 INFO rally.task.runner [-] Task 8e99c22b-70c5-49a3-b51b-87013a88d735 | ITER: 6 END: OK
2019-07-08 09:18:33.074 22832 INFO rally.task.runner [-] Task 8e99c22b-70c5-49a3-b51b-87013a88d735 | ITER: 21 START
2019-07-08 09:18:33.079 22854 INFO rally.task.runner [-] Task 8e99c22b-70c5-49a3-b51b-87013a88d735 | ITER: 12 END: OK
2019-07-08 09:18:33.081 22854 INFO rally.task.runner [-] Task 8e99c22b-70c5-49a3-b51b-87013a88d735 | ITER: 22 START
2019-07-08 09:18:33.400 22845 INFO rally.task.runner [-] Task 8e99c22b-70c5-49a3-b51b-87013a88d735 | ITER: 15 END: OK
2019-07-08 09:18:33.403 22845 INFO rally.task.runner [-] Task 8e99c22b-70c5-49a3-b51b-87013a88d735 | ITER: 23 START
2019-07-08 09:18:33.405 22831 INFO rally.task.runner [-] Task 8e99c22b-70c5-49a3-b51b-87013a88d735 | ITER: 4 END: OK
2019-07-08 09:18:33.408 22831 INFO rally.task.runner [-] Task 8e99c22b-70c5-49a3-b51b-87013a88d735 | ITER: 24 START
2019-07-08 09:18:33.759 22829 INFO rally.task.runner [-] Task 8e99c22b-70c5-49a3-b51b-87013a88d735 | ITER: 1 END: OK
2019-07-08 09:18:33.763 22829 INFO rally.task.runner [-] Task 8e99c22b-70c5-49a3-b51b-87013a88d735 | ITER: 25 START
2019-07-08 09:18:33.899 22829 INFO rally.task.runner [-] Task 8e99c22b-70c5-49a3-b51b-87013a88d735 | ITER: 3 END: OK
2019-07-08 09:18:33.902 22829 INFO rally.task.runner [-] Task 8e99c22b-70c5-49a3-b51b-87013a88d735 | ITER: 26 START
2019-07-08 09:18:33.930 22835 INFO rally.task.runner [-] Task 8e99c22b-70c5-49a3-b51b-87013a88d735 | ITER: 9 END: OK
2019-07-08 09:18:33.934 22835 INFO rally.task.runner [-] Task 8e99c22b-70c5-49a3-b51b-87013a88d735 | ITER: 27 START
2019-07-08 09:18:33.954 22838 INFO rally.task.runner [-] Task 8e99c22b-70c5-49a3-b51b-87013a88d735 | ITER: 10 END: OK
2019-07-08 09:18:33.957 22838 INFO rally.task.runner [-] Task 8e99c22b-70c5-49a3-b51b-87013a88d735 | ITER: 28 START
2019-07-08 09:18:33.986 22832 INFO rally.task.runner [-] Task 8e99c22b-70c5-49a3-b51b-87013a88d735 | ITER: 8 END: OK
2019-07-08 09:18:33.989 22832 INFO rally.task.runner [-] Task 8e99c22b-70c5-49a3-b51b-87013a88d735 | ITER: 29 START
2019-07-08 09:18:34.642 22830 INFO rally.task.runner [-] Task 8e99c22b-70c5-49a3-b51b-87013a88d735 | ITER: 5 END: OK
2019-07-08 09:18:34.645 22830 INFO rally.task.runner [-] Task 8e99c22b-70c5-49a3-b51b-87013a88d735 | ITER: 30 START
2019-07-08 09:18:34.809 22841 INFO rally.task.runner [-] Task 8e99c22b-70c5-49a3-b51b-87013a88d735 | ITER: 11 END: OK
2019-07-08 09:18:34.813 22841 INFO rally.task.runner [-] Task 8e99c22b-70c5-49a3-b51b-87013a88d735 | ITER: 31 START
2019-07-08 09:18:34.861 22855 INFO rally.task.runner [-] Task 8e99c22b-70c5-49a3-b51b-87013a88d735 | ITER: 17 END: OK
2019-07-08 09:18:34.865 22855 INFO rally.task.runner [-] Task 8e99c22b-70c5-49a3-b51b-87013a88d735 | ITER: 32 START
2019-07-08 09:18:34.967 22831 INFO rally.task.runner [-] Task 8e99c22b-70c5-49a3-b51b-87013a88d735 | ITER: 7 END: OK
2019-07-08 09:18:34.970 22831 INFO rally.task.runner [-] Task 8e99c22b-70c5-49a3-b51b-87013a88d735 | ITER: 33 START
2019-07-08 09:18:35.455 22830 INFO rally.task.runner [-] Task 8e99c22b-70c5-49a3-b51b-87013a88d735 | ITER: 2 END: OK
2019-07-08 09:18:35.459 22830 INFO rally.task.runner [-] Task 8e99c22b-70c5-49a3-b51b-87013a88d735 | ITER: 34 START
2019-07-08 09:18:35.485 22849 INFO rally.task.runner [-] Task 8e99c22b-70c5-49a3-b51b-87013a88d735 | ITER: 13 END: OK
2019-07-08 09:18:35.489 22849 INFO rally.task.runner [-] Task 8e99c22b-70c5-49a3-b51b-87013a88d735 | ITER: 35 START
2019-07-08 09:18:35.660 22862 INFO rally.task.runner [-] Task 8e99c22b-70c5-49a3-b51b-87013a88d735 | ITER: 18 END: OK
2019-07-08 09:18:35.664 22862 INFO rally.task.runner [-] Task 8e99c22b-70c5-49a3-b51b-87013a88d735 | ITER: 36 START
2019-07-08 09:18:35.691 22875 INFO rally.task.runner [-] Task 8e99c22b-70c5-49a3-b51b-87013a88d735 | ITER: 20 END: OK
2019-07-08 09:18:35.694 22875 INFO rally.task.runner [-] Task 8e99c22b-70c5-49a3-b51b-87013a88d735 | ITER: 37 START
2019-07-08 09:18:36.033 22860 INFO rally.task.runner [-] Task 8e99c22b-70c5-49a3-b51b-87013a88d735 | ITER: 14 END: OK
2019-07-08 09:18:36.037 22860 INFO rally.task.runner [-] Task 8e99c22b-70c5-49a3-b51b-87013a88d735 | ITER: 38 START
2019-07-08 09:18:36.151 22858 INFO rally.task.runner [-] Task 8e99c22b-70c5-49a3-b51b-87013a88d735 | ITER: 16 END: OK
2019-07-08 09:18:36.155 22858 INFO rally.task.runner [-] Task 8e99c22b-70c5-49a3-b51b-87013a88d735 | ITER: 39 START
2019-07-08 09:18:36.742 22835 INFO rally.task.runner [-] Task 8e99c22b-70c5-49a3-b51b-87013a88d735 | ITER: 27 END: OK
2019-07-08 09:18:36.746 22835 INFO rally.task.runner [-] Task 8e99c22b-70c5-49a3-b51b-87013a88d735 | ITER: 40 START
2019-07-08 09:18:36.917 22841 INFO rally.task.runner [-] Task 8e99c22b-70c5-49a3-b51b-87013a88d735 | ITER: 31 END: OK
2019-07-08 09:18:36.918 22866 INFO rally.task.runner [-] Task 8e99c22b-70c5-49a3-b51b-87013a88d735 | ITER: 19 END: OK
2019-07-08 09:18:36.919 22841 INFO rally.task.runner [-] Task 8e99c22b-70c5-49a3-b51b-87013a88d735 | ITER: 41 START
2019-07-08 09:18:36.923 22866 INFO rally.task.runner [-] Task 8e99c22b-70c5-49a3-b51b-87013a88d735 | ITER: 42 START
2019-07-08 09:18:36.923 22832 INFO rally.task.runner [-] Task 8e99c22b-70c5-49a3-b51b-87013a88d735 | ITER: 21 END: OK
2019-07-08 09:18:36.926 22832 INFO rally.task.runner [-] Task 8e99c22b-70c5-49a3-b51b-87013a88d735 | ITER: 43 START
2019-07-08 09:18:36.944 22854 INFO rally.task.runner [-] Task 8e99c22b-70c5-49a3-b51b-87013a88d735 | ITER: 22 END: OK
2019-07-08 09:18:36.947 22854 INFO rally.task.runner [-] Task 8e99c22b-70c5-49a3-b51b-87013a88d735 | ITER: 44 START
2019-07-08 09:18:36.997 22829 INFO rally.task.runner [-] Task 8e99c22b-70c5-49a3-b51b-87013a88d735 | ITER: 25 END: OK
2019-07-08 09:18:37.000 22829 INFO rally.task.runner [-] Task 8e99c22b-70c5-49a3-b51b-87013a88d735 | ITER: 45 START
2019-07-08 09:18:37.270 22829 INFO rally.task.runner [-] Task 8e99c22b-70c5-49a3-b51b-87013a88d735 | ITER: 26 END: OK
2019-07-08 09:18:37.272 22829 INFO rally.task.runner [-] Task 8e99c22b-70c5-49a3-b51b-87013a88d735 | ITER: 46 START
2019-07-08 09:18:37.298 22831 INFO rally.task.runner [-] Task 8e99c22b-70c5-49a3-b51b-87013a88d735 | ITER: 24 END: OK
2019-07-08 09:18:37.301 22831 INFO rally.task.runner [-] Task 8e99c22b-70c5-49a3-b51b-87013a88d735 | ITER: 47 START
2019-07-08 09:18:37.383 22832 INFO rally.task.runner [-] Task 8e99c22b-70c5-49a3-b51b-87013a88d735 | ITER: 29 END: OK
2019-07-08 09:18:37.386 22832 INFO rally.task.runner [-] Task 8e99c22b-70c5-49a3-b51b-87013a88d735 | ITER: 48 START
2019-07-08 09:18:37.796 22831 INFO rally.task.runner [-] Task 8e99c22b-70c5-49a3-b51b-87013a88d735 | ITER: 33 END: OK
2019-07-08 09:18:37.799 22831 INFO rally.task.runner [-] Task 8e99c22b-70c5-49a3-b51b-87013a88d735 | ITER: 49 START
2019-07-08 09:18:37.887 22830 INFO rally.task.runner [-] Task 8e99c22b-70c5-49a3-b51b-87013a88d735 | ITER: 30 END: OK
2019-07-08 09:18:37.889 22830 INFO rally.task.runner [-] Task 8e99c22b-70c5-49a3-b51b-87013a88d735 | ITER: 50 START
2019-07-08 09:18:37.898 22855 INFO rally.task.runner [-] Task 8e99c22b-70c5-49a3-b51b-87013a88d735 | ITER: 32 END: OK
2019-07-08 09:18:37.901 22855 INFO rally.task.runner [-] Task 8e99c22b-70c5-49a3-b51b-87013a88d735 | ITER: 51 START
2019-07-08 09:18:38.075 22838 INFO rally.task.runner [-] Task 8e99c22b-70c5-49a3-b51b-87013a88d735 | ITER: 28 END: OK
2019-07-08 09:18:38.078 22838 INFO rally.task.runner [-] Task 8e99c22b-70c5-49a3-b51b-87013a88d735 | ITER: 52 START
2019-07-08 09:18:38.175 22862 INFO rally.task.runner [-] Task 8e99c22b-70c5-49a3-b51b-87013a88d735 | ITER: 36 END: OK
2019-07-08 09:18:38.178 22862 INFO rally.task.runner [-] Task 8e99c22b-70c5-49a3-b51b-87013a88d735 | ITER: 53 START
2019-07-08 09:18:38.180 22875 INFO rally.task.runner [-] Task 8e99c22b-70c5-49a3-b51b-87013a88d735 | ITER: 37 END: OK
2019-07-08 09:18:38.183 22875 INFO rally.task.runner [-] Task 8e99c22b-70c5-49a3-b51b-87013a88d735 | ITER: 54 START
2019-07-08 09:18:38.211 22849 INFO rally.task.runner [-] Task 8e99c22b-70c5-49a3-b51b-87013a88d735 | ITER: 35 END: OK
2019-07-08 09:18:38.214 22849 INFO rally.task.runner [-] Task 8e99c22b-70c5-49a3-b51b-87013a88d735 | ITER: 55 START
2019-07-08 09:18:38.285 22845 INFO rally.task.runner [-] Task 8e99c22b-70c5-49a3-b51b-87013a88d735 | ITER: 23 END: OK
2019-07-08 09:18:38.288 22845 INFO rally.task.runner [-] Task 8e99c22b-70c5-49a3-b51b-87013a88d735 | ITER: 56 START
2019-07-08 09:18:38.925 22854 INFO rally.task.runner [-] Task 8e99c22b-70c5-49a3-b51b-87013a88d735 | ITER: 44 END: OK
2019-07-08 09:18:38.929 22854 INFO rally.task.runner [-] Task 8e99c22b-70c5-49a3-b51b-87013a88d735 | ITER: 57 START
2019-07-08 09:18:38.952 22835 INFO rally.task.runner [-] Task 8e99c22b-70c5-49a3-b51b-87013a88d735 | ITER: 40 END: OK
2019-07-08 09:18:38.955 22835 INFO rally.task.runner [-] Task 8e99c22b-70c5-49a3-b51b-87013a88d735 | ITER: 58 START
2019-07-08 09:18:39.001 22858 INFO rally.task.runner [-] Task 8e99c22b-70c5-49a3-b51b-87013a88d735 | ITER: 39 END: OK
2019-07-08 09:18:39.005 22858 INFO rally.task.runner [-] Task 8e99c22b-70c5-49a3-b51b-87013a88d735 | ITER: 59 START
2019-07-08 09:18:39.048 22830 INFO rally.task.runner [-] Task 8e99c22b-70c5-49a3-b51b-87013a88d735 | ITER: 34 END: OK
2019-07-08 09:18:39.051 22830 INFO rally.task.runner [-] Task 8e99c22b-70c5-49a3-b51b-87013a88d735 | ITER: 60 START
2019-07-08 09:18:39.096 22841 INFO rally.task.runner [-] Task 8e99c22b-70c5-49a3-b51b-87013a88d735 | ITER: 41 END: OK
2019-07-08 09:18:39.099 22841 INFO rally.task.runner [-] Task 8e99c22b-70c5-49a3-b51b-87013a88d735 | ITER: 61 START
2019-07-08 09:18:39.141 22860 INFO rally.task.runner [-] Task 8e99c22b-70c5-49a3-b51b-87013a88d735 | ITER: 38 END: OK
2019-07-08 09:18:39.144 22860 INFO rally.task.runner [-] Task 8e99c22b-70c5-49a3-b51b-87013a88d735 | ITER: 62 START
2019-07-08 09:18:39.388 22829 INFO rally.task.runner [-] Task 8e99c22b-70c5-49a3-b51b-87013a88d735 | ITER: 45 END: OK
2019-07-08 09:18:39.391 22829 INFO rally.task.runner [-] Task 8e99c22b-70c5-49a3-b51b-87013a88d735 | ITER: 63 START
2019-07-08 09:18:39.391 22831 INFO rally.task.runner [-] Task 8e99c22b-70c5-49a3-b51b-87013a88d735 | ITER: 47 END: OK
2019-07-08 09:18:39.394 22831 INFO rally.task.runner [-] Task 8e99c22b-70c5-49a3-b51b-87013a88d735 | ITER: 64 START
2019-07-08 09:18:39.575 22866 INFO rally.task.runner [-] Task 8e99c22b-70c5-49a3-b51b-87013a88d735 | ITER: 42 END: OK
2019-07-08 09:18:39.578 22866 INFO rally.task.runner [-] Task 8e99c22b-70c5-49a3-b51b-87013a88d735 | ITER: 65 START
2019-07-08 09:18:39.641 22832 INFO rally.task.runner [-] Task 8e99c22b-70c5-49a3-b51b-87013a88d735 | ITER: 48 END: OK
2019-07-08 09:18:39.645 22832 INFO rally.task.runner [-] Task 8e99c22b-70c5-49a3-b51b-87013a88d735 | ITER: 66 START
2019-07-08 09:18:39.886 22832 INFO rally.task.runner [-] Task 8e99c22b-70c5-49a3-b51b-87013a88d735 | ITER: 43 END: OK
2019-07-08 09:18:39.889 22832 INFO rally.task.runner [-] Task 8e99c22b-70c5-49a3-b51b-87013a88d735 | ITER: 67 START
2019-07-08 09:18:39.916 22830 INFO rally.task.runner [-] Task 8e99c22b-70c5-49a3-b51b-87013a88d735 | ITER: 50 END: OK
2019-07-08 09:18:39.919 22830 INFO rally.task.runner [-] Task 8e99c22b-70c5-49a3-b51b-87013a88d735 | ITER: 68 START
2019-07-08 09:18:40.307 22838 INFO rally.task.runner [-] Task 8e99c22b-70c5-49a3-b51b-87013a88d735 | ITER: 52 END: OK
2019-07-08 09:18:40.310 22838 INFO rally.task.runner [-] Task 8e99c22b-70c5-49a3-b51b-87013a88d735 | ITER: 69 START
2019-07-08 09:18:40.389 22849 INFO rally.task.runner [-] Task 8e99c22b-70c5-49a3-b51b-87013a88d735 | ITER: 55 END: OK
2019-07-08 09:18:40.392 22849 INFO rally.task.runner [-] Task 8e99c22b-70c5-49a3-b51b-87013a88d735 | ITER: 70 START
2019-07-08 09:18:40.462 22829 INFO rally.task.runner [-] Task 8e99c22b-70c5-49a3-b51b-87013a88d735 | ITER: 46 END: OK
2019-07-08 09:18:40.465 22829 INFO rally.task.runner [-] Task 8e99c22b-70c5-49a3-b51b-87013a88d735 | ITER: 71 START
2019-07-08 09:18:40.763 22831 INFO rally.task.runner [-] Task 8e99c22b-70c5-49a3-b51b-87013a88d735 | ITER: 49 END: OK
2019-07-08 09:18:40.766 22831 INFO rally.task.runner [-] Task 8e99c22b-70c5-49a3-b51b-87013a88d735 | ITER: 72 START
2019-07-08 09:18:40.871 22875 INFO rally.task.runner [-] Task 8e99c22b-70c5-49a3-b51b-87013a88d735 | ITER: 54 END: OK
2019-07-08 09:18:40.874 22875 INFO rally.task.runner [-] Task 8e99c22b-70c5-49a3-b51b-87013a88d735 | ITER: 73 START
2019-07-08 09:18:40.891 22855 INFO rally.task.runner [-] Task 8e99c22b-70c5-49a3-b51b-87013a88d735 | ITER: 51 END: OK
2019-07-08 09:18:40.894 22855 INFO rally.task.runner [-] Task 8e99c22b-70c5-49a3-b51b-87013a88d735 | ITER: 74 START
2019-07-08 09:18:40.900 22845 INFO rally.task.runner [-] Task 8e99c22b-70c5-49a3-b51b-87013a88d735 | ITER: 56 END: OK
2019-07-08 09:18:40.903 22845 INFO rally.task.runner [-] Task 8e99c22b-70c5-49a3-b51b-87013a88d735 | ITER: 75 START
2019-07-08 09:18:40.922 22862 INFO rally.task.runner [-] Task 8e99c22b-70c5-49a3-b51b-87013a88d735 | ITER: 53 END: OK
2019-07-08 09:18:40.925 22862 INFO rally.task.runner [-] Task 8e99c22b-70c5-49a3-b51b-87013a88d735 | ITER: 76 START
2019-07-08 09:18:41.045 22830 INFO rally.task.runner [-] Task 8e99c22b-70c5-49a3-b51b-87013a88d735 | ITER: 60 END: OK
2019-07-08 09:18:41.048 22830 INFO rally.task.runner [-] Task 8e99c22b-70c5-49a3-b51b-87013a88d735 | ITER: 77 START
2019-07-08 09:18:41.066 22858 INFO rally.task.runner [-] Task 8e99c22b-70c5-49a3-b51b-87013a88d735 | ITER: 59 END: OK
2019-07-08 09:18:41.070 22858 INFO rally.task.runner [-] Task 8e99c22b-70c5-49a3-b51b-87013a88d735 | ITER: 78 START
2019-07-08 09:18:41.282 22854 INFO rally.task.runner [-] Task 8e99c22b-70c5-49a3-b51b-87013a88d735 | ITER: 57 END: OK
2019-07-08 09:18:41.285 22854 INFO rally.task.runner [-] Task 8e99c22b-70c5-49a3-b51b-87013a88d735 | ITER: 79 START
2019-07-08 09:18:41.294 22829 INFO rally.task.runner [-] Task 8e99c22b-70c5-49a3-b51b-87013a88d735 | ITER: 63 END: OK
2019-07-08 09:18:41.297 22829 INFO rally.task.runner [-] Task 8e99c22b-70c5-49a3-b51b-87013a88d735 | ITER: 80 START
2019-07-08 09:18:41.493 22835 INFO rally.task.runner [-] Task 8e99c22b-70c5-49a3-b51b-87013a88d735 | ITER: 58 END: OK
2019-07-08 09:18:41.496 22835 INFO rally.task.runner [-] Task 8e99c22b-70c5-49a3-b51b-87013a88d735 | ITER: 81 START
2019-07-08 09:18:41.869 22831 INFO rally.task.runner [-] Task 8e99c22b-70c5-49a3-b51b-87013a88d735 | ITER: 64 END: OK
2019-07-08 09:18:41.872 22831 INFO rally.task.runner [-] Task 8e99c22b-70c5-49a3-b51b-87013a88d735 | ITER: 82 START
2019-07-08 09:18:41.978 22841 INFO rally.task.runner [-] Task 8e99c22b-70c5-49a3-b51b-87013a88d735 | ITER: 61 END: OK
2019-07-08 09:18:41.982 22841 INFO rally.task.runner [-] Task 8e99c22b-70c5-49a3-b51b-87013a88d735 | ITER: 83 START
2019-07-08 09:18:42.167 22860 INFO rally.task.runner [-] Task 8e99c22b-70c5-49a3-b51b-87013a88d735 | ITER: 62 END: OK
2019-07-08 09:18:42.170 22860 INFO rally.task.runner [-] Task 8e99c22b-70c5-49a3-b51b-87013a88d735 | ITER: 84 START
2019-07-08 09:18:42.216 22866 INFO rally.task.runner [-] Task 8e99c22b-70c5-49a3-b51b-87013a88d735 | ITER: 65 END: OK
2019-07-08 09:18:42.220 22832 INFO rally.task.runner [-] Task 8e99c22b-70c5-49a3-b51b-87013a88d735 | ITER: 66 END: OK
2019-07-08 09:18:42.220 22866 INFO rally.task.runner [-] Task 8e99c22b-70c5-49a3-b51b-87013a88d735 | ITER: 85 START
2019-07-08 09:18:42.221 22838 INFO rally.task.runner [-] Task 8e99c22b-70c5-49a3-b51b-87013a88d735 | ITER: 69 END: OK
2019-07-08 09:18:42.223 22832 INFO rally.task.runner [-] Task 8e99c22b-70c5-49a3-b51b-87013a88d735 | ITER: 86 START
2019-07-08 09:18:42.224 22838 INFO rally.task.runner [-] Task 8e99c22b-70c5-49a3-b51b-87013a88d735 | ITER: 87 START
2019-07-08 09:18:42.358 22849 INFO rally.task.runner [-] Task 8e99c22b-70c5-49a3-b51b-87013a88d735 | ITER: 70 END: OK
2019-07-08 09:18:42.361 22849 INFO rally.task.runner [-] Task 8e99c22b-70c5-49a3-b51b-87013a88d735 | ITER: 88 START
2019-07-08 09:18:42.381 22832 INFO rally.task.runner [-] Task 8e99c22b-70c5-49a3-b51b-87013a88d735 | ITER: 67 END: OK
2019-07-08 09:18:42.384 22832 INFO rally.task.runner [-] Task 8e99c22b-70c5-49a3-b51b-87013a88d735 | ITER: 89 START
2019-07-08 09:18:42.921 22829 INFO rally.task.runner [-] Task 8e99c22b-70c5-49a3-b51b-87013a88d735 | ITER: 71 END: OK
2019-07-08 09:18:42.924 22829 INFO rally.task.runner [-] Task 8e99c22b-70c5-49a3-b51b-87013a88d735 | ITER: 90 START
2019-07-08 09:18:43.061 22831 INFO rally.task.runner [-] Task 8e99c22b-70c5-49a3-b51b-87013a88d735 | ITER: 72 END: OK
2019-07-08 09:18:43.064 22875 INFO rally.task.runner [-] Task 8e99c22b-70c5-49a3-b51b-87013a88d735 | ITER: 73 END: OK
2019-07-08 09:18:43.064 22831 INFO rally.task.runner [-] Task 8e99c22b-70c5-49a3-b51b-87013a88d735 | ITER: 91 START
2019-07-08 09:18:43.067 22875 INFO rally.task.runner [-] Task 8e99c22b-70c5-49a3-b51b-87013a88d735 | ITER: 92 START
2019-07-08 09:18:43.187 22830 INFO rally.task.runner [-] Task 8e99c22b-70c5-49a3-b51b-87013a88d735 | ITER: 68 END: OK
2019-07-08 09:18:43.190 22830 INFO rally.task.runner [-] Task 8e99c22b-70c5-49a3-b51b-87013a88d735 | ITER: 93 START
2019-07-08 09:18:43.208 22854 INFO rally.task.runner [-] Task 8e99c22b-70c5-49a3-b51b-87013a88d735 | ITER: 79 END: OK
2019-07-08 09:18:43.211 22854 INFO rally.task.runner [-] Task 8e99c22b-70c5-49a3-b51b-87013a88d735 | ITER: 94 START
2019-07-08 09:18:43.708 22835 INFO rally.task.runner [-] Task 8e99c22b-70c5-49a3-b51b-87013a88d735 | ITER: 81 END: OK
2019-07-08 09:18:43.711 22835 INFO rally.task.runner [-] Task 8e99c22b-70c5-49a3-b51b-87013a88d735 | ITER: 95 START
2019-07-08 09:18:43.877 22855 INFO rally.task.runner [-] Task 8e99c22b-70c5-49a3-b51b-87013a88d735 | ITER: 74 END: OK
2019-07-08 09:18:43.880 22855 INFO rally.task.runner [-] Task 8e99c22b-70c5-49a3-b51b-87013a88d735 | ITER: 96 START
2019-07-08 09:18:43.885 22845 INFO rally.task.runner [-] Task 8e99c22b-70c5-49a3-b51b-87013a88d735 | ITER: 75 END: OK
2019-07-08 09:18:43.889 22845 INFO rally.task.runner [-] Task 8e99c22b-70c5-49a3-b51b-87013a88d735 | ITER: 97 START
2019-07-08 09:18:43.909 22831 INFO rally.task.runner [-] Task 8e99c22b-70c5-49a3-b51b-87013a88d735 | ITER: 82 END: OK
2019-07-08 09:18:43.912 22831 INFO rally.task.runner [-] Task 8e99c22b-70c5-49a3-b51b-87013a88d735 | ITER: 98 START
2019-07-08 09:18:44.004 22830 INFO rally.task.runner [-] Task 8e99c22b-70c5-49a3-b51b-87013a88d735 | ITER: 77 END: OK
2019-07-08 09:18:44.007 22830 INFO rally.task.runner [-] Task 8e99c22b-70c5-49a3-b51b-87013a88d735 | ITER: 99 START
2019-07-08 09:18:44.160 22858 INFO rally.task.runner [-] Task 8e99c22b-70c5-49a3-b51b-87013a88d735 | ITER: 78 END: OK
2019-07-08 09:18:44.163 22858 INFO rally.task.runner [-] Task 8e99c22b-70c5-49a3-b51b-87013a88d735 | ITER: 100 START
2019-07-08 09:18:44.225 22862 INFO rally.task.runner [-] Task 8e99c22b-70c5-49a3-b51b-87013a88d735 | ITER: 76 END: OK
2019-07-08 09:18:44.247 22832 INFO rally.task.runner [-] Task 8e99c22b-70c5-49a3-b51b-87013a88d735 | ITER: 86 END: OK
2019-07-08 09:18:44.285 22838 INFO rally.task.runner [-] Task 8e99c22b-70c5-49a3-b51b-87013a88d735 | ITER: 87 END: OK
2019-07-08 09:18:44.339 22841 INFO rally.task.runner [-] Task 8e99c22b-70c5-49a3-b51b-87013a88d735 | ITER: 83 END: OK
2019-07-08 09:18:44.384 22829 INFO rally.task.runner [-] Task 8e99c22b-70c5-49a3-b51b-87013a88d735 | ITER: 80 END: OK
2019-07-08 09:18:44.634 22860 INFO rally.task.runner [-] Task 8e99c22b-70c5-49a3-b51b-87013a88d735 | ITER: 84 END: OK
2019-07-08 09:18:44.721 22829 INFO rally.task.runner [-] Task 8e99c22b-70c5-49a3-b51b-87013a88d735 | ITER: 90 END: OK
2019-07-08 09:18:44.858 22866 INFO rally.task.runner [-] Task 8e99c22b-70c5-49a3-b51b-87013a88d735 | ITER: 85 END: OK
2019-07-08 09:18:44.910 22849 INFO rally.task.runner [-] Task 8e99c22b-70c5-49a3-b51b-87013a88d735 | ITER: 88 END: OK
2019-07-08 09:18:44.950 22832 INFO rally.task.runner [-] Task 8e99c22b-70c5-49a3-b51b-87013a88d735 | ITER: 89 END: OK
2019-07-08 09:18:45.191 22854 INFO rally.task.runner [-] Task 8e99c22b-70c5-49a3-b51b-87013a88d735 | ITER: 94 END: OK
2019-07-08 09:18:45.321 22830 INFO rally.task.runner [-] Task 8e99c22b-70c5-49a3-b51b-87013a88d735 | ITER: 93 END: OK
2019-07-08 09:18:45.476 22831 INFO rally.task.runner [-] Task 8e99c22b-70c5-49a3-b51b-87013a88d735 | ITER: 91 END: OK
2019-07-08 09:18:45.485 22875 INFO rally.task.runner [-] Task 8e99c22b-70c5-49a3-b51b-87013a88d735 | ITER: 92 END: OK
2019-07-08 09:18:45.531 22858 INFO rally.task.runner [-] Task 8e99c22b-70c5-49a3-b51b-87013a88d735 | ITER: 100 END: OK
2019-07-08 09:18:46.018 22835 INFO rally.task.runner [-] Task 8e99c22b-70c5-49a3-b51b-87013a88d735 | ITER: 95 END: OK
2019-07-08 09:18:46.403 22845 INFO rally.task.runner [-] Task 8e99c22b-70c5-49a3-b51b-87013a88d735 | ITER: 97 END: OK
2019-07-08 09:18:47.098 22831 INFO rally.task.runner [-] Task 8e99c22b-70c5-49a3-b51b-87013a88d735 | ITER: 98 END: OK
2019-07-08 09:18:47.259 22855 INFO rally.task.runner [-] Task 8e99c22b-70c5-49a3-b51b-87013a88d735 | ITER: 96 END: OK
2019-07-08 09:18:47.484 22830 INFO rally.task.runner [-] Task 8e99c22b-70c5-49a3-b51b-87013a88d735 | ITER: 99 END: OK
2019-07-08 09:18:47.507 22705 INFO rally.task.context [-] Task 8e99c22b-70c5-49a3-b51b-87013a88d735 | Context cleanup@openstack cleanup() started
2019-07-08 09:18:47.509 22705 RALLYDEBUG rally_openstack.cleanup.manager [-] Cleaning up neutron vip objects
2019-07-08 09:18:48.138 22705 RALLYDEBUG rally_openstack.cleanup.manager [-] Cleaning up neutron health_monitor objects
2019-07-08 09:18:48.786 22705 RALLYDEBUG rally_openstack.cleanup.manager [-] Cleaning up neutron pool objects
2019-07-08 09:18:49.427 22705 RALLYDEBUG rally_openstack.cleanup.manager [-] Cleaning up neutron loadbalancer objects
2019-07-08 09:18:50.037 22705 RALLYDEBUG rally_openstack.cleanup.manager [-] Cleaning up neutron floatingip objects
2019-07-08 09:18:50.784 22705 RALLYDEBUG rally_openstack.cleanup.manager [-] Cleaning up neutron port objects
2019-07-08 09:18:51.503 22705 RALLYDEBUG rally_openstack.cleanup.manager [-] Cleaning up neutron subnet objects
2019-07-08 09:18:52.143 22705 RALLYDEBUG rally_openstack.cleanup.manager [-] Cleaning up neutron network objects
2019-07-08 09:18:53.095 22705 RALLYDEBUG rally_openstack.cleanup.manager [-] Deleting neutron.network object s_rally_5f99f6e4_DwTYBpEL (02b099ce-906e-4218-9163-226b9d4c9362)
2019-07-08 09:18:53.101 22705 RALLYDEBUG rally_openstack.cleanup.manager [-] Deleting neutron.network object s_rally_5f99f6e4_crstl2QT (0d2cd2be-a434-4d8a-a8f9-39212bb983b3)
2019-07-08 09:18:53.114 22705 RALLYDEBUG rally_openstack.cleanup.manager [-] Deleting neutron.network object s_rally_5f99f6e4_xOIZi8kO (10fb062e-ca39-4ce0-be17-67b5ba80cb21)
2019-07-08 09:18:53.117 22705 RALLYDEBUG rally_openstack.cleanup.manager [-] Deleting neutron.network object s_rally_5f99f6e4_Tg4P0HbH (1b2304df-02b4-421c-98f4-3d8d84f9db2f)
2019-07-08 09:18:53.118 22705 RALLYDEBUG rally_openstack.cleanup.manager [-] Deleting neutron.network object s_rally_5f99f6e4_bkvIoS20 (0467c590-a744-4b35-bc8f-ff7a720ee2af)
2019-07-08 09:18:53.119 22705 RALLYDEBUG rally_openstack.cleanup.manager [-] Deleting neutron.network object s_rally_5f99f6e4_R4puUBcU (1c3637c3-9be4-482d-b374-a92b8dbcd3a2)
2019-07-08 09:18:53.124 22705 RALLYDEBUG rally_openstack.cleanup.manager [-] Deleting neutron.network object s_rally_5f99f6e4_Mu3CBrul (0d3a1753-4e12-451a-a819-cf2086be6551)
2019-07-08 09:18:53.125 22705 RALLYDEBUG rally_openstack.cleanup.manager [-] Deleting neutron.network object s_rally_5f99f6e4_qqt62Gws (1390f7b2-7f05-48f2-9976-b0f88617e234)
2019-07-08 09:18:53.126 22705 RALLYDEBUG rally_openstack.cleanup.manager [-] Deleting neutron.network object s_rally_5f99f6e4_CSCh2V4u (2732b523-7d81-4a5d-b8cf-fa56f93ce996)
2019-07-08 09:18:53.130 22705 RALLYDEBUG rally_openstack.cleanup.manager [-] Deleting neutron.network object s_rally_5f99f6e4_m5iROLx3 (18d05cdb-a3bc-4a70-8b70-9d085b91a120)
2019-07-08 09:18:53.133 22705 RALLYDEBUG rally_openstack.cleanup.manager [-] Deleting neutron.network object s_rally_5f99f6e4_Ur4OPQ5F (1113a5e9-2542-4978-a65b-d37e4e22b653)
2019-07-08 09:18:53.133 22705 RALLYDEBUG rally_openstack.cleanup.manager [-] Deleting neutron.network object s_rally_5f99f6e4_DcfCAjIj (0ae48143-332b-4460-8f20-4f27e497705e)
2019-07-08 09:18:53.144 22705 RALLYDEBUG rally_openstack.cleanup.manager [-] Deleting neutron.network object s_rally_5f99f6e4_dGwP3E3T (18a0d3cd-08b8-4d44-918a-046e4d66e44e)
2019-07-08 09:18:53.145 22705 RALLYDEBUG rally_openstack.cleanup.manager [-] Deleting neutron.network object s_rally_5f99f6e4_OWDLqZCX (1393aec8-fa09-436c-9794-e4834b98a334)
2019-07-08 09:18:53.154 22705 RALLYDEBUG rally_openstack.cleanup.manager [-] Deleting neutron.network object s_rally_5f99f6e4_MfI5D9AV (2855a821-0a9b-4cb5-81b5-47ad52f329b3)
2019-07-08 09:18:53.155 22705 RALLYDEBUG rally_openstack.cleanup.manager [-] Deleting neutron.network object s_rally_5f99f6e4_ycJNHOot (120168c3-2505-4939-82ed-fefb0128dcb9)
2019-07-08 09:18:53.155 22705 RALLYDEBUG rally_openstack.cleanup.manager [-] Deleting neutron.network object s_rally_5f99f6e4_dNOYfOgY (2a966f8e-e201-4807-96ab-a1cb1a9ac178)
2019-07-08 09:18:53.163 22705 RALLYDEBUG rally_openstack.cleanup.manager [-] Deleting neutron.network object s_rally_5f99f6e4_MS2bnZIG (2cb28fea-b059-45c5-92bd-32d2685722fe)
2019-07-08 09:18:53.181 22705 RALLYDEBUG rally_openstack.cleanup.manager [-] Deleting neutron.network object s_rally_5f99f6e4_lKQce0a8 (2d8a3d00-0a02-460a-82a3-add5e4d85e1f)
2019-07-08 09:18:53.184 22705 RALLYDEBUG rally_openstack.cleanup.manager [-] Deleting neutron.network object s_rally_5f99f6e4_ple8HuwM (2b221b85-31fa-49ea-a7c6-3f9062c0bbaf)
2019-07-08 09:18:56.773 22705 RALLYDEBUG rally_openstack.cleanup.manager [-] Deleting neutron.network object s_rally_5f99f6e4_4DMESa98 (3479428e-125b-4e23-bd43-84cba7256101)
2019-07-08 09:18:56.982 22705 RALLYDEBUG rally_openstack.cleanup.manager [-] Deleting neutron.network object s_rally_5f99f6e4_4kbJzgCr (349cffdb-85b4-48e1-9c62-27c5d50a8934)
2019-07-08 09:18:57.109 22705 RALLYDEBUG rally_openstack.cleanup.manager [-] Deleting neutron.network object s_rally_5f99f6e4_UN0dOCWB (36b42168-26e5-4521-a29d-2605f7a64156)
2019-07-08 09:18:57.357 22705 RALLYDEBUG rally_openstack.cleanup.manager [-] Deleting neutron.network object s_rally_5f99f6e4_8VCTdj64 (3820475f-6501-4491-86f4-833e3be3894b)
2019-07-08 09:18:57.406 22705 RALLYDEBUG rally_openstack.cleanup.manager [-] Deleting neutron.network object s_rally_5f99f6e4_T8yI4494 (3957b4c9-afd8-47ed-ae64-1360b088d396)
2019-07-08 09:18:57.416 22705 RALLYDEBUG rally_openstack.cleanup.manager [-] Deleting neutron.network object s_rally_5f99f6e4_WWjlbcXa (3bd5a2f5-83c5-4d1d-8919-cb3c262cfccf)
2019-07-08 09:18:57.453 22705 RALLYDEBUG rally_openstack.cleanup.manager [-] Deleting neutron.network object s_rally_5f99f6e4_KyBVa8TS (3fad957a-df20-4a29-8a76-b071077703dc)
2019-07-08 09:18:57.548 22705 RALLYDEBUG rally_openstack.cleanup.manager [-] Deleting neutron.network object s_rally_5f99f6e4_tZY4A2lF (3fcd7e10-2291-407a-b178-18dec86eff50)
2019-07-08 09:18:57.600 22705 RALLYDEBUG rally_openstack.cleanup.manager [-] Deleting neutron.network object s_rally_5f99f6e4_wmq2tVqR (400bc86f-2a46-48c2-b19b-1deedaf498b5)
2019-07-08 09:18:57.690 22705 RALLYDEBUG rally_openstack.cleanup.manager [-] Deleting neutron.network object s_rally_5f99f6e4_OzRgnmKO (493af1d1-af83-493d-89b3-dcefb78de0f8)
2019-07-08 09:18:57.708 22705 RALLYDEBUG rally_openstack.cleanup.manager [-] Deleting neutron.network object s_rally_5f99f6e4_tSTqeqk3 (4aaa2e7a-2d89-42e7-bf7e-96078223fbc7)
2019-07-08 09:18:58.383 22705 RALLYDEBUG rally_openstack.cleanup.manager [-] Deleting neutron.network object s_rally_5f99f6e4_0RGhoxNc (4ab3a1f4-86ad-4243-ae70-6779b0ddde60)
2019-07-08 09:18:58.397 22705 RALLYDEBUG rally_openstack.cleanup.manager [-] Deleting neutron.network object s_rally_5f99f6e4_u2b3eSVW (4accdcd6-734c-4be6-9add-1b7f8b9a0236)
2019-07-08 09:18:58.430 22705 RALLYDEBUG rally_openstack.cleanup.manager [-] Deleting neutron.network object s_rally_5f99f6e4_XPH3AcUq (4e04f5a7-7ded-4b61-bffb-17bc1456bf19)
2019-07-08 09:18:58.857 22705 RALLYDEBUG rally_openstack.cleanup.manager [-] Deleting neutron.network object s_rally_5f99f6e4_nAGG2wBY (4e199559-c9e9-4823-8539-911cc6d33e8b)
2019-07-08 09:18:59.020 22705 RALLYDEBUG rally_openstack.cleanup.manager [-] Deleting neutron.network object s_rally_5f99f6e4_FPBQqLgB (5005b54b-2bfe-426f-96a8-2b16765b165b)
2019-07-08 09:18:59.084 22705 RALLYDEBUG rally_openstack.cleanup.manager [-] Deleting neutron.network object s_rally_5f99f6e4_GdgFPHSO (50baed3c-1ae0-4737-a251-7b0b1277c6fc)
2019-07-08 09:18:59.164 22705 RALLYDEBUG rally_openstack.cleanup.manager [-] Deleting neutron.network object s_rally_5f99f6e4_Q4Zk1iLt (514d2d46-0923-4569-9cee-dead45f3db7a)
2019-07-08 09:18:59.200 22705 RALLYDEBUG rally_openstack.cleanup.manager [-] Deleting neutron.network object s_rally_5f99f6e4_XWUZ1Iko (565d06da-b07d-465c-bfef-b66041c91a47)
2019-07-08 09:18:59.305 22705 RALLYDEBUG rally_openstack.cleanup.manager [-] Deleting neutron.network object s_rally_5f99f6e4_2pp8hKt8 (56f1a8d0-6f49-420f-bcf6-228c4c65d81c)
2019-07-08 09:18:59.327 22705 RALLYDEBUG rally_openstack.cleanup.manager [-] Deleting neutron.network object s_rally_5f99f6e4_I5bCrr91 (67de480e-2349-4477-84fe-ade7326db2bd)
2019-07-08 09:19:00.393 22705 RALLYDEBUG rally_openstack.cleanup.manager [-] Deleting neutron.network object s_rally_5f99f6e4_NLk1eZxS (68183a23-f0ae-4a06-ac1e-9b8c431c4750)
2019-07-08 09:19:00.636 22705 RALLYDEBUG rally_openstack.cleanup.manager [-] Deleting neutron.network object s_rally_5f99f6e4_JyVgU33y (6bb228e3-9fc5-4b5a-afba-1374adc2bdfe)
2019-07-08 09:19:00.738 22705 RALLYDEBUG rally_openstack.cleanup.manager [-] Deleting neutron.network object s_rally_5f99f6e4_fRMa59LA (6ecd752e-2813-44bd-8711-fbe236e7e1dd)
2019-07-08 09:19:00.802 22705 RALLYDEBUG rally_openstack.cleanup.manager [-] Deleting neutron.network object s_rally_5f99f6e4_2Ax2HDV8 (71cd5481-0fc4-47e9-88ed-4ab336645a81)
2019-07-08 09:19:00.875 22705 RALLYDEBUG rally_openstack.cleanup.manager [-] Deleting neutron.network object s_rally_5f99f6e4_GLNvpLB9 (735c5e27-cc0e-4c89-98ab-b287d60a5a14)
2019-07-08 09:19:00.899 22705 RALLYDEBUG rally_openstack.cleanup.manager [-] Deleting neutron.network object s_rally_5f99f6e4_GoaegAXX (76fb426e-94d3-4585-bf8a-ccb5b5cf829a)
2019-07-08 09:19:01.724 22705 RALLYDEBUG rally_openstack.cleanup.manager [-] Deleting neutron.network object s_rally_5f99f6e4_1iIEUmd5 (7cfdbd68-3a47-4751-9181-1766eee33dc9)
2019-07-08 09:19:01.724 22705 RALLYDEBUG rally_openstack.cleanup.manager [-] Deleting neutron.network object s_rally_5f99f6e4_AgQd1aLj (79ee6f46-ef09-45f5-9e4c-c909d913b541)
2019-07-08 09:19:01.810 22705 RALLYDEBUG rally_openstack.cleanup.manager [-] Deleting neutron.network object s_rally_5f99f6e4_Tcwp9nL6 (819544f4-336f-4364-8572-3d06ab13da0a)
2019-07-08 09:19:01.897 22705 RALLYDEBUG rally_openstack.cleanup.manager [-] Deleting neutron.network object s_rally_5f99f6e4_tVLFn9CD (84329a2d-9eaf-480d-bdcb-e83ae5866aec)
2019-07-08 09:19:01.927 22705 RALLYDEBUG rally_openstack.cleanup.manager [-] Deleting neutron.network object s_rally_5f99f6e4_SHsZRxRy (858f7d8c-dbb6-482b-89b0-cac658d8163e)
2019-07-08 09:19:02.159 22705 RALLYDEBUG rally_openstack.cleanup.manager [-] Deleting neutron.network object s_rally_5f99f6e4_X0XHS3yC (85aee4d3-8017-4063-86a1-7273ff866096)
2019-07-08 09:19:02.186 22705 RALLYDEBUG rally_openstack.cleanup.manager [-] Deleting neutron.network object s_rally_5f99f6e4_0m9rLvo3 (88811727-317d-4eb3-9e2c-2aa8ab09acf3)
2019-07-08 09:19:02.187 22705 RALLYDEBUG rally_openstack.cleanup.manager [-] Deleting neutron.network object s_rally_5f99f6e4_QmIiKvZk (86bf92b1-e4da-4461-83ed-3dc816f203d2)
2019-07-08 09:19:02.234 22705 RALLYDEBUG rally_openstack.cleanup.manager [-] Deleting neutron.network object s_rally_5f99f6e4_ctOqbYeG (89fedd6a-921c-4108-9810-d408c088d02b)
2019-07-08 09:19:02.512 22705 RALLYDEBUG rally_openstack.cleanup.manager [-] Deleting neutron.network object s_rally_5f99f6e4_yDMj85pZ (8e936be3-7c71-48b1-a1fc-0bd081017e17)
2019-07-08 09:19:02.691 22705 RALLYDEBUG rally_openstack.cleanup.manager [-] Deleting neutron.network object s_rally_5f99f6e4_SMPlNo0w (9497adfb-812d-412f-8aa6-7b58d1f5f259)
2019-07-08 09:19:03.410 22705 RALLYDEBUG rally_openstack.cleanup.manager [-] Deleting neutron.network object s_rally_5f99f6e4_ESORcGTI (96dde1d5-2914-4439-a703-63b5a2a12483)
2019-07-08 09:19:03.625 22705 RALLYDEBUG rally_openstack.cleanup.manager [-] Deleting neutron.network object s_rally_5f99f6e4_oR6SSOIC (976e8f2f-9daf-4278-a9a9-c3b1ccf3e809)
2019-07-08 09:19:03.776 22705 RALLYDEBUG rally_openstack.cleanup.manager [-] Deleting neutron.network object s_rally_5f99f6e4_d9eL4AEx (996226a7-62f6-4c59-85de-41a0e54f5bf6)
2019-07-08 09:19:03.845 22705 RALLYDEBUG rally_openstack.cleanup.manager [-] Deleting neutron.network object s_rally_5f99f6e4_6piTdLbE (9afebd2c-5383-41b1-aa04-03625e5e7d1b)
2019-07-08 09:19:03.986 22705 RALLYDEBUG rally_openstack.cleanup.manager [-] Deleting neutron.network object s_rally_5f99f6e4_S8BQXyWI (9d6f3c06-b85d-4e14-b754-52685ceaf44f)
2019-07-08 09:19:04.530 22705 RALLYDEBUG rally_openstack.cleanup.manager [-] Deleting neutron.network object s_rally_5f99f6e4_OJqHpD01 (9e27c7a5-9e5a-4064-ab26-2466dff3bbd5)
2019-07-08 09:19:04.615 22705 RALLYDEBUG rally_openstack.cleanup.manager [-] Deleting neutron.network object s_rally_5f99f6e4_FsuiAyia (9e41dd86-5f9a-4f30-8966-0a0467d3f3a3)
2019-07-08 09:19:04.651 22705 RALLYDEBUG rally_openstack.cleanup.manager [-] Deleting neutron.network object s_rally_5f99f6e4_CrPcwtOj (9ed45689-bc2a-4155-a6bb-3cd731c81158)
2019-07-08 09:19:04.956 22705 RALLYDEBUG rally_openstack.cleanup.manager [-] Deleting neutron.network object s_rally_5f99f6e4_3ZW34Tzj (a2135849-3461-43c9-98dc-4af574601702)
2019-07-08 09:19:05.198 22705 RALLYDEBUG rally_openstack.cleanup.manager [-] Deleting neutron.network object s_rally_5f99f6e4_QyHOqKgT (a66c52a7-558a-429c-8441-c0f67a20d3d7)
2019-07-08 09:19:05.649 22705 RALLYDEBUG rally_openstack.cleanup.manager [-] Deleting neutron.network object s_rally_5f99f6e4_aKhmdTUH (a952c9b4-75e2-4a21-b5a5-31b8cb1bd3dc)
2019-07-08 09:19:06.318 22705 RALLYDEBUG rally_openstack.cleanup.manager [-] Deleting neutron.network object s_rally_5f99f6e4_saQAyTMQ (b203d20c-6128-4f78-9413-fcf4ed38cd5f)
2019-07-08 09:19:06.482 22705 RALLYDEBUG rally_openstack.cleanup.manager [-] Deleting neutron.network object s_rally_5f99f6e4_gEltFDbw (b3cb9a9b-1129-4312-81f1-ebcfe5d94092)
2019-07-08 09:19:06.561 22705 RALLYDEBUG rally_openstack.cleanup.manager [-] Deleting neutron.network object s_rally_5f99f6e4_asFboiUe (b9d2b799-67a7-40f3-a512-91bcf70f3dd4)
2019-07-08 09:19:06.683 22705 RALLYDEBUG rally_openstack.cleanup.manager [-] Deleting neutron.network object s_rally_5f99f6e4_qy61bpUf (bc7e6ce4-3d62-484c-9a44-613247e84020)
2019-07-08 09:19:06.685 22705 RALLYDEBUG rally_openstack.cleanup.manager [-] Deleting neutron.network object s_rally_5f99f6e4_90l2Hklf (b9deecd2-5457-43d3-aaf9-3bae90e030a5)
2019-07-08 09:19:06.850 22705 RALLYDEBUG rally_openstack.cleanup.manager [-] Deleting neutron.network object s_rally_5f99f6e4_wQZB9JT1 (bfa77d4a-045b-425a-9648-bcb12d9c7a8c)
2019-07-08 09:19:06.874 22705 RALLYDEBUG rally_openstack.cleanup.manager [-] Deleting neutron.network object s_rally_5f99f6e4_YLAIFsnD (c49b0fb3-47ef-46c0-98ce-cbca0db8f8e8)
2019-07-08 09:19:06.956 22705 RALLYDEBUG rally_openstack.cleanup.manager [-] Deleting neutron.network object s_rally_5f99f6e4_gUhn7uMi (c8a28750-032a-4e8a-9886-3dd94344f633)
2019-07-08 09:19:07.348 22705 RALLYDEBUG rally_openstack.cleanup.manager [-] Deleting neutron.network object s_rally_5f99f6e4_HFBl8Enx (ca5001f2-817c-4bcd-b5d5-1807b3040e15)
2019-07-08 09:19:07.351 22705 RALLYDEBUG rally_openstack.cleanup.manager [-] Deleting neutron.network object s_rally_5f99f6e4_pEJPNoSY (cb70888c-7bb6-4d3d-a61d-65849bbbe9ad)
2019-07-08 09:19:07.369 22705 RALLYDEBUG rally_openstack.cleanup.manager [-] Deleting neutron.network object s_rally_5f99f6e4_RKA7KQhN (cc29cb53-6959-4da5-9990-4f87f4fcc4b9)
2019-07-08 09:19:07.721 22705 RALLYDEBUG rally_openstack.cleanup.manager [-] Deleting neutron.network object s_rally_5f99f6e4_u5McRnSE (cde63eb0-9f01-4d69-b2c9-3419d458f3c0)
2019-07-08 09:19:07.835 22705 RALLYDEBUG rally_openstack.cleanup.manager [-] Deleting neutron.network object s_rally_5f99f6e4_2vTEAQUP (ce8a8403-3d1b-473a-85ef-5146513a3b0e)
2019-07-08 09:19:07.904 22705 RALLYDEBUG rally_openstack.cleanup.manager [-] Deleting neutron.network object s_rally_5f99f6e4_fNseu2NR (d312e937-3a5e-45de-a605-b9acd03fc4d3)
2019-07-08 09:19:07.974 22705 RALLYDEBUG rally_openstack.cleanup.manager [-] Deleting neutron.network object s_rally_5f99f6e4_vCqSV13g (d515404c-4990-423b-bbfa-556aeed1b805)
2019-07-08 09:19:08.091 22705 RALLYDEBUG rally_openstack.cleanup.manager [-] Deleting neutron.network object s_rally_5f99f6e4_ZgLP6rKh (d91f1ee8-acd0-4bbd-8e74-ebfe436df5c8)
2019-07-08 09:19:08.116 22705 RALLYDEBUG rally_openstack.cleanup.manager [-] Deleting neutron.network object s_rally_5f99f6e4_sboqx4LM (da5fd00e-086a-4da3-817c-4dd8d859c890)
2019-07-08 09:19:08.310 22705 RALLYDEBUG rally_openstack.cleanup.manager [-] Deleting neutron.network object s_rally_5f99f6e4_sC2abn93 (dd471fa4-66ec-46e1-aa33-6dffde92114c)
2019-07-08 09:19:08.467 22705 RALLYDEBUG rally_openstack.cleanup.manager [-] Deleting neutron.network object s_rally_5f99f6e4_ewHNTZHL (ded763dd-ba6c-415d-a5e9-a3dd5392e43b)
2019-07-08 09:19:08.640 22705 RALLYDEBUG rally_openstack.cleanup.manager [-] Deleting neutron.network object s_rally_5f99f6e4_eM1i6xYi (e067115b-08af-40ec-b4d5-e63130a01288)
2019-07-08 09:19:09.106 22705 RALLYDEBUG rally_openstack.cleanup.manager [-] Deleting neutron.network object s_rally_5f99f6e4_AESnzcqy (e2dcafdc-e24e-47dd-aee5-36115380e35e)
2019-07-08 09:19:09.458 22705 RALLYDEBUG rally_openstack.cleanup.manager [-] Deleting neutron.network object s_rally_5f99f6e4_8q2Onijc (e3ce3cae-b3a0-4f1e-a606-e9faa1d47e1e)
2019-07-08 09:19:09.596 22705 RALLYDEBUG rally_openstack.cleanup.manager [-] Deleting neutron.network object s_rally_5f99f6e4_e0dYrcBT (e44a16cf-0f6b-45c2-9703-c04be1493436)
2019-07-08 09:19:09.843 22705 RALLYDEBUG rally_openstack.cleanup.manager [-] Deleting neutron.network object s_rally_5f99f6e4_pWlH3jJm (e44d91e7-04d7-469d-b859-296249a6423c)
2019-07-08 09:19:09.856 22705 RALLYDEBUG rally_openstack.cleanup.manager [-] Deleting neutron.network object s_rally_5f99f6e4_szTiiV1I (e4e3d539-3848-4505-b1ce-9a72f02e3e29)
2019-07-08 09:19:09.963 22705 RALLYDEBUG rally_openstack.cleanup.manager [-] Deleting neutron.network object s_rally_5f99f6e4_GLRNju0T (e7233b81-c087-4950-b809-01b2d6f66a0c)
2019-07-08 09:19:10.628 22705 RALLYDEBUG rally_openstack.cleanup.manager [-] Deleting neutron.network object s_rally_5f99f6e4_1yt8ILxs (e806be27-bf63-41f6-9079-5076866bbcda)
