2019-07-08 07:42:35.936 1842 RALLYDEBUG rally_openstack.cleanup.manager [-] Deleting cinder.volume_snapshots object s_rally_fdb30721_Qdui1kNJ (887253db-13db-49fb-acb1-325e2f0f03be)
2019-07-08 07:42:35.940 1842 RALLYDEBUG rally_openstack.cleanup.manager [-] Deleting cinder.volume_snapshots object s_rally_fdb30721_bcCZqZIk (0b7db69e-8c55-43d3-bed3-8f8de79955ca)
2019-07-08 07:42:35.945 1842 RALLYDEBUG rally_openstack.cleanup.manager [-] Deleting cinder.volume_snapshots object s_rally_fdb30721_BdlT4wli (0186d323-8b0d-4d50-bd81-2b89fd610942)
2019-07-08 07:42:35.946 1842 RALLYDEBUG rally_openstack.cleanup.manager [-] Deleting cinder.volume_snapshots object s_rally_fdb30721_ZKJtHFTO (ed4fdda7-4b5f-449e-8ccc-7b6dc62f7253)
2019-07-08 07:42:35.958 1842 RALLYDEBUG rally_openstack.cleanup.manager [-] Deleting cinder.volume_snapshots object s_rally_fdb30721_ztlQHjhe (8ff347c5-ad52-4ea6-9566-5fb62ecf61c5)
2019-07-08 07:42:35.979 1842 RALLYDEBUG rally_openstack.cleanup.manager [-] Deleting cinder.volume_snapshots object s_rally_fdb30721_gcJZncvs (33ecb27f-a4e0-41eb-a681-134d8fac76ab)
2019-07-08 07:42:35.983 1842 RALLYDEBUG rally_openstack.cleanup.manager [-] Deleting cinder.volume_snapshots object s_rally_fdb30721_luHpdeB0 (f828e8b0-cfad-4aef-8916-ae066bff16ac)
2019-07-08 07:42:40.832 1842 RALLYDEBUG rally_openstack.cleanup.manager [-] Cleaning up cinder transfers objects
2019-07-08 07:42:42.903 1842 RALLYDEBUG rally_openstack.cleanup.manager [-] Cleaning up cinder volumes objects
2019-07-08 07:42:45.076 1842 INFO rally.task.context [-] Task 94e80562-f4d3-45a3-b481-004c511aaa67 | Context cleanup@openstack cleanup() finished in 13.15 sec
2019-07-08 07:42:45.076 1842 INFO rally.task.context [-] Task 94e80562-f4d3-45a3-b481-004c511aaa67 | Context volumes@openstack cleanup() started
2019-07-08 07:42:45.077 1842 RALLYDEBUG rally_openstack.cleanup.manager [-] Cleaning up cinder volumes objects
2019-07-08 07:42:47.195 1842 RALLYDEBUG rally_openstack.cleanup.manager [-] Deleting cinder.volumes object c_rally_fdb30721_I3uBYYo7 (000ba002-8b30-472f-8e12-4670a4db0bba)
2019-07-08 07:42:47.196 1842 RALLYDEBUG rally_openstack.cleanup.manager [-] Deleting cinder.volumes object c_rally_fdb30721_fMv6d610 (633b46ed-9984-46c0-a316-9b15cf94318e)
2019-07-08 07:42:47.200 1842 RALLYDEBUG rally_openstack.cleanup.manager [-] Deleting cinder.volumes object c_rally_fdb30721_tTtJTP9B (f8932bf9-852a-439e-a972-2b0f523ddd68)
2019-07-08 07:42:50.541 1842 INFO rally.task.context [-] Task 94e80562-f4d3-45a3-b481-004c511aaa67 | Context volumes@openstack cleanup() finished in 5.46 sec
2019-07-08 07:42:50.542 1842 INFO rally.task.context [-] Task 94e80562-f4d3-45a3-b481-004c511aaa67 | Context quotas@openstack cleanup() started
2019-07-08 07:42:51.044 1842 INFO rally.task.context [-] Task 94e80562-f4d3-45a3-b481-004c511aaa67 | Context quotas@openstack cleanup() finished in 0.50 sec
2019-07-08 07:42:51.044 1842 INFO rally.task.context [-] Task 94e80562-f4d3-45a3-b481-004c511aaa67 | Context api_versions@openstack cleanup() started
2019-07-08 07:42:51.045 1842 INFO rally.task.context [-] Task 94e80562-f4d3-45a3-b481-004c511aaa67 | Context api_versions@openstack cleanup() finished in 0.29 msec
2019-07-08 07:42:51.045 1842 INFO rally.task.context [-] Task 94e80562-f4d3-45a3-b481-004c511aaa67 | Context users@openstack cleanup() started
2019-07-08 07:42:57.724 1842 INFO rally.task.context [-] Task 94e80562-f4d3-45a3-b481-004c511aaa67 | Context users@openstack cleanup() finished in 6.68 sec
2019-07-08 07:42:58.466 1842 INFO rally.task.engine [-] Load duration is: 10.510766
2019-07-08 07:42:58.466 1842 INFO rally.task.engine [-] Full runner duration is: 10.568297
2019-07-08 07:42:58.466 1842 INFO rally.task.engine [-] Full duration is: 53.473403
2019-07-08 07:42:58.698 1842 INFO rally.task.engine [-] Running workload: position = 0 config = { "version": 2, "title": "A cropped version of a bigger task.", "description": "Auto-generated task from a single workload (uuid=36a9c3e6-2255-43c1-a55c-4ee4a85e7c03)", "subtasks": [ { "title": "CinderVolumes.create_and_list_volume", "description": "Create a volume and list all volumes.", "scenario": { "CinderVolumes.create_and_list_volume": { "detailed": true, "image": { "name": "rally_full-img_509352db-b4e0-460c-86d1-a7f5ab8e7acd" }, "size": 1 } }, "contexts": { "users": { "tenants": 3, "users_per_tenant": 2 }, "quotas": { "cinder": { "gigabytes": -1, "snapshots": -1, "volumes": -1 } }, "api_versions": { "cinder": { "version": 3, "service_type": "volumev3" } } }, "runner": { "constant": { "concurrency": 4, "times": 10 } }, "hooks": [], "sla": { "failure_rate": { "max": 0 } } } ] }
2019-07-08 07:42:58.720 1842 RALLYDEBUG rally_openstack.contexts.keystone.users [-] Creating 3 tenants using 20 threads
2019-07-08 07:43:00.472 1842 RALLYDEBUG rally_openstack.contexts.keystone.users [-] Creating 6 users using 20 threads
2019-07-08 07:43:03.063 1842 INFO rally.task.context [-] Task 94e80562-f4d3-45a3-b481-004c511aaa67 | Context users@openstack setup() finished in 4.34 sec
2019-07-08 07:43:03.504 1842 INFO rally.task.context [-] Task 94e80562-f4d3-45a3-b481-004c511aaa67 | Context api_versions@openstack setup() finished in 0.44 sec
2019-07-08 07:43:05.233 1842 INFO rally.task.context [-] Task 94e80562-f4d3-45a3-b481-004c511aaa67 | Context quotas@openstack setup() finished in 1.73 sec
2019-07-08 07:43:05.234 1842 INFO rally.task.context [-] Task 94e80562-f4d3-45a3-b481-004c511aaa67 | Context cleanup@openstack setup() finished in 0.01 msec
2019-07-08 07:43:05.986 1842 RALLYDEBUG rally.task.runner [-] Starting the constant runner (task UUID: 94e80562-f4d3-45a3-b481-004c511aaa67). timeout: 0 concurrency: 4 concurrency_per_worker: 1 times: 10 concurrency_overhead: 0 processes_to_start: 4 max_cpu_used: 16
2019-07-08 07:43:05.998 2414 RALLYDEBUG rally.task.runner [-] Starting a worker. concurrency: 1 args: {"detailed": true, "image": "7e23dd00-0467-4700-9b13-b4a092d130da", "size": 1} times: 10 method_name: run timeout: 0 duration: None cls:
2019-07-08 07:43:06.002 2415 RALLYDEBUG rally.task.runner [-] Starting a worker. concurrency: 1 args: {"detailed": true, "image": "7e23dd00-0467-4700-9b13-b4a092d130da", "size": 1} times: 10 method_name: run timeout: 0 duration: None cls:
2019-07-08 07:43:06.005 2416 RALLYDEBUG rally.task.runner [-] Starting a worker. concurrency: 1 args: {"detailed": true, "image": "7e23dd00-0467-4700-9b13-b4a092d130da", "size": 1} times: 10 method_name: run timeout: 0 duration: None cls:
2019-07-08 07:43:06.007 2417 RALLYDEBUG rally.task.runner [-] Starting a worker. concurrency: 1 args: {"detailed": true, "image": "7e23dd00-0467-4700-9b13-b4a092d130da", "size": 1} times: 10 method_name: run timeout: 0 duration: None cls:
2019-07-08 07:43:06.008 2414 INFO rally.task.runner [-] Task 94e80562-f4d3-45a3-b481-004c511aaa67 | ITER: 1 START
2019-07-08 07:43:06.010 2415 INFO rally.task.runner [-] Task 94e80562-f4d3-45a3-b481-004c511aaa67 | ITER: 2 START
2019-07-08 07:43:06.013 2416 INFO rally.task.runner [-] Task 94e80562-f4d3-45a3-b481-004c511aaa67 | ITER: 3 START
2019-07-08 07:43:06.014 2417 INFO rally.task.runner [-] Task 94e80562-f4d3-45a3-b481-004c511aaa67 | ITER: 4 START
2019-07-08 07:43:12.166 2416 RALLYDEBUG rally.task.utils [-] Waiting for resource s_rally_36a9c3e6_TnT3CvUe. Status changed: DOWNLOADING => AVAILABLE in 2.72959303856
2019-07-08 07:43:12.236 2415 RALLYDEBUG rally.task.utils [-] Waiting for resource s_rally_36a9c3e6_SpN9KZfj. Status changed: DOWNLOADING => AVAILABLE in 2.77220010757
2019-07-08 07:43:12.552 2416 INFO rally.task.runner [-] Task 94e80562-f4d3-45a3-b481-004c511aaa67 | ITER: 3 END: OK
2019-07-08 07:43:12.557 2416 INFO rally.task.runner [-] Task 94e80562-f4d3-45a3-b481-004c511aaa67 | ITER: 5 START
2019-07-08 07:43:12.594 2414 RALLYDEBUG rally.task.utils [-] Waiting for resource s_rally_36a9c3e6_1FNHvfQU. Status changed: DOWNLOADING => AVAILABLE in 3.00754094124
2019-07-08 07:43:12.652 2415 INFO rally.task.runner [-] Task 94e80562-f4d3-45a3-b481-004c511aaa67 | ITER: 2 END: OK
2019-07-08 07:43:12.657 2415 INFO rally.task.runner [-] Task 94e80562-f4d3-45a3-b481-004c511aaa67 | ITER: 6 START
2019-07-08 07:43:12.658 2414 INFO rally.task.runner [-] Task 94e80562-f4d3-45a3-b481-004c511aaa67 | ITER: 1 END: OK
2019-07-08 07:43:12.663 2414 INFO rally.task.runner [-] Task 94e80562-f4d3-45a3-b481-004c511aaa67 | ITER: 7 START
2019-07-08 07:43:12.806 2417 RALLYDEBUG rally.task.utils [-] Waiting for resource s_rally_36a9c3e6_grZcf4Zl. Status changed: DOWNLOADING => AVAILABLE in 3.17862391472
2019-07-08 07:43:13.056 2417 INFO rally.task.runner [-] Task 94e80562-f4d3-45a3-b481-004c511aaa67 | ITER: 4 END: OK
2019-07-08 07:43:13.061 2417 INFO rally.task.runner [-] Task 94e80562-f4d3-45a3-b481-004c511aaa67 | ITER: 8 START
2019-07-08 07:43:16.617 2415 RALLYDEBUG rally.task.utils [-] Waiting for resource s_rally_36a9c3e6_bRGPHWeX. Status changed: CREATING => DOWNLOADING in 0.697500944138
2019-07-08 07:43:16.861 2414 RALLYDEBUG rally.task.utils [-] Waiting for resource s_rally_36a9c3e6_wj6pYpGB. Status changed: CREATING => DOWNLOADING in 0.703886032104
2019-07-08 07:43:18.748 2416 RALLYDEBUG rally.task.utils [-] Waiting for resource s_rally_36a9c3e6_WZE5ZFUK. Status changed: DOWNLOADING => AVAILABLE in 2.880423069
2019-07-08 07:43:18.941 2415 RALLYDEBUG rally.task.utils [-] Waiting for resource s_rally_36a9c3e6_bRGPHWeX. Status changed: DOWNLOADING => AVAILABLE in 2.3232998848
2019-07-08 07:43:18.995 2416 INFO rally.task.runner [-] Task 94e80562-f4d3-45a3-b481-004c511aaa67 | ITER: 5 END: OK
2019-07-08 07:43:18.998 2416 INFO rally.task.runner [-] Task 94e80562-f4d3-45a3-b481-004c511aaa67 | ITER: 9 START
2019-07-08 07:43:19.207 2415 INFO rally.task.runner [-] Task 94e80562-f4d3-45a3-b481-004c511aaa67 | ITER: 6 END: OK
2019-07-08 07:43:19.210 2415 INFO rally.task.runner [-] Task 94e80562-f4d3-45a3-b481-004c511aaa67 | ITER: 10 START
2019-07-08 07:43:19.377 2417 RALLYDEBUG rally.task.utils [-] Waiting for resource s_rally_36a9c3e6_iHjOnZYv. Status changed: DOWNLOADING => AVAILABLE in 3.05720305443
2019-07-08 07:43:19.629 2417 INFO rally.task.runner [-] Task 94e80562-f4d3-45a3-b481-004c511aaa67 | ITER: 8 END: OK
2019-07-08 07:43:21.168 2414 RALLYDEBUG rally.task.utils [-] Waiting for resource s_rally_36a9c3e6_wj6pYpGB. Status changed: DOWNLOADING => AVAILABLE in 4.30746793747
2019-07-08 07:43:21.417 2414 INFO rally.task.runner [-] Task 94e80562-f4d3-45a3-b481-004c511aaa67 | ITER: 7 END: OK
2019-07-08 07:43:25.021 2415 RALLYDEBUG rally.task.utils [-] Waiting for resource s_rally_36a9c3e6_BnyZX1zG. Status changed: DOWNLOADING => AVAILABLE in 2.54711389542
2019-07-08 07:43:25.198 2416 RALLYDEBUG rally.task.utils [-] Waiting for resource s_rally_36a9c3e6_27sEq6Xz. Status changed: DOWNLOADING => AVAILABLE in 2.89241909981
2019-07-08 07:43:25.284 2416 INFO rally.task.runner [-] Task 94e80562-f4d3-45a3-b481-004c511aaa67 | ITER: 9 END: OK
2019-07-08 07:43:25.392 2415 INFO rally.task.runner [-] Task 94e80562-f4d3-45a3-b481-004c511aaa67 | ITER: 10 END: OK
2019-07-08 07:43:25.415 1842 INFO rally.task.context [-] Task 94e80562-f4d3-45a3-b481-004c511aaa67 | Context cleanup@openstack cleanup() started
2019-07-08 07:43:25.417 1842 RALLYDEBUG rally_openstack.cleanup.manager [-] Cleaning up cinder backups objects
2019-07-08 07:43:27.377 1842 RALLYDEBUG rally_openstack.cleanup.manager [-] Cleaning up cinder volume_snapshots objects
2019-07-08 07:43:29.418 1842 RALLYDEBUG rally_openstack.cleanup.manager [-] Cleaning up cinder transfers objects
2019-07-08 07:43:31.357 1842 RALLYDEBUG rally_openstack.cleanup.manager [-] Cleaning up cinder volumes objects
2019-07-08 07:43:33.582 1842 RALLYDEBUG rally_openstack.cleanup.manager [-] Deleting cinder.volumes object s_rally_36a9c3e6_iHjOnZYv (92037601-896d-490b-930e-d807e2f27c11)
2019-07-08 07:43:33.585 1842 RALLYDEBUG rally_openstack.cleanup.manager [-] Deleting cinder.volumes object s_rally_36a9c3e6_TnT3CvUe (b63de8be-a004-40af-89d9-31fa51481921)
2019-07-08 07:43:33.592 1842 RALLYDEBUG rally_openstack.cleanup.manager [-] Deleting cinder.volumes object s_rally_36a9c3e6_wj6pYpGB (28f55896-9419-4ce1-82fa-ab6a26898f62)
2019-07-08 07:43:33.593 1842 RALLYDEBUG rally_openstack.cleanup.manager [-] Deleting cinder.volumes object s_rally_36a9c3e6_SpN9KZfj (e6108a24-6764-4a9b-9b80-9bed186d2274)
2019-07-08 07:43:33.603 1842 RALLYDEBUG rally_openstack.cleanup.manager [-] Deleting cinder.volumes object s_rally_36a9c3e6_27sEq6Xz (dcccbb5e-2b01-47df-b7fe-5191078c419b)
2019-07-08 07:43:33.610 1842 RALLYDEBUG rally_openstack.cleanup.manager [-] Deleting cinder.volumes object s_rally_36a9c3e6_grZcf4Zl (772a89e1-c43a-496f-a33e-8ac58c66e86e)
2019-07-08 07:43:33.613 1842 RALLYDEBUG rally_openstack.cleanup.manager [-] Deleting cinder.volumes object s_rally_36a9c3e6_WZE5ZFUK (ae33ac6e-d382-4a28-8135-44f8ba1a6c6f)
2019-07-08 07:43:33.619 1842 RALLYDEBUG rally_openstack.cleanup.manager [-] Deleting cinder.volumes object s_rally_36a9c3e6_1FNHvfQU (1f5e24bf-afac-407a-9bdc-9e8efe5d09dc)
2019-07-08 07:43:33.623 1842 RALLYDEBUG rally_openstack.cleanup.manager [-] Deleting cinder.volumes object s_rally_36a9c3e6_BnyZX1zG (c2621fd4-9cb9-4aa6-ab47-f10aab49e358)
2019-07-08 07:43:33.634 1842 RALLYDEBUG rally_openstack.cleanup.manager [-] Deleting cinder.volumes object s_rally_36a9c3e6_bRGPHWeX (ea46ad1b-70ed-4152-8600-244ad65e841f)
2019-07-08 07:43:38.644 1842 INFO rally.task.context [-] Task 94e80562-f4d3-45a3-b481-004c511aaa67 | Context cleanup@openstack cleanup() finished in 13.23 sec
2019-07-08 07:43:38.645 1842 INFO rally.task.context [-] Task 94e80562-f4d3-45a3-b481-004c511aaa67 | Context quotas@openstack cleanup() started
2019-07-08 07:43:38.915 1842 INFO rally.task.context [-] Task 94e80562-f4d3-45a3-b481-004c511aaa67 | Context quotas@openstack cleanup() finished in 0.27 sec
2019-07-08 07:43:38.915 1842 INFO rally.task.context [-] Task 94e80562-f4d3-45a3-b481-004c511aaa67 | Context api_versions@openstack cleanup() started
2019-07-08 07:43:38.915 1842 INFO rally.task.context [-] Task 94e80562-f4d3-45a3-b481-004c511aaa67 | Context api_versions@openstack cleanup() finished in 0.28 msec
2019-07-08 07:43:38.916 1842 INFO rally.task.context [-] Task 94e80562-f4d3-45a3-b481-004c511aaa67 | Context users@openstack cleanup() started
2019-07-08 07:43:45.683 1842 INFO rally.task.context [-] Task 94e80562-f4d3-45a3-b481-004c511aaa67 | Context users@openstack cleanup() finished in 6.77 sec
2019-07-08 07:43:46.909 1842 INFO rally.task.engine [-] Load duration is: 19.3797
2019-07-08 07:43:46.909 1842 INFO rally.task.engine [-] Full runner duration is: 19.429311
2019-07-08 07:43:46.910 1842 INFO rally.task.engine [-] Full duration is: 46.968309
2019-07-08 07:43:47.073 1842 INFO rally.task.engine [-] Running workload: position = 1 config = { "version": 2, "title": "A cropped version of a bigger task.", "description": "Auto-generated task from a single workload (uuid=3ce25ad7-816b-4262-8663-cec04f28d23b)", "subtasks": [ { "title": "CinderVolumes.create_and_list_volume", "description": "Create a volume and list all volumes.", "scenario": { "CinderVolumes.create_and_list_volume": { "detailed": true, "size": 1 } }, "contexts": { "users": { "tenants": 3, "users_per_tenant": 2 }, "quotas": { "cinder": { "gigabytes": -1, "snapshots": -1, "volumes": -1 } }, "api_versions": { "cinder": { "version": 3, "service_type": "volumev3" } } }, "runner": { "constant": { "concurrency": 4, "times": 10 } }, "hooks": [], "sla": { "failure_rate": { "max": 0 } } } ] }
2019-07-08 07:43:47.096 1842 RALLYDEBUG rally_openstack.contexts.keystone.users [-] Creating 3 tenants using 20 threads
2019-07-08 07:43:48.927 1842 RALLYDEBUG rally_openstack.contexts.keystone.users [-] Creating 6 users using 20 threads
2019-07-08 07:43:51.561 1842 INFO rally.task.context [-] Task 94e80562-f4d3-45a3-b481-004c511aaa67 | Context users@openstack setup() finished in 4.46 sec
2019-07-08 07:43:52.005 1842 INFO rally.task.context [-] Task 94e80562-f4d3-45a3-b481-004c511aaa67 | Context api_versions@openstack setup() finished in 0.44 sec
2019-07-08 07:43:53.556 1842 INFO rally.task.context [-] Task 94e80562-f4d3-45a3-b481-004c511aaa67 | Context quotas@openstack setup() finished in 1.55 sec
2019-07-08 07:43:53.556 1842 INFO rally.task.context [-] Task 94e80562-f4d3-45a3-b481-004c511aaa67 | Context cleanup@openstack setup() finished in 0.00 msec
2019-07-08 07:43:53.564 1842 RALLYDEBUG rally.task.runner [-] Starting the constant runner (task UUID: 94e80562-f4d3-45a3-b481-004c511aaa67). timeout: 0 concurrency: 4 concurrency_per_worker: 1 times: 10 concurrency_overhead: 0 processes_to_start: 4 max_cpu_used: 16
2019-07-08 07:43:53.578 2598 RALLYDEBUG rally.task.runner [-] Starting a worker. concurrency: 1 args: {"detailed": true, "size": 1} times: 10 method_name: run timeout: 0 duration: None cls:
2019-07-08 07:43:53.580 2599 RALLYDEBUG rally.task.runner [-] Starting a worker. concurrency: 1 args: {"detailed": true, "size": 1} times: 10 method_name: run timeout: 0 duration: None cls:
2019-07-08 07:43:53.583 2601 RALLYDEBUG rally.task.runner [-] Starting a worker. concurrency: 1 args: {"detailed": true, "size": 1} times: 10 method_name: run timeout: 0 duration: None cls:
2019-07-08 07:43:53.583 2600 RALLYDEBUG rally.task.runner [-] Starting a worker. concurrency: 1 args: {"detailed": true, "size": 1} times: 10 method_name: run timeout: 0 duration: None cls:
2019-07-08 07:43:53.585 2598 INFO rally.task.runner [-] Task 94e80562-f4d3-45a3-b481-004c511aaa67 | ITER: 1 START
2019-07-08 07:43:53.587 2601 INFO rally.task.runner [-] Task 94e80562-f4d3-45a3-b481-004c511aaa67 | ITER: 3 START
2019-07-08 07:43:53.588 2599 INFO rally.task.runner [-] Task 94e80562-f4d3-45a3-b481-004c511aaa67 | ITER: 2 START
2019-07-08 07:43:53.589 2600 INFO rally.task.runner [-] Task 94e80562-f4d3-45a3-b481-004c511aaa67 | ITER: 4 START
2019-07-08 07:43:57.144 2600 INFO rally.task.runner [-] Task 94e80562-f4d3-45a3-b481-004c511aaa67 | ITER: 4 END: OK
2019-07-08 07:43:57.148 2600 INFO rally.task.runner [-] Task 94e80562-f4d3-45a3-b481-004c511aaa67 | ITER: 5 START
2019-07-08 07:43:57.429 2599 INFO rally.task.runner [-] Task 94e80562-f4d3-45a3-b481-004c511aaa67 | ITER: 2 END: OK
2019-07-08 07:43:57.434 2599 INFO rally.task.runner [-] Task 94e80562-f4d3-45a3-b481-004c511aaa67 | ITER: 6 START
2019-07-08 07:43:57.449 2598 INFO rally.task.runner [-] Task 94e80562-f4d3-45a3-b481-004c511aaa67 | ITER: 1 END: OK
2019-07-08 07:43:57.452 2598 INFO rally.task.runner [-] Task 94e80562-f4d3-45a3-b481-004c511aaa67 | ITER: 7 START
2019-07-08 07:43:57.481 2601 INFO rally.task.runner [-] Task 94e80562-f4d3-45a3-b481-004c511aaa67 | ITER: 3 END: OK
2019-07-08 07:43:57.486 2601 INFO rally.task.runner [-] Task 94e80562-f4d3-45a3-b481-004c511aaa67 | ITER: 8 START
2019-07-08 07:44:00.661 2600 INFO rally.task.runner [-] Task 94e80562-f4d3-45a3-b481-004c511aaa67 | ITER: 5 END: OK
2019-07-08 07:44:00.666 2600 INFO rally.task.runner [-] Task 94e80562-f4d3-45a3-b481-004c511aaa67 | ITER: 9 START
2019-07-08 07:44:01.091 2599 INFO rally.task.runner [-] Task 94e80562-f4d3-45a3-b481-004c511aaa67 | ITER: 6 END: OK
2019-07-08 07:44:01.096 2599 INFO rally.task.runner [-] Task 94e80562-f4d3-45a3-b481-004c511aaa67 | ITER: 10 START
2019-07-08 07:44:01.256 2601 INFO rally.task.runner [-] Task 94e80562-f4d3-45a3-b481-004c511aaa67 | ITER: 8 END: OK
2019-07-08 07:44:01.347 2598 INFO rally.task.runner [-] Task 94e80562-f4d3-45a3-b481-004c511aaa67 | ITER: 7 END: OK
2019-07-08 07:44:04.266 2600 INFO rally.task.runner [-] Task 94e80562-f4d3-45a3-b481-004c511aaa67 | ITER: 9 END: OK
2019-07-08 07:44:04.939 2599 INFO rally.task.runner [-] Task 94e80562-f4d3-45a3-b481-004c511aaa67 | ITER: 10 END: OK
2019-07-08 07:44:04.965 1842 INFO rally.task.context [-] Task 94e80562-f4d3-45a3-b481-004c511aaa67 | Context cleanup@openstack cleanup() started
2019-07-08 07:44:04.968 1842 RALLYDEBUG rally_openstack.cleanup.manager [-] Cleaning up cinder backups objects
2019-07-08 07:44:07.044 1842 RALLYDEBUG rally_openstack.cleanup.manager [-] Cleaning up cinder volume_snapshots objects
2019-07-08 07:44:08.989 1842 RALLYDEBUG rally_openstack.cleanup.manager [-] Cleaning up cinder transfers objects
2019-07-08 07:44:11.039 1842 RALLYDEBUG rally_openstack.cleanup.manager [-] Cleaning up cinder volumes objects
2019-07-08 07:44:13.194 1842 RALLYDEBUG rally_openstack.cleanup.manager [-] Deleting cinder.volumes object s_rally_3ce25ad7_LkxDOSTG (fa648496-400d-4c0f-8d0c-2ac96ffd1f53)
2019-07-08 07:44:13.201 1842 RALLYDEBUG rally_openstack.cleanup.manager [-] Deleting cinder.volumes object s_rally_3ce25ad7_fWBV25Jk (ef07b78f-ba1a-490b-a66c-2106d4123b2b)
2019-07-08 07:44:13.200 1842 RALLYDEBUG rally_openstack.cleanup.manager [-] Deleting cinder.volumes object s_rally_3ce25ad7_JcYiMGvL (8bcd804b-5ba5-4312-84bb-cf3ab49bc6d8)
2019-07-08 07:44:13.201 1842 RALLYDEBUG rally_openstack.cleanup.manager [-] Deleting cinder.volumes object s_rally_3ce25ad7_37SYA2uq (bd9228c8-b6e6-4d71-9580-6bec430a64b1)
2019-07-08 07:44:13.203 1842 RALLYDEBUG rally_openstack.cleanup.manager [-] Deleting cinder.volumes object s_rally_3ce25ad7_M1r1nPjU (a0b4bbd2-9eb7-4722-a039-0f77a59768ba)
2019-07-08 07:44:13.204 1842 RALLYDEBUG rally_openstack.cleanup.manager [-] Deleting cinder.volumes object s_rally_3ce25ad7_FNA6veIL (4b743227-f82c-4903-828a-9ce02306027c)
2019-07-08 07:44:13.210 1842 RALLYDEBUG rally_openstack.cleanup.manager [-] Deleting cinder.volumes object s_rally_3ce25ad7_hhvBlt5D (81a7fa81-57f5-4ea1-9bfb-808ac2a944b3)
2019-07-08 07:44:13.221 1842 RALLYDEBUG rally_openstack.cleanup.manager [-] Deleting cinder.volumes object s_rally_3ce25ad7_pJkihJyO (2a7cde58-b50a-4bc2-ab99-e8a79fb9309d)
2019-07-08 07:44:13.222 1842 RALLYDEBUG rally_openstack.cleanup.manager [-] Deleting cinder.volumes object s_rally_3ce25ad7_2VSlubW6 (06b80599-9ed3-4d60-8dd1-2bff4e49184e)
2019-07-08 07:44:13.229 1842 RALLYDEBUG rally_openstack.cleanup.manager [-] Deleting cinder.volumes object s_rally_3ce25ad7_UoVw0suf (583fa907-ce62-4c81-987d-027eaef97cf4)
2019-07-08 07:44:17.864 1842 INFO rally.task.context [-] Task 94e80562-f4d3-45a3-b481-004c511aaa67 | Context cleanup@openstack cleanup() finished in 12.90 sec
2019-07-08 07:44:17.865 1842 INFO rally.task.context [-] Task 94e80562-f4d3-45a3-b481-004c511aaa67 | Context quotas@openstack cleanup() started
2019-07-08 07:44:18.412 1842 INFO rally.task.context [-] Task 94e80562-f4d3-45a3-b481-004c511aaa67 | Context quotas@openstack cleanup() finished in 0.55 sec
2019-07-08 07:44:18.413 1842 INFO rally.task.context [-] Task 94e80562-f4d3-45a3-b481-004c511aaa67 | Context api_versions@openstack cleanup() started
2019-07-08 07:44:18.413 1842 INFO rally.task.context [-] Task 94e80562-f4d3-45a3-b481-004c511aaa67 | Context api_versions@openstack cleanup() finished in 0.33 msec
2019-07-08 07:44:18.413 1842 INFO rally.task.context [-] Task 94e80562-f4d3-45a3-b481-004c511aaa67 | Context users@openstack cleanup() started
2019-07-08 07:44:25.086 1842 INFO rally.task.context [-] Task 94e80562-f4d3-45a3-b481-004c511aaa67 | Context users@openstack cleanup() finished in 6.67 sec
2019-07-08 07:44:25.297 1842 INFO rally.task.engine [-] Load duration is: 11.350672
2019-07-08 07:44:25.297 1842 INFO rally.task.engine [-] Full runner duration is: 11.401591
2019-07-08 07:44:25.297 1842 INFO rally.task.engine [-] Full duration is: 37.991879
2019-07-08 07:44:25.524 1842 INFO rally.task.engine [-] Running workload: position = 0 config = { "version": 2, "title": "A cropped version of a bigger task.", "description": "Auto-generated task from a single workload (uuid=66f0129e-c593-4c02-b46d-ec261bc6042a)", "subtasks": [ { "title": "CinderVolumes.create_and_upload_volume_to_image", "description": "Create and upload a volume to image.", "scenario": { "CinderVolumes.create_and_upload_volume_to_image": { "container_format": "bare", "disk_format": "raw", "do_delete": true, "force": false, "size": 1 } }, "contexts": { "users": { "tenants": 3, "users_per_tenant": 2 }, "quotas": { "cinder": { "gigabytes": -1, "snapshots": -1, "volumes": -1 } }, "api_versions": { "cinder": { "version": 3, "service_type": "volumev3" } } }, "runner": { "constant": { "concurrency": 4, "times": 10 } }, "hooks": [], "sla": { "failure_rate": { "max": 0 } } } ] }
2019-07-08 07:44:25.542 1842 RALLYDEBUG rally_openstack.contexts.keystone.users [-] Creating 3 tenants using 20 threads
2019-07-08 07:44:27.335 1842 RALLYDEBUG rally_openstack.contexts.keystone.users [-] Creating 6 users using 20 threads
2019-07-08 07:44:30.162 1842 INFO rally.task.context [-] Task 94e80562-f4d3-45a3-b481-004c511aaa67 | Context users@openstack setup() finished in 4.62 sec
2019-07-08 07:44:30.669 1842 INFO rally.task.context [-] Task 94e80562-f4d3-45a3-b481-004c511aaa67 | Context api_versions@openstack setup() finished in 0.51 sec
2019-07-08 07:44:32.230 1842 INFO rally.task.context [-] Task 94e80562-f4d3-45a3-b481-004c511aaa67 | Context quotas@openstack setup() finished in 1.56 sec
2019-07-08 07:44:32.231 1842 INFO rally.task.context [-] Task 94e80562-f4d3-45a3-b481-004c511aaa67 | Context cleanup@openstack setup() finished in 0.01 msec
2019-07-08 07:44:32.238 1842 RALLYDEBUG rally.task.runner [-] Starting the constant runner (task UUID: 94e80562-f4d3-45a3-b481-004c511aaa67). timeout: 0 concurrency: 4 concurrency_per_worker: 1 times: 10 concurrency_overhead: 0 processes_to_start: 4 max_cpu_used: 16
2019-07-08 07:44:32.251 2782 RALLYDEBUG rally.task.runner [-] Starting a worker. concurrency: 1 args: {"container_format": "bare", "disk_format": "raw", "do_delete": true, "force": false, "size": 1} times: 10 method_name: run timeout: 0 duration: None cls:
2019-07-08 07:44:32.255 2783 RALLYDEBUG rally.task.runner [-] Starting a worker. concurrency: 1 args: {"container_format": "bare", "disk_format": "raw", "do_delete": true, "force": false, "size": 1} times: 10 method_name: run timeout: 0 duration: None cls:
2019-07-08 07:44:32.257 2784 RALLYDEBUG rally.task.runner [-] Starting a worker. concurrency: 1 args: {"container_format": "bare", "disk_format": "raw", "do_delete": true, "force": false, "size": 1} times: 10 method_name: run timeout: 0 duration: None cls:
2019-07-08 07:44:32.260 2782 INFO rally.task.runner [-] Task 94e80562-f4d3-45a3-b481-004c511aaa67 | ITER: 1 START
2019-07-08 07:44:32.260 2785 RALLYDEBUG rally.task.runner [-] Starting a worker. concurrency: 1 args: {"container_format": "bare", "disk_format": "raw", "do_delete": true, "force": false, "size": 1} times: 10 method_name: run timeout: 0 duration: None cls:
2019-07-08 07:44:32.263 2783 INFO rally.task.runner [-] Task 94e80562-f4d3-45a3-b481-004c511aaa67 | ITER: 2 START
2019-07-08 07:44:32.265 2784 INFO rally.task.runner [-] Task 94e80562-f4d3-45a3-b481-004c511aaa67 | ITER: 3 START
2019-07-08 07:44:32.268 2785 INFO rally.task.runner [-] Task 94e80562-f4d3-45a3-b481-004c511aaa67 | ITER: 4 START
2019-07-08 07:44:38.314 2785 RALLYDEBUG rally.task.utils [-] Waiting for resource s_rally_66f0129e_HJzCgfck. Status changed: AVAILABLE => UPLOADING in 0.262321949005
2019-07-08 07:44:38.452 2783 RALLYDEBUG rally.task.utils [-] Waiting for resource s_rally_66f0129e_TcK68Myn. Status changed: AVAILABLE => UPLOADING in 0.342672109604
2019-07-08 07:44:38.456 2782 RALLYDEBUG rally.task.utils [-] Waiting for resource s_rally_66f0129e_0Ced2O6E. Status changed: AVAILABLE => UPLOADING in 0.332449197769
2019-07-08 07:44:39.108 2784 RALLYDEBUG rally.task.utils [-] Waiting for resource s_rally_66f0129e_RdIZJVqz. Status changed: AVAILABLE => UPLOADING in 0.0570709705353
2019-07-08 07:45:16.644 2785 RALLYDEBUG rally.task.utils [-] Waiting for resource s_rally_66f0129e_HJzCgfck. Status changed: UPLOADING => AVAILABLE in 38.3301050663
2019-07-08 07:45:17.506 2785 RALLYDEBUG rally.task.utils [-] Waiting for resource s_rally_66f0129e_HJzCgfck. Status changed: AVAILABLE => DELETING in 0.0541789531708
2019-07-08 07:45:17.938 2784 RALLYDEBUG rally.task.utils [-] Waiting for resource s_rally_66f0129e_RdIZJVqz. Status changed: UPLOADING => AVAILABLE in 38.8295650482
2019-07-08 07:45:18.404 2784 RALLYDEBUG rally.task.utils [-] Waiting for resource s_rally_66f0129e_RdIZJVqz. Status changed: AVAILABLE => DELETING in 0.0614199638367
2019-07-08 07:45:21.104 2785 INFO rally.task.runner [-] Task 94e80562-f4d3-45a3-b481-004c511aaa67 | ITER: 4 END: OK
2019-07-08 07:45:21.111 2785 INFO rally.task.runner [-] Task 94e80562-f4d3-45a3-b481-004c511aaa67 | ITER: 5 START
2019-07-08 07:45:21.673 2784 INFO rally.task.runner [-] Task 94e80562-f4d3-45a3-b481-004c511aaa67 | ITER: 3 END: OK
2019-07-08 07:45:21.678 2784 INFO rally.task.runner [-] Task 94e80562-f4d3-45a3-b481-004c511aaa67 | ITER: 6 START
2019-07-08 07:45:25.965 2785 RALLYDEBUG rally.task.utils [-] Waiting for resource s_rally_66f0129e_huP41mZu. Status changed: AVAILABLE => UPLOADING in 0.362899065018
2019-07-08 07:45:26.459 2784 RALLYDEBUG rally.task.utils [-] Waiting for resource s_rally_66f0129e_BwHM416a. Status changed: AVAILABLE => UPLOADING in 0.332629919052
2019-07-08 07:45:43.995 2782 RALLYDEBUG rally.task.utils [-] Waiting for resource s_rally_66f0129e_0Ced2O6E. Status changed: UPLOADING => AVAILABLE in 65.5393259525
2019-07-08 07:45:44.077 2783 RALLYDEBUG rally.task.utils [-] Waiting for resource s_rally_66f0129e_TcK68Myn. Status changed: UPLOADING => AVAILABLE in 65.625166893
2019-07-08 07:45:44.261 2783 RALLYDEBUG rally.task.utils [-] Waiting for resource s_rally_66f0129e_TcK68Myn. Status changed: AVAILABLE => DELETING in 0.0537869930267
2019-07-08 07:45:44.901 2782 RALLYDEBUG rally.task.utils [-] Waiting for resource s_rally_66f0129e_0Ced2O6E. Status changed: AVAILABLE => DELETING in 0.0669610500336
2019-07-08 07:45:47.922 2783 INFO rally.task.runner [-] Task 94e80562-f4d3-45a3-b481-004c511aaa67 | ITER: 2 END: OK
2019-07-08 07:45:47.928 2783 INFO rally.task.runner [-] Task 94e80562-f4d3-45a3-b481-004c511aaa67 | ITER: 7 START
2019-07-08 07:45:49.166 2782 INFO rally.task.runner [-] Task 94e80562-f4d3-45a3-b481-004c511aaa67 | ITER: 1 END: OK
2019-07-08 07:45:49.173 2782 INFO rally.task.runner [-] Task 94e80562-f4d3-45a3-b481-004c511aaa67 | ITER: 8 START
2019-07-08 07:45:52.703 2783 RALLYDEBUG rally.task.utils [-] Waiting for resource s_rally_66f0129e_hFALIH8I. Status changed: AVAILABLE => UPLOADING in 0.0563020706177
2019-07-08 07:45:53.996 2782 RALLYDEBUG rally.task.utils [-] Waiting for resource s_rally_66f0129e_kF0Sh75p. Status changed: AVAILABLE => UPLOADING in 0.331518888474
2019-07-08 07:46:00.318 2785 RALLYDEBUG rally.task.utils [-] Waiting for resource s_rally_66f0129e_huP41mZu. Status changed: UPLOADING => AVAILABLE in 34.3527131081
2019-07-08 07:46:00.881 2784 RALLYDEBUG rally.task.utils [-] Waiting for resource s_rally_66f0129e_BwHM416a. Status changed: UPLOADING => AVAILABLE in 34.4226610661
2019-07-08 07:46:01.038 2785 RALLYDEBUG rally.task.utils [-] Waiting for resource s_rally_66f0129e_huP41mZu. Status changed: AVAILABLE => DELETING in 0.293690919876
2019-07-08 07:46:01.364 2784 RALLYDEBUG rally.task.utils [-] Waiting for resource s_rally_66f0129e_BwHM416a. Status changed: AVAILABLE => DELETING in 0.0695159435272
2019-07-08 07:46:04.149 2785 INFO rally.task.runner [-] Task 94e80562-f4d3-45a3-b481-004c511aaa67 | ITER: 5 END: OK
2019-07-08 07:46:04.154 2785 INFO rally.task.runner [-] Task 94e80562-f4d3-45a3-b481-004c511aaa67 | ITER: 9 START
2019-07-08 07:46:05.153 2784 INFO rally.task.runner [-] Task 94e80562-f4d3-45a3-b481-004c511aaa67 | ITER: 6 END: OK
2019-07-08 07:46:05.159 2784 INFO rally.task.runner [-] Task 94e80562-f4d3-45a3-b481-004c511aaa67 | ITER: 10 START
2019-07-08 07:46:08.956 2785 RALLYDEBUG rally.task.utils [-] Waiting for resource s_rally_66f0129e_oZokgIFB. Status changed: AVAILABLE => UPLOADING in 0.264636039734
2019-07-08 07:46:09.895 2784 RALLYDEBUG rally.task.utils [-] Waiting for resource s_rally_66f0129e_RtBbC7nG. Status changed: AVAILABLE => UPLOADING in 0.357275009155
2019-07-08 07:46:35.254 2783 RALLYDEBUG rally.task.utils [-] Waiting for resource s_rally_66f0129e_hFALIH8I. Status changed: UPLOADING => AVAILABLE in 42.5514919758
2019-07-08 07:46:35.701 2783 RALLYDEBUG rally.task.utils [-] Waiting for resource s_rally_66f0129e_hFALIH8I. Status changed: AVAILABLE => DELETING in 0.0560088157654
2019-07-08 07:46:36.853 2782 RALLYDEBUG rally.task.utils [-] Waiting for resource s_rally_66f0129e_kF0Sh75p. Status changed: UPLOADING => AVAILABLE in 42.8571479321
2019-07-08 07:46:37.594 2782 RALLYDEBUG rally.task.utils [-] Waiting for resource s_rally_66f0129e_kF0Sh75p. Status changed: AVAILABLE => DELETING in 0.330475091934
2019-07-08 07:46:39.508 2783 INFO rally.task.runner [-] Task 94e80562-f4d3-45a3-b481-004c511aaa67 | ITER: 7 END: OK
2019-07-08 07:46:41.202 2782 INFO rally.task.runner [-] Task 94e80562-f4d3-45a3-b481-004c511aaa67 | ITER: 8 END: OK
2019-07-08 07:46:49.798 2785 RALLYDEBUG rally.task.utils [-] Waiting for resource s_rally_66f0129e_oZokgIFB. Status changed: UPLOADING => AVAILABLE in 40.8417549133
2019-07-08 07:46:49.976 2785 RALLYDEBUG rally.task.utils [-] Waiting for resource s_rally_66f0129e_oZokgIFB. Status changed: AVAILABLE => DELETING in 0.0530021190643
2019-07-08 07:46:50.308 2784 RALLYDEBUG rally.task.utils [-] Waiting for resource s_rally_66f0129e_RtBbC7nG. Status changed: UPLOADING => AVAILABLE in 40.4133639336
2019-07-08 07:46:50.752 2784 RALLYDEBUG rally.task.utils [-] Waiting for resource s_rally_66f0129e_RtBbC7nG. Status changed: AVAILABLE => DELETING in 0.0579450130463
2019-07-08 07:46:53.022 2785 INFO rally.task.runner [-] Task 94e80562-f4d3-45a3-b481-004c511aaa67 | ITER: 9 END: OK
2019-07-08 07:46:54.414 2784 INFO rally.task.runner [-] Task 94e80562-f4d3-45a3-b481-004c511aaa67 | ITER: 10 END: OK
2019-07-08 07:46:54.441 1842 INFO rally.task.context [-] Task 94e80562-f4d3-45a3-b481-004c511aaa67 | Context cleanup@openstack cleanup() started
2019-07-08 07:46:54.444 1842 RALLYDEBUG rally_openstack.cleanup.manager [-] Cleaning up cinder backups objects
2019-07-08 07:46:56.520 1842 RALLYDEBUG rally_openstack.cleanup.manager [-] Cleaning up cinder volume_snapshots objects
2019-07-08 07:46:58.542 1842 RALLYDEBUG rally_openstack.cleanup.manager [-] Cleaning up cinder transfers objects
2019-07-08 07:47:00.547 1842 RALLYDEBUG rally_openstack.cleanup.manager [-] Cleaning up cinder volumes objects
2019-07-08 07:47:02.653 1842 RALLYDEBUG rally_openstack.cleanup.manager [-] Cleaning up glance images objects
2019-07-08 07:47:04.780 1842 INFO rally.task.context [-] Task 94e80562-f4d3-45a3-b481-004c511aaa67 | Context cleanup@openstack cleanup() finished in 10.34 sec
2019-07-08 07:47:04.781 1842 INFO rally.task.context [-] Task 94e80562-f4d3-45a3-b481-004c511aaa67 | Context quotas@openstack cleanup() started
2019-07-08 07:47:05.346 1842 INFO rally.task.context [-] Task 94e80562-f4d3-45a3-b481-004c511aaa67 | Context quotas@openstack cleanup() finished in 0.56 sec
2019-07-08 07:47:05.346 1842 INFO rally.task.context [-] Task 94e80562-f4d3-45a3-b481-004c511aaa67 | Context api_versions@openstack cleanup() started
2019-07-08 07:47:05.347 1842 INFO rally.task.context [-] Task 94e80562-f4d3-45a3-b481-004c511aaa67 | Context api_versions@openstack cleanup() finished in 0.32 msec
2019-07-08 07:47:05.347 1842 INFO rally.task.context [-] Task 94e80562-f4d3-45a3-b481-004c511aaa67 | Context users@openstack cleanup() started
2019-07-08 07:47:14.218 1842 INFO rally.task.context [-] Task 94e80562-f4d3-45a3-b481-004c511aaa67 | Context users@openstack cleanup() finished in 8.87 sec
2019-07-08 07:47:16.148 1842 INFO rally.task.engine [-] Load duration is: 141.269855
2019-07-08 07:47:16.149 1842 INFO rally.task.engine [-] Full runner duration is: 142.203109
2019-07-08 07:47:16.149 1842 INFO rally.task.engine [-] Full duration is: 168.67863
2019-07-08 07:47:16.363 1842 INFO rally.task.engine [-] Running workload: position = 0 config = { "version": 2, "title": "A cropped version of a bigger task.", "description": "Auto-generated task from a single workload (uuid=239cbb8e-acb4-4500-bf5e-5469ff1eaaca)", "subtasks": [ { "title": "CinderVolumes.create_nested_snapshots_and_attach_volume", "description": "Create a volume from snapshot and attach/detach the volume", "scenario": { "CinderVolumes.create_nested_snapshots_and_attach_volume": { "flavor": { "name": "rally_full-flavor_509352db-b4e0-460c-86d1-a7f5ab8e7acd" }, "image": { "name": "rally_full-img_509352db-b4e0-460c-86d1-a7f5ab8e7acd" }, "nested_level": 1, "size": { "max": 1, "min": 1 }, "create_vm_params": { "nics": [ { "net-id": "bc668a7c-5c4f-403b-b855-6321c8b01d0f" } ] } } }, "contexts": { "users": { "tenants": 3, "users_per_tenant": 2 }, "quotas": { "cinder": { "gigabytes": -1, "snapshots": -1, "volumes": -1 } }, "api_versions": { "cinder": { "version": 3, "service_type": "volumev3" } } }, "runner": { "constant": { "concurrency": 4, "times": 10 } }, "hooks": [], "sla": { "failure_rate": { "max": 0 } } } ] }
2019-07-08 07:47:16.385 1842 RALLYDEBUG rally_openstack.contexts.keystone.users [-] Creating 3 tenants using 20 threads
2019-07-08 07:47:18.239 1842 RALLYDEBUG rally_openstack.contexts.keystone.users [-] Creating 6 users using 20 threads
2019-07-08 07:47:21.125 1842 INFO rally.task.context [-] Task 94e80562-f4d3-45a3-b481-004c511aaa67 | Context users@openstack setup() finished in 4.74 sec
2019-07-08 07:47:21.551 1842 INFO rally.task.context [-] Task 94e80562-f4d3-45a3-b481-004c511aaa67 | Context api_versions@openstack setup() finished in 0.43 sec
2019-07-08 07:47:23.140 1842 INFO rally.task.context [-] Task 94e80562-f4d3-45a3-b481-004c511aaa67 | Context quotas@openstack setup() finished in 1.59 sec
2019-07-08 07:47:23.140 1842 INFO rally.task.context [-] Task 94e80562-f4d3-45a3-b481-004c511aaa67 | Context cleanup@openstack setup() finished in 0.00 msec
2019-07-08 07:47:24.292 1842 DEBUG novaclient.v2.client [-] REQ: curl -g -i -X GET http://172.30.9.37:8774/v2.1/flavors/detail -H "Accept: application/json" -H "User-Agent: python-novaclient" -H "X-Auth-Token: {SHA1}e2ffdd2f0c3868ece1338c89f5693256e921e74d" _http_log_request /usr/lib/python2.7/site-packages/keystoneauth1/session.py:448
2019-07-08 07:47:24.992 1842 DEBUG novaclient.v2.client [-] RESP: [200] Content-Encoding: gzip Content-Length: 368 Content-Type: application/json Date: Mon, 08 Jul 2019 07:47:24 GMT OpenStack-API-Version: compute 2.1 Server: Apache Vary: OpenStack-API-Version,X-OpenStack-Nova-API-Version,Accept-Encoding X-OpenStack-Nova-API-Version: 2.1 x-compute-request-id: req-2d3491e1-71fd-4a38-aabf-c1bf18ed1a26 x-openstack-request-id: req-2d3491e1-71fd-4a38-aabf-c1bf18ed1a26 _http_log_response /usr/lib/python2.7/site-packages/keystoneauth1/session.py:479
2019-07-08 07:47:24.993 1842 DEBUG novaclient.v2.client [-] RESP BODY: {"flavors": [{"name": "rally_full-flavor_509352db-b4e0-460c-86d1-a7f5ab8e7acd", "links": [{"href": "http://172.30.9.37:8774/v2.1/flavors/a06eb34e-7763-41c9-94ba-db551ec7af8f", "rel": "self"}, {"href": "http://172.30.9.37:8774/flavors/a06eb34e-7763-41c9-94ba-db551ec7af8f", "rel": "bookmark"}], "ram": 512, "OS-FLV-DISABLED:disabled": false, "vcpus": 1, "swap": "", "os-flavor-access:is_public": true, "rxtx_factor": 1.0, "OS-FLV-EXT-DATA:ephemeral": 0, "disk": 1, "id": "a06eb34e-7763-41c9-94ba-db551ec7af8f"}, {"name": "rally_full-flavor_alt_509352db-b4e0-460c-86d1-a7f5ab8e7acd", "links": [{"href": "http://172.30.9.37:8774/v2.1/flavors/cd1821e8-2fe5-4913-9692-f651475be2bd", "rel": "self"}, {"href": "http://172.30.9.37:8774/flavors/cd1821e8-2fe5-4913-9692-f651475be2bd", "rel": "bookmark"}], "ram": 1024, "OS-FLV-DISABLED:disabled": false, "vcpus": 1, "swap": "", "os-flavor-access:is_public": true, "rxtx_factor": 1.0, "OS-FLV-EXT-DATA:ephemeral": 0, "disk": 1, "id": "cd1821e8-2fe5-4913-9692-f651475be2bd"}]} _http_log_response /usr/lib/python2.7/site-packages/keystoneauth1/session.py:511
2019-07-08 07:47:24.993 1842 DEBUG novaclient.v2.client [-] GET call to compute for http://172.30.9.37:8774/v2.1/flavors/detail used request id req-2d3491e1-71fd-4a38-aabf-c1bf18ed1a26 request /usr/lib/python2.7/site-packages/keystoneauth1/session.py:844
2019-07-08 07:47:24.995 1842 RALLYDEBUG rally.task.runner [-] Starting the constant runner (task UUID: 94e80562-f4d3-45a3-b481-004c511aaa67). timeout: 0 concurrency: 4 concurrency_per_worker: 1 times: 10 concurrency_overhead: 0 processes_to_start: 4 max_cpu_used: 16
2019-07-08 07:47:25.007 2986 RALLYDEBUG rally.task.runner [-] Starting a worker. concurrency: 1 args: {"flavor": "a06eb34e-7763-41c9-94ba-db551ec7af8f", "image": "7e23dd00-0467-4700-9b13-b4a092d130da", "nested_level": 1, "size": {"max": 1, "min": 1}, "create_vm_params": {"nics": [{"net-id": "bc668a7c-5c4f-403b-b855-6321c8b01d0f"}]}} times: 10 method_name: run timeout: 0 duration: None cls:
2019-07-08 07:47:25.011 2987 RALLYDEBUG rally.task.runner [-] Starting a worker. concurrency: 1 args: {"flavor": "a06eb34e-7763-41c9-94ba-db551ec7af8f", "image": "7e23dd00-0467-4700-9b13-b4a092d130da", "nested_level": 1, "size": {"max": 1, "min": 1}, "create_vm_params": {"nics": [{"net-id": "bc668a7c-5c4f-403b-b855-6321c8b01d0f"}]}} times: 10 method_name: run timeout: 0 duration: None cls:
2019-07-08 07:47:25.014 2988 RALLYDEBUG rally.task.runner [-] Starting a worker. concurrency: 1 args: {"flavor": "a06eb34e-7763-41c9-94ba-db551ec7af8f", "image": "7e23dd00-0467-4700-9b13-b4a092d130da", "nested_level": 1, "size": {"max": 1, "min": 1}, "create_vm_params": {"nics": [{"net-id": "bc668a7c-5c4f-403b-b855-6321c8b01d0f"}]}} times: 10 method_name: run timeout: 0 duration: None cls:
2019-07-08 07:47:25.016 2986 INFO rally.task.runner [-] Task 94e80562-f4d3-45a3-b481-004c511aaa67 | ITER: 1 START
2019-07-08 07:47:25.017 2989 RALLYDEBUG rally.task.runner [-] Starting a worker. concurrency: 1 args: {"flavor": "a06eb34e-7763-41c9-94ba-db551ec7af8f", "image": "7e23dd00-0467-4700-9b13-b4a092d130da", "nested_level": 1, "size": {"max": 1, "min": 1}, "create_vm_params": {"nics": [{"net-id": "bc668a7c-5c4f-403b-b855-6321c8b01d0f"}]}} times: 10 method_name: run timeout: 0 duration: None cls:
2019-07-08 07:47:25.018 2987 INFO rally.task.runner [-] Task 94e80562-f4d3-45a3-b481-004c511aaa67 | ITER: 2 START
2019-07-08 07:47:25.022 2988 INFO rally.task.runner [-] Task 94e80562-f4d3-45a3-b481-004c511aaa67 | ITER: 3 START
2019-07-08 07:47:25.026 2989 INFO rally.task.runner [-] Task 94e80562-f4d3-45a3-b481-004c511aaa67 | ITER: 4 START
2019-07-08 07:47:25.452 2987 DEBUG novaclient.v2.client [-] REQ: curl -g -i -X POST http://172.30.9.37:8774/v2.1/servers -H "Accept: application/json" -H "Content-Type: application/json" -H "User-Agent: python-novaclient" -H "X-Auth-Token: {SHA1}6f2e1b0932a0d6e0244a3f0c9a291d7f3a635d50" -d '{"server": {"name": "s_rally_239cbb8e_pWtbPPVT", "imageRef": "7e23dd00-0467-4700-9b13-b4a092d130da", "flavorRef": "a06eb34e-7763-41c9-94ba-db551ec7af8f", "max_count": 1, "min_count": 1, "networks": [{"uuid": "bc668a7c-5c4f-403b-b855-6321c8b01d0f"}]}}' _http_log_request /usr/lib/python2.7/site-packages/keystoneauth1/session.py:448
2019-07-08 07:47:25.455 2988 DEBUG novaclient.v2.client [-] REQ: curl -g -i -X POST http://172.30.9.37:8774/v2.1/servers -H "Accept: application/json" -H "Content-Type: application/json" -H "User-Agent: python-novaclient" -H "X-Auth-Token: {SHA1}8ecf9160e35c0d901a4d095979db1af4e60dcfca" -d '{"server": {"name": "s_rally_239cbb8e_iU1xZPCa", "imageRef": "7e23dd00-0467-4700-9b13-b4a092d130da", "flavorRef": "a06eb34e-7763-41c9-94ba-db551ec7af8f", "max_count": 1, "min_count": 1, "networks": [{"uuid": "bc668a7c-5c4f-403b-b855-6321c8b01d0f"}]}}' _http_log_request /usr/lib/python2.7/site-packages/keystoneauth1/session.py:448
2019-07-08 07:47:25.473 2986 DEBUG novaclient.v2.client [-] REQ: curl -g -i -X POST http://172.30.9.37:8774/v2.1/servers -H "Accept: application/json" -H "Content-Type: application/json" -H "User-Agent: python-novaclient" -H "X-Auth-Token: {SHA1}49dff4ccd19f7c4a7f111ec70a09f5b5766e0ca9" -d '{"server": {"name": "s_rally_239cbb8e_yhx5HQJY", "imageRef": "7e23dd00-0467-4700-9b13-b4a092d130da", "flavorRef": "a06eb34e-7763-41c9-94ba-db551ec7af8f", "max_count": 1, "min_count": 1, "networks": [{"uuid": "bc668a7c-5c4f-403b-b855-6321c8b01d0f"}]}}' _http_log_request /usr/lib/python2.7/site-packages/keystoneauth1/session.py:448
2019-07-08 07:47:25.476 2989 DEBUG novaclient.v2.client [-] REQ: curl -g -i -X POST http://172.30.9.37:8774/v2.1/servers -H "Accept: application/json" -H "Content-Type: application/json" -H "User-Agent: python-novaclient" -H "X-Auth-Token: {SHA1}d54ef5a7adb72ed397e8c1ce7b2a9f28d74b37fe" -d '{"server": {"name": "s_rally_239cbb8e_Rm0qoaz6", "imageRef": "7e23dd00-0467-4700-9b13-b4a092d130da", "flavorRef": "a06eb34e-7763-41c9-94ba-db551ec7af8f", "max_count": 1, "min_count": 1, "networks": [{"uuid": "bc668a7c-5c4f-403b-b855-6321c8b01d0f"}]}}' _http_log_request /usr/lib/python2.7/site-packages/keystoneauth1/session.py:448
2019-07-08 07:47:29.020 2987 DEBUG novaclient.v2.client [-] RESP: [202] Content-Length: 374 Content-Type: application/json Date: Mon, 08 Jul 2019 07:47:25 GMT OpenStack-API-Version: compute 2.1 Server: Apache Vary: OpenStack-API-Version,X-OpenStack-Nova-API-Version X-OpenStack-Nova-API-Version: 2.1 location: http://172.30.9.37:8774/v2.1/servers/1b5c19ce-b2b4-4ad1-bddf-82b0bacf2c40 x-compute-request-id: req-3c4f47da-c0f5-4a65-b156-2e509b241068 x-openstack-request-id: req-3c4f47da-c0f5-4a65-b156-2e509b241068 _http_log_response /usr/lib/python2.7/site-packages/keystoneauth1/session.py:479
2019-07-08 07:47:29.021 2987 DEBUG novaclient.v2.client [-] RESP BODY: {"server": {"security_groups": [{"name": "default"}], "OS-DCF:diskConfig": "MANUAL", "id": "1b5c19ce-b2b4-4ad1-bddf-82b0bacf2c40", "links": [{"href": "http://172.30.9.37:8774/v2.1/servers/1b5c19ce-b2b4-4ad1-bddf-82b0bacf2c40", "rel": "self"}, {"href": "http://172.30.9.37:8774/servers/1b5c19ce-b2b4-4ad1-bddf-82b0bacf2c40", "rel": "bookmark"}], "adminPass": "9zLzXCwr2xKn"}} _http_log_response /usr/lib/python2.7/site-packages/keystoneauth1/session.py:511
2019-07-08 07:47:29.021 2987 DEBUG novaclient.v2.client [-] POST call to compute for http://172.30.9.37:8774/v2.1/servers used request id req-3c4f47da-c0f5-4a65-b156-2e509b241068 request /usr/lib/python2.7/site-packages/keystoneauth1/session.py:844
2019-07-08 07:47:29.410 2989 DEBUG novaclient.v2.client [-] RESP: [202] Content-Length: 374 Content-Type: application/json Date: Mon, 08 Jul 2019 07:47:25 GMT OpenStack-API-Version: compute 2.1 Server: Apache Vary: OpenStack-API-Version,X-OpenStack-Nova-API-Version X-OpenStack-Nova-API-Version: 2.1 location: http://172.30.9.37:8774/v2.1/servers/0a2cd2cc-acb7-4b38-8022-9347a9b5177d x-compute-request-id: req-8d04a4bb-fea3-453c-a7b0-f2bfb3fee1e9 x-openstack-request-id: req-8d04a4bb-fea3-453c-a7b0-f2bfb3fee1e9 _http_log_response /usr/lib/python2.7/site-packages/keystoneauth1/session.py:479
2019-07-08 07:47:29.411 2989 DEBUG novaclient.v2.client [-] RESP BODY: {"server": {"security_groups": [{"name": "default"}], "OS-DCF:diskConfig": "MANUAL", "id": "0a2cd2cc-acb7-4b38-8022-9347a9b5177d", "links": [{"href": "http://172.30.9.37:8774/v2.1/servers/0a2cd2cc-acb7-4b38-8022-9347a9b5177d", "rel": "self"}, {"href": "http://172.30.9.37:8774/servers/0a2cd2cc-acb7-4b38-8022-9347a9b5177d", "rel": "bookmark"}], "adminPass": "h3NZ9gtPKm9S"}} _http_log_response /usr/lib/python2.7/site-packages/keystoneauth1/session.py:511
2019-07-08 07:47:29.411 2989 DEBUG novaclient.v2.client [-] POST call to compute for http://172.30.9.37:8774/v2.1/servers used request id req-8d04a4bb-fea3-453c-a7b0-f2bfb3fee1e9 request /usr/lib/python2.7/site-packages/keystoneauth1/session.py:844
2019-07-08 07:47:30.025 2987 DEBUG novaclient.v2.client [-] REQ: curl -g -i -X GET http://172.30.9.37:8774/v2.1/servers/1b5c19ce-b2b4-4ad1-bddf-82b0bacf2c40 -H "Accept: application/json" -H "User-Agent: python-novaclient" -H "X-Auth-Token: {SHA1}6f2e1b0932a0d6e0244a3f0c9a291d7f3a635d50" _http_log_request /usr/lib/python2.7/site-packages/keystoneauth1/session.py:448
2019-07-08 07:47:30.414 2989 DEBUG novaclient.v2.client [-] REQ: curl -g -i -X GET http://172.30.9.37:8774/v2.1/servers/0a2cd2cc-acb7-4b38-8022-9347a9b5177d -H "Accept: application/json" -H "User-Agent: python-novaclient" -H "X-Auth-Token: {SHA1}d54ef5a7adb72ed397e8c1ce7b2a9f28d74b37fe" _http_log_request /usr/lib/python2.7/site-packages/keystoneauth1/session.py:448
2019-07-08 07:47:30.840 2988 DEBUG novaclient.v2.client [-] RESP: [202] Content-Length: 374 Content-Type: application/json Date: Mon, 08 Jul 2019 07:47:25 GMT OpenStack-API-Version: compute 2.1 Server: Apache Vary: OpenStack-API-Version,X-OpenStack-Nova-API-Version X-OpenStack-Nova-API-Version: 2.1 location: http://172.30.9.37:8774/v2.1/servers/e981a2ad-7c93-4c9b-a0b6-95a797b1b9f7 x-compute-request-id: req-0f769688-9918-4c0c-9f8a-93b811d6b6e2 x-openstack-request-id: req-0f769688-9918-4c0c-9f8a-93b811d6b6e2 _http_log_response /usr/lib/python2.7/site-packages/keystoneauth1/session.py:479
2019-07-08 07:47:30.841 2988 DEBUG novaclient.v2.client [-] RESP BODY: {"server": {"security_groups": [{"name": "default"}], "OS-DCF:diskConfig": "MANUAL", "id": "e981a2ad-7c93-4c9b-a0b6-95a797b1b9f7", "links": [{"href": "http://172.30.9.37:8774/v2.1/servers/e981a2ad-7c93-4c9b-a0b6-95a797b1b9f7", "rel": "self"}, {"href": "http://172.30.9.37:8774/servers/e981a2ad-7c93-4c9b-a0b6-95a797b1b9f7", "rel": "bookmark"}], "adminPass": "ze9Fm7JTABaH"}} _http_log_response /usr/lib/python2.7/site-packages/keystoneauth1/session.py:511
2019-07-08 07:47:30.841 2988 DEBUG novaclient.v2.client [-] POST call to compute for http://172.30.9.37:8774/v2.1/servers used request id req-0f769688-9918-4c0c-9f8a-93b811d6b6e2 request /usr/lib/python2.7/site-packages/keystoneauth1/session.py:844
