2019-07-08 07:58:33.042 1842 RALLYDEBUG rally_openstack.cleanup.manager [-] Deleting cinder.volumes object c_rally_2400a68d_LT77xZXr (2108a6dc-c8d9-432e-a74c-ff4c008f018b)
2019-07-08 07:58:33.048 1842 RALLYDEBUG rally_openstack.cleanup.manager [-] Deleting cinder.volumes object c_rally_2400a68d_b6UXw0Ox (b4b6edb5-352e-45a8-b4ef-739d566a90cb)
2019-07-08 07:58:33.053 1842 RALLYDEBUG rally_openstack.cleanup.manager [-] Deleting cinder.volumes object c_rally_2400a68d_vB02mphn (d05bd62b-cd5b-4700-8c75-3121fd146b69)
2019-07-08 07:58:36.540 1842 INFO rally.task.context [-] Task 94e80562-f4d3-45a3-b481-004c511aaa67 | Context volumes@openstack cleanup() finished in 5.57 sec
2019-07-08 07:58:36.540 1842 INFO rally.task.context [-] Task 94e80562-f4d3-45a3-b481-004c511aaa67 | Context quotas@openstack cleanup() started
2019-07-08 07:58:37.164 1842 INFO rally.task.context [-] Task 94e80562-f4d3-45a3-b481-004c511aaa67 | Context quotas@openstack cleanup() finished in 0.62 sec
2019-07-08 07:58:37.164 1842 INFO rally.task.context [-] Task 94e80562-f4d3-45a3-b481-004c511aaa67 | Context api_versions@openstack cleanup() started
2019-07-08 07:58:37.165 1842 INFO rally.task.context [-] Task 94e80562-f4d3-45a3-b481-004c511aaa67 | Context api_versions@openstack cleanup() finished in 0.29 msec
2019-07-08 07:58:37.165 1842 INFO rally.task.context [-] Task 94e80562-f4d3-45a3-b481-004c511aaa67 | Context users@openstack cleanup() started
2019-07-08 07:58:44.269 1842 INFO rally.task.context [-] Task 94e80562-f4d3-45a3-b481-004c511aaa67 | Context users@openstack cleanup() finished in 7.10 sec
2019-07-08 07:58:45.494 1842 INFO rally.task.engine [-] Load duration is: 24.854493
2019-07-08 07:58:45.495 1842 INFO rally.task.engine [-] Full runner duration is: 24.906493
2019-07-08 07:58:45.495 1842 INFO rally.task.engine [-] Full duration is: 63.026676
2019-07-08 07:58:45.738 1842 INFO rally.task.engine [-] Running workload: position = 0 config = { "version": 2, "title": "A cropped version of a bigger task.", "description": "Auto-generated task from a single workload (uuid=af38f559-0b80-49f0-980d-32259eea7522)", "subtasks": [ { "title": "CinderQos.create_and_get_qos", "description": "Create a qos, then get details of the qos.", "scenario": { "CinderQos.create_and_get_qos": { "consumer": "both", "write_iops_sec": "10", "read_iops_sec": "1000" } }, "contexts": { "users": { "tenants": 3, "users_per_tenant": 2 }, "api_versions": { "cinder": { "version": 3, "service_type": "volumev3" } } }, "runner": { "constant": { "concurrency": 4, "times": 10 } }, "hooks": [], "sla": { "failure_rate": { "max": 0 } } } ] }
2019-07-08 07:58:45.764 1842 RALLYDEBUG rally_openstack.contexts.keystone.users [-] Creating 3 tenants using 20 threads
2019-07-08 07:58:47.640 1842 RALLYDEBUG rally_openstack.contexts.keystone.users [-] Creating 6 users using 20 threads
2019-07-08 07:58:50.278 1842 INFO rally.task.context [-] Task 94e80562-f4d3-45a3-b481-004c511aaa67 | Context users@openstack setup() finished in 4.51 sec
2019-07-08 07:58:50.718 1842 INFO rally.task.context [-] Task 94e80562-f4d3-45a3-b481-004c511aaa67 | Context api_versions@openstack setup() finished in 0.44 sec
2019-07-08 07:58:50.718 1842 INFO rally.task.context [-] Task 94e80562-f4d3-45a3-b481-004c511aaa67 | Context admin_cleanup@openstack setup() finished in 0.00 msec
2019-07-08 07:58:50.725 1842 RALLYDEBUG rally.task.runner [-] Starting the constant runner (task UUID: 94e80562-f4d3-45a3-b481-004c511aaa67). timeout: 0 concurrency: 4 concurrency_per_worker: 1 times: 10 concurrency_overhead: 0 processes_to_start: 4 max_cpu_used: 16
2019-07-08 07:58:50.738 5110 RALLYDEBUG rally.task.runner [-] Starting a worker. concurrency: 1 args: {"consumer": "both", "write_iops_sec": "10", "read_iops_sec": "1000"} times: 10 method_name: run timeout: 0 duration: None cls:
2019-07-08 07:58:50.741 5111 RALLYDEBUG rally.task.runner [-] Starting a worker. concurrency: 1 args: {"consumer": "both", "write_iops_sec": "10", "read_iops_sec": "1000"} times: 10 method_name: run timeout: 0 duration: None cls:
2019-07-08 07:58:50.744 5112 RALLYDEBUG rally.task.runner [-] Starting a worker. concurrency: 1 args: {"consumer": "both", "write_iops_sec": "10", "read_iops_sec": "1000"} times: 10 method_name: run timeout: 0 duration: None cls:
2019-07-08 07:58:50.745 5110 INFO rally.task.runner [-] Task 94e80562-f4d3-45a3-b481-004c511aaa67 | ITER: 1 START
2019-07-08 07:58:50.748 5111 INFO rally.task.runner [-] Task 94e80562-f4d3-45a3-b481-004c511aaa67 | ITER: 2 START
2019-07-08 07:58:50.748 5113 RALLYDEBUG rally.task.runner [-] Starting a worker. concurrency: 1 args: {"consumer": "both", "write_iops_sec": "10", "read_iops_sec": "1000"} times: 10 method_name: run timeout: 0 duration: None cls:
2019-07-08 07:58:50.751 5112 INFO rally.task.runner [-] Task 94e80562-f4d3-45a3-b481-004c511aaa67 | ITER: 3 START
2019-07-08 07:58:50.757 5113 INFO rally.task.runner [-] Task 94e80562-f4d3-45a3-b481-004c511aaa67 | ITER: 4 START
2019-07-08 07:58:51.754 5110 INFO rally.task.runner [-] Task 94e80562-f4d3-45a3-b481-004c511aaa67 | ITER: 1 END: OK
2019-07-08 07:58:51.759 5110 INFO rally.task.runner [-] Task 94e80562-f4d3-45a3-b481-004c511aaa67 | ITER: 5 START
2019-07-08 07:58:51.797 5111 INFO rally.task.runner [-] Task 94e80562-f4d3-45a3-b481-004c511aaa67 | ITER: 2 END: OK
2019-07-08 07:58:51.802 5111 INFO rally.task.runner [-] Task 94e80562-f4d3-45a3-b481-004c511aaa67 | ITER: 6 START
2019-07-08 07:58:51.808 5113 INFO rally.task.runner [-] Task 94e80562-f4d3-45a3-b481-004c511aaa67 | ITER: 4 END: OK
2019-07-08 07:58:51.814 5113 INFO rally.task.runner [-] Task 94e80562-f4d3-45a3-b481-004c511aaa67 | ITER: 7 START
2019-07-08 07:58:51.833 5112 INFO rally.task.runner [-] Task 94e80562-f4d3-45a3-b481-004c511aaa67 | ITER: 3 END: OK
2019-07-08 07:58:51.838 5112 INFO rally.task.runner [-] Task 94e80562-f4d3-45a3-b481-004c511aaa67 | ITER: 8 START
2019-07-08 07:58:52.879 5113 INFO rally.task.runner [-] Task 94e80562-f4d3-45a3-b481-004c511aaa67 | ITER: 7 END: OK
2019-07-08 07:58:52.884 5113 INFO rally.task.runner [-] Task 94e80562-f4d3-45a3-b481-004c511aaa67 | ITER: 9 START
2019-07-08 07:58:52.908 5111 INFO rally.task.runner [-] Task 94e80562-f4d3-45a3-b481-004c511aaa67 | ITER: 6 END: OK
2019-07-08 07:58:52.913 5111 INFO rally.task.runner [-] Task 94e80562-f4d3-45a3-b481-004c511aaa67 | ITER: 10 START
2019-07-08 07:58:52.942 5110 INFO rally.task.runner [-] Task 94e80562-f4d3-45a3-b481-004c511aaa67 | ITER: 5 END: OK
2019-07-08 07:58:52.947 5112 INFO rally.task.runner [-] Task 94e80562-f4d3-45a3-b481-004c511aaa67 | ITER: 8 END: OK
2019-07-08 07:58:53.757 5113 INFO rally.task.runner [-] Task 94e80562-f4d3-45a3-b481-004c511aaa67 | ITER: 9 END: OK
2019-07-08 07:58:53.790 5111 INFO rally.task.runner [-] Task 94e80562-f4d3-45a3-b481-004c511aaa67 | ITER: 10 END: OK
2019-07-08 07:58:53.810 1842 INFO rally.task.context [-] Task 94e80562-f4d3-45a3-b481-004c511aaa67 | Context admin_cleanup@openstack cleanup() started
2019-07-08 07:58:53.811 1842 RALLYDEBUG rally_openstack.cleanup.manager [-] Cleaning up cinder volume_types objects
2019-07-08 07:58:54.557 1842 RALLYDEBUG rally_openstack.cleanup.manager [-] Cleaning up cinder image_volumes_cache objects
2019-07-08 07:58:55.670 1842 RALLYDEBUG rally_openstack.cleanup.manager [-] Cleaning up cinder quotas objects
2019-07-08 07:58:57.133 1842 RALLYDEBUG rally_openstack.cleanup.manager [-] Cleaning up cinder qos_specs objects
2019-07-08 07:58:57.855 1842 RALLYDEBUG rally_openstack.cleanup.manager [-] Deleting cinder.qos_specs object s_rally_af38f559_ED9Sa1UC (8ec7e637-b254-4ca9-a9b9-ce3080435ea5)
2019-07-08 07:58:57.861 1842 RALLYDEBUG rally_openstack.cleanup.manager [-] Deleting cinder.qos_specs object s_rally_af38f559_ZiEnOBaW (08c48941-9fd3-44dd-ac2f-91f6d5273a39)
2019-07-08 07:58:57.870 1842 RALLYDEBUG rally_openstack.cleanup.manager [-] Deleting cinder.qos_specs object s_rally_af38f559_N8OIYe1b (cb7a9b6c-9519-4215-ae51-9b4142d5b8f2)
2019-07-08 07:58:57.880 1842 RALLYDEBUG rally_openstack.cleanup.manager [-] Deleting cinder.qos_specs object s_rally_af38f559_y5Tzekxm (3adb8153-2e44-4410-8636-ec271686eadd)
2019-07-08 07:58:57.881 1842 RALLYDEBUG rally_openstack.cleanup.manager [-] Deleting cinder.qos_specs object s_rally_af38f559_wjU3Gjnu (2fac8ba6-8bac-4b16-9e54-e1ed3b6aeaa0)
2019-07-08 07:58:57.884 1842 RALLYDEBUG rally_openstack.cleanup.manager [-] Deleting cinder.qos_specs object s_rally_af38f559_GB6KWgl4 (274b484e-d34c-4fa2-b8f9-9ae1ba03581a)
2019-07-08 07:58:57.902 1842 RALLYDEBUG rally_openstack.cleanup.manager [-] Deleting cinder.qos_specs object s_rally_af38f559_tBhg4f44 (ec1792e0-26e6-40ca-ba2d-4bbd513e7bc2)
2019-07-08 07:58:57.902 1842 RALLYDEBUG rally_openstack.cleanup.manager [-] Deleting cinder.qos_specs object s_rally_af38f559_5ZmLM8aI (9bb430ba-8771-424d-afa9-1f575d64ed4c)
2019-07-08 07:58:57.910 1842 RALLYDEBUG rally_openstack.cleanup.manager [-] Deleting cinder.qos_specs object s_rally_af38f559_8v8sWFhC (1f18b123-12ce-4dea-982a-ea6a67091ff9)
2019-07-08 07:58:57.942 1842 RALLYDEBUG rally_openstack.cleanup.manager [-] Deleting cinder.qos_specs object s_rally_af38f559_V4ZJjBQd (0c3eafe7-9392-46f0-ae5b-80efaedd8639)
2019-07-08 07:59:00.252 1842 INFO rally.task.context [-] Task 94e80562-f4d3-45a3-b481-004c511aaa67 | Context admin_cleanup@openstack cleanup() finished in 6.44 sec
2019-07-08 07:59:00.252 1842 INFO rally.task.context [-] Task 94e80562-f4d3-45a3-b481-004c511aaa67 | Context api_versions@openstack cleanup() started
2019-07-08 07:59:00.253 1842 INFO rally.task.context [-] Task 94e80562-f4d3-45a3-b481-004c511aaa67 | Context api_versions@openstack cleanup() finished in 0.32 msec
2019-07-08 07:59:00.253 1842 INFO rally.task.context [-] Task 94e80562-f4d3-45a3-b481-004c511aaa67 | Context users@openstack cleanup() started
2019-07-08 07:59:07.187 1842 INFO rally.task.context [-] Task 94e80562-f4d3-45a3-b481-004c511aaa67 | Context users@openstack cleanup() finished in 6.93 sec
2019-07-08 07:59:07.854 1842 INFO rally.task.engine [-] Load duration is: 3.041429
2019-07-08 07:59:07.854 1842 INFO rally.task.engine [-] Full runner duration is: 3.085256
2019-07-08 07:59:07.854 1842 INFO rally.task.engine [-] Full duration is: 21.427638
2019-07-08 07:59:08.061 1842 INFO rally.task.engine [-] Running workload: position = 0 config = { "version": 2, "title": "A cropped version of a bigger task.", "description": "Auto-generated task from a single workload (uuid=299988b8-64a1-493e-8ee3-76cc0fceb16d)", "subtasks": [ { "title": "CinderQos.create_and_list_qos", "description": "Create a qos, then list all qos.", "scenario": { "CinderQos.create_and_list_qos": { "consumer": "both", "write_iops_sec": "10", "read_iops_sec": "1000" } }, "contexts": { "users": { "tenants": 3, "users_per_tenant": 2 }, "api_versions": { "cinder": { "version": 3, "service_type": "volumev3" } } }, "runner": { "constant": { "concurrency": 4, "times": 10 } }, "hooks": [], "sla": { "failure_rate": { "max": 0 } } } ] }
2019-07-08 07:59:08.084 1842 RALLYDEBUG rally_openstack.contexts.keystone.users [-] Creating 3 tenants using 20 threads
2019-07-08 07:59:09.948 1842 RALLYDEBUG rally_openstack.contexts.keystone.users [-] Creating 6 users using 20 threads
2019-07-08 07:59:12.776 1842 INFO rally.task.context [-] Task 94e80562-f4d3-45a3-b481-004c511aaa67 | Context users@openstack setup() finished in 4.69 sec
2019-07-08 07:59:13.205 1842 INFO rally.task.context [-] Task 94e80562-f4d3-45a3-b481-004c511aaa67 | Context api_versions@openstack setup() finished in 0.43 sec
2019-07-08 07:59:13.206 1842 INFO rally.task.context [-] Task 94e80562-f4d3-45a3-b481-004c511aaa67 | Context admin_cleanup@openstack setup() finished in 0.00 msec
2019-07-08 07:59:13.213 1842 RALLYDEBUG rally.task.runner [-] Starting the constant runner (task UUID: 94e80562-f4d3-45a3-b481-004c511aaa67). timeout: 0 concurrency: 4 concurrency_per_worker: 1 times: 10 concurrency_overhead: 0 processes_to_start: 4 max_cpu_used: 16
2019-07-08 07:59:13.227 5294 RALLYDEBUG rally.task.runner [-] Starting a worker. concurrency: 1 args: {"consumer": "both", "write_iops_sec": "10", "read_iops_sec": "1000"} times: 10 method_name: run timeout: 0 duration: None cls:
2019-07-08 07:59:13.229 5295 RALLYDEBUG rally.task.runner [-] Starting a worker. concurrency: 1 args: {"consumer": "both", "write_iops_sec": "10", "read_iops_sec": "1000"} times: 10 method_name: run timeout: 0 duration: None cls:
2019-07-08 07:59:13.232 5296 RALLYDEBUG rally.task.runner [-] Starting a worker. concurrency: 1 args: {"consumer": "both", "write_iops_sec": "10", "read_iops_sec": "1000"} times: 10 method_name: run timeout: 0 duration: None cls:
2019-07-08 07:59:13.234 5294 INFO rally.task.runner [-] Task 94e80562-f4d3-45a3-b481-004c511aaa67 | ITER: 1 START
2019-07-08 07:59:13.235 5297 RALLYDEBUG rally.task.runner [-] Starting a worker. concurrency: 1 args: {"consumer": "both", "write_iops_sec": "10", "read_iops_sec": "1000"} times: 10 method_name: run timeout: 0 duration: None cls:
2019-07-08 07:59:13.236 5295 INFO rally.task.runner [-] Task 94e80562-f4d3-45a3-b481-004c511aaa67 | ITER: 2 START
2019-07-08 07:59:13.240 5296 INFO rally.task.runner [-] Task 94e80562-f4d3-45a3-b481-004c511aaa67 | ITER: 3 START
2019-07-08 07:59:13.245 5297 INFO rally.task.runner [-] Task 94e80562-f4d3-45a3-b481-004c511aaa67 | ITER: 4 START
2019-07-08 07:59:14.328 5294 INFO rally.task.runner [-] Task 94e80562-f4d3-45a3-b481-004c511aaa67 | ITER: 1 END: OK
2019-07-08 07:59:14.333 5294 INFO rally.task.runner [-] Task 94e80562-f4d3-45a3-b481-004c511aaa67 | ITER: 5 START
2019-07-08 07:59:14.357 5296 INFO rally.task.runner [-] Task 94e80562-f4d3-45a3-b481-004c511aaa67 | ITER: 3 END: OK
2019-07-08 07:59:14.362 5296 INFO rally.task.runner [-] Task 94e80562-f4d3-45a3-b481-004c511aaa67 | ITER: 6 START
2019-07-08 07:59:14.373 5295 INFO rally.task.runner [-] Task 94e80562-f4d3-45a3-b481-004c511aaa67 | ITER: 2 END: OK
2019-07-08 07:59:14.378 5295 INFO rally.task.runner [-] Task 94e80562-f4d3-45a3-b481-004c511aaa67 | ITER: 7 START
2019-07-08 07:59:14.403 5297 INFO rally.task.runner [-] Task 94e80562-f4d3-45a3-b481-004c511aaa67 | ITER: 4 END: OK
2019-07-08 07:59:14.409 5297 INFO rally.task.runner [-] Task 94e80562-f4d3-45a3-b481-004c511aaa67 | ITER: 8 START
2019-07-08 07:59:15.305 5294 INFO rally.task.runner [-] Task 94e80562-f4d3-45a3-b481-004c511aaa67 | ITER: 5 END: OK
2019-07-08 07:59:15.310 5294 INFO rally.task.runner [-] Task 94e80562-f4d3-45a3-b481-004c511aaa67 | ITER: 9 START
2019-07-08 07:59:15.344 5297 INFO rally.task.runner [-] Task 94e80562-f4d3-45a3-b481-004c511aaa67 | ITER: 8 END: OK
2019-07-08 07:59:15.349 5297 INFO rally.task.runner [-] Task 94e80562-f4d3-45a3-b481-004c511aaa67 | ITER: 10 START
2019-07-08 07:59:15.354 5296 INFO rally.task.runner [-] Task 94e80562-f4d3-45a3-b481-004c511aaa67 | ITER: 6 END: OK
2019-07-08 07:59:15.367 5295 INFO rally.task.runner [-] Task 94e80562-f4d3-45a3-b481-004c511aaa67 | ITER: 7 END: OK
2019-07-08 07:59:16.204 5294 INFO rally.task.runner [-] Task 94e80562-f4d3-45a3-b481-004c511aaa67 | ITER: 9 END: OK
2019-07-08 07:59:16.221 5297 INFO rally.task.runner [-] Task 94e80562-f4d3-45a3-b481-004c511aaa67 | ITER: 10 END: OK
2019-07-08 07:59:16.240 1842 INFO rally.task.context [-] Task 94e80562-f4d3-45a3-b481-004c511aaa67 | Context admin_cleanup@openstack cleanup() started
2019-07-08 07:59:16.243 1842 RALLYDEBUG rally_openstack.cleanup.manager [-] Cleaning up cinder volume_types objects
2019-07-08 07:59:17.013 1842 RALLYDEBUG rally_openstack.cleanup.manager [-] Cleaning up cinder image_volumes_cache objects
2019-07-08 07:59:17.973 1842 RALLYDEBUG rally_openstack.cleanup.manager [-] Cleaning up cinder quotas objects
2019-07-08 07:59:19.510 1842 RALLYDEBUG rally_openstack.cleanup.manager [-] Cleaning up cinder qos_specs objects
2019-07-08 07:59:20.146 1842 RALLYDEBUG rally_openstack.cleanup.manager [-] Deleting cinder.qos_specs object s_rally_299988b8_ES8gq9d0 (eef9565e-40a8-4f2b-8f62-f2050294795e)
2019-07-08 07:59:20.151 1842 RALLYDEBUG rally_openstack.cleanup.manager [-] Deleting cinder.qos_specs object s_rally_299988b8_EvYebOd2 (3eb19e2d-7fc8-4e0d-bbb9-5dc3efbc8536)
2019-07-08 07:59:20.159 1842 RALLYDEBUG rally_openstack.cleanup.manager [-] Deleting cinder.qos_specs object s_rally_299988b8_L1dcpdze (d6843a21-6e1b-4f99-aca7-3ad54e260c45)
2019-07-08 07:59:20.162 1842 RALLYDEBUG rally_openstack.cleanup.manager [-] Deleting cinder.qos_specs object s_rally_299988b8_VluMYaQ1 (a459765f-31f0-4925-a534-471973e6fd79)
2019-07-08 07:59:20.175 1842 RALLYDEBUG rally_openstack.cleanup.manager [-] Deleting cinder.qos_specs object s_rally_299988b8_tNEeByoF (2b463011-7d09-401a-8fc0-a44f5bf80952)
2019-07-08 07:59:20.176 1842 RALLYDEBUG rally_openstack.cleanup.manager [-] Deleting cinder.qos_specs object s_rally_299988b8_3ovm0dF9 (51c02f1b-8be5-4456-9da7-7a5d9d165932)
2019-07-08 07:59:20.199 1842 RALLYDEBUG rally_openstack.cleanup.manager [-] Deleting cinder.qos_specs object s_rally_299988b8_Qz2alfzt (643775ac-8dee-469d-9b1c-ac8699487790)
2019-07-08 07:59:20.212 1842 RALLYDEBUG rally_openstack.cleanup.manager [-] Deleting cinder.qos_specs object s_rally_299988b8_A3V30g5f (72164765-9bca-4b7b-95fc-525b4f831158)
2019-07-08 07:59:20.220 1842 RALLYDEBUG rally_openstack.cleanup.manager [-] Deleting cinder.qos_specs object s_rally_299988b8_BqvkWbh2 (24d35f86-7171-42cb-86a9-f580e5b535e2)
2019-07-08 07:59:20.222 1842 RALLYDEBUG rally_openstack.cleanup.manager [-] Deleting cinder.qos_specs object s_rally_299988b8_IA3VUtRe (ee70eaca-ab0c-4ce5-8ff2-7614e271d4c6)
2019-07-08 07:59:22.578 1842 INFO rally.task.context [-] Task 94e80562-f4d3-45a3-b481-004c511aaa67 | Context admin_cleanup@openstack cleanup() finished in 6.34 sec
2019-07-08 07:59:22.578 1842 INFO rally.task.context [-] Task 94e80562-f4d3-45a3-b481-004c511aaa67 | Context api_versions@openstack cleanup() started
2019-07-08 07:59:22.579 1842 INFO rally.task.context [-] Task 94e80562-f4d3-45a3-b481-004c511aaa67 | Context api_versions@openstack cleanup() finished in 0.32 msec
2019-07-08 07:59:22.579 1842 INFO rally.task.context [-] Task 94e80562-f4d3-45a3-b481-004c511aaa67 | Context users@openstack cleanup() started
2019-07-08 07:59:29.441 1842 INFO rally.task.context [-] Task 94e80562-f4d3-45a3-b481-004c511aaa67 | Context users@openstack cleanup() finished in 6.86 sec
2019-07-08 07:59:30.254 1842 INFO rally.task.engine [-] Load duration is: 2.9825
2019-07-08 07:59:30.254 1842 INFO rally.task.engine [-] Full runner duration is: 3.027841
2019-07-08 07:59:30.254 1842 INFO rally.task.engine [-] Full duration is: 21.360287
2019-07-08 07:59:30.504 1842 INFO rally.task.engine [-] Running workload: position = 0 config = { "version": 2, "title": "A cropped version of a bigger task.", "description": "Auto-generated task from a single workload (uuid=ef2d2615-0903-41dd-a998-52df659f56bf)", "subtasks": [ { "title": "CinderQos.create_and_set_qos", "description": "Create a qos, then Add/Update keys in qos specs.", "scenario": { "CinderQos.create_and_set_qos": { "consumer": "back-end", "write_iops_sec": "10", "read_iops_sec": "1000", "set_consumer": "both", "set_write_iops_sec": "11", "set_read_iops_sec": "1001" } }, "contexts": { "users": { "tenants": 3, "users_per_tenant": 2 }, "api_versions": { "cinder": { "version": 3, "service_type": "volumev3" } } }, "runner": { "constant": { "concurrency": 4, "times": 10 } }, "hooks": [], "sla": { "failure_rate": { "max": 0 } } } ] }
2019-07-08 07:59:30.526 1842 RALLYDEBUG rally_openstack.contexts.keystone.users [-] Creating 3 tenants using 20 threads
2019-07-08 07:59:32.293 1842 RALLYDEBUG rally_openstack.contexts.keystone.users [-] Creating 6 users using 20 threads
2019-07-08 07:59:34.998 1842 INFO rally.task.context [-] Task 94e80562-f4d3-45a3-b481-004c511aaa67 | Context users@openstack setup() finished in 4.47 sec
2019-07-08 07:59:35.427 1842 INFO rally.task.context [-] Task 94e80562-f4d3-45a3-b481-004c511aaa67 | Context api_versions@openstack setup() finished in 0.43 sec
2019-07-08 07:59:35.427 1842 INFO rally.task.context [-] Task 94e80562-f4d3-45a3-b481-004c511aaa67 | Context admin_cleanup@openstack setup() finished in 0.01 msec
2019-07-08 07:59:35.434 1842 RALLYDEBUG rally.task.runner [-] Starting the constant runner (task UUID: 94e80562-f4d3-45a3-b481-004c511aaa67). timeout: 0 concurrency: 4 concurrency_per_worker: 1 times: 10 concurrency_overhead: 0 processes_to_start: 4 max_cpu_used: 16
2019-07-08 07:59:35.448 5478 RALLYDEBUG rally.task.runner [-] Starting a worker. concurrency: 1 args: {"consumer": "back-end", "write_iops_sec": "10", "read_iops_sec": "1000", "set_consumer": "both", "set_write_iops_sec": "11", "set_read_iops_sec": "1001"} times: 10 method_name: run timeout: 0 duration: None cls:
2019-07-08 07:59:35.450 5479 RALLYDEBUG rally.task.runner [-] Starting a worker. concurrency: 1 args: {"consumer": "back-end", "write_iops_sec": "10", "read_iops_sec": "1000", "set_consumer": "both", "set_write_iops_sec": "11", "set_read_iops_sec": "1001"} times: 10 method_name: run timeout: 0 duration: None cls:
2019-07-08 07:59:35.453 5480 RALLYDEBUG rally.task.runner [-] Starting a worker. concurrency: 1 args: {"consumer": "back-end", "write_iops_sec": "10", "read_iops_sec": "1000", "set_consumer": "both", "set_write_iops_sec": "11", "set_read_iops_sec": "1001"} times: 10 method_name: run timeout: 0 duration: None cls:
2019-07-08 07:59:35.456 5478 INFO rally.task.runner [-] Task 94e80562-f4d3-45a3-b481-004c511aaa67 | ITER: 1 START
2019-07-08 07:59:35.456 5481 RALLYDEBUG rally.task.runner [-] Starting a worker. concurrency: 1 args: {"consumer": "back-end", "write_iops_sec": "10", "read_iops_sec": "1000", "set_consumer": "both", "set_write_iops_sec": "11", "set_read_iops_sec": "1001"} times: 10 method_name: run timeout: 0 duration: None cls:
2019-07-08 07:59:35.459 5479 INFO rally.task.runner [-] Task 94e80562-f4d3-45a3-b481-004c511aaa67 | ITER: 2 START
2019-07-08 07:59:35.460 5480 INFO rally.task.runner [-] Task 94e80562-f4d3-45a3-b481-004c511aaa67 | ITER: 3 START
2019-07-08 07:59:35.464 5481 INFO rally.task.runner [-] Task 94e80562-f4d3-45a3-b481-004c511aaa67 | ITER: 4 START
2019-07-08 07:59:36.539 5479 INFO rally.task.runner [-] Task 94e80562-f4d3-45a3-b481-004c511aaa67 | ITER: 2 END: OK
2019-07-08 07:59:36.545 5479 INFO rally.task.runner [-] Task 94e80562-f4d3-45a3-b481-004c511aaa67 | ITER: 5 START
2019-07-08 07:59:36.563 5478 INFO rally.task.runner [-] Task 94e80562-f4d3-45a3-b481-004c511aaa67 | ITER: 1 END: OK
2019-07-08 07:59:36.568 5478 INFO rally.task.runner [-] Task 94e80562-f4d3-45a3-b481-004c511aaa67 | ITER: 6 START
2019-07-08 07:59:36.610 5480 INFO rally.task.runner [-] Task 94e80562-f4d3-45a3-b481-004c511aaa67 | ITER: 3 END: OK
2019-07-08 07:59:36.616 5480 INFO rally.task.runner [-] Task 94e80562-f4d3-45a3-b481-004c511aaa67 | ITER: 7 START
2019-07-08 07:59:36.647 5481 INFO rally.task.runner [-] Task 94e80562-f4d3-45a3-b481-004c511aaa67 | ITER: 4 END: OK
2019-07-08 07:59:36.652 5481 INFO rally.task.runner [-] Task 94e80562-f4d3-45a3-b481-004c511aaa67 | ITER: 8 START
2019-07-08 07:59:37.503 5480 INFO rally.task.runner [-] Task 94e80562-f4d3-45a3-b481-004c511aaa67 | ITER: 7 END: OK
2019-07-08 07:59:37.507 5480 INFO rally.task.runner [-] Task 94e80562-f4d3-45a3-b481-004c511aaa67 | ITER: 9 START
2019-07-08 07:59:37.642 5479 INFO rally.task.runner [-] Task 94e80562-f4d3-45a3-b481-004c511aaa67 | ITER: 5 END: OK
2019-07-08 07:59:37.647 5479 INFO rally.task.runner [-] Task 94e80562-f4d3-45a3-b481-004c511aaa67 | ITER: 10 START
2019-07-08 07:59:37.685 5481 INFO rally.task.runner [-] Task 94e80562-f4d3-45a3-b481-004c511aaa67 | ITER: 8 END: OK
2019-07-08 07:59:37.691 5478 INFO rally.task.runner [-] Task 94e80562-f4d3-45a3-b481-004c511aaa67 | ITER: 6 END: OK
2019-07-08 07:59:38.404 5480 INFO rally.task.runner [-] Task 94e80562-f4d3-45a3-b481-004c511aaa67 | ITER: 9 END: OK
2019-07-08 07:59:38.596 5479 INFO rally.task.runner [-] Task 94e80562-f4d3-45a3-b481-004c511aaa67 | ITER: 10 END: OK
2019-07-08 07:59:38.623 1842 INFO rally.task.context [-] Task 94e80562-f4d3-45a3-b481-004c511aaa67 | Context admin_cleanup@openstack cleanup() started
2019-07-08 07:59:38.626 1842 RALLYDEBUG rally_openstack.cleanup.manager [-] Cleaning up cinder volume_types objects
2019-07-08 07:59:39.268 1842 RALLYDEBUG rally_openstack.cleanup.manager [-] Cleaning up cinder image_volumes_cache objects
2019-07-08 07:59:40.216 1842 RALLYDEBUG rally_openstack.cleanup.manager [-] Cleaning up cinder quotas objects
2019-07-08 07:59:41.699 1842 RALLYDEBUG rally_openstack.cleanup.manager [-] Cleaning up cinder qos_specs objects
2019-07-08 07:59:42.342 1842 RALLYDEBUG rally_openstack.cleanup.manager [-] Deleting cinder.qos_specs object s_rally_ef2d2615_hPs6p5Xz (394ce540-19d6-4ef3-83ff-f829f763f986)
2019-07-08 07:59:42.347 1842 RALLYDEBUG rally_openstack.cleanup.manager [-] Deleting cinder.qos_specs object s_rally_ef2d2615_3tunRRIW (3657edb7-531c-45cd-9e70-64fe505c9fb9)
2019-07-08 07:59:42.351 1842 RALLYDEBUG rally_openstack.cleanup.manager [-] Deleting cinder.qos_specs object s_rally_ef2d2615_p9c37DE7 (ed271aad-6867-4152-87b8-3a791607f74a)
2019-07-08 07:59:42.357 1842 RALLYDEBUG rally_openstack.cleanup.manager [-] Deleting cinder.qos_specs object s_rally_ef2d2615_8G6n4P4e (90d0e18b-2511-4435-8c4b-01bc01bca22a)
2019-07-08 07:59:42.363 1842 RALLYDEBUG rally_openstack.cleanup.manager [-] Deleting cinder.qos_specs object s_rally_ef2d2615_JnFNYd6N (7770709d-ec47-4c5d-98b9-c32efe991801)
2019-07-08 07:59:42.376 1842 RALLYDEBUG rally_openstack.cleanup.manager [-] Deleting cinder.qos_specs object s_rally_ef2d2615_rWC70gj5 (48785637-aea8-488b-b98b-ef2051427545)
2019-07-08 07:59:42.393 1842 RALLYDEBUG rally_openstack.cleanup.manager [-] Deleting cinder.qos_specs object s_rally_ef2d2615_jsXan7D2 (4283996b-953a-429e-9e81-a0b62d4c1b64)
2019-07-08 07:59:42.399 1842 RALLYDEBUG rally_openstack.cleanup.manager [-] Deleting cinder.qos_specs object s_rally_ef2d2615_4JXBUmvh (2df9d6b2-061a-48e8-9929-dd6f3b05bd2c)
2019-07-08 07:59:42.409 1842 RALLYDEBUG rally_openstack.cleanup.manager [-] Deleting cinder.qos_specs object s_rally_ef2d2615_RBr12H54 (232f9e9c-def4-4735-9b57-a32963a0a0b3)
2019-07-08 07:59:42.424 1842 RALLYDEBUG rally_openstack.cleanup.manager [-] Deleting cinder.qos_specs object s_rally_ef2d2615_JSK05wme (0ff2c9a4-f844-412b-9dfc-cbcc34b74d52)
2019-07-08 07:59:44.749 1842 INFO rally.task.context [-] Task 94e80562-f4d3-45a3-b481-004c511aaa67 | Context admin_cleanup@openstack cleanup() finished in 6.13 sec
2019-07-08 07:59:44.750 1842 INFO rally.task.context [-] Task 94e80562-f4d3-45a3-b481-004c511aaa67 | Context api_versions@openstack cleanup() started
2019-07-08 07:59:44.750 1842 INFO rally.task.context [-] Task 94e80562-f4d3-45a3-b481-004c511aaa67 | Context api_versions@openstack cleanup() finished in 0.35 msec
2019-07-08 07:59:44.751 1842 INFO rally.task.context [-] Task 94e80562-f4d3-45a3-b481-004c511aaa67 | Context users@openstack cleanup() started
2019-07-08 07:59:51.695 1842 INFO rally.task.context [-] Task 94e80562-f4d3-45a3-b481-004c511aaa67 | Context users@openstack cleanup() finished in 6.94 sec
2019-07-08 07:59:52.626 1842 INFO rally.task.engine [-] Load duration is: 3.136424
2019-07-08 07:59:52.626 1842 INFO rally.task.engine [-] Full runner duration is: 3.18947
2019-07-08 07:59:52.627 1842 INFO rally.task.engine [-] Full duration is: 21.17122
2019-07-08 07:59:52.858 1842 INFO rally.task.engine [-] Running workload: position = 0 config = { "version": 2, "title": "A cropped version of a bigger task.", "description": "Auto-generated task from a single workload (uuid=0f1e545a-3d0e-44cf-8f08-43613ea996a7)", "subtasks": [ { "title": "CinderVolumeTypes.create_and_get_volume_type", "description": "Create a volume Type, then get the details of the type.", "scenario": { "CinderVolumeTypes.create_and_get_volume_type": { "description": "rally tests creating types" } }, "contexts": { "users": { "tenants": 3, "users_per_tenant": 2 }, "api_versions": { "cinder": { "version": 3, "service_type": "volumev3" } } }, "runner": { "constant": { "concurrency": 4, "times": 10 } }, "hooks": [], "sla": { "failure_rate": { "max": 0 } } } ] }
2019-07-08 07:59:52.879 1842 RALLYDEBUG rally_openstack.contexts.keystone.users [-] Creating 3 tenants using 20 threads
2019-07-08 07:59:54.646 1842 RALLYDEBUG rally_openstack.contexts.keystone.users [-] Creating 6 users using 20 threads
2019-07-08 07:59:57.411 1842 INFO rally.task.context [-] Task 94e80562-f4d3-45a3-b481-004c511aaa67 | Context users@openstack setup() finished in 4.53 sec
2019-07-08 07:59:57.826 1842 INFO rally.task.context [-] Task 94e80562-f4d3-45a3-b481-004c511aaa67 | Context api_versions@openstack setup() finished in 0.41 sec
2019-07-08 07:59:57.827 1842 INFO rally.task.context [-] Task 94e80562-f4d3-45a3-b481-004c511aaa67 | Context admin_cleanup@openstack setup() finished in 0.00 msec
2019-07-08 07:59:57.834 1842 RALLYDEBUG rally.task.runner [-] Starting the constant runner (task UUID: 94e80562-f4d3-45a3-b481-004c511aaa67). timeout: 0 concurrency: 4 concurrency_per_worker: 1 times: 10 concurrency_overhead: 0 processes_to_start: 4 max_cpu_used: 16
2019-07-08 07:59:57.847 5662 RALLYDEBUG rally.task.runner [-] Starting a worker. concurrency: 1 args: {"description": "rally tests creating types"} times: 10 method_name: run timeout: 0 duration: None cls:
2019-07-08 07:59:57.850 5663 RALLYDEBUG rally.task.runner [-] Starting a worker. concurrency: 1 args: {"description": "rally tests creating types"} times: 10 method_name: run timeout: 0 duration: None cls:
2019-07-08 07:59:57.853 5664 RALLYDEBUG rally.task.runner [-] Starting a worker. concurrency: 1 args: {"description": "rally tests creating types"} times: 10 method_name: run timeout: 0 duration: None cls:
2019-07-08 07:59:57.855 5662 INFO rally.task.runner [-] Task 94e80562-f4d3-45a3-b481-004c511aaa67 | ITER: 1 START
2019-07-08 07:59:57.856 5665 RALLYDEBUG rally.task.runner [-] Starting a worker. concurrency: 1 args: {"description": "rally tests creating types"} times: 10 method_name: run timeout: 0 duration: None cls:
2019-07-08 07:59:57.858 5663 INFO rally.task.runner [-] Task 94e80562-f4d3-45a3-b481-004c511aaa67 | ITER: 2 START
2019-07-08 07:59:57.861 5664 INFO rally.task.runner [-] Task 94e80562-f4d3-45a3-b481-004c511aaa67 | ITER: 3 START
2019-07-08 07:59:57.865 5665 INFO rally.task.runner [-] Task 94e80562-f4d3-45a3-b481-004c511aaa67 | ITER: 4 START
2019-07-08 07:59:58.929 5663 INFO rally.task.runner [-] Task 94e80562-f4d3-45a3-b481-004c511aaa67 | ITER: 2 END: OK
2019-07-08 07:59:58.934 5663 INFO rally.task.runner [-] Task 94e80562-f4d3-45a3-b481-004c511aaa67 | ITER: 5 START
2019-07-08 07:59:58.951 5662 INFO rally.task.runner [-] Task 94e80562-f4d3-45a3-b481-004c511aaa67 | ITER: 1 END: OK
2019-07-08 07:59:58.956 5662 INFO rally.task.runner [-] Task 94e80562-f4d3-45a3-b481-004c511aaa67 | ITER: 6 START
2019-07-08 07:59:59.036 5664 INFO rally.task.runner [-] Task 94e80562-f4d3-45a3-b481-004c511aaa67 | ITER: 3 END: OK
2019-07-08 07:59:59.042 5664 INFO rally.task.runner [-] Task 94e80562-f4d3-45a3-b481-004c511aaa67 | ITER: 7 START
2019-07-08 07:59:59.051 5665 INFO rally.task.runner [-] Task 94e80562-f4d3-45a3-b481-004c511aaa67 | ITER: 4 END: OK
2019-07-08 07:59:59.057 5665 INFO rally.task.runner [-] Task 94e80562-f4d3-45a3-b481-004c511aaa67 | ITER: 8 START
2019-07-08 07:59:59.946 5663 INFO rally.task.runner [-] Task 94e80562-f4d3-45a3-b481-004c511aaa67 | ITER: 5 END: OK
2019-07-08 07:59:59.948 5662 INFO rally.task.runner [-] Task 94e80562-f4d3-45a3-b481-004c511aaa67 | ITER: 6 END: OK
2019-07-08 07:59:59.951 5663 INFO rally.task.runner [-] Task 94e80562-f4d3-45a3-b481-004c511aaa67 | ITER: 9 START
2019-07-08 07:59:59.952 5662 INFO rally.task.runner [-] Task 94e80562-f4d3-45a3-b481-004c511aaa67 | ITER: 10 START
2019-07-08 07:59:59.999 5664 INFO rally.task.runner [-] Task 94e80562-f4d3-45a3-b481-004c511aaa67 | ITER: 7 END: OK
2019-07-08 08:00:00.020 5665 INFO rally.task.runner [-] Task 94e80562-f4d3-45a3-b481-004c511aaa67 | ITER: 8 END: OK
2019-07-08 08:00:00.817 5662 INFO rally.task.runner [-] Task 94e80562-f4d3-45a3-b481-004c511aaa67 | ITER: 10 END: OK
2019-07-08 08:00:00.823 5663 INFO rally.task.runner [-] Task 94e80562-f4d3-45a3-b481-004c511aaa67 | ITER: 9 END: OK
2019-07-08 08:00:00.853 1842 INFO rally.task.context [-] Task 94e80562-f4d3-45a3-b481-004c511aaa67 | Context admin_cleanup@openstack cleanup() started
2019-07-08 08:00:00.855 1842 RALLYDEBUG rally_openstack.cleanup.manager [-] Cleaning up cinder volume_types objects
2019-07-08 08:00:01.550 1842 RALLYDEBUG rally_openstack.cleanup.manager [-] Deleting cinder.volume_types object s_rally_0f1e545a_ZRXhMPNc (86dc94c8-71ab-4902-819a-5141da93a3eb)
2019-07-08 08:00:01.551 1842 RALLYDEBUG rally_openstack.cleanup.manager [-] Deleting cinder.volume_types object s_rally_0f1e545a_GSv6cD1M (5ea6d32b-b169-4e0b-bb4d-23ee06870351)
2019-07-08 08:00:01.551 1842 RALLYDEBUG rally_openstack.cleanup.manager [-] Deleting cinder.volume_types object s_rally_0f1e545a_4DVUf9iU (775df907-f50c-408d-8243-f26fd69639dc)
2019-07-08 08:00:01.559 1842 RALLYDEBUG rally_openstack.cleanup.manager [-] Deleting cinder.volume_types object s_rally_0f1e545a_F8JpMREG (a25e9d65-d70b-4f2f-a9aa-612f67d2b8c0)
2019-07-08 08:00:01.559 1842 RALLYDEBUG rally_openstack.cleanup.manager [-] Deleting cinder.volume_types object s_rally_0f1e545a_Gbo8V0rc (e9cb3fc1-e0a8-44ea-9611-32926bfe45bd)
2019-07-08 08:00:01.562 1842 RALLYDEBUG rally_openstack.cleanup.manager [-] Deleting cinder.volume_types object s_rally_0f1e545a_2FdubHBt (35fa0868-cdd4-4797-86de-d3df17bd0e30)
2019-07-08 08:00:01.564 1842 RALLYDEBUG rally_openstack.cleanup.manager [-] Deleting cinder.volume_types object s_rally_0f1e545a_7EMyqMxq (45b95de6-74be-43d4-8364-470460fbc151)
2019-07-08 08:00:01.570 1842 RALLYDEBUG rally_openstack.cleanup.manager [-] Deleting cinder.volume_types object s_rally_0f1e545a_ksW901a7 (c51eb605-97fa-485c-82e9-0533ce89ff37)
2019-07-08 08:00:01.581 1842 RALLYDEBUG rally_openstack.cleanup.manager [-] Deleting cinder.volume_types object s_rally_0f1e545a_uLv81SWR (b5b3e80f-4b67-4b18-9703-6b30beb6e1e5)
2019-07-08 08:00:01.584 1842 RALLYDEBUG rally_openstack.cleanup.manager [-] Deleting cinder.volume_types object s_rally_0f1e545a_8PXbvhlb (56147f62-d30a-4ce4-ae9c-528450d1110c)
2019-07-08 08:00:03.926 1842 RALLYDEBUG rally_openstack.cleanup.manager [-] Cleaning up cinder image_volumes_cache objects
2019-07-08 08:00:04.871 1842 RALLYDEBUG rally_openstack.cleanup.manager [-] Cleaning up cinder quotas objects
2019-07-08 08:00:06.335 1842 RALLYDEBUG rally_openstack.cleanup.manager [-] Cleaning up cinder qos_specs objects
2019-07-08 08:00:07.053 1842 INFO rally.task.context [-] Task 94e80562-f4d3-45a3-b481-004c511aaa67 | Context admin_cleanup@openstack cleanup() finished in 6.20 sec
2019-07-08 08:00:07.053 1842 INFO rally.task.context [-] Task 94e80562-f4d3-45a3-b481-004c511aaa67 | Context api_versions@openstack cleanup() started
2019-07-08 08:00:07.054 1842 INFO rally.task.context [-] Task 94e80562-f4d3-45a3-b481-004c511aaa67 | Context api_versions@openstack cleanup() finished in 0.29 msec
2019-07-08 08:00:07.054 1842 INFO rally.task.context [-] Task 94e80562-f4d3-45a3-b481-004c511aaa67 | Context users@openstack cleanup() started
2019-07-08 08:00:13.961 1842 INFO rally.task.context [-] Task 94e80562-f4d3-45a3-b481-004c511aaa67 | Context users@openstack cleanup() finished in 6.91 sec
2019-07-08 08:00:14.983 1842 INFO rally.task.engine [-] Load duration is: 2.963936
2019-07-08 08:00:14.983 1842 INFO rally.task.engine [-] Full runner duration is: 3.019446
2019-07-08 08:00:14.983 1842 INFO rally.task.engine [-] Full duration is: 21.083899
2019-07-08 08:00:15.193 1842 INFO rally.task.engine [-] Running workload: position = 0 config = { "version": 2, "title": "A cropped version of a bigger task.", "description": "Auto-generated task from a single workload (uuid=4b951014-7ac9-4b19-977b-73802996858b)", "subtasks": [ { "title": "CinderVolumeTypes.create_and_list_volume_types", "description": "Create a volume Type, then list all types.", "scenario": { "CinderVolumeTypes.create_and_list_volume_types": { "description": "rally tests creating types" } }, "contexts": { "users": { "tenants": 3, "users_per_tenant": 2 }, "api_versions": { "cinder": { "version": 3, "service_type": "volumev3" } } }, "runner": { "constant": { "concurrency": 4, "times": 10 } }, "hooks": [], "sla": { "failure_rate": { "max": 0 } } } ] }
2019-07-08 08:00:15.217 1842 RALLYDEBUG rally_openstack.contexts.keystone.users [-] Creating 3 tenants using 20 threads
2019-07-08 08:00:17.188 1842 RALLYDEBUG rally_openstack.contexts.keystone.users [-] Creating 6 users using 20 threads
2019-07-08 08:00:19.962 1842 INFO rally.task.context [-] Task 94e80562-f4d3-45a3-b481-004c511aaa67 | Context users@openstack setup() finished in 4.75 sec
2019-07-08 08:00:20.381 1842 INFO rally.task.context [-] Task 94e80562-f4d3-45a3-b481-004c511aaa67 | Context api_versions@openstack setup() finished in 0.42 sec
2019-07-08 08:00:20.381 1842 INFO rally.task.context [-] Task 94e80562-f4d3-45a3-b481-004c511aaa67 | Context admin_cleanup@openstack setup() finished in 0.00 msec
2019-07-08 08:00:20.388 1842 RALLYDEBUG rally.task.runner [-] Starting the constant runner (task UUID: 94e80562-f4d3-45a3-b481-004c511aaa67). timeout: 0 concurrency: 4 concurrency_per_worker: 1 times: 10 concurrency_overhead: 0 processes_to_start: 4 max_cpu_used: 16
2019-07-08 08:00:20.398 5846 RALLYDEBUG rally.task.runner [-] Starting a worker. concurrency: 1 args: {"description": "rally tests creating types"} times: 10 method_name: run timeout: 0 duration: None cls:
2019-07-08 08:00:20.403 5846 INFO rally.task.runner [-] Task 94e80562-f4d3-45a3-b481-004c511aaa67 | ITER: 1 START
2019-07-08 08:00:20.403 5847 RALLYDEBUG rally.task.runner [-] Starting a worker. concurrency: 1 args: {"description": "rally tests creating types"} times: 10 method_name: run timeout: 0 duration: None cls:
2019-07-08 08:00:20.406 5848 RALLYDEBUG rally.task.runner [-] Starting a worker. concurrency: 1 args: {"description": "rally tests creating types"} times: 10 method_name: run timeout: 0 duration: None cls:
2019-07-08 08:00:20.407 5851 RALLYDEBUG rally.task.runner [-] Starting a worker. concurrency: 1 args: {"description": "rally tests creating types"} times: 10 method_name: run timeout: 0 duration: None cls:
2019-07-08 08:00:20.410 5847 INFO rally.task.runner [-] Task 94e80562-f4d3-45a3-b481-004c511aaa67 | ITER: 2 START
2019-07-08 08:00:20.412 5851 INFO rally.task.runner [-] Task 94e80562-f4d3-45a3-b481-004c511aaa67 | ITER: 4 START
2019-07-08 08:00:20.412 5848 INFO rally.task.runner [-] Task 94e80562-f4d3-45a3-b481-004c511aaa67 | ITER: 3 START
2019-07-08 08:00:21.431 5848 INFO rally.task.runner [-] Task 94e80562-f4d3-45a3-b481-004c511aaa67 | ITER: 3 END: OK
2019-07-08 08:00:21.435 5848 INFO rally.task.runner [-] Task 94e80562-f4d3-45a3-b481-004c511aaa67 | ITER: 5 START
2019-07-08 08:00:21.464 5851 INFO rally.task.runner [-] Task 94e80562-f4d3-45a3-b481-004c511aaa67 | ITER: 4 END: OK
2019-07-08 08:00:21.469 5851 INFO rally.task.runner [-] Task 94e80562-f4d3-45a3-b481-004c511aaa67 | ITER: 6 START
2019-07-08 08:00:21.496 5847 INFO rally.task.runner [-] Task 94e80562-f4d3-45a3-b481-004c511aaa67 | ITER: 2 END: OK
2019-07-08 08:00:21.500 5847 INFO rally.task.runner [-] Task 94e80562-f4d3-45a3-b481-004c511aaa67 | ITER: 7 START
2019-07-08 08:00:21.570 5846 INFO rally.task.runner [-] Task 94e80562-f4d3-45a3-b481-004c511aaa67 | ITER: 1 END: OK
2019-07-08 08:00:21.575 5846 INFO rally.task.runner [-] Task 94e80562-f4d3-45a3-b481-004c511aaa67 | ITER: 8 START
2019-07-08 08:00:22.431 5848 INFO rally.task.runner [-] Task 94e80562-f4d3-45a3-b481-004c511aaa67 | ITER: 5 END: OK
2019-07-08 08:00:22.436 5848 INFO rally.task.runner [-] Task 94e80562-f4d3-45a3-b481-004c511aaa67 | ITER: 9 START
2019-07-08 08:00:22.463 5846 INFO rally.task.runner [-] Task 94e80562-f4d3-45a3-b481-004c511aaa67 | ITER: 8 END: OK
2019-07-08 08:00:22.469 5846 INFO rally.task.runner [-] Task 94e80562-f4d3-45a3-b481-004c511aaa67 | ITER: 10 START
2019-07-08 08:00:22.551 5851 INFO rally.task.runner [-] Task 94e80562-f4d3-45a3-b481-004c511aaa67 | ITER: 6 END: OK
2019-07-08 08:00:22.565 5847 INFO rally.task.runner [-] Task 94e80562-f4d3-45a3-b481-004c511aaa67 | ITER: 7 END: OK
2019-07-08 08:00:23.319 5848 INFO rally.task.runner [-] Task 94e80562-f4d3-45a3-b481-004c511aaa67 | ITER: 9 END: OK
2019-07-08 08:00:23.420 5846 INFO rally.task.runner [-] Task 94e80562-f4d3-45a3-b481-004c511aaa67 | ITER: 10 END: OK
2019-07-08 08:00:23.445 1842 INFO rally.task.context [-] Task 94e80562-f4d3-45a3-b481-004c511aaa67 | Context admin_cleanup@openstack cleanup() started
2019-07-08 08:00:23.448 1842 RALLYDEBUG rally_openstack.cleanup.manager [-] Cleaning up cinder volume_types objects
2019-07-08 08:00:24.130 1842 RALLYDEBUG rally_openstack.cleanup.manager [-] Deleting cinder.volume_types object s_rally_4b951014_ptbRUC4O (9ff80867-b294-4691-9e40-94211755985e)
2019-07-08 08:00:24.132 1842 RALLYDEBUG rally_openstack.cleanup.manager [-] Deleting cinder.volume_types object s_rally_4b951014_thecwluA (dbdf1462-3f02-4a13-983f-e76d90d4dbd5)
2019-07-08 08:00:24.139 1842 RALLYDEBUG rally_openstack.cleanup.manager [-] Deleting cinder.volume_types object s_rally_4b951014_7Atq9j5T (9832c998-bce5-47ac-a417-702eb68df9ab)
2019-07-08 08:00:24.144 1842 RALLYDEBUG rally_openstack.cleanup.manager [-] Deleting cinder.volume_types object s_rally_4b951014_dBmzlPHO (1f01d23f-14d7-45d6-83f2-f06033076294)
2019-07-08 08:00:24.158 1842 RALLYDEBUG rally_openstack.cleanup.manager [-] Deleting cinder.volume_types object s_rally_4b951014_Z61vS3D7 (014bfac2-b835-43bc-9306-effcc84f60e8)
2019-07-08 08:00:24.163 1842 RALLYDEBUG rally_openstack.cleanup.manager [-] Deleting cinder.volume_types object s_rally_4b951014_YHPKcmn0 (9be0a17f-5f72-4d1e-92fd-3355c700abef)
2019-07-08 08:00:24.165 1842 RALLYDEBUG rally_openstack.cleanup.manager [-] Deleting cinder.volume_types object s_rally_4b951014_9kaH48IZ (4876eeba-b870-4494-bb7d-cafe5cd97b46)
2019-07-08 08:00:24.167 1842 RALLYDEBUG rally_openstack.cleanup.manager [-] Deleting cinder.volume_types object s_rally_4b951014_t8JnqHZ8 (0c453002-dc9d-4850-8504-d8b5c624c6da)
2019-07-08 08:00:24.170 1842 RALLYDEBUG rally_openstack.cleanup.manager [-] Deleting cinder.volume_types object s_rally_4b951014_OfNFvDso (2c506a37-ca60-4c69-9a31-d94f16f6e8a7)
2019-07-08 08:00:24.173 1842 RALLYDEBUG rally_openstack.cleanup.manager [-] Deleting cinder.volume_types object s_rally_4b951014_dF7Lj7OR (b96dd848-3ab5-4261-a964-a689fc175c69)
2019-07-08 08:00:26.486 1842 RALLYDEBUG rally_openstack.cleanup.manager [-] Cleaning up cinder image_volumes_cache objects
2019-07-08 08:00:27.541 1842 RALLYDEBUG rally_openstack.cleanup.manager [-] Cleaning up cinder quotas objects
2019-07-08 08:00:29.071 1842 RALLYDEBUG rally_openstack.cleanup.manager [-] Cleaning up cinder qos_specs objects
2019-07-08 08:00:29.700 1842 INFO rally.task.context [-] Task 94e80562-f4d3-45a3-b481-004c511aaa67 | Context admin_cleanup@openstack cleanup() finished in 6.25 sec
2019-07-08 08:00:29.700 1842 INFO rally.task.context [-] Task 94e80562-f4d3-45a3-b481-004c511aaa67 | Context api_versions@openstack cleanup() started
2019-07-08 08:00:29.701 1842 INFO rally.task.context [-] Task 94e80562-f4d3-45a3-b481-004c511aaa67 | Context api_versions@openstack cleanup() finished in 0.31 msec
2019-07-08 08:00:29.701 1842 INFO rally.task.context [-] Task 94e80562-f4d3-45a3-b481-004c511aaa67 | Context users@openstack cleanup() started
2019-07-08 08:00:36.447 1842 INFO rally.task.context [-] Task 94e80562-f4d3-45a3-b481-004c511aaa67 | Context users@openstack cleanup() finished in 6.75 sec
2019-07-08 08:00:37.355 1842 INFO rally.task.engine [-] Load duration is: 3.014807
2019-07-08 08:00:37.356 1842 INFO rally.task.engine [-] Full runner duration is: 3.057425
2019-07-08 08:00:37.356 1842 INFO rally.task.engine [-] Full duration is: 21.2348
2019-07-08 08:00:37.606 1842 INFO rally.task.engine [-] Running workload: position = 0 config = { "version": 2, "title": "A cropped version of a bigger task.", "description": "Auto-generated task from a single workload (uuid=dc0e53e6-e6ef-4635-bbff-23c480dc8d02)", "subtasks": [ { "title": "CinderVolumeTypes.create_and_update_volume_type", "description": "create a volume type, then update the type.", "scenario": { "CinderVolumeTypes.create_and_update_volume_type": { "description": "test", "update_description": "test update" } }, "contexts": { "users": { "tenants": 3, "users_per_tenant": 2 }, "api_versions": { "cinder": { "version": 3, "service_type": "volumev3" } } }, "runner": { "constant": { "concurrency": 4, "times": 10 } }, "hooks": [], "sla": { "failure_rate": { "max": 0 } } } ] }
2019-07-08 08:00:37.631 1842 RALLYDEBUG rally_openstack.contexts.keystone.users [-] Creating 3 tenants using 20 threads
2019-07-08 08:00:39.795 1842 RALLYDEBUG rally_openstack.contexts.keystone.users [-] Creating 6 users using 20 threads
2019-07-08 08:00:42.582 1842 INFO rally.task.context [-] Task 94e80562-f4d3-45a3-b481-004c511aaa67 | Context users@openstack setup() finished in 4.95 sec
2019-07-08 08:00:43.010 1842 INFO rally.task.context [-] Task 94e80562-f4d3-45a3-b481-004c511aaa67 | Context api_versions@openstack setup() finished in 0.43 sec
2019-07-08 08:00:43.011 1842 INFO rally.task.context [-] Task 94e80562-f4d3-45a3-b481-004c511aaa67 | Context admin_cleanup@openstack setup() finished in 0.01 msec
2019-07-08 08:00:43.018 1842 RALLYDEBUG rally.task.runner [-] Starting the constant runner (task UUID: 94e80562-f4d3-45a3-b481-004c511aaa67). timeout: 0 concurrency: 4 concurrency_per_worker: 1 times: 10 concurrency_overhead: 0 processes_to_start: 4 max_cpu_used: 16
2019-07-08 08:00:43.030 6030 RALLYDEBUG rally.task.runner [-] Starting a worker. concurrency: 1 args: {"description": "test", "update_description": "test update"} times: 10 method_name: run timeout: 0 duration: None cls:
2019-07-08 08:00:43.034 6031 RALLYDEBUG rally.task.runner [-] Starting a worker. concurrency: 1 args: {"description": "test", "update_description": "test update"} times: 10 method_name: run timeout: 0 duration: None cls:
2019-07-08 08:00:43.036 6032 RALLYDEBUG rally.task.runner [-] Starting a worker. concurrency: 1 args: {"description": "test", "update_description": "test update"} times: 10 method_name: run timeout: 0 duration: None cls:
2019-07-08 08:00:43.038 6030 INFO rally.task.runner [-] Task 94e80562-f4d3-45a3-b481-004c511aaa67 | ITER: 1 START
2019-07-08 08:00:43.039 6033 RALLYDEBUG rally.task.runner [-] Starting a worker. concurrency: 1 args: {"description": "test", "update_description": "test update"} times: 10 method_name: run timeout: 0 duration: None cls:
2019-07-08 08:00:43.042 6031 INFO rally.task.runner [-] Task 94e80562-f4d3-45a3-b481-004c511aaa67 | ITER: 2 START
2019-07-08 08:00:43.043 6032 INFO rally.task.runner [-] Task 94e80562-f4d3-45a3-b481-004c511aaa67 | ITER: 3 START
2019-07-08 08:00:43.047 6033 INFO rally.task.runner [-] Task 94e80562-f4d3-45a3-b481-004c511aaa67 | ITER: 4 START
2019-07-08 08:00:43.485 6031 DEBUG cinderclient.v2.client [-] REQ: curl -g -i -X POST http://172.30.9.37:8776/v3/6bde55333f5f4da8aa015376f78c9c4f/types -H "Accept: application/json" -H "Content-Type: application/json" -H "User-Agent: python-cinderclient" -H "X-Auth-Token: {SHA1}0f99c799617cdc457471c45b00bb3618dd9af808" -d '{"volume_type": {"os-volume-type-access:is_public": true, "name": "s_rally_dc0e53e6_Yslx0cQ9", "description": "test"}}' _http_log_request /usr/lib/python2.7/site-packages/keystoneauth1/session.py:448
2019-07-08 08:00:43.485 6033 DEBUG cinderclient.v2.client [-] REQ: curl -g -i -X POST http://172.30.9.37:8776/v3/6bde55333f5f4da8aa015376f78c9c4f/types -H "Accept: application/json" -H "Content-Type: application/json" -H "User-Agent: python-cinderclient" -H "X-Auth-Token: {SHA1}6b146bf5d84cf7a55d95bc2ec1cf4ceaaa111e77" -d '{"volume_type": {"os-volume-type-access:is_public": true, "name": "s_rally_dc0e53e6_3dmXbVts", "description": "test"}}' _http_log_request /usr/lib/python2.7/site-packages/keystoneauth1/session.py:448
2019-07-08 08:00:43.486 6030 DEBUG cinderclient.v2.client [-] REQ: curl -g -i -X POST http://172.30.9.37:8776/v3/6bde55333f5f4da8aa015376f78c9c4f/types -H "Accept: application/json" -H "Content-Type: application/json" -H "User-Agent: python-cinderclient" -H "X-Auth-Token: {SHA1}781b5e967032a494712dd3a592e61c546ec1a10d" -d '{"volume_type": {"os-volume-type-access:is_public": true, "name": "s_rally_dc0e53e6_0giWgyQS", "description": "test"}}' _http_log_request /usr/lib/python2.7/site-packages/keystoneauth1/session.py:448
2019-07-08 08:00:43.499 6032 DEBUG cinderclient.v2.client [-] REQ: curl -g -i -X POST http://172.30.9.37:8776/v3/6bde55333f5f4da8aa015376f78c9c4f/types -H "Accept: application/json" -H "Content-Type: application/json" -H "User-Agent: python-cinderclient" -H "X-Auth-Token: {SHA1}095e55f063bdc17df6c2d93555bf6c62a90d0622" -d '{"volume_type": {"os-volume-type-access:is_public": true, "name": "s_rally_dc0e53e6_YWFGMSCp", "description": "test"}}' _http_log_request /usr/lib/python2.7/site-packages/keystoneauth1/session.py:448
2019-07-08 08:00:43.807 6033 DEBUG cinderclient.v2.client [-] RESP: [200] Content-Encoding: gzip Content-Length: 166 Content-Type: application/json Date: Mon, 08 Jul 2019 08:00:43 GMT OpenStack-API-Version: volume 3.0 Server: Apache Vary: OpenStack-API-Version,Accept-Encoding x-compute-request-id: req-3bb80748-00c5-4ba8-940a-0712429fd5d7 x-openstack-request-id: req-3bb80748-00c5-4ba8-940a-0712429fd5d7 _http_log_response /usr/lib/python2.7/site-packages/keystoneauth1/session.py:479
