2019-07-08 08:01:34.033 1842 RALLYDEBUG rally_openstack.cleanup.manager [-] Deleting cinder.volume_types object s_rally_d05010e5_W2Z3LI50 (a640e7ee-1852-4e60-9b37-c1d597e69ba6)
2019-07-08 08:01:34.037 1842 RALLYDEBUG rally_openstack.cleanup.manager [-] Deleting cinder.volume_types object s_rally_d05010e5_xgVLBAza (2c0ab898-e1af-440d-ada6-57aab9a49f7f)
2019-07-08 08:01:34.047 1842 RALLYDEBUG rally_openstack.cleanup.manager [-] Deleting cinder.volume_types object s_rally_d05010e5_kVGwj0Eo (7b7ed5e8-e756-4899-b56f-1839ef6a4705)
2019-07-08 08:01:34.049 1842 RALLYDEBUG rally_openstack.cleanup.manager [-] Deleting cinder.volume_types object s_rally_d05010e5_PVnUedlv (8686b48c-8332-4800-90a6-6b922e660f06)
2019-07-08 08:01:34.059 1842 RALLYDEBUG rally_openstack.cleanup.manager [-] Deleting cinder.volume_types object s_rally_d05010e5_9DiE72nm (9a2c87da-a98e-4517-a2ac-ba1b8c2499b2)
2019-07-08 08:01:34.066 1842 RALLYDEBUG rally_openstack.cleanup.manager [-] Deleting cinder.volume_types object s_rally_d05010e5_16sQ4399 (6865c478-3404-4ddb-8662-6295efb284c4)
2019-07-08 08:01:36.402 1842 RALLYDEBUG rally_openstack.cleanup.manager [-] Cleaning up cinder image_volumes_cache objects
2019-07-08 08:01:37.372 1842 RALLYDEBUG rally_openstack.cleanup.manager [-] Cleaning up cinder quotas objects
2019-07-08 08:01:38.764 1842 RALLYDEBUG rally_openstack.cleanup.manager [-] Cleaning up cinder qos_specs objects
2019-07-08 08:01:39.401 1842 INFO rally.task.context [-] Task 94e80562-f4d3-45a3-b481-004c511aaa67 | Context admin_cleanup@openstack cleanup() finished in 6.05 sec
2019-07-08 08:01:39.401 1842 INFO rally.task.context [-] Task 94e80562-f4d3-45a3-b481-004c511aaa67 | Context api_versions@openstack cleanup() started
2019-07-08 08:01:39.401 1842 INFO rally.task.context [-] Task 94e80562-f4d3-45a3-b481-004c511aaa67 | Context api_versions@openstack cleanup() finished in 0.18 msec
2019-07-08 08:01:39.402 1842 INFO rally.task.context [-] Task 94e80562-f4d3-45a3-b481-004c511aaa67 | Context users@openstack cleanup() started
2019-07-08 08:01:46.487 1842 INFO rally.task.context [-] Task 94e80562-f4d3-45a3-b481-004c511aaa67 | Context users@openstack cleanup() finished in 7.09 sec
2019-07-08 08:01:48.472 1842 INFO rally.task.engine [-] Load duration is: 3.788557
2019-07-08 08:01:48.473 1842 INFO rally.task.engine [-] Full runner duration is: 3.835454
2019-07-08 08:01:48.473 1842 INFO rally.task.engine [-] Full duration is: 22.12429
2019-07-08 08:01:48.689 1842 INFO rally.task.engine [-] Task 94e80562-f4d3-45a3-b481-004c511aaa67 | Completed: Running task.
2019-07-08 08:01:49.638 6540 RALLYDEBUG rally.api [-] INFO logs from urllib3 and requests module are hide.
2019-07-08 08:01:49.638 6540 RALLYDEBUG rally.api [-] urllib3 insecure warnings are hidden.
2019-07-08 08:01:49.638 6540 RALLYDEBUG rally.api [-] ERROR log from boto module is hide.
2019-07-08 08:01:50.484 6541 RALLYDEBUG rally.api [-] INFO logs from urllib3 and requests module are hide.
2019-07-08 08:01:50.484 6541 RALLYDEBUG rally.api [-] urllib3 insecure warnings are hidden.
2019-07-08 08:01:50.484 6541 RALLYDEBUG rally.api [-] ERROR log from boto module is hide.
2019-07-08 08:01:51.813 6541 INFO rally.api [-] Building 'json' report for the following task(s): '94e80562-f4d3-45a3-b481-004c511aaa67'.
2019-07-08 08:01:51.858 6541 INFO rally.api [-] The report has been successfully built.
2019-07-08 08:01:52.767 6543 RALLYDEBUG rally.api [-] INFO logs from urllib3 and requests module are hide.
2019-07-08 08:01:52.767 6543 RALLYDEBUG rally.api [-] urllib3 insecure warnings are hidden.
2019-07-08 08:01:52.767 6543 RALLYDEBUG rally.api [-] ERROR log from boto module is hide.
2019-07-08 08:01:54.156 6543 INFO rally.task.engine [-] Task 9c3c7915-e46e-4066-a382-cff0818af06a | Starting: Task validation.
2019-07-08 08:01:54.186 6543 INFO rally.task.engine [-] Task 9c3c7915-e46e-4066-a382-cff0818af06a | Starting: Task validation of syntax.
2019-07-08 08:01:54.361 6543 INFO rally.task.engine [-] Task 9c3c7915-e46e-4066-a382-cff0818af06a | Completed: Task validation of syntax.
2019-07-08 08:01:54.361 6543 INFO rally.task.engine [-] Task 9c3c7915-e46e-4066-a382-cff0818af06a | Starting: Task validation of required platforms.
2019-07-08 08:01:54.421 6543 INFO rally.task.engine [-] Task 9c3c7915-e46e-4066-a382-cff0818af06a | Completed: Task validation of required platforms.
2019-07-08 08:01:54.421 6543 INFO rally.task.engine [-] Task 9c3c7915-e46e-4066-a382-cff0818af06a | Starting: Task validation of semantic.
2019-07-08 08:01:54.422 6543 INFO rally.task.engine [-] Check health of the environment '60abec01-df15-4d94-bb63-4ee70030cb6d'.
2019-07-08 08:01:55.213 6543 INFO rally.task.engine [-] Platform existing@openstack (available: True): OK!
2019-07-08 08:01:55.231 6543 RALLYDEBUG rally_openstack.contexts.keystone.users [-] Creating 1 tenants using 20 threads
2019-07-08 08:01:56.948 6543 RALLYDEBUG rally_openstack.contexts.keystone.users [-] Creating 1 users using 20 threads
2019-07-08 08:01:59.344 6543 INFO rally.task.context [-] Task 9c3c7915-e46e-4066-a382-cff0818af06a | Context users@openstack setup() finished in 4.11 sec
2019-07-08 08:02:06.310 6543 INFO rally.task.context [-] Task 9c3c7915-e46e-4066-a382-cff0818af06a | Context users@openstack cleanup() started
2019-07-08 08:02:10.680 6543 INFO rally.task.context [-] Task 9c3c7915-e46e-4066-a382-cff0818af06a | Context users@openstack cleanup() finished in 4.37 sec
2019-07-08 08:02:10.680 6543 INFO rally.task.engine [-] Task 9c3c7915-e46e-4066-a382-cff0818af06a | Completed: Task validation of semantic.
2019-07-08 08:02:10.680 6543 INFO rally.task.engine [-] Task 9c3c7915-e46e-4066-a382-cff0818af06a | Completed: Task validation.
2019-07-08 08:02:10.681 6543 INFO rally.api [-] Task 9c3c7915-e46e-4066-a382-cff0818af06a input file is valid.
2019-07-08 08:02:10.681 6543 INFO rally.api [-] Run Task 9c3c7915-e46e-4066-a382-cff0818af06a against Deployment 60abec01-df15-4d94-bb63-4ee70030cb6d
2019-07-08 08:02:10.681 6543 INFO rally.task.engine [-] Task 9c3c7915-e46e-4066-a382-cff0818af06a | Starting: Running task.
2019-07-08 08:02:10.804 6543 INFO rally.task.engine [-] Running workload: position = 0 config = { "version": 2, "title": "A cropped version of a bigger task.", "description": "Auto-generated task from a single workload (uuid=11229b7c-e404-47ef-a108-9c1e1c3205d0)", "subtasks": [ { "title": "Gnocchi.list_capabilities", "description": "List supported aggregation methods.", "scenario": { "Gnocchi.list_capabilities": {} }, "contexts": { "users": { "tenants": 3, "users_per_tenant": 2 } }, "runner": { "constant": { "concurrency": 4, "times": 10 } }, "hooks": [], "sla": { "failure_rate": { "max": 0 } } } ] }
2019-07-08 08:02:10.826 6543 RALLYDEBUG rally_openstack.contexts.keystone.users [-] Creating 3 tenants using 20 threads
2019-07-08 08:02:12.616 6543 RALLYDEBUG rally_openstack.contexts.keystone.users [-] Creating 6 users using 20 threads
2019-07-08 08:02:15.375 6543 INFO rally.task.context [-] Task 9c3c7915-e46e-4066-a382-cff0818af06a | Context users@openstack setup() finished in 4.55 sec
2019-07-08 08:02:15.383 6543 RALLYDEBUG rally.task.runner [-] Starting the constant runner (task UUID: 9c3c7915-e46e-4066-a382-cff0818af06a). timeout: 0 concurrency: 4 concurrency_per_worker: 1 times: 10 concurrency_overhead: 0 processes_to_start: 4 max_cpu_used: 16
2019-07-08 08:02:15.396 6667 RALLYDEBUG rally.task.runner [-] Starting a worker. concurrency: 1 args: {} times: 10 method_name: run timeout: 0 duration: None cls:
2019-07-08 08:02:15.400 6668 RALLYDEBUG rally.task.runner [-] Starting a worker. concurrency: 1 args: {} times: 10 method_name: run timeout: 0 duration: None cls:
2019-07-08 08:02:15.402 6669 RALLYDEBUG rally.task.runner [-] Starting a worker. concurrency: 1 args: {} times: 10 method_name: run timeout: 0 duration: None cls:
2019-07-08 08:02:15.402 6667 INFO rally.task.runner [-] Task 9c3c7915-e46e-4066-a382-cff0818af06a | ITER: 1 START
2019-07-08 08:02:15.404 6670 RALLYDEBUG rally.task.runner [-] Starting a worker. concurrency: 1 args: {} times: 10 method_name: run timeout: 0 duration: None cls:
2019-07-08 08:02:15.405 6668 INFO rally.task.runner [-] Task 9c3c7915-e46e-4066-a382-cff0818af06a | ITER: 2 START
2019-07-08 08:02:15.407 6669 INFO rally.task.runner [-] Task 9c3c7915-e46e-4066-a382-cff0818af06a | ITER: 3 START
2019-07-08 08:02:15.410 6670 INFO rally.task.runner [-] Task 9c3c7915-e46e-4066-a382-cff0818af06a | ITER: 4 START
2019-07-08 08:02:16.113 6668 INFO rally.task.runner [-] Task 9c3c7915-e46e-4066-a382-cff0818af06a | ITER: 2 END: OK
2019-07-08 08:02:16.114 6669 INFO rally.task.runner [-] Task 9c3c7915-e46e-4066-a382-cff0818af06a | ITER: 3 END: OK
2019-07-08 08:02:16.117 6668 INFO rally.task.runner [-] Task 9c3c7915-e46e-4066-a382-cff0818af06a | ITER: 5 START
2019-07-08 08:02:16.118 6669 INFO rally.task.runner [-] Task 9c3c7915-e46e-4066-a382-cff0818af06a | ITER: 6 START
2019-07-08 08:02:16.141 6667 INFO rally.task.runner [-] Task 9c3c7915-e46e-4066-a382-cff0818af06a | ITER: 1 END: OK
2019-07-08 08:02:16.145 6667 INFO rally.task.runner [-] Task 9c3c7915-e46e-4066-a382-cff0818af06a | ITER: 7 START
2019-07-08 08:02:16.151 6670 INFO rally.task.runner [-] Task 9c3c7915-e46e-4066-a382-cff0818af06a | ITER: 4 END: OK
2019-07-08 08:02:16.155 6670 INFO rally.task.runner [-] Task 9c3c7915-e46e-4066-a382-cff0818af06a | ITER: 8 START
2019-07-08 08:02:16.799 6670 INFO rally.task.runner [-] Task 9c3c7915-e46e-4066-a382-cff0818af06a | ITER: 8 END: OK
2019-07-08 08:02:16.803 6670 INFO rally.task.runner [-] Task 9c3c7915-e46e-4066-a382-cff0818af06a | ITER: 9 START
2019-07-08 08:02:16.804 6669 INFO rally.task.runner [-] Task 9c3c7915-e46e-4066-a382-cff0818af06a | ITER: 6 END: OK
2019-07-08 08:02:16.807 6669 INFO rally.task.runner [-] Task 9c3c7915-e46e-4066-a382-cff0818af06a | ITER: 10 START
2019-07-08 08:02:16.834 6668 INFO rally.task.runner [-] Task 9c3c7915-e46e-4066-a382-cff0818af06a | ITER: 5 END: OK
2019-07-08 08:02:16.922 6667 INFO rally.task.runner [-] Task 9c3c7915-e46e-4066-a382-cff0818af06a | ITER: 7 END: OK
2019-07-08 08:02:17.422 6670 INFO rally.task.runner [-] Task 9c3c7915-e46e-4066-a382-cff0818af06a | ITER: 9 END: OK
2019-07-08 08:02:17.425 6669 INFO rally.task.runner [-] Task 9c3c7915-e46e-4066-a382-cff0818af06a | ITER: 10 END: OK
2019-07-08 08:02:17.449 6543 INFO rally.task.context [-] Task 9c3c7915-e46e-4066-a382-cff0818af06a | Context users@openstack cleanup() started
2019-07-08 08:02:24.481 6543 INFO rally.task.context [-] Task 9c3c7915-e46e-4066-a382-cff0818af06a | Context users@openstack cleanup() finished in 7.03 sec
2019-07-08 08:02:24.891 6543 INFO rally.task.engine [-] Load duration is: 2.02044
2019-07-08 08:02:24.892 6543 INFO rally.task.engine [-] Full runner duration is: 2.067065
2019-07-08 08:02:24.892 6543 INFO rally.task.engine [-] Full duration is: 13.657375
2019-07-08 08:02:25.207 6543 INFO rally.task.engine [-] Running workload: position = 0 config = { "version": 2, "title": "A cropped version of a bigger task.", "description": "Auto-generated task from a single workload (uuid=c92b9991-09b1-4ff1-a39f-0b788794d8fc)", "subtasks": [ { "title": "Gnocchi.get_status", "description": "Get the status of measurements processing.", "scenario": { "Gnocchi.get_status": { "detailed": false } }, "contexts": { "users": { "tenants": 3, "users_per_tenant": 2 } }, "runner": { "constant": { "concurrency": 4, "times": 10 } }, "hooks": [], "sla": { "failure_rate": { "max": 0 } } } ] }
2019-07-08 08:02:25.227 6543 RALLYDEBUG rally_openstack.contexts.keystone.users [-] Creating 3 tenants using 20 threads
2019-07-08 08:02:27.048 6543 RALLYDEBUG rally_openstack.contexts.keystone.users [-] Creating 6 users using 20 threads
2019-07-08 08:02:29.684 6543 INFO rally.task.context [-] Task 9c3c7915-e46e-4066-a382-cff0818af06a | Context users@openstack setup() finished in 4.46 sec
2019-07-08 08:02:29.692 6543 RALLYDEBUG rally.task.runner [-] Starting the constant runner (task UUID: 9c3c7915-e46e-4066-a382-cff0818af06a). timeout: 0 concurrency: 4 concurrency_per_worker: 1 times: 10 concurrency_overhead: 0 processes_to_start: 4 max_cpu_used: 16
2019-07-08 08:02:29.704 6771 RALLYDEBUG rally.task.runner [-] Starting a worker. concurrency: 1 args: {"detailed": false} times: 10 method_name: run timeout: 0 duration: None cls:
2019-07-08 08:02:29.707 6772 RALLYDEBUG rally.task.runner [-] Starting a worker. concurrency: 1 args: {"detailed": false} times: 10 method_name: run timeout: 0 duration: None cls:
2019-07-08 08:02:29.710 6773 RALLYDEBUG rally.task.runner [-] Starting a worker. concurrency: 1 args: {"detailed": false} times: 10 method_name: run timeout: 0 duration: None cls:
2019-07-08 08:02:29.711 6771 INFO rally.task.runner [-] Task 9c3c7915-e46e-4066-a382-cff0818af06a | ITER: 1 START
2019-07-08 08:02:29.713 6772 INFO rally.task.runner [-] Task 9c3c7915-e46e-4066-a382-cff0818af06a | ITER: 2 START
2019-07-08 08:02:29.713 6774 RALLYDEBUG rally.task.runner [-] Starting a worker. concurrency: 1 args: {"detailed": false} times: 10 method_name: run timeout: 0 duration: None cls:
2019-07-08 08:02:29.716 6773 INFO rally.task.runner [-] Task 9c3c7915-e46e-4066-a382-cff0818af06a | ITER: 3 START
2019-07-08 08:02:29.720 6774 INFO rally.task.runner [-] Task 9c3c7915-e46e-4066-a382-cff0818af06a | ITER: 4 START
2019-07-08 08:02:30.438 6772 INFO rally.task.runner [-] Task 9c3c7915-e46e-4066-a382-cff0818af06a | ITER: 2 END: OK
2019-07-08 08:02:30.442 6772 INFO rally.task.runner [-] Task 9c3c7915-e46e-4066-a382-cff0818af06a | ITER: 5 START
2019-07-08 08:02:30.446 6773 INFO rally.task.runner [-] Task 9c3c7915-e46e-4066-a382-cff0818af06a | ITER: 3 END: OK
2019-07-08 08:02:30.449 6773 INFO rally.task.runner [-] Task 9c3c7915-e46e-4066-a382-cff0818af06a | ITER: 6 START
2019-07-08 08:02:30.532 6771 INFO rally.task.runner [-] Task 9c3c7915-e46e-4066-a382-cff0818af06a | ITER: 1 END: OK
2019-07-08 08:02:30.536 6771 INFO rally.task.runner [-] Task 9c3c7915-e46e-4066-a382-cff0818af06a | ITER: 7 START
2019-07-08 08:02:30.626 6774 INFO rally.task.runner [-] Task 9c3c7915-e46e-4066-a382-cff0818af06a | ITER: 4 END: OK
2019-07-08 08:02:30.629 6774 INFO rally.task.runner [-] Task 9c3c7915-e46e-4066-a382-cff0818af06a | ITER: 8 START
2019-07-08 08:02:31.145 6772 INFO rally.task.runner [-] Task 9c3c7915-e46e-4066-a382-cff0818af06a | ITER: 5 END: OK
2019-07-08 08:02:31.148 6772 INFO rally.task.runner [-] Task 9c3c7915-e46e-4066-a382-cff0818af06a | ITER: 9 START
2019-07-08 08:02:31.160 6773 INFO rally.task.runner [-] Task 9c3c7915-e46e-4066-a382-cff0818af06a | ITER: 6 END: OK
2019-07-08 08:02:31.164 6773 INFO rally.task.runner [-] Task 9c3c7915-e46e-4066-a382-cff0818af06a | ITER: 10 START
2019-07-08 08:02:31.197 6771 INFO rally.task.runner [-] Task 9c3c7915-e46e-4066-a382-cff0818af06a | ITER: 7 END: OK
2019-07-08 08:02:31.355 6774 INFO rally.task.runner [-] Task 9c3c7915-e46e-4066-a382-cff0818af06a | ITER: 8 END: OK
2019-07-08 08:02:31.873 6772 INFO rally.task.runner [-] Task 9c3c7915-e46e-4066-a382-cff0818af06a | ITER: 9 END: OK
2019-07-08 08:02:31.917 6773 INFO rally.task.runner [-] Task 9c3c7915-e46e-4066-a382-cff0818af06a | ITER: 10 END: OK
2019-07-08 08:02:31.940 6543 INFO rally.task.context [-] Task 9c3c7915-e46e-4066-a382-cff0818af06a | Context users@openstack cleanup() started
2019-07-08 08:02:38.794 6543 INFO rally.task.context [-] Task 9c3c7915-e46e-4066-a382-cff0818af06a | Context users@openstack cleanup() finished in 6.85 sec
2019-07-08 08:02:39.321 6543 INFO rally.task.engine [-] Load duration is: 2.204601
2019-07-08 08:02:39.321 6543 INFO rally.task.engine [-] Full runner duration is: 2.247927
2019-07-08 08:02:39.321 6543 INFO rally.task.engine [-] Full duration is: 13.569818
2019-07-08 08:02:39.559 6543 INFO rally.task.engine [-] Running workload: position = 0 config = { "version": 2, "title": "A cropped version of a bigger task.", "description": "Auto-generated task from a single workload (uuid=e0ca091e-f9ce-4ba3-8e9f-a863b4616dae)", "subtasks": [ { "title": "GnocchiArchivePolicyRule.list_archive_policy_rule", "description": "List archive policy rules.", "scenario": { "GnocchiArchivePolicyRule.list_archive_policy_rule": {} }, "contexts": { "users": { "tenants": 3, "users_per_tenant": 2 } }, "runner": { "constant": { "concurrency": 4, "times": 10 } }, "hooks": [], "sla": { "failure_rate": { "max": 0 } } } ] }
2019-07-08 08:02:39.580 6543 RALLYDEBUG rally_openstack.contexts.keystone.users [-] Creating 3 tenants using 20 threads
2019-07-08 08:02:41.355 6543 RALLYDEBUG rally_openstack.contexts.keystone.users [-] Creating 6 users using 20 threads
2019-07-08 08:02:43.963 6543 INFO rally.task.context [-] Task 9c3c7915-e46e-4066-a382-cff0818af06a | Context users@openstack setup() finished in 4.38 sec
2019-07-08 08:02:43.971 6543 RALLYDEBUG rally.task.runner [-] Starting the constant runner (task UUID: 9c3c7915-e46e-4066-a382-cff0818af06a). timeout: 0 concurrency: 4 concurrency_per_worker: 1 times: 10 concurrency_overhead: 0 processes_to_start: 4 max_cpu_used: 16
2019-07-08 08:02:43.983 6875 RALLYDEBUG rally.task.runner [-] Starting a worker. concurrency: 1 args: {} times: 10 method_name: run timeout: 0 duration: None cls:
2019-07-08 08:02:43.987 6876 RALLYDEBUG rally.task.runner [-] Starting a worker. concurrency: 1 args: {} times: 10 method_name: run timeout: 0 duration: None cls:
2019-07-08 08:02:43.988 6877 RALLYDEBUG rally.task.runner [-] Starting a worker. concurrency: 1 args: {} times: 10 method_name: run timeout: 0 duration: None cls:
2019-07-08 08:02:43.989 6875 INFO rally.task.runner [-] Task 9c3c7915-e46e-4066-a382-cff0818af06a | ITER: 1 START
2019-07-08 08:02:43.992 6878 RALLYDEBUG rally.task.runner [-] Starting a worker. concurrency: 1 args: {} times: 10 method_name: run timeout: 0 duration: None cls:
2019-07-08 08:02:43.993 6876 INFO rally.task.runner [-] Task 9c3c7915-e46e-4066-a382-cff0818af06a | ITER: 2 START
2019-07-08 08:02:43.994 6877 INFO rally.task.runner [-] Task 9c3c7915-e46e-4066-a382-cff0818af06a | ITER: 3 START
2019-07-08 08:02:43.998 6878 INFO rally.task.runner [-] Task 9c3c7915-e46e-4066-a382-cff0818af06a | ITER: 4 START
2019-07-08 08:02:44.717 6877 INFO rally.task.runner [-] Task 9c3c7915-e46e-4066-a382-cff0818af06a | ITER: 3 END: OK
2019-07-08 08:02:44.721 6877 INFO rally.task.runner [-] Task 9c3c7915-e46e-4066-a382-cff0818af06a | ITER: 5 START
2019-07-08 08:02:44.723 6875 INFO rally.task.runner [-] Task 9c3c7915-e46e-4066-a382-cff0818af06a | ITER: 1 END: OK
2019-07-08 08:02:44.727 6875 INFO rally.task.runner [-] Task 9c3c7915-e46e-4066-a382-cff0818af06a | ITER: 6 START
2019-07-08 08:02:44.733 6876 INFO rally.task.runner [-] Task 9c3c7915-e46e-4066-a382-cff0818af06a | ITER: 2 END: OK
2019-07-08 08:02:44.737 6876 INFO rally.task.runner [-] Task 9c3c7915-e46e-4066-a382-cff0818af06a | ITER: 7 START
2019-07-08 08:02:44.870 6878 INFO rally.task.runner [-] Task 9c3c7915-e46e-4066-a382-cff0818af06a | ITER: 4 END: OK
2019-07-08 08:02:44.874 6878 INFO rally.task.runner [-] Task 9c3c7915-e46e-4066-a382-cff0818af06a | ITER: 8 START
2019-07-08 08:02:45.421 6876 INFO rally.task.runner [-] Task 9c3c7915-e46e-4066-a382-cff0818af06a | ITER: 7 END: OK
2019-07-08 08:02:45.425 6876 INFO rally.task.runner [-] Task 9c3c7915-e46e-4066-a382-cff0818af06a | ITER: 9 START
2019-07-08 08:02:45.452 6877 INFO rally.task.runner [-] Task 9c3c7915-e46e-4066-a382-cff0818af06a | ITER: 5 END: OK
2019-07-08 08:02:45.455 6877 INFO rally.task.runner [-] Task 9c3c7915-e46e-4066-a382-cff0818af06a | ITER: 10 START
2019-07-08 08:02:45.537 6875 INFO rally.task.runner [-] Task 9c3c7915-e46e-4066-a382-cff0818af06a | ITER: 6 END: OK
2019-07-08 08:02:45.576 6878 INFO rally.task.runner [-] Task 9c3c7915-e46e-4066-a382-cff0818af06a | ITER: 8 END: OK
2019-07-08 08:02:46.042 6876 INFO rally.task.runner [-] Task 9c3c7915-e46e-4066-a382-cff0818af06a | ITER: 9 END: OK
2019-07-08 08:02:46.185 6877 INFO rally.task.runner [-] Task 9c3c7915-e46e-4066-a382-cff0818af06a | ITER: 10 END: OK
2019-07-08 08:02:46.206 6543 INFO rally.task.context [-] Task 9c3c7915-e46e-4066-a382-cff0818af06a | Context users@openstack cleanup() started
2019-07-08 08:02:53.279 6543 INFO rally.task.context [-] Task 9c3c7915-e46e-4066-a382-cff0818af06a | Context users@openstack cleanup() finished in 7.07 sec
2019-07-08 08:02:53.648 6543 INFO rally.task.engine [-] Load duration is: 2.19422
2019-07-08 08:02:53.649 6543 INFO rally.task.engine [-] Full runner duration is: 2.236308
2019-07-08 08:02:53.649 6543 INFO rally.task.engine [-] Full duration is: 13.700674
2019-07-08 08:02:53.846 6543 INFO rally.task.engine [-] Running workload: position = 0 config = { "version": 2, "title": "A cropped version of a bigger task.", "description": "Auto-generated task from a single workload (uuid=20f10e61-054e-4d9b-bf27-a044b3fa6a29)", "subtasks": [ { "title": "GnocchiArchivePolicyRule.create_archive_policy_rule", "description": "Create archive policy rule.", "scenario": { "GnocchiArchivePolicyRule.create_archive_policy_rule": { "metric_pattern": "cpu_*", "archive_policy_name": "low" } }, "contexts": { "users": { "tenants": 3, "users_per_tenant": 2 } }, "runner": { "constant": { "concurrency": 4, "times": 10 } }, "hooks": [], "sla": { "failure_rate": { "max": 0 } } } ] }
2019-07-08 08:02:53.860 6543 RALLYDEBUG rally_openstack.contexts.keystone.users [-] Creating 3 tenants using 20 threads
2019-07-08 08:02:55.694 6543 RALLYDEBUG rally_openstack.contexts.keystone.users [-] Creating 6 users using 20 threads
2019-07-08 08:02:58.302 6543 INFO rally.task.context [-] Task 9c3c7915-e46e-4066-a382-cff0818af06a | Context users@openstack setup() finished in 4.44 sec
2019-07-08 08:02:58.303 6543 INFO rally.task.context [-] Task 9c3c7915-e46e-4066-a382-cff0818af06a | Context admin_cleanup@openstack setup() finished in 0.02 msec
2019-07-08 08:02:58.311 6543 RALLYDEBUG rally.task.runner [-] Starting the constant runner (task UUID: 9c3c7915-e46e-4066-a382-cff0818af06a). timeout: 0 concurrency: 4 concurrency_per_worker: 1 times: 10 concurrency_overhead: 0 processes_to_start: 4 max_cpu_used: 16
2019-07-08 08:02:58.324 6979 RALLYDEBUG rally.task.runner [-] Starting a worker. concurrency: 1 args: {"metric_pattern": "cpu_*", "archive_policy_name": "low"} times: 10 method_name: run timeout: 0 duration: None cls:
2019-07-08 08:02:58.327 6980 RALLYDEBUG rally.task.runner [-] Starting a worker. concurrency: 1 args: {"metric_pattern": "cpu_*", "archive_policy_name": "low"} times: 10 method_name: run timeout: 0 duration: None cls:
2019-07-08 08:02:58.329 6981 RALLYDEBUG rally.task.runner [-] Starting a worker. concurrency: 1 args: {"metric_pattern": "cpu_*", "archive_policy_name": "low"} times: 10 method_name: run timeout: 0 duration: None cls:
2019-07-08 08:02:58.330 6979 INFO rally.task.runner [-] Task 9c3c7915-e46e-4066-a382-cff0818af06a | ITER: 1 START
2019-07-08 08:02:58.332 6982 RALLYDEBUG rally.task.runner [-] Starting a worker. concurrency: 1 args: {"metric_pattern": "cpu_*", "archive_policy_name": "low"} times: 10 method_name: run timeout: 0 duration: None cls:
2019-07-08 08:02:58.333 6980 INFO rally.task.runner [-] Task 9c3c7915-e46e-4066-a382-cff0818af06a | ITER: 2 START
2019-07-08 08:02:58.335 6981 INFO rally.task.runner [-] Task 9c3c7915-e46e-4066-a382-cff0818af06a | ITER: 3 START
2019-07-08 08:02:58.338 6982 INFO rally.task.runner [-] Task 9c3c7915-e46e-4066-a382-cff0818af06a | ITER: 4 START
2019-07-08 08:02:59.069 6981 INFO rally.task.runner [-] Task 9c3c7915-e46e-4066-a382-cff0818af06a | ITER: 3 END: OK
2019-07-08 08:02:59.074 6981 INFO rally.task.runner [-] Task 9c3c7915-e46e-4066-a382-cff0818af06a | ITER: 5 START
2019-07-08 08:02:59.086 6979 INFO rally.task.runner [-] Task 9c3c7915-e46e-4066-a382-cff0818af06a | ITER: 1 END: OK
2019-07-08 08:02:59.090 6979 INFO rally.task.runner [-] Task 9c3c7915-e46e-4066-a382-cff0818af06a | ITER: 6 START
2019-07-08 08:02:59.109 6980 INFO rally.task.runner [-] Task 9c3c7915-e46e-4066-a382-cff0818af06a | ITER: 2 END: OK
2019-07-08 08:02:59.114 6980 INFO rally.task.runner [-] Task 9c3c7915-e46e-4066-a382-cff0818af06a | ITER: 7 START
2019-07-08 08:02:59.127 6982 INFO rally.task.runner [-] Task 9c3c7915-e46e-4066-a382-cff0818af06a | ITER: 4 END: OK
2019-07-08 08:02:59.131 6982 INFO rally.task.runner [-] Task 9c3c7915-e46e-4066-a382-cff0818af06a | ITER: 8 START
2019-07-08 08:02:59.781 6981 INFO rally.task.runner [-] Task 9c3c7915-e46e-4066-a382-cff0818af06a | ITER: 5 END: OK
2019-07-08 08:02:59.784 6981 INFO rally.task.runner [-] Task 9c3c7915-e46e-4066-a382-cff0818af06a | ITER: 9 START
2019-07-08 08:02:59.799 6979 INFO rally.task.runner [-] Task 9c3c7915-e46e-4066-a382-cff0818af06a | ITER: 6 END: OK
2019-07-08 08:02:59.802 6979 INFO rally.task.runner [-] Task 9c3c7915-e46e-4066-a382-cff0818af06a | ITER: 10 START
2019-07-08 08:02:59.817 6980 INFO rally.task.runner [-] Task 9c3