2019-07-08 07:36:54.012 725 DEBUG novaclient.v2.client [-] REQ: curl -g -i -X GET http://172.30.9.37:8774/v2.1/os-keypairs -H "Accept: application/json" -H "User-Agent: python-novaclient" -H "X-Auth-Token: {SHA1}8cd49483cf77f590ec4957ed2eb98024a2e5c06a" _http_log_request /usr/lib/python2.7/site-packages/keystoneauth1/session.py:448
2019-07-08 07:36:54.295 725 DEBUG novaclient.v2.client [-] RESP: [200] Content-Length: 16 Content-Type: application/json Date: Mon, 08 Jul 2019 07:36:54 GMT OpenStack-API-Version: compute 2.1 Server: Apache Vary: OpenStack-API-Version,X-OpenStack-Nova-API-Version X-OpenStack-Nova-API-Version: 2.1 x-compute-request-id: req-a43c2407-b374-4b98-827a-becb06203265 x-openstack-request-id: req-a43c2407-b374-4b98-827a-becb06203265 _http_log_response /usr/lib/python2.7/site-packages/keystoneauth1/session.py:479
2019-07-08 07:36:54.295 725 DEBUG novaclient.v2.client [-] RESP BODY: {"keypairs": []} _http_log_response /usr/lib/python2.7/site-packages/keystoneauth1/session.py:511
2019-07-08 07:36:54.295 725 DEBUG novaclient.v2.client [-] GET call to compute for http://172.30.9.37:8774/v2.1/os-keypairs used request id req-a43c2407-b374-4b98-827a-becb06203265 request /usr/lib/python2.7/site-packages/keystoneauth1/session.py:844
2019-07-08 07:36:54.303 725 RALLYDEBUG rally_openstack.cleanup.manager [-] Cleaning up glance images objects
2019-07-08 07:36:56.595 725 RALLYDEBUG rally_openstack.cleanup.manager [-] Deleting glance.images object s_rally_3218f022_NntESSKL (3b0ea827-7c65-4c71-a809-6b75d5fcdc1e)
2019-07-08 07:36:56.603 725 RALLYDEBUG rally_openstack.cleanup.manager [-] Deleting glance.images object s_rally_3218f022_nnBqZXN6 (6f56503e-7ad3-452c-8d46-e72bbbd24f52)
2019-07-08 07:36:56.604 725 RALLYDEBUG rally_openstack.cleanup.manager [-] Deleting glance.images object s_rally_3218f022_w10ZQOAt (6d9070a3-cf5a-4f1a-be8d-7e49cbe90e37)
2019-07-08 07:36:56.612 725 RALLYDEBUG rally_openstack.cleanup.manager [-] Deleting glance.images object s_rally_3218f022_H77VQB2F (308e5189-d977-41b5-9242-8a915a58bc0c)
2019-07-08 07:36:56.621 725 RALLYDEBUG rally_openstack.cleanup.manager [-] Deleting glance.images object s_rally_3218f022_jRVAtgW5 (70fec3b9-7a6a-4732-bda3-f8ba08325d63)
2019-07-08 07:36:56.628 725 RALLYDEBUG rally_openstack.cleanup.manager [-] Deleting glance.images object s_rally_3218f022_4qwET4MN (36d10d50-06a1-445b-ab87-375916bcd9be)
2019-07-08 07:36:56.633 725 RALLYDEBUG rally_openstack.cleanup.manager [-] Deleting glance.images object s_rally_3218f022_QTmsjCTx (fe60ea15-ddbb-4397-b228-28c88cc2fdc4)
2019-07-08 07:36:56.638 725 RALLYDEBUG rally_openstack.cleanup.manager [-] Deleting glance.images object s_rally_3218f022_AdZzArFa (57a1cd18-6f05-4847-b444-4323d61b8622)
2019-07-08 07:36:56.661 725 RALLYDEBUG rally_openstack.cleanup.manager [-] Deleting glance.images object s_rally_3218f022_BMW9bEM5 (820c8ad7-7e01-4925-a0c5-4ec9167b0db2)
2019-07-08 07:36:56.670 725 RALLYDEBUG rally_openstack.cleanup.manager [-] Deleting glance.images object s_rally_3218f022_bvXvuuMI (5cc366e0-5411-4521-b4c5-a3f300568614)
2019-07-08 07:36:58.158 725 DEBUG glanceclient.common.http [-] Request returned failure status 404. _handle_response /usr/lib/python2.7/site-packages/glanceclient/common/http.py:125
2019-07-08 07:36:58.169 725 DEBUG glanceclient.common.http [-] Request returned failure status 404. _handle_response /usr/lib/python2.7/site-packages/glanceclient/common/http.py:125
2019-07-08 07:36:58.172 725 DEBUG glanceclient.common.http [-] Request returned failure status 404. _handle_response /usr/lib/python2.7/site-packages/glanceclient/common/http.py:125
2019-07-08 07:36:58.185 725 DEBUG glanceclient.common.http [-] Request returned failure status 404. _handle_response /usr/lib/python2.7/site-packages/glanceclient/common/http.py:125
2019-07-08 07:36:59.123 725 DEBUG glanceclient.common.http [-] Request returned failure status 404. _handle_response /usr/lib/python2.7/site-packages/glanceclient/common/http.py:125
2019-07-08 07:36:59.139 725 DEBUG glanceclient.common.http [-] Request returned failure status 404. _handle_response /usr/lib/python2.7/site-packages/glanceclient/common/http.py:125
2019-07-08 07:36:59.142 725 DEBUG glanceclient.common.http [-] Request returned failure status 404. _handle_response /usr/lib/python2.7/site-packages/glanceclient/common/http.py:125
2019-07-08 07:36:59.158 725 DEBUG glanceclient.common.http [-] Request returned failure status 404. _handle_response /usr/lib/python2.7/site-packages/glanceclient/common/http.py:125
2019-07-08 07:36:59.169 725 DEBUG glanceclient.common.http [-] Request returned failure status 404. _handle_response /usr/lib/python2.7/site-packages/glanceclient/common/http.py:125
2019-07-08 07:36:59.182 725 DEBUG glanceclient.common.http [-] Request returned failure status 404. _handle_response /usr/lib/python2.7/site-packages/glanceclient/common/http.py:125
2019-07-08 07:36:59.185 725 DEBUG glanceclient.common.http [-] Request returned failure status 404. _handle_response /usr/lib/python2.7/site-packages/glanceclient/common/http.py:125
2019-07-08 07:36:59.198 725 DEBUG glanceclient.common.http [-] Request returned failure status 404. _handle_response /usr/lib/python2.7/site-packages/glanceclient/common/http.py:125
2019-07-08 07:37:01.352 725 DEBUG glanceclient.common.http [-] Request returned failure status 404. _handle_response /usr/lib/python2.7/site-packages/glanceclient/common/http.py:125
2019-07-08 07:37:01.389 725 DEBUG glanceclient.common.http [-] Request returned failure status 404. _handle_response /usr/lib/python2.7/site-packages/glanceclient/common/http.py:125
2019-07-08 07:37:01.399 725 DEBUG glanceclient.common.http [-] Request returned failure status 404. _handle_response /usr/lib/python2.7/site-packages/glanceclient/common/http.py:125
2019-07-08 07:37:01.402 725 DEBUG glanceclient.common.http [-] Request returned failure status 404. _handle_response /usr/lib/python2.7/site-packages/glanceclient/common/http.py:125
2019-07-08 07:37:01.404 725 DEBUG glanceclient.common.http [-] Request returned failure status 404. _handle_response /usr/lib/python2.7/site-packages/glanceclient/common/http.py:125
2019-07-08 07:37:01.428 725 DEBUG glanceclient.common.http [-] Request returned failure status 404. _handle_response /usr/lib/python2.7/site-packages/glanceclient/common/http.py:125
2019-07-08 07:37:01.429 725 DEBUG glanceclient.common.http [-] Request returned failure status 404. _handle_response /usr/lib/python2.7/site-packages/glanceclient/common/http.py:125
2019-07-08 07:37:01.432 725 DEBUG glanceclient.common.http [-] Request returned failure status 404. _handle_response /usr/lib/python2.7/site-packages/glanceclient/common/http.py:125
2019-07-08 07:37:02.435 725 INFO rally.task.context [-] Task 93927361-3d25-4e6a-8a9f-716efc97a6dd | Context cleanup@openstack cleanup() finished in 32.32 sec
2019-07-08 07:37:02.435 725 INFO rally.task.context [-] Task 93927361-3d25-4e6a-8a9f-716efc97a6dd | Context quotas@openstack cleanup() started
2019-07-08 07:37:02.436 725 DEBUG novaclient.v2.client [-] REQ: curl -g -i -X DELETE http://172.30.9.37:8774/v2.1/os-quota-sets/ae3a802de67c4e07b8a0ffc069af4ae1 -H "Accept: application/json" -H "User-Agent: python-novaclient" -H "X-Auth-Token: {SHA1}32b50ca6769335d55e05c6fb3b84ec0f213e66ce" _http_log_request /usr/lib/python2.7/site-packages/keystoneauth1/session.py:448
2019-07-08 07:37:02.476 725 DEBUG novaclient.v2.client [-] RESP: [202] Content-Length: 0 Content-Type: application/json Date: Mon, 08 Jul 2019 07:37:02 GMT OpenStack-API-Version: compute 2.1 Server: Apache Vary: OpenStack-API-Version,X-OpenStack-Nova-API-Version X-OpenStack-Nova-API-Version: 2.1 x-compute-request-id: req-34f6568a-4b3f-49f6-95a2-72bdab2c26ab x-openstack-request-id: req-34f6568a-4b3f-49f6-95a2-72bdab2c26ab _http_log_response /usr/lib/python2.7/site-packages/keystoneauth1/session.py:479
2019-07-08 07:37:02.476 725 DEBUG novaclient.v2.client [-] DELETE call to compute for http://172.30.9.37:8774/v2.1/os-quota-sets/ae3a802de67c4e07b8a0ffc069af4ae1 used request id req-34f6568a-4b3f-49f6-95a2-72bdab2c26ab request /usr/lib/python2.7/site-packages/keystoneauth1/session.py:844
2019-07-08 07:37:02.477 725 DEBUG novaclient.v2.client [-] REQ: curl -g -i -X DELETE http://172.30.9.37:8774/v2.1/os-quota-sets/89a4c04416bc468ab532dec5f263b54a -H "Accept: application/json" -H "User-Agent: python-novaclient" -H "X-Auth-Token: {SHA1}32b50ca6769335d55e05c6fb3b84ec0f213e66ce" _http_log_request /usr/lib/python2.7/site-packages/keystoneauth1/session.py:448
2019-07-08 07:37:02.493 725 DEBUG novaclient.v2.client [-] RESP: [202] Content-Length: 0 Content-Type: application/json Date: Mon, 08 Jul 2019 07:37:02 GMT OpenStack-API-Version: compute 2.1 Server: Apache Vary: OpenStack-API-Version,X-OpenStack-Nova-API-Version X-OpenStack-Nova-API-Version: 2.1 x-compute-request-id: req-d8a60b3e-49ce-472f-bed7-164e41278a33 x-openstack-request-id: req-d8a60b3e-49ce-472f-bed7-164e41278a33 _http_log_response /usr/lib/python2.7/site-packages/keystoneauth1/session.py:479
2019-07-08 07:37:02.494 725 DEBUG novaclient.v2.client [-] DELETE call to compute for http://172.30.9.37:8774/v2.1/os-quota-sets/89a4c04416bc468ab532dec5f263b54a used request id req-d8a60b3e-49ce-472f-bed7-164e41278a33 request /usr/lib/python2.7/site-packages/keystoneauth1/session.py:844
2019-07-08 07:37:02.495 725 DEBUG novaclient.v2.client [-] REQ: curl -g -i -X DELETE http://172.30.9.37:8774/v2.1/os-quota-sets/da87b29d237d4c84a8eaf7e4bff47d15 -H "Accept: application/json" -H "User-Agent: python-novaclient" -H "X-Auth-Token: {SHA1}32b50ca6769335d55e05c6fb3b84ec0f213e66ce" _http_log_request /usr/lib/python2.7/site-packages/keystoneauth1/session.py:448
2019-07-08 07:37:02.511 725 DEBUG novaclient.v2.client [-] RESP: [202] Content-Length: 0 Content-Type: application/json Date: Mon, 08 Jul 2019 07:37:02 GMT OpenStack-API-Version: compute 2.1 Server: Apache Vary: OpenStack-API-Version,X-OpenStack-Nova-API-Version X-OpenStack-Nova-API-Version: 2.1 x-compute-request-id: req-429193ee-3acc-43fa-a9ca-c3b02624a603 x-openstack-request-id: req-429193ee-3acc-43fa-a9ca-c3b02624a603 _http_log_response /usr/lib/python2.7/site-packages/keystoneauth1/session.py:479
2019-07-08 07:37:02.512 725 DEBUG novaclient.v2.client [-] DELETE call to compute for http://172.30.9.37:8774/v2.1/os-quota-sets/da87b29d237d4c84a8eaf7e4bff47d15 used request id req-429193ee-3acc-43fa-a9ca-c3b02624a603 request /usr/lib/python2.7/site-packages/keystoneauth1/session.py:844
2019-07-08 07:37:02.512 725 INFO rally.task.context [-] Task 93927361-3d25-4e6a-8a9f-716efc97a6dd | Context quotas@openstack cleanup() finished in 76.78 msec
2019-07-08 07:37:02.512 725 INFO rally.task.context [-] Task 93927361-3d25-4e6a-8a9f-716efc97a6dd | Context users@openstack cleanup() started
2019-07-08 07:37:10.018 725 INFO rally.task.context [-] Task 93927361-3d25-4e6a-8a9f-716efc97a6dd | Context users@openstack cleanup() finished in 7.51 sec
2019-07-08 07:37:11.791 725 INFO rally.task.engine [-] Load duration is: 78.021035
2019-07-08 07:37:11.791 725 INFO rally.task.engine [-] Full runner duration is: 79.92736
2019-07-08 07:37:11.792 725 INFO rally.task.engine [-] Full duration is: 126.744649
2019-07-08 07:37:12.021 725 INFO rally.task.engine [-] Running workload: position = 0 config = { "version": 2, "title": "A cropped version of a bigger task.", "description": "Auto-generated task from a single workload (uuid=2e7bdf0d-8385-4534-afee-9e2a4406a59b)", "subtasks": [ { "title": "GlanceImages.create_and_deactivate_image", "description": "Create an image, then deactivate it.", "scenario": { "GlanceImages.create_and_deactivate_image": { "container_format": "bare", "disk_format": "qcow2", "image_location": "/home/opnfv/functest/images/cirros-0.4.0-x86_64-disk.img" } }, "contexts": { "users": { "tenants": 3, "users_per_tenant": 2 } }, "runner": { "constant": { "concurrency": 4, "times": 10 } }, "hooks": [], "sla": { "failure_rate": { "max": 0 } } } ] }
2019-07-08 07:37:12.043 725 RALLYDEBUG rally_openstack.contexts.keystone.users [-] Creating 3 tenants using 20 threads
2019-07-08 07:37:13.798 725 RALLYDEBUG rally_openstack.contexts.keystone.users [-] Creating 6 users using 20 threads
2019-07-08 07:37:16.440 725 INFO rally.task.context [-] Task 93927361-3d25-4e6a-8a9f-716efc97a6dd | Context users@openstack setup() finished in 4.40 sec
2019-07-08 07:37:16.441 725 INFO rally.task.context [-] Task 93927361-3d25-4e6a-8a9f-716efc97a6dd | Context cleanup@openstack setup() finished in 0.01 msec
2019-07-08 07:37:16.448 725 RALLYDEBUG rally.task.runner [-] Starting the constant runner (task UUID: 93927361-3d25-4e6a-8a9f-716efc97a6dd). timeout: 0 concurrency: 4 concurrency_per_worker: 1 times: 10 concurrency_overhead: 0 processes_to_start: 4 max_cpu_used: 16
2019-07-08 07:37:16.460 1385 RALLYDEBUG rally.task.runner [-] Starting a worker. concurrency: 1 args: {"container_format": "bare", "disk_format": "qcow2", "image_location": "/home/opnfv/functest/images/cirros-0.4.0-x86_64-disk.img"} times: 10 method_name: run timeout: 0 duration: None cls:
2019-07-08 07:37:16.464 1386 RALLYDEBUG rally.task.runner [-] Starting a worker. concurrency: 1 args: {"container_format": "bare", "disk_format": "qcow2", "image_location": "/home/opnfv/functest/images/cirros-0.4.0-x86_64-disk.img"} times: 10 method_name: run timeout: 0 duration: None cls:
2019-07-08 07:37:16.465 1385 INFO rally.task.runner [-] Task 93927361-3d25-4e6a-8a9f-716efc97a6dd | ITER: 1 START
2019-07-08 07:37:16.466 1387 RALLYDEBUG rally.task.runner [-] Starting a worker. concurrency: 1 args: {"container_format": "bare", "disk_format": "qcow2", "image_location": "/home/opnfv/functest/images/cirros-0.4.0-x86_64-disk.img"} times: 10 method_name: run timeout: 0 duration: None cls:
2019-07-08 07:37:16.470 1386 INFO rally.task.runner [-] Task 93927361-3d25-4e6a-8a9f-716efc97a6dd | ITER: 2 START
2019-07-08 07:37:16.470 1388 RALLYDEBUG rally.task.runner [-] Starting a worker. concurrency: 1 args: {"container_format": "bare", "disk_format": "qcow2", "image_location": "/home/opnfv/functest/images/cirros-0.4.0-x86_64-disk.img"} times: 10 method_name: run timeout: 0 duration: None cls:
2019-07-08 07:37:16.472 1387 INFO rally.task.runner [-] Task 93927361-3d25-4e6a-8a9f-716efc97a6dd | ITER: 3 START
2019-07-08 07:37:16.477 1388 INFO rally.task.runner [-] Task 93927361-3d25-4e6a-8a9f-716efc97a6dd | ITER: 4 START
2019-07-08 07:37:19.743 1385 RALLYDEBUG rally.task.utils [-] Waiting for resource u'093a139c-8dfb-49a8-888f-43de014f3485'. Status changed: NONE => QUEUED in 0.0302491188049
2019-07-08 07:37:19.786 1388 RALLYDEBUG rally.task.utils [-] Waiting for resource u'9ada3166-a002-4ca5-91a4-7e1962d4647b'. Status changed: NONE => QUEUED in 0.0307838916779
2019-07-08 07:37:19.861 1387 RALLYDEBUG rally.task.utils [-] Waiting for resource u'53aadd88-629f-4c2c-a41d-3c4d6c7766aa'. Status changed: NONE => QUEUED in 0.0288028717041
2019-07-08 07:37:19.906 1386 RALLYDEBUG rally.task.utils [-] Waiting for resource u'bb39ee22-b6aa-4ae7-9a17-dc66a3263471'. Status changed: NONE => QUEUED in 0.0556428432465
2019-07-08 07:37:20.146 1388 RALLYDEBUG rally.task.utils [-] Waiting for resource s_rally_2e7bdf0d_vLNHdi71. Status changed: QUEUED => ACTIVE in 0.0196800231934
2019-07-08 07:37:20.155 1385 RALLYDEBUG rally.task.utils [-] Waiting for resource s_rally_2e7bdf0d_t9Zo3h8I. Status changed: QUEUED => ACTIVE in 0.0230398178101
2019-07-08 07:37:20.222 1388 INFO rally.task.runner [-] Task 93927361-3d25-4e6a-8a9f-716efc97a6dd | ITER: 4 END: OK
2019-07-08 07:37:20.226 1388 INFO rally.task.runner [-] Task 93927361-3d25-4e6a-8a9f-716efc97a6dd | ITER: 5 START
2019-07-08 07:37:20.255 1385 INFO rally.task.runner [-] Task 93927361-3d25-4e6a-8a9f-716efc97a6dd | ITER: 1 END: OK
2019-07-08 07:37:20.260 1385 INFO rally.task.runner [-] Task 93927361-3d25-4e6a-8a9f-716efc97a6dd | ITER: 6 START
2019-07-08 07:37:22.243 1387 RALLYDEBUG rally.task.utils [-] Waiting for resource s_rally_2e7bdf0d_aCn24YH5. Status changed: QUEUED => ACTIVE in 0.0269420146942
2019-07-08 07:37:22.277 1386 RALLYDEBUG rally.task.utils [-] Waiting for resource s_rally_2e7bdf0d_KwF4Aw5w. Status changed: QUEUED => ACTIVE in 0.0280730724335
2019-07-08 07:37:22.363 1387 INFO rally.task.runner [-] Task 93927361-3d25-4e6a-8a9f-716efc97a6dd | ITER: 3 END: OK
2019-07-08 07:37:22.367 1387 INFO rally.task.runner [-] Task 93927361-3d25-4e6a-8a9f-716efc97a6dd | ITER: 7 START
2019-07-08 07:37:22.370 1386 INFO rally.task.runner [-] Task 93927361-3d25-4e6a-8a9f-716efc97a6dd | ITER: 2 END: OK
2019-07-08 07:37:22.374 1386 INFO rally.task.runner [-] Task 93927361-3d25-4e6a-8a9f-716efc97a6dd | ITER: 8 START
2019-07-08 07:37:23.538 1388 RALLYDEBUG rally.task.utils [-] Waiting for resource u'173f9d8f-32b4-4e46-9693-d626015dbeb9'. Status changed: NONE => QUEUED in 0.0299990177155
2019-07-08 07:37:23.538 1385 RALLYDEBUG rally.task.utils [-] Waiting for resource u'37a7a341-4bd9-4684-bfed-8b81b80a0b65'. Status changed: NONE => QUEUED in 0.0373959541321
2019-07-08 07:37:25.371 1385 RALLYDEBUG rally.task.utils [-] Waiting for resource s_rally_2e7bdf0d_ZmDVUGNQ. Status changed: QUEUED => ACTIVE in 0.0202782154083
2019-07-08 07:37:25.392 1388 RALLYDEBUG rally.task.utils [-] Waiting for resource s_rally_2e7bdf0d_WpCrW9io. Status changed: QUEUED => ACTIVE in 0.0262820720673
2019-07-08 07:37:25.493 1385 INFO rally.task.runner [-] Task 93927361-3d25-4e6a-8a9f-716efc97a6dd | ITER: 6 END: OK
2019-07-08 07:37:25.496 1385 INFO rally.task.runner [-] Task 93927361-3d25-4e6a-8a9f-716efc97a6dd | ITER: 9 START
2019-07-08 07:37:25.500 1388 INFO rally.task.runner [-] Task 93927361-3d25-4e6a-8a9f-716efc97a6dd | ITER: 5 END: OK
2019-07-08 07:37:25.504 1388 INFO rally.task.runner [-] Task 93927361-3d25-4e6a-8a9f-716efc97a6dd | ITER: 10 START
2019-07-08 07:37:25.643 1386 RALLYDEBUG rally.task.utils [-] Waiting for resource u'ddb3bba0-ed22-4cb2-9457-29ef757181e1'. Status changed: NONE => QUEUED in 0.0299170017242
2019-07-08 07:37:25.653 1387 RALLYDEBUG rally.task.utils [-] Waiting for resource u'b511a437-870c-402c-a6b1-486bf75f3a83'. Status changed: NONE => QUEUED in 0.0247030258179
2019-07-08 07:37:26.433 1386 RALLYDEBUG rally.task.utils [-] Waiting for resource s_rally_2e7bdf0d_Ei7UqXkf. Status changed: QUEUED => ACTIVE in 0.0200879573822
2019-07-08 07:37:26.440 1387 RALLYDEBUG rally.task.utils [-] Waiting for resource s_rally_2e7bdf0d_f58f95Sg. Status changed: QUEUED => ACTIVE in 0.0176441669464
2019-07-08 07:37:26.521 1387 INFO rally.task.runner [-] Task 93927361-3d25-4e6a-8a9f-716efc97a6dd | ITER: 7 END: OK
2019-07-08 07:37:26.523 1386 INFO rally.task.runner [-] Task 93927361-3d25-4e6a-8a9f-716efc97a6dd | ITER: 8 END: OK
2019-07-08 07:37:28.822 1385 RALLYDEBUG rally.task.utils [-] Waiting for resource u'110be762-9b5b-4884-893e-7e04b41f565a'. Status changed: NONE => QUEUED in 0.0267040729523
2019-07-08 07:37:28.830 1388 RALLYDEBUG rally.task.utils [-] Waiting for resource u'3a196c4e-6361-4eeb-9038-8d8b86ece561'. Status changed: NONE => QUEUED in 0.0249800682068
2019-07-08 07:37:30.185 1385 RALLYDEBUG rally.task.utils [-] Waiting for resource s_rally_2e7bdf0d_1mcC7aHS. Status changed: QUEUED => ACTIVE in 0.0191979408264
2019-07-08 07:37:30.188 1388 RALLYDEBUG rally.task.utils [-] Waiting for resource s_rally_2e7bdf0d_d9ciY8dA. Status changed: QUEUED => ACTIVE in 0.0207409858704
2019-07-08 07:37:30.279 1388 INFO rally.task.runner [-] Task 93927361-3d25-4e6a-8a9f-716efc97a6dd | ITER: 10 END: OK
2019-07-08 07:37:30.285 1385 INFO rally.task.runner [-] Task 93927361-3d25-4e6a-8a9f-716efc97a6dd | ITER: 9 END: OK
2019-07-08 07:37:30.313 725 INFO rally.task.context [-] Task 93927361-3d25-4e6a-8a9f-716efc97a6dd | Context cleanup@openstack cleanup() started
2019-07-08 07:37:30.316 725 RALLYDEBUG rally_openstack.cleanup.manager [-] Cleaning up glance images objects
2019-07-08 07:37:32.748 725 RALLYDEBUG rally_openstack.cleanup.manager [-] Deleting glance.images object s_rally_2e7bdf0d_t9Zo3h8I (093a139c-8dfb-49a8-888f-43de014f3485)
2019-07-08 07:37:32.752 725 RALLYDEBUG rally_openstack.cleanup.manager [-] Deleting glance.images object s_rally_2e7bdf0d_1mcC7aHS (110be762-9b5b-4884-893e-7e04b41f565a)
2019-07-08 07:37:32.754 725 RALLYDEBUG rally_openstack.cleanup.manager [-] Deleting glance.images object s_rally_2e7bdf0d_KwF4Aw5w (bb39ee22-b6aa-4ae7-9a17-dc66a3263471)
2019-07-08 07:37:32.754 725 RALLYDEBUG rally_openstack.cleanup.manager [-] Deleting glance.images object s_rally_2e7bdf0d_ZmDVUGNQ (37a7a341-4bd9-4684-bfed-8b81b80a0b65)
2019-07-08 07:37:32.755 725 RALLYDEBUG rally_openstack.cleanup.manager [-] Deleting glance.images object s_rally_2e7bdf0d_Ei7UqXkf (ddb3bba0-ed22-4cb2-9457-29ef757181e1)
2019-07-08 07:37:32.758 725 RALLYDEBUG rally_openstack.cleanup.manager [-] Deleting glance.images object s_rally_2e7bdf0d_WpCrW9io (173f9d8f-32b4-4e46-9693-d626015dbeb9)
2019-07-08 07:37:32.758 725 RALLYDEBUG rally_openstack.cleanup.manager [-] Deleting glance.images object s_rally_2e7bdf0d_d9ciY8dA (3a196c4e-6361-4eeb-9038-8d8b86ece561)
2019-07-08 07:37:32.759 725 RALLYDEBUG rally_openstack.cleanup.manager [-] Deleting glance.images object s_rally_2e7bdf0d_vLNHdi71 (9ada3166-a002-4ca5-91a4-7e1962d4647b)
2019-07-08 07:37:32.765 725 RALLYDEBUG rally_openstack.cleanup.manager [-] Deleting glance.images object s_rally_2e7bdf0d_f58f95Sg (b511a437-870c-402c-a6b1-486bf75f3a83)
2019-07-08 07:37:32.767 725 RALLYDEBUG rally_openstack.cleanup.manager [-] Deleting glance.images object s_rally_2e7bdf0d_aCn24YH5 (53aadd88-629f-4c2c-a41d-3c4d6c7766aa)
2019-07-08 07:37:34.104 725 DEBUG glanceclient.common.http [-] Request returned failure status 404. _handle_response /usr/lib/python2.7/site-packages/glanceclient/common/http.py:125
2019-07-08 07:37:34.108 725 DEBUG glanceclient.common.http [-] Request returned failure status 404. _handle_response /usr/lib/python2.7/site-packages/glanceclient/common/http.py:125
2019-07-08 07:37:34.118 725 DEBUG glanceclient.common.http [-] Request returned failure status 404. _handle_response /usr/lib/python2.7/site-packages/glanceclient/common/http.py:125
2019-07-08 07:37:34.122 725 DEBUG glanceclient.common.http [-] Request returned failure status 404. _handle_response /usr/lib/python2.7/site-packages/glanceclient/common/http.py:125
2019-07-08 07:37:34.123 725 DEBUG glanceclient.common.http [-] Request returned failure status 404. _handle_response /usr/lib/python2.7/site-packages/glanceclient/common/http.py:125
2019-07-08 07:37:34.135 725 DEBUG glanceclient.common.http [-] Request returned failure status 404. _handle_response /usr/lib/python2.7/site-packages/glanceclient/common/http.py:125
2019-07-08 07:37:35.101 725 DEBUG glanceclient.common.http [-] Request returned failure status 404. _handle_response /usr/lib/python2.7/site-packages/glanceclient/common/http.py:125
2019-07-08 07:37:35.119 725 DEBUG glanceclient.common.http [-] Request returned failure status 404. _handle_response /usr/lib/python2.7/site-packages/glanceclient/common/http.py:125
2019-07-08 07:37:35.177 725 DEBUG glanceclient.common.http [-] Request returned failure status 404. _handle_response /usr/lib/python2.7/site-packages/glanceclient/common/http.py:125
2019-07-08 07:37:35.188 725 DEBUG glanceclient.common.http [-] Request returned failure status 404. _handle_response /usr/lib/python2.7/site-packages/glanceclient/common/http.py:125
2019-07-08 07:37:35.192 725 DEBUG glanceclient.common.http [-] Request returned failure status 404. _handle_response /usr/lib/python2.7/site-packages/glanceclient/common/http.py:125
2019-07-08 07:37:35.215 725 DEBUG glanceclient.common.http [-] Request returned failure status 404. _handle_response /usr/lib/python2.7/site-packages/glanceclient/common/http.py:125
2019-07-08 07:37:35.218 725 DEBUG glanceclient.common.http [-] Request returned failure status 404. _handle_response /usr/lib/python2.7/site-packages/glanceclient/common/http.py:125
2019-07-08 07:37:35.338 725 DEBUG glanceclient.common.http [-] Request returned failure status 404. _handle_response /usr/lib/python2.7/site-packages/glanceclient/common/http.py:125
2019-07-08 07:37:36.117 725 DEBUG glanceclient.common.http [-] Request returned failure status 404. _handle_response /usr/lib/python2.7/site-packages/glanceclient/common/http.py:125
2019-07-08 07:37:36.147 725 DEBUG glanceclient.common.http [-] Request returned failure status 404. _handle_response /usr/lib/python2.7/site-packages/glanceclient/common/http.py:125
2019-07-08 07:37:36.150 725 DEBUG glanceclient.common.http [-] Request returned failure status 404. _handle_response /usr/lib/python2.7/site-packages/glanceclient/common/http.py:125
2019-07-08 07:37:36.164 725 DEBUG glanceclient.common.http [-] Request returned failure status 404. _handle_response /usr/lib/python2.7/site-packages/glanceclient/common/http.py:125
2019-07-08 07:37:36.216 725 DEBUG glanceclient.common.http [-] Request returned failure status 404. _handle_response /usr/lib/python2.7/site-packages/glanceclient/common/http.py:125
2019-07-08 07:37:36.234 725 DEBUG glanceclient.common.http [-] Request returned failure status 404. _handle_response /usr/lib/python2.7/site-packages/glanceclient/common/http.py:125
2019-07-08 07:37:37.237 725 INFO rally.task.context [-] Task 93927361-3d25-4e6a-8a9f-716efc97a6dd | Context cleanup@openstack cleanup() finished in 6.92 sec
2019-07-08 07:37:37.237 725 INFO rally.task.context [-] Task 93927361-3d25-4e6a-8a9f-716efc97a6dd | Context users@openstack cleanup() started
2019-07-08 07:37:43.891 725 INFO rally.task.context [-] Task 93927361-3d25-4e6a-8a9f-716efc97a6dd | Context users@openstack cleanup() finished in 6.65 sec
2019-07-08 07:37:44.174 725 INFO rally.task.engine [-] Load duration is: 12.943714
2019-07-08 07:37:44.175 725 INFO rally.task.engine [-] Full runner duration is: 13.865471
2019-07-08 07:37:44.175 725 INFO rally.task.engine [-] Full duration is: 31.851878
2019-07-08 07:37:44.398 725 INFO rally.task.engine [-] Running workload: position = 0 config = { "version": 2, "title": "A cropped version of a bigger task.", "description": "Auto-generated task from a single workload (uuid=c7f44b18-cd09-4066-8cf4-52d6a03c4c9b)", "subtasks": [ { "title": "GlanceImages.create_and_download_image", "description": "Create an image, then download data of the image.", "scenario": { "GlanceImages.create_and_download_image": { "container_format": "bare", "disk_format": "qcow2", "image_location": "/home/opnfv/functest/images/cirros-0.4.0-x86_64-disk.img" } }, "contexts": { "users": { "tenants": 3, "users_per_tenant": 2 } }, "runner": { "constant": { "concurrency": 4, "times": 10 } }, "hooks": [], "sla": { "failure_rate": { "max": 0 } } } ] }
2019-07-08 07:37:44.420 725 RALLYDEBUG rally_openstack.contexts.keystone.users [-] Creating 3 tenants using 20 threads
2019-07-08 07:37:46.335 725 RALLYDEBUG rally_openstack.contexts.keystone.users [-] Creating 6 users using 20 threads
2019-07-08 07:37:48.934 725 INFO rally.task.context [-] Task 93927361-3d25-4e6a-8a9f-716efc97a6dd | Context users@openstack setup() finished in 4.51 sec
2019-07-08 07:37:48.934 725 INFO rally.task.context [-] Task 93927361-3d25-4e6a-8a9f-716efc97a6dd | Context cleanup@openstack setup() finished in 0.01 msec
2019-07-08 07:37:48.941 725 RALLYDEBUG rally.task.runner [-] Starting the constant runner (task UUID: 93927361-3d25-4e6a-8a9f-716efc97a6dd). timeout: 0 concurrency: 4 concurrency_per_worker: 1 times: 10 concurrency_overhead: 0 processes_to_start: 4 max_cpu_used: 16
2019-07-08 07:37:48.955 1509 RALLYDEBUG rally.task.runner [-] Starting a worker. concurrency: 1 args: {"container_format": "bare", "disk_format": "qcow2", "image_location": "/home/opnfv/functest/images/cirros-0.4.0-x86_64-disk.img"} times: 10 method_name: run timeout: 0 duration: None cls:
2019-07-08 07:37:48.956 1510 RALLYDEBUG rally.task.runner [-] Starting a worker. concurrency: 1 args: {"container_format": "bare", "disk_format": "qcow2", "image_location": "/home/opnfv/functest/images/cirros-0.4.0-x86_64-disk.img"} times: 10 method_name: run timeout: 0 duration: None cls:
2019-07-08 07:37:48.958 1511 RALLYDEBUG rally.task.runner [-] Starting a worker. concurrency: 1 args: {"container_format": "bare", "disk_format": "qcow2", "image_location": "/home/opnfv/functest/images/cirros-0.4.0-x86_64-disk.img"} times: 10 method_name: run timeout: 0 duration: None cls:
2019-07-08 07:37:48.962 1510 INFO rally.task.runner [-] Task 93927361-3d25-4e6a-8a9f-716efc97a6dd | ITER: 2 START
2019-07-08 07:37:48.962 1509 INFO rally.task.runner [-] Task 93927361-3d25-4e6a-8a9f-716efc97a6dd | ITER: 1 START
2019-07-08 07:37:48.962 1512 RALLYDEBUG rally.task.runner [-] Starting a worker. concurrency: 1 args: {"container_format": "bare", "disk_format": "qcow2", "image_location": "/home/opnfv/functest/images/cirros-0.4.0-x86_64-disk.img"} times: 10 method_name: run timeout: 0 duration: None cls:
2019-07-08 07:37:48.964 1511 INFO rally.task.runner [-] Task 93927361-3d25-4e6a-8a9f-716efc97a6dd | ITER: 3 START
2019-07-08 07:37:48.969 1512 INFO rally.task.runner [-] Task 93927361-3d25-4e6a-8a9f-716efc97a6dd | ITER: 4 START
2019-07-08 07:37:52.183 1511 RALLYDEBUG rally.task.utils [-] Waiting for resource u'49e6a435-3b42-40bd-9777-cc4b6de6cde9'. Status changed: NONE => QUEUED in 0.0264239311218
2019-07-08 07:37:52.215 1509 RALLYDEBUG rally.task.utils [-] Waiting for resource u'46888265-8d37-4bcb-bb28-84849a50fbbc'. Status changed: NONE => QUEUED in 0.0289177894592
2019-07-08 07:37:52.278 1510 RALLYDEBUG rally.task.utils [-] Waiting for resource u'cf11921a-187d-47d9-809a-8a397a41a936'. Status changed: NONE => QUEUED in 0.0491280555725
2019-07-08 07:37:52.300 1512 RALLYDEBUG rally.task.utils [-] Waiting for resource u'cfadf9be-cbe7-4de0-ada4-fb20e4836a65'. Status changed: NONE => QUEUED in 0.0565130710602
2019-07-08 07:37:52.579 1511 RALLYDEBUG rally.task.utils [-] Waiting for resource s_rally_c7f44b18_XlQtuVQp. Status changed: QUEUED => ACTIVE in 0.0172598361969
2019-07-08 07:37:52.887 1511 INFO rally.task.runner [-] Task 93927361-3d25-4e6a-8a9f-716efc97a6dd | ITER: 3 END: OK
2019-07-08 07:37:52.891 1511 INFO rally.task.runner [-] Task 93927361-3d25-4e6a-8a9f-716efc97a6dd | ITER: 5 START
2019-07-08 07:37:55.727 1510 RALLYDEBUG rally.task.utils [-] Waiting for resource s_rally_c7f44b18_akmxJJOH. Status changed: QUEUED => ACTIVE in 0.0285489559174
2019-07-08 07:37:55.744 1509 RALLYDEBUG rally.task.utils [-] Waiting for resource s_rally_c7f44b18_GZtbH8rG. Status changed: QUEUED => ACTIVE in 0.0359220504761
2019-07-08 07:37:55.766 1512 RALLYDEBUG rally.task.utils [-] Waiting for resource s_rally_c7f44b18_NVP0aUEo. Status changed: QUEUED => ACTIVE in 0.0343580245972
2019-07-08 07:37:55.899 1510 INFO rally.task.runner [-] Task 93927361-3d25-4e6a-8a9f-716efc97a6dd | ITER: 2 END: OK
2019-07-08 07:37:55.903 1510 INFO rally.task.runner [-] Task 93927361-3d25-4e6a-8a9f-716efc97a6dd | ITER: 6 START
2019-07-08 07:37:56.037 1509 INFO rally.task.runner [-] Task 93927361-3d25-4e6a-8a9f-716efc97a6dd | ITER: 1 END: OK
2019-07-08 07:37:56.040 1509 INFO rally.task.runner [-] Task 93927361-3d25-4e6a-8a9f-716efc97a6dd | ITER: 7 START
2019-07-08 07:37:56.149 1512 INFO rally.task.runner [-] Task 93927361-3d25-4e6a-8a9f-716efc97a6dd | ITER: 4 END: OK
2019-07-08 07:37:56.152 1512 INFO rally.task.runner [-] Task 93927361-3d25-4e6a-8a9f-716efc97a6dd | ITER: 8 START
2019-07-08 07:37:56.159 1511 RALLYDEBUG rally.task.utils [-] Waiting for resource u'cc675bc3-a07c-4f72-ae3d-5a78ff0947f6'. Status changed: NONE => QUEUED in 0.0267918109894
2019-07-08 07:37:56.792 1511 RALLYDEBUG rally.task.utils [-] Waiting for resource s_rally_c7f44b18_A0koZlYX. Status changed: QUEUED => ACTIVE in 0.0187199115753
2019-07-08 07:37:56.933 1511 INFO rally.task.runner [-] Task 93927361-3d25-4e6a-8a9f-716efc97a6dd | ITER: 5 END: OK
2019-07-08 07:37:56.936 1511 INFO rally.task.runner [-] Task 93927361-3d25-4e6a-8a9f-716efc97a6dd | ITER: 9 START
2019-07-08 07:37:59.205 1510 RALLYDEBUG rally.task.utils [-] Waiting for resource u'17cedd66-8910-4b25-834f-a2405dfc2a02'. Status changed: NONE => QUEUED in 0.0320611000061
2019-07-08 07:37:59.386 1509 RALLYDEBUG rally.task.utils [-] Waiting for resource u'080d98a3-932d-4e6f-b14c-4260cc1f9b86'. Status changed: NONE => QUEUED in 0.0271430015564
2019-07-08 07:38:00.021 1512 RALLYDEBUG rally.task.utils [-] Waiting for resource u'83084e21-a1c9-4a14-8231-cb6d6d3e111a'. Status changed: NONE => QUEUED in 0.724236965179
2019-07-08 07:38:00.060 1509 RALLYDEBUG rally.task.utils [-] Waiting for resource s_rally_c7f44b18_7OKvundi. Status changed: QUEUED => ACTIVE in 0.0172319412231
2019-07-08 07:38:00.086 1510 RALLYDEBUG rally.task.utils [-] Waiting for resource s_rally_c7f44b18_CJX9Pgaz. Status changed: QUEUED => ACTIVE in 0.0187139511108
2019-07-08 07:38:00.110 1511 RALLYDEBUG rally.task.utils [-] Waiting for resource u'9062e442-8cee-4d73-bf8a-9307d915eb50'. Status changed: NONE => QUEUED in 0.0233190059662
2019-07-08 07:38:00.217 1509 INFO rally.task.runner [-] Task 93927361-3d25-4e6a-8a9f-716efc97a6dd | ITER: 7 END: OK
2019-07-08 07:38:00.221 1509 INFO rally.task.runner [-] Task 93927361-3d25-4e6a-8a9f-716efc97a6dd | ITER: 10 START
2019-07-08 07:38:01.130 1511 RALLYDEBUG rally.task.utils [-] Waiting for resource s_rally_c7f44b18_OH2XwEep. Status changed: QUEUED => ACTIVE in 0.0168669223785
2019-07-08 07:38:01.212 1510 INFO rally.task.runner [-] Task 93927361-3d25-4e6a-8a9f-716efc97a6dd | ITER: 6 END: OK
2019-07-08 07:38:01.251 1512 RALLYDEBUG rally.task.utils [-] Waiting for resource s_rally_c7f44b18_NSlDo2JD. Status changed: QUEUED => ACTIVE in 0.0177149772644
2019-07-08 07:38:01.275 1511 INFO rally.task.runner [-] Task 93927361-3d25-4e6a-8a9f-716efc97a6dd | ITER: 9 END: OK
2019-07-08 07:38:01.389 1512 INFO rally.task.runner [-] Task 93927361-3d25-4e6a-8a9f-716efc97a6dd | ITER: 8 END: OK
2019-07-08 07:38:03.540 1509 RALLYDEBUG rally.task.utils [-] Waiting for resource u'd5b154e8-8de3-43df-944b-deeb790f418a'. Status changed: NONE => QUEUED in 0.0323121547699
2019-07-08 07:38:04.221 1509 RALLYDEBUG rally.task.utils [-] Waiting for resource s_rally_c7f44b18_tJ36FypJ. Status changed: QUEUED => ACTIVE in 0.0181210041046
2019-07-08 07:38:04.526 1509 INFO rally.task.runner [-] Task 93927361-3d25-4e6a-8a9f-716efc97a6dd | ITER: 10 END: OK
2019-07-08 07:38:04.551 725 INFO rally.task.context [-] Task 93927361-3d25-4e6a-8a9f-716efc97a6dd | Context cleanup@openstack cleanup() started
2019-07-08 07:38:04.553 725 RALLYDEBUG rally_openstack.cleanup.manager [-] Cleaning up glance images objects
2019-07-08 07:38:06.928 725 RALLYDEBUG rally_openstack.cleanup.manager [-] Deleting glance.images object s_rally_c7f44b18_CJX9Pgaz (17cedd66-8910-4b25-834f-a2405dfc2a02)
2019-07-08 07:38:06.931 725 RALLYDEBUG rally_openstack.cleanup.manager [-] Deleting glance.images object s_rally_c7f44b18_7OKvundi (080d98a3-932d-4e6f-b14c-4260cc1f9b86)
2019-07-08 07:38:06.933 725 RALLYDEBUG rally_openstack.cleanup.manager [-] Deleting glance.images object s_rally_c7f44b18_GZtbH8rG (46888265-8d37-4bcb-bb28-84849a50fbbc)
2019-07-08 07:38:06.937 725 RALLYDEBUG rally_openstack.cleanup.manager [-] Deleting glance.images object s_rally_c7f44b18_tJ36FypJ (d5b154e8-8de3-43df-944b-deeb790f418a)
2019-07-08 07:38:06.943 725 RALLYDEBUG rally_openstack.cleanup.manager [-] Deleting glance.images object s_rally_c7f44b18_A0koZlYX (cc675bc3-a07c-4f72-ae3d-5a78ff0947f6)
2019-07-08 07:38:06.947 725 RALLYDEBUG rally_openstack.cleanup.manager [-] Deleting glance.images object s_rally_c7f44b18_XlQtuVQp (49e6a435-3b42-40bd-9777-cc4b6de6cde9)
2019-07-08 07:38:06.948 725 RALLYDEBUG rally_openstack.cleanup.manager [-] Deleting glance.images object s_rally_c7f44b18_NSlDo2JD (83084e21-a1c9-4a14-8231-cb6d6d3e111a)
2019-07-08 07:38:06.955 725 RALLYDEBUG rally_openstack.cleanup.manager [-] Deleting glance.images object s_rally_c7f44b18_NVP0aUEo (cfadf9be-cbe7-4de0-ada4-fb20e4836a65)
2019-07-08 07:38:06.957 725 RALLYDEBUG rally_openstack.cleanup.manager [-] Deleting glance.images object s_rally_c7f44b18_OH2XwEep (9062e442-8cee-4d73-bf8a-9307d915eb50)
2019-07-08 07:38:06.964 725 RALLYDEBUG rally_openstack.cleanup.manager [-] Deleting glance.images object s_rally_c7f44b18_akmxJJOH (cf11921a-187d-47d9-809a-8a397a41a936)
2019-07-08 07:38:08.147 725 DEBUG glanceclient.common.http [-] Request returned failure status 404. _handle_response /usr/lib/python2.7/site-packages/glanceclient/common/http.py:125
2019-07-08 07:38:08.165 725 DEBUG glanceclient.common.http [-] Request returned failure status 404. _handle_response /usr/lib/python2.7/site-packages/glanceclient/common/http.py:125
2019-07-08 07:38:09.253 725 DEBUG glanceclient.common.http [-] Request returned failure status 404. _handle_response /usr/lib/python2.7/site-packages/glanceclient/common/http.py:125
2019-07-08 07:38:09.265 725 DEBUG glanceclient.common.http [-] Request returned failure status 404. _handle_response /usr/lib/python2.7/site-packages/glanceclient/common/http.py:125
2019-07-08 07:38:09.266 725 DEBUG glanceclient.common.http [-] Request returned failure status 404. _handle_response /usr/lib/python2.7/site-packages/glanceclient/common/http.py:125
2019-07-08 07:38:09.275 725 DEBUG glanceclient.common.http [-] Request returned failure status 404. _handle_response /usr/lib/python2.7/site-packages/glanceclient/common/http.py:125
2019-07-08 07:38:09.276 725 DEBUG glanceclient.common.http [-] Request returned failure status 404. _handle_response /usr/lib/python2.7/site-packages/glanceclient/common/http.py:125
2019-07-08 07:38:09.279 725 DEBUG glanceclient.common.http [-] Request returned failure status 404. _handle_response /usr/lib/python2.7/site-packages/glanceclient/common/http.py:125
2019-07-08 07:38:09.287 725 DEBUG glanceclient.common.http [-] Request returned failure status 404. _handle_response /usr/lib/python2.7/site-packages/glanceclient/common/http.py:125
2019-07-08 07:38:09.289 725 DEBUG glanceclient.common.http [-] Request returned failure status 404. _handle_response /usr/lib/python2.7/site-packages/glanceclient/common/http.py:125
2019-07-08 07:38:09.295 725 DEBUG glanceclient.common.http [-] Request returned failure status 404. _handle_response /usr/lib/python2.7/site-packages/glanceclient/common/http.py:125
2019-07-08 07:38:09.300 725 DEBUG glanceclient.common.http [-] Request returned failure status 404. _handle_response /usr/lib/python2.7/site-packages/glanceclient/common/http.py:125
2019-07-08 07:38:09.302 725 DEBUG glanceclient.common.http [-] Request returned failure status 404. _handle_response /usr/lib/python2.7/site-packages/glanceclient/common/http.py:125
2019-07-08 07:38:09.303 725 DEBUG glanceclient.common.http [-] Request returned failure status 404. _handle_response /usr/lib/python2.7/site-packages/glanceclient/common/http.py:125
2019-07-08 07:38:10.241 725 DEBUG glanceclient.common.http [-] Request returned failure status 404. _handle_response /usr/lib/python2.7/site-packages/glanceclient/common/http.py:125
2019-07-08 07:38:10.269 725 DEBUG glanceclient.common.http [-] Request returned failure status 404. _handle_response /usr/lib/python2.7/site-packages/glanceclient/common/http.py:125
2019-07-08 07:38:10.272 725 DEBUG glanceclient.common.http [-] Request returned failure status 404. _handle_response /usr/lib/python2.7/site-packages/glanceclient/common/http.py:125
2019-07-08 07:38:10.278 725 DEBUG glanceclient.common.http [-] Request returned failure status 404. _handle_response /usr/lib/python2.7/site-packages/glanceclient/common/http.py:125
2019-07-08 07:38:10.288 725 DEBUG glanceclient.common.http [-] Request returned failure status 404. _handle_response /usr/lib/python2.7/site-packages/glanceclient/common/http.py:125
2019-07-08 07:38:10.292 725 DEBUG glanceclient.common.http [-] Request returned failure status 404. _handle_response /usr/lib/python2.7/site-packages/glanceclient/common/http.py:125
2019-07-08 07:38:11.295 725 INFO rally.task.context [-] Task 93927361-3d25-4e6a-8a9f-716efc97a6dd | Context cleanup@openstack cleanup() finished in 6.74 sec
2019-07-08 07:38:11.296 725 INFO rally.task.context [-] Task 93927361-3d25-4e6a-8a9f-716efc97a6dd | Context users@openstack cleanup() started
2019-07-08 07:38:18.525 725 INFO rally.task.context [-] Task 93927361-3d25-4e6a-8a9f-716efc97a6dd | Context users@openstack cleanup() finished in 7.23 sec
2019-07-08 07:38:18.590 725 INFO rally.task.engine [-] Load duration is: 14.716437
2019-07-08 07:38:18.591 725 INFO rally.task.engine [-] Full runner duration is: 15.610211
2019-07-08 07:38:18.591 725 INFO rally.task.engine [-] Full duration is: 34.107931
2019-07-08 07:38:18.787 725 INFO rally.task.engine [-] Running workload: position = 0 config = { "version": 2, "title": "A cropped version of a bigger task.", "description": "Auto-generated task from a single workload (uuid=0d0612d8-20dc-4a90-82bf-5ea9988a6ca8)", "subtasks": [ { "title": "GlanceImages.create_and_get_image", "description": "Create and get detailed information of an image.", "scenario": { "GlanceImages.create_and_get_image": { "container_format": "bare", "disk_format": "qcow2", "image_location": "/home/opnfv/functest/images/cirros-0.4.0-x86_64-disk.img" } }, "contexts": { "users": { "tenants": 3, "users_per_tenant": 2 } }, "runner": { "constant": { "concurrency": 4, "times": 10 } }, "hooks": [], "sla": { "failure_rate": { "max": 0 } } } ] }
2019-07-08 07:38:18.805 725 RALLYDEBUG rally_openstack.contexts.keystone.users [-] Creating 3 tenants using 20 threads
2019-07-08 07:38:20.538 725 RALLYDEBUG rally_openstack.contexts.keystone.users [-] Creating 6 users using 20 threads
2019-07-08 07:38:23.223 725 INFO rally.task.context [-] Task 93927361-3d25-4e6a-8a9f-716efc97a6dd | Context users@openstack setup() finished in 4.42 sec
2019-07-08 07:38:23.224 725 INFO rally.task.context [-] Task 93927361-3d25-4e6a-8a9f-716efc97a6dd | Context cleanup@openstack setup() finished in 0.01 msec
2019-07-08 07:38:23.231 725 RALLYDEBUG rally.task.runner [-] Starting the constant runner (task UUID: 93927361-3d25-4e6a-8a9f-716efc97a6dd). timeout: 0 concurrency: 4 concurrency_per_worker: 1 times: 10 concurrency_overhead: 0 processes_to_start: 4 max_cpu_used: 16
2019-07-08 07:38:23.244 1633 RALLYDEBUG rally.task.runner [-] Starting a worker. concurrency: 1 args: {"container_format": "bare", "disk_format": "qcow2", "image_location": "/home/opnfv/functest/images/cirros-0.4.0-x86_64-disk.img"} times: 10 method_name: run timeout: 0 duration: None cls:
2019-07-08 07:38:23.248 1634 RALLYDEBUG rally.task.runner [-] Starting a worker. concurrency: 1 args: {"container_format": "bare", "disk_format": "qcow2", "image_location": "/home/opnfv/functest/images/cirros-0.4.0-x86_64-disk.img"} times: 10 method_name: run timeout: 0 duration: None cls:
2019-07-08 07:38:23.249 1633 INFO rally.task.runner [-] Task 93927361-3d25-4e6a-8a9f-716efc97a6dd | ITER: 1 START
2019-07-08 07:38:23.251 1635 RALLYDEBUG rally.task.runner [-] Starting a worker. concurrency: 1 args: {"container_format": "bare", "disk_format": "qcow2", "image_location": "/home/opnfv/functest/images/cirros-0.4.0-x86_64-disk.img"} times: 10 method_name: run timeout: 0 duration: None cls:
2019-07-08 07:38:23.255 1634 INFO rally.task.runner [-] Task 93927361-3d25-4e6a-8a9f-716efc97a6dd | ITER: 2 START
2019-07-08 07:38:23.255 1636 RALLYDEBUG rally.task.runner [-] Starting a worker. concurrency: 1 args: {"container_format": "bare", "disk_format": "qcow2", "image_location": "/home/opnfv/functest/images/cirros-0.4.0-x86_64-disk.img"} times: 10 method_name: run timeout: 0 duration: None cls:
2019-07-08 07:38:23.257 1635 INFO rally.task.runner [-] Task 93927361-3d25-4e6a-8a9f-716efc97a6dd | ITER: 3 START
2019-07-08 07:38:23.261 1636 INFO rally.task.runner [-] Task 93927361-3d25-4e6a-8a9f-716efc97a6dd | ITER: 4 START
2019-07-08 07:38:26.535 1635 RALLYDEBUG rally.task.utils [-] Waiting for resource u'a9157279-78dd-4ea7-b685-bf3a1069bb49'. Status changed: NONE => QUEUED in 0.0282850265503
2019-07-08 07:38:26.572 1633 RALLYDEBUG rally.task.utils [-] Waiting for resource u'7f0a5f17-0062-4508-a9ee-9e71b866b90a'. Status changed: NONE => QUEUED in 0.0336670875549
2019-07-08 07:38:26.580 1634 RALLYDEBUG rally.task.utils [-] Waiting for resource u'3ace9803-2ba3-4e1c-b440-300f0b5fe338'. Status changed: NONE => QUEUED in 0.0369889736176
2019-07-08 07:38:26.662 1636 RALLYDEBUG rally.task.utils [-] Waiting for resource u'a90bd671-8f21-4e51-9e20-79695efff737'. Status changed: NONE => QUEUED in 0.0374798774719
2019-07-08 07:38:27.287 1635 RALLYDEBUG rally.task.utils [-] Waiting for resource s_rally_0d0612d8_B0K2Us22. Status changed: QUEUED => ACTIVE in 0.0164501667023
2019-07-08 07:38:27.303 1635 INFO rally.task.runner [-] Task 93927361-3d25-4e6a-8a9f-716efc97a6dd | ITER: 3 END: OK
2019-07-08 07:38:27.306 1635 INFO rally.task.runner [-] Task 93927361-3d25-4e6a-8a9f-716efc97a6dd | ITER: 5 START
2019-07-08 07:38:27.981 1636 RALLYDEBUG rally.task.utils [-] Waiting for resource s_rally_0d0612d8_xKLsQ1am. Status changed: QUEUED => ACTIVE in 0.0200469493866
2019-07-08 07:38:27.985 1634 RALLYDEBUG rally.task.utils [-] Waiting for resource s_rally_0d0612d8_niuRyhYi. Status changed: QUEUED => ACTIVE in 0.018639087677
2019-07-08 07:38:27.986 1633 RALLYDEBUG rally.task.utils [-] Waiting for resource s_rally_0d0612d8_3bhZNpQs. Status changed: QUEUED => ACTIVE in 0.0179951190948
2019-07-08 07:38:28.002 1636 INFO rally.task.runner [-] Task 93927361-3d25-4e6a-8a9f-716efc97a6dd | ITER: 4 END: OK
2019-07-08 07:38:28.005 1636 INFO rally.task.runner [-] Task 93927361-3d25-4e6a-8a9f-716efc97a6dd | ITER: 6 START
2019-07-08 07:38:28.008 1634 INFO rally.task.runner [-] Task 93927361-3d25-4e6a-8a9f-716efc97a6dd | ITER: 2 END: OK
2019-07-08 07:38:28.008 1633 INFO rally.task.runner [-] Task 93927361-3d25-4e6a-8a9f-716efc97a6dd | ITER: 1 END: OK
2019-07-08 07:38:28.011 1634 INFO rally.task.runner [-] Task 93927361-3d25-4e6a-8a9f-716efc97a6dd | ITER: 8 START
2019-07-08 07:38:28.011 1633 INFO rally.task.runner [-] Task 93927361-3d25-4e6a-8a9f-716efc97a6dd | ITER: 7 START
2019-07-08 07:38:30.579 1635 RALLYDEBUG rally.task.utils [-] Waiting for resource u'c347c95e-cb24-4f9b-88cb-c6bc9170a0c2'. Status changed: NONE => QUEUED in 0.0297269821167
2019-07-08 07:38:30.973 1635 RALLYDEBUG rally.task.utils [-] Waiting for resource s_rally_0d0612d8_jse4KAHd. Status changed: QUEUED => ACTIVE in 0.0191819667816
2019-07-08 07:38:30.989 1635 INFO rally.task.runner [-] Task 93927361-3d25-4e6a-8a9f-716efc97a6dd | ITER: 5 END: OK
2019-07-08 07:38:30.993 1635 INFO rally.task.runner [-] Task 93927361-3d25-4e6a-8a9f-716efc97a6dd | ITER: 9 START
2019-07-08 07:38:31.272 1636 RALLYDEBUG rally.task.utils [-] Waiting for resource u'15da2407-c8a5-4924-97b3-fd0c2d8b99ff'. Status changed: NONE => QUEUED in 0.0400478839874
2019-07-08 07:38:31.274 1634 RALLYDEBUG rally.task.utils [-] Waiting for resource u'e75417a3-a06a-4381-8bff-eb13b92dbaea'. Status changed: NONE => QUEUED in 0.0337729454041
2019-07-08 07:38:31.350 1633 RALLYDEBUG rally.task.utils [-] Waiting for resource u'd7ed9f1f-1084-46f2-a852-3fae030e8536'. Status changed: NONE => QUEUED in 0.0277028083801
2019-07-08 07:38:32.011 1633 RALLYDEBUG rally.task.utils [-] Waiting for resource s_rally_0d0612d8_czAtBDvO. Status changed: QUEUED => ACTIVE in 0.0197291374207
2019-07-08 07:38:32.035 1633 INFO rally.task.runner [-] Task 93927361-3d25-4e6a-8a9f-716efc97a6dd | ITER: 7 END: OK
2019-07-08 07:38:32.038 1633 INFO rally.task.runner [-] Task 93927361-3d25-4e6a-8a9f-716efc97a6dd | ITER: 10 START
2019-07-08 07:38:33.180 1636 RALLYDEBUG rally.task.utils [-] Waiting for resource s_rally_0d0612d8_1WESxc6a. Status changed: QUEUED => ACTIVE in 0.121626853943
2019-07-08 07:38:33.207 1636 INFO rally.task.runner [-] Task 93927361-3d25-4e6a-8a9f-716efc97a6dd | ITER: 6 END: OK
2019-07-08 07:38:33.210 1634 RALLYDEBUG rally.task.utils [-] Waiting for resource s_rally_0d0612d8_rUMOkjHF. Status changed: QUEUED => ACTIVE in 0.0190420150757
2019-07-08 07:38:33.226 1634 INFO rally.task.runner [-] Task 93927361-3d25-4e6a-8a9f-716efc97a6dd | ITER: 8 END: OK
2019-07-08 07:38:34.184 1635 RALLYDEBUG rally.task.utils [-] Waiting for resource u'65a7ea62-18c5-43b6-8290-755a33bccd79'. Status changed: NONE => QUEUED in 0.0310211181641
2019-07-08 07:38:35.251 1633 RALLYDEBUG rally.task.utils [-] Waiting for resource u'042272bf-036a-4eb5-a856-e0709e5f4dfd'. Status changed: NONE => QUEUED in 0.0305349826813
2019-07-08 07:38:35.311 1635 RALLYDEBUG rally.task.utils [-] Waiting for resource s_rally_0d0612d8_lgStXQjT. Status changed: QUEUED => ACTIVE in 0.0234389305115
2019-07-08 07:38:35.327 1635 INFO rally.task.runner [-] Task 93927361-3d25-4e6a-8a9f-716efc97a6dd | ITER: 9 END: OK
2019-07-08 07:38:36.202 1633 RALLYDEBUG rally.task.utils [-] Waiting for resource s_rally_0d0612d8_UUe6ycRc. Status changed: QUEUED => ACTIVE in 0.0185830593109
2019-07-08 07:38:36.219 1633 INFO rally.task.runner [-] Task 93927361-3d25-4e6a-8a9f-716efc97a6dd | ITER: 10 END: OK
2019-07-08 07:38:36.240 725 INFO rally.task.context [-] Task 93927361-3d25-4e6a-8a9f-716efc97a6dd | Context cleanup@openstack cleanup() started
2019-07-08 07:38:36.242 725 RALLYDEBUG rally_openstack.cleanup.manager [-] Cleaning up glance images objects
2019-07-08 07:38:38.589 725 RALLYDEBUG rally_openstack.cleanup.manager [-] Deleting glance.images object s_rally_0d0612d8_UUe6ycRc (042272bf-036a-4eb5-a856-e0709e5f4dfd)
2019-07-08 07:38:38.589 725 RALLYDEBUG rally_openstack.cleanup.manager [-] Deleting glance.images object s_rally_0d0612d8_niuRyhYi (3ace9803-2ba3-4e1c-b440-300f0b5fe338)
2019-07-08 07:38:38.591 725 RALLYDEBUG rally_openstack.cleanup.manager [-] Deleting glance.images object s_rally_0d0612d8_lgStXQjT (65a7ea62-18c5-43b6-8290-755a33bccd79)
2019-07-08 07:38:38.598 725 RALLYDEBUG rally_openstack.cleanup.manager [-] Deleting glance.images object s_rally_0d0612d8_3bhZNpQs (7f0a5f17-0062-4508-a9ee-9e71b866b90a)
