2019-07-08 07:31:19.334 7 RALLYDEBUG rally.api [-] INFO logs from urllib3 and requests module are hide.
2019-07-08 07:31:19.334 7 RALLYDEBUG rally.api [-] urllib3 insecure warnings are hidden.
2019-07-08 07:31:19.335 7 RALLYDEBUG rally.api [-] ERROR log from boto module is hide.
2019-07-08 07:31:20.598 7 ERROR rally.cli.cliutils [-] Unexpected exception in CLI: DBRecordNotFound: Record for uuid or name is opnfv-rally not found in table envs
2019-07-08 07:31:20.598 7 ERROR rally.cli.cliutils
Traceback (most recent call last):
2019-07-08 07:31:20.598 7 ERROR rally.cli.cliutils
File "/usr/lib/python2.7/site-packages/rally/cli/cliutils.py", line 674, in run
2019-07-08 07:31:20.598 7 ERROR rally.cli.cliutils ret = fn(*fn_args, **fn_kwargs)
2019-07-08 07:31:20.598 7 ERROR rally.cli.cliutils File "", line 2, in destroy
2019-07-08 07:31:20.598 7 ERROR rally.cli.cliutils
File "/usr/lib/python2.7/site-packages/rally/cli/envutils.py", line 69, in default_from_global
2019-07-08 07:31:20.598 7 ERROR rally.cli.cliutils return f(*args, **kwargs)
2019-07-08 07:31:20.598 7 ERROR rally.cli.cliutils File "", line 2, in destroy
2019-07-08 07:31:20.598 7 ERROR rally.cli.cliutils
File "/usr/lib/python2.7/site-packages/rally/plugins/__init__.py", line 51, in ensure_plugins_are_loaded
2019-07-08 07:31:20.598 7 ERROR rally.cli.cliutils return f(*args, **kwargs)
2019-07-08 07:31:20.598 7 ERROR rally.cli.cliutils
File "/usr/lib/python2.7/site-packages/rally/cli/commands/deployment.py", line 140, in destroy
2019-07-08 07:31:20.598 7 ERROR rally.cli.cliutils api.deployment.destroy(deployment=deployment)
2019-07-08 07:31:20.598 7 ERROR rally.cli.cliutils
File "/usr/lib/python2.7/site-packages/rally/api.py", line 115, in destroy
2019-07-08 07:31:20.598 7 ERROR rally.cli.cliutils deploy = objects.Deployment.get(deployment)
2019-07-08 07:31:20.598 7 ERROR rally.cli.cliutils
File "/usr/lib/python2.7/site-packages/rally/common/objects/deploy.py", line 124, in get
2019-07-08 07:31:20.598 7 ERROR rally.cli.cliutils return Deployment(env_mgr.EnvManager.get(deploy))
2019-07-08 07:31:20.598 7 ERROR rally.cli.cliutils
File "/usr/lib/python2.7/site-packages/rally/env/env_mgr.py", line 212, in get
2019-07-08 07:31:20.598 7 ERROR rally.cli.cliutils return cls(db.env_get(uuid_or_name))
2019-07-08 07:31:20.598 7 ERROR rally.cli.cliutils
File "/usr/lib/python2.7/site-packages/rally/common/db/api.py", line 135, in wrapper
2019-07-08 07:31:20.598 7 ERROR rally.cli.cliutils result = f(session, *args, **kwargs)
2019-07-08 07:31:20.598 7 ERROR rally.cli.cliutils
File "/usr/lib/python2.7/site-packages/rally/common/db/api.py", line 521, in env_get
2019-07-08 07:31:20.598 7 ERROR rally.cli.cliutils criteria="uuid or name is %s" % uuid_or_name, table="envs")
2019-07-08 07:31:20.598 7 ERROR rally.cli.cliutils DBRecordNotFound: Record for uuid or name is opnfv-rally not found in table envs
2019-07-08 07:31:20.598 7 ERROR rally.cli.cliutils
2019-07-08 07:31:21.572 9 RALLYDEBUG rally.api [-] INFO logs from urllib3 and requests module are hide.
2019-07-08 07:31:21.572 9 RALLYDEBUG rally.api [-] urllib3 insecure warnings are hidden.
2019-07-08 07:31:21.572 9 RALLYDEBUG rally.api [-] ERROR log from boto module is hide.
2019-07-08 07:31:22.781 9 WARNING rally_openstack.platforms.existing [-] endpoint is deprecated and not used.
2019-07-08 07:31:23.667 11 RALLYDEBUG rally.api [-] INFO logs from urllib3 and requests module are hide.
2019-07-08 07:31:23.667 11 RALLYDEBUG rally.api [-] urllib3 insecure warnings are hidden.
2019-07-08 07:31:23.668 11 RALLYDEBUG rally.api [-] ERROR log from boto module is hide.
2019-07-08 07:31:26.981 14 RALLYDEBUG rally.api [-] INFO logs from urllib3 and requests module are hide.
2019-07-08 07:31:26.982 14 RALLYDEBUG rally.api [-] urllib3 insecure warnings are hidden.
2019-07-08 07:31:26.982 14 RALLYDEBUG rally.api [-] ERROR log from boto module is hide.
2019-07-08 07:31:28.708 16 RALLYDEBUG rally.api [-] INFO logs from urllib3 and requests module are hide.
2019-07-08 07:31:28.708 16 RALLYDEBUG rally.api [-] urllib3 insecure warnings are hidden.
2019-07-08 07:31:28.708 16 RALLYDEBUG rally.api [-] ERROR log from boto module is hide.
2019-07-08 07:31:30.077 16 INFO rally.task.engine [-] Task 9c5ab946-5614-4b04-94a6-bf66fdde4cc1 | Starting: Task validation.
2019-07-08 07:31:30.131 16 INFO rally.task.engine [-] Task 9c5ab946-5614-4b04-94a6-bf66fdde4cc1 | Starting: Task validation of syntax.
2019-07-08 07:31:30.180 16 INFO rally.task.engine [-] Task 9c5ab946-5614-4b04-94a6-bf66fdde4cc1 | Completed: Task validation of syntax.
2019-07-08 07:31:30.181 16 INFO rally.task.engine [-] Task 9c5ab946-5614-4b04-94a6-bf66fdde4cc1 | Starting: Task validation of required platforms.
2019-07-08 07:31:30.206 16 INFO rally.task.engine [-] Task 9c5ab946-5614-4b04-94a6-bf66fdde4cc1 | Completed: Task validation of required platforms.
2019-07-08 07:31:30.206 16 INFO rally.task.engine [-] Task 9c5ab946-5614-4b04-94a6-bf66fdde4cc1 | Starting: Task validation of semantic.
2019-07-08 07:31:30.206 16 INFO rally.task.engine [-] Check health of the environment '60abec01-df15-4d94-bb63-4ee70030cb6d'.
2019-07-08 07:31:30.991 16 INFO rally.task.engine [-] Platform existing@openstack (available: True): OK!
2019-07-08 07:31:31.006 16 RALLYDEBUG rally_openstack.contexts.keystone.users [-] Creating 1 tenants using 20 threads
2019-07-08 07:31:32.616 16 RALLYDEBUG rally_openstack.contexts.keystone.users [-] Creating 1 users using 20 threads
2019-07-08 07:31:35.077 16 INFO rally.task.context [-] Task 9c5ab946-5614-4b04-94a6-bf66fdde4cc1 | Context users@openstack setup() finished in 4.07 sec
2019-07-08 07:31:35.124 16 INFO rally.task.context [-] Task 9c5ab946-5614-4b04-94a6-bf66fdde4cc1 | Context users@openstack cleanup() started
2019-07-08 07:31:39.775 16 INFO rally.task.context [-] Task 9c5ab946-5614-4b04-94a6-bf66fdde4cc1 | Context users@openstack cleanup() finished in 4.65 sec
2019-07-08 07:31:39.776 16 INFO rally.task.engine [-] Task 9c5ab946-5614-4b04-94a6-bf66fdde4cc1 | Completed: Task validation of semantic.
2019-07-08 07:31:39.776 16 INFO rally.task.engine [-] Task 9c5ab946-5614-4b04-94a6-bf66fdde4cc1 | Completed: Task validation.
2019-07-08 07:31:39.776 16 INFO rally.api [-] Task 9c5ab946-5614-4b04-94a6-bf66fdde4cc1 input file is valid.
2019-07-08 07:31:39.777 16 INFO rally.api [-] Run Task 9c5ab946-5614-4b04-94a6-bf66fdde4cc1 against Deployment 60abec01-df15-4d94-bb63-4ee70030cb6d
2019-07-08 07:31:39.777 16 INFO rally.task.engine [-] Task 9c5ab946-5614-4b04-94a6-bf66fdde4cc1 | Starting: Running task.
2019-07-08 07:31:39.917 16 INFO rally.task.engine [-] Running workload: position = 0 config = { "version": 2, "title": "A cropped version of a bigger task.", "description": "Auto-generated task from a single workload (uuid=874b2f8b-1b1e-4846-b412-e5a00ede16fe)", "subtasks": [ { "title": "Authenticate.keystone", "description": "Check Keystone Client.", "scenario": { "Authenticate.keystone": {} }, "contexts": { "users": { "tenants": 3, "users_per_tenant": 2 } }, "runner": { "constant": { "concurrency": 4, "times": 10 } }, "hooks": [], "sla": { "failure_rate": { "max": 0 } } } ] }
2019-07-08 07:31:39.935 16 RALLYDEBUG rally_openstack.contexts.keystone.users [-] Creating 3 tenants using 20 threads
2019-07-08 07:31:41.712 16 RALLYDEBUG rally_openstack.contexts.keystone.users [-] Creating 6 users using 20 threads
2019-07-08 07:31:44.547 16 INFO rally.task.context [-] Task 9c5ab946-5614-4b04-94a6-bf66fdde4cc1 | Context users@openstack setup() finished in 4.61 sec
2019-07-08 07:31:44.554 16 RALLYDEBUG rally.task.runner [-] Starting the constant runner (task UUID: 9c5ab946-5614-4b04-94a6-bf66fdde4cc1). timeout: 0 concurrency: 4 concurrency_per_worker: 1 times: 10 concurrency_overhead: 0 processes_to_start: 4 max_cpu_used: 16
2019-07-08 07:31:44.567 140 RALLYDEBUG rally.task.runner [-] Starting a worker. concurrency: 1 args: {} times: 10 method_name: run timeout: 0 duration: None cls:
2019-07-08 07:31:44.570 141 RALLYDEBUG rally.task.runner [-] Starting a worker. concurrency: 1 args: {} times: 10 method_name: run timeout: 0 duration: None cls:
2019-07-08 07:31:44.573 140 INFO rally.task.runner [-] Task 9c5ab946-5614-4b04-94a6-bf66fdde4cc1 | ITER: 1 START
2019-07-08 07:31:44.573 142 RALLYDEBUG rally.task.runner [-] Starting a worker. concurrency: 1 args: {} times: 10 method_name: run timeout: 0 duration: None cls:
2019-07-08 07:31:44.576 141 INFO rally.task.runner [-] Task 9c5ab946-5614-4b04-94a6-bf66fdde4cc1 | ITER: 2 START
2019-07-08 07:31:44.575 143 RALLYDEBUG rally.task.runner [-] Starting a worker. concurrency: 1 args: {} times: 10 method_name: run timeout: 0 duration: None cls:
2019-07-08 07:31:44.579 142 INFO rally.task.runner [-] Task 9c5ab946-5614-4b04-94a6-bf66fdde4cc1 | ITER: 3 START
2019-07-08 07:31:44.582 143 INFO rally.task.runner [-] Task 9c5ab946-5614-4b04-94a6-bf66fdde4cc1 | ITER: 4 START
2019-07-08 07:31:45.194 141 INFO rally.task.runner [-] Task 9c5ab946-5614-4b04-94a6-bf66fdde4cc1 | ITER: 2 END: OK
2019-07-08 07:31:45.199 141 INFO rally.task.runner [-] Task 9c5ab946-5614-4b04-94a6-bf66fdde4cc1 | ITER: 5 START
2019-07-08 07:31:45.210 142 INFO rally.task.runner [-] Task 9c5ab946-5614-4b04-94a6-bf66fdde4cc1 | ITER: 3 END: OK
2019-07-08 07:31:45.210 143 INFO rally.task.runner [-] Task 9c5ab946-5614-4b04-94a6-bf66fdde4cc1 | ITER: 4 END: OK
2019-07-08 07:31:45.214 143 INFO rally.task.runner [-] Task 9c5ab946-5614-4b04-94a6-bf66fdde4cc1 | ITER: 6 START
2019-07-08 07:31:45.215 142 INFO rally.task.runner [-] Task 9c5ab946-5614-4b04-94a6-bf66fdde4cc1 | ITER: 7 START
2019-07-08 07:31:45.217 140 INFO rally.task.runner [-] Task 9c5ab946-5614-4b04-94a6-bf66fdde4cc1 | ITER: 1 END: OK
2019-07-08 07:31:45.221 140 INFO rally.task.runner [-] Task 9c5ab946-5614-4b04-94a6-bf66fdde4cc1 | ITER: 8 START
2019-07-08 07:31:45.807 141 INFO rally.task.runner [-] Task 9c5ab946-5614-4b04-94a6-bf66fdde4cc1 | ITER: 5 END: OK
2019-07-08 07:31:45.809 140 INFO rally.task.runner [-] Task 9c5ab946-5614-4b04-94a6-bf66fdde4cc1 | ITER: 8 END: OK
2019-07-08 07:31:45.811 141 INFO rally.task.runner [-] Task 9c5ab946-5614-4b04-94a6-bf66fdde4cc1 | ITER: 9 START
2019-07-08 07:31:45.812 143 INFO rally.task.runner [-] Task 9c5ab946-5614-4b04-94a6-bf66fdde4cc1 | ITER: 6 END: OK
2019-07-08 07:31:45.812 140 INFO rally.task.runner [-] Task 9c5ab946-5614-4b04-94a6-bf66fdde4cc1 | ITER: 10 START
2019-07-08 07:31:45.827 142 INFO rally.task.runner [-] Task 9c5ab946-5614-4b04-94a6-bf66fdde4cc1 | ITER: 7 END: OK
2019-07-08 07:31:46.384 141 INFO rally.task.runner [-] Task 9c5ab946-5614-4b04-94a6-bf66fdde4cc1 | ITER: 9 END: OK
2019-07-08 07:31:46.399 140 INFO rally.task.runner [-] Task 9c5ab946-5614-4b04-94a6-bf66fdde4cc1 | ITER: 10 END: OK
2019-07-08 07:31:46.429 16 INFO rally.task.context [-] Task 9c5ab946-5614-4b04-94a6-bf66fdde4cc1 | Context users@openstack cleanup() started
2019-07-08 07:31:53.173 16 INFO rally.task.context [-] Task 9c5ab946-5614-4b04-94a6-bf66fdde4cc1 | Context users@openstack cleanup() finished in 6.74 sec
2019-07-08 07:31:54.013 16 INFO rally.task.engine [-] Load duration is: 1.824322
2019-07-08 07:31:54.014 16 INFO rally.task.engine [-] Full runner duration is: 1.874792
2019-07-08 07:31:54.014 16 INFO rally.task.engine [-] Full duration is: 13.238728
2019-07-08 07:31:54.234 16 INFO rally.task.engine [-] Running workload: position = 0 config = { "version": 2, "title": "A cropped version of a bigger task.", "description": "Auto-generated task from a single workload (uuid=15e5496b-51e4-4d03-8966-4b6e487b4d64)", "subtasks": [ { "title": "Authenticate.validate_cinder", "description": "Check Cinder Client to ensure validation of token.", "scenario": { "Authenticate.validate_cinder": { "repetitions": 2 } }, "contexts": { "users": { "tenants": 3, "users_per_tenant": 2 } }, "runner": { "constant": { "concurrency": 4, "times": 10 } }, "hooks": [], "sla": { "failure_rate": { "max": 0 } } } ] }
2019-07-08 07:31:54.257 16 RALLYDEBUG rally_openstack.contexts.keystone.users [-] Creating 3 tenants using 20 threads
2019-07-08 07:31:56.071 16 RALLYDEBUG rally_openstack.contexts.keystone.users [-] Creating 6 users using 20 threads
2019-07-08 07:31:58.702 16 INFO rally.task.context [-] Task 9c5ab946-5614-4b04-94a6-bf66fdde4cc1 | Context users@openstack setup() finished in 4.45 sec
2019-07-08 07:31:58.709 16 RALLYDEBUG rally.task.runner [-] Starting the constant runner (task UUID: 9c5ab946-5614-4b04-94a6-bf66fdde4cc1). timeout: 0 concurrency: 4 concurrency_per_worker: 1 times: 10 concurrency_overhead: 0 processes_to_start: 4 max_cpu_used: 16
2019-07-08 07:31:58.722 244 RALLYDEBUG rally.task.runner [-] Starting a worker. concurrency: 1 args: {"repetitions": 2} times: 10 method_name: run timeout: 0 duration: None cls:
2019-07-08 07:31:58.724 245 RALLYDEBUG rally.task.runner [-] Starting a worker. concurrency: 1 args: {"repetitions": 2} times: 10 method_name: run timeout: 0 duration: None cls:
2019-07-08 07:31:58.727 246 RALLYDEBUG rally.task.runner [-] Starting a worker. concurrency: 1 args: {"repetitions": 2} times: 10 method_name: run timeout: 0 duration: None cls:
2019-07-08 07:31:58.728 244 INFO rally.task.runner [-] Task 9c5ab946-5614-4b04-94a6-bf66fdde4cc1 | ITER: 1 START
2019-07-08 07:31:58.730 245 INFO rally.task.runner [-] Task 9c5ab946-5614-4b04-94a6-bf66fdde4cc1 | ITER: 2 START
2019-07-08 07:31:58.729 247 RALLYDEBUG rally.task.runner [-] Starting a worker. concurrency: 1 args: {"repetitions": 2} times: 10 method_name: run timeout: 0 duration: None cls:
2019-07-08 07:31:58.733 246 INFO rally.task.runner [-] Task 9c5ab946-5614-4b04-94a6-bf66fdde4cc1 | ITER: 3 START
2019-07-08 07:31:58.735 247 INFO rally.task.runner [-] Task 9c5ab946-5614-4b04-94a6-bf66fdde4cc1 | ITER: 4 START
2019-07-08 07:32:00.220 244 INFO rally.task.runner [-] Task 9c5ab946-5614-4b04-94a6-bf66fdde4cc1 | ITER: 1 END: OK
2019-07-08 07:32:00.224 244 INFO rally.task.runner [-] Task 9c5ab946-5614-4b04-94a6-bf66fdde4cc1 | ITER: 5 START
2019-07-08 07:32:00.598 246 INFO rally.task.runner [-] Task 9c5ab946-5614-4b04-94a6-bf66fdde4cc1 | ITER: 3 END: OK
2019-07-08 07:32:00.602 246 INFO rally.task.runner [-] Task 9c5ab946-5614-4b04-94a6-bf66fdde4cc1 | ITER: 6 START
2019-07-08 07:32:00.603 245 INFO rally.task.runner [-] Task 9c5ab946-5614-4b04-94a6-bf66fdde4cc1 | ITER: 2 END: OK
2019-07-08 07:32:00.607 245 INFO rally.task.runner [-] Task 9c5ab946-5614-4b04-94a6-bf66fdde4cc1 | ITER: 7 START
2019-07-08 07:32:00.648 247 INFO rally.task.runner [-] Task 9c5ab946-5614-4b04-94a6-bf66fdde4cc1 | ITER: 4 END: OK
2019-07-08 07:32:00.653 247 INFO rally.task.runner [-] Task 9c5ab946-5614-4b04-94a6-bf66fdde4cc1 | ITER: 8 START
2019-07-08 07:32:01.445 245 INFO rally.task.runner [-] Task 9c5ab946-5614-4b04-94a6-bf66fdde4cc1 | ITER: 7 END: OK
2019-07-08 07:32:01.448 245 INFO rally.task.runner [-] Task 9c5ab946-5614-4b04-94a6-bf66fdde4cc1 | ITER: 9 START
2019-07-08 07:32:02.266 244 INFO rally.task.runner [-] Task 9c5ab946-5614-4b04-94a6-bf66fdde4cc1 | ITER: 5 END: OK
2019-07-08 07:32:02.270 244 INFO rally.task.runner [-] Task 9c5ab946-5614-4b04-94a6-bf66fdde4cc1 | ITER: 10 START
2019-07-08 07:32:03.222 247 INFO rally.task.runner [-] Task 9c5ab946-5614-4b04-94a6-bf66fdde4cc1 | ITER: 8 END: OK
2019-07-08 07:32:03.598 245 INFO rally.task.runner [-] Task 9c5ab946-5614-4b04-94a6-bf66fdde4cc1 | ITER: 9 END: OK
2019-07-08 07:32:03.850 246 INFO rally.task.runner [-] Task 9c5ab946-5614-4b04-94a6-bf66fdde4cc1 | ITER: 6 END: OK
2019-07-08 07:32:04.185 244 INFO rally.task.runner [-] Task 9c5ab946-5614-4b04-94a6-bf66fdde4cc1 | ITER: 10 END: OK
2019-07-08 07:32:04.205 16 INFO rally.task.context [-] Task 9c5ab946-5614-4b04-94a6-bf66fdde4cc1 | Context users@openstack cleanup() started
2019-07-08 07:32:11.789 16 INFO rally.task.context [-] Task 9c5ab946-5614-4b04-94a6-bf66fdde4cc1 | Context users@openstack cleanup() finished in 7.58 sec
2019-07-08 07:32:12.341 16 INFO rally.task.engine [-] Load duration is: 5.455477
2019-07-08 07:32:12.341 16 INFO rally.task.engine [-] Full runner duration is: 5.496268
2019-07-08 07:32:12.342 16 INFO rally.task.engine [-] Full duration is: 17.533897
2019-07-08 07:32:12.553 16 INFO rally.task.engine [-] Running workload: position = 0 config = { "version": 2, "title": "A cropped version of a bigger task.", "description": "Auto-generated task from a single workload (uuid=69a002c7-728c-4172-bc77-2351a232874b)", "subtasks": [ { "title": "Authenticate.validate_glance", "description": "Check Glance Client to ensure validation of token.", "scenario": { "Authenticate.validate_glance": { "repetitions": 2 } }, "contexts": { "users": { "tenants": 3, "users_per_tenant": 2 } }, "runner": { "constant": { "concurrency": 4, "times": 10 } }, "hooks": [], "sla": { "failure_rate": { "max": 0 } } } ] }
2019-07-08 07:32:12.576 16 RALLYDEBUG rally_openstack.contexts.keystone.users [-] Creating 3 tenants using 20 threads
2019-07-08 07:32:14.399 16 RALLYDEBUG rally_openstack.contexts.keystone.users [-] Creating 6 users using 20 threads
2019-07-08 07:32:17.244 16 INFO rally.task.context [-] Task 9c5ab946-5614-4b04-94a6-bf66fdde4cc1 | Context users@openstack setup() finished in 4.67 sec
2019-07-08 07:32:17.251 16 RALLYDEBUG rally.task.runner [-] Starting the constant runner (task UUID: 9c5ab946-5614-4b04-94a6-bf66fdde4cc1). timeout: 0 concurrency: 4 concurrency_per_worker: 1 times: 10 concurrency_overhead: 0 processes_to_start: 4 max_cpu_used: 16
2019-07-08 07:32:17.263 348 RALLYDEBUG rally.task.runner [-] Starting a worker. concurrency: 1 args: {"repetitions": 2} times: 10 method_name: run timeout: 0 duration: None cls:
2019-07-08 07:32:17.266 349 RALLYDEBUG rally.task.runner [-] Starting a worker. concurrency: 1 args: {"repetitions": 2} times: 10 method_name: run timeout: 0 duration: None cls:
2019-07-08 07:32:17.268 348 INFO rally.task.runner [-] Task 9c5ab946-5614-4b04-94a6-bf66fdde4cc1 | ITER: 1 START
2019-07-08 07:32:17.270 350 RALLYDEBUG rally.task.runner [-] Starting a worker. concurrency: 1 args: {"repetitions": 2} times: 10 method_name: run timeout: 0 duration: None cls:
2019-07-08 07:32:17.272 349 INFO rally.task.runner [-] Task 9c5ab946-5614-4b04-94a6-bf66fdde4cc1 | ITER: 2 START
2019-07-08 07:32:17.273 351 RALLYDEBUG rally.task.runner [-] Starting a worker. concurrency: 1 args: {"repetitions": 2} times: 10 method_name: run timeout: 0 duration: None cls:
2019-07-08 07:32:17.277 350 INFO rally.task.runner [-] Task 9c5ab946-5614-4b04-94a6-bf66fdde4cc1 | ITER: 3 START
2019-07-08 07:32:17.279 351 INFO rally.task.runner [-] Task 9c5ab946-5614-4b04-94a6-bf66fdde4cc1 | ITER: 4 START
2019-07-08 07:32:18.076 351 INFO rally.task.runner [-] Task 9c5ab946-5614-4b04-94a6-bf66fdde4cc1 | ITER: 4 END: OK
2019-07-08 07:32:18.081 351 INFO rally.task.runner [-] Task 9c5ab946-5614-4b04-94a6-bf66fdde4cc1 | ITER: 5 START
2019-07-08 07:32:18.115 348 INFO rally.task.runner [-] Task 9c5ab946-5614-4b04-94a6-bf66fdde4cc1 | ITER: 1 END: OK
2019-07-08 07:32:18.119 348 INFO rally.task.runner [-] Task 9c5ab946-5614-4b04-94a6-bf66fdde4cc1 | ITER: 6 START
2019-07-08 07:32:18.170 350 INFO rally.task.runner [-] Task 9c5ab946-5614-4b04-94a6-bf66fdde4cc1 | ITER: 3 END: OK
2019-07-08 07:32:18.171 349 INFO rally.task.runner [-] Task 9c5ab946-5614-4b04-94a6-bf66fdde4cc1 | ITER: 2 END: OK
2019-07-08 07:32:18.175 350 INFO rally.task.runner [-] Task 9c5ab946-5614-4b04-94a6-bf66fdde4cc1 | ITER: 7 START
2019-07-08 07:32:18.176 349 INFO rally.task.runner [-] Task 9c5ab946-5614-4b04-94a6-bf66fdde4cc1 | ITER: 8 START
2019-07-08 07:32:18.943 348 INFO rally.task.runner [-] Task 9c5ab946-5614-4b04-94a6-bf66fdde4cc1 | ITER: 6 END: OK
2019-07-08 07:32:18.946 351 INFO rally.task.runner [-] Task 9c5ab946-5614-4b04-94a6-bf66fdde4cc1 | ITER: 5 END: OK
2019-07-08 07:32:18.947 348 INFO rally.task.runner [-] Task 9c5ab946-5614-4b04-94a6-bf66fdde4cc1 | ITER: 9 START
2019-07-08 07:32:18.949 351 INFO rally.task.runner [-] Task 9c5ab946-5614-4b04-94a6-bf66fdde4cc1 | ITER: 10 START
2019-07-08 07:32:19.130 349 INFO rally.task.runner [-] Task 9c5ab946-5614-4b04-94a6-bf66fdde4cc1 | ITER: 8 END: OK
2019-07-08 07:32:19.132 350 INFO rally.task.runner [-] Task 9c5ab946-5614-4b04-94a6-bf66fdde4cc1 | ITER: 7 END: OK
2019-07-08 07:32:19.644 351 INFO rally.task.runner [-] Task 9c5ab946-5614-4b04-94a6-bf66fdde4cc1 | ITER: 10 END: OK
2019-07-08 07:32:19.710 348 INFO rally.task.runner [-] Task 9c5ab946-5614-4b04-94a6-bf66fdde4cc1 | ITER: 9 END: OK
2019-07-08 07:32:19.731 16 INFO rally.task.context [-] Task 9c5ab946-5614-4b04-94a6-bf66fdde4cc1 | Context users@openstack cleanup() started
2019-07-08 07:32:26.388 16 INFO rally.task.context [-] Task 9c5ab946-5614-4b04-94a6-bf66fdde4cc1 | Context users@openstack cleanup() finished in 6.66 sec
2019-07-08 07:32:26.667 16 INFO rally.task.engine [-] Load duration is: 2.440214
2019-07-08 07:32:26.668 16 INFO rally.task.engine [-] Full runner duration is: 2.479767
2019-07-08 07:32:26.668 16 INFO rally.task.engine [-] Full duration is: 13.81582
2019-07-08 07:32:26.887 16 INFO rally.task.engine [-] Running workload: position = 0 config = { "version": 2, "title": "A cropped version of a bigger task.", "description": "Auto-generated task from a single workload (uuid=7cab964f-5c6b-4645-ae4e-7e1703b2492a)", "subtasks": [ { "title": "Authenticate.validate_heat", "description": "Check Heat Client to ensure validation of token.", "scenario": { "Authenticate.validate_heat": { "repetitions": 2 } }, "contexts": { "users": { "tenants": 3, "users_per_tenant": 2 } }, "runner": { "constant": { "concurrency": 4, "times": 10 } }, "hooks": [], "sla": { "failure_rate": { "max": 0 } } } ] }
2019-07-08 07:32:26.910 16 RALLYDEBUG rally_openstack.contexts.keystone.users [-] Creating 3 tenants using 20 threads
2019-07-08 07:32:28.704 16 RALLYDEBUG rally_openstack.contexts.keystone.users [-] Creating 6 users using 20 threads
2019-07-08 07:32:31.505 16 INFO rally.task.context [-] Task 9c5ab946-5614-4b04-94a6-bf66fdde4cc1 | Context users@openstack setup() finished in 4.59 sec
2019-07-08 07:32:31.512 16 RALLYDEBUG rally.task.runner [-] Starting the constant runner (task UUID: 9c5ab946-5614-4b04-94a6-bf66fdde4cc1). timeout: 0 concurrency: 4 concurrency_per_worker: 1 times: 10 concurrency_overhead: 0 processes_to_start: 4 max_cpu_used: 16
2019-07-08 07:32:31.525 452 RALLYDEBUG rally.task.runner [-] Starting a worker. concurrency: 1 args: {"repetitions": 2} times: 10 method_name: run timeout: 0 duration: None cls:
2019-07-08 07:32:31.528 453 RALLYDEBUG rally.task.runner [-] Starting a worker. concurrency: 1 args: {"repetitions": 2} times: 10 method_name: run timeout: 0 duration: None cls:
2019-07-08 07:32:31.529 454 RALLYDEBUG rally.task.runner [-] Starting a worker. concurrency: 1 args: {"repetitions": 2} times: 10 method_name: run timeout: 0 duration: None cls:
2019-07-08 07:32:31.531 452 INFO rally.task.runner [-] Task 9c5ab946-5614-4b04-94a6-bf66fdde4cc1 | ITER: 1 START
2019-07-08 07:32:31.533 455 RALLYDEBUG rally.task.runner [-] Starting a worker. concurrency: 1 args: {"repetitions": 2} times: 10 method_name: run timeout: 0 duration: None cls:
2019-07-08 07:32:31.534 453 INFO rally.task.runner [-] Task 9c5ab946-5614-4b04-94a6-bf66fdde4cc1 | ITER: 2 START
2019-07-08 07:32:31.534 454 INFO rally.task.runner [-] Task 9c5ab946-5614-4b04-94a6-bf66fdde4cc1 | ITER: 3 START
2019-07-08 07:32:31.539 455 INFO rally.task.runner [-] Task 9c5ab946-5614-4b04-94a6-bf66fdde4cc1 | ITER: 4 START
2019-07-08 07:32:33.402 455 INFO rally.task.runner [-] Task 9c5ab946-5614-4b04-94a6-bf66fdde4cc1 | ITER: 4 END: OK
2019-07-08 07:32:33.407 455 INFO rally.task.runner [-] Task 9c5ab946-5614-4b04-94a6-bf66fdde4cc1 | ITER: 5 START
2019-07-08 07:32:33.417 454 INFO rally.task.runner [-] Task 9c5ab946-5614-4b04-94a6-bf66fdde4cc1 | ITER: 3 END: OK
2019-07-08 07:32:33.418 453 INFO rally.task.runner [-] Task 9c5ab946-5614-4b04-94a6-bf66fdde4cc1 | ITER: 2 END: OK
2019-07-08 07:32:33.421 454 INFO rally.task.runner [-] Task 9c5ab946-5614-4b04-94a6-bf66fdde4cc1 | ITER: 6 START
2019-07-08 07:32:33.423 453 INFO rally.task.runner [-] Task 9c5ab946-5614-4b04-94a6-bf66fdde4cc1 | ITER: 7 START
2019-07-08 07:32:33.451 452 INFO rally.task.runner [-] Task 9c5ab946-5614-4b04-94a6-bf66fdde4cc1 | ITER: 1 END: OK
2019-07-08 07:32:33.455 452 INFO rally.task.runner [-] Task 9c5ab946-5614-4b04-94a6-bf66fdde4cc1 | ITER: 8 START
2019-07-08 07:32:34.460 453 INFO rally.task.runner [-] Task 9c5ab946-5614-4b04-94a6-bf66fdde4cc1 | ITER: 7 END: OK
2019-07-08 07:32:34.463 453 INFO rally.task.runner [-] Task 9c5ab946-5614-4b04-94a6-bf66fdde4cc1 | ITER: 9 START
2019-07-08 07:32:34.788 455 INFO rally.task.runner [-] Task 9c5ab946-5614-4b04-94a6-bf66fdde4cc1 | ITER: 5 END: OK
2019-07-08 07:32:34.791 452 INFO rally.task.runner [-] Task 9c5ab946-5614-4b04-94a6-bf66fdde4cc1 | ITER: 8 END: OK
2019-07-08 07:32:34.791 455 INFO rally.task.runner [-] Task 9c5ab946-5614-4b04-94a6-bf66fdde4cc1 | ITER: 10 START
2019-07-08 07:32:34.835 454 INFO rally.task.runner [-] Task 9c5ab946-5614-4b04-94a6-bf66fdde4cc1 | ITER: 6 END: OK
2019-07-08 07:32:35.340 453 INFO rally.task.runner [-] Task 9c5ab946-5614-4b04-94a6-bf66fdde4cc1 | ITER: 9 END: OK
2019-07-08 07:32:35.676 455 INFO rally.task.runner [-] Task 9c5ab946-5614-4b04-94a6-bf66fdde4cc1 | ITER: 10 END: OK
2019-07-08 07:32:35.705 16 INFO rally.task.context [-] Task 9c5ab946-5614-4b04-94a6-bf66fdde4cc1 | Context users@openstack cleanup() started
2019-07-08 07:32:43.220 16 INFO rally.task.context [-] Task 9c5ab946-5614-4b04-94a6-bf66fdde4cc1 | Context users@openstack cleanup() finished in 7.52 sec
2019-07-08 07:32:44.996 16 INFO rally.task.engine [-] Load duration is: 4.143387
2019-07-08 07:32:44.996 16 INFO rally.task.engine [-] Full runner duration is: 4.192679
2019-07-08 07:32:44.997 16 INFO rally.task.engine [-] Full duration is: 16.313258
2019-07-08 07:32:45.218 16 INFO rally.task.engine [-] Running workload: position = 0 config = { "version": 2, "title": "A cropped version of a bigger task.", "description": "Auto-generated task from a single workload (uuid=1a12008f-07b2-43b8-8470-fdeeee3fa6fc)", "subtasks": [ { "title": "Authenticate.validate_neutron", "description": "Check Neutron Client to ensure validation of token.", "scenario": { "Authenticate.validate_neutron": { "repetitions": 2 } }, "contexts": { "users": { "tenants": 3, "users_per_tenant": 2 } }, "runner": { "constant": { "concurrency": 4, "times": 10 } }, "hooks": [], "sla": { "failure_rate": { "max": 0 } } } ] }
2019-07-08 07:32:45.240 16 RALLYDEBUG rally_openstack.contexts.keystone.users [-] Creating 3 tenants using 20 threads
2019-07-08 07:32:47.050 16 RALLYDEBUG rally_openstack.contexts.keystone.users [-] Creating 6 users using 20 threads
2019-07-08 07:32:49.729 16 INFO rally.task.context [-] Task 9c5ab946-5614-4b04-94a6-bf66fdde4cc1 | Context users@openstack setup() finished in 4.49 sec
2019-07-08 07:32:49.736 16 RALLYDEBUG rally.task.runner [-] Starting the constant runner (task UUID: 9c5ab946-5614-4b04-94a6-bf66fdde4cc1). timeout: 0 concurrency: 4 concurrency_per_worker: 1 times: 10 concurrency_overhead: 0 processes_to_start: 4 max_cpu_used: 16
2019-07-08 07:32:49.749 556 RALLYDEBUG rally.task.runner [-] Starting a worker. concurrency: 1 args: {"repetitions": 2} times: 10 method_name: run timeout: 0 duration: None cls:
2019-07-08 07:32:49.752 557 RALLYDEBUG rally.task.runner [-] Starting a worker. concurrency: 1 args: {"repetitions": 2} times: 10 method_name: run timeout: 0 duration: None cls:
2019-07-08 07:32:49.753 558 RALLYDEBUG rally.task.runner [-] Starting a worker. concurrency: 1 args: {"repetitions": 2} times: 10 method_name: run timeout: 0 duration: None cls:
2019-07-08 07:32:49.756 556 INFO rally.task.runner [-] Task 9c5ab946-5614-4b04-94a6-bf66fdde4cc1 | ITER: 1 START
2019-07-08 07:32:49.758 557 INFO rally.task.runner [-] Task 9c5ab946-5614-4b04-94a6-bf66fdde4cc1 | ITER: 2 START
2019-07-08 07:32:49.758 559 RALLYDEBUG rally.task.runner [-] Starting a worker. concurrency: 1 args: {"repetitions": 2} times: 10 method_name: run timeout: 0 duration: None cls:
2019-07-08 07:32:49.759 558 INFO rally.task.runner [-] Task 9c5ab946-5614-4b04-94a6-bf66fdde4cc1 | ITER: 3 START
2019-07-08 07:32:49.765 559 INFO rally.task.runner [-] Task 9c5ab946-5614-4b04-94a6-bf66fdde4cc1 | ITER: 4 START
2019-07-08 07:32:50.682 559 INFO rally.task.runner [-] Task 9c5ab946-5614-4b04-94a6-bf66fdde4cc1 | ITER: 4 END: OK
2019-07-08 07:32:50.688 559 INFO rally.task.runner [-] Task 9c5ab946-5614-4b04-94a6-bf66fdde4cc1 | ITER: 5 START
2019-07-08 07:32:50.969 558 INFO rally.task.runner [-] Task 9c5ab946-5614-4b04-94a6-bf66fdde4cc1 | ITER: 3 END: OK
2019-07-08 07:32:50.974 558 INFO rally.task.runner [-] Task 9c5ab946-5614-4b04-94a6-bf66fdde4cc1 | ITER: 6 START
2019-07-08 07:32:51.134 556 INFO rally.task.runner [-] Task 9c5ab946-5614-4b04-94a6-bf66fdde4cc1 | ITER: 1 END: OK
2019-07-08 07:32:51.139 556 INFO rally.task.runner [-] Task 9c5ab946-5614-4b04-94a6-bf66fdde4cc1 | ITER: 7 START
2019-07-08 07:32:51.150 557 INFO rally.task.runner [-] Task 9c5ab946-5614-4b04-94a6-bf66fdde4cc1 | ITER: 2 END: OK
2019-07-08 07:32:51.154 557 INFO rally.task.runner [-] Task 9c5ab946-5614-4b04-94a6-bf66fdde4cc1 | ITER: 8 START
2019-07-08 07:32:51.587 559 INFO rally.task.runner [-] Task 9c5ab946-5614-4b04-94a6-bf66fdde4cc1 | ITER: 5 END: OK
2019-07-08 07:32:51.591 559 INFO rally.task.runner [-] Task 9c5ab946-5614-4b04-94a6-bf66fdde4cc1 | ITER: 9 START
2019-07-08 07:32:51.914 558 INFO rally.task.runner [-] Task 9c5ab946-5614-4b04-94a6-bf66fdde4cc1 | ITER: 6 END: OK
2019-07-08 07:32:51.918 558 INFO rally.task.runner [-] Task 9c5ab946-5614-4b04-94a6-bf66fdde4cc1 | ITER: 10 START
2019-07-08 07:32:52.243 557 INFO rally.task.runner [-] Task 9c5ab946-5614-4b04-94a6-bf66fdde4cc1 | ITER: 8 END: OK
2019-07-08 07:32:52.264 556 INFO rally.task.runner [-] Task 9c5ab946-5614-4b04-94a6-bf66fdde4cc1 | ITER: 7 END: OK
2019-07-08 07:32:52.485 559 INFO rally.task.runner [-] Task 9c5ab946-5614-4b04-94a6-bf66fdde4cc1 | ITER: 9 END: OK
2019-07-08 07:32:52.723 558 INFO rally.task.runner [-] Task 9c5ab946-5614-4b04-94a6-bf66fdde4cc1 | ITER: 10 END: OK
2019-07-08 07:32:52.746 16 INFO rally.task.context [-] Task 9c5ab946-5614-4b04-94a6-bf66fdde4cc1 | Context users@openstack cleanup() started
2019-07-08 07:32:59.381 16 INFO rally.task.context [-] Task 9c5ab946-5614-4b04-94a6-bf66fdde4cc1 | Context users@openstack cleanup() finished in 6.63 sec
2019-07-08 07:33:01.320 16 INFO rally.task.engine [-] Load duration is: 2.965283
2019-07-08 07:33:01.321 16 INFO rally.task.engine [-] Full runner duration is: 3.010283
2019-07-08 07:33:01.321 16 INFO rally.task.engine [-] Full duration is: 14.142351
2019-07-08 07:33:01.594 16 INFO rally.task.engine [-] Running workload: position = 0 config = { "version": 2, "title": "A cropped version of a bigger task.", "description": "Auto-generated task from a single workload (uuid=87918bf0-29d4-4b47-b613-57ffa921e435)", "subtasks": [ { "title": "Authenticate.validate_nova", "description": "Check Nova Client to ensure validation of token.", "scenario": { "Authenticate.validate_nova": { "repetitions": 2 } }, "contexts": { "users": { "tenants": 3, "users_per_tenant": 2 } }, "runner": { "constant": { "concurrency": 4, "times": 10 } }, "hooks": [], "sla": { "failure_rate": { "max": 0 } } } ] }
2019-07-08 07:33:01.618 16 RALLYDEBUG rally_openstack.contexts.keystone.users [-] Creating 3 tenants using 20 threads
2019-07-08 07:33:03.453 16 RALLYDEBUG rally_openstack.contexts.keystone.users [-] Creating 6 users using 20 threads
2019-07-08 07:33:06.181 16 INFO rally.task.context [-] Task 9c5ab946-5614-4b04-94a6-bf66fdde4cc1 | Context users@openstack setup() finished in 4.56 sec
2019-07-08 07:33:06.190 16 RALLYDEBUG rally.task.runner [-] Starting the constant runner (task UUID: 9c5ab946-5614-4b04-94a6-bf66fdde4cc1). timeout: 0 concurrency: 4 concurrency_per_worker: 1 times: 10 concurrency_overhead: 0 processes_to_start: 4 max_cpu_used: 16
2019-07-08 07:33:06.201 660 RALLYDEBUG rally.task.runner [-] Starting a worker. concurrency: 1 args: {"repetitions": 2} times: 10 method_name: run timeout: 0 duration: None cls:
2019-07-08 07:33:06.203 661 RALLYDEBUG rally.task.runner [-] Starting a worker. concurrency: 1 args: {"repetitions": 2} times: 10 method_name: run timeout: 0 duration: None cls:
2019-07-08 07:33:06.206 662 RALLYDEBUG rally.task.runner [-] Starting a worker. concurrency: 1 args: {"repetitions": 2} times: 10 method_name: run timeout: 0 duration: None cls:
2019-07-08 07:33:06.208 660 INFO rally.task.runner [-] Task 9c5ab946-5614-4b04-94a6-bf66fdde4cc1 | ITER: 1 START
2019-07-08 07:33:06.208 663 RALLYDEBUG rally.task.runner [-] Starting a worker. concurrency: 1 args: {"repetitions": 2} times: 10 method_name: run timeout: 0 duration: None cls:
2019-07-08 07:33:06.209 661 INFO rally.task.runner [-] Task 9c5ab946-5614-4b04-94a6-bf66fdde4cc1 | ITER: 2 START
2019-07-08 07:33:06.211 662 INFO rally.task.runner [-] Task 9c5ab946-5614-4b04-94a6-bf66fdde4cc1 | ITER: 3 START
2019-07-08 07:33:06.213 663 INFO rally.task.runner [-] Task 9c5ab946-5614-4b04-94a6-bf66fdde4cc1 | ITER: 4 START
2019-07-08 07:33:06.683 660 DEBUG novaclient.v2.client [-] REQ: curl -g -i -X GET http://172.30.9.37:8774/v2.1/flavors/detail -H "Accept: application/json" -H "User-Agent: python-novaclient" -H "X-Auth-Token: {SHA1}db6d2ea756993c39ad57da51e6295552ec291471" _http_log_request /usr/lib/python2.7/site-packages/keystoneauth1/session.py:448
2019-07-08 07:33:06.689 662 DEBUG novaclient.v2.client [-] REQ: curl -g -i -X GET http://172.30.9.37:8774/v2.1/flavors/detail -H "Accept: application/json" -H "User-Agent: python-novaclient" -H "X-Auth-Token: {SHA1}19c15e6943f72b2c111c69dd4546f40f8745eb3d" _http_log_request /usr/lib/python2.7/site-packages/keystoneauth1/session.py:448
2019-07-08 07:33:06.706 661 DEBUG novaclient.v2.client [-] REQ: curl -g -i -X GET http://172.30.9.37:8774/v2.1/flavors/detail -H "Accept: application/json" -H "User-Agent: python-novaclient" -H "X-Auth-Token: {SHA1}c31f94d912d82e21692c5388c854691fe782bcf7" _http_log_request /usr/lib/python2.7/site-packages/keystoneauth1/session.py:448
2019-07-08 07:33:06.710 663 DEBUG novaclient.v2.client [-] REQ: curl -g -i -X GET http://172.30.9.37:8774/v2.1/flavors/detail -H "Accept: application/json" -H "User-Agent: python-novaclient" -H "X-Auth-Token: {SHA1}6bfe40dbc0a85651de22b0dd6666f259471d45f5" _http_log_request /usr/lib/python2.7/site-packages/keystoneauth1/session.py:448
2019-07-08 07:33:06.982 662 DEBUG novaclient.v2.client [-] RESP: [200] Content-Encoding: gzip Content-Length: 368 Content-Type: application/json Date: Mon, 08 Jul 2019 07:33:06 GMT OpenStack-API-Version: compute 2.1 Server: Apache Vary: OpenStack-API-Version,X-OpenStack-Nova-API-Version,Accept-Encoding X-OpenStack-Nova-API-Version: 2.1 x-compute-request-id: req-410f0499-7d61-4e47-90cd-db88906c920f x-openstack-request-id: req-410f0499-7d61-4e47-90cd-db88906c920f _http_log_response /usr/lib/python2.7/site-packages/keystoneauth1/session.py:479
2019-07-08 07:33:06.983 662 DEBUG novaclient.v2.client [-] RESP BODY: {"flavors": [{"name": "rally_full-flavor_509352db-b4e0-460c-86d1-a7f5ab8e7acd", "links": [{"href": "http://172.30.9.37:8774/v2.1/flavors/a06eb34e-7763-41c9-94ba-db551ec7af8f", "rel": "self"}, {"href": "http://172.30.9.37:8774/flavors/a06eb34e-7763-41c9-94ba-db551ec7af8f", "rel": "bookmark"}], "ram": 512, "OS-FLV-DISABLED:disabled": false, "vcpus": 1, "swap": "", "os-flavor-access:is_public": true, "rxtx_factor": 1.0, "OS-FLV-EXT-DATA:ephemeral": 0, "disk": 1, "id": "a06eb34e-7763-41c9-94ba-db551ec7af8f"}, {"name": "rally_full-flavor_alt_509352db-b4e0-460c-86d1-a7f5ab8e7acd", "links": [{"href": "http://172.30.9.37:8774/v2.1/flavors/cd1821e8-2fe5-4913-9692-f651475be2bd", "rel": "self"}, {"href": "http://172.30.9.37:8774/flavors/cd1821e8-2fe5-4913-9692-f651475be2bd", "rel": "bookmark"}], "ram": 1024, "OS-FLV-DISABLED:disabled": false, "vcpus": 1, "swap": "", "os-flavor-access:is_public": true, "rxtx_factor": 1.0, "OS-FLV-EXT-DATA:ephemeral": 0, "disk": 1, "id": "cd1821e8-2fe5-4913-9692-f651475be2bd"}]} _http_log_response /usr/lib/python2.7/site-packages/keystoneauth1/session.py:511
2019-07-08 07:33:06.983 662 DEBUG novaclient.v2.client [-] GET call to compute for http://172.30.9.37:8774/v2.1/flavors/detail used request id req-410f0499-7d61-4e47-90cd-db88906c920f request /usr/lib/python2.7/site-packages/keystoneauth1/session.py:844
2019-07-08 07:33:06.984 662 DEBUG novaclient.v2.client [-] REQ: curl -g -i -X GET http://172.30.9.37:8774/v2.1/flavors/detail -H "Accept: application/json" -H "User-Agent: python-novaclient" -H "X-Auth-Token: {SHA1}19c15e6943f72b2c111c69dd4546f40f8745eb3d" _http_log_request /usr/lib/python2.7/site-packages/keystoneauth1/session.py:448
2019-07-08 07:33:06.996 661 DEBUG novaclient.v2.client [-] RESP: [200] Content-Encoding: gzip Content-Length: 368 Content-Type: application/json Date: Mon, 08 Jul 2019 07:33:06 GMT OpenStack-API-Version: compute 2.1 Server: Apache Vary: OpenStack-API-Version,X-OpenStack-Nova-API-Version,Accept-Encoding X-OpenStack-Nova-API-Version: 2.1 x-compute-request-id: req-545d5c79-36b4-4f9b-abfe-a7e3bda254ae x-openstack-request-id: req-545d5c79-36b4-4f9b-abfe-a7e3bda254ae _http_log_response /usr/lib/python2.7/site-packages/keystoneauth1/session.py:479
2019-07-08 07:33:06.997 661 DEBUG novaclient.v2.client [-] RESP BODY: {"flavors": [{"name": "rally_full-flavor_509352db-b4e0-460c-86d1-a7f5ab8e7acd", "links": [{"href": "http://172.30.9.37:8774/v2.1/flavors/a06eb34e-7763-41c9-94ba-db551ec7af8f", "rel": "self"}, {"href": "http://172.30.9.37:8774/flavors/a06eb34e-7763-41c9-94ba-db551ec7af8f", "rel": "bookmark"}], "ram": 512, "OS-FLV-DISABLED:disabled": false, "vcpus": 1, "swap": "", "os-flavor-access:is_public": true, "rxtx_factor": 1.0, "OS-FLV-EXT-DATA:ephemeral": 0, "disk": 1, "id": "a06eb34e-7763-41c9-94ba-db551ec7af8f"}, {"name": "rally_full-flavor_alt_509352db-b4e0-460c-86d1-a7f5ab8e7acd", "links": [{"href": "http://172.30.9.37:8774/v2.1/flavors/cd1821e8-2fe5-4913-9692-f651475be2bd", "rel": "self"}, {"href": "http://172.30.9.37:8774/flavors/cd1821e8-2fe5-4913-9692-f651475be2bd", "rel": "bookmark"}], "ram": 1024, "OS-FLV-DISABLED:disabled": false, "vcpus": 1, "swap": "", "os-flavor-access:is_public": true, "rxtx_factor": 1.0, "OS-FLV-EXT-DATA:ephemeral": 0, "disk": 1, "id": "cd1821e8-2fe5-4913-9692-f651475be2bd"}]} _http_log_response /usr/lib/python2.7/site-packages/keystoneauth1/session.py:511
2019-07-08 07:33:06.997 661 DEBUG novaclient.v2.client [-] GET call to compute for http://172.30.9.37:8774/v2.1/flavors/detail used request id req-545d5c79-36b4-4f9b-abfe-a7e3bda254ae request /usr/lib/python2.7/site-packages/keystoneauth1/session.py:844
2019-07-08 07:33:06.998 661 DEBUG novaclient.v2.client [-] REQ: curl -g -i -X GET http://172.30.9.37:8774/v2.1/flavors/detail -H "Accept: application/json" -H "User-Agent: python-novaclient" -H "X-Auth-Token: {SHA1}c31f94d912d82e21692c5388c854691fe782bcf7" _http_log_request /usr/lib/python2.7/site-packages/keystoneauth1/session.py:448
2019-07-08 07:33:07.002 662 DEBUG novaclient.v2.client [-] RESP: [200] Content-Encoding: gzip Content-Length: 368 Content-Type: application/json Date: Mon, 08 Jul 2019 07:33:06 GMT OpenStack-API-Version: compute 2.1 Server: Apache Vary: OpenStack-API-Version,X-OpenStack-Nova-API-Version,Accept-Encoding X-OpenStack-Nova-API-Version: 2.1 x-compute-request-id: req-05c77d44-b1e4-4a1b-a3f0-08f6bb8c0a18 x-openstack-request-id: req-05c77d44-b1e4-4a1b-a3f0-08f6bb8c0a18 _http_log_response /usr/lib/python2.7/site-packages/keystoneauth1/session.py:479
2019-07-08 07:33:07.003 662 DEBUG novaclient.v2.client [-] RESP BODY: {"flavors": [{"name": "rally_full-flavor_509352db-b4e0-460c-86d1-a7f5ab8e7acd", "links": [{"href": "http://172.30.9.37:8774/v2.1/flavors/a06eb34e-7763-41c9-94ba-db551ec7af8f", "rel": "self"}, {"href": "http://172.30.9.37:8774/flavors/a06eb34e-7763-41c9-94ba-db551ec7af8f", "rel": "bookmark"}], "ram": 512, "OS-FLV-DISABLED:disabled": false, "vcpus": 1, "swap": "", "os-flavor-access:is_public": true, "rxtx_factor": 1.0, "OS-FLV-EXT-DATA:ephemeral": 0, "disk": 1, "id": "a06eb34e-7763-41c9-94ba-db551ec7af8f"}, {"name": "rally_full-flavor_alt_509352db-b4e0-460c-86d1-a7f5ab8e7acd", "links": [{"href": "http://172.30.9.37:8774/v2.1/flavors/cd1821e8-2fe5-4913-9692-f651475be2bd", "rel": "self"}, {"href": "http://172.30.9.37:8774/flavors/cd1821e8-2fe5-4913-9692-f651475be2bd", "rel": "bookmark"}], "ram": 1024, "OS-FLV-DISABLED:disabled": false, "vcpus": 1, "swap": "", "os-flavor-access:is_public": true, "rxtx_factor": 1.0, "OS-FLV-EXT-DATA:ephemeral": 0, "disk": 1, "id": "cd1821e8-2fe5-4913-9692-f651475be2bd"}]} _http_log_response /usr/lib/python2.7/site-packages/keystoneauth1/session.py:511
2019-07-08 07:33:07.003 662 DEBUG novaclient.v2.client [-] GET call to compute for http://172.30.9.37:8774/v2.1/flavors/detail used request id req-05c77d44-b1e4-4a1b-a3f0-08f6bb8c0a18 request /usr/lib/python2.7/site-packages/keystoneauth1/session.py:844
2019-07-08 07:33:07.003 662 INFO rally.task.runner [-] Task 9c5ab946-5614-4b04-94a6-bf66fdde4cc1 | ITER: 3 END: OK
2019-07-08 07:33:07.007 663 DEBUG novaclient.v2.client [-] RESP: [200] Content-Encoding: gzip Content-Length: 368 Content-Type: application/json Date: Mon, 08 Jul 2019 07:33:06 GMT OpenStack-API-Version: compute 2.1 Server: Apache Vary: OpenStack-API-Version,X-OpenStack-Nova-API-Version,Accept-Encoding X-OpenStack-Nova-API-Version: 2.1 x-compute-request-id: req-3523647e-f19f-47b7-b8bb-b2bfbd0c33d9 x-openstack-request-id: req-3523647e-f19f-47b7-b8bb-b2bfbd0c33d9 _http_log_response /usr/lib/python2.7/site-packages/keystoneauth1/session.py:479
2019-07-08 07:33:07.007 662 INFO rally.task.runner [-] Task 9c5ab946-5614-4b04-94a6-bf66fdde4cc1 | ITER: 5 START
2019-07-08 07:33:07.008 663 DEBUG novaclient.v2.client [-] RESP BODY: {"flavors": [{"name": "rally_full-flavor_509352db-b4e0-460c-86d1-a7f5ab8e7acd", "links": [{"href": "http://172.30.9.37:8774/v2.1/flavors/a06eb34e-7763-41c9-94ba-db551ec7af8f", "rel": "self"}, {"href": "http://172.30.9.37:8774/flavors/a06eb34e-7763-41c9-94ba-db551ec7af8f", "rel": "bookmark"}], "ram": 512, "OS-FLV-DISABLED:disabled": false, "vcpus": 1, "swap": "", "os-flavor-access:is_public": true, "rxtx_factor": 1.0, "OS-FLV-EXT-DATA:ephemeral": 0, "disk": 1, "id": "a06eb34e-7763-41c9-94ba-db551ec7af8f"}, {"name": "rally_full-flavor_alt_509352db-b4e0-460c-86d1-a7f5ab8e7acd", "links": [{"href": "http://172.30.9.37:8774/v2.1/flavors/cd1821e8-2fe5-4913-9692-f651475be2bd", "rel": "self"}, {"href": "http://172.30.9.37:8774/flavors/cd1821e8-2fe5-4913-9692-f651475be2bd", "rel": "bookmark"}], "ram": 1024, "OS-FLV-DISABLED:disabled": false, "vcpus": 1, "swap": "", "os-flavor-access:is_public": true, "rxtx_factor": 1.0, "OS-FLV-EXT-DATA:ephemeral": 0, "disk": 1, "id": "cd1821e8-2fe5-4913-9692-f651475be2bd"}]} _http_log_response /usr/lib/python2.7/site-packages/keystoneauth1/session.py:511
2019-07-08 07:33:07.008 663 DEBUG novaclient.v2.client [-] GET call to compute for http://172.30.9.37:8774/v2.1/flavors/detail used request id req-3523647e-f19f-47b7-b8bb-b2bfbd0c33d9 request /usr/lib/python2.7/site-packages/keystoneauth1/session.py:844
2019-07-08 07:33:07.009 663 DEBUG novaclient.v2.client [-] REQ: curl -g -i -X GET http://172.30.9.37:8774/v2.1/flavors/detail -H "Accept: application/json" -H "User-Agent: python-novaclient" -H "X-Auth-Token: {SHA1}6bfe40dbc0a85651de22b0dd6666f259471d45f5" _http_log_request /usr/lib/python2.7/site-packages/keystoneauth1/session.py:448
2019-07-08 07:33:07.009 660 DEBUG novaclient.v2.client [-] RESP: [200] Content-Encoding: gzip Content-Length: 368 Content-Type: application/json Date: Mon, 08 Jul 2019 07:33:06 GMT OpenStack-API-Version: compute 2.1 Server: Apache Vary: OpenStack-API-Version,X-OpenStack-Nova-API-Version,Accept-Encoding X-OpenStack-Nova-API-Version: 2.1 x-compute-request-id: req-4ac55fab-3e8a-4646-ab4b-c74a7a318837 x-openstack-request-id: req-4ac55fab-3e8a-4646-ab4b-c74a7a318837 _http_log_response /usr/lib/python2.7/site-packages/keystoneauth1/session.py:479
2019-07-08 07:33:07.009 660 DEBUG novaclient.v2.client [-] RESP BODY: {"flavors": [{"name": "rally_full-flavor_509352db-b4e0-460c-86d1-a7f5ab8e7acd", "links": [{"href": "http://172.30.9.37:8774/v2.1/flavors/a06eb34e-7763-41c9-94ba-db551ec7af8f", "rel": "self"}, {"href": "http://172.30.9.37:8774/flavors/a06eb34e-7763-41c9-94ba-db551ec7af8f", "rel": "bookmark"}], "ram": 512, "OS-FLV-DISABLED:disabled": false, "vcpus": 1, "swap": "", "os-flavor-access:is_public": true, "rxtx_factor": 1.0, "OS-FLV-EXT-DATA:ephemeral": 0, "disk": 1, "id": "a06eb34e-7763-41c9-94ba-db551ec7af8f"}, {"name": "rally_full-flavor_alt_509352db-b4e0-460c-86d1-a7f5ab8e7acd", "links": [{"href": "http://172.30.9.37:8774/v2.1/flavors/cd1821e8-2fe5-4913-9692-f651475be2bd", "rel": "self"}, {"href": "http://172.30.9.37:8774/flavors/cd1821e8-2fe5-4913-9692-f651475be2bd", "rel": "bookmark"}], "ram": 1024, "OS-FLV-DISABLED:disabled": false, "vcpus": 1, "swap": "", "os-flavor-access:is_public": true, "rxtx_factor": 1.0, "OS-FLV-EXT-DATA:ephemeral": 0, "disk": 1, "id": "cd1821e8-2fe5-4913-9692-f651475be2bd"}]} _http_log_response /usr/lib/python2.7/site-packages/keystoneauth1/session.py:511
2019-07-08 07:33:07.010 660 DEBUG novaclient.v2.client [-] GET call to compute for http://172.30.9.37:8774/v2.1/flavors/detail used request id req-4ac55fab-3e8a-4646-ab4b-c74a7a318837 request /usr/lib/python2.7/site-packages/keystoneauth1/session.py:844
2019-07-08 07:33:07.011 660 DEBUG novaclient.v2.client [-] REQ: curl -g -i -X GET http://172.30.9.37:8774/v2.1/flavors/detail -H "Accept: application/json" -H "User-Agent: python-novaclient" -H "X-Auth-Token: {SHA1}db6d2ea756993c39ad57da51e6295552ec291471" _http_log_request /usr/lib/python2.7/site-packages/keystoneauth1/session.py:448
2019-07-08 07:33:07.016 661 DEBUG novaclient.v2.client [-] RESP: [200] Content-Encoding: gzip Content-Length: 368 Content-Type: application/json Date: Mon, 08 Jul 2019 07:33:06 GMT OpenStack-API-Version: compute 2.1 Server: Apache Vary: OpenStack-API-Version,X-OpenStack-Nova-API-Version,Accept-Encoding X-OpenStack-Nova-API-Version: 2.1 x-compute-request-id: req-236b7dd0-a72c-47be-920d-a54dcce69b49 x-openstack-request-id: req-236b7dd0-a72c-47be-920d-a54dcce69b49 _http_log_response /usr/lib/python2.7/site-packages/keystoneauth1/session.py:479
2019-07-08 07:33:07.017 661 DEBUG novaclient.v2.client [-] RESP BODY: {"flavors": [{"name": "rally_full-flavor_509352db-b4e0-460c-86d1-a7f5ab8e7acd", "links": [{"href": "http://172.30.9.37:8774/v2.1/flavors/a06eb34e-7763-41c9-94ba-db551ec7af8f", "rel": "self"}, {"href": "http://172.30.9.37:8774/flavors/a06eb34e-7763-41c9-94ba-db551ec7af8f", "rel": "bookmark"}], "ram": 512, "OS-FLV-DISABLED:disabled": false, "vcpus": 1, "swap": "", "os-flavor-access:is_public": true, "rxtx_factor": 1.0, "OS-FLV-EXT-DATA:ephemeral": 0, "disk": 1, "id": "a06eb34e-7763-41c9-94ba-db551ec7af8f"}, {"name": "rally_full-flavor_alt_509352db-b4e0-460c-86d1-a7f5ab8e7acd", "links": [{"href": "http://172.30.9.37:8774/v2.1/flavors/cd1821e8-2fe5-4913-9692-f651475be2bd", "rel": "self"}, {"href": "http://172.30.9.37:8774/flavors/cd1821e8-2fe5-4913-9692-f651475be2bd", "rel": "bookmark"}], "ram": 1024, "OS-FLV-DISABLED:disabled": false, "vcpus": 1, "swap": "", "os-flavor-access:is_public": true, "rxtx_factor": 1.0, "OS-FLV-EXT-DATA:ephemeral": 0, "disk": 1, "id": "cd1821e8-2fe5-4913-9692-f651475be2bd"}]} _http_log_response /usr/lib/python2.7/site-packages/keystoneauth1/session.py:511
2019-07-08 07:33:07.017 661 DEBUG novaclient.v2.client [-] GET call to compute for http://172.30.9.37:8774/v2.1/flavors/detail used request id req-236b7dd0-a72c-47be-920d-a54dcce69b49 request /usr/lib/python2.7/site-packages/keystoneauth1/session.py:844
2019-07-08 07:33:07.018 661 INFO rally.task.runner [-] Task 9c5ab946-5614-4b04-94a6-bf66fdde4cc1 | ITER: 2 END: OK
2019-07-08 07:33:07.022 661 INFO rally.task.runner [-] Task 9c5ab946-5614-4b04-94a6-bf66fdde4cc1 | ITER: 6 START
2019-07-08 07:33:07.034 663 DEBUG novaclient.v2.client [-] RESP: [200] Content-Encoding: gzip Content-Length: 368 Content-Type: application/json Date: Mon, 08 Jul 2019 07:33:07 GMT OpenStack-API-Version: compute 2.1 Server: Apache Vary: OpenStack-API-Version,X-OpenStack-Nova-API-Version,Accept-Encoding X-OpenStack-Nova-API-Version: 2.1 x-compute-request-id: req-8dbaecc0-682e-4f23-ae47-af0b10cf86ff x-openstack-request-id: req-8dbaecc0-682e-4f23-ae47-af0b10cf86ff _http_log_response /usr/lib/python2.7/site-packages/keystoneauth1/session.py:479
2019-07-08 07:33:07.035 663 DEBUG novaclient.v2.client [-] RESP BODY: {"flavors": [{"name": "rally_full-flavor_509352db-b4e0-460c-86d1-a7f5ab8e7acd", "links": [{"href": "http://172.30.9.37:8774/v2.1/flavors/a06eb34e-7763-41c9-94ba-db551ec7af8f", "rel": "self"}, {"href": "http://172.30.9.37:8774/flavors/a06eb34e-7763-41c9-94ba-db551ec7af8f", "rel": "bookmark"}], "ram": 512, "OS-FLV-DISABLED:disabled": false, "vcpus": 1, "swap": "", "os-flavor-access:is_public": true, "rxtx_factor": 1.0, "OS-FLV-EXT-DATA:ephemeral": 0, "disk": 1, "id": "a06eb34e-7763-41c9-94ba-db551ec7af8f"}, {"name": "rally_full-flavor_alt_509352db-b4e0-460c-86d1-a7f5ab8e7acd", "links": [{"href": "http://172.30.9.37:8774/v2.1/flavors/cd1821e8-2fe5-4913-9692-f651475be2bd", "rel": "self"}, {"href": "http://172.30.9.37:8774/flavors/cd1821e8-2fe5-4913-9692-f651475be2bd", "rel": "bookmark"}], "ram": 1024, "OS-FLV-DISABLED:disabled": false, "vcpus": 1, "swap": "", "os-flavor-access:is_public": true, "rxtx_factor": 1.0, "OS-FLV-EXT-DATA:ephemeral": 0, "disk": 1, "id": "cd1821e8-2fe5-4913-9692-f651475be2bd"}]} _http_log_response /usr/lib/python2.7/site-packages/keystoneauth1/session.py:511
2019-07-08 07:33:07.035 663 DEBUG novaclient.v2.client [-] GET call to compute for http://172.30.9.37:8774/v2.1/flavors/detail used request id req-8dbaecc0-682e-4f23-ae47-af0b10cf86ff request /usr/lib/python2.7/site-packages/keystoneauth1/session.py:844
