2019-07-08 07:54:14.791 3967 RALLYDEBUG rally.task.utils [-] Waiting for resource s_rally_2ac96f6e_gIuOO07C. Status changed: AVAILABLE => DELETING in 0.244472980499
2019-07-08 07:54:14.823 3966 INFO rally.task.runner [-] Task 94e80562-f4d3-45a3-b481-004c511aaa67 | ITER: 1 END: OK
2019-07-08 07:54:14.829 3966 INFO rally.task.runner [-] Task 94e80562-f4d3-45a3-b481-004c511aaa67 | ITER: 5 START
2019-07-08 07:54:16.671 3968 INFO rally.task.runner [-] Task 94e80562-f4d3-45a3-b481-004c511aaa67 | ITER: 3 END: OK
2019-07-08 07:54:16.676 3968 INFO rally.task.runner [-] Task 94e80562-f4d3-45a3-b481-004c511aaa67 | ITER: 6 START
2019-07-08 07:54:16.709 3969 INFO rally.task.runner [-] Task 94e80562-f4d3-45a3-b481-004c511aaa67 | ITER: 4 END: OK
2019-07-08 07:54:16.714 3969 INFO rally.task.runner [-] Task 94e80562-f4d3-45a3-b481-004c511aaa67 | ITER: 7 START
2019-07-08 07:54:17.000 3967 INFO rally.task.runner [-] Task 94e80562-f4d3-45a3-b481-004c511aaa67 | ITER: 2 END: OK
2019-07-08 07:54:17.005 3967 INFO rally.task.runner [-] Task 94e80562-f4d3-45a3-b481-004c511aaa67 | ITER: 8 START
2019-07-08 07:54:18.602 3966 RALLYDEBUG rally.task.utils [-] Waiting for resource s_rally_2ac96f6e_lWrG4ZWQ. Status changed: AVAILABLE => DELETING in 0.211598873138
2019-07-08 07:54:20.398 3968 RALLYDEBUG rally.task.utils [-] Waiting for resource s_rally_2ac96f6e_1oUpEweC. Status changed: AVAILABLE => DELETING in 0.228599071503
2019-07-08 07:54:20.631 3969 RALLYDEBUG rally.task.utils [-] Waiting for resource s_rally_2ac96f6e_52f55JGg. Status changed: AVAILABLE => DELETING in 0.3093521595
2019-07-08 07:54:20.732 3967 RALLYDEBUG rally.task.utils [-] Waiting for resource s_rally_2ac96f6e_AICo9Vk1. Status changed: AVAILABLE => DELETING in 0.230486869812
2019-07-08 07:54:20.829 3966 INFO rally.task.runner [-] Task 94e80562-f4d3-45a3-b481-004c511aaa67 | ITER: 5 END: OK
2019-07-08 07:54:20.834 3966 INFO rally.task.runner [-] Task 94e80562-f4d3-45a3-b481-004c511aaa67 | ITER: 9 START
2019-07-08 07:54:22.424 3968 INFO rally.task.runner [-] Task 94e80562-f4d3-45a3-b481-004c511aaa67 | ITER: 6 END: OK
2019-07-08 07:54:22.429 3968 INFO rally.task.runner [-] Task 94e80562-f4d3-45a3-b481-004c511aaa67 | ITER: 10 START
2019-07-08 07:54:22.832 3969 INFO rally.task.runner [-] Task 94e80562-f4d3-45a3-b481-004c511aaa67 | ITER: 7 END: OK
2019-07-08 07:54:22.945 3967 INFO rally.task.runner [-] Task 94e80562-f4d3-45a3-b481-004c511aaa67 | ITER: 8 END: OK
2019-07-08 07:54:24.375 3966 RALLYDEBUG rally.task.utils [-] Waiting for resource s_rally_2ac96f6e_VAwCTTK5. Status changed: AVAILABLE => DELETING in 0.20858001709
2019-07-08 07:54:26.294 3968 RALLYDEBUG rally.task.utils [-] Waiting for resource s_rally_2ac96f6e_9CRBhZ9b. Status changed: AVAILABLE => DELETING in 0.237677097321
2019-07-08 07:54:26.582 3966 INFO rally.task.runner [-] Task 94e80562-f4d3-45a3-b481-004c511aaa67 | ITER: 9 END: OK
2019-07-08 07:54:28.523 3968 INFO rally.task.runner [-] Task 94e80562-f4d3-45a3-b481-004c511aaa67 | ITER: 10 END: OK
2019-07-08 07:54:28.550 1842 INFO rally.task.context [-] Task 94e80562-f4d3-45a3-b481-004c511aaa67 | Context cleanup@openstack cleanup() started
2019-07-08 07:54:28.553 1842 RALLYDEBUG rally_openstack.cleanup.manager [-] Cleaning up cinder backups objects
2019-07-08 07:54:30.397 1842 RALLYDEBUG rally_openstack.cleanup.manager [-] Cleaning up cinder volume_snapshots objects
2019-07-08 07:54:32.385 1842 RALLYDEBUG rally_openstack.cleanup.manager [-] Cleaning up cinder transfers objects
2019-07-08 07:54:34.239 1842 RALLYDEBUG rally_openstack.cleanup.manager [-] Cleaning up cinder volumes objects
2019-07-08 07:54:36.211 1842 INFO rally.task.context [-] Task 94e80562-f4d3-45a3-b481-004c511aaa67 | Context cleanup@openstack cleanup() finished in 7.66 sec
2019-07-08 07:54:36.211 1842 INFO rally.task.context [-] Task 94e80562-f4d3-45a3-b481-004c511aaa67 | Context volumes@openstack cleanup() started
2019-07-08 07:54:36.212 1842 RALLYDEBUG rally_openstack.cleanup.manager [-] Cleaning up cinder volumes objects
2019-07-08 07:54:38.255 1842 RALLYDEBUG rally_openstack.cleanup.manager [-] Deleting cinder.volumes object c_rally_2ac96f6e_drNWdFDg (e54a2ed4-3bc0-414e-a27b-b7a1428836f8)
2019-07-08 07:54:38.255 1842 RALLYDEBUG rally_openstack.cleanup.manager [-] Deleting cinder.volumes object c_rally_2ac96f6e_VhKTQzu5 (f4e6d5cd-00a1-4267-abab-fe94cd65e71d)
2019-07-08 07:54:38.258 1842 RALLYDEBUG rally_openstack.cleanup.manager [-] Deleting cinder.volumes object c_rally_2ac96f6e_VJTIm036 (97ea238a-3357-4335-b117-e2864ea466cb)
2019-07-08 07:54:41.751 1842 INFO rally.task.context [-] Task 94e80562-f4d3-45a3-b481-004c511aaa67 | Context volumes@openstack cleanup() finished in 5.54 sec
2019-07-08 07:54:41.751 1842 INFO rally.task.context [-] Task 94e80562-f4d3-45a3-b481-004c511aaa67 | Context quotas@openstack cleanup() started
2019-07-08 07:54:42.369 1842 INFO rally.task.context [-] Task 94e80562-f4d3-45a3-b481-004c511aaa67 | Context quotas@openstack cleanup() finished in 0.62 sec
2019-07-08 07:54:42.369 1842 INFO rally.task.context [-] Task 94e80562-f4d3-45a3-b481-004c511aaa67 | Context api_versions@openstack cleanup() started
2019-07-08 07:54:42.369 1842 INFO rally.task.context [-] Task 94e80562-f4d3-45a3-b481-004c511aaa67 | Context api_versions@openstack cleanup() finished in 0.32 msec
2019-07-08 07:54:42.370 1842 INFO rally.task.context [-] Task 94e80562-f4d3-45a3-b481-004c511aaa67 | Context users@openstack cleanup() started
2019-07-08 07:54:49.994 1842 INFO rally.task.context [-] Task 94e80562-f4d3-45a3-b481-004c511aaa67 | Context users@openstack cleanup() finished in 7.62 sec
2019-07-08 07:54:51.406 1842 INFO rally.task.engine [-] Load duration is: 17.942573
2019-07-08 07:54:51.406 1842 INFO rally.task.engine [-] Full runner duration is: 17.996959
2019-07-08 07:54:51.406 1842 INFO rally.task.engine [-] Full duration is: 56.822236
2019-07-08 07:54:51.628 1842 INFO rally.task.engine [-] Running workload: position = 0 config = { "version": 2, "title": "A cropped version of a bigger task.", "description": "Auto-generated task from a single workload (uuid=8efe8e7f-af12-4718-a4e7-dbba785051a7)", "subtasks": [ { "title": "CinderVolumes.create_and_delete_volume", "description": "Create and then delete a volume.", "scenario": { "CinderVolumes.create_and_delete_volume": { "size": { "max": 1, "min": 1 } } }, "contexts": { "users": { "tenants": 3, "users_per_tenant": 2 }, "quotas": { "cinder": { "gigabytes": -1, "snapshots": -1, "volumes": -1 } }, "api_versions": { "cinder": { "version": 3, "service_type": "volumev3" } } }, "runner": { "constant": { "concurrency": 4, "times": 10 } }, "hooks": [], "sla": { "failure_rate": { "max": 0 } } } ] }
2019-07-08 07:54:51.647 1842 RALLYDEBUG rally_openstack.contexts.keystone.users [-] Creating 3 tenants using 20 threads
2019-07-08 07:54:53.491 1842 RALLYDEBUG rally_openstack.contexts.keystone.users [-] Creating 6 users using 20 threads
2019-07-08 07:54:56.230 1842 INFO rally.task.context [-] Task 94e80562-f4d3-45a3-b481-004c511aaa67 | Context users@openstack setup() finished in 4.58 sec
2019-07-08 07:54:56.647 1842 INFO rally.task.context [-] Task 94e80562-f4d3-45a3-b481-004c511aaa67 | Context api_versions@openstack setup() finished in 0.42 sec
2019-07-08 07:54:58.181 1842 INFO rally.task.context [-] Task 94e80562-f4d3-45a3-b481-004c511aaa67 | Context quotas@openstack setup() finished in 1.53 sec
2019-07-08 07:54:58.181 1842 INFO rally.task.context [-] Task 94e80562-f4d3-45a3-b481-004c511aaa67 | Context cleanup@openstack setup() finished in 0.01 msec
2019-07-08 07:54:58.189 1842 RALLYDEBUG rally.task.runner [-] Starting the constant runner (task UUID: 94e80562-f4d3-45a3-b481-004c511aaa67). timeout: 0 concurrency: 4 concurrency_per_worker: 1 times: 10 concurrency_overhead: 0 processes_to_start: 4 max_cpu_used: 16
2019-07-08 07:54:58.202 4170 RALLYDEBUG rally.task.runner [-] Starting a worker. concurrency: 1 args: {"size": {"max": 1, "min": 1}} times: 10 method_name: run timeout: 0 duration: None cls:
2019-07-08 07:54:58.206 4171 RALLYDEBUG rally.task.runner [-] Starting a worker. concurrency: 1 args: {"size": {"max": 1, "min": 1}} times: 10 method_name: run timeout: 0 duration: None cls:
2019-07-08 07:54:58.207 4172 RALLYDEBUG rally.task.runner [-] Starting a worker. concurrency: 1 args: {"size": {"max": 1, "min": 1}} times: 10 method_name: run timeout: 0 duration: None cls:
2019-07-08 07:54:58.211 4170 INFO rally.task.runner [-] Task 94e80562-f4d3-45a3-b481-004c511aaa67 | ITER: 1 START
2019-07-08 07:54:58.211 4173 RALLYDEBUG rally.task.runner [-] Starting a worker. concurrency: 1 args: {"size": {"max": 1, "min": 1}} times: 10 method_name: run timeout: 0 duration: None cls:
2019-07-08 07:54:58.214 4171 INFO rally.task.runner [-] Task 94e80562-f4d3-45a3-b481-004c511aaa67 | ITER: 2 START
2019-07-08 07:54:58.214 4172 INFO rally.task.runner [-] Task 94e80562-f4d3-45a3-b481-004c511aaa67 | ITER: 3 START
2019-07-08 07:54:58.218 4173 INFO rally.task.runner [-] Task 94e80562-f4d3-45a3-b481-004c511aaa67 | ITER: 4 START
2019-07-08 07:55:02.173 4173 RALLYDEBUG rally.task.utils [-] Waiting for resource s_rally_8efe8e7f_uQTTfvIf. Status changed: AVAILABLE => DELETING in 0.0741789340973
2019-07-08 07:55:02.194 4172 INFO rally.task.runner [-] Task 94e80562-f4d3-45a3-b481-004c511aaa67 | ITER: 3 END: OK
2019-07-08 07:55:02.200 4172 INFO rally.task.runner [-] Task 94e80562-f4d3-45a3-b481-004c511aaa67 | ITER: 5 START
2019-07-08 07:55:02.322 4170 RALLYDEBUG rally.task.utils [-] Waiting for resource s_rally_8efe8e7f_SLfPbwQk. Status changed: AVAILABLE => DELETING in 0.0640420913696
2019-07-08 07:55:02.624 4171 RALLYDEBUG rally.task.utils [-] Waiting for resource s_rally_8efe8e7f_nDpQd1RH. Status changed: AVAILABLE => DELETING in 0.250944852829
2019-07-08 07:55:04.441 4173 INFO rally.task.runner [-] Task 94e80562-f4d3-45a3-b481-004c511aaa67 | ITER: 4 END: OK
2019-07-08 07:55:04.445 4173 INFO rally.task.runner [-] Task 94e80562-f4d3-45a3-b481-004c511aaa67 | ITER: 6 START
2019-07-08 07:55:04.582 4170 INFO rally.task.runner [-] Task 94e80562-f4d3-45a3-b481-004c511aaa67 | ITER: 1 END: OK
2019-07-08 07:55:04.587 4170 INFO rally.task.runner [-] Task 94e80562-f4d3-45a3-b481-004c511aaa67 | ITER: 7 START
2019-07-08 07:55:04.663 4171 INFO rally.task.runner [-] Task 94e80562-f4d3-45a3-b481-004c511aaa67 | ITER: 2 END: OK
2019-07-08 07:55:04.668 4171 INFO rally.task.runner [-] Task 94e80562-f4d3-45a3-b481-004c511aaa67 | ITER: 8 START
2019-07-08 07:55:06.057 4172 INFO rally.task.runner [-] Task 94e80562-f4d3-45a3-b481-004c511aaa67 | ITER: 5 END: OK
2019-07-08 07:55:06.061 4172 INFO rally.task.runner [-] Task 94e80562-f4d3-45a3-b481-004c511aaa67 | ITER: 9 START
2019-07-08 07:55:08.135 4173 RALLYDEBUG rally.task.utils [-] Waiting for resource s_rally_8efe8e7f_IgtfXjlo. Status changed: AVAILABLE => DELETING in 0.0582189559937
2019-07-08 07:55:08.420 4171 RALLYDEBUG rally.task.utils [-] Waiting for resource s_rally_8efe8e7f_kNWTnnel. Status changed: AVAILABLE => DELETING in 0.25340795517
2019-07-08 07:55:08.622 4170 RALLYDEBUG rally.task.utils [-] Waiting for resource s_rally_8efe8e7f_g5LeS0bi. Status changed: AVAILABLE => DELETING in 0.324146032333
2019-07-08 07:55:10.027 4172 INFO rally.task.runner [-] Task 94e80562-f4d3-45a3-b481-004c511aaa67 | ITER: 9 END: OK
2019-07-08 07:55:10.033 4172 INFO rally.task.runner [-] Task 94e80562-f4d3-45a3-b481-004c511aaa67 | ITER: 10 START
2019-07-08 07:55:10.171 4173 INFO rally.task.runner [-] Task 94e80562-f4d3-45a3-b481-004c511aaa67 | ITER: 6 END: OK
2019-07-08 07:55:10.665 4171 INFO rally.task.runner [-] Task 94e80562-f4d3-45a3-b481-004c511aaa67 | ITER: 8 END: OK
2019-07-08 07:55:10.867 4170 INFO rally.task.runner [-] Task 94e80562-f4d3-45a3-b481-004c511aaa67 | ITER: 7 END: OK
2019-07-08 07:55:13.942 4172 INFO rally.task.runner [-] Task 94e80562-f4d3-45a3-b481-004c511aaa67 | ITER: 10 END: OK
2019-07-08 07:55:13.969 1842 INFO rally.task.context [-] Task 94e80562-f4d3-45a3-b481-004c511aaa67 | Context cleanup@openstack cleanup() started
2019-07-08 07:55:13.972 1842 RALLYDEBUG rally_openstack.cleanup.manager [-] Cleaning up cinder backups objects
2019-07-08 07:55:16.070 1842 RALLYDEBUG rally_openstack.cleanup.manager [-] Cleaning up cinder volume_snapshots objects
2019-07-08 07:55:18.017 1842 RALLYDEBUG rally_openstack.cleanup.manager [-] Cleaning up cinder transfers objects
2019-07-08 07:55:19.877 1842 RALLYDEBUG rally_openstack.cleanup.manager [-] Cleaning up cinder volumes objects
2019-07-08 07:55:22.063 1842 INFO rally.task.context [-] Task 94e80562-f4d3-45a3-b481-004c511aaa67 | Context cleanup@openstack cleanup() finished in 8.09 sec
2019-07-08 07:55:22.063 1842 INFO rally.task.context [-] Task 94e80562-f4d3-45a3-b481-004c511aaa67 | Context quotas@openstack cleanup() started
2019-07-08 07:55:22.726 1842 INFO rally.task.context [-] Task 94e80562-f4d3-45a3-b481-004c511aaa67 | Context quotas@openstack cleanup() finished in 0.66 sec
2019-07-08 07:55:22.727 1842 INFO rally.task.context [-] Task 94e80562-f4d3-45a3-b481-004c511aaa67 | Context api_versions@openstack cleanup() started
2019-07-08 07:55:22.727 1842 INFO rally.task.context [-] Task 94e80562-f4d3-45a3-b481-004c511aaa67 | Context api_versions@openstack cleanup() finished in 0.33 msec
2019-07-08 07:55:22.727 1842 INFO rally.task.context [-] Task 94e80562-f4d3-45a3-b481-004c511aaa67 | Context users@openstack cleanup() started
2019-07-08 07:55:29.845 1842 INFO rally.task.context [-] Task 94e80562-f4d3-45a3-b481-004c511aaa67 | Context users@openstack cleanup() finished in 7.12 sec
2019-07-08 07:55:31.829 1842 INFO rally.task.engine [-] Load duration is: 15.726956
2019-07-08 07:55:31.830 1842 INFO rally.task.engine [-] Full runner duration is: 15.780493
2019-07-08 07:55:31.830 1842 INFO rally.task.engine [-] Full duration is: 38.201549
2019-07-08 07:55:32.006 1842 INFO rally.task.engine [-] Running workload: position = 1 config = { "version": 2, "title": "A cropped version of a bigger task.", "description": "Auto-generated task from a single workload (uuid=bd6a348e-03fd-4dfd-8024-af5cf35fc133)", "subtasks": [ { "title": "CinderVolumes.create_and_delete_volume", "description": "Create and then delete a volume.", "scenario": { "CinderVolumes.create_and_delete_volume": { "image": { "name": "rally_full-img_509352db-b4e0-460c-86d1-a7f5ab8e7acd" }, "size": 1 } }, "contexts": { "users": { "tenants": 3, "users_per_tenant": 2 }, "quotas": { "cinder": { "gigabytes": -1, "snapshots": -1, "volumes": -1 } }, "api_versions": { "cinder": { "version": 3, "service_type": "volumev3" } } }, "runner": { "constant": { "concurrency": 4, "times": 10 } }, "hooks": [], "sla": { "failure_rate": { "max": 0 } } } ] }
2019-07-08 07:55:32.031 1842 RALLYDEBUG rally_openstack.contexts.keystone.users [-] Creating 3 tenants using 20 threads
2019-07-08 07:55:33.776 1842 RALLYDEBUG rally_openstack.contexts.keystone.users [-] Creating 6 users using 20 threads
2019-07-08 07:55:36.415 1842 INFO rally.task.context [-] Task 94e80562-f4d3-45a3-b481-004c511aaa67 | Context users@openstack setup() finished in 4.38 sec
2019-07-08 07:55:36.821 1842 INFO rally.task.context [-] Task 94e80562-f4d3-45a3-b481-004c511aaa67 | Context api_versions@openstack setup() finished in 0.41 sec
2019-07-08 07:55:38.382 1842 INFO rally.task.context [-] Task 94e80562-f4d3-45a3-b481-004c511aaa67 | Context quotas@openstack setup() finished in 1.56 sec
2019-07-08 07:55:38.382 1842 INFO rally.task.context [-] Task 94e80562-f4d3-45a3-b481-004c511aaa67 | Context cleanup@openstack setup() finished in 0.03 msec
2019-07-08 07:55:39.528 1842 RALLYDEBUG rally.task.runner [-] Starting the constant runner (task UUID: 94e80562-f4d3-45a3-b481-004c511aaa67). timeout: 0 concurrency: 4 concurrency_per_worker: 1 times: 10 concurrency_overhead: 0 processes_to_start: 4 max_cpu_used: 16
2019-07-08 07:55:39.541 4354 RALLYDEBUG rally.task.runner [-] Starting a worker. concurrency: 1 args: {"image": "7e23dd00-0467-4700-9b13-b4a092d130da", "size": 1} times: 10 method_name: run timeout: 0 duration: None cls:
2019-07-08 07:55:39.544 4355 RALLYDEBUG rally.task.runner [-] Starting a worker. concurrency: 1 args: {"image": "7e23dd00-0467-4700-9b13-b4a092d130da", "size": 1} times: 10 method_name: run timeout: 0 duration: None cls:
2019-07-08 07:55:39.547 4356 RALLYDEBUG rally.task.runner [-] Starting a worker. concurrency: 1 args: {"image": "7e23dd00-0467-4700-9b13-b4a092d130da", "size": 1} times: 10 method_name: run timeout: 0 duration: None cls:
2019-07-08 07:55:39.550 4354 INFO rally.task.runner [-] Task 94e80562-f4d3-45a3-b481-004c511aaa67 | ITER: 1 START
2019-07-08 07:55:39.550 4357 RALLYDEBUG rally.task.runner [-] Starting a worker. concurrency: 1 args: {"image": "7e23dd00-0467-4700-9b13-b4a092d130da", "size": 1} times: 10 method_name: run timeout: 0 duration: None cls:
2019-07-08 07:55:39.552 4355 INFO rally.task.runner [-] Task 94e80562-f4d3-45a3-b481-004c511aaa67 | ITER: 2 START
2019-07-08 07:55:39.556 4356 INFO rally.task.runner [-] Task 94e80562-f4d3-45a3-b481-004c511aaa67 | ITER: 3 START
2019-07-08 07:55:39.558 4357 INFO rally.task.runner [-] Task 94e80562-f4d3-45a3-b481-004c511aaa67 | ITER: 4 START
2019-07-08 07:55:43.647 4357 RALLYDEBUG rally.task.utils [-] Waiting for resource s_rally_bd6a348e_hpFwYvhB. Status changed: CREATING => DOWNLOADING in 0.785598039627
2019-07-08 07:55:46.126 4355 RALLYDEBUG rally.task.utils [-] Waiting for resource s_rally_bd6a348e_9uhbd7PR. Status changed: CREATING => AVAILABLE in 3.2594139576
2019-07-08 07:55:46.137 4356 RALLYDEBUG rally.task.utils [-] Waiting for resource s_rally_bd6a348e_9lmhX990. Status changed: CREATING => AVAILABLE in 3.06767511368
2019-07-08 07:55:46.202 4354 RALLYDEBUG rally.task.utils [-] Waiting for resource s_rally_bd6a348e_nNFZVZJO. Status changed: CREATING => DOWNLOADING in 3.02226686478
2019-07-08 07:55:46.440 4355 RALLYDEBUG rally.task.utils [-] Waiting for resource s_rally_bd6a348e_9uhbd7PR. Status changed: AVAILABLE => DELETING in 0.243667125702
2019-07-08 07:55:46.522 4356 RALLYDEBUG rally.task.utils [-] Waiting for resource s_rally_bd6a348e_9lmhX990. Status changed: AVAILABLE => DELETING in 0.0521202087402
2019-07-08 07:55:47.781 4357 RALLYDEBUG rally.task.utils [-] Waiting for resource s_rally_bd6a348e_hpFwYvhB. Status changed: DOWNLOADING => AVAILABLE in 4.13358616829
2019-07-08 07:55:48.268 4357 INFO rally.task.runner [-] Task 94e80562-f4d3-45a3-b481-004c511aaa67 | ITER: 4 END: OK
2019-07-08 07:55:48.273 4357 INFO rally.task.runner [-] Task 94e80562-f4d3-45a3-b481-004c511aaa67 | ITER: 5 START
2019-07-08 07:55:48.559 4356 INFO rally.task.runner [-] Task 94e80562-f4d3-45a3-b481-004c511aaa67 | ITER: 3 END: OK
2019-07-08 07:55:48.564 4356 INFO rally.task.runner [-] Task 94e80562-f4d3-45a3-b481-004c511aaa67 | ITER: 6 START
2019-07-08 07:55:48.587 4354 RALLYDEBUG rally.task.utils [-] Waiting for resource s_rally_bd6a348e_nNFZVZJO. Status changed: DOWNLOADING => AVAILABLE in 2.38478302956
2019-07-08 07:55:48.663 4355 INFO rally.task.runner [-] Task 94e80562-f4d3-45a3-b481-004c511aaa67 | ITER: 2 END: OK
2019-07-08 07:55:48.667 4355 INFO rally.task.runner [-] Task 94e80562-f4d3-45a3-b481-004c511aaa67 | ITER: 7 START
2019-07-08 07:55:49.173 4354 RALLYDEBUG rally.task.utils [-] Waiting for resource s_rally_bd6a348e_nNFZVZJO. Status changed: AVAILABLE => DELETING in 0.284347057343
2019-07-08 07:55:51.213 4354 INFO rally.task.runner [-] Task 94e80562-f4d3-45a3-b481-004c511aaa67 | ITER: 1 END: OK
2019-07-08 07:55:51.218 4354 INFO rally.task.runner [-] Task 94e80562-f4d3-45a3-b481-004c511aaa67 | ITER: 8 START
2019-07-08 07:55:52.533 4356 RALLYDEBUG rally.task.utils [-] Waiting for resource s_rally_bd6a348e_p4mIMA20. Status changed: CREATING => DOWNLOADING in 0.61634683609
2019-07-08 07:55:54.282 4357 RALLYDEBUG rally.task.utils [-] Waiting for resource s_rally_bd6a348e_532hCsRe. Status changed: DOWNLOADING => AVAILABLE in 2.66664099693
2019-07-08 07:55:54.628 4356 RALLYDEBUG rally.task.utils [-] Waiting for resource s_rally_bd6a348e_p4mIMA20. Status changed: DOWNLOADING => AVAILABLE in 2.09499716759
2019-07-08 07:55:54.835 4355 RALLYDEBUG rally.task.utils [-] Waiting for resource s_rally_bd6a348e_N0aZ0TTz. Status changed: DOWNLOADING => AVAILABLE in 2.72297096252
2019-07-08 07:55:54.845 4357 RALLYDEBUG rally.task.utils [-] Waiting for resource s_rally_bd6a348e_532hCsRe. Status changed: AVAILABLE => DELETING in 0.31299996376
2019-07-08 07:55:55.094 4354 RALLYDEBUG rally.task.utils [-] Waiting for resource s_rally_bd6a348e_njvdgglT. Status changed: CREATING => DOWNLOADING in 0.625537872314
2019-07-08 07:55:55.287 4356 RALLYDEBUG rally.task.utils [-] Waiting for resource s_rally_bd6a348e_p4mIMA20. Status changed: AVAILABLE => DELETING in 0.358208179474
2019-07-08 07:55:55.554 4355 RALLYDEBUG rally.task.utils [-] Waiting for resource s_rally_bd6a348e_N0aZ0TTz. Status changed: AVAILABLE => DELETING in 0.249504089355
2019-07-08 07:55:57.057 4357 INFO rally.task.runner [-] Task 94e80562-f4d3-45a3-b481-004c511aaa67 | ITER: 5 END: OK
2019-07-08 07:55:57.063 4357 INFO rally.task.runner [-] Task 94e80562-f4d3-45a3-b481-004c511aaa67 | ITER: 9 START
2019-07-08 07:55:57.151 4354 RALLYDEBUG rally.task.utils [-] Waiting for resource s_rally_bd6a348e_njvdgglT. Status changed: DOWNLOADING => AVAILABLE in 2.05715799332
2019-07-08 07:55:57.326 4356 INFO rally.task.runner [-] Task 94e80562-f4d3-45a3-b481-004c511aaa67 | ITER: 6 END: OK
2019-07-08 07:55:57.330 4356 INFO rally.task.runner [-] Task 94e80562-f4d3-45a3-b481-004c511aaa67 | ITER: 10 START
2019-07-08 07:55:57.476 4354 RALLYDEBUG rally.task.utils [-] Waiting for resource s_rally_bd6a348e_njvdgglT. Status changed: AVAILABLE => DELETING in 0.0615849494934
2019-07-08 07:55:57.812 4355 INFO rally.task.runner [-] Task 94e80562-f4d3-45a3-b481-004c511aaa67 | ITER: 7 END: OK
2019-07-08 07:55:59.522 4354 INFO rally.task.runner [-] Task 94e80562-f4d3-45a3-b481-004c511aaa67 | ITER: 8 END: OK
2019-07-08 07:56:02.999 4357 RALLYDEBUG rally.task.utils [-] Waiting for resource s_rally_bd6a348e_SSrfF7H9. Status changed: DOWNLOADING => AVAILABLE in 2.6061501503
2019-07-08 07:56:03.288 4356 RALLYDEBUG rally.task.utils [-] Waiting for resource s_rally_bd6a348e_ZoCT4Cdz. Status changed: DOWNLOADING => AVAILABLE in 2.73354506493
2019-07-08 07:56:03.387 4357 RALLYDEBUG rally.task.utils [-] Waiting for resource s_rally_bd6a348e_SSrfF7H9. Status changed: AVAILABLE => DELETING in 0.0555560588837
2019-07-08 07:56:03.810 4356 RALLYDEBUG rally.task.utils [-] Waiting for resource s_rally_bd6a348e_ZoCT4Cdz. Status changed: AVAILABLE => DELETING in 0.234853029251
2019-07-08 07:56:05.618 4357 INFO rally.task.runner [-] Task 94e80562-f4d3-45a3-b481-004c511aaa67 | ITER: 9 END: OK
2019-07-08 07:56:06.028 4356 INFO rally.task.runner [-] Task 94e80562-f4d3-45a3-b481-004c511aaa67 | ITER: 10 END: OK
2019-07-08 07:56:06.054 1842 INFO rally.task.context [-] Task 94e80562-f4d3-45a3-b481-004c511aaa67 | Context cleanup@openstack cleanup() started
2019-07-08 07:56:06.058 1842 RALLYDEBUG rally_openstack.cleanup.manager [-] Cleaning up cinder backups objects
2019-07-08 07:56:08.021 1842 RALLYDEBUG rally_openstack.cleanup.manager [-] Cleaning up cinder volume_snapshots objects
2019-07-08 07:56:10.051 1842 RALLYDEBUG rally_openstack.cleanup.manager [-] Cleaning up cinder transfers objects
2019-07-08 07:56:11.980 1842 RALLYDEBUG rally_openstack.cleanup.manager [-] Cleaning up cinder volumes objects
2019-07-08 07:56:14.010 1842 INFO rally.task.context [-] Task 94e80562-f4d3-45a3-b481-004c511aaa67 | Context cleanup@openstack cleanup() finished in 7.96 sec
2019-07-08 07:56:14.010 1842 INFO rally.task.context [-] Task 94e80562-f4d3-45a3-b481-004c511aaa67 | Context quotas@openstack cleanup() started
2019-07-08 07:56:14.364 1842 INFO rally.task.context [-] Task 94e80562-f4d3-45a3-b481-004c511aaa67 | Context quotas@openstack cleanup() finished in 0.35 sec
2019-07-08 07:56:14.364 1842 INFO rally.task.context [-] Task 94e80562-f4d3-45a3-b481-004c511aaa67 | Context api_versions@openstack cleanup() started
2019-07-08 07:56:14.365 1842 INFO rally.task.context [-] Task 94e80562-f4d3-45a3-b481-004c511aaa67 | Context api_versions@openstack cleanup() finished in 0.30 msec
2019-07-08 07:56:14.365 1842 INFO rally.task.context [-] Task 94e80562-f4d3-45a3-b481-004c511aaa67 | Context users@openstack cleanup() started
2019-07-08 07:56:21.118 1842 INFO rally.task.context [-] Task 94e80562-f4d3-45a3-b481-004c511aaa67 | Context users@openstack cleanup() finished in 6.75 sec
2019-07-08 07:56:22.223 1842 INFO rally.task.engine [-] Load duration is: 26.472534
2019-07-08 07:56:22.223 1842 INFO rally.task.engine [-] Full runner duration is: 26.52728
2019-07-08 07:56:22.223 1842 INFO rally.task.engine [-] Full duration is: 49.092239
2019-07-08 07:56:22.378 1842 INFO rally.task.engine [-] Running workload: position = 2 config = { "version": 2, "title": "A cropped version of a bigger task.", "description": "Auto-generated task from a single workload (uuid=2d982c59-2638-45aa-a467-1a9ea3a0d24a)", "subtasks": [ { "title": "CinderVolumes.create_and_delete_volume", "description": "Create and then delete a volume.", "scenario": { "CinderVolumes.create_and_delete_volume": { "size": 1 } }, "contexts": { "users": { "tenants": 3, "users_per_tenant": 2 }, "quotas": { "cinder": { "gigabytes": -1, "snapshots": -1, "volumes": -1 } }, "api_versions": { "cinder": { "version": 3, "service_type": "volumev3" } } }, "runner": { "constant": { "concurrency": 4, "times": 10 } }, "hooks": [], "sla": { "failure_rate": { "max": 0 } } } ] }
2019-07-08 07:56:22.401 1842 RALLYDEBUG rally_openstack.contexts.keystone.users [-] Creating 3 tenants using 20 threads
2019-07-08 07:56:24.262 1842 RALLYDEBUG rally_openstack.contexts.keystone.users [-] Creating 6 users using 20 threads
2019-07-08 07:56:26.943 1842 INFO rally.task.context [-] Task 94e80562-f4d3-45a3-b481-004c511aaa67 | Context users@openstack setup() finished in 4.54 sec
2019-07-08 07:56:27.371 1842 INFO rally.task.context [-] Task 94e80562-f4d3-45a3-b481-004c511aaa67 | Context api_versions@openstack setup() finished in 0.43 sec
2019-07-08 07:56:28.965 1842 INFO rally.task.context [-] Task 94e80562-f4d3-45a3-b481-004c511aaa67 | Context quotas@openstack setup() finished in 1.59 sec
2019-07-08 07:56:28.965 1842 INFO rally.task.context [-] Task 94e80562-f4d3-45a3-b481-004c511aaa67 | Context cleanup@openstack setup() finished in 0.01 msec
2019-07-08 07:56:28.973 1842 RALLYDEBUG rally.task.runner [-] Starting the constant runner (task UUID: 94e80562-f4d3-45a3-b481-004c511aaa67). timeout: 0 concurrency: 4 concurrency_per_worker: 1 times: 10 concurrency_overhead: 0 processes_to_start: 4 max_cpu_used: 16
2019-07-08 07:56:28.986 4538 RALLYDEBUG rally.task.runner [-] Starting a worker. concurrency: 1 args: {"size": 1} times: 10 method_name: run timeout: 0 duration: None cls:
2019-07-08 07:56:28.989 4539 RALLYDEBUG rally.task.runner [-] Starting a worker. concurrency: 1 args: {"size": 1} times: 10 method_name: run timeout: 0 duration: None cls:
2019-07-08 07:56:28.992 4540 RALLYDEBUG rally.task.runner [-] Starting a worker. concurrency: 1 args: {"size": 1} times: 10 method_name: run timeout: 0 duration: None cls:
2019-07-08 07:56:28.994 4538 INFO rally.task.runner [-] Task 94e80562-f4d3-45a3-b481-004c511aaa67 | ITER: 1 START
2019-07-08 07:56:28.995 4541 RALLYDEBUG rally.task.runner [-] Starting a worker. concurrency: 1 args: {"size": 1} times: 10 method_name: run timeout: 0 duration: None cls:
2019-07-08 07:56:28.997 4539 INFO rally.task.runner [-] Task 94e80562-f4d3-45a3-b481-004c511aaa67 | ITER: 2 START
2019-07-08 07:56:29.000 4540 INFO rally.task.runner [-] Task 94e80562-f4d3-45a3-b481-004c511aaa67 | ITER: 3 START
2019-07-08 07:56:29.002 4541 INFO rally.task.runner [-] Task 94e80562-f4d3-45a3-b481-004c511aaa67 | ITER: 4 START
2019-07-08 07:56:32.886 4539 RALLYDEBUG rally.task.utils [-] Waiting for resource s_rally_2d982c59_bu07ekVt. Status changed: AVAILABLE => DELETING in 0.252562999725
2019-07-08 07:56:33.145 4541 RALLYDEBUG rally.task.utils [-] Waiting for resource s_rally_2d982c59_1Yhd8W62. Status changed: AVAILABLE => DELETING in 0.258880853653
2019-07-08 07:56:33.207 4538 RALLYDEBUG rally.task.utils [-] Waiting for resource s_rally_2d982c59_aNrwhSjW. Status changed: AVAILABLE => DELETING in 0.364220142365
2019-07-08 07:56:33.967 4540 INFO rally.task.runner [-] Task 94e80562-f4d3-45a3-b481-004c511aaa67 | ITER: 3 END: OK
2019-07-08 07:56:33.972 4540 INFO rally.task.runner [-] Task 94e80562-f4d3-45a3-b481-004c511aaa67 | ITER: 5 START
2019-07-08 07:56:34.924 4539 INFO rally.task.runner [-] Task 94e80562-f4d3-45a3-b481-004c511aaa67 | ITER: 2 END: OK
2019-07-08 07:56:34.929 4539 INFO rally.task.runner [-] Task 94e80562-f4d3-45a3-b481-004c511aaa67 | ITER: 6 START
2019-07-08 07:56:35.186 4541 INFO rally.task.runner [-] Task 94e80562-f4d3-45a3-b481-004c511aaa67 | ITER: 4 END: OK
2019-07-08 07:56:35.190 4541 INFO rally.task.runner [-] Task 94e80562-f4d3-45a3-b481-004c511aaa67 | ITER: 7 START
2019-07-08 07:56:35.246 4538 INFO rally.task.runner [-] Task 94e80562-f4d3-45a3-b481-004c511aaa67 | ITER: 1 END: OK
2019-07-08 07:56:35.250 4538 INFO rally.task.runner [-] Task 94e80562-f4d3-45a3-b481-004c511aaa67 | ITER: 8 START
2019-07-08 07:56:37.901 4540 INFO rally.task.runner [-] Task 94e80562-f4d3-45a3-b481-004c511aaa67 | ITER: 5 END: OK
2019-07-08 07:56:37.907 4540 INFO rally.task.runner [-] Task 94e80562-f4d3-45a3-b481-004c511aaa67 | ITER: 9 START
2019-07-08 07:56:38.847 4539 INFO rally.task.runner [-] Task 94e80562-f4d3-45a3-b481-004c511aaa67 | ITER: 6 END: OK
2019-07-08 07:56:38.852 4539 INFO rally.task.runner [-] Task 94e80562-f4d3-45a3-b481-004c511aaa67 | ITER: 10 START
2019-07-08 07:56:39.138 4541 RALLYDEBUG rally.task.utils [-] Waiting for resource s_rally_2d982c59_FUCkXsrg. Status changed: AVAILABLE => DELETING in 0.24117398262
2019-07-08 07:56:39.570 4538 RALLYDEBUG rally.task.utils [-] Waiting for resource s_rally_2d982c59_3ptOWaL0. Status changed: AVAILABLE => DELETING in 0.373870849609
2019-07-08 07:56:41.368 4541 INFO rally.task.runner [-] Task 94e80562-f4d3-45a3-b481-004c511aaa67 | ITER: 7 END: OK
2019-07-08 07:56:41.618 4538 INFO rally.task.runner [-] Task 94e80562-f4d3-45a3-b481-004c511aaa67 | ITER: 8 END: OK
2019-07-08 07:56:41.909 4540 RALLYDEBUG rally.task.utils [-] Waiting for resource s_rally_2d982c59_YzZg1T8R. Status changed: AVAILABLE => DELETING in 0.0578331947327
2019-07-08 07:56:42.682 4539 INFO rally.task.runner [-] Task 94e80562-f4d3-45a3-b481-004c511aaa67 | ITER: 10 END: OK
2019-07-08 07:56:44.136 4540 INFO rally.task.runner [-] Task 94e80562-f4d3-45a3-b481-004c511aaa67 | ITER: 9 END: OK
2019-07-08 07:56:44.161 1842 INFO rally.task.context [-] Task 94e80562-f4d3-45a3-b481-004c511aaa67 | Context cleanup@openstack cleanup() started
2019-07-08 07:56:44.163 1842 RALLYDEBUG rally_openstack.cleanup.manager [-] Cleaning up cinder backups objects
2019-07-08 07:56:46.038 1842 RALLYDEBUG rally_openstack.cleanup.manager [-] Cleaning up cinder volume_snapshots objects
2019-07-08 07:56:48.002 1842 RALLYDEBUG rally_openstack.cleanup.manager [-] Cleaning up cinder transfers objects
2019-07-08 07:56:49.863 1842 RALLYDEBUG rally_openstack.cleanup.manager [-] Cleaning up cinder volumes objects
2019-07-08 07:56:51.851 1842 INFO rally.task.context [-] Task 94e80562-f4d3-45a3-b481-004c511aaa67 | Context cleanup@openstack cleanup() finished in 7.69 sec
2019-07-08 07:56:51.852 1842 INFO rally.task.context [-] Task 94e80562-f4d3-45a3-b481-004c511aaa67 | Context quotas@openstack cleanup() started
2019-07-08 07:56:52.315 1842 INFO rally.task.context [-] Task 94e80562-f4d3-45a3-b481-004c511aaa67 | Context quotas@openstack cleanup() finished in 0.46 sec
2019-07-08 07:56:52.316 1842 INFO rally.task.context [-] Task 94e80562-f4d3-45a3-b481-004c511aaa67 | Context api_versions@openstack cleanup() started
2019-07-08 07:56:52.316 1842 INFO rally.task.context [-] Task 94e80562-f4d3-45a3-b481-004c511aaa67 | Context api_versions@openstack cleanup() finished in 0.32 msec
2019-07-08 07:56:52.316 1842 INFO rally.task.context [-] Task 94e80562-f4d3-45a3-b481-004c511aaa67 | Context users@openstack cleanup() started
2019-07-08 07:56:59.000 1842 INFO rally.task.context [-] Task 94e80562-f4d3-45a3-b481-004c511aaa67 | Context users@openstack cleanup() finished in 6.68 sec
2019-07-08 07:57:00.570 1842 INFO rally.task.engine [-] Load duration is: 15.13781
2019-07-08 07:57:00.571 1842 INFO rally.task.engine [-] Full runner duration is: 15.188086
2019-07-08 07:57:00.571 1842 INFO rally.task.engine [-] Full duration is: 36.602745
2019-07-08 07:57:00.779 1842 INFO rally.task.engine [-] Running workload: position = 0 config = { "version": 2, "title": "A cropped version of a bigger task.", "description": "Auto-generated task from a single workload (uuid=feaccce2-c886-4930-8839-61642d23bf6b)", "subtasks": [ { "title": "CinderVolumes.create_and_extend_volume", "description": "Create and extend a volume and then delete it.", "scenario": { "CinderVolumes.create_and_extend_volume": { "new_size": 2, "size": 1 } }, "contexts": { "users": { "tenants": 3, "users_per_tenant": 2 }, "quotas": { "cinder": { "gigabytes": -1, "snapshots": -1, "volumes": -1 } }, "api_versions": { "cinder": { "version": 3, "service_type": "volumev3" } } }, "runner": { "constant": { "concurrency": 4, "times": 10 } }, "hooks": [], "sla": { "failure_rate": { "max": 0 } } } ] }
2019-07-08 07:57:00.797 1842 RALLYDEBUG rally_openstack.contexts.keystone.users [-] Creating 3 tenants using 20 threads
2019-07-08 07:57:02.702 1842 RALLYDEBUG rally_openstack.contexts.keystone.users [-] Creating 6 users using 20 threads
2019-07-08 07:57:05.498 1842 INFO rally.task.context [-] Task 94e80562-f4d3-45a3-b481-004c511aaa67 | Context users@openstack setup() finished in 4.70 sec
2019-07-08 07:57:05.941 1842 INFO rally.task.context [-] Task 94e80562-f4d3-45a3-b481-004c511aaa67 | Context api_versions@openstack setup() finished in 0.44 sec
2019-07-08 07:57:07.459 1842 INFO rally.task.context [-] Task 94e80562-f4d3-45a3-b481-004c511aaa67 | Context quotas@openstack setup() finished in 1.52 sec
2019-07-08 07:57:07.460 1842 INFO rally.task.context [-] Task 94e80562-f4d3-45a3-b481-004c511aaa67 | Context cleanup@openstack setup() finished in 0.01 msec
2019-07-08 07:57:07.467 1842 RALLYDEBUG rally.task.runner [-] Starting the constant runner (task UUID: 94e80562-f4d3-45a3-b481-004c511aaa67). timeout: 0 concurrency: 4 concurrency_per_worker: 1 times: 10 concurrency_overhead: 0 processes_to_start: 4 max_cpu_used: 16
2019-07-08 07:57:07.479 4722 RALLYDEBUG rally.task.runner [-] Starting a worker. concurrency: 1 args: {"new_size": 2, "size": 1} times: 10 method_name: run timeout: 0 duration: None cls:
2019-07-08 07:57:07.482 4723 RALLYDEBUG rally.task.runner [-] Starting a worker. concurrency: 1 args: {"new_size": 2, "size": 1} times: 10 method_name: run timeout: 0 duration: None cls:
2019-07-08 07:57:07.485 4724 RALLYDEBUG rally.task.runner [-] Starting a worker. concurrency: 1 args: {"new_size": 2, "size": 1} times: 10 method_name: run timeout: 0 duration: None cls:
2019-07-08 07:57:07.488 4725 RALLYDEBUG rally.task.runner [-] Starting a worker. concurrency: 1 args: {"new_size": 2, "size": 1} times: 10 method_name: run timeout: 0 duration: None cls:
2019-07-08 07:57:07.489 4723 INFO rally.task.runner [-] Task 94e80562-f4d3-45a3-b481-004c511aaa67 | ITER: 2 START
2019-07-08 07:57:07.489 4722 INFO rally.task.runner [-] Task 94e80562-f4d3-45a3-b481-004c511aaa67 | ITER: 1 START
2019-07-08 07:57:07.493 4724 INFO rally.task.runner [-] Task 94e80562-f4d3-45a3-b481-004c511aaa67 | ITER: 3 START
2019-07-08 07:57:07.495 4725 INFO rally.task.runner [-] Task 94e80562-f4d3-45a3-b481-004c511aaa67 | ITER: 4 START
2019-07-08 07:57:11.474 4723 RALLYDEBUG rally.task.utils [-] Waiting for resource s_rally_feaccce2_6Aqvdo83. Status changed: AVAILABLE => EXTENDING in 0.0544531345367
2019-07-08 07:57:11.657 4725 RALLYDEBUG rally.task.utils [-] Waiting for resource s_rally_feaccce2_Rsh2XyDq. Status changed: AVAILABLE => EXTENDING in 0.0595138072968
2019-07-08 07:57:12.131 4724 INFO rally.task.runner [-] Task 94e80562-f4d3-45a3-b481-004c511aaa67 | ITER: 3 END: OK
2019-07-08 07:57:12.136 4724 INFO rally.task.runner [-] Task 94e80562-f4d3-45a3-b481-004c511aaa67 | ITER: 5 START
2019-07-08 07:57:12.537 4722 INFO rally.task.runner [-] Task 94e80562-f4d3-45a3-b481-004c511aaa67 | ITER: 1 END: OK
2019-07-08 07:57:12.541 4722 INFO rally.task.runner [-] Task 94e80562-f4d3-45a3-b481-004c511aaa67 | ITER: 6 START
2019-07-08 07:57:13.800 4723 RALLYDEBUG rally.task.utils [-] Waiting for resource s_rally_feaccce2_6Aqvdo83. Status changed: EXTENDING => AVAILABLE in 2.3253839016
2019-07-08 07:57:13.905 4725 RALLYDEBUG rally.task.utils [-] Waiting for resource s_rally_feaccce2_Rsh2XyDq. Status changed: EXTENDING => AVAILABLE in 2.24729299545
2019-07-08 07:57:14.302 4723 RALLYDEBUG rally.task.utils [-] Waiting for resource s_rally_feaccce2_6Aqvdo83. Status changed: AVAILABLE => DELETING in 0.238749980927
2019-07-08 07:57:14.384 4725 RALLYDEBUG rally.task.utils [-] Waiting for resource s_rally_feaccce2_Rsh2XyDq. Status changed: AVAILABLE => DELETING in 0.236493825912
2019-07-08 07:57:16.343 4723 INFO rally.task.runner [-] Task 94e80562-f4d3-45a3-b481-004c511aaa67 | ITER: 2 END: OK
2019-07-08 07:57:16.348 4723 INFO rally.task.runner [-] Task 94e80562-f4d3-45a3-b481-004c511aaa67 | ITER: 7 START
2019-07-08 07:57:16.396 4724 INFO rally.task.runner [-] Task 94e80562-f4d3-45a3-b481-004c511aaa67 | ITER: 5 END: OK
2019-07-08 07:57:16.400 4724 INFO rally.task.runner [-] Task 94e80562-f4d3-45a3-b481-004c511aaa67 | ITER: 8 START
2019-07-08 07:57:16.427 4725 INFO rally.task.runner [-] Task 94e80562-f4d3-45a3-b481-004c511aaa67 | ITER: 4 END: OK
2019-07-08 07:57:16.432 4725 INFO rally.task.runner [-] Task 94e80562-f4d3-45a3-b481-004c511aaa67 | ITER: 9 START
2019-07-08 07:57:16.825 4722 INFO rally.task.runner [-] Task 94e80562-f4d3-45a3-b481-004c511aaa67 | ITER: 6 END: OK
2019-07-08 07:57:16.830 4722 INFO rally.task.runner [-] Task 94e80562-f4d3-45a3-b481-004c511aaa67 | ITER: 10 START
2019-07-08 07:57:20.246 4723 RALLYDEBUG rally.task.utils [-] Waiting for resource s_rally_feaccce2_AyXhfde1. Status changed: AVAILABLE => EXTENDING in 0.0544209480286
2019-07-08 07:57:20.673 4725 RALLYDEBUG rally.task.utils [-] Waiting for resource s_rally_feaccce2_c11h0DEQ. Status changed: AVAILABLE => DELETING in 0.0809478759766
2019-07-08 07:57:21.071 4724 RALLYDEBUG rally.task.utils [-] Waiting for resource s_rally_feaccce2_zWiqrVxB. Status changed: AVAILABLE => DELETING in 0.0533199310303
2019-07-08 07:57:21.174 4722 RALLYDEBUG rally.task.utils [-] Waiting for resource s_rally_feaccce2_EgWMwqOr. Status changed: AVAILABLE => EXTENDING in 0.243495941162
2019-07-08 07:57:22.489 4723 RALLYDEBUG rally.task.utils [-] Waiting for resource s_rally_feaccce2_AyXhfde1. Status changed: EXTENDING => AVAILABLE in 2.24292206764
2019-07-08 07:57:22.709 4725 INFO rally.task.runner [-] Task 94e80562-f4d3-45a3-b481-004c511aaa67 | ITER: 9 END: OK
2019-07-08 07:57:23.040 4723 INFO rally.task.runner [-] Task 94e80562-f4d3-45a3-b481-004c511aaa67 | ITER: 7 END: OK
2019-07-08 07:57:23.287 4724 INFO rally.task.runner [-] Task 94e80562-f4d3-45a3-b481-004c511aaa67 | ITER: 8 END: OK
2019-07-08 07:57:23.412 4722 RALLYDEBUG rally.task.utils [-] Waiting for resource s_rally_feaccce2_EgWMwqOr. Status changed: EXTENDING => AVAILABLE in 2.23792791367
2019-07-08 07:57:23.927 4722 INFO rally.task.runner [-] Task 94e80562-f4d3-45a3-b481-004c511aaa67 | ITER: 10 END: OK
2019-07-08 07:57:23.955 1842 INFO rally.task.context [-] Task 94e80562-f4d3-45a3-b481-004c511aaa67 | Context cleanup@openstack cleanup() started
2019-07-08 07:57:23.957 1842 RALLYDEBUG rally_openstack.cleanup.manager [-] Cleaning up cinder backups objects
2019-07-08 07:57:25.966 1842 RALLYDEBUG rally_openstack.cleanup.manager [-] Cleaning up cinder volume_snapshots objects
2019-07-08 07:57:27.902 1842 RALLYDEBUG rally_openstack.cleanup.manager [-] Cleaning up cinder transfers objects
2019-07-08 07:57:29.838 1842 RALLYDEBUG rally_openstack.cleanup.manager [-] Cleaning up cinder volumes objects
2019-07-08 07:57:31.840 1842 INFO rally.task.context [-] Task 94e80562-f4d3-45a3-b481-004c511aaa67 | Context cleanup@openstack cleanup() finished in 7.89 sec
2019-07-08 07:57:31.840 1842 INFO rally.task.context [-] Task 94e80562-f4d3-45a3-b481-004c511aaa67 | Context quotas@openstack cleanup() started
2019-07-08 07:57:32.292 1842 INFO rally.task.context [-] Task 94e80562-f4d3-45a3-b481-004c511aaa67 | Context quotas@openstack cleanup() finished in 0.45 sec
2019-07-08 07:57:32.292 1842 INFO rally.task.context [-] Task 94e80562-f4d3-45a3-b481-004c511aaa67 | Context api_versions@openstack cleanup() started
2019-07-08 07:57:32.293 1842 INFO rally.task.context [-] Task 94e80562-f4d3-45a3-b481-004c511aaa67 | Context api_versions@openstack cleanup() finished in 0.29 msec
2019-07-08 07:57:32.293 1842 INFO rally.task.context [-] Task 94e80562-f4d3-45a3-b481-004c511aaa67 | Context users@openstack cleanup() started
2019-07-08 07:57:39.019 1842 INFO rally.task.context [-] Task 94e80562-f4d3-45a3-b481-004c511aaa67 | Context users@openstack cleanup() finished in 6.73 sec
2019-07-08 07:57:40.954 1842 INFO rally.task.engine [-] Load duration is: 16.434728
2019-07-08 07:57:40.955 1842 INFO rally.task.engine [-] Full runner duration is: 16.488238
2019-07-08 07:57:40.955 1842 INFO rally.task.engine [-] Full duration is: 38.224148
2019-07-08 07:57:41.222 1842 INFO rally.task.engine [-] Running workload: position = 0 config = { "version": 2, "title": "A cropped version of a bigger task.", "description": "Auto-generated task from a single workload (uuid=2400a68d-ca18-495e-8699-058d93dfa886)", "subtasks": [ { "title": "CinderVolumes.create_from_volume_and_delete_volume", "description": "Create volume from volume and then delete it.", "scenario": { "CinderVolumes.create_from_volume_and_delete_volume": { "size": 1 } }, "contexts": { "users": { "tenants": 3, "users_per_tenant": 2 }, "quotas": { "cinder": { "gigabytes": -1, "snapshots": -1, "volumes": -1 } }, "api_versions": { "cinder": { "version": 3, "service_type": "volumev3" } }, "volumes": { "size": 1, "volumes_per_tenant": 1 } }, "runner": { "constant": { "concurrency": 4, "times": 10 } }, "hooks": [], "sla": { "failure_rate": { "max": 0 } } } ] }
2019-07-08 07:57:41.248 1842 RALLYDEBUG rally_openstack.contexts.keystone.users [-] Creating 3 tenants using 20 threads
2019-07-08 07:57:43.086 1842 RALLYDEBUG rally_openstack.contexts.keystone.users [-] Creating 6 users using 20 threads
2019-07-08 07:57:45.898 1842 INFO rally.task.context [-] Task 94e80562-f4d3-45a3-b481-004c511aaa67 | Context users@openstack setup() finished in 4.65 sec
2019-07-08 07:57:46.333 1842 INFO rally.task.context [-] Task 94e80562-f4d3-45a3-b481-004c511aaa67 | Context api_versions@openstack setup() finished in 0.43 sec
2019-07-08 07:57:47.851 1842 INFO rally.task.context [-] Task 94e80562-f4d3-45a3-b481-004c511aaa67 | Context quotas@openstack setup() finished in 1.52 sec
2019-07-08 07:57:58.248 1842 INFO rally.task.context [-] Task 94e80562-f4d3-45a3-b481-004c511aaa67 | Context volumes@openstack setup() finished in 10.40 sec
2019-07-08 07:57:58.249 1842 INFO rally.task.context [-] Task 94e80562-f4d3-45a3-b481-004c511aaa67 | Context cleanup@openstack setup() finished in 0.00 msec
2019-07-08 07:57:58.257 1842 RALLYDEBUG rally.task.runner [-] Starting the constant runner (task UUID: 94e80562-f4d3-45a3-b481-004c511aaa67). timeout: 0 concurrency: 4 concurrency_per_worker: 1 times: 10 concurrency_overhead: 0 processes_to_start: 4 max_cpu_used: 16
2019-07-08 07:57:58.269 4906 RALLYDEBUG rally.task.runner [-] Starting a worker. concurrency: 1 args: {"size": 1} times: 10 method_name: run timeout: 0 duration: None cls:
2019-07-08 07:57:58.272 4907 RALLYDEBUG rally.task.runner [-] Starting a worker. concurrency: 1 args: {"size": 1} times: 10 method_name: run timeout: 0 duration: None cls:
2019-07-08 07:57:58.274 4908 RALLYDEBUG rally.task.runner [-] Starting a worker. concurrency: 1 args: {"size": 1} times: 10 method_name: run timeout: 0 duration: None cls:
2019-07-08 07:57:58.277 4909 RALLYDEBUG rally.task.runner [-] Starting a worker. concurrency: 1 args: {"size": 1} times: 10 method_name: run timeout: 0 duration: None cls:
2019-07-08 07:57:58.282 4906 INFO rally.task.runner [-] Task 94e80562-f4d3-45a3-b481-004c511aaa67 | ITER: 1 START
2019-07-08 07:57:58.283 4907 INFO rally.task.runner [-] Task 94e80562-f4d3-45a3-b481-004c511aaa67 | ITER: 2 START
2019-07-08 07:57:58.285 4908 INFO rally.task.runner [-] Task 94e80562-f4d3-45a3-b481-004c511aaa67 | ITER: 3 START
2019-07-08 07:57:58.288 4909 INFO rally.task.runner [-] Task 94e80562-f4d3-45a3-b481-004c511aaa67 | ITER: 4 START
2019-07-08 07:58:02.040 4906 RALLYDEBUG rally.task.utils [-] Waiting for resource s_rally_2400a68d_YuFKMYhd. Status changed: CREATING => AVAILABLE in 0.654948949814
2019-07-08 07:58:02.129 4907 RALLYDEBUG rally.task.utils [-] Waiting for resource s_rally_2400a68d_iOG73Uct. Status changed: AVAILABLE => DELETING in 0.252493143082
2019-07-08 07:58:02.620 4906 RALLYDEBUG rally.task.utils [-] Waiting for resource s_rally_2400a68d_YuFKMYhd. Status changed: AVAILABLE => DELETING in 0.314346075058
2019-07-08 07:58:04.262 4909 RALLYDEBUG rally.task.utils [-] Waiting for resource s_rally_2400a68d_GT9I6CBh. Status changed: CREATING => AVAILABLE in 2.93430304527
2019-07-08 07:58:04.294 4908 RALLYDEBUG rally.task.utils [-] Waiting for resource s_rally_2400a68d_8AXGlOaN. Status changed: CREATING => AVAILABLE in 2.97315406799
2019-07-08 07:58:04.399 4909 RALLYDEBUG rally.task.utils [-] Waiting for resource s_rally_2400a68d_GT9I6CBh. Status changed: AVAILABLE => DELETING in 0.0633800029755
2019-07-08 07:58:04.810 4908 RALLYDEBUG rally.task.utils [-] Waiting for resource s_rally_2400a68d_8AXGlOaN. Status changed: AVAILABLE => DELETING in 0.2410800457
2019-07-08 07:58:07.317 4906 INFO rally.task.runner [-] Task 94e80562-f4d3-45a3-b481-004c511aaa67 | ITER: 1 END: OK
2019-07-08 07:58:07.322 4906 INFO rally.task.runner [-] Task 94e80562-f4d3-45a3-b481-004c511aaa67 | ITER: 5 START
2019-07-08 07:58:08.484 4907 INFO rally.task.runner [-] Task 94e80562-f4d3-45a3-b481-004c511aaa67 | ITER: 2 END: OK
2019-07-08 07:58:08.489 4907 INFO rally.task.runner [-] Task 94e80562-f4d3-45a3-b481-004c511aaa67 | ITER: 6 START
2019-07-08 07:58:08.691 4909 INFO rally.task.runner [-] Task 94e80562-f4d3-45a3-b481-004c511aaa67 | ITER: 4 END: OK
2019-07-08 07:58:08.696 4909 INFO rally.task.runner [-] Task 94e80562-f4d3-45a3-b481-004c511aaa67 | ITER: 7 START
2019-07-08 07:58:09.170 4908 INFO rally.task.runner [-] Task 94e80562-f4d3-45a3-b481-004c511aaa67 | ITER: 3 END: OK
2019-07-08 07:58:09.175 4908 INFO rally.task.runner [-] Task 94e80562-f4d3-45a3-b481-004c511aaa67 | ITER: 8 START
2019-07-08 07:58:11.225 4906 RALLYDEBUG rally.task.utils [-] Waiting for resource s_rally_2400a68d_s6moxZCW. Status changed: AVAILABLE => DELETING in 0.235285997391
2019-07-08 07:58:12.446 4908 RALLYDEBUG rally.task.utils [-] Waiting for resource s_rally_2400a68d_bFueh2w2. Status changed: CREATING => AVAILABLE in 0.299574136734
2019-07-08 07:58:12.476 4907 RALLYDEBUG rally.task.utils [-] Waiting for resource s_rally_2400a68d_RKvkWoBa. Status changed: AVAILABLE => DELETING in 0.0551469326019
2019-07-08 07:58:12.526 4909 RALLYDEBUG rally.task.utils [-] Waiting for resource s_rally_2400a68d_6Qu4FB64. Status changed: AVAILABLE => DELETING in 0.32510304451
2019-07-08 07:58:12.768 4908 RALLYDEBUG rally.task.utils [-] Waiting for resource s_rally_2400a68d_bFueh2w2. Status changed: AVAILABLE => DELETING in 0.0534110069275
2019-07-08 07:58:15.709 4906 INFO rally.task.runner [-] Task 94e80562-f4d3-45a3-b481-004c511aaa67 | ITER: 5 END: OK
2019-07-08 07:58:15.714 4906 INFO rally.task.runner [-] Task 94e80562-f4d3-45a3-b481-004c511aaa67 | ITER: 9 START
2019-07-08 07:58:16.756 4907 INFO rally.task.runner [-] Task 94e80562-f4d3-45a3-b481-004c511aaa67 | ITER: 6 END: OK
2019-07-08 07:58:16.761 4907 INFO rally.task.runner [-] Task 94e80562-f4d3-45a3-b481-004c511aaa67 | ITER: 10 START
2019-07-08 07:58:16.882 4909 INFO rally.task.runner [-] Task 94e80562-f4d3-45a3-b481-004c511aaa67 | ITER: 7 END: OK
2019-07-08 07:58:17.230 4908 INFO rally.task.runner [-] Task 94e80562-f4d3-45a3-b481-004c511aaa67 | ITER: 8 END: OK
2019-07-08 07:58:19.763 4906 RALLYDEBUG rally.task.utils [-] Waiting for resource s_rally_2400a68d_kkAuL9mg. Status changed: AVAILABLE => DELETING in 0.250403165817
2019-07-08 07:58:20.914 4907 RALLYDEBUG rally.task.utils [-] Waiting for resource s_rally_2400a68d_O4UVbVZd. Status changed: AVAILABLE => DELETING in 0.245465993881
2019-07-08 07:58:21.981 4906 INFO rally.task.runner [-] Task 94e80562-f4d3-45a3-b481-004c511aaa67 | ITER: 9 END: OK
2019-07-08 07:58:23.140 4907 INFO rally.task.runner [-] Task 94e80562-f4d3-45a3-b481-004c511aaa67 | ITER: 10 END: OK
2019-07-08 07:58:23.162 1842 INFO rally.task.context [-] Task 94e80562-f4d3-45a3-b481-004c511aaa67 | Context cleanup@openstack cleanup() started
2019-07-08 07:58:23.164 1842 RALLYDEBUG rally_openstack.cleanup.manager [-] Cleaning up cinder backups objects
2019-07-08 07:58:25.164 1842 RALLYDEBUG rally_openstack.cleanup.manager [-] Cleaning up cinder volume_snapshots objects
2019-07-08 07:58:27.023 1842 RALLYDEBUG rally_openstack.cleanup.manager [-] Cleaning up cinder transfers objects
2019-07-08 07:58:28.867 1842 RALLYDEBUG rally_openstack.cleanup.manager [-] Cleaning up cinder volumes objects
2019-07-08 07:58:30.968 1842 INFO rally.task.context [-] Task 94e80562-f4d3-45a3-b481-004c511aaa67 | Context cleanup@openstack cleanup() finished in 7.81 sec
2019-07-08 07:58:30.969 1842 INFO rally.task.context [-] Task 94e80562-f4d3-45a3-b481-004c511aaa67 | Context volumes@openstack cleanup() started
2019-07-08 07:58:30.970 1842 RALLYDEBUG rally_openstack.cleanup.manager [-] Cleaning up cinder volumes objects
