2019-07-06 21:55:52.817 26950 WARNING rally_openstack.scenarios.neutron.utils [-] Running this scenario without either the 'network' or 'existing_network' context is deprecated
2019-07-06 21:55:53.634 26974 INFO rally.task.runner [-] Task 7164172a-30fc-4597-8d9d-bbf07e9f58ec | ITER: 15 END: OK
2019-07-06 21:55:53.638 26974 INFO rally.task.runner [-] Task 7164172a-30fc-4597-8d9d-bbf07e9f58ec | ITER: 40 START
2019-07-06 21:55:53.639 26974 WARNING rally_openstack.scenarios.neutron.utils [-] Running this scenario without either the 'network' or 'existing_network' context is deprecated
2019-07-06 21:56:01.918 26968 INFO rally.task.runner [-] Task 7164172a-30fc-4597-8d9d-bbf07e9f58ec | ITER: 22 END: OK
2019-07-06 21:56:03.331 26956 INFO rally.task.runner [-] Task 7164172a-30fc-4597-8d9d-bbf07e9f58ec | ITER: 26 END: OK
2019-07-06 21:56:03.789 26989 INFO rally.task.runner [-] Task 7164172a-30fc-4597-8d9d-bbf07e9f58ec | ITER: 28 END: OK
2019-07-06 21:56:04.002 26961 INFO rally.task.runner [-] Task 7164172a-30fc-4597-8d9d-bbf07e9f58ec | ITER: 33 END: OK
2019-07-06 21:56:04.078 26971 INFO rally.task.runner [-] Task 7164172a-30fc-4597-8d9d-bbf07e9f58ec | ITER: 21 END: OK
2019-07-06 21:56:04.135 26962 INFO rally.task.runner [-] Task 7164172a-30fc-4597-8d9d-bbf07e9f58ec | ITER: 29 END: OK
2019-07-06 21:56:04.449 26951 INFO rally.task.runner [-] Task 7164172a-30fc-4597-8d9d-bbf07e9f58ec | ITER: 30 END: OK
2019-07-06 21:56:04.558 26950 INFO rally.task.runner [-] Task 7164172a-30fc-4597-8d9d-bbf07e9f58ec | ITER: 23 END: OK
2019-07-06 21:56:04.922 26990 INFO rally.task.runner [-] Task 7164172a-30fc-4597-8d9d-bbf07e9f58ec | ITER: 27 END: OK
2019-07-06 21:56:05.055 26978 INFO rally.task.runner [-] Task 7164172a-30fc-4597-8d9d-bbf07e9f58ec | ITER: 31 END: OK
2019-07-06 21:56:05.219 26949 INFO rally.task.runner [-] Task 7164172a-30fc-4597-8d9d-bbf07e9f58ec | ITER: 32 END: OK
2019-07-06 21:56:05.227 26951 INFO rally.task.runner [-] Task 7164172a-30fc-4597-8d9d-bbf07e9f58ec | ITER: 38 END: OK
2019-07-06 21:56:05.546 26950 INFO rally.task.runner [-] Task 7164172a-30fc-4597-8d9d-bbf07e9f58ec | ITER: 39 END: OK
2019-07-06 21:56:05.650 26948 INFO rally.task.runner [-] Task 7164172a-30fc-4597-8d9d-bbf07e9f58ec | ITER: 24 END: OK
2019-07-06 21:56:05.893 26995 INFO rally.task.runner [-] Task 7164172a-30fc-4597-8d9d-bbf07e9f58ec | ITER: 25 END: OK
2019-07-06 21:56:06.173 26948 INFO rally.task.runner [-] Task 7164172a-30fc-4597-8d9d-bbf07e9f58ec | ITER: 35 END: OK
2019-07-06 21:56:06.451 26965 INFO rally.task.runner [-] Task 7164172a-30fc-4597-8d9d-bbf07e9f58ec | ITER: 36 END: OK
2019-07-06 21:56:06.543 26986 INFO rally.task.runner [-] Task 7164172a-30fc-4597-8d9d-bbf07e9f58ec | ITER: 34 END: OK
2019-07-06 21:56:06.788 26974 INFO rally.task.runner [-] Task 7164172a-30fc-4597-8d9d-bbf07e9f58ec | ITER: 40 END: OK
2019-07-06 21:56:06.801 26949 INFO rally.task.runner [-] Task 7164172a-30fc-4597-8d9d-bbf07e9f58ec | ITER: 37 END: OK
2019-07-06 21:56:06.823 22702 INFO rally.task.context [-] Task 7164172a-30fc-4597-8d9d-bbf07e9f58ec | Context cleanup@openstack cleanup() started
2019-07-06 21:56:06.825 22702 RALLYDEBUG rally_openstack.cleanup.manager [-] Cleaning up neutron vip objects
2019-07-06 21:56:07.502 22702 RALLYDEBUG rally_openstack.cleanup.manager [-] Cleaning up neutron health_monitor objects
2019-07-06 21:56:08.131 22702 RALLYDEBUG rally_openstack.cleanup.manager [-] Cleaning up neutron pool objects
2019-07-06 21:56:08.761 22702 RALLYDEBUG rally_openstack.cleanup.manager [-] Cleaning up neutron loadbalancer objects
2019-07-06 21:56:09.490 22702 RALLYDEBUG rally_openstack.cleanup.manager [-] Cleaning up neutron floatingip objects
2019-07-06 21:56:10.260 22702 RALLYDEBUG rally_openstack.cleanup.manager [-] Cleaning up neutron port objects
2019-07-06 21:56:10.939 22702 RALLYDEBUG rally_openstack.cleanup.manager [-] Cleaning up neutron subnet objects
2019-07-06 21:56:11.750 22702 RALLYDEBUG rally_openstack.cleanup.manager [-] Cleaning up neutron network objects
2019-07-06 21:56:12.673 22702 RALLYDEBUG rally_openstack.cleanup.manager [-] Deleting neutron.network object s_rally_9e2400f4_ss0F0nec (018b8e1b-9e88-433c-b949-69e3e48a6266)
2019-07-06 21:56:12.681 22702 RALLYDEBUG rally_openstack.cleanup.manager [-] Deleting neutron.network object s_rally_9e2400f4_Nz8z0kkx (2f17ed89-dcc0-47f5-9d23-61facc0984d0)
2019-07-06 21:56:12.684 22702 RALLYDEBUG rally_openstack.cleanup.manager [-] Deleting neutron.network object s_rally_9e2400f4_m63R3nsQ (028982ae-b93d-42c0-b5b4-3b3b48baccc2)
2019-07-06 21:56:12.690 22702 RALLYDEBUG rally_openstack.cleanup.manager [-] Deleting neutron.network object s_rally_9e2400f4_WhzVsS3l (2af0f924-7cd1-43da-8674-a777d8440172)
2019-07-06 21:56:12.698 22702 RALLYDEBUG rally_openstack.cleanup.manager [-] Deleting neutron.network object s_rally_9e2400f4_DjKIkUDo (149d34e0-90a8-4d3b-81c1-4567326de79a)
2019-07-06 21:56:12.702 22702 RALLYDEBUG rally_openstack.cleanup.manager [-] Deleting neutron.network object s_rally_9e2400f4_CCvgKBH4 (1d594cc2-f27f-4f5a-a935-5fe7c6f9f539)
2019-07-06 21:56:12.703 22702 RALLYDEBUG rally_openstack.cleanup.manager [-] Deleting neutron.network object s_rally_9e2400f4_EquKdJsH (23294023-2989-4bf3-b615-683fe1aa812d)
2019-07-06 21:56:12.705 22702 RALLYDEBUG rally_openstack.cleanup.manager [-] Deleting neutron.network object s_rally_9e2400f4_aZRoLusY (0fa61a98-761a-47c9-a814-bd9d8be09dd6)
2019-07-06 21:56:12.708 22702 RALLYDEBUG rally_openstack.cleanup.manager [-] Deleting neutron.network object s_rally_9e2400f4_t4u7FDg1 (4926f182-d193-4d96-a87b-b310b37be0fa)
2019-07-06 21:56:12.710 22702 RALLYDEBUG rally_openstack.cleanup.manager [-] Deleting neutron.network object s_rally_9e2400f4_Hly00vUa (171461d1-864a-4f00-abdb-1934304641b6)
2019-07-06 21:56:12.710 22702 RALLYDEBUG rally_openstack.cleanup.manager [-] Deleting neutron.network object s_rally_9e2400f4_DPA6WBPT (3cf9699d-527d-44f6-b07e-5b8d0fa15353)
2019-07-06 21:56:12.711 22702 RALLYDEBUG rally_openstack.cleanup.manager [-] Deleting neutron.network object s_rally_9e2400f4_13Fu6HRq (4df2f2c1-4827-414a-b9ad-5e084a3348fa)
2019-07-06 21:56:12.717 22702 RALLYDEBUG rally_openstack.cleanup.manager [-] Deleting neutron.network object s_rally_9e2400f4_e3ndWbFP (2c0b1435-9b69-4199-a1d9-30da8ae4a628)
2019-07-06 21:56:12.723 22702 RALLYDEBUG rally_openstack.cleanup.manager [-] Deleting neutron.network object s_rally_9e2400f4_NUDwPT7R (5fecd5ca-558c-4ceb-ad2a-e0d168c7db57)
2019-07-06 21:56:12.724 22702 RALLYDEBUG rally_openstack.cleanup.manager [-] Deleting neutron.network object s_rally_9e2400f4_ATXuLR1b (6d722b1d-fbf9-4732-a35f-9d0b8b918760)
2019-07-06 21:56:12.728 22702 RALLYDEBUG rally_openstack.cleanup.manager [-] Deleting neutron.network object s_rally_9e2400f4_tD9GZ8Kf (6e2f730d-c3ea-4ef9-96cc-0500f218e388)
2019-07-06 21:56:12.732 22702 RALLYDEBUG rally_openstack.cleanup.manager [-] Deleting neutron.network object s_rally_9e2400f4_BDmjAIIU (3c76d1cc-2585-4641-af63-10ba3826411c)
2019-07-06 21:56:12.754 22702 RALLYDEBUG rally_openstack.cleanup.manager [-] Deleting neutron.network object s_rally_9e2400f4_j9xU8cC3 (76484494-eaf6-4b36-8328-1081ec0e714e)
2019-07-06 21:56:12.775 22702 RALLYDEBUG rally_openstack.cleanup.manager [-] Deleting neutron.network object s_rally_9e2400f4_JtApGG3v (7b1f9e26-4c66-4c8f-b9ac-9df01a90e4fa)
2019-07-06 21:56:12.797 22702 RALLYDEBUG rally_openstack.cleanup.manager [-] Deleting neutron.network object s_rally_9e2400f4_GcbFBfsB (7f621e36-8ddc-4aab-96ee-5d3fbf8dd6f5)
2019-07-06 21:56:15.430 22702 RALLYDEBUG rally_openstack.cleanup.manager [-] Deleting neutron.network object s_rally_9e2400f4_TSJ2Tomp (83688904-c2b0-432d-94e8-d95691e87f04)
2019-07-06 21:56:15.657 22702 RALLYDEBUG rally_openstack.cleanup.manager [-] Deleting neutron.network object s_rally_9e2400f4_lUuzHfFD (8b04fab6-ff22-408f-a8fe-f5fb054c909f)
2019-07-06 21:56:15.670 22702 RALLYDEBUG rally_openstack.cleanup.manager [-] Deleting neutron.network object s_rally_9e2400f4_JUokVj3e (947a9ac7-3047-4d64-89e1-9a03f1f4fe8e)
2019-07-06 21:56:15.689 22702 RALLYDEBUG rally_openstack.cleanup.manager [-] Deleting neutron.network object s_rally_9e2400f4_fChPccbK (94a257b0-5075-410a-b4b7-576f386fbf40)
2019-07-06 21:56:15.732 22702 RALLYDEBUG rally_openstack.cleanup.manager [-] Deleting neutron.network object s_rally_9e2400f4_RvBmjCJi (a561f670-7334-4e57-a751-a02b893036fb)
2019-07-06 21:56:15.769 22702 RALLYDEBUG rally_openstack.cleanup.manager [-] Deleting neutron.network object s_rally_9e2400f4_flpLKzuM (a68a0eb1-5656-4a09-b8d3-74344e4e5b5f)
2019-07-06 21:56:15.910 22702 RALLYDEBUG rally_openstack.cleanup.manager [-] Deleting neutron.network object s_rally_9e2400f4_cwzJenDl (bc2ec2bc-80ec-4961-b692-15cc1faa6278)
2019-07-06 21:56:16.152 22702 RALLYDEBUG rally_openstack.cleanup.manager [-] Deleting neutron.network object s_rally_9e2400f4_Rwf6OmMk (c11b956e-1c2b-4014-97f3-c2c698df2e9a)
2019-07-06 21:56:16.155 22702 RALLYDEBUG rally_openstack.cleanup.manager [-] Deleting neutron.network object s_rally_9e2400f4_vp9rNOfl (c618736a-f16e-4a69-95f5-e45cb0649333)
2019-07-06 21:56:16.192 22702 RALLYDEBUG rally_openstack.cleanup.manager [-] Deleting neutron.network object s_rally_9e2400f4_j27qWhEs (c735d97b-2649-4568-bccb-19b93b7c56b5)
2019-07-06 21:56:16.218 22702 RALLYDEBUG rally_openstack.cleanup.manager [-] Deleting neutron.network object s_rally_9e2400f4_gyYGZpZ3 (d2b998db-2d8f-4586-be36-c8cf0eb032bb)
2019-07-06 21:56:16.263 22702 RALLYDEBUG rally_openstack.cleanup.manager [-] Deleting neutron.network object s_rally_9e2400f4_WShdWXMs (d899a9ee-7558-4744-9bd4-dca0cb1e46c3)
2019-07-06 21:56:16.304 22702 RALLYDEBUG rally_openstack.cleanup.manager [-] Deleting neutron.network object s_rally_9e2400f4_WNqy3C94 (da2c4166-b2c4-4b6f-9e7a-65bd484190d4)
2019-07-06 21:56:16.352 22702 RALLYDEBUG rally_openstack.cleanup.manager [-] Deleting neutron.network object s_rally_9e2400f4_9s9XmPKl (e3886376-9e65-4018-b9cf-24ef978c66cd)
2019-07-06 21:56:16.364 22702 RALLYDEBUG rally_openstack.cleanup.manager [-] Deleting neutron.network object s_rally_9e2400f4_CIqZpusi (e46e6272-f57a-4f43-9ac3-c2403367740a)
2019-07-06 21:56:16.639 22702 RALLYDEBUG rally_openstack.cleanup.manager [-] Deleting neutron.network object s_rally_9e2400f4_3bvgNfwO (e4b63bea-e199-441d-8fcb-d36ed24272d2)
2019-07-06 21:56:16.643 22702 RALLYDEBUG rally_openstack.cleanup.manager [-] Deleting neutron.network object s_rally_9e2400f4_iqbsKXNd (ea241e2d-f2dd-46ae-86c7-837d2cdb1543)
2019-07-06 21:56:16.901 22702 RALLYDEBUG rally_openstack.cleanup.manager [-] Deleting neutron.network object s_rally_9e2400f4_e0vcm9zF (f0f3723a-c1af-4aae-9502-e6e7890e6b0a)
2019-07-06 21:56:17.059 22702 RALLYDEBUG rally_openstack.cleanup.manager [-] Deleting neutron.network object s_rally_9e2400f4_c6WKekAE (f6f3537f-ecc2-449c-a290-78c76ff7813e)
2019-07-06 21:56:17.059 22702 RALLYDEBUG rally_openstack.cleanup.manager [-] Deleting neutron.network object s_rally_9e2400f4_YDYpKAHh (f5ed5ca0-1ae3-4fc3-9151-4a3916dbaf3f)
2019-07-06 21:56:19.809 22702 RALLYDEBUG rally_openstack.cleanup.manager [-] Cleaning up neutron router objects
2019-07-06 21:56:20.512 22702 RALLYDEBUG rally_openstack.cleanup.manager [-] Cleaning up neutron security_group objects
2019-07-06 21:56:21.193 22702 INFO rally.task.context [-] Task 7164172a-30fc-4597-8d9d-bbf07e9f58ec | Context cleanup@openstack cleanup() finished in 14.37 sec
2019-07-06 21:56:21.194 22702 INFO rally.task.context [-] Task 7164172a-30fc-4597-8d9d-bbf07e9f58ec | Context quotas@openstack cleanup() started
2019-07-06 21:56:21.525 22702 INFO rally.task.context [-] Task 7164172a-30fc-4597-8d9d-bbf07e9f58ec | Context quotas@openstack cleanup() finished in 0.33 sec
2019-07-06 21:56:21.526 22702 INFO rally.task.context [-] Task 7164172a-30fc-4597-8d9d-bbf07e9f58ec | Context users@openstack cleanup() started
2019-07-06 21:56:26.523 22702 INFO rally.task.context [-] Task 7164172a-30fc-4597-8d9d-bbf07e9f58ec | Context users@openstack cleanup() finished in 5.00 sec
2019-07-06 21:56:27.659 22702 INFO rally.task.engine [-] Load duration is: 31.879579
2019-07-06 21:56:27.659 22702 INFO rally.task.engine [-] Full runner duration is: 31.925072
2019-07-06 21:56:27.660 22702 INFO rally.task.engine [-] Full duration is: 57.085415
2019-07-06 21:56:27.990 22702 INFO rally.task.engine [-] Running workload: position = 0 config = { "version": 2, "title": "A cropped version of a bigger task.", "description": "Auto-generated task from a single workload (uuid=2178c504-484d-4854-8902-9126ef3484c4)", "subtasks": [ { "title": "Quotas.neutron_update", "description": "Update quotas for neutron.", "scenario": { "Quotas.neutron_update": { "max_quota": 1024 } }, "contexts": { "users": { "tenants": 20, "users_per_tenant": 1 } }, "runner": { "constant": { "times": 40, "concurrency": 20 } }, "hooks": [], "sla": { "failure_rate": { "max": 0 } } } ] }
2019-07-06 21:56:28.012 22702 RALLYDEBUG rally_openstack.contexts.keystone.users [-] Creating 20 tenants using 20 threads
2019-07-06 21:56:30.595 22702 RALLYDEBUG rally_openstack.contexts.keystone.users [-] Creating 20 users using 20 threads
2019-07-06 21:56:34.125 22702 INFO rally.task.context [-] Task 7164172a-30fc-4597-8d9d-bbf07e9f58ec | Context users@openstack setup() finished in 6.11 sec
2019-07-06 21:56:34.125 22702 INFO rally.task.context [-] Task 7164172a-30fc-4597-8d9d-bbf07e9f58ec | Context admin_cleanup@openstack setup() finished in 0.00 msec
2019-07-06 21:56:34.130 22702 RALLYDEBUG rally.task.runner [-] Starting the constant runner (task UUID: 7164172a-30fc-4597-8d9d-bbf07e9f58ec). timeout: 0 concurrency: 20 concurrency_per_worker: 1 times: 40 concurrency_overhead: 4 processes_to_start: 16 max_cpu_used: 16
2019-07-06 21:56:34.143 27318 RALLYDEBUG rally.task.runner [-] Starting a worker. concurrency: 2 args: {"max_quota": 1024} times: 40 method_name: run timeout: 0 duration: None cls:
2019-07-06 21:56:34.144 27319 RALLYDEBUG rally.task.runner [-] Starting a worker. concurrency: 2 args: {"max_quota": 1024} times: 40 method_name: run timeout: 0 duration: None cls:
2019-07-06 21:56:34.147 27320 RALLYDEBUG rally.task.runner [-] Starting a worker. concurrency: 2 args: {"max_quota": 1024} times: 40 method_name: run timeout: 0 duration: None cls:
2019-07-06 21:56:34.148 27321 RALLYDEBUG rally.task.runner [-] Starting a worker. concurrency: 2 args: {"max_quota": 1024} times: 40 method_name: run timeout: 0 duration: None cls:
2019-07-06 21:56:34.151 27322 RALLYDEBUG rally.task.runner [-] Starting a worker. concurrency: 1 args: {"max_quota": 1024} times: 40 method_name: run timeout: 0 duration: None cls:
2019-07-06 21:56:34.157 27323 RALLYDEBUG rally.task.runner [-] Starting a worker. concurrency: 1 args: {"max_quota": 1024} times: 40 method_name: run timeout: 0 duration: None cls:
2019-07-06 21:56:34.160 27325 RALLYDEBUG rally.task.runner [-] Starting a worker. concurrency: 1 args: {"max_quota": 1024} times: 40 method_name: run timeout: 0 duration: None cls:
2019-07-06 21:56:34.153 27318 INFO rally.task.runner [-] Task 7164172a-30fc-4597-8d9d-bbf07e9f58ec | ITER: 1 START
2019-07-06 21:56:34.161 27324 RALLYDEBUG rally.task.runner [-] Starting a worker. concurrency: 1 args: {"max_quota": 1024} times: 40 method_name: run timeout: 0 duration: None cls:
2019-07-06 21:56:34.162 27329 RALLYDEBUG rally.task.runner [-] Starting a worker. concurrency: 1 args: {"max_quota": 1024} times: 40 method_name: run timeout: 0 duration: None cls:
2019-07-06 21:56:34.160 27319 INFO rally.task.runner [-] Task 7164172a-30fc-4597-8d9d-bbf07e9f58ec | ITER: 2 START
2019-07-06 21:56:34.165 27320 INFO rally.task.runner [-] Task 7164172a-30fc-4597-8d9d-bbf07e9f58ec | ITER: 3 START
2019-07-06 21:56:34.165 27321 INFO rally.task.runner [-] Task 7164172a-30fc-4597-8d9d-bbf07e9f58ec | ITER: 4 START
2019-07-06 21:56:34.168 27319 INFO rally.task.runner [-] Task 7164172a-30fc-4597-8d9d-bbf07e9f58ec | ITER: 7 START
2019-07-06 21:56:34.170 27339 RALLYDEBUG rally.task.runner [-] Starting a worker. concurrency: 1 args: {"max_quota": 1024} times: 40 method_name: run timeout: 0 duration: None cls:
2019-07-06 21:56:34.166 27321 INFO rally.task.runner [-] Task 7164172a-30fc-4597-8d9d-bbf07e9f58ec | ITER: 9 START
2019-07-06 21:56:34.169 27332 RALLYDEBUG rally.task.runner [-] Starting a worker. concurrency: 1 args: {"max_quota": 1024} times: 40 method_name: run timeout: 0 duration: None cls:
2019-07-06 21:56:34.171 27323 INFO rally.task.runner [-] Task 7164172a-30fc-4597-8d9d-bbf07e9f58ec | ITER: 10 START
2019-07-06 21:56:34.173 27322 INFO rally.task.runner [-] Task 7164172a-30fc-4597-8d9d-bbf07e9f58ec | ITER: 5 START
2019-07-06 21:56:34.174 27325 INFO rally.task.runner [-] Task 7164172a-30fc-4597-8d9d-bbf07e9f58ec | ITER: 11 START
2019-07-06 21:56:34.178 27318 INFO rally.task.runner [-] Task 7164172a-30fc-4597-8d9d-bbf07e9f58ec | ITER: 6 START
2019-07-06 21:56:34.177 27324 INFO rally.task.runner [-] Task 7164172a-30fc-4597-8d9d-bbf07e9f58ec | ITER: 12 START
2019-07-06 21:56:34.178 27342 RALLYDEBUG rally.task.runner [-] Starting a worker. concurrency: 1 args: {"max_quota": 1024} times: 40 method_name: run timeout: 0 duration: None cls:
2019-07-06 21:56:34.180 27337 RALLYDEBUG rally.task.runner [-] Starting a worker. concurrency: 1 args: {"max_quota": 1024} times: 40 method_name: run timeout: 0 duration: None cls:
2019-07-06 21:56:34.182 27339 INFO rally.task.runner [-] Task 7164172a-30fc-4597-8d9d-bbf07e9f58ec | ITER: 14 START
2019-07-06 21:56:34.180 27320 INFO rally.task.runner [-] Task 7164172a-30fc-4597-8d9d-bbf07e9f58ec | ITER: 8 START
2019-07-06 21:56:34.183 27355 RALLYDEBUG rally.task.runner [-] Starting a worker. concurrency: 1 args: {"max_quota": 1024} times: 40 method_name: run timeout: 0 duration: None cls:
2019-07-06 21:56:34.183 27335 RALLYDEBUG rally.task.runner [-] Starting a worker. concurrency: 1 args: {"max_quota": 1024} times: 40 method_name: run timeout: 0 duration: None cls:
2019-07-06 21:56:34.184 27351 RALLYDEBUG rally.task.runner [-] Starting a worker. concurrency: 1 args: {"max_quota": 1024} times: 40 method_name: run timeout: 0 duration: None cls:
2019-07-06 21:56:34.191 27332 INFO rally.task.runner [-] Task 7164172a-30fc-4597-8d9d-bbf07e9f58ec | ITER: 15 START
2019-07-06 21:56:34.191 27329 INFO rally.task.runner [-] Task 7164172a-30fc-4597-8d9d-bbf07e9f58ec | ITER: 13 START
2019-07-06 21:56:34.193 27355 INFO rally.task.runner [-] Task 7164172a-30fc-4597-8d9d-bbf07e9f58ec | ITER: 18 START
2019-07-06 21:56:34.193 27342 INFO rally.task.runner [-] Task 7164172a-30fc-4597-8d9d-bbf07e9f58ec | ITER: 16 START
2019-07-06 21:56:34.200 27351 INFO rally.task.runner [-] Task 7164172a-30fc-4597-8d9d-bbf07e9f58ec | ITER: 20 START
2019-07-06 21:56:34.203 27337 INFO rally.task.runner [-] Task 7164172a-30fc-4597-8d9d-bbf07e9f58ec | ITER: 17 START
2019-07-06 21:56:34.205 27335 INFO rally.task.runner [-] Task 7164172a-30fc-4597-8d9d-bbf07e9f58ec | ITER: 19 START
2019-07-06 21:56:35.323 27322 INFO rally.task.runner [-] Task 7164172a-30fc-4597-8d9d-bbf07e9f58ec | ITER: 5 END: OK
2019-07-06 21:56:35.328 27322 INFO rally.task.runner [-] Task 7164172a-30fc-4597-8d9d-bbf07e9f58ec | ITER: 21 START
2019-07-06 21:56:35.842 27324 INFO rally.task.runner [-] Task 7164172a-30fc-4597-8d9d-bbf07e9f58ec | ITER: 12 END: OK
2019-07-06 21:56:35.847 27324 INFO rally.task.runner [-] Task 7164172a-30fc-4597-8d9d-bbf07e9f58ec | ITER: 22 START
2019-07-06 21:56:35.881 27323 INFO rally.task.runner [-] Task 7164172a-30fc-4597-8d9d-bbf07e9f58ec | ITER: 10 END: OK
2019-07-06 21:56:35.888 27323 INFO rally.task.runner [-] Task 7164172a-30fc-4597-8d9d-bbf07e9f58ec | ITER: 23 START
2019-07-06 21:56:36.119 27318 INFO rally.task.runner [-] Task 7164172a-30fc-4597-8d9d-bbf07e9f58ec | ITER: 6 END: OK
2019-07-06 21:56:36.127 27318 INFO rally.task.runner [-] Task 7164172a-30fc-4597-8d9d-bbf07e9f58ec | ITER: 24 START
2019-07-06 21:56:36.365 27318 INFO rally.task.runner [-] Task 7164172a-30fc-4597-8d9d-bbf07e9f58ec | ITER: 1 END: OK
2019-07-06 21:56:36.372 27318 INFO rally.task.runner [-] Task 7164172a-30fc-4597-8d9d-bbf07e9f58ec | ITER: 25 START
2019-07-06 21:56:36.378 27321 INFO rally.task.runner [-] Task 7164172a-30fc-4597-8d9d-bbf07e9f58ec | ITER: 4 END: OK
2019-07-06 21:56:36.386 27321 INFO rally.task.runner [-] Task 7164172a-30fc-4597-8d9d-bbf07e9f58ec | ITER: 26 START
2019-07-06 21:56:36.533 27321 INFO rally.task.runner [-] Task 7164172a-30fc-4597-8d9d-bbf07e9f58ec | ITER: 9 END: OK
2019-07-06 21:56:36.539 27321 INFO rally.task.runner [-] Task 7164172a-30fc-4597-8d9d-bbf07e9f58ec | ITER: 27 START
2019-07-06 21:56:36.582 27319 INFO rally.task.runner [-] Task 7164172a-30fc-4597-8d9d-bbf07e9f58ec | ITER: 2 END: OK
2019-07-06 21:56:36.588 27319 INFO rally.task.runner [-] Task 7164172a-30fc-4597-8d9d-bbf07e9f58ec | ITER: 28 START
2019-07-06 21:56:36.608 27320 INFO rally.task.runner [-] Task 7164172a-30fc-4597-8d9d-bbf07e9f58ec | ITER: 8 END: OK
2019-07-06 21:56:36.614 27320 INFO rally.task.runner [-] Task 7164172a-30fc-4597-8d9d-bbf07e9f58ec | ITER: 29 START
2019-07-06 21:56:36.627 27319 INFO rally.task.runner [-] Task 7164172a-30fc-4597-8d9d-bbf07e9f58ec | ITER: 7 END: OK
2019-07-06 21:56:36.633 27319 INFO rally.task.runner [-] Task 7164172a-30fc-4597-8d9d-bbf07e9f58ec | ITER: 30 START
2019-07-06 21:56:36.640 27325 INFO rally.task.runner [-] Task 7164172a-30fc-4597-8d9d-bbf07e9f58ec | ITER: 11 END: OK
2019-07-06 21:56:36.646 27325 INFO rally.task.runner [-] Task 7164172a-30fc-4597-8d9d-bbf07e9f58ec | ITER: 31 START
2019-07-06 21:56:36.652 27337 INFO rally.task.runner [-] Task 7164172a-30fc-4597-8d9d-bbf07e9f58ec | ITER: 17 END: OK
2019-07-06 21:56:36.658 27337 INFO rally.task.runner [-] Task 7164172a-30fc-4597-8d9d-bbf07e9f58ec | ITER: 32 START
2019-07-06 21:56:36.664 27335 INFO rally.task.runner [-] Task 7164172a-30fc-4597-8d9d-bbf07e9f58ec | ITER: 19 END: OK
2019-07-06 21:56:36.669 27335 INFO rally.task.runner [-] Task 7164172a-30fc-4597-8d9d-bbf07e9f58ec | ITER: 33 START
2019-07-06 21:56:36.690 27355 INFO rally.task.runner [-] Task 7164172a-30fc-4597-8d9d-bbf07e9f58ec | ITER: 18 END: OK
2019-07-06 21:56:36.696 27355 INFO rally.task.runner [-] Task 7164172a-30fc-4597-8d9d-bbf07e9f58ec | ITER: 34 START
2019-07-06 21:56:36.712 27320 INFO rally.task.runner [-] Task 7164172a-30fc-4597-8d9d-bbf07e9f58ec | ITER: 3 END: OK
2019-07-06 21:56:36.717 27320 INFO rally.task.runner [-] Task 7164172a-30fc-4597-8d9d-bbf07e9f58ec | ITER: 35 START
2019-07-06 21:56:36.739 27339 INFO rally.task.runner [-] Task 7164172a-30fc-4597-8d9d-bbf07e9f58ec | ITER: 14 END: OK
2019-07-06 21:56:36.745 27339 INFO rally.task.runner [-] Task 7164172a-30fc-4597-8d9d-bbf07e9f58ec | ITER: 36 START
2019-07-06 21:56:36.747 27342 INFO rally.task.runner [-] Task 7164172a-30fc-4597-8d9d-bbf07e9f58ec | ITER: 16 END: OK
2019-07-06 21:56:36.752 27342 INFO rally.task.runner [-] Task 7164172a-30fc-4597-8d9d-bbf07e9f58ec | ITER: 37 START
2019-07-06 21:56:36.784 27351 INFO rally.task.runner [-] Task 7164172a-30fc-4597-8d9d-bbf07e9f58ec | ITER: 20 END: OK
2019-07-06 21:56:36.791 27351 INFO rally.task.runner [-] Task 7164172a-30fc-4597-8d9d-bbf07e9f58ec | ITER: 38 START
2019-07-06 21:56:36.797 27329 INFO rally.task.runner [-] Task 7164172a-30fc-4597-8d9d-bbf07e9f58ec | ITER: 13 END: OK
2019-07-06 21:56:36.803 27329 INFO rally.task.runner [-] Task 7164172a-30fc-4597-8d9d-bbf07e9f58ec | ITER: 39 START
2019-07-06 21:56:36.810 27332 INFO rally.task.runner [-] Task 7164172a-30fc-4597-8d9d-bbf07e9f58ec | ITER: 15 END: OK
2019-07-06 21:56:36.816 27332 INFO rally.task.runner [-] Task 7164172a-30fc-4597-8d9d-bbf07e9f58ec | ITER: 40 START
2019-07-06 21:56:36.928 27322 INFO rally.task.runner [-] Task 7164172a-30fc-4597-8d9d-bbf07e9f58ec | ITER: 21 END: OK
2019-07-06 21:56:37.028 27324 INFO rally.task.runner [-] Task 7164172a-30fc-4597-8d9d-bbf07e9f58ec | ITER: 22 END: OK
2019-07-06 21:56:37.036 27323 INFO rally.task.runner [-] Task 7164172a-30fc-4597-8d9d-bbf07e9f58ec | ITER: 23 END: OK
2019-07-06 21:56:37.172 27318 INFO rally.task.runner [-] Task 7164172a-30fc-4597-8d9d-bbf07e9f58ec | ITER: 24 END: OK
2019-07-06 21:56:37.319 27321 INFO rally.task.runner [-] Task 7164172a-30fc-4597-8d9d-bbf07e9f58ec | ITER: 26 END: OK
2019-07-06 21:56:37.331 27318 INFO rally.task.runner [-] Task 7164172a-30fc-4597-8d9d-bbf07e9f58ec | ITER: 25 END: OK
2019-07-06 21:56:38.261 27321 INFO rally.task.runner [-] Task 7164172a-30fc-4597-8d9d-bbf07e9f58ec | ITER: 27 END: OK
2019-07-06 21:56:38.358 27319 INFO rally.task.runner [-] Task 7164172a-30fc-4597-8d9d-bbf07e9f58ec | ITER: 28 END: OK
2019-07-06 21:56:38.394 27339 INFO rally.task.runner [-] Task 7164172a-30fc-4597-8d9d-bbf07e9f58ec | ITER: 36 END: OK
2019-07-06 21:56:38.448 27355 INFO rally.task.runner [-] Task 7164172a-30fc-4597-8d9d-bbf07e9f58ec | ITER: 34 END: OK
2019-07-06 21:56:38.471 27320 INFO rally.task.runner [-] Task 7164172a-30fc-4597-8d9d-bbf07e9f58ec | ITER: 29 END: OK
2019-07-06 21:56:38.520 27320 INFO rally.task.runner [-] Task 7164172a-30fc-4597-8d9d-bbf07e9f58ec | ITER: 35 END: OK
2019-07-06 21:56:38.544 27325 INFO rally.task.runner [-] Task 7164172a-30fc-4597-8d9d-bbf07e9f58ec | ITER: 31 END: OK
2019-07-06 21:56:38.573 27319 INFO rally.task.runner [-] Task 7164172a-30fc-4597-8d9d-bbf07e9f58ec | ITER: 30 END: OK
2019-07-06 21:56:38.628 27337 INFO rally.task.runner [-] Task 7164172a-30fc-4597-8d9d-bbf07e9f58ec | ITER: 32 END: OK
2019-07-06 21:56:38.649 27335 INFO rally.task.runner [-] Task 7164172a-30fc-4597-8d9d-bbf07e9f58ec | ITER: 33 END: OK
2019-07-06 21:56:38.664 27332 INFO rally.task.runner [-] Task 7164172a-30fc-4597-8d9d-bbf07e9f58ec | ITER: 40 END: OK
2019-07-06 21:56:38.681 27342 INFO rally.task.runner [-] Task 7164172a-30fc-4597-8d9d-bbf07e9f58ec | ITER: 37 END: OK
2019-07-06 21:56:38.718 27329 INFO rally.task.runner [-] Task 7164172a-30fc-4597-8d9d-bbf07e9f58ec | ITER: 39 END: OK
2019-07-06 21:56:38.736 27351 INFO rally.task.runner [-] Task 7164172a-30fc-4597-8d9d-bbf07e9f58ec | ITER: 38 END: OK
2019-07-06 21:56:38.765 22702 INFO rally.task.context [-] Task 7164172a-30fc-4597-8d9d-bbf07e9f58ec | Context admin_cleanup@openstack cleanup() started
2019-07-06 21:56:38.768 22702 RALLYDEBUG rally_openstack.cleanup.manager [-] Cleaning up neutron quota objects
2019-07-06 21:56:43.620 22702 INFO rally.task.context [-] Task 7164172a-30fc-4597-8d9d-bbf07e9f58ec | Context admin_cleanup@openstack cleanup() finished in 4.85 sec
2019-07-06 21:56:43.620 22702 INFO rally.task.context [-] Task 7164172a-30fc-4597-8d9d-bbf07e9f58ec | Context users@openstack cleanup() started
2019-07-06 21:57:14.045 22702 INFO rally.task.context [-] Task 7164172a-30fc-4597-8d9d-bbf07e9f58ec | Context users@openstack cleanup() finished in 30.42 sec
2019-07-06 21:57:14.234 22702 INFO rally.task.engine [-] Load duration is: 4.571749
2019-07-06 21:57:14.234 22702 INFO rally.task.engine [-] Full runner duration is: 4.634961
2019-07-06 21:57:14.235 22702 INFO rally.task.engine [-] Full duration is: 46.034367
2019-07-06 21:57:14.518 22702 INFO rally.task.engine [-] Running workload: position = 0 config = { "version": 2, "title": "A cropped version of a bigger task.", "description": "Auto-generated task from a single workload (uuid=bd223b4c-8070-4c12-9e25-ee3c73dc002e)", "subtasks": [ { "title": "NeutronTrunks.create_and_list_trunk_subports", "description": "", "scenario": { "NeutronTrunks.create_and_list_trunk_subports": { "subport_count": 125 } }, "contexts": { "users": { "tenants": 1, "users_per_tenant": 1 }, "quotas": { "neutron": { "network": -1, "port": 1000 } } }, "runner": { "constant": { "times": 4, "concurrency": 4 } }, "hooks": [], "sla": { "failure_rate": { "max": 0 } } } ] }
2019-07-06 21:57:14.539 22702 RALLYDEBUG rally_openstack.contexts.keystone.users [-] Creating 1 tenants using 20 threads
2019-07-06 21:57:16.163 22702 RALLYDEBUG rally_openstack.contexts.keystone.users [-] Creating 1 users using 20 threads
2019-07-06 21:57:18.650 22702 INFO rally.task.context [-] Task 7164172a-30fc-4597-8d9d-bbf07e9f58ec | Context users@openstack setup() finished in 4.11 sec
2019-07-06 21:57:19.459 22702 INFO rally.task.context [-] Task 7164172a-30fc-4597-8d9d-bbf07e9f58ec | Context quotas@openstack setup() finished in 0.81 sec
2019-07-06 21:57:19.459 22702 INFO rally.task.context [-] Task 7164172a-30fc-4597-8d9d-bbf07e9f58ec | Context cleanup@openstack setup() finished in 0.00 msec
2019-07-06 21:57:19.466 22702 RALLYDEBUG rally.task.runner [-] Starting the constant runner (task UUID: 7164172a-30fc-4597-8d9d-bbf07e9f58ec). timeout: 0 concurrency: 4 concurrency_per_worker: 1 times: 4 concurrency_overhead: 0 processes_to_start: 4 max_cpu_used: 16
2019-07-06 21:57:19.476 27508 RALLYDEBUG rally.task.runner [-] Starting a worker. concurrency: 1 args: {"subport_count": 125} times: 4 method_name: run timeout: 0 duration: None cls:
2019-07-06 21:57:19.479 27508 INFO rally.task.runner [-] Task 7164172a-30fc-4597-8d9d-bbf07e9f58ec | ITER: 1 START
2019-07-06 21:57:19.482 27509 RALLYDEBUG rally.task.runner [-] Starting a worker. concurrency: 1 args: {"subport_count": 125} times: 4 method_name: run timeout: 0 duration: None cls:
2019-07-06 21:57:19.485 27510 RALLYDEBUG rally.task.runner [-] Starting a worker. concurrency: 1 args: {"subport_count": 125} times: 4 method_name: run timeout: 0 duration: None cls:
2019-07-06 21:57:19.487 27509 INFO rally.task.runner [-] Task 7164172a-30fc-4597-8d9d-bbf07e9f58ec | ITER: 2 START
2019-07-06 21:57:19.488 27513 RALLYDEBUG rally.task.runner [-] Starting a worker. concurrency: 1 args: {"subport_count": 125} times: 4 method_name: run timeout: 0 duration: None cls:
2019-07-06 21:57:19.490 27510 INFO rally.task.runner [-] Task 7164172a-30fc-4597-8d9d-bbf07e9f58ec | ITER: 3 START
2019-07-06 21:57:19.493 27513 INFO rally.task.runner [-] Task 7164172a-30fc-4597-8d9d-bbf07e9f58ec | ITER: 4 START
2019-07-06 22:00:02.015 27510 WARNING rally.task.atomic [-] 'optional_action_timer' is deprecated since rally v0.10.0.Please use action_timer instead, we have improved atomic actions, now do not need to explicitly close original action.
2019-07-06 22:00:02.052 27510 WARNING rally.task.atomic [-] 'optional_action_timer' is deprecated since rally v0.10.0.Please use action_timer instead, we have improved atomic actions, now do not need to explicitly close original action.
2019-07-06 22:00:02.576 27513 WARNING rally.task.atomic [-] 'optional_action_timer' is deprecated since rally v0.10.0.Please use action_timer instead, we have improved atomic actions, now do not need to explicitly close original action.
2019-07-06 22:00:02.617 27513 WARNING rally.task.atomic [-] 'optional_action_timer' is deprecated since rally v0.10.0.Please use action_timer instead, we have improved atomic actions, now do not need to explicitly close original action.
2019-07-06 22:00:02.876 27510 INFO rally.task.runner [-] Task 7164172a-30fc-4597-8d9d-bbf07e9f58ec | ITER: 3 END: OK
2019-07-06 22:00:03.300 27513 INFO rally.task.runner [-] Task 7164172a-30fc-4597-8d9d-bbf07e9f58ec | ITER: 4 END: OK
2019-07-06 22:00:04.561 27509 WARNING rally.task.atomic [-] 'optional_action_timer' is deprecated since rally v0.10.0.Please use action_timer instead, we have improved atomic actions, now do not need to explicitly close original action.
2019-07-06 22:00:04.605 27509 WARNING rally.task.atomic [-] 'optional_action_timer' is deprecated since rally v0.10.0.Please use action_timer instead, we have improved atomic actions, now do not need to explicitly close original action.
2019-07-06 22:00:05.248 27509 INFO rally.task.runner [-] Task 7164172a-30fc-4597-8d9d-bbf07e9f58ec | ITER: 2 END: OK
2019-07-06 22:00:08.246 27508 WARNING rally.task.atomic [-] 'optional_action_timer' is deprecated since rally v0.10.0.Please use action_timer instead, we have improved atomic actions, now do not need to explicitly close original action.
2019-07-06 22:00:08.289 27508 WARNING rally.task.atomic [-] 'optional_action_timer' is deprecated since rally v0.10.0.Please use action_timer instead, we have improved atomic actions, now do not need to explicitly close original action.
2019-07-06 22:00:08.845 27508 INFO rally.task.runner [-] Task 7164172a-30fc-4597-8d9d-bbf07e9f58ec | ITER: 1 END: OK
2019-07-06 22:00:08.873 22702 INFO rally.task.context [-] Task 7164172a-30fc-4597-8d9d-bbf07e9f58ec | Context cleanup@openstack cleanup() started
2019-07-06 22:00:08.877 22702 RALLYDEBUG rally_openstack.cleanup.manager [-] Cleaning up neutron vip objects
2019-07-06 22:00:10.004 22702 RALLYDEBUG rally_openstack.cleanup.manager [-] Cleaning up neutron health_monitor objects
2019-07-06 22:00:10.760 22702 RALLYDEBUG rally_openstack.cleanup.manager [-] Cleaning up neutron pool objects
2019-07-06 22:00:11.519 22702 RALLYDEBUG rally_openstack.cleanup.manager [-] Cleaning up neutron loadbalancer objects
2019-07-06 22:00:12.771 22702 RALLYDEBUG rally_openstack.cleanup.manager [-] Cleaning up neutron floatingip objects
2019-07-06 22:00:13.574 22702 RALLYDEBUG rally_openstack.cleanup.manager [-] Cleaning up neutron port objects
2019-07-06 22:00:15.550 22702 RALLYDEBUG rally_openstack.cleanup.manager [-] Deleting neutron.port object s_rally_bd223b4c_3gvAhNmv (0047b40b-4d48-493f-b547-57c65116fe12)
2019-07-06 22:00:15.552 22702 RALLYDEBUG rally_openstack.cleanup.manager [-] Deleting neutron.port object s_rally_bd223b4c_cFLatc9R (027facd6-9e02-48c3-acf2-9877add993a0)
2019-07-06 22:00:15.572 22702 RALLYDEBUG rally_openstack.cleanup.manager [-] Deleting neutron.port object s_rally_bd223b4c_7vuvN7Gy (02ec27ed-94c6-4f20-8c11-64997280bdd4)
2019-07-06 22:00:15.572 22702 RALLYDEBUG rally_openstack.cleanup.manager [-] Deleting neutron.port object s_rally_bd223b4c_omNiCpSR (04641f3c-d234-4aab-a9cd-73981113f447)
2019-07-06 22:00:15.573 22702 RALLYDEBUG rally_openstack.cleanup.manager [-] Deleting neutron.port object s_rally_bd223b4c_cXR6uCGR (03ac06bc-dbdc-4663-a288-70af511b76db)
2019-07-06 22:00:15.573 22702 RALLYDEBUG rally_openstack.cleanup.manager [-] Deleting neutron.port object s_rally_bd223b4c_RNhaPaTn (01a93625-1bc6-464b-8f86-98aa55ac1727)
2019-07-06 22:00:15.573 22702 RALLYDEBUG rally_openstack.cleanup.manager [-] Deleting neutron.port object s_rally_bd223b4c_c2r7JtK2 (032398f0-42be-4735-bda9-ce73abefab94)
2019-07-06 22:00:15.581 22702 RALLYDEBUG rally_openstack.cleanup.manager [-] Deleting neutron.port object s_rally_bd223b4c_4H9eUctd (05b98a67-7865-46a9-ad48-3e7733b565c4)
2019-07-06 22:00:15.583 22702 RALLYDEBUG rally_openstack.cleanup.manager [-] Deleting neutron.port object s_rally_bd223b4c_A2DuXQm6 (02510e50-d7ef-4bc9-91ed-a2740145ba5d)
2019-07-06 22:00:15.588 22702 RALLYDEBUG rally_openstack.cleanup.manager [-] Deleting neutron.port object s_rally_bd223b4c_as2S7AGw (066c0093-7120-40ef-adcb-4aa25f06f6d7)
2019-07-06 22:00:15.588 22702 RALLYDEBUG rally_openstack.cleanup.manager [-] Deleting neutron.port object s_rally_bd223b4c_v4tHoySz (0304f6ad-3ffe-4666-8c8c-226a44a90bab)
2019-07-06 22:00:15.589 22702 RALLYDEBUG rally_openstack.cleanup.manager [-] Deleting neutron.port object s_rally_bd223b4c_D26G48Kr (02c2aeac-2509-4ab9-b209-9bc62260ddd7)
2019-07-06 22:00:15.596 22702 RALLYDEBUG rally_openstack.cleanup.manager [-] Deleting neutron.port object s_rally_bd223b4c_uyeP9cEi (065b9d74-1036-42ae-963d-6cd6ef936d1b)
2019-07-06 22:00:15.600 22702 RALLYDEBUG rally_openstack.cleanup.manager [-] Deleting neutron.port object s_rally_bd223b4c_66rXZmYR (024d0048-a839-406c-b91c-223424b02fcd)
2019-07-06 22:00:15.608 22702 RALLYDEBUG rally_openstack.cleanup.manager [-] Deleting neutron.port object s_rally_bd223b4c_WedVe9LR (067ea0a0-acc5-4bdb-a092-3cf11e6bd9a8)
2019-07-06 22:00:15.616 22702 RALLYDEBUG rally_openstack.cleanup.manager [-] Deleting neutron.port object s_rally_bd223b4c_inEnijf8 (07a41a97-3f4e-40f7-a2ab-a1d071409ab1)
2019-07-06 22:00:15.638 22702 RALLYDEBUG rally_openstack.cleanup.manager [-] Deleting neutron.port object s_rally_bd223b4c_dCvB8L7I (0805b681-157b-4798-b34e-6ab11c3eac2f)
2019-07-06 22:00:15.653 22702 RALLYDEBUG rally_openstack.cleanup.manager [-] Deleting neutron.port object s_rally_bd223b4c_ZWORkdFf (0825f5e8-a340-4f75-ae23-bd7e81d3c79b)
2019-07-06 22:00:15.662 22702 RALLYDEBUG rally_openstack.cleanup.manager [-] Deleting neutron.port object s_rally_bd223b4c_mCYl3kwq (0833214f-cb0f-4663-a8a4-33277d851fdd)
2019-07-06 22:00:15.668 22702 RALLYDEBUG rally_openstack.cleanup.manager [-] Deleting neutron.port object s_rally_bd223b4c_wyVNgKXU (08605ee4-a96b-4ca1-ac17-f7590db2d2ab)
2019-07-06 22:00:18.430 22702 RALLYDEBUG rally_openstack.cleanup.manager [-] Deleting neutron.port object s_rally_bd223b4c_e3UhCmMq (096cb52a-b5df-4694-8433-c022d237b612)
2019-07-06 22:00:18.440 22702 RALLYDEBUG rally_openstack.cleanup.manager [-] Deleting neutron.port object s_rally_bd223b4c_MkRX0lnX (09e6b543-6e53-4a5f-854d-aeee4c256612)
2019-07-06 22:00:18.446 22702 RALLYDEBUG rally_openstack.cleanup.manager [-] Deleting neutron.port object s_rally_bd223b4c_oagQpu5E (09f13c8f-1cca-4657-999a-5dd943eea8aa)
2019-07-06 22:00:18.656 22702 RALLYDEBUG rally_openstack.cleanup.manager [-] Deleting neutron.port object s_rally_bd223b4c_rooXkD3w (0acfe44c-942c-4529-a96b-f4edc1a1c333)
2019-07-06 22:00:18.679 22702 RALLYDEBUG rally_openstack.cleanup.manager [-] Deleting neutron.port object s_rally_bd223b4c_p6pEMvEp (0c45111b-4dbd-40b7-afaa-40448cfb7d6e)
2019-07-06 22:00:18.702 22702 RALLYDEBUG rally_openstack.cleanup.manager [-] Deleting neutron.port object s_rally_bd223b4c_yBS1A77H (0c61966e-2502-488b-ac6b-173f25ae7876)
2019-07-06 22:00:18.711 22702 RALLYDEBUG rally_openstack.cleanup.manager [-] Deleting neutron.port object s_rally_bd223b4c_JCMOkQY0 (0d263d2c-8e45-42b5-bb26-bc6d5b3304f3)
2019-07-06 22:00:18.722 22702 RALLYDEBUG rally_openstack.cleanup.manager [-] Deleting neutron.port object s_rally_bd223b4c_3UwKBbMY (0d94da6d-5fe1-41e8-a5b9-32dd6b3268e4)
2019-07-06 22:00:18.751 22702 RALLYDEBUG rally_openstack.cleanup.manager [-] Deleting neutron.port object s_rally_bd223b4c_saR4anlu (0dc5f133-af4d-4a5e-a565-afca28424896)
2019-07-06 22:00:18.757 22702 RALLYDEBUG rally_openstack.cleanup.manager [-] Deleting neutron.port object s_rally_bd223b4c_4XX9hWBo (0d9d3675-db47-4598-b460-fcba393904a0)
2019-07-06 22:00:18.821 22702 RALLYDEBUG rally_openstack.cleanup.manager [-] Deleting neutron.port object s_rally_bd223b4c_6qmjZoIm (0dcf91db-8317-4f83-a35d-b427f08a541c)
2019-07-06 22:00:18.837 22702 RALLYDEBUG rally_openstack.cleanup.manager [-] Deleting neutron.port object s_rally_bd223b4c_3Gj7nrC1 (0e3d556d-1c90-4229-99ca-9813c1f664cf)
2019-07-06 22:00:18.921 22702 RALLYDEBUG rally_openstack.cleanup.manager [-] Deleting neutron.port object s_rally_bd223b4c_0rA2xv38 (0e737eb5-0ca9-4d4b-acc7-f46a6dcea15a)
2019-07-06 22:00:19.040 22702 RALLYDEBUG rally_openstack.cleanup.manager [-] Deleting neutron.port object s_rally_bd223b4c_SLVfLn7Q (0f63ef43-a486-4d2d-a5e7-e9ebfef7851b)
2019-07-06 22:00:19.071 22702 RALLYDEBUG rally_openstack.cleanup.manager [-] Deleting neutron.port object s_rally_bd223b4c_8vkbJuvb (10320654-9442-4400-ae37-0b6526e7ff0b)
2019-07-06 22:00:19.237 22702 RALLYDEBUG rally_openstack.cleanup.manager [-] Deleting neutron.port object s_rally_bd223b4c_r2ET5QRU (1180ab94-d87b-4911-b314-ad6b3adcfa13)
2019-07-06 22:00:19.264 22702 RALLYDEBUG rally_openstack.cleanup.manager [-] Deleting neutron.port object s_rally_bd223b4c_wtwrW0ri (11acd656-0397-457a-82a1-88888ae8d28c)
2019-07-06 22:00:19.305 22702 RALLYDEBUG rally_openstack.cleanup.manager [-] Deleting neutron.port object s_rally_bd223b4c_LVGV8Mkd (11d058fd-82e3-4872-9b74-ac60539ed8bf)
2019-07-06 22:00:19.476 22702 RALLYDEBUG rally_openstack.cleanup.manager [-] Deleting neutron.port object s_rally_bd223b4c_4aUngbZm (1209326f-bd25-47dc-8654-8927a431ba42)
2019-07-06 22:00:19.483 22702 RALLYDEBUG rally_openstack.cleanup.manager [-] Deleting neutron.port object s_rally_bd223b4c_BfohzVl9 (121e0dd7-31aa-433c-a432-4c919a5c9f16)
2019-07-06 22:00:21.141 22702 RALLYDEBUG rally_openstack.cleanup.manager [-] Deleting neutron.port object s_rally_bd223b4c_5wBxG3c4 (12435617-e293-423c-a9b7-96ce02c5dc91)
2019-07-06 22:00:21.254 22702 RALLYDEBUG rally_openstack.cleanup.manager [-] Deleting neutron.port object s_rally_bd223b4c_2umoEAX4 (12a66588-9bdb-4bb8-bc9d-c2668042ce20)
2019-07-06 22:00:21.508 22702 RALLYDEBUG rally_openstack.cleanup.manager [-] Deleting neutron.port object s_rally_bd223b4c_Emt18AO4 (13825444-8ecf-47da-95a5-97061eba90ad)
2019-07-06 22:00:21.695 22702 RALLYDEBUG rally_openstack.cleanup.manager [-] Deleting neutron.port object s_rally_bd223b4c_W6htcL8J (1430eaca-b11d-4b0a-84bd-c0031f5287cb)
2019-07-06 22:00:21.808 22702 RALLYDEBUG rally_openstack.cleanup.manager [-] Deleting neutron.port object s_rally_bd223b4c_7QmrbTk7 (144aedf5-22dc-4e4d-aef3-44dbf60ea01b)
2019-07-06 22:00:21.817 22702 RALLYDEBUG rally_openstack.cleanup.manager [-] Deleting neutron.port object s_rally_bd223b4c_ZsOYg9QZ (1722b212-c929-4c99-ae0c-872df585ea61)
2019-07-06 22:00:21.823 22702 RALLYDEBUG rally_openstack.cleanup.manager [-] Deleting neutron.port object s_rally_bd223b4c_HxAu6kCg (1714e171-e815-42a5-88b9-84d2460daf9c)
2019-07-06 22:00:21.969 22702 RALLYDEBUG rally_openstack.cleanup.manager [-] Deleting neutron.port object s_rally_bd223b4c_MsLETNoU (189cae80-1277-466d-be4f-8b5afb3d584d)
2019-07-06 22:00:21.992 22702 RALLYDEBUG rally_openstack.cleanup.manager [-] Deleting neutron.port object s_rally_bd223b4c_yrSfo184 (19b66ef3-da75-467d-ab8d-98f7ea49ab63)
2019-07-06 22:00:22.098 22702 RALLYDEBUG rally_openstack.cleanup.manager [-] Deleting neutron.port object s_rally_bd223b4c_lCacUbwe (19b8e12f-714b-484f-a195-370f7fba0a2a)
2019-07-06 22:00:22.188 22702 RALLYDEBUG rally_openstack.cleanup.manager [-] Deleting neutron.port object s_rally_bd223b4c_5sl0zABx (19ec6711-c3a3-4edb-bda3-34093a26b993)
2019-07-06 22:00:22.195 22702 RALLYDEBUG rally_openstack.cleanup.manager [-] Deleting neutron.port object s_rally_bd223b4c_S5gSRb1E (1b55abcc-298f-4f28-9578-3ea25681e66b)
2019-07-06 22:00:22.200 22702 RALLYDEBUG rally_openstack.cleanup.manager [-] Deleting neutron.port object s_rally_bd223b4c_sYRbaTLf (1c77d7e8-2a13-44cd-b518-f243e30af14e)
2019-07-06 22:00:22.243 22702 RALLYDEBUG rally_openstack.cleanup.manager [-] Deleting neutron.port object s_rally_bd223b4c_DtbNcf7P (1e6e29f0-6ed5-47a7-8e29-b16041cf865a)
2019-07-06 22:00:22.248 22702 RALLYDEBUG rally_openstack.cleanup.manager [-] Deleting neutron.port object s_rally_bd223b4c_Fl0XFI3C (1ce352be-e834-4c9a-b593-ef24ba87f237)
2019-07-06 22:00:22.369 22702 RALLYDEBUG rally_openstack.cleanup.manager [-] Deleting neutron.port object s_rally_bd223b4c_SF0LmGRv (1f45d462-3c62-46c8-bc69-f35f19940255)
2019-07-06 22:00:22.370 22702 RALLYDEBUG rally_openstack.cleanup.manager [-] Deleting neutron.port object s_rally_bd223b4c_vO2PrR3R (1e7154f3-f398-4bc9-b028-2bb15fe0407c)
2019-07-06 22:00:22.384 22702 RALLYDEBUG rally_openstack.cleanup.manager [-] Deleting neutron.port object s_rally_bd223b4c_QtwtsrwU (20b6723f-33ac-415a-bb28-24fa56b07081)
2019-07-06 22:00:22.384 22702 RALLYDEBUG rally_openstack.cleanup.manager [-] Deleting neutron.port object s_rally_bd223b4c_FX6drlZn (2102c719-8c65-421a-aed0-e7bcf096deee)
2019-07-06 22:00:22.471 22702 RALLYDEBUG rally_openstack.cleanup.manager [-] Deleting neutron.port object s_rally_bd223b4c_5XEbHCUM (21fd4df6-f535-49a8-b913-c81668a257d2)
2019-07-06 22:00:23.872 22702 RALLYDEBUG rally_openstack.cleanup.manager [-] Deleting neutron.port object s_rally_bd223b4c_D1P0hJe8 (228e2aa8-7ef6-40e1-9cf0-cbc7ed189863)
2019-07-06 22:00:24.343 22702 RALLYDEBUG rally_openstack.cleanup.manager [-] Deleting neutron.port object s_rally_bd223b4c_SrrQ0UP5 (22f99156-8e9b-4b03-a1ee-597deecc86ef)
2019-07-06 22:00:24.616 22702 RALLYDEBUG rally_openstack.cleanup.manager [-] Deleting neutron.port object s_rally_bd223b4c_DxuBXbAj (2300c83a-2aa9-457d-b680-d452c46ac9f0)
2019-07-06 22:00:24.851 22702 RALLYDEBUG rally_openstack.cleanup.manager [-] Deleting neutron.port object s_rally_bd223b4c_qOMQMYdV (236b7a54-1977-40c9-a47b-bac87871f9bb)
2019-07-06 22:00:24.960 22702 RALLYDEBUG rally_openstack.cleanup.manager [-] Deleting neutron.port object s_rally_bd223b4c_6hjVBaSE (23cb7186-e7bc-44e5-a9f1-da52d2823ae4)
2019-07-06 22:00:26.054 22702 RALLYDEBUG rally_openstack.cleanup.manager [-] Deleting neutron.port object s_rally_bd223b4c_fY0r685S (240b53d0-9cce-471d-a169-06966c5b60f2)
2019-07-06 22:00:26.324 22702 RALLYDEBUG rally_openstack.cleanup.manager [-] Deleting neutron.port object s_rally_bd223b4c_LuvavCQ8 (2445af60-3057-42b7-8478-7c8114f44817)
2019-07-06 22:00:26.428 22702 RALLYDEBUG rally_openstack.cleanup.manager [-] Deleting neutron.port object s_rally_bd223b4c_9DG7bzUL (245e0441-b15b-4f79-b5fa-b5ac368f37a9)
2019-07-06 22:00:27.003 22702 RALLYDEBUG rally_openstack.cleanup.manager [-] Deleting neutron.port object s_rally_bd223b4c_aaTKklOu (25c093eb-1637-4a78-88c0-17ad53614e37)
2019-07-06 22:00:27.100 22702 RALLYDEBUG rally_openstack.cleanup.manager [-] Deleting neutron.port object s_rally_bd223b4c_19vLyZm5 (25e5801e-beac-4a25-94ea-129ce295cdc2)
2019-07-06 22:00:27.229 22702 RALLYDEBUG rally_openstack.cleanup.manager [-] Deleting neutron.port object s_rally_bd223b4c_z2rgVEzR (2620b763-a7d8-4e63-bf04-183cc4989670)
2019-07-06 22:00:27.257 22702 RALLYDEBUG rally_openstack.cleanup.manager [-] Deleting neutron.port object s_rally_bd223b4c_nkgPpKdF (265f76ce-3685-4611-aafe-ff8aff71b7d0)
2019-07-06 22:00:27.343 22702 RALLYDEBUG rally_openstack.cleanup.manager [-] Deleting neutron.port object s_rally_bd223b4c_EiccHbfg (28293545-980e-4e64-884d-9735d5f3f3c2)
2019-07-06 22:00:27.363 22702 RALLYDEBUG rally_openstack.cleanup.manager [-] Deleting neutron.port object s_rally_bd223b4c_yHW5cBZy (295d96dc-128f-4112-9b93-634a9d9f3eef)
2019-07-06 22:00:27.522 22702 RALLYDEBUG rally_openstack.cleanup.manager [-] Deleting neutron.port object s_rally_bd223b4c_XkT9bnWY (29c3ff5d-2f59-4579-91ab-a01b33e7b962)
2019-07-06 22:00:27.574 22702 RALLYDEBUG rally_openstack.cleanup.manager [-] Deleting neutron.port object s_rally_bd223b4c_KYE3IBzS (29cba1f0-4945-4022-aaea-c5d8a594adf5)
2019-07-06 22:00:27.661 22702 RALLYDEBUG rally_openstack.cleanup.manager [-] Deleting neutron.port object s_rally_bd223b4c_7YBjpeFD (2a7d8ef3-c7ab-42af-9a13-5d760c4a5dff)
2019-07-06 22:00:27.671 22702 RALLYDEBUG rally_openstack.cleanup.manager [-] Deleting neutron.port object s_rally_bd223b4c_iAhUfgVq (2abd9aae-d7d3-4d06-97f6-225166863834)
2019-07-06 22:00:27.693 22702 RALLYDEBUG rally_openstack.cleanup.manager [-] Deleting neutron.port object s_rally_bd223b4c_LRx6Xv9x (2d17c2fd-b698-4d96-986b-7d90985fe6ed)
2019-07-06 22:00:27.698 22702 RALLYDEBUG rally_openstack.cleanup.manager [-] Deleting neutron.port object s_rally_bd223b4c_vB6LKkFY (2c7d0258-f88a-4c67-87a7-95d5a42c2222)
2019-07-06 22:00:27.965 22702 RALLYDEBUG rally_openstack.cleanup.manager [-] Deleting neutron.port object s_rally_bd223b4c_mzjuQeln (2d229222-e5ab-44cd-8bd3-a834e6b92b87)
2019-07-06 22:00:28.165 22702 RALLYDEBUG rally_openstack.cleanup.manager [-] Deleting neutron.port object s_rally_bd223b4c_VIa3pI4u (2dd1e702-b4ec-4339-8e5e-337e2eb51b50)
2019-07-06 22:00:28.273 22702 RALLYDEBUG rally_openstack.cleanup.manager [-] Deleting neutron.port object s_rally_bd223b4c_32YFe6AI (2e428f92-ecfa-4726-b9a0-d0178c474282)
2019-07-06 22:00:28.670 22702 RALLYDEBUG rally_openstack.cleanup.manager [-] Deleting neutron.port object s_rally_bd223b4c_hTOK2VbC (2e7e73c1-49d6-4244-b852-12f5496d016e)
2019-07-06 22:00:28.673 22702 RALLYDEBUG rally_openstack.cleanup.manager [-] Deleting neutron.port object s_rally_bd223b4c_Mc0SQnTy (2f93c0e7-b059-491f-9024-91f8e448cb16)
2019-07-06 22:00:28.776 22702 RALLYDEBUG rally_openstack.cleanup.manager [-] Deleting neutron.port object s_rally_bd223b4c_GluY9pBZ (31aa1adc-f8ff-4fef-a805-04b0f978def7)
2019-07-06 22:00:28.870 22702 RALLYDEBUG rally_openstack.cleanup.manager [-] Deleting neutron.port object s_rally_bd223b4c_e3Mxs99g (31ee89f1-1dde-40b6-b609-7b6ddcf2c21c)
2019-07-06 22:00:29.316 22702 RALLYDEBUG rally_openstack.cleanup.manager [-] Deleting neutron.port object s_rally_bd223b4c_7cwwXoZw (31fdfa03-32ec-485e-90e9-b800bea93f37)
2019-07-06 22:00:29.334 22702 RALLYDEBUG rally_openstack.cleanup.manager [-] Deleting neutron.port object s_rally_bd223b4c_pwU32n9E (32745595-35d9-46e3-a514-7d71c49670d4)
2019-07-06 22:00:29.683 22702 RALLYDEBUG rally_openstack.cleanup.manager [-] Deleting neutron.port object s_rally_bd223b4c_fsLaroHg (329406ee-7b14-4fb5-85fa-48bc3d47480a)
2019-07-06 22:00:29.870 22702 RALLYDEBUG rally_openstack.cleanup.manager [-] Deleting neutron.port object s_rally_bd223b4c_b6EepEzV (33717c7b-9eb5-4f7b-9b06-ba8e550e57dd)
2019-07-06 22:00:30.116 22702 RALLYDEBUG rally_openstack.cleanup.manager [-] Deleting neutron.port object s_rally_bd223b4c_mn5mRQVn (3383f0ae-e0fb-4961-ab80-8dbad993bda9)
2019-07-06 22:00:30.235 22702 RALLYDEBUG rally_openstack.cleanup.manager [-] Deleting neutron.port object s_rally_bd223b4c_dQtxI5YR (33b6cad6-2156-4ccc-8593-41040fd114b6)
2019-07-06 22:00:30.283 22702 RALLYDEBUG rally_openstack.cleanup.manager [-] Deleting neutron.port object s_rally_bd223b4c_1Psrg4on (3422016a-c1b3-426f-9e3e-4f8321c60d26)
2019-07-06 22:00:30.304 22702 RALLYDEBUG rally_openstack.cleanup.manager [-] Deleting neutron.port object s_rally_bd223b4c_xUTDMU1j (34553083-77c0-4ea2-9b3f-3268ee39edc0)
2019-07-06 22:00:30.357 22702 RALLYDEBUG rally_openstack.cleanup.manager [-] Deleting neutron.port object s_rally_bd223b4c_bo5Hq4AQ (345e7a33-ba54-4224-b693-7d19d6d27414)
2019-07-06 22:00:30.367 22702 RALLYDEBUG rally_openstack.cleanup.manager [-] Deleting neutron.port object s_rally_bd223b4c_kMXHLdQu (346039e3-4c9f-4472-91a9-1f9c4684f15d)
2019-07-06 22:00:30.457 22702 RALLYDEBUG rally_openstack.cleanup.manager [-] Deleting neutron.port object s_rally_bd223b4c_ROJOp1WO (35519ce6-8c6a-411d-ad8e-b4e886df9186)
2019-07-06 22:00:30.564 22702 RALLYDEBUG rally_openstack.cleanup.manager [-] Deleting neutron.port object s_rally_bd223b4c_bJt4YAij (359c9cc8-8e9c-4392-af50-86ee9f67e5c7)
