2019-07-06 21:54:54.536 22702 RALLYDEBUG rally_openstack.cleanup.manager [-] Deleting neutron.port object s_rally_baf90d9c_ntSZ3FRN (54d51bef-8d24-4482-9a97-c4bf06c9a6b8)
2019-07-06 21:54:54.546 22702 RALLYDEBUG rally_openstack.cleanup.manager [-] Deleting neutron.port object s_rally_baf90d9c_qijMqBZ8 (582eb428-caa8-42a3-a580-9c76b0f33226)
2019-07-06 21:54:54.582 22702 RALLYDEBUG rally_openstack.cleanup.manager [-] Deleting neutron.port object s_rally_baf90d9c_ZVmfcnVG (58bc9ea9-1e2f-4138-8962-88829983714b)
2019-07-06 21:54:54.690 22702 RALLYDEBUG rally_openstack.cleanup.manager [-] Deleting neutron.port object s_rally_baf90d9c_JQlAn3NK (59452633-b4ec-44fb-a19b-953b68a89003)
2019-07-06 21:54:54.738 22702 RALLYDEBUG rally_openstack.cleanup.manager [-] Deleting neutron.port object s_rally_baf90d9c_tTg0Xnvn (5ac28115-c166-4814-9c28-6fc19d4796b4)
2019-07-06 21:54:54.787 22702 RALLYDEBUG rally_openstack.cleanup.manager [-] Deleting neutron.port object s_rally_baf90d9c_ia6PqaMo (5b5d6812-deb3-4477-b6dd-8f9fc08e026c)
2019-07-06 21:54:54.903 22702 RALLYDEBUG rally_openstack.cleanup.manager [-] Deleting neutron.port object s_rally_baf90d9c_7gcyIyHl (5bc37d54-24c7-4a87-b121-1de9c1638c05)
2019-07-06 21:54:54.932 22702 RALLYDEBUG rally_openstack.cleanup.manager [-] Deleting neutron.port object s_rally_baf90d9c_fCVukgQD (5d67b539-68e4-4fea-b377-2298bac9146d)
2019-07-06 21:54:54.955 22702 RALLYDEBUG rally_openstack.cleanup.manager [-] Deleting neutron.port object s_rally_baf90d9c_i7Vd8Y7V (5fdff0f9-4447-44e1-8e4b-1987c7625ec8)
2019-07-06 21:54:54.963 22702 RALLYDEBUG rally_openstack.cleanup.manager [-] Deleting neutron.port object s_rally_baf90d9c_RSwTiORy (6074bf00-3222-4bda-911c-becdb0ea41a2)
2019-07-06 21:54:55.012 22702 RALLYDEBUG rally_openstack.cleanup.manager [-] Deleting neutron.port object s_rally_baf90d9c_3uBbvWAT (60792cad-c493-4199-a582-3e262532adfa)
2019-07-06 21:54:55.323 22702 RALLYDEBUG rally_openstack.cleanup.manager [-] Deleting neutron.port object s_rally_baf90d9c_TdK58OYy (60c81173-5364-4c3f-bd7e-f2b71c7cf6fe)
2019-07-06 21:54:55.830 22702 RALLYDEBUG rally_openstack.cleanup.manager [-] Deleting neutron.port object s_rally_baf90d9c_Jy7S09ZZ (611dbac2-1099-45e7-bde0-b2c466d1ce5c)
2019-07-06 21:54:55.852 22702 RALLYDEBUG rally_openstack.cleanup.manager [-] Deleting neutron.port object s_rally_baf90d9c_rdyaSa3E (643ea7a5-010f-4a0b-a348-e12a1a8458c9)
2019-07-06 21:54:55.969 22702 RALLYDEBUG rally_openstack.cleanup.manager [-] Deleting neutron.port object s_rally_baf90d9c_X8LBWcrQ (659e95ba-a270-4574-83d1-65c1c5efdda3)
2019-07-06 21:54:56.165 22702 RALLYDEBUG rally_openstack.cleanup.manager [-] Deleting neutron.port object s_rally_baf90d9c_pXZrenbs (6b490e76-c560-4bb4-ae62-80b98a67afe5)
2019-07-06 21:54:56.339 22702 RALLYDEBUG rally_openstack.cleanup.manager [-] Deleting neutron.port object s_rally_baf90d9c_hEF0nzWB (6be80da5-314d-49e4-8284-17627e3753ed)
2019-07-06 21:54:56.579 22702 RALLYDEBUG rally_openstack.cleanup.manager [-] Deleting neutron.port object s_rally_baf90d9c_g8Tb3nNf (6c7bf31a-3781-4e95-93df-0cc96eb005bb)
2019-07-06 21:54:56.621 22702 RALLYDEBUG rally_openstack.cleanup.manager [-] Deleting neutron.port object s_rally_baf90d9c_Uq2AA5Bu (6c8dc0df-14be-4e23-bfa3-448355ea697b)
2019-07-06 21:54:56.836 22702 RALLYDEBUG rally_openstack.cleanup.manager [-] Deleting neutron.port object s_rally_baf90d9c_WPU6sFJN (6cf52249-43a4-4af0-a72f-e3f926af19d2)
2019-07-06 21:54:56.869 22702 RALLYDEBUG rally_openstack.cleanup.manager [-] Deleting neutron.port object s_rally_baf90d9c_qjSL8JVV (6e181e77-d0c5-43e4-b3fc-73742bc2d802)
2019-07-06 21:54:57.155 22702 RALLYDEBUG rally_openstack.cleanup.manager [-] Deleting neutron.port object s_rally_baf90d9c_GvSCENzA (6f8effe1-b9ac-4100-9181-a15e3ee647e3)
2019-07-06 21:54:57.204 22702 RALLYDEBUG rally_openstack.cleanup.manager [-] Deleting neutron.port object s_rally_baf90d9c_hvwnd2IZ (7212fa14-fb6e-4482-a3a2-04d3f11f2b28)
2019-07-06 21:54:57.217 22702 RALLYDEBUG rally_openstack.cleanup.manager [-] Deleting neutron.port object s_rally_baf90d9c_IfG0Yymc (73914b16-2a9d-43d0-8a81-1e1d3ba828d3)
2019-07-06 21:54:57.235 22702 RALLYDEBUG rally_openstack.cleanup.manager [-] Deleting neutron.port object s_rally_baf90d9c_USSjUNWM (74638d7a-844a-46a9-a20e-6deb720b8eb2)
2019-07-06 21:54:57.267 22702 RALLYDEBUG rally_openstack.cleanup.manager [-] Deleting neutron.port object s_rally_baf90d9c_A4URKtRc (7635094d-bfa9-4338-8d78-38fd5af10394)
2019-07-06 21:54:57.337 22702 RALLYDEBUG rally_openstack.cleanup.manager [-] Deleting neutron.port object s_rally_baf90d9c_33CxSGtB (77482cad-bd9c-48ba-863a-8ab8094f4dd7)
2019-07-06 21:54:57.539 22702 RALLYDEBUG rally_openstack.cleanup.manager [-] Deleting neutron.port object s_rally_baf90d9c_0apJgbd6 (7758f0b9-812a-4758-9858-6027d4728a3d)
2019-07-06 21:54:57.553 22702 RALLYDEBUG rally_openstack.cleanup.manager [-] Deleting neutron.port object s_rally_baf90d9c_cde538m5 (784852a1-6c71-4471-9dee-7356af86d95d)
2019-07-06 21:54:57.584 22702 RALLYDEBUG rally_openstack.cleanup.manager [-] Deleting neutron.port object s_rally_baf90d9c_c0BBa896 (79d8a7f8-e4d9-4fd3-aa9c-9fe8b2041dfb)
2019-07-06 21:54:57.810 22702 RALLYDEBUG rally_openstack.cleanup.manager [-] Deleting neutron.port object s_rally_baf90d9c_h0zdlmfS (7a3f3f09-fcf8-4037-ba79-0ac2f8a001df)
2019-07-06 21:54:57.818 22702 RALLYDEBUG rally_openstack.cleanup.manager [-] Deleting neutron.port object s_rally_baf90d9c_jAQgu1Zo (800bedd0-2fc0-4ea5-b807-804d02ce606d)
2019-07-06 21:54:57.939 22702 RALLYDEBUG rally_openstack.cleanup.manager [-] Deleting neutron.port object s_rally_baf90d9c_p8VIfmjR (80f05a27-cf24-488b-afb2-689cf9ef8615)
2019-07-06 21:54:58.029 22702 RALLYDEBUG rally_openstack.cleanup.manager [-] Deleting neutron.port object s_rally_baf90d9c_XOnCfqyw (823c2c2d-a98c-4e5c-b5c8-fff19e67fb4a)
2019-07-06 21:54:58.204 22702 RALLYDEBUG rally_openstack.cleanup.manager [-] Deleting neutron.port object s_rally_baf90d9c_VHehP6h7 (824c1808-5c9e-43ad-9d1f-41e94885e354)
2019-07-06 21:54:58.300 22702 RALLYDEBUG rally_openstack.cleanup.manager [-] Deleting neutron.port object s_rally_baf90d9c_QtglnD6M (83a42b7e-0734-4cd6-a4a1-4f991acdbfc4)
2019-07-06 21:54:58.778 22702 RALLYDEBUG rally_openstack.cleanup.manager [-] Deleting neutron.port object s_rally_baf90d9c_OWOcXteB (843690c5-fc60-4ef7-855a-5eb542f7de1e)
2019-07-06 21:54:58.790 22702 RALLYDEBUG rally_openstack.cleanup.manager [-] Deleting neutron.port object s_rally_baf90d9c_xxUDFW7V (846418d0-e7f6-4c2d-aa8a-fc91fccaa734)
2019-07-06 21:54:58.808 22702 RALLYDEBUG rally_openstack.cleanup.manager [-] Deleting neutron.port object s_rally_baf90d9c_zxA1NHan (84b56050-351f-44af-8948-886923a04b40)
2019-07-06 21:54:59.134 22702 RALLYDEBUG rally_openstack.cleanup.manager [-] Deleting neutron.port object s_rally_baf90d9c_l5DLaE5g (86d7b555-4e59-49db-bb3a-e6974df26436)
2019-07-06 21:54:59.398 22702 RALLYDEBUG rally_openstack.cleanup.manager [-] Deleting neutron.port object s_rally_baf90d9c_U9fp4Nb2 (86f6efcb-e61d-49e4-9e07-e33e4ca02deb)
2019-07-06 21:54:59.590 22702 RALLYDEBUG rally_openstack.cleanup.manager [-] Deleting neutron.port object s_rally_baf90d9c_Pi5NiN8A (8967bd71-5834-4ed0-8ca7-f955aef51d54)
2019-07-06 21:54:59.637 22702 RALLYDEBUG rally_openstack.cleanup.manager [-] Deleting neutron.port object s_rally_baf90d9c_tNNumGym (8a15858f-c8a2-44bb-9330-46b181dc5cd4)
2019-07-06 21:54:59.651 22702 RALLYDEBUG rally_openstack.cleanup.manager [-] Deleting neutron.port object s_rally_baf90d9c_bx5GzZqU (8ae82849-7af3-40d3-8d5c-97941032ef34)
2019-07-06 21:54:59.672 22702 RALLYDEBUG rally_openstack.cleanup.manager [-] Deleting neutron.port object s_rally_baf90d9c_sugnBxgK (8bc3aa20-3b83-4316-969c-25875c6ad616)
2019-07-06 21:54:59.679 22702 RALLYDEBUG rally_openstack.cleanup.manager [-] Deleting neutron.port object s_rally_baf90d9c_kNBBKcmP (8c7a6314-22c9-4191-8660-07872f993116)
2019-07-06 21:54:59.843 22702 RALLYDEBUG rally_openstack.cleanup.manager [-] Deleting neutron.port object s_rally_baf90d9c_o9syNnFr (8dacc6f5-063d-43d0-8e06-a526874b4e3d)
2019-07-06 21:54:59.884 22702 RALLYDEBUG rally_openstack.cleanup.manager [-] Deleting neutron.port object s_rally_baf90d9c_7mIo6f0p (8ed9ee66-5228-4b54-97db-728dd56d426e)
2019-07-06 21:55:00.038 22702 RALLYDEBUG rally_openstack.cleanup.manager [-] Deleting neutron.port object s_rally_baf90d9c_EmIpWWez (8f1e5655-0ef2-4b3e-926d-398ac14f415b)
2019-07-06 21:55:00.133 22702 RALLYDEBUG rally_openstack.cleanup.manager [-] Deleting neutron.port object s_rally_baf90d9c_EVJ81NbH (910b3c8f-6f7d-485f-ab9f-69ef41269da5)
2019-07-06 21:55:00.226 22702 RALLYDEBUG rally_openstack.cleanup.manager [-] Deleting neutron.port object s_rally_baf90d9c_eVf9nmrm (91b2651a-d3c0-4eba-be5f-a1262543b734)
2019-07-06 21:55:00.258 22702 RALLYDEBUG rally_openstack.cleanup.manager [-] Deleting neutron.port object s_rally_baf90d9c_SwuSchyW (921d7a41-56fe-4ed4-9959-fff12030686b)
2019-07-06 21:55:00.278 22702 RALLYDEBUG rally_openstack.cleanup.manager [-] Deleting neutron.port object s_rally_baf90d9c_9qDkIKLp (92b9049e-b4d7-4fdd-bc0b-2245d8596e6c)
2019-07-06 21:55:00.425 22702 RALLYDEBUG rally_openstack.cleanup.manager [-] Deleting neutron.port object s_rally_baf90d9c_nlG6z4vy (94518ae7-d9e5-4a05-8fc6-7624ba801c6f)
2019-07-06 21:55:00.463 22702 RALLYDEBUG rally_openstack.cleanup.manager [-] Deleting neutron.port object s_rally_baf90d9c_r3GsezJa (9498b293-f9e6-43fa-831b-ef49da82706e)
2019-07-06 21:55:00.523 22702 RALLYDEBUG rally_openstack.cleanup.manager [-] Deleting neutron.port object s_rally_baf90d9c_tZjWXbYP (9521217d-2584-4acf-a847-236836cd5da5)
2019-07-06 21:55:00.926 22702 RALLYDEBUG rally_openstack.cleanup.manager [-] Deleting neutron.port object s_rally_baf90d9c_O97uFFPN (95909cf0-1019-4a79-84ce-04cfd79bc03c)
2019-07-06 21:55:01.057 22702 RALLYDEBUG rally_openstack.cleanup.manager [-] Deleting neutron.port object s_rally_baf90d9c_O7IL25F8 (97c0cace-0629-48de-ba5b-11f1450980fd)
2019-07-06 21:55:01.296 22702 RALLYDEBUG rally_openstack.cleanup.manager [-] Deleting neutron.port object s_rally_baf90d9c_OSXXng9a (9818ef4f-1f7d-4362-bfad-ce81fae1c1c0)
2019-07-06 21:55:01.351 22702 RALLYDEBUG rally_openstack.cleanup.manager [-] Deleting neutron.port object s_rally_baf90d9c_w8iaF4bd (9a8bcf1c-b753-4d15-a2c0-f19d60364ae6)
2019-07-06 21:55:01.539 22702 RALLYDEBUG rally_openstack.cleanup.manager [-] Deleting neutron.port object s_rally_baf90d9c_or3qrveo (9c0d7666-7967-42fc-abe0-286779da7370)
2019-07-06 21:55:01.840 22702 RALLYDEBUG rally_openstack.cleanup.manager [-] Deleting neutron.port object s_rally_baf90d9c_mP3nLxIi (9ca3a4af-0812-4583-8278-44b0cfccabfa)
2019-07-06 21:55:01.905 22702 RALLYDEBUG rally_openstack.cleanup.manager [-] Deleting neutron.port object s_rally_baf90d9c_ZBzcATQc (a0081572-5053-40c6-bcd1-84a80c0315c5)
2019-07-06 21:55:01.971 22702 RALLYDEBUG rally_openstack.cleanup.manager [-] Deleting neutron.port object s_rally_baf90d9c_WeAKi32k (a260076e-c650-47cf-bf7a-a6ab48cd8b41)
2019-07-06 21:55:02.113 22702 RALLYDEBUG rally_openstack.cleanup.manager [-] Deleting neutron.port object s_rally_baf90d9c_8Acl5VGx (a502a49b-7b65-47a4-b674-13f27fc8b473)
2019-07-06 21:55:02.153 22702 RALLYDEBUG rally_openstack.cleanup.manager [-] Deleting neutron.port object s_rally_baf90d9c_DP0ygrhI (a72b6474-aef8-405a-9d5f-85fb78fef61c)
2019-07-06 21:55:02.328 22702 RALLYDEBUG rally_openstack.cleanup.manager [-] Deleting neutron.port object s_rally_baf90d9c_2kv5RjqA (a973def0-986d-4fde-b0bf-4c5c136dd8cb)
2019-07-06 21:55:02.415 22702 RALLYDEBUG rally_openstack.cleanup.manager [-] Deleting neutron.port object s_rally_baf90d9c_s3YFqFxz (abea9f03-2932-4ee9-9f4c-35446e0bc5d3)
2019-07-06 21:55:02.520 22702 RALLYDEBUG rally_openstack.cleanup.manager [-] Deleting neutron.port object s_rally_baf90d9c_Y4RvbeRU (ac0f9315-a152-4b2e-9d9f-ffc7089c0037)
2019-07-06 21:55:02.576 22702 RALLYDEBUG rally_openstack.cleanup.manager [-] Deleting neutron.port object s_rally_baf90d9c_I11pVgCw (ad182a37-04d4-4f74-b576-3e12296a6c6d)
2019-07-06 21:55:02.619 22702 RALLYDEBUG rally_openstack.cleanup.manager [-] Deleting neutron.port object s_rally_baf90d9c_eOoKDO6H (ad98f853-15b8-44dd-b0cb-0dff27959591)
2019-07-06 21:55:02.633 22702 RALLYDEBUG rally_openstack.cleanup.manager [-] Deleting neutron.port object s_rally_baf90d9c_ifiYute6 (b313be24-3430-4888-828c-440c505aecc2)
2019-07-06 21:55:02.670 22702 RALLYDEBUG rally_openstack.cleanup.manager [-] Deleting neutron.port object s_rally_baf90d9c_B49lEkmT (b33784ee-79f3-43cd-9713-b1c51a6686e5)
2019-07-06 21:55:02.890 22702 RALLYDEBUG rally_openstack.cleanup.manager [-] Deleting neutron.port object s_rally_baf90d9c_htw3y5Qm (b357cf87-3c8f-4652-a435-da0cb582c7a7)
2019-07-06 21:55:03.027 22702 RALLYDEBUG rally_openstack.cleanup.manager [-] Deleting neutron.port object s_rally_baf90d9c_YIZQjljl (b585afc0-68a7-4153-97ca-9744102586f3)
2019-07-06 21:55:03.040 22702 RALLYDEBUG rally_openstack.cleanup.manager [-] Deleting neutron.port object s_rally_baf90d9c_DsNWMLg6 (b7bc3bd2-81b6-4def-897a-cacb1e0c86f9)
2019-07-06 21:55:03.181 22702 RALLYDEBUG rally_openstack.cleanup.manager [-] Deleting neutron.port object s_rally_baf90d9c_OKr2tdV7 (b8810d0d-91c4-4046-87fa-a0f2ef23793e)
2019-07-06 21:55:03.469 22702 RALLYDEBUG rally_openstack.cleanup.manager [-] Deleting neutron.port object s_rally_baf90d9c_8C9fYpRr (b8f4cc12-1392-4f41-91d2-a4fa2f611886)
2019-07-06 21:55:03.472 22702 RALLYDEBUG rally_openstack.cleanup.manager [-] Deleting neutron.port object s_rally_baf90d9c_6UZ2ft6v (b9612186-f226-4fe9-9819-f9809e51a622)
2019-07-06 21:55:03.559 22702 RALLYDEBUG rally_openstack.cleanup.manager [-] Deleting neutron.port object s_rally_baf90d9c_98LEJfGu (bc1b680a-0e46-4c6b-8135-24f04bd3fdfe)
2019-07-06 21:55:03.981 22702 RALLYDEBUG rally_openstack.cleanup.manager [-] Deleting neutron.port object s_rally_baf90d9c_VyUy8Z6S (bd1f4d92-4533-49fc-a45a-964ab52e97c6)
2019-07-06 21:55:04.156 22702 RALLYDEBUG rally_openstack.cleanup.manager [-] Deleting neutron.port object s_rally_baf90d9c_O0Gn4y0J (beea3000-6891-44c9-a4f0-01c21ad3b3b9)
2019-07-06 21:55:04.269 22702 RALLYDEBUG rally_openstack.cleanup.manager [-] Deleting neutron.port object s_rally_baf90d9c_zna7XhOT (c0be3f20-82d5-4f5c-a042-09a8fad8ab65)
2019-07-06 21:55:04.276 22702 RALLYDEBUG rally_openstack.cleanup.manager [-] Deleting neutron.port object s_rally_baf90d9c_p4bcHXmc (c33548a1-122a-4896-97de-122b749993e3)
2019-07-06 21:55:04.552 22702 RALLYDEBUG rally_openstack.cleanup.manager [-] Deleting neutron.port object s_rally_baf90d9c_YI4QqFoj (c39fd281-2255-4187-a117-6508fc6417d0)
2019-07-06 21:55:04.601 22702 RALLYDEBUG rally_openstack.cleanup.manager [-] Deleting neutron.port object s_rally_baf90d9c_Lxaux321 (c437d5e2-f1e3-4dc7-acb4-37f35eaee70e)
2019-07-06 21:55:04.795 22702 RALLYDEBUG rally_openstack.cleanup.manager [-] Deleting neutron.port object s_rally_baf90d9c_ylOJ3B7F (c44bd89b-258b-436c-a544-5dff0345b715)
2019-07-06 21:55:04.856 22702 RALLYDEBUG rally_openstack.cleanup.manager [-] Deleting neutron.port object s_rally_baf90d9c_jhjl3W7x (c4cd52f0-d9c8-43dc-bd21-172cf3916f79)
2019-07-06 21:55:04.880 22702 RALLYDEBUG rally_openstack.cleanup.manager [-] Deleting neutron.port object s_rally_baf90d9c_fXojIlsr (c5da11c6-69c6-4000-8451-612890a3f500)
2019-07-06 21:55:04.976 22702 RALLYDEBUG rally_openstack.cleanup.manager [-] Deleting neutron.port object s_rally_baf90d9c_lOJsYwbK (c6d4d705-275c-4ee1-838a-7416ebdffb26)
2019-07-06 21:55:05.145 22702 RALLYDEBUG rally_openstack.cleanup.manager [-] Deleting neutron.port object s_rally_baf90d9c_JMaH2Lu5 (c79ec56a-3540-4d6f-bc0f-9a551b71ed95)
2019-07-06 21:55:05.170 22702 RALLYDEBUG rally_openstack.cleanup.manager [-] Deleting neutron.port object s_rally_baf90d9c_P23LXeAD (c93b2e28-cc40-4b2c-a100-ba9bf434685d)
2019-07-06 21:55:05.201 22702 RALLYDEBUG rally_openstack.cleanup.manager [-] Deleting neutron.port object s_rally_baf90d9c_zcIvsWE2 (cb16374a-51f7-4ede-a1a9-272a3a8d725e)
2019-07-06 21:55:05.212 22702 RALLYDEBUG rally_openstack.cleanup.manager [-] Deleting neutron.port object s_rally_baf90d9c_SHrYohJR (cd27ad52-f344-4f23-a025-820ae5fc86d1)
2019-07-06 21:55:05.306 22702 RALLYDEBUG rally_openstack.cleanup.manager [-] Deleting neutron.port object s_rally_baf90d9c_zKsh743o (cd519fdb-1f1c-4453-8ec3-7e75631df5c3)
2019-07-06 21:55:05.419 22702 RALLYDEBUG rally_openstack.cleanup.manager [-] Deleting neutron.port object s_rally_baf90d9c_YS8WVNQk (d07a2ec7-7a93-4edf-b6c8-e27133c04729)
2019-07-06 21:55:05.482 22702 RALLYDEBUG rally_openstack.cleanup.manager [-] Deleting neutron.port object s_rally_baf90d9c_Bhme8qqT (d0c05a2a-b9db-4c51-9d2c-51ffabb6268d)
2019-07-06 21:55:05.695 22702 RALLYDEBUG rally_openstack.cleanup.manager [-] Deleting neutron.port object s_rally_baf90d9c_OKtp8q53 (d13cfaea-b90f-47cf-a636-92bec097cbd1)
2019-07-06 21:55:05.833 22702 RALLYDEBUG rally_openstack.cleanup.manager [-] Deleting neutron.port object s_rally_baf90d9c_ToGcLRQQ (d39966d6-f218-408c-bbbf-8031faca4b81)
2019-07-06 21:55:05.966 22702 RALLYDEBUG rally_openstack.cleanup.manager [-] Deleting neutron.port object s_rally_baf90d9c_FapSQ1CL (d40d37a6-e982-411a-9e41-9de0d8a7a65c)
2019-07-06 21:55:06.097 22702 RALLYDEBUG rally_openstack.cleanup.manager [-] Deleting neutron.port object s_rally_baf90d9c_VYSol7Kr (d7d1ab9b-736a-4165-bda3-aa75e6cefba2)
2019-07-06 21:55:06.528 22702 RALLYDEBUG rally_openstack.cleanup.manager [-] Deleting neutron.port object s_rally_baf90d9c_2JRRXbHO (da6e8271-491a-4e8c-8e09-f3259b6ad366)
2019-07-06 21:55:06.637 22702 RALLYDEBUG rally_openstack.cleanup.manager [-] Deleting neutron.port object s_rally_baf90d9c_mOZ6ElQV (db3d3130-a239-408d-ac42-02ad9566db3f)
2019-07-06 21:55:06.785 22702 RALLYDEBUG rally_openstack.cleanup.manager [-] Deleting neutron.port object s_rally_baf90d9c_lFsfvzBZ (e2c3af7d-146c-49df-9914-559983289780)
2019-07-06 21:55:06.818 22702 RALLYDEBUG rally_openstack.cleanup.manager [-] Deleting neutron.port object s_rally_baf90d9c_r4lkb1qg (e46b4243-0670-47c3-a120-0c3fb9adb027)
2019-07-06 21:55:07.123 22702 RALLYDEBUG rally_openstack.cleanup.manager [-] Deleting neutron.port object s_rally_baf90d9c_tfjJ0MGn (e577e67e-59f9-424e-8c4c-7aac9dc5d611)
2019-07-06 21:55:07.345 22702 RALLYDEBUG rally_openstack.cleanup.manager [-] Deleting neutron.port object s_rally_baf90d9c_PeGH2xe9 (e730364f-5a63-48fb-aab8-77b5e932fe76)
2019-07-06 21:55:07.409 22702 RALLYDEBUG rally_openstack.cleanup.manager [-] Deleting neutron.port object s_rally_baf90d9c_giEB9vY0 (e80f80e2-b369-4355-b951-a32041739f62)
2019-07-06 21:55:07.543 22702 RALLYDEBUG rally_openstack.cleanup.manager [-] Deleting neutron.port object s_rally_baf90d9c_ZOsmVMKw (e8aebc32-40fc-4e8b-81b5-22ca008194c5)
2019-07-06 21:55:07.560 22702 RALLYDEBUG rally_openstack.cleanup.manager [-] Deleting neutron.port object s_rally_baf90d9c_jTCWp00W (e92b93b1-8354-456c-bc1f-194fa8b7d1d9)
2019-07-06 21:55:07.576 22702 RALLYDEBUG rally_openstack.cleanup.manager [-] Deleting neutron.port object s_rally_baf90d9c_SomVUs8D (ea2e67f3-a60c-4746-9e71-a8245b697c60)
2019-07-06 21:55:07.605 22702 RALLYDEBUG rally_openstack.cleanup.manager [-] Deleting neutron.port object s_rally_baf90d9c_jTYGkGlE (eaf7a5e1-9680-486b-9f38-d8492a5945e9)
2019-07-06 21:55:07.705 22702 RALLYDEBUG rally_openstack.cleanup.manager [-] Deleting neutron.port object s_rally_baf90d9c_Y0WpppMW (ec3321b3-52ff-4bd5-b9d1-061f13719bf7)
2019-07-06 21:55:07.781 22702 RALLYDEBUG rally_openstack.cleanup.manager [-] Deleting neutron.port object s_rally_baf90d9c_Q1HE4abH (ec4aa00c-7422-43bb-8ea5-ed0bce25dc0c)
2019-07-06 21:55:07.932 22702 RALLYDEBUG rally_openstack.cleanup.manager [-] Deleting neutron.port object s_rally_baf90d9c_xsobfrPJ (ec5957ad-e916-425a-a075-85c13c69155d)
2019-07-06 21:55:08.047 22702 RALLYDEBUG rally_openstack.cleanup.manager [-] Deleting neutron.port object s_rally_baf90d9c_K5WqMFjC (efe72746-0635-4997-a160-edf63c6ff246)
2019-07-06 21:55:08.108 22702 RALLYDEBUG rally_openstack.cleanup.manager [-] Deleting neutron.port object s_rally_baf90d9c_tDIqXYRy (f0e2192d-7b8d-4bba-bf96-a0521f3b403d)
2019-07-06 21:55:08.179 22702 RALLYDEBUG rally_openstack.cleanup.manager [-] Deleting neutron.port object s_rally_baf90d9c_gGVjCcE3 (f2009900-93e9-4d46-b569-463e9ec8da96)
2019-07-06 21:55:08.342 22702 RALLYDEBUG rally_openstack.cleanup.manager [-] Deleting neutron.port object s_rally_baf90d9c_zM7NemiX (f279dfb6-8b68-498e-af92-74bb69285337)
2019-07-06 21:55:08.370 22702 RALLYDEBUG rally_openstack.cleanup.manager [-] Deleting neutron.port object s_rally_baf90d9c_FMAbWrES (f2efa5af-1ec0-447e-8050-d1cd6c054284)
2019-07-06 21:55:08.383 22702 RALLYDEBUG rally_openstack.cleanup.manager [-] Deleting neutron.port object s_rally_baf90d9c_HFDPqVPu (f41c75bc-b5fb-432b-8791-9834fe503dde)
2019-07-06 21:55:08.702 22702 RALLYDEBUG rally_openstack.cleanup.manager [-] Deleting neutron.port object s_rally_baf90d9c_17EZE6k4 (f47e296a-83f2-4d85-851c-4f9b77a5b862)
2019-07-06 21:55:08.816 22702 RALLYDEBUG rally_openstack.cleanup.manager [-] Deleting neutron.port object s_rally_baf90d9c_NUNejlF5 (f4fb3989-9378-4ead-9f0d-5192cac0fa24)
2019-07-06 21:55:08.930 22702 RALLYDEBUG rally_openstack.cleanup.manager [-] Deleting neutron.port object s_rally_baf90d9c_aujTOSle (f5d370e4-66e8-43f8-93a9-9e0b271277d5)
2019-07-06 21:55:09.246 22702 RALLYDEBUG rally_openstack.cleanup.manager [-] Deleting neutron.port object s_rally_baf90d9c_srlWWbgR (f5f2ff5c-4c21-455f-b8b7-2c7ddb938dff)
2019-07-06 21:55:09.254 22702 RALLYDEBUG rally_openstack.cleanup.manager [-] Deleting neutron.port object s_rally_baf90d9c_yE6kt3pc (f6f91511-abb3-4d17-aa3f-68caa9b4445a)
2019-07-06 21:55:09.762 22702 RALLYDEBUG rally_openstack.cleanup.manager [-] Deleting neutron.port object s_rally_baf90d9c_10ivX1SL (f84ef5de-8777-46e6-9fd1-e6f02f6fe196)
2019-07-06 21:55:09.823 22702 RALLYDEBUG rally_openstack.cleanup.manager [-] Deleting neutron.port object s_rally_baf90d9c_YMZfHbWN (f9c2740c-ebfb-415e-92ee-7459c424c643)
2019-07-06 21:55:09.966 22702 RALLYDEBUG rally_openstack.cleanup.manager [-] Deleting neutron.port object s_rally_baf90d9c_9jCAtMEa (fbe6fda8-317c-46d6-8ee9-826739b2d1f8)
2019-07-06 21:55:10.000 22702 RALLYDEBUG rally_openstack.cleanup.manager [-] Deleting neutron.port object s_rally_baf90d9c_9ZM774Uc (fd5a2ba0-377b-4ed7-9173-179ed0b15080)
2019-07-06 21:55:10.144 22702 RALLYDEBUG rally_openstack.cleanup.manager [-] Deleting neutron.port object s_rally_baf90d9c_ZSM44WEe (fff0bb45-f92a-4b92-8507-632ea098a4f2)
2019-07-06 21:55:12.455 22702 RALLYDEBUG rally_openstack.cleanup.manager [-] Cleaning up neutron subnet objects
2019-07-06 21:55:13.137 22702 RALLYDEBUG rally_openstack.cleanup.manager [-] Cleaning up neutron network objects
2019-07-06 21:55:13.933 22702 RALLYDEBUG rally_openstack.cleanup.manager [-] Deleting neutron.network object s_rally_baf90d9c_Cn2Qpus1 (189637b3-5b92-447b-8dd2-5798bedd824e)
2019-07-06 21:55:13.936 22702 RALLYDEBUG rally_openstack.cleanup.manager [-] Deleting neutron.network object s_rally_baf90d9c_RwyXC6rh (1cbf569e-4fa7-44e6-98ef-c37d1248678e)
2019-07-06 21:55:13.941 22702 RALLYDEBUG rally_openstack.cleanup.manager [-] Deleting neutron.network object s_rally_baf90d9c_rAFi1cfU (1d1c0520-fd99-4a39-b2b8-f00fb1f3df27)
2019-07-06 21:55:13.945 22702 RALLYDEBUG rally_openstack.cleanup.manager [-] Deleting neutron.network object s_rally_baf90d9c_ZsDug1Mq (22fb05e3-b97e-4f41-8fda-f9f217702ee0)
2019-07-06 21:55:13.949 22702 RALLYDEBUG rally_openstack.cleanup.manager [-] Deleting neutron.network object s_rally_baf90d9c_Fmafz2en (28f40991-48bd-436b-831a-3b2a5034da5e)
2019-07-06 21:55:13.955 22702 RALLYDEBUG rally_openstack.cleanup.manager [-] Deleting neutron.network object s_rally_baf90d9c_ieXBlnlN (2d0e6ec3-6ab3-4b7e-918c-9440aca427c5)
2019-07-06 21:55:13.962 22702 RALLYDEBUG rally_openstack.cleanup.manager [-] Deleting neutron.network object s_rally_baf90d9c_u2Qm5Tmf (37a18d41-2e97-4fc4-b89f-10da5a1ce472)
2019-07-06 21:55:13.972 22702 RALLYDEBUG rally_openstack.cleanup.manager [-] Deleting neutron.network object s_rally_baf90d9c_f8NMyqmY (39060c99-98ef-4a4c-a3db-8631f187fa69)
2019-07-06 21:55:13.980 22702 RALLYDEBUG rally_openstack.cleanup.manager [-] Deleting neutron.network object s_rally_baf90d9c_cpnhKlWt (4ef6cf13-0252-47fb-9c42-47eddbd34a11)
2019-07-06 21:55:13.996 22702 RALLYDEBUG rally_openstack.cleanup.manager [-] Deleting neutron.network object s_rally_baf90d9c_SK1l1KJ1 (5464370c-60c9-428d-8f75-329a74103cc0)
2019-07-06 21:55:14.011 22702 RALLYDEBUG rally_openstack.cleanup.manager [-] Deleting neutron.network object s_rally_baf90d9c_9BUBmQ3c (5fc27fa3-4a9f-49e4-aa95-46fbf489a033)
2019-07-06 21:55:14.014 22702 RALLYDEBUG rally_openstack.cleanup.manager [-] Deleting neutron.network object s_rally_baf90d9c_oV2Mbw8P (55ec679f-6e0e-4799-a3bc-c7f3cdf478b8)
2019-07-06 21:55:14.031 22702 RALLYDEBUG rally_openstack.cleanup.manager [-] Deleting neutron.network object s_rally_baf90d9c_Ys6tLorU (636d18ad-94bc-4382-8852-ebeaced68af8)
2019-07-06 21:55:14.034 22702 RALLYDEBUG rally_openstack.cleanup.manager [-] Deleting neutron.network object s_rally_baf90d9c_MUUxMyJt (62aac1c9-6a69-4350-9993-2f7062986256)
2019-07-06 21:55:14.057 22702 RALLYDEBUG rally_openstack.cleanup.manager [-] Deleting neutron.network object s_rally_baf90d9c_mRGZU2Pa (68bfe778-c0e1-4bc4-8e23-e176500692c8)
2019-07-06 21:55:14.067 22702 RALLYDEBUG rally_openstack.cleanup.manager [-] Deleting neutron.network object s_rally_baf90d9c_fGYhn6Yh (6ffb2282-98ab-4bab-9238-baa06cca08f1)
2019-07-06 21:55:14.076 22702 RALLYDEBUG rally_openstack.cleanup.manager [-] Deleting neutron.network object s_rally_baf90d9c_JJdKjea8 (7045e087-3f2a-41a5-86b8-9d66371cc57c)
2019-07-06 21:55:14.091 22702 RALLYDEBUG rally_openstack.cleanup.manager [-] Deleting neutron.network object s_rally_baf90d9c_SlYuzSpl (708c29d1-0b53-4ce3-9a0e-c8af4ee86879)
2019-07-06 21:55:14.094 22702 RALLYDEBUG rally_openstack.cleanup.manager [-] Deleting neutron.network object s_rally_baf90d9c_y8bNi3EB (7a88c668-00c4-41a7-9777-ab1e495fda88)
2019-07-06 21:55:14.102 22702 RALLYDEBUG rally_openstack.cleanup.manager [-] Deleting neutron.network object s_rally_baf90d9c_endVG2VI (7ab2e086-4012-426a-ad91-61f6d675320a)
2019-07-06 21:55:16.639 22702 RALLYDEBUG rally_openstack.cleanup.manager [-] Deleting neutron.network object s_rally_baf90d9c_pOeyQgtV (7fa3f9cb-7231-4e5c-991c-d4a31d8ac1a8)
2019-07-06 21:55:16.733 22702 RALLYDEBUG rally_openstack.cleanup.manager [-] Deleting neutron.network object s_rally_baf90d9c_QfjBaxzz (81180ffb-2a58-4e88-ae9b-c34fe3210dd3)
2019-07-06 21:55:16.744 22702 RALLYDEBUG rally_openstack.cleanup.manager [-] Deleting neutron.network object s_rally_baf90d9c_F5XyO7Pj (85ababd9-d19f-4ede-8d77-079ca1943907)
2019-07-06 21:55:16.831 22702 RALLYDEBUG rally_openstack.cleanup.manager [-] Deleting neutron.network object s_rally_baf90d9c_m1LExMXt (92688f9d-a138-43d6-9c0e-360db751e1a5)
2019-07-06 21:55:16.911 22702 RALLYDEBUG rally_openstack.cleanup.manager [-] Deleting neutron.network object s_rally_baf90d9c_xBahQpyx (9581560e-722f-4416-a7d5-4e97dbcc2034)
2019-07-06 21:55:16.943 22702 RALLYDEBUG rally_openstack.cleanup.manager [-] Deleting neutron.network object s_rally_baf90d9c_PiC0uN8E (ac6aa56d-fb2a-429d-a2b4-8fe21edb862b)
2019-07-06 21:55:16.955 22702 RALLYDEBUG rally_openstack.cleanup.manager [-] Deleting neutron.network object s_rally_baf90d9c_o0Sk7OXR (b56ab96b-77b9-487f-ae88-ba0d54358c44)
2019-07-06 21:55:16.979 22702 RALLYDEBUG rally_openstack.cleanup.manager [-] Deleting neutron.network object s_rally_baf90d9c_oZxeJmC9 (b9fb2a0c-03a1-4f14-a23b-b6e0e77883e3)
2019-07-06 21:55:17.134 22702 RALLYDEBUG rally_openstack.cleanup.manager [-] Deleting neutron.network object s_rally_baf90d9c_8MreHQ4X (cd489ee1-95d4-4f7e-bdd0-20b8499010ad)
2019-07-06 21:55:17.137 22702 RALLYDEBUG rally_openstack.cleanup.manager [-] Deleting neutron.network object s_rally_baf90d9c_qwIUBtfA (c86786be-55c6-4df9-8bdf-1bc565c70727)
2019-07-06 21:55:17.229 22702 RALLYDEBUG rally_openstack.cleanup.manager [-] Deleting neutron.network object s_rally_baf90d9c_MY7wXPDs (e4abe8e9-d489-45cd-9abf-05d657eb9576)
2019-07-06 21:55:17.230 22702 RALLYDEBUG rally_openstack.cleanup.manager [-] Deleting neutron.network object s_rally_baf90d9c_jdSd0J2L (cf27a624-1356-43a8-a441-898a54de02be)
2019-07-06 21:55:17.233 22702 RALLYDEBUG rally_openstack.cleanup.manager [-] Deleting neutron.network object s_rally_baf90d9c_SnFFE7B2 (e7fdd42a-30ac-439f-a36e-55df61cbe251)
2019-07-06 21:55:17.326 22702 RALLYDEBUG rally_openstack.cleanup.manager [-] Deleting neutron.network object s_rally_baf90d9c_UQDI499X (ebb306e1-4258-4b43-a9d3-2cfdc7edb27a)
2019-07-06 21:55:17.533 22702 RALLYDEBUG rally_openstack.cleanup.manager [-] Deleting neutron.network object s_rally_baf90d9c_FqBPA3IL (ee1c1a86-c03c-4c1f-9fc8-dfd335245044)
2019-07-06 21:55:17.640 22702 RALLYDEBUG rally_openstack.cleanup.manager [-] Deleting neutron.network object s_rally_baf90d9c_sHyHuufG (f1dc8cfb-3e2e-4d32-ba08-ec0ed0036b85)
2019-07-06 21:55:17.743 22702 RALLYDEBUG rally_openstack.cleanup.manager [-] Deleting neutron.network object s_rally_baf90d9c_Wj6yHOXX (f28c4cf5-6a0a-4176-a262-42f05e0efce5)
2019-07-06 21:55:18.165 22702 RALLYDEBUG rally_openstack.cleanup.manager [-] Deleting neutron.network object s_rally_baf90d9c_XZTtfMUk (f64039a8-dfda-406d-a5d9-609ffa941282)
2019-07-06 21:55:18.184 22702 RALLYDEBUG rally_openstack.cleanup.manager [-] Deleting neutron.network object s_rally_baf90d9c_TTCKZnWV (f9d86d05-9ffe-4e94-8ab1-18b500407fee)
2019-07-06 21:55:18.211 22702 RALLYDEBUG rally_openstack.cleanup.manager [-] Deleting neutron.network object s_rally_baf90d9c_VX1gCmkZ (fa7ac01e-851c-4209-8fe4-b64f9de19c41)
2019-07-06 21:55:21.136 22702 RALLYDEBUG rally_openstack.cleanup.manager [-] Cleaning up neutron router objects
2019-07-06 21:55:22.140 22702 RALLYDEBUG rally_openstack.cleanup.manager [-] Cleaning up neutron security_group objects
2019-07-06 21:55:22.932 22702 INFO rally.task.context [-] Task 7164172a-30fc-4597-8d9d-bbf07e9f58ec | Context cleanup@openstack cleanup() finished in 41.59 sec
2019-07-06 21:55:22.933 22702 INFO rally.task.context [-] Task 7164172a-30fc-4597-8d9d-bbf07e9f58ec | Context quotas@openstack cleanup() started
2019-07-06 21:55:23.256 22702 INFO rally.task.context [-] Task 7164172a-30fc-4597-8d9d-bbf07e9f58ec | Context quotas@openstack cleanup() finished in 0.32 sec
2019-07-06 21:55:23.256 22702 INFO rally.task.context [-] Task 7164172a-30fc-4597-8d9d-bbf07e9f58ec | Context users@openstack cleanup() started
2019-07-06 21:55:29.116 22702 INFO rally.task.context [-] Task 7164172a-30fc-4597-8d9d-bbf07e9f58ec | Context users@openstack cleanup() finished in 5.86 sec
2019-07-06 21:55:29.191 22702 INFO rally.task.engine [-] Load duration is: 31.03767
2019-07-06 21:55:29.191 22702 INFO rally.task.engine [-] Full runner duration is: 31.089264
2019-07-06 21:55:29.192 22702 INFO rally.task.engine [-] Full duration is: 84.360452
2019-07-06 21:55:29.419 22702 INFO rally.task.engine [-] Running workload: position = 2 config = { "version": 2, "title": "A cropped version of a bigger task.", "description": "Auto-generated task from a single workload (uuid=9e2400f4-0ce8-4af8-9fc5-050be65ee7fd)", "subtasks": [ { "title": "NeutronNetworks.create_and_delete_ports", "description": "Create and delete a port.", "scenario": { "NeutronNetworks.create_and_delete_ports": { "network_create_args": {}, "port_create_args": {}, "ports_per_network": 5 } }, "contexts": { "users": { "tenants": 1, "users_per_tenant": 1 }, "quotas": { "neutron": { "network": -1, "port": -1 } } }, "runner": { "constant": { "times": 40, "concurrency": 20 } }, "hooks": [], "sla": { "failure_rate": { "max": 0 } } } ] }
2019-07-06 21:55:29.443 22702 RALLYDEBUG rally_openstack.contexts.keystone.users [-] Creating 1 tenants using 20 threads
2019-07-06 21:55:31.320 22702 RALLYDEBUG rally_openstack.contexts.keystone.users [-] Creating 1 users using 20 threads
2019-07-06 21:55:34.086 22702 INFO rally.task.context [-] Task 7164172a-30fc-4597-8d9d-bbf07e9f58ec | Context users@openstack setup() finished in 4.64 sec
2019-07-06 21:55:34.890 22702 INFO rally.task.context [-] Task 7164172a-30fc-4597-8d9d-bbf07e9f58ec | Context quotas@openstack setup() finished in 0.80 sec
2019-07-06 21:55:34.890 22702 INFO rally.task.context [-] Task 7164172a-30fc-4597-8d9d-bbf07e9f58ec | Context cleanup@openstack setup() finished in 0.01 msec
2019-07-06 21:55:34.898 22702 RALLYDEBUG rally.task.runner [-] Starting the constant runner (task UUID: 7164172a-30fc-4597-8d9d-bbf07e9f58ec). timeout: 0 concurrency: 20 concurrency_per_worker: 1 times: 40 concurrency_overhead: 4 processes_to_start: 16 max_cpu_used: 16
2019-07-06 21:55:34.911 26948 RALLYDEBUG rally.task.runner [-] Starting a worker. concurrency: 2 args: {"network_create_args": {}, "port_create_args": {}, "ports_per_network": 5} times: 40 method_name: run timeout: 0 duration: None cls:
2019-07-06 21:55:34.914 26949 RALLYDEBUG rally.task.runner [-] Starting a worker. concurrency: 2 args: {"network_create_args": {}, "port_create_args": {}, "ports_per_network": 5} times: 40 method_name: run timeout: 0 duration: None cls:
2019-07-06 21:55:34.917 26950 RALLYDEBUG rally.task.runner [-] Starting a worker. concurrency: 2 args: {"network_create_args": {}, "port_create_args": {}, "ports_per_network": 5} times: 40 method_name: run timeout: 0 duration: None cls:
2019-07-06 21:55:34.919 26948 INFO rally.task.runner [-] Task 7164172a-30fc-4597-8d9d-bbf07e9f58ec | ITER: 1 START
2019-07-06 21:55:34.921 26948 WARNING rally_openstack.scenarios.neutron.utils [-] Running this scenario without either the 'network' or 'existing_network' context is deprecated
2019-07-06 21:55:34.922 26951 RALLYDEBUG rally.task.runner [-] Starting a worker. concurrency: 2 args: {"network_create_args": {}, "port_create_args": {}, "ports_per_network": 5} times: 40 method_name: run timeout: 0 duration: None cls:
2019-07-06 21:55:34.922 26949 INFO rally.task.runner [-] Task 7164172a-30fc-4597-8d9d-bbf07e9f58ec | ITER: 2 START
2019-07-06 21:55:34.924 26950 INFO rally.task.runner [-] Task 7164172a-30fc-4597-8d9d-bbf07e9f58ec | ITER: 5 START
2019-07-06 21:55:34.924 26949 WARNING rally_openstack.scenarios.neutron.utils [-] Running this scenario without either the 'network' or 'existing_network' context is deprecated
2019-07-06 21:55:34.926 26950 WARNING rally_openstack.scenarios.neutron.utils [-] Running this scenario without either the 'network' or 'existing_network' context is deprecated
2019-07-06 21:55:34.925 26948 INFO rally.task.runner [-] Task 7164172a-30fc-4597-8d9d-bbf07e9f58ec | ITER: 3 START
2019-07-06 21:55:34.926 26956 RALLYDEBUG rally.task.runner [-] Starting a worker. concurrency: 1 args: {"network_create_args": {}, "port_create_args": {}, "ports_per_network": 5} times: 40 method_name: run timeout: 0 duration: None cls:
2019-07-06 21:55:34.927 26949 INFO rally.task.runner [-] Task 7164172a-30fc-4597-8d9d-bbf07e9f58ec | ITER: 4 START
2019-07-06 21:55:34.930 26951 INFO rally.task.runner [-] Task 7164172a-30fc-4597-8d9d-bbf07e9f58ec | ITER: 7 START
2019-07-06 21:55:34.931 26949 WARNING rally_openstack.scenarios.neutron.utils [-] Running this scenario without either the 'network' or 'existing_network' context is deprecated
2019-07-06 21:55:34.932 26951 WARNING rally_openstack.scenarios.neutron.utils [-] Running this scenario without either the 'network' or 'existing_network' context is deprecated
2019-07-06 21:55:34.932 26961 RALLYDEBUG rally.task.runner [-] Starting a worker. concurrency: 1 args: {"network_create_args": {}, "port_create_args": {}, "ports_per_network": 5} times: 40 method_name: run timeout: 0 duration: None cls:
2019-07-06 21:55:34.934 26956 INFO rally.task.runner [-] Task 7164172a-30fc-4597-8d9d-bbf07e9f58ec | ITER: 9 START
2019-07-06 21:55:34.933 26962 RALLYDEBUG rally.task.runner [-] Starting a worker. concurrency: 1 args: {"network_create_args": {}, "port_create_args": {}, "ports_per_network": 5} times: 40 method_name: run timeout: 0 duration: None cls:
2019-07-06 21:55:34.936 26956 WARNING rally_openstack.scenarios.neutron.utils [-] Running this scenario without either the 'network' or 'existing_network' context is deprecated
2019-07-06 21:55:34.927 26948 WARNING rally_openstack.scenarios.neutron.utils [-] Running this scenario without either the 'network' or 'existing_network' context is deprecated
2019-07-06 21:55:34.939 26965 RALLYDEBUG rally.task.runner [-] Starting a worker. concurrency: 1 args: {"network_create_args": {}, "port_create_args": {}, "ports_per_network": 5} times: 40 method_name: run timeout: 0 duration: None cls:
2019-07-06 21:55:34.940 26961 INFO rally.task.runner [-] Task 7164172a-30fc-4597-8d9d-bbf07e9f58ec | ITER: 10 START
2019-07-06 21:55:34.943 26961 WARNING rally_openstack.scenarios.neutron.utils [-] Running this scenario without either the 'network' or 'existing_network' context is deprecated
2019-07-06 21:55:34.943 26968 RALLYDEBUG rally.task.runner [-] Starting a worker. concurrency: 1 args: {"network_create_args": {}, "port_create_args": {}, "ports_per_network": 5} times: 40 method_name: run timeout: 0 duration: None cls:
2019-07-06 21:55:34.944 26962 INFO rally.task.runner [-] Task 7164172a-30fc-4597-8d9d-bbf07e9f58ec | ITER: 11 START
2019-07-06 21:55:34.945 26962 WARNING rally_openstack.scenarios.neutron.utils [-] Running this scenario without either the 'network' or 'existing_network' context is deprecated
2019-07-06 21:55:34.944 26950 INFO rally.task.runner [-] Task 7164172a-30fc-4597-8d9d-bbf07e9f58ec | ITER: 6 START
2019-07-06 21:55:34.946 26971 RALLYDEBUG rally.task.runner [-] Starting a worker. concurrency: 1 args: {"network_create_args": {}, "port_create_args": {}, "ports_per_network": 5} times: 40 method_name: run timeout: 0 duration: None cls:
2019-07-06 21:55:34.946 26965 INFO rally.task.runner [-] Task 7164172a-30fc-4597-8d9d-bbf07e9f58ec | ITER: 12 START
2019-07-06 21:55:34.948 26974 RALLYDEBUG rally.task.runner [-] Starting a worker. concurrency: 1 args: {"network_create_args": {}, "port_create_args": {}, "ports_per_network": 5} times: 40 method_name: run timeout: 0 duration: None cls:
2019-07-06 21:55:34.949 26965 WARNING rally_openstack.scenarios.neutron.utils [-] Running this scenario without either the 'network' or 'existing_network' context is deprecated
2019-07-06 21:55:34.947 26950 WARNING rally_openstack.scenarios.neutron.utils [-] Running this scenario without either the 'network' or 'existing_network' context is deprecated
2019-07-06 21:55:34.952 26968 INFO rally.task.runner [-] Task 7164172a-30fc-4597-8d9d-bbf07e9f58ec | ITER: 13 START
2019-07-06 21:55:34.953 26971 INFO rally.task.runner [-] Task 7164172a-30fc-4597-8d9d-bbf07e9f58ec | ITER: 14 START
2019-07-06 21:55:34.954 26968 WARNING rally_openstack.scenarios.neutron.utils [-] Running this scenario without either the 'network' or 'existing_network' context is deprecated
2019-07-06 21:55:34.955 26971 WARNING rally_openstack.scenarios.neutron.utils [-] Running this scenario without either the 'network' or 'existing_network' context is deprecated
2019-07-06 21:55:34.956 26974 INFO rally.task.runner [-] Task 7164172a-30fc-4597-8d9d-bbf07e9f58ec | ITER: 15 START
2019-07-06 21:55:34.956 26978 RALLYDEBUG rally.task.runner [-] Starting a worker. concurrency: 1 args: {"network_create_args": {}, "port_create_args": {}, "ports_per_network": 5} times: 40 method_name: run timeout: 0 duration: None cls:
2019-07-06 21:55:34.958 26974 WARNING rally_openstack.scenarios.neutron.utils [-] Running this scenario without either the 'network' or 'existing_network' context is deprecated
2019-07-06 21:55:34.964 26978 INFO rally.task.runner [-] Task 7164172a-30fc-4597-8d9d-bbf07e9f58ec | ITER: 16 START
2019-07-06 21:55:34.954 26951 INFO rally.task.runner [-] Task 7164172a-30fc-4597-8d9d-bbf07e9f58ec | ITER: 8 START
2019-07-06 21:55:34.966 26951 WARNING rally_openstack.scenarios.neutron.utils [-] Running this scenario without either the 'network' or 'existing_network' context is deprecated
2019-07-06 21:55:34.967 26986 RALLYDEBUG rally.task.runner [-] Starting a worker. concurrency: 1 args: {"network_create_args": {}, "port_create_args": {}, "ports_per_network": 5} times: 40 method_name: run timeout: 0 duration: None cls:
2019-07-06 21:55:34.968 26978 WARNING rally_openstack.scenarios.neutron.utils [-] Running this scenario without either the 'network' or 'existing_network' context is deprecated
2019-07-06 21:55:34.970 26989 RALLYDEBUG rally.task.runner [-] Starting a worker. concurrency: 1 args: {"network_create_args": {}, "port_create_args": {}, "ports_per_network": 5} times: 40 method_name: run timeout: 0 duration: None cls:
2019-07-06 21:55:34.978 26989 INFO rally.task.runner [-] Task 7164172a-30fc-4597-8d9d-bbf07e9f58ec | ITER: 18 START
2019-07-06 21:55:34.981 26989 WARNING rally_openstack.scenarios.neutron.utils [-] Running this scenario without either the 'network' or 'existing_network' context is deprecated
2019-07-06 21:55:34.981 26986 INFO rally.task.runner [-] Task 7164172a-30fc-4597-8d9d-bbf07e9f58ec | ITER: 17 START
2019-07-06 21:55:34.983 26986 WARNING rally_openstack.scenarios.neutron.utils [-] Running this scenario without either the 'network' or 'existing_network' context is deprecated
2019-07-06 21:55:34.983 26990 RALLYDEBUG rally.task.runner [-] Starting a worker. concurrency: 1 args: {"network_create_args": {}, "port_create_args": {}, "ports_per_network": 5} times: 40 method_name: run timeout: 0 duration: None cls:
2019-07-06 21:55:34.985 26995 RALLYDEBUG rally.task.runner [-] Starting a worker. concurrency: 1 args: {"network_create_args": {}, "port_create_args": {}, "ports_per_network": 5} times: 40 method_name: run timeout: 0 duration: None cls:
2019-07-06 21:55:34.989 26990 INFO rally.task.runner [-] Task 7164172a-30fc-4597-8d9d-bbf07e9f58ec | ITER: 19 START
2019-07-06 21:55:34.991 26995 INFO rally.task.runner [-] Task 7164172a-30fc-4597-8d9d-bbf07e9f58ec | ITER: 20 START
2019-07-06 21:55:34.991 26990 WARNING rally_openstack.scenarios.neutron.utils [-] Running this scenario without either the 'network' or 'existing_network' context is deprecated
2019-07-06 21:55:34.992 26995 WARNING rally_openstack.scenarios.neutron.utils [-] Running this scenario without either the 'network' or 'existing_network' context is deprecated
2019-07-06 21:55:48.575 26971 INFO rally.task.runner [-] Task 7164172a-30fc-4597-8d9d-bbf07e9f58ec | ITER: 14 END: OK
2019-07-06 21:55:48.579 26971 INFO rally.task.runner [-] Task 7164172a-30fc-4597-8d9d-bbf07e9f58ec | ITER: 21 START
2019-07-06 21:55:48.580 26971 WARNING rally_openstack.scenarios.neutron.utils [-] Running this scenario without either the 'network' or 'existing_network' context is deprecated
2019-07-06 21:55:48.682 26968 INFO rally.task.runner [-] Task 7164172a-30fc-4597-8d9d-bbf07e9f58ec | ITER: 13 END: OK
2019-07-06 21:55:48.686 26968 INFO rally.task.runner [-] Task 7164172a-30fc-4597-8d9d-bbf07e9f58ec | ITER: 22 START
2019-07-06 21:55:48.687 26968 WARNING rally_openstack.scenarios.neutron.utils [-] Running this scenario without either the 'network' or 'existing_network' context is deprecated
2019-07-06 21:55:49.378 26950 INFO rally.task.runner [-] Task 7164172a-30fc-4597-8d9d-bbf07e9f58ec | ITER: 5 END: OK
2019-07-06 21:55:49.382 26950 INFO rally.task.runner [-] Task 7164172a-30fc-4597-8d9d-bbf07e9f58ec | ITER: 23 START
2019-07-06 21:55:49.383 26950 WARNING rally_openstack.scenarios.neutron.utils [-] Running this scenario without either the 'network' or 'existing_network' context is deprecated
2019-07-06 21:55:49.605 26948 INFO rally.task.runner [-] Task 7164172a-30fc-4597-8d9d-bbf07e9f58ec | ITER: 1 END: OK
2019-07-06 21:55:49.609 26948 INFO rally.task.runner [-] Task 7164172a-30fc-4597-8d9d-bbf07e9f58ec | ITER: 24 START
2019-07-06 21:55:49.610 26948 WARNING rally_openstack.scenarios.neutron.utils [-] Running this scenario without either the 'network' or 'existing_network' context is deprecated
2019-07-06 21:55:49.791 26995 INFO rally.task.runner [-] Task 7164172a-30fc-4597-8d9d-bbf07e9f58ec | ITER: 20 END: OK
2019-07-06 21:55:49.795 26995 INFO rally.task.runner [-] Task 7164172a-30fc-4597-8d9d-bbf07e9f58ec | ITER: 25 START
2019-07-06 21:55:49.796 26995 WARNING rally_openstack.scenarios.neutron.utils [-] Running this scenario without either the 'network' or 'existing_network' context is deprecated
2019-07-06 21:55:49.921 26956 INFO rally.task.runner [-] Task 7164172a-30fc-4597-8d9d-bbf07e9f58ec | ITER: 9 END: OK
2019-07-06 21:55:49.925 26956 INFO rally.task.runner [-] Task 7164172a-30fc-4597-8d9d-bbf07e9f58ec | ITER: 26 START
2019-07-06 21:55:49.925 26956 WARNING rally_openstack.scenarios.neutron.utils [-] Running this scenario without either the 'network' or 'existing_network' context is deprecated
2019-07-06 21:55:50.233 26990 INFO rally.task.runner [-] Task 7164172a-30fc-4597-8d9d-bbf07e9f58ec | ITER: 19 END: OK
2019-07-06 21:55:50.237 26990 INFO rally.task.runner [-] Task 7164172a-30fc-4597-8d9d-bbf07e9f58ec | ITER: 27 START
2019-07-06 21:55:50.238 26990 WARNING rally_openstack.scenarios.neutron.utils [-] Running this scenario without either the 'network' or 'existing_network' context is deprecated
2019-07-06 21:55:50.268 26989 INFO rally.task.runner [-] Task 7164172a-30fc-4597-8d9d-bbf07e9f58ec | ITER: 18 END: OK
2019-07-06 21:55:50.273 26989 INFO rally.task.runner [-] Task 7164172a-30fc-4597-8d9d-bbf07e9f58ec | ITER: 28 START
2019-07-06 21:55:50.274 26989 WARNING rally_openstack.scenarios.neutron.utils [-] Running this scenario without either the 'network' or 'existing_network' context is deprecated
2019-07-06 21:55:50.409 26962 INFO rally.task.runner [-] Task 7164172a-30fc-4597-8d9d-bbf07e9f58ec | ITER: 11 END: OK
2019-07-06 21:55:50.413 26962 INFO rally.task.runner [-] Task 7164172a-30fc-4597-8d9d-bbf07e9f58ec | ITER: 29 START
2019-07-06 21:55:50.414 26962 WARNING rally_openstack.scenarios.neutron.utils [-] Running this scenario without either the 'network' or 'existing_network' context is deprecated
2019-07-06 21:55:50.468 26951 INFO rally.task.runner [-] Task 7164172a-30fc-4597-8d9d-bbf07e9f58ec | ITER: 8 END: OK
2019-07-06 21:55:50.472 26951 INFO rally.task.runner [-] Task 7164172a-30fc-4597-8d9d-bbf07e9f58ec | ITER: 30 START
2019-07-06 21:55:50.472 26951 WARNING rally_openstack.scenarios.neutron.utils [-] Running this scenario without either the 'network' or 'existing_network' context is deprecated
2019-07-06 21:55:50.646 26978 INFO rally.task.runner [-] Task 7164172a-30fc-4597-8d9d-bbf07e9f58ec | ITER: 16 END: OK
2019-07-06 21:55:50.650 26978 INFO rally.task.runner [-] Task 7164172a-30fc-4597-8d9d-bbf07e9f58ec | ITER: 31 START
2019-07-06 21:55:50.651 26978 WARNING rally_openstack.scenarios.neutron.utils [-] Running this scenario without either the 'network' or 'existing_network' context is deprecated
2019-07-06 21:55:50.795 26949 INFO rally.task.runner [-] Task 7164172a-30fc-4597-8d9d-bbf07e9f58ec | ITER: 4 END: OK
2019-07-06 21:55:50.798 26949 INFO rally.task.runner [-] Task 7164172a-30fc-4597-8d9d-bbf07e9f58ec | ITER: 32 START
2019-07-06 21:55:50.799 26949 WARNING rally_openstack.scenarios.neutron.utils [-] Running this scenario without either the 'network' or 'existing_network' context is deprecated
2019-07-06 21:55:51.126 26961 INFO rally.task.runner [-] Task 7164172a-30fc-4597-8d9d-bbf07e9f58ec | ITER: 10 END: OK
2019-07-06 21:55:51.130 26961 INFO rally.task.runner [-] Task 7164172a-30fc-4597-8d9d-bbf07e9f58ec | ITER: 33 START
2019-07-06 21:55:51.130 26961 WARNING rally_openstack.scenarios.neutron.utils [-] Running this scenario without either the 'network' or 'existing_network' context is deprecated
2019-07-06 21:55:51.287 26986 INFO rally.task.runner [-] Task 7164172a-30fc-4597-8d9d-bbf07e9f58ec | ITER: 17 END: OK
2019-07-06 21:55:51.291 26986 INFO rally.task.runner [-] Task 7164172a-30fc-4597-8d9d-bbf07e9f58ec | ITER: 34 START
2019-07-06 21:55:51.291 26986 WARNING rally_openstack.scenarios.neutron.utils [-] Running this scenario without either the 'network' or 'existing_network' context is deprecated
2019-07-06 21:55:51.505 26948 INFO rally.task.runner [-] Task 7164172a-30fc-4597-8d9d-bbf07e9f58ec | ITER: 3 END: OK
2019-07-06 21:55:51.509 26948 INFO rally.task.runner [-] Task 7164172a-30fc-4597-8d9d-bbf07e9f58ec | ITER: 35 START
2019-07-06 21:55:51.509 26948 WARNING rally_openstack.scenarios.neutron.utils [-] Running this scenario without either the 'network' or 'existing_network' context is deprecated
2019-07-06 21:55:51.770 26965 INFO rally.task.runner [-] Task 7164172a-30fc-4597-8d9d-bbf07e9f58ec | ITER: 12 END: OK
2019-07-06 21:55:51.774 26965 INFO rally.task.runner [-] Task 7164172a-30fc-4597-8d9d-bbf07e9f58ec | ITER: 36 START
2019-07-06 21:55:51.775 26965 WARNING rally_openstack.scenarios.neutron.utils [-] Running this scenario without either the 'network' or 'existing_network' context is deprecated
2019-07-06 21:55:51.894 26949 INFO rally.task.runner [-] Task 7164172a-30fc-4597-8d9d-bbf07e9f58ec | ITER: 2 END: OK
2019-07-06 21:55:51.897 26949 INFO rally.task.runner [-] Task 7164172a-30fc-4597-8d9d-bbf07e9f58ec | ITER: 37 START
2019-07-06 21:55:51.898 26949 WARNING rally_openstack.scenarios.neutron.utils [-] Running this scenario without either the 'network' or 'existing_network' context is deprecated
2019-07-06 21:55:52.028 26951 INFO rally.task.runner [-] Task 7164172a-30fc-4597-8d9d-bbf07e9f58ec | ITER: 7 END: OK
2019-07-06 21:55:52.036 26951 INFO rally.task.runner [-] Task 7164172a-30fc-4597-8d9d-bbf07e9f58ec | ITER: 38 START
2019-07-06 21:55:52.037 26951 WARNING rally_openstack.scenarios.neutron.utils [-] Running this scenario without either the 'network' or 'existing_network' context is deprecated
2019-07-06 21:55:52.812 26950 INFO rally.task.runner [-] Task 7164172a-30fc-4597-8d9d-bbf07e9f58ec | ITER: 6 END: OK
2019-07-06 21:55:52.816 26950 INFO rally.task.runner [-] Task 7164172a-30fc-4597-8d9d-bbf07e9f58ec | ITER: 39 START
