2019-07-06 21:53:42.652 22702 RALLYDEBUG rally_openstack.cleanup.manager [-] Deleting neutron.port object s_rally_847a023e_2kjI9Vi1 (d3ff5639-79d7-41fb-b3be-f879978426d1)
2019-07-06 21:53:42.910 22702 RALLYDEBUG rally_openstack.cleanup.manager [-] Deleting neutron.port object s_rally_847a023e_E56kd0Bp (d4281b7e-6572-415a-a49b-a727fe9db1fb)
2019-07-06 21:53:42.931 22702 RALLYDEBUG rally_openstack.cleanup.manager [-] Deleting neutron.port object s_rally_847a023e_VBksQUS6 (d55785a6-1534-4012-bceb-7a17a315ec5d)
2019-07-06 21:53:42.970 22702 RALLYDEBUG rally_openstack.cleanup.manager [-] Deleting neutron.port object s_rally_847a023e_N3Jeab9J (d5f50cdc-dc0a-4d2d-be75-218ee06b5140)
2019-07-06 21:53:43.335 22702 RALLYDEBUG rally_openstack.cleanup.manager [-] Deleting neutron.port object s_rally_847a023e_OgeQcKk4 (d606a989-8b8b-4aa1-9dac-79b41b186f3f)
2019-07-06 21:53:43.425 22702 RALLYDEBUG rally_openstack.cleanup.manager [-] Deleting neutron.port object s_rally_847a023e_d2UvJm51 (d6b4fce4-b0fe-4350-af7e-cd835ebc718e)
2019-07-06 21:53:43.442 22702 RALLYDEBUG rally_openstack.cleanup.manager [-] Deleting neutron.port object s_rally_847a023e_TVYwcsnQ (d6d50adc-dd12-4033-a9cb-9ab38aed15a5)
2019-07-06 21:53:43.468 22702 RALLYDEBUG rally_openstack.cleanup.manager [-] Deleting neutron.port object s_rally_847a023e_9iU4wmqd (d7b7407f-240d-4640-a3aa-ba075d03f071)
2019-07-06 21:53:43.507 22702 RALLYDEBUG rally_openstack.cleanup.manager [-] Deleting neutron.port object s_rally_847a023e_7RNz5Td7 (d83e232c-eea4-4ca3-87cd-5edaf7c44273)
2019-07-06 21:53:43.552 22702 RALLYDEBUG rally_openstack.cleanup.manager [-] Deleting neutron.port object s_rally_847a023e_HUE0i4E2 (d863fd76-1ca7-4a5f-8d87-73178678232a)
2019-07-06 21:53:43.662 22702 RALLYDEBUG rally_openstack.cleanup.manager [-] Deleting neutron.port object s_rally_847a023e_XlGFmRB0 (da6d9a5a-741c-445e-8ac0-d6e77e7e2f40)
2019-07-06 21:53:43.848 22702 RALLYDEBUG rally_openstack.cleanup.manager [-] Deleting neutron.port object s_rally_847a023e_iWZOwlNR (da73269d-e6f4-407a-b3fa-6328a8c454dc)
2019-07-06 21:53:43.860 22702 RALLYDEBUG rally_openstack.cleanup.manager [-] Deleting neutron.port object s_rally_847a023e_J0UVo90o (da9122d0-ef44-45ab-bc91-e82f41c9f689)
2019-07-06 21:53:43.899 22702 RALLYDEBUG rally_openstack.cleanup.manager [-] Deleting neutron.port object s_rally_847a023e_uVGTbC5W (daec4d06-f9ed-44bf-a448-08891feaad96)
2019-07-06 21:53:44.019 22702 RALLYDEBUG rally_openstack.cleanup.manager [-] Deleting neutron.port object s_rally_847a023e_TDizKs6p (dbf1089e-67ab-41a0-8cf0-2d53677e0050)
2019-07-06 21:53:44.413 22702 RALLYDEBUG rally_openstack.cleanup.manager [-] Deleting neutron.port object s_rally_847a023e_5Lm9kejz (ddc37602-b53e-4e1b-8034-08bba31aa0a6)
2019-07-06 21:53:44.420 22702 RALLYDEBUG rally_openstack.cleanup.manager [-] Deleting neutron.port object s_rally_847a023e_p6BP2rOO (ddf99607-5b69-4c60-a767-6a26da0814c8)
2019-07-06 21:53:44.688 22702 RALLYDEBUG rally_openstack.cleanup.manager [-] Deleting neutron.port object s_rally_847a023e_KEJjCKFo (de11a9e8-b05a-464d-b279-dbf8e2e8ed39)
2019-07-06 21:53:44.696 22702 RALLYDEBUG rally_openstack.cleanup.manager [-] Deleting neutron.port object s_rally_847a023e_Try4KtHv (df29886a-d8ec-40b7-93e3-18cf0918004f)
2019-07-06 21:53:44.759 22702 RALLYDEBUG rally_openstack.cleanup.manager [-] Deleting neutron.port object s_rally_847a023e_z8295MqO (df2b5662-4518-4668-b64d-f1044ea8317f)
2019-07-06 21:53:44.862 22702 RALLYDEBUG rally_openstack.cleanup.manager [-] Deleting neutron.port object s_rally_847a023e_FwhjiRhG (df95b9dd-23b1-4157-9647-cfd0ad539133)
2019-07-06 21:53:45.088 22702 RALLYDEBUG rally_openstack.cleanup.manager [-] Deleting neutron.port object s_rally_847a023e_7p62ZwAU (e0a3aa9d-04e3-4941-a6bc-768f29098ca9)
2019-07-06 21:53:45.149 22702 RALLYDEBUG rally_openstack.cleanup.manager [-] Deleting neutron.port object s_rally_847a023e_ycK4dJcG (e210c1ba-8ec6-47a4-ac82-718979d15e7b)
2019-07-06 21:53:45.262 22702 RALLYDEBUG rally_openstack.cleanup.manager [-] Deleting neutron.port object s_rally_847a023e_io33MPgz (e212d233-2118-4e5e-9910-c96752051045)
2019-07-06 21:53:45.587 22702 RALLYDEBUG rally_openstack.cleanup.manager [-] Deleting neutron.port object s_rally_847a023e_XAeDk6bp (e30456e5-ab33-4fd6-854f-4260d0fc0714)
2019-07-06 21:53:45.608 22702 RALLYDEBUG rally_openstack.cleanup.manager [-] Deleting neutron.port object s_rally_847a023e_tifNUiuW (e34bf970-fe7f-4540-b134-f82ed2a6b6f6)
2019-07-06 21:53:45.845 22702 RALLYDEBUG rally_openstack.cleanup.manager [-] Deleting neutron.port object s_rally_847a023e_Lq4zIizU (e3960d45-5033-483c-8b7f-cb799cd14c56)
2019-07-06 21:53:45.871 22702 RALLYDEBUG rally_openstack.cleanup.manager [-] Deleting neutron.port object s_rally_847a023e_H9PhNXTk (e41246fc-c815-48a5-9ba8-d2823164cc18)
2019-07-06 21:53:45.982 22702 RALLYDEBUG rally_openstack.cleanup.manager [-] Deleting neutron.port object s_rally_847a023e_amzzy5Oa (e482c597-9496-4f81-a660-8f6e26ff5588)
2019-07-06 21:53:46.014 22702 RALLYDEBUG rally_openstack.cleanup.manager [-] Deleting neutron.port object s_rally_847a023e_7x9FO65D (e4b21825-33c3-49a6-8fac-e4467f229f50)
2019-07-06 21:53:46.054 22702 RALLYDEBUG rally_openstack.cleanup.manager [-] Deleting neutron.port object s_rally_847a023e_5pTnNU8P (e7bad4f0-5b74-4c16-a89c-aabce1a6fa3c)
2019-07-06 21:53:46.106 22702 RALLYDEBUG rally_openstack.cleanup.manager [-] Deleting neutron.port object s_rally_847a023e_qUwPprTk (e8817a76-24e3-46e2-b219-df228d309bcd)
2019-07-06 21:53:46.138 22702 RALLYDEBUG rally_openstack.cleanup.manager [-] Deleting neutron.port object s_rally_847a023e_liVLX3h0 (e9379695-19d7-4c3f-a5d9-7f21b61e089c)
2019-07-06 21:53:46.166 22702 RALLYDEBUG rally_openstack.cleanup.manager [-] Deleting neutron.port object s_rally_847a023e_PVQ9AqVo (e9dc7116-24bc-4bf6-b0a6-124e38517b61)
2019-07-06 21:53:46.578 22702 RALLYDEBUG rally_openstack.cleanup.manager [-] Deleting neutron.port object s_rally_847a023e_UlJSHOOp (eb4a950b-19de-4c68-88fe-d8c0da5b2d28)
2019-07-06 21:53:46.668 22702 RALLYDEBUG rally_openstack.cleanup.manager [-] Deleting neutron.port object s_rally_847a023e_GLqFgvk2 (ec8c4bb0-198e-4195-a708-8745d1e89b2b)
2019-07-06 21:53:46.864 22702 RALLYDEBUG rally_openstack.cleanup.manager [-] Deleting neutron.port object s_rally_847a023e_Mtni4B28 (edb93730-c00d-4ac3-b6a7-8206895ea5bb)
2019-07-06 21:53:46.877 22702 RALLYDEBUG rally_openstack.cleanup.manager [-] Deleting neutron.port object s_rally_847a023e_xfxv2iVq (edd3c2d2-a610-4e62-b931-7f72e1db02db)
2019-07-06 21:53:47.067 22702 RALLYDEBUG rally_openstack.cleanup.manager [-] Deleting neutron.port object s_rally_847a023e_JiNt4mh0 (ee33077f-b3ce-4b7d-9e07-4d723da6aa40)
2019-07-06 21:53:47.282 22702 RALLYDEBUG rally_openstack.cleanup.manager [-] Deleting neutron.port object s_rally_847a023e_lUOABDSi (eec8cae6-4907-47f6-b6c2-7944e1cb123b)
2019-07-06 21:53:47.609 22702 RALLYDEBUG rally_openstack.cleanup.manager [-] Deleting neutron.port object s_rally_847a023e_w6DHZpew (f017329f-bba5-4afb-bcc0-ba20c8993805)
2019-07-06 21:53:47.639 22702 RALLYDEBUG rally_openstack.cleanup.manager [-] Deleting neutron.port object s_rally_847a023e_L2Bd1OEo (f16d508d-9a99-4743-a126-4e3041176618)
2019-07-06 21:53:47.652 22702 RALLYDEBUG rally_openstack.cleanup.manager [-] Deleting neutron.port object s_rally_847a023e_wtpE026H (f1c1deb3-db0e-4ecb-bb25-5083a844668c)
2019-07-06 21:53:47.887 22702 RALLYDEBUG rally_openstack.cleanup.manager [-] Deleting neutron.port object s_rally_847a023e_yr2sSgYi (f2c9178f-84ae-4f78-9f61-fca07e238af2)
2019-07-06 21:53:47.933 22702 RALLYDEBUG rally_openstack.cleanup.manager [-] Deleting neutron.port object s_rally_847a023e_PxTrvrn9 (f36a9310-6e21-4f7f-95d4-a888904b710e)
2019-07-06 21:53:48.370 22702 RALLYDEBUG rally_openstack.cleanup.manager [-] Deleting neutron.port object s_rally_847a023e_YbEoIH6R (f59b26a1-db1b-4a91-af34-18b7e83cc5ca)
2019-07-06 21:53:48.385 22702 RALLYDEBUG rally_openstack.cleanup.manager [-] Deleting neutron.port object s_rally_847a023e_8OX8jASS (f5abad6e-4137-456d-97de-8914c011943e)
2019-07-06 21:53:48.479 22702 RALLYDEBUG rally_openstack.cleanup.manager [-] Deleting neutron.port object s_rally_847a023e_42Xww7Pc (f6e48b18-4059-427e-947d-3ff42fae809d)
2019-07-06 21:53:48.497 22702 RALLYDEBUG rally_openstack.cleanup.manager [-] Deleting neutron.port object s_rally_847a023e_vhE9F29T (f82a37b5-eded-4519-a3cf-bf4ff0bedf79)
2019-07-06 21:53:48.597 22702 RALLYDEBUG rally_openstack.cleanup.manager [-] Deleting neutron.port object s_rally_847a023e_0SK5Veaf (f88dfa8b-b7ca-4ed8-93d4-6e89712f8552)
2019-07-06 21:53:48.597 22702 RALLYDEBUG rally_openstack.cleanup.manager [-] Deleting neutron.port object s_rally_847a023e_hhrkMCDk (f8b24d2b-eeb2-4768-874d-aad4dcec51fc)
2019-07-06 21:53:48.760 22702 RALLYDEBUG rally_openstack.cleanup.manager [-] Deleting neutron.port object s_rally_847a023e_H9M5p4IE (f970db0e-9c2d-481b-81b8-4a66cefa91ec)
2019-07-06 21:53:48.840 22702 RALLYDEBUG rally_openstack.cleanup.manager [-] Deleting neutron.port object s_rally_847a023e_NJSKv2SM (f9ab25da-c060-4428-8ad3-e0681507298d)
2019-07-06 21:53:48.993 22702 RALLYDEBUG rally_openstack.cleanup.manager [-] Deleting neutron.port object s_rally_847a023e_DPtmtQ83 (f9e91083-bdd7-4a64-9dc0-48c83c2c1ce7)
2019-07-06 21:53:49.003 22702 RALLYDEBUG rally_openstack.cleanup.manager [-] Deleting neutron.port object s_rally_847a023e_EkxWKYCF (fa548ded-4023-44ee-8aa6-fa317d5cab01)
2019-07-06 21:53:49.027 22702 RALLYDEBUG rally_openstack.cleanup.manager [-] Deleting neutron.port object s_rally_847a023e_4Gk3U5b1 (fac163e2-afda-486e-988a-f65d16753d74)
2019-07-06 21:53:49.059 22702 RALLYDEBUG rally_openstack.cleanup.manager [-] Deleting neutron.port object s_rally_847a023e_RrF5Jjzw (fb2e6a29-7199-4b77-9ac4-6389b9ac8823)
2019-07-06 21:53:49.336 22702 RALLYDEBUG rally_openstack.cleanup.manager [-] Deleting neutron.port object s_rally_847a023e_0bt8TfD2 (fcc67cfe-99b7-4ca9-8b53-e885b7f57064)
2019-07-06 21:53:49.347 22702 RALLYDEBUG rally_openstack.cleanup.manager [-] Deleting neutron.port object s_rally_847a023e_e6IUCK52 (feb7c4c6-6947-41f4-9e7d-ecb85300dfd2)
2019-07-06 21:53:49.456 22702 RALLYDEBUG rally_openstack.cleanup.manager [-] Deleting neutron.port object s_rally_847a023e_lgBOV6Xi (ff29c302-f187-468c-9684-3c06d6dec0b1)
2019-07-06 21:53:51.768 22702 RALLYDEBUG rally_openstack.cleanup.manager [-] Cleaning up neutron subnet objects
2019-07-06 21:53:52.523 22702 RALLYDEBUG rally_openstack.cleanup.manager [-] Cleaning up neutron network objects
2019-07-06 21:53:53.479 22702 RALLYDEBUG rally_openstack.cleanup.manager [-] Deleting neutron.network object s_rally_847a023e_xR9F9wDP (555f50a9-70dc-407d-be47-c7cbaa5108f6)
2019-07-06 21:53:53.489 22702 RALLYDEBUG rally_openstack.cleanup.manager [-] Deleting neutron.network object s_rally_847a023e_UBoNaDTK (797d3250-c486-4ab6-a171-5f0d874680fd)
2019-07-06 21:53:53.489 22702 RALLYDEBUG rally_openstack.cleanup.manager [-] Deleting neutron.network object s_rally_847a023e_gfrqUEbL (82ada403-7cc2-44fc-bdcb-b40f9d5f50a9)
2019-07-06 21:53:53.499 22702 RALLYDEBUG rally_openstack.cleanup.manager [-] Deleting neutron.network object s_rally_847a023e_i4NCBgTW (84c1cef8-de2b-4dfe-9b73-e939f93b747a)
2019-07-06 21:53:53.500 22702 RALLYDEBUG rally_openstack.cleanup.manager [-] Deleting neutron.network object s_rally_847a023e_60XrXzhu (bbdaad04-b52b-4cf8-b417-084d851686fc)
2019-07-06 21:53:53.505 22702 RALLYDEBUG rally_openstack.cleanup.manager [-] Deleting neutron.network object s_rally_847a023e_wMWRz175 (e27a9f24-74b8-48a8-93b1-9f5741a94338)
2019-07-06 21:53:53.511 22702 RALLYDEBUG rally_openstack.cleanup.manager [-] Deleting neutron.network object s_rally_847a023e_EQ4PLIyQ (e60ffe94-323a-4457-af19-c4f0df1dfe4f)
2019-07-06 21:53:53.529 22702 RALLYDEBUG rally_openstack.cleanup.manager [-] Deleting neutron.network object s_rally_847a023e_piISO3iy (f0912f27-583c-4113-8fe4-4356fe4be37a)
2019-07-06 21:53:56.955 22702 RALLYDEBUG rally_openstack.cleanup.manager [-] Cleaning up neutron router objects
2019-07-06 21:53:57.726 22702 RALLYDEBUG rally_openstack.cleanup.manager [-] Cleaning up neutron security_group objects
2019-07-06 21:53:58.393 22702 INFO rally.task.context [-] Task 7164172a-30fc-4597-8d9d-bbf07e9f58ec | Context cleanup@openstack cleanup() finished in 1.04 min
2019-07-06 21:53:58.394 22702 INFO rally.task.context [-] Task 7164172a-30fc-4597-8d9d-bbf07e9f58ec | Context quotas@openstack cleanup() started
2019-07-06 21:53:58.758 22702 INFO rally.task.context [-] Task 7164172a-30fc-4597-8d9d-bbf07e9f58ec | Context quotas@openstack cleanup() finished in 0.36 sec
2019-07-06 21:53:58.759 22702 INFO rally.task.context [-] Task 7164172a-30fc-4597-8d9d-bbf07e9f58ec | Context users@openstack cleanup() started
2019-07-06 21:54:03.810 22702 INFO rally.task.context [-] Task 7164172a-30fc-4597-8d9d-bbf07e9f58ec | Context users@openstack cleanup() finished in 5.05 sec
2019-07-06 21:54:04.519 22702 INFO rally.task.engine [-] Load duration is: 92.343218
2019-07-06 21:54:04.519 22702 INFO rally.task.engine [-] Full runner duration is: 92.392438
2019-07-06 21:54:04.520 22702 INFO rally.task.engine [-] Full duration is: 165.962323
2019-07-06 21:54:04.737 22702 INFO rally.task.engine [-] Running workload: position = 1 config = { "version": 2, "title": "A cropped version of a bigger task.", "description": "Auto-generated task from a single workload (uuid=baf90d9c-037e-4c9c-b788-85ba6cf210af)", "subtasks": [ { "title": "NeutronNetworks.create_and_update_ports", "description": "Create and update a given number of ports.", "scenario": { "NeutronNetworks.create_and_update_ports": { "network_create_args": {}, "port_create_args": {}, "ports_per_network": 5, "port_update_args": { "admin_state_up": false, "device_id": "dummy_id", "device_owner": "dummy_owner", "name": "_port_updated" } } }, "contexts": { "users": { "tenants": 1, "users_per_tenant": 1 }, "quotas": { "neutron": { "network": -1, "port": -1 } } }, "runner": { "constant": { "times": 40, "concurrency": 20 } }, "hooks": [], "sla": { "failure_rate": { "max": 0 } } } ] }
2019-07-06 21:54:04.760 22702 RALLYDEBUG rally_openstack.contexts.keystone.users [-] Creating 1 tenants using 20 threads
2019-07-06 21:54:06.522 22702 RALLYDEBUG rally_openstack.contexts.keystone.users [-] Creating 1 users using 20 threads
2019-07-06 21:54:09.450 22702 INFO rally.task.context [-] Task 7164172a-30fc-4597-8d9d-bbf07e9f58ec | Context users@openstack setup() finished in 4.69 sec
2019-07-06 21:54:10.243 22702 INFO rally.task.context [-] Task 7164172a-30fc-4597-8d9d-bbf07e9f58ec | Context quotas@openstack setup() finished in 0.79 sec
2019-07-06 21:54:10.243 22702 INFO rally.task.context [-] Task 7164172a-30fc-4597-8d9d-bbf07e9f58ec | Context cleanup@openstack setup() finished in 0.01 msec
2019-07-06 21:54:10.250 22702 RALLYDEBUG rally.task.runner [-] Starting the constant runner (task UUID: 7164172a-30fc-4597-8d9d-bbf07e9f58ec). timeout: 0 concurrency: 20 concurrency_per_worker: 1 times: 40 concurrency_overhead: 4 processes_to_start: 16 max_cpu_used: 16
2019-07-06 21:54:10.264 26578 RALLYDEBUG rally.task.runner [-] Starting a worker. concurrency: 2 args: {"network_create_args": {}, "port_create_args": {}, "ports_per_network": 5, "port_update_args": {"admin_state_up": false, "device_id": "dummy_id", "device_owner": "dummy_owner", "name": "_port_updated"}} times: 40 method_name: run timeout: 0 duration: None cls:
2019-07-06 21:54:10.266 26579 RALLYDEBUG rally.task.runner [-] Starting a worker. concurrency: 2 args: {"network_create_args": {}, "port_create_args": {}, "ports_per_network": 5, "port_update_args": {"admin_state_up": false, "device_id": "dummy_id", "device_owner": "dummy_owner", "name": "_port_updated"}} times: 40 method_name: run timeout: 0 duration: None cls:
2019-07-06 21:54:10.269 26580 RALLYDEBUG rally.task.runner [-] Starting a worker. concurrency: 2 args: {"network_create_args": {}, "port_create_args": {}, "ports_per_network": 5, "port_update_args": {"admin_state_up": false, "device_id": "dummy_id", "device_owner": "dummy_owner", "name": "_port_updated"}} times: 40 method_name: run timeout: 0 duration: None cls:
2019-07-06 21:54:10.273 26581 RALLYDEBUG rally.task.runner [-] Starting a worker. concurrency: 2 args: {"network_create_args": {}, "port_create_args": {}, "ports_per_network": 5, "port_update_args": {"admin_state_up": false, "device_id": "dummy_id", "device_owner": "dummy_owner", "name": "_port_updated"}} times: 40 method_name: run timeout: 0 duration: None cls:
2019-07-06 21:54:10.274 26578 INFO rally.task.runner [-] Task 7164172a-30fc-4597-8d9d-bbf07e9f58ec | ITER: 1 START
2019-07-06 21:54:10.276 26578 WARNING rally_openstack.scenarios.neutron.utils [-] Running this scenario without either the 'network' or 'existing_network' context is deprecated
2019-07-06 21:54:10.276 26582 RALLYDEBUG rally.task.runner [-] Starting a worker. concurrency: 1 args: {"network_create_args": {}, "port_create_args": {}, "ports_per_network": 5, "port_update_args": {"admin_state_up": false, "device_id": "dummy_id", "device_owner": "dummy_owner", "name": "_port_updated"}} times: 40 method_name: run timeout: 0 duration: None cls:
2019-07-06 21:54:10.280 26580 INFO rally.task.runner [-] Task 7164172a-30fc-4597-8d9d-bbf07e9f58ec | ITER: 4 START
2019-07-06 21:54:10.280 26584 RALLYDEBUG rally.task.runner [-] Starting a worker. concurrency: 1 args: {"network_create_args": {}, "port_create_args": {}, "ports_per_network": 5, "port_update_args": {"admin_state_up": false, "device_id": "dummy_id", "device_owner": "dummy_owner", "name": "_port_updated"}} times: 40 method_name: run timeout: 0 duration: None cls:
2019-07-06 21:54:10.280 26579 INFO rally.task.runner [-] Task 7164172a-30fc-4597-8d9d-bbf07e9f58ec | ITER: 2 START
2019-07-06 21:54:10.282 26580 WARNING rally_openstack.scenarios.neutron.utils [-] Running this scenario without either the 'network' or 'existing_network' context is deprecated
2019-07-06 21:54:10.282 26587 RALLYDEBUG rally.task.runner [-] Starting a worker. concurrency: 1 args: {"network_create_args": {}, "port_create_args": {}, "ports_per_network": 5, "port_update_args": {"admin_state_up": false, "device_id": "dummy_id", "device_owner": "dummy_owner", "name": "_port_updated"}} times: 40 method_name: run timeout: 0 duration: None cls:
2019-07-06 21:54:10.283 26579 WARNING rally_openstack.scenarios.neutron.utils [-] Running this scenario without either the 'network' or 'existing_network' context is deprecated
2019-07-06 21:54:10.283 26592 RALLYDEBUG rally.task.runner [-] Starting a worker. concurrency: 1 args: {"network_create_args": {}, "port_create_args": {}, "ports_per_network": 5, "port_update_args": {"admin_state_up": false, "device_id": "dummy_id", "device_owner": "dummy_owner", "name": "_port_updated"}} times: 40 method_name: run timeout: 0 duration: None cls:
2019-07-06 21:54:10.284 26579 INFO rally.task.runner [-] Task 7164172a-30fc-4597-8d9d-bbf07e9f58ec | ITER: 5 START
2019-07-06 21:54:10.284 26580 INFO rally.task.runner [-] Task 7164172a-30fc-4597-8d9d-bbf07e9f58ec | ITER: 6 START
2019-07-06 21:54:10.285 26579 WARNING rally_openstack.scenarios.neutron.utils [-] Running this scenario without either the 'network' or 'existing_network' context is deprecated
2019-07-06 21:54:10.285 26580 WARNING rally_openstack.scenarios.neutron.utils [-] Running this scenario without either the 'network' or 'existing_network' context is deprecated
2019-07-06 21:54:10.285 26578 INFO rally.task.runner [-] Task 7164172a-30fc-4597-8d9d-bbf07e9f58ec | ITER: 3 START
2019-07-06 21:54:10.286 26578 WARNING rally_openstack.scenarios.neutron.utils [-] Running this scenario without either the 'network' or 'existing_network' context is deprecated
2019-07-06 21:54:10.287 26582 INFO rally.task.runner [-] Task 7164172a-30fc-4597-8d9d-bbf07e9f58ec | ITER: 8 START
2019-07-06 21:54:10.288 26581 INFO rally.task.runner [-] Task 7164172a-30fc-4597-8d9d-bbf07e9f58ec | ITER: 7 START
2019-07-06 21:54:10.289 26582 WARNING rally_openstack.scenarios.neutron.utils [-] Running this scenario without either the 'network' or 'existing_network' context is deprecated
2019-07-06 21:54:10.291 26584 INFO rally.task.runner [-] Task 7164172a-30fc-4597-8d9d-bbf07e9f58ec | ITER: 9 START
2019-07-06 21:54:10.291 26592 INFO rally.task.runner [-] Task 7164172a-30fc-4597-8d9d-bbf07e9f58ec | ITER: 12 START
2019-07-06 21:54:10.292 26581 WARNING rally_openstack.scenarios.neutron.utils [-] Running this scenario without either the 'network' or 'existing_network' context is deprecated
2019-07-06 21:54:10.292 26584 WARNING rally_openstack.scenarios.neutron.utils [-] Running this scenario without either the 'network' or 'existing_network' context is deprecated
2019-07-06 21:54:10.292 26592 WARNING rally_openstack.scenarios.neutron.utils [-] Running this scenario without either the 'network' or 'existing_network' context is deprecated
2019-07-06 21:54:10.295 26610 RALLYDEBUG rally.task.runner [-] Starting a worker. concurrency: 1 args: {"network_create_args": {}, "port_create_args": {}, "ports_per_network": 5, "port_update_args": {"admin_state_up": false, "device_id": "dummy_id", "device_owner": "dummy_owner", "name": "_port_updated"}} times: 40 method_name: run timeout: 0 duration: None cls:
2019-07-06 21:54:10.289 26581 INFO rally.task.runner [-] Task 7164172a-30fc-4597-8d9d-bbf07e9f58ec | ITER: 10 START
2019-07-06 21:54:10.299 26581 WARNING rally_openstack.scenarios.neutron.utils [-] Running this scenario without either the 'network' or 'existing_network' context is deprecated
2019-07-06 21:54:10.299 26610 INFO rally.task.runner [-] Task 7164172a-30fc-4597-8d9d-bbf07e9f58ec | ITER: 13 START
2019-07-06 21:54:10.299 26611 RALLYDEBUG rally.task.runner [-] Starting a worker. concurrency: 1 args: {"network_create_args": {}, "port_create_args": {}, "ports_per_network": 5, "port_update_args": {"admin_state_up": false, "device_id": "dummy_id", "device_owner": "dummy_owner", "name": "_port_updated"}} times: 40 method_name: run timeout: 0 duration: None cls:
2019-07-06 21:54:10.301 26610 WARNING rally_openstack.scenarios.neutron.utils [-] Running this scenario without either the 'network' or 'existing_network' context is deprecated
2019-07-06 21:54:10.302 26612 RALLYDEBUG rally.task.runner [-] Starting a worker. concurrency: 1 args: {"network_create_args": {}, "port_create_args": {}, "ports_per_network": 5, "port_update_args": {"admin_state_up": false, "device_id": "dummy_id", "device_owner": "dummy_owner", "name": "_port_updated"}} times: 40 method_name: run timeout: 0 duration: None cls:
2019-07-06 21:54:10.307 26612 INFO rally.task.runner [-] Task 7164172a-30fc-4597-8d9d-bbf07e9f58ec | ITER: 15 START
2019-07-06 21:54:10.307 26611 INFO rally.task.runner [-] Task 7164172a-30fc-4597-8d9d-bbf07e9f58ec | ITER: 14 START
2019-07-06 21:54:10.307 26587 INFO rally.task.runner [-] Task 7164172a-30fc-4597-8d9d-bbf07e9f58ec | ITER: 11 START
2019-07-06 21:54:10.308 26612 WARNING rally_openstack.scenarios.neutron.utils [-] Running this scenario without either the 'network' or 'existing_network' context is deprecated
2019-07-06 21:54:10.308 26611 WARNING rally_openstack.scenarios.neutron.utils [-] Running this scenario without either the 'network' or 'existing_network' context is deprecated
2019-07-06 21:54:10.309 26587 WARNING rally_openstack.scenarios.neutron.utils [-] Running this scenario without either the 'network' or 'existing_network' context is deprecated
2019-07-06 21:54:10.309 26594 RALLYDEBUG rally.task.runner [-] Starting a worker. concurrency: 1 args: {"network_create_args": {}, "port_create_args": {}, "ports_per_network": 5, "port_update_args": {"admin_state_up": false, "device_id": "dummy_id", "device_owner": "dummy_owner", "name": "_port_updated"}} times: 40 method_name: run timeout: 0 duration: None cls:
2019-07-06 21:54:10.313 26601 RALLYDEBUG rally.task.runner [-] Starting a worker. concurrency: 1 args: {"network_create_args": {}, "port_create_args": {}, "ports_per_network": 5, "port_update_args": {"admin_state_up": false, "device_id": "dummy_id", "device_owner": "dummy_owner", "name": "_port_updated"}} times: 40 method_name: run timeout: 0 duration: None cls:
2019-07-06 21:54:10.313 26599 RALLYDEBUG rally.task.runner [-] Starting a worker. concurrency: 1 args: {"network_create_args": {}, "port_create_args": {}, "ports_per_network": 5, "port_update_args": {"admin_state_up": false, "device_id": "dummy_id", "device_owner": "dummy_owner", "name": "_port_updated"}} times: 40 method_name: run timeout: 0 duration: None cls:
2019-07-06 21:54:10.316 26597 RALLYDEBUG rally.task.runner [-] Starting a worker. concurrency: 1 args: {"network_create_args": {}, "port_create_args": {}, "ports_per_network": 5, "port_update_args": {"admin_state_up": false, "device_id": "dummy_id", "device_owner": "dummy_owner", "name": "_port_updated"}} times: 40 method_name: run timeout: 0 duration: None cls:
2019-07-06 21:54:10.317 26606 RALLYDEBUG rally.task.runner [-] Starting a worker. concurrency: 1 args: {"network_create_args": {}, "port_create_args": {}, "ports_per_network": 5, "port_update_args": {"admin_state_up": false, "device_id": "dummy_id", "device_owner": "dummy_owner", "name": "_port_updated"}} times: 40 method_name: run timeout: 0 duration: None cls:
2019-07-06 21:54:10.322 26594 INFO rally.task.runner [-] Task 7164172a-30fc-4597-8d9d-bbf07e9f58ec | ITER: 16 START
2019-07-06 21:54:10.322 26599 INFO rally.task.runner [-] Task 7164172a-30fc-4597-8d9d-bbf07e9f58ec | ITER: 18 START
2019-07-06 21:54:10.322 26601 INFO rally.task.runner [-] Task 7164172a-30fc-4597-8d9d-bbf07e9f58ec | ITER: 17 START
2019-07-06 21:54:10.323 26601 WARNING rally_openstack.scenarios.neutron.utils [-] Running this scenario without either the 'network' or 'existing_network' context is deprecated
2019-07-06 21:54:10.323 26594 WARNING rally_openstack.scenarios.neutron.utils [-] Running this scenario without either the 'network' or 'existing_network' context is deprecated
2019-07-06 21:54:10.324 26599 WARNING rally_openstack.scenarios.neutron.utils [-] Running this scenario without either the 'network' or 'existing_network' context is deprecated
2019-07-06 21:54:10.326 26597 INFO rally.task.runner [-] Task 7164172a-30fc-4597-8d9d-bbf07e9f58ec | ITER: 19 START
2019-07-06 21:54:10.327 26597 WARNING rally_openstack.scenarios.neutron.utils [-] Running this scenario without either the 'network' or 'existing_network' context is deprecated
2019-07-06 21:54:10.328 26606 INFO rally.task.runner [-] Task 7164172a-30fc-4597-8d9d-bbf07e9f58ec | ITER: 20 START
2019-07-06 21:54:10.329 26606 WARNING rally_openstack.scenarios.neutron.utils [-] Running this scenario without either the 'network' or 'existing_network' context is deprecated
2019-07-06 21:54:23.147 26594 INFO rally.task.runner [-] Task 7164172a-30fc-4597-8d9d-bbf07e9f58ec | ITER: 16 END: OK
2019-07-06 21:54:23.152 26594 INFO rally.task.runner [-] Task 7164172a-30fc-4597-8d9d-bbf07e9f58ec | ITER: 21 START
2019-07-06 21:54:23.152 26594 WARNING rally_openstack.scenarios.neutron.utils [-] Running this scenario without either the 'network' or 'existing_network' context is deprecated
2019-07-06 21:54:23.210 26579 INFO rally.task.runner [-] Task 7164172a-30fc-4597-8d9d-bbf07e9f58ec | ITER: 5 END: OK
2019-07-06 21:54:23.215 26579 INFO rally.task.runner [-] Task 7164172a-30fc-4597-8d9d-bbf07e9f58ec | ITER: 22 START
2019-07-06 21:54:23.216 26579 WARNING rally_openstack.scenarios.neutron.utils [-] Running this scenario without either the 'network' or 'existing_network' context is deprecated
2019-07-06 21:54:23.415 26578 INFO rally.task.runner [-] Task 7164172a-30fc-4597-8d9d-bbf07e9f58ec | ITER: 3 END: OK
2019-07-06 21:54:23.420 26578 INFO rally.task.runner [-] Task 7164172a-30fc-4597-8d9d-bbf07e9f58ec | ITER: 23 START
2019-07-06 21:54:23.421 26578 WARNING rally_openstack.scenarios.neutron.utils [-] Running this scenario without either the 'network' or 'existing_network' context is deprecated
2019-07-06 21:54:23.691 26606 INFO rally.task.runner [-] Task 7164172a-30fc-4597-8d9d-bbf07e9f58ec | ITER: 20 END: OK
2019-07-06 21:54:23.695 26606 INFO rally.task.runner [-] Task 7164172a-30fc-4597-8d9d-bbf07e9f58ec | ITER: 24 START
2019-07-06 21:54:23.696 26606 WARNING rally_openstack.scenarios.neutron.utils [-] Running this scenario without either the 'network' or 'existing_network' context is deprecated
2019-07-06 21:54:24.195 26580 INFO rally.task.runner [-] Task 7164172a-30fc-4597-8d9d-bbf07e9f58ec | ITER: 6 END: OK
2019-07-06 21:54:24.200 26580 INFO rally.task.runner [-] Task 7164172a-30fc-4597-8d9d-bbf07e9f58ec | ITER: 25 START
2019-07-06 21:54:24.200 26580 WARNING rally_openstack.scenarios.neutron.utils [-] Running this scenario without either the 'network' or 'existing_network' context is deprecated
2019-07-06 21:54:24.369 26582 INFO rally.task.runner [-] Task 7164172a-30fc-4597-8d9d-bbf07e9f58ec | ITER: 8 END: OK
2019-07-06 21:54:24.374 26582 INFO rally.task.runner [-] Task 7164172a-30fc-4597-8d9d-bbf07e9f58ec | ITER: 26 START
2019-07-06 21:54:24.374 26582 WARNING rally_openstack.scenarios.neutron.utils [-] Running this scenario without either the 'network' or 'existing_network' context is deprecated
2019-07-06 21:54:24.511 26611 INFO rally.task.runner [-] Task 7164172a-30fc-4597-8d9d-bbf07e9f58ec | ITER: 14 END: OK
2019-07-06 21:54:24.515 26611 INFO rally.task.runner [-] Task 7164172a-30fc-4597-8d9d-bbf07e9f58ec | ITER: 27 START
2019-07-06 21:54:24.516 26611 WARNING rally_openstack.scenarios.neutron.utils [-] Running this scenario without either the 'network' or 'existing_network' context is deprecated
2019-07-06 21:54:24.552 26581 INFO rally.task.runner [-] Task 7164172a-30fc-4597-8d9d-bbf07e9f58ec | ITER: 10 END: OK
2019-07-06 21:54:24.556 26581 INFO rally.task.runner [-] Task 7164172a-30fc-4597-8d9d-bbf07e9f58ec | ITER: 28 START
2019-07-06 21:54:24.557 26581 WARNING rally_openstack.scenarios.neutron.utils [-] Running this scenario without either the 'network' or 'existing_network' context is deprecated
2019-07-06 21:54:24.688 26580 INFO rally.task.runner [-] Task 7164172a-30fc-4597-8d9d-bbf07e9f58ec | ITER: 4 END: OK
2019-07-06 21:54:24.693 26580 INFO rally.task.runner [-] Task 7164172a-30fc-4597-8d9d-bbf07e9f58ec | ITER: 29 START
2019-07-06 21:54:24.693 26580 WARNING rally_openstack.scenarios.neutron.utils [-] Running this scenario without either the 'network' or 'existing_network' context is deprecated
2019-07-06 21:54:24.777 26601 INFO rally.task.runner [-] Task 7164172a-30fc-4597-8d9d-bbf07e9f58ec | ITER: 17 END: OK
2019-07-06 21:54:24.782 26601 INFO rally.task.runner [-] Task 7164172a-30fc-4597-8d9d-bbf07e9f58ec | ITER: 30 START
2019-07-06 21:54:24.783 26601 WARNING rally_openstack.scenarios.neutron.utils [-] Running this scenario without either the 'network' or 'existing_network' context is deprecated
2019-07-06 21:54:24.827 26610 INFO rally.task.runner [-] Task 7164172a-30fc-4597-8d9d-bbf07e9f58ec | ITER: 13 END: OK
2019-07-06 21:54:24.831 26610 INFO rally.task.runner [-] Task 7164172a-30fc-4597-8d9d-bbf07e9f58ec | ITER: 31 START
2019-07-06 21:54:24.832 26610 WARNING rally_openstack.scenarios.neutron.utils [-] Running this scenario without either the 'network' or 'existing_network' context is deprecated
2019-07-06 21:54:24.890 26592 INFO rally.task.runner [-] Task 7164172a-30fc-4597-8d9d-bbf07e9f58ec | ITER: 12 END: OK
2019-07-06 21:54:24.893 26592 INFO rally.task.runner [-] Task 7164172a-30fc-4597-8d9d-bbf07e9f58ec | ITER: 32 START
2019-07-06 21:54:24.894 26592 WARNING rally_openstack.scenarios.neutron.utils [-] Running this scenario without either the 'network' or 'existing_network' context is deprecated
2019-07-06 21:54:25.172 26578 INFO rally.task.runner [-] Task 7164172a-30fc-4597-8d9d-bbf07e9f58ec | ITER: 1 END: OK
2019-07-06 21:54:25.176 26578 INFO rally.task.runner [-] Task 7164172a-30fc-4597-8d9d-bbf07e9f58ec | ITER: 33 START
2019-07-06 21:54:25.177 26578 WARNING rally_openstack.scenarios.neutron.utils [-] Running this scenario without either the 'network' or 'existing_network' context is deprecated
2019-07-06 21:54:25.681 26587 INFO rally.task.runner [-] Task 7164172a-30fc-4597-8d9d-bbf07e9f58ec | ITER: 11 END: OK
2019-07-06 21:54:25.685 26587 INFO rally.task.runner [-] Task 7164172a-30fc-4597-8d9d-bbf07e9f58ec | ITER: 34 START
2019-07-06 21:54:25.685 26587 WARNING rally_openstack.scenarios.neutron.utils [-] Running this scenario without either the 'network' or 'existing_network' context is deprecated
2019-07-06 21:54:25.824 26584 INFO rally.task.runner [-] Task 7164172a-30fc-4597-8d9d-bbf07e9f58ec | ITER: 9 END: OK
2019-07-06 21:54:25.829 26584 INFO rally.task.runner [-] Task 7164172a-30fc-4597-8d9d-bbf07e9f58ec | ITER: 35 START
2019-07-06 21:54:25.829 26584 WARNING rally_openstack.scenarios.neutron.utils [-] Running this scenario without either the 'network' or 'existing_network' context is deprecated
2019-07-06 21:54:26.157 26612 INFO rally.task.runner [-] Task 7164172a-30fc-4597-8d9d-bbf07e9f58ec | ITER: 15 END: OK
2019-07-06 21:54:26.161 26612 INFO rally.task.runner [-] Task 7164172a-30fc-4597-8d9d-bbf07e9f58ec | ITER: 36 START
2019-07-06 21:54:26.162 26612 WARNING rally_openstack.scenarios.neutron.utils [-] Running this scenario without either the 'network' or 'existing_network' context is deprecated
2019-07-06 21:54:26.197 26581 INFO rally.task.runner [-] Task 7164172a-30fc-4597-8d9d-bbf07e9f58ec | ITER: 7 END: OK
2019-07-06 21:54:26.201 26581 INFO rally.task.runner [-] Task 7164172a-30fc-4597-8d9d-bbf07e9f58ec | ITER: 37 START
2019-07-06 21:54:26.202 26581 WARNING rally_openstack.scenarios.neutron.utils [-] Running this scenario without either the 'network' or 'existing_network' context is deprecated
2019-07-06 21:54:26.614 26579 INFO rally.task.runner [-] Task 7164172a-30fc-4597-8d9d-bbf07e9f58ec | ITER: 2 END: OK
2019-07-06 21:54:26.618 26579 INFO rally.task.runner [-] Task 7164172a-30fc-4597-8d9d-bbf07e9f58ec | ITER: 38 START
2019-07-06 21:54:26.619 26579 WARNING rally_openstack.scenarios.neutron.utils [-] Running this scenario without either the 'network' or 'existing_network' context is deprecated
2019-07-06 21:54:26.631 26599 INFO rally.task.runner [-] Task 7164172a-30fc-4597-8d9d-bbf07e9f58ec | ITER: 18 END: OK
2019-07-06 21:54:26.636 26599 INFO rally.task.runner [-] Task 7164172a-30fc-4597-8d9d-bbf07e9f58ec | ITER: 39 START
2019-07-06 21:54:26.637 26599 WARNING rally_openstack.scenarios.neutron.utils [-] Running this scenario without either the 'network' or 'existing_network' context is deprecated
2019-07-06 21:54:26.692 26597 INFO rally.task.runner [-] Task 7164172a-30fc-4597-8d9d-bbf07e9f58ec | ITER: 19 END: OK
2019-07-06 21:54:26.696 26597 INFO rally.task.runner [-] Task 7164172a-30fc-4597-8d9d-bbf07e9f58ec | ITER: 40 START
2019-07-06 21:54:26.697 26597 WARNING rally_openstack.scenarios.neutron.utils [-] Running this scenario without either the 'network' or 'existing_network' context is deprecated
2019-07-06 21:54:35.269 26594 INFO rally.task.runner [-] Task 7164172a-30fc-4597-8d9d-bbf07e9f58ec | ITER: 21 END: OK
2019-07-06 21:54:36.974 26606 INFO rally.task.runner [-] Task 7164172a-30fc-4597-8d9d-bbf07e9f58ec | ITER: 24 END: OK
2019-07-06 21:54:37.799 26581 INFO rally.task.runner [-] Task 7164172a-30fc-4597-8d9d-bbf07e9f58ec | ITER: 28 END: OK
2019-07-06 21:54:38.083 26578 INFO rally.task.runner [-] Task 7164172a-30fc-4597-8d9d-bbf07e9f58ec | ITER: 23 END: OK
2019-07-06 21:54:38.368 26592 INFO rally.task.runner [-] Task 7164172a-30fc-4597-8d9d-bbf07e9f58ec | ITER: 32 END: OK
2019-07-06 21:54:38.607 26582 INFO rally.task.runner [-] Task 7164172a-30fc-4597-8d9d-bbf07e9f58ec | ITER: 26 END: OK
2019-07-06 21:54:38.633 26587 INFO rally.task.runner [-] Task 7164172a-30fc-4597-8d9d-bbf07e9f58ec | ITER: 34 END: OK
2019-07-06 21:54:38.868 26612 INFO rally.task.runner [-] Task 7164172a-30fc-4597-8d9d-bbf07e9f58ec | ITER: 36 END: OK
2019-07-06 21:54:38.936 26611 INFO rally.task.runner [-] Task 7164172a-30fc-4597-8d9d-bbf07e9f58ec | ITER: 27 END: OK
2019-07-06 21:54:39.022 26579 INFO rally.task.runner [-] Task 7164172a-30fc-4597-8d9d-bbf07e9f58ec | ITER: 22 END: OK
2019-07-06 21:54:39.077 26580 INFO rally.task.runner [-] Task 7164172a-30fc-4597-8d9d-bbf07e9f58ec | ITER: 29 END: OK
2019-07-06 21:54:39.128 26584 INFO rally.task.runner [-] Task 7164172a-30fc-4597-8d9d-bbf07e9f58ec | ITER: 35 END: OK
2019-07-06 21:54:39.632 26610 INFO rally.task.runner [-] Task 7164172a-30fc-4597-8d9d-bbf07e9f58ec | ITER: 31 END: OK
2019-07-06 21:54:40.039 26580 INFO rally.task.runner [-] Task 7164172a-30fc-4597-8d9d-bbf07e9f58ec | ITER: 25 END: OK
2019-07-06 21:54:40.287 26578 INFO rally.task.runner [-] Task 7164172a-30fc-4597-8d9d-bbf07e9f58ec | ITER: 33 END: OK
2019-07-06 21:54:40.296 26601 INFO rally.task.runner [-] Task 7164172a-30fc-4597-8d9d-bbf07e9f58ec | ITER: 30 END: OK
2019-07-06 21:54:40.630 26597 INFO rally.task.runner [-] Task 7164172a-30fc-4597-8d9d-bbf07e9f58ec | ITER: 40 END: OK
2019-07-06 21:54:40.859 26599 INFO rally.task.runner [-] Task 7164172a-30fc-4597-8d9d-bbf07e9f58ec | ITER: 39 END: OK
2019-07-06 21:54:41.000 26579 INFO rally.task.runner [-] Task 7164172a-30fc-4597-8d9d-bbf07e9f58ec | ITER: 38 END: OK
2019-07-06 21:54:41.314 26581 INFO rally.task.runner [-] Task 7164172a-30fc-4597-8d9d-bbf07e9f58ec | ITER: 37 END: OK
2019-07-06 21:54:41.339 22702 INFO rally.task.context [-] Task 7164172a-30fc-4597-8d9d-bbf07e9f58ec | Context cleanup@openstack cleanup() started
2019-07-06 21:54:41.342 22702 RALLYDEBUG rally_openstack.cleanup.manager [-] Cleaning up neutron vip objects
2019-07-06 21:54:42.002 22702 RALLYDEBUG rally_openstack.cleanup.manager [-] Cleaning up neutron health_monitor objects
2019-07-06 21:54:42.736 22702 RALLYDEBUG rally_openstack.cleanup.manager [-] Cleaning up neutron pool objects
2019-07-06 21:54:43.504 22702 RALLYDEBUG rally_openstack.cleanup.manager [-] Cleaning up neutron loadbalancer objects
2019-07-06 21:54:44.236 22702 RALLYDEBUG rally_openstack.cleanup.manager [-] Cleaning up neutron floatingip objects
2019-07-06 21:54:44.933 22702 RALLYDEBUG rally_openstack.cleanup.manager [-] Cleaning up neutron port objects
2019-07-06 21:54:46.153 22702 RALLYDEBUG rally_openstack.cleanup.manager [-] Deleting neutron.port object s_rally_baf90d9c_s2keBrFu (00cfdfe0-1d00-467b-89b9-20936323504b)
2019-07-06 21:54:46.159 22702 RALLYDEBUG rally_openstack.cleanup.manager [-] Deleting neutron.port object s_rally_baf90d9c_ZTesxvh4 (085054b8-4ee5-445d-ae9c-4d9e52cfa097)
2019-07-06 21:54:46.164 22702 RALLYDEBUG rally_openstack.cleanup.manager [-] Deleting neutron.port object s_rally_baf90d9c_G345eIPu (093020df-0e13-4a66-91b3-02e3206a427a)
2019-07-06 21:54:46.168 22702 RALLYDEBUG rally_openstack.cleanup.manager [-] Deleting neutron.port object s_rally_baf90d9c_VEck4Kgm (01606275-73a1-45a9-b370-f3840f77bff9)
2019-07-06 21:54:46.169 22702 RALLYDEBUG rally_openstack.cleanup.manager [-] Deleting neutron.port object s_rally_baf90d9c_Qh7ACViI (04bc4df9-4aec-4a3b-ad0a-775abbf52537)
2019-07-06 21:54:46.173 22702 RALLYDEBUG rally_openstack.cleanup.manager [-] Deleting neutron.port object s_rally_baf90d9c_sGlwJhQE (030d71d5-f84d-41c1-b134-9739e93b1d28)
2019-07-06 21:54:46.175 22702 RALLYDEBUG rally_openstack.cleanup.manager [-] Deleting neutron.port object s_rally_baf90d9c_919wWzEa (060bf0ba-16a8-40d4-baac-7f6ae48d7e56)
2019-07-06 21:54:46.182 22702 RALLYDEBUG rally_openstack.cleanup.manager [-] Deleting neutron.port object s_rally_baf90d9c_Wrxid0sf (09d80143-1b3d-4698-8d42-2f66af26951d)
2019-07-06 21:54:46.193 22702 RALLYDEBUG rally_openstack.cleanup.manager [-] Deleting neutron.port object s_rally_baf90d9c_EAk4nC9J (0cfbcf49-4279-45e3-86e9-1c5f466d3bba)
2019-07-06 21:54:46.193 22702 RALLYDEBUG rally_openstack.cleanup.manager [-] Deleting neutron.port object s_rally_baf90d9c_F9p1m6Vo (005fbc44-2f7a-4158-b5a7-067efbe59795)
2019-07-06 21:54:46.200 22702 RALLYDEBUG rally_openstack.cleanup.manager [-] Deleting neutron.port object s_rally_baf90d9c_JzoxIHAU (0d1498c3-7dda-4a37-ba88-f06e7aba40b8)
2019-07-06 21:54:46.203 22702 RALLYDEBUG rally_openstack.cleanup.manager [-] Deleting neutron.port object s_rally_baf90d9c_WH846wXS (07420875-73a1-4097-9d39-cd34bf5901d4)
2019-07-06 21:54:46.206 22702 RALLYDEBUG rally_openstack.cleanup.manager [-] Deleting neutron.port object s_rally_baf90d9c_MadrwxhD (0ba9616c-1faa-4f67-87f7-389b886db2de)
2019-07-06 21:54:46.219 22702 RALLYDEBUG rally_openstack.cleanup.manager [-] Deleting neutron.port object s_rally_baf90d9c_U1ehFIig (0fa6718a-f596-4eef-a567-72d376c1e60d)
2019-07-06 21:54:46.225 22702 RALLYDEBUG rally_openstack.cleanup.manager [-] Deleting neutron.port object s_rally_baf90d9c_jjh1A6Xz (1112bd24-e7bb-4ebf-9ed1-edec23fb1119)
2019-07-06 21:54:46.260 22702 RALLYDEBUG rally_openstack.cleanup.manager [-] Deleting neutron.port object s_rally_baf90d9c_ZuqRwWbu (17bbb9f7-e102-4ad4-98c3-9b4729501b3a)
2019-07-06 21:54:46.270 22702 RALLYDEBUG rally_openstack.cleanup.manager [-] Deleting neutron.port object s_rally_baf90d9c_K0OBi37B (172af9c4-9800-4982-99bc-c0d046e73d97)
2019-07-06 21:54:46.272 22702 RALLYDEBUG rally_openstack.cleanup.manager [-] Deleting neutron.port object s_rally_baf90d9c_407pSncs (11d7026e-ad8c-4a68-9b1f-1b1c045ffb6c)
2019-07-06 21:54:46.275 22702 RALLYDEBUG rally_openstack.cleanup.manager [-] Deleting neutron.port object s_rally_baf90d9c_zSYiP8rl (16e1b841-ed88-4ecc-93ab-a933e3ac1465)
2019-07-06 21:54:46.293 22702 RALLYDEBUG rally_openstack.cleanup.manager [-] Deleting neutron.port object s_rally_baf90d9c_DHZbCcUe (192a96a7-ec54-42c8-829b-0b80bbb912e4)
2019-07-06 21:54:48.802 22702 RALLYDEBUG rally_openstack.cleanup.manager [-] Deleting neutron.port object s_rally_baf90d9c_I0Zxf6lb (1afa39f2-6cc3-4947-96fe-2c25ec705ed0)
2019-07-06 21:54:48.808 22702 RALLYDEBUG rally_openstack.cleanup.manager [-] Deleting neutron.port object s_rally_baf90d9c_72vab7zK (1c0c2c34-db70-482a-b81a-a1f20b7a78d5)
2019-07-06 21:54:48.990 22702 RALLYDEBUG rally_openstack.cleanup.manager [-] Deleting neutron.port object s_rally_baf90d9c_KERLyNpD (1cbaeab0-12ab-437c-be6b-90973b03dcc0)
2019-07-06 21:54:49.084 22702 RALLYDEBUG rally_openstack.cleanup.manager [-] Deleting neutron.port object s_rally_baf90d9c_Ig9jWo55 (1e82bc97-ebbe-45fc-ad31-4105e06f3914)
2019-07-06 21:54:49.121 22702 RALLYDEBUG rally_openstack.cleanup.manager [-] Deleting neutron.port object s_rally_baf90d9c_ClQbJXXR (1ef55352-9327-477f-aa35-a81e6d461fb9)
2019-07-06 21:54:49.267 22702 RALLYDEBUG rally_openstack.cleanup.manager [-] Deleting neutron.port object s_rally_baf90d9c_jJrWD5to (21b0576b-dee2-4020-9bae-6b009cc1ee17)
2019-07-06 21:54:49.281 22702 RALLYDEBUG rally_openstack.cleanup.manager [-] Deleting neutron.port object s_rally_baf90d9c_9olj4ZBd (22772fb0-86a6-4a0a-9a23-2f9f1543d278)
2019-07-06 21:54:49.284 22702 RALLYDEBUG rally_openstack.cleanup.manager [-] Deleting neutron.port object s_rally_baf90d9c_WMdkUwU2 (2503fe5c-fac9-41f2-bf54-b39100e671c1)
2019-07-06 21:54:49.339 22702 RALLYDEBUG rally_openstack.cleanup.manager [-] Deleting neutron.port object s_rally_baf90d9c_quUr6qOa (25846672-4344-4df6-b6ee-30107a15dc96)
2019-07-06 21:54:49.343 22702 RALLYDEBUG rally_openstack.cleanup.manager [-] Deleting neutron.port object s_rally_baf90d9c_4rVZeG67 (26141398-d532-44ff-9d09-a7998515a3fd)
2019-07-06 21:54:49.391 22702 RALLYDEBUG rally_openstack.cleanup.manager [-] Deleting neutron.port object s_rally_baf90d9c_z4bFqCSG (263569b8-a876-4fb0-ae4b-6e6adac12291)
2019-07-06 21:54:49.408 22702 RALLYDEBUG rally_openstack.cleanup.manager [-] Deleting neutron.port object s_rally_baf90d9c_BqKg1hZi (2659f53e-c2f8-4139-80cd-1d9c595bb8d9)
2019-07-06 21:54:49.452 22702 RALLYDEBUG rally_openstack.cleanup.manager [-] Deleting neutron.port object s_rally_baf90d9c_BKqM6SbM (2987551d-f9e8-490b-a475-72ac2dfa91c0)
2019-07-06 21:54:49.475 22702 RALLYDEBUG rally_openstack.cleanup.manager [-] Deleting neutron.port object s_rally_baf90d9c_mEFFfx2i (29b2822e-4de2-48a7-8ac3-ac04a008dccb)
2019-07-06 21:54:49.511 22702 RALLYDEBUG rally_openstack.cleanup.manager [-] Deleting neutron.port object s_rally_baf90d9c_0PX6Q9RG (2a51b220-c940-43af-b6fe-439acba30edc)
2019-07-06 21:54:49.659 22702 RALLYDEBUG rally_openstack.cleanup.manager [-] Deleting neutron.port object s_rally_baf90d9c_oNZ1muVv (2ac9a174-213a-4e14-9833-15de5500eb95)
2019-07-06 21:54:50.156 22702 RALLYDEBUG rally_openstack.cleanup.manager [-] Deleting neutron.port object s_rally_baf90d9c_4uZ1GrK9 (2b0eea09-f5ff-4dba-b0fe-688d3ad0aafb)
2019-07-06 21:54:50.175 22702 RALLYDEBUG rally_openstack.cleanup.manager [-] Deleting neutron.port object s_rally_baf90d9c_ibJ9W9Ro (2b27d8c1-39d9-4b2c-a357-3b455426d1ea)
2019-07-06 21:54:50.270 22702 RALLYDEBUG rally_openstack.cleanup.manager [-] Deleting neutron.port object s_rally_baf90d9c_HYVEmUs3 (2b91a4af-6939-42c0-a4a5-3231dd0ae0a9)
2019-07-06 21:54:50.305 22702 RALLYDEBUG rally_openstack.cleanup.manager [-] Deleting neutron.port object s_rally_baf90d9c_8SGmLJep (2c998e07-3cfe-45af-bd7d-702ae3966c90)
2019-07-06 21:54:50.949 22702 RALLYDEBUG rally_openstack.cleanup.manager [-] Deleting neutron.port object s_rally_baf90d9c_zODGxXfO (2dca770d-3712-467a-a007-96103844e16c)
2019-07-06 21:54:51.193 22702 RALLYDEBUG rally_openstack.cleanup.manager [-] Deleting neutron.port object s_rally_baf90d9c_eq047INB (2e19cb18-7404-430f-bde6-9c98374e6813)
2019-07-06 21:54:51.306 22702 RALLYDEBUG rally_openstack.cleanup.manager [-] Deleting neutron.port object s_rally_baf90d9c_Hyp6n4ji (2e2e51f5-3b98-47af-9fdc-4fa2d2d05ac8)
2019-07-06 21:54:51.417 22702 RALLYDEBUG rally_openstack.cleanup.manager [-] Deleting neutron.port object s_rally_baf90d9c_pzlftFus (2feb16a4-b400-4ff0-80fa-f925f2b8ffbb)
2019-07-06 21:54:51.605 22702 RALLYDEBUG rally_openstack.cleanup.manager [-] Deleting neutron.port object s_rally_baf90d9c_sXFB6oEg (3207c124-96fc-4364-9e17-49b6f81a47bf)
2019-07-06 21:54:51.666 22702 RALLYDEBUG rally_openstack.cleanup.manager [-] Deleting neutron.port object s_rally_baf90d9c_f5Gjkdje (32243ece-9061-45f2-970e-ec3cff892167)
2019-07-06 21:54:51.776 22702 RALLYDEBUG rally_openstack.cleanup.manager [-] Deleting neutron.port object s_rally_baf90d9c_mHMP3GUr (339b4073-2bc6-442c-a7c5-8951e6aae557)
2019-07-06 21:54:51.896 22702 RALLYDEBUG rally_openstack.cleanup.manager [-] Deleting neutron.port object s_rally_baf90d9c_T8MCz20B (351a58bd-37e2-4ec8-8c14-80935c455744)
2019-07-06 21:54:51.972 22702 RALLYDEBUG rally_openstack.cleanup.manager [-] Deleting neutron.port object s_rally_baf90d9c_fHYTFVN9 (365dfd77-f500-4e4d-8016-1cdeefd24a0c)
2019-07-06 21:54:52.071 22702 RALLYDEBUG rally_openstack.cleanup.manager [-] Deleting neutron.port object s_rally_baf90d9c_oA5lZJrH (385ea975-19ca-45a4-8764-e64f651b589d)
2019-07-06 21:54:52.099 22702 RALLYDEBUG rally_openstack.cleanup.manager [-] Deleting neutron.port object s_rally_baf90d9c_WtxHTTB2 (3ad81b6a-3a1b-419e-aaa7-f8c146b1f8e3)
2019-07-06 21:54:52.135 22702 RALLYDEBUG rally_openstack.cleanup.manager [-] Deleting neutron.port object s_rally_baf90d9c_xYBOYocu (414b61a4-e081-4613-9545-5d4ac1babd78)
2019-07-06 21:54:52.138 22702 RALLYDEBUG rally_openstack.cleanup.manager [-] Deleting neutron.port object s_rally_baf90d9c_XSHVJw8O (4145ccc6-14e3-48e9-a12c-09ee4997b193)
2019-07-06 21:54:52.142 22702 RALLYDEBUG rally_openstack.cleanup.manager [-] Deleting neutron.port object s_rally_baf90d9c_ouhvS5Do (421678ac-f623-4fe3-8015-62aac9be6a4b)
2019-07-06 21:54:52.443 22702 RALLYDEBUG rally_openstack.cleanup.manager [-] Deleting neutron.port object s_rally_baf90d9c_u1j4kZty (421b9227-7f32-46b1-87f2-ab2decb58c14)
2019-07-06 21:54:52.459 22702 RALLYDEBUG rally_openstack.cleanup.manager [-] Deleting neutron.port object s_rally_baf90d9c_RQRQwVWm (430a5a03-2899-414c-ba1a-ee3809fe004a)
2019-07-06 21:54:52.460 22702 RALLYDEBUG rally_openstack.cleanup.manager [-] Deleting neutron.port object s_rally_baf90d9c_7WPhD0sf (43796253-d70b-4850-ae4e-383ab94095c8)
2019-07-06 21:54:52.486 22702 RALLYDEBUG rally_openstack.cleanup.manager [-] Deleting neutron.port object s_rally_baf90d9c_XJVyNnWc (43e7cd53-ad96-48f5-bdc4-fb77e1139d35)
2019-07-06 21:54:52.567 22702 RALLYDEBUG rally_openstack.cleanup.manager [-] Deleting neutron.port object s_rally_baf90d9c_ADzBLvMB (45cea86d-7973-4559-b3ef-333e65a1bc22)
2019-07-06 21:54:52.760 22702 RALLYDEBUG rally_openstack.cleanup.manager [-] Deleting neutron.port object s_rally_baf90d9c_Jmn2lzil (47c06a72-4446-45c9-8d7b-7d35ddf72d25)
2019-07-06 21:54:53.178 22702 RALLYDEBUG rally_openstack.cleanup.manager [-] Deleting neutron.port object s_rally_baf90d9c_Dgnx0HYt (4ab20dae-35d6-4964-942f-f47cba747f3b)
2019-07-06 21:54:53.435 22702 RALLYDEBUG rally_openstack.cleanup.manager [-] Deleting neutron.port object s_rally_baf90d9c_2cpdZjyE (4c0d0932-ab81-44d6-ae6b-9935a8430980)
2019-07-06 21:54:53.498 22702 RALLYDEBUG rally_openstack.cleanup.manager [-] Deleting neutron.port object s_rally_baf90d9c_F39MLDDH (4d35ab85-a900-4c34-98ac-0ad97de2bf9f)
2019-07-06 21:54:53.557 22702 RALLYDEBUG rally_openstack.cleanup.manager [-] Deleting neutron.port object s_rally_baf90d9c_tpiHnP2H (4e434aa7-9c49-4e44-bf62-370c19c69b53)
2019-07-06 21:54:53.976 22702 RALLYDEBUG rally_openstack.cleanup.manager [-] Deleting neutron.port object s_rally_baf90d9c_j1yYvWBb (4e77889e-062f-4f12-9391-f314b52220db)
2019-07-06 21:54:54.039 22702 RALLYDEBUG rally_openstack.cleanup.manager [-] Deleting neutron.port object s_rally_baf90d9c_AUSZ1FuQ (4ed5c032-f4a7-4913-93d8-673dbf19f266)
2019-07-06 21:54:54.170 22702 RALLYDEBUG rally_openstack.cleanup.manager [-] Deleting neutron.port object s_rally_baf90d9c_xtjfSZ9i (50db08c9-9e72-42b4-8de8-41d0e788c911)
2019-07-06 21:54:54.214 22702 RALLYDEBUG rally_openstack.cleanup.manager [-] Deleting neutron.port object s_rally_baf90d9c_gL8kf1W8 (52125283-c2e0-40ec-a8c2-6aab7f4c2361)
2019-07-06 21:54:54.394 22702 RALLYDEBUG rally_openstack.cleanup.manager [-] Deleting neutron.port object s_rally_baf90d9c_lcf5goO4 (52cf0fb7-06f2-437d-bc6d-cee342890923)
