2019-07-06 21:39:15.827 24796 WARNING rally_openstack.scenarios.neutron.utils [-] Running this scenario without either the 'network' or 'existing_network' context is deprecated
2019-07-06 21:39:15.828 24798 WARNING rally_openstack.scenarios.neutron.utils [-] Running this scenario without either the 'network' or 'existing_network' context is deprecated
2019-07-06 21:39:15.829 24807 INFO rally.task.runner [-] Task 7164172a-30fc-4597-8d9d-bbf07e9f58ec | ITER: 10 START
2019-07-06 21:39:15.829 24813 RALLYDEBUG rally.task.runner [-] Starting a worker. concurrency: 1 args: {"network_create_args": {}, "subnet_create_args": {}, "subnet_cidr_start": "1.1.0.0/30", "subnets_per_network": 2} times: 40 method_name: run timeout: 0 duration: None cls:
2019-07-06 21:39:15.830 24807 WARNING rally_openstack.scenarios.neutron.utils [-] Running this scenario without either the 'network' or 'existing_network' context is deprecated
2019-07-06 21:39:15.829 24798 WARNING rally_openstack.scenarios.neutron.utils [-] Running this scenario without either the 'network' or 'existing_network' context is deprecated
2019-07-06 21:39:15.835 24800 INFO rally.task.runner [-] Task 7164172a-30fc-4597-8d9d-bbf07e9f58ec | ITER: 8 START
2019-07-06 21:39:15.836 24800 WARNING rally_openstack.scenarios.neutron.utils [-] Running this scenario without either the 'network' or 'existing_network' context is deprecated
2019-07-06 21:39:15.836 24813 INFO rally.task.runner [-] Task 7164172a-30fc-4597-8d9d-bbf07e9f58ec | ITER: 11 START
2019-07-06 21:39:15.838 24813 WARNING rally_openstack.scenarios.neutron.utils [-] Running this scenario without either the 'network' or 'existing_network' context is deprecated
2019-07-06 21:39:15.840 24817 RALLYDEBUG rally.task.runner [-] Starting a worker. concurrency: 1 args: {"network_create_args": {}, "subnet_create_args": {}, "subnet_cidr_start": "1.1.0.0/30", "subnets_per_network": 2} times: 40 method_name: run timeout: 0 duration: None cls:
2019-07-06 21:39:15.840 24820 RALLYDEBUG rally.task.runner [-] Starting a worker. concurrency: 1 args: {"network_create_args": {}, "subnet_create_args": {}, "subnet_cidr_start": "1.1.0.0/30", "subnets_per_network": 2} times: 40 method_name: run timeout: 0 duration: None cls:
2019-07-06 21:39:15.841 24823 RALLYDEBUG rally.task.runner [-] Starting a worker. concurrency: 1 args: {"network_create_args": {}, "subnet_create_args": {}, "subnet_cidr_start": "1.1.0.0/30", "subnets_per_network": 2} times: 40 method_name: run timeout: 0 duration: None cls:
2019-07-06 21:39:15.845 24823 INFO rally.task.runner [-] Task 7164172a-30fc-4597-8d9d-bbf07e9f58ec | ITER: 14 START
2019-07-06 21:39:15.847 24823 WARNING rally_openstack.scenarios.neutron.utils [-] Running this scenario without either the 'network' or 'existing_network' context is deprecated
2019-07-06 21:39:15.847 24820 INFO rally.task.runner [-] Task 7164172a-30fc-4597-8d9d-bbf07e9f58ec | ITER: 13 START
2019-07-06 21:39:15.848 24820 WARNING rally_openstack.scenarios.neutron.utils [-] Running this scenario without either the 'network' or 'existing_network' context is deprecated
2019-07-06 21:39:15.850 24817 INFO rally.task.runner [-] Task 7164172a-30fc-4597-8d9d-bbf07e9f58ec | ITER: 12 START
2019-07-06 21:39:15.851 24824 RALLYDEBUG rally.task.runner [-] Starting a worker. concurrency: 1 args: {"network_create_args": {}, "subnet_create_args": {}, "subnet_cidr_start": "1.1.0.0/30", "subnets_per_network": 2} times: 40 method_name: run timeout: 0 duration: None cls:
2019-07-06 21:39:15.852 24817 WARNING rally_openstack.scenarios.neutron.utils [-] Running this scenario without either the 'network' or 'existing_network' context is deprecated
2019-07-06 21:39:15.861 24824 INFO rally.task.runner [-] Task 7164172a-30fc-4597-8d9d-bbf07e9f58ec | ITER: 15 START
2019-07-06 21:39:15.862 24824 WARNING rally_openstack.scenarios.neutron.utils [-] Running this scenario without either the 'network' or 'existing_network' context is deprecated
2019-07-06 21:39:15.862 24832 RALLYDEBUG rally.task.runner [-] Starting a worker. concurrency: 1 args: {"network_create_args": {}, "subnet_create_args": {}, "subnet_cidr_start": "1.1.0.0/30", "subnets_per_network": 2} times: 40 method_name: run timeout: 0 duration: None cls:
2019-07-06 21:39:15.868 24832 INFO rally.task.runner [-] Task 7164172a-30fc-4597-8d9d-bbf07e9f58ec | ITER: 16 START
2019-07-06 21:39:15.869 24832 WARNING rally_openstack.scenarios.neutron.utils [-] Running this scenario without either the 'network' or 'existing_network' context is deprecated
2019-07-06 21:39:15.871 24834 RALLYDEBUG rally.task.runner [-] Starting a worker. concurrency: 1 args: {"network_create_args": {}, "subnet_create_args": {}, "subnet_cidr_start": "1.1.0.0/30", "subnets_per_network": 2} times: 40 method_name: run timeout: 0 duration: None cls:
2019-07-06 21:39:15.876 24834 INFO rally.task.runner [-] Task 7164172a-30fc-4597-8d9d-bbf07e9f58ec | ITER: 17 START
2019-07-06 21:39:15.877 24834 WARNING rally_openstack.scenarios.neutron.utils [-] Running this scenario without either the 'network' or 'existing_network' context is deprecated
2019-07-06 21:39:15.877 24837 RALLYDEBUG rally.task.runner [-] Starting a worker. concurrency: 1 args: {"network_create_args": {}, "subnet_create_args": {}, "subnet_cidr_start": "1.1.0.0/30", "subnets_per_network": 2} times: 40 method_name: run timeout: 0 duration: None cls:
2019-07-06 21:39:15.881 24840 RALLYDEBUG rally.task.runner [-] Starting a worker. concurrency: 1 args: {"network_create_args": {}, "subnet_create_args": {}, "subnet_cidr_start": "1.1.0.0/30", "subnets_per_network": 2} times: 40 method_name: run timeout: 0 duration: None cls:
2019-07-06 21:39:15.883 24837 INFO rally.task.runner [-] Task 7164172a-30fc-4597-8d9d-bbf07e9f58ec | ITER: 18 START
2019-07-06 21:39:15.884 24837 WARNING rally_openstack.scenarios.neutron.utils [-] Running this scenario without either the 'network' or 'existing_network' context is deprecated
2019-07-06 21:39:15.884 24840 INFO rally.task.runner [-] Task 7164172a-30fc-4597-8d9d-bbf07e9f58ec | ITER: 19 START
2019-07-06 21:39:15.886 24840 WARNING rally_openstack.scenarios.neutron.utils [-] Running this scenario without either the 'network' or 'existing_network' context is deprecated
2019-07-06 21:39:15.887 24843 RALLYDEBUG rally.task.runner [-] Starting a worker. concurrency: 1 args: {"network_create_args": {}, "subnet_create_args": {}, "subnet_cidr_start": "1.1.0.0/30", "subnets_per_network": 2} times: 40 method_name: run timeout: 0 duration: None cls:
2019-07-06 21:39:15.891 24843 INFO rally.task.runner [-] Task 7164172a-30fc-4597-8d9d-bbf07e9f58ec | ITER: 20 START
2019-07-06 21:39:15.892 24843 WARNING rally_openstack.scenarios.neutron.utils [-] Running this scenario without either the 'network' or 'existing_network' context is deprecated
2019-07-06 21:39:17.671 24813 RALLYDEBUG rally_openstack.wrappers.network [-] CIDR generated: 1.1.4.96/30
2019-07-06 21:39:17.845 24797 RALLYDEBUG rally_openstack.wrappers.network [-] CIDR generated: 1.1.4.100/30
2019-07-06 21:39:18.067 24796 RALLYDEBUG rally_openstack.wrappers.network [-] CIDR generated: 1.1.4.104/30
2019-07-06 21:39:18.103 24798 RALLYDEBUG rally_openstack.wrappers.network [-] CIDR generated: 1.1.4.108/30
2019-07-06 21:39:18.139 24840 RALLYDEBUG rally_openstack.wrappers.network [-] CIDR generated: 1.1.4.112/30
2019-07-06 21:39:18.151 24843 RALLYDEBUG rally_openstack.wrappers.network [-] CIDR generated: 1.1.4.116/30
2019-07-06 21:39:18.162 24820 RALLYDEBUG rally_openstack.wrappers.network [-] CIDR generated: 1.1.4.120/30
2019-07-06 21:39:18.175 24837 RALLYDEBUG rally_openstack.wrappers.network [-] CIDR generated: 1.1.4.124/30
2019-07-06 21:39:18.253 24834 RALLYDEBUG rally_openstack.wrappers.network [-] CIDR generated: 1.1.4.128/30
2019-07-06 21:39:18.288 24807 RALLYDEBUG rally_openstack.wrappers.network [-] CIDR generated: 1.1.4.132/30
2019-07-06 21:39:18.300 24800 RALLYDEBUG rally_openstack.wrappers.network [-] CIDR generated: 1.1.4.136/30
2019-07-06 21:39:18.342 24817 RALLYDEBUG rally_openstack.wrappers.network [-] CIDR generated: 1.1.4.140/30
2019-07-06 21:39:18.353 24796 RALLYDEBUG rally_openstack.wrappers.network [-] CIDR generated: 1.1.4.144/30
2019-07-06 21:39:18.396 24804 RALLYDEBUG rally_openstack.wrappers.network [-] CIDR generated: 1.1.4.148/30
2019-07-06 21:39:18.408 24823 RALLYDEBUG rally_openstack.wrappers.network [-] CIDR generated: 1.1.4.152/30
2019-07-06 21:39:18.462 24800 RALLYDEBUG rally_openstack.wrappers.network [-] CIDR generated: 1.1.4.156/30
2019-07-06 21:39:18.480 24798 RALLYDEBUG rally_openstack.wrappers.network [-] CIDR generated: 1.1.4.160/30
2019-07-06 21:39:18.631 24824 RALLYDEBUG rally_openstack.wrappers.network [-] CIDR generated: 1.1.4.164/30
2019-07-06 21:39:20.289 24832 RALLYDEBUG rally_openstack.wrappers.network [-] CIDR generated: 1.1.4.168/30
2019-07-06 21:39:20.558 24797 RALLYDEBUG rally_openstack.wrappers.network [-] CIDR generated: 1.1.4.172/30
2019-07-06 21:39:21.755 24834 RALLYDEBUG rally_openstack.wrappers.network [-] CIDR generated: 1.1.4.176/30
2019-07-06 21:39:21.808 24798 RALLYDEBUG rally_openstack.wrappers.network [-] CIDR generated: 1.1.4.180/30
2019-07-06 21:39:21.887 24796 RALLYDEBUG rally_openstack.wrappers.network [-] CIDR generated: 1.1.4.184/30
2019-07-06 21:39:21.911 24800 RALLYDEBUG rally_openstack.wrappers.network [-] CIDR generated: 1.1.4.188/30
2019-07-06 21:39:22.409 24837 RALLYDEBUG rally_openstack.wrappers.network [-] CIDR generated: 1.1.4.192/30
2019-07-06 21:39:22.434 24823 RALLYDEBUG rally_openstack.wrappers.network [-] CIDR generated: 1.1.4.196/30
2019-07-06 21:39:22.516 24832 RALLYDEBUG rally_openstack.wrappers.network [-] CIDR generated: 1.1.4.200/30
2019-07-06 21:39:22.653 24813 RALLYDEBUG rally_openstack.wrappers.network [-] CIDR generated: 1.1.4.204/30
2019-07-06 21:39:22.948 24824 RALLYDEBUG rally_openstack.wrappers.network [-] CIDR generated: 1.1.4.208/30
2019-07-06 21:39:22.983 24800 RALLYDEBUG rally_openstack.wrappers.network [-] CIDR generated: 1.1.4.212/30
2019-07-06 21:39:23.324 24817 RALLYDEBUG rally_openstack.wrappers.network [-] CIDR generated: 1.1.4.216/30
2019-07-06 21:39:23.405 24843 RALLYDEBUG rally_openstack.wrappers.network [-] CIDR generated: 1.1.4.220/30
2019-07-06 21:39:23.439 24796 RALLYDEBUG rally_openstack.wrappers.network [-] CIDR generated: 1.1.4.224/30
2019-07-06 21:39:23.792 24798 RALLYDEBUG rally_openstack.wrappers.network [-] CIDR generated: 1.1.4.228/30
2019-07-06 21:39:24.639 24804 RALLYDEBUG rally_openstack.wrappers.network [-] CIDR generated: 1.1.4.232/30
2019-07-06 21:39:24.733 24797 RALLYDEBUG rally_openstack.wrappers.network [-] CIDR generated: 1.1.4.236/30
2019-07-06 21:39:24.755 24820 RALLYDEBUG rally_openstack.wrappers.network [-] CIDR generated: 1.1.4.240/30
2019-07-06 21:39:24.804 24807 RALLYDEBUG rally_openstack.wrappers.network [-] CIDR generated: 1.1.4.244/30
2019-07-06 21:39:24.821 24840 RALLYDEBUG rally_openstack.wrappers.network [-] CIDR generated: 1.1.4.248/30
2019-07-06 21:39:25.275 24797 RALLYDEBUG rally_openstack.wrappers.network [-] CIDR generated: 1.1.4.252/30
2019-07-06 21:39:27.149 24834 INFO rally.task.runner [-] Task 7164172a-30fc-4597-8d9d-bbf07e9f58ec | ITER: 17 END: OK
2019-07-06 21:39:27.153 24834 INFO rally.task.runner [-] Task 7164172a-30fc-4597-8d9d-bbf07e9f58ec | ITER: 21 START
2019-07-06 21:39:27.154 24834 WARNING rally_openstack.scenarios.neutron.utils [-] Running this scenario without either the 'network' or 'existing_network' context is deprecated
2019-07-06 21:39:27.743 24800 INFO rally.task.runner [-] Task 7164172a-30fc-4597-8d9d-bbf07e9f58ec | ITER: 6 END: OK
2019-07-06 21:39:27.748 24800 INFO rally.task.runner [-] Task 7164172a-30fc-4597-8d9d-bbf07e9f58ec | ITER: 22 START
2019-07-06 21:39:27.748 24800 WARNING rally_openstack.scenarios.neutron.utils [-] Running this scenario without either the 'network' or 'existing_network' context is deprecated
2019-07-06 21:39:27.892 24813 INFO rally.task.runner [-] Task 7164172a-30fc-4597-8d9d-bbf07e9f58ec | ITER: 11 END: OK
2019-07-06 21:39:27.896 24813 INFO rally.task.runner [-] Task 7164172a-30fc-4597-8d9d-bbf07e9f58ec | ITER: 23 START
2019-07-06 21:39:27.897 24813 WARNING rally_openstack.scenarios.neutron.utils [-] Running this scenario without either the 'network' or 'existing_network' context is deprecated
2019-07-06 21:39:29.266 24796 INFO rally.task.runner [-] Task 7164172a-30fc-4597-8d9d-bbf07e9f58ec | ITER: 1 END: OK
2019-07-06 21:39:29.271 24796 INFO rally.task.runner [-] Task 7164172a-30fc-4597-8d9d-bbf07e9f58ec | ITER: 24 START
2019-07-06 21:39:29.272 24796 WARNING rally_openstack.scenarios.neutron.utils [-] Running this scenario without either the 'network' or 'existing_network' context is deprecated
2019-07-06 21:39:29.314 24798 INFO rally.task.runner [-] Task 7164172a-30fc-4597-8d9d-bbf07e9f58ec | ITER: 5 END: OK
2019-07-06 21:39:29.319 24798 INFO rally.task.runner [-] Task 7164172a-30fc-4597-8d9d-bbf07e9f58ec | ITER: 25 START
2019-07-06 21:39:29.320 24798 WARNING rally_openstack.scenarios.neutron.utils [-] Running this scenario without either the 'network' or 'existing_network' context is deprecated
2019-07-06 21:39:29.937 24832 INFO rally.task.runner [-] Task 7164172a-30fc-4597-8d9d-bbf07e9f58ec | ITER: 16 END: OK
2019-07-06 21:39:29.942 24832 INFO rally.task.runner [-] Task 7164172a-30fc-4597-8d9d-bbf07e9f58ec | ITER: 26 START
2019-07-06 21:39:29.942 24832 WARNING rally_openstack.scenarios.neutron.utils [-] Running this scenario without either the 'network' or 'existing_network' context is deprecated
2019-07-06 21:39:30.209 24800 INFO rally.task.runner [-] Task 7164172a-30fc-4597-8d9d-bbf07e9f58ec | ITER: 8 END: OK
2019-07-06 21:39:30.212 24800 INFO rally.task.runner [-] Task 7164172a-30fc-4597-8d9d-bbf07e9f58ec | ITER: 27 START
2019-07-06 21:39:30.213 24800 WARNING rally_openstack.scenarios.neutron.utils [-] Running this scenario without either the 'network' or 'existing_network' context is deprecated
2019-07-06 21:39:30.310 24817 INFO rally.task.runner [-] Task 7164172a-30fc-4597-8d9d-bbf07e9f58ec | ITER: 12 END: OK
2019-07-06 21:39:30.314 24817 INFO rally.task.runner [-] Task 7164172a-30fc-4597-8d9d-bbf07e9f58ec | ITER: 28 START
2019-07-06 21:39:30.315 24817 WARNING rally_openstack.scenarios.neutron.utils [-] Running this scenario without either the 'network' or 'existing_network' context is deprecated
2019-07-06 21:39:30.551 24834 RALLYDEBUG rally_openstack.wrappers.network [-] CIDR generated: 1.1.5.0/30
2019-07-06 21:39:30.554 24843 INFO rally.task.runner [-] Task 7164172a-30fc-4597-8d9d-bbf07e9f58ec | ITER: 20 END: OK
2019-07-06 21:39:30.558 24843 INFO rally.task.runner [-] Task 7164172a-30fc-4597-8d9d-bbf07e9f58ec | ITER: 29 START
2019-07-06 21:39:30.559 24843 WARNING rally_openstack.scenarios.neutron.utils [-] Running this scenario without either the 'network' or 'existing_network' context is deprecated
2019-07-06 21:39:30.576 24823 INFO rally.task.runner [-] Task 7164172a-30fc-4597-8d9d-bbf07e9f58ec | ITER: 14 END: OK
2019-07-06 21:39:30.579 24823 INFO rally.task.runner [-] Task 7164172a-30fc-4597-8d9d-bbf07e9f58ec | ITER: 30 START
2019-07-06 21:39:30.580 24823 WARNING rally_openstack.scenarios.neutron.utils [-] Running this scenario without either the 'network' or 'existing_network' context is deprecated
2019-07-06 21:39:30.581 24800 RALLYDEBUG rally_openstack.wrappers.network [-] CIDR generated: 1.1.5.4/30
2019-07-06 21:39:30.650 24813 RALLYDEBUG rally_openstack.wrappers.network [-] CIDR generated: 1.1.5.8/30
2019-07-06 21:39:30.834 24796 RALLYDEBUG rally_openstack.wrappers.network [-] CIDR generated: 1.1.5.12/30
2019-07-06 21:39:30.968 24798 RALLYDEBUG rally_openstack.wrappers.network [-] CIDR generated: 1.1.5.16/30
2019-07-06 21:39:31.128 24837 INFO rally.task.runner [-] Task 7164172a-30fc-4597-8d9d-bbf07e9f58ec | ITER: 18 END: OK
2019-07-06 21:39:31.133 24837 INFO rally.task.runner [-] Task 7164172a-30fc-4597-8d9d-bbf07e9f58ec | ITER: 31 START
2019-07-06 21:39:31.134 24837 WARNING rally_openstack.scenarios.neutron.utils [-] Running this scenario without either the 'network' or 'existing_network' context is deprecated
2019-07-06 21:39:31.937 24832 RALLYDEBUG rally_openstack.wrappers.network [-] CIDR generated: 1.1.5.20/30
2019-07-06 21:39:31.942 24800 RALLYDEBUG rally_openstack.wrappers.network [-] CIDR generated: 1.1.5.24/30
2019-07-06 21:39:32.014 24823 RALLYDEBUG rally_openstack.wrappers.network [-] CIDR generated: 1.1.5.28/30
2019-07-06 21:39:32.181 24797 INFO rally.task.runner [-] Task 7164172a-30fc-4597-8d9d-bbf07e9f58ec | ITER: 3 END: OK
2019-07-06 21:39:32.185 24797 INFO rally.task.runner [-] Task 7164172a-30fc-4597-8d9d-bbf07e9f58ec | ITER: 32 START
2019-07-06 21:39:32.186 24797 WARNING rally_openstack.scenarios.neutron.utils [-] Running this scenario without either the 'network' or 'existing_network' context is deprecated
2019-07-06 21:39:32.427 24796 INFO rally.task.runner [-] Task 7164172a-30fc-4597-8d9d-bbf07e9f58ec | ITER: 2 END: OK
2019-07-06 21:39:32.430 24796 INFO rally.task.runner [-] Task 7164172a-30fc-4597-8d9d-bbf07e9f58ec | ITER: 33 START
2019-07-06 21:39:32.431 24796 WARNING rally_openstack.scenarios.neutron.utils [-] Running this scenario without either the 'network' or 'existing_network' context is deprecated
2019-07-06 21:39:32.584 24817 RALLYDEBUG rally_openstack.wrappers.network [-] CIDR generated: 1.1.5.32/30
2019-07-06 21:39:32.594 24843 RALLYDEBUG rally_openstack.wrappers.network [-] CIDR generated: 1.1.5.36/30
2019-07-06 21:39:32.623 24820 INFO rally.task.runner [-] Task 7164172a-30fc-4597-8d9d-bbf07e9f58ec | ITER: 13 END: OK
2019-07-06 21:39:32.627 24820 INFO rally.task.runner [-] Task 7164172a-30fc-4597-8d9d-bbf07e9f58ec | ITER: 34 START
2019-07-06 21:39:32.627 24820 WARNING rally_openstack.scenarios.neutron.utils [-] Running this scenario without either the 'network' or 'existing_network' context is deprecated
2019-07-06 21:39:32.629 24804 INFO rally.task.runner [-] Task 7164172a-30fc-4597-8d9d-bbf07e9f58ec | ITER: 9 END: OK
2019-07-06 21:39:32.632 24804 INFO rally.task.runner [-] Task 7164172a-30fc-4597-8d9d-bbf07e9f58ec | ITER: 35 START
2019-07-06 21:39:32.633 24804 WARNING rally_openstack.scenarios.neutron.utils [-] Running this scenario without either the 'network' or 'existing_network' context is deprecated
2019-07-06 21:39:32.835 24840 INFO rally.task.runner [-] Task 7164172a-30fc-4597-8d9d-bbf07e9f58ec | ITER: 19 END: OK
2019-07-06 21:39:32.839 24840 INFO rally.task.runner [-] Task 7164172a-30fc-4597-8d9d-bbf07e9f58ec | ITER: 36 START
2019-07-06 21:39:32.839 24840 WARNING rally_openstack.scenarios.neutron.utils [-] Running this scenario without either the 'network' or 'existing_network' context is deprecated
2019-07-06 21:39:33.071 24797 INFO rally.task.runner [-] Task 7164172a-30fc-4597-8d9d-bbf07e9f58ec | ITER: 4 END: OK
2019-07-06 21:39:33.075 24797 INFO rally.task.runner [-] Task 7164172a-30fc-4597-8d9d-bbf07e9f58ec | ITER: 37 START
2019-07-06 21:39:33.075 24797 WARNING rally_openstack.scenarios.neutron.utils [-] Running this scenario without either the 'network' or 'existing_network' context is deprecated
2019-07-06 21:39:33.079 24837 RALLYDEBUG rally_openstack.wrappers.network [-] CIDR generated: 1.1.5.40/30
2019-07-06 21:39:33.301 24813 RALLYDEBUG rally_openstack.wrappers.network [-] CIDR generated: 1.1.5.44/30
2019-07-06 21:39:33.379 24798 RALLYDEBUG rally_openstack.wrappers.network [-] CIDR generated: 1.1.5.48/30
2019-07-06 21:39:33.515 24796 RALLYDEBUG rally_openstack.wrappers.network [-] CIDR generated: 1.1.5.52/30
2019-07-06 21:39:33.549 24807 INFO rally.task.runner [-] Task 7164172a-30fc-4597-8d9d-bbf07e9f58ec | ITER: 10 END: OK
2019-07-06 21:39:33.553 24807 INFO rally.task.runner [-] Task 7164172a-30fc-4597-8d9d-bbf07e9f58ec | ITER: 38 START
2019-07-06 21:39:33.554 24807 WARNING rally_openstack.scenarios.neutron.utils [-] Running this scenario without either the 'network' or 'existing_network' context is deprecated
2019-07-06 21:39:33.705 24834 RALLYDEBUG rally_openstack.wrappers.network [-] CIDR generated: 1.1.5.56/30
2019-07-06 21:39:33.716 24824 INFO rally.task.runner [-] Task 7164172a-30fc-4597-8d9d-bbf07e9f58ec | ITER: 15 END: OK
2019-07-06 21:39:33.720 24824 INFO rally.task.runner [-] Task 7164172a-30fc-4597-8d9d-bbf07e9f58ec | ITER: 39 START
2019-07-06 21:39:33.721 24824 WARNING rally_openstack.scenarios.neutron.utils [-] Running this scenario without either the 'network' or 'existing_network' context is deprecated
2019-07-06 21:39:33.823 24800 RALLYDEBUG rally_openstack.wrappers.network [-] CIDR generated: 1.1.5.60/30
2019-07-06 21:39:34.010 24823 RALLYDEBUG rally_openstack.wrappers.network [-] CIDR generated: 1.1.5.64/30
2019-07-06 21:39:34.028 24820 RALLYDEBUG rally_openstack.wrappers.network [-] CIDR generated: 1.1.5.68/30
2019-07-06 21:39:34.060 24797 RALLYDEBUG rally_openstack.wrappers.network [-] CIDR generated: 1.1.5.72/30
2019-07-06 21:39:34.126 24804 RALLYDEBUG rally_openstack.wrappers.network [-] CIDR generated: 1.1.5.76/30
2019-07-06 21:39:34.208 24800 RALLYDEBUG rally_openstack.wrappers.network [-] CIDR generated: 1.1.5.80/30
2019-07-06 21:39:35.294 24840 RALLYDEBUG rally_openstack.wrappers.network [-] CIDR generated: 1.1.5.84/30
2019-07-06 21:39:35.439 24832 RALLYDEBUG rally_openstack.wrappers.network [-] CIDR generated: 1.1.5.88/30
2019-07-06 21:39:35.453 24798 INFO rally.task.runner [-] Task 7164172a-30fc-4597-8d9d-bbf07e9f58ec | ITER: 7 END: OK
2019-07-06 21:39:35.457 24798 INFO rally.task.runner [-] Task 7164172a-30fc-4597-8d9d-bbf07e9f58ec | ITER: 40 START
2019-07-06 21:39:35.458 24798 WARNING rally_openstack.scenarios.neutron.utils [-] Running this scenario without either the 'network' or 'existing_network' context is deprecated
2019-07-06 21:39:35.995 24797 RALLYDEBUG rally_openstack.wrappers.network [-] CIDR generated: 1.1.5.92/30
2019-07-06 21:39:36.014 24796 RALLYDEBUG rally_openstack.wrappers.network [-] CIDR generated: 1.1.5.96/30
2019-07-06 21:39:36.539 24824 RALLYDEBUG rally_openstack.wrappers.network [-] CIDR generated: 1.1.5.100/30
2019-07-06 21:39:37.773 24807 RALLYDEBUG rally_openstack.wrappers.network [-] CIDR generated: 1.1.5.104/30
2019-07-06 21:39:37.906 24817 RALLYDEBUG rally_openstack.wrappers.network [-] CIDR generated: 1.1.5.108/30
2019-07-06 21:39:38.463 24798 RALLYDEBUG rally_openstack.wrappers.network [-] CIDR generated: 1.1.5.112/30
2019-07-06 21:39:38.654 24837 RALLYDEBUG rally_openstack.wrappers.network [-] CIDR generated: 1.1.5.116/30
2019-07-06 21:39:39.429 24843 RALLYDEBUG rally_openstack.wrappers.network [-] CIDR generated: 1.1.5.120/30
2019-07-06 21:39:39.648 24797 RALLYDEBUG rally_openstack.wrappers.network [-] CIDR generated: 1.1.5.124/30
2019-07-06 21:39:39.720 24840 RALLYDEBUG rally_openstack.wrappers.network [-] CIDR generated: 1.1.5.128/30
2019-07-06 21:39:39.733 24820 RALLYDEBUG rally_openstack.wrappers.network [-] CIDR generated: 1.1.5.132/30
2019-07-06 21:39:39.796 24796 RALLYDEBUG rally_openstack.wrappers.network [-] CIDR generated: 1.1.5.136/30
2019-07-06 21:39:40.011 24813 INFO rally.task.runner [-] Task 7164172a-30fc-4597-8d9d-bbf07e9f58ec | ITER: 23 END: OK
2019-07-06 21:39:40.049 24804 RALLYDEBUG rally_openstack.wrappers.network [-] CIDR generated: 1.1.5.140/30
2019-07-06 21:39:40.061 24824 RALLYDEBUG rally_openstack.wrappers.network [-] CIDR generated: 1.1.5.144/30
2019-07-06 21:39:40.471 24800 INFO rally.task.runner [-] Task 7164172a-30fc-4597-8d9d-bbf07e9f58ec | ITER: 22 END: OK
2019-07-06 21:39:40.829 24823 INFO rally.task.runner [-] Task 7164172a-30fc-4597-8d9d-bbf07e9f58ec | ITER: 30 END: OK
2019-07-06 21:39:40.850 24797 RALLYDEBUG rally_openstack.wrappers.network [-] CIDR generated: 1.1.5.148/30
2019-07-06 21:39:40.866 24800 INFO rally.task.runner [-] Task 7164172a-30fc-4597-8d9d-bbf07e9f58ec | ITER: 27 END: OK
2019-07-06 21:39:40.977 24796 INFO rally.task.runner [-] Task 7164172a-30fc-4597-8d9d-bbf07e9f58ec | ITER: 24 END: OK
2019-07-06 21:39:41.153 24798 RALLYDEBUG rally_openstack.wrappers.network [-] CIDR generated: 1.1.5.152/30
2019-07-06 21:39:41.187 24807 RALLYDEBUG rally_openstack.wrappers.network [-] CIDR generated: 1.1.5.156/30
2019-07-06 21:39:41.380 24834 INFO rally.task.runner [-] Task 7164172a-30fc-4597-8d9d-bbf07e9f58ec | ITER: 21 END: OK
2019-07-06 21:39:43.751 24798 INFO rally.task.runner [-] Task 7164172a-30fc-4597-8d9d-bbf07e9f58ec | ITER: 25 END: OK
2019-07-06 21:39:44.124 24832 INFO rally.task.runner [-] Task 7164172a-30fc-4597-8d9d-bbf07e9f58ec | ITER: 26 END: OK
2019-07-06 21:39:44.240 24817 INFO rally.task.runner [-] Task 7164172a-30fc-4597-8d9d-bbf07e9f58ec | ITER: 28 END: OK
2019-07-06 21:39:44.526 24840 INFO rally.task.runner [-] Task 7164172a-30fc-4597-8d9d-bbf07e9f58ec | ITER: 36 END: OK
2019-07-06 21:39:44.632 24824 INFO rally.task.runner [-] Task 7164172a-30fc-4597-8d9d-bbf07e9f58ec | ITER: 39 END: OK
2019-07-06 21:39:44.971 24797 INFO rally.task.runner [-] Task 7164172a-30fc-4597-8d9d-bbf07e9f58ec | ITER: 37 END: OK
2019-07-06 21:39:44.985 24804 INFO rally.task.runner [-] Task 7164172a-30fc-4597-8d9d-bbf07e9f58ec | ITER: 35 END: OK
2019-07-06 21:39:45.005 24843 INFO rally.task.runner [-] Task 7164172a-30fc-4597-8d9d-bbf07e9f58ec | ITER: 29 END: OK
2019-07-06 21:39:45.071 24796 INFO rally.task.runner [-] Task 7164172a-30fc-4597-8d9d-bbf07e9f58ec | ITER: 33 END: OK
2019-07-06 21:39:45.088 24837 INFO rally.task.runner [-] Task 7164172a-30fc-4597-8d9d-bbf07e9f58ec | ITER: 31 END: OK
2019-07-06 21:39:45.729 24820 INFO rally.task.runner [-] Task 7164172a-30fc-4597-8d9d-bbf07e9f58ec | ITER: 34 END: OK
2019-07-06 21:39:46.333 24797 INFO rally.task.runner [-] Task 7164172a-30fc-4597-8d9d-bbf07e9f58ec | ITER: 32 END: OK
2019-07-06 21:39:46.409 24798 INFO rally.task.runner [-] Task 7164172a-30fc-4597-8d9d-bbf07e9f58ec | ITER: 40 END: OK
2019-07-06 21:39:48.178 24807 INFO rally.task.runner [-] Task 7164172a-30fc-4597-8d9d-bbf07e9f58ec | ITER: 38 END: OK
2019-07-06 21:39:48.202 22702 INFO rally.task.context [-] Task 7164172a-30fc-4597-8d9d-bbf07e9f58ec | Context cleanup@openstack cleanup() started
2019-07-06 21:39:48.205 22702 RALLYDEBUG rally_openstack.cleanup.manager [-] Cleaning up neutron vip objects
2019-07-06 21:39:48.861 22702 RALLYDEBUG rally_openstack.cleanup.manager [-] Cleaning up neutron health_monitor objects
2019-07-06 21:39:49.669 22702 RALLYDEBUG rally_openstack.cleanup.manager [-] Cleaning up neutron pool objects
2019-07-06 21:39:50.517 22702 RALLYDEBUG rally_openstack.cleanup.manager [-] Cleaning up neutron loadbalancer objects
2019-07-06 21:39:51.173 22702 RALLYDEBUG rally_openstack.cleanup.manager [-] Cleaning up neutron floatingip objects
2019-07-06 21:39:51.888 22702 RALLYDEBUG rally_openstack.cleanup.manager [-] Cleaning up neutron port objects
2019-07-06 21:39:52.803 22702 RALLYDEBUG rally_openstack.cleanup.manager [-] Cleaning up neutron subnet objects
2019-07-06 21:39:53.599 22702 RALLYDEBUG rally_openstack.cleanup.manager [-] Cleaning up neutron network objects
2019-07-06 21:39:54.654 22702 RALLYDEBUG rally_openstack.cleanup.manager [-] Deleting neutron.network object s_rally_5d68fc4e_TxNcFvEK (05d50bcb-7cc5-4fc7-bad3-2f3d07d03bd1)
2019-07-06 21:39:54.660 22702 RALLYDEBUG rally_openstack.cleanup.manager [-] Deleting neutron.network object s_rally_5d68fc4e_30mLJf6d (06bd03db-8562-43b2-b29e-ef7217a873d3)
2019-07-06 21:39:54.669 22702 RALLYDEBUG rally_openstack.cleanup.manager [-] Deleting neutron.network object s_rally_5d68fc4e_vxOOWzeI (0b6ac041-308e-412b-ac8d-a371c7b701bb)
2019-07-06 21:39:54.677 22702 RALLYDEBUG rally_openstack.cleanup.manager [-] Deleting neutron.network object s_rally_5d68fc4e_i2XhDbMb (0fc984ff-0986-46ed-8d45-cb64c2190ba2)
2019-07-06 21:39:54.688 22702 RALLYDEBUG rally_openstack.cleanup.manager [-] Deleting neutron.network object s_rally_5d68fc4e_QkBia1o9 (18c6e998-a037-4140-aaeb-c3c92002378b)
2019-07-06 21:39:54.700 22702 RALLYDEBUG rally_openstack.cleanup.manager [-] Deleting neutron.network object s_rally_5d68fc4e_INWSX3Z3 (1ace479e-f3d8-48a1-a64d-e321d9dd3617)
2019-07-06 21:39:54.705 22702 RALLYDEBUG rally_openstack.cleanup.manager [-] Deleting neutron.network object s_rally_5d68fc4e_Mw8e8oWg (1c576688-d04f-4dd1-9555-9db7fb29df43)
2019-07-06 21:39:54.721 22702 RALLYDEBUG rally_openstack.cleanup.manager [-] Deleting neutron.network object s_rally_5d68fc4e_Hiy6B8os (2594a0ea-5eb2-4650-8cb9-04909e0596d2)
2019-07-06 21:39:54.724 22702 RALLYDEBUG rally_openstack.cleanup.manager [-] Deleting neutron.network object s_rally_5d68fc4e_IfBafNbl (25d09cf6-1a91-47e4-adea-ee3ae7ffaee7)
2019-07-06 21:39:54.741 22702 RALLYDEBUG rally_openstack.cleanup.manager [-] Deleting neutron.network object s_rally_5d68fc4e_1YTdEJrW (2a755c05-1ce3-4de7-bfe9-757dbb674b13)
2019-07-06 21:39:54.771 22702 RALLYDEBUG rally_openstack.cleanup.manager [-] Deleting neutron.network object s_rally_5d68fc4e_InX6RUal (34013463-efa1-4fc4-a70f-a2ad72bdde33)
2019-07-06 21:39:54.781 22702 RALLYDEBUG rally_openstack.cleanup.manager [-] Deleting neutron.network object s_rally_5d68fc4e_aRwHSQvv (425dad69-6a89-4152-aa7f-fe02f0eeaade)
2019-07-06 21:39:54.790 22702 RALLYDEBUG rally_openstack.cleanup.manager [-] Deleting neutron.network object s_rally_5d68fc4e_BJ5AWWFN (49e2198c-cb48-4506-956e-6a793334b67e)
2019-07-06 21:39:54.793 22702 RALLYDEBUG rally_openstack.cleanup.manager [-] Deleting neutron.network object s_rally_5d68fc4e_C0KZ1brU (3bbe6a85-ab6f-4d9e-8b59-8204c2912049)
2019-07-06 21:39:54.804 22702 RALLYDEBUG rally_openstack.cleanup.manager [-] Deleting neutron.network object s_rally_5d68fc4e_5qVb0agE (4c11fce7-61e6-4ca8-932a-ce76e67c08b1)
2019-07-06 21:39:54.807 22702 RALLYDEBUG rally_openstack.cleanup.manager [-] Deleting neutron.network object s_rally_5d68fc4e_RHA6EJQJ (4c6f1e7f-d68a-4f63-9466-1a4e205ad64a)
2019-07-06 21:39:54.819 22702 RALLYDEBUG rally_openstack.cleanup.manager [-] Deleting neutron.network object s_rally_5d68fc4e_12SCrud6 (550ad48b-8087-45da-9e37-c099e1c66783)
2019-07-06 21:39:54.845 22702 RALLYDEBUG rally_openstack.cleanup.manager [-] Deleting neutron.network object s_rally_5d68fc4e_ypZ33c90 (5904e8a6-fac5-4df7-b16d-772bc693a9e3)
2019-07-06 21:39:54.868 22702 RALLYDEBUG rally_openstack.cleanup.manager [-] Deleting neutron.network object s_rally_5d68fc4e_gwEFqF1b (5b6b2615-3767-401c-825c-b12686fbd41e)
2019-07-06 21:39:54.883 22702 RALLYDEBUG rally_openstack.cleanup.manager [-] Deleting neutron.network object s_rally_5d68fc4e_H6oMnjcm (5e67c773-1fe4-4a88-8ee5-34b009895f7c)
2019-07-06 21:39:57.460 22702 RALLYDEBUG rally_openstack.cleanup.manager [-] Deleting neutron.network object s_rally_5d68fc4e_5gq18Vx8 (65af9674-0200-4e6b-bf7b-83fa323edf1e)
2019-07-06 21:39:57.628 22702 RALLYDEBUG rally_openstack.cleanup.manager [-] Deleting neutron.network object s_rally_5d68fc4e_Mqxxp1g0 (74946562-c06c-4865-97b8-5186a7bef524)
2019-07-06 21:39:57.693 22702 RALLYDEBUG rally_openstack.cleanup.manager [-] Deleting neutron.network object s_rally_5d68fc4e_BkKNIyHG (812c601a-9bc4-43f1-92fb-8144b3399970)
2019-07-06 21:39:57.770 22702 RALLYDEBUG rally_openstack.cleanup.manager [-] Deleting neutron.network object s_rally_5d68fc4e_gpbvWsk4 (82b21f7f-f051-4747-85e3-46f1f102e505)
2019-07-06 21:39:58.108 22702 RALLYDEBUG rally_openstack.cleanup.manager [-] Deleting neutron.network object s_rally_5d68fc4e_9VjoQVIc (83608d83-29c2-4081-9192-0471e544d8c6)
2019-07-06 21:39:58.179 22702 RALLYDEBUG rally_openstack.cleanup.manager [-] Deleting neutron.network object s_rally_5d68fc4e_pCpNf3V8 (84500e87-5205-498a-9c8f-3c317e312930)
2019-07-06 21:39:58.199 22702 RALLYDEBUG rally_openstack.cleanup.manager [-] Deleting neutron.network object s_rally_5d68fc4e_iOsQXQVs (8b5cfce2-babd-4bcf-83ff-05725cf5baa2)
2019-07-06 21:39:58.357 22702 RALLYDEBUG rally_openstack.cleanup.manager [-] Deleting neutron.network object s_rally_5d68fc4e_aALINdX0 (8ca683cf-1c87-4043-8c5b-663ae3180b15)
2019-07-06 21:39:58.414 22702 RALLYDEBUG rally_openstack.cleanup.manager [-] Deleting neutron.network object s_rally_5d68fc4e_BzoDFb3y (929d8c5e-ce96-4f76-a398-702ffc1f27c8)
2019-07-06 21:39:58.435 22702 RALLYDEBUG rally_openstack.cleanup.manager [-] Deleting neutron.network object s_rally_5d68fc4e_gRp4Jm8Z (96fb94f2-9c11-4401-860b-1a8426eb1d6f)
2019-07-06 21:39:58.467 22702 RALLYDEBUG rally_openstack.cleanup.manager [-] Deleting neutron.network object s_rally_5d68fc4e_ZEcQHVvW (a14695fc-eb4c-4a1a-aca3-0c04c319a5b8)
2019-07-06 21:39:58.495 22702 RALLYDEBUG rally_openstack.cleanup.manager [-] Deleting neutron.network object s_rally_5d68fc4e_VpApROmA (a88aa461-afa2-42c2-a2f5-5ad361321212)
2019-07-06 21:39:58.501 22702 RALLYDEBUG rally_openstack.cleanup.manager [-] Deleting neutron.network object s_rally_5d68fc4e_UPykyS8B (aa433cdd-b6da-4a49-a441-9454e21810d9)
2019-07-06 21:39:58.527 22702 RALLYDEBUG rally_openstack.cleanup.manager [-] Deleting neutron.network object s_rally_5d68fc4e_WM77Nuo5 (b47f2097-8790-4957-aea4-629c3fef6e21)
2019-07-06 21:39:58.695 22702 RALLYDEBUG rally_openstack.cleanup.manager [-] Deleting neutron.network object s_rally_5d68fc4e_nEiLc5f8 (c04fe9be-b9ff-4f10-96f9-036285001c43)
2019-07-06 21:39:58.780 22702 RALLYDEBUG rally_openstack.cleanup.manager [-] Deleting neutron.network object s_rally_5d68fc4e_cgeGF7gM (ca6d1b2a-16cc-4727-aa62-2dc04380e0e9)
2019-07-06 21:39:59.006 22702 RALLYDEBUG rally_openstack.cleanup.manager [-] Deleting neutron.network object s_rally_5d68fc4e_j6NLRrrs (da51ad42-e339-4be5-8cb5-cd98e1a6e8eb)
2019-07-06 21:39:59.317 22702 RALLYDEBUG rally_openstack.cleanup.manager [-] Deleting neutron.network object s_rally_5d68fc4e_WMuyCASD (f4bf9033-8c66-4783-9d4c-d77ee9e0f012)
2019-07-06 21:39:59.341 22702 RALLYDEBUG rally_openstack.cleanup.manager [-] Deleting neutron.network object s_rally_5d68fc4e_CF6tDm3a (f71d4fde-6803-4c9c-bc03-b0a42a2e957d)
2019-07-06 21:39:59.688 22702 RALLYDEBUG rally_openstack.cleanup.manager [-] Deleting neutron.network object s_rally_5d68fc4e_hCbEija8 (f7aac982-1979-4af2-bcbd-4d0bf799f836)
2019-07-06 21:40:03.210 22702 RALLYDEBUG rally_openstack.cleanup.manager [-] Cleaning up neutron router objects
2019-07-06 21:40:03.980 22702 RALLYDEBUG rally_openstack.cleanup.manager [-] Cleaning up neutron security_group objects
2019-07-06 21:40:04.701 22702 INFO rally.task.context [-] Task 7164172a-30fc-4597-8d9d-bbf07e9f58ec | Context cleanup@openstack cleanup() finished in 16.50 sec
2019-07-06 21:40:04.702 22702 INFO rally.task.context [-] Task 7164172a-30fc-4597-8d9d-bbf07e9f58ec | Context quotas@openstack cleanup() started
2019-07-06 21:40:05.024 22702 INFO rally.task.context [-] Task 7164172a-30fc-4597-8d9d-bbf07e9f58ec | Context quotas@openstack cleanup() finished in 0.32 sec
2019-07-06 21:40:05.024 22702 INFO rally.task.context [-] Task 7164172a-30fc-4597-8d9d-bbf07e9f58ec | Context users@openstack cleanup() started
2019-07-06 21:40:10.410 22702 INFO rally.task.context [-] Task 7164172a-30fc-4597-8d9d-bbf07e9f58ec | Context users@openstack cleanup() finished in 5.39 sec
2019-07-06 21:40:12.244 22702 INFO rally.task.engine [-] Load duration is: 32.366842
2019-07-06 21:40:12.244 22702 INFO rally.task.engine [-] Full runner duration is: 32.411531
2019-07-06 21:40:12.244 22702 INFO rally.task.engine [-] Full duration is: 60.424274
2019-07-06 21:40:12.529 22702 INFO rally.task.engine [-] Running workload: position = 0 config = { "version": 2, "title": "A cropped version of a bigger task.", "description": "Auto-generated task from a single workload (uuid=d9550755-14bc-4619-bff5-64e892883beb)", "subtasks": [ { "title": "NeutronNetworks.create_and_list_routers", "description": "Create and a given number of routers and list all routers.", "scenario": { "NeutronNetworks.create_and_list_routers": { "network_create_args": null, "subnet_create_args": null, "subnet_cidr_start": "1.1.0.0/30", "subnets_per_network": 2, "router_create_args": null } }, "contexts": { "users": { "tenants": 1, "users_per_tenant": 1 }, "quotas": { "neutron": { "network": -1, "subnet": -1, "router": -1 } } }, "runner": { "constant": { "times": 40, "concurrency": 20 } }, "hooks": [], "sla": { "failure_rate": { "max": 0 } } } ] }
2019-07-06 21:40:12.553 22702 RALLYDEBUG rally_openstack.contexts.keystone.users [-] Creating 1 tenants using 20 threads
2019-07-06 21:40:14.404 22702 RALLYDEBUG rally_openstack.contexts.keystone.users [-] Creating 1 users using 20 threads
2019-07-06 21:40:17.256 22702 INFO rally.task.context [-] Task 7164172a-30fc-4597-8d9d-bbf07e9f58ec | Context users@openstack setup() finished in 4.70 sec
2019-07-06 21:40:18.078 22702 INFO rally.task.context [-] Task 7164172a-30fc-4597-8d9d-bbf07e9f58ec | Context quotas@openstack setup() finished in 0.82 sec
2019-07-06 21:40:18.078 22702 INFO rally.task.context [-] Task 7164172a-30fc-4597-8d9d-bbf07e9f58ec | Context cleanup@openstack setup() finished in 0.01 msec
2019-07-06 21:40:18.086 22702 RALLYDEBUG rally.task.runner [-] Starting the constant runner (task UUID: 7164172a-30fc-4597-8d9d-bbf07e9f58ec). timeout: 0 concurrency: 20 concurrency_per_worker: 1 times: 40 concurrency_overhead: 4 processes_to_start: 16 max_cpu_used: 16
2019-07-06 21:40:18.097 25167 RALLYDEBUG rally.task.runner [-] Starting a worker. concurrency: 2 args: {"network_create_args": null, "subnet_create_args": null, "subnet_cidr_start": "1.1.0.0/30", "subnets_per_network": 2, "router_create_args": null} times: 40 method_name: run timeout: 0 duration: None cls:
2019-07-06 21:40:18.098 25166 RALLYDEBUG rally.task.runner [-] Starting a worker. concurrency: 2 args: {"network_create_args": null, "subnet_create_args": null, "subnet_cidr_start": "1.1.0.0/30", "subnets_per_network": 2, "router_create_args": null} times: 40 method_name: run timeout: 0 duration: None cls:
2019-07-06 21:40:18.102 25167 INFO rally.task.runner [-] Task 7164172a-30fc-4597-8d9d-bbf07e9f58ec | ITER: 3 START
2019-07-06 21:40:18.103 25168 RALLYDEBUG rally.task.runner [-] Starting a worker. concurrency: 2 args: {"network_create_args": null, "subnet_create_args": null, "subnet_cidr_start": "1.1.0.0/30", "subnets_per_network": 2, "router_create_args": null} times: 40 method_name: run timeout: 0 duration: None cls:
2019-07-06 21:40:18.102 25167 INFO rally.task.runner [-] Task 7164172a-30fc-4597-8d9d-bbf07e9f58ec | ITER: 1 START
2019-07-06 21:40:18.106 25170 RALLYDEBUG rally.task.runner [-] Starting a worker. concurrency: 2 args: {"network_create_args": null, "subnet_create_args": null, "subnet_cidr_start": "1.1.0.0/30", "subnets_per_network": 2, "router_create_args": null} times: 40 method_name: run timeout: 0 duration: None cls:
2019-07-06 21:40:18.106 25166 INFO rally.task.runner [-] Task 7164172a-30fc-4597-8d9d-bbf07e9f58ec | ITER: 2 START
2019-07-06 21:40:18.109 25177 RALLYDEBUG rally.task.runner [-] Starting a worker. concurrency: 1 args: {"network_create_args": null, "subnet_create_args": null, "subnet_cidr_start": "1.1.0.0/30", "subnets_per_network": 2, "router_create_args": null} times: 40 method_name: run timeout: 0 duration: None cls:
2019-07-06 21:40:18.112 25177 INFO rally.task.runner [-] Task 7164172a-30fc-4597-8d9d-bbf07e9f58ec | ITER: 9 START
2019-07-06 21:40:18.112 25168 INFO rally.task.runner [-] Task 7164172a-30fc-4597-8d9d-bbf07e9f58ec | ITER: 5 START
2019-07-06 21:40:18.112 25175 RALLYDEBUG rally.task.runner [-] Starting a worker. concurrency: 1 args: {"network_create_args": null, "subnet_create_args": null, "subnet_cidr_start": "1.1.0.0/30", "subnets_per_network": 2, "router_create_args": null} times: 40 method_name: run timeout: 0 duration: None cls:
2019-07-06 21:40:18.113 25170 INFO rally.task.runner [-] Task 7164172a-30fc-4597-8d9d-bbf07e9f58ec | ITER: 6 START
2019-07-06 21:40:18.106 25166 INFO rally.task.runner [-] Task 7164172a-30fc-4597-8d9d-bbf07e9f58ec | ITER: 4 START
2019-07-06 21:40:18.117 25185 RALLYDEBUG rally.task.runner [-] Starting a worker. concurrency: 1 args: {"network_create_args": null, "subnet_create_args": null, "subnet_cidr_start": "1.1.0.0/30", "subnets_per_network": 2, "router_create_args": null} times: 40 method_name: run timeout: 0 duration: None cls:
2019-07-06 21:40:18.118 25175 INFO rally.task.runner [-] Task 7164172a-30fc-4597-8d9d-bbf07e9f58ec | ITER: 10 START
2019-07-06 21:40:18.119 25179 RALLYDEBUG rally.task.runner [-] Starting a worker. concurrency: 1 args: {"network_create_args": null, "subnet_create_args": null, "subnet_cidr_start": "1.1.0.0/30", "subnets_per_network": 2, "router_create_args": null} times: 40 method_name: run timeout: 0 duration: None cls:
2019-07-06 21:40:18.120 25188 RALLYDEBUG rally.task.runner [-] Starting a worker. concurrency: 1 args: {"network_create_args": null, "subnet_create_args": null, "subnet_cidr_start": "1.1.0.0/30", "subnets_per_network": 2, "router_create_args": null} times: 40 method_name: run timeout: 0 duration: None cls:
2019-07-06 21:40:18.113 25168 INFO rally.task.runner [-] Task 7164172a-30fc-4597-8d9d-bbf07e9f58ec | ITER: 7 START
2019-07-06 21:40:18.121 25185 INFO rally.task.runner [-] Task 7164172a-30fc-4597-8d9d-bbf07e9f58ec | ITER: 11 START
2019-07-06 21:40:18.120 25170 INFO rally.task.runner [-] Task 7164172a-30fc-4597-8d9d-bbf07e9f58ec | ITER: 8 START
2019-07-06 21:40:18.124 25188 INFO rally.task.runner [-] Task 7164172a-30fc-4597-8d9d-bbf07e9f58ec | ITER: 13 START
2019-07-06 21:40:18.124 25191 RALLYDEBUG rally.task.runner [-] Starting a worker. concurrency: 1 args: {"network_create_args": null, "subnet_create_args": null, "subnet_cidr_start": "1.1.0.0/30", "subnets_per_network": 2, "router_create_args": null} times: 40 method_name: run timeout: 0 duration: None cls:
2019-07-06 21:40:18.130 25191 INFO rally.task.runner [-] Task 7164172a-30fc-4597-8d9d-bbf07e9f58ec | ITER: 14 START
2019-07-06 21:40:18.130 25194 RALLYDEBUG rally.task.runner [-] Starting a worker. concurrency: 1 args: {"network_create_args": null, "subnet_create_args": null, "subnet_cidr_start": "1.1.0.0/30", "subnets_per_network": 2, "router_create_args": null} times: 40 method_name: run timeout: 0 duration: None cls:
2019-07-06 21:40:18.132 25179 INFO rally.task.runner [-] Task 7164172a-30fc-4597-8d9d-bbf07e9f58ec | ITER: 12 START
2019-07-06 21:40:18.136 25198 RALLYDEBUG rally.task.runner [-] Starting a worker. concurrency: 1 args: {"network_create_args": null, "subnet_create_args": null, "subnet_cidr_start": "1.1.0.0/30", "subnets_per_network": 2, "router_create_args": null} times: 40 method_name: run timeout: 0 duration: None cls:
2019-07-06 21:40:18.139 25202 RALLYDEBUG rally.task.runner [-] Starting a worker. concurrency: 1 args: {"network_create_args": null, "subnet_create_args": null, "subnet_cidr_start": "1.1.0.0/30", "subnets_per_network": 2, "router_create_args": null} times: 40 method_name: run timeout: 0 duration: None cls:
2019-07-06 21:40:18.140 25194 INFO rally.task.runner [-] Task 7164172a-30fc-4597-8d9d-bbf07e9f58ec | ITER: 15 START
2019-07-06 21:40:18.144 25198 INFO rally.task.runner [-] Task 7164172a-30fc-4597-8d9d-bbf07e9f58ec | ITER: 16 START
2019-07-06 21:40:18.144 25204 RALLYDEBUG rally.task.runner [-] Starting a worker. concurrency: 1 args: {"network_create_args": null, "subnet_create_args": null, "subnet_cidr_start": "1.1.0.0/30", "subnets_per_network": 2, "router_create_args": null} times: 40 method_name: run timeout: 0 duration: None cls:
2019-07-06 21:40:18.149 25202 INFO rally.task.runner [-] Task 7164172a-30fc-4597-8d9d-bbf07e9f58ec | ITER: 17 START
2019-07-06 21:40:18.151 25209 RALLYDEBUG rally.task.runner [-] Starting a worker. concurrency: 1 args: {"network_create_args": null, "subnet_create_args": null, "subnet_cidr_start": "1.1.0.0/30", "subnets_per_network": 2, "router_create_args": null} times: 40 method_name: run timeout: 0 duration: None cls:
2019-07-06 21:40:18.153 25211 RALLYDEBUG rally.task.runner [-] Starting a worker. concurrency: 1 args: {"network_create_args": null, "subnet_create_args": null, "subnet_cidr_start": "1.1.0.0/30", "subnets_per_network": 2, "router_create_args": null} times: 40 method_name: run timeout: 0 duration: None cls:
2019-07-06 21:40:18.155 25204 INFO rally.task.runner [-] Task 7164172a-30fc-4597-8d9d-bbf07e9f58ec | ITER: 18 START
2019-07-06 21:40:18.157 25209 INFO rally.task.runner [-] Task 7164172a-30fc-4597-8d9d-bbf07e9f58ec | ITER: 19 START
2019-07-06 21:40:18.157 25211 INFO rally.task.runner [-] Task 7164172a-30fc-4597-8d9d-bbf07e9f58ec | ITER: 20 START
2019-07-06 21:40:19.960 25168 RALLYDEBUG rally_openstack.wrappers.network [-] CIDR generated: 1.1.5.160/30
2019-07-06 21:40:20.044 25179 RALLYDEBUG rally_openstack.wrappers.network [-] CIDR generated: 1.1.5.164/30
2019-07-06 21:40:20.061 25170 RALLYDEBUG rally_openstack.wrappers.network [-] CIDR generated: 1.1.5.168/30
2019-07-06 21:40:20.078 25168 RALLYDEBUG rally_openstack.wrappers.network [-] CIDR generated: 1.1.5.172/30
2019-07-06 21:40:20.115 25194 RALLYDEBUG rally_openstack.wrappers.network [-] CIDR generated: 1.1.5.176/30
2019-07-06 21:40:20.145 25211 RALLYDEBUG rally_openstack.wrappers.network [-] CIDR generated: 1.1.5.180/30
2019-07-06 21:40:20.169 25209 RALLYDEBUG rally_openstack.wrappers.network [-] CIDR generated: 1.1.5.184/30
2019-07-06 21:40:20.241 25202 RALLYDEBUG rally_openstack.wrappers.network [-] CIDR generated: 1.1.5.188/30
2019-07-06 21:40:20.253 25166 RALLYDEBUG rally_openstack.wrappers.network [-] CIDR generated: 1.1.5.192/30
2019-07-06 21:40:20.421 25198 RALLYDEBUG rally_openstack.wrappers.network [-] CIDR generated: 1.1.5.196/30
2019-07-06 21:40:20.475 25170 RALLYDEBUG rally_openstack.wrappers.network [-] CIDR generated: 1.1.5.200/30
2019-07-06 21:40:20.492 25166 RALLYDEBUG rally_openstack.wrappers.network [-] CIDR generated: 1.1.5.204/30
2019-07-06 21:40:20.583 25204 RALLYDEBUG rally_openstack.wrappers.network [-] CIDR generated: 1.1.5.208/30
2019-07-06 21:40:20.600 25191 RALLYDEBUG rally_openstack.wrappers.network [-] CIDR generated: 1.1.5.212/30
2019-07-06 21:40:20.606 25185 RALLYDEBUG rally_openstack.wrappers.network [-] CIDR generated: 1.1.5.216/30
2019-07-06 21:40:20.619 25175 RALLYDEBUG rally_openstack.wrappers.network [-] CIDR generated: 1.1.5.220/30
2019-07-06 21:40:20.642 25167 RALLYDEBUG rally_openstack.wrappers.network [-] CIDR generated: 1.1.5.224/30
2019-07-06 21:40:20.718 25177 RALLYDEBUG rally_openstack.wrappers.network [-] CIDR generated: 1.1.5.228/30
2019-07-06 21:40:20.982 25188 RALLYDEBUG rally_openstack.wrappers.network [-] CIDR generated: 1.1.5.232/30
2019-07-06 21:40:21.038 25167 RALLYDEBUG rally_openstack.wrappers.network [-] CIDR generated: 1.1.5.236/30
2019-07-06 21:40:21.540 25168 RALLYDEBUG rally_openstack.wrappers.network [-] CIDR generated: 1.1.5.240/30
2019-07-06 21:40:21.624 25170 RALLYDEBUG rally_openstack.wrappers.network [-] CIDR generated: 1.1.5.244/30
2019-07-06 21:40:21.934 25202 RALLYDEBUG rally_openstack.wrappers.network [-] CIDR generated: 1.1.5.248/30
2019-07-06 21:40:22.049 25168 RALLYDEBUG rally_openstack.wrappers.network [-] CIDR generated: 1.1.5.252/30
2019-07-06 21:40:22.093 25191 RALLYDEBUG rally_openstack.wrappers.network [-] CIDR generated: 1.1.6.0/30
2019-07-06 21:40:22.218 25166 RALLYDEBUG rally_openstack.wrappers.network [-] CIDR generated: 1.1.6.4/30
2019-07-06 21:40:22.454 25194 RALLYDEBUG rally_openstack.wrappers.network [-] CIDR generated: 1.1.6.8/30
2019-07-06 21:40:22.582 25167 RALLYDEBUG rally_openstack.wrappers.network [-] CIDR generated: 1.1.6.12/30
2019-07-06 21:40:22.649 25167 RALLYDEBUG rally_openstack.wrappers.network [-] CIDR generated: 1.1.6.16/30
2019-07-06 21:40:22.782 25209 RALLYDEBUG rally_openstack.wrappers.network [-] CIDR generated: 1.1.6.20/30
2019-07-06 21:40:23.289 25179 RALLYDEBUG rally_openstack.wrappers.network [-] CIDR generated: 1.1.6.24/30
2019-07-06 21:40:23.707 25188 RALLYDEBUG rally_openstack.wrappers.network [-] CIDR generated: 1.1.6.28/30
2019-07-06 21:40:23.762 25170 RALLYDEBUG rally_openstack.wrappers.network [-] CIDR generated: 1.1.6.32/30
2019-07-06 21:40:24.027 25177 RALLYDEBUG rally_openstack.wrappers.network [-] CIDR generated: 1.1.6.36/30
2019-07-06 21:40:24.140 25204 RALLYDEBUG rally_openstack.wrappers.network [-] CIDR generated: 1.1.6.40/30
2019-07-06 21:40:24.172 25198 RALLYDEBUG rally_openstack.wrappers.network [-] CIDR generated: 1.1.6.44/30
2019-07-06 21:40:24.225 25166 RALLYDEBUG rally_openstack.wrappers.network [-] CIDR generated: 1.1.6.48/30
2019-07-06 21:40:24.255 25175 RALLYDEBUG rally_openstack.wrappers.network [-] CIDR generated: 1.1.6.52/30
2019-07-06 21:40:24.429 25211 RALLYDEBUG rally_openstack.wrappers.network [-] CIDR generated: 1.1.6.56/30
2019-07-06 21:40:24.459 25185 RALLYDEBUG rally_openstack.wrappers.network [-] CIDR generated: 1.1.6.60/30
2019-07-06 21:40:49.908 25211 INFO rally.task.runner [-] Task 7164172a-30fc-4597-8d9d-bbf07e9f58ec | ITER: 20 END: OK
2019-07-06 21:40:49.913 25211 INFO rally.task.runner [-] Task 7164172a-30fc-4597-8d9d-bbf07e9f58ec | ITER: 21 START
2019-07-06 21:40:50.231 25194 INFO rally.task.runner [-] Task 7164172a-30fc-4597-8d9d-bbf07e9f58ec | ITER: 15 END: OK
2019-07-06 21:40:50.238 25194 INFO rally.task.runner [-] Task 7164172a-30fc-4597-8d9d-bbf07e9f58ec | ITER: 22 START
2019-07-06 21:40:50.355 25167 INFO rally.task.runner [-] Task 7164172a-30fc-4597-8d9d-bbf07e9f58ec | ITER: 3 END: OK
2019-07-06 21:40:50.362 25167 INFO rally.task.runner [-] Task 7164172a-30fc-4597-8d9d-bbf07e9f58ec | ITER: 23 START
2019-07-06 21:40:50.838 25166 INFO rally.task.runner [-] Task 7164172a-30fc-4597-8d9d-bbf07e9f58ec | ITER: 2 END: OK
2019-07-06 21:40:50.844 25166 INFO rally.task.runner [-] Task 7164172a-30fc-4597-8d9d-bbf07e9f58ec | ITER: 24 START
2019-07-06 21:40:51.749 25211 RALLYDEBUG rally_openstack.wrappers.network [-] CIDR generated: 1.1.6.64/30
2019-07-06 21:40:51.799 25167 RALLYDEBUG rally_openstack.wrappers.network [-] CIDR generated: 1.1.6.68/30
2019-07-06 21:40:51.884 25194 RALLYDEBUG rally_openstack.wrappers.network [-] CIDR generated: 1.1.6.72/30
2019-07-06 21:40:52.271 25166 RALLYDEBUG rally_openstack.wrappers.network [-] CIDR generated: 1.1.6.76/30
