2019-07-06 21:33:31.663 22693 RALLYDEBUG rally.api [-] INFO logs from urllib3 and requests module are hide.
2019-07-06 21:33:31.663 22693 RALLYDEBUG rally.api [-] urllib3 insecure warnings are hidden.
2019-07-06 21:33:31.663 22693 RALLYDEBUG rally.api [-] ERROR log from boto module is hide.
2019-07-06 21:33:34.083 22695 RALLYDEBUG rally.api [-] INFO logs from urllib3 and requests module are hide.
2019-07-06 21:33:34.083 22695 RALLYDEBUG rally.api [-] urllib3 insecure warnings are hidden.
2019-07-06 21:33:34.084 22695 RALLYDEBUG rally.api [-] ERROR log from boto module is hide.
2019-07-06 21:33:35.444 22695 WARNING rally_openstack.platforms.existing [-] endpoint is deprecated and not used.
2019-07-06 21:33:36.429 22697 RALLYDEBUG rally.api [-] INFO logs from urllib3 and requests module are hide.
2019-07-06 21:33:36.429 22697 RALLYDEBUG rally.api [-] urllib3 insecure warnings are hidden.
2019-07-06 21:33:36.429 22697 RALLYDEBUG rally.api [-] ERROR log from boto module is hide.
2019-07-06 21:33:39.842 22700 RALLYDEBUG rally.api [-] INFO logs from urllib3 and requests module are hide.
2019-07-06 21:33:39.843 22700 RALLYDEBUG rally.api [-] urllib3 insecure warnings are hidden.
2019-07-06 21:33:39.843 22700 RALLYDEBUG rally.api [-] ERROR log from boto module is hide.
2019-07-06 21:33:41.825 22702 RALLYDEBUG rally.api [-] INFO logs from urllib3 and requests module are hide.
2019-07-06 21:33:41.825 22702 RALLYDEBUG rally.api [-] urllib3 insecure warnings are hidden.
2019-07-06 21:33:41.825 22702 RALLYDEBUG rally.api [-] ERROR log from boto module is hide.
2019-07-06 21:33:42.845 22702 INFO rally.common.plugin.discover [-] Loading plugins from directories /root/.rally/plugins/*
2019-07-06 21:33:42.846 22702 INFO rally.common.plugin.discover [-] Loaded module with plugins: /root/.rally/plugins/__init__.py
2019-07-06 21:33:42.848 22702 INFO rally.common.plugin.discover [-] Loaded module with plugins: /root/.rally/plugins/trunk_scenario.py
2019-07-06 21:33:43.057 22702 INFO rally.task.engine [-] Task 7164172a-30fc-4597-8d9d-bbf07e9f58ec | Starting: Task validation.
2019-07-06 21:33:43.186 22702 INFO rally.task.engine [-] Task 7164172a-30fc-4597-8d9d-bbf07e9f58ec | Starting: Task validation of syntax.
2019-07-06 21:33:43.405 22702 INFO rally.task.engine [-] Task 7164172a-30fc-4597-8d9d-bbf07e9f58ec | Completed: Task validation of syntax.
2019-07-06 21:33:43.406 22702 INFO rally.task.engine [-] Task 7164172a-30fc-4597-8d9d-bbf07e9f58ec | Starting: Task validation of required platforms.
2019-07-06 21:33:43.465 22702 INFO rally.task.engine [-] Task 7164172a-30fc-4597-8d9d-bbf07e9f58ec | Completed: Task validation of required platforms.
2019-07-06 21:33:43.465 22702 INFO rally.task.engine [-] Task 7164172a-30fc-4597-8d9d-bbf07e9f58ec | Starting: Task validation of semantic.
2019-07-06 21:33:43.465 22702 INFO rally.task.engine [-] Check health of the environment 'e1e271c7-25cf-44d8-b13d-fbfb76c58dca'.
2019-07-06 21:33:44.199 22702 INFO rally.task.engine [-] Platform existing@openstack (available: True): OK!
2019-07-06 21:33:44.207 22702 RALLYDEBUG rally_openstack.contexts.keystone.users [-] Creating 1 tenants using 20 threads
2019-07-06 21:33:46.018 22702 RALLYDEBUG rally_openstack.contexts.keystone.users [-] Creating 1 users using 20 threads
2019-07-06 21:33:49.306 22702 INFO rally.task.context [-] Task 7164172a-30fc-4597-8d9d-bbf07e9f58ec | Context users@openstack setup() finished in 5.10 sec
2019-07-06 21:33:55.667 22702 INFO rally.task.context [-] Task 7164172a-30fc-4597-8d9d-bbf07e9f58ec | Context users@openstack cleanup() started
2019-07-06 21:34:00.839 22702 INFO rally.task.context [-] Task 7164172a-30fc-4597-8d9d-bbf07e9f58ec | Context users@openstack cleanup() finished in 5.17 sec
2019-07-06 21:34:00.839 22702 INFO rally.task.engine [-] Task 7164172a-30fc-4597-8d9d-bbf07e9f58ec | Completed: Task validation of semantic.
2019-07-06 21:34:00.840 22702 INFO rally.task.engine [-] Task 7164172a-30fc-4597-8d9d-bbf07e9f58ec | Completed: Task validation.
2019-07-06 21:34:00.840 22702 INFO rally.api [-] Task 7164172a-30fc-4597-8d9d-bbf07e9f58ec input file is valid.
2019-07-06 21:34:00.840 22702 INFO rally.api [-] Run Task 7164172a-30fc-4597-8d9d-bbf07e9f58ec against Deployment e1e271c7-25cf-44d8-b13d-fbfb76c58dca
2019-07-06 21:34:00.840 22702 INFO rally.task.engine [-] Task 7164172a-30fc-4597-8d9d-bbf07e9f58ec | Starting: Running task.
2019-07-06 21:34:00.979 22702 INFO rally.task.engine [-] Running workload: position = 0 config = { "version": 2, "title": "A cropped version of a bigger task.", "description": "Auto-generated task from a single workload (uuid=922be897-f34e-4387-abe9-c74cc6bd3272)", "subtasks": [ { "title": "NeutronNetworks.create_and_list_networks", "description": "Check performance of list_networks action and ensure > network quotas are not exceeded", "scenario": { "NeutronNetworks.create_and_list_networks": {} }, "contexts": { "users": { "tenants": 1, "users_per_tenant": 1 }, "quotas": { "neutron": { "network": 119 } } }, "runner": { "constant": { "times": 100, "concurrency": 20 } }, "hooks": [], "sla": { "max_avg_duration_per_atomic": { "neutron.list_networks": 15 }, "failure_rate": { "max": 0 } } } ] }
2019-07-06 21:34:00.998 22702 RALLYDEBUG rally_openstack.contexts.keystone.users [-] Creating 1 tenants using 20 threads
2019-07-06 21:34:02.869 22702 RALLYDEBUG rally_openstack.contexts.keystone.users [-] Creating 1 users using 20 threads
2019-07-06 21:34:05.616 22702 INFO rally.task.context [-] Task 7164172a-30fc-4597-8d9d-bbf07e9f58ec | Context users@openstack setup() finished in 4.62 sec
2019-07-06 21:34:06.512 22702 INFO rally.task.context [-] Task 7164172a-30fc-4597-8d9d-bbf07e9f58ec | Context quotas@openstack setup() finished in 0.89 sec
2019-07-06 21:34:06.512 22702 INFO rally.task.context [-] Task 7164172a-30fc-4597-8d9d-bbf07e9f58ec | Context cleanup@openstack setup() finished in 0.01 msec
2019-07-06 21:34:06.519 22702 RALLYDEBUG rally.task.runner [-] Starting the constant runner (task UUID: 7164172a-30fc-4597-8d9d-bbf07e9f58ec). timeout: 0 concurrency: 20 concurrency_per_worker: 1 times: 100 concurrency_overhead: 4 processes_to_start: 16 max_cpu_used: 16
2019-07-06 21:34:06.531 22826 RALLYDEBUG rally.task.runner [-] Starting a worker. concurrency: 2 args: {} times: 100 method_name: run timeout: 0 duration: None cls:
2019-07-06 21:34:06.534 22827 RALLYDEBUG rally.task.runner [-] Starting a worker. concurrency: 2 args: {} times: 100 method_name: run timeout: 0 duration: None cls:
2019-07-06 21:34:06.537 22828 RALLYDEBUG rally.task.runner [-] Starting a worker. concurrency: 2 args: {} times: 100 method_name: run timeout: 0 duration: None cls:
2019-07-06 21:34:06.539 22826 INFO rally.task.runner [-] Task 7164172a-30fc-4597-8d9d-bbf07e9f58ec | ITER: 1 START
2019-07-06 21:34:06.539 22829 RALLYDEBUG rally.task.runner [-] Starting a worker. concurrency: 2 args: {} times: 100 method_name: run timeout: 0 duration: None cls:
2019-07-06 21:34:06.539 22826 INFO rally.task.runner [-] Task 7164172a-30fc-4597-8d9d-bbf07e9f58ec | ITER: 2 START
2019-07-06 21:34:06.543 22831 RALLYDEBUG rally.task.runner [-] Starting a worker. concurrency: 1 args: {} times: 100 method_name: run timeout: 0 duration: None cls:
2019-07-06 21:34:06.544 22827 INFO rally.task.runner [-] Task 7164172a-30fc-4597-8d9d-bbf07e9f58ec | ITER: 3 START
2019-07-06 21:34:06.546 22828 INFO rally.task.runner [-] Task 7164172a-30fc-4597-8d9d-bbf07e9f58ec | ITER: 4 START
2019-07-06 21:34:06.546 22838 RALLYDEBUG rally.task.runner [-] Starting a worker. concurrency: 1 args: {} times: 100 method_name: run timeout: 0 duration: None cls:
2019-07-06 21:34:06.547 22835 RALLYDEBUG rally.task.runner [-] Starting a worker. concurrency: 1 args: {} times: 100 method_name: run timeout: 0 duration: None cls:
2019-07-06 21:34:06.548 22829 INFO rally.task.runner [-] Task 7164172a-30fc-4597-8d9d-bbf07e9f58ec | ITER: 6 START
2019-07-06 21:34:06.548 22828 INFO rally.task.runner [-] Task 7164172a-30fc-4597-8d9d-bbf07e9f58ec | ITER: 7 START
2019-07-06 21:34:06.545 22827 INFO rally.task.runner [-] Task 7164172a-30fc-4597-8d9d-bbf07e9f58ec | ITER: 5 START
2019-07-06 21:34:06.552 22843 RALLYDEBUG rally.task.runner [-] Starting a worker. concurrency: 1 args: {} times: 100 method_name: run timeout: 0 duration: None cls:
2019-07-06 21:34:06.553 22838 INFO rally.task.runner [-] Task 7164172a-30fc-4597-8d9d-bbf07e9f58ec | ITER: 10 START
2019-07-06 21:34:06.553 22831 INFO rally.task.runner [-] Task 7164172a-30fc-4597-8d9d-bbf07e9f58ec | ITER: 9 START
2019-07-06 21:34:06.555 22835 INFO rally.task.runner [-] Task 7164172a-30fc-4597-8d9d-bbf07e9f58ec | ITER: 11 START
2019-07-06 21:34:06.561 22845 RALLYDEBUG rally.task.runner [-] Starting a worker. concurrency: 1 args: {} times: 100 method_name: run timeout: 0 duration: None cls:
2019-07-06 21:34:06.561 22851 RALLYDEBUG rally.task.runner [-] Starting a worker. concurrency: 1 args: {} times: 100 method_name: run timeout: 0 duration: None cls:
2019-07-06 21:34:06.562 22829 INFO rally.task.runner [-] Task 7164172a-30fc-4597-8d9d-bbf07e9f58ec | ITER: 8 START
2019-07-06 21:34:06.563 22853 RALLYDEBUG rally.task.runner [-] Starting a worker. concurrency: 1 args: {} times: 100 method_name: run timeout: 0 duration: None cls:
2019-07-06 21:34:06.563 22843 INFO rally.task.runner [-] Task 7164172a-30fc-4597-8d9d-bbf07e9f58ec | ITER: 12 START
2019-07-06 21:34:06.566 22855 RALLYDEBUG rally.task.runner [-] Starting a worker. concurrency: 1 args: {} times: 100 method_name: run timeout: 0 duration: None cls:
2019-07-06 21:34:06.570 22853 INFO rally.task.runner [-] Task 7164172a-30fc-4597-8d9d-bbf07e9f58ec | ITER: 15 START
2019-07-06 21:34:06.570 22858 RALLYDEBUG rally.task.runner [-] Starting a worker. concurrency: 1 args: {} times: 100 method_name: run timeout: 0 duration: None cls:
2019-07-06 21:34:06.571 22851 INFO rally.task.runner [-] Task 7164172a-30fc-4597-8d9d-bbf07e9f58ec | ITER: 14 START
2019-07-06 21:34:06.573 22855 INFO rally.task.runner [-] Task 7164172a-30fc-4597-8d9d-bbf07e9f58ec | ITER: 16 START
2019-07-06 21:34:06.574 22845 INFO rally.task.runner [-] Task 7164172a-30fc-4597-8d9d-bbf07e9f58ec | ITER: 13 START
2019-07-06 21:34:06.582 22858 INFO rally.task.runner [-] Task 7164172a-30fc-4597-8d9d-bbf07e9f58ec | ITER: 17 START
2019-07-06 21:34:06.582 22868 RALLYDEBUG rally.task.runner [-] Starting a worker. concurrency: 1 args: {} times: 100 method_name: run timeout: 0 duration: None cls:
2019-07-06 21:34:06.589 22868 INFO rally.task.runner [-] Task 7164172a-30fc-4597-8d9d-bbf07e9f58ec | ITER: 18 START
2019-07-06 21:34:06.594 22870 RALLYDEBUG rally.task.runner [-] Starting a worker. concurrency: 1 args: {} times: 100 method_name: run timeout: 0 duration: None cls:
2019-07-06 21:34:06.594 22873 RALLYDEBUG rally.task.runner [-] Starting a worker. concurrency: 1 args: {} times: 100 method_name: run timeout: 0 duration: None cls:
2019-07-06 21:34:06.599 22873 INFO rally.task.runner [-] Task 7164172a-30fc-4597-8d9d-bbf07e9f58ec | ITER: 20 START
2019-07-06 21:34:06.600 22870 INFO rally.task.runner [-] Task 7164172a-30fc-4597-8d9d-bbf07e9f58ec | ITER: 19 START
2019-07-06 21:34:08.761 22829 INFO rally.task.runner [-] Task 7164172a-30fc-4597-8d9d-bbf07e9f58ec | ITER: 6 END: OK
2019-07-06 21:34:08.765 22829 INFO rally.task.runner [-] Task 7164172a-30fc-4597-8d9d-bbf07e9f58ec | ITER: 21 START
2019-07-06 21:34:08.834 22838 INFO rally.task.runner [-] Task 7164172a-30fc-4597-8d9d-bbf07e9f58ec | ITER: 10 END: OK
2019-07-06 21:34:08.838 22838 INFO rally.task.runner [-] Task 7164172a-30fc-4597-8d9d-bbf07e9f58ec | ITER: 22 START
2019-07-06 21:34:08.865 22868 INFO rally.task.runner [-] Task 7164172a-30fc-4597-8d9d-bbf07e9f58ec | ITER: 18 END: OK
2019-07-06 21:34:08.869 22868 INFO rally.task.runner [-] Task 7164172a-30fc-4597-8d9d-bbf07e9f58ec | ITER: 23 START
2019-07-06 21:34:08.887 22828 INFO rally.task.runner [-] Task 7164172a-30fc-4597-8d9d-bbf07e9f58ec | ITER: 4 END: OK
2019-07-06 21:34:08.888 22827 INFO rally.task.runner [-] Task 7164172a-30fc-4597-8d9d-bbf07e9f58ec | ITER: 3 END: OK
2019-07-06 21:34:08.891 22827 INFO rally.task.runner [-] Task 7164172a-30fc-4597-8d9d-bbf07e9f58ec | ITER: 24 START
2019-07-06 21:34:08.891 22828 INFO rally.task.runner [-] Task 7164172a-30fc-4597-8d9d-bbf07e9f58ec | ITER: 25 START
2019-07-06 21:34:08.902 22831 INFO rally.task.runner [-] Task 7164172a-30fc-4597-8d9d-bbf07e9f58ec | ITER: 9 END: OK
2019-07-06 21:34:08.904 22831 INFO rally.task.runner [-] Task 7164172a-30fc-4597-8d9d-bbf07e9f58ec | ITER: 26 START
2019-07-06 21:34:08.947 22851 INFO rally.task.runner [-] Task 7164172a-30fc-4597-8d9d-bbf07e9f58ec | ITER: 14 END: OK
2019-07-06 21:34:08.950 22851 INFO rally.task.runner [-] Task 7164172a-30fc-4597-8d9d-bbf07e9f58ec | ITER: 27 START
2019-07-06 21:34:08.956 22845 INFO rally.task.runner [-] Task 7164172a-30fc-4597-8d9d-bbf07e9f58ec | ITER: 13 END: OK
2019-07-06 21:34:08.960 22845 INFO rally.task.runner [-] Task 7164172a-30fc-4597-8d9d-bbf07e9f58ec | ITER: 28 START
2019-07-06 21:34:08.980 22827 INFO rally.task.runner [-] Task 7164172a-30fc-4597-8d9d-bbf07e9f58ec | ITER: 5 END: OK
2019-07-06 21:34:08.981 22870 INFO rally.task.runner [-] Task 7164172a-30fc-4597-8d9d-bbf07e9f58ec | ITER: 19 END: OK
2019-07-06 21:34:08.983 22827 INFO rally.task.runner [-] Task 7164172a-30fc-4597-8d9d-bbf07e9f58ec | ITER: 29 START
2019-07-06 21:34:08.984 22870 INFO rally.task.runner [-] Task 7164172a-30fc-4597-8d9d-bbf07e9f58ec | ITER: 30 START
2019-07-06 21:34:09.032 22843 INFO rally.task.runner [-] Task 7164172a-30fc-4597-8d9d-bbf07e9f58ec | ITER: 12 END: OK
2019-07-06 21:34:09.035 22843 INFO rally.task.runner [-] Task 7164172a-30fc-4597-8d9d-bbf07e9f58ec | ITER: 31 START
2019-07-06 21:34:09.043 22829 INFO rally.task.runner [-] Task 7164172a-30fc-4597-8d9d-bbf07e9f58ec | ITER: 8 END: OK
2019-07-06 21:34:09.046 22829 INFO rally.task.runner [-] Task 7164172a-30fc-4597-8d9d-bbf07e9f58ec | ITER: 32 START
2019-07-06 21:34:09.098 22835 INFO rally.task.runner [-] Task 7164172a-30fc-4597-8d9d-bbf07e9f58ec | ITER: 11 END: OK
2019-07-06 21:34:09.100 22835 INFO rally.task.runner [-] Task 7164172a-30fc-4597-8d9d-bbf07e9f58ec | ITER: 33 START
2019-07-06 21:34:09.183 22855 INFO rally.task.runner [-] Task 7164172a-30fc-4597-8d9d-bbf07e9f58ec | ITER: 16 END: OK
2019-07-06 21:34:09.187 22855 INFO rally.task.runner [-] Task 7164172a-30fc-4597-8d9d-bbf07e9f58ec | ITER: 34 START
2019-07-06 21:34:09.198 22858 INFO rally.task.runner [-] Task 7164172a-30fc-4597-8d9d-bbf07e9f58ec | ITER: 17 END: OK
2019-07-06 21:34:09.201 22858 INFO rally.task.runner [-] Task 7164172a-30fc-4597-8d9d-bbf07e9f58ec | ITER: 35 START
2019-07-06 21:34:09.205 22826 INFO rally.task.runner [-] Task 7164172a-30fc-4597-8d9d-bbf07e9f58ec | ITER: 1 END: OK
2019-07-06 21:34:09.205 22853 INFO rally.task.runner [-] Task 7164172a-30fc-4597-8d9d-bbf07e9f58ec | ITER: 15 END: OK
2019-07-06 21:34:09.210 22826 INFO rally.task.runner [-] Task 7164172a-30fc-4597-8d9d-bbf07e9f58ec | ITER: 37 START
2019-07-06 21:34:09.210 22853 INFO rally.task.runner [-] Task 7164172a-30fc-4597-8d9d-bbf07e9f58ec | ITER: 36 START
2019-07-06 21:34:09.294 22826 INFO rally.task.runner [-] Task 7164172a-30fc-4597-8d9d-bbf07e9f58ec | ITER: 2 END: OK
2019-07-06 21:34:09.297 22826 INFO rally.task.runner [-] Task 7164172a-30fc-4597-8d9d-bbf07e9f58ec | ITER: 38 START
2019-07-06 21:34:09.325 22828 INFO rally.task.runner [-] Task 7164172a-30fc-4597-8d9d-bbf07e9f58ec | ITER: 7 END: OK
2019-07-06 21:34:09.328 22828 INFO rally.task.runner [-] Task 7164172a-30fc-4597-8d9d-bbf07e9f58ec | ITER: 39 START
2019-07-06 21:34:09.666 22873 INFO rally.task.runner [-] Task 7164172a-30fc-4597-8d9d-bbf07e9f58ec | ITER: 20 END: OK
2019-07-06 21:34:09.670 22873 INFO rally.task.runner [-] Task 7164172a-30fc-4597-8d9d-bbf07e9f58ec | ITER: 40 START
2019-07-06 21:34:10.381 22838 INFO rally.task.runner [-] Task 7164172a-30fc-4597-8d9d-bbf07e9f58ec | ITER: 22 END: OK
2019-07-06 21:34:10.385 22838 INFO rally.task.runner [-] Task 7164172a-30fc-4597-8d9d-bbf07e9f58ec | ITER: 41 START
2019-07-06 21:34:10.663 22845 INFO rally.task.runner [-] Task 7164172a-30fc-4597-8d9d-bbf07e9f58ec | ITER: 28 END: OK
2019-07-06 21:34:10.666 22845 INFO rally.task.runner [-] Task 7164172a-30fc-4597-8d9d-bbf07e9f58ec | ITER: 42 START
2019-07-06 21:34:10.675 22870 INFO rally.task.runner [-] Task 7164172a-30fc-4597-8d9d-bbf07e9f58ec | ITER: 30 END: OK
2019-07-06 21:34:10.678 22870 INFO rally.task.runner [-] Task 7164172a-30fc-4597-8d9d-bbf07e9f58ec | ITER: 43 START
2019-07-06 21:34:10.740 22868 INFO rally.task.runner [-] Task 7164172a-30fc-4597-8d9d-bbf07e9f58ec | ITER: 23 END: OK
2019-07-06 21:34:10.743 22827 INFO rally.task.runner [-] Task 7164172a-30fc-4597-8d9d-bbf07e9f58ec | ITER: 24 END: OK
2019-07-06 21:34:10.744 22868 INFO rally.task.runner [-] Task 7164172a-30fc-4597-8d9d-bbf07e9f58ec | ITER: 44 START
2019-07-06 21:34:10.746 22827 INFO rally.task.runner [-] Task 7164172a-30fc-4597-8d9d-bbf07e9f58ec | ITER: 45 START
2019-07-06 21:34:10.833 22851 INFO rally.task.runner [-] Task 7164172a-30fc-4597-8d9d-bbf07e9f58ec | ITER: 27 END: OK
2019-07-06 21:34:10.836 22851 INFO rally.task.runner [-] Task 7164172a-30fc-4597-8d9d-bbf07e9f58ec | ITER: 46 START
2019-07-06 21:34:10.882 22826 INFO rally.task.runner [-] Task 7164172a-30fc-4597-8d9d-bbf07e9f58ec | ITER: 37 END: OK
2019-07-06 21:34:10.885 22826 INFO rally.task.runner [-] Task 7164172a-30fc-4597-8d9d-bbf07e9f58ec | ITER: 47 START
2019-07-06 21:34:10.893 22829 INFO rally.task.runner [-] Task 7164172a-30fc-4597-8d9d-bbf07e9f58ec | ITER: 21 END: OK
2019-07-06 21:34:10.896 22829 INFO rally.task.runner [-] Task 7164172a-30fc-4597-8d9d-bbf07e9f58ec | ITER: 48 START
2019-07-06 21:34:10.941 22827 INFO rally.task.runner [-] Task 7164172a-30fc-4597-8d9d-bbf07e9f58ec | ITER: 29 END: OK
2019-07-06 21:34:10.944 22827 INFO rally.task.runner [-] Task 7164172a-30fc-4597-8d9d-bbf07e9f58ec | ITER: 49 START
2019-07-06 21:34:10.951 22829 INFO rally.task.runner [-] Task 7164172a-30fc-4597-8d9d-bbf07e9f58ec | ITER: 32 END: OK
2019-07-06 21:34:10.954 22829 INFO rally.task.runner [-] Task 7164172a-30fc-4597-8d9d-bbf07e9f58ec | ITER: 50 START
2019-07-06 21:34:11.031 22828 INFO rally.task.runner [-] Task 7164172a-30fc-4597-8d9d-bbf07e9f58ec | ITER: 25 END: OK
2019-07-06 21:34:11.034 22828 INFO rally.task.runner [-] Task 7164172a-30fc-4597-8d9d-bbf07e9f58ec | ITER: 51 START
2019-07-06 21:34:11.181 22858 INFO rally.task.runner [-] Task 7164172a-30fc-4597-8d9d-bbf07e9f58ec | ITER: 35 END: OK
2019-07-06 21:34:11.184 22858 INFO rally.task.runner [-] Task 7164172a-30fc-4597-8d9d-bbf07e9f58ec | ITER: 52 START
2019-07-06 21:34:11.368 22855 INFO rally.task.runner [-] Task 7164172a-30fc-4597-8d9d-bbf07e9f58ec | ITER: 34 END: OK
2019-07-06 21:34:11.371 22855 INFO rally.task.runner [-] Task 7164172a-30fc-4597-8d9d-bbf07e9f58ec | ITER: 53 START
2019-07-06 21:34:11.391 22853 INFO rally.task.runner [-] Task 7164172a-30fc-4597-8d9d-bbf07e9f58ec | ITER: 36 END: OK
2019-07-06 21:34:11.394 22853 INFO rally.task.runner [-] Task 7164172a-30fc-4597-8d9d-bbf07e9f58ec | ITER: 54 START
2019-07-06 21:34:11.672 22831 INFO rally.task.runner [-] Task 7164172a-30fc-4597-8d9d-bbf07e9f58ec | ITER: 26 END: OK
2019-07-06 21:34:11.675 22831 INFO rally.task.runner [-] Task 7164172a-30fc-4597-8d9d-bbf07e9f58ec | ITER: 55 START
2019-07-06 21:34:11.696 22826 INFO rally.task.runner [-] Task 7164172a-30fc-4597-8d9d-bbf07e9f58ec | ITER: 38 END: OK
2019-07-06 21:34:11.699 22826 INFO rally.task.runner [-] Task 7164172a-30fc-4597-8d9d-bbf07e9f58ec | ITER: 56 START
2019-07-06 21:34:11.736 22873 INFO rally.task.runner [-] Task 7164172a-30fc-4597-8d9d-bbf07e9f58ec | ITER: 40 END: OK
2019-07-06 21:34:11.739 22873 INFO rally.task.runner [-] Task 7164172a-30fc-4597-8d9d-bbf07e9f58ec | ITER: 57 START
2019-07-06 21:34:11.902 22835 INFO rally.task.runner [-] Task 7164172a-30fc-4597-8d9d-bbf07e9f58ec | ITER: 33 END: OK
2019-07-06 21:34:11.904 22835 INFO rally.task.runner [-] Task 7164172a-30fc-4597-8d9d-bbf07e9f58ec | ITER: 58 START
2019-07-06 21:34:12.048 22838 INFO rally.task.runner [-] Task 7164172a-30fc-4597-8d9d-bbf07e9f58ec | ITER: 41 END: OK
2019-07-06 21:34:12.051 22838 INFO rally.task.runner [-] Task 7164172a-30fc-4597-8d9d-bbf07e9f58ec | ITER: 59 START
2019-07-06 21:34:12.094 22843 INFO rally.task.runner [-] Task 7164172a-30fc-4597-8d9d-bbf07e9f58ec | ITER: 31 END: OK
2019-07-06 21:34:12.097 22843 INFO rally.task.runner [-] Task 7164172a-30fc-4597-8d9d-bbf07e9f58ec | ITER: 60 START
2019-07-06 21:34:12.271 22868 INFO rally.task.runner [-] Task 7164172a-30fc-4597-8d9d-bbf07e9f58ec | ITER: 44 END: OK
2019-07-06 21:34:12.274 22868 INFO rally.task.runner [-] Task 7164172a-30fc-4597-8d9d-bbf07e9f58ec | ITER: 61 START
2019-07-06 21:34:12.426 22870 INFO rally.task.runner [-] Task 7164172a-30fc-4597-8d9d-bbf07e9f58ec | ITER: 43 END: OK
2019-07-06 21:34:12.429 22870 INFO rally.task.runner [-] Task 7164172a-30fc-4597-8d9d-bbf07e9f58ec | ITER: 62 START
2019-07-06 21:34:12.633 22828 INFO rally.task.runner [-] Task 7164172a-30fc-4597-8d9d-bbf07e9f58ec | ITER: 39 END: OK
2019-07-06 21:34:12.636 22828 INFO rally.task.runner [-] Task 7164172a-30fc-4597-8d9d-bbf07e9f58ec | ITER: 63 START
2019-07-06 21:34:12.662 22827 INFO rally.task.runner [-] Task 7164172a-30fc-4597-8d9d-bbf07e9f58ec | ITER: 45 END: OK
2019-07-06 21:34:12.665 22827 INFO rally.task.runner [-] Task 7164172a-30fc-4597-8d9d-bbf07e9f58ec | ITER: 64 START
2019-07-06 21:34:12.722 22826 INFO rally.task.runner [-] Task 7164172a-30fc-4597-8d9d-bbf07e9f58ec | ITER: 47 END: OK
2019-07-06 21:34:12.725 22826 INFO rally.task.runner [-] Task 7164172a-30fc-4597-8d9d-bbf07e9f58ec | ITER: 65 START
2019-07-06 21:34:12.855 22827 INFO rally.task.runner [-] Task 7164172a-30fc-4597-8d9d-bbf07e9f58ec | ITER: 49 END: OK
2019-07-06 21:34:12.858 22827 INFO rally.task.runner [-] Task 7164172a-30fc-4597-8d9d-bbf07e9f58ec | ITER: 66 START
2019-07-06 21:34:12.865 22851 INFO rally.task.runner [-] Task 7164172a-30fc-4597-8d9d-bbf07e9f58ec | ITER: 46 END: OK
2019-07-06 21:34:12.868 22851 INFO rally.task.runner [-] Task 7164172a-30fc-4597-8d9d-bbf07e9f58ec | ITER: 67 START
2019-07-06 21:34:13.023 22829 INFO rally.task.runner [-] Task 7164172a-30fc-4597-8d9d-bbf07e9f58ec | ITER: 50 END: OK
2019-07-06 21:34:13.026 22829 INFO rally.task.runner [-] Task 7164172a-30fc-4597-8d9d-bbf07e9f58ec | ITER: 68 START
2019-07-06 21:34:13.201 22858 INFO rally.task.runner [-] Task 7164172a-30fc-4597-8d9d-bbf07e9f58ec | ITER: 52 END: OK
2019-07-06 21:34:13.204 22858 INFO rally.task.runner [-] Task 7164172a-30fc-4597-8d9d-bbf07e9f58ec | ITER: 69 START
2019-07-06 21:34:13.297 22828 INFO rally.task.runner [-] Task 7164172a-30fc-4597-8d9d-bbf07e9f58ec | ITER: 51 END: OK
2019-07-06 21:34:13.300 22828 INFO rally.task.runner [-] Task 7164172a-30fc-4597-8d9d-bbf07e9f58ec | ITER: 70 START
2019-07-06 21:34:13.521 22855 INFO rally.task.runner [-] Task 7164172a-30fc-4597-8d9d-bbf07e9f58ec | ITER: 53 END: OK
2019-07-06 21:34:13.525 22855 INFO rally.task.runner [-] Task 7164172a-30fc-4597-8d9d-bbf07e9f58ec | ITER: 71 START
2019-07-06 21:34:13.590 22845 INFO rally.task.runner [-] Task 7164172a-30fc-4597-8d9d-bbf07e9f58ec | ITER: 42 END: OK
2019-07-06 21:34:13.593 22845 INFO rally.task.runner [-] Task 7164172a-30fc-4597-8d9d-bbf07e9f58ec | ITER: 72 START
2019-07-06 21:34:13.679 22873 INFO rally.task.runner [-] Task 7164172a-30fc-4597-8d9d-bbf07e9f58ec | ITER: 57 END: OK
2019-07-06 21:34:13.682 22873 INFO rally.task.runner [-] Task 7164172a-30fc-4597-8d9d-bbf07e9f58ec | ITER: 73 START
2019-07-06 21:34:14.029 22853 INFO rally.task.runner [-] Task 7164172a-30fc-4597-8d9d-bbf07e9f58ec | ITER: 54 END: OK
2019-07-06 21:34:14.032 22829 INFO rally.task.runner [-] Task 7164172a-30fc-4597-8d9d-bbf07e9f58ec | ITER: 48 END: OK
2019-07-06 21:34:14.032 22853 INFO rally.task.runner [-] Task 7164172a-30fc-4597-8d9d-bbf07e9f58ec | ITER: 74 START
2019-07-06 21:34:14.034 22826 INFO rally.task.runner [-] Task 7164172a-30fc-4597-8d9d-bbf07e9f58ec | ITER: 56 END: OK
2019-07-06 21:34:14.035 22829 INFO rally.task.runner [-] Task 7164172a-30fc-4597-8d9d-bbf07e9f58ec | ITER: 75 START
2019-07-06 21:34:14.037 22826 INFO rally.task.runner [-] Task 7164172a-30fc-4597-8d9d-bbf07e9f58ec | ITER: 76 START
2019-07-06 21:34:14.123 22868 INFO rally.task.runner [-] Task 7164172a-30fc-4597-8d9d-bbf07e9f58ec | ITER: 61 END: OK
2019-07-06 21:34:14.126 22868 INFO rally.task.runner [-] Task 7164172a-30fc-4597-8d9d-bbf07e9f58ec | ITER: 77 START
2019-07-06 21:34:14.127 22831 INFO rally.task.runner [-] Task 7164172a-30fc-4597-8d9d-bbf07e9f58ec | ITER: 55 END: OK
2019-07-06 21:34:14.130 22831 INFO rally.task.runner [-] Task 7164172a-30fc-4597-8d9d-bbf07e9f58ec | ITER: 78 START
2019-07-06 21:34:14.327 22870 INFO rally.task.runner [-] Task 7164172a-30fc-4597-8d9d-bbf07e9f58ec | ITER: 62 END: OK
2019-07-06 21:34:14.331 22870 INFO rally.task.runner [-] Task 7164172a-30fc-4597-8d9d-bbf07e9f58ec | ITER: 79 START
2019-07-06 21:34:14.407 22835 INFO rally.task.runner [-] Task 7164172a-30fc-4597-8d9d-bbf07e9f58ec | ITER: 58 END: OK
2019-07-06 21:34:14.410 22835 INFO rally.task.runner [-] Task 7164172a-30fc-4597-8d9d-bbf07e9f58ec | ITER: 80 START
2019-07-06 21:34:14.520 22838 INFO rally.task.runner [-] Task 7164172a-30fc-4597-8d9d-bbf07e9f58ec | ITER: 59 END: OK
2019-07-06 21:34:14.523 22838 INFO rally.task.runner [-] Task 7164172a-30fc-4597-8d9d-bbf07e9f58ec | ITER: 81 START
2019-07-06 21:34:14.535 22828 INFO rally.task.runner [-] Task 7164172a-30fc-4597-8d9d-bbf07e9f58ec | ITER: 63 END: OK
2019-07-06 21:34:14.538 22828 INFO rally.task.runner [-] Task 7164172a-30fc-4597-8d9d-bbf07e9f58ec | ITER: 82 START
2019-07-06 21:34:14.547 22827 INFO rally.task.runner [-] Task 7164172a-30fc-4597-8d9d-bbf07e9f58ec | ITER: 66 END: OK
2019-07-06 21:34:14.550 22827 INFO rally.task.runner [-] Task 7164172a-30fc-4597-8d9d-bbf07e9f58ec | ITER: 83 START
2019-07-06 21:34:14.556 22843 INFO rally.task.runner [-] Task 7164172a-30fc-4597-8d9d-bbf07e9f58ec | ITER: 60 END: OK
2019-07-06 21:34:14.559 22843 INFO rally.task.runner [-] Task 7164172a-30fc-4597-8d9d-bbf07e9f58ec | ITER: 84 START
2019-07-06 21:34:14.691 22826 INFO rally.task.runner [-] Task 7164172a-30fc-4597-8d9d-bbf07e9f58ec | ITER: 65 END: OK
2019-07-06 21:34:14.694 22826 INFO rally.task.runner [-] Task 7164172a-30fc-4597-8d9d-bbf07e9f58ec | ITER: 85 START
2019-07-06 21:34:14.836 22858 INFO rally.task.runner [-] Task 7164172a-30fc-4597-8d9d-bbf07e9f58ec | ITER: 69 END: OK
2019-07-06 21:34:14.839 22858 INFO rally.task.runner [-] Task 7164172a-30fc-4597-8d9d-bbf07e9f58ec | ITER: 86 START
2019-07-06 21:34:15.085 22828 INFO rally.task.runner [-] Task 7164172a-30fc-4597-8d9d-bbf07e9f58ec | ITER: 70 END: OK
2019-07-06 21:34:15.089 22828 INFO rally.task.runner [-] Task 7164172a-30fc-4597-8d9d-bbf07e9f58ec | ITER: 87 START
2019-07-06 21:34:15.129 22851 INFO rally.task.runner [-] Task 7164172a-30fc-4597-8d9d-bbf07e9f58ec | ITER: 67 END: OK
2019-07-06 21:34:15.133 22851 INFO rally.task.runner [-] Task 7164172a-30fc-4597-8d9d-bbf07e9f58ec | ITER: 88 START
2019-07-06 21:34:15.190 22829 INFO rally.task.runner [-] Task 7164172a-30fc-4597-8d9d-bbf07e9f58ec | ITER: 68 END: OK
2019-07-06 21:34:15.194 22829 INFO rally.task.runner [-] Task 7164172a-30fc-4597-8d9d-bbf07e9f58ec | ITER: 89 START
2019-07-06 21:34:15.245 22827 INFO rally.task.runner [-] Task 7164172a-30fc-4597-8d9d-bbf07e9f58ec | ITER: 64 END: OK
2019-07-06 21:34:15.248 22827 INFO rally.task.runner [-] Task 7164172a-30fc-4597-8d9d-bbf07e9f58ec | ITER: 90 START
2019-07-06 21:34:15.357 22845 INFO rally.task.runner [-] Task 7164172a-30fc-4597-8d9d-bbf07e9f58ec | ITER: 72 END: OK
2019-07-06 21:34:15.361 22845 INFO rally.task.runner [-] Task 7164172a-30fc-4597-8d9d-bbf07e9f58ec | ITER: 91 START
2019-07-06 21:34:15.376 22829 INFO rally.task.runner [-] Task 7164172a-30fc-4597-8d9d-bbf07e9f58ec | ITER: 75 END: OK
2019-07-06 21:34:15.380 22829 INFO rally.task.runner [-] Task 7164172a-30fc-4597-8d9d-bbf07e9f58ec | ITER: 92 START
2019-07-06 21:34:15.390 22853 INFO rally.task.runner [-] Task 7164172a-30fc-4597-8d9d-bbf07e9f58ec | ITER: 74 END: OK
2019-07-06 21:34:15.393 22853 INFO rally.task.runner [-] Task 7164172a-30fc-4597-8d9d-bbf07e9f58ec | ITER: 93 START
2019-07-06 21:34:15.748 22855 INFO rally.task.runner [-] Task 7164172a-30fc-4597-8d9d-bbf07e9f58ec | ITER: 71 END: OK
2019-07-06 21:34:15.751 22855 INFO rally.task.runner [-] Task 7164172a-30fc-4597-8d9d-bbf07e9f58ec | ITER: 94 START
2019-07-06 21:34:15.965 22826 INFO rally.task.runner [-] Task 7164172a-30fc-4597-8d9d-bbf07e9f58ec | ITER: 76 END: OK
2019-07-06 21:34:15.968 22826 INFO rally.task.runner [-] Task 7164172a-30fc-4597-8d9d-bbf07e9f58ec | ITER: 95 START
2019-07-06 21:34:16.010 22873 INFO rally.task.runner [-] Task 7164172a-30fc-4597-8d9d-bbf07e9f58ec | ITER: 73 END: OK
2019-07-06 21:34:16.011 22831 INFO rally.task.runner [-] Task 7164172a-30fc-4597-8d9d-bbf07e9f58ec | ITER: 78 END: OK
2019-07-06 21:34:16.013 22873 INFO rally.task.runner [-] Task 7164172a-30fc-4597-8d9d-bbf07e9f58ec | ITER: 96 START
2019-07-06 21:34:16.014 22831 INFO rally.task.runner [-] Task 7164172a-30fc-4597-8d9d-bbf07e9f58ec | ITER: 97 START
2019-07-06 21:34:16.083 22868 INFO rally.task.runner [-] Task 7164172a-30fc-4597-8d9d-bbf07e9f58ec | ITER: 77 END: OK
2019-07-06 21:34:16.086 22868 INFO rally.task.runner [-] Task 7164172a-30fc-4597-8d9d-bbf07e9f58ec | ITER: 98 START
2019-07-06 21:34:16.246 22826 INFO rally.task.runner [-] Task 7164172a-30fc-4597-8d9d-bbf07e9f58ec | ITER: 85 END: OK
2019-07-06 21:34:16.249 22826 INFO rally.task.runner [-] Task 7164172a-30fc-4597-8d9d-bbf07e9f58ec | ITER: 99 START
2019-07-06 21:34:16.252 22827 INFO rally.task.runner [-] Task 7164172a-30fc-4597-8d9d-bbf07e9f58ec | ITER: 83 END: OK
2019-07-06 21:34:16.254 22827 INFO rally.task.runner [-] Task 7164172a-30fc-4597-8d9d-bbf07e9f58ec | ITER: 100 START
2019-07-06 21:34:16.333 22870 INFO rally.task.runner [-] Task 7164172a-30fc-4597-8d9d-bbf07e9f58ec | ITER: 79 END: OK
2019-07-06 21:34:16.435 22835 INFO rally.task.runner [-] Task 7164172a-30fc-4597-8d9d-bbf07e9f58ec | ITER: 80 END: OK
2019-07-06 21:34:16.701 22838 INFO rally.task.runner [-] Task 7164172a-30fc-4597-8d9d-bbf07e9f58ec | ITER: 81 END: OK
2019-07-06 21:34:16.773 22843 INFO rally.task.runner [-] Task 7164172a-30fc-4597-8d9d-bbf07e9f58ec | ITER: 84 END: OK
2019-07-06 21:34:16.855 22858 INFO rally.task.runner [-] Task 7164172a-30fc-4597-8d9d-bbf07e9f58ec | ITER: 86 END: OK
2019-07-06 21:34:17.036 22828 INFO rally.task.runner [-] Task 7164172a-30fc-4597-8d9d-bbf07e9f58ec | ITER: 87 END: OK
2019-07-06 21:34:17.077 22851 INFO rally.task.runner [-] Task 7164172a-30fc-4597-8d9d-bbf07e9f58ec | ITER: 88 END: OK
2019-07-06 21:34:17.172 22828 INFO rally.task.runner [-] Task 7164172a-30fc-4597-8d9d-bbf07e9f58ec | ITER: 82 END: OK
2019-07-06 21:34:17.310 22829 INFO rally.task.runner [-] Task 7164172a-30fc-4597-8d9d-bbf07e9f58ec | ITER: 89 END: OK
2019-07-06 21:34:17.319 22829 INFO rally.task.runner [-] Task 7164172a-30fc-4597-8d9d-bbf07e9f58ec | ITER: 92 END: OK
2019-07-06 21:34:17.504 22853 INFO rally.task.runner [-] Task 7164172a-30fc-4597-8d9d-bbf07e9f58ec | ITER: 93 END: OK
2019-07-06 21:34:17.581 22845 INFO rally.task.runner [-] Task 7164172a-30fc-4597-8d9d-bbf07e9f58ec | ITER: 91 END: OK
2019-07-06 21:34:17.583 22827 INFO rally.task.runner [-] Task 7164172a-30fc-4597-8d9d-bbf07e9f58ec | ITER: 90 END: OK
2019-07-06 21:34:17.763 22826 INFO rally.task.runner [-] Task 7164172a-30fc-4597-8d9d-bbf07e9f58ec | ITER: 95 END: OK
2019-07-06 21:34:17.798 22855 INFO rally.task.runner [-] Task 7164172a-30fc-4597-8d9d-bbf07e9f58ec | ITER: 94 END: OK
2019-07-06 21:34:17.884 22868 INFO rally.task.runner [-] Task 7164172a-30fc-4597-8d9d-bbf07e9f58ec | ITER: 98 END: OK
2019-07-06 21:34:18.063 22826 INFO rally.task.runner [-] Task 7164172a-30fc-4597-8d9d-bbf07e9f58ec | ITER: 99 END: OK
2019-07-06 21:34:18.076 22873 INFO rally.task.runner [-] Task 7164172a-30fc-4597-8d9d-bbf07e9f58ec | ITER: 96 END: OK
2019-07-06 21:34:18.418 22831 INFO rally.task.runner [-] Task 7164172a-30fc-4597-8d9d-bbf07e9f58ec | ITER: 97 END: OK
2019-07-06 21:34:18.448 22827 INFO rally.task.runner [-] Task 7164172a-30fc-4597-8d9d-bbf07e9f58ec | ITER: 100 END: OK
2019-07-06 21:34:18.470 22702 INFO rally.task.context [-] Task 7164172a-30fc-4597-8d9d-bbf07e9f58ec | Context cleanup@openstack cleanup() started
2019-07-06 21:34:18.473 22702 RALLYDEBUG rally_openstack.cleanup.manager [-] Cleaning up neutron vip objects
2019-07-06 21:34:19.195 22702 RALLYDEBUG rally_openstack.cleanup.manager [-] Cleaning up neutron health_monitor objects
2019-07-06 21:34:19.820 22702 RALLYDEBUG rally_openstack.cleanup.manager [-] Cleaning up neutron pool objects
2019-07-06 21:34:20.560 22702 RALLYDEBUG rally_openstack.cleanup.manager [-] Cleaning up neutron loadbalancer objects
2019-07-06 21:34:21.200 22702 RALLYDEBUG rally_openstack.cleanup.manager [-] Cleaning up neutron floatingip objects
2019-07-06 21:34:21.892 22702 RALLYDEBUG rally_openstack.cleanup.manager [-] Cleaning up neutron port objects
2019-07-06 21:34:22.570 22702 RALLYDEBUG rally_openstack.cleanup.manager [-] Cleaning up neutron subnet objects
2019-07-06 21:34:23.334 22702 RALLYDEBUG rally_openstack.cleanup.manager [-] Cleaning up neutron network objects
2019-07-06 21:34:24.736 22702 RALLYDEBUG rally_openstack.cleanup.manager [-] Deleting neutron.network object s_rally_922be897_FL8QO91Y (00a46746-0bbb-4448-b529-05b2f7aa3e73)
2019-07-06 21:34:24.737 22702 RALLYDEBUG rally_openstack.cleanup.manager [-] Deleting neutron.network object s_rally_922be897_Op5JlIId (024ae6ae-d951-4a4f-8709-1619c1a97f8c)
2019-07-06 21:34:24.741 22702 RALLYDEBUG rally_openstack.cleanup.manager [-] Deleting neutron.network object s_rally_922be897_9cVl8XnO (09c889a2-b07e-44b4-865e-21320390e858)
2019-07-06 21:34:24.742 22702 RALLYDEBUG rally_openstack.cleanup.manager [-] Deleting neutron.network object s_rally_922be897_OIgfdGcw (0c89dca2-33a4-4567-ada9-0a4019a84645)
2019-07-06 21:34:24.748 22702 RALLYDEBUG rally_openstack.cleanup.manager [-] Deleting neutron.network object s_rally_922be897_ETGDZ6Q6 (0f5f784c-b291-4ebc-ba85-167898181ebf)
2019-07-06 21:34:24.748 22702 RALLYDEBUG rally_openstack.cleanup.manager [-] Deleting neutron.network object s_rally_922be897_ZZOUBerQ (11c26e04-c64a-454f-8d20-765a82dee0ca)
2019-07-06 21:34:24.761 22702 RALLYDEBUG rally_openstack.cleanup.manager [-] Deleting neutron.network object s_rally_922be897_4ygotyvn (0aa4749c-08d5-4970-87d2-a4ed0f285e0e)
2019-07-06 21:34:24.763 22702 RALLYDEBUG rally_openstack.cleanup.manager [-] Deleting neutron.network object s_rally_922be897_pinuu8FS (1ee3b7b4-6c1c-4fac-a4c7-00d50ced4034)
2019-07-06 21:34:24.764 22702 RALLYDEBUG rally_openstack.cleanup.manager [-] Deleting neutron.network object s_rally_922be897_DM1dmXmI (1cc0c568-1289-47c8-83f6-991d51c1c28b)
2019-07-06 21:34:24.765 22702 RALLYDEBUG rally_openstack.cleanup.manager [-] Deleting neutron.network object s_rally_922be897_TCAbbYI4 (1d168b05-012a-4862-bb04-7593f42a1c25)
2019-07-06 21:34:24.769 22702 RALLYDEBUG rally_openstack.cleanup.manager [-] Deleting neutron.network object s_rally_922be897_jDBkHD5K (0b19602b-4999-4413-a2ff-beb254391373)
2019-07-06 21:34:24.771 22702 RALLYDEBUG rally_openstack.cleanup.manager [-] Deleting neutron.network object s_rally_922be897_En7IBOuh (05d106f9-9842-41e3-92b5-83a0034c3853)
2019-07-06 21:34:24.780 22702 RALLYDEBUG rally_openstack.cleanup.manager [-] Deleting neutron.network object s_rally_922be897_2Se2CP97 (1e78f34a-1b14-4294-8324-94c5447422d1)
2019-07-06 21:34:24.780 22702 RALLYDEBUG rally_openstack.cleanup.manager [-] Deleting neutron.network object s_rally_922be897_mhAzPza9 (17c0ba3e-0e4e-4b47-a202-13a14cc342ea)
2019-07-06 21:34:24.803 22702 RALLYDEBUG rally_openstack.cleanup.manager [-] Deleting neutron.network object s_rally_922be897_EMHPVosF (1ba0d649-b273-4da5-85d0-282ec318447a)
2019-07-06 21:34:24.806 22702 RALLYDEBUG rally_openstack.cleanup.manager [-] Deleting neutron.network object s_rally_922be897_kSZO7qOj (256b438b-9630-46c7-811a-1ab1f829d6fa)
2019-07-06 21:34:24.806 22702 RALLYDEBUG rally_openstack.cleanup.manager [-] Deleting neutron.network object s_rally_922be897_YpDnbZGd (265e1a17-76c3-470c-9793-180e26ab6dd1)
2019-07-06 21:34:24.827 22702 RALLYDEBUG rally_openstack.cleanup.manager [-] Deleting neutron.network object s_rally_922be897_9u3PTaxY (28225a39-d266-4c44-8d17-92ba38305c9f)
2019-07-06 21:34:24.834 22702 RALLYDEBUG rally_openstack.cleanup.manager [-] Deleting neutron.network object s_rally_922be897_QlKFJdQ8 (2e01f760-71c7-4af7-8d50-908d9a078eb2)
2019-07-06 21:34:24.834 22702 RALLYDEBUG rally_openstack.cleanup.manager [-] Deleting neutron.network object s_rally_922be897_lHjGCgCd (228eba6f-f737-470e-92f3-089c8c57c2fe)
2019-07-06 21:34:27.506 22702 RALLYDEBUG rally_openstack.cleanup.manager [-] Deleting neutron.network object s_rally_922be897_XP3o1jMv (2e476787-a0b1-4e51-a944-386ac271e1ab)
2019-07-06 21:34:27.598 22702 RALLYDEBUG rally_openstack.cleanup.manager [-] Deleting neutron.network object s_rally_922be897_MoP86lZH (34049d35-26f4-4cc1-8de8-2b429a7fceff)
2019-07-06 21:34:27.636 22702 RALLYDEBUG rally_openstack.cleanup.manager [-] Deleting neutron.network object s_rally_922be897_zD94spE5 (36671519-5bce-407b-a14f-4aca90dd5d97)
2019-07-06 21:34:27.743 22702 RALLYDEBUG rally_openstack.cleanup.manager [-] Deleting neutron.network object s_rally_922be897_sX8FXbgt (3b7624ce-77ec-45a6-8d12-06355ce17a3c)
2019-07-06 21:34:27.823 22702 RALLYDEBUG rally_openstack.cleanup.manager [-] Deleting neutron.network object s_rally_922be897_nT6zBYKM (3b9755f3-f754-4841-b064-d2c7b7a3f4c9)
2019-07-06 21:34:27.864 22702 RALLYDEBUG rally_openstack.cleanup.manager [-] Deleting neutron.network object s_rally_922be897_T9zwr2R6 (3c4a29b0-89d5-4047-8539-e8974e83ca10)
2019-07-06 21:34:27.871 22702 RALLYDEBUG rally_openstack.cleanup.manager [-] Deleting neutron.network object s_rally_922be897_in0tGOTf (3cd7f8f3-fa6e-4074-af9a-fd1414b69053)
2019-07-06 21:34:27.877 22702 RALLYDEBUG rally_openstack.cleanup.manager [-] Deleting neutron.network object s_rally_922be897_8XRlfsmq (3e1f32ff-0419-4d4a-bc4c-58527d153ced)
2019-07-06 21:34:27.887 22702 RALLYDEBUG rally_openstack.cleanup.manager [-] Deleting neutron.network object s_rally_922be897_ShOYF2nZ (433228ee-7c07-4549-ad70-8820701ffb23)
2019-07-06 21:34:27.902 22702 RALLYDEBUG rally_openstack.cleanup.manager [-] Deleting neutron.network object s_rally_922be897_9ZOm9qNs (46e14518-0b70-4a63-8acc-61aed8710594)
2019-07-06 21:34:28.050 22702 RALLYDEBUG rally_openstack.cleanup.manager [-] Deleting neutron.network object s_rally_922be897_ypGk5xgz (487f0474-d7fe-4276-9c62-1fd74bd14219)
2019-07-06 21:34:28.401 22702 RALLYDEBUG rally_openstack.cleanup.manager [-] Deleting neutron.network object s_rally_922be897_YVmAvppO (4a44c34d-4fe5-482c-8c04-a52c23fbc287)
2019-07-06 21:34:28.414 22702 RALLYDEBUG rally_openstack.cleanup.manager [-] Deleting neutron.network object s_rally_922be897_uh0gGPmb (4d734cba-c8d5-4bd2-a4a5-7bb377a2d592)
2019-07-06 21:34:28.452 22702 RALLYDEBUG rally_openstack.cleanup.manager [-] Deleting neutron.network object s_rally_922be897_mhR9jWsn (4eede268-0d45-4041-88d4-283696715452)
2019-07-06 21:34:28.571 22702 RALLYDEBUG rally_openstack.cleanup.manager [-] Deleting neutron.network object s_rally_922be897_NnpyKGeY (5287679b-a04c-456e-b52f-d8ff6cfa4e86)
2019-07-06 21:34:28.584 22702 RALLYDEBUG rally_openstack.cleanup.manager [-] Deleting neutron.network object s_rally_922be897_Eia0n7tE (528b5e5d-e782-4aa0-a0c5-7f0616453896)
2019-07-06 21:34:28.600 22702 RALLYDEBUG rally_openstack.cleanup.manager [-] Deleting neutron.network object s_rally_922be897_kl18rcmK (529f1c30-cb61-4555-8e8b-482ac62b28b9)
2019-07-06 21:34:28.904 22702 RALLYDEBUG rally_openstack.cleanup.manager [-] Deleting neutron.network object s_rally_922be897_s4xyp1Fk (559d08ac-e35a-436d-b01f-401897f71756)
2019-07-06 21:34:28.917 22702 RALLYDEBUG rally_openstack.cleanup.manager [-] Deleting neutron.network object s_rally_922be897_N6Ds4acu (56d21246-6a21-41c0-b892-7d1d1c2b2e59)
2019-07-06 21:34:28.949 22702 RALLYDEBUG rally_openstack.cleanup.manager [-] Deleting neutron.network object s_rally_922be897_pleOAl2r (571efd7f-1892-43b1-838e-35c018345b70)
2019-07-06 21:34:30.057 22702 RALLYDEBUG rally_openstack.cleanup.manager [-] Deleting neutron.network object s_rally_922be897_KocOkKOf (5a94f302-5a53-4a1a-a60e-0a25faef5531)
2019-07-06 21:34:30.136 22702 RALLYDEBUG rally_openstack.cleanup.manager [-] Deleting neutron.network object s_rally_922be897_8CM9g6kL (5cb9bff8-4bea-485b-a8dc-df7ac36fc30b)
2019-07-06 21:34:30.192 22702 RALLYDEBUG rally_openstack.cleanup.manager [-] Deleting neutron.network object s_rally_922be897_3jVK3yF5 (5d26dae4-16de-4f1e-9642-ffea3704cba5)
2019-07-06 21:34:30.347 22702 RALLYDEBUG rally_openstack.cleanup.manager [-] Deleting neutron.network object s_rally_922be897_cIZIwrB0 (607fe7f3-ff31-459d-8345-1aacd0568145)
2019-07-06 21:34:30.358 22702 RALLYDEBUG rally_openstack.cleanup.manager [-] Deleting neutron.network object s_rally_922be897_a38Qtxqc (64ab9daa-a047-452d-9da9-f11ea3e66036)
2019-07-06 21:34:30.391 22702 RALLYDEBUG rally_openstack.cleanup.manager [-] Deleting neutron.network object s_rally_922be897_WRKGEICN (653da058-1ade-4c45-9d32-2189494f61a3)
2019-07-06 21:34:30.443 22702 RALLYDEBUG rally_openstack.cleanup.manager [-] Deleting neutron.network object s_rally_922be897_APBy3RjY (666ad056-1abd-4d9a-b65b-7eb38e230e2e)
2019-07-06 21:34:30.594 22702 RALLYDEBUG rally_openstack.cleanup.manager [-] Deleting neutron.network object s_rally_922be897_velCR2fw (6a8540dc-e3bf-4fcd-8f1e-563810f2dd49)
2019-07-06 21:34:30.601 22702 RALLYDEBUG rally_openstack.cleanup.manager [-] Deleting neutron.network object s_rally_922be897_MZrpkO4y (6bb9b4ea-fc53-445f-861f-18a08112754c)
2019-07-06 21:34:30.730 22702 RALLYDEBUG rally_openstack.cleanup.manager [-] Deleting neutron.network object s_rally_922be897_x8lhgc3u (6bbc1608-3c0d-4caf-927a-57812fbf6fd8)
2019-07-06 21:34:30.773 22702 RALLYDEBUG rally_openstack.cleanup.manager [-] Deleting neutron.network object s_rally_922be897_jAzhdFaa (706f9c22-6eac-46b2-acb7-e1aded6ccf62)
2019-07-06 21:34:31.098 22702 RALLYDEBUG rally_openstack.cleanup.manager [-] Deleting neutron.network object s_rally_922be897_ckSWEaX9 (72d8496b-c973-4634-b4aa-7dea1033da11)
2019-07-06 21:34:31.267 22702 RALLYDEBUG rally_openstack.cleanup.manager [-] Deleting neutron.network object s_rally_922be897_d51TqpL7 (799f1ea5-3411-4d62-bb61-f5e322ee2e21)
2019-07-06 21:34:31.394 22702 RALLYDEBUG rally_openstack.cleanup.manager [-] Deleting neutron.network object s_rally_922be897_mkOA2ykh (7ebdc05f-d7e1-4d06-bb58-fe0817516335)
2019-07-06 21:34:31.501 22702 RALLYDEBUG rally_openstack.cleanup.manager [-] Deleting neutron.network object s_rally_922be897_ZBmPJR4b (855ed11a-24f8-4020-8fcc-2f9085f944f9)
2019-07-06 21:34:31.544 22702 RALLYDEBUG rally_openstack.cleanup.manager [-] Deleting neutron.network object s_rally_922be897_g7c7rPBE (881ccfe7-d365-4175-b73b-02461fbafb84)
2019-07-06 21:34:31.665 22702 RALLYDEBUG rally_openstack.cleanup.manager [-] Deleting neutron.network object s_rally_922be897_88s0nxB2 (88a1afc3-ca73-4f2f-882c-6496f7cbf77a)
2019-07-06 21:34:31.684 22702 RALLYDEBUG rally_openstack.cleanup.manager [-] Deleting neutron.network object s_rally_922be897_Gjrn02zy (89c79353-b250-4915-95ab-891d1e69a0ba)
2019-07-06 21:34:31.715 22702 RALLYDEBUG rally_openstack.cleanup.manager [-] Deleting neutron.network object s_rally_922be897_Z7KqnUx8 (8a59c301-a169-458b-8efc-510286afee12)
2019-07-06 21:34:31.740 22702 RALLYDEBUG rally_openstack.cleanup.manager [-] Deleting neutron.network object s_rally_922be897_7zRn200d (8ee79543-70d9-4cd5-9ee4-03f3082ffcea)
2019-07-06 21:34:32.585 22702 RALLYDEBUG rally_openstack.cleanup.manager [-] Deleting neutron.network object s_rally_922be897_42N8BBbT (92096427-dbb5-42d3-a9cb-a7e0491bd6bc)
2019-07-06 21:34:32.747 22702 RALLYDEBUG rally_openstack.cleanup.manager [-] Deleting neutron.network object s_rally_922be897_EjZIHK0B (921a115b-37a4-442f-af74-e43ebc165997)
2019-07-06 21:34:32.852 22702 RALLYDEBUG rally_openstack.cleanup.manager [-] Deleting neutron.network object s_rally_922be897_Odm2qDjA (96938f3b-f533-4674-976a-09852014b8e7)
2019-07-06 21:34:32.990 22702 RALLYDEBUG rally_openstack.cleanup.manager [-] Deleting neutron.network object s_rally_922be897_h2aQIZv2 (9808563d-f6ea-4521-a7bb-27a595ec6981)
2019-07-06 21:34:33.072 22702 RALLYDEBUG rally_openstack.cleanup.manager [-] Deleting neutron.network object s_rally_922be897_C6K3iVgv (9bb71431-205f-4dba-acbf-db3771727745)
2019-07-06 21:34:33.143 22702 RALLYDEBUG rally_openstack.cleanup.manager [-] Deleting neutron.network object s_rally_922be897_KruAFA4I (9ef6b665-90df-499a-9da2-82652a0b987e)
2019-07-06 21:34:33.294 22702 RALLYDEBUG rally_openstack.cleanup.manager [-] Deleting neutron.network object s_rally_922be897_8lBnW9bG (a0631581-2f86-4d0a-8a96-2d5f49da0df0)
2019-07-06 21:34:33.321 22702 RALLYDEBUG rally_openstack.cleanup.manager [-] Deleting neutron.network object s_rally_922be897_jWwGRuUB (a727e44d-1092-4462-9b08-635cc4213ead)
2019-07-06 21:34:33.549 22702 RALLYDEBUG rally_openstack.cleanup.manager [-] Deleting neutron.network object s_rally_922be897_o5ER9jWl (a81c3e04-fdef-41df-974a-9b6ec89b5032)
2019-07-06 21:34:33.551 22702 RALLYDEBUG rally_openstack.cleanup.manager [-] Deleting neutron.network object s_rally_922be897_JJmBnvjA (a874c75e-f3ab-42f0-a4f9-a62f6ce4ad4c)
2019-07-06 21:34:33.568 22702 RALLYDEBUG rally_openstack.cleanup.manager [-] Deleting neutron.network object s_rally_922be897_GEbMSSmS (b03bafd9-3255-4aea-84d6-7991b170c616)
2019-07-06 21:34:33.709 22702 RALLYDEBUG rally_openstack.cleanup.manager [-] Deleting neutron.network object s_rally_922be897_IAziSW3O (b343b48a-b30d-4eae-ab98-a5ae6e2591de)
2019-07-06 21:34:33.880 22702 RALLYDEBUG rally_openstack.cleanup.manager [-] Deleting neutron.network object s_rally_922be897_ZbWjcoeU (b4463dcf-0060-44af-8666-9133df088ee7)
2019-07-06 21:34:33.960 22702 RALLYDEBUG rally_openstack.cleanup.manager [-] Deleting neutron.network object s_rally_922be897_mVoFyxEa (b714117f-3f64-47dc-affd-e8a865648833)
2019-07-06 21:34:34.117 22702 RALLYDEBUG rally_openstack.cleanup.manager [-] Deleting neutron.network object s_rally_922be897_BvIoWzu2 (b7716e2e-6016-4d82-99fd-94e4b2982026)
2019-07-06 21:34:34.896 22702 RALLYDEBUG rally_openstack.cleanup.manager [-] Deleting neutron.network object s_rally_922be897_yBKCp8w7 (b96b4e8a-9a34-47d3-8aaa-4344aabd796b)
2019-07-06 21:34:34.979 22702 RALLYDEBUG rally_openstack.cleanup.manager [-] Deleting neutron.network object s_rally_922be897_imgXtaTX (bbc89126-33f3-4081-8f66-c548c45ab89e)
2019-07-06 21:34:34.982 22702 RALLYDEBUG rally_openstack.cleanup.manager [-] Deleting neutron.network object s_rally_922be897_FoM1BiJa (be2e340c-4a04-402e-bd1d-83b68ff53f63)
2019-07-06 21:34:35.164 22702 RALLYDEBUG rally_openstack.cleanup.manager [-] Deleting neutron.network object s_rally_922be897_j5WFXUxv (bea02327-7d17-4978-a49d-4a39a593d04b)
2019-07-06 21:34:35.184 22702 RALLYDEBUG rally_openstack.cleanup.manager [-] Deleting neutron.network object s_rally_922be897_z0S1GpjM (c4899167-c6a2-4ceb-9a84-ee93054577de)
2019-07-06 21:34:35.291 22702 RALLYDEBUG rally_openstack.cleanup.manager [-] Deleting neutron.network object s_rally_922be897_h5fOgIqE (c63ea79a-8d30-46cb-8fa2-b016cfd5c8f1)
2019-07-06 21:34:35.361 22702 RALLYDEBUG rally_openstack.cleanup.manager [-] Deleting neutron.network object s_rally_922be897_spWIJXxm (ca0bf6ac-0cd5-4958-a940-835ff274f41f)
2019-07-06 21:34:35.620 22702 RALLYDEBUG rally_openstack.cleanup.manager [-] Deleting neutron.network object s_rally_922be897_EaESyv7H (ca8093bb-afb0-443b-b3e6-2937f2163b73)
2019-07-06 21:34:35.691 22702 RALLYDEBUG rally_openstack.cleanup.manager [-] Deleting neutron.network object s_rally_922be897_VBbxipDC (caa519d7-2ba6-47d3-a920-434ecd6917de)
2019-07-06 21:34:35.918 22702 RALLYDEBUG rally_openstack.cleanup.manager [-] Deleting neutron.network object s_rally_922be897_PiD6mrBz (cd3b3c2c-8565-4022-9119-667df1d6fa1d)
2019-07-06 21:34:35.938 22702 RALLYDEBUG rally_openstack.cleanup.manager [-] Deleting neutron.network object s_rally_922be897_GFH5QnZC (d41034e5-aeb7-40f1-b2c9-7bd360369d8a)
2019-07-06 21:34:36.079 22702 RALLYDEBUG rally_openstack.cleanup.manager [-] Deleting neutron.network object s_rally_922be897_55CCdonq (d4c125a7-aeba-4a01-9e7b-55b8422171aa)
2019-07-06 21:34:36.218 22702 RALLYDEBUG rally_openstack.cleanup.manager [-] Deleting neutron.network object s_rally_922be897_5sGEYmJr (d87115d0-4eaf-4170-b433-0af0a40001b1)
2019-07-06 21:34:36.222 22702 RALLYDEBUG rally_openstack.cleanup.manager [-] Deleting neutron.network object s_rally_922be897_sWVLJtkN (d9dce098-400b-422b-aff6-c620a4ddeb05)
2019-07-06 21:34:36.294 22702 RALLYDEBUG rally_openstack.cleanup.manager [-] Deleting neutron.network object s_rally_922be897_wC2UqpDX (da26602c-2c50-4172-b17c-e95febce4b02)
2019-07-06 21:34:36.338 22702 RALLYDEBUG rally_openstack.cleanup.manager [-] Deleting neutron.network object s_rally_922be897_yHv5yt33 (dacd600b-9d55-45a1-bc5c-752a8966d6d8)
2019-07-06 21:34:36.462 22702 RALLYDEBUG rally_openstack.cleanup.manager [-] Deleting neutron.network object s_rally_922be897_1t8Dp7cl (e1abca47-dc6b-4391-9b0d-5e2dfe439412)
2019-07-06 21:34:36.541 22702 RALLYDEBUG rally_openstack.cleanup.manager [-] Deleting neutron.network object s_rally_922be897_QSKV7By3 (e3403a17-7f20-41cb-9e04-a5b432121781)
2019-07-06 21:34:36.703 22702 RALLYDEBUG rally_openstack.cleanup.manager [-] Deleting neutron.network object s_rally_922be897_keXHPAti (e5f0c1d9-a3e4-4f12-bd15-28a6bf987cde)
2019-07-06 21:34:36.765 22702 RALLYDEBUG rally_openstack.cleanup.manager [-] Deleting neutron.network object s_rally_922be897_9iiCVOdW (e729783b-1d46-491a-b7bd-cf0354495e6b)
2019-07-06 21:34:37.315 22702 RALLYDEBUG rally_openstack.cleanup.manager [-] Deleting neutron.network object s_rally_922be897_KVIYaaNg (f468eafc-403f-43e8-a438-ff3cc1a1beb1)
