2019-07-06 19:52:04.149 4357 INFO rally.task.runner [-] Task dc279d0c-2c37-44b8-a14c-e4f7e094e05e | ITER: 5 START
2019-07-06 19:52:05.274 4356 INFO rally.task.runner [-] Task dc279d0c-2c37-44b8-a14c-e4f7e094e05e | ITER: 3 END: OK
2019-07-06 19:52:05.279 4356 INFO rally.task.runner [-] Task dc279d0c-2c37-44b8-a14c-e4f7e094e05e | ITER: 6 START
2019-07-06 19:52:05.601 4355 INFO rally.task.runner [-] Task dc279d0c-2c37-44b8-a14c-e4f7e094e05e | ITER: 2 END: OK
2019-07-06 19:52:05.606 4355 INFO rally.task.runner [-] Task dc279d0c-2c37-44b8-a14c-e4f7e094e05e | ITER: 7 START
2019-07-06 19:52:05.611 4354 INFO rally.task.runner [-] Task dc279d0c-2c37-44b8-a14c-e4f7e094e05e | ITER: 1 END: OK
2019-07-06 19:52:05.616 4354 INFO rally.task.runner [-] Task dc279d0c-2c37-44b8-a14c-e4f7e094e05e | ITER: 8 START
2019-07-06 19:52:09.622 4357 RALLYDEBUG rally.task.utils [-] Waiting for resource s_rally_d2fd0da9_I2IYKTVs. Status changed: CREATING => DOWNLOADING in 0.728912115097
2019-07-06 19:52:14.212 4357 RALLYDEBUG rally.task.utils [-] Waiting for resource s_rally_d2fd0da9_I2IYKTVs. Status changed: DOWNLOADING => AVAILABLE in 4.59011793137
2019-07-06 19:52:15.000 4357 RALLYDEBUG rally.task.utils [-] Waiting for resource s_rally_d2fd0da9_I2IYKTVs. Status changed: AVAILABLE => DELETING in 0.350605010986
2019-07-06 19:52:15.251 4354 RALLYDEBUG rally.task.utils [-] Waiting for resource s_rally_d2fd0da9_MYD1JcSJ. Status changed: CREATING => DOWNLOADING in 5.18190979958
2019-07-06 19:52:17.665 4356 RALLYDEBUG rally.task.utils [-] Waiting for resource s_rally_d2fd0da9_pV6lt2Ps. Status changed: CREATING => DOWNLOADING in 7.74853801727
2019-07-06 19:52:19.379 4357 INFO rally.task.runner [-] Task dc279d0c-2c37-44b8-a14c-e4f7e094e05e | ITER: 5 END: OK
2019-07-06 19:52:19.385 4357 INFO rally.task.runner [-] Task dc279d0c-2c37-44b8-a14c-e4f7e094e05e | ITER: 9 START
2019-07-06 19:52:19.649 4354 RALLYDEBUG rally.task.utils [-] Waiting for resource s_rally_d2fd0da9_MYD1JcSJ. Status changed: DOWNLOADING => AVAILABLE in 4.39703011513
2019-07-06 19:52:19.699 4355 RALLYDEBUG rally.task.utils [-] Waiting for resource s_rally_d2fd0da9_wyCA9xrm. Status changed: CREATING => DOWNLOADING in 9.85724306107
2019-07-06 19:52:19.990 4354 RALLYDEBUG rally.task.utils [-] Waiting for resource s_rally_d2fd0da9_MYD1JcSJ. Status changed: AVAILABLE => DELETING in 0.0545268058777
2019-07-06 19:52:24.076 4355 RALLYDEBUG rally.task.utils [-] Waiting for resource s_rally_d2fd0da9_wyCA9xrm. Status changed: DOWNLOADING => AVAILABLE in 4.3771340847
2019-07-06 19:52:24.102 4356 RALLYDEBUG rally.task.utils [-] Waiting for resource s_rally_d2fd0da9_pV6lt2Ps. Status changed: DOWNLOADING => AVAILABLE in 6.43655014038
2019-07-06 19:52:24.531 4356 RALLYDEBUG rally.task.utils [-] Waiting for resource s_rally_d2fd0da9_pV6lt2Ps. Status changed: AVAILABLE => DELETING in 0.325489997864
2019-07-06 19:52:24.640 4354 INFO rally.task.runner [-] Task dc279d0c-2c37-44b8-a14c-e4f7e094e05e | ITER: 8 END: OK
2019-07-06 19:52:24.643 4354 INFO rally.task.runner [-] Task dc279d0c-2c37-44b8-a14c-e4f7e094e05e | ITER: 10 START
2019-07-06 19:52:24.810 4355 RALLYDEBUG rally.task.utils [-] Waiting for resource s_rally_d2fd0da9_wyCA9xrm. Status changed: AVAILABLE => DELETING in 0.346155881882
2019-07-06 19:52:26.844 4356 INFO rally.task.runner [-] Task dc279d0c-2c37-44b8-a14c-e4f7e094e05e | ITER: 6 END: OK
2019-07-06 19:52:26.852 4355 INFO rally.task.runner [-] Task dc279d0c-2c37-44b8-a14c-e4f7e094e05e | ITER: 7 END: OK
2019-07-06 19:52:27.395 4357 RALLYDEBUG rally.task.utils [-] Waiting for resource s_rally_d2fd0da9_b9atjCJR. Status changed: CREATING => DOWNLOADING in 2.98642992973
2019-07-06 19:52:29.750 4357 RALLYDEBUG rally.task.utils [-] Waiting for resource s_rally_d2fd0da9_b9atjCJR. Status changed: DOWNLOADING => AVAILABLE in 2.35456418991
2019-07-06 19:52:30.425 4357 RALLYDEBUG rally.task.utils [-] Waiting for resource s_rally_d2fd0da9_b9atjCJR. Status changed: AVAILABLE => DELETING in 0.339833974838
2019-07-06 19:52:32.632 4354 RALLYDEBUG rally.task.utils [-] Waiting for resource s_rally_d2fd0da9_fIyuI5Hw. Status changed: CREATING => DOWNLOADING in 3.07647109032
2019-07-06 19:52:32.715 4357 INFO rally.task.runner [-] Task dc279d0c-2c37-44b8-a14c-e4f7e094e05e | ITER: 9 END: OK
2019-07-06 19:52:37.267 4354 RALLYDEBUG rally.task.utils [-] Waiting for resource s_rally_d2fd0da9_fIyuI5Hw. Status changed: DOWNLOADING => AVAILABLE in 4.63585495949
2019-07-06 19:52:37.975 4354 INFO rally.task.runner [-] Task dc279d0c-2c37-44b8-a14c-e4f7e094e05e | ITER: 10 END: OK
2019-07-06 19:52:38.006 1842 INFO rally.task.context [-] Task dc279d0c-2c37-44b8-a14c-e4f7e094e05e | Context cleanup@openstack cleanup() started
2019-07-06 19:52:38.009 1842 RALLYDEBUG rally_openstack.cleanup.manager [-] Cleaning up cinder backups objects
2019-07-06 19:52:40.242 1842 RALLYDEBUG rally_openstack.cleanup.manager [-] Cleaning up cinder volume_snapshots objects
2019-07-06 19:52:42.365 1842 RALLYDEBUG rally_openstack.cleanup.manager [-] Cleaning up cinder transfers objects
2019-07-06 19:52:44.590 1842 RALLYDEBUG rally_openstack.cleanup.manager [-] Cleaning up cinder volumes objects
2019-07-06 19:52:46.826 1842 INFO rally.task.context [-] Task dc279d0c-2c37-44b8-a14c-e4f7e094e05e | Context cleanup@openstack cleanup() finished in 8.82 sec
2019-07-06 19:52:46.827 1842 INFO rally.task.context [-] Task dc279d0c-2c37-44b8-a14c-e4f7e094e05e | Context quotas@openstack cleanup() started
2019-07-06 19:52:47.717 1842 INFO rally.task.context [-] Task dc279d0c-2c37-44b8-a14c-e4f7e094e05e | Context quotas@openstack cleanup() finished in 0.89 sec
2019-07-06 19:52:47.718 1842 INFO rally.task.context [-] Task dc279d0c-2c37-44b8-a14c-e4f7e094e05e | Context api_versions@openstack cleanup() started
2019-07-06 19:52:47.718 1842 INFO rally.task.context [-] Task dc279d0c-2c37-44b8-a14c-e4f7e094e05e | Context api_versions@openstack cleanup() finished in 0.34 msec
2019-07-06 19:52:47.718 1842 INFO rally.task.context [-] Task dc279d0c-2c37-44b8-a14c-e4f7e094e05e | Context users@openstack cleanup() started
2019-07-06 19:52:55.606 1842 INFO rally.task.context [-] Task dc279d0c-2c37-44b8-a14c-e4f7e094e05e | Context users@openstack cleanup() finished in 7.89 sec
2019-07-06 19:52:56.908 1842 INFO rally.task.engine [-] Load duration is: 53.707152
2019-07-06 19:52:56.909 1842 INFO rally.task.engine [-] Full runner duration is: 53.769695
2019-07-06 19:52:56.909 1842 INFO rally.task.engine [-] Full duration is: 79.05954
2019-07-06 19:52:57.099 1842 INFO rally.task.engine [-] Running workload: position = 2 config = { "version": 2, "title": "A cropped version of a bigger task.", "description": "Auto-generated task from a single workload (uuid=ee4f7fd9-e8b2-4e33-b7a6-fcc11b23fa56)", "subtasks": [ { "title": "CinderVolumes.create_and_delete_volume", "description": "Create and then delete a volume.", "scenario": { "CinderVolumes.create_and_delete_volume": { "size": 1 } }, "contexts": { "users": { "tenants": 3, "users_per_tenant": 2 }, "quotas": { "cinder": { "gigabytes": -1, "snapshots": -1, "volumes": -1 } }, "api_versions": { "cinder": { "version": 3, "service_type": "volumev3" } } }, "runner": { "constant": { "concurrency": 4, "times": 10 } }, "hooks": [], "sla": { "failure_rate": { "max": 0 } } } ] }
2019-07-06 19:52:57.121 1842 RALLYDEBUG rally_openstack.contexts.keystone.users [-] Creating 3 tenants using 20 threads
2019-07-06 19:52:58.953 1842 RALLYDEBUG rally_openstack.contexts.keystone.users [-] Creating 6 users using 20 threads
2019-07-06 19:53:02.046 1842 INFO rally.task.context [-] Task dc279d0c-2c37-44b8-a14c-e4f7e094e05e | Context users@openstack setup() finished in 4.92 sec
2019-07-06 19:53:02.473 1842 INFO rally.task.context [-] Task dc279d0c-2c37-44b8-a14c-e4f7e094e05e | Context api_versions@openstack setup() finished in 0.43 sec
2019-07-06 19:53:04.232 1842 INFO rally.task.context [-] Task dc279d0c-2c37-44b8-a14c-e4f7e094e05e | Context quotas@openstack setup() finished in 1.76 sec
2019-07-06 19:53:04.233 1842 INFO rally.task.context [-] Task dc279d0c-2c37-44b8-a14c-e4f7e094e05e | Context cleanup@openstack setup() finished in 0.01 msec
2019-07-06 19:53:04.240 1842 RALLYDEBUG rally.task.runner [-] Starting the constant runner (task UUID: dc279d0c-2c37-44b8-a14c-e4f7e094e05e). timeout: 0 concurrency: 4 concurrency_per_worker: 1 times: 10 concurrency_overhead: 0 processes_to_start: 4 max_cpu_used: 16
2019-07-06 19:53:04.252 4538 RALLYDEBUG rally.task.runner [-] Starting a worker. concurrency: 1 args: {"size": 1} times: 10 method_name: run timeout: 0 duration: None cls:
2019-07-06 19:53:04.255 4539 RALLYDEBUG rally.task.runner [-] Starting a worker. concurrency: 1 args: {"size": 1} times: 10 method_name: run timeout: 0 duration: None cls:
2019-07-06 19:53:04.258 4540 RALLYDEBUG rally.task.runner [-] Starting a worker. concurrency: 1 args: {"size": 1} times: 10 method_name: run timeout: 0 duration: None cls:
2019-07-06 19:53:04.259 4538 INFO rally.task.runner [-] Task dc279d0c-2c37-44b8-a14c-e4f7e094e05e | ITER: 1 START
2019-07-06 19:53:04.260 4541 RALLYDEBUG rally.task.runner [-] Starting a worker. concurrency: 1 args: {"size": 1} times: 10 method_name: run timeout: 0 duration: None cls:
2019-07-06 19:53:04.264 4539 INFO rally.task.runner [-] Task dc279d0c-2c37-44b8-a14c-e4f7e094e05e | ITER: 2 START
2019-07-06 19:53:04.265 4540 INFO rally.task.runner [-] Task dc279d0c-2c37-44b8-a14c-e4f7e094e05e | ITER: 3 START
2019-07-06 19:53:04.267 4541 INFO rally.task.runner [-] Task dc279d0c-2c37-44b8-a14c-e4f7e094e05e | ITER: 4 START
2019-07-06 19:53:08.324 4541 INFO rally.task.runner [-] Task dc279d0c-2c37-44b8-a14c-e4f7e094e05e | ITER: 4 END: OK
2019-07-06 19:53:08.330 4541 INFO rally.task.runner [-] Task dc279d0c-2c37-44b8-a14c-e4f7e094e05e | ITER: 5 START
2019-07-06 19:53:08.699 4540 RALLYDEBUG rally.task.utils [-] Waiting for resource s_rally_ee4f7fd9_pNTWrctt. Status changed: AVAILABLE => DELETING in 0.253804206848
2019-07-06 19:53:08.863 4538 RALLYDEBUG rally.task.utils [-] Waiting for resource s_rally_ee4f7fd9_n6qC12Ci. Status changed: AVAILABLE => DELETING in 0.344554901123
2019-07-06 19:53:08.924 4539 RALLYDEBUG rally.task.utils [-] Waiting for resource s_rally_ee4f7fd9_SHqDifo8. Status changed: AVAILABLE => DELETING in 0.41854095459
2019-07-06 19:53:11.021 4540 INFO rally.task.runner [-] Task dc279d0c-2c37-44b8-a14c-e4f7e094e05e | ITER: 3 END: OK
2019-07-06 19:53:11.026 4540 INFO rally.task.runner [-] Task dc279d0c-2c37-44b8-a14c-e4f7e094e05e | ITER: 6 START
2019-07-06 19:53:11.180 4538 INFO rally.task.runner [-] Task dc279d0c-2c37-44b8-a14c-e4f7e094e05e | ITER: 1 END: OK
2019-07-06 19:53:11.185 4538 INFO rally.task.runner [-] Task dc279d0c-2c37-44b8-a14c-e4f7e094e05e | ITER: 7 START
2019-07-06 19:53:11.274 4539 INFO rally.task.runner [-] Task dc279d0c-2c37-44b8-a14c-e4f7e094e05e | ITER: 2 END: OK
2019-07-06 19:53:11.280 4539 INFO rally.task.runner [-] Task dc279d0c-2c37-44b8-a14c-e4f7e094e05e | ITER: 8 START
2019-07-06 19:53:12.803 4541 RALLYDEBUG rally.task.utils [-] Waiting for resource s_rally_ee4f7fd9_3HQYzjCU. Status changed: AVAILABLE => DELETING in 0.355792045593
2019-07-06 19:53:15.121 4541 INFO rally.task.runner [-] Task dc279d0c-2c37-44b8-a14c-e4f7e094e05e | ITER: 5 END: OK
2019-07-06 19:53:15.126 4541 INFO rally.task.runner [-] Task dc279d0c-2c37-44b8-a14c-e4f7e094e05e | ITER: 9 START
2019-07-06 19:53:15.324 4540 INFO rally.task.runner [-] Task dc279d0c-2c37-44b8-a14c-e4f7e094e05e | ITER: 6 END: OK
2019-07-06 19:53:15.329 4540 INFO rally.task.runner [-] Task dc279d0c-2c37-44b8-a14c-e4f7e094e05e | ITER: 10 START
2019-07-06 19:53:15.575 4539 RALLYDEBUG rally.task.utils [-] Waiting for resource s_rally_ee4f7fd9_zVJrUYx4. Status changed: AVAILABLE => DELETING in 0.0521709918976
2019-07-06 19:53:15.726 4538 RALLYDEBUG rally.task.utils [-] Waiting for resource s_rally_ee4f7fd9_9fOLQ36n. Status changed: AVAILABLE => DELETING in 0.287977933884
2019-07-06 19:53:17.905 4539 INFO rally.task.runner [-] Task dc279d0c-2c37-44b8-a14c-e4f7e094e05e | ITER: 8 END: OK
2019-07-06 19:53:17.962 4538 INFO rally.task.runner [-] Task dc279d0c-2c37-44b8-a14c-e4f7e094e05e | ITER: 7 END: OK
2019-07-06 19:53:19.158 4541 RALLYDEBUG rally.task.utils [-] Waiting for resource s_rally_ee4f7fd9_kTmyQ9dm. Status changed: AVAILABLE => DELETING in 0.053836107254
2019-07-06 19:53:19.605 4540 RALLYDEBUG rally.task.utils [-] Waiting for resource s_rally_ee4f7fd9_ZcxQVxmo. Status changed: AVAILABLE => DELETING in 0.268047809601
2019-07-06 19:53:21.419 4541 INFO rally.task.runner [-] Task dc279d0c-2c37-44b8-a14c-e4f7e094e05e | ITER: 9 END: OK
2019-07-06 19:53:21.929 4540 INFO rally.task.runner [-] Task dc279d0c-2c37-44b8-a14c-e4f7e094e05e | ITER: 10 END: OK
2019-07-06 19:53:21.949 1842 INFO rally.task.context [-] Task dc279d0c-2c37-44b8-a14c-e4f7e094e05e | Context cleanup@openstack cleanup() started
2019-07-06 19:53:21.951 1842 RALLYDEBUG rally_openstack.cleanup.manager [-] Cleaning up cinder backups objects
2019-07-06 19:53:24.132 1842 RALLYDEBUG rally_openstack.cleanup.manager [-] Cleaning up cinder volume_snapshots objects
2019-07-06 19:53:26.355 1842 RALLYDEBUG rally_openstack.cleanup.manager [-] Cleaning up cinder transfers objects
2019-07-06 19:53:28.560 1842 RALLYDEBUG rally_openstack.cleanup.manager [-] Cleaning up cinder volumes objects
2019-07-06 19:53:30.736 1842 INFO rally.task.context [-] Task dc279d0c-2c37-44b8-a14c-e4f7e094e05e | Context cleanup@openstack cleanup() finished in 8.79 sec
2019-07-06 19:53:30.736 1842 INFO rally.task.context [-] Task dc279d0c-2c37-44b8-a14c-e4f7e094e05e | Context quotas@openstack cleanup() started
2019-07-06 19:53:31.406 1842 INFO rally.task.context [-] Task dc279d0c-2c37-44b8-a14c-e4f7e094e05e | Context quotas@openstack cleanup() finished in 0.67 sec
2019-07-06 19:53:31.406 1842 INFO rally.task.context [-] Task dc279d0c-2c37-44b8-a14c-e4f7e094e05e | Context api_versions@openstack cleanup() started
2019-07-06 19:53:31.407 1842 INFO rally.task.context [-] Task dc279d0c-2c37-44b8-a14c-e4f7e094e05e | Context api_versions@openstack cleanup() finished in 0.32 msec
2019-07-06 19:53:31.407 1842 INFO rally.task.context [-] Task dc279d0c-2c37-44b8-a14c-e4f7e094e05e | Context users@openstack cleanup() started
2019-07-06 19:53:39.306 1842 INFO rally.task.context [-] Task dc279d0c-2c37-44b8-a14c-e4f7e094e05e | Context users@openstack cleanup() finished in 7.90 sec
2019-07-06 19:53:41.304 1842 INFO rally.task.engine [-] Load duration is: 17.667503
2019-07-06 19:53:41.304 1842 INFO rally.task.engine [-] Full runner duration is: 17.709553
2019-07-06 19:53:41.305 1842 INFO rally.task.engine [-] Full duration is: 42.187741
2019-07-06 19:53:41.645 1842 INFO rally.task.engine [-] Running workload: position = 0 config = { "version": 2, "title": "A cropped version of a bigger task.", "description": "Auto-generated task from a single workload (uuid=3d4df9d3-01e6-44e9-b10f-aad36f08b4a6)", "subtasks": [ { "title": "CinderVolumes.create_and_extend_volume", "description": "Create and extend a volume and then delete it.", "scenario": { "CinderVolumes.create_and_extend_volume": { "new_size": 2, "size": 1 } }, "contexts": { "users": { "tenants": 3, "users_per_tenant": 2 }, "quotas": { "cinder": { "gigabytes": -1, "snapshots": -1, "volumes": -1 } }, "api_versions": { "cinder": { "version": 3, "service_type": "volumev3" } } }, "runner": { "constant": { "concurrency": 4, "times": 10 } }, "hooks": [], "sla": { "failure_rate": { "max": 0 } } } ] }
2019-07-06 19:53:41.667 1842 RALLYDEBUG rally_openstack.contexts.keystone.users [-] Creating 3 tenants using 20 threads
2019-07-06 19:53:43.624 1842 RALLYDEBUG rally_openstack.contexts.keystone.users [-] Creating 6 users using 20 threads
2019-07-06 19:53:46.646 1842 INFO rally.task.context [-] Task dc279d0c-2c37-44b8-a14c-e4f7e094e05e | Context users@openstack setup() finished in 4.98 sec
2019-07-06 19:53:47.070 1842 INFO rally.task.context [-] Task dc279d0c-2c37-44b8-a14c-e4f7e094e05e | Context api_versions@openstack setup() finished in 0.42 sec
2019-07-06 19:53:48.832 1842 INFO rally.task.context [-] Task dc279d0c-2c37-44b8-a14c-e4f7e094e05e | Context quotas@openstack setup() finished in 1.76 sec
2019-07-06 19:53:48.832 1842 INFO rally.task.context [-] Task dc279d0c-2c37-44b8-a14c-e4f7e094e05e | Context cleanup@openstack setup() finished in 0.01 msec
2019-07-06 19:53:48.840 1842 RALLYDEBUG rally.task.runner [-] Starting the constant runner (task UUID: dc279d0c-2c37-44b8-a14c-e4f7e094e05e). timeout: 0 concurrency: 4 concurrency_per_worker: 1 times: 10 concurrency_overhead: 0 processes_to_start: 4 max_cpu_used: 16
2019-07-06 19:53:48.852 4722 RALLYDEBUG rally.task.runner [-] Starting a worker. concurrency: 1 args: {"new_size": 2, "size": 1} times: 10 method_name: run timeout: 0 duration: None cls:
2019-07-06 19:53:48.855 4723 RALLYDEBUG rally.task.runner [-] Starting a worker. concurrency: 1 args: {"new_size": 2, "size": 1} times: 10 method_name: run timeout: 0 duration: None cls:
2019-07-06 19:53:48.858 4724 RALLYDEBUG rally.task.runner [-] Starting a worker. concurrency: 1 args: {"new_size": 2, "size": 1} times: 10 method_name: run timeout: 0 duration: None cls:
2019-07-06 19:53:48.859 4725 RALLYDEBUG rally.task.runner [-] Starting a worker. concurrency: 1 args: {"new_size": 2, "size": 1} times: 10 method_name: run timeout: 0 duration: None cls:
2019-07-06 19:53:48.860 4722 INFO rally.task.runner [-] Task dc279d0c-2c37-44b8-a14c-e4f7e094e05e | ITER: 1 START
2019-07-06 19:53:48.863 4723 INFO rally.task.runner [-] Task dc279d0c-2c37-44b8-a14c-e4f7e094e05e | ITER: 2 START
2019-07-06 19:53:48.864 4725 INFO rally.task.runner [-] Task dc279d0c-2c37-44b8-a14c-e4f7e094e05e | ITER: 4 START
2019-07-06 19:53:48.866 4724 INFO rally.task.runner [-] Task dc279d0c-2c37-44b8-a14c-e4f7e094e05e | ITER: 3 START
2019-07-06 19:53:53.338 4722 RALLYDEBUG rally.task.utils [-] Waiting for resource s_rally_3d4df9d3_LVok0G5d. Status changed: AVAILABLE => EXTENDING in 0.254369974136
2019-07-06 19:53:53.612 4725 RALLYDEBUG rally.task.utils [-] Waiting for resource s_rally_3d4df9d3_g7epBtww. Status changed: AVAILABLE => EXTENDING in 0.271531105042
2019-07-06 19:53:53.776 4723 RALLYDEBUG rally.task.utils [-] Waiting for resource s_rally_3d4df9d3_SbagOfP7. Status changed: AVAILABLE => DELETING in 0.3430788517
2019-07-06 19:53:54.337 4724 INFO rally.task.runner [-] Task dc279d0c-2c37-44b8-a14c-e4f7e094e05e | ITER: 3 END: OK
2019-07-06 19:53:54.343 4724 INFO rally.task.runner [-] Task dc279d0c-2c37-44b8-a14c-e4f7e094e05e | ITER: 5 START
2019-07-06 19:53:55.585 4722 RALLYDEBUG rally.task.utils [-] Waiting for resource s_rally_3d4df9d3_LVok0G5d. Status changed: EXTENDING => AVAILABLE in 2.24751806259
2019-07-06 19:53:55.733 4722 RALLYDEBUG rally.task.utils [-] Waiting for resource s_rally_3d4df9d3_LVok0G5d. Status changed: AVAILABLE => DELETING in 0.052286863327
2019-07-06 19:53:56.065 4725 RALLYDEBUG rally.task.utils [-] Waiting for resource s_rally_3d4df9d3_g7epBtww. Status changed: EXTENDING => AVAILABLE in 2.45304083824
2019-07-06 19:53:56.197 4723 INFO rally.task.runner [-] Task dc279d0c-2c37-44b8-a14c-e4f7e094e05e | ITER: 2 END: OK
2019-07-06 19:53:56.203 4723 INFO rally.task.runner [-] Task dc279d0c-2c37-44b8-a14c-e4f7e094e05e | ITER: 6 START
2019-07-06 19:53:56.765 4725 INFO rally.task.runner [-] Task dc279d0c-2c37-44b8-a14c-e4f7e094e05e | ITER: 4 END: OK
2019-07-06 19:53:56.771 4725 INFO rally.task.runner [-] Task dc279d0c-2c37-44b8-a14c-e4f7e094e05e | ITER: 7 START
2019-07-06 19:53:58.057 4722 INFO rally.task.runner [-] Task dc279d0c-2c37-44b8-a14c-e4f7e094e05e | ITER: 1 END: OK
2019-07-06 19:53:58.061 4722 INFO rally.task.runner [-] Task dc279d0c-2c37-44b8-a14c-e4f7e094e05e | ITER: 8 START
2019-07-06 19:53:59.251 4724 RALLYDEBUG rally.task.utils [-] Waiting for resource s_rally_3d4df9d3_SC8hz51c. Status changed: AVAILABLE => DELETING in 0.255477905273
2019-07-06 19:54:01.179 4723 INFO rally.task.runner [-] Task dc279d0c-2c37-44b8-a14c-e4f7e094e05e | ITER: 6 END: OK
2019-07-06 19:54:01.184 4723 INFO rally.task.runner [-] Task dc279d0c-2c37-44b8-a14c-e4f7e094e05e | ITER: 9 START
2019-07-06 19:54:01.589 4724 INFO rally.task.runner [-] Task dc279d0c-2c37-44b8-a14c-e4f7e094e05e | ITER: 5 END: OK
2019-07-06 19:54:01.594 4724 INFO rally.task.runner [-] Task dc279d0c-2c37-44b8-a14c-e4f7e094e05e | ITER: 10 START
2019-07-06 19:54:01.866 4725 INFO rally.task.runner [-] Task dc279d0c-2c37-44b8-a14c-e4f7e094e05e | ITER: 7 END: OK
2019-07-06 19:54:03.066 4722 INFO rally.task.runner [-] Task dc279d0c-2c37-44b8-a14c-e4f7e094e05e | ITER: 8 END: OK
2019-07-06 19:54:06.123 4724 RALLYDEBUG rally.task.utils [-] Waiting for resource s_rally_3d4df9d3_tpviMOdy. Status changed: AVAILABLE => DELETING in 0.0546250343323
2019-07-06 19:54:06.125 4723 INFO rally.task.runner [-] Task dc279d0c-2c37-44b8-a14c-e4f7e094e05e | ITER: 9 END: OK
2019-07-06 19:54:08.366 4724 INFO rally.task.runner [-] Task dc279d0c-2c37-44b8-a14c-e4f7e094e05e | ITER: 10 END: OK
2019-07-06 19:54:08.397 1842 INFO rally.task.context [-] Task dc279d0c-2c37-44b8-a14c-e4f7e094e05e | Context cleanup@openstack cleanup() started
2019-07-06 19:54:08.399 1842 RALLYDEBUG rally_openstack.cleanup.manager [-] Cleaning up cinder backups objects
2019-07-06 19:54:10.618 1842 RALLYDEBUG rally_openstack.cleanup.manager [-] Cleaning up cinder volume_snapshots objects
2019-07-06 19:54:12.821 1842 RALLYDEBUG rally_openstack.cleanup.manager [-] Cleaning up cinder transfers objects
2019-07-06 19:54:15.045 1842 RALLYDEBUG rally_openstack.cleanup.manager [-] Cleaning up cinder volumes objects
2019-07-06 19:54:17.432 1842 INFO rally.task.context [-] Task dc279d0c-2c37-44b8-a14c-e4f7e094e05e | Context cleanup@openstack cleanup() finished in 9.04 sec
2019-07-06 19:54:17.432 1842 INFO rally.task.context [-] Task dc279d0c-2c37-44b8-a14c-e4f7e094e05e | Context quotas@openstack cleanup() started
2019-07-06 19:54:18.101 1842 INFO rally.task.context [-] Task dc279d0c-2c37-44b8-a14c-e4f7e094e05e | Context quotas@openstack cleanup() finished in 0.67 sec
2019-07-06 19:54:18.101 1842 INFO rally.task.context [-] Task dc279d0c-2c37-44b8-a14c-e4f7e094e05e | Context api_versions@openstack cleanup() started
2019-07-06 19:54:18.102 1842 INFO rally.task.context [-] Task dc279d0c-2c37-44b8-a14c-e4f7e094e05e | Context api_versions@openstack cleanup() finished in 0.30 msec
2019-07-06 19:54:18.102 1842 INFO rally.task.context [-] Task dc279d0c-2c37-44b8-a14c-e4f7e094e05e | Context users@openstack cleanup() started
2019-07-06 19:54:26.085 1842 INFO rally.task.context [-] Task dc279d0c-2c37-44b8-a14c-e4f7e094e05e | Context users@openstack cleanup() finished in 7.98 sec
2019-07-06 19:54:27.869 1842 INFO rally.task.engine [-] Load duration is: 19.501173
2019-07-06 19:54:27.869 1842 INFO rally.task.engine [-] Full runner duration is: 19.557369
2019-07-06 19:54:27.869 1842 INFO rally.task.engine [-] Full duration is: 44.420064
2019-07-06 19:54:28.117 1842 INFO rally.task.engine [-] Running workload: position = 0 config = { "version": 2, "title": "A cropped version of a bigger task.", "description": "Auto-generated task from a single workload (uuid=aa88e28a-ba0a-436c-a4fe-89e700f7ce80)", "subtasks": [ { "title": "CinderVolumes.create_from_volume_and_delete_volume", "description": "Create volume from volume and then delete it.", "scenario": { "CinderVolumes.create_from_volume_and_delete_volume": { "size": 1 } }, "contexts": { "users": { "tenants": 3, "users_per_tenant": 2 }, "quotas": { "cinder": { "gigabytes": -1, "snapshots": -1, "volumes": -1 } }, "api_versions": { "cinder": { "version": 3, "service_type": "volumev3" } }, "volumes": { "size": 1, "volumes_per_tenant": 1 } }, "runner": { "constant": { "concurrency": 4, "times": 10 } }, "hooks": [], "sla": { "failure_rate": { "max": 0 } } } ] }
2019-07-06 19:54:28.134 1842 RALLYDEBUG rally_openstack.contexts.keystone.users [-] Creating 3 tenants using 20 threads
2019-07-06 19:54:30.068 1842 RALLYDEBUG rally_openstack.contexts.keystone.users [-] Creating 6 users using 20 threads
2019-07-06 19:54:32.849 1842 INFO rally.task.context [-] Task dc279d0c-2c37-44b8-a14c-e4f7e094e05e | Context users@openstack setup() finished in 4.72 sec
2019-07-06 19:54:33.281 1842 INFO rally.task.context [-] Task dc279d0c-2c37-44b8-a14c-e4f7e094e05e | Context api_versions@openstack setup() finished in 0.43 sec
2019-07-06 19:54:35.025 1842 INFO rally.task.context [-] Task dc279d0c-2c37-44b8-a14c-e4f7e094e05e | Context quotas@openstack setup() finished in 1.74 sec
2019-07-06 19:54:46.275 1842 INFO rally.task.context [-] Task dc279d0c-2c37-44b8-a14c-e4f7e094e05e | Context volumes@openstack setup() finished in 11.25 sec
2019-07-06 19:54:46.275 1842 INFO rally.task.context [-] Task dc279d0c-2c37-44b8-a14c-e4f7e094e05e | Context cleanup@openstack setup() finished in 0.01 msec
2019-07-06 19:54:46.283 1842 RALLYDEBUG rally.task.runner [-] Starting the constant runner (task UUID: dc279d0c-2c37-44b8-a14c-e4f7e094e05e). timeout: 0 concurrency: 4 concurrency_per_worker: 1 times: 10 concurrency_overhead: 0 processes_to_start: 4 max_cpu_used: 16
2019-07-06 19:54:46.296 4906 RALLYDEBUG rally.task.runner [-] Starting a worker. concurrency: 1 args: {"size": 1} times: 10 method_name: run timeout: 0 duration: None cls:
2019-07-06 19:54:46.299 4907 RALLYDEBUG rally.task.runner [-] Starting a worker. concurrency: 1 args: {"size": 1} times: 10 method_name: run timeout: 0 duration: None cls:
2019-07-06 19:54:46.302 4908 RALLYDEBUG rally.task.runner [-] Starting a worker. concurrency: 1 args: {"size": 1} times: 10 method_name: run timeout: 0 duration: None cls:
2019-07-06 19:54:46.304 4906 INFO rally.task.runner [-] Task dc279d0c-2c37-44b8-a14c-e4f7e094e05e | ITER: 1 START
2019-07-06 19:54:46.305 4909 RALLYDEBUG rally.task.runner [-] Starting a worker. concurrency: 1 args: {"size": 1} times: 10 method_name: run timeout: 0 duration: None cls:
2019-07-06 19:54:46.307 4907 INFO rally.task.runner [-] Task dc279d0c-2c37-44b8-a14c-e4f7e094e05e | ITER: 2 START
2019-07-06 19:54:46.310 4908 INFO rally.task.runner [-] Task dc279d0c-2c37-44b8-a14c-e4f7e094e05e | ITER: 3 START
2019-07-06 19:54:46.312 4909 INFO rally.task.runner [-] Task dc279d0c-2c37-44b8-a14c-e4f7e094e05e | ITER: 4 START
2019-07-06 19:54:50.406 4906 RALLYDEBUG rally.task.utils [-] Waiting for resource s_rally_aa88e28a_AHIdFzCQ. Status changed: AVAILABLE => DELETING in 0.0562200546265
2019-07-06 19:54:50.534 4908 RALLYDEBUG rally.task.utils [-] Waiting for resource s_rally_aa88e28a_1feG7HAQ. Status changed: AVAILABLE => DELETING in 0.052631855011
2019-07-06 19:54:52.482 4909 RALLYDEBUG rally.task.utils [-] Waiting for resource s_rally_aa88e28a_IRZwkmfl. Status changed: CREATING => AVAILABLE in 3.03499794006
2019-07-06 19:54:53.148 4909 RALLYDEBUG rally.task.utils [-] Waiting for resource s_rally_aa88e28a_IRZwkmfl. Status changed: AVAILABLE => DELETING in 0.35516500473
2019-07-06 19:54:54.775 4906 INFO rally.task.runner [-] Task dc279d0c-2c37-44b8-a14c-e4f7e094e05e | ITER: 1 END: OK
2019-07-06 19:54:54.781 4906 INFO rally.task.runner [-] Task dc279d0c-2c37-44b8-a14c-e4f7e094e05e | ITER: 5 START
2019-07-06 19:54:54.986 4907 RALLYDEBUG rally.task.utils [-] Waiting for resource s_rally_aa88e28a_UCYMsEV6. Status changed: CREATING => AVAILABLE in 5.51514482498
2019-07-06 19:54:55.252 4908 INFO rally.task.runner [-] Task dc279d0c-2c37-44b8-a14c-e4f7e094e05e | ITER: 3 END: OK
2019-07-06 19:54:55.257 4908 INFO rally.task.runner [-] Task dc279d0c-2c37-44b8-a14c-e4f7e094e05e | ITER: 6 START
2019-07-06 19:54:55.636 4909 INFO rally.task.runner [-] Task dc279d0c-2c37-44b8-a14c-e4f7e094e05e | ITER: 4 END: OK
2019-07-06 19:54:55.642 4909 INFO rally.task.runner [-] Task dc279d0c-2c37-44b8-a14c-e4f7e094e05e | ITER: 7 START
2019-07-06 19:54:55.701 4907 RALLYDEBUG rally.task.utils [-] Waiting for resource s_rally_aa88e28a_UCYMsEV6. Status changed: AVAILABLE => DELETING in 0.344966173172
2019-07-06 19:54:57.738 4907 INFO rally.task.runner [-] Task dc279d0c-2c37-44b8-a14c-e4f7e094e05e | ITER: 2 END: OK
2019-07-06 19:54:57.744 4907 INFO rally.task.runner [-] Task dc279d0c-2c37-44b8-a14c-e4f7e094e05e | ITER: 8 START
2019-07-06 19:54:59.036 4906 RALLYDEBUG rally.task.utils [-] Waiting for resource s_rally_aa88e28a_BCEnQUjT. Status changed: AVAILABLE => DELETING in 0.267050027847
2019-07-06 19:55:01.151 4908 RALLYDEBUG rally.task.utils [-] Waiting for resource s_rally_aa88e28a_l3e8IOlJ. Status changed: CREATING => AVAILABLE in 2.64529085159
2019-07-06 19:55:01.582 4909 RALLYDEBUG rally.task.utils [-] Waiting for resource s_rally_aa88e28a_fDELLKxL. Status changed: CREATING => AVAILABLE in 2.93050289154
2019-07-06 19:55:01.788 4908 RALLYDEBUG rally.task.utils [-] Waiting for resource s_rally_aa88e28a_l3e8IOlJ. Status changed: AVAILABLE => DELETING in 0.252940177917
2019-07-06 19:55:02.230 4909 RALLYDEBUG rally.task.utils [-] Waiting for resource s_rally_aa88e28a_fDELLKxL. Status changed: AVAILABLE => DELETING in 0.347697973251
2019-07-06 19:55:03.415 4906 INFO rally.task.runner [-] Task dc279d0c-2c37-44b8-a14c-e4f7e094e05e | ITER: 5 END: OK
2019-07-06 19:55:03.420 4906 INFO rally.task.runner [-] Task dc279d0c-2c37-44b8-a14c-e4f7e094e05e | ITER: 9 START
2019-07-06 19:55:03.585 4907 RALLYDEBUG rally.task.utils [-] Waiting for resource s_rally_aa88e28a_HepzWm4l. Status changed: CREATING => AVAILABLE in 2.84330797195
2019-07-06 19:55:03.919 4907 RALLYDEBUG rally.task.utils [-] Waiting for resource s_rally_aa88e28a_HepzWm4l. Status changed: AVAILABLE => DELETING in 0.0544581413269
2019-07-06 19:55:04.012 4908 INFO rally.task.runner [-] Task dc279d0c-2c37-44b8-a14c-e4f7e094e05e | ITER: 6 END: OK
2019-07-06 19:55:04.017 4908 INFO rally.task.runner [-] Task dc279d0c-2c37-44b8-a14c-e4f7e094e05e | ITER: 10 START
2019-07-06 19:55:04.551 4909 INFO rally.task.runner [-] Task dc279d0c-2c37-44b8-a14c-e4f7e094e05e | ITER: 7 END: OK
2019-07-06 19:55:06.219 4907 INFO rally.task.runner [-] Task dc279d0c-2c37-44b8-a14c-e4f7e094e05e | ITER: 8 END: OK
2019-07-06 19:55:07.863 4906 RALLYDEBUG rally.task.utils [-] Waiting for resource s_rally_aa88e28a_ZifNrgwG. Status changed: AVAILABLE => DELETING in 0.333448886871
2019-07-06 19:55:08.190 4908 RALLYDEBUG rally.task.utils [-] Waiting for resource s_rally_aa88e28a_jrphtTXK. Status changed: AVAILABLE => DELETING in 0.246975183487
2019-07-06 19:55:10.106 4906 INFO rally.task.runner [-] Task dc279d0c-2c37-44b8-a14c-e4f7e094e05e | ITER: 9 END: OK
2019-07-06 19:55:10.459 4908 INFO rally.task.runner [-] Task dc279d0c-2c37-44b8-a14c-e4f7e094e05e | ITER: 10 END: OK
2019-07-06 19:55:10.487 1842 INFO rally.task.context [-] Task dc279d0c-2c37-44b8-a14c-e4f7e094e05e | Context cleanup@openstack cleanup() started
2019-07-06 19:55:10.489 1842 RALLYDEBUG rally_openstack.cleanup.manager [-] Cleaning up cinder backups objects
2019-07-06 19:55:12.600 1842 RALLYDEBUG rally_openstack.cleanup.manager [-] Cleaning up cinder volume_snapshots objects
2019-07-06 19:55:15.128 1842 RALLYDEBUG rally_openstack.cleanup.manager [-] Cleaning up cinder transfers objects
2019-07-06 19:55:17.349 1842 RALLYDEBUG rally_openstack.cleanup.manager [-] Cleaning up cinder volumes objects
2019-07-06 19:55:19.699 1842 INFO rally.task.context [-] Task dc279d0c-2c37-44b8-a14c-e4f7e094e05e | Context cleanup@openstack cleanup() finished in 9.21 sec
2019-07-06 19:55:19.699 1842 INFO rally.task.context [-] Task dc279d0c-2c37-44b8-a14c-e4f7e094e05e | Context volumes@openstack cleanup() started
2019-07-06 19:55:19.700 1842 RALLYDEBUG rally_openstack.cleanup.manager [-] Cleaning up cinder volumes objects
2019-07-06 19:55:21.987 1842 RALLYDEBUG rally_openstack.cleanup.manager [-] Deleting cinder.volumes object c_rally_aa88e28a_MA9X357o (e3f0967d-7c4e-4976-8b83-c7a28d578948)
2019-07-06 19:55:21.990 1842 RALLYDEBUG rally_openstack.cleanup.manager [-] Deleting cinder.volumes object c_rally_aa88e28a_cBFznGoE (0f1b322c-de73-4afd-9595-bae2045ccc57)
2019-07-06 19:55:21.994 1842 RALLYDEBUG rally_openstack.cleanup.manager [-] Deleting cinder.volumes object c_rally_aa88e28a_A230gr4i (c78e1ce0-2752-418b-aca1-b9728eca69b9)
2019-07-06 19:55:25.472 1842 INFO rally.task.context [-] Task dc279d0c-2c37-44b8-a14c-e4f7e094e05e | Context volumes@openstack cleanup() finished in 5.77 sec
2019-07-06 19:55:25.473 1842 INFO rally.task.context [-] Task dc279d0c-2c37-44b8-a14c-e4f7e094e05e | Context quotas@openstack cleanup() started
2019-07-06 19:55:26.155 1842 INFO rally.task.context [-] Task dc279d0c-2c37-44b8-a14c-e4f7e094e05e | Context quotas@openstack cleanup() finished in 0.68 sec
2019-07-06 19:55:26.155 1842 INFO rally.task.context [-] Task dc279d0c-2c37-44b8-a14c-e4f7e094e05e | Context api_versions@openstack cleanup() started
2019-07-06 19:55:26.155 1842 INFO rally.task.context [-] Task dc279d0c-2c37-44b8-a14c-e4f7e094e05e | Context api_versions@openstack cleanup() finished in 0.30 msec
2019-07-06 19:55:26.156 1842 INFO rally.task.context [-] Task dc279d0c-2c37-44b8-a14c-e4f7e094e05e | Context users@openstack cleanup() started
2019-07-06 19:55:34.133 1842 INFO rally.task.context [-] Task dc279d0c-2c37-44b8-a14c-e4f7e094e05e | Context users@openstack cleanup() finished in 7.98 sec
2019-07-06 19:55:34.393 1842 INFO rally.task.engine [-] Load duration is: 24.150982
2019-07-06 19:55:34.393 1842 INFO rally.task.engine [-] Full runner duration is: 24.204841
2019-07-06 19:55:34.393 1842 INFO rally.task.engine [-] Full duration is: 66.004119
2019-07-06 19:55:34.639 1842 INFO rally.task.engine [-] Running workload: position = 0 config = { "version": 2, "title": "A cropped version of a bigger task.", "description": "Auto-generated task from a single workload (uuid=786491e6-2c47-4d15-8b74-575780bd3901)", "subtasks": [ { "title": "CinderQos.create_and_get_qos", "description": "Create a qos, then get details of the qos.", "scenario": { "CinderQos.create_and_get_qos": { "consumer": "both", "write_iops_sec": "10", "read_iops_sec": "1000" } }, "contexts": { "users": { "tenants": 3, "users_per_tenant": 2 }, "api_versions": { "cinder": { "version": 3, "service_type": "volumev3" } } }, "runner": { "constant": { "concurrency": 4, "times": 10 } }, "hooks": [], "sla": { "failure_rate": { "max": 0 } } } ] }
2019-07-06 19:55:34.661 1842 RALLYDEBUG rally_openstack.contexts.keystone.users [-] Creating 3 tenants using 20 threads
2019-07-06 19:55:36.631 1842 RALLYDEBUG rally_openstack.contexts.keystone.users [-] Creating 6 users using 20 threads
2019-07-06 19:55:39.570 1842 INFO rally.task.context [-] Task dc279d0c-2c37-44b8-a14c-e4f7e094e05e | Context users@openstack setup() finished in 4.91 sec
2019-07-06 19:55:40.084 1842 INFO rally.task.context [-] Task dc279d0c-2c37-44b8-a14c-e4f7e094e05e | Context api_versions@openstack setup() finished in 0.51 sec
2019-07-06 19:55:40.084 1842 INFO rally.task.context [-] Task dc279d0c-2c37-44b8-a14c-e4f7e094e05e | Context admin_cleanup@openstack setup() finished in 0.00 msec
2019-07-06 19:55:40.091 1842 RALLYDEBUG rally.task.runner [-] Starting the constant runner (task UUID: dc279d0c-2c37-44b8-a14c-e4f7e094e05e). timeout: 0 concurrency: 4 concurrency_per_worker: 1 times: 10 concurrency_overhead: 0 processes_to_start: 4 max_cpu_used: 16
2019-07-06 19:55:40.104 5110 RALLYDEBUG rally.task.runner [-] Starting a worker. concurrency: 1 args: {"consumer": "both", "write_iops_sec": "10", "read_iops_sec": "1000"} times: 10 method_name: run timeout: 0 duration: None cls:
2019-07-06 19:55:40.106 5111 RALLYDEBUG rally.task.runner [-] Starting a worker. concurrency: 1 args: {"consumer": "both", "write_iops_sec": "10", "read_iops_sec": "1000"} times: 10 method_name: run timeout: 0 duration: None cls:
2019-07-06 19:55:40.110 5112 RALLYDEBUG rally.task.runner [-] Starting a worker. concurrency: 1 args: {"consumer": "both", "write_iops_sec": "10", "read_iops_sec": "1000"} times: 10 method_name: run timeout: 0 duration: None cls:
2019-07-06 19:55:40.111 5110 INFO rally.task.runner [-] Task dc279d0c-2c37-44b8-a14c-e4f7e094e05e | ITER: 1 START
2019-07-06 19:55:40.113 5113 RALLYDEBUG rally.task.runner [-] Starting a worker. concurrency: 1 args: {"consumer": "both", "write_iops_sec": "10", "read_iops_sec": "1000"} times: 10 method_name: run timeout: 0 duration: None cls:
2019-07-06 19:55:40.114 5111 INFO rally.task.runner [-] Task dc279d0c-2c37-44b8-a14c-e4f7e094e05e | ITER: 2 START
2019-07-06 19:55:40.117 5112 INFO rally.task.runner [-] Task dc279d0c-2c37-44b8-a14c-e4f7e094e05e | ITER: 3 START
2019-07-06 19:55:40.120 5113 INFO rally.task.runner [-] Task dc279d0c-2c37-44b8-a14c-e4f7e094e05e | ITER: 4 START
2019-07-06 19:55:41.184 5111 INFO rally.task.runner [-] Task dc279d0c-2c37-44b8-a14c-e4f7e094e05e | ITER: 2 END: OK
2019-07-06 19:55:41.189 5113 INFO rally.task.runner [-] Task dc279d0c-2c37-44b8-a14c-e4f7e094e05e | ITER: 4 END: OK
2019-07-06 19:55:41.189 5111 INFO rally.task.runner [-] Task dc279d0c-2c37-44b8-a14c-e4f7e094e05e | ITER: 5 START
2019-07-06 19:55:41.195 5113 INFO rally.task.runner [-] Task dc279d0c-2c37-44b8-a14c-e4f7e094e05e | ITER: 6 START
2019-07-06 19:55:41.196 5112 INFO rally.task.runner [-] Task dc279d0c-2c37-44b8-a14c-e4f7e094e05e | ITER: 3 END: OK
2019-07-06 19:55:41.200 5112 INFO rally.task.runner [-] Task dc279d0c-2c37-44b8-a14c-e4f7e094e05e | ITER: 7 START
2019-07-06 19:55:41.224 5110 INFO rally.task.runner [-] Task dc279d0c-2c37-44b8-a14c-e4f7e094e05e | ITER: 1 END: OK
2019-07-06 19:55:41.230 5110 INFO rally.task.runner [-] Task dc279d0c-2c37-44b8-a14c-e4f7e094e05e | ITER: 8 START
2019-07-06 19:55:42.276 5113 INFO rally.task.runner [-] Task dc279d0c-2c37-44b8-a14c-e4f7e094e05e | ITER: 6 END: OK
2019-07-06 19:55:42.279 5111 INFO rally.task.runner [-] Task dc279d0c-2c37-44b8-a14c-e4f7e094e05e | ITER: 5 END: OK
2019-07-06 19:55:42.282 5113 INFO rally.task.runner [-] Task dc279d0c-2c37-44b8-a14c-e4f7e094e05e | ITER: 9 START
2019-07-06 19:55:42.284 5111 INFO rally.task.runner [-] Task dc279d0c-2c37-44b8-a14c-e4f7e094e05e | ITER: 10 START
2019-07-06 19:55:42.305 5110 INFO rally.task.runner [-] Task dc279d0c-2c37-44b8-a14c-e4f7e094e05e | ITER: 8 END: OK
2019-07-06 19:55:42.353 5112 INFO rally.task.runner [-] Task dc279d0c-2c37-44b8-a14c-e4f7e094e05e | ITER: 7 END: OK
2019-07-06 19:55:43.325 5113 INFO rally.task.runner [-] Task dc279d0c-2c37-44b8-a14c-e4f7e094e05e | ITER: 9 END: OK
2019-07-06 19:55:43.332 5111 INFO rally.task.runner [-] Task dc279d0c-2c37-44b8-a14c-e4f7e094e05e | ITER: 10 END: OK
2019-07-06 19:55:43.352 1842 INFO rally.task.context [-] Task dc279d0c-2c37-44b8-a14c-e4f7e094e05e | Context admin_cleanup@openstack cleanup() started
2019-07-06 19:55:43.354 1842 RALLYDEBUG rally_openstack.cleanup.manager [-] Cleaning up cinder volume_types objects
2019-07-06 19:55:44.094 1842 RALLYDEBUG rally_openstack.cleanup.manager [-] Cleaning up cinder image_volumes_cache objects
2019-07-06 19:55:45.418 1842 RALLYDEBUG rally_openstack.cleanup.manager [-] Cleaning up cinder quotas objects
2019-07-06 19:55:47.145 1842 RALLYDEBUG rally_openstack.cleanup.manager [-] Cleaning up cinder qos_specs objects
2019-07-06 19:55:47.805 1842 RALLYDEBUG rally_openstack.cleanup.manager [-] Deleting cinder.qos_specs object s_rally_786491e6_2S3sJCSD (9cf8b92e-ca3d-4d41-88ea-c4d57b9a4abc)
2019-07-06 19:55:47.808 1842 RALLYDEBUG rally_openstack.cleanup.manager [-] Deleting cinder.qos_specs object s_rally_786491e6_iVNoCLIh (9fb08bea-fdf2-4e33-96d1-bf667c5d6af9)
2019-07-06 19:55:47.818 1842 RALLYDEBUG rally_openstack.cleanup.manager [-] Deleting cinder.qos_specs object s_rally_786491e6_QBHZDV6d (7fc352e2-40de-4fd4-8cab-b41d9e850670)
2019-07-06 19:55:47.825 1842 RALLYDEBUG rally_openstack.cleanup.manager [-] Deleting cinder.qos_specs object s_rally_786491e6_7oTLtipC (c2445f45-f302-497d-99e7-ccb411a8939e)
2019-07-06 19:55:47.831 1842 RALLYDEBUG rally_openstack.cleanup.manager [-] Deleting cinder.qos_specs object s_rally_786491e6_LyQXkxUa (68e9aafa-ad5a-4c33-9c10-84c644d897b5)
2019-07-06 19:55:47.835 1842 RALLYDEBUG rally_openstack.cleanup.manager [-] Deleting cinder.qos_specs object s_rally_786491e6_tzo49pMx (93b61b3b-016e-4ce7-9351-c8f49d96248b)
2019-07-06 19:55:47.856 1842 RALLYDEBUG rally_openstack.cleanup.manager [-] Deleting cinder.qos_specs object s_rally_786491e6_vB1F5b3F (ab6dc7c3-02cf-4343-a253-e1575cb4cc2a)
2019-07-06 19:55:47.867 1842 RALLYDEBUG rally_openstack.cleanup.manager [-] Deleting cinder.qos_specs object s_rally_786491e6_TO4jOQE8 (680c172c-1d3c-47f8-bf22-efa12c9b5b8d)
2019-07-06 19:55:47.872 1842 RALLYDEBUG rally_openstack.cleanup.manager [-] Deleting cinder.qos_specs object s_rally_786491e6_X1skStn3 (b9df8502-1309-4d92-85f0-47081ee6f515)
2019-07-06 19:55:47.878 1842 RALLYDEBUG rally_openstack.cleanup.manager [-] Deleting cinder.qos_specs object s_rally_786491e6_FOJFVHkU (46a1d957-134e-474f-b298-8ea793b57c80)
2019-07-06 19:55:50.273 1842 INFO rally.task.context [-] Task dc279d0c-2c37-44b8-a14c-e4f7e094e05e | Context admin_cleanup@openstack cleanup() finished in 6.92 sec
2019-07-06 19:55:50.273 1842 INFO rally.task.context [-] Task dc279d0c-2c37-44b8-a14c-e4f7e094e05e | Context api_versions@openstack cleanup() started
2019-07-06 19:55:50.274 1842 INFO rally.task.context [-] Task dc279d0c-2c37-44b8-a14c-e4f7e094e05e | Context api_versions@openstack cleanup() finished in 0.20 msec
2019-07-06 19:55:50.274 1842 INFO rally.task.context [-] Task dc279d0c-2c37-44b8-a14c-e4f7e094e05e | Context users@openstack cleanup() started
2019-07-06 19:55:58.092 1842 INFO rally.task.context [-] Task dc279d0c-2c37-44b8-a14c-e4f7e094e05e | Context users@openstack cleanup() finished in 7.82 sec
2019-07-06 19:55:58.820 1842 INFO rally.task.engine [-] Load duration is: 3.216929
2019-07-06 19:55:58.820 1842 INFO rally.task.engine [-] Full runner duration is: 3.261193
2019-07-06 19:55:58.820 1842 INFO rally.task.engine [-] Full duration is: 23.433813
2019-07-06 19:55:59.047 1842 INFO rally.task.engine [-] Running workload: position = 0 config = { "version": 2, "title": "A cropped version of a bigger task.", "description": "Auto-generated task from a single workload (uuid=5180ec56-ab60-4a8c-baee-0489e9bb0922)", "subtasks": [ { "title": "CinderQos.create_and_list_qos", "description": "Create a qos, then list all qos.", "scenario": { "CinderQos.create_and_list_qos": { "consumer": "both", "write_iops_sec": "10", "read_iops_sec": "1000" } }, "contexts": { "users": { "tenants": 3, "users_per_tenant": 2 }, "api_versions": { "cinder": { "version": 3, "service_type": "volumev3" } } }, "runner": { "constant": { "concurrency": 4, "times": 10 } }, "hooks": [], "sla": { "failure_rate": { "max": 0 } } } ] }
2019-07-06 19:55:59.070 1842 RALLYDEBUG rally_openstack.contexts.keystone.users [-] Creating 3 tenants using 20 threads
2019-07-06 19:56:00.864 1842 RALLYDEBUG rally_openstack.contexts.keystone.users [-] Creating 6 users using 20 threads
2019-07-06 19:56:03.663 1842 INFO rally.task.context [-] Task dc279d0c-2c37-44b8-a14c-e4f7e094e05e | Context users@openstack setup() finished in 4.59 sec
2019-07-06 19:56:04.107 1842 INFO rally.task.context [-] Task dc279d0c-2c37-44b8-a14c-e4f7e094e05e | Context api_versions@openstack setup() finished in 0.44 sec
2019-07-06 19:56:04.107 1842 INFO rally.task.context [-] Task dc279d0c-2c37-44b8-a14c-e4f7e094e05e | Context admin_cleanup@openstack setup() finished in 0.01 msec
2019-07-06 19:56:04.114 1842 RALLYDEBUG rally.task.runner [-] Starting the constant runner (task UUID: dc279d0c-2c37-44b8-a14c-e4f7e094e05e). timeout: 0 concurrency: 4 concurrency_per_worker: 1 times: 10 concurrency_overhead: 0 processes_to_start: 4 max_cpu_used: 16
2019-07-06 19:56:04.126 5294 RALLYDEBUG rally.task.runner [-] Starting a worker. concurrency: 1 args: {"consumer": "both", "write_iops_sec": "10", "read_iops_sec": "1000"} times: 10 method_name: run timeout: 0 duration: None cls:
2019-07-06 19:56:04.131 5295 RALLYDEBUG rally.task.runner [-] Starting a worker. concurrency: 1 args: {"consumer": "both", "write_iops_sec": "10", "read_iops_sec": "1000"} times: 10 method_name: run timeout: 0 duration: None cls:
2019-07-06 19:56:04.133 5294 INFO rally.task.runner [-] Task dc279d0c-2c37-44b8-a14c-e4f7e094e05e | ITER: 1 START
2019-07-06 19:56:04.133 5296 RALLYDEBUG rally.task.runner [-] Starting a worker. concurrency: 1 args: {"consumer": "both", "write_iops_sec": "10", "read_iops_sec": "1000"} times: 10 method_name: run timeout: 0 duration: None cls:
2019-07-06 19:56:04.138 5297 RALLYDEBUG rally.task.runner [-] Starting a worker. concurrency: 1 args: {"consumer": "both", "write_iops_sec": "10", "read_iops_sec": "1000"} times: 10 method_name: run timeout: 0 duration: None cls:
2019-07-06 19:56:04.139 5295 INFO rally.task.runner [-] Task dc279d0c-2c37-44b8-a14c-e4f7e094e05e | ITER: 2 START
2019-07-06 19:56:04.140 5296 INFO rally.task.runner [-] Task dc279d0c-2c37-44b8-a14c-e4f7e094e05e | ITER: 3 START
2019-07-06 19:56:04.145 5297 INFO rally.task.runner [-] Task dc279d0c-2c37-44b8-a14c-e4f7e094e05e | ITER: 4 START
2019-07-06 19:56:05.227 5297 INFO rally.task.runner [-] Task dc279d0c-2c37-44b8-a14c-e4f7e094e05e | ITER: 4 END: OK
2019-07-06 19:56:05.232 5297 INFO rally.task.runner [-] Task dc279d0c-2c37-44b8-a14c-e4f7e094e05e | ITER: 5 START
2019-07-06 19:56:05.237 5296 INFO rally.task.runner [-] Task dc279d0c-2c37-44b8-a14c-e4f7e094e05e | ITER: 3 END: OK
2019-07-06 19:56:05.242 5296 INFO rally.task.runner [-] Task dc279d0c-2c37-44b8-a14c-e4f7e094e05e | ITER: 6 START
2019-07-06 19:56:05.252 5295 INFO rally.task.runner [-] Task dc279d0c-2c37-44b8-a14c-e4f7e094e05e | ITER: 2 END: OK
2019-07-06 19:56:05.257 5295 INFO rally.task.runner [-] Task dc279d0c-2c37-44b8-a14c-e4f7e094e05e | ITER: 7 START
2019-07-06 19:56:05.278 5294 INFO rally.task.runner [-] Task dc279d0c-2c37-44b8-a14c-e4f7e094e05e | ITER: 1 END: OK
2019-07-06 19:56:05.282 5294 INFO rally.task.runner [-] Task dc279d0c-2c37-44b8-a14c-e4f7e094e05e | ITER: 8 START
2019-07-06 19:56:06.258 5295 INFO rally.task.runner [-] Task dc279d0c-2c37-44b8-a14c-e4f7e094e05e | ITER: 7 END: OK
2019-07-06 19:56:06.262 5295 INFO rally.task.runner [-] Task dc279d0c-2c37-44b8-a14c-e4f7e094e05e | ITER: 9 START
2019-07-06 19:56:06.275 5297 INFO rally.task.runner [-] Task dc279d0c-2c37-44b8-a14c-e4f7e094e05e | ITER: 5 END: OK
2019-07-06 19:56:06.279 5297 INFO rally.task.runner [-] Task dc279d0c-2c37-44b8-a14c-e4f7e094e05e | ITER: 10 START
2019-07-06 19:56:06.281 5294 INFO rally.task.runner [-] Task dc279d0c-2c37-44b8-a14c-e4f7e094e05e | ITER: 8 END: OK
2019-07-06 19:56:06.396 5296 INFO rally.task.runner [-] Task dc279d0c-2c37-44b8-a14c-e4f7e094e05e | ITER: 6 END: OK
2019-07-06 19:56:07.354 5297 INFO rally.task.runner [-] Task dc279d0c-2c37-44b8-a14c-e4f7e094e05e | ITER: 10 END: OK
2019-07-06 19:56:07.355 5295 INFO rally.task.runner [-] Task dc279d0c-2c37-44b8-a14c-e4f7e094e05e | ITER: 9 END: OK
2019-07-06 19:56:07.379 1842 INFO rally.task.context [-] Task dc279d0c-2c37-44b8-a14c-e4f7e094e05e | Context admin_cleanup@openstack cleanup() started
2019-07-06 19:56:07.381 1842 RALLYDEBUG rally_openstack.cleanup.manager [-] Cleaning up cinder volume_types objects
2019-07-06 19:56:08.052 1842 RALLYDEBUG rally_openstack.cleanup.manager [-] Cleaning up cinder image_volumes_cache objects
2019-07-06 19:56:09.354 1842 RALLYDEBUG rally_openstack.cleanup.manager [-] Cleaning up cinder quotas objects
2019-07-06 19:56:11.270 1842 RALLYDEBUG rally_openstack.cleanup.manager [-] Cleaning up cinder qos_specs objects
2019-07-06 19:56:12.020 1842 RALLYDEBUG rally_openstack.cleanup.manager [-] Deleting cinder.qos_specs object s_rally_5180ec56_Wo7ZMEGE (5a3b6532-a005-4eab-a423-b826b26f5f7c)
2019-07-06 19:56:12.028 1842 RALLYDEBUG rally_openstack.cleanup.manager [-] Deleting cinder.qos_specs object s_rally_5180ec56_9tPU1XnE (462ce08b-b0dc-415d-a14b-1a2120c4565a)
2019-07-06 19:56:12.029 1842 RALLYDEBUG rally_openstack.cleanup.manager [-] Deleting cinder.qos_specs object s_rally_5180ec56_z9TZ07ha (f7ef5a09-ad85-4e43-9102-ea59030860f7)
2019-07-06 19:56:12.034 1842 RALLYDEBUG rally_openstack.cleanup.manager [-] Deleting cinder.qos_specs object s_rally_5180ec56_AOT3jOCE (69f2c89b-f379-4159-ae78-e4b965ad2388)
2019-07-06 19:56:12.048 1842 RALLYDEBUG rally_openstack.cleanup.manager [-] Deleting cinder.qos_specs object s_rally_5180ec56_QtHT2qFz (5ce5ca26-c427-4f14-9139-cd2b86bfc2ac)
2019-07-06 19:56:12.061 1842 RALLYDEBUG rally_openstack.cleanup.manager [-] Deleting cinder.qos_specs object s_rally_5180ec56_8YRYCVlT (405a9a0c-2c54-4201-8d82-6460a643f54c)
2019-07-06 19:56:12.064 1842 RALLYDEBUG rally_openstack.cleanup.manager [-] Deleting cinder.qos_specs object s_rally_5180ec56_WoKQNHct (cff9672e-6127-4137-adc0-3d5edc1e4868)
2019-07-06 19:56:12.067 1842 RALLYDEBUG rally_openstack.cleanup.manager [-] Deleting cinder.qos_specs object s_rally_5180ec56_nSgzEiyV (7ee69f8d-f86f-4449-99b6-97391c1a58c5)
2019-07-06 19:56:12.083 1842 RALLYDEBUG rally_openstack.cleanup.manager [-] Deleting cinder.qos_specs object s_rally_5180ec56_d5fVgqUW (54313278-dbff-479c-ab8b-e039339e5f78)
2019-07-06 19:56:12.089 1842 RALLYDEBUG rally_openstack.cleanup.manager [-] Deleting cinder.qos_specs object s_rally_5180ec56_lhXnclhZ (692592b9-e38f-4b39-a690-ff62fa3373ec)
2019-07-06 19:56:14.550 1842 INFO rally.task.context [-] Task dc279d0c-2c37-44b8-a14c-e4f7e094e05e | Context admin_cleanup@openstack cleanup() finished in 7.17 sec
2019-07-06 19:56:14.550 1842 INFO rally.task.context [-] Task dc279d0c-2c37-44b8-a14c-e4f7e094e05e | Context api_versions@openstack cleanup() started
2019-07-06 19:56:14.550 1842 INFO rally.task.context [-] Task dc279d0c-2c37-44b8-a14c-e4f7e094e05e | Context api_versions@openstack cleanup() finished in 0.32 msec
2019-07-06 19:56:14.551 1842 INFO rally.task.context [-] Task dc279d0c-2c37-44b8-a14c-e4f7e094e05e | Context users@openstack cleanup() started
2019-07-06 19:56:22.583 1842 INFO rally.task.context [-] Task dc279d0c-2c37-44b8-a14c-e4f7e094e05e | Context users@openstack cleanup() finished in 8.03 sec
2019-07-06 19:56:23.171 1842 INFO rally.task.engine [-] Load duration is: 3.216688
