2019-07-06 19:47:07.606 1842 RALLYDEBUG rally_openstack.cleanup.manager [-] Cleaning up cinder backups objects
2019-07-06 19:47:09.773 1842 RALLYDEBUG rally_openstack.cleanup.manager [-] Cleaning up cinder volume_snapshots objects
2019-07-06 19:47:11.969 1842 RALLYDEBUG rally_openstack.cleanup.manager [-] Cleaning up cinder transfers objects
2019-07-06 19:47:14.155 1842 RALLYDEBUG rally_openstack.cleanup.manager [-] Cleaning up cinder volumes objects
2019-07-06 19:47:16.507 1842 INFO rally.task.context [-] Task dc279d0c-2c37-44b8-a14c-e4f7e094e05e | Context cleanup@openstack cleanup() finished in 17.88 sec
2019-07-06 19:47:16.507 1842 INFO rally.task.context [-] Task dc279d0c-2c37-44b8-a14c-e4f7e094e05e | Context quotas@openstack cleanup() started
2019-07-06 19:47:17.398 1842 INFO rally.task.context [-] Task dc279d0c-2c37-44b8-a14c-e4f7e094e05e | Context quotas@openstack cleanup() finished in 0.89 sec
2019-07-06 19:47:17.398 1842 INFO rally.task.context [-] Task dc279d0c-2c37-44b8-a14c-e4f7e094e05e | Context api_versions@openstack cleanup() started
2019-07-06 19:47:17.399 1842 INFO rally.task.context [-] Task dc279d0c-2c37-44b8-a14c-e4f7e094e05e | Context api_versions@openstack cleanup() finished in 0.30 msec
2019-07-06 19:47:17.399 1842 INFO rally.task.context [-] Task dc279d0c-2c37-44b8-a14c-e4f7e094e05e | Context users@openstack cleanup() started
2019-07-06 19:47:25.700 1842 INFO rally.task.context [-] Task dc279d0c-2c37-44b8-a14c-e4f7e094e05e | Context users@openstack cleanup() finished in 8.30 sec
2019-07-06 19:47:27.670 1842 INFO rally.task.engine [-] Load duration is: 109.871692
2019-07-06 19:47:27.670 1842 INFO rally.task.engine [-] Full runner duration is: 110.930477
2019-07-06 19:47:27.671 1842 INFO rally.task.engine [-] Full duration is: 146.577687
2019-07-06 19:47:27.959 1842 INFO rally.task.engine [-] Running workload: position = 0 config = { "version": 2, "title": "A cropped version of a bigger task.", "description": "Auto-generated task from a single workload (uuid=9f3f3260-46dc-47f1-868c-6c16b299fef9)", "subtasks": [ { "title": "CinderVolumes.create_volume", "description": "Create a volume.", "scenario": { "CinderVolumes.create_volume": { "size": 1 } }, "contexts": { "users": { "tenants": 3, "users_per_tenant": 2 }, "api_versions": { "cinder": { "version": 3, "service_type": "volumev3" } } }, "runner": { "constant": { "concurrency": 4, "times": 10 } }, "hooks": [], "sla": { "failure_rate": { "max": 0 } } } ] }
2019-07-06 19:47:27.982 1842 RALLYDEBUG rally_openstack.contexts.keystone.users [-] Creating 3 tenants using 20 threads
2019-07-06 19:47:29.868 1842 RALLYDEBUG rally_openstack.contexts.keystone.users [-] Creating 6 users using 20 threads
2019-07-06 19:47:32.783 1842 INFO rally.task.context [-] Task dc279d0c-2c37-44b8-a14c-e4f7e094e05e | Context users@openstack setup() finished in 4.80 sec
2019-07-06 19:47:33.213 1842 INFO rally.task.context [-] Task dc279d0c-2c37-44b8-a14c-e4f7e094e05e | Context api_versions@openstack setup() finished in 0.43 sec
2019-07-06 19:47:33.213 1842 INFO rally.task.context [-] Task dc279d0c-2c37-44b8-a14c-e4f7e094e05e | Context cleanup@openstack setup() finished in 0.00 msec
2019-07-06 19:47:33.218 1842 RALLYDEBUG rally.task.runner [-] Starting the constant runner (task UUID: dc279d0c-2c37-44b8-a14c-e4f7e094e05e). timeout: 0 concurrency: 4 concurrency_per_worker: 1 times: 10 concurrency_overhead: 0 processes_to_start: 4 max_cpu_used: 16
2019-07-06 19:47:33.228 3474 RALLYDEBUG rally.task.runner [-] Starting a worker. concurrency: 1 args: {"size": 1} times: 10 method_name: run timeout: 0 duration: None cls:
2019-07-06 19:47:33.231 3475 RALLYDEBUG rally.task.runner [-] Starting a worker. concurrency: 1 args: {"size": 1} times: 10 method_name: run timeout: 0 duration: None cls:
2019-07-06 19:47:33.232 3476 RALLYDEBUG rally.task.runner [-] Starting a worker. concurrency: 1 args: {"size": 1} times: 10 method_name: run timeout: 0 duration: None cls:
2019-07-06 19:47:33.234 3474 INFO rally.task.runner [-] Task dc279d0c-2c37-44b8-a14c-e4f7e094e05e | ITER: 1 START
2019-07-06 19:47:33.235 3477 RALLYDEBUG rally.task.runner [-] Starting a worker. concurrency: 1 args: {"size": 1} times: 10 method_name: run timeout: 0 duration: None cls:
2019-07-06 19:47:33.238 3476 INFO rally.task.runner [-] Task dc279d0c-2c37-44b8-a14c-e4f7e094e05e | ITER: 3 START
2019-07-06 19:47:33.238 3475 INFO rally.task.runner [-] Task dc279d0c-2c37-44b8-a14c-e4f7e094e05e | ITER: 2 START
2019-07-06 19:47:33.242 3477 INFO rally.task.runner [-] Task dc279d0c-2c37-44b8-a14c-e4f7e094e05e | ITER: 4 START
2019-07-06 19:47:36.947 3475 INFO rally.task.runner [-] Task dc279d0c-2c37-44b8-a14c-e4f7e094e05e | ITER: 2 END: OK
2019-07-06 19:47:36.952 3475 INFO rally.task.runner [-] Task dc279d0c-2c37-44b8-a14c-e4f7e094e05e | ITER: 5 START
2019-07-06 19:47:36.964 3477 INFO rally.task.runner [-] Task dc279d0c-2c37-44b8-a14c-e4f7e094e05e | ITER: 4 END: OK
2019-07-06 19:47:36.969 3477 INFO rally.task.runner [-] Task dc279d0c-2c37-44b8-a14c-e4f7e094e05e | ITER: 6 START
2019-07-06 19:47:37.052 3474 INFO rally.task.runner [-] Task dc279d0c-2c37-44b8-a14c-e4f7e094e05e | ITER: 1 END: OK
2019-07-06 19:47:37.056 3474 INFO rally.task.runner [-] Task dc279d0c-2c37-44b8-a14c-e4f7e094e05e | ITER: 7 START
2019-07-06 19:47:37.088 3476 INFO rally.task.runner [-] Task dc279d0c-2c37-44b8-a14c-e4f7e094e05e | ITER: 3 END: OK
2019-07-06 19:47:37.093 3476 INFO rally.task.runner [-] Task dc279d0c-2c37-44b8-a14c-e4f7e094e05e | ITER: 8 START
2019-07-06 19:47:40.604 3477 INFO rally.task.runner [-] Task dc279d0c-2c37-44b8-a14c-e4f7e094e05e | ITER: 6 END: OK
2019-07-06 19:47:40.609 3477 INFO rally.task.runner [-] Task dc279d0c-2c37-44b8-a14c-e4f7e094e05e | ITER: 9 START
2019-07-06 19:47:40.615 3474 INFO rally.task.runner [-] Task dc279d0c-2c37-44b8-a14c-e4f7e094e05e | ITER: 7 END: OK
2019-07-06 19:47:40.620 3474 INFO rally.task.runner [-] Task dc279d0c-2c37-44b8-a14c-e4f7e094e05e | ITER: 10 START
2019-07-06 19:47:40.711 3476 INFO rally.task.runner [-] Task dc279d0c-2c37-44b8-a14c-e4f7e094e05e | ITER: 8 END: OK
2019-07-06 19:47:40.741 3475 INFO rally.task.runner [-] Task dc279d0c-2c37-44b8-a14c-e4f7e094e05e | ITER: 5 END: OK
2019-07-06 19:47:44.221 3477 INFO rally.task.runner [-] Task dc279d0c-2c37-44b8-a14c-e4f7e094e05e | ITER: 9 END: OK
2019-07-06 19:47:44.221 3474 INFO rally.task.runner [-] Task dc279d0c-2c37-44b8-a14c-e4f7e094e05e | ITER: 10 END: OK
2019-07-06 19:47:44.247 1842 INFO rally.task.context [-] Task dc279d0c-2c37-44b8-a14c-e4f7e094e05e | Context cleanup@openstack cleanup() started
2019-07-06 19:47:44.250 1842 RALLYDEBUG rally_openstack.cleanup.manager [-] Cleaning up cinder backups objects
2019-07-06 19:47:46.527 1842 RALLYDEBUG rally_openstack.cleanup.manager [-] Cleaning up cinder volume_snapshots objects
2019-07-06 19:47:48.753 1842 RALLYDEBUG rally_openstack.cleanup.manager [-] Cleaning up cinder transfers objects
2019-07-06 19:47:50.887 1842 RALLYDEBUG rally_openstack.cleanup.manager [-] Cleaning up cinder volumes objects
2019-07-06 19:47:53.306 1842 RALLYDEBUG rally_openstack.cleanup.manager [-] Deleting cinder.volumes object s_rally_9f3f3260_1wgJXJvL (c6f275a3-64e8-461d-a6eb-5ff10e0995c1)
2019-07-06 19:47:53.311 1842 RALLYDEBUG rally_openstack.cleanup.manager [-] Deleting cinder.volumes object s_rally_9f3f3260_0oeUI5Zn (ca46a90f-5df5-4377-a194-7266cbf7d40c)
2019-07-06 19:47:53.312 1842 RALLYDEBUG rally_openstack.cleanup.manager [-] Deleting cinder.volumes object s_rally_9f3f3260_vScyPsS8 (f0368170-ed6a-4015-8b7e-00abe1ad5f1a)
2019-07-06 19:47:53.312 1842 RALLYDEBUG rally_openstack.cleanup.manager [-] Deleting cinder.volumes object s_rally_9f3f3260_M6h7asCg (a50ab10b-65d7-4ed2-92d2-bf3bf85dc0f0)
2019-07-06 19:47:53.316 1842 RALLYDEBUG rally_openstack.cleanup.manager [-] Deleting cinder.volumes object s_rally_9f3f3260_tKAsFrbO (2e133e6b-dfc9-4203-90cf-1a79f50ed279)
2019-07-06 19:47:53.330 1842 RALLYDEBUG rally_openstack.cleanup.manager [-] Deleting cinder.volumes object s_rally_9f3f3260_Pz1CYoiW (6ef60119-a2bb-4a10-a44f-30a2526314e0)
2019-07-06 19:47:53.330 1842 RALLYDEBUG rally_openstack.cleanup.manager [-] Deleting cinder.volumes object s_rally_9f3f3260_TuTTXuJI (7dbcb304-80c3-4b0a-930c-c01046c7ed94)
2019-07-06 19:47:53.333 1842 RALLYDEBUG rally_openstack.cleanup.manager [-] Deleting cinder.volumes object s_rally_9f3f3260_XGhRbHqv (58512d13-d7a1-4fea-8b1b-3455bbb7e388)
2019-07-06 19:47:53.333 1842 RALLYDEBUG rally_openstack.cleanup.manager [-] Deleting cinder.volumes object s_rally_9f3f3260_DL5zv2jZ (aad58acd-e8a4-45f8-91e9-2af2e2bd3c96)
2019-07-06 19:47:53.337 1842 RALLYDEBUG rally_openstack.cleanup.manager [-] Deleting cinder.volumes object s_rally_9f3f3260_eL9qvc1C (ba071e0c-84c5-400c-bfcf-4590587e5f16)
2019-07-06 19:47:58.101 1842 INFO rally.task.context [-] Task dc279d0c-2c37-44b8-a14c-e4f7e094e05e | Context cleanup@openstack cleanup() finished in 13.85 sec
2019-07-06 19:47:58.101 1842 INFO rally.task.context [-] Task dc279d0c-2c37-44b8-a14c-e4f7e094e05e | Context api_versions@openstack cleanup() started
2019-07-06 19:47:58.102 1842 INFO rally.task.context [-] Task dc279d0c-2c37-44b8-a14c-e4f7e094e05e | Context api_versions@openstack cleanup() finished in 0.33 msec
2019-07-06 19:47:58.102 1842 INFO rally.task.context [-] Task dc279d0c-2c37-44b8-a14c-e4f7e094e05e | Context users@openstack cleanup() started
2019-07-06 19:48:06.581 1842 INFO rally.task.context [-] Task dc279d0c-2c37-44b8-a14c-e4f7e094e05e | Context users@openstack cleanup() finished in 8.48 sec
2019-07-06 19:48:08.160 1842 INFO rally.task.engine [-] Load duration is: 10.982622
2019-07-06 19:48:08.160 1842 INFO rally.task.engine [-] Full runner duration is: 11.02958
2019-07-06 19:48:08.161 1842 INFO rally.task.engine [-] Full duration is: 38.601044
2019-07-06 19:48:08.325 1842 INFO rally.task.engine [-] Running workload: position = 1 config = { "version": 2, "title": "A cropped version of a bigger task.", "description": "Auto-generated task from a single workload (uuid=20b3d229-e076-47b6-85b9-edcc95bdbbdd)", "subtasks": [ { "title": "CinderVolumes.create_volume", "description": "Create a volume.", "scenario": { "CinderVolumes.create_volume": { "size": { "min": 1, "max": 1 } } }, "contexts": { "users": { "tenants": 3, "users_per_tenant": 2 }, "quotas": { "cinder": { "gigabytes": -1, "snapshots": -1, "volumes": -1 } }, "api_versions": { "cinder": { "version": 3, "service_type": "volumev3" } } }, "runner": { "constant": { "concurrency": 4, "times": 10 } }, "hooks": [], "sla": { "failure_rate": { "max": 0 } } } ] }
2019-07-06 19:48:08.348 1842 RALLYDEBUG rally_openstack.contexts.keystone.users [-] Creating 3 tenants using 20 threads
2019-07-06 19:48:10.210 1842 RALLYDEBUG rally_openstack.contexts.keystone.users [-] Creating 6 users using 20 threads
2019-07-06 19:48:13.070 1842 INFO rally.task.context [-] Task dc279d0c-2c37-44b8-a14c-e4f7e094e05e | Context users@openstack setup() finished in 4.72 sec
2019-07-06 19:48:13.507 1842 INFO rally.task.context [-] Task dc279d0c-2c37-44b8-a14c-e4f7e094e05e | Context api_versions@openstack setup() finished in 0.44 sec
2019-07-06 19:48:15.307 1842 INFO rally.task.context [-] Task dc279d0c-2c37-44b8-a14c-e4f7e094e05e | Context quotas@openstack setup() finished in 1.80 sec
2019-07-06 19:48:15.308 1842 INFO rally.task.context [-] Task dc279d0c-2c37-44b8-a14c-e4f7e094e05e | Context cleanup@openstack setup() finished in 0.01 msec
2019-07-06 19:48:15.315 1842 RALLYDEBUG rally.task.runner [-] Starting the constant runner (task UUID: dc279d0c-2c37-44b8-a14c-e4f7e094e05e). timeout: 0 concurrency: 4 concurrency_per_worker: 1 times: 10 concurrency_overhead: 0 processes_to_start: 4 max_cpu_used: 16
2019-07-06 19:48:15.328 3658 RALLYDEBUG rally.task.runner [-] Starting a worker. concurrency: 1 args: {"size": {"min": 1, "max": 1}} times: 10 method_name: run timeout: 0 duration: None cls:
2019-07-06 19:48:15.332 3659 RALLYDEBUG rally.task.runner [-] Starting a worker. concurrency: 1 args: {"size": {"min": 1, "max": 1}} times: 10 method_name: run timeout: 0 duration: None cls:
2019-07-06 19:48:15.334 3660 RALLYDEBUG rally.task.runner [-] Starting a worker. concurrency: 1 args: {"size": {"min": 1, "max": 1}} times: 10 method_name: run timeout: 0 duration: None cls:
2019-07-06 19:48:15.337 3661 RALLYDEBUG rally.task.runner [-] Starting a worker. concurrency: 1 args: {"size": {"min": 1, "max": 1}} times: 10 method_name: run timeout: 0 duration: None cls:
2019-07-06 19:48:15.338 3658 INFO rally.task.runner [-] Task dc279d0c-2c37-44b8-a14c-e4f7e094e05e | ITER: 1 START
2019-07-06 19:48:15.340 3659 INFO rally.task.runner [-] Task dc279d0c-2c37-44b8-a14c-e4f7e094e05e | ITER: 2 START
2019-07-06 19:48:15.342 3660 INFO rally.task.runner [-] Task dc279d0c-2c37-44b8-a14c-e4f7e094e05e | ITER: 3 START
2019-07-06 19:48:15.345 3661 INFO rally.task.runner [-] Task dc279d0c-2c37-44b8-a14c-e4f7e094e05e | ITER: 4 START
2019-07-06 19:48:18.993 3659 INFO rally.task.runner [-] Task dc279d0c-2c37-44b8-a14c-e4f7e094e05e | ITER: 2 END: OK
2019-07-06 19:48:18.998 3659 INFO rally.task.runner [-] Task dc279d0c-2c37-44b8-a14c-e4f7e094e05e | ITER: 5 START
2019-07-06 19:48:19.009 3660 INFO rally.task.runner [-] Task dc279d0c-2c37-44b8-a14c-e4f7e094e05e | ITER: 3 END: OK
2019-07-06 19:48:19.013 3660 INFO rally.task.runner [-] Task dc279d0c-2c37-44b8-a14c-e4f7e094e05e | ITER: 6 START
2019-07-06 19:48:19.139 3661 INFO rally.task.runner [-] Task dc279d0c-2c37-44b8-a14c-e4f7e094e05e | ITER: 4 END: OK
2019-07-06 19:48:19.145 3661 INFO rally.task.runner [-] Task dc279d0c-2c37-44b8-a14c-e4f7e094e05e | ITER: 7 START
2019-07-06 19:48:19.223 3658 INFO rally.task.runner [-] Task dc279d0c-2c37-44b8-a14c-e4f7e094e05e | ITER: 1 END: OK
2019-07-06 19:48:19.228 3658 INFO rally.task.runner [-] Task dc279d0c-2c37-44b8-a14c-e4f7e094e05e | ITER: 8 START
2019-07-06 19:48:22.565 3659 INFO rally.task.runner [-] Task dc279d0c-2c37-44b8-a14c-e4f7e094e05e | ITER: 5 END: OK
2019-07-06 19:48:22.571 3659 INFO rally.task.runner [-] Task dc279d0c-2c37-44b8-a14c-e4f7e094e05e | ITER: 9 START
2019-07-06 19:48:22.796 3660 INFO rally.task.runner [-] Task dc279d0c-2c37-44b8-a14c-e4f7e094e05e | ITER: 6 END: OK
2019-07-06 19:48:22.801 3660 INFO rally.task.runner [-] Task dc279d0c-2c37-44b8-a14c-e4f7e094e05e | ITER: 10 START
2019-07-06 19:48:22.899 3661 INFO rally.task.runner [-] Task dc279d0c-2c37-44b8-a14c-e4f7e094e05e | ITER: 7 END: OK
2019-07-06 19:48:22.934 3658 INFO rally.task.runner [-] Task dc279d0c-2c37-44b8-a14c-e4f7e094e05e | ITER: 8 END: OK
2019-07-06 19:48:26.161 3659 INFO rally.task.runner [-] Task dc279d0c-2c37-44b8-a14c-e4f7e094e05e | ITER: 9 END: OK
2019-07-06 19:48:26.420 3660 INFO rally.task.runner [-] Task dc279d0c-2c37-44b8-a14c-e4f7e094e05e | ITER: 10 END: OK
2019-07-06 19:48:26.443 1842 INFO rally.task.context [-] Task dc279d0c-2c37-44b8-a14c-e4f7e094e05e | Context cleanup@openstack cleanup() started
2019-07-06 19:48:26.445 1842 RALLYDEBUG rally_openstack.cleanup.manager [-] Cleaning up cinder backups objects
2019-07-06 19:48:28.572 1842 RALLYDEBUG rally_openstack.cleanup.manager [-] Cleaning up cinder volume_snapshots objects
2019-07-06 19:48:30.679 1842 RALLYDEBUG rally_openstack.cleanup.manager [-] Cleaning up cinder transfers objects
2019-07-06 19:48:32.825 1842 RALLYDEBUG rally_openstack.cleanup.manager [-] Cleaning up cinder volumes objects
2019-07-06 19:48:35.249 1842 RALLYDEBUG rally_openstack.cleanup.manager [-] Deleting cinder.volumes object s_rally_20b3d229_C0ejkL8T (5336abc1-4306-44e3-99f8-a7d183e3d77c)
2019-07-06 19:48:35.250 1842 RALLYDEBUG rally_openstack.cleanup.manager [-] Deleting cinder.volumes object s_rally_20b3d229_b7zegR5h (2955e60f-ab8a-4f18-87ed-3afec4b8593d)
2019-07-06 19:48:35.250 1842 RALLYDEBUG rally_openstack.cleanup.manager [-] Deleting cinder.volumes object s_rally_20b3d229_AaI26EZs (73cdca73-069a-4e07-8d86-061d1fba2380)
2019-07-06 19:48:35.251 1842 RALLYDEBUG rally_openstack.cleanup.manager [-] Deleting cinder.volumes object s_rally_20b3d229_MqkjMgZk (22e8f65f-e2be-4eeb-97ca-d8f80e5ecbf4)
2019-07-06 19:48:35.251 1842 RALLYDEBUG rally_openstack.cleanup.manager [-] Deleting cinder.volumes object s_rally_20b3d229_OflDCqXN (0ae14025-5c6b-4eee-8117-6b54559959c4)
2019-07-06 19:48:35.262 1842 RALLYDEBUG rally_openstack.cleanup.manager [-] Deleting cinder.volumes object s_rally_20b3d229_bJgrAt00 (2f39b08f-42a3-47ac-aafe-730765397895)
2019-07-06 19:48:35.270 1842 RALLYDEBUG rally_openstack.cleanup.manager [-] Deleting cinder.volumes object s_rally_20b3d229_NWTp4zEg (ab9a1430-359b-4fc6-8e32-8ee1904ff24d)
2019-07-06 19:48:35.279 1842 RALLYDEBUG rally_openstack.cleanup.manager [-] Deleting cinder.volumes object s_rally_20b3d229_bX40RikX (fb49d44f-8f48-4a7a-a52c-e3db8aae0793)
2019-07-06 19:48:35.280 1842 RALLYDEBUG rally_openstack.cleanup.manager [-] Deleting cinder.volumes object s_rally_20b3d229_d1xyNrkk (0d3d3bd9-a63a-40c1-b6a3-55c7b5a2877e)
2019-07-06 19:48:35.290 1842 RALLYDEBUG rally_openstack.cleanup.manager [-] Deleting cinder.volumes object s_rally_20b3d229_nFxgNAUU (c6fb1b07-d34d-4c02-9acc-ef796f92e02b)
2019-07-06 19:48:40.151 1842 INFO rally.task.context [-] Task dc279d0c-2c37-44b8-a14c-e4f7e094e05e | Context cleanup@openstack cleanup() finished in 13.71 sec
2019-07-06 19:48:40.152 1842 INFO rally.task.context [-] Task dc279d0c-2c37-44b8-a14c-e4f7e094e05e | Context quotas@openstack cleanup() started
2019-07-06 19:48:40.758 1842 INFO rally.task.context [-] Task dc279d0c-2c37-44b8-a14c-e4f7e094e05e | Context quotas@openstack cleanup() finished in 0.61 sec
2019-07-06 19:48:40.758 1842 INFO rally.task.context [-] Task dc279d0c-2c37-44b8-a14c-e4f7e094e05e | Context api_versions@openstack cleanup() started
2019-07-06 19:48:40.758 1842 INFO rally.task.context [-] Task dc279d0c-2c37-44b8-a14c-e4f7e094e05e | Context api_versions@openstack cleanup() finished in 0.32 msec
2019-07-06 19:48:40.759 1842 INFO rally.task.context [-] Task dc279d0c-2c37-44b8-a14c-e4f7e094e05e | Context users@openstack cleanup() started
2019-07-06 19:48:48.426 1842 INFO rally.task.context [-] Task dc279d0c-2c37-44b8-a14c-e4f7e094e05e | Context users@openstack cleanup() finished in 7.67 sec
2019-07-06 19:48:48.516 1842 INFO rally.task.engine [-] Load duration is: 11.075661
2019-07-06 19:48:48.517 1842 INFO rally.task.engine [-] Full runner duration is: 11.127523
2019-07-06 19:48:48.517 1842 INFO rally.task.engine [-] Full duration is: 40.081996
2019-07-06 19:48:48.745 1842 INFO rally.task.engine [-] Running workload: position = 0 config = { "version": 2, "title": "A cropped version of a bigger task.", "description": "Auto-generated task from a single workload (uuid=0dc15b06-fb9a-4a4c-94fb-6beb3129586c)", "subtasks": [ { "title": "CinderVolumes.list_volumes", "description": "List all volumes.", "scenario": { "CinderVolumes.list_volumes": { "detailed": true } }, "contexts": { "users": { "tenants": 3, "users_per_tenant": 2 }, "quotas": { "cinder": { "gigabytes": -1, "snapshots": -1, "volumes": -1 } }, "api_versions": { "cinder": { "version": 3, "service_type": "volumev3" } }, "volumes": { "size": 1, "volumes_per_tenant": 4 } }, "runner": { "constant": { "concurrency": 4, "times": 10 } }, "hooks": [], "sla": { "failure_rate": { "max": 0 } } } ] }
2019-07-06 19:48:48.771 1842 RALLYDEBUG rally_openstack.contexts.keystone.users [-] Creating 3 tenants using 20 threads
2019-07-06 19:48:50.586 1842 RALLYDEBUG rally_openstack.contexts.keystone.users [-] Creating 6 users using 20 threads
2019-07-06 19:48:53.494 1842 INFO rally.task.context [-] Task dc279d0c-2c37-44b8-a14c-e4f7e094e05e | Context users@openstack setup() finished in 4.72 sec
2019-07-06 19:48:53.919 1842 INFO rally.task.context [-] Task dc279d0c-2c37-44b8-a14c-e4f7e094e05e | Context api_versions@openstack setup() finished in 0.42 sec
2019-07-06 19:48:55.644 1842 INFO rally.task.context [-] Task dc279d0c-2c37-44b8-a14c-e4f7e094e05e | Context quotas@openstack setup() finished in 1.72 sec
2019-07-06 19:49:34.523 1842 INFO rally.task.context [-] Task dc279d0c-2c37-44b8-a14c-e4f7e094e05e | Context volumes@openstack setup() finished in 38.88 sec
2019-07-06 19:49:34.532 1842 RALLYDEBUG rally.task.runner [-] Starting the constant runner (task UUID: dc279d0c-2c37-44b8-a14c-e4f7e094e05e). timeout: 0 concurrency: 4 concurrency_per_worker: 1 times: 10 concurrency_overhead: 0 processes_to_start: 4 max_cpu_used: 16
2019-07-06 19:49:34.544 3843 RALLYDEBUG rally.task.runner [-] Starting a worker. concurrency: 1 args: {"detailed": true} times: 10 method_name: run timeout: 0 duration: None cls:
2019-07-06 19:49:34.545 3842 RALLYDEBUG rally.task.runner [-] Starting a worker. concurrency: 1 args: {"detailed": true} times: 10 method_name: run timeout: 0 duration: None cls:
2019-07-06 19:49:34.549 3843 INFO rally.task.runner [-] Task dc279d0c-2c37-44b8-a14c-e4f7e094e05e | ITER: 1 START
2019-07-06 19:49:34.550 3844 RALLYDEBUG rally.task.runner [-] Starting a worker. concurrency: 1 args: {"detailed": true} times: 10 method_name: run timeout: 0 duration: None cls:
2019-07-06 19:49:34.553 3842 INFO rally.task.runner [-] Task dc279d0c-2c37-44b8-a14c-e4f7e094e05e | ITER: 2 START
2019-07-06 19:49:34.553 3845 RALLYDEBUG rally.task.runner [-] Starting a worker. concurrency: 1 args: {"detailed": true} times: 10 method_name: run timeout: 0 duration: None cls:
2019-07-06 19:49:34.558 3844 INFO rally.task.runner [-] Task dc279d0c-2c37-44b8-a14c-e4f7e094e05e | ITER: 3 START
2019-07-06 19:49:34.561 3845 INFO rally.task.runner [-] Task dc279d0c-2c37-44b8-a14c-e4f7e094e05e | ITER: 4 START
2019-07-06 19:49:35.281 3845 INFO rally.task.runner [-] Task dc279d0c-2c37-44b8-a14c-e4f7e094e05e | ITER: 4 END: OK
2019-07-06 19:49:35.287 3845 INFO rally.task.runner [-] Task dc279d0c-2c37-44b8-a14c-e4f7e094e05e | ITER: 5 START
2019-07-06 19:49:35.334 3842 INFO rally.task.runner [-] Task dc279d0c-2c37-44b8-a14c-e4f7e094e05e | ITER: 2 END: OK
2019-07-06 19:49:35.340 3842 INFO rally.task.runner [-] Task dc279d0c-2c37-44b8-a14c-e4f7e094e05e | ITER: 6 START
2019-07-06 19:49:35.363 3843 INFO rally.task.runner [-] Task dc279d0c-2c37-44b8-a14c-e4f7e094e05e | ITER: 1 END: OK
2019-07-06 19:49:35.367 3843 INFO rally.task.runner [-] Task dc279d0c-2c37-44b8-a14c-e4f7e094e05e | ITER: 7 START
2019-07-06 19:49:35.375 3844 INFO rally.task.runner [-] Task dc279d0c-2c37-44b8-a14c-e4f7e094e05e | ITER: 3 END: OK
2019-07-06 19:49:35.379 3844 INFO rally.task.runner [-] Task dc279d0c-2c37-44b8-a14c-e4f7e094e05e | ITER: 8 START
2019-07-06 19:49:36.090 3845 INFO rally.task.runner [-] Task dc279d0c-2c37-44b8-a14c-e4f7e094e05e | ITER: 5 END: OK
2019-07-06 19:49:36.094 3845 INFO rally.task.runner [-] Task dc279d0c-2c37-44b8-a14c-e4f7e094e05e | ITER: 9 START
2019-07-06 19:49:36.140 3842 INFO rally.task.runner [-] Task dc279d0c-2c37-44b8-a14c-e4f7e094e05e | ITER: 6 END: OK
2019-07-06 19:49:36.143 3842 INFO rally.task.runner [-] Task dc279d0c-2c37-44b8-a14c-e4f7e094e05e | ITER: 10 START
2019-07-06 19:49:36.181 3843 INFO rally.task.runner [-] Task dc279d0c-2c37-44b8-a14c-e4f7e094e05e | ITER: 7 END: OK
2019-07-06 19:49:36.292 3844 INFO rally.task.runner [-] Task dc279d0c-2c37-44b8-a14c-e4f7e094e05e | ITER: 8 END: OK
2019-07-06 19:49:36.917 3845 INFO rally.task.runner [-] Task dc279d0c-2c37-44b8-a14c-e4f7e094e05e | ITER: 9 END: OK
2019-07-06 19:49:36.974 3842 INFO rally.task.runner [-] Task dc279d0c-2c37-44b8-a14c-e4f7e094e05e | ITER: 10 END: OK
2019-07-06 19:49:37.002 1842 INFO rally.task.context [-] Task dc279d0c-2c37-44b8-a14c-e4f7e094e05e | Context volumes@openstack cleanup() started
2019-07-06 19:49:37.003 1842 RALLYDEBUG rally_openstack.cleanup.manager [-] Cleaning up cinder volumes objects
2019-07-06 19:49:39.263 1842 RALLYDEBUG rally_openstack.cleanup.manager [-] Deleting cinder.volumes object c_rally_0dc15b06_ifDmBAM7 (496663c1-b9eb-43a3-93b9-eda36710fac7)
2019-07-06 19:49:39.264 1842 RALLYDEBUG rally_openstack.cleanup.manager [-] Deleting cinder.volumes object c_rally_0dc15b06_N5Or2oQC (e1b9b919-2e73-4ed5-8a58-6a2a4af49a1b)
2019-07-06 19:49:39.267 1842 RALLYDEBUG rally_openstack.cleanup.manager [-] Deleting cinder.volumes object c_rally_0dc15b06_5aXLpJIB (afce5e05-8ef3-44b1-ada0-9bdcf4fb5dbd)
2019-07-06 19:49:39.269 1842 RALLYDEBUG rally_openstack.cleanup.manager [-] Deleting cinder.volumes object c_rally_0dc15b06_rFS3gCG2 (5f978387-1288-4abc-8e0d-ec1abcfae373)
2019-07-06 19:49:39.269 1842 RALLYDEBUG rally_openstack.cleanup.manager [-] Deleting cinder.volumes object c_rally_0dc15b06_tuaprWtX (3894e627-22fa-4e2f-979e-60de4cf4281a)
2019-07-06 19:49:39.273 1842 RALLYDEBUG rally_openstack.cleanup.manager [-] Deleting cinder.volumes object c_rally_0dc15b06_myhyz4mx (ab67b573-0cea-4c4e-ac2c-3b56fe9c8238)
2019-07-06 19:49:39.277 1842 RALLYDEBUG rally_openstack.cleanup.manager [-] Deleting cinder.volumes object c_rally_0dc15b06_xxTnO8Ao (5878612b-63a7-4141-8f96-389c117cba1f)
2019-07-06 19:49:39.279 1842 RALLYDEBUG rally_openstack.cleanup.manager [-] Deleting cinder.volumes object c_rally_0dc15b06_DgqkQlYV (01701d85-9a95-415b-9bfc-db8bf66623b9)
2019-07-06 19:49:39.282 1842 RALLYDEBUG rally_openstack.cleanup.manager [-] Deleting cinder.volumes object c_rally_0dc15b06_43GudBA0 (15c5a13b-8b97-425a-952d-2096adb9d069)
2019-07-06 19:49:39.283 1842 RALLYDEBUG rally_openstack.cleanup.manager [-] Deleting cinder.volumes object c_rally_0dc15b06_2ILxIaCI (5716ac6f-9000-4edd-bb40-782e09360cdb)
2019-07-06 19:49:39.289 1842 RALLYDEBUG rally_openstack.cleanup.manager [-] Deleting cinder.volumes object c_rally_0dc15b06_0hK7kfXw (dac630da-8aab-47d6-b97d-157f5dbc636f)
2019-07-06 19:49:39.293 1842 RALLYDEBUG rally_openstack.cleanup.manager [-] Deleting cinder.volumes object c_rally_0dc15b06_a523W64q (4e090368-34e6-47dc-97ca-7e3e26a34fc2)
2019-07-06 19:49:44.450 1842 INFO rally.task.context [-] Task dc279d0c-2c37-44b8-a14c-e4f7e094e05e | Context volumes@openstack cleanup() finished in 7.45 sec
2019-07-06 19:49:44.451 1842 INFO rally.task.context [-] Task dc279d0c-2c37-44b8-a14c-e4f7e094e05e | Context quotas@openstack cleanup() started
2019-07-06 19:49:45.232 1842 INFO rally.task.context [-] Task dc279d0c-2c37-44b8-a14c-e4f7e094e05e | Context quotas@openstack cleanup() finished in 0.78 sec
2019-07-06 19:49:45.232 1842 INFO rally.task.context [-] Task dc279d0c-2c37-44b8-a14c-e4f7e094e05e | Context api_versions@openstack cleanup() started
2019-07-06 19:49:45.233 1842 INFO rally.task.context [-] Task dc279d0c-2c37-44b8-a14c-e4f7e094e05e | Context api_versions@openstack cleanup() finished in 0.32 msec
2019-07-06 19:49:45.233 1842 INFO rally.task.context [-] Task dc279d0c-2c37-44b8-a14c-e4f7e094e05e | Context users@openstack cleanup() started
2019-07-06 19:49:53.066 1842 INFO rally.task.context [-] Task dc279d0c-2c37-44b8-a14c-e4f7e094e05e | Context users@openstack cleanup() finished in 7.83 sec
2019-07-06 19:49:53.192 1842 INFO rally.task.engine [-] Load duration is: 2.419602
2019-07-06 19:49:53.193 1842 INFO rally.task.engine [-] Full runner duration is: 2.47196
2019-07-06 19:49:53.193 1842 INFO rally.task.engine [-] Full duration is: 64.297951
2019-07-06 19:49:53.492 1842 INFO rally.task.engine [-] Running workload: position = 0 config = { "version": 2, "title": "A cropped version of a bigger task.", "description": "Auto-generated task from a single workload (uuid=9e01ce0d-f304-4f88-80af-b2ef54c8e03e)", "subtasks": [ { "title": "CinderVolumes.create_and_delete_snapshot", "description": "Create and then delete a volume-snapshot.", "scenario": { "CinderVolumes.create_and_delete_snapshot": { "force": false } }, "contexts": { "users": { "tenants": 3, "users_per_tenant": 2 }, "quotas": { "cinder": { "gigabytes": -1, "snapshots": -1, "volumes": -1 } }, "api_versions": { "cinder": { "version": 3, "service_type": "volumev3" } }, "volumes": { "size": 1, "volumes_per_tenant": 1 } }, "runner": { "constant": { "concurrency": 4, "times": 10 } }, "hooks": [], "sla": { "failure_rate": { "max": 0 } } } ] }
2019-07-06 19:49:53.519 1842 RALLYDEBUG rally_openstack.contexts.keystone.users [-] Creating 3 tenants using 20 threads
2019-07-06 19:49:55.515 1842 RALLYDEBUG rally_openstack.contexts.keystone.users [-] Creating 6 users using 20 threads
2019-07-06 19:49:58.290 1842 INFO rally.task.context [-] Task dc279d0c-2c37-44b8-a14c-e4f7e094e05e | Context users@openstack setup() finished in 4.77 sec
2019-07-06 19:49:58.733 1842 INFO rally.task.context [-] Task dc279d0c-2c37-44b8-a14c-e4f7e094e05e | Context api_versions@openstack setup() finished in 0.44 sec
2019-07-06 19:50:00.380 1842 INFO rally.task.context [-] Task dc279d0c-2c37-44b8-a14c-e4f7e094e05e | Context quotas@openstack setup() finished in 1.65 sec
2019-07-06 19:50:11.505 1842 INFO rally.task.context [-] Task dc279d0c-2c37-44b8-a14c-e4f7e094e05e | Context volumes@openstack setup() finished in 11.12 sec
2019-07-06 19:50:11.506 1842 INFO rally.task.context [-] Task dc279d0c-2c37-44b8-a14c-e4f7e094e05e | Context cleanup@openstack setup() finished in 0.01 msec
2019-07-06 19:50:11.513 1842 RALLYDEBUG rally.task.runner [-] Starting the constant runner (task UUID: dc279d0c-2c37-44b8-a14c-e4f7e094e05e). timeout: 0 concurrency: 4 concurrency_per_worker: 1 times: 10 concurrency_overhead: 0 processes_to_start: 4 max_cpu_used: 16
2019-07-06 19:50:11.525 3966 RALLYDEBUG rally.task.runner [-] Starting a worker. concurrency: 1 args: {"force": false} times: 10 method_name: run timeout: 0 duration: None cls:
2019-07-06 19:50:11.529 3967 RALLYDEBUG rally.task.runner [-] Starting a worker. concurrency: 1 args: {"force": false} times: 10 method_name: run timeout: 0 duration: None cls:
2019-07-06 19:50:11.532 3968 RALLYDEBUG rally.task.runner [-] Starting a worker. concurrency: 1 args: {"force": false} times: 10 method_name: run timeout: 0 duration: None cls:
2019-07-06 19:50:11.535 3966 INFO rally.task.runner [-] Task dc279d0c-2c37-44b8-a14c-e4f7e094e05e | ITER: 1 START
2019-07-06 19:50:11.539 3969 RALLYDEBUG rally.task.runner [-] Starting a worker. concurrency: 1 args: {"force": false} times: 10 method_name: run timeout: 0 duration: None cls:
2019-07-06 19:50:11.540 3967 INFO rally.task.runner [-] Task dc279d0c-2c37-44b8-a14c-e4f7e094e05e | ITER: 2 START
2019-07-06 19:50:11.542 3968 INFO rally.task.runner [-] Task dc279d0c-2c37-44b8-a14c-e4f7e094e05e | ITER: 3 START
2019-07-06 19:50:11.546 3969 INFO rally.task.runner [-] Task dc279d0c-2c37-44b8-a14c-e4f7e094e05e | ITER: 4 START
2019-07-06 19:50:15.736 3969 RALLYDEBUG rally.task.utils [-] Waiting for resource s_rally_9e01ce0d_3xDxCscN. Status changed: AVAILABLE => DELETING in 0.374894857407
2019-07-06 19:50:15.739 3968 RALLYDEBUG rally.task.utils [-] Waiting for resource s_rally_9e01ce0d_mSYb6Q6R. Status changed: AVAILABLE => DELETING in 0.209719896317
2019-07-06 19:50:15.796 3966 RALLYDEBUG rally.task.utils [-] Waiting for resource s_rally_9e01ce0d_m4pQUf7E. Status changed: AVAILABLE => DELETING in 0.345288991928
2019-07-06 19:50:15.862 3967 RALLYDEBUG rally.task.utils [-] Waiting for resource s_rally_9e01ce0d_gkvpS0pe. Status changed: AVAILABLE => DELETING in 0.320983886719
2019-07-06 19:50:17.821 3966 INFO rally.task.runner [-] Task dc279d0c-2c37-44b8-a14c-e4f7e094e05e | ITER: 1 END: OK
2019-07-06 19:50:17.825 3966 INFO rally.task.runner [-] Task dc279d0c-2c37-44b8-a14c-e4f7e094e05e | ITER: 5 START
2019-07-06 19:50:17.954 3968 INFO rally.task.runner [-] Task dc279d0c-2c37-44b8-a14c-e4f7e094e05e | ITER: 3 END: OK
2019-07-06 19:50:17.957 3969 INFO rally.task.runner [-] Task dc279d0c-2c37-44b8-a14c-e4f7e094e05e | ITER: 4 END: OK
2019-07-06 19:50:17.959 3968 INFO rally.task.runner [-] Task dc279d0c-2c37-44b8-a14c-e4f7e094e05e | ITER: 6 START
2019-07-06 19:50:17.963 3969 INFO rally.task.runner [-] Task dc279d0c-2c37-44b8-a14c-e4f7e094e05e | ITER: 7 START
2019-07-06 19:50:18.091 3967 INFO rally.task.runner [-] Task dc279d0c-2c37-44b8-a14c-e4f7e094e05e | ITER: 2 END: OK
2019-07-06 19:50:18.096 3967 INFO rally.task.runner [-] Task dc279d0c-2c37-44b8-a14c-e4f7e094e05e | ITER: 8 START
2019-07-06 19:50:21.573 3967 RALLYDEBUG rally.task.utils [-] Waiting for resource s_rally_9e01ce0d_5Uh6Ho8e. Status changed: CREATING => AVAILABLE in 0.626774072647
2019-07-06 19:50:21.597 3969 RALLYDEBUG rally.task.utils [-] Waiting for resource s_rally_9e01ce0d_RBsQU2EB. Status changed: CREATING => AVAILABLE in 0.633379936218
2019-07-06 19:50:21.921 3966 RALLYDEBUG rally.task.utils [-] Waiting for resource s_rally_9e01ce0d_ANcfY45H. Status changed: AVAILABLE => DELETING in 0.355898141861
2019-07-06 19:50:22.046 3968 RALLYDEBUG rally.task.utils [-] Waiting for resource s_rally_9e01ce0d_j2O5gmHB. Status changed: AVAILABLE => DELETING in 0.29648399353
2019-07-06 19:50:22.082 3967 RALLYDEBUG rally.task.utils [-] Waiting for resource s_rally_9e01ce0d_5Uh6Ho8e. Status changed: AVAILABLE => DELETING in 0.241904020309
2019-07-06 19:50:22.250 3969 RALLYDEBUG rally.task.utils [-] Waiting for resource s_rally_9e01ce0d_RBsQU2EB. Status changed: AVAILABLE => DELETING in 0.300401926041
2019-07-06 19:50:24.254 3966 INFO rally.task.runner [-] Task dc279d0c-2c37-44b8-a14c-e4f7e094e05e | ITER: 5 END: OK
2019-07-06 19:50:24.260 3966 INFO rally.task.runner [-] Task dc279d0c-2c37-44b8-a14c-e4f7e094e05e | ITER: 9 START
2019-07-06 19:50:24.274 3969 INFO rally.task.runner [-] Task dc279d0c-2c37-44b8-a14c-e4f7e094e05e | ITER: 7 END: OK
2019-07-06 19:50:24.279 3969 INFO rally.task.runner [-] Task dc279d0c-2c37-44b8-a14c-e4f7e094e05e | ITER: 10 START
2019-07-06 19:50:24.311 3967 INFO rally.task.runner [-] Task dc279d0c-2c37-44b8-a14c-e4f7e094e05e | ITER: 8 END: OK
2019-07-06 19:50:24.372 3968 INFO rally.task.runner [-] Task dc279d0c-2c37-44b8-a14c-e4f7e094e05e | ITER: 6 END: OK
2019-07-06 19:50:28.206 3969 RALLYDEBUG rally.task.utils [-] Waiting for resource s_rally_9e01ce0d_WEJWbBJp. Status changed: AVAILABLE => DELETING in 0.221912145615
2019-07-06 19:50:28.374 3966 RALLYDEBUG rally.task.utils [-] Waiting for resource s_rally_9e01ce0d_KbBGfxxG. Status changed: AVAILABLE => DELETING in 0.299859046936
2019-07-06 19:50:30.429 3969 INFO rally.task.runner [-] Task dc279d0c-2c37-44b8-a14c-e4f7e094e05e | ITER: 10 END: OK
2019-07-06 19:50:30.673 3966 INFO rally.task.runner [-] Task dc279d0c-2c37-44b8-a14c-e4f7e094e05e | ITER: 9 END: OK
2019-07-06 19:50:30.703 1842 INFO rally.task.context [-] Task dc279d0c-2c37-44b8-a14c-e4f7e094e05e | Context cleanup@openstack cleanup() started
2019-07-06 19:50:30.705 1842 RALLYDEBUG rally_openstack.cleanup.manager [-] Cleaning up cinder backups objects
2019-07-06 19:50:32.956 1842 RALLYDEBUG rally_openstack.cleanup.manager [-] Cleaning up cinder volume_snapshots objects
2019-07-06 19:50:35.104 1842 RALLYDEBUG rally_openstack.cleanup.manager [-] Cleaning up cinder transfers objects
2019-07-06 19:50:37.204 1842 RALLYDEBUG rally_openstack.cleanup.manager [-] Cleaning up cinder volumes objects
2019-07-06 19:50:39.447 1842 INFO rally.task.context [-] Task dc279d0c-2c37-44b8-a14c-e4f7e094e05e | Context cleanup@openstack cleanup() finished in 8.74 sec
2019-07-06 19:50:39.448 1842 INFO rally.task.context [-] Task dc279d0c-2c37-44b8-a14c-e4f7e094e05e | Context volumes@openstack cleanup() started
2019-07-06 19:50:39.448 1842 RALLYDEBUG rally_openstack.cleanup.manager [-] Cleaning up cinder volumes objects
2019-07-06 19:50:41.773 1842 RALLYDEBUG rally_openstack.cleanup.manager [-] Deleting cinder.volumes object c_rally_9e01ce0d_rrxhYW2C (b13eb497-055f-4ab6-b4bc-3145472d4299)
2019-07-06 19:50:41.778 1842 RALLYDEBUG rally_openstack.cleanup.manager [-] Deleting cinder.volumes object c_rally_9e01ce0d_a5OLSU5E (2a273a26-49a6-4ae0-a55d-a53fb5a09e09)
2019-07-06 19:50:41.778 1842 RALLYDEBUG rally_openstack.cleanup.manager [-] Deleting cinder.volumes object c_rally_9e01ce0d_5ybFMZQN (1d7f32ad-cca1-4048-9af1-1d23506aa993)
2019-07-06 19:50:45.300 1842 INFO rally.task.context [-] Task dc279d0c-2c37-44b8-a14c-e4f7e094e05e | Context volumes@openstack cleanup() finished in 5.85 sec
2019-07-06 19:50:45.301 1842 INFO rally.task.context [-] Task dc279d0c-2c37-44b8-a14c-e4f7e094e05e | Context quotas@openstack cleanup() started
2019-07-06 19:50:46.183 1842 INFO rally.task.context [-] Task dc279d0c-2c37-44b8-a14c-e4f7e094e05e | Context quotas@openstack cleanup() finished in 0.88 sec
2019-07-06 19:50:46.184 1842 INFO rally.task.context [-] Task dc279d0c-2c37-44b8-a14c-e4f7e094e05e | Context api_versions@openstack cleanup() started
2019-07-06 19:50:46.184 1842 INFO rally.task.context [-] Task dc279d0c-2c37-44b8-a14c-e4f7e094e05e | Context api_versions@openstack cleanup() finished in 0.34 msec
2019-07-06 19:50:46.185 1842 INFO rally.task.context [-] Task dc279d0c-2c37-44b8-a14c-e4f7e094e05e | Context users@openstack cleanup() started
2019-07-06 19:50:54.325 1842 INFO rally.task.context [-] Task dc279d0c-2c37-44b8-a14c-e4f7e094e05e | Context users@openstack cleanup() finished in 8.14 sec
2019-07-06 19:50:55.780 1842 INFO rally.task.engine [-] Load duration is: 19.134068
2019-07-06 19:50:55.780 1842 INFO rally.task.engine [-] Full runner duration is: 19.190122
2019-07-06 19:50:55.781 1842 INFO rally.task.engine [-] Full duration is: 60.81114
2019-07-06 19:50:56.176 1842 INFO rally.task.engine [-] Running workload: position = 0 config = { "version": 2, "title": "A cropped version of a bigger task.", "description": "Auto-generated task from a single workload (uuid=a2553e1b-3250-42ff-8543-35953ae6df8d)", "subtasks": [ { "title": "CinderVolumes.create_and_delete_volume", "description": "Create and then delete a volume.", "scenario": { "CinderVolumes.create_and_delete_volume": { "size": { "max": 1, "min": 1 } } }, "contexts": { "users": { "tenants": 3, "users_per_tenant": 2 }, "quotas": { "cinder": { "gigabytes": -1, "snapshots": -1, "volumes": -1 } }, "api_versions": { "cinder": { "version": 3, "service_type": "volumev3" } } }, "runner": { "constant": { "concurrency": 4, "times": 10 } }, "hooks": [], "sla": { "failure_rate": { "max": 0 } } } ] }
2019-07-06 19:50:56.199 1842 RALLYDEBUG rally_openstack.contexts.keystone.users [-] Creating 3 tenants using 20 threads
2019-07-06 19:50:58.132 1842 RALLYDEBUG rally_openstack.contexts.keystone.users [-] Creating 6 users using 20 threads
2019-07-06 19:51:00.914 1842 INFO rally.task.context [-] Task dc279d0c-2c37-44b8-a14c-e4f7e094e05e | Context users@openstack setup() finished in 4.71 sec
2019-07-06 19:51:01.343 1842 INFO rally.task.context [-] Task dc279d0c-2c37-44b8-a14c-e4f7e094e05e | Context api_versions@openstack setup() finished in 0.43 sec
2019-07-06 19:51:03.139 1842 INFO rally.task.context [-] Task dc279d0c-2c37-44b8-a14c-e4f7e094e05e | Context quotas@openstack setup() finished in 1.80 sec
2019-07-06 19:51:03.139 1842 INFO rally.task.context [-] Task dc279d0c-2c37-44b8-a14c-e4f7e094e05e | Context cleanup@openstack setup() finished in 0.00 msec
2019-07-06 19:51:03.147 1842 RALLYDEBUG rally.task.runner [-] Starting the constant runner (task UUID: dc279d0c-2c37-44b8-a14c-e4f7e094e05e). timeout: 0 concurrency: 4 concurrency_per_worker: 1 times: 10 concurrency_overhead: 0 processes_to_start: 4 max_cpu_used: 16
2019-07-06 19:51:03.160 4170 RALLYDEBUG rally.task.runner [-] Starting a worker. concurrency: 1 args: {"size": {"max": 1, "min": 1}} times: 10 method_name: run timeout: 0 duration: None cls:
2019-07-06 19:51:03.163 4172 RALLYDEBUG rally.task.runner [-] Starting a worker. concurrency: 1 args: {"size": {"max": 1, "min": 1}} times: 10 method_name: run timeout: 0 duration: None cls:
2019-07-06 19:51:03.163 4171 RALLYDEBUG rally.task.runner [-] Starting a worker. concurrency: 1 args: {"size": {"max": 1, "min": 1}} times: 10 method_name: run timeout: 0 duration: None cls:
2019-07-06 19:51:03.168 4170 INFO rally.task.runner [-] Task dc279d0c-2c37-44b8-a14c-e4f7e094e05e | ITER: 1 START
2019-07-06 19:51:03.168 4172 INFO rally.task.runner [-] Task dc279d0c-2c37-44b8-a14c-e4f7e094e05e | ITER: 2 START
2019-07-06 19:51:03.169 4173 RALLYDEBUG rally.task.runner [-] Starting a worker. concurrency: 1 args: {"size": {"max": 1, "min": 1}} times: 10 method_name: run timeout: 0 duration: None cls:
2019-07-06 19:51:03.171 4171 INFO rally.task.runner [-] Task dc279d0c-2c37-44b8-a14c-e4f7e094e05e | ITER: 3 START
2019-07-06 19:51:03.175 4173 INFO rally.task.runner [-] Task dc279d0c-2c37-44b8-a14c-e4f7e094e05e | ITER: 4 START
2019-07-06 19:51:07.321 4170 RALLYDEBUG rally.task.utils [-] Waiting for resource s_rally_a2553e1b_EVlPWkLE. Status changed: AVAILABLE => DELETING in 0.265169858932
2019-07-06 19:51:07.427 4173 INFO rally.task.runner [-] Task dc279d0c-2c37-44b8-a14c-e4f7e094e05e | ITER: 4 END: OK
2019-07-06 19:51:07.433 4173 INFO rally.task.runner [-] Task dc279d0c-2c37-44b8-a14c-e4f7e094e05e | ITER: 5 START
2019-07-06 19:51:07.637 4172 RALLYDEBUG rally.task.utils [-] Waiting for resource s_rally_a2553e1b_z1H2MwBn. Status changed: AVAILABLE => DELETING in 0.359812021255
2019-07-06 19:51:07.855 4171 RALLYDEBUG rally.task.utils [-] Waiting for resource s_rally_a2553e1b_6rXvOQuK. Status changed: AVAILABLE => DELETING in 0.248471021652
2019-07-06 19:51:09.549 4170 INFO rally.task.runner [-] Task dc279d0c-2c37-44b8-a14c-e4f7e094e05e | ITER: 1 END: OK
2019-07-06 19:51:09.555 4170 INFO rally.task.runner [-] Task dc279d0c-2c37-44b8-a14c-e4f7e094e05e | ITER: 6 START
2019-07-06 19:51:09.950 4172 INFO rally.task.runner [-] Task dc279d0c-2c37-44b8-a14c-e4f7e094e05e | ITER: 2 END: OK
2019-07-06 19:51:09.955 4172 INFO rally.task.runner [-] Task dc279d0c-2c37-44b8-a14c-e4f7e094e05e | ITER: 7 START
2019-07-06 19:51:10.081 4171 INFO rally.task.runner [-] Task dc279d0c-2c37-44b8-a14c-e4f7e094e05e | ITER: 3 END: OK
2019-07-06 19:51:10.086 4171 INFO rally.task.runner [-] Task dc279d0c-2c37-44b8-a14c-e4f7e094e05e | ITER: 8 START
2019-07-06 19:51:11.695 4173 INFO rally.task.runner [-] Task dc279d0c-2c37-44b8-a14c-e4f7e094e05e | ITER: 5 END: OK
2019-07-06 19:51:11.700 4173 INFO rally.task.runner [-] Task dc279d0c-2c37-44b8-a14c-e4f7e094e05e | ITER: 9 START
2019-07-06 19:51:13.620 4170 INFO rally.task.runner [-] Task dc279d0c-2c37-44b8-a14c-e4f7e094e05e | ITER: 6 END: OK
2019-07-06 19:51:13.625 4170 INFO rally.task.runner [-] Task dc279d0c-2c37-44b8-a14c-e4f7e094e05e | ITER: 10 START
2019-07-06 19:51:14.301 4172 RALLYDEBUG rally.task.utils [-] Waiting for resource s_rally_a2553e1b_s3aZPESv. Status changed: AVAILABLE => DELETING in 0.257050991058
2019-07-06 19:51:14.416 4171 INFO rally.task.runner [-] Task dc279d0c-2c37-44b8-a14c-e4f7e094e05e | ITER: 8 END: OK
2019-07-06 19:51:15.883 4173 INFO rally.task.runner [-] Task dc279d0c-2c37-44b8-a14c-e4f7e094e05e | ITER: 9 END: OK
2019-07-06 19:51:16.631 4172 INFO rally.task.runner [-] Task dc279d0c-2c37-44b8-a14c-e4f7e094e05e | ITER: 7 END: OK
2019-07-06 19:51:17.956 4170 INFO rally.task.runner [-] Task dc279d0c-2c37-44b8-a14c-e4f7e094e05e | ITER: 10 END: OK
2019-07-06 19:51:17.983 1842 INFO rally.task.context [-] Task dc279d0c-2c37-44b8-a14c-e4f7e094e05e | Context cleanup@openstack cleanup() started
2019-07-06 19:51:17.985 1842 RALLYDEBUG rally_openstack.cleanup.manager [-] Cleaning up cinder backups objects
2019-07-06 19:51:20.258 1842 RALLYDEBUG rally_openstack.cleanup.manager [-] Cleaning up cinder volume_snapshots objects
2019-07-06 19:51:22.362 1842 RALLYDEBUG rally_openstack.cleanup.manager [-] Cleaning up cinder transfers objects
2019-07-06 19:51:24.647 1842 RALLYDEBUG rally_openstack.cleanup.manager [-] Cleaning up cinder volumes objects
2019-07-06 19:51:26.902 1842 INFO rally.task.context [-] Task dc279d0c-2c37-44b8-a14c-e4f7e094e05e | Context cleanup@openstack cleanup() finished in 8.92 sec
2019-07-06 19:51:26.903 1842 INFO rally.task.context [-] Task dc279d0c-2c37-44b8-a14c-e4f7e094e05e | Context quotas@openstack cleanup() started
2019-07-06 19:51:27.968 1842 INFO rally.task.context [-] Task dc279d0c-2c37-44b8-a14c-e4f7e094e05e | Context quotas@openstack cleanup() finished in 1.07 sec
2019-07-06 19:51:27.969 1842 INFO rally.task.context [-] Task dc279d0c-2c37-44b8-a14c-e4f7e094e05e | Context api_versions@openstack cleanup() started
2019-07-06 19:51:27.969 1842 INFO rally.task.context [-] Task dc279d0c-2c37-44b8-a14c-e4f7e094e05e | Context api_versions@openstack cleanup() finished in 0.34 msec
2019-07-06 19:51:27.969 1842 INFO rally.task.context [-] Task dc279d0c-2c37-44b8-a14c-e4f7e094e05e | Context users@openstack cleanup() started
2019-07-06 19:51:35.917 1842 INFO rally.task.context [-] Task dc279d0c-2c37-44b8-a14c-e4f7e094e05e | Context users@openstack cleanup() finished in 7.95 sec
2019-07-06 19:51:36.365 1842 INFO rally.task.engine [-] Load duration is: 14.785689
2019-07-06 19:51:36.365 1842 INFO rally.task.engine [-] Full runner duration is: 14.836164
2019-07-06 19:51:36.366 1842 INFO rally.task.engine [-] Full duration is: 39.720958
2019-07-06 19:51:36.529 1842 INFO rally.task.engine [-] Running workload: position = 1 config = { "version": 2, "title": "A cropped version of a bigger task.", "description": "Auto-generated task from a single workload (uuid=d2fd0da9-025d-46db-bdaa-620f707f5f55)", "subtasks": [ { "title": "CinderVolumes.create_and_delete_volume", "description": "Create and then delete a volume.", "scenario": { "CinderVolumes.create_and_delete_volume": { "image": { "name": "rally_full-img_0907f27b-507a-4358-acdf-347fc1519b65" }, "size": 1 } }, "contexts": { "users": { "tenants": 3, "users_per_tenant": 2 }, "quotas": { "cinder": { "gigabytes": -1, "snapshots": -1, "volumes": -1 } }, "api_versions": { "cinder": { "version": 3, "service_type": "volumev3" } } }, "runner": { "constant": { "concurrency": 4, "times": 10 } }, "hooks": [], "sla": { "failure_rate": { "max": 0 } } } ] }
2019-07-06 19:51:36.549 1842 RALLYDEBUG rally_openstack.contexts.keystone.users [-] Creating 3 tenants using 20 threads
2019-07-06 19:51:38.438 1842 RALLYDEBUG rally_openstack.contexts.keystone.users [-] Creating 6 users using 20 threads
2019-07-06 19:51:41.102 1842 INFO rally.task.context [-] Task dc279d0c-2c37-44b8-a14c-e4f7e094e05e | Context users@openstack setup() finished in 4.55 sec
2019-07-06 19:51:41.522 1842 INFO rally.task.context [-] Task dc279d0c-2c37-44b8-a14c-e4f7e094e05e | Context api_versions@openstack setup() finished in 0.42 sec
2019-07-06 19:51:43.209 1842 INFO rally.task.context [-] Task dc279d0c-2c37-44b8-a14c-e4f7e094e05e | Context quotas@openstack setup() finished in 1.69 sec
2019-07-06 19:51:43.210 1842 INFO rally.task.context [-] Task dc279d0c-2c37-44b8-a14c-e4f7e094e05e | Context cleanup@openstack setup() finished in 0.01 msec
2019-07-06 19:51:44.239 1842 RALLYDEBUG rally.task.runner [-] Starting the constant runner (task UUID: dc279d0c-2c37-44b8-a14c-e4f7e094e05e). timeout: 0 concurrency: 4 concurrency_per_worker: 1 times: 10 concurrency_overhead: 0 processes_to_start: 4 max_cpu_used: 16
2019-07-06 19:51:44.253 4354 RALLYDEBUG rally.task.runner [-] Starting a worker. concurrency: 1 args: {"image": "8d1c1880-20a4-48e4-9351-716ee9e0d4b4", "size": 1} times: 10 method_name: run timeout: 0 duration: None cls:
2019-07-06 19:51:44.255 4355 RALLYDEBUG rally.task.runner [-] Starting a worker. concurrency: 1 args: {"image": "8d1c1880-20a4-48e4-9351-716ee9e0d4b4", "size": 1} times: 10 method_name: run timeout: 0 duration: None cls:
2019-07-06 19:51:44.258 4356 RALLYDEBUG rally.task.runner [-] Starting a worker. concurrency: 1 args: {"image": "8d1c1880-20a4-48e4-9351-716ee9e0d4b4", "size": 1} times: 10 method_name: run timeout: 0 duration: None cls:
2019-07-06 19:51:44.261 4357 RALLYDEBUG rally.task.runner [-] Starting a worker. concurrency: 1 args: {"image": "8d1c1880-20a4-48e4-9351-716ee9e0d4b4", "size": 1} times: 10 method_name: run timeout: 0 duration: None cls:
2019-07-06 19:51:44.262 4354 INFO rally.task.runner [-] Task dc279d0c-2c37-44b8-a14c-e4f7e094e05e | ITER: 1 START
2019-07-06 19:51:44.263 4355 INFO rally.task.runner [-] Task dc279d0c-2c37-44b8-a14c-e4f7e094e05e | ITER: 2 START
2019-07-06 19:51:44.266 4356 INFO rally.task.runner [-] Task dc279d0c-2c37-44b8-a14c-e4f7e094e05e | ITER: 3 START
2019-07-06 19:51:44.269 4357 INFO rally.task.runner [-] Task dc279d0c-2c37-44b8-a14c-e4f7e094e05e | ITER: 4 START
2019-07-06 19:51:53.807 4354 RALLYDEBUG rally.task.utils [-] Waiting for resource s_rally_d2fd0da9_AA0BSJ3x. Status changed: CREATING => DOWNLOADING in 5.32339692116
2019-07-06 19:51:53.882 4356 RALLYDEBUG rally.task.utils [-] Waiting for resource s_rally_d2fd0da9_XpTepfV6. Status changed: CREATING => DOWNLOADING in 5.08026599884
2019-07-06 19:51:54.167 4355 RALLYDEBUG rally.task.utils [-] Waiting for resource s_rally_d2fd0da9_yecWeuuN. Status changed: CREATING => DOWNLOADING in 5.29610800743
2019-07-06 19:51:59.007 4357 RALLYDEBUG rally.task.utils [-] Waiting for resource s_rally_d2fd0da9_BiHUILIL. Status changed: CREATING => DOWNLOADING in 9.9054889679
2019-07-06 19:52:02.903 4356 RALLYDEBUG rally.task.utils [-] Waiting for resource s_rally_d2fd0da9_XpTepfV6. Status changed: DOWNLOADING => AVAILABLE in 9.02054405212
2019-07-06 19:52:02.904 4354 RALLYDEBUG rally.task.utils [-] Waiting for resource s_rally_d2fd0da9_AA0BSJ3x. Status changed: DOWNLOADING => AVAILABLE in 9.09662008286
2019-07-06 19:52:03.043 4356 RALLYDEBUG rally.task.utils [-] Waiting for resource s_rally_d2fd0da9_XpTepfV6. Status changed: AVAILABLE => DELETING in 0.0583291053772
2019-07-06 19:52:03.165 4355 RALLYDEBUG rally.task.utils [-] Waiting for resource s_rally_d2fd0da9_yecWeuuN. Status changed: DOWNLOADING => AVAILABLE in 8.99758696556
2019-07-06 19:52:03.438 4357 RALLYDEBUG rally.task.utils [-] Waiting for resource s_rally_d2fd0da9_BiHUILIL. Status changed: DOWNLOADING => AVAILABLE in 4.43118810654
2019-07-06 19:52:03.548 4355 RALLYDEBUG rally.task.utils [-] Waiting for resource s_rally_d2fd0da9_yecWeuuN. Status changed: AVAILABLE => DELETING in 0.263802051544
2019-07-06 19:52:03.571 4354 RALLYDEBUG rally.task.utils [-] Waiting for resource s_rally_d2fd0da9_AA0BSJ3x. Status changed: AVAILABLE => DELETING in 0.263931035995
2019-07-06 19:52:04.144 4357 INFO rally.task.runner [-] Task dc279d0c-2c37-44b8-a14c-e4f7e094e05e | ITER: 4 END: OK
