2019-07-06 19:24:00.245 7 RALLYDEBUG rally.api [-] INFO logs from urllib3 and requests module are hide.
2019-07-06 19:24:00.245 7 RALLYDEBUG rally.api [-] urllib3 insecure warnings are hidden.
2019-07-06 19:24:00.246 7 RALLYDEBUG rally.api [-] ERROR log from boto module is hide.
2019-07-06 19:24:01.427 7 ERROR rally.cli.cliutils [-] Unexpected exception in CLI: DBRecordNotFound: Record for uuid or name is opnfv-rally not found in table envs
2019-07-06 19:24:01.427 7 ERROR rally.cli.cliutils
Traceback (most recent call last):
2019-07-06 19:24:01.427 7 ERROR rally.cli.cliutils
File "/usr/lib/python2.7/site-packages/rally/cli/cliutils.py", line 674, in run
2019-07-06 19:24:01.427 7 ERROR rally.cli.cliutils ret = fn(*fn_args, **fn_kwargs)
2019-07-06 19:24:01.427 7 ERROR rally.cli.cliutils File "", line 2, in destroy
2019-07-06 19:24:01.427 7 ERROR rally.cli.cliutils
File "/usr/lib/python2.7/site-packages/rally/cli/envutils.py", line 69, in default_from_global
2019-07-06 19:24:01.427 7 ERROR rally.cli.cliutils return f(*args, **kwargs)
2019-07-06 19:24:01.427 7 ERROR rally.cli.cliutils File "", line 2, in destroy
2019-07-06 19:24:01.427 7 ERROR rally.cli.cliutils
File "/usr/lib/python2.7/site-packages/rally/plugins/__init__.py", line 51, in ensure_plugins_are_loaded
2019-07-06 19:24:01.427 7 ERROR rally.cli.cliutils return f(*args, **kwargs)
2019-07-06 19:24:01.427 7 ERROR rally.cli.cliutils
File "/usr/lib/python2.7/site-packages/rally/cli/commands/deployment.py", line 140, in destroy
2019-07-06 19:24:01.427 7 ERROR rally.cli.cliutils api.deployment.destroy(deployment=deployment)
2019-07-06 19:24:01.427 7 ERROR rally.cli.cliutils
File "/usr/lib/python2.7/site-packages/rally/api.py", line 115, in destroy
2019-07-06 19:24:01.427 7 ERROR rally.cli.cliutils deploy = objects.Deployment.get(deployment)
2019-07-06 19:24:01.427 7 ERROR rally.cli.cliutils
File "/usr/lib/python2.7/site-packages/rally/common/objects/deploy.py", line 124, in get
2019-07-06 19:24:01.427 7 ERROR rally.cli.cliutils return Deployment(env_mgr.EnvManager.get(deploy))
2019-07-06 19:24:01.427 7 ERROR rally.cli.cliutils
File "/usr/lib/python2.7/site-packages/rally/env/env_mgr.py", line 212, in get
2019-07-06 19:24:01.427 7 ERROR rally.cli.cliutils return cls(db.env_get(uuid_or_name))
2019-07-06 19:24:01.427 7 ERROR rally.cli.cliutils
File "/usr/lib/python2.7/site-packages/rally/common/db/api.py", line 135, in wrapper
2019-07-06 19:24:01.427 7 ERROR rally.cli.cliutils result = f(session, *args, **kwargs)
2019-07-06 19:24:01.427 7 ERROR rally.cli.cliutils
File "/usr/lib/python2.7/site-packages/rally/common/db/api.py", line 521, in env_get
2019-07-06 19:24:01.427 7 ERROR rally.cli.cliutils criteria="uuid or name is %s" % uuid_or_name, table="envs")
2019-07-06 19:24:01.427 7 ERROR rally.cli.cliutils DBRecordNotFound: Record for uuid or name is opnfv-rally not found in table envs
2019-07-06 19:24:01.427 7 ERROR rally.cli.cliutils
2019-07-06 19:24:02.153 9 RALLYDEBUG rally.api [-] INFO logs from urllib3 and requests module are hide.
2019-07-06 19:24:02.154 9 RALLYDEBUG rally.api [-] urllib3 insecure warnings are hidden.
2019-07-06 19:24:02.154 9 RALLYDEBUG rally.api [-] ERROR log from boto module is hide.
2019-07-06 19:24:03.437 9 WARNING rally_openstack.platforms.existing [-] endpoint is deprecated and not used.
2019-07-06 19:24:04.345 11 RALLYDEBUG rally.api [-] INFO logs from urllib3 and requests module are hide.
2019-07-06 19:24:04.346 11 RALLYDEBUG rally.api [-] urllib3 insecure warnings are hidden.
2019-07-06 19:24:04.346 11 RALLYDEBUG rally.api [-] ERROR log from boto module is hide.
2019-07-06 19:24:07.600 14 RALLYDEBUG rally.api [-] INFO logs from urllib3 and requests module are hide.
2019-07-06 19:24:07.600 14 RALLYDEBUG rally.api [-] urllib3 insecure warnings are hidden.
2019-07-06 19:24:07.600 14 RALLYDEBUG rally.api [-] ERROR log from boto module is hide.
2019-07-06 19:24:09.035 16 RALLYDEBUG rally.api [-] INFO logs from urllib3 and requests module are hide.
2019-07-06 19:24:09.036 16 RALLYDEBUG rally.api [-] urllib3 insecure warnings are hidden.
2019-07-06 19:24:09.036 16 RALLYDEBUG rally.api [-] ERROR log from boto module is hide.
2019-07-06 19:24:10.206 16 INFO rally.task.engine [-] Task 3eb2f236-79ff-46a0-93d5-0713f4d78afd | Starting: Task validation.
2019-07-06 19:24:10.234 16 INFO rally.task.engine [-] Task 3eb2f236-79ff-46a0-93d5-0713f4d78afd | Starting: Task validation of syntax.
2019-07-06 19:24:10.307 16 INFO rally.task.engine [-] Task 3eb2f236-79ff-46a0-93d5-0713f4d78afd | Completed: Task validation of syntax.
2019-07-06 19:24:10.307 16 INFO rally.task.engine [-] Task 3eb2f236-79ff-46a0-93d5-0713f4d78afd | Starting: Task validation of required platforms.
2019-07-06 19:24:10.342 16 INFO rally.task.engine [-] Task 3eb2f236-79ff-46a0-93d5-0713f4d78afd | Completed: Task validation of required platforms.
2019-07-06 19:24:10.342 16 INFO rally.task.engine [-] Task 3eb2f236-79ff-46a0-93d5-0713f4d78afd | Starting: Task validation of semantic.
2019-07-06 19:24:10.342 16 INFO rally.task.engine [-] Check health of the environment 'ed7802bf-fbfa-4632-8d1a-36be5461320b'.
2019-07-06 19:24:11.160 16 INFO rally.task.engine [-] Platform existing@openstack (available: True): OK!
2019-07-06 19:24:11.180 16 RALLYDEBUG rally_openstack.contexts.keystone.users [-] Creating 1 tenants using 20 threads
2019-07-06 19:24:13.083 16 RALLYDEBUG rally_openstack.contexts.keystone.users [-] Creating 1 users using 20 threads
2019-07-06 19:24:15.916 16 INFO rally.task.context [-] Task 3eb2f236-79ff-46a0-93d5-0713f4d78afd | Context users@openstack setup() finished in 4.74 sec
2019-07-06 19:24:15.963 16 INFO rally.task.context [-] Task 3eb2f236-79ff-46a0-93d5-0713f4d78afd | Context users@openstack cleanup() started
2019-07-06 19:24:21.190 16 INFO rally.task.context [-] Task 3eb2f236-79ff-46a0-93d5-0713f4d78afd | Context users@openstack cleanup() finished in 5.23 sec
2019-07-06 19:24:21.190 16 INFO rally.task.engine [-] Task 3eb2f236-79ff-46a0-93d5-0713f4d78afd | Completed: Task validation of semantic.
2019-07-06 19:24:21.190 16 INFO rally.task.engine [-] Task 3eb2f236-79ff-46a0-93d5-0713f4d78afd | Completed: Task validation.
2019-07-06 19:24:21.191 16 INFO rally.api [-] Task 3eb2f236-79ff-46a0-93d5-0713f4d78afd input file is valid.
2019-07-06 19:24:21.191 16 INFO rally.api [-] Run Task 3eb2f236-79ff-46a0-93d5-0713f4d78afd against Deployment ed7802bf-fbfa-4632-8d1a-36be5461320b
2019-07-06 19:24:21.191 16 INFO rally.task.engine [-] Task 3eb2f236-79ff-46a0-93d5-0713f4d78afd | Starting: Running task.
2019-07-06 19:24:21.307 16 INFO rally.task.engine [-] Running workload: position = 0 config = { "version": 2, "title": "A cropped version of a bigger task.", "description": "Auto-generated task from a single workload (uuid=8aedd7a6-91fe-4dbc-a6a7-ab4abd9f35b1)", "subtasks": [ { "title": "Authenticate.keystone", "description": "Check Keystone Client.", "scenario": { "Authenticate.keystone": {} }, "contexts": { "users": { "tenants": 3, "users_per_tenant": 2 } }, "runner": { "constant": { "concurrency": 4, "times": 10 } }, "hooks": [], "sla": { "failure_rate": { "max": 0 } } } ] }
2019-07-06 19:24:21.321 16 RALLYDEBUG rally_openstack.contexts.keystone.users [-] Creating 3 tenants using 20 threads
2019-07-06 19:24:23.287 16 RALLYDEBUG rally_openstack.contexts.keystone.users [-] Creating 6 users using 20 threads
2019-07-06 19:24:26.176 16 INFO rally.task.context [-] Task 3eb2f236-79ff-46a0-93d5-0713f4d78afd | Context users@openstack setup() finished in 4.85 sec
2019-07-06 19:24:26.184 16 RALLYDEBUG rally.task.runner [-] Starting the constant runner (task UUID: 3eb2f236-79ff-46a0-93d5-0713f4d78afd). timeout: 0 concurrency: 4 concurrency_per_worker: 1 times: 10 concurrency_overhead: 0 processes_to_start: 4 max_cpu_used: 16
2019-07-06 19:24:26.197 140 RALLYDEBUG rally.task.runner [-] Starting a worker. concurrency: 1 args: {} times: 10 method_name: run timeout: 0 duration: None cls:
2019-07-06 19:24:26.200 141 RALLYDEBUG rally.task.runner [-] Starting a worker. concurrency: 1 args: {} times: 10 method_name: run timeout: 0 duration: None cls:
2019-07-06 19:24:26.202 140 INFO rally.task.runner [-] Task 3eb2f236-79ff-46a0-93d5-0713f4d78afd | ITER: 1 START
2019-07-06 19:24:26.203 142 RALLYDEBUG rally.task.runner [-] Starting a worker. concurrency: 1 args: {} times: 10 method_name: run timeout: 0 duration: None cls:
2019-07-06 19:24:26.206 141 INFO rally.task.runner [-] Task 3eb2f236-79ff-46a0-93d5-0713f4d78afd | ITER: 2 START
2019-07-06 19:24:26.206 143 RALLYDEBUG rally.task.runner [-] Starting a worker. concurrency: 1 args: {} times: 10 method_name: run timeout: 0 duration: None cls:
2019-07-06 19:24:26.208 142 INFO rally.task.runner [-] Task 3eb2f236-79ff-46a0-93d5-0713f4d78afd | ITER: 3 START
2019-07-06 19:24:26.212 143 INFO rally.task.runner [-] Task 3eb2f236-79ff-46a0-93d5-0713f4d78afd | ITER: 4 START
2019-07-06 19:24:26.796 141 INFO rally.task.runner [-] Task 3eb2f236-79ff-46a0-93d5-0713f4d78afd | ITER: 2 END: OK
2019-07-06 19:24:26.798 140 INFO rally.task.runner [-] Task 3eb2f236-79ff-46a0-93d5-0713f4d78afd | ITER: 1 END: OK
2019-07-06 19:24:26.800 141 INFO rally.task.runner [-] Task 3eb2f236-79ff-46a0-93d5-0713f4d78afd | ITER: 5 START
2019-07-06 19:24:26.802 140 INFO rally.task.runner [-] Task 3eb2f236-79ff-46a0-93d5-0713f4d78afd | ITER: 6 START
2019-07-06 19:24:26.815 142 INFO rally.task.runner [-] Task 3eb2f236-79ff-46a0-93d5-0713f4d78afd | ITER: 3 END: OK
2019-07-06 19:24:26.819 142 INFO rally.task.runner [-] Task 3eb2f236-79ff-46a0-93d5-0713f4d78afd | ITER: 7 START
2019-07-06 19:24:26.825 143 INFO rally.task.runner [-] Task 3eb2f236-79ff-46a0-93d5-0713f4d78afd | ITER: 4 END: OK
2019-07-06 19:24:26.829 143 INFO rally.task.runner [-] Task 3eb2f236-79ff-46a0-93d5-0713f4d78afd | ITER: 8 START
2019-07-06 19:24:27.422 142 INFO rally.task.runner [-] Task 3eb2f236-79ff-46a0-93d5-0713f4d78afd | ITER: 7 END: OK
2019-07-06 19:24:27.426 142 INFO rally.task.runner [-] Task 3eb2f236-79ff-46a0-93d5-0713f4d78afd | ITER: 9 START
2019-07-06 19:24:27.430 140 INFO rally.task.runner [-] Task 3eb2f236-79ff-46a0-93d5-0713f4d78afd | ITER: 6 END: OK
2019-07-06 19:24:27.432 141 INFO rally.task.runner [-] Task 3eb2f236-79ff-46a0-93d5-0713f4d78afd | ITER: 5 END: OK
2019-07-06 19:24:27.433 140 INFO rally.task.runner [-] Task 3eb2f236-79ff-46a0-93d5-0713f4d78afd | ITER: 10 START
2019-07-06 19:24:27.464 143 INFO rally.task.runner [-] Task 3eb2f236-79ff-46a0-93d5-0713f4d78afd | ITER: 8 END: OK
2019-07-06 19:24:28.026 140 INFO rally.task.runner [-] Task 3eb2f236-79ff-46a0-93d5-0713f4d78afd | ITER: 10 END: OK
2019-07-06 19:24:28.030 142 INFO rally.task.runner [-] Task 3eb2f236-79ff-46a0-93d5-0713f4d78afd | ITER: 9 END: OK
2019-07-06 19:24:28.049 16 INFO rally.task.context [-] Task 3eb2f236-79ff-46a0-93d5-0713f4d78afd | Context users@openstack cleanup() started
2019-07-06 19:24:35.819 16 INFO rally.task.context [-] Task 3eb2f236-79ff-46a0-93d5-0713f4d78afd | Context users@openstack cleanup() finished in 7.77 sec
2019-07-06 19:24:37.432 16 INFO rally.task.engine [-] Load duration is: 1.825341
2019-07-06 19:24:37.432 16 INFO rally.task.engine [-] Full runner duration is: 1.866087
2019-07-06 19:24:37.433 16 INFO rally.task.engine [-] Full duration is: 14.499364
2019-07-06 19:24:37.685 16 INFO rally.task.engine [-] Running workload: position = 0 config = { "version": 2, "title": "A cropped version of a bigger task.", "description": "Auto-generated task from a single workload (uuid=e5e87881-d967-41d8-86ce-8e1a3b381a8e)", "subtasks": [ { "title": "Authenticate.validate_cinder", "description": "Check Cinder Client to ensure validation of token.", "scenario": { "Authenticate.validate_cinder": { "repetitions": 2 } }, "contexts": { "users": { "tenants": 3, "users_per_tenant": 2 } }, "runner": { "constant": { "concurrency": 4, "times": 10 } }, "hooks": [], "sla": { "failure_rate": { "max": 0 } } } ] }
2019-07-06 19:24:37.705 16 RALLYDEBUG rally_openstack.contexts.keystone.users [-] Creating 3 tenants using 20 threads
2019-07-06 19:24:39.622 16 RALLYDEBUG rally_openstack.contexts.keystone.users [-] Creating 6 users using 20 threads
2019-07-06 19:24:42.503 16 INFO rally.task.context [-] Task 3eb2f236-79ff-46a0-93d5-0713f4d78afd | Context users@openstack setup() finished in 4.80 sec
2019-07-06 19:24:42.509 16 RALLYDEBUG rally.task.runner [-] Starting the constant runner (task UUID: 3eb2f236-79ff-46a0-93d5-0713f4d78afd). timeout: 0 concurrency: 4 concurrency_per_worker: 1 times: 10 concurrency_overhead: 0 processes_to_start: 4 max_cpu_used: 16
2019-07-06 19:24:42.521 244 RALLYDEBUG rally.task.runner [-] Starting a worker. concurrency: 1 args: {"repetitions": 2} times: 10 method_name: run timeout: 0 duration: None cls:
2019-07-06 19:24:42.522 245 RALLYDEBUG rally.task.runner [-] Starting a worker. concurrency: 1 args: {"repetitions": 2} times: 10 method_name: run timeout: 0 duration: None cls:
2019-07-06 19:24:42.525 246 RALLYDEBUG rally.task.runner [-] Starting a worker. concurrency: 1 args: {"repetitions": 2} times: 10 method_name: run timeout: 0 duration: None cls:
2019-07-06 19:24:42.526 245 INFO rally.task.runner [-] Task 3eb2f236-79ff-46a0-93d5-0713f4d78afd | ITER: 2 START
2019-07-06 19:24:42.527 244 INFO rally.task.runner [-] Task 3eb2f236-79ff-46a0-93d5-0713f4d78afd | ITER: 1 START
2019-07-06 19:24:42.527 247 RALLYDEBUG rally.task.runner [-] Starting a worker. concurrency: 1 args: {"repetitions": 2} times: 10 method_name: run timeout: 0 duration: None cls:
2019-07-06 19:24:42.531 246 INFO rally.task.runner [-] Task 3eb2f236-79ff-46a0-93d5-0713f4d78afd | ITER: 3 START
2019-07-06 19:24:42.532 247 INFO rally.task.runner [-] Task 3eb2f236-79ff-46a0-93d5-0713f4d78afd | ITER: 4 START
2019-07-06 19:24:44.437 244 INFO rally.task.runner [-] Task 3eb2f236-79ff-46a0-93d5-0713f4d78afd | ITER: 1 END: OK
2019-07-06 19:24:44.441 247 INFO rally.task.runner [-] Task 3eb2f236-79ff-46a0-93d5-0713f4d78afd | ITER: 4 END: OK
2019-07-06 19:24:44.441 244 INFO rally.task.runner [-] Task 3eb2f236-79ff-46a0-93d5-0713f4d78afd | ITER: 5 START
2019-07-06 19:24:44.445 247 INFO rally.task.runner [-] Task 3eb2f236-79ff-46a0-93d5-0713f4d78afd | ITER: 6 START
2019-07-06 19:24:44.446 246 INFO rally.task.runner [-] Task 3eb2f236-79ff-46a0-93d5-0713f4d78afd | ITER: 3 END: OK
2019-07-06 19:24:44.450 246 INFO rally.task.runner [-] Task 3eb2f236-79ff-46a0-93d5-0713f4d78afd | ITER: 7 START
2019-07-06 19:24:44.497 245 INFO rally.task.runner [-] Task 3eb2f236-79ff-46a0-93d5-0713f4d78afd | ITER: 2 END: OK
2019-07-06 19:24:44.502 245 INFO rally.task.runner [-] Task 3eb2f236-79ff-46a0-93d5-0713f4d78afd | ITER: 8 START
2019-07-06 19:24:46.209 247 INFO rally.task.runner [-] Task 3eb2f236-79ff-46a0-93d5-0713f4d78afd | ITER: 6 END: OK
2019-07-06 19:24:46.213 247 INFO rally.task.runner [-] Task 3eb2f236-79ff-46a0-93d5-0713f4d78afd | ITER: 9 START
2019-07-06 19:24:46.266 245 INFO rally.task.runner [-] Task 3eb2f236-79ff-46a0-93d5-0713f4d78afd | ITER: 8 END: OK
2019-07-06 19:24:46.270 245 INFO rally.task.runner [-] Task 3eb2f236-79ff-46a0-93d5-0713f4d78afd | ITER: 10 START
2019-07-06 19:24:46.273 244 INFO rally.task.runner [-] Task 3eb2f236-79ff-46a0-93d5-0713f4d78afd | ITER: 5 END: OK
2019-07-06 19:24:46.278 246 INFO rally.task.runner [-] Task 3eb2f236-79ff-46a0-93d5-0713f4d78afd | ITER: 7 END: OK
2019-07-06 19:24:47.288 245 INFO rally.task.runner [-] Task 3eb2f236-79ff-46a0-93d5-0713f4d78afd | ITER: 10 END: OK
2019-07-06 19:24:47.682 247 INFO rally.task.runner [-] Task 3eb2f236-79ff-46a0-93d5-0713f4d78afd | ITER: 9 END: OK
2019-07-06 19:24:47.702 16 INFO rally.task.context [-] Task 3eb2f236-79ff-46a0-93d5-0713f4d78afd | Context users@openstack cleanup() started
2019-07-06 19:24:55.791 16 INFO rally.task.context [-] Task 3eb2f236-79ff-46a0-93d5-0713f4d78afd | Context users@openstack cleanup() finished in 8.09 sec
2019-07-06 19:24:57.799 16 INFO rally.task.engine [-] Load duration is: 5.153888
2019-07-06 19:24:57.800 16 INFO rally.task.engine [-] Full runner duration is: 5.192758
2019-07-06 19:24:57.800 16 INFO rally.task.engine [-] Full duration is: 18.087583
2019-07-06 19:24:58.076 16 INFO rally.task.engine [-] Running workload: position = 0 config = { "version": 2, "title": "A cropped version of a bigger task.", "description": "Auto-generated task from a single workload (uuid=1c7af3ae-57d1-4e7d-8c1c-60a09ee0bcde)", "subtasks": [ { "title": "Authenticate.validate_glance", "description": "Check Glance Client to ensure validation of token.", "scenario": { "Authenticate.validate_glance": { "repetitions": 2 } }, "contexts": { "users": { "tenants": 3, "users_per_tenant": 2 } }, "runner": { "constant": { "concurrency": 4, "times": 10 } }, "hooks": [], "sla": { "failure_rate": { "max": 0 } } } ] }
2019-07-06 19:24:58.091 16 RALLYDEBUG rally_openstack.contexts.keystone.users [-] Creating 3 tenants using 20 threads
2019-07-06 19:24:59.945 16 RALLYDEBUG rally_openstack.contexts.keystone.users [-] Creating 6 users using 20 threads
2019-07-06 19:25:02.846 16 INFO rally.task.context [-] Task 3eb2f236-79ff-46a0-93d5-0713f4d78afd | Context users@openstack setup() finished in 4.76 sec
2019-07-06 19:25:02.854 16 RALLYDEBUG rally.task.runner [-] Starting the constant runner (task UUID: 3eb2f236-79ff-46a0-93d5-0713f4d78afd). timeout: 0 concurrency: 4 concurrency_per_worker: 1 times: 10 concurrency_overhead: 0 processes_to_start: 4 max_cpu_used: 16
2019-07-06 19:25:02.862 348 RALLYDEBUG rally.task.runner [-] Starting a worker. concurrency: 1 args: {"repetitions": 2} times: 10 method_name: run timeout: 0 duration: None cls:
2019-07-06 19:25:02.866 348 INFO rally.task.runner [-] Task 3eb2f236-79ff-46a0-93d5-0713f4d78afd | ITER: 1 START
2019-07-06 19:25:02.868 349 RALLYDEBUG rally.task.runner [-] Starting a worker. concurrency: 1 args: {"repetitions": 2} times: 10 method_name: run timeout: 0 duration: None cls:
2019-07-06 19:25:02.871 353 RALLYDEBUG rally.task.runner [-] Starting a worker. concurrency: 1 args: {"repetitions": 2} times: 10 method_name: run timeout: 0 duration: None cls:
2019-07-06 19:25:02.871 350 RALLYDEBUG rally.task.runner [-] Starting a worker. concurrency: 1 args: {"repetitions": 2} times: 10 method_name: run timeout: 0 duration: None cls:
2019-07-06 19:25:02.874 353 INFO rally.task.runner [-] Task 3eb2f236-79ff-46a0-93d5-0713f4d78afd | ITER: 3 START
2019-07-06 19:25:02.875 349 INFO rally.task.runner [-] Task 3eb2f236-79ff-46a0-93d5-0713f4d78afd | ITER: 2 START
2019-07-06 19:25:02.876 350 INFO rally.task.runner [-] Task 3eb2f236-79ff-46a0-93d5-0713f4d78afd | ITER: 4 START
2019-07-06 19:25:03.966 350 INFO rally.task.runner [-] Task 3eb2f236-79ff-46a0-93d5-0713f4d78afd | ITER: 4 END: OK
2019-07-06 19:25:03.970 353 INFO rally.task.runner [-] Task 3eb2f236-79ff-46a0-93d5-0713f4d78afd | ITER: 3 END: OK
2019-07-06 19:25:03.971 350 INFO rally.task.runner [-] Task 3eb2f236-79ff-46a0-93d5-0713f4d78afd | ITER: 5 START
2019-07-06 19:25:03.974 353 INFO rally.task.runner [-] Task 3eb2f236-79ff-46a0-93d5-0713f4d78afd | ITER: 6 START
2019-07-06 19:25:04.054 349 INFO rally.task.runner [-] Task 3eb2f236-79ff-46a0-93d5-0713f4d78afd | ITER: 2 END: OK
2019-07-06 19:25:04.058 349 INFO rally.task.runner [-] Task 3eb2f236-79ff-46a0-93d5-0713f4d78afd | ITER: 7 START
2019-07-06 19:25:04.354 348 INFO rally.task.runner [-] Task 3eb2f236-79ff-46a0-93d5-0713f4d78afd | ITER: 1 END: OK
2019-07-06 19:25:04.358 348 INFO rally.task.runner [-] Task 3eb2f236-79ff-46a0-93d5-0713f4d78afd | ITER: 8 START
2019-07-06 19:25:05.019 350 INFO rally.task.runner [-] Task 3eb2f236-79ff-46a0-93d5-0713f4d78afd | ITER: 5 END: OK
2019-07-06 19:25:05.023 350 INFO rally.task.runner [-] Task 3eb2f236-79ff-46a0-93d5-0713f4d78afd | ITER: 9 START
2019-07-06 19:25:05.316 349 INFO rally.task.runner [-] Task 3eb2f236-79ff-46a0-93d5-0713f4d78afd | ITER: 7 END: OK
2019-07-06 19:25:05.319 349 INFO rally.task.runner [-] Task 3eb2f236-79ff-46a0-93d5-0713f4d78afd | ITER: 10 START
2019-07-06 19:25:05.517 353 INFO rally.task.runner [-] Task 3eb2f236-79ff-46a0-93d5-0713f4d78afd | ITER: 6 END: OK
2019-07-06 19:25:05.612 348 INFO rally.task.runner [-] Task 3eb2f236-79ff-46a0-93d5-0713f4d78afd | ITER: 8 END: OK
2019-07-06 19:25:06.343 350 INFO rally.task.runner [-] Task 3eb2f236-79ff-46a0-93d5-0713f4d78afd | ITER: 9 END: OK
2019-07-06 19:25:06.376 349 INFO rally.task.runner [-] Task 3eb2f236-79ff-46a0-93d5-0713f4d78afd | ITER: 10 END: OK
2019-07-06 19:25:06.397 16 INFO rally.task.context [-] Task 3eb2f236-79ff-46a0-93d5-0713f4d78afd | Context users@openstack cleanup() started
2019-07-06 19:25:14.538 16 INFO rally.task.context [-] Task 3eb2f236-79ff-46a0-93d5-0713f4d78afd | Context users@openstack cleanup() finished in 8.14 sec
2019-07-06 19:25:16.170 16 INFO rally.task.engine [-] Load duration is: 3.509263
2019-07-06 19:25:16.170 16 INFO rally.task.engine [-] Full runner duration is: 3.54354
2019-07-06 19:25:16.170 16 INFO rally.task.engine [-] Full duration is: 16.449937
2019-07-06 19:25:16.421 16 INFO rally.task.engine [-] Running workload: position = 0 config = { "version": 2, "title": "A cropped version of a bigger task.", "description": "Auto-generated task from a single workload (uuid=ead6ae42-899b-4024-be48-08d116301a6e)", "subtasks": [ { "title": "Authenticate.validate_heat", "description": "Check Heat Client to ensure validation of token.", "scenario": { "Authenticate.validate_heat": { "repetitions": 2 } }, "contexts": { "users": { "tenants": 3, "users_per_tenant": 2 } }, "runner": { "constant": { "concurrency": 4, "times": 10 } }, "hooks": [], "sla": { "failure_rate": { "max": 0 } } } ] }
2019-07-06 19:25:16.438 16 RALLYDEBUG rally_openstack.contexts.keystone.users [-] Creating 3 tenants using 20 threads
2019-07-06 19:25:18.244 16 RALLYDEBUG rally_openstack.contexts.keystone.users [-] Creating 6 users using 20 threads
2019-07-06 19:25:21.098 16 INFO rally.task.context [-] Task 3eb2f236-79ff-46a0-93d5-0713f4d78afd | Context users@openstack setup() finished in 4.66 sec
2019-07-06 19:25:21.105 16 RALLYDEBUG rally.task.runner [-] Starting the constant runner (task UUID: 3eb2f236-79ff-46a0-93d5-0713f4d78afd). timeout: 0 concurrency: 4 concurrency_per_worker: 1 times: 10 concurrency_overhead: 0 processes_to_start: 4 max_cpu_used: 16
2019-07-06 19:25:21.116 452 RALLYDEBUG rally.task.runner [-] Starting a worker. concurrency: 1 args: {"repetitions": 2} times: 10 method_name: run timeout: 0 duration: None cls:
2019-07-06 19:25:21.116 453 RALLYDEBUG rally.task.runner [-] Starting a worker. concurrency: 1 args: {"repetitions": 2} times: 10 method_name: run timeout: 0 duration: None cls:
2019-07-06 19:25:21.121 453 INFO rally.task.runner [-] Task 3eb2f236-79ff-46a0-93d5-0713f4d78afd | ITER: 2 START
2019-07-06 19:25:21.121 455 RALLYDEBUG rally.task.runner [-] Starting a worker. concurrency: 1 args: {"repetitions": 2} times: 10 method_name: run timeout: 0 duration: None cls:
2019-07-06 19:25:21.122 452 INFO rally.task.runner [-] Task 3eb2f236-79ff-46a0-93d5-0713f4d78afd | ITER: 1 START
2019-07-06 19:25:21.121 454 RALLYDEBUG rally.task.runner [-] Starting a worker. concurrency: 1 args: {"repetitions": 2} times: 10 method_name: run timeout: 0 duration: None cls:
2019-07-06 19:25:21.125 455 INFO rally.task.runner [-] Task 3eb2f236-79ff-46a0-93d5-0713f4d78afd | ITER: 3 START
2019-07-06 19:25:21.127 454 INFO rally.task.runner [-] Task 3eb2f236-79ff-46a0-93d5-0713f4d78afd | ITER: 4 START
2019-07-06 19:25:23.088 452 INFO rally.task.runner [-] Task 3eb2f236-79ff-46a0-93d5-0713f4d78afd | ITER: 1 END: OK
2019-07-06 19:25:23.092 452 INFO rally.task.runner [-] Task 3eb2f236-79ff-46a0-93d5-0713f4d78afd | ITER: 5 START
2019-07-06 19:25:23.104 453 INFO rally.task.runner [-] Task 3eb2f236-79ff-46a0-93d5-0713f4d78afd | ITER: 2 END: OK
2019-07-06 19:25:23.108 453 INFO rally.task.runner [-] Task 3eb2f236-79ff-46a0-93d5-0713f4d78afd | ITER: 6 START
2019-07-06 19:25:23.114 454 INFO rally.task.runner [-] Task 3eb2f236-79ff-46a0-93d5-0713f4d78afd | ITER: 4 END: OK
2019-07-06 19:25:23.117 454 INFO rally.task.runner [-] Task 3eb2f236-79ff-46a0-93d5-0713f4d78afd | ITER: 7 START
2019-07-06 19:25:23.143 455 INFO rally.task.runner [-] Task 3eb2f236-79ff-46a0-93d5-0713f4d78afd | ITER: 3 END: OK
2019-07-06 19:25:23.147 455 INFO rally.task.runner [-] Task 3eb2f236-79ff-46a0-93d5-0713f4d78afd | ITER: 8 START
2019-07-06 19:25:24.918 452 INFO rally.task.runner [-] Task 3eb2f236-79ff-46a0-93d5-0713f4d78afd | ITER: 5 END: OK
2019-07-06 19:25:24.922 452 INFO rally.task.runner [-] Task 3eb2f236-79ff-46a0-93d5-0713f4d78afd | ITER: 9 START
2019-07-06 19:25:24.991 454 INFO rally.task.runner [-] Task 3eb2f236-79ff-46a0-93d5-0713f4d78afd | ITER: 7 END: OK
2019-07-06 19:25:24.995 454 INFO rally.task.runner [-] Task 3eb2f236-79ff-46a0-93d5-0713f4d78afd | ITER: 10 START
2019-07-06 19:25:25.015 453 INFO rally.task.runner [-] Task 3eb2f236-79ff-46a0-93d5-0713f4d78afd | ITER: 6 END: OK
2019-07-06 19:25:25.045 455 INFO rally.task.runner [-] Task 3eb2f236-79ff-46a0-93d5-0713f4d78afd | ITER: 8 END: OK
2019-07-06 19:25:25.832 452 INFO rally.task.runner [-] Task 3eb2f236-79ff-46a0-93d5-0713f4d78afd | ITER: 9 END: OK
2019-07-06 19:25:26.480 454 INFO rally.task.runner [-] Task 3eb2f236-79ff-46a0-93d5-0713f4d78afd | ITER: 10 END: OK
2019-07-06 19:25:26.508 16 INFO rally.task.context [-] Task 3eb2f236-79ff-46a0-93d5-0713f4d78afd | Context users@openstack cleanup() started
2019-07-06 19:25:34.454 16 INFO rally.task.context [-] Task 3eb2f236-79ff-46a0-93d5-0713f4d78afd | Context users@openstack cleanup() finished in 7.95 sec
2019-07-06 19:25:34.509 16 INFO rally.task.engine [-] Load duration is: 5.357069
2019-07-06 19:25:34.509 16 INFO rally.task.engine [-] Full runner duration is: 5.404294
2019-07-06 19:25:34.510 16 INFO rally.task.engine [-] Full duration is: 18.020038
2019-07-06 19:25:34.747 16 INFO rally.task.engine [-] Running workload: position = 0 config = { "version": 2, "title": "A cropped version of a bigger task.", "description": "Auto-generated task from a single workload (uuid=36259def-9559-4681-b243-9dc63d25a52e)", "subtasks": [ { "title": "Authenticate.validate_neutron", "description": "Check Neutron Client to ensure validation of token.", "scenario": { "Authenticate.validate_neutron": { "repetitions": 2 } }, "contexts": { "users": { "tenants": 3, "users_per_tenant": 2 } }, "runner": { "constant": { "concurrency": 4, "times": 10 } }, "hooks": [], "sla": { "failure_rate": { "max": 0 } } } ] }
2019-07-06 19:25:34.765 16 RALLYDEBUG rally_openstack.contexts.keystone.users [-] Creating 3 tenants using 20 threads
2019-07-06 19:25:36.771 16 RALLYDEBUG rally_openstack.contexts.keystone.users [-] Creating 6 users using 20 threads
2019-07-06 19:25:39.628 16 INFO rally.task.context [-] Task 3eb2f236-79ff-46a0-93d5-0713f4d78afd | Context users@openstack setup() finished in 4.86 sec
2019-07-06 19:25:39.633 16 RALLYDEBUG rally.task.runner [-] Starting the constant runner (task UUID: 3eb2f236-79ff-46a0-93d5-0713f4d78afd). timeout: 0 concurrency: 4 concurrency_per_worker: 1 times: 10 concurrency_overhead: 0 processes_to_start: 4 max_cpu_used: 16
2019-07-06 19:25:39.645 556 RALLYDEBUG rally.task.runner [-] Starting a worker. concurrency: 1 args: {"repetitions": 2} times: 10 method_name: run timeout: 0 duration: None cls:
2019-07-06 19:25:39.647 557 RALLYDEBUG rally.task.runner [-] Starting a worker. concurrency: 1 args: {"repetitions": 2} times: 10 method_name: run timeout: 0 duration: None cls:
2019-07-06 19:25:39.648 559 RALLYDEBUG rally.task.runner [-] Starting a worker. concurrency: 1 args: {"repetitions": 2} times: 10 method_name: run timeout: 0 duration: None cls:
2019-07-06 19:25:39.649 558 RALLYDEBUG rally.task.runner [-] Starting a worker. concurrency: 1 args: {"repetitions": 2} times: 10 method_name: run timeout: 0 duration: None cls:
2019-07-06 19:25:39.652 556 INFO rally.task.runner [-] Task 3eb2f236-79ff-46a0-93d5-0713f4d78afd | ITER: 1 START
2019-07-06 19:25:39.652 559 INFO rally.task.runner [-] Task 3eb2f236-79ff-46a0-93d5-0713f4d78afd | ITER: 3 START
2019-07-06 19:25:39.653 557 INFO rally.task.runner [-] Task 3eb2f236-79ff-46a0-93d5-0713f4d78afd | ITER: 2 START
2019-07-06 19:25:39.655 558 INFO rally.task.runner [-] Task 3eb2f236-79ff-46a0-93d5-0713f4d78afd | ITER: 4 START
2019-07-06 19:25:40.554 556 INFO rally.task.runner [-] Task 3eb2f236-79ff-46a0-93d5-0713f4d78afd | ITER: 1 END: OK
2019-07-06 19:25:40.559 556 INFO rally.task.runner [-] Task 3eb2f236-79ff-46a0-93d5-0713f4d78afd | ITER: 5 START
2019-07-06 19:25:40.565 559 INFO rally.task.runner [-] Task 3eb2f236-79ff-46a0-93d5-0713f4d78afd | ITER: 3 END: OK
2019-07-06 19:25:40.569 559 INFO rally.task.runner [-] Task 3eb2f236-79ff-46a0-93d5-0713f4d78afd | ITER: 6 START
2019-07-06 19:25:40.625 557 INFO rally.task.runner [-] Task 3eb2f236-79ff-46a0-93d5-0713f4d78afd | ITER: 2 END: OK
2019-07-06 19:25:40.630 557 INFO rally.task.runner [-] Task 3eb2f236-79ff-46a0-93d5-0713f4d78afd | ITER: 7 START
2019-07-06 19:25:40.917 558 INFO rally.task.runner [-] Task 3eb2f236-79ff-46a0-93d5-0713f4d78afd | ITER: 4 END: OK
2019-07-06 19:25:40.922 558 INFO rally.task.runner [-] Task 3eb2f236-79ff-46a0-93d5-0713f4d78afd | ITER: 8 START
2019-07-06 19:25:41.461 556 INFO rally.task.runner [-] Task 3eb2f236-79ff-46a0-93d5-0713f4d78afd | ITER: 5 END: OK
2019-07-06 19:25:41.465 556 INFO rally.task.runner [-] Task 3eb2f236-79ff-46a0-93d5-0713f4d78afd | ITER: 9 START
2019-07-06 19:25:41.759 559 INFO rally.task.runner [-] Task 3eb2f236-79ff-46a0-93d5-0713f4d78afd | ITER: 6 END: OK
2019-07-06 19:25:41.763 559 INFO rally.task.runner [-] Task 3eb2f236-79ff-46a0-93d5-0713f4d78afd | ITER: 10 START
2019-07-06 19:25:41.840 558 INFO rally.task.runner [-] Task 3eb2f236-79ff-46a0-93d5-0713f4d78afd | ITER: 8 END: OK
2019-07-06 19:25:42.139 557 INFO rally.task.runner [-] Task 3eb2f236-79ff-46a0-93d5-0713f4d78afd | ITER: 7 END: OK
2019-07-06 19:25:42.654 556 INFO rally.task.runner [-] Task 3eb2f236-79ff-46a0-93d5-0713f4d78afd | ITER: 9 END: OK
2019-07-06 19:25:42.891 559 INFO rally.task.runner [-] Task 3eb2f236-79ff-46a0-93d5-0713f4d78afd | ITER: 10 END: OK
2019-07-06 19:25:42.914 16 INFO rally.task.context [-] Task 3eb2f236-79ff-46a0-93d5-0713f4d78afd | Context users@openstack cleanup() started
2019-07-06 19:25:50.819 16 INFO rally.task.context [-] Task 3eb2f236-79ff-46a0-93d5-0713f4d78afd | Context users@openstack cleanup() finished in 7.91 sec
2019-07-06 19:25:50.897 16 INFO rally.task.engine [-] Load duration is: 3.238275
2019-07-06 19:25:50.897 16 INFO rally.task.engine [-] Full runner duration is: 3.280739
2019-07-06 19:25:50.898 16 INFO rally.task.engine [-] Full duration is: 16.058404
2019-07-06 19:25:51.117 16 INFO rally.task.engine [-] Running workload: position = 0 config = { "version": 2, "title": "A cropped version of a bigger task.", "description": "Auto-generated task from a single workload (uuid=549c2b5f-bd24-43b5-bf0b-f155e9076a34)", "subtasks": [ { "title": "Authenticate.validate_nova", "description": "Check Nova Client to ensure validation of token.", "scenario": { "Authenticate.validate_nova": { "repetitions": 2 } }, "contexts": { "users": { "tenants": 3, "users_per_tenant": 2 } }, "runner": { "constant": { "concurrency": 4, "times": 10 } }, "hooks": [], "sla": { "failure_rate": { "max": 0 } } } ] }
2019-07-06 19:25:51.136 16 RALLYDEBUG rally_openstack.contexts.keystone.users [-] Creating 3 tenants using 20 threads
2019-07-06 19:25:52.993 16 RALLYDEBUG rally_openstack.contexts.keystone.users [-] Creating 6 users using 20 threads
2019-07-06 19:25:55.771 16 INFO rally.task.context [-] Task 3eb2f236-79ff-46a0-93d5-0713f4d78afd | Context users@openstack setup() finished in 4.63 sec
2019-07-06 19:25:55.778 16 RALLYDEBUG rally.task.runner [-] Starting the constant runner (task UUID: 3eb2f236-79ff-46a0-93d5-0713f4d78afd). timeout: 0 concurrency: 4 concurrency_per_worker: 1 times: 10 concurrency_overhead: 0 processes_to_start: 4 max_cpu_used: 16
2019-07-06 19:25:55.791 660 RALLYDEBUG rally.task.runner [-] Starting a worker. concurrency: 1 args: {"repetitions": 2} times: 10 method_name: run timeout: 0 duration: None cls:
2019-07-06 19:25:55.792 661 RALLYDEBUG rally.task.runner [-] Starting a worker. concurrency: 1 args: {"repetitions": 2} times: 10 method_name: run timeout: 0 duration: None cls:
2019-07-06 19:25:55.795 662 RALLYDEBUG rally.task.runner [-] Starting a worker. concurrency: 1 args: {"repetitions": 2} times: 10 method_name: run timeout: 0 duration: None cls:
2019-07-06 19:25:55.798 660 INFO rally.task.runner [-] Task 3eb2f236-79ff-46a0-93d5-0713f4d78afd | ITER: 1 START
2019-07-06 19:25:55.798 663 RALLYDEBUG rally.task.runner [-] Starting a worker. concurrency: 1 args: {"repetitions": 2} times: 10 method_name: run timeout: 0 duration: None cls:
2019-07-06 19:25:55.799 661 INFO rally.task.runner [-] Task 3eb2f236-79ff-46a0-93d5-0713f4d78afd | ITER: 2 START
2019-07-06 19:25:55.801 662 INFO rally.task.runner [-] Task 3eb2f236-79ff-46a0-93d5-0713f4d78afd | ITER: 3 START
2019-07-06 19:25:55.806 663 INFO rally.task.runner [-] Task 3eb2f236-79ff-46a0-93d5-0713f4d78afd | ITER: 4 START
2019-07-06 19:25:56.283 663 DEBUG novaclient.v2.client [-] REQ: curl -g -i -X GET http://172.30.9.28:8774/v2.1/flavors/detail -H "Accept: application/json" -H "User-Agent: python-novaclient" -H "X-Auth-Token: {SHA1}e1b24c3032e1c48493b0b5d8fe9e3acbc6708160" _http_log_request /usr/lib/python2.7/site-packages/keystoneauth1/session.py:448
2019-07-06 19:25:56.294 662 DEBUG novaclient.v2.client [-] REQ: curl -g -i -X GET http://172.30.9.28:8774/v2.1/flavors/detail -H "Accept: application/json" -H "User-Agent: python-novaclient" -H "X-Auth-Token: {SHA1}6c3ea276bc9307e12217e10867b697eeed3c4aea" _http_log_request /usr/lib/python2.7/site-packages/keystoneauth1/session.py:448
2019-07-06 19:25:56.295 661 DEBUG novaclient.v2.client [-] REQ: curl -g -i -X GET http://172.30.9.28:8774/v2.1/flavors/detail -H "Accept: application/json" -H "User-Agent: python-novaclient" -H "X-Auth-Token: {SHA1}dae5b08446a110e95fc5900f03cf96788d0055b7" _http_log_request /usr/lib/python2.7/site-packages/keystoneauth1/session.py:448
2019-07-06 19:25:56.307 660 DEBUG novaclient.v2.client [-] REQ: curl -g -i -X GET http://172.30.9.28:8774/v2.1/flavors/detail -H "Accept: application/json" -H "User-Agent: python-novaclient" -H "X-Auth-Token: {SHA1}db01a9c912d0918562fe0aa269bb2a56fe949580" _http_log_request /usr/lib/python2.7/site-packages/keystoneauth1/session.py:448
2019-07-06 19:25:56.574 663 DEBUG novaclient.v2.client [-] RESP: [200] Content-Encoding: gzip Content-Length: 366 Content-Type: application/json Date: Sat, 06 Jul 2019 19:25:56 GMT OpenStack-API-Version: compute 2.1 Server: Apache Vary: OpenStack-API-Version,X-OpenStack-Nova-API-Version,Accept-Encoding X-OpenStack-Nova-API-Version: 2.1 x-compute-request-id: req-5750d918-03ed-4470-b1b3-f1675b09e9dd x-openstack-request-id: req-5750d918-03ed-4470-b1b3-f1675b09e9dd _http_log_response /usr/lib/python2.7/site-packages/keystoneauth1/session.py:479
2019-07-06 19:25:56.575 663 DEBUG novaclient.v2.client [-] RESP BODY: {"flavors": [{"name": "rally_full-flavor_alt_0907f27b-507a-4358-acdf-347fc1519b65", "links": [{"href": "http://172.30.9.28:8774/v2.1/flavors/0905f6b8-4660-4df1-8674-f85896b01420", "rel": "self"}, {"href": "http://172.30.9.28:8774/flavors/0905f6b8-4660-4df1-8674-f85896b01420", "rel": "bookmark"}], "ram": 1024, "OS-FLV-DISABLED:disabled": false, "vcpus": 1, "swap": "", "os-flavor-access:is_public": true, "rxtx_factor": 1.0, "OS-FLV-EXT-DATA:ephemeral": 0, "disk": 1, "id": "0905f6b8-4660-4df1-8674-f85896b01420"}, {"name": "rally_full-flavor_0907f27b-507a-4358-acdf-347fc1519b65", "links": [{"href": "http://172.30.9.28:8774/v2.1/flavors/99e5d14b-c9cf-4361-9341-7e7b136c173b", "rel": "self"}, {"href": "http://172.30.9.28:8774/flavors/99e5d14b-c9cf-4361-9341-7e7b136c173b", "rel": "bookmark"}], "ram": 512, "OS-FLV-DISABLED:disabled": false, "vcpus": 1, "swap": "", "os-flavor-access:is_public": true, "rxtx_factor": 1.0, "OS-FLV-EXT-DATA:ephemeral": 0, "disk": 1, "id": "99e5d14b-c9cf-4361-9341-7e7b136c173b"}]} _http_log_response /usr/lib/python2.7/site-packages/keystoneauth1/session.py:511
2019-07-06 19:25:56.575 663 DEBUG novaclient.v2.client [-] GET call to compute for http://172.30.9.28:8774/v2.1/flavors/detail used request id req-5750d918-03ed-4470-b1b3-f1675b09e9dd request /usr/lib/python2.7/site-packages/keystoneauth1/session.py:844
2019-07-06 19:25:56.577 663 DEBUG novaclient.v2.client [-] REQ: curl -g -i -X GET http://172.30.9.28:8774/v2.1/flavors/detail -H "Accept: application/json" -H "User-Agent: python-novaclient" -H "X-Auth-Token: {SHA1}e1b24c3032e1c48493b0b5d8fe9e3acbc6708160" _http_log_request /usr/lib/python2.7/site-packages/keystoneauth1/session.py:448
2019-07-06 19:25:56.577 661 DEBUG novaclient.v2.client [-] RESP: [200] Content-Encoding: gzip Content-Length: 366 Content-Type: application/json Date: Sat, 06 Jul 2019 19:25:56 GMT OpenStack-API-Version: compute 2.1 Server: Apache Vary: OpenStack-API-Version,X-OpenStack-Nova-API-Version,Accept-Encoding X-OpenStack-Nova-API-Version: 2.1 x-compute-request-id: req-ee8b70be-a74e-40ef-8590-bbd6a4d5ab78 x-openstack-request-id: req-ee8b70be-a74e-40ef-8590-bbd6a4d5ab78 _http_log_response /usr/lib/python2.7/site-packages/keystoneauth1/session.py:479
2019-07-06 19:25:56.578 661 DEBUG novaclient.v2.client [-] RESP BODY: {"flavors": [{"name": "rally_full-flavor_alt_0907f27b-507a-4358-acdf-347fc1519b65", "links": [{"href": "http://172.30.9.28:8774/v2.1/flavors/0905f6b8-4660-4df1-8674-f85896b01420", "rel": "self"}, {"href": "http://172.30.9.28:8774/flavors/0905f6b8-4660-4df1-8674-f85896b01420", "rel": "bookmark"}], "ram": 1024, "OS-FLV-DISABLED:disabled": false, "vcpus": 1, "swap": "", "os-flavor-access:is_public": true, "rxtx_factor": 1.0, "OS-FLV-EXT-DATA:ephemeral": 0, "disk": 1, "id": "0905f6b8-4660-4df1-8674-f85896b01420"}, {"name": "rally_full-flavor_0907f27b-507a-4358-acdf-347fc1519b65", "links": [{"href": "http://172.30.9.28:8774/v2.1/flavors/99e5d14b-c9cf-4361-9341-7e7b136c173b", "rel": "self"}, {"href": "http://172.30.9.28:8774/flavors/99e5d14b-c9cf-4361-9341-7e7b136c173b", "rel": "bookmark"}], "ram": 512, "OS-FLV-DISABLED:disabled": false, "vcpus": 1, "swap": "", "os-flavor-access:is_public": true, "rxtx_factor": 1.0, "OS-FLV-EXT-DATA:ephemeral": 0, "disk": 1, "id": "99e5d14b-c9cf-4361-9341-7e7b136c173b"}]} _http_log_response /usr/lib/python2.7/site-packages/keystoneauth1/session.py:511
2019-07-06 19:25:56.578 661 DEBUG novaclient.v2.client [-] GET call to compute for http://172.30.9.28:8774/v2.1/flavors/detail used request id req-ee8b70be-a74e-40ef-8590-bbd6a4d5ab78 request /usr/lib/python2.7/site-packages/keystoneauth1/session.py:844
2019-07-06 19:25:56.580 661 DEBUG novaclient.v2.client [-] REQ: curl -g -i -X GET http://172.30.9.28:8774/v2.1/flavors/detail -H "Accept: application/json" -H "User-Agent: python-novaclient" -H "X-Auth-Token: {SHA1}dae5b08446a110e95fc5900f03cf96788d0055b7" _http_log_request /usr/lib/python2.7/site-packages/keystoneauth1/session.py:448
2019-07-06 19:25:56.588 660 DEBUG novaclient.v2.client [-] RESP: [200] Content-Encoding: gzip Content-Length: 366 Content-Type: application/json Date: Sat, 06 Jul 2019 19:25:56 GMT OpenStack-API-Version: compute 2.1 Server: Apache Vary: OpenStack-API-Version,X-OpenStack-Nova-API-Version,Accept-Encoding X-OpenStack-Nova-API-Version: 2.1 x-compute-request-id: req-037b95e3-8877-4614-8302-ad9d7d461432 x-openstack-request-id: req-037b95e3-8877-4614-8302-ad9d7d461432 _http_log_response /usr/lib/python2.7/site-packages/keystoneauth1/session.py:479
2019-07-06 19:25:56.589 660 DEBUG novaclient.v2.client [-] RESP BODY: {"flavors": [{"name": "rally_full-flavor_alt_0907f27b-507a-4358-acdf-347fc1519b65", "links": [{"href": "http://172.30.9.28:8774/v2.1/flavors/0905f6b8-4660-4df1-8674-f85896b01420", "rel": "self"}, {"href": "http://172.30.9.28:8774/flavors/0905f6b8-4660-4df1-8674-f85896b01420", "rel": "bookmark"}], "ram": 1024, "OS-FLV-DISABLED:disabled": false, "vcpus": 1, "swap": "", "os-flavor-access:is_public": true, "rxtx_factor": 1.0, "OS-FLV-EXT-DATA:ephemeral": 0, "disk": 1, "id": "0905f6b8-4660-4df1-8674-f85896b01420"}, {"name": "rally_full-flavor_0907f27b-507a-4358-acdf-347fc1519b65", "links": [{"href": "http://172.30.9.28:8774/v2.1/flavors/99e5d14b-c9cf-4361-9341-7e7b136c173b", "rel": "self"}, {"href": "http://172.30.9.28:8774/flavors/99e5d14b-c9cf-4361-9341-7e7b136c173b", "rel": "bookmark"}], "ram": 512, "OS-FLV-DISABLED:disabled": false, "vcpus": 1, "swap": "", "os-flavor-access:is_public": true, "rxtx_factor": 1.0, "OS-FLV-EXT-DATA:ephemeral": 0, "disk": 1, "id": "99e5d14b-c9cf-4361-9341-7e7b136c173b"}]} _http_log_response /usr/lib/python2.7/site-packages/keystoneauth1/session.py:511
2019-07-06 19:25:56.589 660 DEBUG novaclient.v2.client [-] GET call to compute for http://172.30.9.28:8774/v2.1/flavors/detail used request id req-037b95e3-8877-4614-8302-ad9d7d461432 request /usr/lib/python2.7/site-packages/keystoneauth1/session.py:844
2019-07-06 19:25:56.590 662 DEBUG novaclient.v2.client [-] RESP: [200] Content-Encoding: gzip Content-Length: 366 Content-Type: application/json Date: Sat, 06 Jul 2019 19:25:56 GMT OpenStack-API-Version: compute 2.1 Server: Apache Vary: OpenStack-API-Version,X-OpenStack-Nova-API-Version,Accept-Encoding X-OpenStack-Nova-API-Version: 2.1 x-compute-request-id: req-7c48d304-3b79-426a-953c-5d462bb72d60 x-openstack-request-id: req-7c48d304-3b79-426a-953c-5d462bb72d60 _http_log_response /usr/lib/python2.7/site-packages/keystoneauth1/session.py:479
2019-07-06 19:25:56.590 660 DEBUG novaclient.v2.client [-] REQ: curl -g -i -X GET http://172.30.9.28:8774/v2.1/flavors/detail -H "Accept: application/json" -H "User-Agent: python-novaclient" -H "X-Auth-Token: {SHA1}db01a9c912d0918562fe0aa269bb2a56fe949580" _http_log_request /usr/lib/python2.7/site-packages/keystoneauth1/session.py:448
2019-07-06 19:25:56.591 662 DEBUG novaclient.v2.client [-] RESP BODY: {"flavors": [{"name": "rally_full-flavor_alt_0907f27b-507a-4358-acdf-347fc1519b65", "links": [{"href": "http://172.30.9.28:8774/v2.1/flavors/0905f6b8-4660-4df1-8674-f85896b01420", "rel": "self"}, {"href": "http://172.30.9.28:8774/flavors/0905f6b8-4660-4df1-8674-f85896b01420", "rel": "bookmark"}], "ram": 1024, "OS-FLV-DISABLED:disabled": false, "vcpus": 1, "swap": "", "os-flavor-access:is_public": true, "rxtx_factor": 1.0, "OS-FLV-EXT-DATA:ephemeral": 0, "disk": 1, "id": "0905f6b8-4660-4df1-8674-f85896b01420"}, {"name": "rally_full-flavor_0907f27b-507a-4358-acdf-347fc1519b65", "links": [{"href": "http://172.30.9.28:8774/v2.1/flavors/99e5d14b-c9cf-4361-9341-7e7b136c173b", "rel": "self"}, {"href": "http://172.30.9.28:8774/flavors/99e5d14b-c9cf-4361-9341-7e7b136c173b", "rel": "bookmark"}], "ram": 512, "OS-FLV-DISABLED:disabled": false, "vcpus": 1, "swap": "", "os-flavor-access:is_public": true, "rxtx_factor": 1.0, "OS-FLV-EXT-DATA:ephemeral": 0, "disk": 1, "id": "99e5d14b-c9cf-4361-9341-7e7b136c173b"}]} _http_log_response /usr/lib/python2.7/site-packages/keystoneauth1/session.py:511
2019-07-06 19:25:56.592 662 DEBUG novaclient.v2.client [-] GET call to compute for http://172.30.9.28:8774/v2.1/flavors/detail used request id req-7c48d304-3b79-426a-953c-5d462bb72d60 request /usr/lib/python2.7/site-packages/keystoneauth1/session.py:844
2019-07-06 19:25:56.593 662 DEBUG novaclient.v2.client [-] REQ: curl -g -i -X GET http://172.30.9.28:8774/v2.1/flavors/detail -H "Accept: application/json" -H "User-Agent: python-novaclient" -H "X-Auth-Token: {SHA1}6c3ea276bc9307e12217e10867b697eeed3c4aea" _http_log_request /usr/lib/python2.7/site-packages/keystoneauth1/session.py:448
2019-07-06 19:25:56.600 661 DEBUG novaclient.v2.client [-] RESP: [200] Content-Encoding: gzip Content-Length: 366 Content-Type: application/json Date: Sat, 06 Jul 2019 19:25:56 GMT OpenStack-API-Version: compute 2.1 Server: Apache Vary: OpenStack-API-Version,X-OpenStack-Nova-API-Version,Accept-Encoding X-OpenStack-Nova-API-Version: 2.1 x-compute-request-id: req-1d5b22fe-2383-4220-9e09-41985412a41e x-openstack-request-id: req-1d5b22fe-2383-4220-9e09-41985412a41e _http_log_response /usr/lib/python2.7/site-packages/keystoneauth1/session.py:479
2019-07-06 19:25:56.601 661 DEBUG novaclient.v2.client [-] RESP BODY: {"flavors": [{"name": "rally_full-flavor_alt_0907f27b-507a-4358-acdf-347fc1519b65", "links": [{"href": "http://172.30.9.28:8774/v2.1/flavors/0905f6b8-4660-4df1-8674-f85896b01420", "rel": "self"}, {"href": "http://172.30.9.28:8774/flavors/0905f6b8-4660-4df1-8674-f85896b01420", "rel": "bookmark"}], "ram": 1024, "OS-FLV-DISABLED:disabled": false, "vcpus": 1, "swap": "", "os-flavor-access:is_public": true, "rxtx_factor": 1.0, "OS-FLV-EXT-DATA:ephemeral": 0, "disk": 1, "id": "0905f6b8-4660-4df1-8674-f85896b01420"}, {"name": "rally_full-flavor_0907f27b-507a-4358-acdf-347fc1519b65", "links": [{"href": "http://172.30.9.28:8774/v2.1/flavors/99e5d14b-c9cf-4361-9341-7e7b136c173b", "rel": "self"}, {"href": "http://172.30.9.28:8774/flavors/99e5d14b-c9cf-4361-9341-7e7b136c173b", "rel": "bookmark"}], "ram": 512, "OS-FLV-DISABLED:disabled": false, "vcpus": 1, "swap": "", "os-flavor-access:is_public": true, "rxtx_factor": 1.0, "OS-FLV-EXT-DATA:ephemeral": 0, "disk": 1, "id": "99e5d14b-c9cf-4361-9341-7e7b136c173b"}]} _http_log_response /usr/lib/python2.7/site-packages/keystoneauth1/session.py:511
2019-07-06 19:25:56.601 661 DEBUG novaclient.v2.client [-] GET call to compute for http://172.30.9.28:8774/v2.1/flavors/detail used request id req-1d5b22fe-2383-4220-9e09-41985412a41e request /usr/lib/python2.7/site-packages/keystoneauth1/session.py:844
2019-07-06 19:25:56.602 661 INFO rally.task.runner [-] Task 3eb2f236-79ff-46a0-93d5-0713f4d78afd | ITER: 2 END: OK
2019-07-06 19:25:56.606 661 INFO rally.task.runner [-] Task 3eb2f236-79ff-46a0-93d5-0713f4d78afd | ITER: 5 START
2019-07-06 19:25:56.609 663 DEBUG novaclient.v2.client [-] RESP: [200] Content-Encoding: gzip Content-Length: 366 Content-Type: application/json Date: Sat, 06 Jul 2019 19:25:56 GMT OpenStack-API-Version: compute 2.1 Server: Apache Vary: OpenStack-API-Version,X-OpenStack-Nova-API-Version,Accept-Encoding X-OpenStack-Nova-API-Version: 2.1 x-compute-request-id: req-9e69fa9e-65b0-4831-9027-e4e5ed169e88 x-openstack-request-id: req-9e69fa9e-65b0-4831-9027-e4e5ed169e88 _http_log_response /usr/lib/python2.7/site-packages/keystoneauth1/session.py:479
2019-07-06 19:25:56.609 663 DEBUG novaclient.v2.client [-] RESP BODY: {"flavors": [{"name": "rally_full-flavor_alt_0907f27b-507a-4358-acdf-347fc1519b65", "links": [{"href": "http://172.30.9.28:8774/v2.1/flavors/0905f6b8-4660-4df1-8674-f85896b01420", "rel": "self"}, {"href": "http://172.30.9.28:8774/flavors/0905f6b8-4660-4df1-8674-f85896b01420", "rel": "bookmark"}], "ram": 1024, "OS-FLV-DISABLED:disabled": false, "vcpus": 1, "swap": "", "os-flavor-access:is_public": true, "rxtx_factor": 1.0, "OS-FLV-EXT-DATA:ephemeral": 0, "disk": 1, "id": "0905f6b8-4660-4df1-8674-f85896b01420"}, {"name": "rally_full-flavor_0907f27b-507a-4358-acdf-347fc1519b65", "links": [{"href": "http://172.30.9.28:8774/v2.1/flavors/99e5d14b-c9cf-4361-9341-7e7b136c173b", "rel": "self"}, {"href": "http://172.30.9.28:8774/flavors/99e5d14b-c9cf-4361-9341-7e7b136c173b", "rel": "bookmark"}], "ram": 512, "OS-FLV-DISABLED:disabled": false, "vcpus": 1, "swap": "", "os-flavor-access:is_public": true, "rxtx_factor": 1.0, "OS-FLV-EXT-DATA:ephemeral": 0, "disk": 1, "id": "99e5d14b-c9cf-4361-9341-7e7b136c173b"}]} _http_log_response /usr/lib/python2.7/site-packages/keystoneauth1/session.py:511
2019-07-06 19:25:56.610 663 DEBUG novaclient.v2.client [-] GET call to compute for http://172.30.9.28:8774/v2.1/flavors/detail used request id req-9e69fa9e-65b0-4831-9027-e4e5ed169e88 request /usr/lib/python2.7/site-packages/keystoneauth1/session.py:844
2019-07-06 19:25:56.611 663 INFO rally.task.runner [-] Task 3eb2f236-79ff-46a0-93d5-0713f4d78afd | ITER: 4 END: OK
2019-07-06 19:25:56.611 660 DEBUG novaclient.v2.client [-] RESP: [200] Content-Encoding: gzip Content-Length: 366 Content-Type: application/json Date: Sat, 06 Jul 2019 19:25:56 GMT OpenStack-API-Version: compute 2.1 Server: Apache Vary: OpenStack-API-Version,X-OpenStack-Nova-API-Version,Accept-Encoding X-OpenStack-Nova-API-Version: 2.1 x-compute-request-id: req-1fb2d01a-ddd3-44b8-9358-f2f49387f9f3 x-openstack-request-id: req-1fb2d01a-ddd3-44b8-9358-f2f49387f9f3 _http_log_response /usr/lib/python2.7/site-packages/keystoneauth1/session.py:479
2019-07-06 19:25:56.612 660 DEBUG novaclient.v2.client [-] RESP BODY: {"flavors": [{"name": "rally_full-flavor_alt_0907f27b-507a-4358-acdf-347fc1519b65", "links": [{"href": "http://172.30.9.28:8774/v2.1/flavors/0905f6b8-4660-4df1-8674-f85896b01420", "rel": "self"}, {"href": "http://172.30.9.28:8774/flavors/0905f6b8-4660-4df1-8674-f85896b01420", "rel": "bookmark"}], "ram": 1024, "OS-FLV-DISABLED:disabled": false, "vcpus": 1, "swap": "", "os-flavor-access:is_public": true, "rxtx_factor": 1.0, "OS-FLV-EXT-DATA:ephemeral": 0, "disk": 1, "id": "0905f6b8-4660-4df1-8674-f85896b01420"}, {"name": "rally_full-flavor_0907f27b-507a-4358-acdf-347fc1519b65", "links": [{"href": "http://172.30.9.28:8774/v2.1/flavors/99e5d14b-c9cf-4361-9341-7e7b136c173b", "rel": "self"}, {"href": "http://172.30.9.28:8774/flavors/99e5d14b-c9cf-4361-9341-7e7b136c173b", "rel": "bookmark"}], "ram": 512, "OS-FLV-DISABLED:disabled": false, "vcpus": 1, "swap": "", "os-flavor-access:is_public": true, "rxtx_factor": 1.0, "OS-FLV-EXT-DATA:ephemeral": 0, "disk": 1, "id": "99e5d14b-c9cf-4361-9341-7e7b136c173b"}]} _http_log_response /usr/lib/python2.7/site-packages/keystoneauth1/session.py:511
2019-07-06 19:25:56.612 660 DEBUG novaclient.v2.client [-] GET call to compute for http://172.30.9.28:8774/v2.1/flavors/detail used request id req-1fb2d01a-ddd3-44b8-9358-f2f49387f9f3 request /usr/lib/python2.7/site-packages/keystoneauth1/session.py:844
2019-07-06 19:25:56.613 660 INFO rally.task.runner [-] Task 3eb2f236-79ff-46a0-93d5-0713f4d78afd | ITER: 1 END: OK
