2019-07-06 09:21:19.117 22696 RALLYDEBUG rally.api [-] INFO logs from urllib3 and requests module are hide.
2019-07-06 09:21:19.118 22696 RALLYDEBUG rally.api [-] urllib3 insecure warnings are hidden.
2019-07-06 09:21:19.118 22696 RALLYDEBUG rally.api [-] ERROR log from boto module is hide.
2019-07-06 09:21:21.319 22698 RALLYDEBUG rally.api [-] INFO logs from urllib3 and requests module are hide.
2019-07-06 09:21:21.319 22698 RALLYDEBUG rally.api [-] urllib3 insecure warnings are hidden.
2019-07-06 09:21:21.319 22698 RALLYDEBUG rally.api [-] ERROR log from boto module is hide.
2019-07-06 09:21:22.525 22698 WARNING rally_openstack.platforms.existing [-] endpoint is deprecated and not used.
2019-07-06 09:21:23.498 22700 RALLYDEBUG rally.api [-] INFO logs from urllib3 and requests module are hide.
2019-07-06 09:21:23.498 22700 RALLYDEBUG rally.api [-] urllib3 insecure warnings are hidden.
2019-07-06 09:21:23.498 22700 RALLYDEBUG rally.api [-] ERROR log from boto module is hide.
2019-07-06 09:21:26.797 22703 RALLYDEBUG rally.api [-] INFO logs from urllib3 and requests module are hide.
2019-07-06 09:21:26.797 22703 RALLYDEBUG rally.api [-] urllib3 insecure warnings are hidden.
2019-07-06 09:21:26.798 22703 RALLYDEBUG rally.api [-] ERROR log from boto module is hide.
2019-07-06 09:21:28.727 22705 RALLYDEBUG rally.api [-] INFO logs from urllib3 and requests module are hide.
2019-07-06 09:21:28.727 22705 RALLYDEBUG rally.api [-] urllib3 insecure warnings are hidden.
2019-07-06 09:21:28.727 22705 RALLYDEBUG rally.api [-] ERROR log from boto module is hide.
2019-07-06 09:21:29.935 22705 INFO rally.common.plugin.discover [-] Loading plugins from directories /root/.rally/plugins/*
2019-07-06 09:21:29.936 22705 INFO rally.common.plugin.discover [-] Loaded module with plugins: /root/.rally/plugins/__init__.py
2019-07-06 09:21:29.938 22705 INFO rally.common.plugin.discover [-] Loaded module with plugins: /root/.rally/plugins/trunk_scenario.py
2019-07-06 09:21:30.128 22705 INFO rally.task.engine [-] Task 9a3d1128-4ce5-4239-a905-19e2eefad72d | Starting: Task validation.
2019-07-06 09:21:30.180 22705 INFO rally.task.engine [-] Task 9a3d1128-4ce5-4239-a905-19e2eefad72d | Starting: Task validation of syntax.
2019-07-06 09:21:30.382 22705 INFO rally.task.engine [-] Task 9a3d1128-4ce5-4239-a905-19e2eefad72d | Completed: Task validation of syntax.
2019-07-06 09:21:30.382 22705 INFO rally.task.engine [-] Task 9a3d1128-4ce5-4239-a905-19e2eefad72d | Starting: Task validation of required platforms.
2019-07-06 09:21:30.441 22705 INFO rally.task.engine [-] Task 9a3d1128-4ce5-4239-a905-19e2eefad72d | Completed: Task validation of required platforms.
2019-07-06 09:21:30.441 22705 INFO rally.task.engine [-] Task 9a3d1128-4ce5-4239-a905-19e2eefad72d | Starting: Task validation of semantic.
2019-07-06 09:21:30.441 22705 INFO rally.task.engine [-] Check health of the environment '7762c0c2-a4a1-4da3-bdee-c0ded952c702'.
2019-07-06 09:21:31.257 22705 INFO rally.task.engine [-] Platform existing@openstack (available: True): OK!
2019-07-06 09:21:31.275 22705 RALLYDEBUG rally_openstack.contexts.keystone.users [-] Creating 1 tenants using 20 threads
2019-07-06 09:21:33.013 22705 RALLYDEBUG rally_openstack.contexts.keystone.users [-] Creating 1 users using 20 threads
2019-07-06 09:21:35.443 22705 INFO rally.task.context [-] Task 9a3d1128-4ce5-4239-a905-19e2eefad72d | Context users@openstack setup() finished in 4.17 sec
2019-07-06 09:21:41.612 22705 INFO rally.task.context [-] Task 9a3d1128-4ce5-4239-a905-19e2eefad72d | Context users@openstack cleanup() started
2019-07-06 09:21:45.907 22705 INFO rally.task.context [-] Task 9a3d1128-4ce5-4239-a905-19e2eefad72d | Context users@openstack cleanup() finished in 4.30 sec
2019-07-06 09:21:45.907 22705 INFO rally.task.engine [-] Task 9a3d1128-4ce5-4239-a905-19e2eefad72d | Completed: Task validation of semantic.
2019-07-06 09:21:45.908 22705 INFO rally.task.engine [-] Task 9a3d1128-4ce5-4239-a905-19e2eefad72d | Completed: Task validation.
2019-07-06 09:21:45.908 22705 INFO rally.api [-] Task 9a3d1128-4ce5-4239-a905-19e2eefad72d input file is valid.
2019-07-06 09:21:45.908 22705 INFO rally.api [-] Run Task 9a3d1128-4ce5-4239-a905-19e2eefad72d against Deployment 7762c0c2-a4a1-4da3-bdee-c0ded952c702
2019-07-06 09:21:45.909 22705 INFO rally.task.engine [-] Task 9a3d1128-4ce5-4239-a905-19e2eefad72d | Starting: Running task.
2019-07-06 09:21:46.024 22705 INFO rally.task.engine [-] Running workload: position = 0 config = { "version": 2, "title": "A cropped version of a bigger task.", "description": "Auto-generated task from a single workload (uuid=418886de-178f-44fe-8f59-d17b46b9bb8d)", "subtasks": [ { "title": "NeutronNetworks.create_and_list_networks", "description": "Check performance of list_networks action and ensure > network quotas are not exceeded", "scenario": { "NeutronNetworks.create_and_list_networks": {} }, "contexts": { "users": { "tenants": 1, "users_per_tenant": 1 }, "quotas": { "neutron": { "network": 119 } } }, "runner": { "constant": { "times": 100, "concurrency": 20 } }, "hooks": [], "sla": { "max_avg_duration_per_atomic": { "neutron.list_networks": 15 }, "failure_rate": { "max": 0 } } } ] }
2019-07-06 09:21:46.046 22705 RALLYDEBUG rally_openstack.contexts.keystone.users [-] Creating 1 tenants using 20 threads
2019-07-06 09:21:47.805 22705 RALLYDEBUG rally_openstack.contexts.keystone.users [-] Creating 1 users using 20 threads
2019-07-06 09:21:50.452 22705 INFO rally.task.context [-] Task 9a3d1128-4ce5-4239-a905-19e2eefad72d | Context users@openstack setup() finished in 4.41 sec
2019-07-06 09:21:51.287 22705 INFO rally.task.context [-] Task 9a3d1128-4ce5-4239-a905-19e2eefad72d | Context quotas@openstack setup() finished in 0.83 sec
2019-07-06 09:21:51.288 22705 INFO rally.task.context [-] Task 9a3d1128-4ce5-4239-a905-19e2eefad72d | Context cleanup@openstack setup() finished in 0.03 msec
2019-07-06 09:21:51.296 22705 RALLYDEBUG rally.task.runner [-] Starting the constant runner (task UUID: 9a3d1128-4ce5-4239-a905-19e2eefad72d). timeout: 0 concurrency: 20 concurrency_per_worker: 1 times: 100 concurrency_overhead: 4 processes_to_start: 16 max_cpu_used: 16
2019-07-06 09:21:51.309 22829 RALLYDEBUG rally.task.runner [-] Starting a worker. concurrency: 2 args: {} times: 100 method_name: run timeout: 0 duration: None cls:
2019-07-06 09:21:51.311 22830 RALLYDEBUG rally.task.runner [-] Starting a worker. concurrency: 2 args: {} times: 100 method_name: run timeout: 0 duration: None cls:
2019-07-06 09:21:51.313 22831 RALLYDEBUG rally.task.runner [-] Starting a worker. concurrency: 2 args: {} times: 100 method_name: run timeout: 0 duration: None cls:
2019-07-06 09:21:51.316 22832 RALLYDEBUG rally.task.runner [-] Starting a worker. concurrency: 2 args: {} times: 100 method_name: run timeout: 0 duration: None cls:
2019-07-06 09:21:51.318 22829 INFO rally.task.runner [-] Task 9a3d1128-4ce5-4239-a905-19e2eefad72d | ITER: 1 START
2019-07-06 09:21:51.320 22834 RALLYDEBUG rally.task.runner [-] Starting a worker. concurrency: 1 args: {} times: 100 method_name: run timeout: 0 duration: None cls:
2019-07-06 09:21:51.321 22831 INFO rally.task.runner [-] Task 9a3d1128-4ce5-4239-a905-19e2eefad72d | ITER: 4 START
2019-07-06 09:21:51.323 22830 INFO rally.task.runner [-] Task 9a3d1128-4ce5-4239-a905-19e2eefad72d | ITER: 2 START
2019-07-06 09:21:51.319 22829 INFO rally.task.runner [-] Task 9a3d1128-4ce5-4239-a905-19e2eefad72d | ITER: 3 START
2019-07-06 09:21:51.323 22837 RALLYDEBUG rally.task.runner [-] Starting a worker. concurrency: 1 args: {} times: 100 method_name: run timeout: 0 duration: None cls:
2019-07-06 09:21:51.322 22832 INFO rally.task.runner [-] Task 9a3d1128-4ce5-4239-a905-19e2eefad72d | ITER: 7 START
2019-07-06 09:21:51.327 22834 INFO rally.task.runner [-] Task 9a3d1128-4ce5-4239-a905-19e2eefad72d | ITER: 9 START
2019-07-06 09:21:51.328 22845 RALLYDEBUG rally.task.runner [-] Starting a worker. concurrency: 1 args: {} times: 100 method_name: run timeout: 0 duration: None cls:
2019-07-06 09:21:51.330 22831 INFO rally.task.runner [-] Task 9a3d1128-4ce5-4239-a905-19e2eefad72d | ITER: 6 START
2019-07-06 09:21:51.331 22837 INFO rally.task.runner [-] Task 9a3d1128-4ce5-4239-a905-19e2eefad72d | ITER: 10 START
2019-07-06 09:21:51.333 22830 INFO rally.task.runner [-] Task 9a3d1128-4ce5-4239-a905-19e2eefad72d | ITER: 5 START
2019-07-06 09:21:51.334 22851 RALLYDEBUG rally.task.runner [-] Starting a worker. concurrency: 1 args: {} times: 100 method_name: run timeout: 0 duration: None cls:
2019-07-06 09:21:51.335 22832 INFO rally.task.runner [-] Task 9a3d1128-4ce5-4239-a905-19e2eefad72d | ITER: 8 START
2019-07-06 09:21:51.337 22845 INFO rally.task.runner [-] Task 9a3d1128-4ce5-4239-a905-19e2eefad72d | ITER: 11 START
2019-07-06 09:21:51.340 22854 RALLYDEBUG rally.task.runner [-] Starting a worker. concurrency: 1 args: {} times: 100 method_name: run timeout: 0 duration: None cls:
2019-07-06 09:21:51.342 22851 INFO rally.task.runner [-] Task 9a3d1128-4ce5-4239-a905-19e2eefad72d | ITER: 12 START
2019-07-06 09:21:51.348 22858 RALLYDEBUG rally.task.runner [-] Starting a worker. concurrency: 1 args: {} times: 100 method_name: run timeout: 0 duration: None cls:
2019-07-06 09:21:51.349 22854 INFO rally.task.runner [-] Task 9a3d1128-4ce5-4239-a905-19e2eefad72d | ITER: 13 START
2019-07-06 09:21:51.353 22860 RALLYDEBUG rally.task.runner [-] Starting a worker. concurrency: 1 args: {} times: 100 method_name: run timeout: 0 duration: None cls:
2019-07-06 09:21:51.356 22858 INFO rally.task.runner [-] Task 9a3d1128-4ce5-4239-a905-19e2eefad72d | ITER: 14 START
2019-07-06 09:21:51.359 22860 INFO rally.task.runner [-] Task 9a3d1128-4ce5-4239-a905-19e2eefad72d | ITER: 15 START
2019-07-06 09:21:51.364 22864 RALLYDEBUG rally.task.runner [-] Starting a worker. concurrency: 1 args: {} times: 100 method_name: run timeout: 0 duration: None cls:
2019-07-06 09:21:51.369 22867 RALLYDEBUG rally.task.runner [-] Starting a worker. concurrency: 1 args: {} times: 100 method_name: run timeout: 0 duration: None cls:
2019-07-06 09:21:51.371 22864 INFO rally.task.runner [-] Task 9a3d1128-4ce5-4239-a905-19e2eefad72d | ITER: 16 START
2019-07-06 09:21:51.373 22868 RALLYDEBUG rally.task.runner [-] Starting a worker. concurrency: 1 args: {} times: 100 method_name: run timeout: 0 duration: None cls:
2019-07-06 09:21:51.375 22867 INFO rally.task.runner [-] Task 9a3d1128-4ce5-4239-a905-19e2eefad72d | ITER: 17 START
2019-07-06 09:21:51.378 22868 INFO rally.task.runner [-] Task 9a3d1128-4ce5-4239-a905-19e2eefad72d | ITER: 18 START
2019-07-06 09:21:51.379 22871 RALLYDEBUG rally.task.runner [-] Starting a worker. concurrency: 1 args: {} times: 100 method_name: run timeout: 0 duration: None cls:
2019-07-06 09:21:51.381 22874 RALLYDEBUG rally.task.runner [-] Starting a worker. concurrency: 1 args: {} times: 100 method_name: run timeout: 0 duration: None cls:
2019-07-06 09:21:51.385 22871 INFO rally.task.runner [-] Task 9a3d1128-4ce5-4239-a905-19e2eefad72d | ITER: 19 START
2019-07-06 09:21:51.387 22874 INFO rally.task.runner [-] Task 9a3d1128-4ce5-4239-a905-19e2eefad72d | ITER: 20 START
2019-07-06 09:21:52.655 22837 INFO rally.task.runner [-] Task 9a3d1128-4ce5-4239-a905-19e2eefad72d | ITER: 10 END: OK
2019-07-06 09:21:52.655 22832 INFO rally.task.runner [-] Task 9a3d1128-4ce5-4239-a905-19e2eefad72d | ITER: 7 END: OK
2019-07-06 09:21:52.659 22837 INFO rally.task.runner [-] Task 9a3d1128-4ce5-4239-a905-19e2eefad72d | ITER: 21 START
2019-07-06 09:21:52.659 22832 INFO rally.task.runner [-] Task 9a3d1128-4ce5-4239-a905-19e2eefad72d | ITER: 22 START
2019-07-06 09:21:52.827 22834 INFO rally.task.runner [-] Task 9a3d1128-4ce5-4239-a905-19e2eefad72d | ITER: 9 END: OK
2019-07-06 09:21:52.831 22834 INFO rally.task.runner [-] Task 9a3d1128-4ce5-4239-a905-19e2eefad72d | ITER: 23 START
2019-07-06 09:21:53.049 22854 INFO rally.task.runner [-] Task 9a3d1128-4ce5-4239-a905-19e2eefad72d | ITER: 13 END: OK
2019-07-06 09:21:53.053 22854 INFO rally.task.runner [-] Task 9a3d1128-4ce5-4239-a905-19e2eefad72d | ITER: 24 START
2019-07-06 09:21:53.248 22864 INFO rally.task.runner [-] Task 9a3d1128-4ce5-4239-a905-19e2eefad72d | ITER: 16 END: OK
2019-07-06 09:21:53.251 22864 INFO rally.task.runner [-] Task 9a3d1128-4ce5-4239-a905-19e2eefad72d | ITER: 25 START
2019-07-06 09:21:53.386 22829 INFO rally.task.runner [-] Task 9a3d1128-4ce5-4239-a905-19e2eefad72d | ITER: 1 END: OK
2019-07-06 09:21:53.390 22829 INFO rally.task.runner [-] Task 9a3d1128-4ce5-4239-a905-19e2eefad72d | ITER: 26 START
2019-07-06 09:21:53.560 22829 INFO rally.task.runner [-] Task 9a3d1128-4ce5-4239-a905-19e2eefad72d | ITER: 3 END: OK
2019-07-06 09:21:53.563 22829 INFO rally.task.runner [-] Task 9a3d1128-4ce5-4239-a905-19e2eefad72d | ITER: 27 START
2019-07-06 09:21:53.631 22831 INFO rally.task.runner [-] Task 9a3d1128-4ce5-4239-a905-19e2eefad72d | ITER: 6 END: OK
2019-07-06 09:21:53.635 22831 INFO rally.task.runner [-] Task 9a3d1128-4ce5-4239-a905-19e2eefad72d | ITER: 28 START
2019-07-06 09:21:53.840 22830 INFO rally.task.runner [-] Task 9a3d1128-4ce5-4239-a905-19e2eefad72d | ITER: 2 END: OK
2019-07-06 09:21:53.844 22830 INFO rally.task.runner [-] Task 9a3d1128-4ce5-4239-a905-19e2eefad72d | ITER: 29 START
2019-07-06 09:21:53.848 22845 INFO rally.task.runner [-] Task 9a3d1128-4ce5-4239-a905-19e2eefad72d | ITER: 11 END: OK
2019-07-06 09:21:53.853 22845 INFO rally.task.runner [-] Task 9a3d1128-4ce5-4239-a905-19e2eefad72d | ITER: 30 START
2019-07-06 09:21:54.691 22831 INFO rally.task.runner [-] Task 9a3d1128-4ce5-4239-a905-19e2eefad72d | ITER: 4 END: OK
2019-07-06 09:21:54.695 22831 INFO rally.task.runner [-] Task 9a3d1128-4ce5-4239-a905-19e2eefad72d | ITER: 31 START
2019-07-06 09:21:54.771 22830 INFO rally.task.runner [-] Task 9a3d1128-4ce5-4239-a905-19e2eefad72d | ITER: 5 END: OK
2019-07-06 09:21:54.774 22830 INFO rally.task.runner [-] Task 9a3d1128-4ce5-4239-a905-19e2eefad72d | ITER: 32 START
2019-07-06 09:21:54.856 22860 INFO rally.task.runner [-] Task 9a3d1128-4ce5-4239-a905-19e2eefad72d | ITER: 15 END: OK
2019-07-06 09:21:54.860 22860 INFO rally.task.runner [-] Task 9a3d1128-4ce5-4239-a905-19e2eefad72d | ITER: 33 START
2019-07-06 09:21:54.872 22832 INFO rally.task.runner [-] Task 9a3d1128-4ce5-4239-a905-19e2eefad72d | ITER: 8 END: OK
2019-07-06 09:21:54.876 22832 INFO rally.task.runner [-] Task 9a3d1128-4ce5-4239-a905-19e2eefad72d | ITER: 34 START
2019-07-06 09:21:54.883 22858 INFO rally.task.runner [-] Task 9a3d1128-4ce5-4239-a905-19e2eefad72d | ITER: 14 END: OK
2019-07-06 09:21:54.886 22858 INFO rally.task.runner [-] Task 9a3d1128-4ce5-4239-a905-19e2eefad72d | ITER: 35 START
2019-07-06 09:21:55.035 22851 INFO rally.task.runner [-] Task 9a3d1128-4ce5-4239-a905-19e2eefad72d | ITER: 12 END: OK
2019-07-06 09:21:55.039 22851 INFO rally.task.runner [-] Task 9a3d1128-4ce5-4239-a905-19e2eefad72d | ITER: 36 START
2019-07-06 09:21:55.185 22867 INFO rally.task.runner [-] Task 9a3d1128-4ce5-4239-a905-19e2eefad72d | ITER: 17 END: OK
2019-07-06 09:21:55.188 22867 INFO rally.task.runner [-] Task 9a3d1128-4ce5-4239-a905-19e2eefad72d | ITER: 37 START
2019-07-06 09:21:55.217 22871 INFO rally.task.runner [-] Task 9a3d1128-4ce5-4239-a905-19e2eefad72d | ITER: 19 END: OK
2019-07-06 09:21:55.221 22871 INFO rally.task.runner [-] Task 9a3d1128-4ce5-4239-a905-19e2eefad72d | ITER: 38 START
2019-07-06 09:21:55.608 22868 INFO rally.task.runner [-] Task 9a3d1128-4ce5-4239-a905-19e2eefad72d | ITER: 18 END: OK
2019-07-06 09:21:55.613 22868 INFO rally.task.runner [-] Task 9a3d1128-4ce5-4239-a905-19e2eefad72d | ITER: 39 START
2019-07-06 09:21:55.646 22874 INFO rally.task.runner [-] Task 9a3d1128-4ce5-4239-a905-19e2eefad72d | ITER: 20 END: OK
2019-07-06 09:21:55.650 22874 INFO rally.task.runner [-] Task 9a3d1128-4ce5-4239-a905-19e2eefad72d | ITER: 40 START
2019-07-06 09:21:56.451 22837 INFO rally.task.runner [-] Task 9a3d1128-4ce5-4239-a905-19e2eefad72d | ITER: 21 END: OK
2019-07-06 09:21:56.455 22837 INFO rally.task.runner [-] Task 9a3d1128-4ce5-4239-a905-19e2eefad72d | ITER: 41 START
2019-07-06 09:21:56.514 22832 INFO rally.task.runner [-] Task 9a3d1128-4ce5-4239-a905-19e2eefad72d | ITER: 22 END: OK
2019-07-06 09:21:56.514 22845 INFO rally.task.runner [-] Task 9a3d1128-4ce5-4239-a905-19e2eefad72d | ITER: 30 END: OK
2019-07-06 09:21:56.517 22832 INFO rally.task.runner [-] Task 9a3d1128-4ce5-4239-a905-19e2eefad72d | ITER: 42 START
2019-07-06 09:21:56.517 22845 INFO rally.task.runner [-] Task 9a3d1128-4ce5-4239-a905-19e2eefad72d | ITER: 43 START
2019-07-06 09:21:56.852 22834 INFO rally.task.runner [-] Task 9a3d1128-4ce5-4239-a905-19e2eefad72d | ITER: 23 END: OK
2019-07-06 09:21:56.853 22854 INFO rally.task.runner [-] Task 9a3d1128-4ce5-4239-a905-19e2eefad72d | ITER: 24 END: OK
2019-07-06 09:21:56.855 22834 INFO rally.task.runner [-] Task 9a3d1128-4ce5-4239-a905-19e2eefad72d | ITER: 44 START
2019-07-06 09:21:56.855 22854 INFO rally.task.runner [-] Task 9a3d1128-4ce5-4239-a905-19e2eefad72d | ITER: 45 START
2019-07-06 09:21:57.161 22831 INFO rally.task.runner [-] Task 9a3d1128-4ce5-4239-a905-19e2eefad72d | ITER: 31 END: OK
2019-07-06 09:21:57.164 22831 INFO rally.task.runner [-] Task 9a3d1128-4ce5-4239-a905-19e2eefad72d | ITER: 46 START
2019-07-06 09:21:57.401 22864 INFO rally.task.runner [-] Task 9a3d1128-4ce5-4239-a905-19e2eefad72d | ITER: 25 END: OK
2019-07-06 09:21:57.404 22864 INFO rally.task.runner [-] Task 9a3d1128-4ce5-4239-a905-19e2eefad72d | ITER: 47 START
2019-07-06 09:21:58.276 22829 INFO rally.task.runner [-] Task 9a3d1128-4ce5-4239-a905-19e2eefad72d | ITER: 26 END: OK
2019-07-06 09:21:58.279 22829 INFO rally.task.runner [-] Task 9a3d1128-4ce5-4239-a905-19e2eefad72d | ITER: 48 START
2019-07-06 09:21:58.379 22829 INFO rally.task.runner [-] Task 9a3d1128-4ce5-4239-a905-19e2eefad72d | ITER: 27 END: OK
2019-07-06 09:21:58.379 22867 INFO rally.task.runner [-] Task 9a3d1128-4ce5-4239-a905-19e2eefad72d | ITER: 37 END: OK
2019-07-06 09:21:58.382 22829 INFO rally.task.runner [-] Task 9a3d1128-4ce5-4239-a905-19e2eefad72d | ITER: 49 START
2019-07-06 09:21:58.382 22867 INFO rally.task.runner [-] Task 9a3d1128-4ce5-4239-a905-19e2eefad72d | ITER: 50 START
2019-07-06 09:21:58.388 22831 INFO rally.task.runner [-] Task 9a3d1128-4ce5-4239-a905-19e2eefad72d | ITER: 28 END: OK
2019-07-06 09:21:58.389 22830 INFO rally.task.runner [-] Task 9a3d1128-4ce5-4239-a905-19e2eefad72d | ITER: 29 END: OK
2019-07-06 09:21:58.392 22831 INFO rally.task.runner [-] Task 9a3d1128-4ce5-4239-a905-19e2eefad72d | ITER: 51 START
2019-07-06 09:21:58.393 22830 INFO rally.task.runner [-] Task 9a3d1128-4ce5-4239-a905-19e2eefad72d | ITER: 52 START
2019-07-06 09:21:58.396 22832 INFO rally.task.runner [-] Task 9a3d1128-4ce5-4239-a905-19e2eefad72d | ITER: 34 END: OK
2019-07-06 09:21:58.397 22871 INFO rally.task.runner [-] Task 9a3d1128-4ce5-4239-a905-19e2eefad72d | ITER: 38 END: OK
2019-07-06 09:21:58.399 22832 INFO rally.task.runner [-] Task 9a3d1128-4ce5-4239-a905-19e2eefad72d | ITER: 53 START
2019-07-06 09:21:58.401 22871 INFO rally.task.runner [-] Task 9a3d1128-4ce5-4239-a905-19e2eefad72d | ITER: 54 START
2019-07-06 09:21:58.433 22858 INFO rally.task.runner [-] Task 9a3d1128-4ce5-4239-a905-19e2eefad72d | ITER: 35 END: OK
2019-07-06 09:21:58.437 22858 INFO rally.task.runner [-] Task 9a3d1128-4ce5-4239-a905-19e2eefad72d | ITER: 55 START
2019-07-06 09:21:58.443 22860 INFO rally.task.runner [-] Task 9a3d1128-4ce5-4239-a905-19e2eefad72d | ITER: 33 END: OK
2019-07-06 09:21:58.446 22860 INFO rally.task.runner [-] Task 9a3d1128-4ce5-4239-a905-19e2eefad72d | ITER: 56 START
2019-07-06 09:21:58.453 22874 INFO rally.task.runner [-] Task 9a3d1128-4ce5-4239-a905-19e2eefad72d | ITER: 40 END: OK
2019-07-06 09:21:58.456 22874 INFO rally.task.runner [-] Task 9a3d1128-4ce5-4239-a905-19e2eefad72d | ITER: 57 START
2019-07-06 09:21:58.457 22830 INFO rally.task.runner [-] Task 9a3d1128-4ce5-4239-a905-19e2eefad72d | ITER: 32 END: OK
2019-07-06 09:21:58.461 22830 INFO rally.task.runner [-] Task 9a3d1128-4ce5-4239-a905-19e2eefad72d | ITER: 58 START
2019-07-06 09:21:58.487 22851 INFO rally.task.runner [-] Task 9a3d1128-4ce5-4239-a905-19e2eefad72d | ITER: 36 END: OK
2019-07-06 09:21:58.490 22851 INFO rally.task.runner [-] Task 9a3d1128-4ce5-4239-a905-19e2eefad72d | ITER: 59 START
2019-07-06 09:21:59.368 22864 INFO rally.task.runner [-] Task 9a3d1128-4ce5-4239-a905-19e2eefad72d | ITER: 47 END: OK
2019-07-06 09:21:59.371 22864 INFO rally.task.runner [-] Task 9a3d1128-4ce5-4239-a905-19e2eefad72d | ITER: 60 START
2019-07-06 09:21:59.390 22832 INFO rally.task.runner [-] Task 9a3d1128-4ce5-4239-a905-19e2eefad72d | ITER: 42 END: OK
2019-07-06 09:21:59.393 22832 INFO rally.task.runner [-] Task 9a3d1128-4ce5-4239-a905-19e2eefad72d | ITER: 61 START
2019-07-06 09:21:59.406 22834 INFO rally.task.runner [-] Task 9a3d1128-4ce5-4239-a905-19e2eefad72d | ITER: 44 END: OK
2019-07-06 09:21:59.410 22834 INFO rally.task.runner [-] Task 9a3d1128-4ce5-4239-a905-19e2eefad72d | ITER: 62 START
2019-07-06 09:21:59.687 22837 INFO rally.task.runner [-] Task 9a3d1128-4ce5-4239-a905-19e2eefad72d | ITER: 41 END: OK
2019-07-06 09:21:59.691 22837 INFO rally.task.runner [-] Task 9a3d1128-4ce5-4239-a905-19e2eefad72d | ITER: 63 START
2019-07-06 09:21:59.714 22868 INFO rally.task.runner [-] Task 9a3d1128-4ce5-4239-a905-19e2eefad72d | ITER: 39 END: OK
2019-07-06 09:21:59.717 22868 INFO rally.task.runner [-] Task 9a3d1128-4ce5-4239-a905-19e2eefad72d | ITER: 64 START
2019-07-06 09:21:59.788 22845 INFO rally.task.runner [-] Task 9a3d1128-4ce5-4239-a905-19e2eefad72d | ITER: 43 END: OK
2019-07-06 09:21:59.792 22845 INFO rally.task.runner [-] Task 9a3d1128-4ce5-4239-a905-19e2eefad72d | ITER: 65 START
2019-07-06 09:21:59.951 22854 INFO rally.task.runner [-] Task 9a3d1128-4ce5-4239-a905-19e2eefad72d | ITER: 45 END: OK
2019-07-06 09:21:59.954 22854 INFO rally.task.runner [-] Task 9a3d1128-4ce5-4239-a905-19e2eefad72d | ITER: 66 START
2019-07-06 09:22:00.094 22831 INFO rally.task.runner [-] Task 9a3d1128-4ce5-4239-a905-19e2eefad72d | ITER: 46 END: OK
2019-07-06 09:22:00.097 22831 INFO rally.task.runner [-] Task 9a3d1128-4ce5-4239-a905-19e2eefad72d | ITER: 67 START
2019-07-06 09:22:00.370 22867 INFO rally.task.runner [-] Task 9a3d1128-4ce5-4239-a905-19e2eefad72d | ITER: 50 END: OK
2019-07-06 09:22:00.373 22867 INFO rally.task.runner [-] Task 9a3d1128-4ce5-4239-a905-19e2eefad72d | ITER: 68 START
2019-07-06 09:22:00.489 22832 INFO rally.task.runner [-] Task 9a3d1128-4ce5-4239-a905-19e2eefad72d | ITER: 53 END: OK
2019-07-06 09:22:00.491 22829 INFO rally.task.runner [-] Task 9a3d1128-4ce5-4239-a905-19e2eefad72d | ITER: 48 END: OK
2019-07-06 09:22:00.492 22832 INFO rally.task.runner [-] Task 9a3d1128-4ce5-4239-a905-19e2eefad72d | ITER: 69 START
2019-07-06 09:22:00.494 22829 INFO rally.task.runner [-] Task 9a3d1128-4ce5-4239-a905-19e2eefad72d | ITER: 70 START
2019-07-06 09:22:01.183 22858 INFO rally.task.runner [-] Task 9a3d1128-4ce5-4239-a905-19e2eefad72d | ITER: 55 END: OK
2019-07-06 09:22:01.186 22858 INFO rally.task.runner [-] Task 9a3d1128-4ce5-4239-a905-19e2eefad72d | ITER: 71 START
2019-07-06 09:22:01.221 22831 INFO rally.task.runner [-] Task 9a3d1128-4ce5-4239-a905-19e2eefad72d | ITER: 51 END: OK
2019-07-06 09:22:01.224 22831 INFO rally.task.runner [-] Task 9a3d1128-4ce5-4239-a905-19e2eefad72d | ITER: 72 START
2019-07-06 09:22:01.288 22871 INFO rally.task.runner [-] Task 9a3d1128-4ce5-4239-a905-19e2eefad72d | ITER: 54 END: OK
2019-07-06 09:22:01.291 22871 INFO rally.task.runner [-] Task 9a3d1128-4ce5-4239-a905-19e2eefad72d | ITER: 73 START
2019-07-06 09:22:01.660 22832 INFO rally.task.runner [-] Task 9a3d1128-4ce5-4239-a905-19e2eefad72d | ITER: 61 END: OK
2019-07-06 09:22:01.663 22832 INFO rally.task.runner [-] Task 9a3d1128-4ce5-4239-a905-19e2eefad72d | ITER: 74 START
2019-07-06 09:22:01.664 22864 INFO rally.task.runner [-] Task 9a3d1128-4ce5-4239-a905-19e2eefad72d | ITER: 60 END: OK
2019-07-06 09:22:01.667 22864 INFO rally.task.runner [-] Task 9a3d1128-4ce5-4239-a905-19e2eefad72d | ITER: 75 START
2019-07-06 09:22:01.788 22831 INFO rally.task.runner [-] Task 9a3d1128-4ce5-4239-a905-19e2eefad72d | ITER: 67 END: OK
2019-07-06 09:22:01.792 22831 INFO rally.task.runner [-] Task 9a3d1128-4ce5-4239-a905-19e2eefad72d | ITER: 76 START
2019-07-06 09:22:01.849 22868 INFO rally.task.runner [-] Task 9a3d1128-4ce5-4239-a905-19e2eefad72d | ITER: 64 END: OK
2019-07-06 09:22:01.852 22868 INFO rally.task.runner [-] Task 9a3d1128-4ce5-4239-a905-19e2eefad72d | ITER: 77 START
2019-07-06 09:22:01.940 22829 INFO rally.task.runner [-] Task 9a3d1128-4ce5-4239-a905-19e2eefad72d | ITER: 70 END: OK
2019-07-06 09:22:01.943 22829 INFO rally.task.runner [-] Task 9a3d1128-4ce5-4239-a905-19e2eefad72d | ITER: 78 START
2019-07-06 09:22:02.061 22830 INFO rally.task.runner [-] Task 9a3d1128-4ce5-4239-a905-19e2eefad72d | ITER: 52 END: OK
2019-07-06 09:22:02.064 22830 INFO rally.task.runner [-] Task 9a3d1128-4ce5-4239-a905-19e2eefad72d | ITER: 79 START
2019-07-06 09:22:02.073 22829 INFO rally.task.runner [-] Task 9a3d1128-4ce5-4239-a905-19e2eefad72d | ITER: 49 END: OK
2019-07-06 09:22:02.076 22829 INFO rally.task.runner [-] Task 9a3d1128-4ce5-4239-a905-19e2eefad72d | ITER: 80 START
2019-07-06 09:22:02.101 22854 INFO rally.task.runner [-] Task 9a3d1128-4ce5-4239-a905-19e2eefad72d | ITER: 66 END: OK
2019-07-06 09:22:02.104 22837 INFO rally.task.runner [-] Task 9a3d1128-4ce5-4239-a905-19e2eefad72d | ITER: 63 END: OK
2019-07-06 09:22:02.104 22854 INFO rally.task.runner [-] Task 9a3d1128-4ce5-4239-a905-19e2eefad72d | ITER: 81 START
2019-07-06 09:22:02.107 22837 INFO rally.task.runner [-] Task 9a3d1128-4ce5-4239-a905-19e2eefad72d | ITER: 82 START
2019-07-06 09:22:02.174 22832 INFO rally.task.runner [-] Task 9a3d1128-4ce5-4239-a905-19e2eefad72d | ITER: 69 END: OK
2019-07-06 09:22:02.177 22832 INFO rally.task.runner [-] Task 9a3d1128-4ce5-4239-a905-19e2eefad72d | ITER: 83 START
2019-07-06 09:22:02.179 22860 INFO rally.task.runner [-] Task 9a3d1128-4ce5-4239-a905-19e2eefad72d | ITER: 56 END: OK
2019-07-06 09:22:02.182 22860 INFO rally.task.runner [-] Task 9a3d1128-4ce5-4239-a905-19e2eefad72d | ITER: 84 START
2019-07-06 09:22:02.269 22851 INFO rally.task.runner [-] Task 9a3d1128-4ce5-4239-a905-19e2eefad72d | ITER: 59 END: OK
2019-07-06 09:22:02.271 22851 INFO rally.task.runner [-] Task 9a3d1128-4ce5-4239-a905-19e2eefad72d | ITER: 85 START
2019-07-06 09:22:02.297 22874 INFO rally.task.runner [-] Task 9a3d1128-4ce5-4239-a905-19e2eefad72d | ITER: 57 END: OK
2019-07-06 09:22:02.300 22874 INFO rally.task.runner [-] Task 9a3d1128-4ce5-4239-a905-19e2eefad72d | ITER: 86 START
2019-07-06 09:22:02.397 22830 INFO rally.task.runner [-] Task 9a3d1128-4ce5-4239-a905-19e2eefad72d | ITER: 58 END: OK
2019-07-06 09:22:02.401 22830 INFO rally.task.runner [-] Task 9a3d1128-4ce5-4239-a905-19e2eefad72d | ITER: 87 START
2019-07-06 09:22:02.428 22867 INFO rally.task.runner [-] Task 9a3d1128-4ce5-4239-a905-19e2eefad72d | ITER: 68 END: OK
2019-07-06 09:22:02.431 22867 INFO rally.task.runner [-] Task 9a3d1128-4ce5-4239-a905-19e2eefad72d | ITER: 88 START
2019-07-06 09:22:02.515 22834 INFO rally.task.runner [-] Task 9a3d1128-4ce5-4239-a905-19e2eefad72d | ITER: 62 END: OK
2019-07-06 09:22:02.518 22834 INFO rally.task.runner [-] Task 9a3d1128-4ce5-4239-a905-19e2eefad72d | ITER: 89 START
2019-07-06 09:22:02.854 22858 INFO rally.task.runner [-] Task 9a3d1128-4ce5-4239-a905-19e2eefad72d | ITER: 71 END: OK
2019-07-06 09:22:02.857 22858 INFO rally.task.runner [-] Task 9a3d1128-4ce5-4239-a905-19e2eefad72d | ITER: 90 START
2019-07-06 09:22:02.905 22845 INFO rally.task.runner [-] Task 9a3d1128-4ce5-4239-a905-19e2eefad72d | ITER: 65 END: OK
2019-07-06 09:22:02.908 22845 INFO rally.task.runner [-] Task 9a3d1128-4ce5-4239-a905-19e2eefad72d | ITER: 91 START
2019-07-06 09:22:02.933 22831 INFO rally.task.runner [-] Task 9a3d1128-4ce5-4239-a905-19e2eefad72d | ITER: 72 END: OK
2019-07-06 09:22:02.935 22831 INFO rally.task.runner [-] Task 9a3d1128-4ce5-4239-a905-19e2eefad72d | ITER: 92 START
2019-07-06 09:22:03.078 22871 INFO rally.task.runner [-] Task 9a3d1128-4ce5-4239-a905-19e2eefad72d | ITER: 73 END: OK
2019-07-06 09:22:03.081 22871 INFO rally.task.runner [-] Task 9a3d1128-4ce5-4239-a905-19e2eefad72d | ITER: 93 START
2019-07-06 09:22:04.458 22864 INFO rally.task.runner [-] Task 9a3d1128-4ce5-4239-a905-19e2eefad72d | ITER: 75 END: OK
2019-07-06 09:22:04.461 22864 INFO rally.task.runner [-] Task 9a3d1128-4ce5-4239-a905-19e2eefad72d | ITER: 94 START
2019-07-06 09:22:04.624 22868 INFO rally.task.runner [-] Task 9a3d1128-4ce5-4239-a905-19e2eefad72d | ITER: 77 END: OK
2019-07-06 09:22:04.624 22837 INFO rally.task.runner [-] Task 9a3d1128-4ce5-4239-a905-19e2eefad72d | ITER: 82 END: OK
2019-07-06 09:22:04.624 22830 INFO rally.task.runner [-] Task 9a3d1128-4ce5-4239-a905-19e2eefad72d | ITER: 79 END: OK
2019-07-06 09:22:04.627 22837 INFO rally.task.runner [-] Task 9a3d1128-4ce5-4239-a905-19e2eefad72d | ITER: 96 START
2019-07-06 09:22:04.627 22830 INFO rally.task.runner [-] Task 9a3d1128-4ce5-4239-a905-19e2eefad72d | ITER: 97 START
2019-07-06 09:22:04.627 22868 INFO rally.task.runner [-] Task 9a3d1128-4ce5-4239-a905-19e2eefad72d | ITER: 95 START
2019-07-06 09:22:04.649 22832 INFO rally.task.runner [-] Task 9a3d1128-4ce5-4239-a905-19e2eefad72d | ITER: 83 END: OK
2019-07-06 09:22:04.652 22832 INFO rally.task.runner [-] Task 9a3d1128-4ce5-4239-a905-19e2eefad72d | ITER: 98 START
2019-07-06 09:22:04.665 22832 INFO rally.task.runner [-] Task 9a3d1128-4ce5-4239-a905-19e2eefad72d | ITER: 74 END: OK
2019-07-06 09:22:04.672 22832 INFO rally.task.runner [-] Task 9a3d1128-4ce5-4239-a905-19e2eefad72d | ITER: 99 START
2019-07-06 09:22:04.679 22829 INFO rally.task.runner [-] Task 9a3d1128-4ce5-4239-a905-19e2eefad72d | ITER: 78 END: OK
2019-07-06 09:22:04.682 22829 INFO rally.task.runner [-] Task 9a3d1128-4ce5-4239-a905-19e2eefad72d | ITER: 100 START
2019-07-06 09:22:04.694 22831 INFO rally.task.runner [-] Task 9a3d1128-4ce5-4239-a905-19e2eefad72d | ITER: 76 END: OK
2019-07-06 09:22:04.715 22874 INFO rally.task.runner [-] Task 9a3d1128-4ce5-4239-a905-19e2eefad72d | ITER: 86 END: OK
2019-07-06 09:22:04.988 22829 INFO rally.task.runner [-] Task 9a3d1128-4ce5-4239-a905-19e2eefad72d | ITER: 80 END: OK
2019-07-06 09:22:05.193 22867 INFO rally.task.runner [-] Task 9a3d1128-4ce5-4239-a905-19e2eefad72d | ITER: 88 END: OK
2019-07-06 09:22:05.232 22854 INFO rally.task.runner [-] Task 9a3d1128-4ce5-4239-a905-19e2eefad72d | ITER: 81 END: OK
2019-07-06 09:22:05.243 22834 INFO rally.task.runner [-] Task 9a3d1128-4ce5-4239-a905-19e2eefad72d | ITER: 89 END: OK
2019-07-06 09:22:05.255 22830 INFO rally.task.runner [-] Task 9a3d1128-4ce5-4239-a905-19e2eefad72d | ITER: 87 END: OK
2019-07-06 09:22:05.453 22871 INFO rally.task.runner [-] Task 9a3d1128-4ce5-4239-a905-19e2eefad72d | ITER: 93 END: OK
2019-07-06 09:22:05.547 22845 INFO rally.task.runner [-] Task 9a3d1128-4ce5-4239-a905-19e2eefad72d | ITER: 91 END: OK
2019-07-06 09:22:05.962 22864 INFO rally.task.runner [-] Task 9a3d1128-4ce5-4239-a905-19e2eefad72d | ITER: 94 END: OK
2019-07-06 09:22:05.994 22860 INFO rally.task.runner [-] Task 9a3d1128-4ce5-4239-a905-19e2eefad72d | ITER: 84 END: OK
2019-07-06 09:22:06.085 22851 INFO rally.task.runner [-] Task 9a3d1128-4ce5-4239-a905-19e2eefad72d | ITER: 85 END: OK
2019-07-06 09:22:06.368 22832 INFO rally.task.runner [-] Task 9a3d1128-4ce5-4239-a905-19e2eefad72d | ITER: 98 END: OK
2019-07-06 09:22:06.384 22858 INFO rally.task.runner [-] Task 9a3d1128-4ce5-4239-a905-19e2eefad72d | ITER: 90 END: OK
2019-07-06 09:22:06.536 22832 INFO rally.task.runner [-] Task 9a3d1128-4ce5-4239-a905-19e2eefad72d | ITER: 99 END: OK
2019-07-06 09:22:06.600 22831 INFO rally.task.runner [-] Task 9a3d1128-4ce5-4239-a905-19e2eefad72d | ITER: 92 END: OK
2019-07-06 09:22:07.068 22868 INFO rally.task.runner [-] Task 9a3d1128-4ce5-4239-a905-19e2eefad72d | ITER: 95 END: OK
2019-07-06 09:22:07.128 22837 INFO rally.task.runner [-] Task 9a3d1128-4ce5-4239-a905-19e2eefad72d | ITER: 96 END: OK
2019-07-06 09:22:07.297 22830 INFO rally.task.runner [-] Task 9a3d1128-4ce5-4239-a905-19e2eefad72d | ITER: 97 END: OK
2019-07-06 09:22:07.475 22829 INFO rally.task.runner [-] Task 9a3d1128-4ce5-4239-a905-19e2eefad72d | ITER: 100 END: OK
2019-07-06 09:22:07.496 22705 INFO rally.task.context [-] Task 9a3d1128-4ce5-4239-a905-19e2eefad72d | Context cleanup@openstack cleanup() started
2019-07-06 09:22:07.498 22705 RALLYDEBUG rally_openstack.cleanup.manager [-] Cleaning up neutron vip objects
2019-07-06 09:22:08.105 22705 RALLYDEBUG rally_openstack.cleanup.manager [-] Cleaning up neutron health_monitor objects
2019-07-06 09:22:08.723 22705 RALLYDEBUG rally_openstack.cleanup.manager [-] Cleaning up neutron pool objects
2019-07-06 09:22:09.349 22705 RALLYDEBUG rally_openstack.cleanup.manager [-] Cleaning up neutron loadbalancer objects
2019-07-06 09:22:09.984 22705 RALLYDEBUG rally_openstack.cleanup.manager [-] Cleaning up neutron floatingip objects
2019-07-06 09:22:10.975 22705 RALLYDEBUG rally_openstack.cleanup.manager [-] Cleaning up neutron port objects
2019-07-06 09:22:11.644 22705 RALLYDEBUG rally_openstack.cleanup.manager [-] Cleaning up neutron subnet objects
2019-07-06 09:22:12.289 22705 RALLYDEBUG rally_openstack.cleanup.manager [-] Cleaning up neutron network objects
2019-07-06 09:22:13.239 22705 RALLYDEBUG rally_openstack.cleanup.manager [-] Deleting neutron.network object s_rally_418886de_Hd2Sve8z (0af696ad-b8f6-4df7-9dc9-3c58c322b179)
2019-07-06 09:22:13.250 22705 RALLYDEBUG rally_openstack.cleanup.manager [-] Deleting neutron.network object s_rally_418886de_kGFykssJ (0975dd01-1006-46fd-a05c-e89f50829741)
2019-07-06 09:22:13.252 22705 RALLYDEBUG rally_openstack.cleanup.manager [-] Deleting neutron.network object s_rally_418886de_MOIlInZh (1f1fb32e-d2fe-402a-9135-95777a734467)
2019-07-06 09:22:13.252 22705 RALLYDEBUG rally_openstack.cleanup.manager [-] Deleting neutron.network object s_rally_418886de_SGHT3HJQ (22f32a2e-72cc-41f3-ba17-df4d280b636c)
2019-07-06 09:22:13.255 22705 RALLYDEBUG rally_openstack.cleanup.manager [-] Deleting neutron.network object s_rally_418886de_sehvG8Fy (25e9ac96-a121-4016-a03a-9998efac9dc8)
2019-07-06 09:22:13.263 22705 RALLYDEBUG rally_openstack.cleanup.manager [-] Deleting neutron.network object s_rally_418886de_eHOeHVsE (1ece4541-7994-4187-92a3-cf6dca18f187)
2019-07-06 09:22:13.263 22705 RALLYDEBUG rally_openstack.cleanup.manager [-] Deleting neutron.network object s_rally_418886de_sc0g90Cp (27c8ce08-67fb-48e1-8bfb-e5e5c01de2a3)
2019-07-06 09:22:13.263 22705 RALLYDEBUG rally_openstack.cleanup.manager [-] Deleting neutron.network object s_rally_418886de_0EtNZggi (101dcbb5-14e0-4a52-8c6f-80fa73edf0a9)
2019-07-06 09:22:13.265 22705 RALLYDEBUG rally_openstack.cleanup.manager [-] Deleting neutron.network object s_rally_418886de_HIiZfrRH (1422fb90-29b0-4f2b-b143-3ec1289de56e)
2019-07-06 09:22:13.267 22705 RALLYDEBUG rally_openstack.cleanup.manager [-] Deleting neutron.network object s_rally_418886de_Msnv4IKi (0e333084-33a4-4a00-bff5-1c7d2436f69c)
2019-07-06 09:22:13.272 22705 RALLYDEBUG rally_openstack.cleanup.manager [-] Deleting neutron.network object s_rally_418886de_Y5xQloqm (081650c2-aeca-4864-a34f-415e07ef9c83)
2019-07-06 09:22:13.287 22705 RALLYDEBUG rally_openstack.cleanup.manager [-] Deleting neutron.network object s_rally_418886de_jffbVMSp (2a12fa0a-9661-4cef-9c14-03ef54b1224c)
2019-07-06 09:22:13.287 22705 RALLYDEBUG rally_openstack.cleanup.manager [-] Deleting neutron.network object s_rally_418886de_SZKqFuUY (2b11ca8d-e43a-4799-9da4-e4c592b0f0c4)
2019-07-06 09:22:13.302 22705 RALLYDEBUG rally_openstack.cleanup.manager [-] Deleting neutron.network object s_rally_418886de_mDwwmXrS (2d43154d-51f4-430e-8487-d73d3fe61281)
2019-07-06 09:22:13.320 22705 RALLYDEBUG rally_openstack.cleanup.manager [-] Deleting neutron.network object s_rally_418886de_SdpSpy2m (2d589b80-980b-4aaf-b517-834cd0f2cbcb)
2019-07-06 09:22:13.331 22705 RALLYDEBUG rally_openstack.cleanup.manager [-] Deleting neutron.network object s_rally_418886de_i3rayyex (2e933be7-e789-4a32-b5b3-964a0b41286e)
2019-07-06 09:22:13.334 22705 RALLYDEBUG rally_openstack.cleanup.manager [-] Deleting neutron.network object s_rally_418886de_vRKFrDZB (2fe92e98-98c6-4c26-b725-6e632339155a)
2019-07-06 09:22:13.368 22705 RALLYDEBUG rally_openstack.cleanup.manager [-] Deleting neutron.network object s_rally_418886de_0f1OfXbr (3465130b-e575-4707-aaee-bcf69b597683)
2019-07-06 09:22:13.369 22705 RALLYDEBUG rally_openstack.cleanup.manager [-] Deleting neutron.network object s_rally_418886de_4gedzkE7 (2ff2151d-3b07-41ee-8120-b4e306a2d26c)
2019-07-06 09:22:13.381 22705 RALLYDEBUG rally_openstack.cleanup.manager [-] Deleting neutron.network object s_rally_418886de_lTH6lYXC (37a128c0-5789-462e-93a0-b99fda33c80b)
2019-07-06 09:22:16.694 22705 RALLYDEBUG rally_openstack.cleanup.manager [-] Deleting neutron.network object s_rally_418886de_ACnoFL4a (3c62889e-653a-49d8-a981-1bbfbf5894e6)
2019-07-06 09:22:16.712 22705 RALLYDEBUG rally_openstack.cleanup.manager [-] Deleting neutron.network object s_rally_418886de_nZvc6DFn (3cb4d84d-a2cf-4237-8885-4dc9356b54cd)
2019-07-06 09:22:17.097 22705 RALLYDEBUG rally_openstack.cleanup.manager [-] Deleting neutron.network object s_rally_418886de_VXwcGZiM (3fd510ce-6be0-4e77-8d94-37197563cbd2)
2019-07-06 09:22:17.111 22705 RALLYDEBUG rally_openstack.cleanup.manager [-] Deleting neutron.network object s_rally_418886de_UL35hRaV (41b84df7-184f-4185-889e-6f8f5ea4cd12)
2019-07-06 09:22:17.177 22705 RALLYDEBUG rally_openstack.cleanup.manager [-] Deleting neutron.network object s_rally_418886de_ZpeQy3LJ (41daeb78-4335-46b7-9375-b2dbb49d7531)
2019-07-06 09:22:17.542 22705 RALLYDEBUG rally_openstack.cleanup.manager [-] Deleting neutron.network object s_rally_418886de_q51SEKvw (42288bee-44ea-4ed7-b995-f10903649bf1)
2019-07-06 09:22:17.557 22705 RALLYDEBUG rally_openstack.cleanup.manager [-] Deleting neutron.network object s_rally_418886de_EiTa44Sy (42e366d2-b2eb-4113-b27f-1e0e419b3a0d)
2019-07-06 09:22:17.608 22705 RALLYDEBUG rally_openstack.cleanup.manager [-] Deleting neutron.network object s_rally_418886de_VmeCX1pz (449af4c5-c6b3-4478-9395-8db48b115a91)
2019-07-06 09:22:17.655 22705 RALLYDEBUG rally_openstack.cleanup.manager [-] Deleting neutron.network object s_rally_418886de_E5ingW5A (454940a9-bf79-4820-b010-77c1ba52dfbd)
2019-07-06 09:22:17.696 22705 RALLYDEBUG rally_openstack.cleanup.manager [-] Deleting neutron.network object s_rally_418886de_0JUSSIzu (48aa6794-a943-4660-ae60-8aa47d76ce68)
2019-07-06 09:22:18.125 22705 RALLYDEBUG rally_openstack.cleanup.manager [-] Deleting neutron.network object s_rally_418886de_KAec8YZJ (4c8a50b9-9dd1-47a3-be08-06c65b03fba8)
2019-07-06 09:22:18.126 22705 RALLYDEBUG rally_openstack.cleanup.manager [-] Deleting neutron.network object s_rally_418886de_O16Z7T5H (4c50029f-e4b6-4d71-86d7-9624c4eff3c8)
2019-07-06 09:22:18.714 22705 RALLYDEBUG rally_openstack.cleanup.manager [-] Deleting neutron.network object s_rally_418886de_rAXNa3zf (4d7d29d3-ba5a-4d8a-8780-e63e66ffcf29)
2019-07-06 09:22:18.721 22705 RALLYDEBUG rally_openstack.cleanup.manager [-] Deleting neutron.network object s_rally_418886de_DA8oU7te (50b0e9f7-fdb7-4005-981c-7b6ca59b8963)
2019-07-06 09:22:18.730 22705 RALLYDEBUG rally_openstack.cleanup.manager [-] Deleting neutron.network object s_rally_418886de_HCzfw9zi (50c9dec1-7071-46a1-931e-2ce75e54520a)
2019-07-06 09:22:19.423 22705 RALLYDEBUG rally_openstack.cleanup.manager [-] Deleting neutron.network object s_rally_418886de_vYVOOQv1 (535bcc4a-01a4-447a-b207-ade5bacb9c8d)
2019-07-06 09:22:20.115 22705 RALLYDEBUG rally_openstack.cleanup.manager [-] Deleting neutron.network object s_rally_418886de_WRCvYQZt (5754076b-cf22-43d8-b5fa-0170821986c6)
2019-07-06 09:22:20.234 22705 RALLYDEBUG rally_openstack.cleanup.manager [-] Deleting neutron.network object s_rally_418886de_u91bVCTh (57d73bdf-65ab-4b49-a00b-f5738a9536d3)
2019-07-06 09:22:20.256 22705 RALLYDEBUG rally_openstack.cleanup.manager [-] Deleting neutron.network object s_rally_418886de_qJFbjDJH (5ab90278-3d94-41d7-96d2-79a8130a28b5)
2019-07-06 09:22:20.261 22705 RALLYDEBUG rally_openstack.cleanup.manager [-] Deleting neutron.network object s_rally_418886de_bZzYS4pE (59c40eed-4c5f-4946-9307-1f6957bcddb0)
2019-07-06 09:22:20.266 22705 RALLYDEBUG rally_openstack.cleanup.manager [-] Deleting neutron.network object s_rally_418886de_J8gWzMyj (5c985d75-e622-4ed8-a3b1-443d0872d446)
2019-07-06 09:22:20.321 22705 RALLYDEBUG rally_openstack.cleanup.manager [-] Deleting neutron.network object s_rally_418886de_xwEcCDq1 (5d9883f0-f334-4f2c-82e5-0891bc4f4df9)
2019-07-06 09:22:20.765 22705 RALLYDEBUG rally_openstack.cleanup.manager [-] Deleting neutron.network object s_rally_418886de_sK0jyg2k (5e83ff81-768f-40e9-b534-c520a7405c2b)
2019-07-06 09:22:20.810 22705 RALLYDEBUG rally_openstack.cleanup.manager [-] Deleting neutron.network object s_rally_418886de_ptojG5Q7 (5ee39f74-0a52-4c00-8af7-7a2c779ce509)
2019-07-06 09:22:20.814 22705 RALLYDEBUG rally_openstack.cleanup.manager [-] Deleting neutron.network object s_rally_418886de_1btLHhwh (601d441e-a766-483c-b558-d7a37a0cb100)
2019-07-06 09:22:20.819 22705 RALLYDEBUG rally_openstack.cleanup.manager [-] Deleting neutron.network object s_rally_418886de_YBbzsOaI (61a411e4-8922-4c99-be65-4edcefde17d4)
2019-07-06 09:22:21.550 22705 RALLYDEBUG rally_openstack.cleanup.manager [-] Deleting neutron.network object s_rally_418886de_uUAzk0dv (65aa677c-ffb1-41c3-bcfb-59bd246e7d95)
2019-07-06 09:22:21.876 22705 RALLYDEBUG rally_openstack.cleanup.manager [-] Deleting neutron.network object s_rally_418886de_sFPbteY7 (667cb0f2-af0b-4b8c-8158-8455857177f2)
2019-07-06 09:22:22.248 22705 RALLYDEBUG rally_openstack.cleanup.manager [-] Deleting neutron.network object s_rally_418886de_XehUIXuM (6726dec7-30e7-4108-90f8-f1bf940f0481)
2019-07-06 09:22:22.298 22705 RALLYDEBUG rally_openstack.cleanup.manager [-] Deleting neutron.network object s_rally_418886de_wp0Xj9Gt (684428a1-471f-456e-8167-ecbda97219c0)
2019-07-06 09:22:22.308 22705 RALLYDEBUG rally_openstack.cleanup.manager [-] Deleting neutron.network object s_rally_418886de_FBJ1AiKc (69dafe8d-50bd-4b7e-bc56-1c1d1414fe37)
2019-07-06 09:22:22.409 22705 RALLYDEBUG rally_openstack.cleanup.manager [-] Deleting neutron.network object s_rally_418886de_p9wDPbdn (703257b0-2227-4282-a829-5dee2bdb3f13)
2019-07-06 09:22:22.410 22705 RALLYDEBUG rally_openstack.cleanup.manager [-] Deleting neutron.network object s_rally_418886de_tkuHW5oj (71413692-1086-477d-9b28-c369821cfee0)
2019-07-06 09:22:22.490 22705 RALLYDEBUG rally_openstack.cleanup.manager [-] Deleting neutron.network object s_rally_418886de_9ymQMLeq (717d40cd-279e-43a3-9c62-007fb1cb78cd)
2019-07-06 09:22:22.712 22705 RALLYDEBUG rally_openstack.cleanup.manager [-] Deleting neutron.network object s_rally_418886de_h1ShWbAA (719da4d6-60a6-42e0-81d0-12f9a13b7d8a)
2019-07-06 09:22:22.731 22705 RALLYDEBUG rally_openstack.cleanup.manager [-] Deleting neutron.network object s_rally_418886de_WadHoyep (73281915-115b-4920-b9cb-0626bbe71d40)
2019-07-06 09:22:23.404 22705 RALLYDEBUG rally_openstack.cleanup.manager [-] Deleting neutron.network object s_rally_418886de_q7wGvGUz (74a2ffb0-a296-45aa-b00c-47b2931b4881)
2019-07-06 09:22:23.427 22705 RALLYDEBUG rally_openstack.cleanup.manager [-] Deleting neutron.network object s_rally_418886de_H83GiJ2j (7549b7f7-df46-4a5f-bff6-3e2f9a3dc11c)
2019-07-06 09:22:23.461 22705 RALLYDEBUG rally_openstack.cleanup.manager [-] Deleting neutron.network object s_rally_418886de_kh14aebM (76cb6451-f68a-4dd0-bb99-38fcce40b9cb)
2019-07-06 09:22:23.509 22705 RALLYDEBUG rally_openstack.cleanup.manager [-] Deleting neutron.network object s_rally_418886de_I5VqEKAI (77e13378-452f-4acf-bb2e-2e13996567a2)
2019-07-06 09:22:23.614 22705 RALLYDEBUG rally_openstack.cleanup.manager [-] Deleting neutron.network object s_rally_418886de_ugZCex0j (7866a0dc-872a-43b4-989d-e9b3293899af)
2019-07-06 09:22:23.884 22705 RALLYDEBUG rally_openstack.cleanup.manager [-] Deleting neutron.network object s_rally_418886de_NAxkSUyb (7ff85d21-cd18-4099-8d71-0996e94f8f1c)
2019-07-06 09:22:24.072 22705 RALLYDEBUG rally_openstack.cleanup.manager [-] Deleting neutron.network object s_rally_418886de_LYnCuRo3 (8a7b42d6-8a9a-4453-b4dd-5c440d766387)
2019-07-06 09:22:24.301 22705 RALLYDEBUG rally_openstack.cleanup.manager [-] Deleting neutron.network object s_rally_418886de_xljqOObg (912c9c56-4d49-4273-9f8f-afa4231d5a4a)
2019-07-06 09:22:24.414 22705 RALLYDEBUG rally_openstack.cleanup.manager [-] Deleting neutron.network object s_rally_418886de_BKD74TCc (9162272f-7bec-4066-8078-b5daf30c0902)
2019-07-06 09:22:24.540 22705 RALLYDEBUG rally_openstack.cleanup.manager [-] Deleting neutron.network object s_rally_418886de_Y2jKnhRx (93c23faa-845e-4403-9511-34c40d598cd7)
2019-07-06 09:22:24.556 22705 RALLYDEBUG rally_openstack.cleanup.manager [-] Deleting neutron.network object s_rally_418886de_Llv6In1f (95cc7857-8819-4d6c-b1a5-1debffed2c54)
2019-07-06 09:22:25.021 22705 RALLYDEBUG rally_openstack.cleanup.manager [-] Deleting neutron.network object s_rally_418886de_nKkZXAsh (96649484-d767-452b-aa5c-298c93bf5485)
2019-07-06 09:22:25.165 22705 RALLYDEBUG rally_openstack.cleanup.manager [-] Deleting neutron.network object s_rally_418886de_HMoc3YKY (9af639fd-fd9e-43c2-8eb7-e2480a20d1d8)
2019-07-06 09:22:25.346 22705 RALLYDEBUG rally_openstack.cleanup.manager [-] Deleting neutron.network object s_rally_418886de_kUlQUsDZ (9cdd8ed9-6cb7-4d1b-a290-d233c1df01a4)
2019-07-06 09:22:25.510 22705 RALLYDEBUG rally_openstack.cleanup.manager [-] Deleting neutron.network object s_rally_418886de_M79YBkP8 (a010c6dc-d677-46e1-ae47-a6425e44b1e1)
2019-07-06 09:22:26.107 22705 RALLYDEBUG rally_openstack.cleanup.manager [-] Deleting neutron.network object s_rally_418886de_rdhdId3w (a1582985-d4ee-48d6-a768-4c67252a70fb)
2019-07-06 09:22:26.107 22705 RALLYDEBUG rally_openstack.cleanup.manager [-] Deleting neutron.network object s_rally_418886de_Pm2CEKkZ (acf53894-d6ab-4d03-ace4-9853db82e634)
2019-07-06 09:22:26.634 22705 RALLYDEBUG rally_openstack.cleanup.manager [-] Deleting neutron.network object s_rally_418886de_xoZM2oBc (ad3f482f-b484-4b61-812e-1adc73e93d03)
2019-07-06 09:22:26.967 22705 RALLYDEBUG rally_openstack.cleanup.manager [-] Deleting neutron.network object s_rally_418886de_bxvm8O2e (ad8ac17b-2681-47a8-bf69-d9991f1a2b34)
2019-07-06 09:22:27.078 22705 RALLYDEBUG rally_openstack.cleanup.manager [-] Deleting neutron.network object s_rally_418886de_kjTHt1YB (b13cda35-0ffb-4df5-b832-3b7d61c448cf)
2019-07-06 09:22:27.131 22705 RALLYDEBUG rally_openstack.cleanup.manager [-] Deleting neutron.network object s_rally_418886de_GGHX4ebD (b2c2031a-18c1-48e3-82ac-3a5a4de9a860)
2019-07-06 09:22:27.209 22705 RALLYDEBUG rally_openstack.cleanup.manager [-] Deleting neutron.network object s_rally_418886de_9yGTwiXc (b310f42e-79e2-4749-ae8d-4b2d945799e2)
2019-07-06 09:22:27.506 22705 RALLYDEBUG rally_openstack.cleanup.manager [-] Deleting neutron.network object s_rally_418886de_pPTQRL8e (b4347f81-4236-466e-8efe-6bd3ed5e95df)
2019-07-06 09:22:27.628 22705 RALLYDEBUG rally_openstack.cleanup.manager [-] Deleting neutron.network object s_rally_418886de_KSp2M5Vp (b66ce3fd-04dc-4e2e-b1e9-9effbfff2de4)
2019-07-06 09:22:27.703 22705 RALLYDEBUG rally_openstack.cleanup.manager [-] Deleting neutron.network object s_rally_418886de_IHvUZdpZ (b670e5d6-85c4-497c-b31d-bbd8a5b1f692)
2019-07-06 09:22:27.771 22705 RALLYDEBUG rally_openstack.cleanup.manager [-] Deleting neutron.network object s_rally_418886de_yhJXvhvN (baadf4d7-309a-4375-88be-d18eb0f9a1ed)
2019-07-06 09:22:27.887 22705 RALLYDEBUG rally_openstack.cleanup.manager [-] Deleting neutron.network object s_rally_418886de_GDEosBSM (c2e02878-67c5-45de-b52c-2ae38fd27c68)
2019-07-06 09:22:28.105 22705 RALLYDEBUG rally_openstack.cleanup.manager [-] Deleting neutron.network object s_rally_418886de_PxrJyeyz (c75534cf-da16-432d-a1f3-e3a92cca94c4)
2019-07-06 09:22:28.324 22705 RALLYDEBUG rally_openstack.cleanup.manager [-] Deleting neutron.network object s_rally_418886de_GjK67ioE (caa5a9c0-2cb7-4f13-b41e-e20c925ed26b)
2019-07-06 09:22:28.423 22705 RALLYDEBUG rally_openstack.cleanup.manager [-] Deleting neutron.network object s_rally_418886de_SNBfPu7s (cbd80ee6-0658-491a-92bd-99871af5289b)
2019-07-06 09:22:28.738 22705 RALLYDEBUG rally_openstack.cleanup.manager [-] Deleting neutron.network object s_rally_418886de_OvM7uVQZ (ccce8c86-0922-4200-a8fe-137cee987690)
2019-07-06 09:22:28.780 22705 RALLYDEBUG rally_openstack.cleanup.manager [-] Deleting neutron.network object s_rally_418886de_7chGe8iE (cf7c650b-fa6a-45c1-8052-b040c1ed49b4)
2019-07-06 09:22:29.119 22705 RALLYDEBUG rally_openstack.cleanup.manager [-] Deleting neutron.network object s_rally_418886de_XvvhbVI9 (d04ed424-cdd3-4288-830b-90a6cb4f42c8)
2019-07-06 09:22:29.157 22705 RALLYDEBUG rally_openstack.cleanup.manager [-] Deleting neutron.network object s_rally_418886de_UPhVDrDN (d92fc51a-974f-4db7-88d3-12026f3ab81a)
2019-07-06 09:22:29.167 22705 RALLYDEBUG rally_openstack.cleanup.manager [-] Deleting neutron.network object s_rally_418886de_mAeXmrTz (de3c797c-cf41-40bc-b1f6-883af95fb0ed)
2019-07-06 09:22:29.188 22705 RALLYDEBUG rally_openstack.cleanup.manager [-] Deleting neutron.network object s_rally_418886de_gMSpY6Np (edd99b18-c7e1-464a-b6a9-33e220b4e10f)
2019-07-06 09:22:29.237 22705 RALLYDEBUG rally_openstack.cleanup.manager [-] Deleting neutron.network object s_rally_418886de_lwzbbgXF (ee2f3472-2f90-45ec-b679-5ba9d5970caa)
2019-07-06 09:22:29.351 22705 RALLYDEBUG rally_openstack.cleanup.manager [-] Deleting neutron.network object s_rally_418886de_KswfuWLA (f25fa14f-cc77-40d4-a018-cc48af8db13f)
2019-07-06 09:22:29.854 22705 RALLYDEBUG rally_openstack.cleanup.manager [-] Deleting neutron.network object s_rally_418886de_d0geQpDM (f6aac6a8-a36f-43e1-aff2-72234bee1625)
2019-07-06 09:22:29.959 22705 RALLYDEBUG rally_openstack.cleanup.manager [-] Deleting neutron.network object s_rally_418886de_RRi5M86f (f6b21bf3-2aee-44f8-8f2a-81a51331f3b8)
