2019-07-06 09:27:42.182 24812 RALLYDEBUG rally.task.runner [-] Starting a worker. concurrency: 1 args: {"network_create_args": {}, "subnet_create_args": {}, "subnet_cidr_start": "1.1.0.0/30", "subnets_per_network": 2} times: 40 method_name: run timeout: 0 duration: None cls:
2019-07-06 09:27:42.182 24806 WARNING rally_openstack.scenarios.neutron.utils [-] Running this scenario without either the 'network' or 'existing_network' context is deprecated
2019-07-06 09:27:42.183 24801 WARNING rally_openstack.scenarios.neutron.utils [-] Running this scenario without either the 'network' or 'existing_network' context is deprecated
2019-07-06 09:27:42.177 24800 WARNING rally_openstack.scenarios.neutron.utils [-] Running this scenario without either the 'network' or 'existing_network' context is deprecated
2019-07-06 09:27:42.186 24808 INFO rally.task.runner [-] Task 9a3d1128-4ce5-4239-a905-19e2eefad72d | ITER: 10 START
2019-07-06 09:27:42.187 24802 INFO rally.task.runner [-] Task 9a3d1128-4ce5-4239-a905-19e2eefad72d | ITER: 9 START
2019-07-06 09:27:42.187 24802 WARNING rally_openstack.scenarios.neutron.utils [-] Running this scenario without either the 'network' or 'existing_network' context is deprecated
2019-07-06 09:27:42.187 24812 INFO rally.task.runner [-] Task 9a3d1128-4ce5-4239-a905-19e2eefad72d | ITER: 11 START
2019-07-06 09:27:42.188 24808 WARNING rally_openstack.scenarios.neutron.utils [-] Running this scenario without either the 'network' or 'existing_network' context is deprecated
2019-07-06 09:27:42.187 24817 RALLYDEBUG rally.task.runner [-] Starting a worker. concurrency: 1 args: {"network_create_args": {}, "subnet_create_args": {}, "subnet_cidr_start": "1.1.0.0/30", "subnets_per_network": 2} times: 40 method_name: run timeout: 0 duration: None cls:
2019-07-06 09:27:42.188 24812 WARNING rally_openstack.scenarios.neutron.utils [-] Running this scenario without either the 'network' or 'existing_network' context is deprecated
2019-07-06 09:27:42.195 24822 RALLYDEBUG rally.task.runner [-] Starting a worker. concurrency: 1 args: {"network_create_args": {}, "subnet_create_args": {}, "subnet_cidr_start": "1.1.0.0/30", "subnets_per_network": 2} times: 40 method_name: run timeout: 0 duration: None cls:
2019-07-06 09:27:42.199 24817 INFO rally.task.runner [-] Task 9a3d1128-4ce5-4239-a905-19e2eefad72d | ITER: 12 START
2019-07-06 09:27:42.202 24822 INFO rally.task.runner [-] Task 9a3d1128-4ce5-4239-a905-19e2eefad72d | ITER: 13 START
2019-07-06 09:27:42.202 24817 WARNING rally_openstack.scenarios.neutron.utils [-] Running this scenario without either the 'network' or 'existing_network' context is deprecated
2019-07-06 09:27:42.203 24827 RALLYDEBUG rally.task.runner [-] Starting a worker. concurrency: 1 args: {"network_create_args": {}, "subnet_create_args": {}, "subnet_cidr_start": "1.1.0.0/30", "subnets_per_network": 2} times: 40 method_name: run timeout: 0 duration: None cls:
2019-07-06 09:27:42.205 24822 WARNING rally_openstack.scenarios.neutron.utils [-] Running this scenario without either the 'network' or 'existing_network' context is deprecated
2019-07-06 09:27:42.210 24827 INFO rally.task.runner [-] Task 9a3d1128-4ce5-4239-a905-19e2eefad72d | ITER: 14 START
2019-07-06 09:27:42.212 24827 WARNING rally_openstack.scenarios.neutron.utils [-] Running this scenario without either the 'network' or 'existing_network' context is deprecated
2019-07-06 09:27:42.214 24831 RALLYDEBUG rally.task.runner [-] Starting a worker. concurrency: 1 args: {"network_create_args": {}, "subnet_create_args": {}, "subnet_cidr_start": "1.1.0.0/30", "subnets_per_network": 2} times: 40 method_name: run timeout: 0 duration: None cls:
2019-07-06 09:27:42.220 24834 RALLYDEBUG rally.task.runner [-] Starting a worker. concurrency: 1 args: {"network_create_args": {}, "subnet_create_args": {}, "subnet_cidr_start": "1.1.0.0/30", "subnets_per_network": 2} times: 40 method_name: run timeout: 0 duration: None cls:
2019-07-06 09:27:42.220 24831 INFO rally.task.runner [-] Task 9a3d1128-4ce5-4239-a905-19e2eefad72d | ITER: 15 START
2019-07-06 09:27:42.224 24831 WARNING rally_openstack.scenarios.neutron.utils [-] Running this scenario without either the 'network' or 'existing_network' context is deprecated
2019-07-06 09:27:42.225 24834 INFO rally.task.runner [-] Task 9a3d1128-4ce5-4239-a905-19e2eefad72d | ITER: 16 START
2019-07-06 09:27:42.225 24836 RALLYDEBUG rally.task.runner [-] Starting a worker. concurrency: 1 args: {"network_create_args": {}, "subnet_create_args": {}, "subnet_cidr_start": "1.1.0.0/30", "subnets_per_network": 2} times: 40 method_name: run timeout: 0 duration: None cls:
2019-07-06 09:27:42.226 24834 WARNING rally_openstack.scenarios.neutron.utils [-] Running this scenario without either the 'network' or 'existing_network' context is deprecated
2019-07-06 09:27:42.230 24836 INFO rally.task.runner [-] Task 9a3d1128-4ce5-4239-a905-19e2eefad72d | ITER: 17 START
2019-07-06 09:27:42.231 24836 WARNING rally_openstack.scenarios.neutron.utils [-] Running this scenario without either the 'network' or 'existing_network' context is deprecated
2019-07-06 09:27:42.232 24840 RALLYDEBUG rally.task.runner [-] Starting a worker. concurrency: 1 args: {"network_create_args": {}, "subnet_create_args": {}, "subnet_cidr_start": "1.1.0.0/30", "subnets_per_network": 2} times: 40 method_name: run timeout: 0 duration: None cls:
2019-07-06 09:27:42.238 24840 INFO rally.task.runner [-] Task 9a3d1128-4ce5-4239-a905-19e2eefad72d | ITER: 18 START
2019-07-06 09:27:42.238 24843 RALLYDEBUG rally.task.runner [-] Starting a worker. concurrency: 1 args: {"network_create_args": {}, "subnet_create_args": {}, "subnet_cidr_start": "1.1.0.0/30", "subnets_per_network": 2} times: 40 method_name: run timeout: 0 duration: None cls:
2019-07-06 09:27:42.240 24840 WARNING rally_openstack.scenarios.neutron.utils [-] Running this scenario without either the 'network' or 'existing_network' context is deprecated
2019-07-06 09:27:42.242 24846 RALLYDEBUG rally.task.runner [-] Starting a worker. concurrency: 1 args: {"network_create_args": {}, "subnet_create_args": {}, "subnet_cidr_start": "1.1.0.0/30", "subnets_per_network": 2} times: 40 method_name: run timeout: 0 duration: None cls:
2019-07-06 09:27:42.244 24843 INFO rally.task.runner [-] Task 9a3d1128-4ce5-4239-a905-19e2eefad72d | ITER: 19 START
2019-07-06 09:27:42.245 24843 WARNING rally_openstack.scenarios.neutron.utils [-] Running this scenario without either the 'network' or 'existing_network' context is deprecated
2019-07-06 09:27:42.245 24846 INFO rally.task.runner [-] Task 9a3d1128-4ce5-4239-a905-19e2eefad72d | ITER: 20 START
2019-07-06 09:27:42.247 24846 WARNING rally_openstack.scenarios.neutron.utils [-] Running this scenario without either the 'network' or 'existing_network' context is deprecated
2019-07-06 09:27:44.152 24812 RALLYDEBUG rally_openstack.wrappers.network [-] CIDR generated: 1.1.4.96/30
2019-07-06 09:27:44.199 24801 RALLYDEBUG rally_openstack.wrappers.network [-] CIDR generated: 1.1.4.100/30
2019-07-06 09:27:44.330 24802 RALLYDEBUG rally_openstack.wrappers.network [-] CIDR generated: 1.1.4.104/30
2019-07-06 09:27:44.399 24800 RALLYDEBUG rally_openstack.wrappers.network [-] CIDR generated: 1.1.4.108/30
2019-07-06 09:27:44.438 24834 RALLYDEBUG rally_openstack.wrappers.network [-] CIDR generated: 1.1.4.112/30
2019-07-06 09:27:44.567 24800 RALLYDEBUG rally_openstack.wrappers.network [-] CIDR generated: 1.1.4.116/30
2019-07-06 09:27:44.584 24799 RALLYDEBUG rally_openstack.wrappers.network [-] CIDR generated: 1.1.4.120/30
2019-07-06 09:27:44.657 24799 RALLYDEBUG rally_openstack.wrappers.network [-] CIDR generated: 1.1.4.124/30
2019-07-06 09:27:44.662 24802 RALLYDEBUG rally_openstack.wrappers.network [-] CIDR generated: 1.1.4.128/30
2019-07-06 09:27:44.731 24806 RALLYDEBUG rally_openstack.wrappers.network [-] CIDR generated: 1.1.4.132/30
2019-07-06 09:27:44.817 24822 RALLYDEBUG rally_openstack.wrappers.network [-] CIDR generated: 1.1.4.136/30
2019-07-06 09:27:44.935 24808 RALLYDEBUG rally_openstack.wrappers.network [-] CIDR generated: 1.1.4.140/30
2019-07-06 09:27:45.239 24801 RALLYDEBUG rally_openstack.wrappers.network [-] CIDR generated: 1.1.4.144/30
2019-07-06 09:27:45.355 24840 RALLYDEBUG rally_openstack.wrappers.network [-] CIDR generated: 1.1.4.148/30
2019-07-06 09:27:45.414 24827 RALLYDEBUG rally_openstack.wrappers.network [-] CIDR generated: 1.1.4.152/30
2019-07-06 09:27:45.495 24817 RALLYDEBUG rally_openstack.wrappers.network [-] CIDR generated: 1.1.4.156/30
2019-07-06 09:27:45.712 24799 RALLYDEBUG rally_openstack.wrappers.network [-] CIDR generated: 1.1.4.160/30
2019-07-06 09:27:45.802 24846 RALLYDEBUG rally_openstack.wrappers.network [-] CIDR generated: 1.1.4.164/30
2019-07-06 09:27:45.833 24836 RALLYDEBUG rally_openstack.wrappers.network [-] CIDR generated: 1.1.4.168/30
2019-07-06 09:27:45.957 24806 RALLYDEBUG rally_openstack.wrappers.network [-] CIDR generated: 1.1.4.172/30
2019-07-06 09:27:46.111 24843 RALLYDEBUG rally_openstack.wrappers.network [-] CIDR generated: 1.1.4.176/30
2019-07-06 09:27:46.180 24834 RALLYDEBUG rally_openstack.wrappers.network [-] CIDR generated: 1.1.4.180/30
2019-07-06 09:27:46.255 24831 RALLYDEBUG rally_openstack.wrappers.network [-] CIDR generated: 1.1.4.184/30
2019-07-06 09:27:46.568 24801 RALLYDEBUG rally_openstack.wrappers.network [-] CIDR generated: 1.1.4.188/30
2019-07-06 09:27:48.141 24802 RALLYDEBUG rally_openstack.wrappers.network [-] CIDR generated: 1.1.4.192/30
2019-07-06 09:27:48.244 24802 RALLYDEBUG rally_openstack.wrappers.network [-] CIDR generated: 1.1.4.196/30
2019-07-06 09:27:48.813 24840 RALLYDEBUG rally_openstack.wrappers.network [-] CIDR generated: 1.1.4.200/30
2019-07-06 09:27:48.980 24800 RALLYDEBUG rally_openstack.wrappers.network [-] CIDR generated: 1.1.4.204/30
2019-07-06 09:27:49.080 24808 RALLYDEBUG rally_openstack.wrappers.network [-] CIDR generated: 1.1.4.208/30
2019-07-06 09:27:49.667 24812 RALLYDEBUG rally_openstack.wrappers.network [-] CIDR generated: 1.1.4.212/30
2019-07-06 09:27:49.854 24799 INFO rally.task.runner [-] Task 9a3d1128-4ce5-4239-a905-19e2eefad72d | ITER: 1 END: OK
2019-07-06 09:27:49.858 24799 INFO rally.task.runner [-] Task 9a3d1128-4ce5-4239-a905-19e2eefad72d | ITER: 21 START
2019-07-06 09:27:49.859 24799 WARNING rally_openstack.scenarios.neutron.utils [-] Running this scenario without either the 'network' or 'existing_network' context is deprecated
2019-07-06 09:27:49.881 24800 RALLYDEBUG rally_openstack.wrappers.network [-] CIDR generated: 1.1.4.216/30
2019-07-06 09:27:49.903 24843 RALLYDEBUG rally_openstack.wrappers.network [-] CIDR generated: 1.1.4.220/30
2019-07-06 09:27:50.184 24801 INFO rally.task.runner [-] Task 9a3d1128-4ce5-4239-a905-19e2eefad72d | ITER: 7 END: OK
2019-07-06 09:27:50.189 24801 INFO rally.task.runner [-] Task 9a3d1128-4ce5-4239-a905-19e2eefad72d | ITER: 22 START
2019-07-06 09:27:50.190 24801 WARNING rally_openstack.scenarios.neutron.utils [-] Running this scenario without either the 'network' or 'existing_network' context is deprecated
2019-07-06 09:27:50.395 24806 INFO rally.task.runner [-] Task 9a3d1128-4ce5-4239-a905-19e2eefad72d | ITER: 8 END: OK
2019-07-06 09:27:50.400 24806 INFO rally.task.runner [-] Task 9a3d1128-4ce5-4239-a905-19e2eefad72d | ITER: 23 START
2019-07-06 09:27:50.400 24806 WARNING rally_openstack.scenarios.neutron.utils [-] Running this scenario without either the 'network' or 'existing_network' context is deprecated
2019-07-06 09:27:50.423 24834 INFO rally.task.runner [-] Task 9a3d1128-4ce5-4239-a905-19e2eefad72d | ITER: 16 END: OK
2019-07-06 09:27:50.426 24834 INFO rally.task.runner [-] Task 9a3d1128-4ce5-4239-a905-19e2eefad72d | ITER: 24 START
2019-07-06 09:27:50.427 24834 WARNING rally_openstack.scenarios.neutron.utils [-] Running this scenario without either the 'network' or 'existing_network' context is deprecated
2019-07-06 09:27:50.471 24846 RALLYDEBUG rally_openstack.wrappers.network [-] CIDR generated: 1.1.4.224/30
2019-07-06 09:27:50.925 24799 RALLYDEBUG rally_openstack.wrappers.network [-] CIDR generated: 1.1.4.228/30
2019-07-06 09:27:51.266 24801 RALLYDEBUG rally_openstack.wrappers.network [-] CIDR generated: 1.1.4.232/30
2019-07-06 09:27:51.317 24836 RALLYDEBUG rally_openstack.wrappers.network [-] CIDR generated: 1.1.4.236/30
2019-07-06 09:27:51.514 24834 RALLYDEBUG rally_openstack.wrappers.network [-] CIDR generated: 1.1.4.240/30
2019-07-06 09:27:51.846 24799 RALLYDEBUG rally_openstack.wrappers.network [-] CIDR generated: 1.1.4.244/30
2019-07-06 09:27:52.134 24799 RALLYDEBUG rally_openstack.wrappers.network [-] CIDR generated: 1.1.4.248/30
2019-07-06 09:27:52.177 24806 RALLYDEBUG rally_openstack.wrappers.network [-] CIDR generated: 1.1.4.252/30
2019-07-06 09:27:52.383 24822 RALLYDEBUG rally_openstack.wrappers.network [-] CIDR generated: 1.1.5.0/30
2019-07-06 09:27:52.673 24827 RALLYDEBUG rally_openstack.wrappers.network [-] CIDR generated: 1.1.5.4/30
2019-07-06 09:27:52.990 24834 RALLYDEBUG rally_openstack.wrappers.network [-] CIDR generated: 1.1.5.8/30
2019-07-06 09:27:53.363 24817 RALLYDEBUG rally_openstack.wrappers.network [-] CIDR generated: 1.1.5.12/30
2019-07-06 09:27:53.444 24831 RALLYDEBUG rally_openstack.wrappers.network [-] CIDR generated: 1.1.5.16/30
2019-07-06 09:27:53.768 24801 RALLYDEBUG rally_openstack.wrappers.network [-] CIDR generated: 1.1.5.20/30
2019-07-06 09:27:53.990 24801 RALLYDEBUG rally_openstack.wrappers.network [-] CIDR generated: 1.1.5.24/30
2019-07-06 09:27:54.218 24806 RALLYDEBUG rally_openstack.wrappers.network [-] CIDR generated: 1.1.5.28/30
2019-07-06 09:27:54.849 24799 INFO rally.task.runner [-] Task 9a3d1128-4ce5-4239-a905-19e2eefad72d | ITER: 21 END: OK
2019-07-06 09:27:54.854 24799 INFO rally.task.runner [-] Task 9a3d1128-4ce5-4239-a905-19e2eefad72d | ITER: 25 START
2019-07-06 09:27:54.855 24799 WARNING rally_openstack.scenarios.neutron.utils [-] Running this scenario without either the 'network' or 'existing_network' context is deprecated
2019-07-06 09:27:55.857 24834 INFO rally.task.runner [-] Task 9a3d1128-4ce5-4239-a905-19e2eefad72d | ITER: 24 END: OK
2019-07-06 09:27:55.862 24834 INFO rally.task.runner [-] Task 9a3d1128-4ce5-4239-a905-19e2eefad72d | ITER: 26 START
2019-07-06 09:27:55.862 24834 WARNING rally_openstack.scenarios.neutron.utils [-] Running this scenario without either the 'network' or 'existing_network' context is deprecated
2019-07-06 09:27:55.938 24799 RALLYDEBUG rally_openstack.wrappers.network [-] CIDR generated: 1.1.5.32/30
2019-07-06 09:27:57.360 24834 RALLYDEBUG rally_openstack.wrappers.network [-] CIDR generated: 1.1.5.36/30
2019-07-06 09:27:57.799 24799 RALLYDEBUG rally_openstack.wrappers.network [-] CIDR generated: 1.1.5.40/30
2019-07-06 09:27:57.840 24843 INFO rally.task.runner [-] Task 9a3d1128-4ce5-4239-a905-19e2eefad72d | ITER: 19 END: OK
2019-07-06 09:27:57.844 24843 INFO rally.task.runner [-] Task 9a3d1128-4ce5-4239-a905-19e2eefad72d | ITER: 27 START
2019-07-06 09:27:57.845 24843 WARNING rally_openstack.scenarios.neutron.utils [-] Running this scenario without either the 'network' or 'existing_network' context is deprecated
2019-07-06 09:27:58.257 24802 INFO rally.task.runner [-] Task 9a3d1128-4ce5-4239-a905-19e2eefad72d | ITER: 9 END: OK
2019-07-06 09:27:58.262 24802 INFO rally.task.runner [-] Task 9a3d1128-4ce5-4239-a905-19e2eefad72d | ITER: 28 START
2019-07-06 09:27:58.263 24802 WARNING rally_openstack.scenarios.neutron.utils [-] Running this scenario without either the 'network' or 'existing_network' context is deprecated
2019-07-06 09:27:58.767 24801 INFO rally.task.runner [-] Task 9a3d1128-4ce5-4239-a905-19e2eefad72d | ITER: 22 END: OK
2019-07-06 09:27:58.771 24801 INFO rally.task.runner [-] Task 9a3d1128-4ce5-4239-a905-19e2eefad72d | ITER: 29 START
2019-07-06 09:27:58.772 24801 WARNING rally_openstack.scenarios.neutron.utils [-] Running this scenario without either the 'network' or 'existing_network' context is deprecated
2019-07-06 09:27:59.208 24806 INFO rally.task.runner [-] Task 9a3d1128-4ce5-4239-a905-19e2eefad72d | ITER: 23 END: OK
2019-07-06 09:27:59.212 24806 INFO rally.task.runner [-] Task 9a3d1128-4ce5-4239-a905-19e2eefad72d | ITER: 30 START
2019-07-06 09:27:59.212 24806 WARNING rally_openstack.scenarios.neutron.utils [-] Running this scenario without either the 'network' or 'existing_network' context is deprecated
2019-07-06 09:27:59.271 24834 RALLYDEBUG rally_openstack.wrappers.network [-] CIDR generated: 1.1.5.44/30
2019-07-06 09:27:59.281 24843 RALLYDEBUG rally_openstack.wrappers.network [-] CIDR generated: 1.1.5.48/30
2019-07-06 09:28:00.083 24802 RALLYDEBUG rally_openstack.wrappers.network [-] CIDR generated: 1.1.5.52/30
2019-07-06 09:28:00.238 24801 RALLYDEBUG rally_openstack.wrappers.network [-] CIDR generated: 1.1.5.56/30
2019-07-06 09:28:00.243 24802 INFO rally.task.runner [-] Task 9a3d1128-4ce5-4239-a905-19e2eefad72d | ITER: 6 END: OK
2019-07-06 09:28:00.246 24802 INFO rally.task.runner [-] Task 9a3d1128-4ce5-4239-a905-19e2eefad72d | ITER: 31 START
2019-07-06 09:28:00.247 24802 WARNING rally_openstack.scenarios.neutron.utils [-] Running this scenario without either the 'network' or 'existing_network' context is deprecated
2019-07-06 09:28:00.489 24840 INFO rally.task.runner [-] Task 9a3d1128-4ce5-4239-a905-19e2eefad72d | ITER: 18 END: OK
2019-07-06 09:28:00.493 24840 INFO rally.task.runner [-] Task 9a3d1128-4ce5-4239-a905-19e2eefad72d | ITER: 32 START
2019-07-06 09:28:00.494 24840 WARNING rally_openstack.scenarios.neutron.utils [-] Running this scenario without either the 'network' or 'existing_network' context is deprecated
2019-07-06 09:28:00.683 24800 INFO rally.task.runner [-] Task 9a3d1128-4ce5-4239-a905-19e2eefad72d | ITER: 4 END: OK
2019-07-06 09:28:00.687 24800 INFO rally.task.runner [-] Task 9a3d1128-4ce5-4239-a905-19e2eefad72d | ITER: 33 START
2019-07-06 09:28:00.688 24800 WARNING rally_openstack.scenarios.neutron.utils [-] Running this scenario without either the 'network' or 'existing_network' context is deprecated
2019-07-06 09:28:00.736 24808 INFO rally.task.runner [-] Task 9a3d1128-4ce5-4239-a905-19e2eefad72d | ITER: 10 END: OK
2019-07-06 09:28:00.741 24808 INFO rally.task.runner [-] Task 9a3d1128-4ce5-4239-a905-19e2eefad72d | ITER: 34 START
2019-07-06 09:28:00.741 24808 WARNING rally_openstack.scenarios.neutron.utils [-] Running this scenario without either the 'network' or 'existing_network' context is deprecated
2019-07-06 09:28:01.112 24800 INFO rally.task.runner [-] Task 9a3d1128-4ce5-4239-a905-19e2eefad72d | ITER: 3 END: OK
2019-07-06 09:28:01.116 24800 INFO rally.task.runner [-] Task 9a3d1128-4ce5-4239-a905-19e2eefad72d | ITER: 35 START
2019-07-06 09:28:01.116 24800 WARNING rally_openstack.scenarios.neutron.utils [-] Running this scenario without either the 'network' or 'existing_network' context is deprecated
2019-07-06 09:28:01.131 24806 RALLYDEBUG rally_openstack.wrappers.network [-] CIDR generated: 1.1.5.60/30
2019-07-06 09:28:01.165 24843 RALLYDEBUG rally_openstack.wrappers.network [-] CIDR generated: 1.1.5.64/30
2019-07-06 09:28:01.775 24799 INFO rally.task.runner [-] Task 9a3d1128-4ce5-4239-a905-19e2eefad72d | ITER: 25 END: OK
2019-07-06 09:28:01.779 24799 INFO rally.task.runner [-] Task 9a3d1128-4ce5-4239-a905-19e2eefad72d | ITER: 36 START
2019-07-06 09:28:01.779 24799 WARNING rally_openstack.scenarios.neutron.utils [-] Running this scenario without either the 'network' or 'existing_network' context is deprecated
2019-07-06 09:28:01.871 24801 RALLYDEBUG rally_openstack.wrappers.network [-] CIDR generated: 1.1.5.68/30
2019-07-06 09:28:02.161 24836 INFO rally.task.runner [-] Task 9a3d1128-4ce5-4239-a905-19e2eefad72d | ITER: 17 END: OK
2019-07-06 09:28:02.165 24836 INFO rally.task.runner [-] Task 9a3d1128-4ce5-4239-a905-19e2eefad72d | ITER: 37 START
2019-07-06 09:28:02.165 24836 WARNING rally_openstack.scenarios.neutron.utils [-] Running this scenario without either the 'network' or 'existing_network' context is deprecated
2019-07-06 09:28:02.274 24802 RALLYDEBUG rally_openstack.wrappers.network [-] CIDR generated: 1.1.5.72/30
2019-07-06 09:28:02.938 24800 RALLYDEBUG rally_openstack.wrappers.network [-] CIDR generated: 1.1.5.76/30
2019-07-06 09:28:03.008 24802 RALLYDEBUG rally_openstack.wrappers.network [-] CIDR generated: 1.1.5.80/30
2019-07-06 09:28:03.081 24800 RALLYDEBUG rally_openstack.wrappers.network [-] CIDR generated: 1.1.5.84/30
2019-07-06 09:28:03.090 24840 RALLYDEBUG rally_openstack.wrappers.network [-] CIDR generated: 1.1.5.88/30
2019-07-06 09:28:03.250 24808 RALLYDEBUG rally_openstack.wrappers.network [-] CIDR generated: 1.1.5.92/30
2019-07-06 09:28:03.344 24812 INFO rally.task.runner [-] Task 9a3d1128-4ce5-4239-a905-19e2eefad72d | ITER: 11 END: OK
2019-07-06 09:28:03.348 24812 INFO rally.task.runner [-] Task 9a3d1128-4ce5-4239-a905-19e2eefad72d | ITER: 38 START
2019-07-06 09:28:03.349 24812 WARNING rally_openstack.scenarios.neutron.utils [-] Running this scenario without either the 'network' or 'existing_network' context is deprecated
2019-07-06 09:28:03.513 24846 INFO rally.task.runner [-] Task 9a3d1128-4ce5-4239-a905-19e2eefad72d | ITER: 20 END: OK
2019-07-06 09:28:03.517 24846 INFO rally.task.runner [-] Task 9a3d1128-4ce5-4239-a905-19e2eefad72d | ITER: 39 START
2019-07-06 09:28:03.518 24846 WARNING rally_openstack.scenarios.neutron.utils [-] Running this scenario without either the 'network' or 'existing_network' context is deprecated
2019-07-06 09:28:03.635 24799 RALLYDEBUG rally_openstack.wrappers.network [-] CIDR generated: 1.1.5.96/30
2019-07-06 09:28:04.004 24836 RALLYDEBUG rally_openstack.wrappers.network [-] CIDR generated: 1.1.5.100/30
2019-07-06 09:28:04.244 24800 RALLYDEBUG rally_openstack.wrappers.network [-] CIDR generated: 1.1.5.104/30
2019-07-06 09:28:04.981 24843 INFO rally.task.runner [-] Task 9a3d1128-4ce5-4239-a905-19e2eefad72d | ITER: 27 END: OK
2019-07-06 09:28:04.985 24843 INFO rally.task.runner [-] Task 9a3d1128-4ce5-4239-a905-19e2eefad72d | ITER: 40 START
2019-07-06 09:28:04.986 24843 WARNING rally_openstack.scenarios.neutron.utils [-] Running this scenario without either the 'network' or 'existing_network' context is deprecated
2019-07-06 09:28:06.249 24806 RALLYDEBUG rally_openstack.wrappers.network [-] CIDR generated: 1.1.5.108/30
2019-07-06 09:28:06.431 24812 RALLYDEBUG rally_openstack.wrappers.network [-] CIDR generated: 1.1.5.112/30
2019-07-06 09:28:06.971 24846 RALLYDEBUG rally_openstack.wrappers.network [-] CIDR generated: 1.1.5.116/30
2019-07-06 09:28:06.992 24834 INFO rally.task.runner [-] Task 9a3d1128-4ce5-4239-a905-19e2eefad72d | ITER: 26 END: OK
2019-07-06 09:28:07.105 24843 RALLYDEBUG rally_openstack.wrappers.network [-] CIDR generated: 1.1.5.120/30
2019-07-06 09:28:07.131 24799 RALLYDEBUG rally_openstack.wrappers.network [-] CIDR generated: 1.1.5.124/30
2019-07-06 09:28:07.162 24840 RALLYDEBUG rally_openstack.wrappers.network [-] CIDR generated: 1.1.5.128/30
2019-07-06 09:28:07.381 24822 INFO rally.task.runner [-] Task 9a3d1128-4ce5-4239-a905-19e2eefad72d | ITER: 13 END: OK
2019-07-06 09:28:07.681 24812 RALLYDEBUG rally_openstack.wrappers.network [-] CIDR generated: 1.1.5.132/30
2019-07-06 09:28:07.842 24800 RALLYDEBUG rally_openstack.wrappers.network [-] CIDR generated: 1.1.5.136/30
2019-07-06 09:28:08.064 24836 RALLYDEBUG rally_openstack.wrappers.network [-] CIDR generated: 1.1.5.140/30
2019-07-06 09:28:08.119 24801 INFO rally.task.runner [-] Task 9a3d1128-4ce5-4239-a905-19e2eefad72d | ITER: 29 END: OK
2019-07-06 09:28:08.183 24846 RALLYDEBUG rally_openstack.wrappers.network [-] CIDR generated: 1.1.5.144/30
2019-07-06 09:28:09.119 24800 INFO rally.task.runner [-] Task 9a3d1128-4ce5-4239-a905-19e2eefad72d | ITER: 35 END: OK
2019-07-06 09:28:09.836 24808 RALLYDEBUG rally_openstack.wrappers.network [-] CIDR generated: 1.1.5.148/30
2019-07-06 09:28:09.895 24802 RALLYDEBUG rally_openstack.wrappers.network [-] CIDR generated: 1.1.5.152/30
2019-07-06 09:28:10.070 24799 INFO rally.task.runner [-] Task 9a3d1128-4ce5-4239-a905-19e2eefad72d | ITER: 2 END: OK
2019-07-06 09:28:11.021 24812 INFO rally.task.runner [-] Task 9a3d1128-4ce5-4239-a905-19e2eefad72d | ITER: 38 END: OK
2019-07-06 09:28:11.133 24840 INFO rally.task.runner [-] Task 9a3d1128-4ce5-4239-a905-19e2eefad72d | ITER: 32 END: OK
2019-07-06 09:28:12.119 24846 INFO rally.task.runner [-] Task 9a3d1128-4ce5-4239-a905-19e2eefad72d | ITER: 39 END: OK
2019-07-06 09:28:12.614 24843 RALLYDEBUG rally_openstack.wrappers.network [-] CIDR generated: 1.1.5.156/30
2019-07-06 09:28:13.932 24806 INFO rally.task.runner [-] Task 9a3d1128-4ce5-4239-a905-19e2eefad72d | ITER: 30 END: OK
2019-07-06 09:28:14.215 24802 INFO rally.task.runner [-] Task 9a3d1128-4ce5-4239-a905-19e2eefad72d | ITER: 28 END: OK
2019-07-06 09:28:14.256 24799 INFO rally.task.runner [-] Task 9a3d1128-4ce5-4239-a905-19e2eefad72d | ITER: 36 END: OK
2019-07-06 09:28:14.744 24817 INFO rally.task.runner [-] Task 9a3d1128-4ce5-4239-a905-19e2eefad72d | ITER: 12 END: OK
2019-07-06 09:28:14.745 24831 INFO rally.task.runner [-] Task 9a3d1128-4ce5-4239-a905-19e2eefad72d | ITER: 15 END: OK
2019-07-06 09:28:14.747 24801 INFO rally.task.runner [-] Task 9a3d1128-4ce5-4239-a905-19e2eefad72d | ITER: 5 END: OK
2019-07-06 09:28:14.811 24827 INFO rally.task.runner [-] Task 9a3d1128-4ce5-4239-a905-19e2eefad72d | ITER: 14 END: OK
2019-07-06 09:28:15.084 24800 INFO rally.task.runner [-] Task 9a3d1128-4ce5-4239-a905-19e2eefad72d | ITER: 33 END: OK
2019-07-06 09:28:15.594 24836 INFO rally.task.runner [-] Task 9a3d1128-4ce5-4239-a905-19e2eefad72d | ITER: 37 END: OK
2019-07-06 09:28:19.322 24808 INFO rally.task.runner [-] Task 9a3d1128-4ce5-4239-a905-19e2eefad72d | ITER: 34 END: OK
2019-07-06 09:28:19.351 24802 INFO rally.task.runner [-] Task 9a3d1128-4ce5-4239-a905-19e2eefad72d | ITER: 31 END: OK
2019-07-06 09:28:19.987 24843 INFO rally.task.runner [-] Task 9a3d1128-4ce5-4239-a905-19e2eefad72d | ITER: 40 END: OK
2019-07-06 09:28:20.016 22705 INFO rally.task.context [-] Task 9a3d1128-4ce5-4239-a905-19e2eefad72d | Context cleanup@openstack cleanup() started
2019-07-06 09:28:20.019 22705 RALLYDEBUG rally_openstack.cleanup.manager [-] Cleaning up neutron vip objects
2019-07-06 09:28:20.700 22705 RALLYDEBUG rally_openstack.cleanup.manager [-] Cleaning up neutron health_monitor objects
2019-07-06 09:28:21.481 22705 RALLYDEBUG rally_openstack.cleanup.manager [-] Cleaning up neutron pool objects
2019-07-06 09:28:22.119 22705 RALLYDEBUG rally_openstack.cleanup.manager [-] Cleaning up neutron loadbalancer objects
2019-07-06 09:28:22.741 22705 RALLYDEBUG rally_openstack.cleanup.manager [-] Cleaning up neutron floatingip objects
2019-07-06 09:28:23.703 22705 RALLYDEBUG rally_openstack.cleanup.manager [-] Cleaning up neutron port objects
2019-07-06 09:28:24.466 22705 RALLYDEBUG rally_openstack.cleanup.manager [-] Cleaning up neutron subnet objects
2019-07-06 09:28:25.238 22705 RALLYDEBUG rally_openstack.cleanup.manager [-] Cleaning up neutron network objects
2019-07-06 09:28:26.179 22705 RALLYDEBUG rally_openstack.cleanup.manager [-] Deleting neutron.network object s_rally_b5a8341c_GLmZjLNE (0217afdb-0d07-4ec1-9e1b-6019b280a925)
2019-07-06 09:28:26.187 22705 RALLYDEBUG rally_openstack.cleanup.manager [-] Deleting neutron.network object s_rally_b5a8341c_Ny96IPQG (09a45fed-56d6-496a-b277-78f4cdf0303c)
2019-07-06 09:28:26.191 22705 RALLYDEBUG rally_openstack.cleanup.manager [-] Deleting neutron.network object s_rally_b5a8341c_E4U4mE8H (0b16c7ec-f985-4fd5-8c00-34b9517b6ec5)
2019-07-06 09:28:26.203 22705 RALLYDEBUG rally_openstack.cleanup.manager [-] Deleting neutron.network object s_rally_b5a8341c_uwsCcdkl (1b1019ad-6537-40c0-8b2f-3f44d15ba8a2)
2019-07-06 09:28:26.217 22705 RALLYDEBUG rally_openstack.cleanup.manager [-] Deleting neutron.network object s_rally_b5a8341c_JF5tdA1v (28a9d15b-cf04-4f4e-8eb6-90ff74299c3d)
2019-07-06 09:28:26.240 22705 RALLYDEBUG rally_openstack.cleanup.manager [-] Deleting neutron.network object s_rally_b5a8341c_0VMZxD48 (37fafed4-27fe-432e-acff-7ff2395e993b)
2019-07-06 09:28:26.247 22705 RALLYDEBUG rally_openstack.cleanup.manager [-] Deleting neutron.network object s_rally_b5a8341c_NEb0O2at (4da9583f-abad-4a33-87c5-cb86cf8cde5f)
2019-07-06 09:28:26.250 22705 RALLYDEBUG rally_openstack.cleanup.manager [-] Deleting neutron.network object s_rally_b5a8341c_JrTHBSV2 (31614b26-63e6-47fb-b76e-a2565d56b604)
2019-07-06 09:28:26.260 22705 RALLYDEBUG rally_openstack.cleanup.manager [-] Deleting neutron.network object s_rally_b5a8341c_8PJxlGRK (5b91128e-36bc-4f26-8bb5-063799637c99)
2019-07-06 09:28:26.260 22705 RALLYDEBUG rally_openstack.cleanup.manager [-] Deleting neutron.network object s_rally_b5a8341c_tdzG5aXd (4f9b9315-d018-4f61-9b77-91b97b121be6)
2019-07-06 09:28:26.266 22705 RALLYDEBUG rally_openstack.cleanup.manager [-] Deleting neutron.network object s_rally_b5a8341c_V1zPbHgV (5dcc8fc1-7356-41ec-b055-9a1c4e197637)
2019-07-06 09:28:26.274 22705 RALLYDEBUG rally_openstack.cleanup.manager [-] Deleting neutron.network object s_rally_b5a8341c_S8zNbMZo (5fa78e36-198d-45b7-b580-15e5627921c3)
2019-07-06 09:28:26.295 22705 RALLYDEBUG rally_openstack.cleanup.manager [-] Deleting neutron.network object s_rally_b5a8341c_2fF7d7xq (67935d20-02ec-47c1-b0ed-4e22435ae9de)
2019-07-06 09:28:26.300 22705 RALLYDEBUG rally_openstack.cleanup.manager [-] Deleting neutron.network object s_rally_b5a8341c_hYF8PaOL (69e94308-e3de-4c89-a3fb-e845bf7c559d)
2019-07-06 09:28:26.319 22705 RALLYDEBUG rally_openstack.cleanup.manager [-] Deleting neutron.network object s_rally_b5a8341c_KNVfAWgW (711f2d8d-7bb6-491a-8b8b-759a2161174b)
2019-07-06 09:28:26.341 22705 RALLYDEBUG rally_openstack.cleanup.manager [-] Deleting neutron.network object s_rally_b5a8341c_roUQJrN7 (7828b9d2-22ee-4416-a119-ef9c2b0c128f)
2019-07-06 09:28:26.349 22705 RALLYDEBUG rally_openstack.cleanup.manager [-] Deleting neutron.network object s_rally_b5a8341c_Hckzjkem (80ef8959-f97b-4acf-b8f2-68d9dcea69f7)
2019-07-06 09:28:26.358 22705 RALLYDEBUG rally_openstack.cleanup.manager [-] Deleting neutron.network object s_rally_b5a8341c_CEOPOrfH (88dd533c-b710-4c5b-ab38-c57939d205f3)
2019-07-06 09:28:26.365 22705 RALLYDEBUG rally_openstack.cleanup.manager [-] Deleting neutron.network object s_rally_b5a8341c_LUrWFaUe (8c05e296-ad66-402b-be04-d7e28c337844)
2019-07-06 09:28:26.384 22705 RALLYDEBUG rally_openstack.cleanup.manager [-] Deleting neutron.network object s_rally_b5a8341c_q3Wapj8X (8c73248a-b7b8-4327-b609-3b0ae3c34a67)
2019-07-06 09:28:29.471 22705 RALLYDEBUG rally_openstack.cleanup.manager [-] Deleting neutron.network object s_rally_b5a8341c_5ALHUCrv (8cf60f6f-3fa9-42c8-8321-3a25a11cb3f1)
2019-07-06 09:28:29.530 22705 RALLYDEBUG rally_openstack.cleanup.manager [-] Deleting neutron.network object s_rally_b5a8341c_tjDyhl9U (8d120ce4-3ce2-4d9c-9fe1-0c0bec104402)
2019-07-06 09:28:29.563 22705 RALLYDEBUG rally_openstack.cleanup.manager [-] Deleting neutron.network object s_rally_b5a8341c_gLtYxcqF (8ed97e0a-28a9-466f-823e-b06d5b1b1d40)
2019-07-06 09:28:29.951 22705 RALLYDEBUG rally_openstack.cleanup.manager [-] Deleting neutron.network object s_rally_b5a8341c_l4k4C21D (9032238a-092c-465b-bd35-3f2e149b9987)
2019-07-06 09:28:30.321 22705 RALLYDEBUG rally_openstack.cleanup.manager [-] Deleting neutron.network object s_rally_b5a8341c_bztHqiUu (948e5bcd-4387-4914-8623-042441d5f1f2)
2019-07-06 09:28:31.524 22705 RALLYDEBUG rally_openstack.cleanup.manager [-] Deleting neutron.network object s_rally_b5a8341c_wsOfJZ0A (9de7916f-ca03-4c15-960b-e6a7de3e42b0)
2019-07-06 09:28:32.088 22705 RALLYDEBUG rally_openstack.cleanup.manager [-] Deleting neutron.network object s_rally_b5a8341c_48t3Dvzp (a6fd7977-bc79-46d1-b031-0c7f115ae5b2)
2019-07-06 09:28:32.109 22705 RALLYDEBUG rally_openstack.cleanup.manager [-] Deleting neutron.network object s_rally_b5a8341c_O9IfN3MY (ae99bc97-4df1-45bf-a033-66e274ad9cdd)
2019-07-06 09:28:32.133 22705 RALLYDEBUG rally_openstack.cleanup.manager [-] Deleting neutron.network object s_rally_b5a8341c_TcWHIA1z (b0d3f3a1-ec9d-4a54-9f5a-ed5d3edc541f)
2019-07-06 09:28:32.332 22705 RALLYDEBUG rally_openstack.cleanup.manager [-] Deleting neutron.network object s_rally_b5a8341c_UB3bjPvj (b22a641f-19ad-449e-ba4d-a4eb943d0634)
2019-07-06 09:28:32.447 22705 RALLYDEBUG rally_openstack.cleanup.manager [-] Deleting neutron.network object s_rally_b5a8341c_Q9RnkkIK (b53dc8f0-6bbc-413a-8bb3-82dd280e6c85)
2019-07-06 09:28:32.560 22705 RALLYDEBUG rally_openstack.cleanup.manager [-] Deleting neutron.network object s_rally_b5a8341c_Ds4dxgBM (b8598769-a958-4631-9a31-ff62f4b5323f)
2019-07-06 09:28:33.151 22705 RALLYDEBUG rally_openstack.cleanup.manager [-] Deleting neutron.network object s_rally_b5a8341c_6n9Ky4OF (cc9ea62a-d797-4713-acc1-d1670f64ba79)
2019-07-06 09:28:33.206 22705 RALLYDEBUG rally_openstack.cleanup.manager [-] Deleting neutron.network object s_rally_b5a8341c_5dSNZMDT (d58409e1-74f6-47ea-8a82-fa457dcd48ac)
2019-07-06 09:28:33.430 22705 RALLYDEBUG rally_openstack.cleanup.manager [-] Deleting neutron.network object s_rally_b5a8341c_NdWjZokZ (ec1c5c16-914a-4646-812e-5b9ff4e131b2)
2019-07-06 09:28:33.576 22705 RALLYDEBUG rally_openstack.cleanup.manager [-] Deleting neutron.network object s_rally_b5a8341c_Q3Yfdl5L (f1579381-f787-4dfd-b1f8-916074ea196e)
2019-07-06 09:28:33.683 22705 RALLYDEBUG rally_openstack.cleanup.manager [-] Deleting neutron.network object s_rally_b5a8341c_auCPr8Db (f44cd690-2a45-4547-a52a-08a4cea1b11d)
2019-07-06 09:28:33.824 22705 RALLYDEBUG rally_openstack.cleanup.manager [-] Deleting neutron.network object s_rally_b5a8341c_Vl7ZzQiS (fb867973-0f2d-4705-93d4-7eb30423e1fe)
2019-07-06 09:28:34.041 22705 RALLYDEBUG rally_openstack.cleanup.manager [-] Deleting neutron.network object s_rally_b5a8341c_MwdQ1nGn (fc4812dc-ab63-4405-acb9-0bf2459e3187)
2019-07-06 09:28:34.127 22705 RALLYDEBUG rally_openstack.cleanup.manager [-] Deleting neutron.network object s_rally_b5a8341c_PAm8N8Ca (fe1da628-cec6-4271-95ab-c65290fcc7a7)
2019-07-06 09:28:38.207 22705 RALLYDEBUG rally_openstack.cleanup.manager [-] Cleaning up neutron router objects
2019-07-06 09:28:38.874 22705 RALLYDEBUG rally_openstack.cleanup.manager [-] Cleaning up neutron security_group objects
2019-07-06 09:28:39.553 22705 INFO rally.task.context [-] Task 9a3d1128-4ce5-4239-a905-19e2eefad72d | Context cleanup@openstack cleanup() finished in 19.54 sec
2019-07-06 09:28:39.553 22705 INFO rally.task.context [-] Task 9a3d1128-4ce5-4239-a905-19e2eefad72d | Context quotas@openstack cleanup() started
2019-07-06 09:28:39.575 22705 INFO rally.task.context [-] Task 9a3d1128-4ce5-4239-a905-19e2eefad72d | Context quotas@openstack cleanup() finished in 21.15 msec
2019-07-06 09:28:39.575 22705 INFO rally.task.context [-] Task 9a3d1128-4ce5-4239-a905-19e2eefad72d | Context users@openstack cleanup() started
2019-07-06 09:28:43.979 22705 INFO rally.task.context [-] Task 9a3d1128-4ce5-4239-a905-19e2eefad72d | Context users@openstack cleanup() finished in 4.40 sec
2019-07-06 09:28:45.130 22705 INFO rally.task.engine [-] Load duration is: 37.817189
2019-07-06 09:28:45.130 22705 INFO rally.task.engine [-] Full runner duration is: 37.866486
2019-07-06 09:28:45.131 22705 INFO rally.task.engine [-] Full duration is: 67.108097
2019-07-06 09:28:45.378 22705 INFO rally.task.engine [-] Running workload: position = 0 config = { "version": 2, "title": "A cropped version of a bigger task.", "description": "Auto-generated task from a single workload (uuid=8c2b0258-f74a-4aa8-ae8f-7a307edfdd59)", "subtasks": [ { "title": "NeutronNetworks.create_and_list_routers", "description": "Create and a given number of routers and list all routers.", "scenario": { "NeutronNetworks.create_and_list_routers": { "network_create_args": null, "subnet_create_args": null, "subnet_cidr_start": "1.1.0.0/30", "subnets_per_network": 2, "router_create_args": null } }, "contexts": { "users": { "tenants": 1, "users_per_tenant": 1 }, "quotas": { "neutron": { "network": -1, "subnet": -1, "router": -1 } } }, "runner": { "constant": { "times": 40, "concurrency": 20 } }, "hooks": [], "sla": { "failure_rate": { "max": 0 } } } ] }
2019-07-06 09:28:45.399 22705 RALLYDEBUG rally_openstack.contexts.keystone.users [-] Creating 1 tenants using 20 threads
2019-07-06 09:28:47.206 22705 RALLYDEBUG rally_openstack.contexts.keystone.users [-] Creating 1 users using 20 threads
2019-07-06 09:28:49.636 22705 INFO rally.task.context [-] Task 9a3d1128-4ce5-4239-a905-19e2eefad72d | Context users@openstack setup() finished in 4.24 sec
2019-07-06 09:28:50.422 22705 INFO rally.task.context [-] Task 9a3d1128-4ce5-4239-a905-19e2eefad72d | Context quotas@openstack setup() finished in 0.79 sec
2019-07-06 09:28:50.423 22705 INFO rally.task.context [-] Task 9a3d1128-4ce5-4239-a905-19e2eefad72d | Context cleanup@openstack setup() finished in 0.01 msec
2019-07-06 09:28:50.431 22705 RALLYDEBUG rally.task.runner [-] Starting the constant runner (task UUID: 9a3d1128-4ce5-4239-a905-19e2eefad72d). timeout: 0 concurrency: 20 concurrency_per_worker: 1 times: 40 concurrency_overhead: 4 processes_to_start: 16 max_cpu_used: 16
2019-07-06 09:28:50.443 25169 RALLYDEBUG rally.task.runner [-] Starting a worker. concurrency: 2 args: {"network_create_args": null, "subnet_create_args": null, "subnet_cidr_start": "1.1.0.0/30", "subnets_per_network": 2, "router_create_args": null} times: 40 method_name: run timeout: 0 duration: None cls:
2019-07-06 09:28:50.446 25170 RALLYDEBUG rally.task.runner [-] Starting a worker. concurrency: 2 args: {"network_create_args": null, "subnet_create_args": null, "subnet_cidr_start": "1.1.0.0/30", "subnets_per_network": 2, "router_create_args": null} times: 40 method_name: run timeout: 0 duration: None cls:
2019-07-06 09:28:50.449 25171 RALLYDEBUG rally.task.runner [-] Starting a worker. concurrency: 2 args: {"network_create_args": null, "subnet_create_args": null, "subnet_cidr_start": "1.1.0.0/30", "subnets_per_network": 2, "router_create_args": null} times: 40 method_name: run timeout: 0 duration: None cls:
2019-07-06 09:28:50.451 25172 RALLYDEBUG rally.task.runner [-] Starting a worker. concurrency: 2 args: {"network_create_args": null, "subnet_create_args": null, "subnet_cidr_start": "1.1.0.0/30", "subnets_per_network": 2, "router_create_args": null} times: 40 method_name: run timeout: 0 duration: None cls:
2019-07-06 09:28:50.453 25170 INFO rally.task.runner [-] Task 9a3d1128-4ce5-4239-a905-19e2eefad72d | ITER: 2 START
2019-07-06 09:28:50.454 25169 INFO rally.task.runner [-] Task 9a3d1128-4ce5-4239-a905-19e2eefad72d | ITER: 3 START
2019-07-06 09:28:50.456 25174 RALLYDEBUG rally.task.runner [-] Starting a worker. concurrency: 1 args: {"network_create_args": null, "subnet_create_args": null, "subnet_cidr_start": "1.1.0.0/30", "subnets_per_network": 2, "router_create_args": null} times: 40 method_name: run timeout: 0 duration: None cls:
2019-07-06 09:28:50.453 25169 INFO rally.task.runner [-] Task 9a3d1128-4ce5-4239-a905-19e2eefad72d | ITER: 1 START
2019-07-06 09:28:50.458 25172 INFO rally.task.runner [-] Task 9a3d1128-4ce5-4239-a905-19e2eefad72d | ITER: 5 START
2019-07-06 09:28:50.458 25177 RALLYDEBUG rally.task.runner [-] Starting a worker. concurrency: 1 args: {"network_create_args": null, "subnet_create_args": null, "subnet_cidr_start": "1.1.0.0/30", "subnets_per_network": 2, "router_create_args": null} times: 40 method_name: run timeout: 0 duration: None cls:
2019-07-06 09:28:50.459 25171 INFO rally.task.runner [-] Task 9a3d1128-4ce5-4239-a905-19e2eefad72d | ITER: 4 START
2019-07-06 09:28:50.462 25171 INFO rally.task.runner [-] Task 9a3d1128-4ce5-4239-a905-19e2eefad72d | ITER: 7 START
2019-07-06 09:28:50.462 25181 RALLYDEBUG rally.task.runner [-] Starting a worker. concurrency: 1 args: {"network_create_args": null, "subnet_create_args": null, "subnet_cidr_start": "1.1.0.0/30", "subnets_per_network": 2, "router_create_args": null} times: 40 method_name: run timeout: 0 duration: None cls:
2019-07-06 09:28:50.464 25177 INFO rally.task.runner [-] Task 9a3d1128-4ce5-4239-a905-19e2eefad72d | ITER: 10 START
2019-07-06 09:28:50.467 25174 INFO rally.task.runner [-] Task 9a3d1128-4ce5-4239-a905-19e2eefad72d | ITER: 9 START
2019-07-06 09:28:50.467 25185 RALLYDEBUG rally.task.runner [-] Starting a worker. concurrency: 1 args: {"network_create_args": null, "subnet_create_args": null, "subnet_cidr_start": "1.1.0.0/30", "subnets_per_network": 2, "router_create_args": null} times: 40 method_name: run timeout: 0 duration: None cls:
2019-07-06 09:28:50.469 25170 INFO rally.task.runner [-] Task 9a3d1128-4ce5-4239-a905-19e2eefad72d | ITER: 6 START
2019-07-06 09:28:50.469 25188 RALLYDEBUG rally.task.runner [-] Starting a worker. concurrency: 1 args: {"network_create_args": null, "subnet_create_args": null, "subnet_cidr_start": "1.1.0.0/30", "subnets_per_network": 2, "router_create_args": null} times: 40 method_name: run timeout: 0 duration: None cls:
2019-07-06 09:28:50.470 25172 INFO rally.task.runner [-] Task 9a3d1128-4ce5-4239-a905-19e2eefad72d | ITER: 8 START
2019-07-06 09:28:50.473 25185 INFO rally.task.runner [-] Task 9a3d1128-4ce5-4239-a905-19e2eefad72d | ITER: 12 START
2019-07-06 09:28:50.473 25192 RALLYDEBUG rally.task.runner [-] Starting a worker. concurrency: 1 args: {"network_create_args": null, "subnet_create_args": null, "subnet_cidr_start": "1.1.0.0/30", "subnets_per_network": 2, "router_create_args": null} times: 40 method_name: run timeout: 0 duration: None cls:
2019-07-06 09:28:50.474 25181 INFO rally.task.runner [-] Task 9a3d1128-4ce5-4239-a905-19e2eefad72d | ITER: 11 START
2019-07-06 09:28:50.474 25188 INFO rally.task.runner [-] Task 9a3d1128-4ce5-4239-a905-19e2eefad72d | ITER: 13 START
2019-07-06 09:28:50.479 25196 RALLYDEBUG rally.task.runner [-] Starting a worker. concurrency: 1 args: {"network_create_args": null, "subnet_create_args": null, "subnet_cidr_start": "1.1.0.0/30", "subnets_per_network": 2, "router_create_args": null} times: 40 method_name: run timeout: 0 duration: None cls:
2019-07-06 09:28:50.486 25192 INFO rally.task.runner [-] Task 9a3d1128-4ce5-4239-a905-19e2eefad72d | ITER: 14 START
2019-07-06 09:28:50.486 25196 INFO rally.task.runner [-] Task 9a3d1128-4ce5-4239-a905-19e2eefad72d | ITER: 15 START
2019-07-06 09:28:50.488 25202 RALLYDEBUG rally.task.runner [-] Starting a worker. concurrency: 1 args: {"network_create_args": null, "subnet_create_args": null, "subnet_cidr_start": "1.1.0.0/30", "subnets_per_network": 2, "router_create_args": null} times: 40 method_name: run timeout: 0 duration: None cls:
2019-07-06 09:28:50.490 25204 RALLYDEBUG rally.task.runner [-] Starting a worker. concurrency: 1 args: {"network_create_args": null, "subnet_create_args": null, "subnet_cidr_start": "1.1.0.0/30", "subnets_per_network": 2, "router_create_args": null} times: 40 method_name: run timeout: 0 duration: None cls:
2019-07-06 09:28:50.493 25202 INFO rally.task.runner [-] Task 9a3d1128-4ce5-4239-a905-19e2eefad72d | ITER: 16 START
2019-07-06 09:28:50.495 25208 RALLYDEBUG rally.task.runner [-] Starting a worker. concurrency: 1 args: {"network_create_args": null, "subnet_create_args": null, "subnet_cidr_start": "1.1.0.0/30", "subnets_per_network": 2, "router_create_args": null} times: 40 method_name: run timeout: 0 duration: None cls:
2019-07-06 09:28:50.496 25204 INFO rally.task.runner [-] Task 9a3d1128-4ce5-4239-a905-19e2eefad72d | ITER: 17 START
2019-07-06 09:28:50.501 25208 INFO rally.task.runner [-] Task 9a3d1128-4ce5-4239-a905-19e2eefad72d | ITER: 18 START
2019-07-06 09:28:50.501 25213 RALLYDEBUG rally.task.runner [-] Starting a worker. concurrency: 1 args: {"network_create_args": null, "subnet_create_args": null, "subnet_cidr_start": "1.1.0.0/30", "subnets_per_network": 2, "router_create_args": null} times: 40 method_name: run timeout: 0 duration: None cls:
2019-07-06 09:28:50.507 25213 INFO rally.task.runner [-] Task 9a3d1128-4ce5-4239-a905-19e2eefad72d | ITER: 19 START
2019-07-06 09:28:50.509 25216 RALLYDEBUG rally.task.runner [-] Starting a worker. concurrency: 1 args: {"network_create_args": null, "subnet_create_args": null, "subnet_cidr_start": "1.1.0.0/30", "subnets_per_network": 2, "router_create_args": null} times: 40 method_name: run timeout: 0 duration: None cls:
2019-07-06 09:28:50.515 25216 INFO rally.task.runner [-] Task 9a3d1128-4ce5-4239-a905-19e2eefad72d | ITER: 20 START
2019-07-06 09:28:52.180 25170 RALLYDEBUG rally_openstack.wrappers.network [-] CIDR generated: 1.1.5.160/30
2019-07-06 09:28:52.281 25171 RALLYDEBUG rally_openstack.wrappers.network [-] CIDR generated: 1.1.5.164/30
2019-07-06 09:28:52.296 25177 RALLYDEBUG rally_openstack.wrappers.network [-] CIDR generated: 1.1.5.168/30
2019-07-06 09:28:52.320 25170 RALLYDEBUG rally_openstack.wrappers.network [-] CIDR generated: 1.1.5.172/30
2019-07-06 09:28:52.332 25181 RALLYDEBUG rally_openstack.wrappers.network [-] CIDR generated: 1.1.5.176/30
2019-07-06 09:28:52.397 25171 RALLYDEBUG rally_openstack.wrappers.network [-] CIDR generated: 1.1.5.180/30
2019-07-06 09:28:52.404 25192 RALLYDEBUG rally_openstack.wrappers.network [-] CIDR generated: 1.1.5.184/30
2019-07-06 09:28:52.405 25172 RALLYDEBUG rally_openstack.wrappers.network [-] CIDR generated: 1.1.5.188/30
2019-07-06 09:28:52.452 25169 RALLYDEBUG rally_openstack.wrappers.network [-] CIDR generated: 1.1.5.192/30
2019-07-06 09:28:52.453 25172 RALLYDEBUG rally_openstack.wrappers.network [-] CIDR generated: 1.1.5.196/30
2019-07-06 09:28:52.751 25208 RALLYDEBUG rally_openstack.wrappers.network [-] CIDR generated: 1.1.5.200/30
2019-07-06 09:28:52.760 25213 RALLYDEBUG rally_openstack.wrappers.network [-] CIDR generated: 1.1.5.204/30
2019-07-06 09:28:52.789 25185 RALLYDEBUG rally_openstack.wrappers.network [-] CIDR generated: 1.1.5.208/30
2019-07-06 09:28:52.900 25202 RALLYDEBUG rally_openstack.wrappers.network [-] CIDR generated: 1.1.5.212/30
2019-07-06 09:28:52.989 25188 RALLYDEBUG rally_openstack.wrappers.network [-] CIDR generated: 1.1.5.216/30
2019-07-06 09:28:53.252 25174 RALLYDEBUG rally_openstack.wrappers.network [-] CIDR generated: 1.1.5.220/30
2019-07-06 09:28:53.325 25204 RALLYDEBUG rally_openstack.wrappers.network [-] CIDR generated: 1.1.5.224/30
2019-07-06 09:28:53.405 25170 RALLYDEBUG rally_openstack.wrappers.network [-] CIDR generated: 1.1.5.228/30
2019-07-06 09:28:53.410 25171 RALLYDEBUG rally_openstack.wrappers.network [-] CIDR generated: 1.1.5.232/30
2019-07-06 09:28:53.534 25177 RALLYDEBUG rally_openstack.wrappers.network [-] CIDR generated: 1.1.5.236/30
2019-07-06 09:28:53.648 25196 RALLYDEBUG rally_openstack.wrappers.network [-] CIDR generated: 1.1.5.240/30
2019-07-06 09:28:53.651 25169 RALLYDEBUG rally_openstack.wrappers.network [-] CIDR generated: 1.1.5.244/30
2019-07-06 09:28:53.780 25216 RALLYDEBUG rally_openstack.wrappers.network [-] CIDR generated: 1.1.5.248/30
2019-07-06 09:28:53.887 25192 RALLYDEBUG rally_openstack.wrappers.network [-] CIDR generated: 1.1.5.252/30
2019-07-06 09:28:54.918 25171 RALLYDEBUG rally_openstack.wrappers.network [-] CIDR generated: 1.1.6.0/30
2019-07-06 09:28:54.964 25181 RALLYDEBUG rally_openstack.wrappers.network [-] CIDR generated: 1.1.6.4/30
2019-07-06 09:28:55.579 25202 RALLYDEBUG rally_openstack.wrappers.network [-] CIDR generated: 1.1.6.8/30
2019-07-06 09:28:55.619 25185 RALLYDEBUG rally_openstack.wrappers.network [-] CIDR generated: 1.1.6.12/30
2019-07-06 09:28:56.228 25172 RALLYDEBUG rally_openstack.wrappers.network [-] CIDR generated: 1.1.6.16/30
2019-07-06 09:28:56.768 25213 RALLYDEBUG rally_openstack.wrappers.network [-] CIDR generated: 1.1.6.20/30
2019-07-06 09:28:56.987 25208 RALLYDEBUG rally_openstack.wrappers.network [-] CIDR generated: 1.1.6.24/30
2019-07-06 09:28:58.085 25169 RALLYDEBUG rally_openstack.wrappers.network [-] CIDR generated: 1.1.6.28/30
2019-07-06 09:28:58.134 25172 RALLYDEBUG rally_openstack.wrappers.network [-] CIDR generated: 1.1.6.32/30
2019-07-06 09:28:58.378 25170 RALLYDEBUG rally_openstack.wrappers.network [-] CIDR generated: 1.1.6.36/30
2019-07-06 09:28:58.412 25174 RALLYDEBUG rally_openstack.wrappers.network [-] CIDR generated: 1.1.6.40/30
2019-07-06 09:28:58.894 25169 RALLYDEBUG rally_openstack.wrappers.network [-] CIDR generated: 1.1.6.44/30
2019-07-06 09:28:58.986 25188 RALLYDEBUG rally_openstack.wrappers.network [-] CIDR generated: 1.1.6.48/30
2019-07-06 09:28:59.494 25204 RALLYDEBUG rally_openstack.wrappers.network [-] CIDR generated: 1.1.6.52/30
2019-07-06 09:28:59.535 25196 RALLYDEBUG rally_openstack.wrappers.network [-] CIDR generated: 1.1.6.56/30
2019-07-06 09:29:00.401 25216 RALLYDEBUG rally_openstack.wrappers.network [-] CIDR generated: 1.1.6.60/30
2019-07-06 09:29:05.157 25170 INFO rally.task.runner [-] Task 9a3d1128-4ce5-4239-a905-19e2eefad72d | ITER: 2 END: OK
2019-07-06 09:29:05.160 25170 INFO rally.task.runner [-] Task 9a3d1128-4ce5-4239-a905-19e2eefad72d | ITER: 21 START
2019-07-06 09:29:05.646 25177 INFO rally.task.runner [-] Task 9a3d1128-4ce5-4239-a905-19e2eefad72d | ITER: 10 END: OK
2019-07-06 09:29:05.646 25192 INFO rally.task.runner [-] Task 9a3d1128-4ce5-4239-a905-19e2eefad72d | ITER: 14 END: OK
2019-07-06 09:29:05.649 25177 INFO rally.task.runner [-] Task 9a3d1128-4ce5-4239-a905-19e2eefad72d | ITER: 22 START
2019-07-06 09:29:05.650 25192 INFO rally.task.runner [-] Task 9a3d1128-4ce5-4239-a905-19e2eefad72d | ITER: 23 START
2019-07-06 09:29:05.690 25171 INFO rally.task.runner [-] Task 9a3d1128-4ce5-4239-a905-19e2eefad72d | ITER: 4 END: OK
2019-07-06 09:29:05.693 25171 INFO rally.task.runner [-] Task 9a3d1128-4ce5-4239-a905-19e2eefad72d | ITER: 24 START
2019-07-06 09:29:06.768 25170 RALLYDEBUG rally_openstack.wrappers.network [-] CIDR generated: 1.1.6.64/30
2019-07-06 09:29:07.226 25192 RALLYDEBUG rally_openstack.wrappers.network [-] CIDR generated: 1.1.6.68/30
2019-07-06 09:29:07.227 25177 RALLYDEBUG rally_openstack.wrappers.network [-] CIDR generated: 1.1.6.72/30
2019-07-06 09:29:08.211 25171 RALLYDEBUG rally_openstack.wrappers.network [-] CIDR generated: 1.1.6.76/30
