2019-07-06 09:40:48.816 22705 RALLYDEBUG rally_openstack.cleanup.manager [-] Deleting neutron.port object s_rally_57dfea6b_uvAsfqXp (d6597a7f-60ec-467c-9c5e-767cea1df2cf)
2019-07-06 09:40:48.876 22705 RALLYDEBUG rally_openstack.cleanup.manager [-] Deleting neutron.port object s_rally_57dfea6b_CqEilJjH (d6a9ae59-df4c-485d-aba4-3bdd37695043)
2019-07-06 09:40:48.952 22705 RALLYDEBUG rally_openstack.cleanup.manager [-] Deleting neutron.port object s_rally_57dfea6b_iE2hoDjJ (d71123ea-41f7-405c-b771-54207539bd59)
2019-07-06 09:40:49.134 22705 RALLYDEBUG rally_openstack.cleanup.manager [-] Deleting neutron.port object s_rally_57dfea6b_FaZpbdNN (d7b965c9-5c4e-4d34-be1c-5bf57b2d754b)
2019-07-06 09:40:49.140 22705 RALLYDEBUG rally_openstack.cleanup.manager [-] Deleting neutron.port object s_rally_57dfea6b_StHT8Ydj (d80b89b9-76a1-4c00-ad49-2caa25e36400)
2019-07-06 09:40:49.163 22705 RALLYDEBUG rally_openstack.cleanup.manager [-] Deleting neutron.port object s_rally_57dfea6b_Bi4hIuRq (d88c74dc-8874-4a4f-867b-932b752822da)
2019-07-06 09:40:49.325 22705 RALLYDEBUG rally_openstack.cleanup.manager [-] Deleting neutron.port object s_rally_57dfea6b_Vwtxmg9v (d8e5b406-a8be-43ca-8687-658a7a29ac81)
2019-07-06 09:40:49.392 22705 RALLYDEBUG rally_openstack.cleanup.manager [-] Deleting neutron.port object s_rally_57dfea6b_9NR932MB (d9b2740a-55b0-47e6-a079-a2f157b86405)
2019-07-06 09:40:49.610 22705 RALLYDEBUG rally_openstack.cleanup.manager [-] Deleting neutron.port object s_rally_57dfea6b_J3c7ZXVi (dac5e347-d4d0-490e-85aa-1354d4e0be93)
2019-07-06 09:40:49.633 22705 RALLYDEBUG rally_openstack.cleanup.manager [-] Deleting neutron.port object s_rally_57dfea6b_n9fkGlEv (dbb4eadc-cb3a-4488-9505-ce249d4b50c9)
2019-07-06 09:40:49.914 22705 RALLYDEBUG rally_openstack.cleanup.manager [-] Deleting neutron.port object s_rally_57dfea6b_oyBiTvlr (dc28985e-bbb8-4b84-8224-06a20f53b248)
2019-07-06 09:40:50.053 22705 RALLYDEBUG rally_openstack.cleanup.manager [-] Deleting neutron.port object s_rally_57dfea6b_X02uc7h9 (ddb4edb7-1d15-4271-94cd-8cf74069f530)
2019-07-06 09:40:50.110 22705 RALLYDEBUG rally_openstack.cleanup.manager [-] Deleting neutron.port object s_rally_57dfea6b_XICdRc3S (ddd036c0-fae0-4964-bac2-7f75fbe2c582)
2019-07-06 09:40:50.161 22705 RALLYDEBUG rally_openstack.cleanup.manager [-] Deleting neutron.port object s_rally_57dfea6b_GYN7XmhJ (ddea92b9-1c20-4905-88ee-6f639bce8e3d)
2019-07-06 09:40:50.372 22705 RALLYDEBUG rally_openstack.cleanup.manager [-] Deleting neutron.port object s_rally_57dfea6b_Zsq4BZhB (ddf98c94-2c11-4803-b499-7a288341ad58)
2019-07-06 09:40:50.966 22705 RALLYDEBUG rally_openstack.cleanup.manager [-] Deleting neutron.port object s_rally_57dfea6b_tC0Gf207 (ded5e1d5-e8e8-4c7d-90e3-cac12bfaf6d8)
2019-07-06 09:40:50.978 22705 RALLYDEBUG rally_openstack.cleanup.manager [-] Deleting neutron.port object s_rally_57dfea6b_pqcq25f2 (defb331b-7824-4638-8848-5d5768b804e9)
2019-07-06 09:40:51.015 22705 RALLYDEBUG rally_openstack.cleanup.manager [-] Deleting neutron.port object s_rally_57dfea6b_3uIgcnjr (df78fabd-e768-4c3d-9b88-eab7cd94c968)
2019-07-06 09:40:51.946 22705 RALLYDEBUG rally_openstack.cleanup.manager [-] Deleting neutron.port object s_rally_57dfea6b_wAZ0kNvV (e04ac2b2-fd04-451e-b865-c9e4af0f7deb)
2019-07-06 09:40:52.178 22705 RALLYDEBUG rally_openstack.cleanup.manager [-] Deleting neutron.port object s_rally_57dfea6b_nVXuIkN8 (e083b44a-8153-45c7-a3d0-fda79d8852af)
2019-07-06 09:40:52.203 22705 RALLYDEBUG rally_openstack.cleanup.manager [-] Deleting neutron.port object s_rally_57dfea6b_fIDwfFRF (e0ce523e-7995-4494-a834-0c5d15adb6f9)
2019-07-06 09:40:52.227 22705 RALLYDEBUG rally_openstack.cleanup.manager [-] Deleting neutron.port object s_rally_57dfea6b_sbWX9H3l (e11f986d-b1bf-452a-b04e-540dabc688b3)
2019-07-06 09:40:52.234 22705 RALLYDEBUG rally_openstack.cleanup.manager [-] Deleting neutron.port object s_rally_57dfea6b_YFFAzlAE (e1b0501d-3008-48e1-bc07-de509638bee8)
2019-07-06 09:40:52.510 22705 RALLYDEBUG rally_openstack.cleanup.manager [-] Deleting neutron.port object s_rally_57dfea6b_14jQN0TQ (e369e7d6-8d5d-484c-9335-5f23776f35bd)
2019-07-06 09:40:52.615 22705 RALLYDEBUG rally_openstack.cleanup.manager [-] Deleting neutron.port object s_rally_57dfea6b_KMkS7Mxt (e3db6745-6303-4d7d-9dae-74b414d4f36e)
2019-07-06 09:40:52.653 22705 RALLYDEBUG rally_openstack.cleanup.manager [-] Deleting neutron.port object s_rally_57dfea6b_f3OX18u6 (e47448bb-208b-4dee-a642-5d98de5d85e9)
2019-07-06 09:40:52.729 22705 RALLYDEBUG rally_openstack.cleanup.manager [-] Deleting neutron.port object s_rally_57dfea6b_xR1V3zWC (e52fece5-4ce3-4faf-826c-2102a635461d)
2019-07-06 09:40:52.762 22705 RALLYDEBUG rally_openstack.cleanup.manager [-] Deleting neutron.port object s_rally_57dfea6b_ViN5DsdE (e56dfafe-635a-4b46-a8df-20179b30ea72)
2019-07-06 09:40:52.799 22705 RALLYDEBUG rally_openstack.cleanup.manager [-] Deleting neutron.port object s_rally_57dfea6b_7n1gOJ28 (e7169d00-3544-4f10-89e1-904e05d13115)
2019-07-06 09:40:53.119 22705 RALLYDEBUG rally_openstack.cleanup.manager [-] Deleting neutron.port object s_rally_57dfea6b_L7veik2a (e7bf065c-82b7-4a5d-ae56-9c807f25c5ba)
2019-07-06 09:40:53.198 22705 RALLYDEBUG rally_openstack.cleanup.manager [-] Deleting neutron.port object s_rally_57dfea6b_AatD7oIW (e83be00e-06bb-44a8-81d5-edb73b98d745)
2019-07-06 09:40:53.463 22705 RALLYDEBUG rally_openstack.cleanup.manager [-] Deleting neutron.port object s_rally_57dfea6b_FiIPC47u (e89af1e0-10ac-4a47-af97-5d34d38b3b27)
2019-07-06 09:40:53.479 22705 RALLYDEBUG rally_openstack.cleanup.manager [-] Deleting neutron.port object s_rally_57dfea6b_UM4RCGhn (ea70285e-1923-46ee-a5ca-6a680254081a)
2019-07-06 09:40:53.517 22705 RALLYDEBUG rally_openstack.cleanup.manager [-] Deleting neutron.port object s_rally_57dfea6b_Emz3Kltt (eb5d1aa5-afbc-4fe7-8b6b-8106c555b307)
2019-07-06 09:40:53.532 22705 RALLYDEBUG rally_openstack.cleanup.manager [-] Deleting neutron.port object s_rally_57dfea6b_iOQMHGJO (ec54db09-aeef-4564-b459-188a90816a2c)
2019-07-06 09:40:53.741 22705 RALLYDEBUG rally_openstack.cleanup.manager [-] Deleting neutron.port object s_rally_57dfea6b_a49mAcgH (ecc1e098-eee4-46ca-9789-5c125677f6e3)
2019-07-06 09:40:53.807 22705 RALLYDEBUG rally_openstack.cleanup.manager [-] Deleting neutron.port object s_rally_57dfea6b_QgwO9rY8 (ecdbf8b6-40b2-4f6d-974b-dd8879c0ddb2)
2019-07-06 09:40:53.844 22705 RALLYDEBUG rally_openstack.cleanup.manager [-] Deleting neutron.port object s_rally_57dfea6b_MX2qwvCE (edbfc80b-2bb6-4455-b15c-db6a786e2564)
2019-07-06 09:40:54.772 22705 RALLYDEBUG rally_openstack.cleanup.manager [-] Deleting neutron.port object s_rally_57dfea6b_xhKBD862 (ef35112c-0a4e-483b-9a5c-f55997d303fc)
2019-07-06 09:40:54.775 22705 RALLYDEBUG rally_openstack.cleanup.manager [-] Deleting neutron.port object s_rally_57dfea6b_LfZB0OG3 (ef636661-e1d1-4014-8f42-46d8c6ec0ed6)
2019-07-06 09:40:54.903 22705 RALLYDEBUG rally_openstack.cleanup.manager [-] Deleting neutron.port object s_rally_57dfea6b_Todwl6Y6 (ef8645f4-1425-4061-9fff-ce81874bcfd0)
2019-07-06 09:40:55.171 22705 RALLYDEBUG rally_openstack.cleanup.manager [-] Deleting neutron.port object s_rally_57dfea6b_tkaf17gV (efae8f4d-71e4-474f-b5e8-8aeadc707108)
2019-07-06 09:40:55.263 22705 RALLYDEBUG rally_openstack.cleanup.manager [-] Deleting neutron.port object s_rally_57dfea6b_g6qLBzAV (f033478a-7611-439b-92f0-a6804a4b8bf7)
2019-07-06 09:40:55.367 22705 RALLYDEBUG rally_openstack.cleanup.manager [-] Deleting neutron.port object s_rally_57dfea6b_1obBBZhg (f1354d03-d2d6-4cb2-b245-0523612ba8f1)
2019-07-06 09:40:55.629 22705 RALLYDEBUG rally_openstack.cleanup.manager [-] Deleting neutron.port object s_rally_57dfea6b_aH5IO6M2 (f1d3fcd4-a95e-410c-b2e9-74e10d27cccb)
2019-07-06 09:40:56.034 22705 RALLYDEBUG rally_openstack.cleanup.manager [-] Deleting neutron.port object s_rally_57dfea6b_vmqaETG2 (f22a1d1c-1e70-4751-b654-1119f6979d29)
2019-07-06 09:40:56.307 22705 RALLYDEBUG rally_openstack.cleanup.manager [-] Deleting neutron.port object s_rally_57dfea6b_PMvA4tKN (f247ed0f-64fe-4724-b1bb-7a93113b1a81)
2019-07-06 09:40:56.500 22705 RALLYDEBUG rally_openstack.cleanup.manager [-] Deleting neutron.port object s_rally_57dfea6b_RTDOZG25 (f387bcac-79a0-4a5e-899c-0efe7e4e2d8b)
2019-07-06 09:40:56.730 22705 RALLYDEBUG rally_openstack.cleanup.manager [-] Deleting neutron.port object s_rally_57dfea6b_h2AFVBKk (f3c28035-c057-4f14-b60f-58bfdfb6c73d)
2019-07-06 09:40:56.735 22705 RALLYDEBUG rally_openstack.cleanup.manager [-] Deleting neutron.port object s_rally_57dfea6b_PnbHRNU4 (f4681d04-e6a8-4b4b-92ad-2dee4d040961)
2019-07-06 09:40:56.851 22705 RALLYDEBUG rally_openstack.cleanup.manager [-] Deleting neutron.port object s_rally_57dfea6b_hPPDzFXF (f983de41-1131-4d9e-8702-eb058d3c2ab2)
2019-07-06 09:40:57.074 22705 RALLYDEBUG rally_openstack.cleanup.manager [-] Deleting neutron.port object s_rally_57dfea6b_14e0pxK8 (f995c3f1-3797-487b-90da-cc60c7a5c78e)
2019-07-06 09:40:57.243 22705 RALLYDEBUG rally_openstack.cleanup.manager [-] Deleting neutron.port object s_rally_57dfea6b_WdoC5vyl (f9ba22e1-06a8-43ab-b253-0b99a06c190e)
2019-07-06 09:40:57.373 22705 RALLYDEBUG rally_openstack.cleanup.manager [-] Deleting neutron.port object s_rally_57dfea6b_WUdrCJU4 (fb3f76ef-5d97-410f-8e83-cdd8b75a910e)
2019-07-06 09:40:57.373 22705 RALLYDEBUG rally_openstack.cleanup.manager [-] Deleting neutron.port object s_rally_57dfea6b_m0usAE06 (fa46c126-af16-4392-9b37-b590ff0fae58)
2019-07-06 09:40:57.836 22705 RALLYDEBUG rally_openstack.cleanup.manager [-] Deleting neutron.port object s_rally_57dfea6b_uCDlEAuI (fb43f286-19a5-4374-9708-5d57b99b9aa1)
2019-07-06 09:40:57.870 22705 RALLYDEBUG rally_openstack.cleanup.manager [-] Deleting neutron.port object s_rally_57dfea6b_je9GncBZ (fbe37b92-ff26-4fcf-9a51-6ce762418b91)
2019-07-06 09:40:57.900 22705 RALLYDEBUG rally_openstack.cleanup.manager [-] Deleting neutron.port object s_rally_57dfea6b_rjXq0aME (fc85b05f-45cc-4005-b5ee-c4ad61f0df07)
2019-07-06 09:40:58.042 22705 RALLYDEBUG rally_openstack.cleanup.manager [-] Deleting neutron.port object s_rally_57dfea6b_Vgucil7K (fdb3f64e-69dc-4b7a-a19f-5b2db03c236e)
2019-07-06 09:40:58.090 22705 RALLYDEBUG rally_openstack.cleanup.manager [-] Deleting neutron.port object s_rally_57dfea6b_OxL7uFqD (fdd05204-9be8-4ae2-8c09-2ab6c18a7327)
2019-07-06 09:41:00.788 22705 RALLYDEBUG rally_openstack.cleanup.manager [-] Cleaning up neutron subnet objects
2019-07-06 09:41:01.454 22705 RALLYDEBUG rally_openstack.cleanup.manager [-] Cleaning up neutron network objects
2019-07-06 09:41:02.186 22705 RALLYDEBUG rally_openstack.cleanup.manager [-] Deleting neutron.network object s_rally_57dfea6b_0hqLZWMb (002dc1a9-37ee-468a-b740-a0718763835f)
2019-07-06 09:41:02.192 22705 RALLYDEBUG rally_openstack.cleanup.manager [-] Deleting neutron.network object s_rally_57dfea6b_hDfCvFLL (0205873c-9043-4c66-a868-1d0af9e88f11)
2019-07-06 09:41:02.202 22705 RALLYDEBUG rally_openstack.cleanup.manager [-] Deleting neutron.network object s_rally_57dfea6b_K7LAxok2 (1f43c09c-38a0-4967-ae0a-95356fe2f6e9)
2019-07-06 09:41:02.212 22705 RALLYDEBUG rally_openstack.cleanup.manager [-] Deleting neutron.network object s_rally_57dfea6b_f5cQJhjF (5d0c51c2-d99c-4da8-b6bf-357d0da1ba42)
2019-07-06 09:41:02.218 22705 RALLYDEBUG rally_openstack.cleanup.manager [-] Deleting neutron.network object s_rally_57dfea6b_ozoZCzxI (b2a9cdbe-2243-45dd-bcd7-2242ac356f1b)
2019-07-06 09:41:02.221 22705 RALLYDEBUG rally_openstack.cleanup.manager [-] Deleting neutron.network object s_rally_57dfea6b_NYCZJeNT (909f4e33-d89e-423f-ae58-c9b9f13585ee)
2019-07-06 09:41:02.229 22705 RALLYDEBUG rally_openstack.cleanup.manager [-] Deleting neutron.network object s_rally_57dfea6b_KRjcbQoP (dc2d6650-3b58-4e6f-824d-6038d365d2b4)
2019-07-06 09:41:02.250 22705 RALLYDEBUG rally_openstack.cleanup.manager [-] Deleting neutron.network object s_rally_57dfea6b_DyyerhCV (fafc8ae7-4fbc-4982-9f16-f960b1638fe7)
2019-07-06 09:41:05.166 22705 RALLYDEBUG rally_openstack.cleanup.manager [-] Cleaning up neutron router objects
2019-07-06 09:41:05.849 22705 RALLYDEBUG rally_openstack.cleanup.manager [-] Cleaning up neutron security_group objects
2019-07-06 09:41:06.931 22705 INFO rally.task.context [-] Task 9a3d1128-4ce5-4239-a905-19e2eefad72d | Context cleanup@openstack cleanup() finished in 1.28 min
2019-07-06 09:41:06.931 22705 INFO rally.task.context [-] Task 9a3d1128-4ce5-4239-a905-19e2eefad72d | Context quotas@openstack cleanup() started
2019-07-06 09:41:07.169 22705 INFO rally.task.context [-] Task 9a3d1128-4ce5-4239-a905-19e2eefad72d | Context quotas@openstack cleanup() finished in 0.24 sec
2019-07-06 09:41:07.169 22705 INFO rally.task.context [-] Task 9a3d1128-4ce5-4239-a905-19e2eefad72d | Context users@openstack cleanup() started
2019-07-06 09:41:11.818 22705 INFO rally.task.context [-] Task 9a3d1128-4ce5-4239-a905-19e2eefad72d | Context users@openstack cleanup() finished in 4.65 sec
2019-07-06 09:41:13.123 22705 INFO rally.task.engine [-] Load duration is: 126.549248
2019-07-06 09:41:13.124 22705 INFO rally.task.engine [-] Full runner duration is: 126.593202
2019-07-06 09:41:13.124 22705 INFO rally.task.engine [-] Full duration is: 213.493573
2019-07-06 09:41:13.312 22705 INFO rally.task.engine [-] Running workload: position = 1 config = { "version": 2, "title": "A cropped version of a bigger task.", "description": "Auto-generated task from a single workload (uuid=52525a94-9779-4351-8d47-24da606aa7a3)", "subtasks": [ { "title": "NeutronNetworks.create_and_update_ports", "description": "Create and update a given number of ports.", "scenario": { "NeutronNetworks.create_and_update_ports": { "network_create_args": {}, "port_create_args": {}, "ports_per_network": 5, "port_update_args": { "admin_state_up": false, "device_id": "dummy_id", "device_owner": "dummy_owner", "name": "_port_updated" } } }, "contexts": { "users": { "tenants": 1, "users_per_tenant": 1 }, "quotas": { "neutron": { "network": -1, "port": -1 } } }, "runner": { "constant": { "times": 40, "concurrency": 20 } }, "hooks": [], "sla": { "failure_rate": { "max": 0 } } } ] }
2019-07-06 09:41:13.336 22705 RALLYDEBUG rally_openstack.contexts.keystone.users [-] Creating 1 tenants using 20 threads
2019-07-06 09:41:15.101 22705 RALLYDEBUG rally_openstack.contexts.keystone.users [-] Creating 1 users using 20 threads
2019-07-06 09:41:17.705 22705 INFO rally.task.context [-] Task 9a3d1128-4ce5-4239-a905-19e2eefad72d | Context users@openstack setup() finished in 4.37 sec
2019-07-06 09:41:18.378 22705 INFO rally.task.context [-] Task 9a3d1128-4ce5-4239-a905-19e2eefad72d | Context quotas@openstack setup() finished in 0.67 sec
2019-07-06 09:41:18.379 22705 INFO rally.task.context [-] Task 9a3d1128-4ce5-4239-a905-19e2eefad72d | Context cleanup@openstack setup() finished in 0.00 msec
2019-07-06 09:41:18.386 22705 RALLYDEBUG rally.task.runner [-] Starting the constant runner (task UUID: 9a3d1128-4ce5-4239-a905-19e2eefad72d). timeout: 0 concurrency: 20 concurrency_per_worker: 1 times: 40 concurrency_overhead: 4 processes_to_start: 16 max_cpu_used: 16
2019-07-06 09:41:18.399 26581 RALLYDEBUG rally.task.runner [-] Starting a worker. concurrency: 2 args: {"network_create_args": {}, "port_create_args": {}, "ports_per_network": 5, "port_update_args": {"admin_state_up": false, "device_id": "dummy_id", "device_owner": "dummy_owner", "name": "_port_updated"}} times: 40 method_name: run timeout: 0 duration: None cls:
2019-07-06 09:41:18.402 26582 RALLYDEBUG rally.task.runner [-] Starting a worker. concurrency: 2 args: {"network_create_args": {}, "port_create_args": {}, "ports_per_network": 5, "port_update_args": {"admin_state_up": false, "device_id": "dummy_id", "device_owner": "dummy_owner", "name": "_port_updated"}} times: 40 method_name: run timeout: 0 duration: None cls:
2019-07-06 09:41:18.405 26583 RALLYDEBUG rally.task.runner [-] Starting a worker. concurrency: 2 args: {"network_create_args": {}, "port_create_args": {}, "ports_per_network": 5, "port_update_args": {"admin_state_up": false, "device_id": "dummy_id", "device_owner": "dummy_owner", "name": "_port_updated"}} times: 40 method_name: run timeout: 0 duration: None cls:
2019-07-06 09:41:18.407 26581 INFO rally.task.runner [-] Task 9a3d1128-4ce5-4239-a905-19e2eefad72d | ITER: 1 START
2019-07-06 09:41:18.408 26584 RALLYDEBUG rally.task.runner [-] Starting a worker. concurrency: 2 args: {"network_create_args": {}, "port_create_args": {}, "ports_per_network": 5, "port_update_args": {"admin_state_up": false, "device_id": "dummy_id", "device_owner": "dummy_owner", "name": "_port_updated"}} times: 40 method_name: run timeout: 0 duration: None cls:
2019-07-06 09:41:18.410 26582 INFO rally.task.runner [-] Task 9a3d1128-4ce5-4239-a905-19e2eefad72d | ITER: 2 START
2019-07-06 09:41:18.411 26581 WARNING rally_openstack.scenarios.neutron.utils [-] Running this scenario without either the 'network' or 'existing_network' context is deprecated
2019-07-06 09:41:18.412 26583 INFO rally.task.runner [-] Task 9a3d1128-4ce5-4239-a905-19e2eefad72d | ITER: 4 START
2019-07-06 09:41:18.412 26586 RALLYDEBUG rally.task.runner [-] Starting a worker. concurrency: 1 args: {"network_create_args": {}, "port_create_args": {}, "ports_per_network": 5, "port_update_args": {"admin_state_up": false, "device_id": "dummy_id", "device_owner": "dummy_owner", "name": "_port_updated"}} times: 40 method_name: run timeout: 0 duration: None cls:
2019-07-06 09:41:18.413 26590 RALLYDEBUG rally.task.runner [-] Starting a worker. concurrency: 1 args: {"network_create_args": {}, "port_create_args": {}, "ports_per_network": 5, "port_update_args": {"admin_state_up": false, "device_id": "dummy_id", "device_owner": "dummy_owner", "name": "_port_updated"}} times: 40 method_name: run timeout: 0 duration: None cls:
2019-07-06 09:41:18.413 26582 WARNING rally_openstack.scenarios.neutron.utils [-] Running this scenario without either the 'network' or 'existing_network' context is deprecated
2019-07-06 09:41:18.414 26583 WARNING rally_openstack.scenarios.neutron.utils [-] Running this scenario without either the 'network' or 'existing_network' context is deprecated
2019-07-06 09:41:18.419 26586 INFO rally.task.runner [-] Task 9a3d1128-4ce5-4239-a905-19e2eefad72d | ITER: 9 START
2019-07-06 09:41:18.418 26584 INFO rally.task.runner [-] Task 9a3d1128-4ce5-4239-a905-19e2eefad72d | ITER: 6 START
2019-07-06 09:41:18.418 26593 RALLYDEBUG rally.task.runner [-] Starting a worker. concurrency: 1 args: {"network_create_args": {}, "port_create_args": {}, "ports_per_network": 5, "port_update_args": {"admin_state_up": false, "device_id": "dummy_id", "device_owner": "dummy_owner", "name": "_port_updated"}} times: 40 method_name: run timeout: 0 duration: None cls:
2019-07-06 09:41:18.420 26586 WARNING rally_openstack.scenarios.neutron.utils [-] Running this scenario without either the 'network' or 'existing_network' context is deprecated
2019-07-06 09:41:18.415 26582 INFO rally.task.runner [-] Task 9a3d1128-4ce5-4239-a905-19e2eefad72d | ITER: 5 START
2019-07-06 09:41:18.422 26581 INFO rally.task.runner [-] Task 9a3d1128-4ce5-4239-a905-19e2eefad72d | ITER: 3 START
2019-07-06 09:41:18.422 26590 INFO rally.task.runner [-] Task 9a3d1128-4ce5-4239-a905-19e2eefad72d | ITER: 10 START
2019-07-06 09:41:18.421 26584 WARNING rally_openstack.scenarios.neutron.utils [-] Running this scenario without either the 'network' or 'existing_network' context is deprecated
2019-07-06 09:41:18.422 26597 RALLYDEBUG rally.task.runner [-] Starting a worker. concurrency: 1 args: {"network_create_args": {}, "port_create_args": {}, "ports_per_network": 5, "port_update_args": {"admin_state_up": false, "device_id": "dummy_id", "device_owner": "dummy_owner", "name": "_port_updated"}} times: 40 method_name: run timeout: 0 duration: None cls:
2019-07-06 09:41:18.423 26581 WARNING rally_openstack.scenarios.neutron.utils [-] Running this scenario without either the 'network' or 'existing_network' context is deprecated
2019-07-06 09:41:18.423 26582 WARNING rally_openstack.scenarios.neutron.utils [-] Running this scenario without either the 'network' or 'existing_network' context is deprecated
2019-07-06 09:41:18.423 26590 WARNING rally_openstack.scenarios.neutron.utils [-] Running this scenario without either the 'network' or 'existing_network' context is deprecated
2019-07-06 09:41:18.425 26583 INFO rally.task.runner [-] Task 9a3d1128-4ce5-4239-a905-19e2eefad72d | ITER: 7 START
2019-07-06 09:41:18.426 26593 INFO rally.task.runner [-] Task 9a3d1128-4ce5-4239-a905-19e2eefad72d | ITER: 11 START
2019-07-06 09:41:18.427 26593 WARNING rally_openstack.scenarios.neutron.utils [-] Running this scenario without either the 'network' or 'existing_network' context is deprecated
2019-07-06 09:41:18.428 26597 INFO rally.task.runner [-] Task 9a3d1128-4ce5-4239-a905-19e2eefad72d | ITER: 12 START
2019-07-06 09:41:18.429 26597 WARNING rally_openstack.scenarios.neutron.utils [-] Running this scenario without either the 'network' or 'existing_network' context is deprecated
2019-07-06 09:41:18.429 26583 WARNING rally_openstack.scenarios.neutron.utils [-] Running this scenario without either the 'network' or 'existing_network' context is deprecated
2019-07-06 09:41:18.422 26584 INFO rally.task.runner [-] Task 9a3d1128-4ce5-4239-a905-19e2eefad72d | ITER: 8 START
2019-07-06 09:41:18.431 26584 WARNING rally_openstack.scenarios.neutron.utils [-] Running this scenario without either the 'network' or 'existing_network' context is deprecated
2019-07-06 09:41:18.432 26607 RALLYDEBUG rally.task.runner [-] Starting a worker. concurrency: 1 args: {"network_create_args": {}, "port_create_args": {}, "ports_per_network": 5, "port_update_args": {"admin_state_up": false, "device_id": "dummy_id", "device_owner": "dummy_owner", "name": "_port_updated"}} times: 40 method_name: run timeout: 0 duration: None cls:
2019-07-06 09:41:18.431 26602 RALLYDEBUG rally.task.runner [-] Starting a worker. concurrency: 1 args: {"network_create_args": {}, "port_create_args": {}, "ports_per_network": 5, "port_update_args": {"admin_state_up": false, "device_id": "dummy_id", "device_owner": "dummy_owner", "name": "_port_updated"}} times: 40 method_name: run timeout: 0 duration: None cls:
2019-07-06 09:41:18.440 26607 INFO rally.task.runner [-] Task 9a3d1128-4ce5-4239-a905-19e2eefad72d | ITER: 13 START
2019-07-06 09:41:18.439 26611 RALLYDEBUG rally.task.runner [-] Starting a worker. concurrency: 1 args: {"network_create_args": {}, "port_create_args": {}, "ports_per_network": 5, "port_update_args": {"admin_state_up": false, "device_id": "dummy_id", "device_owner": "dummy_owner", "name": "_port_updated"}} times: 40 method_name: run timeout: 0 duration: None cls:
2019-07-06 09:41:18.440 26602 INFO rally.task.runner [-] Task 9a3d1128-4ce5-4239-a905-19e2eefad72d | ITER: 14 START
2019-07-06 09:41:18.441 26607 WARNING rally_openstack.scenarios.neutron.utils [-] Running this scenario without either the 'network' or 'existing_network' context is deprecated
2019-07-06 09:41:18.442 26602 WARNING rally_openstack.scenarios.neutron.utils [-] Running this scenario without either the 'network' or 'existing_network' context is deprecated
2019-07-06 09:41:18.446 26611 INFO rally.task.runner [-] Task 9a3d1128-4ce5-4239-a905-19e2eefad72d | ITER: 15 START
2019-07-06 09:41:18.447 26611 WARNING rally_openstack.scenarios.neutron.utils [-] Running this scenario without either the 'network' or 'existing_network' context is deprecated
2019-07-06 09:41:18.450 26616 RALLYDEBUG rally.task.runner [-] Starting a worker. concurrency: 1 args: {"network_create_args": {}, "port_create_args": {}, "ports_per_network": 5, "port_update_args": {"admin_state_up": false, "device_id": "dummy_id", "device_owner": "dummy_owner", "name": "_port_updated"}} times: 40 method_name: run timeout: 0 duration: None cls:
2019-07-06 09:41:18.457 26619 RALLYDEBUG rally.task.runner [-] Starting a worker. concurrency: 1 args: {"network_create_args": {}, "port_create_args": {}, "ports_per_network": 5, "port_update_args": {"admin_state_up": false, "device_id": "dummy_id", "device_owner": "dummy_owner", "name": "_port_updated"}} times: 40 method_name: run timeout: 0 duration: None cls:
2019-07-06 09:41:18.461 26620 RALLYDEBUG rally.task.runner [-] Starting a worker. concurrency: 1 args: {"network_create_args": {}, "port_create_args": {}, "ports_per_network": 5, "port_update_args": {"admin_state_up": false, "device_id": "dummy_id", "device_owner": "dummy_owner", "name": "_port_updated"}} times: 40 method_name: run timeout: 0 duration: None cls:
2019-07-06 09:41:18.462 26616 INFO rally.task.runner [-] Task 9a3d1128-4ce5-4239-a905-19e2eefad72d | ITER: 16 START
2019-07-06 09:41:18.464 26616 WARNING rally_openstack.scenarios.neutron.utils [-] Running this scenario without either the 'network' or 'existing_network' context is deprecated
2019-07-06 09:41:18.466 26619 INFO rally.task.runner [-] Task 9a3d1128-4ce5-4239-a905-19e2eefad72d | ITER: 17 START
2019-07-06 09:41:18.466 26622 RALLYDEBUG rally.task.runner [-] Starting a worker. concurrency: 1 args: {"network_create_args": {}, "port_create_args": {}, "ports_per_network": 5, "port_update_args": {"admin_state_up": false, "device_id": "dummy_id", "device_owner": "dummy_owner", "name": "_port_updated"}} times: 40 method_name: run timeout: 0 duration: None cls:
2019-07-06 09:41:18.468 26619 WARNING rally_openstack.scenarios.neutron.utils [-] Running this scenario without either the 'network' or 'existing_network' context is deprecated
2019-07-06 09:41:18.471 26620 INFO rally.task.runner [-] Task 9a3d1128-4ce5-4239-a905-19e2eefad72d | ITER: 18 START
2019-07-06 09:41:18.472 26622 INFO rally.task.runner [-] Task 9a3d1128-4ce5-4239-a905-19e2eefad72d | ITER: 19 START
2019-07-06 09:41:18.473 26620 WARNING rally_openstack.scenarios.neutron.utils [-] Running this scenario without either the 'network' or 'existing_network' context is deprecated
2019-07-06 09:41:18.474 26622 WARNING rally_openstack.scenarios.neutron.utils [-] Running this scenario without either the 'network' or 'existing_network' context is deprecated
2019-07-06 09:41:18.474 26627 RALLYDEBUG rally.task.runner [-] Starting a worker. concurrency: 1 args: {"network_create_args": {}, "port_create_args": {}, "ports_per_network": 5, "port_update_args": {"admin_state_up": false, "device_id": "dummy_id", "device_owner": "dummy_owner", "name": "_port_updated"}} times: 40 method_name: run timeout: 0 duration: None cls:
2019-07-06 09:41:18.478 26627 INFO rally.task.runner [-] Task 9a3d1128-4ce5-4239-a905-19e2eefad72d | ITER: 20 START
2019-07-06 09:41:18.479 26627 WARNING rally_openstack.scenarios.neutron.utils [-] Running this scenario without either the 'network' or 'existing_network' context is deprecated
2019-07-06 09:41:28.523 26586 INFO rally.task.runner [-] Task 9a3d1128-4ce5-4239-a905-19e2eefad72d | ITER: 9 END: OK
2019-07-06 09:41:28.528 26586 INFO rally.task.runner [-] Task 9a3d1128-4ce5-4239-a905-19e2eefad72d | ITER: 21 START
2019-07-06 09:41:28.529 26586 WARNING rally_openstack.scenarios.neutron.utils [-] Running this scenario without either the 'network' or 'existing_network' context is deprecated
2019-07-06 09:41:28.575 26607 INFO rally.task.runner [-] Task 9a3d1128-4ce5-4239-a905-19e2eefad72d | ITER: 13 END: OK
2019-07-06 09:41:28.580 26607 INFO rally.task.runner [-] Task 9a3d1128-4ce5-4239-a905-19e2eefad72d | ITER: 22 START
2019-07-06 09:41:28.581 26607 WARNING rally_openstack.scenarios.neutron.utils [-] Running this scenario without either the 'network' or 'existing_network' context is deprecated
2019-07-06 09:41:29.836 26627 INFO rally.task.runner [-] Task 9a3d1128-4ce5-4239-a905-19e2eefad72d | ITER: 20 END: OK
2019-07-06 09:41:29.840 26627 INFO rally.task.runner [-] Task 9a3d1128-4ce5-4239-a905-19e2eefad72d | ITER: 23 START
2019-07-06 09:41:29.841 26627 WARNING rally_openstack.scenarios.neutron.utils [-] Running this scenario without either the 'network' or 'existing_network' context is deprecated
2019-07-06 09:41:35.333 26583 INFO rally.task.runner [-] Task 9a3d1128-4ce5-4239-a905-19e2eefad72d | ITER: 7 END: OK
2019-07-06 09:41:35.338 26583 INFO rally.task.runner [-] Task 9a3d1128-4ce5-4239-a905-19e2eefad72d | ITER: 24 START
2019-07-06 09:41:35.339 26583 WARNING rally_openstack.scenarios.neutron.utils [-] Running this scenario without either the 'network' or 'existing_network' context is deprecated
2019-07-06 09:41:35.974 26611 INFO rally.task.runner [-] Task 9a3d1128-4ce5-4239-a905-19e2eefad72d | ITER: 15 END: OK
2019-07-06 09:41:35.979 26611 INFO rally.task.runner [-] Task 9a3d1128-4ce5-4239-a905-19e2eefad72d | ITER: 25 START
2019-07-06 09:41:35.980 26611 WARNING rally_openstack.scenarios.neutron.utils [-] Running this scenario without either the 'network' or 'existing_network' context is deprecated
2019-07-06 09:41:36.169 26582 INFO rally.task.runner [-] Task 9a3d1128-4ce5-4239-a905-19e2eefad72d | ITER: 5 END: OK
2019-07-06 09:41:36.173 26582 INFO rally.task.runner [-] Task 9a3d1128-4ce5-4239-a905-19e2eefad72d | ITER: 26 START
2019-07-06 09:41:36.174 26582 WARNING rally_openstack.scenarios.neutron.utils [-] Running this scenario without either the 'network' or 'existing_network' context is deprecated
2019-07-06 09:41:36.222 26583 INFO rally.task.runner [-] Task 9a3d1128-4ce5-4239-a905-19e2eefad72d | ITER: 4 END: OK
2019-07-06 09:41:36.226 26583 INFO rally.task.runner [-] Task 9a3d1128-4ce5-4239-a905-19e2eefad72d | ITER: 27 START
2019-07-06 09:41:36.227 26583 WARNING rally_openstack.scenarios.neutron.utils [-] Running this scenario without either the 'network' or 'existing_network' context is deprecated
2019-07-06 09:41:36.398 26593 INFO rally.task.runner [-] Task 9a3d1128-4ce5-4239-a905-19e2eefad72d | ITER: 11 END: OK
2019-07-06 09:41:36.402 26593 INFO rally.task.runner [-] Task 9a3d1128-4ce5-4239-a905-19e2eefad72d | ITER: 28 START
2019-07-06 09:41:36.403 26584 INFO rally.task.runner [-] Task 9a3d1128-4ce5-4239-a905-19e2eefad72d | ITER: 8 END: OK
2019-07-06 09:41:36.403 26593 WARNING rally_openstack.scenarios.neutron.utils [-] Running this scenario without either the 'network' or 'existing_network' context is deprecated
2019-07-06 09:41:36.406 26584 INFO rally.task.runner [-] Task 9a3d1128-4ce5-4239-a905-19e2eefad72d | ITER: 29 START
2019-07-06 09:41:36.407 26584 WARNING rally_openstack.scenarios.neutron.utils [-] Running this scenario without either the 'network' or 'existing_network' context is deprecated
2019-07-06 09:41:36.639 26582 INFO rally.task.runner [-] Task 9a3d1128-4ce5-4239-a905-19e2eefad72d | ITER: 2 END: OK
2019-07-06 09:41:36.643 26582 INFO rally.task.runner [-] Task 9a3d1128-4ce5-4239-a905-19e2eefad72d | ITER: 30 START
2019-07-06 09:41:36.643 26582 WARNING rally_openstack.scenarios.neutron.utils [-] Running this scenario without either the 'network' or 'existing_network' context is deprecated
2019-07-06 09:41:37.038 26602 INFO rally.task.runner [-] Task 9a3d1128-4ce5-4239-a905-19e2eefad72d | ITER: 14 END: OK
2019-07-06 09:41:37.042 26602 INFO rally.task.runner [-] Task 9a3d1128-4ce5-4239-a905-19e2eefad72d | ITER: 31 START
2019-07-06 09:41:37.043 26602 WARNING rally_openstack.scenarios.neutron.utils [-] Running this scenario without either the 'network' or 'existing_network' context is deprecated
2019-07-06 09:41:37.151 26586 INFO rally.task.runner [-] Task 9a3d1128-4ce5-4239-a905-19e2eefad72d | ITER: 21 END: OK
2019-07-06 09:41:37.155 26586 INFO rally.task.runner [-] Task 9a3d1128-4ce5-4239-a905-19e2eefad72d | ITER: 32 START
2019-07-06 09:41:37.155 26586 WARNING rally_openstack.scenarios.neutron.utils [-] Running this scenario without either the 'network' or 'existing_network' context is deprecated
2019-07-06 09:41:37.174 26607 INFO rally.task.runner [-] Task 9a3d1128-4ce5-4239-a905-19e2eefad72d | ITER: 22 END: OK
2019-07-06 09:41:37.178 26607 INFO rally.task.runner [-] Task 9a3d1128-4ce5-4239-a905-19e2eefad72d | ITER: 33 START
2019-07-06 09:41:37.179 26607 WARNING rally_openstack.scenarios.neutron.utils [-] Running this scenario without either the 'network' or 'existing_network' context is deprecated
2019-07-06 09:41:38.854 26627 INFO rally.task.runner [-] Task 9a3d1128-4ce5-4239-a905-19e2eefad72d | ITER: 23 END: OK
2019-07-06 09:41:38.858 26627 INFO rally.task.runner [-] Task 9a3d1128-4ce5-4239-a905-19e2eefad72d | ITER: 34 START
2019-07-06 09:41:38.859 26627 WARNING rally_openstack.scenarios.neutron.utils [-] Running this scenario without either the 'network' or 'existing_network' context is deprecated
2019-07-06 09:41:45.433 26611 INFO rally.task.runner [-] Task 9a3d1128-4ce5-4239-a905-19e2eefad72d | ITER: 25 END: OK
2019-07-06 09:41:45.437 26611 INFO rally.task.runner [-] Task 9a3d1128-4ce5-4239-a905-19e2eefad72d | ITER: 35 START
2019-07-06 09:41:45.438 26611 WARNING rally_openstack.scenarios.neutron.utils [-] Running this scenario without either the 'network' or 'existing_network' context is deprecated
2019-07-06 09:41:45.454 26607 INFO rally.task.runner [-] Task 9a3d1128-4ce5-4239-a905-19e2eefad72d | ITER: 33 END: OK
2019-07-06 09:41:45.458 26607 INFO rally.task.runner [-] Task 9a3d1128-4ce5-4239-a905-19e2eefad72d | ITER: 36 START
2019-07-06 09:41:45.458 26607 WARNING rally_openstack.scenarios.neutron.utils [-] Running this scenario without either the 'network' or 'existing_network' context is deprecated
2019-07-06 09:41:46.713 26627 INFO rally.task.runner [-] Task 9a3d1128-4ce5-4239-a905-19e2eefad72d | ITER: 34 END: OK
2019-07-06 09:41:46.717 26627 INFO rally.task.runner [-] Task 9a3d1128-4ce5-4239-a905-19e2eefad72d | ITER: 37 START
2019-07-06 09:41:46.718 26627 WARNING rally_openstack.scenarios.neutron.utils [-] Running this scenario without either the 'network' or 'existing_network' context is deprecated
2019-07-06 09:41:50.866 26597 INFO rally.task.runner [-] Task 9a3d1128-4ce5-4239-a905-19e2eefad72d | ITER: 12 END: OK
2019-07-06 09:41:50.876 26597 INFO rally.task.runner [-] Task 9a3d1128-4ce5-4239-a905-19e2eefad72d | ITER: 38 START
2019-07-06 09:41:50.877 26597 WARNING rally_openstack.scenarios.neutron.utils [-] Running this scenario without either the 'network' or 'existing_network' context is deprecated
2019-07-06 09:41:51.975 26581 INFO rally.task.runner [-] Task 9a3d1128-4ce5-4239-a905-19e2eefad72d | ITER: 1 END: OK
2019-07-06 09:41:51.981 26581 INFO rally.task.runner [-] Task 9a3d1128-4ce5-4239-a905-19e2eefad72d | ITER: 39 START
2019-07-06 09:41:51.981 26581 WARNING rally_openstack.scenarios.neutron.utils [-] Running this scenario without either the 'network' or 'existing_network' context is deprecated
2019-07-06 09:41:52.027 26583 INFO rally.task.runner [-] Task 9a3d1128-4ce5-4239-a905-19e2eefad72d | ITER: 24 END: OK
2019-07-06 09:41:52.035 26583 INFO rally.task.runner [-] Task 9a3d1128-4ce5-4239-a905-19e2eefad72d | ITER: 40 START
2019-07-06 09:41:52.036 26583 WARNING rally_openstack.scenarios.neutron.utils [-] Running this scenario without either the 'network' or 'existing_network' context is deprecated
2019-07-06 09:41:52.100 26581 INFO rally.task.runner [-] Task 9a3d1128-4ce5-4239-a905-19e2eefad72d | ITER: 3 END: OK
2019-07-06 09:41:52.111 26584 INFO rally.task.runner [-] Task 9a3d1128-4ce5-4239-a905-19e2eefad72d | ITER: 29 END: OK
2019-07-06 09:41:52.283 26590 INFO rally.task.runner [-] Task 9a3d1128-4ce5-4239-a905-19e2eefad72d | ITER: 10 END: OK
2019-07-06 09:41:54.788 26627 INFO rally.task.runner [-] Task 9a3d1128-4ce5-4239-a905-19e2eefad72d | ITER: 37 END: OK
2019-07-06 09:41:59.355 26582 INFO rally.task.runner [-] Task 9a3d1128-4ce5-4239-a905-19e2eefad72d | ITER: 26 END: OK
2019-07-06 09:41:59.424 26597 INFO rally.task.runner [-] Task 9a3d1128-4ce5-4239-a905-19e2eefad72d | ITER: 38 END: OK
2019-07-06 09:41:59.427 26584 INFO rally.task.runner [-] Task 9a3d1128-4ce5-4239-a905-19e2eefad72d | ITER: 6 END: OK
2019-07-06 09:41:59.563 26622 INFO rally.task.runner [-] Task 9a3d1128-4ce5-4239-a905-19e2eefad72d | ITER: 19 END: OK
2019-07-06 09:41:59.582 26583 INFO rally.task.runner [-] Task 9a3d1128-4ce5-4239-a905-19e2eefad72d | ITER: 27 END: OK
2019-07-06 09:41:59.668 26619 INFO rally.task.runner [-] Task 9a3d1128-4ce5-4239-a905-19e2eefad72d | ITER: 17 END: OK
2019-07-06 09:41:59.745 26620 INFO rally.task.runner [-] Task 9a3d1128-4ce5-4239-a905-19e2eefad72d | ITER: 18 END: OK
2019-07-06 09:41:59.750 26616 INFO rally.task.runner [-] Task 9a3d1128-4ce5-4239-a905-19e2eefad72d | ITER: 16 END: OK
2019-07-06 09:41:59.877 26593 INFO rally.task.runner [-] Task 9a3d1128-4ce5-4239-a905-19e2eefad72d | ITER: 28 END: OK
2019-07-06 09:42:00.213 26581 INFO rally.task.runner [-] Task 9a3d1128-4ce5-4239-a905-19e2eefad72d | ITER: 39 END: OK
2019-07-06 09:42:00.348 26582 INFO rally.task.runner [-] Task 9a3d1128-4ce5-4239-a905-19e2eefad72d | ITER: 30 END: OK
2019-07-06 09:42:00.398 26583 INFO rally.task.runner [-] Task 9a3d1128-4ce5-4239-a905-19e2eefad72d | ITER: 40 END: OK
2019-07-06 09:42:00.704 26602 INFO rally.task.runner [-] Task 9a3d1128-4ce5-4239-a905-19e2eefad72d | ITER: 31 END: OK
2019-07-06 09:42:00.726 26611 INFO rally.task.runner [-] Task 9a3d1128-4ce5-4239-a905-19e2eefad72d | ITER: 35 END: OK
2019-07-06 09:42:00.783 26607 INFO rally.task.runner [-] Task 9a3d1128-4ce5-4239-a905-19e2eefad72d | ITER: 36 END: OK
2019-07-06 09:42:00.861 26586 INFO rally.task.runner [-] Task 9a3d1128-4ce5-4239-a905-19e2eefad72d | ITER: 32 END: OK
2019-07-06 09:42:00.883 22705 INFO rally.task.context [-] Task 9a3d1128-4ce5-4239-a905-19e2eefad72d | Context cleanup@openstack cleanup() started
2019-07-06 09:42:00.885 22705 RALLYDEBUG rally_openstack.cleanup.manager [-] Cleaning up neutron vip objects
2019-07-06 09:42:01.610 22705 RALLYDEBUG rally_openstack.cleanup.manager [-] Cleaning up neutron health_monitor objects
2019-07-06 09:42:02.362 22705 RALLYDEBUG rally_openstack.cleanup.manager [-] Cleaning up neutron pool objects
2019-07-06 09:42:02.990 22705 RALLYDEBUG rally_openstack.cleanup.manager [-] Cleaning up neutron loadbalancer objects
2019-07-06 09:42:03.703 22705 RALLYDEBUG rally_openstack.cleanup.manager [-] Cleaning up neutron floatingip objects
2019-07-06 09:42:04.403 22705 RALLYDEBUG rally_openstack.cleanup.manager [-] Cleaning up neutron port objects
2019-07-06 09:42:05.875 22705 RALLYDEBUG rally_openstack.cleanup.manager [-] Deleting neutron.port object s_rally_52525a94_enKUeBbH (0c39763e-2724-4538-9bc1-2eceeac2bb51)
2019-07-06 09:42:05.883 22705 RALLYDEBUG rally_openstack.cleanup.manager [-] Deleting neutron.port object s_rally_52525a94_6Lx5ksJl (081b36e1-c257-4e81-960e-914c35914555)
2019-07-06 09:42:05.886 22705 RALLYDEBUG rally_openstack.cleanup.manager [-] Deleting neutron.port object s_rally_52525a94_9nxyZlVP (0d35223a-ead5-4063-a1fc-e779a81ee35d)
2019-07-06 09:42:05.887 22705 RALLYDEBUG rally_openstack.cleanup.manager [-] Deleting neutron.port object s_rally_52525a94_Pj750B6n (12425af1-75e7-4163-b5fc-12d104564735)
2019-07-06 09:42:05.887 22705 RALLYDEBUG rally_openstack.cleanup.manager [-] Deleting neutron.port object s_rally_52525a94_ctBPRHmm (03918f35-9541-4928-a3ac-b1ca873ef08c)
2019-07-06 09:42:05.894 22705 RALLYDEBUG rally_openstack.cleanup.manager [-] Deleting neutron.port object s_rally_52525a94_uG4ifuSv (05b067de-3fc3-41a2-b32f-ba1c0d48d822)
2019-07-06 09:42:05.899 22705 RALLYDEBUG rally_openstack.cleanup.manager [-] Deleting neutron.port object s_rally_52525a94_xwZqmMT1 (049385a1-e4e1-4383-a64b-6cd7204c281c)
2019-07-06 09:42:05.900 22705 RALLYDEBUG rally_openstack.cleanup.manager [-] Deleting neutron.port object s_rally_52525a94_0kU0PDjq (09a29aac-e462-4c86-9e04-a0811a321f38)
2019-07-06 09:42:05.903 22705 RALLYDEBUG rally_openstack.cleanup.manager [-] Deleting neutron.port object s_rally_52525a94_51fJ7rUg (03f26bd9-a82f-4935-8c8a-f1633129c27b)
2019-07-06 09:42:05.903 22705 RALLYDEBUG rally_openstack.cleanup.manager [-] Deleting neutron.port object s_rally_52525a94_T8guVxcx (03f36b3c-58e0-4fa6-8936-2697ee96f66f)
2019-07-06 09:42:05.909 22705 RALLYDEBUG rally_openstack.cleanup.manager [-] Deleting neutron.port object s_rally_52525a94_BNGG7BdU (0ced364c-b7ef-4552-9e7b-78aff5e0254c)
2019-07-06 09:42:05.912 22705 RALLYDEBUG rally_openstack.cleanup.manager [-] Deleting neutron.port object s_rally_52525a94_lulijV9P (0ccda49f-4aff-4376-9222-039bb5deb702)
2019-07-06 09:42:05.913 22705 RALLYDEBUG rally_openstack.cleanup.manager [-] Deleting neutron.port object s_rally_52525a94_LVHEDaV5 (0839719f-62c4-43e8-8017-fab6f077488d)
2019-07-06 09:42:05.925 22705 RALLYDEBUG rally_openstack.cleanup.manager [-] Deleting neutron.port object s_rally_52525a94_2HagNzOI (165f5f9c-9afd-46e5-a7fa-ec46a39afd75)
2019-07-06 09:42:05.930 22705 RALLYDEBUG rally_openstack.cleanup.manager [-] Deleting neutron.port object s_rally_52525a94_nmFAPEou (1248092e-7a4d-47e1-b025-0ad6440584c9)
2019-07-06 09:42:05.930 22705 RALLYDEBUG rally_openstack.cleanup.manager [-] Deleting neutron.port object s_rally_52525a94_d7dpDYBG (13b31e37-5d39-460c-9b53-c0ad8442a9a4)
2019-07-06 09:42:05.933 22705 RALLYDEBUG rally_openstack.cleanup.manager [-] Deleting neutron.port object s_rally_52525a94_Veu1nROm (14ed24f2-83a0-4af2-9b74-7170f8d753f9)
2019-07-06 09:42:05.950 22705 RALLYDEBUG rally_openstack.cleanup.manager [-] Deleting neutron.port object s_rally_52525a94_On88US6k (16517f41-c954-400e-bb15-95d6dd2ce9a2)
2019-07-06 09:42:05.988 22705 RALLYDEBUG rally_openstack.cleanup.manager [-] Deleting neutron.port object s_rally_52525a94_CNkQYIAO (1780cbc8-bfe3-49d1-8676-4b46d528d964)
2019-07-06 09:42:05.996 22705 RALLYDEBUG rally_openstack.cleanup.manager [-] Deleting neutron.port object s_rally_52525a94_POKlESRa (197376dd-b3be-4a7f-ae96-ae272558f50e)
2019-07-06 09:42:08.487 22705 RALLYDEBUG rally_openstack.cleanup.manager [-] Deleting neutron.port object s_rally_52525a94_QH5GWCcL (1ba3a953-9812-456c-832e-6730d1ec0837)
2019-07-06 09:42:08.555 22705 RALLYDEBUG rally_openstack.cleanup.manager [-] Deleting neutron.port object s_rally_52525a94_1fyoSikW (1cc20f99-2ab5-4ebc-b8e3-6211c9284aef)
2019-07-06 09:42:08.631 22705 RALLYDEBUG rally_openstack.cleanup.manager [-] Deleting neutron.port object s_rally_52525a94_vThhLhCN (1d0e814d-a78d-4128-bc8c-21ca1d4611ea)
2019-07-06 09:42:08.853 22705 RALLYDEBUG rally_openstack.cleanup.manager [-] Deleting neutron.port object s_rally_52525a94_8r8gYrWm (1e700db8-66fd-4650-9d45-ef61f3468357)
2019-07-06 09:42:08.891 22705 RALLYDEBUG rally_openstack.cleanup.manager [-] Deleting neutron.port object s_rally_52525a94_lnNs0grv (200d553f-0424-410a-abd2-63ccebfb6067)
2019-07-06 09:42:08.950 22705 RALLYDEBUG rally_openstack.cleanup.manager [-] Deleting neutron.port object s_rally_52525a94_jiU5Nk75 (21a68563-2f92-4289-83df-5e4a1e28c330)
2019-07-06 09:42:10.156 22705 RALLYDEBUG rally_openstack.cleanup.manager [-] Deleting neutron.port object s_rally_52525a94_fL3jTsrk (22337427-5557-467a-8dc7-e79fdae057de)
2019-07-06 09:42:10.582 22705 RALLYDEBUG rally_openstack.cleanup.manager [-] Deleting neutron.port object s_rally_52525a94_rSj2ZlJx (22dd80e3-bc1e-485f-b4ca-2432e489daff)
2019-07-06 09:42:10.713 22705 RALLYDEBUG rally_openstack.cleanup.manager [-] Deleting neutron.port object s_rally_52525a94_jS6vLOmB (25737372-b0f7-4e36-ab21-ac9e63d5ad78)
2019-07-06 09:42:10.785 22705 RALLYDEBUG rally_openstack.cleanup.manager [-] Deleting neutron.port object s_rally_52525a94_uF0iy799 (257b1f20-59fd-48d7-9e2d-e5a8bfad56ac)
2019-07-06 09:42:11.074 22705 RALLYDEBUG rally_openstack.cleanup.manager [-] Deleting neutron.port object s_rally_52525a94_wYiZWyqA (281b2290-cd6a-47dd-a0bb-46983e91314c)
2019-07-06 09:42:11.098 22705 RALLYDEBUG rally_openstack.cleanup.manager [-] Deleting neutron.port object s_rally_52525a94_9q5y1PNV (2acb85c3-9fb7-4731-851a-4d351dd66094)
2019-07-06 09:42:11.105 22705 RALLYDEBUG rally_openstack.cleanup.manager [-] Deleting neutron.port object s_rally_52525a94_0OU3CAdI (2bc95280-5b92-4e9b-bf88-ef5a1ec4f2ca)
2019-07-06 09:42:11.111 22705 RALLYDEBUG rally_openstack.cleanup.manager [-] Deleting neutron.port object s_rally_52525a94_GRLIXfpy (2bd2d810-ce13-4ea3-87b9-73306b4b28e9)
2019-07-06 09:42:11.355 22705 RALLYDEBUG rally_openstack.cleanup.manager [-] Deleting neutron.port object s_rally_52525a94_0sHowP0H (2bfe53ec-9c46-4a64-a24b-c97a2f9865b2)
2019-07-06 09:42:11.529 22705 RALLYDEBUG rally_openstack.cleanup.manager [-] Deleting neutron.port object s_rally_52525a94_fX78K4A9 (2dad7657-c5d5-42fd-89aa-fff37adb25cb)
2019-07-06 09:42:11.725 22705 RALLYDEBUG rally_openstack.cleanup.manager [-] Deleting neutron.port object s_rally_52525a94_bmuDAo0x (2e96b7d4-3f0d-4e19-99aa-54c8ce42c59d)
2019-07-06 09:42:11.732 22705 RALLYDEBUG rally_openstack.cleanup.manager [-] Deleting neutron.port object s_rally_52525a94_YdRSJgTc (30165d76-5eb2-4435-8123-465ac7b66796)
2019-07-06 09:42:11.779 22705 RALLYDEBUG rally_openstack.cleanup.manager [-] Deleting neutron.port object s_rally_52525a94_k8FeaP6m (306237fa-ef65-4d80-8469-951d7117e7c1)
2019-07-06 09:42:11.779 22705 RALLYDEBUG rally_openstack.cleanup.manager [-] Deleting neutron.port object s_rally_52525a94_I0ziHDfj (306f2446-97b3-4557-8328-8362ef157e56)
2019-07-06 09:42:11.925 22705 RALLYDEBUG rally_openstack.cleanup.manager [-] Deleting neutron.port object s_rally_52525a94_5dqgHWCD (32722667-fe95-4568-b2a0-dced4108d88a)
2019-07-06 09:42:13.037 22705 RALLYDEBUG rally_openstack.cleanup.manager [-] Deleting neutron.port object s_rally_52525a94_ZkNdVQhL (33999f9e-580e-4b8d-99b4-50eb3c98565f)
2019-07-06 09:42:13.228 22705 RALLYDEBUG rally_openstack.cleanup.manager [-] Deleting neutron.port object s_rally_52525a94_KoNIqlun (3417caf6-6271-481d-8ee9-48ddb22fa0c0)
2019-07-06 09:42:13.331 22705 RALLYDEBUG rally_openstack.cleanup.manager [-] Deleting neutron.port object s_rally_52525a94_IbfUXMjI (34f7bcfc-e89a-451e-8ea5-8a85634281e4)
2019-07-06 09:42:13.345 22705 RALLYDEBUG rally_openstack.cleanup.manager [-] Deleting neutron.port object s_rally_52525a94_q1sjD8JQ (35004e94-9d65-4f89-a3ff-54e27a5566fc)
2019-07-06 09:42:13.688 22705 RALLYDEBUG rally_openstack.cleanup.manager [-] Deleting neutron.port object s_rally_52525a94_89JVsmRT (361d2693-9125-498f-b981-737ac112b118)
2019-07-06 09:42:13.793 22705 RALLYDEBUG rally_openstack.cleanup.manager [-] Deleting neutron.port object s_rally_52525a94_DtOD2zXN (37ce6894-16e2-4089-9af4-49e18a8bbffc)
2019-07-06 09:42:13.826 22705 RALLYDEBUG rally_openstack.cleanup.manager [-] Deleting neutron.port object s_rally_52525a94_fhxauQ8V (37e90ddc-9cf6-45db-91eb-02607ffaec04)
2019-07-06 09:42:14.086 22705 RALLYDEBUG rally_openstack.cleanup.manager [-] Deleting neutron.port object s_rally_52525a94_YOl60mNH (38a01c15-3ed0-40de-a24f-030424d203b8)
2019-07-06 09:42:14.086 22705 RALLYDEBUG rally_openstack.cleanup.manager [-] Deleting neutron.port object s_rally_52525a94_f07GPjIi (382174e7-bd25-4414-9fc4-248f0675ec15)
2019-07-06 09:42:14.096 22705 RALLYDEBUG rally_openstack.cleanup.manager [-] Deleting neutron.port object s_rally_52525a94_s0gsW5Zy (3a762662-8286-407d-b767-3f12f92f46c5)
2019-07-06 09:42:14.171 22705 RALLYDEBUG rally_openstack.cleanup.manager [-] Deleting neutron.port object s_rally_52525a94_5CufIYNx (3ab904e7-92a6-4e1e-beda-50e94a53c98b)
2019-07-06 09:42:14.297 22705 RALLYDEBUG rally_openstack.cleanup.manager [-] Deleting neutron.port object s_rally_52525a94_vdNHbQ86 (3de0e3df-d85f-4363-a94f-45d6146f09f0)
2019-07-06 09:42:14.315 22705 RALLYDEBUG rally_openstack.cleanup.manager [-] Deleting neutron.port object s_rally_52525a94_Pv0cV9qk (3f250300-2a92-43c3-ab59-357a4e3e29a5)
2019-07-06 09:42:14.496 22705 RALLYDEBUG rally_openstack.cleanup.manager [-] Deleting neutron.port object s_rally_52525a94_GLC9BfGt (410ebb38-5f15-4a87-8b84-54021c6df9af)
2019-07-06 09:42:14.520 22705 RALLYDEBUG rally_openstack.cleanup.manager [-] Deleting neutron.port object s_rally_52525a94_LxHl4Rp1 (44c0bd45-61f6-4fb2-ba79-4da5c51f3b49)
2019-07-06 09:42:14.549 22705 RALLYDEBUG rally_openstack.cleanup.manager [-] Deleting neutron.port object s_rally_52525a94_nkbOzvzH (44e2947c-a47b-404f-ac89-b5a663bebf24)
2019-07-06 09:42:14.627 22705 RALLYDEBUG rally_openstack.cleanup.manager [-] Deleting neutron.port object s_rally_52525a94_lvSUx0IX (4615063e-c580-4744-a00b-7d44b8e4b53d)
2019-07-06 09:42:14.998 22705 RALLYDEBUG rally_openstack.cleanup.manager [-] Deleting neutron.port object s_rally_52525a94_cHl2zgNB (46c1fc9b-60f3-4d78-a83c-f7124792de6d)
2019-07-06 09:42:15.105 22705 RALLYDEBUG rally_openstack.cleanup.manager [-] Deleting neutron.port object s_rally_52525a94_ofcJLR4L (4c55cc0d-f21a-450a-a5ab-bffa5338480e)
2019-07-06 09:42:15.148 22705 RALLYDEBUG rally_openstack.cleanup.manager [-] Deleting neutron.port object s_rally_52525a94_fSh0ZjUa (4e39c46d-0f02-4cb2-a5dd-88bdbdae2d9b)
2019-07-06 09:42:15.236 22705 RALLYDEBUG rally_openstack.cleanup.manager [-] Deleting neutron.port object s_rally_52525a94_DvDQwPeR (4f90c79d-bc93-442c-bee3-e2120b48d6c7)
2019-07-06 09:42:15.460 22705 RALLYDEBUG rally_openstack.cleanup.manager [-] Deleting neutron.port object s_rally_52525a94_YP6igLzW (4fa8e64f-debd-45d8-8574-18afdd6b66b2)
2019-07-06 09:42:15.728 22705 RALLYDEBUG rally_openstack.cleanup.manager [-] Deleting neutron.port object s_rally_52525a94_jbsUBtZn (53a38b2d-57d7-44b5-8288-fb7421ff4154)
2019-07-06 09:42:16.201 22705 RALLYDEBUG rally_openstack.cleanup.manager [-] Deleting neutron.port object s_rally_52525a94_cRhVpWWv (54eac43a-5739-4fa0-bfbc-930b45b749a8)
2019-07-06 09:42:16.599 22705 RALLYDEBUG rally_openstack.cleanup.manager [-] Deleting neutron.port object s_rally_52525a94_5a0Bamis (57b59680-b543-4024-8d57-8a014162e4f7)
2019-07-06 09:42:16.651 22705 RALLYDEBUG rally_openstack.cleanup.manager [-] Deleting neutron.port object s_rally_52525a94_WHNN9zvp (585d95c6-6edc-4303-b67c-1b7753b80124)
2019-07-06 09:42:16.692 22705 RALLYDEBUG rally_openstack.cleanup.manager [-] Deleting neutron.port object s_rally_52525a94_vHipVcm2 (590348c7-1a8f-4bac-b0e6-e78e203f8b2e)
2019-07-06 09:42:16.800 22705 RALLYDEBUG rally_openstack.cleanup.manager [-] Deleting neutron.port object s_rally_52525a94_2EF9oY1v (59257903-927f-4310-a4d4-002290f98931)
