2019-07-06 09:43:38.444 26964 WARNING rally_openstack.scenarios.neutron.utils [-] Running this scenario without either the 'network' or 'existing_network' context is deprecated
2019-07-06 09:43:38.765 26967 INFO rally.task.runner [-] Task 9a3d1128-4ce5-4239-a905-19e2eefad72d | ITER: 25 END: OK
2019-07-06 09:43:38.772 26967 INFO rally.task.runner [-] Task 9a3d1128-4ce5-4239-a905-19e2eefad72d | ITER: 40 START
2019-07-06 09:43:38.773 26967 WARNING rally_openstack.scenarios.neutron.utils [-] Running this scenario without either the 'network' or 'existing_network' context is deprecated
2019-07-06 09:43:39.147 26951 INFO rally.task.runner [-] Task 9a3d1128-4ce5-4239-a905-19e2eefad72d | ITER: 23 END: OK
2019-07-06 09:43:39.355 26956 INFO rally.task.runner [-] Task 9a3d1128-4ce5-4239-a905-19e2eefad72d | ITER: 36 END: OK
2019-07-06 09:43:39.390 26983 INFO rally.task.runner [-] Task 9a3d1128-4ce5-4239-a905-19e2eefad72d | ITER: 28 END: OK
2019-07-06 09:43:39.596 26953 INFO rally.task.runner [-] Task 9a3d1128-4ce5-4239-a905-19e2eefad72d | ITER: 35 END: OK
2019-07-06 09:43:39.613 26989 INFO rally.task.runner [-] Task 9a3d1128-4ce5-4239-a905-19e2eefad72d | ITER: 27 END: OK
2019-07-06 09:43:39.715 26987 INFO rally.task.runner [-] Task 9a3d1128-4ce5-4239-a905-19e2eefad72d | ITER: 29 END: OK
2019-07-06 09:43:41.139 26979 INFO rally.task.runner [-] Task 9a3d1128-4ce5-4239-a905-19e2eefad72d | ITER: 37 END: OK
2019-07-06 09:43:44.225 26954 INFO rally.task.runner [-] Task 9a3d1128-4ce5-4239-a905-19e2eefad72d | ITER: 34 END: OK
2019-07-06 09:43:46.006 26984 INFO rally.task.runner [-] Task 9a3d1128-4ce5-4239-a905-19e2eefad72d | ITER: 38 END: OK
2019-07-06 09:43:49.221 26953 INFO rally.task.runner [-] Task 9a3d1128-4ce5-4239-a905-19e2eefad72d | ITER: 33 END: OK
2019-07-06 09:43:49.341 26961 INFO rally.task.runner [-] Task 9a3d1128-4ce5-4239-a905-19e2eefad72d | ITER: 32 END: OK
2019-07-06 09:43:49.378 26952 INFO rally.task.runner [-] Task 9a3d1128-4ce5-4239-a905-19e2eefad72d | ITER: 31 END: OK
2019-07-06 09:43:50.517 26964 INFO rally.task.runner [-] Task 9a3d1128-4ce5-4239-a905-19e2eefad72d | ITER: 39 END: OK
2019-07-06 09:43:50.952 26951 INFO rally.task.runner [-] Task 9a3d1128-4ce5-4239-a905-19e2eefad72d | ITER: 3 END: OK
2019-07-06 09:43:51.042 26988 INFO rally.task.runner [-] Task 9a3d1128-4ce5-4239-a905-19e2eefad72d | ITER: 17 END: OK
2019-07-06 09:43:51.179 26967 INFO rally.task.runner [-] Task 9a3d1128-4ce5-4239-a905-19e2eefad72d | ITER: 40 END: OK
2019-07-06 09:43:51.282 26954 INFO rally.task.runner [-] Task 9a3d1128-4ce5-4239-a905-19e2eefad72d | ITER: 6 END: OK
2019-07-06 09:43:51.559 26952 INFO rally.task.runner [-] Task 9a3d1128-4ce5-4239-a905-19e2eefad72d | ITER: 4 END: OK
2019-07-06 09:43:51.641 26975 INFO rally.task.runner [-] Task 9a3d1128-4ce5-4239-a905-19e2eefad72d | ITER: 13 END: OK
2019-07-06 09:43:51.669 26997 INFO rally.task.runner [-] Task 9a3d1128-4ce5-4239-a905-19e2eefad72d | ITER: 20 END: OK
2019-07-06 09:43:51.693 22705 INFO rally.task.context [-] Task 9a3d1128-4ce5-4239-a905-19e2eefad72d | Context cleanup@openstack cleanup() started
2019-07-06 09:43:51.695 22705 RALLYDEBUG rally_openstack.cleanup.manager [-] Cleaning up neutron vip objects
2019-07-06 09:43:52.436 22705 RALLYDEBUG rally_openstack.cleanup.manager [-] Cleaning up neutron health_monitor objects
2019-07-06 09:43:53.149 22705 RALLYDEBUG rally_openstack.cleanup.manager [-] Cleaning up neutron pool objects
2019-07-06 09:43:53.857 22705 RALLYDEBUG rally_openstack.cleanup.manager [-] Cleaning up neutron loadbalancer objects
2019-07-06 09:43:54.560 22705 RALLYDEBUG rally_openstack.cleanup.manager [-] Cleaning up neutron floatingip objects
2019-07-06 09:43:55.240 22705 RALLYDEBUG rally_openstack.cleanup.manager [-] Cleaning up neutron port objects
2019-07-06 09:43:56.099 22705 RALLYDEBUG rally_openstack.cleanup.manager [-] Cleaning up neutron subnet objects
2019-07-06 09:43:56.830 22705 RALLYDEBUG rally_openstack.cleanup.manager [-] Cleaning up neutron network objects
2019-07-06 09:43:57.712 22705 RALLYDEBUG rally_openstack.cleanup.manager [-] Deleting neutron.network object s_rally_4c1d6bbf_MyFBtYWK (13cb9a88-841a-441c-868a-78ef6609a4d5)
2019-07-06 09:43:57.716 22705 RALLYDEBUG rally_openstack.cleanup.manager [-] Deleting neutron.network object s_rally_4c1d6bbf_1r2m1GyB (1c3379a7-0c6f-4d0f-bf43-d394ec9f0049)
2019-07-06 09:43:57.718 22705 RALLYDEBUG rally_openstack.cleanup.manager [-] Deleting neutron.network object s_rally_4c1d6bbf_UGMDa0EF (0316d531-e811-4d51-8350-be164503e12f)
2019-07-06 09:43:57.723 22705 RALLYDEBUG rally_openstack.cleanup.manager [-] Deleting neutron.network object s_rally_4c1d6bbf_17EYbSZw (23db1a87-074d-42b5-bbd2-717b1ad1bb90)
2019-07-06 09:43:57.730 22705 RALLYDEBUG rally_openstack.cleanup.manager [-] Deleting neutron.network object s_rally_4c1d6bbf_HXGjmEGX (1b22077a-f1f6-49cd-94c5-24a313852ee7)
2019-07-06 09:43:57.734 22705 RALLYDEBUG rally_openstack.cleanup.manager [-] Deleting neutron.network object s_rally_4c1d6bbf_wCB2QiZ8 (24602038-c4d5-43ce-b150-35b89acf5ae7)
2019-07-06 09:43:57.740 22705 RALLYDEBUG rally_openstack.cleanup.manager [-] Deleting neutron.network object s_rally_4c1d6bbf_oAPGyJyn (24e0b13f-eca8-4b94-ae4a-2608e5b3528a)
2019-07-06 09:43:57.741 22705 RALLYDEBUG rally_openstack.cleanup.manager [-] Deleting neutron.network object s_rally_4c1d6bbf_frfXRyNw (00710625-5c15-4aac-bb36-cdb8451c7351)
2019-07-06 09:43:57.753 22705 RALLYDEBUG rally_openstack.cleanup.manager [-] Deleting neutron.network object s_rally_4c1d6bbf_HWfzECUJ (3777c4b7-8669-4bac-9f9e-9a84a350cfde)
2019-07-06 09:43:57.767 22705 RALLYDEBUG rally_openstack.cleanup.manager [-] Deleting neutron.network object s_rally_4c1d6bbf_mKk2jnpq (3bfdad14-00f9-4309-a287-ae9ca9e3fe9f)
2019-07-06 09:43:57.770 22705 RALLYDEBUG rally_openstack.cleanup.manager [-] Deleting neutron.network object s_rally_4c1d6bbf_Iec2Ey1G (46f44808-261b-46d4-b400-a900f1084d6e)
2019-07-06 09:43:57.784 22705 RALLYDEBUG rally_openstack.cleanup.manager [-] Deleting neutron.network object s_rally_4c1d6bbf_7uoTm17B (4afd037d-06ba-4c06-a396-1cb8d514ff2b)
2019-07-06 09:43:57.796 22705 RALLYDEBUG rally_openstack.cleanup.manager [-] Deleting neutron.network object s_rally_4c1d6bbf_MS597kgZ (4c2d9d0e-d0ad-4dab-9a39-9c10c32dfc2f)
2019-07-06 09:43:57.804 22705 RALLYDEBUG rally_openstack.cleanup.manager [-] Deleting neutron.network object s_rally_4c1d6bbf_whwN1ftw (4d18ef4e-caf9-4756-99ea-24336c61180a)
2019-07-06 09:43:57.819 22705 RALLYDEBUG rally_openstack.cleanup.manager [-] Deleting neutron.network object s_rally_4c1d6bbf_onaatAn3 (501e60f6-ae0b-4089-9c76-8012c1eb4b5a)
2019-07-06 09:43:57.835 22705 RALLYDEBUG rally_openstack.cleanup.manager [-] Deleting neutron.network object s_rally_4c1d6bbf_j5TMrHYJ (638edaec-4f69-4c0d-ab6b-63330a3ed0f1)
2019-07-06 09:43:57.846 22705 RALLYDEBUG rally_openstack.cleanup.manager [-] Deleting neutron.network object s_rally_4c1d6bbf_58rfKN98 (5b64e8af-160a-4db6-bdee-713f14df5c85)
2019-07-06 09:43:57.851 22705 RALLYDEBUG rally_openstack.cleanup.manager [-] Deleting neutron.network object s_rally_4c1d6bbf_4PKwTKfF (75948739-681a-4bd4-9ce5-b565e7efc78d)
2019-07-06 09:43:57.854 22705 RALLYDEBUG rally_openstack.cleanup.manager [-] Deleting neutron.network object s_rally_4c1d6bbf_iMquytOw (8157507a-4666-4bf9-bdea-5e7c6148cbe3)
2019-07-06 09:43:57.856 22705 RALLYDEBUG rally_openstack.cleanup.manager [-] Deleting neutron.network object s_rally_4c1d6bbf_v5gH3Cxc (7101e539-6e9a-4cd8-813a-9efd1d8de349)
2019-07-06 09:44:00.558 22705 RALLYDEBUG rally_openstack.cleanup.manager [-] Deleting neutron.network object s_rally_4c1d6bbf_tEy2U6IX (818a871f-cbe4-4132-a1e5-02b62806c3f4)
2019-07-06 09:44:00.811 22705 RALLYDEBUG rally_openstack.cleanup.manager [-] Deleting neutron.network object s_rally_4c1d6bbf_BUz15RGE (87d2a153-f986-4952-a67f-71f5b90b9a8b)
2019-07-06 09:44:01.047 22705 RALLYDEBUG rally_openstack.cleanup.manager [-] Deleting neutron.network object s_rally_4c1d6bbf_JQR4ydDQ (8bb9665a-c2c9-4d23-a9e6-19ab5880c482)
2019-07-06 09:44:01.210 22705 RALLYDEBUG rally_openstack.cleanup.manager [-] Deleting neutron.network object s_rally_4c1d6bbf_oflZiUWR (997de227-37fc-4698-b14f-f2b045fe0545)
2019-07-06 09:44:01.659 22705 RALLYDEBUG rally_openstack.cleanup.manager [-] Deleting neutron.network object s_rally_4c1d6bbf_gMjB3Y51 (aac97ed9-4615-4b34-ba81-759f5d6bc1eb)
2019-07-06 09:44:02.688 22705 RALLYDEBUG rally_openstack.cleanup.manager [-] Deleting neutron.network object s_rally_4c1d6bbf_JGdiyg2b (b7d775e0-202c-4864-961e-0c9289c3de1d)
2019-07-06 09:44:02.890 22705 RALLYDEBUG rally_openstack.cleanup.manager [-] Deleting neutron.network object s_rally_4c1d6bbf_6Heem48c (b9734fb6-3ddb-4a9b-a0b1-57e3c3df64e4)
2019-07-06 09:44:02.926 22705 RALLYDEBUG rally_openstack.cleanup.manager [-] Deleting neutron.network object s_rally_4c1d6bbf_rL5CJKZI (bac18b2c-88c6-4815-8720-139e88484ad4)
2019-07-06 09:44:03.668 22705 RALLYDEBUG rally_openstack.cleanup.manager [-] Deleting neutron.network object s_rally_4c1d6bbf_bN565kCo (bf54cc62-7b83-4168-84d3-3b40004af939)
2019-07-06 09:44:03.950 22705 RALLYDEBUG rally_openstack.cleanup.manager [-] Deleting neutron.network object s_rally_4c1d6bbf_v1aNEndR (c5a904aa-8e9f-4902-a9ae-e7b923872f08)
2019-07-06 09:44:03.971 22705 RALLYDEBUG rally_openstack.cleanup.manager [-] Deleting neutron.network object s_rally_4c1d6bbf_kCI5QTuH (c9584880-fafb-4c09-bbeb-6594b46b05d1)
2019-07-06 09:44:04.296 22705 RALLYDEBUG rally_openstack.cleanup.manager [-] Deleting neutron.network object s_rally_4c1d6bbf_6smovDKK (cf73e476-02cf-4ed5-b88c-f967e279b3b9)
2019-07-06 09:44:04.327 22705 RALLYDEBUG rally_openstack.cleanup.manager [-] Deleting neutron.network object s_rally_4c1d6bbf_HHmSHTvt (d0f44e75-4183-40ef-810a-4fdf222d1f3d)
2019-07-06 09:44:04.339 22705 RALLYDEBUG rally_openstack.cleanup.manager [-] Deleting neutron.network object s_rally_4c1d6bbf_xbZmpWBP (d10fe147-6cc2-44cf-a78e-c935816596a4)
2019-07-06 09:44:04.512 22705 RALLYDEBUG rally_openstack.cleanup.manager [-] Deleting neutron.network object s_rally_4c1d6bbf_9Ipkiwp3 (d27de9bd-2e29-4a7b-9ca1-27fea2e07679)
2019-07-06 09:44:05.089 22705 RALLYDEBUG rally_openstack.cleanup.manager [-] Deleting neutron.network object s_rally_4c1d6bbf_GWeNxyAx (d28e9186-44e1-4ea3-8412-816c8b26bee8)
2019-07-06 09:44:05.483 22705 RALLYDEBUG rally_openstack.cleanup.manager [-] Deleting neutron.network object s_rally_4c1d6bbf_aXD8nhYa (f42610af-4494-4e40-90ec-7b4599281cc7)
2019-07-06 09:44:05.516 22705 RALLYDEBUG rally_openstack.cleanup.manager [-] Deleting neutron.network object s_rally_4c1d6bbf_u6NrCUCu (f4d72812-6d32-424c-992e-358d1c985562)
2019-07-06 09:44:05.570 22705 RALLYDEBUG rally_openstack.cleanup.manager [-] Deleting neutron.network object s_rally_4c1d6bbf_MXh1zNcC (f6428698-7cb9-4eb4-a4ce-4febda0faffe)
2019-07-06 09:44:05.715 22705 RALLYDEBUG rally_openstack.cleanup.manager [-] Deleting neutron.network object s_rally_4c1d6bbf_mgrswpHP (fba63f6e-c16f-4ea8-8583-8a155fb35093)
2019-07-06 09:44:08.759 22705 RALLYDEBUG rally_openstack.cleanup.manager [-] Cleaning up neutron router objects
2019-07-06 09:44:09.436 22705 RALLYDEBUG rally_openstack.cleanup.manager [-] Cleaning up neutron security_group objects
2019-07-06 09:44:10.087 22705 INFO rally.task.context [-] Task 9a3d1128-4ce5-4239-a905-19e2eefad72d | Context cleanup@openstack cleanup() finished in 18.39 sec
2019-07-06 09:44:10.088 22705 INFO rally.task.context [-] Task 9a3d1128-4ce5-4239-a905-19e2eefad72d | Context quotas@openstack cleanup() started
2019-07-06 09:44:10.304 22705 INFO rally.task.context [-] Task 9a3d1128-4ce5-4239-a905-19e2eefad72d | Context quotas@openstack cleanup() finished in 0.22 sec
2019-07-06 09:44:10.304 22705 INFO rally.task.context [-] Task 9a3d1128-4ce5-4239-a905-19e2eefad72d | Context users@openstack cleanup() started
2019-07-06 09:44:14.624 22705 INFO rally.task.context [-] Task 9a3d1128-4ce5-4239-a905-19e2eefad72d | Context users@openstack cleanup() finished in 4.32 sec
2019-07-06 09:44:16.293 22705 INFO rally.task.engine [-] Load duration is: 48.729343
2019-07-06 09:44:16.294 22705 INFO rally.task.engine [-] Full runner duration is: 48.77584
2019-07-06 09:44:16.294 22705 INFO rally.task.engine [-] Full duration is: 76.626075
2019-07-06 09:44:16.585 22705 INFO rally.task.engine [-] Running workload: position = 0 config = { "version": 2, "title": "A cropped version of a bigger task.", "description": "Auto-generated task from a single workload (uuid=49458f05-f2b3-4b84-ba67-953f16f07b28)", "subtasks": [ { "title": "Quotas.neutron_update", "description": "Update quotas for neutron.", "scenario": { "Quotas.neutron_update": { "max_quota": 1024 } }, "contexts": { "users": { "tenants": 20, "users_per_tenant": 1 } }, "runner": { "constant": { "times": 40, "concurrency": 20 } }, "hooks": [], "sla": { "failure_rate": { "max": 0 } } } ] }
2019-07-06 09:44:16.608 22705 RALLYDEBUG rally_openstack.contexts.keystone.users [-] Creating 20 tenants using 20 threads
2019-07-06 09:44:21.580 22705 RALLYDEBUG rally_openstack.contexts.keystone.users [-] Creating 20 users using 20 threads
2019-07-06 09:44:26.963 22705 INFO rally.task.context [-] Task 9a3d1128-4ce5-4239-a905-19e2eefad72d | Context users@openstack setup() finished in 10.36 sec
2019-07-06 09:44:26.964 22705 INFO rally.task.context [-] Task 9a3d1128-4ce5-4239-a905-19e2eefad72d | Context admin_cleanup@openstack setup() finished in 0.01 msec
2019-07-06 09:44:26.970 22705 RALLYDEBUG rally.task.runner [-] Starting the constant runner (task UUID: 9a3d1128-4ce5-4239-a905-19e2eefad72d). timeout: 0 concurrency: 20 concurrency_per_worker: 1 times: 40 concurrency_overhead: 4 processes_to_start: 16 max_cpu_used: 16
2019-07-06 09:44:26.984 27321 RALLYDEBUG rally.task.runner [-] Starting a worker. concurrency: 2 args: {"max_quota": 1024} times: 40 method_name: run timeout: 0 duration: None cls:
2019-07-06 09:44:26.986 27322 RALLYDEBUG rally.task.runner [-] Starting a worker. concurrency: 2 args: {"max_quota": 1024} times: 40 method_name: run timeout: 0 duration: None cls:
2019-07-06 09:44:26.988 27323 RALLYDEBUG rally.task.runner [-] Starting a worker. concurrency: 2 args: {"max_quota": 1024} times: 40 method_name: run timeout: 0 duration: None cls:
2019-07-06 09:44:26.990 27324 RALLYDEBUG rally.task.runner [-] Starting a worker. concurrency: 2 args: {"max_quota": 1024} times: 40 method_name: run timeout: 0 duration: None cls:
2019-07-06 09:44:26.995 27325 RALLYDEBUG rally.task.runner [-] Starting a worker. concurrency: 1 args: {"max_quota": 1024} times: 40 method_name: run timeout: 0 duration: None cls:
2019-07-06 09:44:26.996 27321 INFO rally.task.runner [-] Task 9a3d1128-4ce5-4239-a905-19e2eefad72d | ITER: 1 START
2019-07-06 09:44:26.996 27322 INFO rally.task.runner [-] Task 9a3d1128-4ce5-4239-a905-19e2eefad72d | ITER: 2 START
2019-07-06 09:44:26.999 27323 INFO rally.task.runner [-] Task 9a3d1128-4ce5-4239-a905-19e2eefad72d | ITER: 3 START
2019-07-06 09:44:26.999 27326 RALLYDEBUG rally.task.runner [-] Starting a worker. concurrency: 1 args: {"max_quota": 1024} times: 40 method_name: run timeout: 0 duration: None cls:
2019-07-06 09:44:27.004 27328 RALLYDEBUG rally.task.runner [-] Starting a worker. concurrency: 1 args: {"max_quota": 1024} times: 40 method_name: run timeout: 0 duration: None cls:
2019-07-06 09:44:27.005 27333 RALLYDEBUG rally.task.runner [-] Starting a worker. concurrency: 1 args: {"max_quota": 1024} times: 40 method_name: run timeout: 0 duration: None cls:
2019-07-06 09:44:27.006 27324 INFO rally.task.runner [-] Task 9a3d1128-4ce5-4239-a905-19e2eefad72d | ITER: 4 START
2019-07-06 09:44:27.008 27325 INFO rally.task.runner [-] Task 9a3d1128-4ce5-4239-a905-19e2eefad72d | ITER: 7 START
2019-07-06 09:44:27.009 27337 RALLYDEBUG rally.task.runner [-] Starting a worker. concurrency: 1 args: {"max_quota": 1024} times: 40 method_name: run timeout: 0 duration: None cls:
2019-07-06 09:44:27.012 27326 INFO rally.task.runner [-] Task 9a3d1128-4ce5-4239-a905-19e2eefad72d | ITER: 10 START
2019-07-06 09:44:27.013 27321 INFO rally.task.runner [-] Task 9a3d1128-4ce5-4239-a905-19e2eefad72d | ITER: 5 START
2019-07-06 09:44:27.014 27338 RALLYDEBUG rally.task.runner [-] Starting a worker. concurrency: 1 args: {"max_quota": 1024} times: 40 method_name: run timeout: 0 duration: None cls:
2019-07-06 09:44:27.017 27323 INFO rally.task.runner [-] Task 9a3d1128-4ce5-4239-a905-19e2eefad72d | ITER: 8 START
2019-07-06 09:44:27.017 27324 INFO rally.task.runner [-] Task 9a3d1128-4ce5-4239-a905-19e2eefad72d | ITER: 9 START
2019-07-06 09:44:27.018 27333 INFO rally.task.runner [-] Task 9a3d1128-4ce5-4239-a905-19e2eefad72d | ITER: 12 START
2019-07-06 09:44:27.018 27344 RALLYDEBUG rally.task.runner [-] Starting a worker. concurrency: 1 args: {"max_quota": 1024} times: 40 method_name: run timeout: 0 duration: None cls:
2019-07-06 09:44:27.020 27337 INFO rally.task.runner [-] Task 9a3d1128-4ce5-4239-a905-19e2eefad72d | ITER: 13 START
2019-07-06 09:44:27.019 27343 RALLYDEBUG rally.task.runner [-] Starting a worker. concurrency: 1 args: {"max_quota": 1024} times: 40 method_name: run timeout: 0 duration: None cls:
2019-07-06 09:44:27.020 27322 INFO rally.task.runner [-] Task 9a3d1128-4ce5-4239-a905-19e2eefad72d | ITER: 6 START
2019-07-06 09:44:27.021 27328 INFO rally.task.runner [-] Task 9a3d1128-4ce5-4239-a905-19e2eefad72d | ITER: 11 START
2019-07-06 09:44:27.026 27340 RALLYDEBUG rally.task.runner [-] Starting a worker. concurrency: 1 args: {"max_quota": 1024} times: 40 method_name: run timeout: 0 duration: None cls:
2019-07-06 09:44:27.028 27344 INFO rally.task.runner [-] Task 9a3d1128-4ce5-4239-a905-19e2eefad72d | ITER: 15 START
2019-07-06 09:44:27.027 27354 RALLYDEBUG rally.task.runner [-] Starting a worker. concurrency: 1 args: {"max_quota": 1024} times: 40 method_name: run timeout: 0 duration: None cls:
2019-07-06 09:44:27.029 27338 INFO rally.task.runner [-] Task 9a3d1128-4ce5-4239-a905-19e2eefad72d | ITER: 14 START
2019-07-06 09:44:27.031 27343 INFO rally.task.runner [-] Task 9a3d1128-4ce5-4239-a905-19e2eefad72d | ITER: 16 START
2019-07-06 09:44:27.037 27340 INFO rally.task.runner [-] Task 9a3d1128-4ce5-4239-a905-19e2eefad72d | ITER: 17 START
2019-07-06 09:44:27.038 27354 INFO rally.task.runner [-] Task 9a3d1128-4ce5-4239-a905-19e2eefad72d | ITER: 18 START
2019-07-06 09:44:27.042 27362 RALLYDEBUG rally.task.runner [-] Starting a worker. concurrency: 1 args: {"max_quota": 1024} times: 40 method_name: run timeout: 0 duration: None cls:
2019-07-06 09:44:27.048 27366 RALLYDEBUG rally.task.runner [-] Starting a worker. concurrency: 1 args: {"max_quota": 1024} times: 40 method_name: run timeout: 0 duration: None cls:
2019-07-06 09:44:27.051 27362 INFO rally.task.runner [-] Task 9a3d1128-4ce5-4239-a905-19e2eefad72d | ITER: 19 START
2019-07-06 09:44:27.054 27366 INFO rally.task.runner [-] Task 9a3d1128-4ce5-4239-a905-19e2eefad72d | ITER: 20 START
2019-07-06 09:44:28.565 27328 INFO rally.task.runner [-] Task 9a3d1128-4ce5-4239-a905-19e2eefad72d | ITER: 11 END: OK
2019-07-06 09:44:28.570 27322 INFO rally.task.runner [-] Task 9a3d1128-4ce5-4239-a905-19e2eefad72d | ITER: 2 END: OK
2019-07-06 09:44:28.571 27328 INFO rally.task.runner [-] Task 9a3d1128-4ce5-4239-a905-19e2eefad72d | ITER: 21 START
2019-07-06 09:44:28.577 27323 INFO rally.task.runner [-] Task 9a3d1128-4ce5-4239-a905-19e2eefad72d | ITER: 8 END: OK
2019-07-06 09:44:28.578 27324 INFO rally.task.runner [-] Task 9a3d1128-4ce5-4239-a905-19e2eefad72d | ITER: 9 END: OK
2019-07-06 09:44:28.579 27322 INFO rally.task.runner [-] Task 9a3d1128-4ce5-4239-a905-19e2eefad72d | ITER: 22 START
2019-07-06 09:44:28.583 27323 INFO rally.task.runner [-] Task 9a3d1128-4ce5-4239-a905-19e2eefad72d | ITER: 23 START
2019-07-06 09:44:28.586 27324 INFO rally.task.runner [-] Task 9a3d1128-4ce5-4239-a905-19e2eefad72d | ITER: 24 START
2019-07-06 09:44:28.600 27325 INFO rally.task.runner [-] Task 9a3d1128-4ce5-4239-a905-19e2eefad72d | ITER: 7 END: OK
2019-07-06 09:44:28.605 27325 INFO rally.task.runner [-] Task 9a3d1128-4ce5-4239-a905-19e2eefad72d | ITER: 25 START
2019-07-06 09:44:28.621 27323 INFO rally.task.runner [-] Task 9a3d1128-4ce5-4239-a905-19e2eefad72d | ITER: 3 END: OK
2019-07-06 09:44:28.626 27323 INFO rally.task.runner [-] Task 9a3d1128-4ce5-4239-a905-19e2eefad72d | ITER: 26 START
2019-07-06 09:44:28.651 27333 INFO rally.task.runner [-] Task 9a3d1128-4ce5-4239-a905-19e2eefad72d | ITER: 12 END: OK
2019-07-06 09:44:28.651 27321 INFO rally.task.runner [-] Task 9a3d1128-4ce5-4239-a905-19e2eefad72d | ITER: 5 END: OK
2019-07-06 09:44:28.656 27333 INFO rally.task.runner [-] Task 9a3d1128-4ce5-4239-a905-19e2eefad72d | ITER: 27 START
2019-07-06 09:44:28.657 27321 INFO rally.task.runner [-] Task 9a3d1128-4ce5-4239-a905-19e2eefad72d | ITER: 28 START
2019-07-06 09:44:28.662 27326 INFO rally.task.runner [-] Task 9a3d1128-4ce5-4239-a905-19e2eefad72d | ITER: 10 END: OK
2019-07-06 09:44:28.666 27326 INFO rally.task.runner [-] Task 9a3d1128-4ce5-4239-a905-19e2eefad72d | ITER: 29 START
2019-07-06 09:44:28.674 27322 INFO rally.task.runner [-] Task 9a3d1128-4ce5-4239-a905-19e2eefad72d | ITER: 6 END: OK
2019-07-06 09:44:28.679 27322 INFO rally.task.runner [-] Task 9a3d1128-4ce5-4239-a905-19e2eefad72d | ITER: 30 START
2019-07-06 09:44:28.692 27321 INFO rally.task.runner [-] Task 9a3d1128-4ce5-4239-a905-19e2eefad72d | ITER: 1 END: OK
2019-07-06 09:44:28.697 27337 INFO rally.task.runner [-] Task 9a3d1128-4ce5-4239-a905-19e2eefad72d | ITER: 13 END: OK
2019-07-06 09:44:28.698 27321 INFO rally.task.runner [-] Task 9a3d1128-4ce5-4239-a905-19e2eefad72d | ITER: 31 START
2019-07-06 09:44:28.701 27337 INFO rally.task.runner [-] Task 9a3d1128-4ce5-4239-a905-19e2eefad72d | ITER: 32 START
2019-07-06 09:44:28.916 27338 INFO rally.task.runner [-] Task 9a3d1128-4ce5-4239-a905-19e2eefad72d | ITER: 14 END: OK
2019-07-06 09:44:28.922 27338 INFO rally.task.runner [-] Task 9a3d1128-4ce5-4239-a905-19e2eefad72d | ITER: 33 START
2019-07-06 09:44:28.930 27340 INFO rally.task.runner [-] Task 9a3d1128-4ce5-4239-a905-19e2eefad72d | ITER: 17 END: OK
2019-07-06 09:44:28.936 27340 INFO rally.task.runner [-] Task 9a3d1128-4ce5-4239-a905-19e2eefad72d | ITER: 34 START
2019-07-06 09:44:28.965 27366 INFO rally.task.runner [-] Task 9a3d1128-4ce5-4239-a905-19e2eefad72d | ITER: 20 END: OK
2019-07-06 09:44:28.971 27366 INFO rally.task.runner [-] Task 9a3d1128-4ce5-4239-a905-19e2eefad72d | ITER: 35 START
2019-07-06 09:44:28.978 27344 INFO rally.task.runner [-] Task 9a3d1128-4ce5-4239-a905-19e2eefad72d | ITER: 15 END: OK
2019-07-06 09:44:28.983 27344 INFO rally.task.runner [-] Task 9a3d1128-4ce5-4239-a905-19e2eefad72d | ITER: 36 START
2019-07-06 09:44:29.029 27324 INFO rally.task.runner [-] Task 9a3d1128-4ce5-4239-a905-19e2eefad72d | ITER: 4 END: OK
2019-07-06 09:44:29.034 27324 INFO rally.task.runner [-] Task 9a3d1128-4ce5-4239-a905-19e2eefad72d | ITER: 37 START
2019-07-06 09:44:29.044 27354 INFO rally.task.runner [-] Task 9a3d1128-4ce5-4239-a905-19e2eefad72d | ITER: 18 END: OK
2019-07-06 09:44:29.049 27354 INFO rally.task.runner [-] Task 9a3d1128-4ce5-4239-a905-19e2eefad72d | ITER: 38 START
2019-07-06 09:44:29.065 27362 INFO rally.task.runner [-] Task 9a3d1128-4ce5-4239-a905-19e2eefad72d | ITER: 19 END: OK
2019-07-06 09:44:29.070 27362 INFO rally.task.runner [-] Task 9a3d1128-4ce5-4239-a905-19e2eefad72d | ITER: 39 START
2019-07-06 09:44:29.104 27343 INFO rally.task.runner [-] Task 9a3d1128-4ce5-4239-a905-19e2eefad72d | ITER: 16 END: OK
2019-07-06 09:44:29.110 27343 INFO rally.task.runner [-] Task 9a3d1128-4ce5-4239-a905-19e2eefad72d | ITER: 40 START
2019-07-06 09:44:29.958 27323 INFO rally.task.runner [-] Task 9a3d1128-4ce5-4239-a905-19e2eefad72d | ITER: 23 END: OK
2019-07-06 09:44:30.006 27325 INFO rally.task.runner [-] Task 9a3d1128-4ce5-4239-a905-19e2eefad72d | ITER: 25 END: OK
2019-07-06 09:44:30.040 27322 INFO rally.task.runner [-] Task 9a3d1128-4ce5-4239-a905-19e2eefad72d | ITER: 30 END: OK
2019-07-06 09:44:30.044 27322 INFO rally.task.runner [-] Task 9a3d1128-4ce5-4239-a905-19e2eefad72d | ITER: 22 END: OK
2019-07-06 09:44:30.057 27326 INFO rally.task.runner [-] Task 9a3d1128-4ce5-4239-a905-19e2eefad72d | ITER: 29 END: OK
2019-07-06 09:44:30.073 27328 INFO rally.task.runner [-] Task 9a3d1128-4ce5-4239-a905-19e2eefad72d | ITER: 21 END: OK
2019-07-06 09:44:30.074 27324 INFO rally.task.runner [-] Task 9a3d1128-4ce5-4239-a905-19e2eefad72d | ITER: 24 END: OK
2019-07-06 09:44:30.077 27323 INFO rally.task.runner [-] Task 9a3d1128-4ce5-4239-a905-19e2eefad72d | ITER: 26 END: OK
2019-07-06 09:44:30.085 27321 INFO rally.task.runner [-] Task 9a3d1128-4ce5-4239-a905-19e2eefad72d | ITER: 28 END: OK
2019-07-06 09:44:30.105 27337 INFO rally.task.runner [-] Task 9a3d1128-4ce5-4239-a905-19e2eefad72d | ITER: 32 END: OK
2019-07-06 09:44:30.128 27321 INFO rally.task.runner [-] Task 9a3d1128-4ce5-4239-a905-19e2eefad72d | ITER: 31 END: OK
2019-07-06 09:44:30.268 27333 INFO rally.task.runner [-] Task 9a3d1128-4ce5-4239-a905-19e2eefad72d | ITER: 27 END: OK
2019-07-06 09:44:30.284 27338 INFO rally.task.runner [-] Task 9a3d1128-4ce5-4239-a905-19e2eefad72d | ITER: 33 END: OK
2019-07-06 09:44:30.285 27343 INFO rally.task.runner [-] Task 9a3d1128-4ce5-4239-a905-19e2eefad72d | ITER: 40 END: OK
2019-07-06 09:44:30.314 27344 INFO rally.task.runner [-] Task 9a3d1128-4ce5-4239-a905-19e2eefad72d | ITER: 36 END: OK
2019-07-06 09:44:30.321 27366 INFO rally.task.runner [-] Task 9a3d1128-4ce5-4239-a905-19e2eefad72d | ITER: 35 END: OK
2019-07-06 09:44:30.370 27362 INFO rally.task.runner [-] Task 9a3d1128-4ce5-4239-a905-19e2eefad72d | ITER: 39 END: OK
2019-07-06 09:44:30.372 27340 INFO rally.task.runner [-] Task 9a3d1128-4ce5-4239-a905-19e2eefad72d | ITER: 34 END: OK
2019-07-06 09:44:30.397 27354 INFO rally.task.runner [-] Task 9a3d1128-4ce5-4239-a905-19e2eefad72d | ITER: 38 END: OK
2019-07-06 09:44:30.420 27324 INFO rally.task.runner [-] Task 9a3d1128-4ce5-4239-a905-19e2eefad72d | ITER: 37 END: OK
2019-07-06 09:44:30.442 22705 INFO rally.task.context [-] Task 9a3d1128-4ce5-4239-a905-19e2eefad72d | Context admin_cleanup@openstack cleanup() started
2019-07-06 09:44:30.443 22705 RALLYDEBUG rally_openstack.cleanup.manager [-] Cleaning up neutron quota objects
2019-07-06 09:44:34.046 22705 INFO rally.task.context [-] Task 9a3d1128-4ce5-4239-a905-19e2eefad72d | Context admin_cleanup@openstack cleanup() finished in 3.60 sec
2019-07-06 09:44:34.046 22705 INFO rally.task.context [-] Task 9a3d1128-4ce5-4239-a905-19e2eefad72d | Context users@openstack cleanup() started
2019-07-06 09:45:02.854 22705 INFO rally.task.context [-] Task 9a3d1128-4ce5-4239-a905-19e2eefad72d | Context users@openstack cleanup() finished in 28.81 sec
2019-07-06 09:45:04.825 22705 INFO rally.task.engine [-] Load duration is: 3.422977
2019-07-06 09:45:04.825 22705 INFO rally.task.engine [-] Full runner duration is: 3.471917
2019-07-06 09:45:04.825 22705 INFO rally.task.engine [-] Full duration is: 46.248836
2019-07-06 09:45:05.088 22705 INFO rally.task.engine [-] Running workload: position = 0 config = { "version": 2, "title": "A cropped version of a bigger task.", "description": "Auto-generated task from a single workload (uuid=7c6c0302-5400-435f-ac32-912d3c48ebf5)", "subtasks": [ { "title": "NeutronTrunks.create_and_list_trunk_subports", "description": "", "scenario": { "NeutronTrunks.create_and_list_trunk_subports": { "subport_count": 125 } }, "contexts": { "users": { "tenants": 1, "users_per_tenant": 1 }, "quotas": { "neutron": { "network": -1, "port": 1000 } } }, "runner": { "constant": { "times": 4, "concurrency": 4 } }, "hooks": [], "sla": { "failure_rate": { "max": 0 } } } ] }
2019-07-06 09:45:05.111 22705 RALLYDEBUG rally_openstack.contexts.keystone.users [-] Creating 1 tenants using 20 threads
2019-07-06 09:45:06.753 22705 RALLYDEBUG rally_openstack.contexts.keystone.users [-] Creating 1 users using 20 threads
2019-07-06 09:45:09.047 22705 INFO rally.task.context [-] Task 9a3d1128-4ce5-4239-a905-19e2eefad72d | Context users@openstack setup() finished in 3.94 sec
2019-07-06 09:45:09.802 22705 INFO rally.task.context [-] Task 9a3d1128-4ce5-4239-a905-19e2eefad72d | Context quotas@openstack setup() finished in 0.75 sec
2019-07-06 09:45:09.802 22705 INFO rally.task.context [-] Task 9a3d1128-4ce5-4239-a905-19e2eefad72d | Context cleanup@openstack setup() finished in 0.01 msec
2019-07-06 09:45:09.809 22705 RALLYDEBUG rally.task.runner [-] Starting the constant runner (task UUID: 9a3d1128-4ce5-4239-a905-19e2eefad72d). timeout: 0 concurrency: 4 concurrency_per_worker: 1 times: 4 concurrency_overhead: 0 processes_to_start: 4 max_cpu_used: 16
2019-07-06 09:45:09.822 27511 RALLYDEBUG rally.task.runner [-] Starting a worker. concurrency: 1 args: {"subport_count": 125} times: 4 method_name: run timeout: 0 duration: None cls:
2019-07-06 09:45:09.826 27512 RALLYDEBUG rally.task.runner [-] Starting a worker. concurrency: 1 args: {"subport_count": 125} times: 4 method_name: run timeout: 0 duration: None cls:
2019-07-06 09:45:09.827 27511 INFO rally.task.runner [-] Task 9a3d1128-4ce5-4239-a905-19e2eefad72d | ITER: 1 START
2019-07-06 09:45:09.828 27513 RALLYDEBUG rally.task.runner [-] Starting a worker. concurrency: 1 args: {"subport_count": 125} times: 4 method_name: run timeout: 0 duration: None cls:
2019-07-06 09:45:09.831 27512 INFO rally.task.runner [-] Task 9a3d1128-4ce5-4239-a905-19e2eefad72d | ITER: 2 START
2019-07-06 09:45:09.833 27513 INFO rally.task.runner [-] Task 9a3d1128-4ce5-4239-a905-19e2eefad72d | ITER: 3 START
2019-07-06 09:45:09.833 27514 RALLYDEBUG rally.task.runner [-] Starting a worker. concurrency: 1 args: {"subport_count": 125} times: 4 method_name: run timeout: 0 duration: None cls:
2019-07-06 09:45:09.839 27514 INFO rally.task.runner [-] Task 9a3d1128-4ce5-4239-a905-19e2eefad72d | ITER: 4 START
2019-07-06 09:47:25.029 27511 WARNING rally.task.atomic [-] 'optional_action_timer' is deprecated since rally v0.10.0.Please use action_timer instead, we have improved atomic actions, now do not need to explicitly close original action.
2019-07-06 09:47:25.068 27511 WARNING rally.task.atomic [-] 'optional_action_timer' is deprecated since rally v0.10.0.Please use action_timer instead, we have improved atomic actions, now do not need to explicitly close original action.
2019-07-06 09:47:25.873 27511 INFO rally.task.runner [-] Task 9a3d1128-4ce5-4239-a905-19e2eefad72d | ITER: 1 END: OK
2019-07-06 09:47:26.255 27513 WARNING rally.task.atomic [-] 'optional_action_timer' is deprecated since rally v0.10.0.Please use action_timer instead, we have improved atomic actions, now do not need to explicitly close original action.
2019-07-06 09:47:26.305 27513 WARNING rally.task.atomic [-] 'optional_action_timer' is deprecated since rally v0.10.0.Please use action_timer instead, we have improved atomic actions, now do not need to explicitly close original action.
2019-07-06 09:47:27.088 27513 INFO rally.task.runner [-] Task 9a3d1128-4ce5-4239-a905-19e2eefad72d | ITER: 3 END: OK
2019-07-06 09:49:16.337 27512 WARNING rally.task.atomic [-] 'optional_action_timer' is deprecated since rally v0.10.0.Please use action_timer instead, we have improved atomic actions, now do not need to explicitly close original action.
2019-07-06 09:49:16.368 27514 WARNING rally.task.atomic [-] 'optional_action_timer' is deprecated since rally v0.10.0.Please use action_timer instead, we have improved atomic actions, now do not need to explicitly close original action.
2019-07-06 09:49:16.439 27512 WARNING rally.task.atomic [-] 'optional_action_timer' is deprecated since rally v0.10.0.Please use action_timer instead, we have improved atomic actions, now do not need to explicitly close original action.
2019-07-06 09:49:16.448 27514 WARNING rally.task.atomic [-] 'optional_action_timer' is deprecated since rally v0.10.0.Please use action_timer instead, we have improved atomic actions, now do not need to explicitly close original action.
2019-07-06 09:49:17.867 27512 INFO rally.task.runner [-] Task 9a3d1128-4ce5-4239-a905-19e2eefad72d | ITER: 2 END: OK
2019-07-06 09:49:17.871 27514 INFO rally.task.runner [-] Task 9a3d1128-4ce5-4239-a905-19e2eefad72d | ITER: 4 END: OK
2019-07-06 09:49:17.894 22705 INFO rally.task.context [-] Task 9a3d1128-4ce5-4239-a905-19e2eefad72d | Context cleanup@openstack cleanup() started
2019-07-06 09:49:17.898 22705 RALLYDEBUG rally_openstack.cleanup.manager [-] Cleaning up neutron vip objects
2019-07-06 09:49:18.622 22705 RALLYDEBUG rally_openstack.cleanup.manager [-] Cleaning up neutron health_monitor objects
2019-07-06 09:49:19.819 22705 RALLYDEBUG rally_openstack.cleanup.manager [-] Cleaning up neutron pool objects
2019-07-06 09:49:20.514 22705 RALLYDEBUG rally_openstack.cleanup.manager [-] Cleaning up neutron loadbalancer objects
2019-07-06 09:49:21.643 22705 RALLYDEBUG rally_openstack.cleanup.manager [-] Cleaning up neutron floatingip objects
2019-07-06 09:49:22.497 22705 RALLYDEBUG rally_openstack.cleanup.manager [-] Cleaning up neutron port objects
2019-07-06 09:49:24.510 22705 RALLYDEBUG rally_openstack.cleanup.manager [-] Deleting neutron.port object s_rally_7c6c0302_2PMOAgUB (007c6302-29c7-4591-934a-2b41be1f7d37)
2019-07-06 09:49:24.511 22705 RALLYDEBUG rally_openstack.cleanup.manager [-] Deleting neutron.port object s_rally_7c6c0302_X7CuIRua (008ce1d5-362f-4096-959c-3e61d29b3a36)
2019-07-06 09:49:24.512 22705 RALLYDEBUG rally_openstack.cleanup.manager [-] Deleting neutron.port object s_rally_7c6c0302_VJOe2w1Y (00bd8d60-9a03-461e-8051-68e59e4434b9)
2019-07-06 09:49:24.515 22705 RALLYDEBUG rally_openstack.cleanup.manager [-] Deleting neutron.port object s_rally_7c6c0302_02ZuKAtC (03e0a9bb-9d76-47a4-9f23-d9acb6d93709)
2019-07-06 09:49:24.523 22705 RALLYDEBUG rally_openstack.cleanup.manager [-] Deleting neutron.port object s_rally_7c6c0302_Nv4lBRmv (04b0a382-a8db-441a-8d43-a32db56cedc9)
2019-07-06 09:49:24.528 22705 RALLYDEBUG rally_openstack.cleanup.manager [-] Deleting neutron.port object s_rally_7c6c0302_2rb1Meep (0299aeb5-91d5-46a0-8446-c92671a3af51)
2019-07-06 09:49:24.531 22705 RALLYDEBUG rally_openstack.cleanup.manager [-] Deleting neutron.port object s_rally_7c6c0302_0Tjs7hkU (02ff5881-bc36-4917-9401-651eab6a939f)
2019-07-06 09:49:24.533 22705 RALLYDEBUG rally_openstack.cleanup.manager [-] Deleting neutron.port object s_rally_7c6c0302_jKIPUMrK (00310191-d12b-4d8f-a4e0-8a5b2c560796)
2019-07-06 09:49:24.535 22705 RALLYDEBUG rally_openstack.cleanup.manager [-] Deleting neutron.port object s_rally_7c6c0302_MieTGscj (01ad1b70-c4d1-4185-9c48-3420051095a4)
2019-07-06 09:49:24.541 22705 RALLYDEBUG rally_openstack.cleanup.manager [-] Deleting neutron.port object s_rally_7c6c0302_osX6xyn8 (05a27b6c-c411-4952-ba05-11b3f195c274)
2019-07-06 09:49:24.546 22705 RALLYDEBUG rally_openstack.cleanup.manager [-] Deleting neutron.port object s_rally_7c6c0302_SLVmR889 (05cc97e7-d7dc-469e-a178-6af49431f6e5)
2019-07-06 09:49:24.559 22705 RALLYDEBUG rally_openstack.cleanup.manager [-] Deleting neutron.port object s_rally_7c6c0302_OXdDkyT8 (06352e0c-6b59-4fad-98f6-c8d9430928ad)
2019-07-06 09:49:24.566 22705 RALLYDEBUG rally_openstack.cleanup.manager [-] Deleting neutron.port object s_rally_7c6c0302_X6lC84w1 (068da0b5-81ff-46b1-b66e-93bbe273d525)
2019-07-06 09:49:24.587 22705 RALLYDEBUG rally_openstack.cleanup.manager [-] Deleting neutron.port object s_rally_7c6c0302_Gin3PMcB (06bdaa99-94a2-40c2-b65c-5e9f4d113521)
2019-07-06 09:49:24.619 22705 RALLYDEBUG rally_openstack.cleanup.manager [-] Deleting neutron.port object s_rally_7c6c0302_RfdWyTyE (08427a33-75d4-4988-82c0-553f81428eb9)
2019-07-06 09:49:24.629 22705 RALLYDEBUG rally_openstack.cleanup.manager [-] Deleting neutron.port object s_rally_7c6c0302_4ENQTX2C (08a5879f-0b6b-4c9a-8c6d-214a425af2e5)
2019-07-06 09:49:24.638 22705 RALLYDEBUG rally_openstack.cleanup.manager [-] Deleting neutron.port object s_rally_7c6c0302_Cj1D0m2Z (085d0452-1b15-4074-b144-fc51a657364d)
2019-07-06 09:49:24.660 22705 RALLYDEBUG rally_openstack.cleanup.manager [-] Deleting neutron.port object s_rally_7c6c0302_ShJRBvSR (0c27bef3-2c5e-4689-bb8e-0ffe658e0a6b)
2019-07-06 09:49:24.660 22705 RALLYDEBUG rally_openstack.cleanup.manager [-] Deleting neutron.port object s_rally_7c6c0302_bEXoJy1D (0b2849cf-bf07-4aa6-9643-1ad4f9dc555a)
2019-07-06 09:49:24.672 22705 RALLYDEBUG rally_openstack.cleanup.manager [-] Deleting neutron.port object s_rally_7c6c0302_xjfdYnfD (0c8380c8-8b05-433a-b500-35c2018e4012)
2019-07-06 09:49:27.234 22705 RALLYDEBUG rally_openstack.cleanup.manager [-] Deleting neutron.port object s_rally_7c6c0302_aJp0yjF3 (0cce0f25-12f5-43fb-b9ba-5f1debd2ad65)
2019-07-06 09:49:27.488 22705 RALLYDEBUG rally_openstack.cleanup.manager [-] Deleting neutron.port object s_rally_7c6c0302_LdtFOW7f (0f8fc160-f567-4b8e-b43f-9de51f5f2f4e)
2019-07-06 09:49:27.522 22705 RALLYDEBUG rally_openstack.cleanup.manager [-] Deleting neutron.port object s_rally_7c6c0302_inbv6k5l (0fdc0a8e-dbbf-417a-8fae-257cfa7e1d1c)
2019-07-06 09:49:27.586 22705 RALLYDEBUG rally_openstack.cleanup.manager [-] Deleting neutron.port object s_rally_7c6c0302_bFusDgx7 (1143779e-fe13-40bd-a0cc-afa37062e206)
2019-07-06 09:49:27.682 22705 RALLYDEBUG rally_openstack.cleanup.manager [-] Deleting neutron.port object s_rally_7c6c0302_CXTCbT4V (119960c9-a7a8-4e51-9181-a1901182ab81)
2019-07-06 09:49:29.182 22705 RALLYDEBUG rally_openstack.cleanup.manager [-] Deleting neutron.port object s_rally_7c6c0302_TA4bAVZh (11d92677-d96a-48e7-a03a-f170e68525bc)
2019-07-06 09:49:30.720 22705 RALLYDEBUG rally_openstack.cleanup.manager [-] Deleting neutron.port object s_rally_7c6c0302_pFmj2gll (1227eec7-5ac5-4277-9871-d92f503091c2)
2019-07-06 09:49:31.045 22705 RALLYDEBUG rally_openstack.cleanup.manager [-] Deleting neutron.port object s_rally_7c6c0302_sWoy56Cj (127f14b0-485c-4826-9f3d-db5ae7a2fc60)
2019-07-06 09:49:31.101 22705 RALLYDEBUG rally_openstack.cleanup.manager [-] Deleting neutron.port object s_rally_7c6c0302_CfK7Sc5q (130fc803-3ee4-48ba-a545-312938555cb9)
2019-07-06 09:49:31.118 22705 RALLYDEBUG rally_openstack.cleanup.manager [-] Deleting neutron.port object s_rally_7c6c0302_rJBjDJtL (14acc303-82fc-4fd7-a31d-f5d7baabf399)
2019-07-06 09:49:31.251 22705 RALLYDEBUG rally_openstack.cleanup.manager [-] Deleting neutron.port object s_rally_7c6c0302_1Vpz9EMX (14d28ae6-ff6c-4060-acfc-99e62ae37112)
2019-07-06 09:49:31.358 22705 RALLYDEBUG rally_openstack.cleanup.manager [-] Deleting neutron.port object s_rally_7c6c0302_spRivCs6 (1544f1a7-5009-4cbe-9ba8-764d98958d2a)
2019-07-06 09:49:31.408 22705 RALLYDEBUG rally_openstack.cleanup.manager [-] Deleting neutron.port object s_rally_7c6c0302_fHH6weL1 (154a9edb-d332-451a-870d-47cb4a4c58a7)
2019-07-06 09:49:31.545 22705 RALLYDEBUG rally_openstack.cleanup.manager [-] Deleting neutron.port object s_rally_7c6c0302_MqfR1xJL (15edb3f9-454b-4f18-a3fb-925f61184f36)
2019-07-06 09:49:31.621 22705 RALLYDEBUG rally_openstack.cleanup.manager [-] Deleting neutron.port object s_rally_7c6c0302_T6nBJqKX (160f2cd7-2651-4180-afad-d4706109a1bf)
2019-07-06 09:49:31.942 22705 RALLYDEBUG rally_openstack.cleanup.manager [-] Deleting neutron.port object s_rally_7c6c0302_LBMK4Fso (1763dd56-04b5-4fdd-b60c-20a5a04566f8)
2019-07-06 09:49:31.948 22705 RALLYDEBUG rally_openstack.cleanup.manager [-] Deleting neutron.port object s_rally_7c6c0302_6JG2daAw (17a28a80-8013-4033-9ce2-18663062e7cd)
2019-07-06 09:49:32.332 22705 RALLYDEBUG rally_openstack.cleanup.manager [-] Deleting neutron.port object s_rally_7c6c0302_k5b4Tssh (17b7473c-1fe1-4bfb-953c-2bcb565b7c3c)
2019-07-06 09:49:32.332 22705 RALLYDEBUG rally_openstack.cleanup.manager [-] Deleting neutron.port object s_rally_7c6c0302_CaLcxkX4 (186ad5d3-f166-49b8-a70b-3a13b87e8259)
2019-07-06 09:49:32.359 22705 RALLYDEBUG rally_openstack.cleanup.manager [-] Deleting neutron.port object s_rally_7c6c0302_BxL1R3vH (18b8e12e-71fd-4c41-8961-8d609859be8f)
2019-07-06 09:49:32.439 22705 RALLYDEBUG rally_openstack.cleanup.manager [-] Deleting neutron.port object s_rally_7c6c0302_ukU9ZaC8 (18db5ce7-5015-48d7-a523-a8cc3c306e5f)
2019-07-06 09:49:32.541 22705 RALLYDEBUG rally_openstack.cleanup.manager [-] Deleting neutron.port object s_rally_7c6c0302_Vj41PhER (19305ce0-272a-468f-8e29-c7700e2da893)
2019-07-06 09:49:32.769 22705 RALLYDEBUG rally_openstack.cleanup.manager [-] Deleting neutron.port object s_rally_7c6c0302_wpRb1erz (1ace2abe-ec69-48c9-a5f3-f286b2e2102f)
2019-07-06 09:49:32.833 22705 RALLYDEBUG rally_openstack.cleanup.manager [-] Deleting neutron.port object s_rally_7c6c0302_t4Qtup55 (1bf5c08e-1ca0-436b-9bce-4b84c60ad5be)
2019-07-06 09:49:32.924 22705 RALLYDEBUG rally_openstack.cleanup.manager [-] Deleting neutron.port object s_rally_7c6c0302_zUn3mVvV (1bf8dd71-bb7d-4262-86f9-3378cbcfd6d6)
2019-07-06 09:49:33.038 22705 RALLYDEBUG rally_openstack.cleanup.manager [-] Deleting neutron.port object s_rally_7c6c0302_9qlVcbTC (1c71157c-b84c-45b0-9028-330008e2d010)
2019-07-06 09:49:33.319 22705 RALLYDEBUG rally_openstack.cleanup.manager [-] Deleting neutron.port object s_rally_7c6c0302_viRUUbE3 (1d0b4a6d-2217-4d03-929f-3cd4ef2f5d9d)
2019-07-06 09:49:34.568 22705 RALLYDEBUG rally_openstack.cleanup.manager [-] Deleting neutron.port object s_rally_7c6c0302_DdcPy2nl (1e3e4e8d-f252-4163-ab7c-b7ac32c89f0a)
2019-07-06 09:49:35.035 22705 RALLYDEBUG rally_openstack.cleanup.manager [-] Deleting neutron.port object s_rally_7c6c0302_fM4Yrq0e (1ed26ba2-bbdb-4980-b137-abbe8eb8fa79)
2019-07-06 09:49:35.087 22705 RALLYDEBUG rally_openstack.cleanup.manager [-] Deleting neutron.port object s_rally_7c6c0302_YSbfPuGk (1f621993-9f72-47ad-bf13-69355987bd6f)
2019-07-06 09:49:35.177 22705 RALLYDEBUG rally_openstack.cleanup.manager [-] Deleting neutron.port object s_rally_7c6c0302_HrDnrTMv (1f8e7564-3240-410d-ba43-d2516bb4aceb)
2019-07-06 09:49:35.230 22705 RALLYDEBUG rally_openstack.cleanup.manager [-] Deleting neutron.port object s_rally_7c6c0302_uHuaL7ES (1fcfeb10-e764-46f1-8b41-51c0752d3d76)
2019-07-06 09:49:35.520 22705 RALLYDEBUG rally_openstack.cleanup.manager [-] Deleting neutron.port object s_rally_7c6c0302_GHaiHzt4 (1fd80fc4-041f-4230-a4ba-874dbbf261f0)
2019-07-06 09:49:35.672 22705 RALLYDEBUG rally_openstack.cleanup.manager [-] Deleting neutron.port object s_rally_7c6c0302_W50fqg2e (200b229f-017a-42aa-a36b-9c4f309622be)
2019-07-06 09:49:35.717 22705 RALLYDEBUG rally_openstack.cleanup.manager [-] Deleting neutron.port object s_rally_7c6c0302_YrduP6mK (20b6d3b7-78f9-479b-acbc-c9914de1472d)
2019-07-06 09:49:35.723 22705 RALLYDEBUG rally_openstack.cleanup.manager [-] Deleting neutron.port object s_rally_7c6c0302_XJjeyR0H (20e220dc-8d58-4219-b5c8-9dc5204080db)
2019-07-06 09:49:35.796 22705 RALLYDEBUG rally_openstack.cleanup.manager [-] Deleting neutron.port object s_rally_7c6c0302_FunwUPtF (25020037-acf2-4561-a0d8-6cda003f1293)
2019-07-06 09:49:35.797 22705 RALLYDEBUG rally_openstack.cleanup.manager [-] Deleting neutron.port object s_rally_7c6c0302_AEPGF4B7 (24e7b7cb-b759-4f22-8057-a5fa16bf19e9)
2019-07-06 09:49:35.805 22705 RALLYDEBUG rally_openstack.cleanup.manager [-] Deleting neutron.port object s_rally_7c6c0302_mtXjQnDt (25406d1d-22b0-47e8-bbde-1c5c825b9bc0)
2019-07-06 09:49:35.859 22705 RALLYDEBUG rally_openstack.cleanup.manager [-] Deleting neutron.port object s_rally_7c6c0302_mTtK4ufX (25631275-a115-42c1-85eb-7cd36294995b)
2019-07-06 09:49:36.150 22705 RALLYDEBUG rally_openstack.cleanup.manager [-] Deleting neutron.port object s_rally_7c6c0302_vM8JJObe (256cc34f-eb67-4ac7-9b17-027f11b95418)
2019-07-06 09:49:36.265 22705 RALLYDEBUG rally_openstack.cleanup.manager [-] Deleting neutron.port object s_rally_7c6c0302_qZzGfVdc (25811323-41d6-4c2b-be20-b457d3986970)
2019-07-06 09:49:37.418 22705 RALLYDEBUG rally_openstack.cleanup.manager [-] Deleting neutron.port object s_rally_7c6c0302_mgpCUezz (26651eed-447a-45aa-bca8-1f3f954b72c5)
2019-07-06 09:49:38.137 22705 RALLYDEBUG rally_openstack.cleanup.manager [-] Deleting neutron.port object s_rally_7c6c0302_EtIoglmv (26dbcd23-6167-45f3-b756-acb9efa3939d)
2019-07-06 09:49:38.383 22705 RALLYDEBUG rally_openstack.cleanup.manager [-] Deleting neutron.port object s_rally_7c6c0302_C3HIGF1E (27c610a7-eb42-4644-830d-0e258afd277b)
2019-07-06 09:49:38.540 22705 RALLYDEBUG rally_openstack.cleanup.manager [-] Deleting neutron.port object s_rally_7c6c0302_J1vvY3o1 (28156f22-ef46-4924-9573-80876bed1375)
2019-07-06 09:49:38.600 22705 RALLYDEBUG rally_openstack.cleanup.manager [-] Deleting neutron.port object s_rally_7c6c0302_8kuyMJZ7 (28168a90-5297-4b6a-bed0-fc5eaaaaef36)
2019-07-06 09:49:38.671 22705 RALLYDEBUG rally_openstack.cleanup.manager [-] Deleting neutron.port object s_rally_7c6c0302_WXSeFaxl (28267893-62f1-4d4f-b7e3-f141714ad2d0)
2019-07-06 09:49:38.683 22705 RALLYDEBUG rally_openstack.cleanup.manager [-] Deleting neutron.port object s_rally_7c6c0302_RSIAutxC (2847043b-8c34-4580-b1c7-70921c208d8f)
2019-07-06 09:49:38.701 22705 RALLYDEBUG rally_openstack.cleanup.manager [-] Deleting neutron.port object s_rally_7c6c0302_csBIrByD (28b7f364-f7cc-4310-97ec-83dd56d0c846)
2019-07-06 09:49:38.721 22705 RALLYDEBUG rally_openstack.cleanup.manager [-] Deleting neutron.port object s_rally_7c6c0302_p9A6igmi (293968f1-e3fe-44ab-8ab9-4e157588a970)
2019-07-06 09:49:38.741 22705 RALLYDEBUG rally_openstack.cleanup.manager [-] Deleting neutron.port object s_rally_7c6c0302_qqHwo0VZ (29750711-5219-4f9a-bd68-05817774af3d)
2019-07-06 09:49:38.832 22705 RALLYDEBUG rally_openstack.cleanup.manager [-] Deleting neutron.port object s_rally_7c6c0302_sGoWFNkY (2c065a20-fb51-4c69-a633-7aa94f5fbb63)
2019-07-06 09:49:38.975 22705 RALLYDEBUG rally_openstack.cleanup.manager [-] Deleting neutron.port object s_rally_7c6c0302_lu0SQeLA (2cb9d82f-6709-47e7-9981-0f96bd104a45)
2019-07-06 09:49:38.985 22705 RALLYDEBUG rally_openstack.cleanup.manager [-] Deleting neutron.port object s_rally_7c6c0302_YV1ajfvV (2d8c90c1-a334-473a-bf23-99baa5a02094)
2019-07-06 09:49:39.108 22705 RALLYDEBUG rally_openstack.cleanup.manager [-] Deleting neutron.port object s_rally_7c6c0302_WjDZElYc (2f280054-2a43-4c8b-87d3-85dfe975d7fd)
2019-07-06 09:49:39.191 22705 RALLYDEBUG rally_openstack.cleanup.manager [-] Deleting neutron.port object s_rally_7c6c0302_LOXtCl5G (2f423d35-b84a-4a12-91de-b2bb6560d1e1)
2019-07-06 09:49:39.433 22705 RALLYDEBUG rally_openstack.cleanup.manager [-] Deleting neutron.port object s_rally_7c6c0302_VjrnOSNb (2f4a2201-f705-48bf-b09d-25f5c1249c13)
2019-07-06 09:49:39.448 22705 RALLYDEBUG rally_openstack.cleanup.manager [-] Deleting neutron.port object s_rally_7c6c0302_0yZNmxkN (2f8867b7-4d77-4f7f-b289-89b1fc0314cb)
2019-07-06 09:49:39.453 22705 RALLYDEBUG rally_openstack.cleanup.manager [-] Deleting neutron.port object s_rally_7c6c0302_1jZ70LgI (2fd35239-c4fb-48c8-be5e-3985fdd4341b)
2019-07-06 09:49:39.507 22705 RALLYDEBUG rally_openstack.cleanup.manager [-] Deleting neutron.port object s_rally_7c6c0302_XvcZNzTf (30505d9b-cc70-4499-a236-e9c279427f1d)
2019-07-06 09:49:39.549 22705 RALLYDEBUG rally_openstack.cleanup.manager [-] Deleting neutron.port object s_rally_7c6c0302_tKWB70FV (3088e488-b531-486f-9169-265e5ee46e90)
2019-07-06 09:49:39.991 22705 RALLYDEBUG rally_openstack.cleanup.manager [-] Deleting neutron.port object s_rally_7c6c0302_G3C1Dx4p (30b73c35-20ef-4bad-955b-47dae7b20fbb)
2019-07-06 09:49:41.338 22705 RALLYDEBUG rally_openstack.cleanup.manager [-] Deleting neutron.port object s_rally_7c6c0302_pDIe2F0X (30bea3be-c26d-40d2-9c11-e73485bdde73)
2019-07-06 09:49:41.709 22705 RALLYDEBUG rally_openstack.cleanup.manager [-] Deleting neutron.port object s_rally_7c6c0302_hGtE3Yzu (30c3842b-be9e-44a2-825a-0f437d91e7bf)
2019-07-06 09:49:41.861 22705 RALLYDEBUG rally_openstack.cleanup.manager [-] Deleting neutron.port object s_rally_7c6c0302_z6hG6IZp (30e90eec-20c1-432e-86f9-cc48724ae684)
2019-07-06 09:49:42.364 22705 RALLYDEBUG rally_openstack.cleanup.manager [-] Deleting neutron.port object s_rally_7c6c0302_QCV4fDdv (30fc7efd-a7e2-443e-a8f7-1b3ae311ece5)
2019-07-06 09:49:42.384 22705 RALLYDEBUG rally_openstack.cleanup.manager [-] Deleting neutron.port object s_rally_7c6c0302_KBlWspJi (31c059a2-552d-4688-bd25-b30a4f5516b9)
2019-07-06 09:49:42.684 22705 RALLYDEBUG rally_openstack.cleanup.manager [-] Deleting neutron.port object s_rally_7c6c0302_9jBQoR0P (31f284de-1d65-447e-bf16-99ec240acd80)
2019-07-06 09:49:42.773 22705 RALLYDEBUG rally_openstack.cleanup.manager [-] Deleting neutron.port object s_rally_7c6c0302_S9LkwHfW (31f3241d-bc35-4143-b71a-9b76507179fa)
2019-07-06 09:49:42.779 22705 RALLYDEBUG rally_openstack.cleanup.manager [-] Deleting neutron.port object s_rally_7c6c0302_trUoyOzX (32069374-e7a8-4e26-a689-55f504699c69)
2019-07-06 09:49:42.824 22705 RALLYDEBUG rally_openstack.cleanup.manager [-] Deleting neutron.port object s_rally_7c6c0302_Z56Os5Hv (33db3d53-c6bc-41d7-921c-b923469883b3)
2019-07-06 09:49:42.926 22705 RALLYDEBUG rally_openstack.cleanup.manager [-] Deleting neutron.port object s_rally_7c6c0302_7xS8hjaL (3474d529-6e9e-44d0-9c91-2cedc94f7b1e)
2019-07-06 09:49:42.926 22705 RALLYDEBUG rally_openstack.cleanup.manager [-] Deleting neutron.port object s_rally_7c6c0302_JFL9nsGg (349a1abe-4505-44f1-a0b3-34b530997048)
2019-07-06 09:49:42.932 22705 RALLYDEBUG rally_openstack.cleanup.manager [-] Deleting neutron.port object s_rally_7c6c0302_hpPIlv60 (34a3d4b2-4bcc-4d34-b239-752a0094aeb3)
2019-07-06 09:49:42.968 22705 RALLYDEBUG rally_openstack.cleanup.manager [-] Deleting neutron.port object s_rally_7c6c0302_PhvkhIlU (3538ad3b-c35d-4be2-a2a6-c0e3626d8965)
2019-07-06 09:49:43.011 22705 RALLYDEBUG rally_openstack.cleanup.manager [-] Deleting neutron.port object s_rally_7c6c0302_46WcIiMy (35f2e1b1-4171-4475-a4cf-12c3fed999e7)
2019-07-06 09:49:43.082 22705 RALLYDEBUG rally_openstack.cleanup.manager [-] Deleting neutron.port object s_rally_7c6c0302_yjtRaHhs (35f6b121-896a-4fd3-9cdc-e7a82421d8a0)
2019-07-06 09:49:43.141 22705 RALLYDEBUG rally_openstack.cleanup.manager [-] Deleting neutron.port object s_rally_7c6c0302_bgFYpzf3 (361c12a1-39a9-4040-832a-dcd5c06301a3)
