2019-07-06 09:42:16.843 22705 RALLYDEBUG rally_openstack.cleanup.manager [-] Deleting neutron.port object s_rally_52525a94_1RNvC9Qv (5a7c3c17-e6b8-41d3-bcf0-3c6c4d2b8f12)
2019-07-06 09:42:17.175 22705 RALLYDEBUG rally_openstack.cleanup.manager [-] Deleting neutron.port object s_rally_52525a94_3BW7WGA5 (5a95f419-1f6a-4c13-9d97-7ac2e47f1d4d)
2019-07-06 09:42:17.230 22705 RALLYDEBUG rally_openstack.cleanup.manager [-] Deleting neutron.port object s_rally_52525a94_u0TznhX6 (5dce45ab-620f-409c-9de9-44bcec57d353)
2019-07-06 09:42:17.283 22705 RALLYDEBUG rally_openstack.cleanup.manager [-] Deleting neutron.port object s_rally_52525a94_rmhS1QQK (5f4d0c84-91c9-4fcb-8f33-be92ca909166)
2019-07-06 09:42:17.306 22705 RALLYDEBUG rally_openstack.cleanup.manager [-] Deleting neutron.port object s_rally_52525a94_TQRw6Sy8 (61cb4ddd-ad30-46bc-87e1-9b99a40d174c)
2019-07-06 09:42:18.004 22705 RALLYDEBUG rally_openstack.cleanup.manager [-] Deleting neutron.port object s_rally_52525a94_P5YNlEUz (62140e8f-6538-4b11-84a5-42284ccd4c7e)
2019-07-06 09:42:18.016 22705 RALLYDEBUG rally_openstack.cleanup.manager [-] Deleting neutron.port object s_rally_52525a94_BQBArKxc (6267d537-bd63-42c3-ab62-81bdb9b842db)
2019-07-06 09:42:18.224 22705 RALLYDEBUG rally_openstack.cleanup.manager [-] Deleting neutron.port object s_rally_52525a94_BPkp2sy7 (6679b7ec-25cc-4dd2-a9fd-9a62eac89177)
2019-07-06 09:42:18.230 22705 RALLYDEBUG rally_openstack.cleanup.manager [-] Deleting neutron.port object s_rally_52525a94_t0HAcLNp (66e5f511-57a4-4479-879d-eed971826d33)
2019-07-06 09:42:18.256 22705 RALLYDEBUG rally_openstack.cleanup.manager [-] Deleting neutron.port object s_rally_52525a94_hk8LMTNA (6753ab59-7852-44ec-975c-3bea29947c9d)
2019-07-06 09:42:18.283 22705 RALLYDEBUG rally_openstack.cleanup.manager [-] Deleting neutron.port object s_rally_52525a94_rp5s5H3Y (69f7c607-fd88-4e5d-bbaa-f0405020a52f)
2019-07-06 09:42:18.287 22705 RALLYDEBUG rally_openstack.cleanup.manager [-] Deleting neutron.port object s_rally_52525a94_NUj4WdEI (6a17e74c-6cc0-4f31-986c-a144c5b10870)
2019-07-06 09:42:18.432 22705 RALLYDEBUG rally_openstack.cleanup.manager [-] Deleting neutron.port object s_rally_52525a94_pikaB3Nj (6d5e84d7-3160-4a1f-9da9-d4fc4810a851)
2019-07-06 09:42:18.493 22705 RALLYDEBUG rally_openstack.cleanup.manager [-] Deleting neutron.port object s_rally_52525a94_nE1qcuG3 (6ebb2c80-b2de-454b-a2e5-6f95e1ffeed3)
2019-07-06 09:42:18.523 22705 RALLYDEBUG rally_openstack.cleanup.manager [-] Deleting neutron.port object s_rally_52525a94_XZ1jCQIH (71514813-5473-4f80-872c-bdb5879ab3a0)
2019-07-06 09:42:18.529 22705 RALLYDEBUG rally_openstack.cleanup.manager [-] Deleting neutron.port object s_rally_52525a94_lvdUhfvx (73a38b09-59ab-4668-8a9a-a08b48681e96)
2019-07-06 09:42:19.194 22705 RALLYDEBUG rally_openstack.cleanup.manager [-] Deleting neutron.port object s_rally_52525a94_Wv30GVj2 (73fa78c8-3110-4c58-9f07-bbc693767e17)
2019-07-06 09:42:19.621 22705 RALLYDEBUG rally_openstack.cleanup.manager [-] Deleting neutron.port object s_rally_52525a94_fsD5V2vv (74252aa9-dfd2-4b3c-963c-d62bf380f66b)
2019-07-06 09:42:19.675 22705 RALLYDEBUG rally_openstack.cleanup.manager [-] Deleting neutron.port object s_rally_52525a94_Dn90ZxZg (772cfd29-262e-4e31-aaff-ce973d5bd3a4)
2019-07-06 09:42:19.726 22705 RALLYDEBUG rally_openstack.cleanup.manager [-] Deleting neutron.port object s_rally_52525a94_nxf1d9Xp (7868ded8-9224-4616-bbd9-d2d452aac69f)
2019-07-06 09:42:19.734 22705 RALLYDEBUG rally_openstack.cleanup.manager [-] Deleting neutron.port object s_rally_52525a94_rhqLBuZt (79e405c1-d70d-43eb-b7a5-64625335bce6)
2019-07-06 09:42:19.743 22705 RALLYDEBUG rally_openstack.cleanup.manager [-] Deleting neutron.port object s_rally_52525a94_3m3ljRK4 (7d4da659-609d-4f22-b16b-106b3d3f6ef9)
2019-07-06 09:42:20.647 22705 RALLYDEBUG rally_openstack.cleanup.manager [-] Deleting neutron.port object s_rally_52525a94_O3rOcWem (7e2269aa-fed1-48c4-8111-817251b3c65b)
2019-07-06 09:42:20.714 22705 RALLYDEBUG rally_openstack.cleanup.manager [-] Deleting neutron.port object s_rally_52525a94_XyQMBrvh (7f6e177f-5b5e-4d63-baab-2a76feda1fcd)
2019-07-06 09:42:20.883 22705 RALLYDEBUG rally_openstack.cleanup.manager [-] Deleting neutron.port object s_rally_52525a94_GmdR78LV (7f93438e-69f6-4e68-a0ea-812753667ead)
2019-07-06 09:42:20.888 22705 RALLYDEBUG rally_openstack.cleanup.manager [-] Deleting neutron.port object s_rally_52525a94_d4yDgyEf (7ff2b714-2f21-4ed3-98c0-fee506b378c9)
2019-07-06 09:42:20.918 22705 RALLYDEBUG rally_openstack.cleanup.manager [-] Deleting neutron.port object s_rally_52525a94_nnnclonT (81f481f6-4617-44be-bac3-17e11642be6c)
2019-07-06 09:42:21.231 22705 RALLYDEBUG rally_openstack.cleanup.manager [-] Deleting neutron.port object s_rally_52525a94_FMrG8Gi8 (82a216ba-91d2-4235-b790-546bb77de12f)
2019-07-06 09:42:21.238 22705 RALLYDEBUG rally_openstack.cleanup.manager [-] Deleting neutron.port object s_rally_52525a94_7aaOmhsO (8503705d-2c01-44ad-a16a-6a2f7ff502fd)
2019-07-06 09:42:21.477 22705 RALLYDEBUG rally_openstack.cleanup.manager [-] Deleting neutron.port object s_rally_52525a94_LxD3ANfj (85d8dfd2-0658-48c4-8390-4270b42064d6)
2019-07-06 09:42:21.845 22705 RALLYDEBUG rally_openstack.cleanup.manager [-] Deleting neutron.port object s_rally_52525a94_kmqm6V2m (87df2dc0-4f8a-4282-8aa7-4ac6e85b4635)
2019-07-06 09:42:21.851 22705 RALLYDEBUG rally_openstack.cleanup.manager [-] Deleting neutron.port object s_rally_52525a94_MljO7vT1 (8847790f-fb8f-4d07-acd5-ac82cb4ba73c)
2019-07-06 09:42:21.904 22705 RALLYDEBUG rally_openstack.cleanup.manager [-] Deleting neutron.port object s_rally_52525a94_1InXba8S (8a9ad0f9-3412-41aa-a7a2-9aa3f6e76491)
2019-07-06 09:42:22.079 22705 RALLYDEBUG rally_openstack.cleanup.manager [-] Deleting neutron.port object s_rally_52525a94_AReDMotO (8b7ccf70-cb46-40c2-95bb-57dda548c938)
2019-07-06 09:42:22.169 22705 RALLYDEBUG rally_openstack.cleanup.manager [-] Deleting neutron.port object s_rally_52525a94_PF6fKXkb (8c429fd6-312a-4316-a5f8-e619d23d1b04)
2019-07-06 09:42:22.376 22705 RALLYDEBUG rally_openstack.cleanup.manager [-] Deleting neutron.port object s_rally_52525a94_hiNRv6Lo (8c446d6b-e40f-458d-9578-7dba123a495e)
2019-07-06 09:42:22.550 22705 RALLYDEBUG rally_openstack.cleanup.manager [-] Deleting neutron.port object s_rally_52525a94_fmwiigxU (8c9c47a4-73b6-48ff-af80-5a671feda649)
2019-07-06 09:42:22.557 22705 RALLYDEBUG rally_openstack.cleanup.manager [-] Deleting neutron.port object s_rally_52525a94_M9IoEldY (8ce89ee6-e5af-4f79-9e92-48a0b4370078)
2019-07-06 09:42:22.762 22705 RALLYDEBUG rally_openstack.cleanup.manager [-] Deleting neutron.port object s_rally_52525a94_Tn3Imhwf (93140648-332b-4c88-820c-c6314194e382)
2019-07-06 09:42:22.764 22705 RALLYDEBUG rally_openstack.cleanup.manager [-] Deleting neutron.port object s_rally_52525a94_tyMUvJIy (92390041-0572-496b-b2f9-609691e5496b)
2019-07-06 09:42:22.800 22705 RALLYDEBUG rally_openstack.cleanup.manager [-] Deleting neutron.port object s_rally_52525a94_PvfD3SAj (933775eb-0a72-4f35-b48a-ff68c1221643)
2019-07-06 09:42:22.855 22705 RALLYDEBUG rally_openstack.cleanup.manager [-] Deleting neutron.port object s_rally_52525a94_mkVj5teA (9391e16e-ae5d-441a-85b7-a91f2e741795)
2019-07-06 09:42:23.101 22705 RALLYDEBUG rally_openstack.cleanup.manager [-] Deleting neutron.port object s_rally_52525a94_KF2Fyoyc (957a4634-b4b1-41b1-9aad-dc26e3e59d53)
2019-07-06 09:42:23.470 22705 RALLYDEBUG rally_openstack.cleanup.manager [-] Deleting neutron.port object s_rally_52525a94_EOLL8zXv (95a336a2-a121-44cc-bedc-4f52225b4cfa)
2019-07-06 09:42:23.544 22705 RALLYDEBUG rally_openstack.cleanup.manager [-] Deleting neutron.port object s_rally_52525a94_T8knYgky (95ae4160-e77e-4832-9243-fd088bc0bf67)
2019-07-06 09:42:23.721 22705 RALLYDEBUG rally_openstack.cleanup.manager [-] Deleting neutron.port object s_rally_52525a94_bG759DJ7 (96293795-aba9-421e-9696-a1ea6d878df8)
2019-07-06 09:42:23.800 22705 RALLYDEBUG rally_openstack.cleanup.manager [-] Deleting neutron.port object s_rally_52525a94_zS8L5sui (96faf1ad-73d6-43cc-815b-fd24d361175a)
2019-07-06 09:42:23.933 22705 RALLYDEBUG rally_openstack.cleanup.manager [-] Deleting neutron.port object s_rally_52525a94_j6la0kr7 (98d9d3f3-c005-40fb-8fe7-b66f86c8ed74)
2019-07-06 09:42:24.298 22705 RALLYDEBUG rally_openstack.cleanup.manager [-] Deleting neutron.port object s_rally_52525a94_G1omBEPq (990a7fea-7c13-4330-bf5f-55032ca19b4d)
2019-07-06 09:42:24.315 22705 RALLYDEBUG rally_openstack.cleanup.manager [-] Deleting neutron.port object s_rally_52525a94_svYdnOIx (99e93ff9-125f-43ad-87a4-1e9d2acdc0e4)
2019-07-06 09:42:24.570 22705 RALLYDEBUG rally_openstack.cleanup.manager [-] Deleting neutron.port object s_rally_52525a94_e5V1mR78 (9b4e061d-4a3e-48fd-88a5-3ea98cd514eb)
2019-07-06 09:42:24.611 22705 RALLYDEBUG rally_openstack.cleanup.manager [-] Deleting neutron.port object s_rally_52525a94_vzeUSH3Q (9b94954c-ddc4-4580-b1ae-185b3f956380)
2019-07-06 09:42:24.754 22705 RALLYDEBUG rally_openstack.cleanup.manager [-] Deleting neutron.port object s_rally_52525a94_9GtYoaSt (9c525459-ec8d-42ef-aa3d-a4658579821a)
2019-07-06 09:42:24.876 22705 RALLYDEBUG rally_openstack.cleanup.manager [-] Deleting neutron.port object s_rally_52525a94_SJl50q2p (9e04c6c1-561f-4bc2-adbc-be1244744740)
2019-07-06 09:42:24.906 22705 RALLYDEBUG rally_openstack.cleanup.manager [-] Deleting neutron.port object s_rally_52525a94_F1NgJU3N (9e14ada9-541b-44e1-a60b-72db395eaf5c)
2019-07-06 09:42:25.315 22705 RALLYDEBUG rally_openstack.cleanup.manager [-] Deleting neutron.port object s_rally_52525a94_pIcHubU1 (a24dbdd8-c369-4fb3-a1bb-a3c713bcf5ca)
2019-07-06 09:42:25.698 22705 RALLYDEBUG rally_openstack.cleanup.manager [-] Deleting neutron.port object s_rally_52525a94_t6lmI51B (a3e025cc-b910-44fb-b84f-6d1792e64565)
2019-07-06 09:42:25.736 22705 RALLYDEBUG rally_openstack.cleanup.manager [-] Deleting neutron.port object s_rally_52525a94_tsJuwAx3 (a41eb843-c7b3-44f1-8d10-a00434fcf264)
2019-07-06 09:42:25.899 22705 RALLYDEBUG rally_openstack.cleanup.manager [-] Deleting neutron.port object s_rally_52525a94_GJ46Kkuf (a45b124c-00b3-4abf-9bf1-96944c5145e8)
2019-07-06 09:42:25.986 22705 RALLYDEBUG rally_openstack.cleanup.manager [-] Deleting neutron.port object s_rally_52525a94_UbAukZTz (a565838c-25f8-41a2-8277-29d684d55693)
2019-07-06 09:42:26.162 22705 RALLYDEBUG rally_openstack.cleanup.manager [-] Deleting neutron.port object s_rally_52525a94_oBJINS8J (a75c5c30-cba7-49eb-9ead-45e30ed2fbde)
2019-07-06 09:42:26.353 22705 RALLYDEBUG rally_openstack.cleanup.manager [-] Deleting neutron.port object s_rally_52525a94_9mTeFMSN (a7a751ef-e434-4e19-a16f-db6381cfd510)
2019-07-06 09:42:26.528 22705 RALLYDEBUG rally_openstack.cleanup.manager [-] Deleting neutron.port object s_rally_52525a94_c0pHQeoX (a7c877f4-6e03-4852-b60c-54c3299e9380)
2019-07-06 09:42:26.534 22705 RALLYDEBUG rally_openstack.cleanup.manager [-] Deleting neutron.port object s_rally_52525a94_242mVPhp (a7cc14c1-2081-47ca-acfd-74d9045c1e83)
2019-07-06 09:42:26.671 22705 RALLYDEBUG rally_openstack.cleanup.manager [-] Deleting neutron.port object s_rally_52525a94_aABz3Six (a934f9df-6059-447e-a95e-58fe7f5a871f)
2019-07-06 09:42:26.880 22705 RALLYDEBUG rally_openstack.cleanup.manager [-] Deleting neutron.port object s_rally_52525a94_RV6kG6On (a9ca023c-2641-4a07-98ab-608a7055bc46)
2019-07-06 09:42:26.891 22705 RALLYDEBUG rally_openstack.cleanup.manager [-] Deleting neutron.port object s_rally_52525a94_ubTHrtMr (aa39768f-e5bb-48bb-bc51-a097d093290e)
2019-07-06 09:42:26.949 22705 RALLYDEBUG rally_openstack.cleanup.manager [-] Deleting neutron.port object s_rally_52525a94_zqYH6bDp (aa938a33-c7fc-4142-9625-653386be9ce1)
2019-07-06 09:42:26.956 22705 RALLYDEBUG rally_openstack.cleanup.manager [-] Deleting neutron.port object s_rally_52525a94_ZOvxxDDB (ab7e7545-2c9e-4c45-858a-e4ad39280053)
2019-07-06 09:42:27.304 22705 RALLYDEBUG rally_openstack.cleanup.manager [-] Deleting neutron.port object s_rally_52525a94_6957VIy4 (af6997be-3a85-43dc-8305-775274c3a8d4)
2019-07-06 09:42:27.409 22705 RALLYDEBUG rally_openstack.cleanup.manager [-] Deleting neutron.port object s_rally_52525a94_PU75zVZS (b062d491-ce5e-4a82-8926-d6ac5d6f1f7f)
2019-07-06 09:42:27.732 22705 RALLYDEBUG rally_openstack.cleanup.manager [-] Deleting neutron.port object s_rally_52525a94_o1XY5Rtr (b194f9e9-cf85-4d82-9a1b-84ff4e666db4)
2019-07-06 09:42:27.995 22705 RALLYDEBUG rally_openstack.cleanup.manager [-] Deleting neutron.port object s_rally_52525a94_HuZQlTy7 (b4cb8c68-14f4-454b-9ef6-e840aae6f02a)
2019-07-06 09:42:28.063 22705 RALLYDEBUG rally_openstack.cleanup.manager [-] Deleting neutron.port object s_rally_52525a94_EtP9H2SA (b50d964d-2e39-4b4d-9585-392cd252449d)
2019-07-06 09:42:28.228 22705 RALLYDEBUG rally_openstack.cleanup.manager [-] Deleting neutron.port object s_rally_52525a94_0zRE3Ll6 (b83a5043-23bd-43bf-8a83-55ac3278b0e9)
2019-07-06 09:42:28.344 22705 RALLYDEBUG rally_openstack.cleanup.manager [-] Deleting neutron.port object s_rally_52525a94_xqnd9I17 (b8ae8d60-12b2-4867-8d0d-4ad6a7f0435d)
2019-07-06 09:42:28.661 22705 RALLYDEBUG rally_openstack.cleanup.manager [-] Deleting neutron.port object s_rally_52525a94_RFcsr8h5 (b8ef6228-63e7-49e8-a6bb-a3d9577d5abb)
2019-07-06 09:42:28.731 22705 RALLYDEBUG rally_openstack.cleanup.manager [-] Deleting neutron.port object s_rally_52525a94_1xbXeXMQ (bbbabab8-b78d-4617-9811-ab5d6f4e6acc)
2019-07-06 09:42:28.999 22705 RALLYDEBUG rally_openstack.cleanup.manager [-] Deleting neutron.port object s_rally_52525a94_zxBSxCcM (be3475ba-af2d-4bc8-b67a-838097f77fb1)
2019-07-06 09:42:29.080 22705 RALLYDEBUG rally_openstack.cleanup.manager [-] Deleting neutron.port object s_rally_52525a94_nux2GQmE (be576556-5575-4419-9ce0-e15ac31fff71)
2019-07-06 09:42:29.186 22705 RALLYDEBUG rally_openstack.cleanup.manager [-] Deleting neutron.port object s_rally_52525a94_PMh3mBHZ (bec5b440-e25d-4b39-8dd4-d8e0a8c15083)
2019-07-06 09:42:29.238 22705 RALLYDEBUG rally_openstack.cleanup.manager [-] Deleting neutron.port object s_rally_52525a94_qAThxX9M (bfc79970-6bda-4ea4-973e-518d6b05dd9a)
2019-07-06 09:42:29.706 22705 RALLYDEBUG rally_openstack.cleanup.manager [-] Deleting neutron.port object s_rally_52525a94_aEzU5slY (c2117a9c-60b7-46c6-8134-1ddc974107c5)
2019-07-06 09:42:29.845 22705 RALLYDEBUG rally_openstack.cleanup.manager [-] Deleting neutron.port object s_rally_52525a94_z2bdk7Wx (c414196f-2976-4f05-af46-bdded5519d85)
2019-07-06 09:42:30.186 22705 RALLYDEBUG rally_openstack.cleanup.manager [-] Deleting neutron.port object s_rally_52525a94_PKz3uNEt (c438d036-3862-44e9-b11e-168e9213095b)
2019-07-06 09:42:30.425 22705 RALLYDEBUG rally_openstack.cleanup.manager [-] Deleting neutron.port object s_rally_52525a94_elPdAheW (c6427ac0-e84e-48dd-85c3-c8a4b50e7f8d)
2019-07-06 09:42:30.715 22705 RALLYDEBUG rally_openstack.cleanup.manager [-] Deleting neutron.port object s_rally_52525a94_ApYa7jA9 (c69db847-5f8b-4b27-8fee-55e752aafc1b)
2019-07-06 09:42:30.748 22705 RALLYDEBUG rally_openstack.cleanup.manager [-] Deleting neutron.port object s_rally_52525a94_cRoHbM2N (c830cf12-0b58-40df-8905-6b6e0c0b2006)
2019-07-06 09:42:30.748 22705 RALLYDEBUG rally_openstack.cleanup.manager [-] Deleting neutron.port object s_rally_52525a94_YMz3nN4m (c8396838-7bde-4f3d-894e-6c247a1654e7)
2019-07-06 09:42:30.885 22705 RALLYDEBUG rally_openstack.cleanup.manager [-] Deleting neutron.port object s_rally_52525a94_om12qco4 (cd75bc19-124b-44c4-be6a-1c75a9ffa168)
2019-07-06 09:42:30.963 22705 RALLYDEBUG rally_openstack.cleanup.manager [-] Deleting neutron.port object s_rally_52525a94_SRG5XF6e (cede643d-fb16-4125-af5f-ff447ff61742)
2019-07-06 09:42:31.071 22705 RALLYDEBUG rally_openstack.cleanup.manager [-] Deleting neutron.port object s_rally_52525a94_FOKZxPuB (d3061b13-44a7-4e92-8c72-3d5d7ab55f8c)
2019-07-06 09:42:31.131 22705 RALLYDEBUG rally_openstack.cleanup.manager [-] Deleting neutron.port object s_rally_52525a94_ygn8f2h1 (d60ac2d4-8188-4076-b7aa-33f750d0f281)
2019-07-06 09:42:31.190 22705 RALLYDEBUG rally_openstack.cleanup.manager [-] Deleting neutron.port object s_rally_52525a94_vj9hDAPe (d9e6c1a0-5149-4e3c-a1ad-73242b4799e8)
2019-07-06 09:42:31.384 22705 RALLYDEBUG rally_openstack.cleanup.manager [-] Deleting neutron.port object s_rally_52525a94_cpmjdjk3 (da19706c-bbd4-4fab-8c44-0e433150d74a)
2019-07-06 09:42:31.625 22705 RALLYDEBUG rally_openstack.cleanup.manager [-] Deleting neutron.port object s_rally_52525a94_FyWW8P3w (da644bb6-2ad0-4f57-84eb-863ae0e55275)
2019-07-06 09:42:31.655 22705 RALLYDEBUG rally_openstack.cleanup.manager [-] Deleting neutron.port object s_rally_52525a94_ZVnQkQxi (dcb39f20-b8ce-4436-8d68-b3a1b0013929)
2019-07-06 09:42:31.915 22705 RALLYDEBUG rally_openstack.cleanup.manager [-] Deleting neutron.port object s_rally_52525a94_kMbBI9QP (dd267afa-91fd-4486-8321-1f3310f20a1b)
2019-07-06 09:42:31.959 22705 RALLYDEBUG rally_openstack.cleanup.manager [-] Deleting neutron.port object s_rally_52525a94_AJ3NkmaX (dd8effec-95f4-409c-a9d3-3c535dfb5891)
2019-07-06 09:42:32.301 22705 RALLYDEBUG rally_openstack.cleanup.manager [-] Deleting neutron.port object s_rally_52525a94_Z8nMMoP4 (de5f3aa2-c7d1-475f-9c71-4171b4e0ee32)
2019-07-06 09:42:32.393 22705 RALLYDEBUG rally_openstack.cleanup.manager [-] Deleting neutron.port object s_rally_52525a94_9Y4H3pfv (e0d9c38f-14dc-49d0-b296-7d5f1f011f4b)
2019-07-06 09:42:32.528 22705 RALLYDEBUG rally_openstack.cleanup.manager [-] Deleting neutron.port object s_rally_52525a94_M1K1dihW (e558054a-afca-4ad4-822a-dd54a66e7bb0)
2019-07-06 09:42:32.568 22705 RALLYDEBUG rally_openstack.cleanup.manager [-] Deleting neutron.port object s_rally_52525a94_QIJtL3cJ (e733e5ba-4ab5-4af3-91b4-a661bec86e3e)
2019-07-06 09:42:32.829 22705 RALLYDEBUG rally_openstack.cleanup.manager [-] Deleting neutron.port object s_rally_52525a94_AezwqeDI (e82ffffe-7d9d-4517-8354-c08b694dbace)
2019-07-06 09:42:32.868 22705 RALLYDEBUG rally_openstack.cleanup.manager [-] Deleting neutron.port object s_rally_52525a94_hividtP0 (e8dcb541-ec80-4e3b-8fc8-d95f344f0e73)
2019-07-06 09:42:33.211 22705 RALLYDEBUG rally_openstack.cleanup.manager [-] Deleting neutron.port object s_rally_52525a94_QwiIVodU (ea7663d3-053e-4725-acfd-6f2412d1df3a)
2019-07-06 09:42:33.225 22705 RALLYDEBUG rally_openstack.cleanup.manager [-] Deleting neutron.port object s_rally_52525a94_5zPlmbYo (ec8a972b-6e3f-470b-885f-f19041fc0210)
2019-07-06 09:42:33.362 22705 RALLYDEBUG rally_openstack.cleanup.manager [-] Deleting neutron.port object s_rally_52525a94_lwXDN5DM (ecdc62a9-2bad-4c5d-a031-4d2b58e13cbb)
2019-07-06 09:42:33.528 22705 RALLYDEBUG rally_openstack.cleanup.manager [-] Deleting neutron.port object s_rally_52525a94_vstDddcC (ede211aa-0932-4007-ac02-56ce07f87f59)
2019-07-06 09:42:33.593 22705 RALLYDEBUG rally_openstack.cleanup.manager [-] Deleting neutron.port object s_rally_52525a94_I7l3lHxn (eed1d8c7-066a-4685-9e12-03c06d76926f)
2019-07-06 09:42:33.706 22705 RALLYDEBUG rally_openstack.cleanup.manager [-] Deleting neutron.port object s_rally_52525a94_wcPfvpcs (ef6f80a6-d980-4b0b-8d53-1ba2d9ac3dbe)
2019-07-06 09:42:33.716 22705 RALLYDEBUG rally_openstack.cleanup.manager [-] Deleting neutron.port object s_rally_52525a94_xAoDV1oD (efda2c68-5e43-4154-b02f-687f164637cb)
2019-07-06 09:42:33.836 22705 RALLYDEBUG rally_openstack.cleanup.manager [-] Deleting neutron.port object s_rally_52525a94_qHWYWlsQ (f1a5a5fd-bfa5-4a3a-9194-cd80653bbfb3)
2019-07-06 09:42:33.850 22705 RALLYDEBUG rally_openstack.cleanup.manager [-] Deleting neutron.port object s_rally_52525a94_ENeyiLey (f1e48ab8-4a7c-4b98-8088-a7e686cf8032)
2019-07-06 09:42:33.878 22705 RALLYDEBUG rally_openstack.cleanup.manager [-] Deleting neutron.port object s_rally_52525a94_kEZfxWrW (f2618927-2e9d-4f24-a66b-be14e927b4c9)
2019-07-06 09:42:34.553 22705 RALLYDEBUG rally_openstack.cleanup.manager [-] Deleting neutron.port object s_rally_52525a94_WFmWE5Rw (f2902eb7-2eb1-4e3f-8e3b-c8d8be6a530a)
2019-07-06 09:42:34.636 22705 RALLYDEBUG rally_openstack.cleanup.manager [-] Deleting neutron.port object s_rally_52525a94_Te9V3KP5 (f3473753-34b0-4a2a-99bc-2c787695863e)
2019-07-06 09:42:35.076 22705 RALLYDEBUG rally_openstack.cleanup.manager [-] Deleting neutron.port object s_rally_52525a94_lkOVvOVR (f38c7e70-b4d5-449d-bcb9-a6a7a6770051)
2019-07-06 09:42:35.089 22705 RALLYDEBUG rally_openstack.cleanup.manager [-] Deleting neutron.port object s_rally_52525a94_5z4EQo04 (f4e1f6a7-945e-4e46-b944-83117dd522e6)
2019-07-06 09:42:35.386 22705 RALLYDEBUG rally_openstack.cleanup.manager [-] Deleting neutron.port object s_rally_52525a94_EKhOfUbB (f5fe38cc-4407-4139-9c54-e0e8d4165a16)
2019-07-06 09:42:35.464 22705 RALLYDEBUG rally_openstack.cleanup.manager [-] Deleting neutron.port object s_rally_52525a94_n3jShwzF (f62074f0-561f-450e-b607-003e295643dc)
2019-07-06 09:42:35.474 22705 RALLYDEBUG rally_openstack.cleanup.manager [-] Deleting neutron.port object s_rally_52525a94_vbYcRhjR (f7a48d0c-b786-4e6c-91e3-92507a476d78)
2019-07-06 09:42:35.512 22705 RALLYDEBUG rally_openstack.cleanup.manager [-] Deleting neutron.port object s_rally_52525a94_0u8G3AU9 (f7fa4b4c-cc69-4ac9-9185-33ab677f3b94)
2019-07-06 09:42:35.648 22705 RALLYDEBUG rally_openstack.cleanup.manager [-] Deleting neutron.port object s_rally_52525a94_GarATh0R (f8bbc31f-7e01-462b-90aa-a841742448bd)
2019-07-06 09:42:35.701 22705 RALLYDEBUG rally_openstack.cleanup.manager [-] Deleting neutron.port object s_rally_52525a94_oGRTpJ9h (f8f692e7-e800-4afe-8db2-300918c42c65)
2019-07-06 09:42:35.803 22705 RALLYDEBUG rally_openstack.cleanup.manager [-] Deleting neutron.port object s_rally_52525a94_OU108CzN (fa6841af-ce65-485f-bc55-a916815d6ab0)
2019-07-06 09:42:35.937 22705 RALLYDEBUG rally_openstack.cleanup.manager [-] Deleting neutron.port object s_rally_52525a94_rE6zzAJm (fc0384d3-1e18-419a-b1c0-1aa48af0754d)
2019-07-06 09:42:36.003 22705 RALLYDEBUG rally_openstack.cleanup.manager [-] Deleting neutron.port object s_rally_52525a94_ASPsVTd7 (fca5c71d-e616-486b-af88-7fcfe11878ae)
2019-07-06 09:42:36.106 22705 RALLYDEBUG rally_openstack.cleanup.manager [-] Deleting neutron.port object s_rally_52525a94_t9FlFck9 (fdbbda42-389a-4dbb-900e-e1ee28e55ac2)
2019-07-06 09:42:36.152 22705 RALLYDEBUG rally_openstack.cleanup.manager [-] Deleting neutron.port object s_rally_52525a94_s6HC8dLG (fef12f9f-b016-4f07-ac92-09e649ecb94f)
2019-07-06 09:42:36.441 22705 RALLYDEBUG rally_openstack.cleanup.manager [-] Deleting neutron.port object s_rally_52525a94_5fAqFAx6 (ff12255f-2907-41d4-af62-30425fdba4ab)
2019-07-06 09:42:39.285 22705 RALLYDEBUG rally_openstack.cleanup.manager [-] Cleaning up neutron subnet objects
2019-07-06 09:42:40.046 22705 RALLYDEBUG rally_openstack.cleanup.manager [-] Cleaning up neutron network objects
2019-07-06 09:42:40.840 22705 RALLYDEBUG rally_openstack.cleanup.manager [-] Deleting neutron.network object s_rally_52525a94_DCVebudY (01e419b9-779f-4278-bee8-b861c8f7ada9)
2019-07-06 09:42:40.854 22705 RALLYDEBUG rally_openstack.cleanup.manager [-] Deleting neutron.network object s_rally_52525a94_16WnZkNh (046e0b2e-d73d-4ee1-9b8d-cee99d4973c9)
2019-07-06 09:42:40.857 22705 RALLYDEBUG rally_openstack.cleanup.manager [-] Deleting neutron.network object s_rally_52525a94_SrZLU8lu (041ea7fb-48ba-45f9-bab4-2f13b9e97719)
2019-07-06 09:42:40.857 22705 RALLYDEBUG rally_openstack.cleanup.manager [-] Deleting neutron.network object s_rally_52525a94_BFR5RFL5 (0656e818-00f2-4bc2-8d63-f50b69d71699)
2019-07-06 09:42:40.865 22705 RALLYDEBUG rally_openstack.cleanup.manager [-] Deleting neutron.network object s_rally_52525a94_Rnv53Zwi (088ff9c7-fa7b-4301-a17b-1e378e0bb086)
2019-07-06 09:42:40.876 22705 RALLYDEBUG rally_openstack.cleanup.manager [-] Deleting neutron.network object s_rally_52525a94_1xVYY8MW (12dc0724-5d55-40c8-9448-06efc12b7b4c)
2019-07-06 09:42:40.879 22705 RALLYDEBUG rally_openstack.cleanup.manager [-] Deleting neutron.network object s_rally_52525a94_JddV604z (1aac7291-3bfe-473a-ab53-7acc0a79c651)
2019-07-06 09:42:40.891 22705 RALLYDEBUG rally_openstack.cleanup.manager [-] Deleting neutron.network object s_rally_52525a94_FGrOK9mK (3bbad084-b685-401c-83be-5bff17c2f8f4)
2019-07-06 09:42:40.905 22705 RALLYDEBUG rally_openstack.cleanup.manager [-] Deleting neutron.network object s_rally_52525a94_9ZtW3CF3 (48663de0-e6f7-42a8-9192-5c7e8933be69)
2019-07-06 09:42:40.906 22705 RALLYDEBUG rally_openstack.cleanup.manager [-] Deleting neutron.network object s_rally_52525a94_89lnSC55 (45d0289a-69a1-4de7-873f-aedf6c3a6c05)
2019-07-06 09:42:40.930 22705 RALLYDEBUG rally_openstack.cleanup.manager [-] Deleting neutron.network object s_rally_52525a94_TKOJuw8J (4b51c9ed-e0e5-45f8-bfba-4e432cea3d3f)
2019-07-06 09:42:40.947 22705 RALLYDEBUG rally_openstack.cleanup.manager [-] Deleting neutron.network object s_rally_52525a94_i7wF47pR (4d81a985-0156-4478-821f-9706f39d44ae)
2019-07-06 09:42:40.969 22705 RALLYDEBUG rally_openstack.cleanup.manager [-] Deleting neutron.network object s_rally_52525a94_XczEuE4A (4e4e7e1a-09fa-438c-90d9-2c798b548beb)
2019-07-06 09:42:40.975 22705 RALLYDEBUG rally_openstack.cleanup.manager [-] Deleting neutron.network object s_rally_52525a94_5DDl5om1 (586e087b-14a1-4de3-be91-5bbe75747a14)
2019-07-06 09:42:41.004 22705 RALLYDEBUG rally_openstack.cleanup.manager [-] Deleting neutron.network object s_rally_52525a94_QBwH62SA (5961aa39-c828-480b-a9ba-afed819403d3)
2019-07-06 09:42:41.026 22705 RALLYDEBUG rally_openstack.cleanup.manager [-] Deleting neutron.network object s_rally_52525a94_VGfAL37O (5ab935ad-f35b-4561-89a4-d1a3fb3548ca)
2019-07-06 09:42:41.040 22705 RALLYDEBUG rally_openstack.cleanup.manager [-] Deleting neutron.network object s_rally_52525a94_h7n1uZK2 (5dca7e72-9aa7-40d3-b20f-2921d4dfd899)
2019-07-06 09:42:41.055 22705 RALLYDEBUG rally_openstack.cleanup.manager [-] Deleting neutron.network object s_rally_52525a94_BLb98Ibf (65ef901f-a098-46ee-bbbf-0e4bbf800633)
2019-07-06 09:42:41.066 22705 RALLYDEBUG rally_openstack.cleanup.manager [-] Deleting neutron.network object s_rally_52525a94_OFoBLhDP (68a99ce2-1ece-40f1-99cd-dcdbdc98f8dc)
2019-07-06 09:42:41.076 22705 RALLYDEBUG rally_openstack.cleanup.manager [-] Deleting neutron.network object s_rally_52525a94_0gHHbcBS (72479071-9ddb-46c6-b813-6b936a490f38)
2019-07-06 09:42:44.428 22705 RALLYDEBUG rally_openstack.cleanup.manager [-] Deleting neutron.network object s_rally_52525a94_KhLoXKv7 (7bf6c7c5-5ddc-4cc3-9778-4f9de0adeeca)
2019-07-06 09:42:44.837 22705 RALLYDEBUG rally_openstack.cleanup.manager [-] Deleting neutron.network object s_rally_52525a94_AIT1y51W (80ddc80e-26f9-478a-8aba-c1835480bf80)
2019-07-06 09:42:45.369 22705 RALLYDEBUG rally_openstack.cleanup.manager [-] Deleting neutron.network object s_rally_52525a94_lbHNDHKb (83d7fecd-1981-42b8-b53c-449c112f7c31)
2019-07-06 09:42:45.466 22705 RALLYDEBUG rally_openstack.cleanup.manager [-] Deleting neutron.network object s_rally_52525a94_sJXk9DCj (85b6754b-724b-474c-af03-f687d639bbae)
2019-07-06 09:42:45.560 22705 RALLYDEBUG rally_openstack.cleanup.manager [-] Deleting neutron.network object s_rally_52525a94_ndAJX8vU (8bc41fcb-1539-4ada-89cb-837941d075b0)
2019-07-06 09:42:45.583 22705 RALLYDEBUG rally_openstack.cleanup.manager [-] Deleting neutron.network object s_rally_52525a94_QaiYrVxX (8ef5a654-95bb-463b-bfa2-d19bc940be24)
2019-07-06 09:42:45.657 22705 RALLYDEBUG rally_openstack.cleanup.manager [-] Deleting neutron.network object s_rally_52525a94_1yQoT9vw (90cbe276-ce3b-4719-b4ee-e4cb3e0095a7)
2019-07-06 09:42:45.686 22705 RALLYDEBUG rally_openstack.cleanup.manager [-] Deleting neutron.network object s_rally_52525a94_6Oldtchn (9327d56e-c88c-480d-822e-f33d0cf368d1)
2019-07-06 09:42:45.690 22705 RALLYDEBUG rally_openstack.cleanup.manager [-] Deleting neutron.network object s_rally_52525a94_0UYI0Xam (997817f6-e512-444f-95b0-d6d8f24b44d4)
2019-07-06 09:42:45.701 22705 RALLYDEBUG rally_openstack.cleanup.manager [-] Deleting neutron.network object s_rally_52525a94_awRyzE9I (9ea1da78-bf90-4f64-bb01-4964c63e8f01)
2019-07-06 09:42:45.809 22705 RALLYDEBUG rally_openstack.cleanup.manager [-] Deleting neutron.network object s_rally_52525a94_NTjOoJ4R (b56d24b0-c1fd-4932-8910-a619a5c09380)
2019-07-06 09:42:45.819 22705 RALLYDEBUG rally_openstack.cleanup.manager [-] Deleting neutron.network object s_rally_52525a94_ftkQwXU3 (c6d40c1b-d645-4f6a-9b63-ef557f005bf0)
2019-07-06 09:42:46.052 22705 RALLYDEBUG rally_openstack.cleanup.manager [-] Deleting neutron.network object s_rally_52525a94_69soAJjT (cc85fbf0-0512-457b-b174-7f31bd8ab8ed)
2019-07-06 09:42:46.108 22705 RALLYDEBUG rally_openstack.cleanup.manager [-] Deleting neutron.network object s_rally_52525a94_3iknuCU7 (d3a5c7e5-2c2b-4d52-b314-074c42523394)
2019-07-06 09:42:46.118 22705 RALLYDEBUG rally_openstack.cleanup.manager [-] Deleting neutron.network object s_rally_52525a94_TsEcXlU3 (f1acc5b1-4b35-45cc-b812-332a48488804)
2019-07-06 09:42:46.128 22705 RALLYDEBUG rally_openstack.cleanup.manager [-] Deleting neutron.network object s_rally_52525a94_puIywfW3 (f371f91d-0a53-424d-8167-8bad12ab1487)
2019-07-06 09:42:46.163 22705 RALLYDEBUG rally_openstack.cleanup.manager [-] Deleting neutron.network object s_rally_52525a94_0Yg0utyW (f984b683-e383-4d0c-b841-7b197c6deab5)
2019-07-06 09:42:46.171 22705 RALLYDEBUG rally_openstack.cleanup.manager [-] Deleting neutron.network object s_rally_52525a94_28jj5bdr (fae7f4f6-4f99-4529-baad-084b0c2ce771)
2019-07-06 09:42:46.501 22705 RALLYDEBUG rally_openstack.cleanup.manager [-] Deleting neutron.network object s_rally_52525a94_46jvQBCd (fd186029-ff84-462f-9630-eea777717266)
2019-07-06 09:42:46.512 22705 RALLYDEBUG rally_openstack.cleanup.manager [-] Deleting neutron.network object s_rally_52525a94_NHHZn6G3 (fdac1dc0-5a87-4595-9bea-f981b805d8fd)
2019-07-06 09:42:51.532 22705 RALLYDEBUG rally_openstack.cleanup.manager [-] Cleaning up neutron router objects
2019-07-06 09:42:52.212 22705 RALLYDEBUG rally_openstack.cleanup.manager [-] Cleaning up neutron security_group objects
2019-07-06 09:42:52.986 22705 INFO rally.task.context [-] Task 9a3d1128-4ce5-4239-a905-19e2eefad72d | Context cleanup@openstack cleanup() finished in 52.10 sec
2019-07-06 09:42:52.987 22705 INFO rally.task.context [-] Task 9a3d1128-4ce5-4239-a905-19e2eefad72d | Context quotas@openstack cleanup() started
2019-07-06 09:42:53.204 22705 INFO rally.task.context [-] Task 9a3d1128-4ce5-4239-a905-19e2eefad72d | Context quotas@openstack cleanup() finished in 0.22 sec
2019-07-06 09:42:53.204 22705 INFO rally.task.context [-] Task 9a3d1128-4ce5-4239-a905-19e2eefad72d | Context users@openstack cleanup() started
2019-07-06 09:42:57.711 22705 INFO rally.task.context [-] Task 9a3d1128-4ce5-4239-a905-19e2eefad72d | Context users@openstack cleanup() finished in 4.51 sec
2019-07-06 09:42:57.799 22705 INFO rally.task.engine [-] Load duration is: 42.449544
2019-07-06 09:42:57.799 22705 INFO rally.task.engine [-] Full runner duration is: 42.496844
2019-07-06 09:42:57.800 22705 INFO rally.task.engine [-] Full duration is: 104.380567
2019-07-06 09:42:57.980 22705 INFO rally.task.engine [-] Running workload: position = 2 config = { "version": 2, "title": "A cropped version of a bigger task.", "description": "Auto-generated task from a single workload (uuid=4c1d6bbf-f381-4706-875a-b4c51b3013d1)", "subtasks": [ { "title": "NeutronNetworks.create_and_delete_ports", "description": "Create and delete a port.", "scenario": { "NeutronNetworks.create_and_delete_ports": { "network_create_args": {}, "port_create_args": {}, "ports_per_network": 5 } }, "contexts": { "users": { "tenants": 1, "users_per_tenant": 1 }, "quotas": { "neutron": { "network": -1, "port": -1 } } }, "runner": { "constant": { "times": 40, "concurrency": 20 } }, "hooks": [], "sla": { "failure_rate": { "max": 0 } } } ] }
2019-07-06 09:42:58.005 22705 RALLYDEBUG rally_openstack.contexts.keystone.users [-] Creating 1 tenants using 20 threads
2019-07-06 09:42:59.690 22705 RALLYDEBUG rally_openstack.contexts.keystone.users [-] Creating 1 users using 20 threads
2019-07-06 09:43:02.150 22705 INFO rally.task.context [-] Task 9a3d1128-4ce5-4239-a905-19e2eefad72d | Context users@openstack setup() finished in 4.15 sec
2019-07-06 09:43:02.909 22705 INFO rally.task.context [-] Task 9a3d1128-4ce5-4239-a905-19e2eefad72d | Context quotas@openstack setup() finished in 0.76 sec
2019-07-06 09:43:02.910 22705 INFO rally.task.context [-] Task 9a3d1128-4ce5-4239-a905-19e2eefad72d | Context cleanup@openstack setup() finished in 0.00 msec
2019-07-06 09:43:02.917 22705 RALLYDEBUG rally.task.runner [-] Starting the constant runner (task UUID: 9a3d1128-4ce5-4239-a905-19e2eefad72d). timeout: 0 concurrency: 20 concurrency_per_worker: 1 times: 40 concurrency_overhead: 4 processes_to_start: 16 max_cpu_used: 16
2019-07-06 09:43:02.929 26951 RALLYDEBUG rally.task.runner [-] Starting a worker. concurrency: 2 args: {"network_create_args": {}, "port_create_args": {}, "ports_per_network": 5} times: 40 method_name: run timeout: 0 duration: None cls:
2019-07-06 09:43:02.932 26952 RALLYDEBUG rally.task.runner [-] Starting a worker. concurrency: 2 args: {"network_create_args": {}, "port_create_args": {}, "ports_per_network": 5} times: 40 method_name: run timeout: 0 duration: None cls:
2019-07-06 09:43:02.936 26953 RALLYDEBUG rally.task.runner [-] Starting a worker. concurrency: 2 args: {"network_create_args": {}, "port_create_args": {}, "ports_per_network": 5} times: 40 method_name: run timeout: 0 duration: None cls:
2019-07-06 09:43:02.938 26951 INFO rally.task.runner [-] Task 9a3d1128-4ce5-4239-a905-19e2eefad72d | ITER: 1 START
2019-07-06 09:43:02.938 26952 INFO rally.task.runner [-] Task 9a3d1128-4ce5-4239-a905-19e2eefad72d | ITER: 2 START
2019-07-06 09:43:02.938 26954 RALLYDEBUG rally.task.runner [-] Starting a worker. concurrency: 2 args: {"network_create_args": {}, "port_create_args": {}, "ports_per_network": 5} times: 40 method_name: run timeout: 0 duration: None cls:
2019-07-06 09:43:02.939 26951 INFO rally.task.runner [-] Task 9a3d1128-4ce5-4239-a905-19e2eefad72d | ITER: 3 START
2019-07-06 09:43:02.940 26951 WARNING rally_openstack.scenarios.neutron.utils [-] Running this scenario without either the 'network' or 'existing_network' context is deprecated
2019-07-06 09:43:02.942 26953 INFO rally.task.runner [-] Task 9a3d1128-4ce5-4239-a905-19e2eefad72d | ITER: 5 START
2019-07-06 09:43:02.942 26952 WARNING rally_openstack.scenarios.neutron.utils [-] Running this scenario without either the 'network' or 'existing_network' context is deprecated
2019-07-06 09:43:02.942 26956 RALLYDEBUG rally.task.runner [-] Starting a worker. concurrency: 1 args: {"network_create_args": {}, "port_create_args": {}, "ports_per_network": 5} times: 40 method_name: run timeout: 0 duration: None cls:
2019-07-06 09:43:02.943 26953 WARNING rally_openstack.scenarios.neutron.utils [-] Running this scenario without either the 'network' or 'existing_network' context is deprecated
2019-07-06 09:43:02.944 26954 INFO rally.task.runner [-] Task 9a3d1128-4ce5-4239-a905-19e2eefad72d | ITER: 6 START
2019-07-06 09:43:02.945 26954 WARNING rally_openstack.scenarios.neutron.utils [-] Running this scenario without either the 'network' or 'existing_network' context is deprecated
2019-07-06 09:43:02.946 26961 RALLYDEBUG rally.task.runner [-] Starting a worker. concurrency: 1 args: {"network_create_args": {}, "port_create_args": {}, "ports_per_network": 5} times: 40 method_name: run timeout: 0 duration: None cls:
2019-07-06 09:43:02.941 26951 WARNING rally_openstack.scenarios.neutron.utils [-] Running this scenario without either the 'network' or 'existing_network' context is deprecated
2019-07-06 09:43:02.948 26964 RALLYDEBUG rally.task.runner [-] Starting a worker. concurrency: 1 args: {"network_create_args": {}, "port_create_args": {}, "ports_per_network": 5} times: 40 method_name: run timeout: 0 duration: None cls:
2019-07-06 09:43:02.954 26961 INFO rally.task.runner [-] Task 9a3d1128-4ce5-4239-a905-19e2eefad72d | ITER: 10 START
2019-07-06 09:43:02.955 26961 WARNING rally_openstack.scenarios.neutron.utils [-] Running this scenario without either the 'network' or 'existing_network' context is deprecated
2019-07-06 09:43:02.956 26956 INFO rally.task.runner [-] Task 9a3d1128-4ce5-4239-a905-19e2eefad72d | ITER: 9 START
2019-07-06 09:43:02.956 26964 INFO rally.task.runner [-] Task 9a3d1128-4ce5-4239-a905-19e2eefad72d | ITER: 11 START
2019-07-06 09:43:02.955 26967 RALLYDEBUG rally.task.runner [-] Starting a worker. concurrency: 1 args: {"network_create_args": {}, "port_create_args": {}, "ports_per_network": 5} times: 40 method_name: run timeout: 0 duration: None cls:
2019-07-06 09:43:02.956 26952 INFO rally.task.runner [-] Task 9a3d1128-4ce5-4239-a905-19e2eefad72d | ITER: 4 START
2019-07-06 09:43:02.957 26952 WARNING rally_openstack.scenarios.neutron.utils [-] Running this scenario without either the 'network' or 'existing_network' context is deprecated
2019-07-06 09:43:02.957 26956 WARNING rally_openstack.scenarios.neutron.utils [-] Running this scenario without either the 'network' or 'existing_network' context is deprecated
2019-07-06 09:43:02.957 26964 WARNING rally_openstack.scenarios.neutron.utils [-] Running this scenario without either the 'network' or 'existing_network' context is deprecated
2019-07-06 09:43:02.960 26954 INFO rally.task.runner [-] Task 9a3d1128-4ce5-4239-a905-19e2eefad72d | ITER: 8 START
2019-07-06 09:43:02.961 26967 INFO rally.task.runner [-] Task 9a3d1128-4ce5-4239-a905-19e2eefad72d | ITER: 12 START
2019-07-06 09:43:02.961 26954 WARNING rally_openstack.scenarios.neutron.utils [-] Running this scenario without either the 'network' or 'existing_network' context is deprecated
2019-07-06 09:43:02.961 26975 RALLYDEBUG rally.task.runner [-] Starting a worker. concurrency: 1 args: {"network_create_args": {}, "port_create_args": {}, "ports_per_network": 5} times: 40 method_name: run timeout: 0 duration: None cls:
2019-07-06 09:43:02.962 26967 WARNING rally_openstack.scenarios.neutron.utils [-] Running this scenario without either the 'network' or 'existing_network' context is deprecated
2019-07-06 09:43:02.963 26953 INFO rally.task.runner [-] Task 9a3d1128-4ce5-4239-a905-19e2eefad72d | ITER: 7 START
2019-07-06 09:43:02.964 26953 WARNING rally_openstack.scenarios.neutron.utils [-] Running this scenario without either the 'network' or 'existing_network' context is deprecated
2019-07-06 09:43:02.973 26975 INFO rally.task.runner [-] Task 9a3d1128-4ce5-4239-a905-19e2eefad72d | ITER: 13 START
2019-07-06 09:43:02.973 26983 RALLYDEBUG rally.task.runner [-] Starting a worker. concurrency: 1 args: {"network_create_args": {}, "port_create_args": {}, "ports_per_network": 5} times: 40 method_name: run timeout: 0 duration: None cls:
2019-07-06 09:43:02.975 26975 WARNING rally_openstack.scenarios.neutron.utils [-] Running this scenario without either the 'network' or 'existing_network' context is deprecated
2019-07-06 09:43:02.978 26983 INFO rally.task.runner [-] Task 9a3d1128-4ce5-4239-a905-19e2eefad72d | ITER: 14 START
2019-07-06 09:43:02.979 26983 WARNING rally_openstack.scenarios.neutron.utils [-] Running this scenario without either the 'network' or 'existing_network' context is deprecated
2019-07-06 09:43:02.982 26979 RALLYDEBUG rally.task.runner [-] Starting a worker. concurrency: 1 args: {"network_create_args": {}, "port_create_args": {}, "ports_per_network": 5} times: 40 method_name: run timeout: 0 duration: None cls:
2019-07-06 09:43:02.984 26984 RALLYDEBUG rally.task.runner [-] Starting a worker. concurrency: 1 args: {"network_create_args": {}, "port_create_args": {}, "ports_per_network": 5} times: 40 method_name: run timeout: 0 duration: None cls:
2019-07-06 09:43:02.992 26988 RALLYDEBUG rally.task.runner [-] Starting a worker. concurrency: 1 args: {"network_create_args": {}, "port_create_args": {}, "ports_per_network": 5} times: 40 method_name: run timeout: 0 duration: None cls:
2019-07-06 09:43:02.994 26987 RALLYDEBUG rally.task.runner [-] Starting a worker. concurrency: 1 args: {"network_create_args": {}, "port_create_args": {}, "ports_per_network": 5} times: 40 method_name: run timeout: 0 duration: None cls:
2019-07-06 09:43:02.997 26988 INFO rally.task.runner [-] Task 9a3d1128-4ce5-4239-a905-19e2eefad72d | ITER: 17 START
2019-07-06 09:43:02.997 26979 INFO rally.task.runner [-] Task 9a3d1128-4ce5-4239-a905-19e2eefad72d | ITER: 15 START
2019-07-06 09:43:02.997 26984 INFO rally.task.runner [-] Task 9a3d1128-4ce5-4239-a905-19e2eefad72d | ITER: 16 START
2019-07-06 09:43:02.998 26979 WARNING rally_openstack.scenarios.neutron.utils [-] Running this scenario without either the 'network' or 'existing_network' context is deprecated
2019-07-06 09:43:02.999 26984 WARNING rally_openstack.scenarios.neutron.utils [-] Running this scenario without either the 'network' or 'existing_network' context is deprecated
2019-07-06 09:43:02.999 26988 WARNING rally_openstack.scenarios.neutron.utils [-] Running this scenario without either the 'network' or 'existing_network' context is deprecated
2019-07-06 09:43:03.000 26989 RALLYDEBUG rally.task.runner [-] Starting a worker. concurrency: 1 args: {"network_create_args": {}, "port_create_args": {}, "ports_per_network": 5} times: 40 method_name: run timeout: 0 duration: None cls:
2019-07-06 09:43:03.007 26987 INFO rally.task.runner [-] Task 9a3d1128-4ce5-4239-a905-19e2eefad72d | ITER: 18 START
2019-07-06 09:43:03.007 26997 RALLYDEBUG rally.task.runner [-] Starting a worker. concurrency: 1 args: {"network_create_args": {}, "port_create_args": {}, "ports_per_network": 5} times: 40 method_name: run timeout: 0 duration: None cls:
2019-07-06 09:43:03.009 26987 WARNING rally_openstack.scenarios.neutron.utils [-] Running this scenario without either the 'network' or 'existing_network' context is deprecated
2019-07-06 09:43:03.009 26989 INFO rally.task.runner [-] Task 9a3d1128-4ce5-4239-a905-19e2eefad72d | ITER: 19 START
2019-07-06 09:43:03.010 26989 WARNING rally_openstack.scenarios.neutron.utils [-] Running this scenario without either the 'network' or 'existing_network' context is deprecated
2019-07-06 09:43:03.011 26997 INFO rally.task.runner [-] Task 9a3d1128-4ce5-4239-a905-19e2eefad72d | ITER: 20 START
2019-07-06 09:43:03.012 26997 WARNING rally_openstack.scenarios.neutron.utils [-] Running this scenario without either the 'network' or 'existing_network' context is deprecated
2019-07-06 09:43:13.091 26967 INFO rally.task.runner [-] Task 9a3d1128-4ce5-4239-a905-19e2eefad72d | ITER: 12 END: OK
2019-07-06 09:43:13.094 26967 INFO rally.task.runner [-] Task 9a3d1128-4ce5-4239-a905-19e2eefad72d | ITER: 21 START
2019-07-06 09:43:13.095 26967 WARNING rally_openstack.scenarios.neutron.utils [-] Running this scenario without either the 'network' or 'existing_network' context is deprecated
2019-07-06 09:43:13.803 26979 INFO rally.task.runner [-] Task 9a3d1128-4ce5-4239-a905-19e2eefad72d | ITER: 15 END: OK
2019-07-06 09:43:13.808 26979 INFO rally.task.runner [-] Task 9a3d1128-4ce5-4239-a905-19e2eefad72d | ITER: 22 START
2019-07-06 09:43:13.808 26979 WARNING rally_openstack.scenarios.neutron.utils [-] Running this scenario without either the 'network' or 'existing_network' context is deprecated
2019-07-06 09:43:21.160 26951 INFO rally.task.runner [-] Task 9a3d1128-4ce5-4239-a905-19e2eefad72d | ITER: 1 END: OK
2019-07-06 09:43:21.162 26964 INFO rally.task.runner [-] Task 9a3d1128-4ce5-4239-a905-19e2eefad72d | ITER: 11 END: OK
2019-07-06 09:43:21.164 26951 INFO rally.task.runner [-] Task 9a3d1128-4ce5-4239-a905-19e2eefad72d | ITER: 23 START
2019-07-06 09:43:21.165 26951 WARNING rally_openstack.scenarios.neutron.utils [-] Running this scenario without either the 'network' or 'existing_network' context is deprecated
2019-07-06 09:43:21.166 26964 INFO rally.task.runner [-] Task 9a3d1128-4ce5-4239-a905-19e2eefad72d | ITER: 24 START
2019-07-06 09:43:21.166 26964 WARNING rally_openstack.scenarios.neutron.utils [-] Running this scenario without either the 'network' or 'existing_network' context is deprecated
2019-07-06 09:43:21.398 26967 INFO rally.task.runner [-] Task 9a3d1128-4ce5-4239-a905-19e2eefad72d | ITER: 21 END: OK
2019-07-06 09:43:21.402 26967 INFO rally.task.runner [-] Task 9a3d1128-4ce5-4239-a905-19e2eefad72d | ITER: 25 START
2019-07-06 09:43:21.402 26967 WARNING rally_openstack.scenarios.neutron.utils [-] Running this scenario without either the 'network' or 'existing_network' context is deprecated
2019-07-06 09:43:21.577 26984 INFO rally.task.runner [-] Task 9a3d1128-4ce5-4239-a905-19e2eefad72d | ITER: 16 END: OK
2019-07-06 09:43:21.581 26984 INFO rally.task.runner [-] Task 9a3d1128-4ce5-4239-a905-19e2eefad72d | ITER: 26 START
2019-07-06 09:43:21.582 26984 WARNING rally_openstack.scenarios.neutron.utils [-] Running this scenario without either the 'network' or 'existing_network' context is deprecated
2019-07-06 09:43:21.629 26989 INFO rally.task.runner [-] Task 9a3d1128-4ce5-4239-a905-19e2eefad72d | ITER: 19 END: OK
2019-07-06 09:43:21.633 26989 INFO rally.task.runner [-] Task 9a3d1128-4ce5-4239-a905-19e2eefad72d | ITER: 27 START
2019-07-06 09:43:21.633 26989 WARNING rally_openstack.scenarios.neutron.utils [-] Running this scenario without either the 'network' or 'existing_network' context is deprecated
2019-07-06 09:43:22.109 26983 INFO rally.task.runner [-] Task 9a3d1128-4ce5-4239-a905-19e2eefad72d | ITER: 14 END: OK
2019-07-06 09:43:22.113 26983 INFO rally.task.runner [-] Task 9a3d1128-4ce5-4239-a905-19e2eefad72d | ITER: 28 START
2019-07-06 09:43:22.114 26983 WARNING rally_openstack.scenarios.neutron.utils [-] Running this scenario without either the 'network' or 'existing_network' context is deprecated
2019-07-06 09:43:22.175 26987 INFO rally.task.runner [-] Task 9a3d1128-4ce5-4239-a905-19e2eefad72d | ITER: 18 END: OK
2019-07-06 09:43:22.179 26987 INFO rally.task.runner [-] Task 9a3d1128-4ce5-4239-a905-19e2eefad72d | ITER: 29 START
2019-07-06 09:43:22.180 26987 WARNING rally_openstack.scenarios.neutron.utils [-] Running this scenario without either the 'network' or 'existing_network' context is deprecated
2019-07-06 09:43:23.010 26979 INFO rally.task.runner [-] Task 9a3d1128-4ce5-4239-a905-19e2eefad72d | ITER: 22 END: OK
2019-07-06 09:43:23.014 26979 INFO rally.task.runner [-] Task 9a3d1128-4ce5-4239-a905-19e2eefad72d | ITER: 30 START
2019-07-06 09:43:23.014 26979 WARNING rally_openstack.scenarios.neutron.utils [-] Running this scenario without either the 'network' or 'existing_network' context is deprecated
2019-07-06 09:43:27.925 26952 INFO rally.task.runner [-] Task 9a3d1128-4ce5-4239-a905-19e2eefad72d | ITER: 2 END: OK
2019-07-06 09:43:27.930 26952 INFO rally.task.runner [-] Task 9a3d1128-4ce5-4239-a905-19e2eefad72d | ITER: 31 START
2019-07-06 09:43:27.930 26952 WARNING rally_openstack.scenarios.neutron.utils [-] Running this scenario without either the 'network' or 'existing_network' context is deprecated
2019-07-06 09:43:27.995 26961 INFO rally.task.runner [-] Task 9a3d1128-4ce5-4239-a905-19e2eefad72d | ITER: 10 END: OK
2019-07-06 09:43:28.000 26961 INFO rally.task.runner [-] Task 9a3d1128-4ce5-4239-a905-19e2eefad72d | ITER: 32 START
2019-07-06 09:43:28.000 26961 WARNING rally_openstack.scenarios.neutron.utils [-] Running this scenario without either the 'network' or 'existing_network' context is deprecated
2019-07-06 09:43:28.041 26953 INFO rally.task.runner [-] Task 9a3d1128-4ce5-4239-a905-19e2eefad72d | ITER: 7 END: OK
2019-07-06 09:43:28.045 26953 INFO rally.task.runner [-] Task 9a3d1128-4ce5-4239-a905-19e2eefad72d | ITER: 33 START
2019-07-06 09:43:28.046 26953 WARNING rally_openstack.scenarios.neutron.utils [-] Running this scenario without either the 'network' or 'existing_network' context is deprecated
2019-07-06 09:43:29.510 26954 INFO rally.task.runner [-] Task 9a3d1128-4ce5-4239-a905-19e2eefad72d | ITER: 8 END: OK
2019-07-06 09:43:29.515 26954 INFO rally.task.runner [-] Task 9a3d1128-4ce5-4239-a905-19e2eefad72d | ITER: 34 START
2019-07-06 09:43:29.516 26954 WARNING rally_openstack.scenarios.neutron.utils [-] Running this scenario without either the 'network' or 'existing_network' context is deprecated
2019-07-06 09:43:29.713 26953 INFO rally.task.runner [-] Task 9a3d1128-4ce5-4239-a905-19e2eefad72d | ITER: 5 END: OK
2019-07-06 09:43:29.718 26953 INFO rally.task.runner [-] Task 9a3d1128-4ce5-4239-a905-19e2eefad72d | ITER: 35 START
2019-07-06 09:43:29.718 26953 WARNING rally_openstack.scenarios.neutron.utils [-] Running this scenario without either the 'network' or 'existing_network' context is deprecated
2019-07-06 09:43:29.768 26956 INFO rally.task.runner [-] Task 9a3d1128-4ce5-4239-a905-19e2eefad72d | ITER: 9 END: OK
2019-07-06 09:43:29.773 26956 INFO rally.task.runner [-] Task 9a3d1128-4ce5-4239-a905-19e2eefad72d | ITER: 36 START
2019-07-06 09:43:29.773 26956 WARNING rally_openstack.scenarios.neutron.utils [-] Running this scenario without either the 'network' or 'existing_network' context is deprecated
2019-07-06 09:43:31.694 26979 INFO rally.task.runner [-] Task 9a3d1128-4ce5-4239-a905-19e2eefad72d | ITER: 30 END: OK
2019-07-06 09:43:31.697 26979 INFO rally.task.runner [-] Task 9a3d1128-4ce5-4239-a905-19e2eefad72d | ITER: 37 START
2019-07-06 09:43:31.698 26979 WARNING rally_openstack.scenarios.neutron.utils [-] Running this scenario without either the 'network' or 'existing_network' context is deprecated
2019-07-06 09:43:31.730 26984 INFO rally.task.runner [-] Task 9a3d1128-4ce5-4239-a905-19e2eefad72d | ITER: 26 END: OK
2019-07-06 09:43:31.733 26984 INFO rally.task.runner [-] Task 9a3d1128-4ce5-4239-a905-19e2eefad72d | ITER: 38 START
2019-07-06 09:43:31.733 26984 WARNING rally_openstack.scenarios.neutron.utils [-] Running this scenario without either the 'network' or 'existing_network' context is deprecated
2019-07-06 09:43:38.436 26964 INFO rally.task.runner [-] Task 9a3d1128-4ce5-4239-a905-19e2eefad72d | ITER: 24 END: OK
2019-07-06 09:43:38.443 26964 INFO rally.task.runner [-] Task 9a3d1128-4ce5-4239-a905-19e2eefad72d | ITER: 39 START
