2019-07-06 07:33:48.617 7 RALLYDEBUG rally.api [-] INFO logs from urllib3 and requests module are hide.
2019-07-06 07:33:48.617 7 RALLYDEBUG rally.api [-] urllib3 insecure warnings are hidden.
2019-07-06 07:33:48.617 7 RALLYDEBUG rally.api [-] ERROR log from boto module is hide.
2019-07-06 07:33:49.906 7 ERROR rally.cli.cliutils [-] Unexpected exception in CLI: DBRecordNotFound: Record for uuid or name is opnfv-rally not found in table envs
2019-07-06 07:33:49.906 7 ERROR rally.cli.cliutils
Traceback (most recent call last):
2019-07-06 07:33:49.906 7 ERROR rally.cli.cliutils
File "/usr/lib/python2.7/site-packages/rally/cli/cliutils.py", line 674, in run
2019-07-06 07:33:49.906 7 ERROR rally.cli.cliutils ret = fn(*fn_args, **fn_kwargs)
2019-07-06 07:33:49.906 7 ERROR rally.cli.cliutils File "", line 2, in destroy
2019-07-06 07:33:49.906 7 ERROR rally.cli.cliutils
File "/usr/lib/python2.7/site-packages/rally/cli/envutils.py", line 69, in default_from_global
2019-07-06 07:33:49.906 7 ERROR rally.cli.cliutils return f(*args, **kwargs)
2019-07-06 07:33:49.906 7 ERROR rally.cli.cliutils File "", line 2, in destroy
2019-07-06 07:33:49.906 7 ERROR rally.cli.cliutils
File "/usr/lib/python2.7/site-packages/rally/plugins/__init__.py", line 51, in ensure_plugins_are_loaded
2019-07-06 07:33:49.906 7 ERROR rally.cli.cliutils return f(*args, **kwargs)
2019-07-06 07:33:49.906 7 ERROR rally.cli.cliutils
File "/usr/lib/python2.7/site-packages/rally/cli/commands/deployment.py", line 140, in destroy
2019-07-06 07:33:49.906 7 ERROR rally.cli.cliutils api.deployment.destroy(deployment=deployment)
2019-07-06 07:33:49.906 7 ERROR rally.cli.cliutils
File "/usr/lib/python2.7/site-packages/rally/api.py", line 115, in destroy
2019-07-06 07:33:49.906 7 ERROR rally.cli.cliutils deploy = objects.Deployment.get(deployment)
2019-07-06 07:33:49.906 7 ERROR rally.cli.cliutils
File "/usr/lib/python2.7/site-packages/rally/common/objects/deploy.py", line 124, in get
2019-07-06 07:33:49.906 7 ERROR rally.cli.cliutils return Deployment(env_mgr.EnvManager.get(deploy))
2019-07-06 07:33:49.906 7 ERROR rally.cli.cliutils
File "/usr/lib/python2.7/site-packages/rally/env/env_mgr.py", line 212, in get
2019-07-06 07:33:49.906 7 ERROR rally.cli.cliutils return cls(db.env_get(uuid_or_name))
2019-07-06 07:33:49.906 7 ERROR rally.cli.cliutils
File "/usr/lib/python2.7/site-packages/rally/common/db/api.py", line 135, in wrapper
2019-07-06 07:33:49.906 7 ERROR rally.cli.cliutils result = f(session, *args, **kwargs)
2019-07-06 07:33:49.906 7 ERROR rally.cli.cliutils
File "/usr/lib/python2.7/site-packages/rally/common/db/api.py", line 521, in env_get
2019-07-06 07:33:49.906 7 ERROR rally.cli.cliutils criteria="uuid or name is %s" % uuid_or_name, table="envs")
2019-07-06 07:33:49.906 7 ERROR rally.cli.cliutils DBRecordNotFound: Record for uuid or name is opnfv-rally not found in table envs
2019-07-06 07:33:49.906 7 ERROR rally.cli.cliutils
2019-07-06 07:33:50.680 9 RALLYDEBUG rally.api [-] INFO logs from urllib3 and requests module are hide.
2019-07-06 07:33:50.680 9 RALLYDEBUG rally.api [-] urllib3 insecure warnings are hidden.
2019-07-06 07:33:50.681 9 RALLYDEBUG rally.api [-] ERROR log from boto module is hide.
2019-07-06 07:33:51.944 9 WARNING rally_openstack.platforms.existing [-] endpoint is deprecated and not used.
2019-07-06 07:33:52.798 11 RALLYDEBUG rally.api [-] INFO logs from urllib3 and requests module are hide.
2019-07-06 07:33:52.798 11 RALLYDEBUG rally.api [-] urllib3 insecure warnings are hidden.
2019-07-06 07:33:52.798 11 RALLYDEBUG rally.api [-] ERROR log from boto module is hide.
2019-07-06 07:33:56.143 14 RALLYDEBUG rally.api [-] INFO logs from urllib3 and requests module are hide.
2019-07-06 07:33:56.143 14 RALLYDEBUG rally.api [-] urllib3 insecure warnings are hidden.
2019-07-06 07:33:56.143 14 RALLYDEBUG rally.api [-] ERROR log from boto module is hide.
2019-07-06 07:33:57.547 16 RALLYDEBUG rally.api [-] INFO logs from urllib3 and requests module are hide.
2019-07-06 07:33:57.548 16 RALLYDEBUG rally.api [-] urllib3 insecure warnings are hidden.
2019-07-06 07:33:57.548 16 RALLYDEBUG rally.api [-] ERROR log from boto module is hide.
2019-07-06 07:33:58.878 16 INFO rally.task.engine [-] Task e2044402-e028-4b5b-931f-f7f53422eed4 | Starting: Task validation.
2019-07-06 07:33:58.909 16 INFO rally.task.engine [-] Task e2044402-e028-4b5b-931f-f7f53422eed4 | Starting: Task validation of syntax.
2019-07-06 07:33:58.983 16 INFO rally.task.engine [-] Task e2044402-e028-4b5b-931f-f7f53422eed4 | Completed: Task validation of syntax.
2019-07-06 07:33:58.983 16 INFO rally.task.engine [-] Task e2044402-e028-4b5b-931f-f7f53422eed4 | Starting: Task validation of required platforms.
2019-07-06 07:33:59.019 16 INFO rally.task.engine [-] Task e2044402-e028-4b5b-931f-f7f53422eed4 | Completed: Task validation of required platforms.
2019-07-06 07:33:59.019 16 INFO rally.task.engine [-] Task e2044402-e028-4b5b-931f-f7f53422eed4 | Starting: Task validation of semantic.
2019-07-06 07:33:59.019 16 INFO rally.task.engine [-] Check health of the environment 'f2d40588-7165-4e02-b29f-7bbe25f3598b'.
2019-07-06 07:33:59.801 16 INFO rally.task.engine [-] Platform existing@openstack (available: True): OK!
2019-07-06 07:33:59.819 16 RALLYDEBUG rally_openstack.contexts.keystone.users [-] Creating 1 tenants using 20 threads
2019-07-06 07:34:01.420 16 RALLYDEBUG rally_openstack.contexts.keystone.users [-] Creating 1 users using 20 threads
2019-07-06 07:34:03.967 16 INFO rally.task.context [-] Task e2044402-e028-4b5b-931f-f7f53422eed4 | Context users@openstack setup() finished in 4.15 sec
2019-07-06 07:34:04.014 16 INFO rally.task.context [-] Task e2044402-e028-4b5b-931f-f7f53422eed4 | Context users@openstack cleanup() started
2019-07-06 07:34:08.307 16 INFO rally.task.context [-] Task e2044402-e028-4b5b-931f-f7f53422eed4 | Context users@openstack cleanup() finished in 4.29 sec
2019-07-06 07:34:08.308 16 INFO rally.task.engine [-] Task e2044402-e028-4b5b-931f-f7f53422eed4 | Completed: Task validation of semantic.
2019-07-06 07:34:08.308 16 INFO rally.task.engine [-] Task e2044402-e028-4b5b-931f-f7f53422eed4 | Completed: Task validation.
2019-07-06 07:34:08.308 16 INFO rally.api [-] Task e2044402-e028-4b5b-931f-f7f53422eed4 input file is valid.
2019-07-06 07:34:08.309 16 INFO rally.api [-] Run Task e2044402-e028-4b5b-931f-f7f53422eed4 against Deployment f2d40588-7165-4e02-b29f-7bbe25f3598b
2019-07-06 07:34:08.309 16 INFO rally.task.engine [-] Task e2044402-e028-4b5b-931f-f7f53422eed4 | Starting: Running task.
2019-07-06 07:34:08.446 16 INFO rally.task.engine [-] Running workload: position = 0 config = { "version": 2, "title": "A cropped version of a bigger task.", "description": "Auto-generated task from a single workload (uuid=b7c13a17-c98d-4ff3-bfa1-770ac0afddf0)", "subtasks": [ { "title": "Authenticate.keystone", "description": "Check Keystone Client.", "scenario": { "Authenticate.keystone": {} }, "contexts": { "users": { "tenants": 3, "users_per_tenant": 2 } }, "runner": { "constant": { "concurrency": 4, "times": 10 } }, "hooks": [], "sla": { "failure_rate": { "max": 0 } } } ] }
2019-07-06 07:34:08.464 16 RALLYDEBUG rally_openstack.contexts.keystone.users [-] Creating 3 tenants using 20 threads
2019-07-06 07:34:10.258 16 RALLYDEBUG rally_openstack.contexts.keystone.users [-] Creating 6 users using 20 threads
2019-07-06 07:34:12.887 16 INFO rally.task.context [-] Task e2044402-e028-4b5b-931f-f7f53422eed4 | Context users@openstack setup() finished in 4.42 sec
2019-07-06 07:34:12.891 16 RALLYDEBUG rally.task.runner [-] Starting the constant runner (task UUID: e2044402-e028-4b5b-931f-f7f53422eed4). timeout: 0 concurrency: 4 concurrency_per_worker: 1 times: 10 concurrency_overhead: 0 processes_to_start: 4 max_cpu_used: 16
2019-07-06 07:34:12.903 140 RALLYDEBUG rally.task.runner [-] Starting a worker. concurrency: 1 args: {} times: 10 method_name: run timeout: 0 duration: None cls:
2019-07-06 07:34:12.904 141 RALLYDEBUG rally.task.runner [-] Starting a worker. concurrency: 1 args: {} times: 10 method_name: run timeout: 0 duration: None cls:
2019-07-06 07:34:12.905 142 RALLYDEBUG rally.task.runner [-] Starting a worker. concurrency: 1 args: {} times: 10 method_name: run timeout: 0 duration: None cls:
2019-07-06 07:34:12.907 143 RALLYDEBUG rally.task.runner [-] Starting a worker. concurrency: 1 args: {} times: 10 method_name: run timeout: 0 duration: None cls:
2019-07-06 07:34:12.909 140 INFO rally.task.runner [-] Task e2044402-e028-4b5b-931f-f7f53422eed4 | ITER: 1 START
2019-07-06 07:34:12.910 141 INFO rally.task.runner [-] Task e2044402-e028-4b5b-931f-f7f53422eed4 | ITER: 2 START
2019-07-06 07:34:12.911 142 INFO rally.task.runner [-] Task e2044402-e028-4b5b-931f-f7f53422eed4 | ITER: 3 START
2019-07-06 07:34:12.913 143 INFO rally.task.runner [-] Task e2044402-e028-4b5b-931f-f7f53422eed4 | ITER: 4 START
2019-07-06 07:34:13.508 141 INFO rally.task.runner [-] Task e2044402-e028-4b5b-931f-f7f53422eed4 | ITER: 2 END: OK
2019-07-06 07:34:13.512 141 INFO rally.task.runner [-] Task e2044402-e028-4b5b-931f-f7f53422eed4 | ITER: 5 START
2019-07-06 07:34:13.524 142 INFO rally.task.runner [-] Task e2044402-e028-4b5b-931f-f7f53422eed4 | ITER: 3 END: OK
2019-07-06 07:34:13.527 142 INFO rally.task.runner [-] Task e2044402-e028-4b5b-931f-f7f53422eed4 | ITER: 6 START
2019-07-06 07:34:13.530 140 INFO rally.task.runner [-] Task e2044402-e028-4b5b-931f-f7f53422eed4 | ITER: 1 END: OK
2019-07-06 07:34:13.534 140 INFO rally.task.runner [-] Task e2044402-e028-4b5b-931f-f7f53422eed4 | ITER: 7 START
2019-07-06 07:34:13.603 143 INFO rally.task.runner [-] Task e2044402-e028-4b5b-931f-f7f53422eed4 | ITER: 4 END: OK
2019-07-06 07:34:13.606 143 INFO rally.task.runner [-] Task e2044402-e028-4b5b-931f-f7f53422eed4 | ITER: 8 START
2019-07-06 07:34:14.108 142 INFO rally.task.runner [-] Task e2044402-e028-4b5b-931f-f7f53422eed4 | ITER: 6 END: OK
2019-07-06 07:34:14.111 142 INFO rally.task.runner [-] Task e2044402-e028-4b5b-931f-f7f53422eed4 | ITER: 9 START
2019-07-06 07:34:14.113 141 INFO rally.task.runner [-] Task e2044402-e028-4b5b-931f-f7f53422eed4 | ITER: 5 END: OK
2019-07-06 07:34:14.117 141 INFO rally.task.runner [-] Task e2044402-e028-4b5b-931f-f7f53422eed4 | ITER: 10 START
2019-07-06 07:34:14.135 140 INFO rally.task.runner [-] Task e2044402-e028-4b5b-931f-f7f53422eed4 | ITER: 7 END: OK
2019-07-06 07:34:14.194 143 INFO rally.task.runner [-] Task e2044402-e028-4b5b-931f-f7f53422eed4 | ITER: 8 END: OK
2019-07-06 07:34:14.700 141 INFO rally.task.runner [-] Task e2044402-e028-4b5b-931f-f7f53422eed4 | ITER: 10 END: OK
2019-07-06 07:34:14.702 142 INFO rally.task.runner [-] Task e2044402-e028-4b5b-931f-f7f53422eed4 | ITER: 9 END: OK
2019-07-06 07:34:14.723 16 INFO rally.task.context [-] Task e2044402-e028-4b5b-931f-f7f53422eed4 | Context users@openstack cleanup() started
2019-07-06 07:34:21.936 16 INFO rally.task.context [-] Task e2044402-e028-4b5b-931f-f7f53422eed4 | Context users@openstack cleanup() finished in 7.21 sec
2019-07-06 07:34:22.532 16 INFO rally.task.engine [-] Load duration is: 1.790528
2019-07-06 07:34:22.533 16 INFO rally.task.engine [-] Full runner duration is: 1.832103
2019-07-06 07:34:22.533 16 INFO rally.task.engine [-] Full duration is: 13.473215
2019-07-06 07:34:22.760 16 INFO rally.task.engine [-] Running workload: position = 0 config = { "version": 2, "title": "A cropped version of a bigger task.", "description": "Auto-generated task from a single workload (uuid=6fe37871-3eae-4472-8eba-df7b0f15bd38)", "subtasks": [ { "title": "Authenticate.validate_cinder", "description": "Check Cinder Client to ensure validation of token.", "scenario": { "Authenticate.validate_cinder": { "repetitions": 2 } }, "contexts": { "users": { "tenants": 3, "users_per_tenant": 2 } }, "runner": { "constant": { "concurrency": 4, "times": 10 } }, "hooks": [], "sla": { "failure_rate": { "max": 0 } } } ] }
2019-07-06 07:34:22.780 16 RALLYDEBUG rally_openstack.contexts.keystone.users [-] Creating 3 tenants using 20 threads
2019-07-06 07:34:24.547 16 RALLYDEBUG rally_openstack.contexts.keystone.users [-] Creating 6 users using 20 threads
2019-07-06 07:34:27.216 16 INFO rally.task.context [-] Task e2044402-e028-4b5b-931f-f7f53422eed4 | Context users@openstack setup() finished in 4.44 sec
2019-07-06 07:34:27.224 16 RALLYDEBUG rally.task.runner [-] Starting the constant runner (task UUID: e2044402-e028-4b5b-931f-f7f53422eed4). timeout: 0 concurrency: 4 concurrency_per_worker: 1 times: 10 concurrency_overhead: 0 processes_to_start: 4 max_cpu_used: 16
2019-07-06 07:34:27.235 244 RALLYDEBUG rally.task.runner [-] Starting a worker. concurrency: 1 args: {"repetitions": 2} times: 10 method_name: run timeout: 0 duration: None cls:
2019-07-06 07:34:27.239 245 RALLYDEBUG rally.task.runner [-] Starting a worker. concurrency: 1 args: {"repetitions": 2} times: 10 method_name: run timeout: 0 duration: None cls:
2019-07-06 07:34:27.242 246 RALLYDEBUG rally.task.runner [-] Starting a worker. concurrency: 1 args: {"repetitions": 2} times: 10 method_name: run timeout: 0 duration: None cls:
2019-07-06 07:34:27.242 244 INFO rally.task.runner [-] Task e2044402-e028-4b5b-931f-f7f53422eed4 | ITER: 1 START
2019-07-06 07:34:27.243 247 RALLYDEBUG rally.task.runner [-] Starting a worker. concurrency: 1 args: {"repetitions": 2} times: 10 method_name: run timeout: 0 duration: None cls:
2019-07-06 07:34:27.245 245 INFO rally.task.runner [-] Task e2044402-e028-4b5b-931f-f7f53422eed4 | ITER: 2 START
2019-07-06 07:34:27.247 247 INFO rally.task.runner [-] Task e2044402-e028-4b5b-931f-f7f53422eed4 | ITER: 4 START
2019-07-06 07:34:27.247 246 INFO rally.task.runner [-] Task e2044402-e028-4b5b-931f-f7f53422eed4 | ITER: 3 START
2019-07-06 07:34:29.201 244 INFO rally.task.runner [-] Task e2044402-e028-4b5b-931f-f7f53422eed4 | ITER: 1 END: OK
2019-07-06 07:34:29.204 244 INFO rally.task.runner [-] Task e2044402-e028-4b5b-931f-f7f53422eed4 | ITER: 5 START
2019-07-06 07:34:29.260 246 INFO rally.task.runner [-] Task e2044402-e028-4b5b-931f-f7f53422eed4 | ITER: 3 END: OK
2019-07-06 07:34:29.264 246 INFO rally.task.runner [-] Task e2044402-e028-4b5b-931f-f7f53422eed4 | ITER: 6 START
2019-07-06 07:34:29.265 245 INFO rally.task.runner [-] Task e2044402-e028-4b5b-931f-f7f53422eed4 | ITER: 2 END: OK
2019-07-06 07:34:29.269 245 INFO rally.task.runner [-] Task e2044402-e028-4b5b-931f-f7f53422eed4 | ITER: 7 START
2019-07-06 07:34:29.282 247 INFO rally.task.runner [-] Task e2044402-e028-4b5b-931f-f7f53422eed4 | ITER: 4 END: OK
2019-07-06 07:34:29.286 247 INFO rally.task.runner [-] Task e2044402-e028-4b5b-931f-f7f53422eed4 | ITER: 8 START
2019-07-06 07:34:30.411 247 INFO rally.task.runner [-] Task e2044402-e028-4b5b-931f-f7f53422eed4 | ITER: 8 END: OK
2019-07-06 07:34:30.414 247 INFO rally.task.runner [-] Task e2044402-e028-4b5b-931f-f7f53422eed4 | ITER: 9 START
2019-07-06 07:34:32.038 245 INFO rally.task.runner [-] Task e2044402-e028-4b5b-931f-f7f53422eed4 | ITER: 7 END: OK
2019-07-06 07:34:32.042 245 INFO rally.task.runner [-] Task e2044402-e028-4b5b-931f-f7f53422eed4 | ITER: 10 START
2019-07-06 07:34:32.242 246 INFO rally.task.runner [-] Task e2044402-e028-4b5b-931f-f7f53422eed4 | ITER: 6 END: OK
2019-07-06 07:34:32.542 244 INFO rally.task.runner [-] Task e2044402-e028-4b5b-931f-f7f53422eed4 | ITER: 5 END: OK
2019-07-06 07:34:32.543 247 INFO rally.task.runner [-] Task e2044402-e028-4b5b-931f-f7f53422eed4 | ITER: 9 END: OK
2019-07-06 07:34:33.059 245 INFO rally.task.runner [-] Task e2044402-e028-4b5b-931f-f7f53422eed4 | ITER: 10 END: OK
2019-07-06 07:34:33.082 16 INFO rally.task.context [-] Task e2044402-e028-4b5b-931f-f7f53422eed4 | Context users@openstack cleanup() started
2019-07-06 07:34:40.862 16 INFO rally.task.context [-] Task e2044402-e028-4b5b-931f-f7f53422eed4 | Context users@openstack cleanup() finished in 7.78 sec
2019-07-06 07:34:40.921 16 INFO rally.task.engine [-] Load duration is: 5.814857
2019-07-06 07:34:40.922 16 INFO rally.task.engine [-] Full runner duration is: 5.858322
2019-07-06 07:34:40.922 16 INFO rally.task.engine [-] Full duration is: 18.08355
2019-07-06 07:34:41.150 16 INFO rally.task.engine [-] Running workload: position = 0 config = { "version": 2, "title": "A cropped version of a bigger task.", "description": "Auto-generated task from a single workload (uuid=7019560e-f412-4aa9-9260-bd669a9a1963)", "subtasks": [ { "title": "Authenticate.validate_glance", "description": "Check Glance Client to ensure validation of token.", "scenario": { "Authenticate.validate_glance": { "repetitions": 2 } }, "contexts": { "users": { "tenants": 3, "users_per_tenant": 2 } }, "runner": { "constant": { "concurrency": 4, "times": 10 } }, "hooks": [], "sla": { "failure_rate": { "max": 0 } } } ] }
2019-07-06 07:34:41.172 16 RALLYDEBUG rally_openstack.contexts.keystone.users [-] Creating 3 tenants using 20 threads
2019-07-06 07:34:43.036 16 RALLYDEBUG rally_openstack.contexts.keystone.users [-] Creating 6 users using 20 threads
2019-07-06 07:34:45.785 16 INFO rally.task.context [-] Task e2044402-e028-4b5b-931f-f7f53422eed4 | Context users@openstack setup() finished in 4.61 sec
2019-07-06 07:34:45.793 16 RALLYDEBUG rally.task.runner [-] Starting the constant runner (task UUID: e2044402-e028-4b5b-931f-f7f53422eed4). timeout: 0 concurrency: 4 concurrency_per_worker: 1 times: 10 concurrency_overhead: 0 processes_to_start: 4 max_cpu_used: 16
2019-07-06 07:34:45.806 348 RALLYDEBUG rally.task.runner [-] Starting a worker. concurrency: 1 args: {"repetitions": 2} times: 10 method_name: run timeout: 0 duration: None cls:
2019-07-06 07:34:45.808 349 RALLYDEBUG rally.task.runner [-] Starting a worker. concurrency: 1 args: {"repetitions": 2} times: 10 method_name: run timeout: 0 duration: None cls:
2019-07-06 07:34:45.810 350 RALLYDEBUG rally.task.runner [-] Starting a worker. concurrency: 1 args: {"repetitions": 2} times: 10 method_name: run timeout: 0 duration: None cls:
2019-07-06 07:34:45.812 348 INFO rally.task.runner [-] Task e2044402-e028-4b5b-931f-f7f53422eed4 | ITER: 1 START
2019-07-06 07:34:45.814 349 INFO rally.task.runner [-] Task e2044402-e028-4b5b-931f-f7f53422eed4 | ITER: 2 START
2019-07-06 07:34:45.814 351 RALLYDEBUG rally.task.runner [-] Starting a worker. concurrency: 1 args: {"repetitions": 2} times: 10 method_name: run timeout: 0 duration: None cls:
2019-07-06 07:34:45.816 350 INFO rally.task.runner [-] Task e2044402-e028-4b5b-931f-f7f53422eed4 | ITER: 3 START
2019-07-06 07:34:45.820 351 INFO rally.task.runner [-] Task e2044402-e028-4b5b-931f-f7f53422eed4 | ITER: 4 START
2019-07-06 07:34:46.620 348 INFO rally.task.runner [-] Task e2044402-e028-4b5b-931f-f7f53422eed4 | ITER: 1 END: OK
2019-07-06 07:34:46.624 348 INFO rally.task.runner [-] Task e2044402-e028-4b5b-931f-f7f53422eed4 | ITER: 5 START
2019-07-06 07:34:46.636 350 INFO rally.task.runner [-] Task e2044402-e028-4b5b-931f-f7f53422eed4 | ITER: 3 END: OK
2019-07-06 07:34:46.640 350 INFO rally.task.runner [-] Task e2044402-e028-4b5b-931f-f7f53422eed4 | ITER: 6 START
2019-07-06 07:34:46.777 349 INFO rally.task.runner [-] Task e2044402-e028-4b5b-931f-f7f53422eed4 | ITER: 2 END: OK
2019-07-06 07:34:46.780 351 INFO rally.task.runner [-] Task e2044402-e028-4b5b-931f-f7f53422eed4 | ITER: 4 END: OK
2019-07-06 07:34:46.782 349 INFO rally.task.runner [-] Task e2044402-e028-4b5b-931f-f7f53422eed4 | ITER: 7 START
2019-07-06 07:34:46.784 351 INFO rally.task.runner [-] Task e2044402-e028-4b5b-931f-f7f53422eed4 | ITER: 8 START
2019-07-06 07:34:47.422 350 INFO rally.task.runner [-] Task e2044402-e028-4b5b-931f-f7f53422eed4 | ITER: 6 END: OK
2019-07-06 07:34:47.422 348 INFO rally.task.runner [-] Task e2044402-e028-4b5b-931f-f7f53422eed4 | ITER: 5 END: OK
2019-07-06 07:34:47.426 348 INFO rally.task.runner [-] Task e2044402-e028-4b5b-931f-f7f53422eed4 | ITER: 9 START
2019-07-06 07:34:47.426 350 INFO rally.task.runner [-] Task e2044402-e028-4b5b-931f-f7f53422eed4 | ITER: 10 START
2019-07-06 07:34:47.688 349 INFO rally.task.runner [-] Task e2044402-e028-4b5b-931f-f7f53422eed4 | ITER: 7 END: OK
2019-07-06 07:34:47.691 351 INFO rally.task.runner [-] Task e2044402-e028-4b5b-931f-f7f53422eed4 | ITER: 8 END: OK
2019-07-06 07:34:48.260 348 INFO rally.task.runner [-] Task e2044402-e028-4b5b-931f-f7f53422eed4 | ITER: 9 END: OK
2019-07-06 07:34:48.262 350 INFO rally.task.runner [-] Task e2044402-e028-4b5b-931f-f7f53422eed4 | ITER: 10 END: OK
2019-07-06 07:34:48.284 16 INFO rally.task.context [-] Task e2044402-e028-4b5b-931f-f7f53422eed4 | Context users@openstack cleanup() started
2019-07-06 07:34:55.259 16 INFO rally.task.context [-] Task e2044402-e028-4b5b-931f-f7f53422eed4 | Context users@openstack cleanup() finished in 6.97 sec
2019-07-06 07:34:57.248 16 INFO rally.task.engine [-] Load duration is: 2.448336
2019-07-06 07:34:57.249 16 INFO rally.task.engine [-] Full runner duration is: 2.491273
2019-07-06 07:34:57.249 16 INFO rally.task.engine [-] Full duration is: 14.088348
2019-07-06 07:34:57.485 16 INFO rally.task.engine [-] Running workload: position = 0 config = { "version": 2, "title": "A cropped version of a bigger task.", "description": "Auto-generated task from a single workload (uuid=56487208-a355-44b7-957e-b39922ad9876)", "subtasks": [ { "title": "Authenticate.validate_heat", "description": "Check Heat Client to ensure validation of token.", "scenario": { "Authenticate.validate_heat": { "repetitions": 2 } }, "contexts": { "users": { "tenants": 3, "users_per_tenant": 2 } }, "runner": { "constant": { "concurrency": 4, "times": 10 } }, "hooks": [], "sla": { "failure_rate": { "max": 0 } } } ] }
2019-07-06 07:34:57.506 16 RALLYDEBUG rally_openstack.contexts.keystone.users [-] Creating 3 tenants using 20 threads
2019-07-06 07:34:59.331 16 RALLYDEBUG rally_openstack.contexts.keystone.users [-] Creating 6 users using 20 threads
2019-07-06 07:35:02.077 16 INFO rally.task.context [-] Task e2044402-e028-4b5b-931f-f7f53422eed4 | Context users@openstack setup() finished in 4.57 sec
2019-07-06 07:35:02.085 16 RALLYDEBUG rally.task.runner [-] Starting the constant runner (task UUID: e2044402-e028-4b5b-931f-f7f53422eed4). timeout: 0 concurrency: 4 concurrency_per_worker: 1 times: 10 concurrency_overhead: 0 processes_to_start: 4 max_cpu_used: 16
2019-07-06 07:35:02.097 452 RALLYDEBUG rally.task.runner [-] Starting a worker. concurrency: 1 args: {"repetitions": 2} times: 10 method_name: run timeout: 0 duration: None cls:
2019-07-06 07:35:02.099 453 RALLYDEBUG rally.task.runner [-] Starting a worker. concurrency: 1 args: {"repetitions": 2} times: 10 method_name: run timeout: 0 duration: None cls:
2019-07-06 07:35:02.103 452 INFO rally.task.runner [-] Task e2044402-e028-4b5b-931f-f7f53422eed4 | ITER: 1 START
2019-07-06 07:35:02.103 454 RALLYDEBUG rally.task.runner [-] Starting a worker. concurrency: 1 args: {"repetitions": 2} times: 10 method_name: run timeout: 0 duration: None cls:
2019-07-06 07:35:02.105 453 INFO rally.task.runner [-] Task e2044402-e028-4b5b-931f-f7f53422eed4 | ITER: 2 START
2019-07-06 07:35:02.105 455 RALLYDEBUG rally.task.runner [-] Starting a worker. concurrency: 1 args: {"repetitions": 2} times: 10 method_name: run timeout: 0 duration: None cls:
2019-07-06 07:35:02.109 454 INFO rally.task.runner [-] Task e2044402-e028-4b5b-931f-f7f53422eed4 | ITER: 3 START
2019-07-06 07:35:02.111 455 INFO rally.task.runner [-] Task e2044402-e028-4b5b-931f-f7f53422eed4 | ITER: 4 START
2019-07-06 07:35:03.948 455 INFO rally.task.runner [-] Task e2044402-e028-4b5b-931f-f7f53422eed4 | ITER: 4 END: OK
2019-07-06 07:35:03.952 455 INFO rally.task.runner [-] Task e2044402-e028-4b5b-931f-f7f53422eed4 | ITER: 5 START
2019-07-06 07:35:04.024 454 INFO rally.task.runner [-] Task e2044402-e028-4b5b-931f-f7f53422eed4 | ITER: 3 END: OK
2019-07-06 07:35:04.027 454 INFO rally.task.runner [-] Task e2044402-e028-4b5b-931f-f7f53422eed4 | ITER: 6 START
2019-07-06 07:35:04.060 453 INFO rally.task.runner [-] Task e2044402-e028-4b5b-931f-f7f53422eed4 | ITER: 2 END: OK
2019-07-06 07:35:04.064 453 INFO rally.task.runner [-] Task e2044402-e028-4b5b-931f-f7f53422eed4 | ITER: 7 START
2019-07-06 07:35:04.071 452 INFO rally.task.runner [-] Task e2044402-e028-4b5b-931f-f7f53422eed4 | ITER: 1 END: OK
2019-07-06 07:35:04.075 452 INFO rally.task.runner [-] Task e2044402-e028-4b5b-931f-f7f53422eed4 | ITER: 8 START
2019-07-06 07:35:04.845 455 INFO rally.task.runner [-] Task e2044402-e028-4b5b-931f-f7f53422eed4 | ITER: 5 END: OK
2019-07-06 07:35:04.849 455 INFO rally.task.runner [-] Task e2044402-e028-4b5b-931f-f7f53422eed4 | ITER: 9 START
2019-07-06 07:35:04.997 452 INFO rally.task.runner [-] Task e2044402-e028-4b5b-931f-f7f53422eed4 | ITER: 8 END: OK
2019-07-06 07:35:05.001 452 INFO rally.task.runner [-] Task e2044402-e028-4b5b-931f-f7f53422eed4 | ITER: 10 START
2019-07-06 07:35:05.106 453 INFO rally.task.runner [-] Task e2044402-e028-4b5b-931f-f7f53422eed4 | ITER: 7 END: OK
2019-07-06 07:35:05.475 454 INFO rally.task.runner [-] Task e2044402-e028-4b5b-931f-f7f53422eed4 | ITER: 6 END: OK
2019-07-06 07:35:06.208 455 INFO rally.task.runner [-] Task e2044402-e028-4b5b-931f-f7f53422eed4 | ITER: 9 END: OK
2019-07-06 07:35:06.270 452 INFO rally.task.runner [-] Task e2044402-e028-4b5b-931f-f7f53422eed4 | ITER: 10 END: OK
2019-07-06 07:35:06.296 16 INFO rally.task.context [-] Task e2044402-e028-4b5b-931f-f7f53422eed4 | Context users@openstack cleanup() started
2019-07-06 07:35:12.936 16 INFO rally.task.context [-] Task e2044402-e028-4b5b-931f-f7f53422eed4 | Context users@openstack cleanup() finished in 6.64 sec
2019-07-06 07:35:13.603 16 INFO rally.task.engine [-] Load duration is: 4.165442
2019-07-06 07:35:13.604 16 INFO rally.task.engine [-] Full runner duration is: 4.211918
2019-07-06 07:35:13.604 16 INFO rally.task.engine [-] Full duration is: 15.431798
2019-07-06 07:35:13.833 16 INFO rally.task.engine [-] Running workload: position = 0 config = { "version": 2, "title": "A cropped version of a bigger task.", "description": "Auto-generated task from a single workload (uuid=4144c3a8-ef8b-437b-9525-0242557f889d)", "subtasks": [ { "title": "Authenticate.validate_neutron", "description": "Check Neutron Client to ensure validation of token.", "scenario": { "Authenticate.validate_neutron": { "repetitions": 2 } }, "contexts": { "users": { "tenants": 3, "users_per_tenant": 2 } }, "runner": { "constant": { "concurrency": 4, "times": 10 } }, "hooks": [], "sla": { "failure_rate": { "max": 0 } } } ] }
2019-07-06 07:35:13.850 16 RALLYDEBUG rally_openstack.contexts.keystone.users [-] Creating 3 tenants using 20 threads
2019-07-06 07:35:15.681 16 RALLYDEBUG rally_openstack.contexts.keystone.users [-] Creating 6 users using 20 threads
2019-07-06 07:35:18.493 16 INFO rally.task.context [-] Task e2044402-e028-4b5b-931f-f7f53422eed4 | Context users@openstack setup() finished in 4.64 sec
2019-07-06 07:35:18.501 16 RALLYDEBUG rally.task.runner [-] Starting the constant runner (task UUID: e2044402-e028-4b5b-931f-f7f53422eed4). timeout: 0 concurrency: 4 concurrency_per_worker: 1 times: 10 concurrency_overhead: 0 processes_to_start: 4 max_cpu_used: 16
2019-07-06 07:35:18.514 556 RALLYDEBUG rally.task.runner [-] Starting a worker. concurrency: 1 args: {"repetitions": 2} times: 10 method_name: run timeout: 0 duration: None cls:
2019-07-06 07:35:18.516 557 RALLYDEBUG rally.task.runner [-] Starting a worker. concurrency: 1 args: {"repetitions": 2} times: 10 method_name: run timeout: 0 duration: None cls:
2019-07-06 07:35:18.520 556 INFO rally.task.runner [-] Task e2044402-e028-4b5b-931f-f7f53422eed4 | ITER: 1 START
2019-07-06 07:35:18.520 558 RALLYDEBUG rally.task.runner [-] Starting a worker. concurrency: 1 args: {"repetitions": 2} times: 10 method_name: run timeout: 0 duration: None cls:
2019-07-06 07:35:18.522 557 INFO rally.task.runner [-] Task e2044402-e028-4b5b-931f-f7f53422eed4 | ITER: 2 START
2019-07-06 07:35:18.523 559 RALLYDEBUG rally.task.runner [-] Starting a worker. concurrency: 1 args: {"repetitions": 2} times: 10 method_name: run timeout: 0 duration: None cls:
2019-07-06 07:35:18.526 558 INFO rally.task.runner [-] Task e2044402-e028-4b5b-931f-f7f53422eed4 | ITER: 3 START
2019-07-06 07:35:18.529 559 INFO rally.task.runner [-] Task e2044402-e028-4b5b-931f-f7f53422eed4 | ITER: 4 START
2019-07-06 07:35:19.445 556 INFO rally.task.runner [-] Task e2044402-e028-4b5b-931f-f7f53422eed4 | ITER: 1 END: OK
2019-07-06 07:35:19.446 559 INFO rally.task.runner [-] Task e2044402-e028-4b5b-931f-f7f53422eed4 | ITER: 4 END: OK
2019-07-06 07:35:19.449 556 INFO rally.task.runner [-] Task e2044402-e028-4b5b-931f-f7f53422eed4 | ITER: 5 START
2019-07-06 07:35:19.451 559 INFO rally.task.runner [-] Task e2044402-e028-4b5b-931f-f7f53422eed4 | ITER: 6 START
2019-07-06 07:35:19.522 557 INFO rally.task.runner [-] Task e2044402-e028-4b5b-931f-f7f53422eed4 | ITER: 2 END: OK
2019-07-06 07:35:19.526 557 INFO rally.task.runner [-] Task e2044402-e028-4b5b-931f-f7f53422eed4 | ITER: 7 START
2019-07-06 07:35:19.616 558 INFO rally.task.runner [-] Task e2044402-e028-4b5b-931f-f7f53422eed4 | ITER: 3 END: OK
2019-07-06 07:35:19.620 558 INFO rally.task.runner [-] Task e2044402-e028-4b5b-931f-f7f53422eed4 | ITER: 8 START
2019-07-06 07:35:20.359 559 INFO rally.task.runner [-] Task e2044402-e028-4b5b-931f-f7f53422eed4 | ITER: 6 END: OK
2019-07-06 07:35:20.363 559 INFO rally.task.runner [-] Task e2044402-e028-4b5b-931f-f7f53422eed4 | ITER: 9 START
2019-07-06 07:35:20.906 556 INFO rally.task.runner [-] Task e2044402-e028-4b5b-931f-f7f53422eed4 | ITER: 5 END: OK
2019-07-06 07:35:20.910 556 INFO rally.task.runner [-] Task e2044402-e028-4b5b-931f-f7f53422eed4 | ITER: 10 START
2019-07-06 07:35:20.922 557 INFO rally.task.runner [-] Task e2044402-e028-4b5b-931f-f7f53422eed4 | ITER: 7 END: OK
2019-07-06 07:35:20.925 558 INFO rally.task.runner [-] Task e2044402-e028-4b5b-931f-f7f53422eed4 | ITER: 8 END: OK
2019-07-06 07:35:21.214 559 INFO rally.task.runner [-] Task e2044402-e028-4b5b-931f-f7f53422eed4 | ITER: 9 END: OK
2019-07-06 07:35:21.690 556 INFO rally.task.runner [-] Task e2044402-e028-4b5b-931f-f7f53422eed4 | ITER: 10 END: OK
2019-07-06 07:35:21.715 16 INFO rally.task.context [-] Task e2044402-e028-4b5b-931f-f7f53422eed4 | Context users@openstack cleanup() started
2019-07-06 07:35:28.490 16 INFO rally.task.context [-] Task e2044402-e028-4b5b-931f-f7f53422eed4 | Context users@openstack cleanup() finished in 6.78 sec
2019-07-06 07:35:29.936 16 INFO rally.task.engine [-] Load duration is: 3.168008
2019-07-06 07:35:29.937 16 INFO rally.task.engine [-] Full runner duration is: 3.213894
2019-07-06 07:35:29.937 16 INFO rally.task.engine [-] Full duration is: 14.643162
2019-07-06 07:35:30.162 16 INFO rally.task.engine [-] Running workload: position = 0 config = { "version": 2, "title": "A cropped version of a bigger task.", "description": "Auto-generated task from a single workload (uuid=4a4c23fa-cada-4ed5-8ed2-b701b47c740a)", "subtasks": [ { "title": "Authenticate.validate_nova", "description": "Check Nova Client to ensure validation of token.", "scenario": { "Authenticate.validate_nova": { "repetitions": 2 } }, "contexts": { "users": { "tenants": 3, "users_per_tenant": 2 } }, "runner": { "constant": { "concurrency": 4, "times": 10 } }, "hooks": [], "sla": { "failure_rate": { "max": 0 } } } ] }
2019-07-06 07:35:30.182 16 RALLYDEBUG rally_openstack.contexts.keystone.users [-] Creating 3 tenants using 20 threads
2019-07-06 07:35:31.999 16 RALLYDEBUG rally_openstack.contexts.keystone.users [-] Creating 6 users using 20 threads
2019-07-06 07:35:34.665 16 INFO rally.task.context [-] Task e2044402-e028-4b5b-931f-f7f53422eed4 | Context users@openstack setup() finished in 4.48 sec
2019-07-06 07:35:34.672 16 RALLYDEBUG rally.task.runner [-] Starting the constant runner (task UUID: e2044402-e028-4b5b-931f-f7f53422eed4). timeout: 0 concurrency: 4 concurrency_per_worker: 1 times: 10 concurrency_overhead: 0 processes_to_start: 4 max_cpu_used: 16
2019-07-06 07:35:34.683 660 RALLYDEBUG rally.task.runner [-] Starting a worker. concurrency: 1 args: {"repetitions": 2} times: 10 method_name: run timeout: 0 duration: None cls:
2019-07-06 07:35:34.686 661 RALLYDEBUG rally.task.runner [-] Starting a worker. concurrency: 1 args: {"repetitions": 2} times: 10 method_name: run timeout: 0 duration: None cls:
2019-07-06 07:35:34.690 662 RALLYDEBUG rally.task.runner [-] Starting a worker. concurrency: 1 args: {"repetitions": 2} times: 10 method_name: run timeout: 0 duration: None cls:
2019-07-06 07:35:34.691 660 INFO rally.task.runner [-] Task e2044402-e028-4b5b-931f-f7f53422eed4 | ITER: 1 START
2019-07-06 07:35:34.692 661 INFO rally.task.runner [-] Task e2044402-e028-4b5b-931f-f7f53422eed4 | ITER: 2 START
2019-07-06 07:35:34.692 663 RALLYDEBUG rally.task.runner [-] Starting a worker. concurrency: 1 args: {"repetitions": 2} times: 10 method_name: run timeout: 0 duration: None cls:
2019-07-06 07:35:34.696 662 INFO rally.task.runner [-] Task e2044402-e028-4b5b-931f-f7f53422eed4 | ITER: 3 START
2019-07-06 07:35:34.698 663 INFO rally.task.runner [-] Task e2044402-e028-4b5b-931f-f7f53422eed4 | ITER: 4 START
2019-07-06 07:35:35.181 662 DEBUG novaclient.v2.client [-] REQ: curl -g -i -X GET http://172.30.9.34:8774/v2.1/flavors/detail -H "Accept: application/json" -H "User-Agent: python-novaclient" -H "X-Auth-Token: {SHA1}ebf92c2dc7a0dbe1b7e9d6fe8a72119792c7f162" _http_log_request /usr/lib/python2.7/site-packages/keystoneauth1/session.py:448
2019-07-06 07:35:35.187 661 DEBUG novaclient.v2.client [-] REQ: curl -g -i -X GET http://172.30.9.34:8774/v2.1/flavors/detail -H "Accept: application/json" -H "User-Agent: python-novaclient" -H "X-Auth-Token: {SHA1}4c7bcbd1174ba342288d5c552ac7054b0984dc6a" _http_log_request /usr/lib/python2.7/site-packages/keystoneauth1/session.py:448
2019-07-06 07:35:35.221 663 DEBUG novaclient.v2.client [-] REQ: curl -g -i -X GET http://172.30.9.34:8774/v2.1/flavors/detail -H "Accept: application/json" -H "User-Agent: python-novaclient" -H "X-Auth-Token: {SHA1}9147d711194c67a62aac9e2600e84a4ffe770a6e" _http_log_request /usr/lib/python2.7/site-packages/keystoneauth1/session.py:448
2019-07-06 07:35:35.222 660 DEBUG novaclient.v2.client [-] REQ: curl -g -i -X GET http://172.30.9.34:8774/v2.1/flavors/detail -H "Accept: application/json" -H "User-Agent: python-novaclient" -H "X-Auth-Token: {SHA1}7b9bd7007088d989965b17990b5e7c146a04ec64" _http_log_request /usr/lib/python2.7/site-packages/keystoneauth1/session.py:448
2019-07-06 07:35:35.485 661 DEBUG novaclient.v2.client [-] RESP: [200] Content-Encoding: gzip Content-Length: 365 Content-Type: application/json Date: Sat, 06 Jul 2019 07:35:35 GMT OpenStack-API-Version: compute 2.1 Server: Apache Vary: OpenStack-API-Version,X-OpenStack-Nova-API-Version,Accept-Encoding X-OpenStack-Nova-API-Version: 2.1 x-compute-request-id: req-cd8be4e1-124a-44cf-a4fa-3b8cf944b678 x-openstack-request-id: req-cd8be4e1-124a-44cf-a4fa-3b8cf944b678 _http_log_response /usr/lib/python2.7/site-packages/keystoneauth1/session.py:479
2019-07-06 07:35:35.485 661 DEBUG novaclient.v2.client [-] RESP BODY: {"flavors": [{"name": "rally_full-flavor_alt_f2489a29-f8ca-483a-a1b0-238e311710dd", "links": [{"href": "http://172.30.9.34:8774/v2.1/flavors/0aeb5c35-84b7-4469-95f9-7e28a4a585a4", "rel": "self"}, {"href": "http://172.30.9.34:8774/flavors/0aeb5c35-84b7-4469-95f9-7e28a4a585a4", "rel": "bookmark"}], "ram": 1024, "OS-FLV-DISABLED:disabled": false, "vcpus": 1, "swap": "", "os-flavor-access:is_public": true, "rxtx_factor": 1.0, "OS-FLV-EXT-DATA:ephemeral": 0, "disk": 1, "id": "0aeb5c35-84b7-4469-95f9-7e28a4a585a4"}, {"name": "rally_full-flavor_f2489a29-f8ca-483a-a1b0-238e311710dd", "links": [{"href": "http://172.30.9.34:8774/v2.1/flavors/4d862a85-ac08-4e5e-be97-e3bef19cdc28", "rel": "self"}, {"href": "http://172.30.9.34:8774/flavors/4d862a85-ac08-4e5e-be97-e3bef19cdc28", "rel": "bookmark"}], "ram": 512, "OS-FLV-DISABLED:disabled": false, "vcpus": 1, "swap": "", "os-flavor-access:is_public": true, "rxtx_factor": 1.0, "OS-FLV-EXT-DATA:ephemeral": 0, "disk": 1, "id": "4d862a85-ac08-4e5e-be97-e3bef19cdc28"}]} _http_log_response /usr/lib/python2.7/site-packages/keystoneauth1/session.py:511
2019-07-06 07:35:35.486 661 DEBUG novaclient.v2.client [-] GET call to compute for http://172.30.9.34:8774/v2.1/flavors/detail used request id req-cd8be4e1-124a-44cf-a4fa-3b8cf944b678 request /usr/lib/python2.7/site-packages/keystoneauth1/session.py:844
2019-07-06 07:35:35.488 661 DEBUG novaclient.v2.client [-] REQ: curl -g -i -X GET http://172.30.9.34:8774/v2.1/flavors/detail -H "Accept: application/json" -H "User-Agent: python-novaclient" -H "X-Auth-Token: {SHA1}4c7bcbd1174ba342288d5c552ac7054b0984dc6a" _http_log_request /usr/lib/python2.7/site-packages/keystoneauth1/session.py:448
2019-07-06 07:35:35.491 660 DEBUG novaclient.v2.client [-] RESP: [200] Content-Encoding: gzip Content-Length: 365 Content-Type: application/json Date: Sat, 06 Jul 2019 07:35:35 GMT OpenStack-API-Version: compute 2.1 Server: Apache Vary: OpenStack-API-Version,X-OpenStack-Nova-API-Version,Accept-Encoding X-OpenStack-Nova-API-Version: 2.1 x-compute-request-id: req-3c58c519-fbb7-4e00-aa7c-4d062943b190 x-openstack-request-id: req-3c58c519-fbb7-4e00-aa7c-4d062943b190 _http_log_response /usr/lib/python2.7/site-packages/keystoneauth1/session.py:479
2019-07-06 07:35:35.492 662 DEBUG novaclient.v2.client [-] RESP: [200] Content-Encoding: gzip Content-Length: 365 Content-Type: application/json Date: Sat, 06 Jul 2019 07:35:35 GMT OpenStack-API-Version: compute 2.1 Server: Apache Vary: OpenStack-API-Version,X-OpenStack-Nova-API-Version,Accept-Encoding X-OpenStack-Nova-API-Version: 2.1 x-compute-request-id: req-a09bb665-87f2-42bb-96bd-64dfdf55196b x-openstack-request-id: req-a09bb665-87f2-42bb-96bd-64dfdf55196b _http_log_response /usr/lib/python2.7/site-packages/keystoneauth1/session.py:479
2019-07-06 07:35:35.492 660 DEBUG novaclient.v2.client [-] RESP BODY: {"flavors": [{"name": "rally_full-flavor_alt_f2489a29-f8ca-483a-a1b0-238e311710dd", "links": [{"href": "http://172.30.9.34:8774/v2.1/flavors/0aeb5c35-84b7-4469-95f9-7e28a4a585a4", "rel": "self"}, {"href": "http://172.30.9.34:8774/flavors/0aeb5c35-84b7-4469-95f9-7e28a4a585a4", "rel": "bookmark"}], "ram": 1024, "OS-FLV-DISABLED:disabled": false, "vcpus": 1, "swap": "", "os-flavor-access:is_public": true, "rxtx_factor": 1.0, "OS-FLV-EXT-DATA:ephemeral": 0, "disk": 1, "id": "0aeb5c35-84b7-4469-95f9-7e28a4a585a4"}, {"name": "rally_full-flavor_f2489a29-f8ca-483a-a1b0-238e311710dd", "links": [{"href": "http://172.30.9.34:8774/v2.1/flavors/4d862a85-ac08-4e5e-be97-e3bef19cdc28", "rel": "self"}, {"href": "http://172.30.9.34:8774/flavors/4d862a85-ac08-4e5e-be97-e3bef19cdc28", "rel": "bookmark"}], "ram": 512, "OS-FLV-DISABLED:disabled": false, "vcpus": 1, "swap": "", "os-flavor-access:is_public": true, "rxtx_factor": 1.0, "OS-FLV-EXT-DATA:ephemeral": 0, "disk": 1, "id": "4d862a85-ac08-4e5e-be97-e3bef19cdc28"}]} _http_log_response /usr/lib/python2.7/site-packages/keystoneauth1/session.py:511
2019-07-06 07:35:35.492 660 DEBUG novaclient.v2.client [-] GET call to compute for http://172.30.9.34:8774/v2.1/flavors/detail used request id req-3c58c519-fbb7-4e00-aa7c-4d062943b190 request /usr/lib/python2.7/site-packages/keystoneauth1/session.py:844
2019-07-06 07:35:35.493 662 DEBUG novaclient.v2.client [-] RESP BODY: {"flavors": [{"name": "rally_full-flavor_alt_f2489a29-f8ca-483a-a1b0-238e311710dd", "links": [{"href": "http://172.30.9.34:8774/v2.1/flavors/0aeb5c35-84b7-4469-95f9-7e28a4a585a4", "rel": "self"}, {"href": "http://172.30.9.34:8774/flavors/0aeb5c35-84b7-4469-95f9-7e28a4a585a4", "rel": "bookmark"}], "ram": 1024, "OS-FLV-DISABLED:disabled": false, "vcpus": 1, "swap": "", "os-flavor-access:is_public": true, "rxtx_factor": 1.0, "OS-FLV-EXT-DATA:ephemeral": 0, "disk": 1, "id": "0aeb5c35-84b7-4469-95f9-7e28a4a585a4"}, {"name": "rally_full-flavor_f2489a29-f8ca-483a-a1b0-238e311710dd", "links": [{"href": "http://172.30.9.34:8774/v2.1/flavors/4d862a85-ac08-4e5e-be97-e3bef19cdc28", "rel": "self"}, {"href": "http://172.30.9.34:8774/flavors/4d862a85-ac08-4e5e-be97-e3bef19cdc28", "rel": "bookmark"}], "ram": 512, "OS-FLV-DISABLED:disabled": false, "vcpus": 1, "swap": "", "os-flavor-access:is_public": true, "rxtx_factor": 1.0, "OS-FLV-EXT-DATA:ephemeral": 0, "disk": 1, "id": "4d862a85-ac08-4e5e-be97-e3bef19cdc28"}]} _http_log_response /usr/lib/python2.7/site-packages/keystoneauth1/session.py:511
2019-07-06 07:35:35.493 662 DEBUG novaclient.v2.client [-] GET call to compute for http://172.30.9.34:8774/v2.1/flavors/detail used request id req-a09bb665-87f2-42bb-96bd-64dfdf55196b request /usr/lib/python2.7/site-packages/keystoneauth1/session.py:844
2019-07-06 07:35:35.494 660 DEBUG novaclient.v2.client [-] REQ: curl -g -i -X GET http://172.30.9.34:8774/v2.1/flavors/detail -H "Accept: application/json" -H "User-Agent: python-novaclient" -H "X-Auth-Token: {SHA1}7b9bd7007088d989965b17990b5e7c146a04ec64" _http_log_request /usr/lib/python2.7/site-packages/keystoneauth1/session.py:448
2019-07-06 07:35:35.495 662 DEBUG novaclient.v2.client [-] REQ: curl -g -i -X GET http://172.30.9.34:8774/v2.1/flavors/detail -H "Accept: application/json" -H "User-Agent: python-novaclient" -H "X-Auth-Token: {SHA1}ebf92c2dc7a0dbe1b7e9d6fe8a72119792c7f162" _http_log_request /usr/lib/python2.7/site-packages/keystoneauth1/session.py:448
2019-07-06 07:35:35.508 661 DEBUG novaclient.v2.client [-] RESP: [200] Content-Encoding: gzip Content-Length: 365 Content-Type: application/json Date: Sat, 06 Jul 2019 07:35:35 GMT OpenStack-API-Version: compute 2.1 Server: Apache Vary: OpenStack-API-Version,X-OpenStack-Nova-API-Version,Accept-Encoding X-OpenStack-Nova-API-Version: 2.1 x-compute-request-id: req-6a6975e7-78af-4c61-b233-153606539cc2 x-openstack-request-id: req-6a6975e7-78af-4c61-b233-153606539cc2 _http_log_response /usr/lib/python2.7/site-packages/keystoneauth1/session.py:479
2019-07-06 07:35:35.508 661 DEBUG novaclient.v2.client [-] RESP BODY: {"flavors": [{"name": "rally_full-flavor_alt_f2489a29-f8ca-483a-a1b0-238e311710dd", "links": [{"href": "http://172.30.9.34:8774/v2.1/flavors/0aeb5c35-84b7-4469-95f9-7e28a4a585a4", "rel": "self"}, {"href": "http://172.30.9.34:8774/flavors/0aeb5c35-84b7-4469-95f9-7e28a4a585a4", "rel": "bookmark"}], "ram": 1024, "OS-FLV-DISABLED:disabled": false, "vcpus": 1, "swap": "", "os-flavor-access:is_public": true, "rxtx_factor": 1.0, "OS-FLV-EXT-DATA:ephemeral": 0, "disk": 1, "id": "0aeb5c35-84b7-4469-95f9-7e28a4a585a4"}, {"name": "rally_full-flavor_f2489a29-f8ca-483a-a1b0-238e311710dd", "links": [{"href": "http://172.30.9.34:8774/v2.1/flavors/4d862a85-ac08-4e5e-be97-e3bef19cdc28", "rel": "self"}, {"href": "http://172.30.9.34:8774/flavors/4d862a85-ac08-4e5e-be97-e3bef19cdc28", "rel": "bookmark"}], "ram": 512, "OS-FLV-DISABLED:disabled": false, "vcpus": 1, "swap": "", "os-flavor-access:is_public": true, "rxtx_factor": 1.0, "OS-FLV-EXT-DATA:ephemeral": 0, "disk": 1, "id": "4d862a85-ac08-4e5e-be97-e3bef19cdc28"}]} _http_log_response /usr/lib/python2.7/site-packages/keystoneauth1/session.py:511
2019-07-06 07:35:35.508 661 DEBUG novaclient.v2.client [-] GET call to compute for http://172.30.9.34:8774/v2.1/flavors/detail used request id req-6a6975e7-78af-4c61-b233-153606539cc2 request /usr/lib/python2.7/site-packages/keystoneauth1/session.py:844
2019-07-06 07:35:35.509 661 INFO rally.task.runner [-] Task e2044402-e028-4b5b-931f-f7f53422eed4 | ITER: 2 END: OK
2019-07-06 07:35:35.513 661 INFO rally.task.runner [-] Task e2044402-e028-4b5b-931f-f7f53422eed4 | ITER: 5 START
2019-07-06 07:35:35.513 660 DEBUG novaclient.v2.client [-] RESP: [200] Content-Encoding: gzip Content-Length: 365 Content-Type: application/json Date: Sat, 06 Jul 2019 07:35:35 GMT OpenStack-API-Version: compute 2.1 Server: Apache Vary: OpenStack-API-Version,X-OpenStack-Nova-API-Version,Accept-Encoding X-OpenStack-Nova-API-Version: 2.1 x-compute-request-id: req-b0c4f314-67f4-4188-be37-99ca2d90b44e x-openstack-request-id: req-b0c4f314-67f4-4188-be37-99ca2d90b44e _http_log_response /usr/lib/python2.7/site-packages/keystoneauth1/session.py:479
2019-07-06 07:35:35.514 660 DEBUG novaclient.v2.client [-] RESP BODY: {"flavors": [{"name": "rally_full-flavor_alt_f2489a29-f8ca-483a-a1b0-238e311710dd", "links": [{"href": "http://172.30.9.34:8774/v2.1/flavors/0aeb5c35-84b7-4469-95f9-7e28a4a585a4", "rel": "self"}, {"href": "http://172.30.9.34:8774/flavors/0aeb5c35-84b7-4469-95f9-7e28a4a585a4", "rel": "bookmark"}], "ram": 1024, "OS-FLV-DISABLED:disabled": false, "vcpus": 1, "swap": "", "os-flavor-access:is_public": true, "rxtx_factor": 1.0, "OS-FLV-EXT-DATA:ephemeral": 0, "disk": 1, "id": "0aeb5c35-84b7-4469-95f9-7e28a4a585a4"}, {"name": "rally_full-flavor_f2489a29-f8ca-483a-a1b0-238e311710dd", "links": [{"href": "http://172.30.9.34:8774/v2.1/flavors/4d862a85-ac08-4e5e-be97-e3bef19cdc28", "rel": "self"}, {"href": "http://172.30.9.34:8774/flavors/4d862a85-ac08-4e5e-be97-e3bef19cdc28", "rel": "bookmark"}], "ram": 512, "OS-FLV-DISABLED:disabled": false, "vcpus": 1, "swap": "", "os-flavor-access:is_public": true, "rxtx_factor": 1.0, "OS-FLV-EXT-DATA:ephemeral": 0, "disk": 1, "id": "4d862a85-ac08-4e5e-be97-e3bef19cdc28"}]} _http_log_response /usr/lib/python2.7/site-packages/keystoneauth1/session.py:511
2019-07-06 07:35:35.514 660 DEBUG novaclient.v2.client [-] GET call to compute for http://172.30.9.34:8774/v2.1/flavors/detail used request id req-b0c4f314-67f4-4188-be37-99ca2d90b44e request /usr/lib/python2.7/site-packages/keystoneauth1/session.py:844
2019-07-06 07:35:35.515 660 INFO rally.task.runner [-] Task e2044402-e028-4b5b-931f-f7f53422eed4 | ITER: 1 END: OK
2019-07-06 07:35:35.519 660 INFO rally.task.runner [-] Task e2044402-e028-4b5b-931f-f7f53422eed4 | ITER: 6 START
2019-07-06 07:35:35.520 662 DEBUG novaclient.v2.client [-] RESP: [200] Content-Encoding: gzip Content-Length: 365 Content-Type: application/json Date: Sat, 06 Jul 2019 07:35:35 GMT OpenStack-API-Version: compute 2.1 Server: Apache Vary: OpenStack-API-Version,X-OpenStack-Nova-API-Version,Accept-Encoding X-OpenStack-Nova-API-Version: 2.1 x-compute-request-id: req-17a73cc7-100b-4e6f-afa8-dd3ad3255a56 x-openstack-request-id: req-17a73cc7-100b-4e6f-afa8-dd3ad3255a56 _http_log_response /usr/lib/python2.7/site-packages/keystoneauth1/session.py:479
2019-07-06 07:35:35.520 662 DEBUG novaclient.v2.client [-] RESP BODY: {"flavors": [{"name": "rally_full-flavor_alt_f2489a29-f8ca-483a-a1b0-238e311710dd", "links": [{"href": "http://172.30.9.34:8774/v2.1/flavors/0aeb5c35-84b7-4469-95f9-7e28a4a585a4", "rel": "self"}, {"href": "http://172.30.9.34:8774/flavors/0aeb5c35-84b7-4469-95f9-7e28a4a585a4", "rel": "bookmark"}], "ram": 1024, "OS-FLV-DISABLED:disabled": false, "vcpus": 1, "swap": "", "os-flavor-access:is_public": true, "rxtx_factor": 1.0, "OS-FLV-EXT-DATA:ephemeral": 0, "disk": 1, "id": "0aeb5c35-84b7-4469-95f9-7e28a4a585a4"}, {"name": "rally_full-flavor_f2489a29-f8ca-483a-a1b0-238e311710dd", "links": [{"href": "http://172.30.9.34:8774/v2.1/flavors/4d862a85-ac08-4e5e-be97-e3bef19cdc28", "rel": "self"}, {"href": "http://172.30.9.34:8774/flavors/4d862a85-ac08-4e5e-be97-e3bef19cdc28", "rel": "bookmark"}], "ram": 512, "OS-FLV-DISABLED:disabled": false, "vcpus": 1, "swap": "", "os-flavor-access:is_public": true, "rxtx_factor": 1.0, "OS-FLV-EXT-DATA:ephemeral": 0, "disk": 1, "id": "4d862a85-ac08-4e5e-be97-e3bef19cdc28"}]} _http_log_response /usr/lib/python2.7/site-packages/keystoneauth1/session.py:511
2019-07-06 07:35:35.521 662 DEBUG novaclient.v2.client [-] GET call to compute for http://172.30.9.34:8774/v2.1/flavors/detail used request id req-17a73cc7-100b-4e6f-afa8-dd3ad3255a56 request /usr/lib/python2.7/site-packages/keystoneauth1/session.py:844
2019-07-06 07:35:35.522 662 INFO rally.task.runner [-] Task e2044402-e028-4b5b-931f-f7f53422eed4 | ITER: 3 END: OK
2019-07-06 07:35:35.526 662 INFO rally.task.runner [-] Task e2044402-e028-4b5b-931f-f7f53422eed4 | ITER: 7 START
2019-07-06 07:35:35.531 663 DEBUG novaclient.v2.client [-] RESP: [200] Content-Encoding: gzip Content-Length: 365 Content-Type: application/json Date: Sat, 06 Jul 2019 07:35:35 GMT OpenStack-API-Version: compute 2.1 Server: Apache Vary: OpenStack-API-Version,X-OpenStack-Nova-API-Version,Accept-Encoding X-OpenStack-Nova-API-Version: 2.1 x-compute-request-id: req-182e2c38-6b7f-466a-b97c-3a6fa9c16ec7 x-openstack-request-id: req-182e2c38-6b7f-466a-b97c-3a6fa9c16ec7 _http_log_response /usr/lib/python2.7/site-packages/keystoneauth1/session.py:479
2019-07-06 07:35:35.532 663 DEBUG novaclient.v2.client [-] RESP BODY: {"flavors": [{"name": "rally_full-flavor_alt_f2489a29-f8ca-483a-a1b0-238e311710dd", "links": [{"href": "http://172.30.9.34:8774/v2.1/flavors/0aeb5c35-84b7-4469-95f9-7e28a4a585a4", "rel": "self"}, {"href": "http://172.30.9.34:8774/flavors/0aeb5c35-84b7-4469-95f9-7e28a4a585a4", "rel": "bookmark"}], "ram": 1024, "OS-FLV-DISABLED:disabled": false, "vcpus": 1, "swap": "", "os-flavor-access:is_public": true, "rxtx_factor": 1.0, "OS-FLV-EXT-DATA:ephemeral": 0, "disk": 1, "id": "0aeb5c35-84b7-4469-95f9-7e28a4a585a4"}, {"name": "rally_full-flavor_f2489a29-f8ca-483a-a1b0-238e311710dd", "links": [{"href": "http://172.30.9.34:8774/v2.1/flavors/4d862a85-ac08-4e5e-be97-e3bef19cdc28", "rel": "self"}, {"href": "http://172.30.9.34:8774/flavors/4d862a85-ac08-4e5e-be97-e3bef19cdc28", "rel": "bookmark"}], "ram": 512, "OS-FLV-DISABLED:disabled": false, "vcpus": 1, "swap": "", "os-flavor-access:is_public": true, "rxtx_factor": 1.0, "OS-FLV-EXT-DATA:ephemeral": 0, "disk": 1, "id": "4d862a85-ac08-4e5e-be97-e3bef19cdc28"}]} _http_log_response /usr/lib/python2.7/site-packages/keystoneauth1/session.py:511
2019-07-06 07:35:35.533 663 DEBUG novaclient.v2.client [-] GET call to compute for http://172.30.9.34:8774/v2.1/flavors/detail used request id req-182e2c38-6b7f-466a-b97c-3a6fa9c16ec7 request /usr/lib/python2.7/site-packages/keystoneauth1/session.py:844
