2019-07-06 07:39:31.678 725 DEBUG glanceclient.common.http [-] Request returned failure status 404. _handle_response /usr/lib/python2.7/site-packages/glanceclient/common/http.py:125
2019-07-06 07:39:31.680 725 DEBUG glanceclient.common.http [-] Request returned failure status 404. _handle_response /usr/lib/python2.7/site-packages/glanceclient/common/http.py:125
2019-07-06 07:39:31.686 725 DEBUG glanceclient.common.http [-] Request returned failure status 404. _handle_response /usr/lib/python2.7/site-packages/glanceclient/common/http.py:125
2019-07-06 07:39:31.689 725 DEBUG glanceclient.common.http [-] Request returned failure status 404. _handle_response /usr/lib/python2.7/site-packages/glanceclient/common/http.py:125
2019-07-06 07:39:31.696 725 DEBUG glanceclient.common.http [-] Request returned failure status 404. _handle_response /usr/lib/python2.7/site-packages/glanceclient/common/http.py:125
2019-07-06 07:39:31.703 725 DEBUG glanceclient.common.http [-] Request returned failure status 404. _handle_response /usr/lib/python2.7/site-packages/glanceclient/common/http.py:125
2019-07-06 07:39:31.713 725 DEBUG glanceclient.common.http [-] Request returned failure status 404. _handle_response /usr/lib/python2.7/site-packages/glanceclient/common/http.py:125
2019-07-06 07:39:32.703 725 DEBUG glanceclient.common.http [-] Request returned failure status 404. _handle_response /usr/lib/python2.7/site-packages/glanceclient/common/http.py:125
2019-07-06 07:39:32.719 725 DEBUG glanceclient.common.http [-] Request returned failure status 404. _handle_response /usr/lib/python2.7/site-packages/glanceclient/common/http.py:125
2019-07-06 07:39:32.723 725 DEBUG glanceclient.common.http [-] Request returned failure status 404. _handle_response /usr/lib/python2.7/site-packages/glanceclient/common/http.py:125
2019-07-06 07:39:32.732 725 DEBUG glanceclient.common.http [-] Request returned failure status 404. _handle_response /usr/lib/python2.7/site-packages/glanceclient/common/http.py:125
2019-07-06 07:39:33.711 725 DEBUG glanceclient.common.http [-] Request returned failure status 404. _handle_response /usr/lib/python2.7/site-packages/glanceclient/common/http.py:125
2019-07-06 07:39:33.739 725 DEBUG glanceclient.common.http [-] Request returned failure status 404. _handle_response /usr/lib/python2.7/site-packages/glanceclient/common/http.py:125
2019-07-06 07:39:33.751 725 DEBUG glanceclient.common.http [-] Request returned failure status 404. _handle_response /usr/lib/python2.7/site-packages/glanceclient/common/http.py:125
2019-07-06 07:39:33.773 725 DEBUG glanceclient.common.http [-] Request returned failure status 404. _handle_response /usr/lib/python2.7/site-packages/glanceclient/common/http.py:125
2019-07-06 07:39:33.774 725 DEBUG glanceclient.common.http [-] Request returned failure status 404. _handle_response /usr/lib/python2.7/site-packages/glanceclient/common/http.py:125
2019-07-06 07:39:33.787 725 DEBUG glanceclient.common.http [-] Request returned failure status 404. _handle_response /usr/lib/python2.7/site-packages/glanceclient/common/http.py:125
2019-07-06 07:39:34.789 725 INFO rally.task.context [-] Task bbf1f07a-f70f-46b4-bca8-35311e9a79c0 | Context cleanup@openstack cleanup() finished in 34.11 sec
2019-07-06 07:39:34.790 725 INFO rally.task.context [-] Task bbf1f07a-f70f-46b4-bca8-35311e9a79c0 | Context quotas@openstack cleanup() started
2019-07-06 07:39:34.791 725 DEBUG novaclient.v2.client [-] REQ: curl -g -i -X DELETE http://172.30.9.34:8774/v2.1/os-quota-sets/1a84b89ca2a54296926aa1ce262fdeec -H "Accept: application/json" -H "User-Agent: python-novaclient" -H "X-Auth-Token: {SHA1}b4a6f650ba9f8993ccdffe757c44417cb9c55064" _http_log_request /usr/lib/python2.7/site-packages/keystoneauth1/session.py:448
2019-07-06 07:39:34.818 725 DEBUG novaclient.v2.client [-] RESP: [202] Content-Length: 0 Content-Type: application/json Date: Sat, 06 Jul 2019 07:39:34 GMT OpenStack-API-Version: compute 2.1 Server: Apache Vary: OpenStack-API-Version,X-OpenStack-Nova-API-Version X-OpenStack-Nova-API-Version: 2.1 x-compute-request-id: req-57e2ef2c-e281-4d2e-8350-1a10f4b49853 x-openstack-request-id: req-57e2ef2c-e281-4d2e-8350-1a10f4b49853 _http_log_response /usr/lib/python2.7/site-packages/keystoneauth1/session.py:479
2019-07-06 07:39:34.818 725 DEBUG novaclient.v2.client [-] DELETE call to compute for http://172.30.9.34:8774/v2.1/os-quota-sets/1a84b89ca2a54296926aa1ce262fdeec used request id req-57e2ef2c-e281-4d2e-8350-1a10f4b49853 request /usr/lib/python2.7/site-packages/keystoneauth1/session.py:844
2019-07-06 07:39:34.819 725 DEBUG novaclient.v2.client [-] REQ: curl -g -i -X DELETE http://172.30.9.34:8774/v2.1/os-quota-sets/d5d7c47e94ec412480e9f72eb0fcf48c -H "Accept: application/json" -H "User-Agent: python-novaclient" -H "X-Auth-Token: {SHA1}b4a6f650ba9f8993ccdffe757c44417cb9c55064" _http_log_request /usr/lib/python2.7/site-packages/keystoneauth1/session.py:448
2019-07-06 07:39:34.842 725 DEBUG novaclient.v2.client [-] RESP: [202] Content-Length: 0 Content-Type: application/json Date: Sat, 06 Jul 2019 07:39:34 GMT OpenStack-API-Version: compute 2.1 Server: Apache Vary: OpenStack-API-Version,X-OpenStack-Nova-API-Version X-OpenStack-Nova-API-Version: 2.1 x-compute-request-id: req-a1e35805-1cd2-44d4-9597-c7df040bca72 x-openstack-request-id: req-a1e35805-1cd2-44d4-9597-c7df040bca72 _http_log_response /usr/lib/python2.7/site-packages/keystoneauth1/session.py:479
2019-07-06 07:39:34.842 725 DEBUG novaclient.v2.client [-] DELETE call to compute for http://172.30.9.34:8774/v2.1/os-quota-sets/d5d7c47e94ec412480e9f72eb0fcf48c used request id req-a1e35805-1cd2-44d4-9597-c7df040bca72 request /usr/lib/python2.7/site-packages/keystoneauth1/session.py:844
2019-07-06 07:39:34.843 725 DEBUG novaclient.v2.client [-] REQ: curl -g -i -X DELETE http://172.30.9.34:8774/v2.1/os-quota-sets/0ddaf92d011549c3952f41fcb496bc54 -H "Accept: application/json" -H "User-Agent: python-novaclient" -H "X-Auth-Token: {SHA1}b4a6f650ba9f8993ccdffe757c44417cb9c55064" _http_log_request /usr/lib/python2.7/site-packages/keystoneauth1/session.py:448
2019-07-06 07:39:34.865 725 DEBUG novaclient.v2.client [-] RESP: [202] Content-Length: 0 Content-Type: application/json Date: Sat, 06 Jul 2019 07:39:34 GMT OpenStack-API-Version: compute 2.1 Server: Apache Vary: OpenStack-API-Version,X-OpenStack-Nova-API-Version X-OpenStack-Nova-API-Version: 2.1 x-compute-request-id: req-b5c64079-9679-4253-8abb-ed8ae02dd112 x-openstack-request-id: req-b5c64079-9679-4253-8abb-ed8ae02dd112 _http_log_response /usr/lib/python2.7/site-packages/keystoneauth1/session.py:479
2019-07-06 07:39:34.866 725 DEBUG novaclient.v2.client [-] DELETE call to compute for http://172.30.9.34:8774/v2.1/os-quota-sets/0ddaf92d011549c3952f41fcb496bc54 used request id req-b5c64079-9679-4253-8abb-ed8ae02dd112 request /usr/lib/python2.7/site-packages/keystoneauth1/session.py:844
2019-07-06 07:39:34.866 725 INFO rally.task.context [-] Task bbf1f07a-f70f-46b4-bca8-35311e9a79c0 | Context quotas@openstack cleanup() finished in 76.38 msec
2019-07-06 07:39:34.866 725 INFO rally.task.context [-] Task bbf1f07a-f70f-46b4-bca8-35311e9a79c0 | Context users@openstack cleanup() started
2019-07-06 07:39:41.870 725 INFO rally.task.context [-] Task bbf1f07a-f70f-46b4-bca8-35311e9a79c0 | Context users@openstack cleanup() finished in 7.00 sec
2019-07-06 07:39:41.938 725 INFO rally.task.engine [-] Load duration is: 78.239825
2019-07-06 07:39:41.938 725 INFO rally.task.engine [-] Full runner duration is: 80.137267
2019-07-06 07:39:41.938 725 INFO rally.task.engine [-] Full duration is: 128.459995
2019-07-06 07:39:42.207 725 INFO rally.task.engine [-] Running workload: position = 0 config = { "version": 2, "title": "A cropped version of a bigger task.", "description": "Auto-generated task from a single workload (uuid=4b0e615f-b2ec-4ec1-baac-645dde6375d9)", "subtasks": [ { "title": "GlanceImages.create_and_deactivate_image", "description": "Create an image, then deactivate it.", "scenario": { "GlanceImages.create_and_deactivate_image": { "container_format": "bare", "disk_format": "qcow2", "image_location": "/home/opnfv/functest/images/cirros-0.4.0-x86_64-disk.img" } }, "contexts": { "users": { "tenants": 3, "users_per_tenant": 2 } }, "runner": { "constant": { "concurrency": 4, "times": 10 } }, "hooks": [], "sla": { "failure_rate": { "max": 0 } } } ] }
2019-07-06 07:39:42.222 725 RALLYDEBUG rally_openstack.contexts.keystone.users [-] Creating 3 tenants using 20 threads
2019-07-06 07:39:44.085 725 RALLYDEBUG rally_openstack.contexts.keystone.users [-] Creating 6 users using 20 threads
2019-07-06 07:39:46.716 725 INFO rally.task.context [-] Task bbf1f07a-f70f-46b4-bca8-35311e9a79c0 | Context users@openstack setup() finished in 4.49 sec
2019-07-06 07:39:46.716 725 INFO rally.task.context [-] Task bbf1f07a-f70f-46b4-bca8-35311e9a79c0 | Context cleanup@openstack setup() finished in 0.01 msec
2019-07-06 07:39:46.723 725 RALLYDEBUG rally.task.runner [-] Starting the constant runner (task UUID: bbf1f07a-f70f-46b4-bca8-35311e9a79c0). timeout: 0 concurrency: 4 concurrency_per_worker: 1 times: 10 concurrency_overhead: 0 processes_to_start: 4 max_cpu_used: 16
2019-07-06 07:39:46.734 1385 RALLYDEBUG rally.task.runner [-] Starting a worker. concurrency: 1 args: {"container_format": "bare", "disk_format": "qcow2", "image_location": "/home/opnfv/functest/images/cirros-0.4.0-x86_64-disk.img"} times: 10 method_name: run timeout: 0 duration: None cls:
2019-07-06 07:39:46.737 1386 RALLYDEBUG rally.task.runner [-] Starting a worker. concurrency: 1 args: {"container_format": "bare", "disk_format": "qcow2", "image_location": "/home/opnfv/functest/images/cirros-0.4.0-x86_64-disk.img"} times: 10 method_name: run timeout: 0 duration: None cls:
2019-07-06 07:39:46.740 1387 RALLYDEBUG rally.task.runner [-] Starting a worker. concurrency: 1 args: {"container_format": "bare", "disk_format": "qcow2", "image_location": "/home/opnfv/functest/images/cirros-0.4.0-x86_64-disk.img"} times: 10 method_name: run timeout: 0 duration: None cls:
2019-07-06 07:39:46.741 1385 INFO rally.task.runner [-] Task bbf1f07a-f70f-46b4-bca8-35311e9a79c0 | ITER: 1 START
2019-07-06 07:39:46.742 1388 RALLYDEBUG rally.task.runner [-] Starting a worker. concurrency: 1 args: {"container_format": "bare", "disk_format": "qcow2", "image_location": "/home/opnfv/functest/images/cirros-0.4.0-x86_64-disk.img"} times: 10 method_name: run timeout: 0 duration: None cls:
2019-07-06 07:39:46.744 1386 INFO rally.task.runner [-] Task bbf1f07a-f70f-46b4-bca8-35311e9a79c0 | ITER: 2 START
2019-07-06 07:39:46.746 1387 INFO rally.task.runner [-] Task bbf1f07a-f70f-46b4-bca8-35311e9a79c0 | ITER: 3 START
2019-07-06 07:39:46.748 1388 INFO rally.task.runner [-] Task bbf1f07a-f70f-46b4-bca8-35311e9a79c0 | ITER: 4 START
2019-07-06 07:39:49.992 1385 RALLYDEBUG rally.task.utils [-] Waiting for resource u'7f562e0f-3380-41c5-8930-b9b4308c2f2d'. Status changed: NONE => QUEUED in 0.0286870002747
2019-07-06 07:39:50.009 1388 RALLYDEBUG rally.task.utils [-] Waiting for resource u'64140b44-b2e9-4116-b30c-c54bc26f1c08'. Status changed: NONE => QUEUED in 0.0351088047028
2019-07-06 07:39:50.023 1387 RALLYDEBUG rally.task.utils [-] Waiting for resource u'9845d01c-f058-401e-9393-c12e4cfd62d5'. Status changed: NONE => QUEUED in 0.0348970890045
2019-07-06 07:39:50.038 1386 RALLYDEBUG rally.task.utils [-] Waiting for resource u'43c3bbf5-2c8f-4dab-84b3-6ea21923683b'. Status changed: NONE => QUEUED in 0.0380699634552
2019-07-06 07:39:50.451 1388 RALLYDEBUG rally.task.utils [-] Waiting for resource s_rally_4b0e615f_YfSywvzW. Status changed: QUEUED => ACTIVE in 0.0182950496674
2019-07-06 07:39:50.451 1386 RALLYDEBUG rally.task.utils [-] Waiting for resource s_rally_4b0e615f_T7XAldpP. Status changed: QUEUED => ACTIVE in 0.0184338092804
2019-07-06 07:39:50.544 1386 INFO rally.task.runner [-] Task bbf1f07a-f70f-46b4-bca8-35311e9a79c0 | ITER: 2 END: OK
2019-07-06 07:39:50.549 1386 INFO rally.task.runner [-] Task bbf1f07a-f70f-46b4-bca8-35311e9a79c0 | ITER: 5 START
2019-07-06 07:39:50.558 1388 INFO rally.task.runner [-] Task bbf1f07a-f70f-46b4-bca8-35311e9a79c0 | ITER: 4 END: OK
2019-07-06 07:39:50.562 1388 INFO rally.task.runner [-] Task bbf1f07a-f70f-46b4-bca8-35311e9a79c0 | ITER: 6 START
2019-07-06 07:39:51.491 1385 RALLYDEBUG rally.task.utils [-] Waiting for resource s_rally_4b0e615f_YBmuuAHi. Status changed: QUEUED => ACTIVE in 0.0231919288635
2019-07-06 07:39:51.524 1387 RALLYDEBUG rally.task.utils [-] Waiting for resource s_rally_4b0e615f_2eIiH0JH. Status changed: QUEUED => ACTIVE in 0.0270259380341
2019-07-06 07:39:51.577 1385 INFO rally.task.runner [-] Task bbf1f07a-f70f-46b4-bca8-35311e9a79c0 | ITER: 1 END: OK
2019-07-06 07:39:51.582 1385 INFO rally.task.runner [-] Task bbf1f07a-f70f-46b4-bca8-35311e9a79c0 | ITER: 7 START
2019-07-06 07:39:51.595 1387 INFO rally.task.runner [-] Task bbf1f07a-f70f-46b4-bca8-35311e9a79c0 | ITER: 3 END: OK
2019-07-06 07:39:51.599 1387 INFO rally.task.runner [-] Task bbf1f07a-f70f-46b4-bca8-35311e9a79c0 | ITER: 8 START
2019-07-06 07:39:53.883 1388 RALLYDEBUG rally.task.utils [-] Waiting for resource u'3eed391c-e949-4a75-a761-72e7a4f24055'. Status changed: NONE => QUEUED in 0.0409219264984
2019-07-06 07:39:53.887 1386 RALLYDEBUG rally.task.utils [-] Waiting for resource u'2e90a113-8c34-49e9-adc0-5edfb97b787b'. Status changed: NONE => QUEUED in 0.0450811386108
2019-07-06 07:39:55.306 1387 RALLYDEBUG rally.task.utils [-] Waiting for resource u'9f33f970-bb64-4553-a56e-0d1f9cd2036e'. Status changed: NONE => QUEUED in 0.462292909622
2019-07-06 07:39:55.329 1385 RALLYDEBUG rally.task.utils [-] Waiting for resource u'0f28fbe7-ab9f-4563-bfb6-8814f4c0917b'. Status changed: NONE => QUEUED in 0.497939825058
2019-07-06 07:39:55.351 1388 RALLYDEBUG rally.task.utils [-] Waiting for resource s_rally_4b0e615f_r4KvNwd0. Status changed: QUEUED => ACTIVE in 0.0395839214325
2019-07-06 07:39:56.792 1386 RALLYDEBUG rally.task.utils [-] Waiting for resource s_rally_4b0e615f_lfhgUAAc. Status changed: QUEUED => ACTIVE in 1.37731909752
2019-07-06 07:39:57.568 1388 INFO rally.task.runner [-] Task bbf1f07a-f70f-46b4-bca8-35311e9a79c0 | ITER: 6 END: OK
2019-07-06 07:39:57.571 1388 INFO rally.task.runner [-] Task bbf1f07a-f70f-46b4-bca8-35311e9a79c0 | ITER: 9 START
2019-07-06 07:39:57.608 1387 RALLYDEBUG rally.task.utils [-] Waiting for resource s_rally_4b0e615f_zQhthXfv. Status changed: QUEUED => ACTIVE in 0.03892993927
2019-07-06 07:39:57.611 1385 RALLYDEBUG rally.task.utils [-] Waiting for resource s_rally_4b0e615f_vv0aesGn. Status changed: QUEUED => ACTIVE in 0.0368819236755
2019-07-06 07:39:57.619 1386 INFO rally.task.runner [-] Task bbf1f07a-f70f-46b4-bca8-35311e9a79c0 | ITER: 5 END: OK
2019-07-06 07:39:57.623 1386 INFO rally.task.runner [-] Task bbf1f07a-f70f-46b4-bca8-35311e9a79c0 | ITER: 10 START
2019-07-06 07:39:57.705 1385 INFO rally.task.runner [-] Task bbf1f07a-f70f-46b4-bca8-35311e9a79c0 | ITER: 7 END: OK
2019-07-06 07:39:57.708 1387 INFO rally.task.runner [-] Task bbf1f07a-f70f-46b4-bca8-35311e9a79c0 | ITER: 8 END: OK
2019-07-06 07:40:00.851 1388 RALLYDEBUG rally.task.utils [-] Waiting for resource u'3b5b6d76-f460-4cc3-9211-6939a15d0678'. Status changed: NONE => QUEUED in 0.0325348377228
2019-07-06 07:40:00.916 1386 RALLYDEBUG rally.task.utils [-] Waiting for resource u'8089bd1e-0265-479b-a791-9d86a3c4275d'. Status changed: NONE => QUEUED in 0.030886888504
2019-07-06 07:40:01.589 1388 RALLYDEBUG rally.task.utils [-] Waiting for resource s_rally_4b0e615f_wx4XIMak. Status changed: QUEUED => ACTIVE in 0.0176570415497
2019-07-06 07:40:01.596 1386 RALLYDEBUG rally.task.utils [-] Waiting for resource s_rally_4b0e615f_dDVimieO. Status changed: QUEUED => ACTIVE in 0.0185861587524
2019-07-06 07:40:01.665 1388 INFO rally.task.runner [-] Task bbf1f07a-f70f-46b4-bca8-35311e9a79c0 | ITER: 9 END: OK
2019-07-06 07:40:01.669 1386 INFO rally.task.runner [-] Task bbf1f07a-f70f-46b4-bca8-35311e9a79c0 | ITER: 10 END: OK
2019-07-06 07:40:01.689 725 INFO rally.task.context [-] Task bbf1f07a-f70f-46b4-bca8-35311e9a79c0 | Context cleanup@openstack cleanup() started
2019-07-06 07:40:01.692 725 RALLYDEBUG rally_openstack.cleanup.manager [-] Cleaning up glance images objects
2019-07-06 07:40:03.916 725 RALLYDEBUG rally_openstack.cleanup.manager [-] Deleting glance.images object s_rally_4b0e615f_YBmuuAHi (7f562e0f-3380-41c5-8930-b9b4308c2f2d)
2019-07-06 07:40:03.918 725 RALLYDEBUG rally_openstack.cleanup.manager [-] Deleting glance.images object s_rally_4b0e615f_zQhthXfv (9f33f970-bb64-4553-a56e-0d1f9cd2036e)
2019-07-06 07:40:03.918 725 RALLYDEBUG rally_openstack.cleanup.manager [-] Deleting glance.images object s_rally_4b0e615f_2eIiH0JH (9845d01c-f058-401e-9393-c12e4cfd62d5)
2019-07-06 07:40:03.927 725 RALLYDEBUG rally_openstack.cleanup.manager [-] Deleting glance.images object s_rally_4b0e615f_YfSywvzW (64140b44-b2e9-4116-b30c-c54bc26f1c08)
2019-07-06 07:40:03.928 725 RALLYDEBUG rally_openstack.cleanup.manager [-] Deleting glance.images object s_rally_4b0e615f_r4KvNwd0 (3eed391c-e949-4a75-a761-72e7a4f24055)
2019-07-06 07:40:03.929 725 RALLYDEBUG rally_openstack.cleanup.manager [-] Deleting glance.images object s_rally_4b0e615f_lfhgUAAc (2e90a113-8c34-49e9-adc0-5edfb97b787b)
2019-07-06 07:40:03.931 725 RALLYDEBUG rally_openstack.cleanup.manager [-] Deleting glance.images object s_rally_4b0e615f_vv0aesGn (0f28fbe7-ab9f-4563-bfb6-8814f4c0917b)
2019-07-06 07:40:03.931 725 RALLYDEBUG rally_openstack.cleanup.manager [-] Deleting glance.images object s_rally_4b0e615f_wx4XIMak (3b5b6d76-f460-4cc3-9211-6939a15d0678)
2019-07-06 07:40:03.938 725 RALLYDEBUG rally_openstack.cleanup.manager [-] Deleting glance.images object s_rally_4b0e615f_dDVimieO (8089bd1e-0265-479b-a791-9d86a3c4275d)
2019-07-06 07:40:03.942 725 RALLYDEBUG rally_openstack.cleanup.manager [-] Deleting glance.images object s_rally_4b0e615f_T7XAldpP (43c3bbf5-2c8f-4dab-84b3-6ea21923683b)
2019-07-06 07:40:05.648 725 DEBUG glanceclient.common.http [-] Request returned failure status 404. _handle_response /usr/lib/python2.7/site-packages/glanceclient/common/http.py:125
2019-07-06 07:40:05.660 725 DEBUG glanceclient.common.http [-] Request returned failure status 404. _handle_response /usr/lib/python2.7/site-packages/glanceclient/common/http.py:125
2019-07-06 07:40:05.661 725 DEBUG glanceclient.common.http [-] Request returned failure status 404. _handle_response /usr/lib/python2.7/site-packages/glanceclient/common/http.py:125
2019-07-06 07:40:05.668 725 DEBUG glanceclient.common.http [-] Request returned failure status 404. _handle_response /usr/lib/python2.7/site-packages/glanceclient/common/http.py:125
2019-07-06 07:40:05.681 725 DEBUG glanceclient.common.http [-] Request returned failure status 404. _handle_response /usr/lib/python2.7/site-packages/glanceclient/common/http.py:125
2019-07-06 07:40:05.686 725 DEBUG glanceclient.common.http [-] Request returned failure status 404. _handle_response /usr/lib/python2.7/site-packages/glanceclient/common/http.py:125
2019-07-06 07:40:05.699 725 DEBUG glanceclient.common.http [-] Request returned failure status 404. _handle_response /usr/lib/python2.7/site-packages/glanceclient/common/http.py:125
2019-07-06 07:40:05.700 725 DEBUG glanceclient.common.http [-] Request returned failure status 404. _handle_response /usr/lib/python2.7/site-packages/glanceclient/common/http.py:125
2019-07-06 07:40:05.701 725 DEBUG glanceclient.common.http [-] Request returned failure status 404. _handle_response /usr/lib/python2.7/site-packages/glanceclient/common/http.py:125
2019-07-06 07:40:05.703 725 DEBUG glanceclient.common.http [-] Request returned failure status 404. _handle_response /usr/lib/python2.7/site-packages/glanceclient/common/http.py:125
2019-07-06 07:40:05.706 725 DEBUG glanceclient.common.http [-] Request returned failure status 404. _handle_response /usr/lib/python2.7/site-packages/glanceclient/common/http.py:125
2019-07-06 07:40:05.725 725 DEBUG glanceclient.common.http [-] Request returned failure status 404. _handle_response /usr/lib/python2.7/site-packages/glanceclient/common/http.py:125
2019-07-06 07:40:06.680 725 DEBUG glanceclient.common.http [-] Request returned failure status 404. _handle_response /usr/lib/python2.7/site-packages/glanceclient/common/http.py:125
2019-07-06 07:40:06.699 725 DEBUG glanceclient.common.http [-] Request returned failure status 404. _handle_response /usr/lib/python2.7/site-packages/glanceclient/common/http.py:125
2019-07-06 07:40:06.702 725 DEBUG glanceclient.common.http [-] Request returned failure status 404. _handle_response /usr/lib/python2.7/site-packages/glanceclient/common/http.py:125
2019-07-06 07:40:06.725 725 DEBUG glanceclient.common.http [-] Request returned failure status 404. _handle_response /usr/lib/python2.7/site-packages/glanceclient/common/http.py:125
2019-07-06 07:40:06.741 725 DEBUG glanceclient.common.http [-] Request returned failure status 404. _handle_response /usr/lib/python2.7/site-packages/glanceclient/common/http.py:125
2019-07-06 07:40:06.753 725 DEBUG glanceclient.common.http [-] Request returned failure status 404. _handle_response /usr/lib/python2.7/site-packages/glanceclient/common/http.py:125
2019-07-06 07:40:06.759 725 DEBUG glanceclient.common.http [-] Request returned failure status 404. _handle_response /usr/lib/python2.7/site-packages/glanceclient/common/http.py:125
2019-07-06 07:40:06.771 725 DEBUG glanceclient.common.http [-] Request returned failure status 404. _handle_response /usr/lib/python2.7/site-packages/glanceclient/common/http.py:125
2019-07-06 07:40:07.774 725 INFO rally.task.context [-] Task bbf1f07a-f70f-46b4-bca8-35311e9a79c0 | Context cleanup@openstack cleanup() finished in 6.09 sec
2019-07-06 07:40:07.774 725 INFO rally.task.context [-] Task bbf1f07a-f70f-46b4-bca8-35311e9a79c0 | Context users@openstack cleanup() started
2019-07-06 07:40:14.660 725 INFO rally.task.context [-] Task bbf1f07a-f70f-46b4-bca8-35311e9a79c0 | Context users@openstack cleanup() finished in 6.89 sec
2019-07-06 07:40:16.381 725 INFO rally.task.engine [-] Load duration is: 14.064617
2019-07-06 07:40:16.381 725 INFO rally.task.engine [-] Full runner duration is: 14.965908
2019-07-06 07:40:16.382 725 INFO rally.task.engine [-] Full duration is: 32.441816
2019-07-06 07:40:16.604 725 INFO rally.task.engine [-] Running workload: position = 0 config = { "version": 2, "title": "A cropped version of a bigger task.", "description": "Auto-generated task from a single workload (uuid=3c2a854d-6229-4307-b885-4a56ea8d8683)", "subtasks": [ { "title": "GlanceImages.create_and_download_image", "description": "Create an image, then download data of the image.", "scenario": { "GlanceImages.create_and_download_image": { "container_format": "bare", "disk_format": "qcow2", "image_location": "/home/opnfv/functest/images/cirros-0.4.0-x86_64-disk.img" } }, "contexts": { "users": { "tenants": 3, "users_per_tenant": 2 } }, "runner": { "constant": { "concurrency": 4, "times": 10 } }, "hooks": [], "sla": { "failure_rate": { "max": 0 } } } ] }
2019-07-06 07:40:16.627 725 RALLYDEBUG rally_openstack.contexts.keystone.users [-] Creating 3 tenants using 20 threads
2019-07-06 07:40:18.546 725 RALLYDEBUG rally_openstack.contexts.keystone.users [-] Creating 6 users using 20 threads
2019-07-06 07:40:21.338 725 INFO rally.task.context [-] Task bbf1f07a-f70f-46b4-bca8-35311e9a79c0 | Context users@openstack setup() finished in 4.71 sec
2019-07-06 07:40:21.338 725 INFO rally.task.context [-] Task bbf1f07a-f70f-46b4-bca8-35311e9a79c0 | Context cleanup@openstack setup() finished in 0.01 msec
2019-07-06 07:40:21.346 725 RALLYDEBUG rally.task.runner [-] Starting the constant runner (task UUID: bbf1f07a-f70f-46b4-bca8-35311e9a79c0). timeout: 0 concurrency: 4 concurrency_per_worker: 1 times: 10 concurrency_overhead: 0 processes_to_start: 4 max_cpu_used: 16
2019-07-06 07:40:21.359 1509 RALLYDEBUG rally.task.runner [-] Starting a worker. concurrency: 1 args: {"container_format": "bare", "disk_format": "qcow2", "image_location": "/home/opnfv/functest/images/cirros-0.4.0-x86_64-disk.img"} times: 10 method_name: run timeout: 0 duration: None cls:
2019-07-06 07:40:21.362 1510 RALLYDEBUG rally.task.runner [-] Starting a worker. concurrency: 1 args: {"container_format": "bare", "disk_format": "qcow2", "image_location": "/home/opnfv/functest/images/cirros-0.4.0-x86_64-disk.img"} times: 10 method_name: run timeout: 0 duration: None cls:
2019-07-06 07:40:21.365 1509 INFO rally.task.runner [-] Task bbf1f07a-f70f-46b4-bca8-35311e9a79c0 | ITER: 1 START
2019-07-06 07:40:21.365 1511 RALLYDEBUG rally.task.runner [-] Starting a worker. concurrency: 1 args: {"container_format": "bare", "disk_format": "qcow2", "image_location": "/home/opnfv/functest/images/cirros-0.4.0-x86_64-disk.img"} times: 10 method_name: run timeout: 0 duration: None cls:
2019-07-06 07:40:21.369 1510 INFO rally.task.runner [-] Task bbf1f07a-f70f-46b4-bca8-35311e9a79c0 | ITER: 2 START
2019-07-06 07:40:21.368 1512 RALLYDEBUG rally.task.runner [-] Starting a worker. concurrency: 1 args: {"container_format": "bare", "disk_format": "qcow2", "image_location": "/home/opnfv/functest/images/cirros-0.4.0-x86_64-disk.img"} times: 10 method_name: run timeout: 0 duration: None cls:
2019-07-06 07:40:21.371 1511 INFO rally.task.runner [-] Task bbf1f07a-f70f-46b4-bca8-35311e9a79c0 | ITER: 3 START
2019-07-06 07:40:21.374 1512 INFO rally.task.runner [-] Task bbf1f07a-f70f-46b4-bca8-35311e9a79c0 | ITER: 4 START
2019-07-06 07:40:24.668 1509 RALLYDEBUG rally.task.utils [-] Waiting for resource u'b2e160f3-bae5-4cf1-a498-803fcaa37b18'. Status changed: NONE => QUEUED in 0.0320858955383
2019-07-06 07:40:24.668 1511 RALLYDEBUG rally.task.utils [-] Waiting for resource u'bd19b3f4-9c2d-4e05-9396-ba00baae0e63'. Status changed: NONE => QUEUED in 0.0317461490631
2019-07-06 07:40:24.683 1510 RALLYDEBUG rally.task.utils [-] Waiting for resource u'9f44fb33-d1ba-439b-a3be-b5be57b286be'. Status changed: NONE => QUEUED in 0.0343949794769
2019-07-06 07:40:24.699 1512 RALLYDEBUG rally.task.utils [-] Waiting for resource u'91537fd2-bb24-42e7-9da9-87e1a56aa0b1'. Status changed: NONE => QUEUED in 0.0403430461884
2019-07-06 07:40:25.645 1511 RALLYDEBUG rally.task.utils [-] Waiting for resource s_rally_3c2a854d_FwMZzang. Status changed: QUEUED => ACTIVE in 0.0199749469757
2019-07-06 07:40:25.650 1510 RALLYDEBUG rally.task.utils [-] Waiting for resource s_rally_3c2a854d_qeZUhe78. Status changed: QUEUED => ACTIVE in 0.0210800170898
2019-07-06 07:40:25.925 1510 INFO rally.task.runner [-] Task bbf1f07a-f70f-46b4-bca8-35311e9a79c0 | ITER: 2 END: OK
2019-07-06 07:40:25.929 1510 INFO rally.task.runner [-] Task bbf1f07a-f70f-46b4-bca8-35311e9a79c0 | ITER: 5 START
2019-07-06 07:40:25.967 1511 INFO rally.task.runner [-] Task bbf1f07a-f70f-46b4-bca8-35311e9a79c0 | ITER: 3 END: OK
2019-07-06 07:40:25.969 1511 INFO rally.task.runner [-] Task bbf1f07a-f70f-46b4-bca8-35311e9a79c0 | ITER: 6 START
2019-07-06 07:40:26.699 1509 RALLYDEBUG rally.task.utils [-] Waiting for resource s_rally_3c2a854d_K8htjao7. Status changed: QUEUED => ACTIVE in 0.0257608890533
2019-07-06 07:40:26.701 1512 RALLYDEBUG rally.task.utils [-] Waiting for resource s_rally_3c2a854d_sBYD5aot. Status changed: QUEUED => ACTIVE in 0.0230958461761
2019-07-06 07:40:26.881 1509 INFO rally.task.runner [-] Task bbf1f07a-f70f-46b4-bca8-35311e9a79c0 | ITER: 1 END: OK
2019-07-06 07:40:26.885 1509 INFO rally.task.runner [-] Task bbf1f07a-f70f-46b4-bca8-35311e9a79c0 | ITER: 7 START
2019-07-06 07:40:26.997 1512 INFO rally.task.runner [-] Task bbf1f07a-f70f-46b4-bca8-35311e9a79c0 | ITER: 4 END: OK
2019-07-06 07:40:27.001 1512 INFO rally.task.runner [-] Task bbf1f07a-f70f-46b4-bca8-35311e9a79c0 | ITER: 8 START
2019-07-06 07:40:29.233 1511 RALLYDEBUG rally.task.utils [-] Waiting for resource u'7ac2ca45-5798-4d71-b81d-f3614339b834'. Status changed: NONE => QUEUED in 0.04328083992
2019-07-06 07:40:29.235 1510 RALLYDEBUG rally.task.utils [-] Waiting for resource u'ae11653a-1d59-4084-9761-f664889a8150'. Status changed: NONE => QUEUED in 0.0446238517761
2019-07-06 07:40:30.126 1509 RALLYDEBUG rally.task.utils [-] Waiting for resource u'41e74dfc-c429-4714-b408-91d362c03f5a'. Status changed: NONE => QUEUED in 0.0290591716766
2019-07-06 07:40:30.281 1512 RALLYDEBUG rally.task.utils [-] Waiting for resource u'3f9c23e5-ef53-462a-a6c1-94ce2f81f252'. Status changed: NONE => QUEUED in 0.0269200801849
2019-07-06 07:40:30.949 1511 RALLYDEBUG rally.task.utils [-] Waiting for resource s_rally_3c2a854d_zIdwzBgL. Status changed: QUEUED => ACTIVE in 0.032331943512
2019-07-06 07:40:30.951 1512 RALLYDEBUG rally.task.utils [-] Waiting for resource s_rally_3c2a854d_U1KfQZOU. Status changed: QUEUED => ACTIVE in 0.020350933075
2019-07-06 07:40:30.952 1509 RALLYDEBUG rally.task.utils [-] Waiting for resource s_rally_3c2a854d_biu5ZmVA. Status changed: QUEUED => ACTIVE in 0.0232050418854
2019-07-06 07:40:30.978 1510 RALLYDEBUG rally.task.utils [-] Waiting for resource s_rally_3c2a854d_o6BL4JIW. Status changed: QUEUED => ACTIVE in 0.0277688503265
2019-07-06 07:40:31.101 1512 INFO rally.task.runner [-] Task bbf1f07a-f70f-46b4-bca8-35311e9a79c0 | ITER: 8 END: OK
2019-07-06 07:40:31.105 1512 INFO rally.task.runner [-] Task bbf1f07a-f70f-46b4-bca8-35311e9a79c0 | ITER: 9 START
2019-07-06 07:40:31.112 1509 INFO rally.task.runner [-] Task bbf1f07a-f70f-46b4-bca8-35311e9a79c0 | ITER: 7 END: OK
2019-07-06 07:40:31.116 1509 INFO rally.task.runner [-] Task bbf1f07a-f70f-46b4-bca8-35311e9a79c0 | ITER: 10 START
2019-07-06 07:40:31.140 1511 INFO rally.task.runner [-] Task bbf1f07a-f70f-46b4-bca8-35311e9a79c0 | ITER: 6 END: OK
2019-07-06 07:40:31.275 1510 INFO rally.task.runner [-] Task bbf1f07a-f70f-46b4-bca8-35311e9a79c0 | ITER: 5 END: OK
2019-07-06 07:40:34.309 1509 RALLYDEBUG rally.task.utils [-] Waiting for resource u'75698384-6795-48a1-80d4-0f9c6be51b9d'. Status changed: NONE => QUEUED in 0.0304470062256
2019-07-06 07:40:35.576 1512 RALLYDEBUG rally.task.utils [-] Waiting for resource u'c69aaf61-a415-4ec6-8571-0d4ce86e73f0'. Status changed: NONE => QUEUED in 1.20620298386
2019-07-06 07:40:35.704 1509 RALLYDEBUG rally.task.utils [-] Waiting for resource s_rally_3c2a854d_18Xyctqs. Status changed: QUEUED => ACTIVE in 0.0822041034698
2019-07-06 07:40:36.767 1509 INFO rally.task.runner [-] Task bbf1f07a-f70f-46b4-bca8-35311e9a79c0 | ITER: 10 END: OK
2019-07-06 07:40:36.807 1512 RALLYDEBUG rally.task.utils [-] Waiting for resource s_rally_3c2a854d_MdowCpd7. Status changed: QUEUED => ACTIVE in 0.0186660289764
2019-07-06 07:40:37.023 1512 INFO rally.task.runner [-] Task bbf1f07a-f70f-46b4-bca8-35311e9a79c0 | ITER: 9 END: OK
2019-07-06 07:40:37.045 725 INFO rally.task.context [-] Task bbf1f07a-f70f-46b4-bca8-35311e9a79c0 | Context cleanup@openstack cleanup() started
2019-07-06 07:40:37.047 725 RALLYDEBUG rally_openstack.cleanup.manager [-] Cleaning up glance images objects
2019-07-06 07:40:39.389 725 RALLYDEBUG rally_openstack.cleanup.manager [-] Deleting glance.images object s_rally_3c2a854d_MdowCpd7 (c69aaf61-a415-4ec6-8571-0d4ce86e73f0)
2019-07-06 07:40:39.389 725 RALLYDEBUG rally_openstack.cleanup.manager [-] Deleting glance.images object s_rally_3c2a854d_biu5ZmVA (41e74dfc-c429-4714-b408-91d362c03f5a)
2019-07-06 07:40:39.400 725 RALLYDEBUG rally_openstack.cleanup.manager [-] Deleting glance.images object s_rally_3c2a854d_zIdwzBgL (7ac2ca45-5798-4d71-b81d-f3614339b834)
2019-07-06 07:40:39.407 725 RALLYDEBUG rally_openstack.cleanup.manager [-] Deleting glance.images object s_rally_3c2a854d_sBYD5aot (91537fd2-bb24-42e7-9da9-87e1a56aa0b1)
2019-07-06 07:40:39.409 725 RALLYDEBUG rally_openstack.cleanup.manager [-] Deleting glance.images object s_rally_3c2a854d_18Xyctqs (75698384-6795-48a1-80d4-0f9c6be51b9d)
2019-07-06 07:40:39.409 725 RALLYDEBUG rally_openstack.cleanup.manager [-] Deleting glance.images object s_rally_3c2a854d_qeZUhe78 (9f44fb33-d1ba-439b-a3be-b5be57b286be)
2019-07-06 07:40:39.416 725 RALLYDEBUG rally_openstack.cleanup.manager [-] Deleting glance.images object s_rally_3c2a854d_FwMZzang (bd19b3f4-9c2d-4e05-9396-ba00baae0e63)
2019-07-06 07:40:39.417 725 RALLYDEBUG rally_openstack.cleanup.manager [-] Deleting glance.images object s_rally_3c2a854d_U1KfQZOU (3f9c23e5-ef53-462a-a6c1-94ce2f81f252)
2019-07-06 07:40:39.421 725 RALLYDEBUG rally_openstack.cleanup.manager [-] Deleting glance.images object s_rally_3c2a854d_K8htjao7 (b2e160f3-bae5-4cf1-a498-803fcaa37b18)
2019-07-06 07:40:39.433 725 RALLYDEBUG rally_openstack.cleanup.manager [-] Deleting glance.images object s_rally_3c2a854d_o6BL4JIW (ae11653a-1d59-4084-9761-f664889a8150)
2019-07-06 07:40:40.650 725 DEBUG glanceclient.common.http [-] Request returned failure status 404. _handle_response /usr/lib/python2.7/site-packages/glanceclient/common/http.py:125
2019-07-06 07:40:40.652 725 DEBUG glanceclient.common.http [-] Request returned failure status 404. _handle_response /usr/lib/python2.7/site-packages/glanceclient/common/http.py:125
2019-07-06 07:40:40.657 725 DEBUG glanceclient.common.http [-] Request returned failure status 404. _handle_response /usr/lib/python2.7/site-packages/glanceclient/common/http.py:125
2019-07-06 07:40:40.668 725 DEBUG glanceclient.common.http [-] Request returned failure status 404. _handle_response /usr/lib/python2.7/site-packages/glanceclient/common/http.py:125
2019-07-06 07:40:40.670 725 DEBUG glanceclient.common.http [-] Request returned failure status 404. _handle_response /usr/lib/python2.7/site-packages/glanceclient/common/http.py:125
2019-07-06 07:40:40.672 725 DEBUG glanceclient.common.http [-] Request returned failure status 404. _handle_response /usr/lib/python2.7/site-packages/glanceclient/common/http.py:125
2019-07-06 07:40:41.773 725 DEBUG glanceclient.common.http [-] Request returned failure status 404. _handle_response /usr/lib/python2.7/site-packages/glanceclient/common/http.py:125
2019-07-06 07:40:41.778 725 DEBUG glanceclient.common.http [-] Request returned failure status 404. _handle_response /usr/lib/python2.7/site-packages/glanceclient/common/http.py:125
2019-07-06 07:40:41.784 725 DEBUG glanceclient.common.http [-] Request returned failure status 404. _handle_response /usr/lib/python2.7/site-packages/glanceclient/common/http.py:125
2019-07-06 07:40:41.791 725 DEBUG glanceclient.common.http [-] Request returned failure status 404. _handle_response /usr/lib/python2.7/site-packages/glanceclient/common/http.py:125
2019-07-06 07:40:41.794 725 DEBUG glanceclient.common.http [-] Request returned failure status 404. _handle_response /usr/lib/python2.7/site-packages/glanceclient/common/http.py:125
2019-07-06 07:40:41.810 725 DEBUG glanceclient.common.http [-] Request returned failure status 404. _handle_response /usr/lib/python2.7/site-packages/glanceclient/common/http.py:125
2019-07-06 07:40:41.812 725 DEBUG glanceclient.common.http [-] Request returned failure status 404. _handle_response /usr/lib/python2.7/site-packages/glanceclient/common/http.py:125
2019-07-06 07:40:41.825 725 DEBUG glanceclient.common.http [-] Request returned failure status 404. _handle_response /usr/lib/python2.7/site-packages/glanceclient/common/http.py:125
2019-07-06 07:40:42.786 725 DEBUG glanceclient.common.http [-] Request returned failure status 404. _handle_response /usr/lib/python2.7/site-packages/glanceclient/common/http.py:125
2019-07-06 07:40:42.808 725 DEBUG glanceclient.common.http [-] Request returned failure status 404. _handle_response /usr/lib/python2.7/site-packages/glanceclient/common/http.py:125
2019-07-06 07:40:42.808 725 DEBUG glanceclient.common.http [-] Request returned failure status 404. _handle_response /usr/lib/python2.7/site-packages/glanceclient/common/http.py:125
2019-07-06 07:40:42.826 725 DEBUG glanceclient.common.http [-] Request returned failure status 404. _handle_response /usr/lib/python2.7/site-packages/glanceclient/common/http.py:125
2019-07-06 07:40:42.829 725 DEBUG glanceclient.common.http [-] Request returned failure status 404. _handle_response /usr/lib/python2.7/site-packages/glanceclient/common/http.py:125
2019-07-06 07:40:42.842 725 DEBUG glanceclient.common.http [-] Request returned failure status 404. _handle_response /usr/lib/python2.7/site-packages/glanceclient/common/http.py:125
2019-07-06 07:40:43.844 725 INFO rally.task.context [-] Task bbf1f07a-f70f-46b4-bca8-35311e9a79c0 | Context cleanup@openstack cleanup() finished in 6.80 sec
2019-07-06 07:40:43.845 725 INFO rally.task.context [-] Task bbf1f07a-f70f-46b4-bca8-35311e9a79c0 | Context users@openstack cleanup() started
2019-07-06 07:40:50.931 725 INFO rally.task.context [-] Task bbf1f07a-f70f-46b4-bca8-35311e9a79c0 | Context users@openstack cleanup() finished in 7.09 sec
2019-07-06 07:40:52.780 725 INFO rally.task.engine [-] Load duration is: 14.770398
2019-07-06 07:40:52.781 725 INFO rally.task.engine [-] Full runner duration is: 15.699118
2019-07-06 07:40:52.781 725 INFO rally.task.engine [-] Full duration is: 34.306804
2019-07-06 07:40:53.013 725 INFO rally.task.engine [-] Running workload: position = 0 config = { "version": 2, "title": "A cropped version of a bigger task.", "description": "Auto-generated task from a single workload (uuid=6db2855f-8905-4f0b-9c36-8ef2f1ca783e)", "subtasks": [ { "title": "GlanceImages.create_and_get_image", "description": "Create and get detailed information of an image.", "scenario": { "GlanceImages.create_and_get_image": { "container_format": "bare", "disk_format": "qcow2", "image_location": "/home/opnfv/functest/images/cirros-0.4.0-x86_64-disk.img" } }, "contexts": { "users": { "tenants": 3, "users_per_tenant": 2 } }, "runner": { "constant": { "concurrency": 4, "times": 10 } }, "hooks": [], "sla": { "failure_rate": { "max": 0 } } } ] }
2019-07-06 07:40:53.035 725 RALLYDEBUG rally_openstack.contexts.keystone.users [-] Creating 3 tenants using 20 threads
2019-07-06 07:40:54.995 725 RALLYDEBUG rally_openstack.contexts.keystone.users [-] Creating 6 users using 20 threads
2019-07-06 07:40:57.615 725 INFO rally.task.context [-] Task bbf1f07a-f70f-46b4-bca8-35311e9a79c0 | Context users@openstack setup() finished in 4.58 sec
2019-07-06 07:40:57.615 725 INFO rally.task.context [-] Task bbf1f07a-f70f-46b4-bca8-35311e9a79c0 | Context cleanup@openstack setup() finished in 0.00 msec
2019-07-06 07:40:57.623 725 RALLYDEBUG rally.task.runner [-] Starting the constant runner (task UUID: bbf1f07a-f70f-46b4-bca8-35311e9a79c0). timeout: 0 concurrency: 4 concurrency_per_worker: 1 times: 10 concurrency_overhead: 0 processes_to_start: 4 max_cpu_used: 16
2019-07-06 07:40:57.636 1633 RALLYDEBUG rally.task.runner [-] Starting a worker. concurrency: 1 args: {"container_format": "bare", "disk_format": "qcow2", "image_location": "/home/opnfv/functest/images/cirros-0.4.0-x86_64-disk.img"} times: 10 method_name: run timeout: 0 duration: None cls:
2019-07-06 07:40:57.638 1634 RALLYDEBUG rally.task.runner [-] Starting a worker. concurrency: 1 args: {"container_format": "bare", "disk_format": "qcow2", "image_location": "/home/opnfv/functest/images/cirros-0.4.0-x86_64-disk.img"} times: 10 method_name: run timeout: 0 duration: None cls:
2019-07-06 07:40:57.642 1633 INFO rally.task.runner [-] Task bbf1f07a-f70f-46b4-bca8-35311e9a79c0 | ITER: 1 START
2019-07-06 07:40:57.642 1635 RALLYDEBUG rally.task.runner [-] Starting a worker. concurrency: 1 args: {"container_format": "bare", "disk_format": "qcow2", "image_location": "/home/opnfv/functest/images/cirros-0.4.0-x86_64-disk.img"} times: 10 method_name: run timeout: 0 duration: None cls:
2019-07-06 07:40:57.643 1636 RALLYDEBUG rally.task.runner [-] Starting a worker. concurrency: 1 args: {"container_format": "bare", "disk_format": "qcow2", "image_location": "/home/opnfv/functest/images/cirros-0.4.0-x86_64-disk.img"} times: 10 method_name: run timeout: 0 duration: None cls:
2019-07-06 07:40:57.644 1634 INFO rally.task.runner [-] Task bbf1f07a-f70f-46b4-bca8-35311e9a79c0 | ITER: 2 START
2019-07-06 07:40:57.648 1636 INFO rally.task.runner [-] Task bbf1f07a-f70f-46b4-bca8-35311e9a79c0 | ITER: 4 START
2019-07-06 07:40:57.648 1635 INFO rally.task.runner [-] Task bbf1f07a-f70f-46b4-bca8-35311e9a79c0 | ITER: 3 START
2019-07-06 07:41:00.951 1633 RALLYDEBUG rally.task.utils [-] Waiting for resource u'60a33ad5-a84f-4c93-965a-3dcd01f4dc64'. Status changed: NONE => QUEUED in 0.0396008491516
2019-07-06 07:41:00.967 1634 RALLYDEBUG rally.task.utils [-] Waiting for resource u'a9c346f1-e14d-4034-b070-8540d7041e6a'. Status changed: NONE => QUEUED in 0.0426998138428
2019-07-06 07:41:00.979 1636 RALLYDEBUG rally.task.utils [-] Waiting for resource u'2b70cc93-c1d0-4381-bfa6-5db2a4e4c3d5'. Status changed: NONE => QUEUED in 0.0472748279572
2019-07-06 07:41:01.005 1635 RALLYDEBUG rally.task.utils [-] Waiting for resource u'9d3a2d6b-1f2a-4d32-80fa-2dd3465c2d17'. Status changed: NONE => QUEUED in 0.0277800559998
2019-07-06 07:41:01.619 1635 RALLYDEBUG rally.task.utils [-] Waiting for resource s_rally_6db2855f_Pdw2sYae. Status changed: QUEUED => ACTIVE in 0.0199000835419
2019-07-06 07:41:01.642 1635 INFO rally.task.runner [-] Task bbf1f07a-f70f-46b4-bca8-35311e9a79c0 | ITER: 3 END: OK
2019-07-06 07:41:01.646 1635 INFO rally.task.runner [-] Task bbf1f07a-f70f-46b4-bca8-35311e9a79c0 | ITER: 5 START
2019-07-06 07:41:03.758 1633 RALLYDEBUG rally.task.utils [-] Waiting for resource s_rally_6db2855f_pm6zRM88. Status changed: QUEUED => ACTIVE in 0.0348958969116
2019-07-06 07:41:03.791 1633 INFO rally.task.runner [-] Task bbf1f07a-f70f-46b4-bca8-35311e9a79c0 | ITER: 1 END: OK
2019-07-06 07:41:03.794 1636 RALLYDEBUG rally.task.utils [-] Waiting for resource s_rally_6db2855f_5K7c5AFx. Status changed: QUEUED => ACTIVE in 0.0317890644073
2019-07-06 07:41:03.794 1633 INFO rally.task.runner [-] Task bbf1f07a-f70f-46b4-bca8-35311e9a79c0 | ITER: 6 START
2019-07-06 07:41:03.828 1636 INFO rally.task.runner [-] Task bbf1f07a-f70f-46b4-bca8-35311e9a79c0 | ITER: 4 END: OK
2019-07-06 07:41:03.832 1636 INFO rally.task.runner [-] Task bbf1f07a-f70f-46b4-bca8-35311e9a79c0 | ITER: 7 START
2019-07-06 07:41:03.835 1634 RALLYDEBUG rally.task.utils [-] Waiting for resource s_rally_6db2855f_ES0ta055. Status changed: QUEUED => ACTIVE in 0.0284268856049
2019-07-06 07:41:03.859 1634 INFO rally.task.runner [-] Task bbf1f07a-f70f-46b4-bca8-35311e9a79c0 | ITER: 2 END: OK
2019-07-06 07:41:03.862 1634 INFO rally.task.runner [-] Task bbf1f07a-f70f-46b4-bca8-35311e9a79c0 | ITER: 8 START
2019-07-06 07:41:05.059 1635 RALLYDEBUG rally.task.utils [-] Waiting for resource u'03597bf4-d594-407a-b063-7ad43614eaf9'. Status changed: NONE => QUEUED in 0.0230679512024
2019-07-06 07:41:05.856 1635 RALLYDEBUG rally.task.utils [-] Waiting for resource s_rally_6db2855f_aUoojtnI. Status changed: QUEUED => ACTIVE in 0.0182452201843
2019-07-06 07:41:05.872 1635 INFO rally.task.runner [-] Task bbf1f07a-f70f-46b4-bca8-35311e9a79c0 | ITER: 5 END: OK
2019-07-06 07:41:05.877 1635 INFO rally.task.runner [-] Task bbf1f07a-f70f-46b4-bca8-35311e9a79c0 | ITER: 9 START
2019-07-06 07:41:07.077 1633 RALLYDEBUG rally.task.utils [-] Waiting for resource u'2aca1bfa-bad6-4b9f-b9a4-fee748ef5100'. Status changed: NONE => QUEUED in 0.0262579917908
2019-07-06 07:41:07.139 1634 RALLYDEBUG rally.task.utils [-] Waiting for resource u'3425a5d5-7d68-424e-a690-12d9b1769ff2'. Status changed: NONE => QUEUED in 0.0430929660797
2019-07-06 07:41:07.144 1636 RALLYDEBUG rally.task.utils [-] Waiting for resource u'04c66eca-704a-469b-8b6e-5c27ff58f890'. Status changed: NONE => QUEUED in 0.0408720970154
2019-07-06 07:41:07.983 1633 RALLYDEBUG rally.task.utils [-] Waiting for resource s_rally_6db2855f_NMNzjmsN. Status changed: QUEUED => ACTIVE in 0.0193319320679
2019-07-06 07:41:08.002 1633 INFO rally.task.runner [-] Task bbf1f07a-f70f-46b4-bca8-35311e9a79c0 | ITER: 6 END: OK
2019-07-06 07:41:08.006 1633 INFO rally.task.runner [-] Task bbf1f07a-f70f-46b4-bca8-35311e9a79c0 | ITER: 10 START
2019-07-06 07:41:09.024 1635 RALLYDEBUG rally.task.utils [-] Waiting for resource u'd8e10199-e0a2-46d9-95dd-e755628b1067'. Status changed: NONE => QUEUED in 0.0266749858856
2019-07-06 07:41:09.045 1634 RALLYDEBUG rally.task.utils [-] Waiting for resource s_rally_6db2855f_dkQk4HoM. Status changed: QUEUED => ACTIVE in 0.023628950119
2019-07-06 07:41:09.072 1634 INFO rally.task.runner [-] Task bbf1f07a-f70f-46b4-bca8-35311e9a79c0 | ITER: 8 END: OK
2019-07-06 07:41:09.076 1636 RALLYDEBUG rally.task.utils [-] Waiting for resource s_rally_6db2855f_Q6XSCAFb. Status changed: QUEUED => ACTIVE in 0.0210947990417
2019-07-06 07:41:09.093 1636 INFO rally.task.runner [-] Task bbf1f07a-f70f-46b4-bca8-35311e9a79c0 | ITER: 7 END: OK
2019-07-06 07:41:10.114 1635 RALLYDEBUG rally.task.utils [-] Waiting for resource s_rally_6db2855f_aOb1JeLD. Status changed: QUEUED => ACTIVE in 0.0196928977966
2019-07-06 07:41:10.132 1635 INFO rally.task.runner [-] Task bbf1f07a-f70f-46b4-bca8-35311e9a79c0 | ITER: 9 END: OK
2019-07-06 07:41:11.284 1633 RALLYDEBUG rally.task.utils [-] Waiting for resource u'38828f55-bff7-4909-b478-913728accd5f'. Status changed: NONE => QUEUED in 0.0306930541992
2019-07-06 07:41:12.194 1633 RALLYDEBUG rally.task.utils [-] Waiting for resource s_rally_6db2855f_waSF1iHk. Status changed: QUEUED => ACTIVE in 0.0177500247955
2019-07-06 07:41:12.214 1633 INFO rally.task.runner [-] Task bbf1f07a-f70f-46b4-bca8-35311e9a79c0 | ITER: 10 END: OK
2019-07-06 07:41:12.245 725 INFO rally.task.context [-] Task bbf1f07a-f70f-46b4-bca8-35311e9a79c0 | Context cleanup@openstack cleanup() started
2019-07-06 07:41:12.247 725 RALLYDEBUG rally_openstack.cleanup.manager [-] Cleaning up glance images objects
2019-07-06 07:41:14.398 725 RALLYDEBUG rally_openstack.cleanup.manager [-] Deleting glance.images object s_rally_6db2855f_NMNzjmsN (2aca1bfa-bad6-4b9f-b9a4-fee748ef5100)
2019-07-06 07:41:14.402 725 RALLYDEBUG rally_openstack.cleanup.manager [-] Deleting glance.images object s_rally_6db2855f_aOb1JeLD (d8e10199-e0a2-46d9-95dd-e755628b1067)
2019-07-06 07:41:14.405 725 RALLYDEBUG rally_openstack.cleanup.manager [-] Deleting glance.images object s_rally_6db2855f_ES0ta055 (a9c346f1-e14d-4034-b070-8540d7041e6a)
2019-07-06 07:41:14.409 725 RALLYDEBUG rally_openstack.cleanup.manager [-] Deleting glance.images object s_rally_6db2855f_5K7c5AFx (2b70cc93-c1d0-4381-bfa6-5db2a4e4c3d5)
2019-07-06 07:41:14.414 725 RALLYDEBUG rally_openstack.cleanup.manager [-] Deleting glance.images object s_rally_6db2855f_aUoojtnI (03597bf4-d594-407a-b063-7ad43614eaf9)
2019-07-06 07:41:14.415 725 RALLYDEBUG rally_openstack.cleanup.manager [-] Deleting glance.images object s_rally_6db2855f_waSF1iHk (38828f55-bff7-4909-b478-913728accd5f)
2019-07-06 07:41:14.416 725 RALLYDEBUG rally_openstack.cleanup.manager [-] Deleting glance.images object s_rally_6db2855f_Q6XSCAFb (04c66eca-704a-469b-8b6e-5c27ff58f890)
2019-07-06 07:41:14.417 725 RALLYDEBUG rally_openstack.cleanup.manager [-] Deleting glance.images object s_rally_6db2855f_pm6zRM88 (60a33ad5-a84f-4c93-965a-3dcd01f4dc64)
2019-07-06 07:41:14.421 725 RALLYDEBUG rally_openstack.cleanup.manager [-] Deleting glance.images object s_rally_6db2855f_Pdw2sYae (9d3a2d6b-1f2a-4d32-80fa-2dd3465c2d17)
2019-07-06 07:41:14.425 725 RALLYDEBUG rally_openstack.cleanup.manager [-] Deleting glance.images object s_rally_6db2855f_dkQk4HoM (3425a5d5-7d68-424e-a690-12d9b1769ff2)
2019-07-06 07:41:15.670 725 DEBUG glanceclient.common.http [-] Request returned failure status 404. _handle_response /usr/lib/python2.7/site-packages/glanceclient/common/http.py:125
2019-07-06 07:41:15.682 725 DEBUG glanceclient.common.http [-] Request returned failure status 404. _handle_response /usr/lib/python2.7/site-packages/glanceclient/common/http.py:125
2019-07-06 07:41:16.717 725 DEBUG glanceclient.common.http [-] Request returned failure status 404. _handle_response /usr/lib/python2.7/site-packages/glanceclient/common/http.py:125
2019-07-06 07:41:16.728 725 DEBUG glanceclient.common.http [-] Request returned failure status 404. _handle_response /usr/lib/python2.7/site-packages/glanceclient/common/http.py:125
2019-07-06 07:41:16.736 725 DEBUG glanceclient.common.http [-] Request returned failure status 404. _handle_response /usr/lib/python2.7/site-packages/glanceclient/common/http.py:125
2019-07-06 07:41:16.739 725 DEBUG glanceclient.common.http [-] Request returned failure status 404. _handle_response /usr/lib/python2.7/site-packages/glanceclient/common/http.py:125
2019-07-06 07:41:16.742 725 DEBUG glanceclient.common.http [-] Request returned failure status 404. _handle_response /usr/lib/python2.7/site-packages/glanceclient/common/http.py:125
2019-07-06 07:41:16.751 725 DEBUG glanceclient.common.http [-] Request returned failure status 404. _handle_response /usr/lib/python2.7/site-packages/glanceclient/common/http.py:125
2019-07-06 07:41:17.868 725 DEBUG glanceclient.common.http [-] Request returned failure status 404. _handle_response /usr/lib/python2.7/site-packages/glanceclient/common/http.py:125
2019-07-06 07:41:17.991 725 DEBUG glanceclient.common.http [-] Request returned failure status 404. _handle_response /usr/lib/python2.7/site-packages/glanceclient/common/http.py:125
2019-07-06 07:41:17.994 725 DEBUG glanceclient.common.http [-] Request returned failure status 404. _handle_response /usr/lib/python2.7/site-packages/glanceclient/common/http.py:125
2019-07-06 07:41:18.007 725 DEBUG glanceclient.common.http [-] Request returned failure status 404. _handle_response /usr/lib/python2.7/site-packages/glanceclient/common/http.py:125
2019-07-06 07:41:18.958 725 DEBUG glanceclient.common.http [-] Request returned failure status 404. _handle_response /usr/lib/python2.7/site-packages/glanceclient/common/http.py:125
2019-07-06 07:41:18.982 725 DEBUG glanceclient.common.http [-] Request returned failure status 404. _handle_response /usr/lib/python2.7/site-packages/glanceclient/common/http.py:125
