2019-07-06 07:58:17.546 1842 INFO rally.task.context [-] Task 3d725827-dd46-421b-a422-86018c0216e0 | Context users@openstack cleanup() finished in 6.74 sec
2019-07-06 07:58:17.641 1842 INFO rally.task.engine [-] Load duration is: 14.297638
2019-07-06 07:58:17.641 1842 INFO rally.task.engine [-] Full runner duration is: 14.344073
2019-07-06 07:58:17.641 1842 INFO rally.task.engine [-] Full duration is: 36.052686
2019-07-06 07:58:17.808 1842 INFO rally.task.engine [-] Running workload: position = 1 config = { "version": 2, "title": "A cropped version of a bigger task.", "description": "Auto-generated task from a single workload (uuid=0a274efc-558d-4895-a0b5-a7a00273b8d5)", "subtasks": [ { "title": "CinderVolumes.create_and_delete_volume", "description": "Create and then delete a volume.", "scenario": { "CinderVolumes.create_and_delete_volume": { "image": { "name": "rally_full-img_f2489a29-f8ca-483a-a1b0-238e311710dd" }, "size": 1 } }, "contexts": { "users": { "tenants": 3, "users_per_tenant": 2 }, "quotas": { "cinder": { "gigabytes": -1, "snapshots": -1, "volumes": -1 } }, "api_versions": { "cinder": { "version": 3, "service_type": "volumev3" } } }, "runner": { "constant": { "concurrency": 4, "times": 10 } }, "hooks": [], "sla": { "failure_rate": { "max": 0 } } } ] }
2019-07-06 07:58:17.832 1842 RALLYDEBUG rally_openstack.contexts.keystone.users [-] Creating 3 tenants using 20 threads
2019-07-06 07:58:19.624 1842 RALLYDEBUG rally_openstack.contexts.keystone.users [-] Creating 6 users using 20 threads
2019-07-06 07:58:22.394 1842 INFO rally.task.context [-] Task 3d725827-dd46-421b-a422-86018c0216e0 | Context users@openstack setup() finished in 4.56 sec
2019-07-06 07:58:22.902 1842 INFO rally.task.context [-] Task 3d725827-dd46-421b-a422-86018c0216e0 | Context api_versions@openstack setup() finished in 0.51 sec
2019-07-06 07:58:24.437 1842 INFO rally.task.context [-] Task 3d725827-dd46-421b-a422-86018c0216e0 | Context quotas@openstack setup() finished in 1.53 sec
2019-07-06 07:58:24.437 1842 INFO rally.task.context [-] Task 3d725827-dd46-421b-a422-86018c0216e0 | Context cleanup@openstack setup() finished in 0.01 msec
2019-07-06 07:58:25.151 1842 RALLYDEBUG rally.task.runner [-] Starting the constant runner (task UUID: 3d725827-dd46-421b-a422-86018c0216e0). timeout: 0 concurrency: 4 concurrency_per_worker: 1 times: 10 concurrency_overhead: 0 processes_to_start: 4 max_cpu_used: 16
2019-07-06 07:58:25.164 4354 RALLYDEBUG rally.task.runner [-] Starting a worker. concurrency: 1 args: {"image": "5d916c35-62cb-43c5-85a8-e19a914fe7ab", "size": 1} times: 10 method_name: run timeout: 0 duration: None cls:
2019-07-06 07:58:25.167 4355 RALLYDEBUG rally.task.runner [-] Starting a worker. concurrency: 1 args: {"image": "5d916c35-62cb-43c5-85a8-e19a914fe7ab", "size": 1} times: 10 method_name: run timeout: 0 duration: None cls:
2019-07-06 07:58:25.170 4356 RALLYDEBUG rally.task.runner [-] Starting a worker. concurrency: 1 args: {"image": "5d916c35-62cb-43c5-85a8-e19a914fe7ab", "size": 1} times: 10 method_name: run timeout: 0 duration: None cls:
2019-07-06 07:58:25.171 4354 INFO rally.task.runner [-] Task 3d725827-dd46-421b-a422-86018c0216e0 | ITER: 1 START
2019-07-06 07:58:25.173 4357 RALLYDEBUG rally.task.runner [-] Starting a worker. concurrency: 1 args: {"image": "5d916c35-62cb-43c5-85a8-e19a914fe7ab", "size": 1} times: 10 method_name: run timeout: 0 duration: None cls:
2019-07-06 07:58:25.175 4355 INFO rally.task.runner [-] Task 3d725827-dd46-421b-a422-86018c0216e0 | ITER: 2 START
2019-07-06 07:58:25.179 4356 INFO rally.task.runner [-] Task 3d725827-dd46-421b-a422-86018c0216e0 | ITER: 3 START
2019-07-06 07:58:25.181 4357 INFO rally.task.runner [-] Task 3d725827-dd46-421b-a422-86018c0216e0 | ITER: 4 START
2019-07-06 07:58:31.386 4356 RALLYDEBUG rally.task.utils [-] Waiting for resource s_rally_0a274efc_Mn3Zyhaz. Status changed: DOWNLOADING => AVAILABLE in 2.90671086311
2019-07-06 07:58:31.426 4354 RALLYDEBUG rally.task.utils [-] Waiting for resource s_rally_0a274efc_czKyh3Ld. Status changed: DOWNLOADING => AVAILABLE in 2.8891980648
2019-07-06 07:58:31.646 4355 RALLYDEBUG rally.task.utils [-] Waiting for resource s_rally_0a274efc_QHs9tBnG. Status changed: DOWNLOADING => AVAILABLE in 3.05538916588
2019-07-06 07:58:31.823 4354 RALLYDEBUG rally.task.utils [-] Waiting for resource s_rally_0a274efc_czKyh3Ld. Status changed: AVAILABLE => DELETING in 0.326357126236
2019-07-06 07:58:31.906 4356 RALLYDEBUG rally.task.utils [-] Waiting for resource s_rally_0a274efc_Mn3Zyhaz. Status changed: AVAILABLE => DELETING in 0.259320020676
2019-07-06 07:58:32.180 4355 RALLYDEBUG rally.task.utils [-] Waiting for resource s_rally_0a274efc_QHs9tBnG. Status changed: AVAILABLE => DELETING in 0.265781879425
2019-07-06 07:58:32.385 4357 RALLYDEBUG rally.task.utils [-] Waiting for resource s_rally_0a274efc_sNgoliQ9. Status changed: DOWNLOADING => AVAILABLE in 2.81376600266
2019-07-06 07:58:32.956 4357 INFO rally.task.runner [-] Task 3d725827-dd46-421b-a422-86018c0216e0 | ITER: 4 END: OK
2019-07-06 07:58:32.963 4357 INFO rally.task.runner [-] Task 3d725827-dd46-421b-a422-86018c0216e0 | ITER: 5 START
2019-07-06 07:58:33.864 4354 INFO rally.task.runner [-] Task 3d725827-dd46-421b-a422-86018c0216e0 | ITER: 1 END: OK
2019-07-06 07:58:33.869 4354 INFO rally.task.runner [-] Task 3d725827-dd46-421b-a422-86018c0216e0 | ITER: 6 START
2019-07-06 07:58:33.942 4356 INFO rally.task.runner [-] Task 3d725827-dd46-421b-a422-86018c0216e0 | ITER: 3 END: OK
2019-07-06 07:58:33.947 4356 INFO rally.task.runner [-] Task 3d725827-dd46-421b-a422-86018c0216e0 | ITER: 7 START
2019-07-06 07:58:34.221 4355 INFO rally.task.runner [-] Task 3d725827-dd46-421b-a422-86018c0216e0 | ITER: 2 END: OK
2019-07-06 07:58:34.227 4355 INFO rally.task.runner [-] Task 3d725827-dd46-421b-a422-86018c0216e0 | ITER: 8 START
2019-07-06 07:58:37.790 4354 RALLYDEBUG rally.task.utils [-] Waiting for resource s_rally_0a274efc_I9sw9Nub. Status changed: CREATING => DOWNLOADING in 0.518190145493
2019-07-06 07:58:39.259 4357 RALLYDEBUG rally.task.utils [-] Waiting for resource s_rally_0a274efc_vdee7Rjr. Status changed: DOWNLOADING => AVAILABLE in 2.84518408775
2019-07-06 07:58:39.580 4357 RALLYDEBUG rally.task.utils [-] Waiting for resource s_rally_0a274efc_vdee7Rjr. Status changed: AVAILABLE => DELETING in 0.0525469779968
2019-07-06 07:58:39.835 4356 RALLYDEBUG rally.task.utils [-] Waiting for resource s_rally_0a274efc_3nEdIjP9. Status changed: DOWNLOADING => AVAILABLE in 2.63195705414
2019-07-06 07:58:39.848 4354 RALLYDEBUG rally.task.utils [-] Waiting for resource s_rally_0a274efc_I9sw9Nub. Status changed: DOWNLOADING => AVAILABLE in 2.05820298195
2019-07-06 07:58:40.454 4356 RALLYDEBUG rally.task.utils [-] Waiting for resource s_rally_0a274efc_3nEdIjP9. Status changed: AVAILABLE => DELETING in 0.327945947647
2019-07-06 07:58:40.483 4354 RALLYDEBUG rally.task.utils [-] Waiting for resource s_rally_0a274efc_I9sw9Nub. Status changed: AVAILABLE => DELETING in 0.351369857788
2019-07-06 07:58:41.621 4357 INFO rally.task.runner [-] Task 3d725827-dd46-421b-a422-86018c0216e0 | ITER: 5 END: OK
2019-07-06 07:58:41.626 4357 INFO rally.task.runner [-] Task 3d725827-dd46-421b-a422-86018c0216e0 | ITER: 9 START
2019-07-06 07:58:42.490 4356 INFO rally.task.runner [-] Task 3d725827-dd46-421b-a422-86018c0216e0 | ITER: 7 END: OK
2019-07-06 07:58:42.495 4356 INFO rally.task.runner [-] Task 3d725827-dd46-421b-a422-86018c0216e0 | ITER: 10 START
2019-07-06 07:58:42.720 4354 INFO rally.task.runner [-] Task 3d725827-dd46-421b-a422-86018c0216e0 | ITER: 6 END: OK
2019-07-06 07:58:42.771 4355 RALLYDEBUG rally.task.utils [-] Waiting for resource s_rally_0a274efc_vv1rwSAz. Status changed: DOWNLOADING => AVAILABLE in 5.23614692688
2019-07-06 07:58:43.091 4355 INFO rally.task.runner [-] Task 3d725827-dd46-421b-a422-86018c0216e0 | ITER: 8 END: OK
2019-07-06 07:58:47.620 4357 RALLYDEBUG rally.task.utils [-] Waiting for resource s_rally_0a274efc_ifBU4JTC. Status changed: DOWNLOADING => AVAILABLE in 2.78650307655
2019-07-06 07:58:48.106 4357 INFO rally.task.runner [-] Task 3d725827-dd46-421b-a422-86018c0216e0 | ITER: 9 END: OK
2019-07-06 07:58:48.529 4356 RALLYDEBUG rally.task.utils [-] Waiting for resource s_rally_0a274efc_Dlw08V9a. Status changed: DOWNLOADING => AVAILABLE in 2.79896998405
2019-07-06 07:58:48.919 4356 RALLYDEBUG rally.task.utils [-] Waiting for resource s_rally_0a274efc_Dlw08V9a. Status changed: AVAILABLE => DELETING in 0.320389986038
2019-07-06 07:58:50.959 4356 INFO rally.task.runner [-] Task 3d725827-dd46-421b-a422-86018c0216e0 | ITER: 10 END: OK
2019-07-06 07:58:50.987 1842 INFO rally.task.context [-] Task 3d725827-dd46-421b-a422-86018c0216e0 | Context cleanup@openstack cleanup() started
2019-07-06 07:58:50.992 1842 RALLYDEBUG rally_openstack.cleanup.manager [-] Cleaning up cinder backups objects
2019-07-06 07:58:52.946 1842 RALLYDEBUG rally_openstack.cleanup.manager [-] Cleaning up cinder volume_snapshots objects
2019-07-06 07:58:54.934 1842 RALLYDEBUG rally_openstack.cleanup.manager [-] Cleaning up cinder transfers objects
2019-07-06 07:58:57.052 1842 RALLYDEBUG rally_openstack.cleanup.manager [-] Cleaning up cinder volumes objects
2019-07-06 07:58:59.125 1842 INFO rally.task.context [-] Task 3d725827-dd46-421b-a422-86018c0216e0 | Context cleanup@openstack cleanup() finished in 8.14 sec
2019-07-06 07:58:59.125 1842 INFO rally.task.context [-] Task 3d725827-dd46-421b-a422-86018c0216e0 | Context quotas@openstack cleanup() started
2019-07-06 07:58:59.663 1842 INFO rally.task.context [-] Task 3d725827-dd46-421b-a422-86018c0216e0 | Context quotas@openstack cleanup() finished in 0.54 sec
2019-07-06 07:58:59.664 1842 INFO rally.task.context [-] Task 3d725827-dd46-421b-a422-86018c0216e0 | Context api_versions@openstack cleanup() started
2019-07-06 07:58:59.664 1842 INFO rally.task.context [-] Task 3d725827-dd46-421b-a422-86018c0216e0 | Context api_versions@openstack cleanup() finished in 0.32 msec
2019-07-06 07:58:59.664 1842 INFO rally.task.context [-] Task 3d725827-dd46-421b-a422-86018c0216e0 | Context users@openstack cleanup() started
2019-07-06 07:59:06.492 1842 INFO rally.task.context [-] Task 3d725827-dd46-421b-a422-86018c0216e0 | Context users@openstack cleanup() finished in 6.83 sec
2019-07-06 07:59:08.050 1842 INFO rally.task.engine [-] Load duration is: 25.784892
2019-07-06 07:59:08.050 1842 INFO rally.task.engine [-] Full runner duration is: 25.836598
2019-07-06 07:59:08.051 1842 INFO rally.task.engine [-] Full duration is: 48.666058
2019-07-06 07:59:08.204 1842 INFO rally.task.engine [-] Running workload: position = 2 config = { "version": 2, "title": "A cropped version of a bigger task.", "description": "Auto-generated task from a single workload (uuid=a4ff49ea-faa0-4ddf-b587-014cdf0b41bc)", "subtasks": [ { "title": "CinderVolumes.create_and_delete_volume", "description": "Create and then delete a volume.", "scenario": { "CinderVolumes.create_and_delete_volume": { "size": 1 } }, "contexts": { "users": { "tenants": 3, "users_per_tenant": 2 }, "quotas": { "cinder": { "gigabytes": -1, "snapshots": -1, "volumes": -1 } }, "api_versions": { "cinder": { "version": 3, "service_type": "volumev3" } } }, "runner": { "constant": { "concurrency": 4, "times": 10 } }, "hooks": [], "sla": { "failure_rate": { "max": 0 } } } ] }
2019-07-06 07:59:08.226 1842 RALLYDEBUG rally_openstack.contexts.keystone.users [-] Creating 3 tenants using 20 threads
2019-07-06 07:59:10.024 1842 RALLYDEBUG rally_openstack.contexts.keystone.users [-] Creating 6 users using 20 threads
2019-07-06 07:59:12.608 1842 INFO rally.task.context [-] Task 3d725827-dd46-421b-a422-86018c0216e0 | Context users@openstack setup() finished in 4.38 sec
2019-07-06 07:59:13.021 1842 INFO rally.task.context [-] Task 3d725827-dd46-421b-a422-86018c0216e0 | Context api_versions@openstack setup() finished in 0.41 sec
2019-07-06 07:59:14.587 1842 INFO rally.task.context [-] Task 3d725827-dd46-421b-a422-86018c0216e0 | Context quotas@openstack setup() finished in 1.57 sec
2019-07-06 07:59:14.588 1842 INFO rally.task.context [-] Task 3d725827-dd46-421b-a422-86018c0216e0 | Context cleanup@openstack setup() finished in 0.01 msec
2019-07-06 07:59:14.596 1842 RALLYDEBUG rally.task.runner [-] Starting the constant runner (task UUID: 3d725827-dd46-421b-a422-86018c0216e0). timeout: 0 concurrency: 4 concurrency_per_worker: 1 times: 10 concurrency_overhead: 0 processes_to_start: 4 max_cpu_used: 16
2019-07-06 07:59:14.609 4538 RALLYDEBUG rally.task.runner [-] Starting a worker. concurrency: 1 args: {"size": 1} times: 10 method_name: run timeout: 0 duration: None cls:
2019-07-06 07:59:14.612 4539 RALLYDEBUG rally.task.runner [-] Starting a worker. concurrency: 1 args: {"size": 1} times: 10 method_name: run timeout: 0 duration: None cls:
2019-07-06 07:59:14.616 4540 RALLYDEBUG rally.task.runner [-] Starting a worker. concurrency: 1 args: {"size": 1} times: 10 method_name: run timeout: 0 duration: None cls:
2019-07-06 07:59:14.617 4538 INFO rally.task.runner [-] Task 3d725827-dd46-421b-a422-86018c0216e0 | ITER: 1 START
2019-07-06 07:59:14.618 4541 RALLYDEBUG rally.task.runner [-] Starting a worker. concurrency: 1 args: {"size": 1} times: 10 method_name: run timeout: 0 duration: None cls:
2019-07-06 07:59:14.621 4539 INFO rally.task.runner [-] Task 3d725827-dd46-421b-a422-86018c0216e0 | ITER: 2 START
2019-07-06 07:59:14.624 4540 INFO rally.task.runner [-] Task 3d725827-dd46-421b-a422-86018c0216e0 | ITER: 3 START
2019-07-06 07:59:14.625 4541 INFO rally.task.runner [-] Task 3d725827-dd46-421b-a422-86018c0216e0 | ITER: 4 START
2019-07-06 07:59:18.715 4541 INFO rally.task.runner [-] Task 3d725827-dd46-421b-a422-86018c0216e0 | ITER: 4 END: OK
2019-07-06 07:59:18.720 4541 INFO rally.task.runner [-] Task 3d725827-dd46-421b-a422-86018c0216e0 | ITER: 5 START
2019-07-06 07:59:18.857 4539 RALLYDEBUG rally.task.utils [-] Waiting for resource s_rally_a4ff49ea_F1FCzTOg. Status changed: AVAILABLE => DELETING in 0.295774936676
2019-07-06 07:59:18.916 4540 RALLYDEBUG rally.task.utils [-] Waiting for resource s_rally_a4ff49ea_x8jZBdnZ. Status changed: AVAILABLE => DELETING in 0.275335788727
2019-07-06 07:59:19.011 4538 RALLYDEBUG rally.task.utils [-] Waiting for resource s_rally_a4ff49ea_rYVcUsvn. Status changed: AVAILABLE => DELETING in 0.283396959305
2019-07-06 07:59:21.054 4538 INFO rally.task.runner [-] Task 3d725827-dd46-421b-a422-86018c0216e0 | ITER: 1 END: OK
2019-07-06 07:59:21.058 4538 INFO rally.task.runner [-] Task 3d725827-dd46-421b-a422-86018c0216e0 | ITER: 6 START
2019-07-06 07:59:21.123 4539 INFO rally.task.runner [-] Task 3d725827-dd46-421b-a422-86018c0216e0 | ITER: 2 END: OK
2019-07-06 07:59:21.128 4539 INFO rally.task.runner [-] Task 3d725827-dd46-421b-a422-86018c0216e0 | ITER: 7 START
2019-07-06 07:59:21.206 4540 INFO rally.task.runner [-] Task 3d725827-dd46-421b-a422-86018c0216e0 | ITER: 3 END: OK
2019-07-06 07:59:21.210 4540 INFO rally.task.runner [-] Task 3d725827-dd46-421b-a422-86018c0216e0 | ITER: 8 START
2019-07-06 07:59:22.529 4541 RALLYDEBUG rally.task.utils [-] Waiting for resource s_rally_a4ff49ea_XOwl6tpB. Status changed: AVAILABLE => DELETING in 0.0519261360168
2019-07-06 07:59:24.751 4541 INFO rally.task.runner [-] Task 3d725827-dd46-421b-a422-86018c0216e0 | ITER: 5 END: OK
2019-07-06 07:59:24.756 4541 INFO rally.task.runner [-] Task 3d725827-dd46-421b-a422-86018c0216e0 | ITER: 9 START
2019-07-06 07:59:24.945 4539 INFO rally.task.runner [-] Task 3d725827-dd46-421b-a422-86018c0216e0 | ITER: 7 END: OK
2019-07-06 07:59:24.950 4539 INFO rally.task.runner [-] Task 3d725827-dd46-421b-a422-86018c0216e0 | ITER: 10 START
2019-07-06 07:59:25.244 4540 RALLYDEBUG rally.task.utils [-] Waiting for resource s_rally_a4ff49ea_4moLPFVb. Status changed: AVAILABLE => DELETING in 0.262101888657
2019-07-06 07:59:25.371 4538 INFO rally.task.runner [-] Task 3d725827-dd46-421b-a422-86018c0216e0 | ITER: 6 END: OK
2019-07-06 07:59:27.464 4540 INFO rally.task.runner [-] Task 3d725827-dd46-421b-a422-86018c0216e0 | ITER: 8 END: OK
2019-07-06 07:59:28.855 4541 INFO rally.task.runner [-] Task 3d725827-dd46-421b-a422-86018c0216e0 | ITER: 9 END: OK
2019-07-06 07:59:28.910 4539 RALLYDEBUG rally.task.utils [-] Waiting for resource s_rally_a4ff49ea_AKfofA8P. Status changed: AVAILABLE => DELETING in 0.0532078742981
2019-07-06 07:59:31.146 4539 INFO rally.task.runner [-] Task 3d725827-dd46-421b-a422-86018c0216e0 | ITER: 10 END: OK
2019-07-06 07:59:31.168 1842 INFO rally.task.context [-] Task 3d725827-dd46-421b-a422-86018c0216e0 | Context cleanup@openstack cleanup() started
2019-07-06 07:59:31.170 1842 RALLYDEBUG rally_openstack.cleanup.manager [-] Cleaning up cinder backups objects
2019-07-06 07:59:33.031 1842 RALLYDEBUG rally_openstack.cleanup.manager [-] Cleaning up cinder volume_snapshots objects
2019-07-06 07:59:34.910 1842 RALLYDEBUG rally_openstack.cleanup.manager [-] Cleaning up cinder transfers objects
2019-07-06 07:59:36.851 1842 RALLYDEBUG rally_openstack.cleanup.manager [-] Cleaning up cinder volumes objects
2019-07-06 07:59:38.845 1842 INFO rally.task.context [-] Task 3d725827-dd46-421b-a422-86018c0216e0 | Context cleanup@openstack cleanup() finished in 7.68 sec
2019-07-06 07:59:38.845 1842 INFO rally.task.context [-] Task 3d725827-dd46-421b-a422-86018c0216e0 | Context quotas@openstack cleanup() started
2019-07-06 07:59:39.656 1842 INFO rally.task.context [-] Task 3d725827-dd46-421b-a422-86018c0216e0 | Context quotas@openstack cleanup() finished in 0.81 sec
2019-07-06 07:59:39.657 1842 INFO rally.task.context [-] Task 3d725827-dd46-421b-a422-86018c0216e0 | Context api_versions@openstack cleanup() started
2019-07-06 07:59:39.657 1842 INFO rally.task.context [-] Task 3d725827-dd46-421b-a422-86018c0216e0 | Context api_versions@openstack cleanup() finished in 0.31 msec
2019-07-06 07:59:39.657 1842 INFO rally.task.context [-] Task 3d725827-dd46-421b-a422-86018c0216e0 | Context users@openstack cleanup() started
2019-07-06 07:59:46.642 1842 INFO rally.task.context [-] Task 3d725827-dd46-421b-a422-86018c0216e0 | Context users@openstack cleanup() finished in 6.98 sec
2019-07-06 07:59:48.382 1842 INFO rally.task.engine [-] Load duration is: 16.524293
2019-07-06 07:59:48.382 1842 INFO rally.task.engine [-] Full runner duration is: 16.572463
2019-07-06 07:59:48.383 1842 INFO rally.task.engine [-] Full duration is: 38.422757
2019-07-06 07:59:48.624 1842 INFO rally.task.engine [-] Running workload: position = 0 config = { "version": 2, "title": "A cropped version of a bigger task.", "description": "Auto-generated task from a single workload (uuid=17826987-aeae-4dfc-a4dd-1c25988326be)", "subtasks": [ { "title": "CinderVolumes.create_and_extend_volume", "description": "Create and extend a volume and then delete it.", "scenario": { "CinderVolumes.create_and_extend_volume": { "new_size": 2, "size": 1 } }, "contexts": { "users": { "tenants": 3, "users_per_tenant": 2 }, "quotas": { "cinder": { "gigabytes": -1, "snapshots": -1, "volumes": -1 } }, "api_versions": { "cinder": { "version": 3, "service_type": "volumev3" } } }, "runner": { "constant": { "concurrency": 4, "times": 10 } }, "hooks": [], "sla": { "failure_rate": { "max": 0 } } } ] }
2019-07-06 07:59:48.654 1842 RALLYDEBUG rally_openstack.contexts.keystone.users [-] Creating 3 tenants using 20 threads
2019-07-06 07:59:50.620 1842 RALLYDEBUG rally_openstack.contexts.keystone.users [-] Creating 6 users using 20 threads
2019-07-06 07:59:53.277 1842 INFO rally.task.context [-] Task 3d725827-dd46-421b-a422-86018c0216e0 | Context users@openstack setup() finished in 4.62 sec
2019-07-06 07:59:53.697 1842 INFO rally.task.context [-] Task 3d725827-dd46-421b-a422-86018c0216e0 | Context api_versions@openstack setup() finished in 0.42 sec
2019-07-06 07:59:55.415 1842 INFO rally.task.context [-] Task 3d725827-dd46-421b-a422-86018c0216e0 | Context quotas@openstack setup() finished in 1.72 sec
2019-07-06 07:59:55.415 1842 INFO rally.task.context [-] Task 3d725827-dd46-421b-a422-86018c0216e0 | Context cleanup@openstack setup() finished in 0.01 msec
2019-07-06 07:59:55.423 1842 RALLYDEBUG rally.task.runner [-] Starting the constant runner (task UUID: 3d725827-dd46-421b-a422-86018c0216e0). timeout: 0 concurrency: 4 concurrency_per_worker: 1 times: 10 concurrency_overhead: 0 processes_to_start: 4 max_cpu_used: 16
2019-07-06 07:59:55.436 4722 RALLYDEBUG rally.task.runner [-] Starting a worker. concurrency: 1 args: {"new_size": 2, "size": 1} times: 10 method_name: run timeout: 0 duration: None cls:
2019-07-06 07:59:55.439 4723 RALLYDEBUG rally.task.runner [-] Starting a worker. concurrency: 1 args: {"new_size": 2, "size": 1} times: 10 method_name: run timeout: 0 duration: None cls:
2019-07-06 07:59:55.441 4724 RALLYDEBUG rally.task.runner [-] Starting a worker. concurrency: 1 args: {"new_size": 2, "size": 1} times: 10 method_name: run timeout: 0 duration: None cls:
2019-07-06 07:59:55.445 4725 RALLYDEBUG rally.task.runner [-] Starting a worker. concurrency: 1 args: {"new_size": 2, "size": 1} times: 10 method_name: run timeout: 0 duration: None cls:
2019-07-06 07:59:55.446 4724 INFO rally.task.runner [-] Task 3d725827-dd46-421b-a422-86018c0216e0 | ITER: 3 START
2019-07-06 07:59:55.446 4722 INFO rally.task.runner [-] Task 3d725827-dd46-421b-a422-86018c0216e0 | ITER: 1 START
2019-07-06 07:59:55.448 4723 INFO rally.task.runner [-] Task 3d725827-dd46-421b-a422-86018c0216e0 | ITER: 2 START
2019-07-06 07:59:55.452 4725 INFO rally.task.runner [-] Task 3d725827-dd46-421b-a422-86018c0216e0 | ITER: 4 START
2019-07-06 07:59:59.397 4725 RALLYDEBUG rally.task.utils [-] Waiting for resource s_rally_17826987_uIHaQzsE. Status changed: AVAILABLE => EXTENDING in 0.0815670490265
2019-07-06 08:00:00.187 4724 RALLYDEBUG rally.task.utils [-] Waiting for resource s_rally_17826987_45CHlo40. Status changed: AVAILABLE => DELETING in 0.260102033615
2019-07-06 08:00:00.227 4722 RALLYDEBUG rally.task.utils [-] Waiting for resource s_rally_17826987_fPizsEmp. Status changed: AVAILABLE => DELETING in 0.262502908707
2019-07-06 08:00:00.664 4723 RALLYDEBUG rally.task.utils [-] Waiting for resource s_rally_17826987_ooSDOp3e. Status changed: AVAILABLE => DELETING in 0.246004104614
2019-07-06 08:00:01.662 4725 RALLYDEBUG rally.task.utils [-] Waiting for resource s_rally_17826987_uIHaQzsE. Status changed: EXTENDING => AVAILABLE in 2.26556992531
2019-07-06 08:00:01.969 4725 INFO rally.task.runner [-] Task 3d725827-dd46-421b-a422-86018c0216e0 | ITER: 4 END: OK
2019-07-06 08:00:01.974 4725 INFO rally.task.runner [-] Task 3d725827-dd46-421b-a422-86018c0216e0 | ITER: 5 START
2019-07-06 08:00:02.417 4724 INFO rally.task.runner [-] Task 3d725827-dd46-421b-a422-86018c0216e0 | ITER: 3 END: OK
2019-07-06 08:00:02.423 4724 INFO rally.task.runner [-] Task 3d725827-dd46-421b-a422-86018c0216e0 | ITER: 6 START
2019-07-06 08:00:02.452 4722 INFO rally.task.runner [-] Task 3d725827-dd46-421b-a422-86018c0216e0 | ITER: 1 END: OK
2019-07-06 08:00:02.457 4722 INFO rally.task.runner [-] Task 3d725827-dd46-421b-a422-86018c0216e0 | ITER: 7 START
2019-07-06 08:00:02.700 4723 INFO rally.task.runner [-] Task 3d725827-dd46-421b-a422-86018c0216e0 | ITER: 2 END: OK
2019-07-06 08:00:02.706 4723 INFO rally.task.runner [-] Task 3d725827-dd46-421b-a422-86018c0216e0 | ITER: 8 START
2019-07-06 08:00:05.764 4725 RALLYDEBUG rally.task.utils [-] Waiting for resource s_rally_17826987_6AO0i6Gm. Status changed: AVAILABLE => EXTENDING in 0.058286190033
2019-07-06 08:00:06.205 4724 RALLYDEBUG rally.task.utils [-] Waiting for resource s_rally_17826987_7V20EElI. Status changed: AVAILABLE => EXTENDING in 0.0648279190063
2019-07-06 08:00:06.243 4722 RALLYDEBUG rally.task.utils [-] Waiting for resource s_rally_17826987_lWSQC6Bg. Status changed: AVAILABLE => EXTENDING in 0.0691628456116
2019-07-06 08:00:06.967 4723 RALLYDEBUG rally.task.utils [-] Waiting for resource s_rally_17826987_vd8Rlold. Status changed: AVAILABLE => DELETING in 0.0543880462646
2019-07-06 08:00:08.088 4725 RALLYDEBUG rally.task.utils [-] Waiting for resource s_rally_17826987_6AO0i6Gm. Status changed: EXTENDING => AVAILABLE in 2.32424497604
2019-07-06 08:00:08.263 4724 RALLYDEBUG rally.task.utils [-] Waiting for resource s_rally_17826987_7V20EElI. Status changed: EXTENDING => AVAILABLE in 2.05896496773
2019-07-06 08:00:08.481 4722 RALLYDEBUG rally.task.utils [-] Waiting for resource s_rally_17826987_lWSQC6Bg. Status changed: EXTENDING => AVAILABLE in 2.23766303062
2019-07-06 08:00:08.653 4725 INFO rally.task.runner [-] Task 3d725827-dd46-421b-a422-86018c0216e0 | ITER: 5 END: OK
2019-07-06 08:00:08.658 4725 INFO rally.task.runner [-] Task 3d725827-dd46-421b-a422-86018c0216e0 | ITER: 9 START
2019-07-06 08:00:08.677 4724 RALLYDEBUG rally.task.utils [-] Waiting for resource s_rally_17826987_7V20EElI. Status changed: AVAILABLE => DELETING in 0.0584728717804
2019-07-06 08:00:08.810 4722 RALLYDEBUG rally.task.utils [-] Waiting for resource s_rally_17826987_lWSQC6Bg. Status changed: AVAILABLE => DELETING in 0.240083217621
2019-07-06 08:00:09.195 4723 INFO rally.task.runner [-] Task 3d725827-dd46-421b-a422-86018c0216e0 | ITER: 8 END: OK
2019-07-06 08:00:09.201 4723 INFO rally.task.runner [-] Task 3d725827-dd46-421b-a422-86018c0216e0 | ITER: 10 START
2019-07-06 08:00:10.713 4724 INFO rally.task.runner [-] Task 3d725827-dd46-421b-a422-86018c0216e0 | ITER: 6 END: OK
2019-07-06 08:00:10.846 4722 INFO rally.task.runner [-] Task 3d725827-dd46-421b-a422-86018c0216e0 | ITER: 7 END: OK
2019-07-06 08:00:13.169 4725 RALLYDEBUG rally.task.utils [-] Waiting for resource s_rally_17826987_TlstIFSz. Status changed: AVAILABLE => DELETING in 0.240453958511
2019-07-06 08:00:13.614 4723 INFO rally.task.runner [-] Task 3d725827-dd46-421b-a422-86018c0216e0 | ITER: 10 END: OK
2019-07-06 08:00:15.218 4725 INFO rally.task.runner [-] Task 3d725827-dd46-421b-a422-86018c0216e0 | ITER: 9 END: OK
2019-07-06 08:00:15.240 1842 INFO rally.task.context [-] Task 3d725827-dd46-421b-a422-86018c0216e0 | Context cleanup@openstack cleanup() started
2019-07-06 08:00:15.242 1842 RALLYDEBUG rally_openstack.cleanup.manager [-] Cleaning up cinder backups objects
2019-07-06 08:00:17.119 1842 RALLYDEBUG rally_openstack.cleanup.manager [-] Cleaning up cinder volume_snapshots objects
2019-07-06 08:00:18.958 1842 RALLYDEBUG rally_openstack.cleanup.manager [-] Cleaning up cinder transfers objects
2019-07-06 08:00:20.796 1842 RALLYDEBUG rally_openstack.cleanup.manager [-] Cleaning up cinder volumes objects
2019-07-06 08:00:22.802 1842 INFO rally.task.context [-] Task 3d725827-dd46-421b-a422-86018c0216e0 | Context cleanup@openstack cleanup() finished in 7.56 sec
2019-07-06 08:00:22.803 1842 INFO rally.task.context [-] Task 3d725827-dd46-421b-a422-86018c0216e0 | Context quotas@openstack cleanup() started
2019-07-06 08:00:23.610 1842 INFO rally.task.context [-] Task 3d725827-dd46-421b-a422-86018c0216e0 | Context quotas@openstack cleanup() finished in 0.81 sec
2019-07-06 08:00:23.610 1842 INFO rally.task.context [-] Task 3d725827-dd46-421b-a422-86018c0216e0 | Context api_versions@openstack cleanup() started
2019-07-06 08:00:23.611 1842 INFO rally.task.context [-] Task 3d725827-dd46-421b-a422-86018c0216e0 | Context api_versions@openstack cleanup() finished in 0.50 msec
2019-07-06 08:00:23.611 1842 INFO rally.task.context [-] Task 3d725827-dd46-421b-a422-86018c0216e0 | Context users@openstack cleanup() started
2019-07-06 08:00:30.513 1842 INFO rally.task.context [-] Task 3d725827-dd46-421b-a422-86018c0216e0 | Context users@openstack cleanup() finished in 6.90 sec
2019-07-06 08:00:30.841 1842 INFO rally.task.engine [-] Load duration is: 19.769778
2019-07-06 08:00:30.842 1842 INFO rally.task.engine [-] Full runner duration is: 19.817454
2019-07-06 08:00:30.842 1842 INFO rally.task.engine [-] Full duration is: 41.863368
2019-07-06 08:00:31.084 1842 INFO rally.task.engine [-] Running workload: position = 0 config = { "version": 2, "title": "A cropped version of a bigger task.", "description": "Auto-generated task from a single workload (uuid=8e286509-6dd2-48a6-8f1d-fba1134aad39)", "subtasks": [ { "title": "CinderVolumes.create_from_volume_and_delete_volume", "description": "Create volume from volume and then delete it.", "scenario": { "CinderVolumes.create_from_volume_and_delete_volume": { "size": 1 } }, "contexts": { "users": { "tenants": 3, "users_per_tenant": 2 }, "quotas": { "cinder": { "gigabytes": -1, "snapshots": -1, "volumes": -1 } }, "api_versions": { "cinder": { "version": 3, "service_type": "volumev3" } }, "volumes": { "size": 1, "volumes_per_tenant": 1 } }, "runner": { "constant": { "concurrency": 4, "times": 10 } }, "hooks": [], "sla": { "failure_rate": { "max": 0 } } } ] }
2019-07-06 08:00:31.108 1842 RALLYDEBUG rally_openstack.contexts.keystone.users [-] Creating 3 tenants using 20 threads
2019-07-06 08:00:32.931 1842 RALLYDEBUG rally_openstack.contexts.keystone.users [-] Creating 6 users using 20 threads
2019-07-06 08:00:35.689 1842 INFO rally.task.context [-] Task 3d725827-dd46-421b-a422-86018c0216e0 | Context users@openstack setup() finished in 4.58 sec
2019-07-06 08:00:36.111 1842 INFO rally.task.context [-] Task 3d725827-dd46-421b-a422-86018c0216e0 | Context api_versions@openstack setup() finished in 0.42 sec
2019-07-06 08:00:37.604 1842 INFO rally.task.context [-] Task 3d725827-dd46-421b-a422-86018c0216e0 | Context quotas@openstack setup() finished in 1.49 sec
2019-07-06 08:00:48.479 1842 INFO rally.task.context [-] Task 3d725827-dd46-421b-a422-86018c0216e0 | Context volumes@openstack setup() finished in 10.87 sec
2019-07-06 08:00:48.479 1842 INFO rally.task.context [-] Task 3d725827-dd46-421b-a422-86018c0216e0 | Context cleanup@openstack setup() finished in 0.01 msec
2019-07-06 08:00:48.487 1842 RALLYDEBUG rally.task.runner [-] Starting the constant runner (task UUID: 3d725827-dd46-421b-a422-86018c0216e0). timeout: 0 concurrency: 4 concurrency_per_worker: 1 times: 10 concurrency_overhead: 0 processes_to_start: 4 max_cpu_used: 16
2019-07-06 08:00:48.500 4906 RALLYDEBUG rally.task.runner [-] Starting a worker. concurrency: 1 args: {"size": 1} times: 10 method_name: run timeout: 0 duration: None cls:
2019-07-06 08:00:48.503 4907 RALLYDEBUG rally.task.runner [-] Starting a worker. concurrency: 1 args: {"size": 1} times: 10 method_name: run timeout: 0 duration: None cls:
2019-07-06 08:00:48.506 4908 RALLYDEBUG rally.task.runner [-] Starting a worker. concurrency: 1 args: {"size": 1} times: 10 method_name: run timeout: 0 duration: None cls:
2019-07-06 08:00:48.508 4909 RALLYDEBUG rally.task.runner [-] Starting a worker. concurrency: 1 args: {"size": 1} times: 10 method_name: run timeout: 0 duration: None cls:
2019-07-06 08:00:48.514 4906 INFO rally.task.runner [-] Task 3d725827-dd46-421b-a422-86018c0216e0 | ITER: 1 START
2019-07-06 08:00:48.517 4907 INFO rally.task.runner [-] Task 3d725827-dd46-421b-a422-86018c0216e0 | ITER: 2 START
2019-07-06 08:00:48.519 4908 INFO rally.task.runner [-] Task 3d725827-dd46-421b-a422-86018c0216e0 | ITER: 3 START
2019-07-06 08:00:48.522 4909 INFO rally.task.runner [-] Task 3d725827-dd46-421b-a422-86018c0216e0 | ITER: 4 START
2019-07-06 08:00:52.656 4908 RALLYDEBUG rally.task.utils [-] Waiting for resource s_rally_8e286509_ZxnczMEF. Status changed: CREATING => AVAILABLE in 0.952116012573
2019-07-06 08:00:53.047 4907 RALLYDEBUG rally.task.utils [-] Waiting for resource s_rally_8e286509_oU2aZj5o. Status changed: AVAILABLE => DELETING in 0.258712053299
2019-07-06 08:00:53.060 4909 RALLYDEBUG rally.task.utils [-] Waiting for resource s_rally_8e286509_0vrmn8Km. Status changed: AVAILABLE => DELETING in 0.346189022064
2019-07-06 08:00:53.179 4908 RALLYDEBUG rally.task.utils [-] Waiting for resource s_rally_8e286509_ZxnczMEF. Status changed: AVAILABLE => DELETING in 0.246989965439
2019-07-06 08:00:54.745 4906 RALLYDEBUG rally.task.utils [-] Waiting for resource s_rally_8e286509_KopAYp0t. Status changed: CREATING => AVAILABLE in 3.03122091293
2019-07-06 08:00:55.072 4906 RALLYDEBUG rally.task.utils [-] Waiting for resource s_rally_8e286509_KopAYp0t. Status changed: AVAILABLE => DELETING in 0.0532550811768
2019-07-06 08:00:57.476 4908 INFO rally.task.runner [-] Task 3d725827-dd46-421b-a422-86018c0216e0 | ITER: 3 END: OK
2019-07-06 08:00:57.482 4908 INFO rally.task.runner [-] Task 3d725827-dd46-421b-a422-86018c0216e0 | ITER: 5 START
2019-07-06 08:00:57.532 4909 INFO rally.task.runner [-] Task 3d725827-dd46-421b-a422-86018c0216e0 | ITER: 4 END: OK
2019-07-06 08:00:57.538 4909 INFO rally.task.runner [-] Task 3d725827-dd46-421b-a422-86018c0216e0 | ITER: 6 START
2019-07-06 08:00:59.633 4906 INFO rally.task.runner [-] Task 3d725827-dd46-421b-a422-86018c0216e0 | ITER: 1 END: OK
2019-07-06 08:00:59.639 4906 INFO rally.task.runner [-] Task 3d725827-dd46-421b-a422-86018c0216e0 | ITER: 7 START
2019-07-06 08:00:59.729 4907 INFO rally.task.runner [-] Task 3d725827-dd46-421b-a422-86018c0216e0 | ITER: 2 END: OK
2019-07-06 08:00:59.734 4907 INFO rally.task.runner [-] Task 3d725827-dd46-421b-a422-86018c0216e0 | ITER: 8 START
2019-07-06 08:01:01.447 4908 RALLYDEBUG rally.task.utils [-] Waiting for resource s_rally_8e286509_MEBKTNm4. Status changed: AVAILABLE => DELETING in 0.324584960938
2019-07-06 08:01:01.523 4909 RALLYDEBUG rally.task.utils [-] Waiting for resource s_rally_8e286509_eGZ4P79g. Status changed: AVAILABLE => DELETING in 0.232560873032
2019-07-06 08:01:03.572 4906 RALLYDEBUG rally.task.utils [-] Waiting for resource s_rally_8e286509_bybyPUkT. Status changed: AVAILABLE => DELETING in 0.263396024704
2019-07-06 08:01:03.744 4907 RALLYDEBUG rally.task.utils [-] Waiting for resource s_rally_8e286509_MrXrx4bB. Status changed: AVAILABLE => DELETING in 0.247793912888
2019-07-06 08:01:06.012 4908 INFO rally.task.runner [-] Task 3d725827-dd46-421b-a422-86018c0216e0 | ITER: 5 END: OK
2019-07-06 08:01:06.016 4908 INFO rally.task.runner [-] Task 3d725827-dd46-421b-a422-86018c0216e0 | ITER: 9 START
2019-07-06 08:01:06.172 4909 INFO rally.task.runner [-] Task 3d725827-dd46-421b-a422-86018c0216e0 | ITER: 6 END: OK
2019-07-06 08:01:06.177 4909 INFO rally.task.runner [-] Task 3d725827-dd46-421b-a422-86018c0216e0 | ITER: 10 START
2019-07-06 08:01:08.075 4906 INFO rally.task.runner [-] Task 3d725827-dd46-421b-a422-86018c0216e0 | ITER: 7 END: OK
2019-07-06 08:01:08.215 4907 INFO rally.task.runner [-] Task 3d725827-dd46-421b-a422-86018c0216e0 | ITER: 8 END: OK
2019-07-06 08:01:09.911 4908 RALLYDEBUG rally.task.utils [-] Waiting for resource s_rally_8e286509_a28zqiGU. Status changed: AVAILABLE => DELETING in 0.0690360069275
2019-07-06 08:01:09.959 4909 RALLYDEBUG rally.task.utils [-] Waiting for resource s_rally_8e286509_K9PCOxce. Status changed: AVAILABLE => DELETING in 0.0563440322876
2019-07-06 08:01:12.124 4908 INFO rally.task.runner [-] Task 3d725827-dd46-421b-a422-86018c0216e0 | ITER: 9 END: OK
2019-07-06 08:01:12.182 4909 INFO rally.task.runner [-] Task 3d725827-dd46-421b-a422-86018c0216e0 | ITER: 10 END: OK
2019-07-06 08:01:12.205 1842 INFO rally.task.context [-] Task 3d725827-dd46-421b-a422-86018c0216e0 | Context cleanup@openstack cleanup() started
2019-07-06 08:01:12.207 1842 RALLYDEBUG rally_openstack.cleanup.manager [-] Cleaning up cinder backups objects
2019-07-06 08:01:14.343 1842 RALLYDEBUG rally_openstack.cleanup.manager [-] Cleaning up cinder volume_snapshots objects
2019-07-06 08:01:16.365 1842 RALLYDEBUG rally_openstack.cleanup.manager [-] Cleaning up cinder transfers objects
2019-07-06 08:01:18.272 1842 RALLYDEBUG rally_openstack.cleanup.manager [-] Cleaning up cinder volumes objects
2019-07-06 08:01:20.433 1842 INFO rally.task.context [-] Task 3d725827-dd46-421b-a422-86018c0216e0 | Context cleanup@openstack cleanup() finished in 8.23 sec
2019-07-06 08:01:20.433 1842 INFO rally.task.context [-] Task 3d725827-dd46-421b-a422-86018c0216e0 | Context volumes@openstack cleanup() started
2019-07-06 08:01:20.434 1842 RALLYDEBUG rally_openstack.cleanup.manager [-] Cleaning up cinder volumes objects
2019-07-06 08:01:22.389 1842 RALLYDEBUG rally_openstack.cleanup.manager [-] Deleting cinder.volumes object c_rally_8e286509_958s4ld9 (505f8f66-1605-46c8-a472-d63bd4e2312a)
2019-07-06 08:01:22.392 1842 RALLYDEBUG rally_openstack.cleanup.manager [-] Deleting cinder.volumes object c_rally_8e286509_DvVlGTBQ (959bac19-59eb-47ce-9b85-188872e3249a)
2019-07-06 08:01:22.394 1842 RALLYDEBUG rally_openstack.cleanup.manager [-] Deleting cinder.volumes object c_rally_8e286509_SfHnixQg (15c0e5a4-267e-4645-bac4-9cbe19312239)
2019-07-06 08:01:25.770 1842 INFO rally.task.context [-] Task 3d725827-dd46-421b-a422-86018c0216e0 | Context volumes@openstack cleanup() finished in 5.34 sec
2019-07-06 08:01:25.770 1842 INFO rally.task.context [-] Task 3d725827-dd46-421b-a422-86018c0216e0 | Context quotas@openstack cleanup() started
2019-07-06 08:01:26.237 1842 INFO rally.task.context [-] Task 3d725827-dd46-421b-a422-86018c0216e0 | Context quotas@openstack cleanup() finished in 0.47 sec
2019-07-06 08:01:26.237 1842 INFO rally.task.context [-] Task 3d725827-dd46-421b-a422-86018c0216e0 | Context api_versions@openstack cleanup() started
2019-07-06 08:01:26.237 1842 INFO rally.task.context [-] Task 3d725827-dd46-421b-a422-86018c0216e0 | Context api_versions@openstack cleanup() finished in 0.31 msec
2019-07-06 08:01:26.238 1842 INFO rally.task.context [-] Task 3d725827-dd46-421b-a422-86018c0216e0 | Context users@openstack cleanup() started
2019-07-06 08:01:33.313 1842 INFO rally.task.context [-] Task 3d725827-dd46-421b-a422-86018c0216e0 | Context users@openstack cleanup() finished in 7.08 sec
2019-07-06 08:01:33.354 1842 INFO rally.task.engine [-] Load duration is: 23.664936
2019-07-06 08:01:33.354 1842 INFO rally.task.engine [-] Full runner duration is: 23.718648
2019-07-06 08:01:33.355 1842 INFO rally.task.engine [-] Full duration is: 62.209335
2019-07-06 08:01:33.594 1842 INFO rally.task.engine [-] Running workload: position = 0 config = { "version": 2, "title": "A cropped version of a bigger task.", "description": "Auto-generated task from a single workload (uuid=9c8033c4-7577-4b80-8589-e627d0eaa272)", "subtasks": [ { "title": "CinderQos.create_and_get_qos", "description": "Create a qos, then get details of the qos.", "scenario": { "CinderQos.create_and_get_qos": { "consumer": "both", "write_iops_sec": "10", "read_iops_sec": "1000" } }, "contexts": { "users": { "tenants": 3, "users_per_tenant": 2 }, "api_versions": { "cinder": { "version": 3, "service_type": "volumev3" } } }, "runner": { "constant": { "concurrency": 4, "times": 10 } }, "hooks": [], "sla": { "failure_rate": { "max": 0 } } } ] }
2019-07-06 08:01:33.614 1842 RALLYDEBUG rally_openstack.contexts.keystone.users [-] Creating 3 tenants using 20 threads
2019-07-06 08:01:35.324 1842 RALLYDEBUG rally_openstack.contexts.keystone.users [-] Creating 6 users using 20 threads
2019-07-06 08:01:38.044 1842 INFO rally.task.context [-] Task 3d725827-dd46-421b-a422-86018c0216e0 | Context users@openstack setup() finished in 4.43 sec
2019-07-06 08:01:38.461 1842 INFO rally.task.context [-] Task 3d725827-dd46-421b-a422-86018c0216e0 | Context api_versions@openstack setup() finished in 0.42 sec
2019-07-06 08:01:38.462 1842 INFO rally.task.context [-] Task 3d725827-dd46-421b-a422-86018c0216e0 | Context admin_cleanup@openstack setup() finished in 0.00 msec
2019-07-06 08:01:38.469 1842 RALLYDEBUG rally.task.runner [-] Starting the constant runner (task UUID: 3d725827-dd46-421b-a422-86018c0216e0). timeout: 0 concurrency: 4 concurrency_per_worker: 1 times: 10 concurrency_overhead: 0 processes_to_start: 4 max_cpu_used: 16
2019-07-06 08:01:38.482 5110 RALLYDEBUG rally.task.runner [-] Starting a worker. concurrency: 1 args: {"consumer": "both", "write_iops_sec": "10", "read_iops_sec": "1000"} times: 10 method_name: run timeout: 0 duration: None cls:
2019-07-06 08:01:38.485 5111 RALLYDEBUG rally.task.runner [-] Starting a worker. concurrency: 1 args: {"consumer": "both", "write_iops_sec": "10", "read_iops_sec": "1000"} times: 10 method_name: run timeout: 0 duration: None cls:
2019-07-06 08:01:38.488 5112 RALLYDEBUG rally.task.runner [-] Starting a worker. concurrency: 1 args: {"consumer": "both", "write_iops_sec": "10", "read_iops_sec": "1000"} times: 10 method_name: run timeout: 0 duration: None cls:
2019-07-06 08:01:38.490 5110 INFO rally.task.runner [-] Task 3d725827-dd46-421b-a422-86018c0216e0 | ITER: 1 START
2019-07-06 08:01:38.490 5113 RALLYDEBUG rally.task.runner [-] Starting a worker. concurrency: 1 args: {"consumer": "both", "write_iops_sec": "10", "read_iops_sec": "1000"} times: 10 method_name: run timeout: 0 duration: None cls:
2019-07-06 08:01:38.492 5111 INFO rally.task.runner [-] Task 3d725827-dd46-421b-a422-86018c0216e0 | ITER: 2 START
2019-07-06 08:01:38.495 5112 INFO rally.task.runner [-] Task 3d725827-dd46-421b-a422-86018c0216e0 | ITER: 3 START
2019-07-06 08:01:38.498 5113 INFO rally.task.runner [-] Task 3d725827-dd46-421b-a422-86018c0216e0 | ITER: 4 START
2019-07-06 08:01:39.568 5111 INFO rally.task.runner [-] Task 3d725827-dd46-421b-a422-86018c0216e0 | ITER: 2 END: OK
2019-07-06 08:01:39.573 5112 INFO rally.task.runner [-] Task 3d725827-dd46-421b-a422-86018c0216e0 | ITER: 3 END: OK
2019-07-06 08:01:39.573 5111 INFO rally.task.runner [-] Task 3d725827-dd46-421b-a422-86018c0216e0 | ITER: 5 START
2019-07-06 08:01:39.577 5110 INFO rally.task.runner [-] Task 3d725827-dd46-421b-a422-86018c0216e0 | ITER: 1 END: OK
2019-07-06 08:01:39.578 5112 INFO rally.task.runner [-] Task 3d725827-dd46-421b-a422-86018c0216e0 | ITER: 6 START
2019-07-06 08:01:39.582 5110 INFO rally.task.runner [-] Task 3d725827-dd46-421b-a422-86018c0216e0 | ITER: 7 START
2019-07-06 08:01:39.590 5113 INFO rally.task.runner [-] Task 3d725827-dd46-421b-a422-86018c0216e0 | ITER: 4 END: OK
2019-07-06 08:01:39.595 5113 INFO rally.task.runner [-] Task 3d725827-dd46-421b-a422-86018c0216e0 | ITER: 8 START
2019-07-06 08:01:40.452 5111 INFO rally.task.runner [-] Task 3d725827-dd46-421b-a422-86018c0216e0 | ITER: 5 END: OK
2019-07-06 08:01:40.456 5111 INFO rally.task.runner [-] Task 3d725827-dd46-421b-a422-86018c0216e0 | ITER: 9 START
2019-07-06 08:01:40.464 5113 INFO rally.task.runner [-] Task 3d725827-dd46-421b-a422-86018c0216e0 | ITER: 8 END: OK
2019-07-06 08:01:40.469 5113 INFO rally.task.runner [-] Task 3d725827-dd46-421b-a422-86018c0216e0 | ITER: 10 START
2019-07-06 08:01:40.537 5112 INFO rally.task.runner [-] Task 3d725827-dd46-421b-a422-86018c0216e0 | ITER: 6 END: OK
2019-07-06 08:01:40.561 5110 INFO rally.task.runner [-] Task 3d725827-dd46-421b-a422-86018c0216e0 | ITER: 7 END: OK
2019-07-06 08:01:41.324 5111 INFO rally.task.runner [-] Task 3d725827-dd46-421b-a422-86018c0216e0 | ITER: 9 END: OK
2019-07-06 08:01:41.381 5113 INFO rally.task.runner [-] Task 3d725827-dd46-421b-a422-86018c0216e0 | ITER: 10 END: OK
2019-07-06 08:01:41.401 1842 INFO rally.task.context [-] Task 3d725827-dd46-421b-a422-86018c0216e0 | Context admin_cleanup@openstack cleanup() started
2019-07-06 08:01:41.404 1842 RALLYDEBUG rally_openstack.cleanup.manager [-] Cleaning up cinder volume_types objects
2019-07-06 08:01:42.116 1842 RALLYDEBUG rally_openstack.cleanup.manager [-] Cleaning up cinder image_volumes_cache objects
2019-07-06 08:01:43.049 1842 RALLYDEBUG rally_openstack.cleanup.manager [-] Cleaning up cinder quotas objects
2019-07-06 08:01:44.683 1842 RALLYDEBUG rally_openstack.cleanup.manager [-] Cleaning up cinder qos_specs objects
2019-07-06 08:01:45.380 1842 RALLYDEBUG rally_openstack.cleanup.manager [-] Deleting cinder.qos_specs object s_rally_9c8033c4_26cOWHtC (a13e9d0e-f21e-4b21-8c16-d28c51842f8b)
2019-07-06 08:01:45.387 1842 RALLYDEBUG rally_openstack.cleanup.manager [-] Deleting cinder.qos_specs object s_rally_9c8033c4_kCh3dUgn (92855961-937a-493c-8956-bcda1d0d29cd)
2019-07-06 08:01:45.399 1842 RALLYDEBUG rally_openstack.cleanup.manager [-] Deleting cinder.qos_specs object s_rally_9c8033c4_137xcDa7 (dae6a9e0-f9e1-4a9a-be7c-37087d510e94)
2019-07-06 08:01:45.411 1842 RALLYDEBUG rally_openstack.cleanup.manager [-] Deleting cinder.qos_specs object s_rally_9c8033c4_J3MBong8 (bb8caca0-f180-4b65-97a5-0d61d12eb9c3)
2019-07-06 08:01:45.413 1842 RALLYDEBUG rally_openstack.cleanup.manager [-] Deleting cinder.qos_specs object s_rally_9c8033c4_C2Wf5QC9 (46e72aca-1eb2-42f8-9e12-d58815f99fa2)
2019-07-06 08:01:45.418 1842 RALLYDEBUG rally_openstack.cleanup.manager [-] Deleting cinder.qos_specs object s_rally_9c8033c4_jnC4JYYc (b4f5c603-7f1a-46c7-bd1f-104e5683fad2)
2019-07-06 08:01:45.425 1842 RALLYDEBUG rally_openstack.cleanup.manager [-] Deleting cinder.qos_specs object s_rally_9c8033c4_83vWNeGu (ea5d4b68-e066-412d-8524-f59bbe66e57e)
2019-07-06 08:01:45.434 1842 RALLYDEBUG rally_openstack.cleanup.manager [-] Deleting cinder.qos_specs object s_rally_9c8033c4_eNKU4A9i (8605eba1-b433-4e8e-abd7-c53a17bb9cd6)
2019-07-06 08:01:45.445 1842 RALLYDEBUG rally_openstack.cleanup.manager [-] Deleting cinder.qos_specs object s_rally_9c8033c4_ImZ2GDxk (692d5cc0-ffd2-442c-b356-7186bc507754)
2019-07-06 08:01:45.455 1842 RALLYDEBUG rally_openstack.cleanup.manager [-] Deleting cinder.qos_specs object s_rally_9c8033c4_QRDSOpM4 (0e5629d1-13c8-4e4e-856c-4f7b90058e1c)
2019-07-06 08:01:47.825 1842 INFO rally.task.context [-] Task 3d725827-dd46-421b-a422-86018c0216e0 | Context admin_cleanup@openstack cleanup() finished in 6.42 sec
2019-07-06 08:01:47.825 1842 INFO rally.task.context [-] Task 3d725827-dd46-421b-a422-86018c0216e0 | Context api_versions@openstack cleanup() started
2019-07-06 08:01:47.826 1842 INFO rally.task.context [-] Task 3d725827-dd46-421b-a422-86018c0216e0 | Context api_versions@openstack cleanup() finished in 0.32 msec
2019-07-06 08:01:47.826 1842 INFO rally.task.context [-] Task 3d725827-dd46-421b-a422-86018c0216e0 | Context users@openstack cleanup() started
2019-07-06 08:01:54.676 1842 INFO rally.task.context [-] Task 3d725827-dd46-421b-a422-86018c0216e0 | Context users@openstack cleanup() finished in 6.85 sec
2019-07-06 08:01:55.717 1842 INFO rally.task.engine [-] Load duration is: 2.887454
2019-07-06 08:01:55.718 1842 INFO rally.task.engine [-] Full runner duration is: 2.93275
2019-07-06 08:01:55.718 1842 INFO rally.task.engine [-] Full duration is: 21.065219
2019-07-06 08:01:55.929 1842 INFO rally.task.engine [-] Running workload: position = 0 config = { "version": 2, "title": "A cropped version of a bigger task.", "description": "Auto-generated task from a single workload (uuid=177d5b50-e1a8-4063-bb8d-2422ef0eb6d7)", "subtasks": [ { "title": "CinderQos.create_and_list_qos", "description": "Create a qos, then list all qos.", "scenario": { "CinderQos.create_and_list_qos": { "consumer": "both", "write_iops_sec": "10", "read_iops_sec": "1000" } }, "contexts": { "users": { "tenants": 3, "users_per_tenant": 2 }, "api_versions": { "cinder": { "version": 3, "service_type": "volumev3" } } }, "runner": { "constant": { "concurrency": 4, "times": 10 } }, "hooks": [], "sla": { "failure_rate": { "max": 0 } } } ] }
2019-07-06 08:01:55.953 1842 RALLYDEBUG rally_openstack.contexts.keystone.users [-] Creating 3 tenants using 20 threads
2019-07-06 08:01:57.820 1842 RALLYDEBUG rally_openstack.contexts.keystone.users [-] Creating 6 users using 20 threads
2019-07-06 08:02:00.474 1842 INFO rally.task.context [-] Task 3d725827-dd46-421b-a422-86018c0216e0 | Context users@openstack setup() finished in 4.52 sec
2019-07-06 08:02:00.904 1842 INFO rally.task.context [-] Task 3d725827-dd46-421b-a422-86018c0216e0 | Context api_versions@openstack setup() finished in 0.43 sec
2019-07-06 08:02:00.904 1842 INFO rally.task.context [-] Task 3d725827-dd46-421b-a422-86018c0216e0 | Context admin_cleanup@openstack setup() finished in 0.01 msec
2019-07-06 08:02:00.911 1842 RALLYDEBUG rally.task.runner [-] Starting the constant runner (task UUID: 3d725827-dd46-421b-a422-86018c0216e0). timeout: 0 concurrency: 4 concurrency_per_worker: 1 times: 10 concurrency_overhead: 0 processes_to_start: 4 max_cpu_used: 16
2019-07-06 08:02:00.924 5294 RALLYDEBUG rally.task.runner [-] Starting a worker. concurrency: 1 args: {"consumer": "both", "write_iops_sec": "10", "read_iops_sec": "1000"} times: 10 method_name: run timeout: 0 duration: None cls:
2019-07-06 08:02:00.927 5295 RALLYDEBUG rally.task.runner [-] Starting a worker. concurrency: 1 args: {"consumer": "both", "write_iops_sec": "10", "read_iops_sec": "1000"} times: 10 method_name: run timeout: 0 duration: None cls:
2019-07-06 08:02:00.930 5296 RALLYDEBUG rally.task.runner [-] Starting a worker. concurrency: 1 args: {"consumer": "both", "write_iops_sec": "10", "read_iops_sec": "1000"} times: 10 method_name: run timeout: 0 duration: None cls:
2019-07-06 08:02:00.932 5294 INFO rally.task.runner [-] Task 3d725827-dd46-421b-a422-86018c0216e0 | ITER: 1 START
2019-07-06 08:02:00.933 5297 RALLYDEBUG rally.task.runner [-] Starting a worker. concurrency: 1 args: {"consumer": "both", "write_iops_sec": "10", "read_iops_sec": "1000"} times: 10 method_name: run timeout: 0 duration: None cls:
2019-07-06 08:02:00.935 5295 INFO rally.task.runner [-] Task 3d725827-dd46-421b-a422-86018c0216e0 | ITER: 2 START
2019-07-06 08:02:00.938 5296 INFO rally.task.runner [-] Task 3d725827-dd46-421b-a422-86018c0216e0 | ITER: 3 START
2019-07-06 08:02:00.940 5297 INFO rally.task.runner [-] Task 3d725827-dd46-421b-a422-86018c0216e0 | ITER: 4 START
2019-07-06 08:02:01.954 5296 INFO rally.task.runner [-] Task 3d725827-dd46-421b-a422-86018c0216e0 | ITER: 3 END: OK
2019-07-06 08:02:01.959 5296 INFO rally.task.runner [-] Task 3d725827-dd46-421b-a422-86018c0216e0 | ITER: 5 START
2019-07-06 08:02:01.983 5294 INFO rally.task.runner [-] Task 3d725827-dd46-421b-a422-86018c0216e0 | ITER: 1 END: OK
2019-07-06 08:02:01.987 5294 INFO rally.task.runner [-] Task 3d725827-dd46-421b-a422-86018c0216e0 | ITER: 6 START
2019-07-06 08:02:02.046 5297 INFO rally.task.runner [-] Task 3d725827-dd46-421b-a422-86018c0216e0 | ITER: 4 END: OK
2019-07-06 08:02:02.051 5297 INFO rally.task.runner [-] Task 3d725827-dd46-421b-a422-86018c0216e0 | ITER: 7 START
