2019-07-06 07:41:18.996 725 DEBUG glanceclient.common.http [-] Request returned failure status 404. _handle_response /usr/lib/python2.7/site-packages/glanceclient/common/http.py:125
2019-07-06 07:41:19.015 725 DEBUG glanceclient.common.http [-] Request returned failure status 404. _handle_response /usr/lib/python2.7/site-packages/glanceclient/common/http.py:125
2019-07-06 07:41:19.020 725 DEBUG glanceclient.common.http [-] Request returned failure status 404. _handle_response /usr/lib/python2.7/site-packages/glanceclient/common/http.py:125
2019-07-06 07:41:19.020 725 DEBUG glanceclient.common.http [-] Request returned failure status 404. _handle_response /usr/lib/python2.7/site-packages/glanceclient/common/http.py:125
2019-07-06 07:41:19.038 725 DEBUG glanceclient.common.http [-] Request returned failure status 404. _handle_response /usr/lib/python2.7/site-packages/glanceclient/common/http.py:125
2019-07-06 07:41:19.040 725 DEBUG glanceclient.common.http [-] Request returned failure status 404. _handle_response /usr/lib/python2.7/site-packages/glanceclient/common/http.py:125
2019-07-06 07:41:20.043 725 INFO rally.task.context [-] Task bbf1f07a-f70f-46b4-bca8-35311e9a79c0 | Context cleanup@openstack cleanup() finished in 7.80 sec
2019-07-06 07:41:20.043 725 INFO rally.task.context [-] Task bbf1f07a-f70f-46b4-bca8-35311e9a79c0 | Context users@openstack cleanup() started
2019-07-06 07:41:27.557 725 INFO rally.task.context [-] Task bbf1f07a-f70f-46b4-bca8-35311e9a79c0 | Context users@openstack cleanup() finished in 7.51 sec
2019-07-06 07:41:29.213 725 INFO rally.task.engine [-] Load duration is: 13.724337
2019-07-06 07:41:29.213 725 INFO rally.task.engine [-] Full runner duration is: 14.622142
2019-07-06 07:41:29.214 725 INFO rally.task.engine [-] Full duration is: 34.52396
2019-07-06 07:41:29.487 725 INFO rally.task.engine [-] Running workload: position = 0 config = { "version": 2, "title": "A cropped version of a bigger task.", "description": "Auto-generated task from a single workload (uuid=7fc0357c-72b1-4acf-8355-94fead8fd8c2)", "subtasks": [ { "title": "GlanceImages.create_and_update_image", "description": "Create an image then update it.", "scenario": { "GlanceImages.create_and_update_image": { "container_format": "bare", "disk_format": "qcow2", "image_location": "/home/opnfv/functest/images/cirros-0.4.0-x86_64-disk.img" } }, "contexts": { "users": { "tenants": 3, "users_per_tenant": 2 } }, "runner": { "constant": { "concurrency": 4, "times": 10 } }, "hooks": [], "sla": { "failure_rate": { "max": 0 } } } ] }
2019-07-06 07:41:29.508 725 RALLYDEBUG rally_openstack.contexts.keystone.users [-] Creating 3 tenants using 20 threads
2019-07-06 07:41:31.398 725 RALLYDEBUG rally_openstack.contexts.keystone.users [-] Creating 6 users using 20 threads
2019-07-06 07:41:34.164 725 INFO rally.task.context [-] Task bbf1f07a-f70f-46b4-bca8-35311e9a79c0 | Context users@openstack setup() finished in 4.66 sec
2019-07-06 07:41:34.164 725 INFO rally.task.context [-] Task bbf1f07a-f70f-46b4-bca8-35311e9a79c0 | Context cleanup@openstack setup() finished in 0.01 msec
2019-07-06 07:41:34.172 725 RALLYDEBUG rally.task.runner [-] Starting the constant runner (task UUID: bbf1f07a-f70f-46b4-bca8-35311e9a79c0). timeout: 0 concurrency: 4 concurrency_per_worker: 1 times: 10 concurrency_overhead: 0 processes_to_start: 4 max_cpu_used: 16
2019-07-06 07:41:34.185 1757 RALLYDEBUG rally.task.runner [-] Starting a worker. concurrency: 1 args: {"container_format": "bare", "disk_format": "qcow2", "image_location": "/home/opnfv/functest/images/cirros-0.4.0-x86_64-disk.img"} times: 10 method_name: run timeout: 0 duration: None cls:
2019-07-06 07:41:34.188 1758 RALLYDEBUG rally.task.runner [-] Starting a worker. concurrency: 1 args: {"container_format": "bare", "disk_format": "qcow2", "image_location": "/home/opnfv/functest/images/cirros-0.4.0-x86_64-disk.img"} times: 10 method_name: run timeout: 0 duration: None cls:
2019-07-06 07:41:34.191 1757 INFO rally.task.runner [-] Task bbf1f07a-f70f-46b4-bca8-35311e9a79c0 | ITER: 1 START
2019-07-06 07:41:34.191 1759 RALLYDEBUG rally.task.runner [-] Starting a worker. concurrency: 1 args: {"container_format": "bare", "disk_format": "qcow2", "image_location": "/home/opnfv/functest/images/cirros-0.4.0-x86_64-disk.img"} times: 10 method_name: run timeout: 0 duration: None cls:
2019-07-06 07:41:34.194 1758 INFO rally.task.runner [-] Task bbf1f07a-f70f-46b4-bca8-35311e9a79c0 | ITER: 2 START
2019-07-06 07:41:34.194 1760 RALLYDEBUG rally.task.runner [-] Starting a worker. concurrency: 1 args: {"container_format": "bare", "disk_format": "qcow2", "image_location": "/home/opnfv/functest/images/cirros-0.4.0-x86_64-disk.img"} times: 10 method_name: run timeout: 0 duration: None cls:
2019-07-06 07:41:34.197 1759 INFO rally.task.runner [-] Task bbf1f07a-f70f-46b4-bca8-35311e9a79c0 | ITER: 3 START
2019-07-06 07:41:34.200 1760 INFO rally.task.runner [-] Task bbf1f07a-f70f-46b4-bca8-35311e9a79c0 | ITER: 4 START
2019-07-06 07:41:37.563 1760 RALLYDEBUG rally.task.utils [-] Waiting for resource u'e99f28a4-ac9f-4c53-820f-3c36090ab15e'. Status changed: NONE => QUEUED in 0.0309431552887
2019-07-06 07:41:37.568 1757 RALLYDEBUG rally.task.utils [-] Waiting for resource u'0bc3d492-95ed-42ac-a272-e970f386bd38'. Status changed: NONE => QUEUED in 0.0387659072876
2019-07-06 07:41:37.572 1758 RALLYDEBUG rally.task.utils [-] Waiting for resource u'49d46cab-4cc2-461a-a68e-52235f63800f'. Status changed: NONE => QUEUED in 0.0421369075775
2019-07-06 07:41:37.595 1759 RALLYDEBUG rally.task.utils [-] Waiting for resource u'683c8005-80ba-4b37-8c4d-3a12c4c43bb7'. Status changed: NONE => QUEUED in 0.0345740318298
2019-07-06 07:41:38.331 1760 RALLYDEBUG rally.task.utils [-] Waiting for resource s_rally_7fc0357c_o5e5e00y. Status changed: QUEUED => ACTIVE in 0.0175771713257
2019-07-06 07:41:38.335 1759 RALLYDEBUG rally.task.utils [-] Waiting for resource s_rally_7fc0357c_zYOtzAzn. Status changed: QUEUED => ACTIVE in 0.018012046814
2019-07-06 07:41:38.464 1760 INFO rally.task.runner [-] Task bbf1f07a-f70f-46b4-bca8-35311e9a79c0 | ITER: 4 END: OK
2019-07-06 07:41:38.467 1760 INFO rally.task.runner [-] Task bbf1f07a-f70f-46b4-bca8-35311e9a79c0 | ITER: 5 START
2019-07-06 07:41:38.470 1759 INFO rally.task.runner [-] Task bbf1f07a-f70f-46b4-bca8-35311e9a79c0 | ITER: 3 END: OK
2019-07-06 07:41:38.475 1759 INFO rally.task.runner [-] Task bbf1f07a-f70f-46b4-bca8-35311e9a79c0 | ITER: 6 START
2019-07-06 07:41:40.248 1757 RALLYDEBUG rally.task.utils [-] Waiting for resource s_rally_7fc0357c_ijcNqmGS. Status changed: QUEUED => ACTIVE in 0.0227029323578
2019-07-06 07:41:40.250 1758 RALLYDEBUG rally.task.utils [-] Waiting for resource s_rally_7fc0357c_uactjfLE. Status changed: QUEUED => ACTIVE in 0.0259110927582
2019-07-06 07:41:40.448 1758 INFO rally.task.runner [-] Task bbf1f07a-f70f-46b4-bca8-35311e9a79c0 | ITER: 2 END: OK
2019-07-06 07:41:40.450 1757 INFO rally.task.runner [-] Task bbf1f07a-f70f-46b4-bca8-35311e9a79c0 | ITER: 1 END: OK
2019-07-06 07:41:40.451 1758 INFO rally.task.runner [-] Task bbf1f07a-f70f-46b4-bca8-35311e9a79c0 | ITER: 7 START
2019-07-06 07:41:40.453 1757 INFO rally.task.runner [-] Task bbf1f07a-f70f-46b4-bca8-35311e9a79c0 | ITER: 8 START
2019-07-06 07:41:41.640 1759 RALLYDEBUG rally.task.utils [-] Waiting for resource u'ed8dcf87-5709-4000-ba4b-dabf8ec6865c'. Status changed: NONE => QUEUED in 0.0273520946503
2019-07-06 07:41:41.684 1760 RALLYDEBUG rally.task.utils [-] Waiting for resource u'5756d9a9-2333-45b7-8692-115564d70f34'. Status changed: NONE => QUEUED in 0.026111125946
2019-07-06 07:41:42.241 1760 RALLYDEBUG rally.task.utils [-] Waiting for resource s_rally_7fc0357c_nO1C0S0d. Status changed: QUEUED => ACTIVE in 0.0178999900818
2019-07-06 07:41:42.245 1759 RALLYDEBUG rally.task.utils [-] Waiting for resource s_rally_7fc0357c_fmgReF2J. Status changed: QUEUED => ACTIVE in 0.0206580162048
2019-07-06 07:41:42.373 1760 INFO rally.task.runner [-] Task bbf1f07a-f70f-46b4-bca8-35311e9a79c0 | ITER: 5 END: OK
2019-07-06 07:41:42.376 1760 INFO rally.task.runner [-] Task bbf1f07a-f70f-46b4-bca8-35311e9a79c0 | ITER: 9 START
2019-07-06 07:41:42.397 1759 INFO rally.task.runner [-] Task bbf1f07a-f70f-46b4-bca8-35311e9a79c0 | ITER: 6 END: OK
2019-07-06 07:41:42.401 1759 INFO rally.task.runner [-] Task bbf1f07a-f70f-46b4-bca8-35311e9a79c0 | ITER: 10 START
2019-07-06 07:41:43.657 1757 RALLYDEBUG rally.task.utils [-] Waiting for resource u'ae081528-0921-469b-97b4-f2bad5a4a1d3'. Status changed: NONE => QUEUED in 0.0262398719788
2019-07-06 07:41:43.723 1758 RALLYDEBUG rally.task.utils [-] Waiting for resource u'584bfd3e-89be-4e73-a970-671e65c08de1'. Status changed: NONE => QUEUED in 0.0232059955597
2019-07-06 07:41:44.301 1758 RALLYDEBUG rally.task.utils [-] Waiting for resource s_rally_7fc0357c_owJEeuVx. Status changed: QUEUED => ACTIVE in 0.020201921463
2019-07-06 07:41:44.312 1757 RALLYDEBUG rally.task.utils [-] Waiting for resource s_rally_7fc0357c_V8in2K8q. Status changed: QUEUED => ACTIVE in 0.0172641277313
2019-07-06 07:41:44.453 1758 INFO rally.task.runner [-] Task bbf1f07a-f70f-46b4-bca8-35311e9a79c0 | ITER: 7 END: OK
2019-07-06 07:41:44.464 1757 INFO rally.task.runner [-] Task bbf1f07a-f70f-46b4-bca8-35311e9a79c0 | ITER: 8 END: OK
2019-07-06 07:41:45.665 1759 RALLYDEBUG rally.task.utils [-] Waiting for resource u'1a915b25-db46-4610-8b38-7b73e6c2e237'. Status changed: NONE => QUEUED in 0.0355141162872
2019-07-06 07:41:46.351 1760 RALLYDEBUG rally.task.utils [-] Waiting for resource u'19ddfa38-523b-4e9c-a10f-5f481100d4bc'. Status changed: NONE => QUEUED in 0.637421131134
2019-07-06 07:41:46.475 1759 RALLYDEBUG rally.task.utils [-] Waiting for resource s_rally_7fc0357c_O56Eagw8. Status changed: QUEUED => ACTIVE in 0.0227220058441
2019-07-06 07:41:47.477 1760 RALLYDEBUG rally.task.utils [-] Waiting for resource s_rally_7fc0357c_6CrTQ2k1. Status changed: QUEUED => ACTIVE in 0.0412528514862
2019-07-06 07:41:47.506 1759 INFO rally.task.runner [-] Task bbf1f07a-f70f-46b4-bca8-35311e9a79c0 | ITER: 10 END: OK
2019-07-06 07:41:47.611 1760 INFO rally.task.runner [-] Task bbf1f07a-f70f-46b4-bca8-35311e9a79c0 | ITER: 9 END: OK
2019-07-06 07:41:47.638 725 INFO rally.task.context [-] Task bbf1f07a-f70f-46b4-bca8-35311e9a79c0 | Context cleanup@openstack cleanup() started
2019-07-06 07:41:47.640 725 RALLYDEBUG rally_openstack.cleanup.manager [-] Cleaning up glance images objects
2019-07-06 07:41:49.826 725 RALLYDEBUG rally_openstack.cleanup.manager [-] Deleting glance.images object s_rally_7fc0357c_sXqlHayg (ae081528-0921-469b-97b4-f2bad5a4a1d3)
2019-07-06 07:41:49.826 725 RALLYDEBUG rally_openstack.cleanup.manager [-] Deleting glance.images object s_rally_7fc0357c_bw3OYs4Z (49d46cab-4cc2-461a-a68e-52235f63800f)
2019-07-06 07:41:49.829 725 RALLYDEBUG rally_openstack.cleanup.manager [-] Deleting glance.images object s_rally_7fc0357c_r25hzGz3 (683c8005-80ba-4b37-8c4d-3a12c4c43bb7)
2019-07-06 07:41:49.835 725 RALLYDEBUG rally_openstack.cleanup.manager [-] Deleting glance.images object s_rally_7fc0357c_fBnRgH6k (584bfd3e-89be-4e73-a970-671e65c08de1)
2019-07-06 07:41:49.837 725 RALLYDEBUG rally_openstack.cleanup.manager [-] Deleting glance.images object s_rally_7fc0357c_bWpLXvKn (0bc3d492-95ed-42ac-a272-e970f386bd38)
2019-07-06 07:41:49.838 725 RALLYDEBUG rally_openstack.cleanup.manager [-] Deleting glance.images object s_rally_7fc0357c_07iSrUvf (1a915b25-db46-4610-8b38-7b73e6c2e237)
2019-07-06 07:41:49.843 725 RALLYDEBUG rally_openstack.cleanup.manager [-] Deleting glance.images object s_rally_7fc0357c_lzR1NOZp (19ddfa38-523b-4e9c-a10f-5f481100d4bc)
2019-07-06 07:41:49.844 725 RALLYDEBUG rally_openstack.cleanup.manager [-] Deleting glance.images object s_rally_7fc0357c_eYBZXs7e (e99f28a4-ac9f-4c53-820f-3c36090ab15e)
2019-07-06 07:41:49.847 725 RALLYDEBUG rally_openstack.cleanup.manager [-] Deleting glance.images object s_rally_7fc0357c_6qqueXJ0 (5756d9a9-2333-45b7-8692-115564d70f34)
2019-07-06 07:41:49.848 725 RALLYDEBUG rally_openstack.cleanup.manager [-] Deleting glance.images object s_rally_7fc0357c_ArQIgIIu (ed8dcf87-5709-4000-ba4b-dabf8ec6865c)
2019-07-06 07:41:51.682 725 DEBUG glanceclient.common.http [-] Request returned failure status 404. _handle_response /usr/lib/python2.7/site-packages/glanceclient/common/http.py:125
2019-07-06 07:41:51.687 725 DEBUG glanceclient.common.http [-] Request returned failure status 404. _handle_response /usr/lib/python2.7/site-packages/glanceclient/common/http.py:125
2019-07-06 07:41:51.695 725 DEBUG glanceclient.common.http [-] Request returned failure status 404. _handle_response /usr/lib/python2.7/site-packages/glanceclient/common/http.py:125
2019-07-06 07:41:51.700 725 DEBUG glanceclient.common.http [-] Request returned failure status 404. _handle_response /usr/lib/python2.7/site-packages/glanceclient/common/http.py:125
2019-07-06 07:41:52.736 725 DEBUG glanceclient.common.http [-] Request returned failure status 404. _handle_response /usr/lib/python2.7/site-packages/glanceclient/common/http.py:125
2019-07-06 07:41:52.751 725 DEBUG glanceclient.common.http [-] Request returned failure status 404. _handle_response /usr/lib/python2.7/site-packages/glanceclient/common/http.py:125
2019-07-06 07:41:52.754 725 DEBUG glanceclient.common.http [-] Request returned failure status 404. _handle_response /usr/lib/python2.7/site-packages/glanceclient/common/http.py:125
2019-07-06 07:41:52.767 725 DEBUG glanceclient.common.http [-] Request returned failure status 404. _handle_response /usr/lib/python2.7/site-packages/glanceclient/common/http.py:125
2019-07-06 07:41:53.847 725 DEBUG glanceclient.common.http [-] Request returned failure status 404. _handle_response /usr/lib/python2.7/site-packages/glanceclient/common/http.py:125
2019-07-06 07:41:53.861 725 DEBUG glanceclient.common.http [-] Request returned failure status 404. _handle_response /usr/lib/python2.7/site-packages/glanceclient/common/http.py:125
2019-07-06 07:41:53.932 725 DEBUG glanceclient.common.http [-] Request returned failure status 404. _handle_response /usr/lib/python2.7/site-packages/glanceclient/common/http.py:125
2019-07-06 07:41:53.940 725 DEBUG glanceclient.common.http [-] Request returned failure status 404. _handle_response /usr/lib/python2.7/site-packages/glanceclient/common/http.py:125
2019-07-06 07:41:53.958 725 DEBUG glanceclient.common.http [-] Request returned failure status 404. _handle_response /usr/lib/python2.7/site-packages/glanceclient/common/http.py:125
2019-07-06 07:41:53.961 725 DEBUG glanceclient.common.http [-] Request returned failure status 404. _handle_response /usr/lib/python2.7/site-packages/glanceclient/common/http.py:125
2019-07-06 07:41:53.966 725 DEBUG glanceclient.common.http [-] Request returned failure status 404. _handle_response /usr/lib/python2.7/site-packages/glanceclient/common/http.py:125
2019-07-06 07:41:53.968 725 DEBUG glanceclient.common.http [-] Request returned failure status 404. _handle_response /usr/lib/python2.7/site-packages/glanceclient/common/http.py:125
2019-07-06 07:41:53.987 725 DEBUG glanceclient.common.http [-] Request returned failure status 404. _handle_response /usr/lib/python2.7/site-packages/glanceclient/common/http.py:125
2019-07-06 07:41:53.988 725 DEBUG glanceclient.common.http [-] Request returned failure status 404. _handle_response /usr/lib/python2.7/site-packages/glanceclient/common/http.py:125
2019-07-06 07:41:53.989 725 DEBUG glanceclient.common.http [-] Request returned failure status 404. _handle_response /usr/lib/python2.7/site-packages/glanceclient/common/http.py:125
2019-07-06 07:41:54.004 725 DEBUG glanceclient.common.http [-] Request returned failure status 404. _handle_response /usr/lib/python2.7/site-packages/glanceclient/common/http.py:125
2019-07-06 07:41:55.007 725 INFO rally.task.context [-] Task bbf1f07a-f70f-46b4-bca8-35311e9a79c0 | Context cleanup@openstack cleanup() finished in 7.37 sec
2019-07-06 07:41:55.007 725 INFO rally.task.context [-] Task bbf1f07a-f70f-46b4-bca8-35311e9a79c0 | Context users@openstack cleanup() started
2019-07-06 07:42:02.425 725 INFO rally.task.context [-] Task bbf1f07a-f70f-46b4-bca8-35311e9a79c0 | Context users@openstack cleanup() finished in 7.42 sec
2019-07-06 07:42:03.664 725 INFO rally.task.engine [-] Load duration is: 12.571453
2019-07-06 07:42:03.664 725 INFO rally.task.engine [-] Full runner duration is: 13.466193
2019-07-06 07:42:03.665 725 INFO rally.task.engine [-] Full duration is: 32.918795
2019-07-06 07:42:03.911 725 INFO rally.task.engine [-] Task bbf1f07a-f70f-46b4-bca8-35311e9a79c0 | Completed: Running task.
2019-07-06 07:42:04.814 1839 RALLYDEBUG rally.api [-] INFO logs from urllib3 and requests module are hide.
2019-07-06 07:42:04.814 1839 RALLYDEBUG rally.api [-] urllib3 insecure warnings are hidden.
2019-07-06 07:42:04.814 1839 RALLYDEBUG rally.api [-] ERROR log from boto module is hide.
2019-07-06 07:42:05.555 1840 RALLYDEBUG rally.api [-] INFO logs from urllib3 and requests module are hide.
2019-07-06 07:42:05.555 1840 RALLYDEBUG rally.api [-] urllib3 insecure warnings are hidden.
2019-07-06 07:42:05.555 1840 RALLYDEBUG rally.api [-] ERROR log from boto module is hide.
2019-07-06 07:42:06.740 1840 INFO rally.api [-] Building 'json' report for the following task(s): 'bbf1f07a-f70f-46b4-bca8-35311e9a79c0'.
2019-07-06 07:42:06.757 1840 INFO rally.api [-] The report has been successfully built.
2019-07-06 07:42:07.505 1842 RALLYDEBUG rally.api [-] INFO logs from urllib3 and requests module are hide.
2019-07-06 07:42:07.506 1842 RALLYDEBUG rally.api [-] urllib3 insecure warnings are hidden.
2019-07-06 07:42:07.506 1842 RALLYDEBUG rally.api [-] ERROR log from boto module is hide.
2019-07-06 07:42:08.849 1842 INFO rally.task.engine [-] Task 3d725827-dd46-421b-a422-86018c0216e0 | Starting: Task validation.
2019-07-06 07:42:08.875 1842 INFO rally.task.engine [-] Task 3d725827-dd46-421b-a422-86018c0216e0 | Starting: Task validation of syntax.
2019-07-06 07:42:09.165 1842 INFO rally.task.engine [-] Task 3d725827-dd46-421b-a422-86018c0216e0 | Completed: Task validation of syntax.
2019-07-06 07:42:09.165 1842 INFO rally.task.engine [-] Task 3d725827-dd46-421b-a422-86018c0216e0 | Starting: Task validation of required platforms.
2019-07-06 07:42:09.262 1842 INFO rally.task.engine [-] Task 3d725827-dd46-421b-a422-86018c0216e0 | Completed: Task validation of required platforms.
2019-07-06 07:42:09.263 1842 INFO rally.task.engine [-] Task 3d725827-dd46-421b-a422-86018c0216e0 | Starting: Task validation of semantic.
2019-07-06 07:42:09.263 1842 INFO rally.task.engine [-] Check health of the environment 'f2d40588-7165-4e02-b29f-7bbe25f3598b'.
2019-07-06 07:42:10.043 1842 INFO rally.task.engine [-] Platform existing@openstack (available: True): OK!
2019-07-06 07:42:10.061 1842 RALLYDEBUG rally_openstack.contexts.keystone.users [-] Creating 1 tenants using 20 threads
2019-07-06 07:42:11.829 1842 RALLYDEBUG rally_openstack.contexts.keystone.users [-] Creating 1 users using 20 threads
2019-07-06 07:42:14.156 1842 INFO rally.task.context [-] Task 3d725827-dd46-421b-a422-86018c0216e0 | Context users@openstack setup() finished in 4.09 sec
2019-07-06 07:42:15.051 1842 DEBUG novaclient.v2.client [-] REQ: curl -g -i -X GET http://172.30.9.34:8774/v2.1/flavors/detail -H "Accept: application/json" -H "User-Agent: python-novaclient" -H "X-Auth-Token: {SHA1}9d98b26f45a992380c713061197d323c8084539a" _http_log_request /usr/lib/python2.7/site-packages/keystoneauth1/session.py:448
2019-07-06 07:42:15.356 1842 DEBUG novaclient.v2.client [-] RESP: [200] Content-Encoding: gzip Content-Length: 365 Content-Type: application/json Date: Sat, 06 Jul 2019 07:42:15 GMT OpenStack-API-Version: compute 2.1 Server: Apache Vary: OpenStack-API-Version,X-OpenStack-Nova-API-Version,Accept-Encoding X-OpenStack-Nova-API-Version: 2.1 x-compute-request-id: req-c58bdc0a-9a21-45e6-bc17-5f82b5a52c92 x-openstack-request-id: req-c58bdc0a-9a21-45e6-bc17-5f82b5a52c92 _http_log_response /usr/lib/python2.7/site-packages/keystoneauth1/session.py:479
2019-07-06 07:42:15.357 1842 DEBUG novaclient.v2.client [-] RESP BODY: {"flavors": [{"name": "rally_full-flavor_alt_f2489a29-f8ca-483a-a1b0-238e311710dd", "links": [{"href": "http://172.30.9.34:8774/v2.1/flavors/0aeb5c35-84b7-4469-95f9-7e28a4a585a4", "rel": "self"}, {"href": "http://172.30.9.34:8774/flavors/0aeb5c35-84b7-4469-95f9-7e28a4a585a4", "rel": "bookmark"}], "ram": 1024, "OS-FLV-DISABLED:disabled": false, "vcpus": 1, "swap": "", "os-flavor-access:is_public": true, "rxtx_factor": 1.0, "OS-FLV-EXT-DATA:ephemeral": 0, "disk": 1, "id": "0aeb5c35-84b7-4469-95f9-7e28a4a585a4"}, {"name": "rally_full-flavor_f2489a29-f8ca-483a-a1b0-238e311710dd", "links": [{"href": "http://172.30.9.34:8774/v2.1/flavors/4d862a85-ac08-4e5e-be97-e3bef19cdc28", "rel": "self"}, {"href": "http://172.30.9.34:8774/flavors/4d862a85-ac08-4e5e-be97-e3bef19cdc28", "rel": "bookmark"}], "ram": 512, "OS-FLV-DISABLED:disabled": false, "vcpus": 1, "swap": "", "os-flavor-access:is_public": true, "rxtx_factor": 1.0, "OS-FLV-EXT-DATA:ephemeral": 0, "disk": 1, "id": "4d862a85-ac08-4e5e-be97-e3bef19cdc28"}]} _http_log_response /usr/lib/python2.7/site-packages/keystoneauth1/session.py:511
2019-07-06 07:42:15.357 1842 DEBUG novaclient.v2.client [-] GET call to compute for http://172.30.9.34:8774/v2.1/flavors/detail used request id req-c58bdc0a-9a21-45e6-bc17-5f82b5a52c92 request /usr/lib/python2.7/site-packages/keystoneauth1/session.py:844
2019-07-06 07:42:15.772 1842 DEBUG novaclient.v2.client [-] REQ: curl -g -i -X GET http://172.30.9.34:8774/v2.1/flavors/4d862a85-ac08-4e5e-be97-e3bef19cdc28 -H "Accept: application/json" -H "User-Agent: python-novaclient" -H "X-Auth-Token: {SHA1}8bc199d2f01a8fa1d45558a6ea3090fb42a82bd7" _http_log_request /usr/lib/python2.7/site-packages/keystoneauth1/session.py:448
2019-07-06 07:42:16.035 1842 DEBUG novaclient.v2.client [-] RESP: [200] Content-Encoding: gzip Content-Length: 311 Content-Type: application/json Date: Sat, 06 Jul 2019 07:42:15 GMT OpenStack-API-Version: compute 2.1 Server: Apache Vary: OpenStack-API-Version,X-OpenStack-Nova-API-Version,Accept-Encoding X-OpenStack-Nova-API-Version: 2.1 x-compute-request-id: req-c98f76d8-387c-4fc7-9851-8a2478d925e0 x-openstack-request-id: req-c98f76d8-387c-4fc7-9851-8a2478d925e0 _http_log_response /usr/lib/python2.7/site-packages/keystoneauth1/session.py:479
2019-07-06 07:42:16.036 1842 DEBUG novaclient.v2.client [-] RESP BODY: {"flavor": {"name": "rally_full-flavor_f2489a29-f8ca-483a-a1b0-238e311710dd", "links": [{"href": "http://172.30.9.34:8774/v2.1/flavors/4d862a85-ac08-4e5e-be97-e3bef19cdc28", "rel": "self"}, {"href": "http://172.30.9.34:8774/flavors/4d862a85-ac08-4e5e-be97-e3bef19cdc28", "rel": "bookmark"}], "ram": 512, "OS-FLV-DISABLED:disabled": false, "vcpus": 1, "swap": "", "os-flavor-access:is_public": true, "rxtx_factor": 1.0, "OS-FLV-EXT-DATA:ephemeral": 0, "disk": 1, "id": "4d862a85-ac08-4e5e-be97-e3bef19cdc28"}} _http_log_response /usr/lib/python2.7/site-packages/keystoneauth1/session.py:511
2019-07-06 07:42:16.036 1842 DEBUG novaclient.v2.client [-] GET call to compute for http://172.30.9.34:8774/v2.1/flavors/4d862a85-ac08-4e5e-be97-e3bef19cdc28 used request id req-c98f76d8-387c-4fc7-9851-8a2478d925e0 request /usr/lib/python2.7/site-packages/keystoneauth1/session.py:844
2019-07-06 07:42:21.129 1842 DEBUG novaclient.v2.client [-] REQ: curl -g -i -X GET http://172.30.9.34:8774/v2.1/flavors/detail -H "Accept: application/json" -H "User-Agent: python-novaclient" -H "X-Auth-Token: {SHA1}bfeb20209a4b0fecdb225bd70ad82ada0b91414a" _http_log_request /usr/lib/python2.7/site-packages/keystoneauth1/session.py:448
2019-07-06 07:42:21.401 1842 DEBUG novaclient.v2.client [-] RESP: [200] Content-Encoding: gzip Content-Length: 365 Content-Type: application/json Date: Sat, 06 Jul 2019 07:42:21 GMT OpenStack-API-Version: compute 2.1 Server: Apache Vary: OpenStack-API-Version,X-OpenStack-Nova-API-Version,Accept-Encoding X-OpenStack-Nova-API-Version: 2.1 x-compute-request-id: req-6aaa3e51-2962-4b6c-bf1c-40d8a206b07c x-openstack-request-id: req-6aaa3e51-2962-4b6c-bf1c-40d8a206b07c _http_log_response /usr/lib/python2.7/site-packages/keystoneauth1/session.py:479
2019-07-06 07:42:21.402 1842 DEBUG novaclient.v2.client [-] RESP BODY: {"flavors": [{"name": "rally_full-flavor_alt_f2489a29-f8ca-483a-a1b0-238e311710dd", "links": [{"href": "http://172.30.9.34:8774/v2.1/flavors/0aeb5c35-84b7-4469-95f9-7e28a4a585a4", "rel": "self"}, {"href": "http://172.30.9.34:8774/flavors/0aeb5c35-84b7-4469-95f9-7e28a4a585a4", "rel": "bookmark"}], "ram": 1024, "OS-FLV-DISABLED:disabled": false, "vcpus": 1, "swap": "", "os-flavor-access:is_public": true, "rxtx_factor": 1.0, "OS-FLV-EXT-DATA:ephemeral": 0, "disk": 1, "id": "0aeb5c35-84b7-4469-95f9-7e28a4a585a4"}, {"name": "rally_full-flavor_f2489a29-f8ca-483a-a1b0-238e311710dd", "links": [{"href": "http://172.30.9.34:8774/v2.1/flavors/4d862a85-ac08-4e5e-be97-e3bef19cdc28", "rel": "self"}, {"href": "http://172.30.9.34:8774/flavors/4d862a85-ac08-4e5e-be97-e3bef19cdc28", "rel": "bookmark"}], "ram": 512, "OS-FLV-DISABLED:disabled": false, "vcpus": 1, "swap": "", "os-flavor-access:is_public": true, "rxtx_factor": 1.0, "OS-FLV-EXT-DATA:ephemeral": 0, "disk": 1, "id": "4d862a85-ac08-4e5e-be97-e3bef19cdc28"}]} _http_log_response /usr/lib/python2.7/site-packages/keystoneauth1/session.py:511
2019-07-06 07:42:21.402 1842 DEBUG novaclient.v2.client [-] GET call to compute for http://172.30.9.34:8774/v2.1/flavors/detail used request id req-6aaa3e51-2962-4b6c-bf1c-40d8a206b07c request /usr/lib/python2.7/site-packages/keystoneauth1/session.py:844
2019-07-06 07:42:21.811 1842 DEBUG novaclient.v2.client [-] REQ: curl -g -i -X GET http://172.30.9.34:8774/v2.1/flavors/4d862a85-ac08-4e5e-be97-e3bef19cdc28 -H "Accept: application/json" -H "User-Agent: python-novaclient" -H "X-Auth-Token: {SHA1}a0f88634d783e2b49854cb1597a941e2f2484b49" _http_log_request /usr/lib/python2.7/site-packages/keystoneauth1/session.py:448
2019-07-06 07:42:22.021 1842 DEBUG novaclient.v2.client [-] RESP: [200] Content-Encoding: gzip Content-Length: 311 Content-Type: application/json Date: Sat, 06 Jul 2019 07:42:21 GMT OpenStack-API-Version: compute 2.1 Server: Apache Vary: OpenStack-API-Version,X-OpenStack-Nova-API-Version,Accept-Encoding X-OpenStack-Nova-API-Version: 2.1 x-compute-request-id: req-915d9112-3679-48cd-8c51-1edef8b23407 x-openstack-request-id: req-915d9112-3679-48cd-8c51-1edef8b23407 _http_log_response /usr/lib/python2.7/site-packages/keystoneauth1/session.py:479
2019-07-06 07:42:22.022 1842 DEBUG novaclient.v2.client [-] RESP BODY: {"flavor": {"name": "rally_full-flavor_f2489a29-f8ca-483a-a1b0-238e311710dd", "links": [{"href": "http://172.30.9.34:8774/v2.1/flavors/4d862a85-ac08-4e5e-be97-e3bef19cdc28", "rel": "self"}, {"href": "http://172.30.9.34:8774/flavors/4d862a85-ac08-4e5e-be97-e3bef19cdc28", "rel": "bookmark"}], "ram": 512, "OS-FLV-DISABLED:disabled": false, "vcpus": 1, "swap": "", "os-flavor-access:is_public": true, "rxtx_factor": 1.0, "OS-FLV-EXT-DATA:ephemeral": 0, "disk": 1, "id": "4d862a85-ac08-4e5e-be97-e3bef19cdc28"}} _http_log_response /usr/lib/python2.7/site-packages/keystoneauth1/session.py:511
2019-07-06 07:42:22.022 1842 DEBUG novaclient.v2.client [-] GET call to compute for http://172.30.9.34:8774/v2.1/flavors/4d862a85-ac08-4e5e-be97-e3bef19cdc28 used request id req-915d9112-3679-48cd-8c51-1edef8b23407 request /usr/lib/python2.7/site-packages/keystoneauth1/session.py:844
2019-07-06 07:42:23.851 1842 DEBUG novaclient.v2.client [-] REQ: curl -g -i -X GET http://172.30.9.34:8774/v2.1/flavors/detail -H "Accept: application/json" -H "User-Agent: python-novaclient" -H "X-Auth-Token: {SHA1}46b0a6d01fb5b1f4af1a55fa76ef5c5529cdc2fd" _http_log_request /usr/lib/python2.7/site-packages/keystoneauth1/session.py:448
2019-07-06 07:42:24.053 1842 DEBUG novaclient.v2.client [-] RESP: [200] Content-Encoding: gzip Content-Length: 365 Content-Type: application/json Date: Sat, 06 Jul 2019 07:42:23 GMT OpenStack-API-Version: compute 2.1 Server: Apache Vary: OpenStack-API-Version,X-OpenStack-Nova-API-Version,Accept-Encoding X-OpenStack-Nova-API-Version: 2.1 x-compute-request-id: req-1d7a9a86-77ce-4913-babb-db46f43d9357 x-openstack-request-id: req-1d7a9a86-77ce-4913-babb-db46f43d9357 _http_log_response /usr/lib/python2.7/site-packages/keystoneauth1/session.py:479
2019-07-06 07:42:24.053 1842 DEBUG novaclient.v2.client [-] RESP BODY: {"flavors": [{"name": "rally_full-flavor_alt_f2489a29-f8ca-483a-a1b0-238e311710dd", "links": [{"href": "http://172.30.9.34:8774/v2.1/flavors/0aeb5c35-84b7-4469-95f9-7e28a4a585a4", "rel": "self"}, {"href": "http://172.30.9.34:8774/flavors/0aeb5c35-84b7-4469-95f9-7e28a4a585a4", "rel": "bookmark"}], "ram": 1024, "OS-FLV-DISABLED:disabled": false, "vcpus": 1, "swap": "", "os-flavor-access:is_public": true, "rxtx_factor": 1.0, "OS-FLV-EXT-DATA:ephemeral": 0, "disk": 1, "id": "0aeb5c35-84b7-4469-95f9-7e28a4a585a4"}, {"name": "rally_full-flavor_f2489a29-f8ca-483a-a1b0-238e311710dd", "links": [{"href": "http://172.30.9.34:8774/v2.1/flavors/4d862a85-ac08-4e5e-be97-e3bef19cdc28", "rel": "self"}, {"href": "http://172.30.9.34:8774/flavors/4d862a85-ac08-4e5e-be97-e3bef19cdc28", "rel": "bookmark"}], "ram": 512, "OS-FLV-DISABLED:disabled": false, "vcpus": 1, "swap": "", "os-flavor-access:is_public": true, "rxtx_factor": 1.0, "OS-FLV-EXT-DATA:ephemeral": 0, "disk": 1, "id": "4d862a85-ac08-4e5e-be97-e3bef19cdc28"}]} _http_log_response /usr/lib/python2.7/site-packages/keystoneauth1/session.py:511
2019-07-06 07:42:24.054 1842 DEBUG novaclient.v2.client [-] GET call to compute for http://172.30.9.34:8774/v2.1/flavors/detail used request id req-1d7a9a86-77ce-4913-babb-db46f43d9357 request /usr/lib/python2.7/site-packages/keystoneauth1/session.py:844
2019-07-06 07:42:24.470 1842 DEBUG novaclient.v2.client [-] REQ: curl -g -i -X GET http://172.30.9.34:8774/v2.1/flavors/4d862a85-ac08-4e5e-be97-e3bef19cdc28 -H "Accept: application/json" -H "User-Agent: python-novaclient" -H "X-Auth-Token: {SHA1}a406f0b8ca285b1880a6c6277b1987c44c98564e" _http_log_request /usr/lib/python2.7/site-packages/keystoneauth1/session.py:448
2019-07-06 07:42:24.757 1842 DEBUG novaclient.v2.client [-] RESP: [200] Content-Encoding: gzip Content-Length: 311 Content-Type: application/json Date: Sat, 06 Jul 2019 07:42:24 GMT OpenStack-API-Version: compute 2.1 Server: Apache Vary: OpenStack-API-Version,X-OpenStack-Nova-API-Version,Accept-Encoding X-OpenStack-Nova-API-Version: 2.1 x-compute-request-id: req-490e8023-f1d0-4634-bf44-cce00fb435a4 x-openstack-request-id: req-490e8023-f1d0-4634-bf44-cce00fb435a4 _http_log_response /usr/lib/python2.7/site-packages/keystoneauth1/session.py:479
2019-07-06 07:42:24.757 1842 DEBUG novaclient.v2.client [-] RESP BODY: {"flavor": {"name": "rally_full-flavor_f2489a29-f8ca-483a-a1b0-238e311710dd", "links": [{"href": "http://172.30.9.34:8774/v2.1/flavors/4d862a85-ac08-4e5e-be97-e3bef19cdc28", "rel": "self"}, {"href": "http://172.30.9.34:8774/flavors/4d862a85-ac08-4e5e-be97-e3bef19cdc28", "rel": "bookmark"}], "ram": 512, "OS-FLV-DISABLED:disabled": false, "vcpus": 1, "swap": "", "os-flavor-access:is_public": true, "rxtx_factor": 1.0, "OS-FLV-EXT-DATA:ephemeral": 0, "disk": 1, "id": "4d862a85-ac08-4e5e-be97-e3bef19cdc28"}} _http_log_response /usr/lib/python2.7/site-packages/keystoneauth1/session.py:511
2019-07-06 07:42:24.758 1842 DEBUG novaclient.v2.client [-] GET call to compute for http://172.30.9.34:8774/v2.1/flavors/4d862a85-ac08-4e5e-be97-e3bef19cdc28 used request id req-490e8023-f1d0-4634-bf44-cce00fb435a4 request /usr/lib/python2.7/site-packages/keystoneauth1/session.py:844
2019-07-06 07:42:34.501 1842 INFO rally.task.context [-] Task 3d725827-dd46-421b-a422-86018c0216e0 | Context users@openstack cleanup() started
2019-07-06 07:42:38.870 1842 INFO rally.task.context [-] Task 3d725827-dd46-421b-a422-86018c0216e0 | Context users@openstack cleanup() finished in 4.37 sec
2019-07-06 07:42:38.871 1842 INFO rally.task.engine [-] Task 3d725827-dd46-421b-a422-86018c0216e0 | Completed: Task validation of semantic.
2019-07-06 07:42:38.871 1842 INFO rally.task.engine [-] Task 3d725827-dd46-421b-a422-86018c0216e0 | Completed: Task validation.
2019-07-06 07:42:38.871 1842 INFO rally.api [-] Task 3d725827-dd46-421b-a422-86018c0216e0 input file is valid.
2019-07-06 07:42:38.872 1842 INFO rally.api [-] Run Task 3d725827-dd46-421b-a422-86018c0216e0 against Deployment f2d40588-7165-4e02-b29f-7bbe25f3598b
2019-07-06 07:42:38.872 1842 INFO rally.task.engine [-] Task 3d725827-dd46-421b-a422-86018c0216e0 | Starting: Running task.
2019-07-06 07:42:39.002 1842 INFO rally.task.engine [-] Running workload: position = 0 config = { "version": 2, "title": "A cropped version of a bigger task.", "description": "Auto-generated task from a single workload (uuid=a8171df4-0278-4ad0-910a-40abc44bf4a0)", "subtasks": [ { "title": "CinderVolumes.create_and_attach_volume", "description": "Create a VM and attach a volume to it.", "scenario": { "CinderVolumes.create_and_attach_volume": { "flavor": { "name": "rally_full-flavor_f2489a29-f8ca-483a-a1b0-238e311710dd" }, "image": { "name": "rally_full-img_f2489a29-f8ca-483a-a1b0-238e311710dd" }, "size": 1, "nics": [ { "net-id": "fff87a56-e690-4487-b4af-0b5c1fe1407c" } ] } }, "contexts": { "users": { "tenants": 3, "users_per_tenant": 2 }, "quotas": { "cinder": { "gigabytes": -1, "snapshots": -1, "volumes": -1 } }, "api_versions": { "cinder": { "version": 3, "service_type": "volumev3" } } }, "runner": { "constant": { "concurrency": 4, "times": 10 } }, "hooks": [], "sla": { "failure_rate": { "max": 0 } } } ] }
2019-07-06 07:42:39.024 1842 RALLYDEBUG rally_openstack.contexts.keystone.users [-] Creating 3 tenants using 20 threads
2019-07-06 07:42:40.867 1842 RALLYDEBUG rally_openstack.contexts.keystone.users [-] Creating 6 users using 20 threads
2019-07-06 07:42:43.654 1842 INFO rally.task.context [-] Task 3d725827-dd46-421b-a422-86018c0216e0 | Context users@openstack setup() finished in 4.63 sec
2019-07-06 07:42:44.077 1842 INFO rally.task.context [-] Task 3d725827-dd46-421b-a422-86018c0216e0 | Context api_versions@openstack setup() finished in 0.42 sec
2019-07-06 07:42:45.678 1842 INFO rally.task.context [-] Task 3d725827-dd46-421b-a422-86018c0216e0 | Context quotas@openstack setup() finished in 1.60 sec
2019-07-06 07:42:45.679 1842 INFO rally.task.context [-] Task 3d725827-dd46-421b-a422-86018c0216e0 | Context cleanup@openstack setup() finished in 0.01 msec
2019-07-06 07:42:46.804 1842 DEBUG novaclient.v2.client [-] REQ: curl -g -i -X GET http://172.30.9.34:8774/v2.1/flavors/detail -H "Accept: application/json" -H "User-Agent: python-novaclient" -H "X-Auth-Token: {SHA1}8185d0385642619f97007cfd4f40ece0959b2d3e" _http_log_request /usr/lib/python2.7/site-packages/keystoneauth1/session.py:448
2019-07-06 07:42:47.074 1842 DEBUG novaclient.v2.client [-] RESP: [200] Content-Encoding: gzip Content-Length: 365 Content-Type: application/json Date: Sat, 06 Jul 2019 07:42:46 GMT OpenStack-API-Version: compute 2.1 Server: Apache Vary: OpenStack-API-Version,X-OpenStack-Nova-API-Version,Accept-Encoding X-OpenStack-Nova-API-Version: 2.1 x-compute-request-id: req-3fb14145-f00c-47c9-a9df-bee73fc4526f x-openstack-request-id: req-3fb14145-f00c-47c9-a9df-bee73fc4526f _http_log_response /usr/lib/python2.7/site-packages/keystoneauth1/session.py:479
2019-07-06 07:42:47.075 1842 DEBUG novaclient.v2.client [-] RESP BODY: {"flavors": [{"name": "rally_full-flavor_alt_f2489a29-f8ca-483a-a1b0-238e311710dd", "links": [{"href": "http://172.30.9.34:8774/v2.1/flavors/0aeb5c35-84b7-4469-95f9-7e28a4a585a4", "rel": "self"}, {"href": "http://172.30.9.34:8774/flavors/0aeb5c35-84b7-4469-95f9-7e28a4a585a4", "rel": "bookmark"}], "ram": 1024, "OS-FLV-DISABLED:disabled": false, "vcpus": 1, "swap": "", "os-flavor-access:is_public": true, "rxtx_factor": 1.0, "OS-FLV-EXT-DATA:ephemeral": 0, "disk": 1, "id": "0aeb5c35-84b7-4469-95f9-7e28a4a585a4"}, {"name": "rally_full-flavor_f2489a29-f8ca-483a-a1b0-238e311710dd", "links": [{"href": "http://172.30.9.34:8774/v2.1/flavors/4d862a85-ac08-4e5e-be97-e3bef19cdc28", "rel": "self"}, {"href": "http://172.30.9.34:8774/flavors/4d862a85-ac08-4e5e-be97-e3bef19cdc28", "rel": "bookmark"}], "ram": 512, "OS-FLV-DISABLED:disabled": false, "vcpus": 1, "swap": "", "os-flavor-access:is_public": true, "rxtx_factor": 1.0, "OS-FLV-EXT-DATA:ephemeral": 0, "disk": 1, "id": "4d862a85-ac08-4e5e-be97-e3bef19cdc28"}]} _http_log_response /usr/lib/python2.7/site-packages/keystoneauth1/session.py:511
2019-07-06 07:42:47.075 1842 DEBUG novaclient.v2.client [-] GET call to compute for http://172.30.9.34:8774/v2.1/flavors/detail used request id req-3fb14145-f00c-47c9-a9df-bee73fc4526f request /usr/lib/python2.7/site-packages/keystoneauth1/session.py:844
2019-07-06 07:42:47.077 1842 RALLYDEBUG rally.task.runner [-] Starting the constant runner (task UUID: 3d725827-dd46-421b-a422-86018c0216e0). timeout: 0 concurrency: 4 concurrency_per_worker: 1 times: 10 concurrency_overhead: 0 processes_to_start: 4 max_cpu_used: 16
2019-07-06 07:42:47.091 1966 RALLYDEBUG rally.task.runner [-] Starting a worker. concurrency: 1 args: {"flavor": "4d862a85-ac08-4e5e-be97-e3bef19cdc28", "image": "5d916c35-62cb-43c5-85a8-e19a914fe7ab", "size": 1, "nics": [{"net-id": "fff87a56-e690-4487-b4af-0b5c1fe1407c"}]} times: 10 method_name: run timeout: 0 duration: None cls:
2019-07-06 07:42:47.093 1967 RALLYDEBUG rally.task.runner [-] Starting a worker. concurrency: 1 args: {"flavor": "4d862a85-ac08-4e5e-be97-e3bef19cdc28", "image": "5d916c35-62cb-43c5-85a8-e19a914fe7ab", "size": 1, "nics": [{"net-id": "fff87a56-e690-4487-b4af-0b5c1fe1407c"}]} times: 10 method_name: run timeout: 0 duration: None cls:
2019-07-06 07:42:47.096 1968 RALLYDEBUG rally.task.runner [-] Starting a worker. concurrency: 1 args: {"flavor": "4d862a85-ac08-4e5e-be97-e3bef19cdc28", "image": "5d916c35-62cb-43c5-85a8-e19a914fe7ab", "size": 1, "nics": [{"net-id": "fff87a56-e690-4487-b4af-0b5c1fe1407c"}]} times: 10 method_name: run timeout: 0 duration: None cls:
2019-07-06 07:42:47.099 1969 RALLYDEBUG rally.task.runner [-] Starting a worker. concurrency: 1 args: {"flavor": "4d862a85-ac08-4e5e-be97-e3bef19cdc28", "image": "5d916c35-62cb-43c5-85a8-e19a914fe7ab", "size": 1, "nics": [{"net-id": "fff87a56-e690-4487-b4af-0b5c1fe1407c"}]} times: 10 method_name: run timeout: 0 duration: None cls:
2019-07-06 07:42:47.102 1966 INFO rally.task.runner [-] Task 3d725827-dd46-421b-a422-86018c0216e0 | ITER: 1 START
2019-07-06 07:42:47.105 1967 INFO rally.task.runner [-] Task 3d725827-dd46-421b-a422-86018c0216e0 | ITER: 2 START
2019-07-06 07:42:47.107 1968 INFO rally.task.runner [-] Task 3d725827-dd46-421b-a422-86018c0216e0 | ITER: 3 START
2019-07-06 07:42:47.110 1969 INFO rally.task.runner [-] Task 3d725827-dd46-421b-a422-86018c0216e0 | ITER: 4 START
2019-07-06 07:42:47.537 1968 DEBUG novaclient.v2.client [-] REQ: curl -g -i -X POST http://172.30.9.34:8774/v2.1/servers -H "Accept: application/json" -H "Content-Type: application/json" -H "User-Agent: python-novaclient" -H "X-Auth-Token: {SHA1}6a5e76b0fb86f8fe68a7c66eb1471824cd30dda4" -d '{"server": {"name": "s_rally_a8171df4_uMPsEgd9", "imageRef": "5d916c35-62cb-43c5-85a8-e19a914fe7ab", "flavorRef": "4d862a85-ac08-4e5e-be97-e3bef19cdc28", "max_count": 1, "min_count": 1, "networks": [{"uuid": "fff87a56-e690-4487-b4af-0b5c1fe1407c"}]}}' _http_log_request /usr/lib/python2.7/site-packages/keystoneauth1/session.py:448
2019-07-06 07:42:47.546 1966 DEBUG novaclient.v2.client [-] REQ: curl -g -i -X POST http://172.30.9.34:8774/v2.1/servers -H "Accept: application/json" -H "Content-Type: application/json" -H "User-Agent: python-novaclient" -H "X-Auth-Token: {SHA1}7d84a4456a0ff366f07227fb78464b3a4b459209" -d '{"server": {"name": "s_rally_a8171df4_eLdSQPiT", "imageRef": "5d916c35-62cb-43c5-85a8-e19a914fe7ab", "flavorRef": "4d862a85-ac08-4e5e-be97-e3bef19cdc28", "max_count": 1, "min_count": 1, "networks": [{"uuid": "fff87a56-e690-4487-b4af-0b5c1fe1407c"}]}}' _http_log_request /usr/lib/python2.7/site-packages/keystoneauth1/session.py:448
2019-07-06 07:42:47.559 1969 DEBUG novaclient.v2.client [-] REQ: curl -g -i -X POST http://172.30.9.34:8774/v2.1/servers -H "Accept: application/json" -H "Content-Type: application/json" -H "User-Agent: python-novaclient" -H "X-Auth-Token: {SHA1}14e30a1cc947b679ce4499b3b809f9d2df971f1d" -d '{"server": {"name": "s_rally_a8171df4_sIbRPwqq", "imageRef": "5d916c35-62cb-43c5-85a8-e19a914fe7ab", "flavorRef": "4d862a85-ac08-4e5e-be97-e3bef19cdc28", "max_count": 1, "min_count": 1, "networks": [{"uuid": "fff87a56-e690-4487-b4af-0b5c1fe1407c"}]}}' _http_log_request /usr/lib/python2.7/site-packages/keystoneauth1/session.py:448
2019-07-06 07:42:47.561 1967 DEBUG novaclient.v2.client [-] REQ: curl -g -i -X POST http://172.30.9.34:8774/v2.1/servers -H "Accept: application/json" -H "Content-Type: application/json" -H "User-Agent: python-novaclient" -H "X-Auth-Token: {SHA1}ff4ece9a4d7690281d5e53266a26124b448a7146" -d '{"server": {"name": "s_rally_a8171df4_3GIHbrAk", "imageRef": "5d916c35-62cb-43c5-85a8-e19a914fe7ab", "flavorRef": "4d862a85-ac08-4e5e-be97-e3bef19cdc28", "max_count": 1, "min_count": 1, "networks": [{"uuid": "fff87a56-e690-4487-b4af-0b5c1fe1407c"}]}}' _http_log_request /usr/lib/python2.7/site-packages/keystoneauth1/session.py:448
2019-07-06 07:42:49.518 1967 DEBUG novaclient.v2.client [-] RESP: [202] Content-Length: 374 Content-Type: application/json Date: Sat, 06 Jul 2019 07:42:47 GMT OpenStack-API-Version: compute 2.1 Server: Apache Vary: OpenStack-API-Version,X-OpenStack-Nova-API-Version X-OpenStack-Nova-API-Version: 2.1 location: http://172.30.9.34:8774/v2.1/servers/a76e5ed2-36af-408e-be92-7eb430e4dba1 x-compute-request-id: req-e00ed21b-bf5f-46e5-88f6-95ffef7e66e8 x-openstack-request-id: req-e00ed21b-bf5f-46e5-88f6-95ffef7e66e8 _http_log_response /usr/lib/python2.7/site-packages/keystoneauth1/session.py:479
2019-07-06 07:42:49.519 1967 DEBUG novaclient.v2.client [-] RESP BODY: {"server": {"security_groups": [{"name": "default"}], "OS-DCF:diskConfig": "MANUAL", "id": "a76e5ed2-36af-408e-be92-7eb430e4dba1", "links": [{"href": "http://172.30.9.34:8774/v2.1/servers/a76e5ed2-36af-408e-be92-7eb430e4dba1", "rel": "self"}, {"href": "http://172.30.9.34:8774/servers/a76e5ed2-36af-408e-be92-7eb430e4dba1", "rel": "bookmark"}], "adminPass": "WH9myK6jYaMh"}} _http_log_response /usr/lib/python2.7/site-packages/keystoneauth1/session.py:511
2019-07-06 07:42:49.519 1967 DEBUG novaclient.v2.client [-] POST call to compute for http://172.30.9.34:8774/v2.1/servers used request id req-e00ed21b-bf5f-46e5-88f6-95ffef7e66e8 request /usr/lib/python2.7/site-packages/keystoneauth1/session.py:844
2019-07-06 07:42:49.646 1968 DEBUG novaclient.v2.client [-] RESP: [202] Content-Length: 374 Content-Type: application/json Date: Sat, 06 Jul 2019 07:42:47 GMT OpenStack-API-Version: compute 2.1 Server: Apache Vary: OpenStack-API-Version,X-OpenStack-Nova-API-Version X-OpenStack-Nova-API-Version: 2.1 location: http://172.30.9.34:8774/v2.1/servers/0041b58e-6228-48cd-94ab-7979fa5cc1ce x-compute-request-id: req-8f601821-363f-4521-b5cc-0655b50b20c5 x-openstack-request-id: req-8f601821-363f-4521-b5cc-0655b50b20c5 _http_log_response /usr/lib/python2.7/site-packages/keystoneauth1/session.py:479
2019-07-06 07:42:49.646 1968 DEBUG novaclient.v2.client [-] RESP BODY: {"server": {"security_groups": [{"name": "default"}], "OS-DCF:diskConfig": "MANUAL", "id": "0041b58e-6228-48cd-94ab-7979fa5cc1ce", "links": [{"href": "http://172.30.9.34:8774/v2.1/servers/0041b58e-6228-48cd-94ab-7979fa5cc1ce", "rel": "self"}, {"href": "http://172.30.9.34:8774/servers/0041b58e-6228-48cd-94ab-7979fa5cc1ce", "rel": "bookmark"}], "adminPass": "2UNsCW83Ri7p"}} _http_log_response /usr/lib/python2.7/site-packages/keystoneauth1/session.py:511
2019-07-06 07:42:49.647 1968 DEBUG novaclient.v2.client [-] POST call to compute for http://172.30.9.34:8774/v2.1/servers used request id req-8f601821-363f-4521-b5cc-0655b50b20c5 request /usr/lib/python2.7/site-packages/keystoneauth1/session.py:844
2019-07-06 07:42:50.046 1969 DEBUG novaclient.v2.client [-] RESP: [202] Content-Length: 374 Content-Type: application/json Date: Sat, 06 Jul 2019 07:42:47 GMT OpenStack-API-Version: compute 2.1 Server: Apache Vary: OpenStack-API-Version,X-OpenStack-Nova-API-Version X-OpenStack-Nova-API-Version: 2.1 location: http://172.30.9.34:8774/v2.1/servers/395ac8cf-b888-4153-89fe-f998377ba356 x-compute-request-id: req-b27e4418-d806-4a2e-827a-9a9a7e4cbd41 x-openstack-request-id: req-b27e4418-d806-4a2e-827a-9a9a7e4cbd41 _http_log_response /usr/lib/python2.7/site-packages/keystoneauth1/session.py:479
2019-07-06 07:42:50.047 1969 DEBUG novaclient.v2.client [-] RESP BODY: {"server": {"security_groups": [{"name": "default"}], "OS-DCF:diskConfig": "MANUAL", "id": "395ac8cf-b888-4153-89fe-f998377ba356", "links": [{"href": "http://172.30.9.34:8774/v2.1/servers/395ac8cf-b888-4153-89fe-f998377ba356", "rel": "self"}, {"href": "http://172.30.9.34:8774/servers/395ac8cf-b888-4153-89fe-f998377ba356", "rel": "bookmark"}], "adminPass": "77Hyn7SBAR6M"}} _http_log_response /usr/lib/python2.7/site-packages/keystoneauth1/session.py:511
2019-07-06 07:42:50.048 1969 DEBUG novaclient.v2.client [-] POST call to compute for http://172.30.9.34:8774/v2.1/servers used request id req-b27e4418-d806-4a2e-827a-9a9a7e4cbd41 request /usr/lib/python2.7/site-packages/keystoneauth1/session.py:844
2019-07-06 07:42:50.425 1966 DEBUG novaclient.v2.client [-] RESP: [202] Content-Length: 374 Content-Type: application/json Date: Sat, 06 Jul 2019 07:42:47 GMT OpenStack-API-Version: compute 2.1 Server: Apache Vary: OpenStack-API-Version,X-OpenStack-Nova-API-Version X-OpenStack-Nova-API-Version: 2.1 location: http://172.30.9.34:8774/v2.1/servers/00e955e4-fc9e-40fc-a92d-4f1d66a25e7f x-compute-request-id: req-c16c64bb-901b-4a6a-aa52-012f4c929a69 x-openstack-request-id: req-c16c64bb-901b-4a6a-aa52-012f4c929a69 _http_log_response /usr/lib/python2.7/site-packages/keystoneauth1/session.py:479
2019-07-06 07:42:50.425 1966 DEBUG novaclient.v2.client [-] RESP BODY: {"server": {"security_groups": [{"name": "default"}], "OS-DCF:diskConfig": "MANUAL", "id": "00e955e4-fc9e-40fc-a92d-4f1d66a25e7f", "links": [{"href": "http://172.30.9.34:8774/v2.1/servers/00e955e4-fc9e-40fc-a92d-4f1d66a25e7f", "rel": "self"}, {"href": "http://172.30.9.34:8774/servers/00e955e4-fc9e-40fc-a92d-4f1d66a25e7f", "rel": "bookmark"}], "adminPass": "6gjT3GuBuhtD"}} _http_log_response /usr/lib/python2.7/site-packages/keystoneauth1/session.py:511
2019-07-06 07:42:50.426 1966 DEBUG novaclient.v2.client [-] POST call to compute for http://172.30.9.34:8774/v2.1/servers used request id req-c16c64bb-901b-4a6a-aa52-012f4c929a69 request /usr/lib/python2.7/site-packages/keystoneauth1/session.py:844
2019-07-06 07:42:50.523 1967 DEBUG novaclient.v2.client [-] REQ: curl -g -i -X GET http://172.30.9.34:8774/v2.1/servers/a76e5ed2-36af-408e-be92-7eb430e4dba1 -H "Accept: application/json" -H "User-Agent: python-novaclient" -H "X-Auth-Token: {SHA1}ff4ece9a4d7690281d5e53266a26124b448a7146" _http_log_request /usr/lib/python2.7/site-packages/keystoneauth1/session.py:448
2019-07-06 07:42:50.650 1968 DEBUG novaclient.v2.client [-] REQ: curl -g -i -X GET http://172.30.9.34:8774/v2.1/servers/0041b58e-6228-48cd-94ab-7979fa5cc1ce -H "Accept: application/json" -H "User-Agent: python-novaclient" -H "X-Auth-Token: {SHA1}6a5e76b0fb86f8fe68a7c66eb1471824cd30dda4" _http_log_request /usr/lib/python2.7/site-packages/keystoneauth1/session.py:448
2019-07-06 07:42:51.052 1969 DEBUG novaclient.v2.client [-] REQ: curl -g -i -X GET http://172.30.9.34:8774/v2.1/servers/395ac8cf-b888-4153-89fe-f998377ba356 -H "Accept: application/json" -H "User-Agent: python-novaclient" -H "X-Auth-Token: {SHA1}14e30a1cc947b679ce4499b3b809f9d2df971f1d" _http_log_request /usr/lib/python2.7/site-packages/keystoneauth1/session.py:448
2019-07-06 07:42:51.263 1967 DEBUG novaclient.v2.client [-] RESP: [200] Content-Encoding: gzip Content-Length: 624 Content-Type: application/json Date: Sat, 06 Jul 2019 07:42:50 GMT OpenStack-API-Version: compute 2.1 Server: Apache Vary: OpenStack-API-Version,X-OpenStack-Nova-API-Version,Accept-Encoding X-OpenStack-Nova-API-Version: 2.1 x-compute-request-id: req-843e8acf-ba84-44c8-90e7-32d4d357cc60 x-openstack-request-id: req-843e8acf-ba84-44c8-90e7-32d4d357cc60 _http_log_response /usr/lib/python2.7/site-packages/keystoneauth1/session.py:479
2019-07-06 07:42:51.263 1967 DEBUG novaclient.v2.client [-] RESP BODY: {"server": {"OS-EXT-STS:task_state": null, "addresses": {}, "links": [{"href": "http://172.30.9.34:8774/v2.1/servers/a76e5ed2-36af-408e-be92-7eb430e4dba1", "rel": "self"}, {"href": "http://172.30.9.34:8774/servers/a76e5ed2-36af-408e-be92-7eb430e4dba1", "rel": "bookmark"}], "image": {"id": "5d916c35-62cb-43c5-85a8-e19a914fe7ab", "links": [{"href": "http://172.30.9.34:8774/images/5d916c35-62cb-43c5-85a8-e19a914fe7ab", "rel": "bookmark"}]}, "OS-EXT-STS:vm_state": "building", "OS-SRV-USG:launched_at": null, "flavor": {"id": "4d862a85-ac08-4e5e-be97-e3bef19cdc28", "links": [{"href": "http://172.30.9.34:8774/flavors/4d862a85-ac08-4e5e-be97-e3bef19cdc28", "rel": "bookmark"}]}, "id": "a76e5ed2-36af-408e-be92-7eb430e4dba1", "user_id": "1e42725d0b9840198b27d4759a445dee", "OS-DCF:diskConfig": "MANUAL", "accessIPv4": "", "accessIPv6": "", "progress": 0, "OS-EXT-STS:power_state": 0, "OS-EXT-AZ:availability_zone": "nova", "config_drive": "", "status": "BUILD", "updated": "2019-07-06T07:42:50Z", "hostId": "467865853a277aa570fa6c151ac15128cf1c77fdbf77f32b3fd6ede3", "OS-SRV-USG:terminated_at": null, "key_name": null, "name": "s_rally_a8171df4_3GIHbrAk", "created": "2019-07-06T07:42:49Z", "tenant_id": "766a7fc3e62c40d1a8e6569f1d8af1c0", "os-extended-volumes:volumes_attached": [], "metadata": {}}} _http_log_response /usr/lib/python2.7/site-packages/keystoneauth1/session.py:511
