2019-07-06 07:54:08.394 1842 DEBUG novaclient.v2.client [-] RESP: [200] Content-Length: 16 Content-Type: application/json Date: Sat, 06 Jul 2019 07:54:08 GMT OpenStack-API-Version: compute 2.1 Server: Apache Vary: OpenStack-API-Version,X-OpenStack-Nova-API-Version X-OpenStack-Nova-API-Version: 2.1 x-compute-request-id: req-3b8753e2-a092-466b-aed7-5633198a177c x-openstack-request-id: req-3b8753e2-a092-466b-aed7-5633198a177c _http_log_response /usr/lib/python2.7/site-packages/keystoneauth1/session.py:479
2019-07-06 07:54:08.394 1842 DEBUG novaclient.v2.client [-] RESP BODY: {"keypairs": []} _http_log_response /usr/lib/python2.7/site-packages/keystoneauth1/session.py:511
2019-07-06 07:54:08.394 1842 DEBUG novaclient.v2.client [-] GET call to compute for http://172.30.9.34:8774/v2.1/os-keypairs used request id req-3b8753e2-a092-466b-aed7-5633198a177c request /usr/lib/python2.7/site-packages/keystoneauth1/session.py:844
2019-07-06 07:54:08.807 1842 DEBUG novaclient.v2.client [-] REQ: curl -g -i -X GET http://172.30.9.34:8774/v2.1/os-keypairs -H "Accept: application/json" -H "User-Agent: python-novaclient" -H "X-Auth-Token: {SHA1}e27226934bf363a5c81c86178c69b86065e343b3" _http_log_request /usr/lib/python2.7/site-packages/keystoneauth1/session.py:448
2019-07-06 07:54:09.001 1842 DEBUG novaclient.v2.client [-] RESP: [200] Content-Length: 16 Content-Type: application/json Date: Sat, 06 Jul 2019 07:54:08 GMT OpenStack-API-Version: compute 2.1 Server: Apache Vary: OpenStack-API-Version,X-OpenStack-Nova-API-Version X-OpenStack-Nova-API-Version: 2.1 x-compute-request-id: req-f3565826-29a8-4f9a-863c-ac9cc59cab1c x-openstack-request-id: req-f3565826-29a8-4f9a-863c-ac9cc59cab1c _http_log_response /usr/lib/python2.7/site-packages/keystoneauth1/session.py:479
2019-07-06 07:54:09.002 1842 DEBUG novaclient.v2.client [-] RESP BODY: {"keypairs": []} _http_log_response /usr/lib/python2.7/site-packages/keystoneauth1/session.py:511
2019-07-06 07:54:09.002 1842 DEBUG novaclient.v2.client [-] GET call to compute for http://172.30.9.34:8774/v2.1/os-keypairs used request id req-f3565826-29a8-4f9a-863c-ac9cc59cab1c request /usr/lib/python2.7/site-packages/keystoneauth1/session.py:844
2019-07-06 07:54:09.422 1842 DEBUG novaclient.v2.client [-] REQ: curl -g -i -X GET http://172.30.9.34:8774/v2.1/os-keypairs -H "Accept: application/json" -H "User-Agent: python-novaclient" -H "X-Auth-Token: {SHA1}1eb2ff468f32aa95d1d4057a067e5cc70966a67e" _http_log_request /usr/lib/python2.7/site-packages/keystoneauth1/session.py:448
2019-07-06 07:54:09.620 1842 DEBUG novaclient.v2.client [-] RESP: [200] Content-Length: 16 Content-Type: application/json Date: Sat, 06 Jul 2019 07:54:09 GMT OpenStack-API-Version: compute 2.1 Server: Apache Vary: OpenStack-API-Version,X-OpenStack-Nova-API-Version X-OpenStack-Nova-API-Version: 2.1 x-compute-request-id: req-86074b93-f58a-4db4-ac7d-ddbe53ba38de x-openstack-request-id: req-86074b93-f58a-4db4-ac7d-ddbe53ba38de _http_log_response /usr/lib/python2.7/site-packages/keystoneauth1/session.py:479
2019-07-06 07:54:09.620 1842 DEBUG novaclient.v2.client [-] RESP BODY: {"keypairs": []} _http_log_response /usr/lib/python2.7/site-packages/keystoneauth1/session.py:511
2019-07-06 07:54:09.621 1842 DEBUG novaclient.v2.client [-] GET call to compute for http://172.30.9.34:8774/v2.1/os-keypairs used request id req-86074b93-f58a-4db4-ac7d-ddbe53ba38de request /usr/lib/python2.7/site-packages/keystoneauth1/session.py:844
2019-07-06 07:54:10.030 1842 DEBUG novaclient.v2.client [-] REQ: curl -g -i -X GET http://172.30.9.34:8774/v2.1/os-keypairs -H "Accept: application/json" -H "User-Agent: python-novaclient" -H "X-Auth-Token: {SHA1}873d9ee534dfadfbaaa083143c33642b77ac9c16" _http_log_request /usr/lib/python2.7/site-packages/keystoneauth1/session.py:448
2019-07-06 07:54:10.228 1842 DEBUG novaclient.v2.client [-] RESP: [200] Content-Length: 16 Content-Type: application/json Date: Sat, 06 Jul 2019 07:54:10 GMT OpenStack-API-Version: compute 2.1 Server: Apache Vary: OpenStack-API-Version,X-OpenStack-Nova-API-Version X-OpenStack-Nova-API-Version: 2.1 x-compute-request-id: req-21d57731-72f0-4d11-848a-1bb916d142bc x-openstack-request-id: req-21d57731-72f0-4d11-848a-1bb916d142bc _http_log_response /usr/lib/python2.7/site-packages/keystoneauth1/session.py:479
2019-07-06 07:54:10.228 1842 DEBUG novaclient.v2.client [-] RESP BODY: {"keypairs": []} _http_log_response /usr/lib/python2.7/site-packages/keystoneauth1/session.py:511
2019-07-06 07:54:10.228 1842 DEBUG novaclient.v2.client [-] GET call to compute for http://172.30.9.34:8774/v2.1/os-keypairs used request id req-21d57731-72f0-4d11-848a-1bb916d142bc request /usr/lib/python2.7/site-packages/keystoneauth1/session.py:844
2019-07-06 07:54:10.642 1842 DEBUG novaclient.v2.client [-] REQ: curl -g -i -X GET http://172.30.9.34:8774/v2.1/os-keypairs -H "Accept: application/json" -H "User-Agent: python-novaclient" -H "X-Auth-Token: {SHA1}f32c505dd569c8b98b42212d3fe68ec9bf0b7dbf" _http_log_request /usr/lib/python2.7/site-packages/keystoneauth1/session.py:448
2019-07-06 07:54:10.832 1842 DEBUG novaclient.v2.client [-] RESP: [200] Content-Length: 16 Content-Type: application/json Date: Sat, 06 Jul 2019 07:54:10 GMT OpenStack-API-Version: compute 2.1 Server: Apache Vary: OpenStack-API-Version,X-OpenStack-Nova-API-Version X-OpenStack-Nova-API-Version: 2.1 x-compute-request-id: req-015a66b1-3084-460c-80a3-99a13e6e5ff1 x-openstack-request-id: req-015a66b1-3084-460c-80a3-99a13e6e5ff1 _http_log_response /usr/lib/python2.7/site-packages/keystoneauth1/session.py:479
2019-07-06 07:54:10.832 1842 DEBUG novaclient.v2.client [-] RESP BODY: {"keypairs": []} _http_log_response /usr/lib/python2.7/site-packages/keystoneauth1/session.py:511
2019-07-06 07:54:10.833 1842 DEBUG novaclient.v2.client [-] GET call to compute for http://172.30.9.34:8774/v2.1/os-keypairs used request id req-015a66b1-3084-460c-80a3-99a13e6e5ff1 request /usr/lib/python2.7/site-packages/keystoneauth1/session.py:844
2019-07-06 07:54:10.839 1842 RALLYDEBUG rally_openstack.cleanup.manager [-] Cleaning up cinder backups objects
2019-07-06 07:54:12.902 1842 RALLYDEBUG rally_openstack.cleanup.manager [-] Cleaning up cinder volume_snapshots objects
2019-07-06 07:54:14.968 1842 RALLYDEBUG rally_openstack.cleanup.manager [-] Cleaning up cinder transfers objects
2019-07-06 07:54:16.908 1842 RALLYDEBUG rally_openstack.cleanup.manager [-] Cleaning up cinder volumes objects
2019-07-06 07:54:18.903 1842 INFO rally.task.context [-] Task 3d725827-dd46-421b-a422-86018c0216e0 | Context cleanup@openstack cleanup() finished in 16.09 sec
2019-07-06 07:54:18.903 1842 INFO rally.task.context [-] Task 3d725827-dd46-421b-a422-86018c0216e0 | Context quotas@openstack cleanup() started
2019-07-06 07:54:19.410 1842 INFO rally.task.context [-] Task 3d725827-dd46-421b-a422-86018c0216e0 | Context quotas@openstack cleanup() finished in 0.51 sec
2019-07-06 07:54:19.410 1842 INFO rally.task.context [-] Task 3d725827-dd46-421b-a422-86018c0216e0 | Context api_versions@openstack cleanup() started
2019-07-06 07:54:19.411 1842 INFO rally.task.context [-] Task 3d725827-dd46-421b-a422-86018c0216e0 | Context api_versions@openstack cleanup() finished in 0.29 msec
2019-07-06 07:54:19.411 1842 INFO rally.task.context [-] Task 3d725827-dd46-421b-a422-86018c0216e0 | Context users@openstack cleanup() started
2019-07-06 07:54:25.994 1842 INFO rally.task.context [-] Task 3d725827-dd46-421b-a422-86018c0216e0 | Context users@openstack cleanup() finished in 6.58 sec
2019-07-06 07:54:27.430 1842 INFO rally.task.engine [-] Load duration is: 92.795267
2019-07-06 07:54:27.430 1842 INFO rally.task.engine [-] Full runner duration is: 93.837102
2019-07-06 07:54:27.430 1842 INFO rally.task.engine [-] Full duration is: 125.039522
2019-07-06 07:54:27.688 1842 INFO rally.task.engine [-] Running workload: position = 0 config = { "version": 2, "title": "A cropped version of a bigger task.", "description": "Auto-generated task from a single workload (uuid=f0a8ad6c-ce08-4ded-a653-c59627b3b948)", "subtasks": [ { "title": "CinderVolumes.create_volume", "description": "Create a volume.", "scenario": { "CinderVolumes.create_volume": { "size": 1 } }, "contexts": { "users": { "tenants": 3, "users_per_tenant": 2 }, "api_versions": { "cinder": { "version": 3, "service_type": "volumev3" } } }, "runner": { "constant": { "concurrency": 4, "times": 10 } }, "hooks": [], "sla": { "failure_rate": { "max": 0 } } } ] }
2019-07-06 07:54:27.710 1842 RALLYDEBUG rally_openstack.contexts.keystone.users [-] Creating 3 tenants using 20 threads
2019-07-06 07:54:29.622 1842 RALLYDEBUG rally_openstack.contexts.keystone.users [-] Creating 6 users using 20 threads
2019-07-06 07:54:32.312 1842 INFO rally.task.context [-] Task 3d725827-dd46-421b-a422-86018c0216e0 | Context users@openstack setup() finished in 4.60 sec
2019-07-06 07:54:32.724 1842 INFO rally.task.context [-] Task 3d725827-dd46-421b-a422-86018c0216e0 | Context api_versions@openstack setup() finished in 0.41 sec
2019-07-06 07:54:32.724 1842 INFO rally.task.context [-] Task 3d725827-dd46-421b-a422-86018c0216e0 | Context cleanup@openstack setup() finished in 0.01 msec
2019-07-06 07:54:32.731 1842 RALLYDEBUG rally.task.runner [-] Starting the constant runner (task UUID: 3d725827-dd46-421b-a422-86018c0216e0). timeout: 0 concurrency: 4 concurrency_per_worker: 1 times: 10 concurrency_overhead: 0 processes_to_start: 4 max_cpu_used: 16
2019-07-06 07:54:32.743 3474 RALLYDEBUG rally.task.runner [-] Starting a worker. concurrency: 1 args: {"size": 1} times: 10 method_name: run timeout: 0 duration: None cls:
2019-07-06 07:54:32.747 3475 RALLYDEBUG rally.task.runner [-] Starting a worker. concurrency: 1 args: {"size": 1} times: 10 method_name: run timeout: 0 duration: None cls:
2019-07-06 07:54:32.749 3476 RALLYDEBUG rally.task.runner [-] Starting a worker. concurrency: 1 args: {"size": 1} times: 10 method_name: run timeout: 0 duration: None cls:
2019-07-06 07:54:32.751 3474 INFO rally.task.runner [-] Task 3d725827-dd46-421b-a422-86018c0216e0 | ITER: 1 START
2019-07-06 07:54:32.752 3477 RALLYDEBUG rally.task.runner [-] Starting a worker. concurrency: 1 args: {"size": 1} times: 10 method_name: run timeout: 0 duration: None cls:
2019-07-06 07:54:32.755 3475 INFO rally.task.runner [-] Task 3d725827-dd46-421b-a422-86018c0216e0 | ITER: 2 START
2019-07-06 07:54:32.757 3476 INFO rally.task.runner [-] Task 3d725827-dd46-421b-a422-86018c0216e0 | ITER: 3 START
2019-07-06 07:54:32.761 3477 INFO rally.task.runner [-] Task 3d725827-dd46-421b-a422-86018c0216e0 | ITER: 4 START
2019-07-06 07:54:36.108 3474 INFO rally.task.runner [-] Task 3d725827-dd46-421b-a422-86018c0216e0 | ITER: 1 END: OK
2019-07-06 07:54:36.113 3474 INFO rally.task.runner [-] Task 3d725827-dd46-421b-a422-86018c0216e0 | ITER: 5 START
2019-07-06 07:54:36.340 3475 INFO rally.task.runner [-] Task 3d725827-dd46-421b-a422-86018c0216e0 | ITER: 2 END: OK
2019-07-06 07:54:36.345 3475 INFO rally.task.runner [-] Task 3d725827-dd46-421b-a422-86018c0216e0 | ITER: 6 START
2019-07-06 07:54:36.346 3476 INFO rally.task.runner [-] Task 3d725827-dd46-421b-a422-86018c0216e0 | ITER: 3 END: OK
2019-07-06 07:54:36.352 3476 INFO rally.task.runner [-] Task 3d725827-dd46-421b-a422-86018c0216e0 | ITER: 7 START
2019-07-06 07:54:36.495 3477 INFO rally.task.runner [-] Task 3d725827-dd46-421b-a422-86018c0216e0 | ITER: 4 END: OK
2019-07-06 07:54:36.500 3477 INFO rally.task.runner [-] Task 3d725827-dd46-421b-a422-86018c0216e0 | ITER: 8 START
2019-07-06 07:54:39.629 3474 INFO rally.task.runner [-] Task 3d725827-dd46-421b-a422-86018c0216e0 | ITER: 5 END: OK
2019-07-06 07:54:39.634 3474 INFO rally.task.runner [-] Task 3d725827-dd46-421b-a422-86018c0216e0 | ITER: 9 START
2019-07-06 07:54:39.729 3475 INFO rally.task.runner [-] Task 3d725827-dd46-421b-a422-86018c0216e0 | ITER: 6 END: OK
2019-07-06 07:54:39.733 3475 INFO rally.task.runner [-] Task 3d725827-dd46-421b-a422-86018c0216e0 | ITER: 10 START
2019-07-06 07:54:39.970 3476 INFO rally.task.runner [-] Task 3d725827-dd46-421b-a422-86018c0216e0 | ITER: 7 END: OK
2019-07-06 07:54:40.195 3477 INFO rally.task.runner [-] Task 3d725827-dd46-421b-a422-86018c0216e0 | ITER: 8 END: OK
2019-07-06 07:54:43.033 3474 INFO rally.task.runner [-] Task 3d725827-dd46-421b-a422-86018c0216e0 | ITER: 9 END: OK
2019-07-06 07:54:43.154 3475 INFO rally.task.runner [-] Task 3d725827-dd46-421b-a422-86018c0216e0 | ITER: 10 END: OK
2019-07-06 07:54:43.179 1842 INFO rally.task.context [-] Task 3d725827-dd46-421b-a422-86018c0216e0 | Context cleanup@openstack cleanup() started
2019-07-06 07:54:43.181 1842 RALLYDEBUG rally_openstack.cleanup.manager [-] Cleaning up cinder backups objects
2019-07-06 07:54:45.064 1842 RALLYDEBUG rally_openstack.cleanup.manager [-] Cleaning up cinder volume_snapshots objects
2019-07-06 07:54:46.977 1842 RALLYDEBUG rally_openstack.cleanup.manager [-] Cleaning up cinder transfers objects
2019-07-06 07:54:49.083 1842 RALLYDEBUG rally_openstack.cleanup.manager [-] Cleaning up cinder volumes objects
2019-07-06 07:54:51.205 1842 RALLYDEBUG rally_openstack.cleanup.manager [-] Deleting cinder.volumes object s_rally_f0a8ad6c_BPwpK1uc (5eb79dcc-899d-4e8c-b882-a2ce9a6ad33b)
2019-07-06 07:54:51.206 1842 RALLYDEBUG rally_openstack.cleanup.manager [-] Deleting cinder.volumes object s_rally_f0a8ad6c_ryvNcTr9 (569b8554-3208-463e-a970-7d5d65d70284)
2019-07-06 07:54:51.210 1842 RALLYDEBUG rally_openstack.cleanup.manager [-] Deleting cinder.volumes object s_rally_f0a8ad6c_Adlt52ar (1d2b677f-f5bb-4619-82d5-43e86d2da721)
2019-07-06 07:54:51.212 1842 RALLYDEBUG rally_openstack.cleanup.manager [-] Deleting cinder.volumes object s_rally_f0a8ad6c_iZ7Kxttb (059b9fe2-4b79-4142-bee4-f4322d30e2b6)
2019-07-06 07:54:51.219 1842 RALLYDEBUG rally_openstack.cleanup.manager [-] Deleting cinder.volumes object s_rally_f0a8ad6c_jOyTxtIw (427c2c57-0b5b-4026-b871-b49bafd9fa99)
2019-07-06 07:54:51.220 1842 RALLYDEBUG rally_openstack.cleanup.manager [-] Deleting cinder.volumes object s_rally_f0a8ad6c_4tlAddlq (68906fee-ce96-4c2e-922b-5d4ba0121c73)
2019-07-06 07:54:51.237 1842 RALLYDEBUG rally_openstack.cleanup.manager [-] Deleting cinder.volumes object s_rally_f0a8ad6c_ixxrf7ZH (606ceab7-585a-4f54-8859-49700b0577e1)
2019-07-06 07:54:51.244 1842 RALLYDEBUG rally_openstack.cleanup.manager [-] Deleting cinder.volumes object s_rally_f0a8ad6c_sM3WSSBo (96403552-8e7c-447e-807c-39d47a785a35)
2019-07-06 07:54:51.248 1842 RALLYDEBUG rally_openstack.cleanup.manager [-] Deleting cinder.volumes object s_rally_f0a8ad6c_r1uGkipM (9765a2af-2bfe-4877-b9ed-df3efeff5fc5)
2019-07-06 07:54:51.269 1842 RALLYDEBUG rally_openstack.cleanup.manager [-] Deleting cinder.volumes object s_rally_f0a8ad6c_W5sumThl (dcb4a1ea-7111-4e28-a1b4-f7e36b443198)
2019-07-06 07:54:55.142 1842 INFO rally.task.context [-] Task 3d725827-dd46-421b-a422-86018c0216e0 | Context cleanup@openstack cleanup() finished in 11.96 sec
2019-07-06 07:54:55.143 1842 INFO rally.task.context [-] Task 3d725827-dd46-421b-a422-86018c0216e0 | Context api_versions@openstack cleanup() started
2019-07-06 07:54:55.143 1842 INFO rally.task.context [-] Task 3d725827-dd46-421b-a422-86018c0216e0 | Context api_versions@openstack cleanup() finished in 0.36 msec
2019-07-06 07:54:55.144 1842 INFO rally.task.context [-] Task 3d725827-dd46-421b-a422-86018c0216e0 | Context users@openstack cleanup() started
2019-07-06 07:55:02.059 1842 INFO rally.task.context [-] Task 3d725827-dd46-421b-a422-86018c0216e0 | Context users@openstack cleanup() finished in 6.92 sec
2019-07-06 07:55:03.889 1842 INFO rally.task.engine [-] Load duration is: 10.400475
2019-07-06 07:55:03.889 1842 INFO rally.task.engine [-] Full runner duration is: 10.448166
2019-07-06 07:55:03.889 1842 INFO rally.task.engine [-] Full duration is: 34.351747
2019-07-06 07:55:04.052 1842 INFO rally.task.engine [-] Running workload: position = 1 config = { "version": 2, "title": "A cropped version of a bigger task.", "description": "Auto-generated task from a single workload (uuid=cabde1a5-d650-4b15-8169-868e9b80d868)", "subtasks": [ { "title": "CinderVolumes.create_volume", "description": "Create a volume.", "scenario": { "CinderVolumes.create_volume": { "size": { "min": 1, "max": 1 } } }, "contexts": { "users": { "tenants": 3, "users_per_tenant": 2 }, "quotas": { "cinder": { "gigabytes": -1, "snapshots": -1, "volumes": -1 } }, "api_versions": { "cinder": { "version": 3, "service_type": "volumev3" } } }, "runner": { "constant": { "concurrency": 4, "times": 10 } }, "hooks": [], "sla": { "failure_rate": { "max": 0 } } } ] }
2019-07-06 07:55:04.073 1842 RALLYDEBUG rally_openstack.contexts.keystone.users [-] Creating 3 tenants using 20 threads
2019-07-06 07:55:05.932 1842 RALLYDEBUG rally_openstack.contexts.keystone.users [-] Creating 6 users using 20 threads
2019-07-06 07:55:08.557 1842 INFO rally.task.context [-] Task 3d725827-dd46-421b-a422-86018c0216e0 | Context users@openstack setup() finished in 4.48 sec
2019-07-06 07:55:08.987 1842 INFO rally.task.context [-] Task 3d725827-dd46-421b-a422-86018c0216e0 | Context api_versions@openstack setup() finished in 0.43 sec
2019-07-06 07:55:10.577 1842 INFO rally.task.context [-] Task 3d725827-dd46-421b-a422-86018c0216e0 | Context quotas@openstack setup() finished in 1.59 sec
2019-07-06 07:55:10.577 1842 INFO rally.task.context [-] Task 3d725827-dd46-421b-a422-86018c0216e0 | Context cleanup@openstack setup() finished in 0.01 msec
2019-07-06 07:55:10.585 1842 RALLYDEBUG rally.task.runner [-] Starting the constant runner (task UUID: 3d725827-dd46-421b-a422-86018c0216e0). timeout: 0 concurrency: 4 concurrency_per_worker: 1 times: 10 concurrency_overhead: 0 processes_to_start: 4 max_cpu_used: 16
2019-07-06 07:55:10.598 3658 RALLYDEBUG rally.task.runner [-] Starting a worker. concurrency: 1 args: {"size": {"min": 1, "max": 1}} times: 10 method_name: run timeout: 0 duration: None cls:
2019-07-06 07:55:10.601 3659 RALLYDEBUG rally.task.runner [-] Starting a worker. concurrency: 1 args: {"size": {"min": 1, "max": 1}} times: 10 method_name: run timeout: 0 duration: None cls:
2019-07-06 07:55:10.604 3660 RALLYDEBUG rally.task.runner [-] Starting a worker. concurrency: 1 args: {"size": {"min": 1, "max": 1}} times: 10 method_name: run timeout: 0 duration: None cls:
2019-07-06 07:55:10.605 3661 RALLYDEBUG rally.task.runner [-] Starting a worker. concurrency: 1 args: {"size": {"min": 1, "max": 1}} times: 10 method_name: run timeout: 0 duration: None cls:
2019-07-06 07:55:10.607 3658 INFO rally.task.runner [-] Task 3d725827-dd46-421b-a422-86018c0216e0 | ITER: 1 START
2019-07-06 07:55:10.609 3659 INFO rally.task.runner [-] Task 3d725827-dd46-421b-a422-86018c0216e0 | ITER: 2 START
2019-07-06 07:55:10.611 3661 INFO rally.task.runner [-] Task 3d725827-dd46-421b-a422-86018c0216e0 | ITER: 4 START
2019-07-06 07:55:10.612 3660 INFO rally.task.runner [-] Task 3d725827-dd46-421b-a422-86018c0216e0 | ITER: 3 START
2019-07-06 07:55:14.183 3660 INFO rally.task.runner [-] Task 3d725827-dd46-421b-a422-86018c0216e0 | ITER: 3 END: OK
2019-07-06 07:55:14.189 3660 INFO rally.task.runner [-] Task 3d725827-dd46-421b-a422-86018c0216e0 | ITER: 5 START
2019-07-06 07:55:14.218 3658 INFO rally.task.runner [-] Task 3d725827-dd46-421b-a422-86018c0216e0 | ITER: 1 END: OK
2019-07-06 07:55:14.223 3658 INFO rally.task.runner [-] Task 3d725827-dd46-421b-a422-86018c0216e0 | ITER: 6 START
2019-07-06 07:55:14.227 3659 INFO rally.task.runner [-] Task 3d725827-dd46-421b-a422-86018c0216e0 | ITER: 2 END: OK
2019-07-06 07:55:14.232 3659 INFO rally.task.runner [-] Task 3d725827-dd46-421b-a422-86018c0216e0 | ITER: 7 START
2019-07-06 07:55:14.244 3661 INFO rally.task.runner [-] Task 3d725827-dd46-421b-a422-86018c0216e0 | ITER: 4 END: OK
2019-07-06 07:55:14.248 3661 INFO rally.task.runner [-] Task 3d725827-dd46-421b-a422-86018c0216e0 | ITER: 8 START
2019-07-06 07:55:17.489 3659 INFO rally.task.runner [-] Task 3d725827-dd46-421b-a422-86018c0216e0 | ITER: 7 END: OK
2019-07-06 07:55:17.495 3659 INFO rally.task.runner [-] Task 3d725827-dd46-421b-a422-86018c0216e0 | ITER: 9 START
2019-07-06 07:55:17.558 3661 INFO rally.task.runner [-] Task 3d725827-dd46-421b-a422-86018c0216e0 | ITER: 8 END: OK
2019-07-06 07:55:17.564 3661 INFO rally.task.runner [-] Task 3d725827-dd46-421b-a422-86018c0216e0 | ITER: 10 START
2019-07-06 07:55:17.812 3660 INFO rally.task.runner [-] Task 3d725827-dd46-421b-a422-86018c0216e0 | ITER: 5 END: OK
2019-07-06 07:55:17.842 3658 INFO rally.task.runner [-] Task 3d725827-dd46-421b-a422-86018c0216e0 | ITER: 6 END: OK
2019-07-06 07:55:20.902 3661 INFO rally.task.runner [-] Task 3d725827-dd46-421b-a422-86018c0216e0 | ITER: 10 END: OK
2019-07-06 07:55:21.069 3659 INFO rally.task.runner [-] Task 3d725827-dd46-421b-a422-86018c0216e0 | ITER: 9 END: OK
2019-07-06 07:55:21.091 1842 INFO rally.task.context [-] Task 3d725827-dd46-421b-a422-86018c0216e0 | Context cleanup@openstack cleanup() started
2019-07-06 07:55:21.094 1842 RALLYDEBUG rally_openstack.cleanup.manager [-] Cleaning up cinder backups objects
2019-07-06 07:55:23.089 1842 RALLYDEBUG rally_openstack.cleanup.manager [-] Cleaning up cinder volume_snapshots objects
2019-07-06 07:55:25.067 1842 RALLYDEBUG rally_openstack.cleanup.manager [-] Cleaning up cinder transfers objects
2019-07-06 07:55:26.993 1842 RALLYDEBUG rally_openstack.cleanup.manager [-] Cleaning up cinder volumes objects
2019-07-06 07:55:29.093 1842 RALLYDEBUG rally_openstack.cleanup.manager [-] Deleting cinder.volumes object s_rally_cabde1a5_NuvGMk5C (e4bb05ce-e405-4f8b-b459-13fc0cd12e3c)
2019-07-06 07:55:29.095 1842 RALLYDEBUG rally_openstack.cleanup.manager [-] Deleting cinder.volumes object s_rally_cabde1a5_8pEVwwgD (aa65de10-a582-4e10-b7c9-62bc2fcdf0a9)
2019-07-06 07:55:29.101 1842 RALLYDEBUG rally_openstack.cleanup.manager [-] Deleting cinder.volumes object s_rally_cabde1a5_jSOeHF05 (eac85a20-6187-4477-88e8-e4f46d384c48)
2019-07-06 07:55:29.114 1842 RALLYDEBUG rally_openstack.cleanup.manager [-] Deleting cinder.volumes object s_rally_cabde1a5_DTR6Chw1 (1d2cb48b-8e4b-4fa0-9486-02ca44bf242b)
2019-07-06 07:55:29.114 1842 RALLYDEBUG rally_openstack.cleanup.manager [-] Deleting cinder.volumes object s_rally_cabde1a5_2skVjral (7763271d-9caa-4dec-b5e8-fc4c7142dafb)
2019-07-06 07:55:29.115 1842 RALLYDEBUG rally_openstack.cleanup.manager [-] Deleting cinder.volumes object s_rally_cabde1a5_FB1ZkVeu (35baad7e-fef3-41a4-b9aa-f301a8a8d8fd)
2019-07-06 07:55:29.115 1842 RALLYDEBUG rally_openstack.cleanup.manager [-] Deleting cinder.volumes object s_rally_cabde1a5_ILjnzbsY (402ba570-526d-44d1-8305-3346799507d6)
2019-07-06 07:55:29.120 1842 RALLYDEBUG rally_openstack.cleanup.manager [-] Deleting cinder.volumes object s_rally_cabde1a5_Y28U5sm9 (28215e0a-f47e-4c5d-93cb-ad4056e732f4)
2019-07-06 07:55:29.122 1842 RALLYDEBUG rally_openstack.cleanup.manager [-] Deleting cinder.volumes object s_rally_cabde1a5_j6QnwY7e (e10d779c-1b85-446b-a483-23bad1647c7f)
2019-07-06 07:55:29.124 1842 RALLYDEBUG rally_openstack.cleanup.manager [-] Deleting cinder.volumes object s_rally_cabde1a5_p3tMLFd2 (26d6307e-8cf7-40b5-bacc-cea12b33a849)
2019-07-06 07:55:32.908 1842 INFO rally.task.context [-] Task 3d725827-dd46-421b-a422-86018c0216e0 | Context cleanup@openstack cleanup() finished in 11.82 sec
2019-07-06 07:55:32.909 1842 INFO rally.task.context [-] Task 3d725827-dd46-421b-a422-86018c0216e0 | Context quotas@openstack cleanup() started
2019-07-06 07:55:33.536 1842 INFO rally.task.context [-] Task 3d725827-dd46-421b-a422-86018c0216e0 | Context quotas@openstack cleanup() finished in 0.63 sec
2019-07-06 07:55:33.536 1842 INFO rally.task.context [-] Task 3d725827-dd46-421b-a422-86018c0216e0 | Context api_versions@openstack cleanup() started
2019-07-06 07:55:33.537 1842 INFO rally.task.context [-] Task 3d725827-dd46-421b-a422-86018c0216e0 | Context api_versions@openstack cleanup() finished in 0.33 msec
2019-07-06 07:55:33.537 1842 INFO rally.task.context [-] Task 3d725827-dd46-421b-a422-86018c0216e0 | Context users@openstack cleanup() started
2019-07-06 07:55:40.471 1842 INFO rally.task.context [-] Task 3d725827-dd46-421b-a422-86018c0216e0 | Context users@openstack cleanup() finished in 6.93 sec
2019-07-06 07:55:42.233 1842 INFO rally.task.engine [-] Load duration is: 10.459311
2019-07-06 07:55:42.233 1842 INFO rally.task.engine [-] Full runner duration is: 10.506383
2019-07-06 07:55:42.234 1842 INFO rally.task.engine [-] Full duration is: 36.400879
2019-07-06 07:55:42.509 1842 INFO rally.task.engine [-] Running workload: position = 0 config = { "version": 2, "title": "A cropped version of a bigger task.", "description": "Auto-generated task from a single workload (uuid=8ae28387-61ca-46c7-a499-5ba10fd3a2dc)", "subtasks": [ { "title": "CinderVolumes.list_volumes", "description": "List all volumes.", "scenario": { "CinderVolumes.list_volumes": { "detailed": true } }, "contexts": { "users": { "tenants": 3, "users_per_tenant": 2 }, "quotas": { "cinder": { "gigabytes": -1, "snapshots": -1, "volumes": -1 } }, "api_versions": { "cinder": { "version": 3, "service_type": "volumev3" } }, "volumes": { "size": 1, "volumes_per_tenant": 4 } }, "runner": { "constant": { "concurrency": 4, "times": 10 } }, "hooks": [], "sla": { "failure_rate": { "max": 0 } } } ] }
2019-07-06 07:55:42.530 1842 RALLYDEBUG rally_openstack.contexts.keystone.users [-] Creating 3 tenants using 20 threads
2019-07-06 07:55:44.304 1842 RALLYDEBUG rally_openstack.contexts.keystone.users [-] Creating 6 users using 20 threads
2019-07-06 07:55:46.969 1842 INFO rally.task.context [-] Task 3d725827-dd46-421b-a422-86018c0216e0 | Context users@openstack setup() finished in 4.44 sec
2019-07-06 07:55:47.381 1842 INFO rally.task.context [-] Task 3d725827-dd46-421b-a422-86018c0216e0 | Context api_versions@openstack setup() finished in 0.41 sec
2019-07-06 07:55:48.949 1842 INFO rally.task.context [-] Task 3d725827-dd46-421b-a422-86018c0216e0 | Context quotas@openstack setup() finished in 1.57 sec
2019-07-06 07:56:24.469 1842 INFO rally.task.context [-] Task 3d725827-dd46-421b-a422-86018c0216e0 | Context volumes@openstack setup() finished in 35.52 sec
2019-07-06 07:56:24.477 1842 RALLYDEBUG rally.task.runner [-] Starting the constant runner (task UUID: 3d725827-dd46-421b-a422-86018c0216e0). timeout: 0 concurrency: 4 concurrency_per_worker: 1 times: 10 concurrency_overhead: 0 processes_to_start: 4 max_cpu_used: 16
2019-07-06 07:56:24.489 3842 RALLYDEBUG rally.task.runner [-] Starting a worker. concurrency: 1 args: {"detailed": true} times: 10 method_name: run timeout: 0 duration: None cls:
2019-07-06 07:56:24.492 3843 RALLYDEBUG rally.task.runner [-] Starting a worker. concurrency: 1 args: {"detailed": true} times: 10 method_name: run timeout: 0 duration: None cls:
2019-07-06 07:56:24.496 3842 INFO rally.task.runner [-] Task 3d725827-dd46-421b-a422-86018c0216e0 | ITER: 1 START
2019-07-06 07:56:24.496 3844 RALLYDEBUG rally.task.runner [-] Starting a worker. concurrency: 1 args: {"detailed": true} times: 10 method_name: run timeout: 0 duration: None cls:
2019-07-06 07:56:24.498 3845 RALLYDEBUG rally.task.runner [-] Starting a worker. concurrency: 1 args: {"detailed": true} times: 10 method_name: run timeout: 0 duration: None cls:
2019-07-06 07:56:24.501 3843 INFO rally.task.runner [-] Task 3d725827-dd46-421b-a422-86018c0216e0 | ITER: 2 START
2019-07-06 07:56:24.506 3845 INFO rally.task.runner [-] Task 3d725827-dd46-421b-a422-86018c0216e0 | ITER: 4 START
2019-07-06 07:56:24.507 3844 INFO rally.task.runner [-] Task 3d725827-dd46-421b-a422-86018c0216e0 | ITER: 3 START
2019-07-06 07:56:25.236 3845 INFO rally.task.runner [-] Task 3d725827-dd46-421b-a422-86018c0216e0 | ITER: 4 END: OK
2019-07-06 07:56:25.243 3845 INFO rally.task.runner [-] Task 3d725827-dd46-421b-a422-86018c0216e0 | ITER: 5 START
2019-07-06 07:56:25.276 3844 INFO rally.task.runner [-] Task 3d725827-dd46-421b-a422-86018c0216e0 | ITER: 3 END: OK
2019-07-06 07:56:25.282 3844 INFO rally.task.runner [-] Task 3d725827-dd46-421b-a422-86018c0216e0 | ITER: 6 START
2019-07-06 07:56:25.292 3842 INFO rally.task.runner [-] Task 3d725827-dd46-421b-a422-86018c0216e0 | ITER: 1 END: OK
2019-07-06 07:56:25.298 3842 INFO rally.task.runner [-] Task 3d725827-dd46-421b-a422-86018c0216e0 | ITER: 7 START
2019-07-06 07:56:25.316 3843 INFO rally.task.runner [-] Task 3d725827-dd46-421b-a422-86018c0216e0 | ITER: 2 END: OK
2019-07-06 07:56:25.321 3843 INFO rally.task.runner [-] Task 3d725827-dd46-421b-a422-86018c0216e0 | ITER: 8 START
2019-07-06 07:56:25.977 3845 INFO rally.task.runner [-] Task 3d725827-dd46-421b-a422-86018c0216e0 | ITER: 5 END: OK
2019-07-06 07:56:25.983 3845 INFO rally.task.runner [-] Task 3d725827-dd46-421b-a422-86018c0216e0 | ITER: 9 START
2019-07-06 07:56:26.094 3842 INFO rally.task.runner [-] Task 3d725827-dd46-421b-a422-86018c0216e0 | ITER: 7 END: OK
2019-07-06 07:56:26.099 3842 INFO rally.task.runner [-] Task 3d725827-dd46-421b-a422-86018c0216e0 | ITER: 10 START
2019-07-06 07:56:26.108 3844 INFO rally.task.runner [-] Task 3d725827-dd46-421b-a422-86018c0216e0 | ITER: 6 END: OK
2019-07-06 07:56:26.161 3843 INFO rally.task.runner [-] Task 3d725827-dd46-421b-a422-86018c0216e0 | ITER: 8 END: OK
2019-07-06 07:56:26.764 3845 INFO rally.task.runner [-] Task 3d725827-dd46-421b-a422-86018c0216e0 | ITER: 9 END: OK
2019-07-06 07:56:26.923 3842 INFO rally.task.runner [-] Task 3d725827-dd46-421b-a422-86018c0216e0 | ITER: 10 END: OK
2019-07-06 07:56:26.943 1842 INFO rally.task.context [-] Task 3d725827-dd46-421b-a422-86018c0216e0 | Context volumes@openstack cleanup() started
2019-07-06 07:56:26.944 1842 RALLYDEBUG rally_openstack.cleanup.manager [-] Cleaning up cinder volumes objects
2019-07-06 07:56:28.995 1842 RALLYDEBUG rally_openstack.cleanup.manager [-] Deleting cinder.volumes object c_rally_8ae28387_WyTQQktW (ce517b0c-86f0-4f72-8c44-be6397242275)
2019-07-06 07:56:28.996 1842 RALLYDEBUG rally_openstack.cleanup.manager [-] Deleting cinder.volumes object c_rally_8ae28387_hNzGYkhr (2dcd210b-8354-49f0-8d6f-3e1702a5a718)
2019-07-06 07:56:29.005 1842 RALLYDEBUG rally_openstack.cleanup.manager [-] Deleting cinder.volumes object c_rally_8ae28387_0KB1UyWS (1871407d-03bf-4ac1-937e-12bcf12d554f)
2019-07-06 07:56:29.006 1842 RALLYDEBUG rally_openstack.cleanup.manager [-] Deleting cinder.volumes object c_rally_8ae28387_CJv8VaKb (d026ddc7-574c-40bb-b865-f2a5a274c86d)
2019-07-06 07:56:29.007 1842 RALLYDEBUG rally_openstack.cleanup.manager [-] Deleting cinder.volumes object c_rally_8ae28387_r4gOvASL (1a76300d-55c4-4bbb-9fe9-2ea3aceda7fe)
2019-07-06 07:56:29.010 1842 RALLYDEBUG rally_openstack.cleanup.manager [-] Deleting cinder.volumes object c_rally_8ae28387_8O4WNrCT (4483612b-d10b-4e7b-a8f9-5b5c1662488a)
2019-07-06 07:56:29.014 1842 RALLYDEBUG rally_openstack.cleanup.manager [-] Deleting cinder.volumes object c_rally_8ae28387_VsC9zUVb (51898fa3-58d4-4a4c-be67-eebd48b4447f)
2019-07-06 07:56:29.020 1842 RALLYDEBUG rally_openstack.cleanup.manager [-] Deleting cinder.volumes object c_rally_8ae28387_RSn4NBcy (711d3dd3-eca3-4df6-ac48-ccf4905bedf3)
2019-07-06 07:56:29.041 1842 RALLYDEBUG rally_openstack.cleanup.manager [-] Deleting cinder.volumes object c_rally_8ae28387_u5C4RRkF (6a8002e3-b98d-40d5-8ef7-40c1017c3243)
2019-07-06 07:56:29.042 1842 RALLYDEBUG rally_openstack.cleanup.manager [-] Deleting cinder.volumes object c_rally_8ae28387_ZH5oA5wz (bc980dc6-8ee0-4cbe-a775-681144689901)
2019-07-06 07:56:29.052 1842 RALLYDEBUG rally_openstack.cleanup.manager [-] Deleting cinder.volumes object c_rally_8ae28387_AbyaVf3p (2c0ce060-3473-4152-90f0-8fd0acb6610e)
2019-07-06 07:56:29.063 1842 RALLYDEBUG rally_openstack.cleanup.manager [-] Deleting cinder.volumes object c_rally_8ae28387_UhJzuG1u (20af3015-4ed5-492a-bc6b-8431004cccb9)
2019-07-06 07:56:34.358 1842 INFO rally.task.context [-] Task 3d725827-dd46-421b-a422-86018c0216e0 | Context volumes@openstack cleanup() finished in 7.41 sec
2019-07-06 07:56:34.358 1842 INFO rally.task.context [-] Task 3d725827-dd46-421b-a422-86018c0216e0 | Context quotas@openstack cleanup() started
2019-07-06 07:56:35.043 1842 INFO rally.task.context [-] Task 3d725827-dd46-421b-a422-86018c0216e0 | Context quotas@openstack cleanup() finished in 0.69 sec
2019-07-06 07:56:35.044 1842 INFO rally.task.context [-] Task 3d725827-dd46-421b-a422-86018c0216e0 | Context api_versions@openstack cleanup() started
2019-07-06 07:56:35.044 1842 INFO rally.task.context [-] Task 3d725827-dd46-421b-a422-86018c0216e0 | Context api_versions@openstack cleanup() finished in 0.21 msec
2019-07-06 07:56:35.044 1842 INFO rally.task.context [-] Task 3d725827-dd46-421b-a422-86018c0216e0 | Context users@openstack cleanup() started
2019-07-06 07:56:42.273 1842 INFO rally.task.context [-] Task 3d725827-dd46-421b-a422-86018c0216e0 | Context users@openstack cleanup() finished in 7.23 sec
2019-07-06 07:56:42.764 1842 INFO rally.task.engine [-] Load duration is: 2.423002
2019-07-06 07:56:42.764 1842 INFO rally.task.engine [-] Full runner duration is: 2.466599
2019-07-06 07:56:42.765 1842 INFO rally.task.engine [-] Full duration is: 59.746568
2019-07-06 07:56:42.997 1842 INFO rally.task.engine [-] Running workload: position = 0 config = { "version": 2, "title": "A cropped version of a bigger task.", "description": "Auto-generated task from a single workload (uuid=7004a9df-b413-444e-b12e-10e82bef82a0)", "subtasks": [ { "title": "CinderVolumes.create_and_delete_snapshot", "description": "Create and then delete a volume-snapshot.", "scenario": { "CinderVolumes.create_and_delete_snapshot": { "force": false } }, "contexts": { "users": { "tenants": 3, "users_per_tenant": 2 }, "quotas": { "cinder": { "gigabytes": -1, "snapshots": -1, "volumes": -1 } }, "api_versions": { "cinder": { "version": 3, "service_type": "volumev3" } }, "volumes": { "size": 1, "volumes_per_tenant": 1 } }, "runner": { "constant": { "concurrency": 4, "times": 10 } }, "hooks": [], "sla": { "failure_rate": { "max": 0 } } } ] }
2019-07-06 07:56:43.022 1842 RALLYDEBUG rally_openstack.contexts.keystone.users [-] Creating 3 tenants using 20 threads
2019-07-06 07:56:45.084 1842 RALLYDEBUG rally_openstack.contexts.keystone.users [-] Creating 6 users using 20 threads
2019-07-06 07:56:47.877 1842 INFO rally.task.context [-] Task 3d725827-dd46-421b-a422-86018c0216e0 | Context users@openstack setup() finished in 4.86 sec
2019-07-06 07:56:48.290 1842 INFO rally.task.context [-] Task 3d725827-dd46-421b-a422-86018c0216e0 | Context api_versions@openstack setup() finished in 0.41 sec
2019-07-06 07:56:49.826 1842 INFO rally.task.context [-] Task 3d725827-dd46-421b-a422-86018c0216e0 | Context quotas@openstack setup() finished in 1.53 sec
2019-07-06 07:57:00.116 1842 INFO rally.task.context [-] Task 3d725827-dd46-421b-a422-86018c0216e0 | Context volumes@openstack setup() finished in 10.29 sec
2019-07-06 07:57:00.116 1842 INFO rally.task.context [-] Task 3d725827-dd46-421b-a422-86018c0216e0 | Context cleanup@openstack setup() finished in 0.01 msec
2019-07-06 07:57:00.124 1842 RALLYDEBUG rally.task.runner [-] Starting the constant runner (task UUID: 3d725827-dd46-421b-a422-86018c0216e0). timeout: 0 concurrency: 4 concurrency_per_worker: 1 times: 10 concurrency_overhead: 0 processes_to_start: 4 max_cpu_used: 16
2019-07-06 07:57:00.137 3966 RALLYDEBUG rally.task.runner [-] Starting a worker. concurrency: 1 args: {"force": false} times: 10 method_name: run timeout: 0 duration: None cls:
2019-07-06 07:57:00.140 3967 RALLYDEBUG rally.task.runner [-] Starting a worker. concurrency: 1 args: {"force": false} times: 10 method_name: run timeout: 0 duration: None cls:
2019-07-06 07:57:00.142 3968 RALLYDEBUG rally.task.runner [-] Starting a worker. concurrency: 1 args: {"force": false} times: 10 method_name: run timeout: 0 duration: None cls:
2019-07-06 07:57:00.145 3966 INFO rally.task.runner [-] Task 3d725827-dd46-421b-a422-86018c0216e0 | ITER: 1 START
2019-07-06 07:57:00.145 3969 RALLYDEBUG rally.task.runner [-] Starting a worker. concurrency: 1 args: {"force": false} times: 10 method_name: run timeout: 0 duration: None cls:
2019-07-06 07:57:00.148 3967 INFO rally.task.runner [-] Task 3d725827-dd46-421b-a422-86018c0216e0 | ITER: 2 START
2019-07-06 07:57:00.150 3968 INFO rally.task.runner [-] Task 3d725827-dd46-421b-a422-86018c0216e0 | ITER: 3 START
2019-07-06 07:57:00.153 3969 INFO rally.task.runner [-] Task 3d725827-dd46-421b-a422-86018c0216e0 | ITER: 4 START
2019-07-06 07:57:03.698 3967 RALLYDEBUG rally.task.utils [-] Waiting for resource s_rally_7004a9df_0kA6Sze5. Status changed: AVAILABLE => DELETING in 0.024472951889
2019-07-06 07:57:03.880 3966 RALLYDEBUG rally.task.utils [-] Waiting for resource s_rally_7004a9df_Yu43h1a7. Status changed: AVAILABLE => DELETING in 0.212032079697
2019-07-06 07:57:04.118 3968 RALLYDEBUG rally.task.utils [-] Waiting for resource s_rally_7004a9df_iBNCotpY. Status changed: AVAILABLE => DELETING in 0.215017080307
2019-07-06 07:57:04.294 3969 RALLYDEBUG rally.task.utils [-] Waiting for resource s_rally_7004a9df_EezC6VMi. Status changed: AVAILABLE => DELETING in 0.24894618988
2019-07-06 07:57:05.980 3967 INFO rally.task.runner [-] Task 3d725827-dd46-421b-a422-86018c0216e0 | ITER: 2 END: OK
2019-07-06 07:57:05.985 3967 INFO rally.task.runner [-] Task 3d725827-dd46-421b-a422-86018c0216e0 | ITER: 5 START
2019-07-06 07:57:06.225 3966 INFO rally.task.runner [-] Task 3d725827-dd46-421b-a422-86018c0216e0 | ITER: 1 END: OK
2019-07-06 07:57:06.231 3966 INFO rally.task.runner [-] Task 3d725827-dd46-421b-a422-86018c0216e0 | ITER: 6 START
2019-07-06 07:57:06.431 3968 INFO rally.task.runner [-] Task 3d725827-dd46-421b-a422-86018c0216e0 | ITER: 3 END: OK
2019-07-06 07:57:06.437 3968 INFO rally.task.runner [-] Task 3d725827-dd46-421b-a422-86018c0216e0 | ITER: 7 START
2019-07-06 07:57:06.513 3969 INFO rally.task.runner [-] Task 3d725827-dd46-421b-a422-86018c0216e0 | ITER: 4 END: OK
2019-07-06 07:57:06.518 3969 INFO rally.task.runner [-] Task 3d725827-dd46-421b-a422-86018c0216e0 | ITER: 8 START
2019-07-06 07:57:09.768 3967 RALLYDEBUG rally.task.utils [-] Waiting for resource s_rally_7004a9df_ysUHtgbM. Status changed: AVAILABLE => DELETING in 0.249135971069
2019-07-06 07:57:09.779 3966 RALLYDEBUG rally.task.utils [-] Waiting for resource s_rally_7004a9df_ygdIz8x2. Status changed: AVAILABLE => DELETING in 0.24751496315
2019-07-06 07:57:10.178 3969 RALLYDEBUG rally.task.utils [-] Waiting for resource s_rally_7004a9df_1VoBpDPR. Status changed: AVAILABLE => DELETING in 0.034991979599
2019-07-06 07:57:10.239 3968 RALLYDEBUG rally.task.utils [-] Waiting for resource s_rally_7004a9df_daXXE4eo. Status changed: AVAILABLE => DELETING in 0.22330904007
2019-07-06 07:57:12.007 3967 INFO rally.task.runner [-] Task 3d725827-dd46-421b-a422-86018c0216e0 | ITER: 5 END: OK
2019-07-06 07:57:12.009 3966 INFO rally.task.runner [-] Task 3d725827-dd46-421b-a422-86018c0216e0 | ITER: 6 END: OK
2019-07-06 07:57:12.012 3967 INFO rally.task.runner [-] Task 3d725827-dd46-421b-a422-86018c0216e0 | ITER: 9 START
2019-07-06 07:57:12.014 3966 INFO rally.task.runner [-] Task 3d725827-dd46-421b-a422-86018c0216e0 | ITER: 10 START
2019-07-06 07:57:12.386 3969 INFO rally.task.runner [-] Task 3d725827-dd46-421b-a422-86018c0216e0 | ITER: 8 END: OK
2019-07-06 07:57:12.525 3968 INFO rally.task.runner [-] Task 3d725827-dd46-421b-a422-86018c0216e0 | ITER: 7 END: OK
2019-07-06 07:57:15.636 3966 RALLYDEBUG rally.task.utils [-] Waiting for resource s_rally_7004a9df_TsLkpQyG. Status changed: AVAILABLE => DELETING in 0.325027942657
2019-07-06 07:57:15.716 3967 RALLYDEBUG rally.task.utils [-] Waiting for resource s_rally_7004a9df_UoxVcEAd. Status changed: AVAILABLE => DELETING in 0.214195966721
2019-07-06 07:57:17.863 3966 INFO rally.task.runner [-] Task 3d725827-dd46-421b-a422-86018c0216e0 | ITER: 10 END: OK
2019-07-06 07:57:17.942 3967 INFO rally.task.runner [-] Task 3d725827-dd46-421b-a422-86018c0216e0 | ITER: 9 END: OK
2019-07-06 07:57:17.964 1842 INFO rally.task.context [-] Task 3d725827-dd46-421b-a422-86018c0216e0 | Context cleanup@openstack cleanup() started
2019-07-06 07:57:17.966 1842 RALLYDEBUG rally_openstack.cleanup.manager [-] Cleaning up cinder backups objects
2019-07-06 07:57:19.961 1842 RALLYDEBUG rally_openstack.cleanup.manager [-] Cleaning up cinder volume_snapshots objects
2019-07-06 07:57:21.907 1842 RALLYDEBUG rally_openstack.cleanup.manager [-] Cleaning up cinder transfers objects
2019-07-06 07:57:23.746 1842 RALLYDEBUG rally_openstack.cleanup.manager [-] Cleaning up cinder volumes objects
2019-07-06 07:57:25.907 1842 INFO rally.task.context [-] Task 3d725827-dd46-421b-a422-86018c0216e0 | Context cleanup@openstack cleanup() finished in 7.94 sec
2019-07-06 07:57:25.908 1842 INFO rally.task.context [-] Task 3d725827-dd46-421b-a422-86018c0216e0 | Context volumes@openstack cleanup() started
2019-07-06 07:57:25.908 1842 RALLYDEBUG rally_openstack.cleanup.manager [-] Cleaning up cinder volumes objects
2019-07-06 07:57:28.038 1842 RALLYDEBUG rally_openstack.cleanup.manager [-] Deleting cinder.volumes object c_rally_7004a9df_G3vKJPnb (1c169a8b-2fb4-4c7c-8066-e18fb613ca27)
2019-07-06 07:57:28.039 1842 RALLYDEBUG rally_openstack.cleanup.manager [-] Deleting cinder.volumes object c_rally_7004a9df_vjAg9bFY (43891d59-b150-4841-8bfb-bdbf9987632d)
2019-07-06 07:57:28.050 1842 RALLYDEBUG rally_openstack.cleanup.manager [-] Deleting cinder.volumes object c_rally_7004a9df_jkNIIzs4 (579e2e51-a19a-4092-92ef-08527f15344a)
2019-07-06 07:57:31.434 1842 INFO rally.task.context [-] Task 3d725827-dd46-421b-a422-86018c0216e0 | Context volumes@openstack cleanup() finished in 5.53 sec
2019-07-06 07:57:31.434 1842 INFO rally.task.context [-] Task 3d725827-dd46-421b-a422-86018c0216e0 | Context quotas@openstack cleanup() started
2019-07-06 07:57:32.105 1842 INFO rally.task.context [-] Task 3d725827-dd46-421b-a422-86018c0216e0 | Context quotas@openstack cleanup() finished in 0.67 sec
2019-07-06 07:57:32.105 1842 INFO rally.task.context [-] Task 3d725827-dd46-421b-a422-86018c0216e0 | Context api_versions@openstack cleanup() started
2019-07-06 07:57:32.106 1842 INFO rally.task.context [-] Task 3d725827-dd46-421b-a422-86018c0216e0 | Context api_versions@openstack cleanup() finished in 0.29 msec
2019-07-06 07:57:32.106 1842 INFO rally.task.context [-] Task 3d725827-dd46-421b-a422-86018c0216e0 | Context users@openstack cleanup() started
2019-07-06 07:57:39.875 1842 INFO rally.task.context [-] Task 3d725827-dd46-421b-a422-86018c0216e0 | Context users@openstack cleanup() finished in 7.77 sec
2019-07-06 07:57:41.240 1842 INFO rally.task.engine [-] Load duration is: 17.793262
2019-07-06 07:57:41.240 1842 INFO rally.task.engine [-] Full runner duration is: 17.84079
2019-07-06 07:57:41.240 1842 INFO rally.task.engine [-] Full duration is: 56.857759
2019-07-06 07:57:41.473 1842 INFO rally.task.engine [-] Running workload: position = 0 config = { "version": 2, "title": "A cropped version of a bigger task.", "description": "Auto-generated task from a single workload (uuid=3b8d34ca-7f9c-4abc-a4fe-edc32f71d624)", "subtasks": [ { "title": "CinderVolumes.create_and_delete_volume", "description": "Create and then delete a volume.", "scenario": { "CinderVolumes.create_and_delete_volume": { "size": { "max": 1, "min": 1 } } }, "contexts": { "users": { "tenants": 3, "users_per_tenant": 2 }, "quotas": { "cinder": { "gigabytes": -1, "snapshots": -1, "volumes": -1 } }, "api_versions": { "cinder": { "version": 3, "service_type": "volumev3" } } }, "runner": { "constant": { "concurrency": 4, "times": 10 } }, "hooks": [], "sla": { "failure_rate": { "max": 0 } } } ] }
2019-07-06 07:57:41.495 1842 RALLYDEBUG rally_openstack.contexts.keystone.users [-] Creating 3 tenants using 20 threads
2019-07-06 07:57:43.390 1842 RALLYDEBUG rally_openstack.contexts.keystone.users [-] Creating 6 users using 20 threads
2019-07-06 07:57:46.033 1842 INFO rally.task.context [-] Task 3d725827-dd46-421b-a422-86018c0216e0 | Context users@openstack setup() finished in 4.54 sec
2019-07-06 07:57:46.448 1842 INFO rally.task.context [-] Task 3d725827-dd46-421b-a422-86018c0216e0 | Context api_versions@openstack setup() finished in 0.41 sec
2019-07-06 07:57:47.962 1842 INFO rally.task.context [-] Task 3d725827-dd46-421b-a422-86018c0216e0 | Context quotas@openstack setup() finished in 1.51 sec
2019-07-06 07:57:47.963 1842 INFO rally.task.context [-] Task 3d725827-dd46-421b-a422-86018c0216e0 | Context cleanup@openstack setup() finished in 0.01 msec
2019-07-06 07:57:47.970 1842 RALLYDEBUG rally.task.runner [-] Starting the constant runner (task UUID: 3d725827-dd46-421b-a422-86018c0216e0). timeout: 0 concurrency: 4 concurrency_per_worker: 1 times: 10 concurrency_overhead: 0 processes_to_start: 4 max_cpu_used: 16
2019-07-06 07:57:47.984 4170 RALLYDEBUG rally.task.runner [-] Starting a worker. concurrency: 1 args: {"size": {"max": 1, "min": 1}} times: 10 method_name: run timeout: 0 duration: None cls:
2019-07-06 07:57:47.987 4171 RALLYDEBUG rally.task.runner [-] Starting a worker. concurrency: 1 args: {"size": {"max": 1, "min": 1}} times: 10 method_name: run timeout: 0 duration: None cls:
2019-07-06 07:57:47.989 4173 RALLYDEBUG rally.task.runner [-] Starting a worker. concurrency: 1 args: {"size": {"max": 1, "min": 1}} times: 10 method_name: run timeout: 0 duration: None cls:
2019-07-06 07:57:47.990 4172 RALLYDEBUG rally.task.runner [-] Starting a worker. concurrency: 1 args: {"size": {"max": 1, "min": 1}} times: 10 method_name: run timeout: 0 duration: None cls:
2019-07-06 07:57:47.992 4170 INFO rally.task.runner [-] Task 3d725827-dd46-421b-a422-86018c0216e0 | ITER: 1 START
2019-07-06 07:57:47.994 4173 INFO rally.task.runner [-] Task 3d725827-dd46-421b-a422-86018c0216e0 | ITER: 3 START
2019-07-06 07:57:47.994 4171 INFO rally.task.runner [-] Task 3d725827-dd46-421b-a422-86018c0216e0 | ITER: 2 START
2019-07-06 07:57:47.997 4172 INFO rally.task.runner [-] Task 3d725827-dd46-421b-a422-86018c0216e0 | ITER: 4 START
2019-07-06 07:57:51.824 4170 INFO rally.task.runner [-] Task 3d725827-dd46-421b-a422-86018c0216e0 | ITER: 1 END: OK
2019-07-06 07:57:51.829 4170 INFO rally.task.runner [-] Task 3d725827-dd46-421b-a422-86018c0216e0 | ITER: 5 START
2019-07-06 07:57:51.998 4173 RALLYDEBUG rally.task.utils [-] Waiting for resource s_rally_3b8d34ca_u4Qv7msW. Status changed: AVAILABLE => DELETING in 0.0779058933258
2019-07-06 07:57:52.102 4171 RALLYDEBUG rally.task.utils [-] Waiting for resource s_rally_3b8d34ca_34MLfJgF. Status changed: AVAILABLE => DELETING in 0.283692121506
2019-07-06 07:57:52.310 4172 RALLYDEBUG rally.task.utils [-] Waiting for resource s_rally_3b8d34ca_4VduHDv6. Status changed: AVAILABLE => DELETING in 0.366145849228
2019-07-06 07:57:54.038 4173 INFO rally.task.runner [-] Task 3d725827-dd46-421b-a422-86018c0216e0 | ITER: 3 END: OK
2019-07-06 07:57:54.044 4173 INFO rally.task.runner [-] Task 3d725827-dd46-421b-a422-86018c0216e0 | ITER: 6 START
2019-07-06 07:57:54.346 4172 INFO rally.task.runner [-] Task 3d725827-dd46-421b-a422-86018c0216e0 | ITER: 4 END: OK
2019-07-06 07:57:54.352 4172 INFO rally.task.runner [-] Task 3d725827-dd46-421b-a422-86018c0216e0 | ITER: 7 START
2019-07-06 07:57:54.402 4171 INFO rally.task.runner [-] Task 3d725827-dd46-421b-a422-86018c0216e0 | ITER: 2 END: OK
2019-07-06 07:57:54.407 4171 INFO rally.task.runner [-] Task 3d725827-dd46-421b-a422-86018c0216e0 | ITER: 8 START
2019-07-06 07:57:55.693 4170 RALLYDEBUG rally.task.utils [-] Waiting for resource s_rally_3b8d34ca_zEvdXZsN. Status changed: AVAILABLE => DELETING in 0.371006011963
2019-07-06 07:57:57.732 4170 INFO rally.task.runner [-] Task 3d725827-dd46-421b-a422-86018c0216e0 | ITER: 5 END: OK
2019-07-06 07:57:57.737 4170 INFO rally.task.runner [-] Task 3d725827-dd46-421b-a422-86018c0216e0 | ITER: 9 START
2019-07-06 07:57:58.095 4173 INFO rally.task.runner [-] Task 3d725827-dd46-421b-a422-86018c0216e0 | ITER: 6 END: OK
2019-07-06 07:57:58.100 4173 INFO rally.task.runner [-] Task 3d725827-dd46-421b-a422-86018c0216e0 | ITER: 10 START
2019-07-06 07:57:58.501 4172 INFO rally.task.runner [-] Task 3d725827-dd46-421b-a422-86018c0216e0 | ITER: 7 END: OK
2019-07-06 07:57:58.736 4171 INFO rally.task.runner [-] Task 3d725827-dd46-421b-a422-86018c0216e0 | ITER: 8 END: OK
2019-07-06 07:58:01.804 4170 INFO rally.task.runner [-] Task 3d725827-dd46-421b-a422-86018c0216e0 | ITER: 9 END: OK
2019-07-06 07:58:02.293 4173 INFO rally.task.runner [-] Task 3d725827-dd46-421b-a422-86018c0216e0 | ITER: 10 END: OK
2019-07-06 07:58:02.314 1842 INFO rally.task.context [-] Task 3d725827-dd46-421b-a422-86018c0216e0 | Context cleanup@openstack cleanup() started
2019-07-06 07:58:02.317 1842 RALLYDEBUG rally_openstack.cleanup.manager [-] Cleaning up cinder backups objects
2019-07-06 07:58:04.314 1842 RALLYDEBUG rally_openstack.cleanup.manager [-] Cleaning up cinder volume_snapshots objects
2019-07-06 07:58:06.296 1842 RALLYDEBUG rally_openstack.cleanup.manager [-] Cleaning up cinder transfers objects
2019-07-06 07:58:08.226 1842 RALLYDEBUG rally_openstack.cleanup.manager [-] Cleaning up cinder volumes objects
2019-07-06 07:58:10.144 1842 INFO rally.task.context [-] Task 3d725827-dd46-421b-a422-86018c0216e0 | Context cleanup@openstack cleanup() finished in 7.83 sec
2019-07-06 07:58:10.145 1842 INFO rally.task.context [-] Task 3d725827-dd46-421b-a422-86018c0216e0 | Context quotas@openstack cleanup() started
2019-07-06 07:58:10.800 1842 INFO rally.task.context [-] Task 3d725827-dd46-421b-a422-86018c0216e0 | Context quotas@openstack cleanup() finished in 0.66 sec
2019-07-06 07:58:10.801 1842 INFO rally.task.context [-] Task 3d725827-dd46-421b-a422-86018c0216e0 | Context api_versions@openstack cleanup() started
2019-07-06 07:58:10.801 1842 INFO rally.task.context [-] Task 3d725827-dd46-421b-a422-86018c0216e0 | Context api_versions@openstack cleanup() finished in 0.29 msec
2019-07-06 07:58:10.801 1842 INFO rally.task.context [-] Task 3d725827-dd46-421b-a422-86018c0216e0 | Context users@openstack cleanup() started
