2019-07-06 08:04:18.503 6401 DEBUG cinderclient.v2.client [-] RESP BODY: {"volume_type_access": [{"volume_type_id": "595424c7-0435-4623-837c-5b43e6efffdd", "project_id": "6122ad11618746b4ae32c753399771c8"}]} _http_log_response /usr/lib/python2.7/site-packages/keystoneauth1/session.py:511
2019-07-06 08:04:18.503 6401 DEBUG cinderclient.v2.client [-] GET call to volumev2 for http://172.30.9.34:8776/v3/bb8e4537591e4312bb09c8a1b7b32b12/types/595424c7-0435-4623-837c-5b43e6efffdd/os-volume-type-access used request id req-c28132a3-7edc-4d0f-9152-d06e53958e3c request /usr/lib/python2.7/site-packages/keystoneauth1/session.py:844
2019-07-06 08:04:18.504 6401 INFO rally.task.runner [-] Task 3d725827-dd46-421b-a422-86018c0216e0 | ITER: 4 END: OK
2019-07-06 08:04:18.510 6401 INFO rally.task.runner [-] Task 3d725827-dd46-421b-a422-86018c0216e0 | ITER: 5 START
2019-07-06 08:04:18.601 6399 DEBUG cinderclient.v2.client [-] RESP: [200] Content-Encoding: gzip Content-Length: 129 Content-Type: application/json Date: Sat, 06 Jul 2019 08:04:18 GMT OpenStack-API-Version: volume 3.0 Server: Apache Vary: OpenStack-API-Version,Accept-Encoding x-compute-request-id: req-d2e9e720-8ff3-4c19-8212-ce474f6e1feb x-openstack-request-id: req-d2e9e720-8ff3-4c19-8212-ce474f6e1feb _http_log_response /usr/lib/python2.7/site-packages/keystoneauth1/session.py:479
2019-07-06 08:04:18.601 6399 DEBUG cinderclient.v2.client [-] RESP BODY: {"volume_type_access": [{"volume_type_id": "6cbf2838-db83-4e6c-8576-4172f23fa625", "project_id": "df17710b2d4e49d8a2ee033568fe9842"}]} _http_log_response /usr/lib/python2.7/site-packages/keystoneauth1/session.py:511
2019-07-06 08:04:18.602 6399 DEBUG cinderclient.v2.client [-] GET call to volumev2 for http://172.30.9.34:8776/v3/bb8e4537591e4312bb09c8a1b7b32b12/types/6cbf2838-db83-4e6c-8576-4172f23fa625/os-volume-type-access used request id req-d2e9e720-8ff3-4c19-8212-ce474f6e1feb request /usr/lib/python2.7/site-packages/keystoneauth1/session.py:844
2019-07-06 08:04:18.603 6399 INFO rally.task.runner [-] Task 3d725827-dd46-421b-a422-86018c0216e0 | ITER: 2 END: OK
2019-07-06 08:04:18.608 6399 INFO rally.task.runner [-] Task 3d725827-dd46-421b-a422-86018c0216e0 | ITER: 6 START
2019-07-06 08:04:18.610 6398 DEBUG cinderclient.v2.client [-] RESP: [200] Content-Encoding: gzip Content-Length: 128 Content-Type: application/json Date: Sat, 06 Jul 2019 08:04:18 GMT OpenStack-API-Version: volume 3.0 Server: Apache Vary: OpenStack-API-Version,Accept-Encoding x-compute-request-id: req-9ee7b63c-5353-40d2-8faa-b18baef15c41 x-openstack-request-id: req-9ee7b63c-5353-40d2-8faa-b18baef15c41 _http_log_response /usr/lib/python2.7/site-packages/keystoneauth1/session.py:479
2019-07-06 08:04:18.611 6398 DEBUG cinderclient.v2.client [-] RESP BODY: {"volume_type_access": [{"volume_type_id": "c969f85c-8e9c-45aa-869e-80dc69c3e0e0", "project_id": "df17710b2d4e49d8a2ee033568fe9842"}]} _http_log_response /usr/lib/python2.7/site-packages/keystoneauth1/session.py:511
2019-07-06 08:04:18.611 6398 DEBUG cinderclient.v2.client [-] GET call to volumev2 for http://172.30.9.34:8776/v3/bb8e4537591e4312bb09c8a1b7b32b12/types/c969f85c-8e9c-45aa-869e-80dc69c3e0e0/os-volume-type-access used request id req-9ee7b63c-5353-40d2-8faa-b18baef15c41 request /usr/lib/python2.7/site-packages/keystoneauth1/session.py:844
2019-07-06 08:04:18.612 6398 INFO rally.task.runner [-] Task 3d725827-dd46-421b-a422-86018c0216e0 | ITER: 1 END: OK
2019-07-06 08:04:18.616 6398 INFO rally.task.runner [-] Task 3d725827-dd46-421b-a422-86018c0216e0 | ITER: 7 START
2019-07-06 08:04:18.680 6400 DEBUG cinderclient.v2.client [-] RESP: [200] Content-Encoding: gzip Content-Length: 129 Content-Type: application/json Date: Sat, 06 Jul 2019 08:04:18 GMT OpenStack-API-Version: volume 3.0 Server: Apache Vary: OpenStack-API-Version,Accept-Encoding x-compute-request-id: req-a84ba850-aa50-4435-a4d2-2f4bc6d4d9ea x-openstack-request-id: req-a84ba850-aa50-4435-a4d2-2f4bc6d4d9ea _http_log_response /usr/lib/python2.7/site-packages/keystoneauth1/session.py:479
2019-07-06 08:04:18.681 6400 DEBUG cinderclient.v2.client [-] RESP BODY: {"volume_type_access": [{"volume_type_id": "c41ea24d-a890-45ce-96b4-ea830d3a7334", "project_id": "6122ad11618746b4ae32c753399771c8"}]} _http_log_response /usr/lib/python2.7/site-packages/keystoneauth1/session.py:511
2019-07-06 08:04:18.681 6400 DEBUG cinderclient.v2.client [-] GET call to volumev2 for http://172.30.9.34:8776/v3/bb8e4537591e4312bb09c8a1b7b32b12/types/c41ea24d-a890-45ce-96b4-ea830d3a7334/os-volume-type-access used request id req-a84ba850-aa50-4435-a4d2-2f4bc6d4d9ea request /usr/lib/python2.7/site-packages/keystoneauth1/session.py:844
2019-07-06 08:04:18.682 6400 INFO rally.task.runner [-] Task 3d725827-dd46-421b-a422-86018c0216e0 | ITER: 3 END: OK
2019-07-06 08:04:18.687 6400 INFO rally.task.runner [-] Task 3d725827-dd46-421b-a422-86018c0216e0 | ITER: 8 START
2019-07-06 08:04:18.928 6401 DEBUG cinderclient.v2.client [-] REQ: curl -g -i -X POST http://172.30.9.34:8776/v3/bb8e4537591e4312bb09c8a1b7b32b12/types -H "Accept: application/json" -H "Content-Type: application/json" -H "User-Agent: python-cinderclient" -H "X-Auth-Token: {SHA1}002344575c79fa1b7673619ac596f31a2a939fde" -d '{"volume_type": {"os-volume-type-access:is_public": false, "name": "s_rally_ccc8f2ee_79kvRU5W", "description": "rally tests creating types"}}' _http_log_request /usr/lib/python2.7/site-packages/keystoneauth1/session.py:448
2019-07-06 08:04:19.028 6399 DEBUG cinderclient.v2.client [-] REQ: curl -g -i -X POST http://172.30.9.34:8776/v3/bb8e4537591e4312bb09c8a1b7b32b12/types -H "Accept: application/json" -H "Content-Type: application/json" -H "User-Agent: python-cinderclient" -H "X-Auth-Token: {SHA1}b707df00fcec62c154bd5d85fb0be0138dfaae96" -d '{"volume_type": {"os-volume-type-access:is_public": false, "name": "s_rally_ccc8f2ee_OQ71UZMG", "description": "rally tests creating types"}}' _http_log_request /usr/lib/python2.7/site-packages/keystoneauth1/session.py:448
2019-07-06 08:04:19.038 6398 DEBUG cinderclient.v2.client [-] REQ: curl -g -i -X POST http://172.30.9.34:8776/v3/bb8e4537591e4312bb09c8a1b7b32b12/types -H "Accept: application/json" -H "Content-Type: application/json" -H "User-Agent: python-cinderclient" -H "X-Auth-Token: {SHA1}f5a218d454fcff8a90423f96a51dd05bf5f9c5da" -d '{"volume_type": {"os-volume-type-access:is_public": false, "name": "s_rally_ccc8f2ee_JKp3idTu", "description": "rally tests creating types"}}' _http_log_request /usr/lib/python2.7/site-packages/keystoneauth1/session.py:448
2019-07-06 08:04:19.103 6400 DEBUG cinderclient.v2.client [-] REQ: curl -g -i -X POST http://172.30.9.34:8776/v3/bb8e4537591e4312bb09c8a1b7b32b12/types -H "Accept: application/json" -H "Content-Type: application/json" -H "User-Agent: python-cinderclient" -H "X-Auth-Token: {SHA1}e55e461503aa1e5d140034a9633a305889dd1edc" -d '{"volume_type": {"os-volume-type-access:is_public": false, "name": "s_rally_ccc8f2ee_CS3nYhj3", "description": "rally tests creating types"}}' _http_log_request /usr/lib/python2.7/site-packages/keystoneauth1/session.py:448
2019-07-06 08:04:19.170 6401 DEBUG cinderclient.v2.client [-] RESP: [200] Content-Encoding: gzip Content-Length: 181 Content-Type: application/json Date: Sat, 06 Jul 2019 08:04:18 GMT OpenStack-API-Version: volume 3.0 Server: Apache Vary: OpenStack-API-Version,Accept-Encoding x-compute-request-id: req-3fbd72ec-fd72-45e3-905b-ddcdc1f1a386 x-openstack-request-id: req-3fbd72ec-fd72-45e3-905b-ddcdc1f1a386 _http_log_response /usr/lib/python2.7/site-packages/keystoneauth1/session.py:479
2019-07-06 08:04:19.170 6401 DEBUG cinderclient.v2.client [-] RESP BODY: {"volume_type": {"name": "s_rally_ccc8f2ee_79kvRU5W", "extra_specs": {}, "os-volume-type-access:is_public": false, "is_public": false, "id": "d93c3bcf-6db9-4310-bc76-11a40f3dafc7", "description": "rally tests creating types"}} _http_log_response /usr/lib/python2.7/site-packages/keystoneauth1/session.py:511
2019-07-06 08:04:19.171 6401 DEBUG cinderclient.v2.client [-] POST call to volumev2 for http://172.30.9.34:8776/v3/bb8e4537591e4312bb09c8a1b7b32b12/types used request id req-3fbd72ec-fd72-45e3-905b-ddcdc1f1a386 request /usr/lib/python2.7/site-packages/keystoneauth1/session.py:844
2019-07-06 08:04:19.173 6401 DEBUG cinderclient.v2.client [-] REQ: curl -g -i -X POST http://172.30.9.34:8776/v3/bb8e4537591e4312bb09c8a1b7b32b12/types/d93c3bcf-6db9-4310-bc76-11a40f3dafc7/action -H "Accept: application/json" -H "Content-Type: application/json" -H "User-Agent: python-cinderclient" -H "X-Auth-Token: {SHA1}002344575c79fa1b7673619ac596f31a2a939fde" -H "X-OpenStack-Request-ID: req-3fbd72ec-fd72-45e3-905b-ddcdc1f1a386" -d '{"addProjectAccess": {"project": "849fb95d06494f5f9baba86371e31872"}}' _http_log_request /usr/lib/python2.7/site-packages/keystoneauth1/session.py:448
2019-07-06 08:04:19.291 6399 DEBUG cinderclient.v2.client [-] RESP: [200] Content-Encoding: gzip Content-Length: 186 Content-Type: application/json Date: Sat, 06 Jul 2019 08:04:19 GMT OpenStack-API-Version: volume 3.0 Server: Apache Vary: OpenStack-API-Version,Accept-Encoding x-compute-request-id: req-f1195f30-09ff-4930-9320-0181b49202f0 x-openstack-request-id: req-f1195f30-09ff-4930-9320-0181b49202f0 _http_log_response /usr/lib/python2.7/site-packages/keystoneauth1/session.py:479
2019-07-06 08:04:19.292 6399 DEBUG cinderclient.v2.client [-] RESP BODY: {"volume_type": {"name": "s_rally_ccc8f2ee_OQ71UZMG", "extra_specs": {}, "os-volume-type-access:is_public": false, "is_public": false, "id": "f9374db4-c1c1-4086-84f4-f59f2b30be2d", "description": "rally tests creating types"}} _http_log_response /usr/lib/python2.7/site-packages/keystoneauth1/session.py:511
2019-07-06 08:04:19.292 6399 DEBUG cinderclient.v2.client [-] POST call to volumev2 for http://172.30.9.34:8776/v3/bb8e4537591e4312bb09c8a1b7b32b12/types used request id req-f1195f30-09ff-4930-9320-0181b49202f0 request /usr/lib/python2.7/site-packages/keystoneauth1/session.py:844
2019-07-06 08:04:19.294 6399 DEBUG cinderclient.v2.client [-] REQ: curl -g -i -X POST http://172.30.9.34:8776/v3/bb8e4537591e4312bb09c8a1b7b32b12/types/f9374db4-c1c1-4086-84f4-f59f2b30be2d/action -H "Accept: application/json" -H "Content-Type: application/json" -H "User-Agent: python-cinderclient" -H "X-Auth-Token: {SHA1}b707df00fcec62c154bd5d85fb0be0138dfaae96" -H "X-OpenStack-Request-ID: req-f1195f30-09ff-4930-9320-0181b49202f0" -d '{"addProjectAccess": {"project": "849fb95d06494f5f9baba86371e31872"}}' _http_log_request /usr/lib/python2.7/site-packages/keystoneauth1/session.py:448
2019-07-06 08:04:19.335 6398 DEBUG cinderclient.v2.client [-] RESP: [200] Content-Encoding: gzip Content-Length: 180 Content-Type: application/json Date: Sat, 06 Jul 2019 08:04:19 GMT OpenStack-API-Version: volume 3.0 Server: Apache Vary: OpenStack-API-Version,Accept-Encoding x-compute-request-id: req-e3d6e11b-6ece-433b-9929-e45b38c76929 x-openstack-request-id: req-e3d6e11b-6ece-433b-9929-e45b38c76929 _http_log_response /usr/lib/python2.7/site-packages/keystoneauth1/session.py:479
2019-07-06 08:04:19.336 6398 DEBUG cinderclient.v2.client [-] RESP BODY: {"volume_type": {"name": "s_rally_ccc8f2ee_JKp3idTu", "extra_specs": {}, "os-volume-type-access:is_public": false, "is_public": false, "id": "20dad4c9-a4a6-45a7-bb02-b5d16d6cb208", "description": "rally tests creating types"}} _http_log_response /usr/lib/python2.7/site-packages/keystoneauth1/session.py:511
2019-07-06 08:04:19.336 6398 DEBUG cinderclient.v2.client [-] POST call to volumev2 for http://172.30.9.34:8776/v3/bb8e4537591e4312bb09c8a1b7b32b12/types used request id req-e3d6e11b-6ece-433b-9929-e45b38c76929 request /usr/lib/python2.7/site-packages/keystoneauth1/session.py:844
2019-07-06 08:04:19.338 6398 DEBUG cinderclient.v2.client [-] REQ: curl -g -i -X POST http://172.30.9.34:8776/v3/bb8e4537591e4312bb09c8a1b7b32b12/types/20dad4c9-a4a6-45a7-bb02-b5d16d6cb208/action -H "Accept: application/json" -H "Content-Type: application/json" -H "User-Agent: python-cinderclient" -H "X-Auth-Token: {SHA1}f5a218d454fcff8a90423f96a51dd05bf5f9c5da" -H "X-OpenStack-Request-ID: req-e3d6e11b-6ece-433b-9929-e45b38c76929" -d '{"addProjectAccess": {"project": "df17710b2d4e49d8a2ee033568fe9842"}}' _http_log_request /usr/lib/python2.7/site-packages/keystoneauth1/session.py:448
2019-07-06 08:04:19.485 6400 DEBUG cinderclient.v2.client [-] RESP: [200] Content-Encoding: gzip Content-Length: 181 Content-Type: application/json Date: Sat, 06 Jul 2019 08:04:19 GMT OpenStack-API-Version: volume 3.0 Server: Apache Vary: OpenStack-API-Version,Accept-Encoding x-compute-request-id: req-acd36745-e4a2-4635-be8c-4e11a4b3537b x-openstack-request-id: req-acd36745-e4a2-4635-be8c-4e11a4b3537b _http_log_response /usr/lib/python2.7/site-packages/keystoneauth1/session.py:479
2019-07-06 08:04:19.486 6400 DEBUG cinderclient.v2.client [-] RESP BODY: {"volume_type": {"name": "s_rally_ccc8f2ee_CS3nYhj3", "extra_specs": {}, "os-volume-type-access:is_public": false, "is_public": false, "id": "466b843e-63cd-4a24-aa62-835531576ac6", "description": "rally tests creating types"}} _http_log_response /usr/lib/python2.7/site-packages/keystoneauth1/session.py:511
2019-07-06 08:04:19.486 6400 DEBUG cinderclient.v2.client [-] POST call to volumev2 for http://172.30.9.34:8776/v3/bb8e4537591e4312bb09c8a1b7b32b12/types used request id req-acd36745-e4a2-4635-be8c-4e11a4b3537b request /usr/lib/python2.7/site-packages/keystoneauth1/session.py:844
2019-07-06 08:04:19.488 6400 DEBUG cinderclient.v2.client [-] REQ: curl -g -i -X POST http://172.30.9.34:8776/v3/bb8e4537591e4312bb09c8a1b7b32b12/types/466b843e-63cd-4a24-aa62-835531576ac6/action -H "Accept: application/json" -H "Content-Type: application/json" -H "User-Agent: python-cinderclient" -H "X-Auth-Token: {SHA1}e55e461503aa1e5d140034a9633a305889dd1edc" -H "X-OpenStack-Request-ID: req-acd36745-e4a2-4635-be8c-4e11a4b3537b" -d '{"addProjectAccess": {"project": "849fb95d06494f5f9baba86371e31872"}}' _http_log_request /usr/lib/python2.7/site-packages/keystoneauth1/session.py:448
2019-07-06 08:04:19.509 6401 DEBUG cinderclient.v2.client [-] RESP: [202] Content-Length: 0 Content-Type: text/html; charset=UTF-8 Date: Sat, 06 Jul 2019 08:04:19 GMT OpenStack-API-Version: volume 3.0 Server: Apache Vary: OpenStack-API-Version x-openstack-request-id: req-4d4687af-d97b-43e9-ba43-9fdd039d8737 _http_log_response /usr/lib/python2.7/site-packages/keystoneauth1/session.py:479
2019-07-06 08:04:19.510 6401 DEBUG cinderclient.v2.client [-] RESP BODY: Omitted, Content-Type is set to text/html; charset=UTF-8. Only application/json responses have their bodies logged. _http_log_response /usr/lib/python2.7/site-packages/keystoneauth1/session.py:511
2019-07-06 08:04:19.510 6401 DEBUG cinderclient.v2.client [-] POST call to volumev2 for http://172.30.9.34:8776/v3/bb8e4537591e4312bb09c8a1b7b32b12/types/d93c3bcf-6db9-4310-bc76-11a40f3dafc7/action used request id req-4d4687af-d97b-43e9-ba43-9fdd039d8737 request /usr/lib/python2.7/site-packages/keystoneauth1/session.py:844
2019-07-06 08:04:19.511 6401 DEBUG cinderclient.v2.client [-] REQ: curl -g -i -X GET http://172.30.9.34:8776/v3/bb8e4537591e4312bb09c8a1b7b32b12/types/d93c3bcf-6db9-4310-bc76-11a40f3dafc7/os-volume-type-access -H "Accept: application/json" -H "User-Agent: python-cinderclient" -H "X-Auth-Token: {SHA1}002344575c79fa1b7673619ac596f31a2a939fde" -H "X-OpenStack-Request-ID: req-3fbd72ec-fd72-45e3-905b-ddcdc1f1a386" _http_log_request /usr/lib/python2.7/site-packages/keystoneauth1/session.py:448
2019-07-06 08:04:19.611 6398 DEBUG cinderclient.v2.client [-] RESP: [202] Content-Length: 0 Content-Type: text/html; charset=UTF-8 Date: Sat, 06 Jul 2019 08:04:19 GMT OpenStack-API-Version: volume 3.0 Server: Apache Vary: OpenStack-API-Version x-openstack-request-id: req-01a4bd64-f689-4e3e-8f96-47e927524666 _http_log_response /usr/lib/python2.7/site-packages/keystoneauth1/session.py:479
2019-07-06 08:04:19.611 6398 DEBUG cinderclient.v2.client [-] RESP BODY: Omitted, Content-Type is set to text/html; charset=UTF-8. Only application/json responses have their bodies logged. _http_log_response /usr/lib/python2.7/site-packages/keystoneauth1/session.py:511
2019-07-06 08:04:19.612 6398 DEBUG cinderclient.v2.client [-] POST call to volumev2 for http://172.30.9.34:8776/v3/bb8e4537591e4312bb09c8a1b7b32b12/types/20dad4c9-a4a6-45a7-bb02-b5d16d6cb208/action used request id req-01a4bd64-f689-4e3e-8f96-47e927524666 request /usr/lib/python2.7/site-packages/keystoneauth1/session.py:844
2019-07-06 08:04:19.613 6398 DEBUG cinderclient.v2.client [-] REQ: curl -g -i -X GET http://172.30.9.34:8776/v3/bb8e4537591e4312bb09c8a1b7b32b12/types/20dad4c9-a4a6-45a7-bb02-b5d16d6cb208/os-volume-type-access -H "Accept: application/json" -H "User-Agent: python-cinderclient" -H "X-Auth-Token: {SHA1}f5a218d454fcff8a90423f96a51dd05bf5f9c5da" -H "X-OpenStack-Request-ID: req-e3d6e11b-6ece-433b-9929-e45b38c76929" _http_log_request /usr/lib/python2.7/site-packages/keystoneauth1/session.py:448
2019-07-06 08:04:19.659 6399 DEBUG cinderclient.v2.client [-] RESP: [202] Content-Length: 0 Content-Type: text/html; charset=UTF-8 Date: Sat, 06 Jul 2019 08:04:19 GMT OpenStack-API-Version: volume 3.0 Server: Apache Vary: OpenStack-API-Version x-openstack-request-id: req-0967413c-e5f9-40f3-9a3b-67a9b480fb77 _http_log_response /usr/lib/python2.7/site-packages/keystoneauth1/session.py:479
2019-07-06 08:04:19.660 6399 DEBUG cinderclient.v2.client [-] RESP BODY: Omitted, Content-Type is set to text/html; charset=UTF-8. Only application/json responses have their bodies logged. _http_log_response /usr/lib/python2.7/site-packages/keystoneauth1/session.py:511
2019-07-06 08:04:19.660 6399 DEBUG cinderclient.v2.client [-] POST call to volumev2 for http://172.30.9.34:8776/v3/bb8e4537591e4312bb09c8a1b7b32b12/types/f9374db4-c1c1-4086-84f4-f59f2b30be2d/action used request id req-0967413c-e5f9-40f3-9a3b-67a9b480fb77 request /usr/lib/python2.7/site-packages/keystoneauth1/session.py:844
2019-07-06 08:04:19.661 6399 DEBUG cinderclient.v2.client [-] REQ: curl -g -i -X GET http://172.30.9.34:8776/v3/bb8e4537591e4312bb09c8a1b7b32b12/types/f9374db4-c1c1-4086-84f4-f59f2b30be2d/os-volume-type-access -H "Accept: application/json" -H "User-Agent: python-cinderclient" -H "X-Auth-Token: {SHA1}b707df00fcec62c154bd5d85fb0be0138dfaae96" -H "X-OpenStack-Request-ID: req-f1195f30-09ff-4930-9320-0181b49202f0" _http_log_request /usr/lib/python2.7/site-packages/keystoneauth1/session.py:448
2019-07-06 08:04:19.720 6400 DEBUG cinderclient.v2.client [-] RESP: [202] Content-Length: 0 Content-Type: text/html; charset=UTF-8 Date: Sat, 06 Jul 2019 08:04:19 GMT OpenStack-API-Version: volume 3.0 Server: Apache Vary: OpenStack-API-Version x-openstack-request-id: req-988e1ff2-3b32-4a1d-b7a2-654d8a92a580 _http_log_response /usr/lib/python2.7/site-packages/keystoneauth1/session.py:479
2019-07-06 08:04:19.720 6400 DEBUG cinderclient.v2.client [-] RESP BODY: Omitted, Content-Type is set to text/html; charset=UTF-8. Only application/json responses have their bodies logged. _http_log_response /usr/lib/python2.7/site-packages/keystoneauth1/session.py:511
2019-07-06 08:04:19.720 6400 DEBUG cinderclient.v2.client [-] POST call to volumev2 for http://172.30.9.34:8776/v3/bb8e4537591e4312bb09c8a1b7b32b12/types/466b843e-63cd-4a24-aa62-835531576ac6/action used request id req-988e1ff2-3b32-4a1d-b7a2-654d8a92a580 request /usr/lib/python2.7/site-packages/keystoneauth1/session.py:844
2019-07-06 08:04:19.722 6400 DEBUG cinderclient.v2.client [-] REQ: curl -g -i -X GET http://172.30.9.34:8776/v3/bb8e4537591e4312bb09c8a1b7b32b12/types/466b843e-63cd-4a24-aa62-835531576ac6/os-volume-type-access -H "Accept: application/json" -H "User-Agent: python-cinderclient" -H "X-Auth-Token: {SHA1}e55e461503aa1e5d140034a9633a305889dd1edc" -H "X-OpenStack-Request-ID: req-acd36745-e4a2-4635-be8c-4e11a4b3537b" _http_log_request /usr/lib/python2.7/site-packages/keystoneauth1/session.py:448
2019-07-06 08:04:19.727 6401 DEBUG cinderclient.v2.client [-] RESP: [200] Content-Encoding: gzip Content-Length: 129 Content-Type: application/json Date: Sat, 06 Jul 2019 08:04:19 GMT OpenStack-API-Version: volume 3.0 Server: Apache Vary: OpenStack-API-Version,Accept-Encoding x-compute-request-id: req-19ea1d82-9899-4692-a676-27065d7cd4ae x-openstack-request-id: req-19ea1d82-9899-4692-a676-27065d7cd4ae _http_log_response /usr/lib/python2.7/site-packages/keystoneauth1/session.py:479
2019-07-06 08:04:19.727 6401 DEBUG cinderclient.v2.client [-] RESP BODY: {"volume_type_access": [{"volume_type_id": "d93c3bcf-6db9-4310-bc76-11a40f3dafc7", "project_id": "849fb95d06494f5f9baba86371e31872"}]} _http_log_response /usr/lib/python2.7/site-packages/keystoneauth1/session.py:511
2019-07-06 08:04:19.728 6401 DEBUG cinderclient.v2.client [-] GET call to volumev2 for http://172.30.9.34:8776/v3/bb8e4537591e4312bb09c8a1b7b32b12/types/d93c3bcf-6db9-4310-bc76-11a40f3dafc7/os-volume-type-access used request id req-19ea1d82-9899-4692-a676-27065d7cd4ae request /usr/lib/python2.7/site-packages/keystoneauth1/session.py:844
2019-07-06 08:04:19.728 6401 INFO rally.task.runner [-] Task 3d725827-dd46-421b-a422-86018c0216e0 | ITER: 5 END: OK
2019-07-06 08:04:19.732 6401 INFO rally.task.runner [-] Task 3d725827-dd46-421b-a422-86018c0216e0 | ITER: 9 START
2019-07-06 08:04:19.818 6398 DEBUG cinderclient.v2.client [-] RESP: [200] Content-Encoding: gzip Content-Length: 129 Content-Type: application/json Date: Sat, 06 Jul 2019 08:04:19 GMT OpenStack-API-Version: volume 3.0 Server: Apache Vary: OpenStack-API-Version,Accept-Encoding x-compute-request-id: req-4a381ff8-9449-4f46-9add-91bac4155f6e x-openstack-request-id: req-4a381ff8-9449-4f46-9add-91bac4155f6e _http_log_response /usr/lib/python2.7/site-packages/keystoneauth1/session.py:479
2019-07-06 08:04:19.819 6398 DEBUG cinderclient.v2.client [-] RESP BODY: {"volume_type_access": [{"volume_type_id": "20dad4c9-a4a6-45a7-bb02-b5d16d6cb208", "project_id": "df17710b2d4e49d8a2ee033568fe9842"}]} _http_log_response /usr/lib/python2.7/site-packages/keystoneauth1/session.py:511
2019-07-06 08:04:19.819 6398 DEBUG cinderclient.v2.client [-] GET call to volumev2 for http://172.30.9.34:8776/v3/bb8e4537591e4312bb09c8a1b7b32b12/types/20dad4c9-a4a6-45a7-bb02-b5d16d6cb208/os-volume-type-access used request id req-4a381ff8-9449-4f46-9add-91bac4155f6e request /usr/lib/python2.7/site-packages/keystoneauth1/session.py:844
2019-07-06 08:04:19.820 6398 INFO rally.task.runner [-] Task 3d725827-dd46-421b-a422-86018c0216e0 | ITER: 7 END: OK
2019-07-06 08:04:19.824 6398 INFO rally.task.runner [-] Task 3d725827-dd46-421b-a422-86018c0216e0 | ITER: 10 START
2019-07-06 08:04:19.934 6400 DEBUG cinderclient.v2.client [-] RESP: [200] Content-Encoding: gzip Content-Length: 129 Content-Type: application/json Date: Sat, 06 Jul 2019 08:04:19 GMT OpenStack-API-Version: volume 3.0 Server: Apache Vary: OpenStack-API-Version,Accept-Encoding x-compute-request-id: req-7a15d768-d1e8-4686-89f4-b51f5daf2af8 x-openstack-request-id: req-7a15d768-d1e8-4686-89f4-b51f5daf2af8 _http_log_response /usr/lib/python2.7/site-packages/keystoneauth1/session.py:479
2019-07-06 08:04:19.935 6400 DEBUG cinderclient.v2.client [-] RESP BODY: {"volume_type_access": [{"volume_type_id": "466b843e-63cd-4a24-aa62-835531576ac6", "project_id": "849fb95d06494f5f9baba86371e31872"}]} _http_log_response /usr/lib/python2.7/site-packages/keystoneauth1/session.py:511
2019-07-06 08:04:19.935 6400 DEBUG cinderclient.v2.client [-] GET call to volumev2 for http://172.30.9.34:8776/v3/bb8e4537591e4312bb09c8a1b7b32b12/types/466b843e-63cd-4a24-aa62-835531576ac6/os-volume-type-access used request id req-7a15d768-d1e8-4686-89f4-b51f5daf2af8 request /usr/lib/python2.7/site-packages/keystoneauth1/session.py:844
2019-07-06 08:04:19.936 6400 INFO rally.task.runner [-] Task 3d725827-dd46-421b-a422-86018c0216e0 | ITER: 8 END: OK
2019-07-06 08:04:19.963 6399 DEBUG cinderclient.v2.client [-] RESP: [200] Content-Encoding: gzip Content-Length: 129 Content-Type: application/json Date: Sat, 06 Jul 2019 08:04:19 GMT OpenStack-API-Version: volume 3.0 Server: Apache Vary: OpenStack-API-Version,Accept-Encoding x-compute-request-id: req-20f1b247-dd43-4bf7-8be2-784ce086fca5 x-openstack-request-id: req-20f1b247-dd43-4bf7-8be2-784ce086fca5 _http_log_response /usr/lib/python2.7/site-packages/keystoneauth1/session.py:479
2019-07-06 08:04:19.963 6399 DEBUG cinderclient.v2.client [-] RESP BODY: {"volume_type_access": [{"volume_type_id": "f9374db4-c1c1-4086-84f4-f59f2b30be2d", "project_id": "849fb95d06494f5f9baba86371e31872"}]} _http_log_response /usr/lib/python2.7/site-packages/keystoneauth1/session.py:511
2019-07-06 08:04:19.964 6399 DEBUG cinderclient.v2.client [-] GET call to volumev2 for http://172.30.9.34:8776/v3/bb8e4537591e4312bb09c8a1b7b32b12/types/f9374db4-c1c1-4086-84f4-f59f2b30be2d/os-volume-type-access used request id req-20f1b247-dd43-4bf7-8be2-784ce086fca5 request /usr/lib/python2.7/site-packages/keystoneauth1/session.py:844
2019-07-06 08:04:19.965 6399 INFO rally.task.runner [-] Task 3d725827-dd46-421b-a422-86018c0216e0 | ITER: 6 END: OK
2019-07-06 08:04:20.165 6401 DEBUG cinderclient.v2.client [-] REQ: curl -g -i -X POST http://172.30.9.34:8776/v3/bb8e4537591e4312bb09c8a1b7b32b12/types -H "Accept: application/json" -H "Content-Type: application/json" -H "User-Agent: python-cinderclient" -H "X-Auth-Token: {SHA1}4bd27d4b040737f2ec3ebd045411d2cf200a2ab3" -d '{"volume_type": {"os-volume-type-access:is_public": false, "name": "s_rally_ccc8f2ee_FXHz5QU6", "description": "rally tests creating types"}}' _http_log_request /usr/lib/python2.7/site-packages/keystoneauth1/session.py:448
2019-07-06 08:04:20.240 6398 DEBUG cinderclient.v2.client [-] REQ: curl -g -i -X POST http://172.30.9.34:8776/v3/bb8e4537591e4312bb09c8a1b7b32b12/types -H "Accept: application/json" -H "Content-Type: application/json" -H "User-Agent: python-cinderclient" -H "X-Auth-Token: {SHA1}255d702f9bef6356abb6439343fc8756133f0a5d" -d '{"volume_type": {"os-volume-type-access:is_public": false, "name": "s_rally_ccc8f2ee_2mkanuW4", "description": "rally tests creating types"}}' _http_log_request /usr/lib/python2.7/site-packages/keystoneauth1/session.py:448
2019-07-06 08:04:20.390 6401 DEBUG cinderclient.v2.client [-] RESP: [200] Content-Encoding: gzip Content-Length: 184 Content-Type: application/json Date: Sat, 06 Jul 2019 08:04:20 GMT OpenStack-API-Version: volume 3.0 Server: Apache Vary: OpenStack-API-Version,Accept-Encoding x-compute-request-id: req-d9e5f224-87ec-4728-a544-b8470a82ed3f x-openstack-request-id: req-d9e5f224-87ec-4728-a544-b8470a82ed3f _http_log_response /usr/lib/python2.7/site-packages/keystoneauth1/session.py:479
2019-07-06 08:04:20.391 6401 DEBUG cinderclient.v2.client [-] RESP BODY: {"volume_type": {"name": "s_rally_ccc8f2ee_FXHz5QU6", "extra_specs": {}, "os-volume-type-access:is_public": false, "is_public": false, "id": "00d4cb9f-9b34-498a-8c34-0ac07d8831c2", "description": "rally tests creating types"}} _http_log_response /usr/lib/python2.7/site-packages/keystoneauth1/session.py:511
2019-07-06 08:04:20.391 6401 DEBUG cinderclient.v2.client [-] POST call to volumev2 for http://172.30.9.34:8776/v3/bb8e4537591e4312bb09c8a1b7b32b12/types used request id req-d9e5f224-87ec-4728-a544-b8470a82ed3f request /usr/lib/python2.7/site-packages/keystoneauth1/session.py:844
2019-07-06 08:04:20.393 6401 DEBUG cinderclient.v2.client [-] REQ: curl -g -i -X POST http://172.30.9.34:8776/v3/bb8e4537591e4312bb09c8a1b7b32b12/types/00d4cb9f-9b34-498a-8c34-0ac07d8831c2/action -H "Accept: application/json" -H "Content-Type: application/json" -H "User-Agent: python-cinderclient" -H "X-Auth-Token: {SHA1}4bd27d4b040737f2ec3ebd045411d2cf200a2ab3" -H "X-OpenStack-Request-ID: req-d9e5f224-87ec-4728-a544-b8470a82ed3f" -d '{"addProjectAccess": {"project": "849fb95d06494f5f9baba86371e31872"}}' _http_log_request /usr/lib/python2.7/site-packages/keystoneauth1/session.py:448
2019-07-06 08:04:20.551 6398 DEBUG cinderclient.v2.client [-] RESP: [200] Content-Encoding: gzip Content-Length: 177 Content-Type: application/json Date: Sat, 06 Jul 2019 08:04:20 GMT OpenStack-API-Version: volume 3.0 Server: Apache Vary: OpenStack-API-Version,Accept-Encoding x-compute-request-id: req-5b68ec90-b003-470f-98c8-aab64cb0ac00 x-openstack-request-id: req-5b68ec90-b003-470f-98c8-aab64cb0ac00 _http_log_response /usr/lib/python2.7/site-packages/keystoneauth1/session.py:479
2019-07-06 08:04:20.552 6398 DEBUG cinderclient.v2.client [-] RESP BODY: {"volume_type": {"name": "s_rally_ccc8f2ee_2mkanuW4", "extra_specs": {}, "os-volume-type-access:is_public": false, "is_public": false, "id": "4e97ad91-c05c-45e4-8a3d-8e0aa8debe28", "description": "rally tests creating types"}} _http_log_response /usr/lib/python2.7/site-packages/keystoneauth1/session.py:511
2019-07-06 08:04:20.552 6398 DEBUG cinderclient.v2.client [-] POST call to volumev2 for http://172.30.9.34:8776/v3/bb8e4537591e4312bb09c8a1b7b32b12/types used request id req-5b68ec90-b003-470f-98c8-aab64cb0ac00 request /usr/lib/python2.7/site-packages/keystoneauth1/session.py:844
2019-07-06 08:04:20.553 6398 DEBUG cinderclient.v2.client [-] REQ: curl -g -i -X POST http://172.30.9.34:8776/v3/bb8e4537591e4312bb09c8a1b7b32b12/types/4e97ad91-c05c-45e4-8a3d-8e0aa8debe28/action -H "Accept: application/json" -H "Content-Type: application/json" -H "User-Agent: python-cinderclient" -H "X-Auth-Token: {SHA1}255d702f9bef6356abb6439343fc8756133f0a5d" -H "X-OpenStack-Request-ID: req-5b68ec90-b003-470f-98c8-aab64cb0ac00" -d '{"addProjectAccess": {"project": "6122ad11618746b4ae32c753399771c8"}}' _http_log_request /usr/lib/python2.7/site-packages/keystoneauth1/session.py:448
2019-07-06 08:04:20.615 6401 DEBUG cinderclient.v2.client [-] RESP: [202] Content-Length: 0 Content-Type: text/html; charset=UTF-8 Date: Sat, 06 Jul 2019 08:04:20 GMT OpenStack-API-Version: volume 3.0 Server: Apache Vary: OpenStack-API-Version x-openstack-request-id: req-50fb67fa-e6da-40c3-864d-f6db21b394d0 _http_log_response /usr/lib/python2.7/site-packages/keystoneauth1/session.py:479
2019-07-06 08:04:20.615 6401 DEBUG cinderclient.v2.client [-] RESP BODY: Omitted, Content-Type is set to text/html; charset=UTF-8. Only application/json responses have their bodies logged. _http_log_response /usr/lib/python2.7/site-packages/keystoneauth1/session.py:511
2019-07-06 08:04:20.615 6401 DEBUG cinderclient.v2.client [-] POST call to volumev2 for http://172.30.9.34:8776/v3/bb8e4537591e4312bb09c8a1b7b32b12/types/00d4cb9f-9b34-498a-8c34-0ac07d8831c2/action used request id req-50fb67fa-e6da-40c3-864d-f6db21b394d0 request /usr/lib/python2.7/site-packages/keystoneauth1/session.py:844
2019-07-06 08:04:20.616 6401 DEBUG cinderclient.v2.client [-] REQ: curl -g -i -X GET http://172.30.9.34:8776/v3/bb8e4537591e4312bb09c8a1b7b32b12/types/00d4cb9f-9b34-498a-8c34-0ac07d8831c2/os-volume-type-access -H "Accept: application/json" -H "User-Agent: python-cinderclient" -H "X-Auth-Token: {SHA1}4bd27d4b040737f2ec3ebd045411d2cf200a2ab3" -H "X-OpenStack-Request-ID: req-d9e5f224-87ec-4728-a544-b8470a82ed3f" _http_log_request /usr/lib/python2.7/site-packages/keystoneauth1/session.py:448
2019-07-06 08:04:20.770 6398 DEBUG cinderclient.v2.client [-] RESP: [202] Content-Length: 0 Content-Type: text/html; charset=UTF-8 Date: Sat, 06 Jul 2019 08:04:20 GMT OpenStack-API-Version: volume 3.0 Server: Apache Vary: OpenStack-API-Version x-openstack-request-id: req-4e4a31ec-bc4a-4c8e-9c4c-8e86c84ab110 _http_log_response /usr/lib/python2.7/site-packages/keystoneauth1/session.py:479
2019-07-06 08:04:20.771 6398 DEBUG cinderclient.v2.client [-] RESP BODY: Omitted, Content-Type is set to text/html; charset=UTF-8. Only application/json responses have their bodies logged. _http_log_response /usr/lib/python2.7/site-packages/keystoneauth1/session.py:511
2019-07-06 08:04:20.771 6398 DEBUG cinderclient.v2.client [-] POST call to volumev2 for http://172.30.9.34:8776/v3/bb8e4537591e4312bb09c8a1b7b32b12/types/4e97ad91-c05c-45e4-8a3d-8e0aa8debe28/action used request id req-4e4a31ec-bc4a-4c8e-9c4c-8e86c84ab110 request /usr/lib/python2.7/site-packages/keystoneauth1/session.py:844
2019-07-06 08:04:20.772 6398 DEBUG cinderclient.v2.client [-] REQ: curl -g -i -X GET http://172.30.9.34:8776/v3/bb8e4537591e4312bb09c8a1b7b32b12/types/4e97ad91-c05c-45e4-8a3d-8e0aa8debe28/os-volume-type-access -H "Accept: application/json" -H "User-Agent: python-cinderclient" -H "X-Auth-Token: {SHA1}255d702f9bef6356abb6439343fc8756133f0a5d" -H "X-OpenStack-Request-ID: req-5b68ec90-b003-470f-98c8-aab64cb0ac00" _http_log_request /usr/lib/python2.7/site-packages/keystoneauth1/session.py:448
2019-07-06 08:04:20.823 6401 DEBUG cinderclient.v2.client [-] RESP: [200] Content-Encoding: gzip Content-Length: 130 Content-Type: application/json Date: Sat, 06 Jul 2019 08:04:20 GMT OpenStack-API-Version: volume 3.0 Server: Apache Vary: OpenStack-API-Version,Accept-Encoding x-compute-request-id: req-f91e99b3-b69a-440d-8696-cd2bcc25a214 x-openstack-request-id: req-f91e99b3-b69a-440d-8696-cd2bcc25a214 _http_log_response /usr/lib/python2.7/site-packages/keystoneauth1/session.py:479
2019-07-06 08:04:20.823 6401 DEBUG cinderclient.v2.client [-] RESP BODY: {"volume_type_access": [{"volume_type_id": "00d4cb9f-9b34-498a-8c34-0ac07d8831c2", "project_id": "849fb95d06494f5f9baba86371e31872"}]} _http_log_response /usr/lib/python2.7/site-packages/keystoneauth1/session.py:511
2019-07-06 08:04:20.823 6401 DEBUG cinderclient.v2.client [-] GET call to volumev2 for http://172.30.9.34:8776/v3/bb8e4537591e4312bb09c8a1b7b32b12/types/00d4cb9f-9b34-498a-8c34-0ac07d8831c2/os-volume-type-access used request id req-f91e99b3-b69a-440d-8696-cd2bcc25a214 request /usr/lib/python2.7/site-packages/keystoneauth1/session.py:844
2019-07-06 08:04:20.824 6401 INFO rally.task.runner [-] Task 3d725827-dd46-421b-a422-86018c0216e0 | ITER: 9 END: OK
2019-07-06 08:04:20.967 6398 DEBUG cinderclient.v2.client [-] RESP: [200] Content-Encoding: gzip Content-Length: 128 Content-Type: application/json Date: Sat, 06 Jul 2019 08:04:20 GMT OpenStack-API-Version: volume 3.0 Server: Apache Vary: OpenStack-API-Version,Accept-Encoding x-compute-request-id: req-b13c7a9b-6afe-4a11-b629-6393acc78214 x-openstack-request-id: req-b13c7a9b-6afe-4a11-b629-6393acc78214 _http_log_response /usr/lib/python2.7/site-packages/keystoneauth1/session.py:479
2019-07-06 08:04:20.967 6398 DEBUG cinderclient.v2.client [-] RESP BODY: {"volume_type_access": [{"volume_type_id": "4e97ad91-c05c-45e4-8a3d-8e0aa8debe28", "project_id": "6122ad11618746b4ae32c753399771c8"}]} _http_log_response /usr/lib/python2.7/site-packages/keystoneauth1/session.py:511
2019-07-06 08:04:20.968 6398 DEBUG cinderclient.v2.client [-] GET call to volumev2 for http://172.30.9.34:8776/v3/bb8e4537591e4312bb09c8a1b7b32b12/types/4e97ad91-c05c-45e4-8a3d-8e0aa8debe28/os-volume-type-access used request id req-b13c7a9b-6afe-4a11-b629-6393acc78214 request /usr/lib/python2.7/site-packages/keystoneauth1/session.py:844
2019-07-06 08:04:20.969 6398 INFO rally.task.runner [-] Task 3d725827-dd46-421b-a422-86018c0216e0 | ITER: 10 END: OK
2019-07-06 08:04:20.992 1842 INFO rally.task.context [-] Task 3d725827-dd46-421b-a422-86018c0216e0 | Context admin_cleanup@openstack cleanup() started
2019-07-06 08:04:20.995 1842 RALLYDEBUG rally_openstack.cleanup.manager [-] Cleaning up cinder volume_types objects
2019-07-06 08:04:21.668 1842 RALLYDEBUG rally_openstack.cleanup.manager [-] Deleting cinder.volume_types object s_rally_ccc8f2ee_2mkanuW4 (4e97ad91-c05c-45e4-8a3d-8e0aa8debe28)
2019-07-06 08:04:21.670 1842 RALLYDEBUG rally_openstack.cleanup.manager [-] Deleting cinder.volume_types object s_rally_ccc8f2ee_FXHz5QU6 (00d4cb9f-9b34-498a-8c34-0ac07d8831c2)
2019-07-06 08:04:21.670 1842 RALLYDEBUG rally_openstack.cleanup.manager [-] Deleting cinder.volume_types object s_rally_ccc8f2ee_OQ71UZMG (f9374db4-c1c1-4086-84f4-f59f2b30be2d)
2019-07-06 08:04:21.674 1842 RALLYDEBUG rally_openstack.cleanup.manager [-] Deleting cinder.volume_types object s_rally_ccc8f2ee_ue8eXkZR (6cbf2838-db83-4e6c-8576-4172f23fa625)
2019-07-06 08:04:21.679 1842 RALLYDEBUG rally_openstack.cleanup.manager [-] Deleting cinder.volume_types object s_rally_ccc8f2ee_79kvRU5W (d93c3bcf-6db9-4310-bc76-11a40f3dafc7)
2019-07-06 08:04:21.683 1842 RALLYDEBUG rally_openstack.cleanup.manager [-] Deleting cinder.volume_types object s_rally_ccc8f2ee_5xIxDve2 (c41ea24d-a890-45ce-96b4-ea830d3a7334)
2019-07-06 08:04:21.687 1842 RALLYDEBUG rally_openstack.cleanup.manager [-] Deleting cinder.volume_types object s_rally_ccc8f2ee_JKp3idTu (20dad4c9-a4a6-45a7-bb02-b5d16d6cb208)
2019-07-06 08:04:21.693 1842 RALLYDEBUG rally_openstack.cleanup.manager [-] Deleting cinder.volume_types object s_rally_ccc8f2ee_Zh0XnVcz (c969f85c-8e9c-45aa-869e-80dc69c3e0e0)
2019-07-06 08:04:21.694 1842 RALLYDEBUG rally_openstack.cleanup.manager [-] Deleting cinder.volume_types object s_rally_ccc8f2ee_yG0QYBdo (595424c7-0435-4623-837c-5b43e6efffdd)
2019-07-06 08:04:21.700 1842 RALLYDEBUG rally_openstack.cleanup.manager [-] Deleting cinder.volume_types object s_rally_ccc8f2ee_CS3nYhj3 (466b843e-63cd-4a24-aa62-835531576ac6)
2019-07-06 08:04:23.952 1842 RALLYDEBUG rally_openstack.cleanup.manager [-] Cleaning up cinder image_volumes_cache objects
2019-07-06 08:04:24.892 1842 RALLYDEBUG rally_openstack.cleanup.manager [-] Cleaning up cinder quotas objects
2019-07-06 08:04:26.464 1842 RALLYDEBUG rally_openstack.cleanup.manager [-] Cleaning up cinder qos_specs objects
2019-07-06 08:04:27.083 1842 INFO rally.task.context [-] Task 3d725827-dd46-421b-a422-86018c0216e0 | Context admin_cleanup@openstack cleanup() finished in 6.09 sec
2019-07-06 08:04:27.083 1842 INFO rally.task.context [-] Task 3d725827-dd46-421b-a422-86018c0216e0 | Context api_versions@openstack cleanup() started
2019-07-06 08:04:27.083 1842 INFO rally.task.context [-] Task 3d725827-dd46-421b-a422-86018c0216e0 | Context api_versions@openstack cleanup() finished in 0.32 msec
2019-07-06 08:04:27.084 1842 INFO rally.task.context [-] Task 3d725827-dd46-421b-a422-86018c0216e0 | Context users@openstack cleanup() started
2019-07-06 08:04:34.290 1842 INFO rally.task.context [-] Task 3d725827-dd46-421b-a422-86018c0216e0 | Context users@openstack cleanup() finished in 7.21 sec
2019-07-06 08:04:36.193 1842 INFO rally.task.engine [-] Load duration is: 3.733987
2019-07-06 08:04:36.193 1842 INFO rally.task.engine [-] Full runner duration is: 3.780818
2019-07-06 08:04:36.194 1842 INFO rally.task.engine [-] Full duration is: 22.204057
2019-07-06 08:04:36.396 1842 INFO rally.task.engine [-] Task 3d725827-dd46-421b-a422-86018c0216e0 | Completed: Running task.
2019-07-06 08:04:37.616 6540 RALLYDEBUG rally.api [-] INFO logs from urllib3 and requests module are hide.
2019-07-06 08:04:37.616 6540 RALLYDEBUG rally.api [-] urllib3 insecure warnings are hidden.
2019-07-06 08:04:37.616 6540 RALLYDEBUG rally.api [-] ERROR log from boto module is hide.
2019-07-06 08:04:38.631 6541 RALLYDEBUG rally.api [-] INFO logs from urllib3 and requests module are hide.
2019-07-06 08:04:38.631 6541 RALLYDEBUG rally.api [-] urllib3 insecure warnings are hidden.
2019-07-06 08:04:38.631 6541 RALLYDEBUG rally.api [-] ERROR log from boto module is hide.
2019-07-06 08:04:39.895 6541 INFO rally.api [-] Building 'json' report for the following task(s): '3d725827-dd46-421b-a422-86018c0216e0'.
2019-07-06 08:04:39.942 6541 INFO rally.api [-] The report has been successfully built.
2019-07-06 08:04:40.831 6543 RALLYDEBUG rally.api [-] INFO logs from urllib3 and requests module are hide.
2019-07-06 08:04:40.832 6543 RALLYDEBUG rally.api [-] urllib3 insecure warnings are hidden.
2019-07-06 08:04:40.832 6543 RALLYDEBUG rally.api [-] ERROR log from boto module is hide.
2019-07-06 08:04:42.256 6543 INFO rally.task.engine [-] Task 79a4e57c-d874-4ac9-a7af-15df544c8095 | Starting: Task validation.
2019-07-06 08:04:42.294 6543 INFO rally.task.engine [-] Task 79a4e57c-d874-4ac9-a7af-15df544c8095 | Starting: Task validation of syntax.
2019-07-06 08:04:42.465 6543 INFO rally.task.engine [-] Task 79a4e57c-d874-4ac9-a7af-15df544c8095 | Completed: Task validation of syntax.
2019-07-06 08:04:42.465 6543 INFO rally.task.engine [-] Task 79a4e57c-d874-4ac9-a7af-15df544c8095 | Starting: Task validation of required platforms.
2019-07-06 08:04:42.527 6543 INFO rally.task.engine [-] Task 79a4e57c-d874-4ac9-a7af-15df544c8095 | Completed: Task validation of required platforms.
2019-07-06 08:04:42.527 6543 INFO rally.task.engine [-] Task 79a4e57c-d874-4ac9-a7af-15df544c8095 | Starting: Task validation of semantic.
2019-07-06 08:04:42.527 6543 INFO rally.task.engine [-] Check health of the environment 'f2d40588-7165-4e02-b29f-7bbe25f3598b'.
2019-07-06 08:04:43.352 6543 INFO rally.task.engine [-] Platform existing@openstack (available: True): OK!
2019-07-06 08:04:43.371 6543 RALLYDEBUG rally_openstack.contexts.keystone.users [-] Creating 1 tenants using 20 threads
2019-07-06 08:04:45.121 6543 RALLYDEBUG rally_openstack.contexts.keystone.users [-] Creating 1 users using 20 threads
2019-07-06 08:04:47.436 6543 INFO rally.task.context [-] Task 79a4e57c-d874-4ac9-a7af-15df544c8095 | Context users@openstack setup() finished in 4.06 sec
2019-07-06 08:04:54.349 6543 INFO rally.task.context [-] Task 79a4e57c-d874-4ac9-a7af-15df544c8095 | Context users@openstack cleanup() started
2019-07-06 08:04:58.972 6543 INFO rally.task.context [-] Task 79a4e57c-d874-4ac9-a7af-15df544c8095 | Context users@openstack cleanup() finished in 4.62 sec
2019-07-06 08:04:58.973 6543 INFO rally.task.engine [-] Task 79a4e57c-d874-4ac9-a7af-15df544c8095 | Completed: Task validation of semantic.
2019-07-06 08:04:58.974 6543 INFO rally.task.engine [-] Task 79a4e57c-d874-4ac9-a7af-15df544c8095 | Completed: Task validation.
2019-07-06 08:04:58.974 6543 INFO rally.api [-] Task 79a4e57c-d874-4ac9-a7af-15df544c8095 input file is valid.
2019-07-06 08:04:58.974 6543 INFO rally.api [-] Run Task 79a4e57c-d874-4ac9-a7af-15df544c8095 against Deployment f2d40588-7165-4e02-b29f-7bbe25f3598b
2019-07-06 08:04:58.975 6543 INFO rally.task.engine [-] Task 79a4e57c-d874-4ac9-a7af-15df544c8095 | Starting: Running task.
2019-07-06 08:04:59.093 6543 INFO rally.task.engine [-] Running workload: position = 0 config = { "version": 2, "title": "A cropped version of a bigger task.", "description": "Auto-generated task from a single workload (uuid=fa3df7d0-b340-48bd-a228-25c4062e6b70)", "subtasks": [ { "title": "Gnocchi.list_capabilities", "description": "List supported aggregation methods.", "scenario": { "Gnocchi.list_capabilities": {} }, "contexts": { "users": { "tenants": 3, "users_per_tenant": 2 } }, "runner": { "constant": { "concurrency": 4, "times": 10 } }, "hooks": [], "sla": { "failure_rate": { "max": 0 } } } ] }
2019-07-06 08:04:59.114 6543 RALLYDEBUG rally_openstack.contexts.keystone.users [-] Creating 3 tenants using 20 threads
2019-07-06 08:05:00.969 6543 RALLYDEBUG rally_openstack.contexts.keystone.users [-] Creating 6 users using 20 threads
2019-07-06 08:05:03.816 6543 INFO rally.task.context [-] Task 79a4e57c-d874-4ac9-a7af-15df544c8095 | Context users@openstack setup() finished in 4.70 sec
2019-07-06 08:05:03.824 6543 RALLYDEBUG rally.task.runner [-] Starting the constant runner (task UUID: 79a4e57c-d874-4ac9-a7af-15df544c8095). timeout: 0 concurrency: 4 concurrency_per_worker: 1 times: 10 concurrency_overhead: 0 processes_to_start: 4 max_cpu_used: 16
2019-07-06 08:05:03.840 6667 RALLYDEBUG rally.task.runner [-] Starting a worker. concurrency: 1 args: {} times: 10 method_name: run timeout: 0 duration: None cls:
2019-07-06 08:05:03.844 6668 RALLYDEBUG rally.task.runner [-] Starting a worker. concurrency: 1 args: {} times: 10 method_name: run timeout: 0 duration: None cls:
2019-07-06 08:05:03.844 6669 RALLYDEBUG rally.task.runner [-] Starting a worker. concurrency: 1 args: {} times: 10 method_name: run timeout: 0 duration: None cls:
2019-07-06 08:05:03.846 6667 INFO rally.task.runner [-] Task 79a4e57c-d874-4ac9-a7af-15df544c8095 | ITER: 1 START
2019-07-06 08:05:03.848 6670 RALLYDEBUG rally.task.runner [-] Starting a worker. concurrency: 1 args: {} times: 10 method_name: run timeout: 0 duration: None cls:
2019-07-06 08:05:03.849 6669 INFO rally.task.runner [-] Task 79a4e57c-d874-4ac9-a7af-15df544c8095 | ITER: 3 START
2019-07-06 08:05:03.851 6668 INFO rally.task.runner [-] Task 79a4e57c-d874-4ac9-a7af-15df544c8095 | ITER: 2 START
2019-07-06 08:05:03.854 6670 INFO rally.task.runner [-] Task 79a4e57c-d874-4ac9-a7af-15df544c8095 | ITER: 4 START
2019-07-06 08:05:04.577 6667 INFO rally.task.runner [-] Task 79a4e57c-d874-4ac9-a7af-15df544c8095 | ITER: 1 END: OK
2019-07-06 08:05:04.581 6667 INFO rally.task.runner [-] Task 79a4e57c-d874-4ac9-a7af-15df544c8095 | ITER: 5 START
2019-07-06 08:05:04.592 6668 INFO rally.task.runner [-] Task 79a4e57c-d874-4ac9-a7af-15df544c8095 | ITER: 2 END: OK
2019-07-06 08:05:04.596 6668 INFO rally.task.runner [-] Task 79a4e57c-d874-4ac9-a7af-15df544c8095 | ITER: 6 START
2019-07-06 08:05:04.605 6670 INFO rally.task.runner [-] Task 79a4e57c-d874-4ac9-a7af-15df544c8095 | ITER: 4 END: OK
2019-07-06 08:05:04.609 6670 INFO rally.task.runner [-] Task 79a4e57c-d874-4ac9-a7af-15df544c8095 | ITER: 7 START
2019-07-06 08:05:04.717 6669 INFO rally.task.runner [-] Task 79a4e57c-d874-4ac9-a7af-15df544c8095 | ITER: 3 END: OK
2019-07-06 08:05:04.721 6669 INFO rally.task.runner [-] Task 79a4e57c-d874-4ac9-a7af-15df544c8095 | ITER: 8 START
2019-07-06 08:05:05.211 6670 INFO rally.task.runner [-] Task 79a4e57c-d874-4ac9-a7af-15df544c8095 | ITER: 7 END: OK
2019-07-06 08:05:05.215 6670 INFO rally.task.runner [-] Task 79a4e57c-d874-4ac9-a7af-15df544c8095 | ITER: 9 START
2019-07-06 08:05:05.284 6667 INFO rally.task.runner [-] Task 79a4e57c-d874-4ac9-a7af-15df544c8095 | ITER: 5 END: OK
2019-07-06 08:05:05.288 6667 INFO rally.task.runner [-] Task 79a4e57c-d874-4ac9-a7af-15df544c8095 | ITER: 10 START
2019-07-06 08:05:05.290 6668 INFO rally.task.runner [-] Task 79a4e57c-d874-4ac9-a7af-15df544c8095 | ITER: 6 END: OK
2019-07-06 08:05:05.405 6669 INFO rally.task.runner [-] Task 79a4e57c-d874-4ac9-a7af-15df544c8095 | ITER: 8 END: OK
2019-07-06 08:05:05.905 6670 INFO rally.task.runner [-] Task 79a4e57c-d874-4ac9-a7af-15df544c8095 | ITER: 9 END: OK
2019-07-06 08:05:05.915 6667 INFO rally.task.runner [-] Task 79a4e57c-d874-4ac9-a7af-15df544c8095 | ITER: 10 END: OK
2019-07-06 08:05:05.935 6543 INFO rally.task.context [-] Task 79a4e57c-d874-4ac9-a7af-15df544c8095 | Context users@openstack cleanup() started
2019-07-06 08:05:12.978 6543 INFO rally.task.context [-] Task 79a4e57c-d874-4ac9-a7af-15df544c8095 | Context users@openstack cleanup() finished in 7.04 sec
2019-07-06 08:05:13.191 6543 INFO rally.task.engine [-] Load duration is: 2.067091
2019-07-06 08:05:13.192 6543 INFO rally.task.engine [-] Full runner duration is: 2.110758
2019-07-06 08:05:13.192 6543 INFO rally.task.engine [-] Full duration is: 13.868371
2019-07-06 08:05:13.411 6543 INFO rally.task.engine [-] Running workload: position = 0 config = { "version": 2, "title": "A cropped version of a bigger task.", "description": "Auto-generated task from a single workload (uuid=2c6dcaa2-c79e-4598-b8ad-d05a40f6975c)", "subtasks": [ { "title": "Gnocchi.get_status", "description": "Get the status of measurements processing.", "scenario": { "Gnocchi.get_status": { "detailed": false } }, "contexts": { "users": { "tenants": 3, "users_per_tenant": 2 } }, "runner": { "constant": { "concurrency": 4, "times": 10 } }, "hooks": [], "sla": { "failure_rate": { "max": 0 } } } ] }
2019-07-06 08:05:13.433 6543 RALLYDEBUG rally_openstack.contexts.keystone.users [-] Creating 3 tenants using 20 threads
2019-07-06 08:05:15.248 6543 RALLYDEBUG rally_openstack.contexts.keystone.users [-] Creating 6 users using 20 threads
2019-07-06 08:05:17.969 6543 INFO rally.task.context [-] Task 79a4e57c-d874-4ac9-a7af-15df544c8095 | Context users@openstack setup() finished in 4.54 sec
2019-07-06 08:05:17.976 6543 RALLYDEBUG rally.task.runner [-] Starting the constant runner (task UUID: 79a4e57c-d874-4ac9-a7af-15df544c8095). timeout: 0 concurrency: 4 concurrency_per_worker: 1 times: 10 concurrency_overhead: 0 processes_to_start: 4 max_cpu_used: 16
2019-07-06 08:05:17.988 6771 RALLYDEBUG rally.task.runner [-] Starting a worker. concurrency: 1 args: {"detailed": false} times: 10 method_name: run timeout: 0 duration: None cls:
2019-07-06 08:05:17.991 6772 RALLYDEBUG rally.task.runner [-] Starting a worker. concurrency: 1 args: {"detailed": false} times: 10 method_name: run timeout: 0 duration: None cls:
2019-07-06 08:05:17.994 6771 INFO rally.task.runner [-] Task 79a4e57c-d874-4ac9-a7af-15df544c8095 | ITER: 1 START
2019-07-06 08:05:17.993 6773 RALLYDEBUG rally.task.runner [-] Starting a worker. concurrency: 1 args: {"detailed": false} times: 10 method_name: run timeout: 0 duration: None cls:
2019-07-06 08:05:17.996 6772 INFO rally.task.runner [-] Task 79a4e57c-d874-4ac9-a7af-15df544c8095 | ITER: 2 START
2019-07-06 08:05:17.996 6774 RALLYDEBUG rally.task.runner [-] Starting a worker. concurrency: 1 args: {"detailed": false} times: 10 method_name: run timeout: 0 duration: None cls:
2019-07-06 08:05:17.998 6773 INFO rally.task.runner [-] Task 79a4e57c-d874-4ac9-a7af-15df544c8095 | ITER: 3 START
2019-07-06 08:05:18.002 6774 INFO rally.task.runner [-] Task 79a4e57c-d874-4ac9-a7af-15df544c8095 | ITER: 4 START
2019-07-06 08:05:18.726 6773 INFO rally.task.runner [-] Task 79a4e57c-d874-4ac9-a7af-15df544c8095 | ITER: 3 END: OK
2019-07-06 08:05:18.730 6773 INFO rally.task.runner [-] Task 79a4e57c-d874-4ac9-a7af-15df544c8095 | ITER: 5 START
2019-07-06 08:05:18.748 6772 INFO rally.task.runner [-] Task 79a4e57c-d874-4ac9-a7af-15df544c8095 | ITER: 2 END: OK
2019-07-06 08:05:18.752 6772 INFO rally.task.runner [-] Task 79a4e57c-d874-4ac9-a7af-15df544c8095 | ITER: 6 START
2019-07-06 08:05:18.757 6774 INFO rally.task.runner [-] Task 79a4e57c-d874-4ac9-a7af-15df544c8095 | ITER: 4 END: OK
