2019-07-04 09:29:32.668 24802 WARNING rally_openstack.scenarios.neutron.utils [-] Running this scenario without either the 'network' or 'existing_network' context is deprecated
2019-07-04 09:29:32.668 24801 WARNING rally_openstack.scenarios.neutron.utils [-] Running this scenario without either the 'network' or 'existing_network' context is deprecated
2019-07-04 09:29:32.668 24810 WARNING rally_openstack.scenarios.neutron.utils [-] Running this scenario without either the 'network' or 'existing_network' context is deprecated
2019-07-04 09:29:32.666 24803 INFO rally.task.runner [-] Task 49ffcdec-9945-4c82-ac3e-0d838f7ae0b7 | ITER: 9 START
2019-07-04 09:29:32.670 24803 WARNING rally_openstack.scenarios.neutron.utils [-] Running this scenario without either the 'network' or 'existing_network' context is deprecated
2019-07-04 09:29:32.670 24815 RALLYDEBUG rally.task.runner [-] Starting a worker. concurrency: 1 args: {"network_create_args": {}, "subnet_create_args": {}, "subnet_cidr_start": "1.1.0.0/30", "subnets_per_network": 2} times: 40 method_name: run timeout: 0 duration: None cls:
2019-07-04 09:29:32.666 24802 INFO rally.task.runner [-] Task 49ffcdec-9945-4c82-ac3e-0d838f7ae0b7 | ITER: 7 START
2019-07-04 09:29:32.676 24802 WARNING rally_openstack.scenarios.neutron.utils [-] Running this scenario without either the 'network' or 'existing_network' context is deprecated
2019-07-04 09:29:32.679 24815 INFO rally.task.runner [-] Task 49ffcdec-9945-4c82-ac3e-0d838f7ae0b7 | ITER: 11 START
2019-07-04 09:29:32.682 24822 RALLYDEBUG rally.task.runner [-] Starting a worker. concurrency: 1 args: {"network_create_args": {}, "subnet_create_args": {}, "subnet_cidr_start": "1.1.0.0/30", "subnets_per_network": 2} times: 40 method_name: run timeout: 0 duration: None cls:
2019-07-04 09:29:32.684 24815 WARNING rally_openstack.scenarios.neutron.utils [-] Running this scenario without either the 'network' or 'existing_network' context is deprecated
2019-07-04 09:29:32.684 24824 RALLYDEBUG rally.task.runner [-] Starting a worker. concurrency: 1 args: {"network_create_args": {}, "subnet_create_args": {}, "subnet_cidr_start": "1.1.0.0/30", "subnets_per_network": 2} times: 40 method_name: run timeout: 0 duration: None cls:
2019-07-04 09:29:32.687 24822 INFO rally.task.runner [-] Task 49ffcdec-9945-4c82-ac3e-0d838f7ae0b7 | ITER: 12 START
2019-07-04 09:29:32.689 24822 WARNING rally_openstack.scenarios.neutron.utils [-] Running this scenario without either the 'network' or 'existing_network' context is deprecated
2019-07-04 09:29:32.690 24824 INFO rally.task.runner [-] Task 49ffcdec-9945-4c82-ac3e-0d838f7ae0b7 | ITER: 13 START
2019-07-04 09:29:32.691 24824 WARNING rally_openstack.scenarios.neutron.utils [-] Running this scenario without either the 'network' or 'existing_network' context is deprecated
2019-07-04 09:29:32.694 24826 RALLYDEBUG rally.task.runner [-] Starting a worker. concurrency: 1 args: {"network_create_args": {}, "subnet_create_args": {}, "subnet_cidr_start": "1.1.0.0/30", "subnets_per_network": 2} times: 40 method_name: run timeout: 0 duration: None cls:
2019-07-04 09:29:32.701 24826 INFO rally.task.runner [-] Task 49ffcdec-9945-4c82-ac3e-0d838f7ae0b7 | ITER: 14 START
2019-07-04 09:29:32.702 24826 WARNING rally_openstack.scenarios.neutron.utils [-] Running this scenario without either the 'network' or 'existing_network' context is deprecated
2019-07-04 09:29:32.701 24831 RALLYDEBUG rally.task.runner [-] Starting a worker. concurrency: 1 args: {"network_create_args": {}, "subnet_create_args": {}, "subnet_cidr_start": "1.1.0.0/30", "subnets_per_network": 2} times: 40 method_name: run timeout: 0 duration: None cls:
2019-07-04 09:29:32.705 24834 RALLYDEBUG rally.task.runner [-] Starting a worker. concurrency: 1 args: {"network_create_args": {}, "subnet_create_args": {}, "subnet_cidr_start": "1.1.0.0/30", "subnets_per_network": 2} times: 40 method_name: run timeout: 0 duration: None cls:
2019-07-04 09:29:32.706 24831 INFO rally.task.runner [-] Task 49ffcdec-9945-4c82-ac3e-0d838f7ae0b7 | ITER: 15 START
2019-07-04 09:29:32.708 24831 WARNING rally_openstack.scenarios.neutron.utils [-] Running this scenario without either the 'network' or 'existing_network' context is deprecated
2019-07-04 09:29:32.709 24834 INFO rally.task.runner [-] Task 49ffcdec-9945-4c82-ac3e-0d838f7ae0b7 | ITER: 16 START
2019-07-04 09:29:32.711 24834 WARNING rally_openstack.scenarios.neutron.utils [-] Running this scenario without either the 'network' or 'existing_network' context is deprecated
2019-07-04 09:29:32.713 24837 RALLYDEBUG rally.task.runner [-] Starting a worker. concurrency: 1 args: {"network_create_args": {}, "subnet_create_args": {}, "subnet_cidr_start": "1.1.0.0/30", "subnets_per_network": 2} times: 40 method_name: run timeout: 0 duration: None cls:
2019-07-04 09:29:32.718 24837 INFO rally.task.runner [-] Task 49ffcdec-9945-4c82-ac3e-0d838f7ae0b7 | ITER: 17 START
2019-07-04 09:29:32.719 24840 RALLYDEBUG rally.task.runner [-] Starting a worker. concurrency: 1 args: {"network_create_args": {}, "subnet_create_args": {}, "subnet_cidr_start": "1.1.0.0/30", "subnets_per_network": 2} times: 40 method_name: run timeout: 0 duration: None cls:
2019-07-04 09:29:32.720 24837 WARNING rally_openstack.scenarios.neutron.utils [-] Running this scenario without either the 'network' or 'existing_network' context is deprecated
2019-07-04 09:29:32.723 24840 INFO rally.task.runner [-] Task 49ffcdec-9945-4c82-ac3e-0d838f7ae0b7 | ITER: 18 START
2019-07-04 09:29:32.724 24840 WARNING rally_openstack.scenarios.neutron.utils [-] Running this scenario without either the 'network' or 'existing_network' context is deprecated
2019-07-04 09:29:32.724 24843 RALLYDEBUG rally.task.runner [-] Starting a worker. concurrency: 1 args: {"network_create_args": {}, "subnet_create_args": {}, "subnet_cidr_start": "1.1.0.0/30", "subnets_per_network": 2} times: 40 method_name: run timeout: 0 duration: None cls:
2019-07-04 09:29:32.729 24846 RALLYDEBUG rally.task.runner [-] Starting a worker. concurrency: 1 args: {"network_create_args": {}, "subnet_create_args": {}, "subnet_cidr_start": "1.1.0.0/30", "subnets_per_network": 2} times: 40 method_name: run timeout: 0 duration: None cls:
2019-07-04 09:29:32.730 24843 INFO rally.task.runner [-] Task 49ffcdec-9945-4c82-ac3e-0d838f7ae0b7 | ITER: 19 START
2019-07-04 09:29:32.731 24843 WARNING rally_openstack.scenarios.neutron.utils [-] Running this scenario without either the 'network' or 'existing_network' context is deprecated
2019-07-04 09:29:32.733 24846 INFO rally.task.runner [-] Task 49ffcdec-9945-4c82-ac3e-0d838f7ae0b7 | ITER: 20 START
2019-07-04 09:29:32.734 24846 WARNING rally_openstack.scenarios.neutron.utils [-] Running this scenario without either the 'network' or 'existing_network' context is deprecated
2019-07-04 09:29:34.537 24802 RALLYDEBUG rally_openstack.wrappers.network [-] CIDR generated: 1.1.4.96/30
2019-07-04 09:29:34.573 24822 RALLYDEBUG rally_openstack.wrappers.network [-] CIDR generated: 1.1.4.100/30
2019-07-04 09:29:34.573 24800 RALLYDEBUG rally_openstack.wrappers.network [-] CIDR generated: 1.1.4.104/30
2019-07-04 09:29:34.606 24799 RALLYDEBUG rally_openstack.wrappers.network [-] CIDR generated: 1.1.4.108/30
2019-07-04 09:29:34.808 24801 RALLYDEBUG rally_openstack.wrappers.network [-] CIDR generated: 1.1.4.112/30
2019-07-04 09:29:34.829 24799 RALLYDEBUG rally_openstack.wrappers.network [-] CIDR generated: 1.1.4.116/30
2019-07-04 09:29:34.884 24843 RALLYDEBUG rally_openstack.wrappers.network [-] CIDR generated: 1.1.4.120/30
2019-07-04 09:29:34.905 24800 RALLYDEBUG rally_openstack.wrappers.network [-] CIDR generated: 1.1.4.124/30
2019-07-04 09:29:35.087 24826 RALLYDEBUG rally_openstack.wrappers.network [-] CIDR generated: 1.1.4.128/30
2019-07-04 09:29:35.152 24834 RALLYDEBUG rally_openstack.wrappers.network [-] CIDR generated: 1.1.4.132/30
2019-07-04 09:29:35.173 24815 RALLYDEBUG rally_openstack.wrappers.network [-] CIDR generated: 1.1.4.136/30
2019-07-04 09:29:35.175 24802 RALLYDEBUG rally_openstack.wrappers.network [-] CIDR generated: 1.1.4.140/30
2019-07-04 09:29:35.280 24824 RALLYDEBUG rally_openstack.wrappers.network [-] CIDR generated: 1.1.4.144/30
2019-07-04 09:29:35.334 24810 RALLYDEBUG rally_openstack.wrappers.network [-] CIDR generated: 1.1.4.148/30
2019-07-04 09:29:35.382 24846 RALLYDEBUG rally_openstack.wrappers.network [-] CIDR generated: 1.1.4.152/30
2019-07-04 09:29:35.689 24803 RALLYDEBUG rally_openstack.wrappers.network [-] CIDR generated: 1.1.4.156/30
2019-07-04 09:29:35.790 24840 RALLYDEBUG rally_openstack.wrappers.network [-] CIDR generated: 1.1.4.160/30
2019-07-04 09:29:35.909 24800 RALLYDEBUG rally_openstack.wrappers.network [-] CIDR generated: 1.1.4.164/30
2019-07-04 09:29:35.933 24822 RALLYDEBUG rally_openstack.wrappers.network [-] CIDR generated: 1.1.4.168/30
2019-07-04 09:29:36.238 24801 RALLYDEBUG rally_openstack.wrappers.network [-] CIDR generated: 1.1.4.172/30
2019-07-04 09:29:36.253 24831 RALLYDEBUG rally_openstack.wrappers.network [-] CIDR generated: 1.1.4.176/30
2019-07-04 09:29:36.422 24837 RALLYDEBUG rally_openstack.wrappers.network [-] CIDR generated: 1.1.4.180/30
2019-07-04 09:29:36.556 24846 RALLYDEBUG rally_openstack.wrappers.network [-] CIDR generated: 1.1.4.184/30
2019-07-04 09:29:37.150 24802 RALLYDEBUG rally_openstack.wrappers.network [-] CIDR generated: 1.1.4.188/30
2019-07-04 09:29:37.189 24843 RALLYDEBUG rally_openstack.wrappers.network [-] CIDR generated: 1.1.4.192/30
2019-07-04 09:29:37.406 24824 RALLYDEBUG rally_openstack.wrappers.network [-] CIDR generated: 1.1.4.196/30
2019-07-04 09:29:37.613 24810 RALLYDEBUG rally_openstack.wrappers.network [-] CIDR generated: 1.1.4.200/30
2019-07-04 09:29:38.081 24799 RALLYDEBUG rally_openstack.wrappers.network [-] CIDR generated: 1.1.4.204/30
2019-07-04 09:29:39.683 24800 RALLYDEBUG rally_openstack.wrappers.network [-] CIDR generated: 1.1.4.208/30
2019-07-04 09:29:39.686 24802 RALLYDEBUG rally_openstack.wrappers.network [-] CIDR generated: 1.1.4.212/30
2019-07-04 09:29:39.959 24800 INFO rally.task.runner [-] Task 49ffcdec-9945-4c82-ac3e-0d838f7ae0b7 | ITER: 3 END: OK
2019-07-04 09:29:39.963 24800 INFO rally.task.runner [-] Task 49ffcdec-9945-4c82-ac3e-0d838f7ae0b7 | ITER: 21 START
2019-07-04 09:29:39.964 24800 WARNING rally_openstack.scenarios.neutron.utils [-] Running this scenario without either the 'network' or 'existing_network' context is deprecated
2019-07-04 09:29:40.085 24826 RALLYDEBUG rally_openstack.wrappers.network [-] CIDR generated: 1.1.4.216/30
2019-07-04 09:29:40.087 24834 RALLYDEBUG rally_openstack.wrappers.network [-] CIDR generated: 1.1.4.220/30
2019-07-04 09:29:40.559 24840 RALLYDEBUG rally_openstack.wrappers.network [-] CIDR generated: 1.1.4.224/30
2019-07-04 09:29:41.288 24822 INFO rally.task.runner [-] Task 49ffcdec-9945-4c82-ac3e-0d838f7ae0b7 | ITER: 12 END: OK
2019-07-04 09:29:41.293 24822 INFO rally.task.runner [-] Task 49ffcdec-9945-4c82-ac3e-0d838f7ae0b7 | ITER: 22 START
2019-07-04 09:29:41.294 24822 WARNING rally_openstack.scenarios.neutron.utils [-] Running this scenario without either the 'network' or 'existing_network' context is deprecated
2019-07-04 09:29:41.347 24800 RALLYDEBUG rally_openstack.wrappers.network [-] CIDR generated: 1.1.4.228/30
2019-07-04 09:29:41.493 24846 INFO rally.task.runner [-] Task 49ffcdec-9945-4c82-ac3e-0d838f7ae0b7 | ITER: 20 END: OK
2019-07-04 09:29:41.497 24846 INFO rally.task.runner [-] Task 49ffcdec-9945-4c82-ac3e-0d838f7ae0b7 | ITER: 23 START
2019-07-04 09:29:41.498 24846 WARNING rally_openstack.scenarios.neutron.utils [-] Running this scenario without either the 'network' or 'existing_network' context is deprecated
2019-07-04 09:29:42.584 24822 RALLYDEBUG rally_openstack.wrappers.network [-] CIDR generated: 1.1.4.232/30
2019-07-04 09:29:42.608 24800 RALLYDEBUG rally_openstack.wrappers.network [-] CIDR generated: 1.1.4.236/30
2019-07-04 09:29:43.568 24846 RALLYDEBUG rally_openstack.wrappers.network [-] CIDR generated: 1.1.4.240/30
2019-07-04 09:29:43.862 24815 RALLYDEBUG rally_openstack.wrappers.network [-] CIDR generated: 1.1.4.244/30
2019-07-04 09:29:43.869 24803 RALLYDEBUG rally_openstack.wrappers.network [-] CIDR generated: 1.1.4.248/30
2019-07-04 09:29:43.885 24801 RALLYDEBUG rally_openstack.wrappers.network [-] CIDR generated: 1.1.4.252/30
2019-07-04 09:29:43.966 24799 RALLYDEBUG rally_openstack.wrappers.network [-] CIDR generated: 1.1.5.0/30
2019-07-04 09:29:44.385 24843 INFO rally.task.runner [-] Task 49ffcdec-9945-4c82-ac3e-0d838f7ae0b7 | ITER: 19 END: OK
2019-07-04 09:29:44.389 24843 INFO rally.task.runner [-] Task 49ffcdec-9945-4c82-ac3e-0d838f7ae0b7 | ITER: 24 START
2019-07-04 09:29:44.390 24843 WARNING rally_openstack.scenarios.neutron.utils [-] Running this scenario without either the 'network' or 'existing_network' context is deprecated
2019-07-04 09:29:44.473 24822 RALLYDEBUG rally_openstack.wrappers.network [-] CIDR generated: 1.1.5.4/30
2019-07-04 09:29:44.511 24801 RALLYDEBUG rally_openstack.wrappers.network [-] CIDR generated: 1.1.5.8/30
2019-07-04 09:29:44.564 24837 RALLYDEBUG rally_openstack.wrappers.network [-] CIDR generated: 1.1.5.12/30
2019-07-04 09:29:44.700 24831 RALLYDEBUG rally_openstack.wrappers.network [-] CIDR generated: 1.1.5.16/30
2019-07-04 09:29:44.967 24802 INFO rally.task.runner [-] Task 49ffcdec-9945-4c82-ac3e-0d838f7ae0b7 | ITER: 8 END: OK
2019-07-04 09:29:44.971 24802 INFO rally.task.runner [-] Task 49ffcdec-9945-4c82-ac3e-0d838f7ae0b7 | ITER: 25 START
2019-07-04 09:29:44.972 24802 WARNING rally_openstack.scenarios.neutron.utils [-] Running this scenario without either the 'network' or 'existing_network' context is deprecated
2019-07-04 09:29:45.405 24810 INFO rally.task.runner [-] Task 49ffcdec-9945-4c82-ac3e-0d838f7ae0b7 | ITER: 10 END: OK
2019-07-04 09:29:45.410 24810 INFO rally.task.runner [-] Task 49ffcdec-9945-4c82-ac3e-0d838f7ae0b7 | ITER: 26 START
2019-07-04 09:29:45.410 24810 WARNING rally_openstack.scenarios.neutron.utils [-] Running this scenario without either the 'network' or 'existing_network' context is deprecated
2019-07-04 09:29:45.607 24824 INFO rally.task.runner [-] Task 49ffcdec-9945-4c82-ac3e-0d838f7ae0b7 | ITER: 13 END: OK
2019-07-04 09:29:45.610 24824 INFO rally.task.runner [-] Task 49ffcdec-9945-4c82-ac3e-0d838f7ae0b7 | ITER: 27 START
2019-07-04 09:29:45.610 24824 WARNING rally_openstack.scenarios.neutron.utils [-] Running this scenario without either the 'network' or 'existing_network' context is deprecated
2019-07-04 09:29:45.799 24843 RALLYDEBUG rally_openstack.wrappers.network [-] CIDR generated: 1.1.5.20/30
2019-07-04 09:29:46.492 24802 RALLYDEBUG rally_openstack.wrappers.network [-] CIDR generated: 1.1.5.24/30
2019-07-04 09:29:46.755 24800 INFO rally.task.runner [-] Task 49ffcdec-9945-4c82-ac3e-0d838f7ae0b7 | ITER: 21 END: OK
2019-07-04 09:29:46.759 24800 INFO rally.task.runner [-] Task 49ffcdec-9945-4c82-ac3e-0d838f7ae0b7 | ITER: 28 START
2019-07-04 09:29:46.759 24800 WARNING rally_openstack.scenarios.neutron.utils [-] Running this scenario without either the 'network' or 'existing_network' context is deprecated
2019-07-04 09:29:46.787 24824 RALLYDEBUG rally_openstack.wrappers.network [-] CIDR generated: 1.1.5.28/30
2019-07-04 09:29:46.984 24810 RALLYDEBUG rally_openstack.wrappers.network [-] CIDR generated: 1.1.5.32/30
2019-07-04 09:29:47.451 24843 RALLYDEBUG rally_openstack.wrappers.network [-] CIDR generated: 1.1.5.36/30
2019-07-04 09:29:47.608 24802 RALLYDEBUG rally_openstack.wrappers.network [-] CIDR generated: 1.1.5.40/30
2019-07-04 09:29:47.698 24834 INFO rally.task.runner [-] Task 49ffcdec-9945-4c82-ac3e-0d838f7ae0b7 | ITER: 16 END: OK
2019-07-04 09:29:47.703 24834 INFO rally.task.runner [-] Task 49ffcdec-9945-4c82-ac3e-0d838f7ae0b7 | ITER: 29 START
2019-07-04 09:29:47.703 24834 WARNING rally_openstack.scenarios.neutron.utils [-] Running this scenario without either the 'network' or 'existing_network' context is deprecated
2019-07-04 09:29:47.714 24826 INFO rally.task.runner [-] Task 49ffcdec-9945-4c82-ac3e-0d838f7ae0b7 | ITER: 14 END: OK
2019-07-04 09:29:47.719 24826 INFO rally.task.runner [-] Task 49ffcdec-9945-4c82-ac3e-0d838f7ae0b7 | ITER: 30 START
2019-07-04 09:29:47.720 24826 WARNING rally_openstack.scenarios.neutron.utils [-] Running this scenario without either the 'network' or 'existing_network' context is deprecated
2019-07-04 09:29:47.971 24824 RALLYDEBUG rally_openstack.wrappers.network [-] CIDR generated: 1.1.5.44/30
2019-07-04 09:29:47.995 24840 INFO rally.task.runner [-] Task 49ffcdec-9945-4c82-ac3e-0d838f7ae0b7 | ITER: 18 END: OK
2019-07-04 09:29:47.999 24840 INFO rally.task.runner [-] Task 49ffcdec-9945-4c82-ac3e-0d838f7ae0b7 | ITER: 31 START
2019-07-04 09:29:48.000 24840 WARNING rally_openstack.scenarios.neutron.utils [-] Running this scenario without either the 'network' or 'existing_network' context is deprecated
2019-07-04 09:29:48.317 24800 RALLYDEBUG rally_openstack.wrappers.network [-] CIDR generated: 1.1.5.48/30
2019-07-04 09:29:48.805 24822 INFO rally.task.runner [-] Task 49ffcdec-9945-4c82-ac3e-0d838f7ae0b7 | ITER: 22 END: OK
2019-07-04 09:29:48.809 24822 INFO rally.task.runner [-] Task 49ffcdec-9945-4c82-ac3e-0d838f7ae0b7 | ITER: 32 START
2019-07-04 09:29:48.809 24822 WARNING rally_openstack.scenarios.neutron.utils [-] Running this scenario without either the 'network' or 'existing_network' context is deprecated
2019-07-04 09:29:49.160 24846 RALLYDEBUG rally_openstack.wrappers.network [-] CIDR generated: 1.1.5.52/30
2019-07-04 09:29:49.161 24826 RALLYDEBUG rally_openstack.wrappers.network [-] CIDR generated: 1.1.5.56/30
2019-07-04 09:29:49.439 24810 RALLYDEBUG rally_openstack.wrappers.network [-] CIDR generated: 1.1.5.60/30
2019-07-04 09:29:49.693 24800 RALLYDEBUG rally_openstack.wrappers.network [-] CIDR generated: 1.1.5.64/30
2019-07-04 09:29:49.775 24834 RALLYDEBUG rally_openstack.wrappers.network [-] CIDR generated: 1.1.5.68/30
2019-07-04 09:29:50.021 24840 RALLYDEBUG rally_openstack.wrappers.network [-] CIDR generated: 1.1.5.72/30
2019-07-04 09:29:50.201 24822 RALLYDEBUG rally_openstack.wrappers.network [-] CIDR generated: 1.1.5.76/30
2019-07-04 09:29:50.860 24826 RALLYDEBUG rally_openstack.wrappers.network [-] CIDR generated: 1.1.5.80/30
2019-07-04 09:29:51.419 24824 INFO rally.task.runner [-] Task 49ffcdec-9945-4c82-ac3e-0d838f7ae0b7 | ITER: 27 END: OK
2019-07-04 09:29:51.424 24824 INFO rally.task.runner [-] Task 49ffcdec-9945-4c82-ac3e-0d838f7ae0b7 | ITER: 33 START
2019-07-04 09:29:51.425 24824 WARNING rally_openstack.scenarios.neutron.utils [-] Running this scenario without either the 'network' or 'existing_network' context is deprecated
2019-07-04 09:29:52.324 24822 RALLYDEBUG rally_openstack.wrappers.network [-] CIDR generated: 1.1.5.84/30
2019-07-04 09:29:52.667 24802 INFO rally.task.runner [-] Task 49ffcdec-9945-4c82-ac3e-0d838f7ae0b7 | ITER: 7 END: OK
2019-07-04 09:29:52.671 24802 INFO rally.task.runner [-] Task 49ffcdec-9945-4c82-ac3e-0d838f7ae0b7 | ITER: 34 START
2019-07-04 09:29:52.672 24802 WARNING rally_openstack.scenarios.neutron.utils [-] Running this scenario without either the 'network' or 'existing_network' context is deprecated
2019-07-04 09:29:52.767 24799 INFO rally.task.runner [-] Task 49ffcdec-9945-4c82-ac3e-0d838f7ae0b7 | ITER: 1 END: OK
2019-07-04 09:29:52.771 24799 INFO rally.task.runner [-] Task 49ffcdec-9945-4c82-ac3e-0d838f7ae0b7 | ITER: 35 START
2019-07-04 09:29:52.772 24799 WARNING rally_openstack.scenarios.neutron.utils [-] Running this scenario without either the 'network' or 'existing_network' context is deprecated
2019-07-04 09:29:53.280 24802 INFO rally.task.runner [-] Task 49ffcdec-9945-4c82-ac3e-0d838f7ae0b7 | ITER: 25 END: OK
2019-07-04 09:29:53.284 24802 INFO rally.task.runner [-] Task 49ffcdec-9945-4c82-ac3e-0d838f7ae0b7 | ITER: 36 START
2019-07-04 09:29:53.285 24802 WARNING rally_openstack.scenarios.neutron.utils [-] Running this scenario without either the 'network' or 'existing_network' context is deprecated
2019-07-04 09:29:53.302 24824 RALLYDEBUG rally_openstack.wrappers.network [-] CIDR generated: 1.1.5.88/30
2019-07-04 09:29:53.575 24843 INFO rally.task.runner [-] Task 49ffcdec-9945-4c82-ac3e-0d838f7ae0b7 | ITER: 24 END: OK
2019-07-04 09:29:53.580 24843 INFO rally.task.runner [-] Task 49ffcdec-9945-4c82-ac3e-0d838f7ae0b7 | ITER: 37 START
2019-07-04 09:29:53.580 24843 WARNING rally_openstack.scenarios.neutron.utils [-] Running this scenario without either the 'network' or 'existing_network' context is deprecated
2019-07-04 09:29:53.596 24800 INFO rally.task.runner [-] Task 49ffcdec-9945-4c82-ac3e-0d838f7ae0b7 | ITER: 6 END: OK
2019-07-04 09:29:53.600 24800 INFO rally.task.runner [-] Task 49ffcdec-9945-4c82-ac3e-0d838f7ae0b7 | ITER: 38 START
2019-07-04 09:29:53.601 24800 WARNING rally_openstack.scenarios.neutron.utils [-] Running this scenario without either the 'network' or 'existing_network' context is deprecated
2019-07-04 09:29:54.145 24840 RALLYDEBUG rally_openstack.wrappers.network [-] CIDR generated: 1.1.5.92/30
2019-07-04 09:29:54.147 24834 RALLYDEBUG rally_openstack.wrappers.network [-] CIDR generated: 1.1.5.96/30
2019-07-04 09:29:54.855 24799 RALLYDEBUG rally_openstack.wrappers.network [-] CIDR generated: 1.1.5.100/30
2019-07-04 09:29:54.875 24800 INFO rally.task.runner [-] Task 49ffcdec-9945-4c82-ac3e-0d838f7ae0b7 | ITER: 28 END: OK
2019-07-04 09:29:54.879 24800 INFO rally.task.runner [-] Task 49ffcdec-9945-4c82-ac3e-0d838f7ae0b7 | ITER: 39 START
2019-07-04 09:29:54.880 24800 WARNING rally_openstack.scenarios.neutron.utils [-] Running this scenario without either the 'network' or 'existing_network' context is deprecated
2019-07-04 09:29:55.061 24802 RALLYDEBUG rally_openstack.wrappers.network [-] CIDR generated: 1.1.5.104/30
2019-07-04 09:29:55.386 24810 INFO rally.task.runner [-] Task 49ffcdec-9945-4c82-ac3e-0d838f7ae0b7 | ITER: 26 END: OK
2019-07-04 09:29:55.390 24810 INFO rally.task.runner [-] Task 49ffcdec-9945-4c82-ac3e-0d838f7ae0b7 | ITER: 40 START
2019-07-04 09:29:55.391 24810 WARNING rally_openstack.scenarios.neutron.utils [-] Running this scenario without either the 'network' or 'existing_network' context is deprecated
2019-07-04 09:29:55.509 24826 INFO rally.task.runner [-] Task 49ffcdec-9945-4c82-ac3e-0d838f7ae0b7 | ITER: 30 END: OK
2019-07-04 09:29:55.783 24802 RALLYDEBUG rally_openstack.wrappers.network [-] CIDR generated: 1.1.5.108/30
2019-07-04 09:29:55.813 24800 RALLYDEBUG rally_openstack.wrappers.network [-] CIDR generated: 1.1.5.112/30
2019-07-04 09:29:55.933 24824 RALLYDEBUG rally_openstack.wrappers.network [-] CIDR generated: 1.1.5.116/30
2019-07-04 09:29:56.514 24846 INFO rally.task.runner [-] Task 49ffcdec-9945-4c82-ac3e-0d838f7ae0b7 | ITER: 23 END: OK
2019-07-04 09:29:56.649 24822 INFO rally.task.runner [-] Task 49ffcdec-9945-4c82-ac3e-0d838f7ae0b7 | ITER: 32 END: OK
2019-07-04 09:29:56.808 24799 RALLYDEBUG rally_openstack.wrappers.network [-] CIDR generated: 1.1.5.120/30
2019-07-04 09:29:56.820 24843 RALLYDEBUG rally_openstack.wrappers.network [-] CIDR generated: 1.1.5.124/30
2019-07-04 09:29:57.006 24800 RALLYDEBUG rally_openstack.wrappers.network [-] CIDR generated: 1.1.5.128/30
2019-07-04 09:29:57.161 24810 RALLYDEBUG rally_openstack.wrappers.network [-] CIDR generated: 1.1.5.132/30
2019-07-04 09:29:57.799 24800 RALLYDEBUG rally_openstack.wrappers.network [-] CIDR generated: 1.1.5.136/30
2019-07-04 09:29:58.342 24824 INFO rally.task.runner [-] Task 49ffcdec-9945-4c82-ac3e-0d838f7ae0b7 | ITER: 33 END: OK
2019-07-04 09:29:58.465 24802 RALLYDEBUG rally_openstack.wrappers.network [-] CIDR generated: 1.1.5.140/30
2019-07-04 09:29:58.842 24799 INFO rally.task.runner [-] Task 49ffcdec-9945-4c82-ac3e-0d838f7ae0b7 | ITER: 35 END: OK
2019-07-04 09:29:59.083 24802 RALLYDEBUG rally_openstack.wrappers.network [-] CIDR generated: 1.1.5.144/30
2019-07-04 09:29:59.226 24810 RALLYDEBUG rally_openstack.wrappers.network [-] CIDR generated: 1.1.5.148/30
2019-07-04 09:29:59.319 24843 RALLYDEBUG rally_openstack.wrappers.network [-] CIDR generated: 1.1.5.152/30
2019-07-04 09:30:00.095 24800 RALLYDEBUG rally_openstack.wrappers.network [-] CIDR generated: 1.1.5.156/30
2019-07-04 09:30:00.496 24834 INFO rally.task.runner [-] Task 49ffcdec-9945-4c82-ac3e-0d838f7ae0b7 | ITER: 29 END: OK
2019-07-04 09:30:01.594 24840 INFO rally.task.runner [-] Task 49ffcdec-9945-4c82-ac3e-0d838f7ae0b7 | ITER: 31 END: OK
2019-07-04 09:30:01.811 24800 INFO rally.task.runner [-] Task 49ffcdec-9945-4c82-ac3e-0d838f7ae0b7 | ITER: 38 END: OK
2019-07-04 09:30:02.239 24810 INFO rally.task.runner [-] Task 49ffcdec-9945-4c82-ac3e-0d838f7ae0b7 | ITER: 40 END: OK
2019-07-04 09:30:02.739 24800 INFO rally.task.runner [-] Task 49ffcdec-9945-4c82-ac3e-0d838f7ae0b7 | ITER: 39 END: OK
2019-07-04 09:30:07.153 24802 INFO rally.task.runner [-] Task 49ffcdec-9945-4c82-ac3e-0d838f7ae0b7 | ITER: 36 END: OK
2019-07-04 09:30:07.237 24843 INFO rally.task.runner [-] Task 49ffcdec-9945-4c82-ac3e-0d838f7ae0b7 | ITER: 37 END: OK
2019-07-04 09:30:07.447 24802 INFO rally.task.runner [-] Task 49ffcdec-9945-4c82-ac3e-0d838f7ae0b7 | ITER: 34 END: OK
2019-07-04 09:30:12.713 24799 INFO rally.task.runner [-] Task 49ffcdec-9945-4c82-ac3e-0d838f7ae0b7 | ITER: 4 END: OK
2019-07-04 09:30:12.714 24815 INFO rally.task.runner [-] Task 49ffcdec-9945-4c82-ac3e-0d838f7ae0b7 | ITER: 11 END: OK
2019-07-04 09:30:12.722 24831 INFO rally.task.runner [-] Task 49ffcdec-9945-4c82-ac3e-0d838f7ae0b7 | ITER: 15 END: OK
2019-07-04 09:30:12.729 24801 INFO rally.task.runner [-] Task 49ffcdec-9945-4c82-ac3e-0d838f7ae0b7 | ITER: 2 END: OK
2019-07-04 09:30:12.754 24837 INFO rally.task.runner [-] Task 49ffcdec-9945-4c82-ac3e-0d838f7ae0b7 | ITER: 17 END: OK
2019-07-04 09:30:12.756 24801 INFO rally.task.runner [-] Task 49ffcdec-9945-4c82-ac3e-0d838f7ae0b7 | ITER: 5 END: OK
2019-07-04 09:30:12.778 24803 INFO rally.task.runner [-] Task 49ffcdec-9945-4c82-ac3e-0d838f7ae0b7 | ITER: 9 END: OK
2019-07-04 09:30:12.806 22705 INFO rally.task.context [-] Task 49ffcdec-9945-4c82-ac3e-0d838f7ae0b7 | Context cleanup@openstack cleanup() started
2019-07-04 09:30:12.809 22705 RALLYDEBUG rally_openstack.cleanup.manager [-] Cleaning up neutron vip objects
2019-07-04 09:30:13.537 22705 RALLYDEBUG rally_openstack.cleanup.manager [-] Cleaning up neutron health_monitor objects
2019-07-04 09:30:14.273 22705 RALLYDEBUG rally_openstack.cleanup.manager [-] Cleaning up neutron pool objects
2019-07-04 09:30:15.011 22705 RALLYDEBUG rally_openstack.cleanup.manager [-] Cleaning up neutron loadbalancer objects
2019-07-04 09:30:15.781 22705 RALLYDEBUG rally_openstack.cleanup.manager [-] Cleaning up neutron floatingip objects
2019-07-04 09:30:16.504 22705 RALLYDEBUG rally_openstack.cleanup.manager [-] Cleaning up neutron port objects
2019-07-04 09:30:17.401 22705 RALLYDEBUG rally_openstack.cleanup.manager [-] Cleaning up neutron subnet objects
2019-07-04 09:30:18.089 22705 RALLYDEBUG rally_openstack.cleanup.manager [-] Cleaning up neutron network objects
2019-07-04 09:30:19.234 22705 RALLYDEBUG rally_openstack.cleanup.manager [-] Deleting neutron.network object s_rally_143b0162_xBTTeRP5 (06fc3e53-ac5d-40a8-a115-928c0dff8af2)
2019-07-04 09:30:19.241 22705 RALLYDEBUG rally_openstack.cleanup.manager [-] Deleting neutron.network object s_rally_143b0162_pcGop2Xr (07cd8140-051b-432f-82af-cea2f9645746)
2019-07-04 09:30:19.250 22705 RALLYDEBUG rally_openstack.cleanup.manager [-] Deleting neutron.network object s_rally_143b0162_sviZySd6 (0c01aa90-bbf1-4ed6-a342-aa5e96466d9b)
2019-07-04 09:30:19.259 22705 RALLYDEBUG rally_openstack.cleanup.manager [-] Deleting neutron.network object s_rally_143b0162_qWHInyMe (14a7e4ba-62b4-4bdf-bdf4-3fa8bc3ed58f)
2019-07-04 09:30:19.271 22705 RALLYDEBUG rally_openstack.cleanup.manager [-] Deleting neutron.network object s_rally_143b0162_uW7iFfKJ (2fb634c0-ed26-4c60-9b94-5f22c133614d)
2019-07-04 09:30:19.271 22705 RALLYDEBUG rally_openstack.cleanup.manager [-] Deleting neutron.network object s_rally_143b0162_GYgjCzk0 (24b73dc8-c2f9-4fab-9f96-985f0dba3432)
2019-07-04 09:30:19.282 22705 RALLYDEBUG rally_openstack.cleanup.manager [-] Deleting neutron.network object s_rally_143b0162_cVl3dxxb (39a0fd83-ca7c-40e8-b055-3f78660b2446)
2019-07-04 09:30:19.301 22705 RALLYDEBUG rally_openstack.cleanup.manager [-] Deleting neutron.network object s_rally_143b0162_w3D7i9e9 (3ddd292b-df5c-4b77-8374-bee18d5877c0)
2019-07-04 09:30:19.310 22705 RALLYDEBUG rally_openstack.cleanup.manager [-] Deleting neutron.network object s_rally_143b0162_V7UswHKv (4255870b-3cd2-4d56-86f4-645409c2cd07)
2019-07-04 09:30:19.319 22705 RALLYDEBUG rally_openstack.cleanup.manager [-] Deleting neutron.network object s_rally_143b0162_DP3rPXDP (48704806-2dd8-4f99-85e9-3d256dc4b02b)
2019-07-04 09:30:19.328 22705 RALLYDEBUG rally_openstack.cleanup.manager [-] Deleting neutron.network object s_rally_143b0162_44xAUPpL (4c6bb872-28ef-4c6b-bfd8-6a70242c3767)
2019-07-04 09:30:19.364 22705 RALLYDEBUG rally_openstack.cleanup.manager [-] Deleting neutron.network object s_rally_143b0162_HQh5PAQ4 (52a57fe7-4167-4719-b613-cf2fee8b01c2)
2019-07-04 09:30:19.366 22705 RALLYDEBUG rally_openstack.cleanup.manager [-] Deleting neutron.network object s_rally_143b0162_36StOd2B (4cfe6228-85ae-4f51-a0d9-a244dce2c865)
2019-07-04 09:30:19.381 22705 RALLYDEBUG rally_openstack.cleanup.manager [-] Deleting neutron.network object s_rally_143b0162_xsvdPQ6R (58b526c9-5213-4308-82e1-0efad4173938)
2019-07-04 09:30:19.400 22705 RALLYDEBUG rally_openstack.cleanup.manager [-] Deleting neutron.network object s_rally_143b0162_tZ6KeDVs (6259f729-8ec4-4879-8f69-daed1d898b43)
2019-07-04 09:30:19.403 22705 RALLYDEBUG rally_openstack.cleanup.manager [-] Deleting neutron.network object s_rally_143b0162_tvyAp5iY (64b99bd4-7b49-44dd-89f4-7970a2bb7ae0)
2019-07-04 09:30:19.428 22705 RALLYDEBUG rally_openstack.cleanup.manager [-] Deleting neutron.network object s_rally_143b0162_sk4AalKm (6a644547-e562-4edc-bfd2-0724705851d1)
2019-07-04 09:30:19.428 22705 RALLYDEBUG rally_openstack.cleanup.manager [-] Deleting neutron.network object s_rally_143b0162_TF7A4sAH (858badfb-5fd1-4888-925a-f8f821532023)
2019-07-04 09:30:19.438 22705 RALLYDEBUG rally_openstack.cleanup.manager [-] Deleting neutron.network object s_rally_143b0162_6aTUxECi (82171bfa-0535-4b18-8670-fa2e4c9da741)
2019-07-04 09:30:19.454 22705 RALLYDEBUG rally_openstack.cleanup.manager [-] Deleting neutron.network object s_rally_143b0162_s8uDYq1a (885c9df3-6e5f-4078-ab12-effd80d56735)
2019-07-04 09:30:22.485 22705 RALLYDEBUG rally_openstack.cleanup.manager [-] Deleting neutron.network object s_rally_143b0162_aB6JCeQ8 (89028d5a-46db-4141-b9cd-fe96fde43a4d)
2019-07-04 09:30:22.642 22705 RALLYDEBUG rally_openstack.cleanup.manager [-] Deleting neutron.network object s_rally_143b0162_pGqjqBmB (8b9cec2c-7ecb-4a95-b16b-fbbe15bbe6fa)
2019-07-04 09:30:22.726 22705 RALLYDEBUG rally_openstack.cleanup.manager [-] Deleting neutron.network object s_rally_143b0162_fq3xcIRZ (8d1d12b2-27a3-4bbb-bef2-104ee9c35fbb)
2019-07-04 09:30:22.911 22705 RALLYDEBUG rally_openstack.cleanup.manager [-] Deleting neutron.network object s_rally_143b0162_0MmmoOXP (a03e8123-5ba8-47b3-b4c2-5e8a12a6786e)
2019-07-04 09:30:23.469 22705 RALLYDEBUG rally_openstack.cleanup.manager [-] Deleting neutron.network object s_rally_143b0162_muA2Dn6L (ad8a9237-b7fd-46eb-9199-183b62088bb9)
2019-07-04 09:30:25.325 22705 RALLYDEBUG rally_openstack.cleanup.manager [-] Deleting neutron.network object s_rally_143b0162_OzslT6xw (b221d012-d39e-480d-b6b8-bd0860313ca9)
2019-07-04 09:30:25.557 22705 RALLYDEBUG rally_openstack.cleanup.manager [-] Deleting neutron.network object s_rally_143b0162_fJmkHwwO (b5cb85d7-16fb-48d4-8a74-e6a80a72014b)
2019-07-04 09:30:25.728 22705 RALLYDEBUG rally_openstack.cleanup.manager [-] Deleting neutron.network object s_rally_143b0162_IzERLWmQ (beb5963a-3ba4-4e45-9431-5f5c84a3be68)
2019-07-04 09:30:25.908 22705 RALLYDEBUG rally_openstack.cleanup.manager [-] Deleting neutron.network object s_rally_143b0162_u1cm6EYW (c48eb47e-06f1-4b09-a984-bfbac12376db)
2019-07-04 09:30:26.487 22705 RALLYDEBUG rally_openstack.cleanup.manager [-] Deleting neutron.network object s_rally_143b0162_mYjzre0p (c55250de-84d5-4d61-88e7-8cb72c018e20)
2019-07-04 09:30:26.626 22705 RALLYDEBUG rally_openstack.cleanup.manager [-] Deleting neutron.network object s_rally_143b0162_U8eMGUxd (cbd39537-c40e-451c-8a92-76f3e75fde6b)
2019-07-04 09:30:26.648 22705 RALLYDEBUG rally_openstack.cleanup.manager [-] Deleting neutron.network object s_rally_143b0162_om8SoGh2 (d6d83dcf-29e2-409f-b68a-d655f5a9119e)
2019-07-04 09:30:26.902 22705 RALLYDEBUG rally_openstack.cleanup.manager [-] Deleting neutron.network object s_rally_143b0162_LsXfqIGc (d7c82679-06f6-4eca-9ab1-039f25b600d1)
2019-07-04 09:30:27.122 22705 RALLYDEBUG rally_openstack.cleanup.manager [-] Deleting neutron.network object s_rally_143b0162_ZI2hJlu3 (d975782b-84fc-4b3a-a4b8-96c7532637ac)
2019-07-04 09:30:27.126 22705 RALLYDEBUG rally_openstack.cleanup.manager [-] Deleting neutron.network object s_rally_143b0162_ulKI1w6E (e234e350-eab4-4bff-b21e-55c49cc7bc04)
2019-07-04 09:30:27.591 22705 RALLYDEBUG rally_openstack.cleanup.manager [-] Deleting neutron.network object s_rally_143b0162_yUwq5SId (e27a4c89-42ee-4cae-a8d8-e062947ff1be)
2019-07-04 09:30:27.591 22705 RALLYDEBUG rally_openstack.cleanup.manager [-] Deleting neutron.network object s_rally_143b0162_wwtAYV6c (eb770aa3-b853-4732-ae48-ccb7ac2c7d38)
2019-07-04 09:30:28.027 22705 RALLYDEBUG rally_openstack.cleanup.manager [-] Deleting neutron.network object s_rally_143b0162_myhbPhUS (ef01a027-9086-4c4e-966b-cd5b1d602b4c)
2019-07-04 09:30:28.295 22705 RALLYDEBUG rally_openstack.cleanup.manager [-] Deleting neutron.network object s_rally_143b0162_8vvmcCGc (f72704e3-b1bb-4716-b34f-697b7e474fd0)
2019-07-04 09:30:28.331 22705 RALLYDEBUG rally_openstack.cleanup.manager [-] Deleting neutron.network object s_rally_143b0162_iEvVaFvw (fd58da70-ed57-4137-a95e-410edfe61eed)
2019-07-04 09:30:31.484 22705 RALLYDEBUG rally_openstack.cleanup.manager [-] Cleaning up neutron router objects
2019-07-04 09:30:32.418 22705 RALLYDEBUG rally_openstack.cleanup.manager [-] Cleaning up neutron security_group objects
2019-07-04 09:30:33.077 22705 INFO rally.task.context [-] Task 49ffcdec-9945-4c82-ac3e-0d838f7ae0b7 | Context cleanup@openstack cleanup() finished in 20.27 sec
2019-07-04 09:30:33.077 22705 INFO rally.task.context [-] Task 49ffcdec-9945-4c82-ac3e-0d838f7ae0b7 | Context quotas@openstack cleanup() started
2019-07-04 09:30:33.286 22705 INFO rally.task.context [-] Task 49ffcdec-9945-4c82-ac3e-0d838f7ae0b7 | Context quotas@openstack cleanup() finished in 0.21 sec
2019-07-04 09:30:33.286 22705 INFO rally.task.context [-] Task 49ffcdec-9945-4c82-ac3e-0d838f7ae0b7 | Context users@openstack cleanup() started
2019-07-04 09:30:37.499 22705 INFO rally.task.context [-] Task 49ffcdec-9945-4c82-ac3e-0d838f7ae0b7 | Context users@openstack cleanup() finished in 4.21 sec
2019-07-04 09:30:37.805 22705 INFO rally.task.engine [-] Load duration is: 40.121493
2019-07-04 09:30:37.805 22705 INFO rally.task.engine [-] Full runner duration is: 40.173996
2019-07-04 09:30:37.805 22705 INFO rally.task.engine [-] Full duration is: 69.965434
2019-07-04 09:30:38.024 22705 INFO rally.task.engine [-] Running workload: position = 0 config = { "version": 2, "title": "A cropped version of a bigger task.", "description": "Auto-generated task from a single workload (uuid=31fac1bc-f27c-418a-ba2d-9e16fdc64197)", "subtasks": [ { "title": "NeutronNetworks.create_and_list_routers", "description": "Create and a given number of routers and list all routers.", "scenario": { "NeutronNetworks.create_and_list_routers": { "network_create_args": null, "subnet_create_args": null, "subnet_cidr_start": "1.1.0.0/30", "subnets_per_network": 2, "router_create_args": null } }, "contexts": { "users": { "tenants": 1, "users_per_tenant": 1 }, "quotas": { "neutron": { "network": -1, "subnet": -1, "router": -1 } } }, "runner": { "constant": { "times": 40, "concurrency": 20 } }, "hooks": [], "sla": { "failure_rate": { "max": 0 } } } ] }
2019-07-04 09:30:38.047 22705 RALLYDEBUG rally_openstack.contexts.keystone.users [-] Creating 1 tenants using 20 threads
2019-07-04 09:30:39.698 22705 RALLYDEBUG rally_openstack.contexts.keystone.users [-] Creating 1 users using 20 threads
2019-07-04 09:30:42.276 22705 INFO rally.task.context [-] Task 49ffcdec-9945-4c82-ac3e-0d838f7ae0b7 | Context users@openstack setup() finished in 4.23 sec
2019-07-04 09:30:43.044 22705 INFO rally.task.context [-] Task 49ffcdec-9945-4c82-ac3e-0d838f7ae0b7 | Context quotas@openstack setup() finished in 0.77 sec
2019-07-04 09:30:43.044 22705 INFO rally.task.context [-] Task 49ffcdec-9945-4c82-ac3e-0d838f7ae0b7 | Context cleanup@openstack setup() finished in 0.01 msec
2019-07-04 09:30:43.052 22705 RALLYDEBUG rally.task.runner [-] Starting the constant runner (task UUID: 49ffcdec-9945-4c82-ac3e-0d838f7ae0b7). timeout: 0 concurrency: 20 concurrency_per_worker: 1 times: 40 concurrency_overhead: 4 processes_to_start: 16 max_cpu_used: 16
2019-07-04 09:30:43.065 25169 RALLYDEBUG rally.task.runner [-] Starting a worker. concurrency: 2 args: {"network_create_args": null, "subnet_create_args": null, "subnet_cidr_start": "1.1.0.0/30", "subnets_per_network": 2, "router_create_args": null} times: 40 method_name: run timeout: 0 duration: None cls:
2019-07-04 09:30:43.068 25170 RALLYDEBUG rally.task.runner [-] Starting a worker. concurrency: 2 args: {"network_create_args": null, "subnet_create_args": null, "subnet_cidr_start": "1.1.0.0/30", "subnets_per_network": 2, "router_create_args": null} times: 40 method_name: run timeout: 0 duration: None cls:
2019-07-04 09:30:43.070 25171 RALLYDEBUG rally.task.runner [-] Starting a worker. concurrency: 2 args: {"network_create_args": null, "subnet_create_args": null, "subnet_cidr_start": "1.1.0.0/30", "subnets_per_network": 2, "router_create_args": null} times: 40 method_name: run timeout: 0 duration: None cls:
2019-07-04 09:30:43.073 25172 RALLYDEBUG rally.task.runner [-] Starting a worker. concurrency: 2 args: {"network_create_args": null, "subnet_create_args": null, "subnet_cidr_start": "1.1.0.0/30", "subnets_per_network": 2, "router_create_args": null} times: 40 method_name: run timeout: 0 duration: None cls:
2019-07-04 09:30:43.074 25169 INFO rally.task.runner [-] Task 49ffcdec-9945-4c82-ac3e-0d838f7ae0b7 | ITER: 1 START
2019-07-04 09:30:43.075 25170 INFO rally.task.runner [-] Task 49ffcdec-9945-4c82-ac3e-0d838f7ae0b7 | ITER: 2 START
2019-07-04 09:30:43.077 25171 INFO rally.task.runner [-] Task 49ffcdec-9945-4c82-ac3e-0d838f7ae0b7 | ITER: 4 START
2019-07-04 09:30:43.076 25173 RALLYDEBUG rally.task.runner [-] Starting a worker. concurrency: 1 args: {"network_create_args": null, "subnet_create_args": null, "subnet_cidr_start": "1.1.0.0/30", "subnets_per_network": 2, "router_create_args": null} times: 40 method_name: run timeout: 0 duration: None cls:
2019-07-04 09:30:43.080 25176 RALLYDEBUG rally.task.runner [-] Starting a worker. concurrency: 1 args: {"network_create_args": null, "subnet_create_args": null, "subnet_cidr_start": "1.1.0.0/30", "subnets_per_network": 2, "router_create_args": null} times: 40 method_name: run timeout: 0 duration: None cls:
2019-07-04 09:30:43.081 25172 INFO rally.task.runner [-] Task 49ffcdec-9945-4c82-ac3e-0d838f7ae0b7 | ITER: 6 START
2019-07-04 09:30:43.082 25173 INFO rally.task.runner [-] Task 49ffcdec-9945-4c82-ac3e-0d838f7ae0b7 | ITER: 9 START
2019-07-04 09:30:43.084 25182 RALLYDEBUG rally.task.runner [-] Starting a worker. concurrency: 1 args: {"network_create_args": null, "subnet_create_args": null, "subnet_cidr_start": "1.1.0.0/30", "subnets_per_network": 2, "router_create_args": null} times: 40 method_name: run timeout: 0 duration: None cls:
2019-07-04 09:30:43.085 25176 INFO rally.task.runner [-] Task 49ffcdec-9945-4c82-ac3e-0d838f7ae0b7 | ITER: 10 START
2019-07-04 09:30:43.088 25170 INFO rally.task.runner [-] Task 49ffcdec-9945-4c82-ac3e-0d838f7ae0b7 | ITER: 5 START
2019-07-04 09:30:43.089 25187 RALLYDEBUG rally.task.runner [-] Starting a worker. concurrency: 1 args: {"network_create_args": null, "subnet_create_args": null, "subnet_cidr_start": "1.1.0.0/30", "subnets_per_network": 2, "router_create_args": null} times: 40 method_name: run timeout: 0 duration: None cls:
2019-07-04 09:30:43.090 25171 INFO rally.task.runner [-] Task 49ffcdec-9945-4c82-ac3e-0d838f7ae0b7 | ITER: 7 START
2019-07-04 09:30:43.089 25169 INFO rally.task.runner [-] Task 49ffcdec-9945-4c82-ac3e-0d838f7ae0b7 | ITER: 3 START
2019-07-04 09:30:43.090 25182 INFO rally.task.runner [-] Task 49ffcdec-9945-4c82-ac3e-0d838f7ae0b7 | ITER: 11 START
2019-07-04 09:30:43.082 25172 INFO rally.task.runner [-] Task 49ffcdec-9945-4c82-ac3e-0d838f7ae0b7 | ITER: 8 START
2019-07-04 09:30:43.096 25187 INFO rally.task.runner [-] Task 49ffcdec-9945-4c82-ac3e-0d838f7ae0b7 | ITER: 12 START
2019-07-04 09:30:43.096 25193 RALLYDEBUG rally.task.runner [-] Starting a worker. concurrency: 1 args: {"network_create_args": null, "subnet_create_args": null, "subnet_cidr_start": "1.1.0.0/30", "subnets_per_network": 2, "router_create_args": null} times: 40 method_name: run timeout: 0 duration: None cls:
2019-07-04 09:30:43.102 25193 INFO rally.task.runner [-] Task 49ffcdec-9945-4c82-ac3e-0d838f7ae0b7 | ITER: 13 START
2019-07-04 09:30:43.103 25198 RALLYDEBUG rally.task.runner [-] Starting a worker. concurrency: 1 args: {"network_create_args": null, "subnet_create_args": null, "subnet_cidr_start": "1.1.0.0/30", "subnets_per_network": 2, "router_create_args": null} times: 40 method_name: run timeout: 0 duration: None cls:
2019-07-04 09:30:43.109 25198 INFO rally.task.runner [-] Task 49ffcdec-9945-4c82-ac3e-0d838f7ae0b7 | ITER: 14 START
2019-07-04 09:30:43.116 25201 RALLYDEBUG rally.task.runner [-] Starting a worker. concurrency: 1 args: {"network_create_args": null, "subnet_create_args": null, "subnet_cidr_start": "1.1.0.0/30", "subnets_per_network": 2, "router_create_args": null} times: 40 method_name: run timeout: 0 duration: None cls:
2019-07-04 09:30:43.122 25201 INFO rally.task.runner [-] Task 49ffcdec-9945-4c82-ac3e-0d838f7ae0b7 | ITER: 15 START
2019-07-04 09:30:43.124 25204 RALLYDEBUG rally.task.runner [-] Starting a worker. concurrency: 1 args: {"network_create_args": null, "subnet_create_args": null, "subnet_cidr_start": "1.1.0.0/30", "subnets_per_network": 2, "router_create_args": null} times: 40 method_name: run timeout: 0 duration: None cls:
2019-07-04 09:30:43.129 25204 INFO rally.task.runner [-] Task 49ffcdec-9945-4c82-ac3e-0d838f7ae0b7 | ITER: 16 START
2019-07-04 09:30:43.131 25207 RALLYDEBUG rally.task.runner [-] Starting a worker. concurrency: 1 args: {"network_create_args": null, "subnet_create_args": null, "subnet_cidr_start": "1.1.0.0/30", "subnets_per_network": 2, "router_create_args": null} times: 40 method_name: run timeout: 0 duration: None cls:
2019-07-04 09:30:43.135 25207 INFO rally.task.runner [-] Task 49ffcdec-9945-4c82-ac3e-0d838f7ae0b7 | ITER: 17 START
2019-07-04 09:30:43.136 25210 RALLYDEBUG rally.task.runner [-] Starting a worker. concurrency: 1 args: {"network_create_args": null, "subnet_create_args": null, "subnet_cidr_start": "1.1.0.0/30", "subnets_per_network": 2, "router_create_args": null} times: 40 method_name: run timeout: 0 duration: None cls:
2019-07-04 09:30:43.141 25210 INFO rally.task.runner [-] Task 49ffcdec-9945-4c82-ac3e-0d838f7ae0b7 | ITER: 18 START
2019-07-04 09:30:43.143 25213 RALLYDEBUG rally.task.runner [-] Starting a worker. concurrency: 1 args: {"network_create_args": null, "subnet_create_args": null, "subnet_cidr_start": "1.1.0.0/30", "subnets_per_network": 2, "router_create_args": null} times: 40 method_name: run timeout: 0 duration: None cls:
2019-07-04 09:30:43.147 25213 INFO rally.task.runner [-] Task 49ffcdec-9945-4c82-ac3e-0d838f7ae0b7 | ITER: 19 START
2019-07-04 09:30:43.148 25216 RALLYDEBUG rally.task.runner [-] Starting a worker. concurrency: 1 args: {"network_create_args": null, "subnet_create_args": null, "subnet_cidr_start": "1.1.0.0/30", "subnets_per_network": 2, "router_create_args": null} times: 40 method_name: run timeout: 0 duration: None cls:
2019-07-04 09:30:43.152 25216 INFO rally.task.runner [-] Task 49ffcdec-9945-4c82-ac3e-0d838f7ae0b7 | ITER: 20 START
2019-07-04 09:30:44.807 25176 RALLYDEBUG rally_openstack.wrappers.network [-] CIDR generated: 1.1.5.160/30
2019-07-04 09:30:44.835 25169 RALLYDEBUG rally_openstack.wrappers.network [-] CIDR generated: 1.1.5.164/30
2019-07-04 09:30:44.867 25170 RALLYDEBUG rally_openstack.wrappers.network [-] CIDR generated: 1.1.5.168/30
2019-07-04 09:30:44.999 25201 RALLYDEBUG rally_openstack.wrappers.network [-] CIDR generated: 1.1.5.172/30
2019-07-04 09:30:45.003 25198 RALLYDEBUG rally_openstack.wrappers.network [-] CIDR generated: 1.1.5.176/30
2019-07-04 09:30:45.046 25213 RALLYDEBUG rally_openstack.wrappers.network [-] CIDR generated: 1.1.5.180/30
2019-07-04 09:30:45.055 25210 RALLYDEBUG rally_openstack.wrappers.network [-] CIDR generated: 1.1.5.184/30
2019-07-04 09:30:45.061 25193 RALLYDEBUG rally_openstack.wrappers.network [-] CIDR generated: 1.1.5.188/30
2019-07-04 09:30:45.188 25169 RALLYDEBUG rally_openstack.wrappers.network [-] CIDR generated: 1.1.5.192/30
2019-07-04 09:30:45.236 25207 RALLYDEBUG rally_openstack.wrappers.network [-] CIDR generated: 1.1.5.196/30
2019-07-04 09:30:45.295 25187 RALLYDEBUG rally_openstack.wrappers.network [-] CIDR generated: 1.1.5.200/30
2019-07-04 09:30:45.323 25171 RALLYDEBUG rally_openstack.wrappers.network [-] CIDR generated: 1.1.5.204/30
2019-07-04 09:30:45.445 25216 RALLYDEBUG rally_openstack.wrappers.network [-] CIDR generated: 1.1.5.208/30
2019-07-04 09:30:45.762 25170 RALLYDEBUG rally_openstack.wrappers.network [-] CIDR generated: 1.1.5.212/30
2019-07-04 09:30:45.764 25172 RALLYDEBUG rally_openstack.wrappers.network [-] CIDR generated: 1.1.5.216/30
2019-07-04 09:30:45.842 25171 RALLYDEBUG rally_openstack.wrappers.network [-] CIDR generated: 1.1.5.220/30
2019-07-04 09:30:45.847 25204 RALLYDEBUG rally_openstack.wrappers.network [-] CIDR generated: 1.1.5.224/30
2019-07-04 09:30:46.015 25182 RALLYDEBUG rally_openstack.wrappers.network [-] CIDR generated: 1.1.5.228/30
2019-07-04 09:30:46.075 25213 RALLYDEBUG rally_openstack.wrappers.network [-] CIDR generated: 1.1.5.232/30
2019-07-04 09:30:46.244 25172 RALLYDEBUG rally_openstack.wrappers.network [-] CIDR generated: 1.1.5.236/30
2019-07-04 09:30:46.290 25207 RALLYDEBUG rally_openstack.wrappers.network [-] CIDR generated: 1.1.5.240/30
2019-07-04 09:30:46.355 25169 RALLYDEBUG rally_openstack.wrappers.network [-] CIDR generated: 1.1.5.244/30
2019-07-04 09:30:46.477 25210 RALLYDEBUG rally_openstack.wrappers.network [-] CIDR generated: 1.1.5.248/30
2019-07-04 09:30:46.642 25201 RALLYDEBUG rally_openstack.wrappers.network [-] CIDR generated: 1.1.5.252/30
2019-07-04 09:30:46.822 25173 RALLYDEBUG rally_openstack.wrappers.network [-] CIDR generated: 1.1.6.0/30
2019-07-04 09:30:48.246 25176 RALLYDEBUG rally_openstack.wrappers.network [-] CIDR generated: 1.1.6.4/30
2019-07-04 09:30:48.399 25170 RALLYDEBUG rally_openstack.wrappers.network [-] CIDR generated: 1.1.6.8/30
2019-07-04 09:30:48.653 25193 RALLYDEBUG rally_openstack.wrappers.network [-] CIDR generated: 1.1.6.12/30
2019-07-04 09:30:48.968 25198 RALLYDEBUG rally_openstack.wrappers.network [-] CIDR generated: 1.1.6.16/30
2019-07-04 09:30:49.017 25216 RALLYDEBUG rally_openstack.wrappers.network [-] CIDR generated: 1.1.6.20/30
2019-07-04 09:30:49.231 25187 RALLYDEBUG rally_openstack.wrappers.network [-] CIDR generated: 1.1.6.24/30
2019-07-04 09:30:49.269 25171 RALLYDEBUG rally_openstack.wrappers.network [-] CIDR generated: 1.1.6.28/30
2019-07-04 09:30:49.590 25204 RALLYDEBUG rally_openstack.wrappers.network [-] CIDR generated: 1.1.6.32/30
2019-07-04 09:30:49.824 25182 RALLYDEBUG rally_openstack.wrappers.network [-] CIDR generated: 1.1.6.36/30
2019-07-04 09:30:53.179 25172 RALLYDEBUG rally_openstack.wrappers.network [-] CIDR generated: 1.1.6.40/30
2019-07-04 09:30:53.298 25170 RALLYDEBUG rally_openstack.wrappers.network [-] CIDR generated: 1.1.6.44/30
2019-07-04 09:30:53.369 25169 RALLYDEBUG rally_openstack.wrappers.network [-] CIDR generated: 1.1.6.48/30
2019-07-04 09:30:53.579 25172 RALLYDEBUG rally_openstack.wrappers.network [-] CIDR generated: 1.1.6.52/30
2019-07-04 09:30:53.592 25171 RALLYDEBUG rally_openstack.wrappers.network [-] CIDR generated: 1.1.6.56/30
2019-07-04 09:30:54.326 25173 RALLYDEBUG rally_openstack.wrappers.network [-] CIDR generated: 1.1.6.60/30
2019-07-04 09:30:57.420 25213 INFO rally.task.runner [-] Task 49ffcdec-9945-4c82-ac3e-0d838f7ae0b7 | ITER: 19 END: OK
2019-07-04 09:30:57.423 25213 INFO rally.task.runner [-] Task 49ffcdec-9945-4c82-ac3e-0d838f7ae0b7 | ITER: 21 START
2019-07-04 09:30:57.536 25207 INFO rally.task.runner [-] Task 49ffcdec-9945-4c82-ac3e-0d838f7ae0b7 | ITER: 17 END: OK
2019-07-04 09:30:57.540 25207 INFO rally.task.runner [-] Task 49ffcdec-9945-4c82-ac3e-0d838f7ae0b7 | ITER: 22 START
2019-07-04 09:30:57.891 25169 INFO rally.task.runner [-] Task 49ffcdec-9945-4c82-ac3e-0d838f7ae0b7 | ITER: 1 END: OK
2019-07-04 09:30:57.895 25169 INFO rally.task.runner [-] Task 49ffcdec-9945-4c82-ac3e-0d838f7ae0b7 | ITER: 23 START
2019-07-04 09:30:58.301 25210 INFO rally.task.runner [-] Task 49ffcdec-9945-4c82-ac3e-0d838f7ae0b7 | ITER: 18 END: OK
2019-07-04 09:30:58.305 25210 INFO rally.task.runner [-] Task 49ffcdec-9945-4c82-ac3e-0d838f7ae0b7 | ITER: 24 START
2019-07-04 09:30:58.448 25201 INFO rally.task.runner [-] Task 49ffcdec-9945-4c82-ac3e-0d838f7ae0b7 | ITER: 15 END: OK
2019-07-04 09:30:58.452 25201 INFO rally.task.runner [-] Task 49ffcdec-9945-4c82-ac3e-0d838f7ae0b7 | ITER: 25 START
2019-07-04 09:30:58.687 25213 RALLYDEBUG rally_openstack.wrappers.network [-] CIDR generated: 1.1.6.64/30
2019-07-04 09:30:59.423 25207 RALLYDEBUG rally_openstack.wrappers.network [-] CIDR generated: 1.1.6.68/30
