2019-07-04 09:45:38.776 26952 WARNING rally_openstack.scenarios.neutron.utils [-] Running this scenario without either the 'network' or 'existing_network' context is deprecated
2019-07-04 09:45:41.110 26953 INFO rally.task.runner [-] Task 49ffcdec-9945-4c82-ac3e-0d838f7ae0b7 | ITER: 28 END: OK
2019-07-04 09:45:41.117 26953 INFO rally.task.runner [-] Task 49ffcdec-9945-4c82-ac3e-0d838f7ae0b7 | ITER: 40 START
2019-07-04 09:45:41.118 26953 WARNING rally_openstack.scenarios.neutron.utils [-] Running this scenario without either the 'network' or 'existing_network' context is deprecated
2019-07-04 09:45:41.499 26995 INFO rally.task.runner [-] Task 49ffcdec-9945-4c82-ac3e-0d838f7ae0b7 | ITER: 19 END: OK
2019-07-04 09:45:41.507 26977 INFO rally.task.runner [-] Task 49ffcdec-9945-4c82-ac3e-0d838f7ae0b7 | ITER: 13 END: OK
2019-07-04 09:45:41.886 26954 INFO rally.task.runner [-] Task 49ffcdec-9945-4c82-ac3e-0d838f7ae0b7 | ITER: 6 END: OK
2019-07-04 09:45:41.924 26992 INFO rally.task.runner [-] Task 49ffcdec-9945-4c82-ac3e-0d838f7ae0b7 | ITER: 18 END: OK
2019-07-04 09:45:42.263 26983 INFO rally.task.runner [-] Task 49ffcdec-9945-4c82-ac3e-0d838f7ae0b7 | ITER: 32 END: OK
2019-07-04 09:45:42.515 26998 INFO rally.task.runner [-] Task 49ffcdec-9945-4c82-ac3e-0d838f7ae0b7 | ITER: 29 END: OK
2019-07-04 09:45:42.516 26959 INFO rally.task.runner [-] Task 49ffcdec-9945-4c82-ac3e-0d838f7ae0b7 | ITER: 31 END: OK
2019-07-04 09:45:43.488 26951 INFO rally.task.runner [-] Task 49ffcdec-9945-4c82-ac3e-0d838f7ae0b7 | ITER: 33 END: OK
2019-07-04 09:45:43.785 26980 INFO rally.task.runner [-] Task 49ffcdec-9945-4c82-ac3e-0d838f7ae0b7 | ITER: 30 END: OK
2019-07-04 09:45:43.871 26953 INFO rally.task.runner [-] Task 49ffcdec-9945-4c82-ac3e-0d838f7ae0b7 | ITER: 7 END: OK
2019-07-04 09:45:43.870 26955 INFO rally.task.runner [-] Task 49ffcdec-9945-4c82-ac3e-0d838f7ae0b7 | ITER: 9 END: OK
2019-07-04 09:45:44.014 26984 INFO rally.task.runner [-] Task 49ffcdec-9945-4c82-ac3e-0d838f7ae0b7 | ITER: 16 END: OK
2019-07-04 09:45:44.059 26951 INFO rally.task.runner [-] Task 49ffcdec-9945-4c82-ac3e-0d838f7ae0b7 | ITER: 1 END: OK
2019-07-04 09:45:45.696 26963 INFO rally.task.runner [-] Task 49ffcdec-9945-4c82-ac3e-0d838f7ae0b7 | ITER: 36 END: OK
2019-07-04 09:45:45.919 26954 INFO rally.task.runner [-] Task 49ffcdec-9945-4c82-ac3e-0d838f7ae0b7 | ITER: 37 END: OK
2019-07-04 09:45:47.212 26972 INFO rally.task.runner [-] Task 49ffcdec-9945-4c82-ac3e-0d838f7ae0b7 | ITER: 34 END: OK
2019-07-04 09:45:48.210 26953 INFO rally.task.runner [-] Task 49ffcdec-9945-4c82-ac3e-0d838f7ae0b7 | ITER: 40 END: OK
2019-07-04 09:45:48.253 26952 INFO rally.task.runner [-] Task 49ffcdec-9945-4c82-ac3e-0d838f7ae0b7 | ITER: 39 END: OK
2019-07-04 09:45:48.567 26952 INFO rally.task.runner [-] Task 49ffcdec-9945-4c82-ac3e-0d838f7ae0b7 | ITER: 35 END: OK
2019-07-04 09:45:50.252 26987 INFO rally.task.runner [-] Task 49ffcdec-9945-4c82-ac3e-0d838f7ae0b7 | ITER: 38 END: OK
2019-07-04 09:45:50.276 22705 INFO rally.task.context [-] Task 49ffcdec-9945-4c82-ac3e-0d838f7ae0b7 | Context cleanup@openstack cleanup() started
2019-07-04 09:45:50.278 22705 RALLYDEBUG rally_openstack.cleanup.manager [-] Cleaning up neutron vip objects
2019-07-04 09:45:50.989 22705 RALLYDEBUG rally_openstack.cleanup.manager [-] Cleaning up neutron health_monitor objects
2019-07-04 09:45:51.732 22705 RALLYDEBUG rally_openstack.cleanup.manager [-] Cleaning up neutron pool objects
2019-07-04 09:45:52.440 22705 RALLYDEBUG rally_openstack.cleanup.manager [-] Cleaning up neutron loadbalancer objects
2019-07-04 09:45:53.173 22705 RALLYDEBUG rally_openstack.cleanup.manager [-] Cleaning up neutron floatingip objects
2019-07-04 09:45:53.833 22705 RALLYDEBUG rally_openstack.cleanup.manager [-] Cleaning up neutron port objects
2019-07-04 09:45:54.509 22705 RALLYDEBUG rally_openstack.cleanup.manager [-] Cleaning up neutron subnet objects
2019-07-04 09:45:55.245 22705 RALLYDEBUG rally_openstack.cleanup.manager [-] Cleaning up neutron network objects
2019-07-04 09:45:56.126 22705 RALLYDEBUG rally_openstack.cleanup.manager [-] Deleting neutron.network object s_rally_55b9f66d_rAnqyOfp (202ff4ee-130c-4a5b-82af-8ad7dc1f3d46)
2019-07-04 09:45:56.129 22705 RALLYDEBUG rally_openstack.cleanup.manager [-] Deleting neutron.network object s_rally_55b9f66d_xcVTJUJO (352cafd9-4cb5-4cbf-ad78-8c0c4d44f604)
2019-07-04 09:45:56.129 22705 RALLYDEBUG rally_openstack.cleanup.manager [-] Deleting neutron.network object s_rally_55b9f66d_euHXfqEU (09da1096-c5f7-4a98-bfbe-9ee8b3a2048b)
2019-07-04 09:45:56.133 22705 RALLYDEBUG rally_openstack.cleanup.manager [-] Deleting neutron.network object s_rally_55b9f66d_Avh4WMth (360c75de-893e-4b78-a7c5-bcc78ed77f4b)
2019-07-04 09:45:56.142 22705 RALLYDEBUG rally_openstack.cleanup.manager [-] Deleting neutron.network object s_rally_55b9f66d_Iwz4su7y (58322298-48d4-4d58-b71a-58cb75ed4982)
2019-07-04 09:45:56.151 22705 RALLYDEBUG rally_openstack.cleanup.manager [-] Deleting neutron.network object s_rally_55b9f66d_aO7B0ctS (02b6f54f-79c3-4e4d-895a-4376ce9dc3c4)
2019-07-04 09:45:56.152 22705 RALLYDEBUG rally_openstack.cleanup.manager [-] Deleting neutron.network object s_rally_55b9f66d_i5gLeTOp (6fb32cd8-b8b7-4da8-b9fd-a858955c2758)
2019-07-04 09:45:56.167 22705 RALLYDEBUG rally_openstack.cleanup.manager [-] Deleting neutron.network object s_rally_55b9f66d_U7dSOELN (70c333bd-2932-4d2a-9609-26380c49b449)
2019-07-04 09:45:56.171 22705 RALLYDEBUG rally_openstack.cleanup.manager [-] Deleting neutron.network object s_rally_55b9f66d_IpFZ7IhT (0def6ffb-d31a-4f5c-8d9e-b9c045d6dcdf)
2019-07-04 09:45:56.173 22705 RALLYDEBUG rally_openstack.cleanup.manager [-] Deleting neutron.network object s_rally_55b9f66d_1EInKlzo (01dc3e4f-e8d7-4f60-a98c-ce1d64e1caf5)
2019-07-04 09:45:56.176 22705 RALLYDEBUG rally_openstack.cleanup.manager [-] Deleting neutron.network object s_rally_55b9f66d_VGP8bYkM (3ae78436-dcb1-4c67-a87d-0d1ba0cbcbb2)
2019-07-04 09:45:56.185 22705 RALLYDEBUG rally_openstack.cleanup.manager [-] Deleting neutron.network object s_rally_55b9f66d_nOiIzG7W (1eb1558c-3d1f-43cf-92eb-457a45b8b68a)
2019-07-04 09:45:56.186 22705 RALLYDEBUG rally_openstack.cleanup.manager [-] Deleting neutron.network object s_rally_55b9f66d_3bQfAGG1 (28a620c2-c383-4697-a831-bd2b1a2ef0f5)
2019-07-04 09:45:56.186 22705 RALLYDEBUG rally_openstack.cleanup.manager [-] Deleting neutron.network object s_rally_55b9f66d_VKWchgAu (196b3833-9e82-4dbb-abbc-890b758d1139)
2019-07-04 09:45:56.195 22705 RALLYDEBUG rally_openstack.cleanup.manager [-] Deleting neutron.network object s_rally_55b9f66d_bvhlNuMu (48accef8-b68e-4c3d-9a25-06d2baaaac45)
2019-07-04 09:45:56.200 22705 RALLYDEBUG rally_openstack.cleanup.manager [-] Deleting neutron.network object s_rally_55b9f66d_6blTUMyj (7980584a-da02-4702-bf04-5a23c113d8be)
2019-07-04 09:45:56.211 22705 RALLYDEBUG rally_openstack.cleanup.manager [-] Deleting neutron.network object s_rally_55b9f66d_xka7WlE8 (79d361c9-07ae-415e-a125-17b0f24b138e)
2019-07-04 09:45:56.212 22705 RALLYDEBUG rally_openstack.cleanup.manager [-] Deleting neutron.network object s_rally_55b9f66d_JOopWJRv (8322b65a-789a-469b-bba3-1d26d0440a3d)
2019-07-04 09:45:56.221 22705 RALLYDEBUG rally_openstack.cleanup.manager [-] Deleting neutron.network object s_rally_55b9f66d_8DLwZuah (4204cb13-8870-4720-9dbd-b9e4d413487f)
2019-07-04 09:45:56.231 22705 RALLYDEBUG rally_openstack.cleanup.manager [-] Deleting neutron.network object s_rally_55b9f66d_Wyz6PyFo (883aef99-9776-4d60-b1e3-602f3d301f10)
2019-07-04 09:45:58.951 22705 RALLYDEBUG rally_openstack.cleanup.manager [-] Deleting neutron.network object s_rally_55b9f66d_wvqQic98 (91cc9cf4-4630-400e-8fde-8dce69469955)
2019-07-04 09:45:59.213 22705 RALLYDEBUG rally_openstack.cleanup.manager [-] Deleting neutron.network object s_rally_55b9f66d_SwqRxCFE (95576712-478b-4ace-8a0c-cc21af6a5f0e)
2019-07-04 09:45:59.534 22705 RALLYDEBUG rally_openstack.cleanup.manager [-] Deleting neutron.network object s_rally_55b9f66d_BmvpSq88 (956aadd8-9806-4ece-8ff2-dc20f1772cc4)
2019-07-04 09:45:59.757 22705 RALLYDEBUG rally_openstack.cleanup.manager [-] Deleting neutron.network object s_rally_55b9f66d_XgyaBPdR (967df7eb-a80f-4e64-8d19-04cc847d7762)
2019-07-04 09:46:01.043 22705 RALLYDEBUG rally_openstack.cleanup.manager [-] Deleting neutron.network object s_rally_55b9f66d_dx0bhJpv (988d70c6-3770-4097-a999-5e20ed51b80b)
2019-07-04 09:46:01.111 22705 RALLYDEBUG rally_openstack.cleanup.manager [-] Deleting neutron.network object s_rally_55b9f66d_JcrNLGpC (9bae2752-d2a2-4106-960b-fddb2f129a44)
2019-07-04 09:46:01.175 22705 RALLYDEBUG rally_openstack.cleanup.manager [-] Deleting neutron.network object s_rally_55b9f66d_xrm5VGPd (a480cdea-a056-4fa9-9026-76116a76f913)
2019-07-04 09:46:01.864 22705 RALLYDEBUG rally_openstack.cleanup.manager [-] Deleting neutron.network object s_rally_55b9f66d_cm8iHKYX (a70849ad-5e48-4dd2-9a0a-19e20587f8b1)
2019-07-04 09:46:01.886 22705 RALLYDEBUG rally_openstack.cleanup.manager [-] Deleting neutron.network object s_rally_55b9f66d_CxiPzlDY (a9c37190-de43-47cf-86ed-a7c94fd4d694)
2019-07-04 09:46:01.926 22705 RALLYDEBUG rally_openstack.cleanup.manager [-] Deleting neutron.network object s_rally_55b9f66d_pbgQP2bY (b475d96f-ec36-4617-87e3-0ed85244eb28)
2019-07-04 09:46:02.273 22705 RALLYDEBUG rally_openstack.cleanup.manager [-] Deleting neutron.network object s_rally_55b9f66d_LfoKRpo3 (bc5e73a2-273a-4801-9466-f35acc1cf748)
2019-07-04 09:46:02.576 22705 RALLYDEBUG rally_openstack.cleanup.manager [-] Deleting neutron.network object s_rally_55b9f66d_CIN3wLnx (c00573a9-bf2d-47a9-a5e8-87e6077c053c)
2019-07-04 09:46:02.617 22705 RALLYDEBUG rally_openstack.cleanup.manager [-] Deleting neutron.network object s_rally_55b9f66d_deG02aE5 (ce45c424-265e-4fff-864f-48e0248bc882)
2019-07-04 09:46:02.970 22705 RALLYDEBUG rally_openstack.cleanup.manager [-] Deleting neutron.network object s_rally_55b9f66d_soc10bRH (cf6f6a3f-8e7d-4030-b449-4817d5752a8a)
2019-07-04 09:46:03.432 22705 RALLYDEBUG rally_openstack.cleanup.manager [-] Deleting neutron.network object s_rally_55b9f66d_OUprKwBU (d52a591e-a37c-4e96-943c-b206b58b2ace)
2019-07-04 09:46:03.491 22705 RALLYDEBUG rally_openstack.cleanup.manager [-] Deleting neutron.network object s_rally_55b9f66d_SdtPk47f (d87d5214-325e-466f-9032-f8e5f3e91e0f)
2019-07-04 09:46:03.539 22705 RALLYDEBUG rally_openstack.cleanup.manager [-] Deleting neutron.network object s_rally_55b9f66d_Qspt2GIj (e2a587ae-509f-4dc5-aeed-cb4b9112a7c3)
2019-07-04 09:46:03.837 22705 RALLYDEBUG rally_openstack.cleanup.manager [-] Deleting neutron.network object s_rally_55b9f66d_Mfd2j5Xs (f768a568-b93a-4170-9f1e-12fbde2c479b)
2019-07-04 09:46:03.856 22705 RALLYDEBUG rally_openstack.cleanup.manager [-] Deleting neutron.network object s_rally_55b9f66d_wWvN5OQp (f8850b3d-ef95-45eb-b6d8-d6a192f83aa1)
2019-07-04 09:46:04.467 22705 RALLYDEBUG rally_openstack.cleanup.manager [-] Deleting neutron.network object s_rally_55b9f66d_ldU6AnOg (fb79f300-c97c-45c9-823b-8abed9ce4938)
2019-07-04 09:46:07.260 22705 RALLYDEBUG rally_openstack.cleanup.manager [-] Cleaning up neutron router objects
2019-07-04 09:46:07.946 22705 RALLYDEBUG rally_openstack.cleanup.manager [-] Cleaning up neutron security_group objects
2019-07-04 09:46:08.625 22705 INFO rally.task.context [-] Task 49ffcdec-9945-4c82-ac3e-0d838f7ae0b7 | Context cleanup@openstack cleanup() finished in 18.35 sec
2019-07-04 09:46:08.625 22705 INFO rally.task.context [-] Task 49ffcdec-9945-4c82-ac3e-0d838f7ae0b7 | Context quotas@openstack cleanup() started
2019-07-04 09:46:08.845 22705 INFO rally.task.context [-] Task 49ffcdec-9945-4c82-ac3e-0d838f7ae0b7 | Context quotas@openstack cleanup() finished in 0.22 sec
2019-07-04 09:46:08.845 22705 INFO rally.task.context [-] Task 49ffcdec-9945-4c82-ac3e-0d838f7ae0b7 | Context users@openstack cleanup() started
2019-07-04 09:46:13.429 22705 INFO rally.task.context [-] Task 49ffcdec-9945-4c82-ac3e-0d838f7ae0b7 | Context users@openstack cleanup() finished in 4.58 sec
2019-07-04 09:46:15.210 22705 INFO rally.task.engine [-] Load duration is: 42.214012
2019-07-04 09:46:15.210 22705 INFO rally.task.engine [-] Full runner duration is: 42.262607
2019-07-04 09:46:15.211 22705 INFO rally.task.engine [-] Full duration is: 70.506596
2019-07-04 09:46:15.479 22705 INFO rally.task.engine [-] Running workload: position = 0 config = { "version": 2, "title": "A cropped version of a bigger task.", "description": "Auto-generated task from a single workload (uuid=7a65fe31-b25b-4d88-ac85-ead65b080271)", "subtasks": [ { "title": "Quotas.neutron_update", "description": "Update quotas for neutron.", "scenario": { "Quotas.neutron_update": { "max_quota": 1024 } }, "contexts": { "users": { "tenants": 20, "users_per_tenant": 1 } }, "runner": { "constant": { "times": 40, "concurrency": 20 } }, "hooks": [], "sla": { "failure_rate": { "max": 0 } } } ] }
2019-07-04 09:46:15.505 22705 RALLYDEBUG rally_openstack.contexts.keystone.users [-] Creating 20 tenants using 20 threads
2019-07-04 09:46:19.401 22705 RALLYDEBUG rally_openstack.contexts.keystone.users [-] Creating 20 users using 20 threads
2019-07-04 09:46:24.861 22705 INFO rally.task.context [-] Task 49ffcdec-9945-4c82-ac3e-0d838f7ae0b7 | Context users@openstack setup() finished in 9.36 sec
2019-07-04 09:46:24.862 22705 INFO rally.task.context [-] Task 49ffcdec-9945-4c82-ac3e-0d838f7ae0b7 | Context admin_cleanup@openstack setup() finished in 0.01 msec
2019-07-04 09:46:24.869 22705 RALLYDEBUG rally.task.runner [-] Starting the constant runner (task UUID: 49ffcdec-9945-4c82-ac3e-0d838f7ae0b7). timeout: 0 concurrency: 20 concurrency_per_worker: 1 times: 40 concurrency_overhead: 4 processes_to_start: 16 max_cpu_used: 16
2019-07-04 09:46:24.883 27321 RALLYDEBUG rally.task.runner [-] Starting a worker. concurrency: 2 args: {"max_quota": 1024} times: 40 method_name: run timeout: 0 duration: None cls:
2019-07-04 09:46:24.886 27322 RALLYDEBUG rally.task.runner [-] Starting a worker. concurrency: 2 args: {"max_quota": 1024} times: 40 method_name: run timeout: 0 duration: None cls:
2019-07-04 09:46:24.889 27323 RALLYDEBUG rally.task.runner [-] Starting a worker. concurrency: 2 args: {"max_quota": 1024} times: 40 method_name: run timeout: 0 duration: None cls:
2019-07-04 09:46:24.892 27324 RALLYDEBUG rally.task.runner [-] Starting a worker. concurrency: 2 args: {"max_quota": 1024} times: 40 method_name: run timeout: 0 duration: None cls:
2019-07-04 09:46:24.896 27325 RALLYDEBUG rally.task.runner [-] Starting a worker. concurrency: 1 args: {"max_quota": 1024} times: 40 method_name: run timeout: 0 duration: None cls:
2019-07-04 09:46:24.900 27321 INFO rally.task.runner [-] Task 49ffcdec-9945-4c82-ac3e-0d838f7ae0b7 | ITER: 1 START
2019-07-04 09:46:24.900 27326 RALLYDEBUG rally.task.runner [-] Starting a worker. concurrency: 1 args: {"max_quota": 1024} times: 40 method_name: run timeout: 0 duration: None cls:
2019-07-04 09:46:24.903 27322 INFO rally.task.runner [-] Task 49ffcdec-9945-4c82-ac3e-0d838f7ae0b7 | ITER: 2 START
2019-07-04 09:46:24.903 27329 RALLYDEBUG rally.task.runner [-] Starting a worker. concurrency: 1 args: {"max_quota": 1024} times: 40 method_name: run timeout: 0 duration: None cls:
2019-07-04 09:46:24.905 27323 INFO rally.task.runner [-] Task 49ffcdec-9945-4c82-ac3e-0d838f7ae0b7 | ITER: 3 START
2019-07-04 09:46:24.906 27322 INFO rally.task.runner [-] Task 49ffcdec-9945-4c82-ac3e-0d838f7ae0b7 | ITER: 6 START
2019-07-04 09:46:24.907 27325 INFO rally.task.runner [-] Task 49ffcdec-9945-4c82-ac3e-0d838f7ae0b7 | ITER: 8 START
2019-07-04 09:46:24.910 27324 INFO rally.task.runner [-] Task 49ffcdec-9945-4c82-ac3e-0d838f7ae0b7 | ITER: 5 START
2019-07-04 09:46:24.911 27321 INFO rally.task.runner [-] Task 49ffcdec-9945-4c82-ac3e-0d838f7ae0b7 | ITER: 4 START
2019-07-04 09:46:24.911 27333 RALLYDEBUG rally.task.runner [-] Starting a worker. concurrency: 1 args: {"max_quota": 1024} times: 40 method_name: run timeout: 0 duration: None cls:
2019-07-04 09:46:24.911 27323 INFO rally.task.runner [-] Task 49ffcdec-9945-4c82-ac3e-0d838f7ae0b7 | ITER: 7 START
2019-07-04 09:46:24.913 27326 INFO rally.task.runner [-] Task 49ffcdec-9945-4c82-ac3e-0d838f7ae0b7 | ITER: 10 START
2019-07-04 09:46:24.914 27324 INFO rally.task.runner [-] Task 49ffcdec-9945-4c82-ac3e-0d838f7ae0b7 | ITER: 9 START
2019-07-04 09:46:24.914 27329 INFO rally.task.runner [-] Task 49ffcdec-9945-4c82-ac3e-0d838f7ae0b7 | ITER: 11 START
2019-07-04 09:46:24.915 27341 RALLYDEBUG rally.task.runner [-] Starting a worker. concurrency: 1 args: {"max_quota": 1024} times: 40 method_name: run timeout: 0 duration: None cls:
2019-07-04 09:46:24.926 27347 RALLYDEBUG rally.task.runner [-] Starting a worker. concurrency: 1 args: {"max_quota": 1024} times: 40 method_name: run timeout: 0 duration: None cls:
2019-07-04 09:46:24.926 27349 RALLYDEBUG rally.task.runner [-] Starting a worker. concurrency: 1 args: {"max_quota": 1024} times: 40 method_name: run timeout: 0 duration: None cls:
2019-07-04 09:46:24.928 27333 INFO rally.task.runner [-] Task 49ffcdec-9945-4c82-ac3e-0d838f7ae0b7 | ITER: 12 START
2019-07-04 09:46:24.929 27341 INFO rally.task.runner [-] Task 49ffcdec-9945-4c82-ac3e-0d838f7ae0b7 | ITER: 13 START
2019-07-04 09:46:24.929 27350 RALLYDEBUG rally.task.runner [-] Starting a worker. concurrency: 1 args: {"max_quota": 1024} times: 40 method_name: run timeout: 0 duration: None cls:
2019-07-04 09:46:24.936 27347 INFO rally.task.runner [-] Task 49ffcdec-9945-4c82-ac3e-0d838f7ae0b7 | ITER: 14 START
2019-07-04 09:46:24.937 27353 RALLYDEBUG rally.task.runner [-] Starting a worker. concurrency: 1 args: {"max_quota": 1024} times: 40 method_name: run timeout: 0 duration: None cls:
2019-07-04 09:46:24.939 27350 INFO rally.task.runner [-] Task 49ffcdec-9945-4c82-ac3e-0d838f7ae0b7 | ITER: 16 START
2019-07-04 09:46:24.944 27349 INFO rally.task.runner [-] Task 49ffcdec-9945-4c82-ac3e-0d838f7ae0b7 | ITER: 15 START
2019-07-04 09:46:24.945 27356 RALLYDEBUG rally.task.runner [-] Starting a worker. concurrency: 1 args: {"max_quota": 1024} times: 40 method_name: run timeout: 0 duration: None cls:
2019-07-04 09:46:24.953 27362 RALLYDEBUG rally.task.runner [-] Starting a worker. concurrency: 1 args: {"max_quota": 1024} times: 40 method_name: run timeout: 0 duration: None cls:
2019-07-04 09:46:24.955 27353 INFO rally.task.runner [-] Task 49ffcdec-9945-4c82-ac3e-0d838f7ae0b7 | ITER: 17 START
2019-07-04 09:46:24.955 27356 INFO rally.task.runner [-] Task 49ffcdec-9945-4c82-ac3e-0d838f7ae0b7 | ITER: 18 START
2019-07-04 09:46:24.960 27365 RALLYDEBUG rally.task.runner [-] Starting a worker. concurrency: 1 args: {"max_quota": 1024} times: 40 method_name: run timeout: 0 duration: None cls:
2019-07-04 09:46:24.963 27362 INFO rally.task.runner [-] Task 49ffcdec-9945-4c82-ac3e-0d838f7ae0b7 | ITER: 19 START
2019-07-04 09:46:24.968 27365 INFO rally.task.runner [-] Task 49ffcdec-9945-4c82-ac3e-0d838f7ae0b7 | ITER: 20 START
2019-07-04 09:46:26.397 27341 INFO rally.task.runner [-] Task 49ffcdec-9945-4c82-ac3e-0d838f7ae0b7 | ITER: 13 END: OK
2019-07-04 09:46:26.404 27341 INFO rally.task.runner [-] Task 49ffcdec-9945-4c82-ac3e-0d838f7ae0b7 | ITER: 21 START
2019-07-04 09:46:26.428 27323 INFO rally.task.runner [-] Task 49ffcdec-9945-4c82-ac3e-0d838f7ae0b7 | ITER: 7 END: OK
2019-07-04 09:46:26.434 27323 INFO rally.task.runner [-] Task 49ffcdec-9945-4c82-ac3e-0d838f7ae0b7 | ITER: 22 START
2019-07-04 09:46:26.467 27324 INFO rally.task.runner [-] Task 49ffcdec-9945-4c82-ac3e-0d838f7ae0b7 | ITER: 5 END: OK
2019-07-04 09:46:26.473 27324 INFO rally.task.runner [-] Task 49ffcdec-9945-4c82-ac3e-0d838f7ae0b7 | ITER: 23 START
2019-07-04 09:46:26.483 27326 INFO rally.task.runner [-] Task 49ffcdec-9945-4c82-ac3e-0d838f7ae0b7 | ITER: 10 END: OK
2019-07-04 09:46:26.490 27326 INFO rally.task.runner [-] Task 49ffcdec-9945-4c82-ac3e-0d838f7ae0b7 | ITER: 24 START
2019-07-04 09:46:26.595 27329 INFO rally.task.runner [-] Task 49ffcdec-9945-4c82-ac3e-0d838f7ae0b7 | ITER: 11 END: OK
2019-07-04 09:46:26.600 27329 INFO rally.task.runner [-] Task 49ffcdec-9945-4c82-ac3e-0d838f7ae0b7 | ITER: 25 START
2019-07-04 09:46:26.602 27321 INFO rally.task.runner [-] Task 49ffcdec-9945-4c82-ac3e-0d838f7ae0b7 | ITER: 4 END: OK
2019-07-04 09:46:26.606 27333 INFO rally.task.runner [-] Task 49ffcdec-9945-4c82-ac3e-0d838f7ae0b7 | ITER: 12 END: OK
2019-07-04 09:46:26.609 27321 INFO rally.task.runner [-] Task 49ffcdec-9945-4c82-ac3e-0d838f7ae0b7 | ITER: 26 START
2019-07-04 09:46:26.614 27333 INFO rally.task.runner [-] Task 49ffcdec-9945-4c82-ac3e-0d838f7ae0b7 | ITER: 27 START
2019-07-04 09:46:26.644 27322 INFO rally.task.runner [-] Task 49ffcdec-9945-4c82-ac3e-0d838f7ae0b7 | ITER: 2 END: OK
2019-07-04 09:46:26.650 27322 INFO rally.task.runner [-] Task 49ffcdec-9945-4c82-ac3e-0d838f7ae0b7 | ITER: 28 START
2019-07-04 09:46:26.657 27325 INFO rally.task.runner [-] Task 49ffcdec-9945-4c82-ac3e-0d838f7ae0b7 | ITER: 8 END: OK
2019-07-04 09:46:26.665 27325 INFO rally.task.runner [-] Task 49ffcdec-9945-4c82-ac3e-0d838f7ae0b7 | ITER: 29 START
2019-07-04 09:46:26.668 27347 INFO rally.task.runner [-] Task 49ffcdec-9945-4c82-ac3e-0d838f7ae0b7 | ITER: 14 END: OK
2019-07-04 09:46:26.670 27323 INFO rally.task.runner [-] Task 49ffcdec-9945-4c82-ac3e-0d838f7ae0b7 | ITER: 3 END: OK
2019-07-04 09:46:26.674 27322 INFO rally.task.runner [-] Task 49ffcdec-9945-4c82-ac3e-0d838f7ae0b7 | ITER: 6 END: OK
2019-07-04 09:46:26.675 27323 INFO rally.task.runner [-] Task 49ffcdec-9945-4c82-ac3e-0d838f7ae0b7 | ITER: 31 START
2019-07-04 09:46:26.676 27347 INFO rally.task.runner [-] Task 49ffcdec-9945-4c82-ac3e-0d838f7ae0b7 | ITER: 30 START
2019-07-04 09:46:26.679 27322 INFO rally.task.runner [-] Task 49ffcdec-9945-4c82-ac3e-0d838f7ae0b7 | ITER: 32 START
2019-07-04 09:46:26.839 27350 INFO rally.task.runner [-] Task 49ffcdec-9945-4c82-ac3e-0d838f7ae0b7 | ITER: 16 END: OK
2019-07-04 09:46:26.846 27350 INFO rally.task.runner [-] Task 49ffcdec-9945-4c82-ac3e-0d838f7ae0b7 | ITER: 33 START
2019-07-04 09:46:26.875 27353 INFO rally.task.runner [-] Task 49ffcdec-9945-4c82-ac3e-0d838f7ae0b7 | ITER: 17 END: OK
2019-07-04 09:46:26.882 27353 INFO rally.task.runner [-] Task 49ffcdec-9945-4c82-ac3e-0d838f7ae0b7 | ITER: 34 START
2019-07-04 09:46:26.894 27356 INFO rally.task.runner [-] Task 49ffcdec-9945-4c82-ac3e-0d838f7ae0b7 | ITER: 18 END: OK
2019-07-04 09:46:26.900 27356 INFO rally.task.runner [-] Task 49ffcdec-9945-4c82-ac3e-0d838f7ae0b7 | ITER: 35 START
2019-07-04 09:46:26.922 27321 INFO rally.task.runner [-] Task 49ffcdec-9945-4c82-ac3e-0d838f7ae0b7 | ITER: 1 END: OK
2019-07-04 09:46:26.928 27321 INFO rally.task.runner [-] Task 49ffcdec-9945-4c82-ac3e-0d838f7ae0b7 | ITER: 36 START
2019-07-04 09:46:26.936 27362 INFO rally.task.runner [-] Task 49ffcdec-9945-4c82-ac3e-0d838f7ae0b7 | ITER: 19 END: OK
2019-07-04 09:46:26.942 27362 INFO rally.task.runner [-] Task 49ffcdec-9945-4c82-ac3e-0d838f7ae0b7 | ITER: 37 START
2019-07-04 09:46:26.959 27365 INFO rally.task.runner [-] Task 49ffcdec-9945-4c82-ac3e-0d838f7ae0b7 | ITER: 20 END: OK
2019-07-04 09:46:26.965 27365 INFO rally.task.runner [-] Task 49ffcdec-9945-4c82-ac3e-0d838f7ae0b7 | ITER: 38 START
2019-07-04 09:46:26.972 27349 INFO rally.task.runner [-] Task 49ffcdec-9945-4c82-ac3e-0d838f7ae0b7 | ITER: 15 END: OK
2019-07-04 09:46:26.974 27324 INFO rally.task.runner [-] Task 49ffcdec-9945-4c82-ac3e-0d838f7ae0b7 | ITER: 9 END: OK
2019-07-04 09:46:26.976 27349 INFO rally.task.runner [-] Task 49ffcdec-9945-4c82-ac3e-0d838f7ae0b7 | ITER: 39 START
2019-07-04 09:46:26.980 27324 INFO rally.task.runner [-] Task 49ffcdec-9945-4c82-ac3e-0d838f7ae0b7 | ITER: 40 START
2019-07-04 09:46:27.946 27341 INFO rally.task.runner [-] Task 49ffcdec-9945-4c82-ac3e-0d838f7ae0b7 | ITER: 21 END: OK
2019-07-04 09:46:28.025 27326 INFO rally.task.runner [-] Task 49ffcdec-9945-4c82-ac3e-0d838f7ae0b7 | ITER: 24 END: OK
2019-07-04 09:46:28.102 27333 INFO rally.task.runner [-] Task 49ffcdec-9945-4c82-ac3e-0d838f7ae0b7 | ITER: 27 END: OK
2019-07-04 09:46:28.136 27324 INFO rally.task.runner [-] Task 49ffcdec-9945-4c82-ac3e-0d838f7ae0b7 | ITER: 23 END: OK
2019-07-04 09:46:28.211 27325 INFO rally.task.runner [-] Task 49ffcdec-9945-4c82-ac3e-0d838f7ae0b7 | ITER: 29 END: OK
2019-07-04 09:46:28.228 27321 INFO rally.task.runner [-] Task 49ffcdec-9945-4c82-ac3e-0d838f7ae0b7 | ITER: 26 END: OK
2019-07-04 09:46:28.271 27329 INFO rally.task.runner [-] Task 49ffcdec-9945-4c82-ac3e-0d838f7ae0b7 | ITER: 25 END: OK
2019-07-04 09:46:28.282 27347 INFO rally.task.runner [-] Task 49ffcdec-9945-4c82-ac3e-0d838f7ae0b7 | ITER: 30 END: OK
2019-07-04 09:46:28.313 27323 INFO rally.task.runner [-] Task 49ffcdec-9945-4c82-ac3e-0d838f7ae0b7 | ITER: 22 END: OK
2019-07-04 09:46:28.335 27350 INFO rally.task.runner [-] Task 49ffcdec-9945-4c82-ac3e-0d838f7ae0b7 | ITER: 33 END: OK
2019-07-04 09:46:28.338 27323 INFO rally.task.runner [-] Task 49ffcdec-9945-4c82-ac3e-0d838f7ae0b7 | ITER: 31 END: OK
2019-07-04 09:46:28.369 27322 INFO rally.task.runner [-] Task 49ffcdec-9945-4c82-ac3e-0d838f7ae0b7 | ITER: 32 END: OK
2019-07-04 09:46:28.393 27353 INFO rally.task.runner [-] Task 49ffcdec-9945-4c82-ac3e-0d838f7ae0b7 | ITER: 34 END: OK
2019-07-04 09:46:28.423 27356 INFO rally.task.runner [-] Task 49ffcdec-9945-4c82-ac3e-0d838f7ae0b7 | ITER: 35 END: OK
2019-07-04 09:46:28.438 27362 INFO rally.task.runner [-] Task 49ffcdec-9945-4c82-ac3e-0d838f7ae0b7 | ITER: 37 END: OK
2019-07-04 09:46:28.471 27321 INFO rally.task.runner [-] Task 49ffcdec-9945-4c82-ac3e-0d838f7ae0b7 | ITER: 36 END: OK
2019-07-04 09:46:28.497 27349 INFO rally.task.runner [-] Task 49ffcdec-9945-4c82-ac3e-0d838f7ae0b7 | ITER: 39 END: OK
2019-07-04 09:46:28.501 27365 INFO rally.task.runner [-] Task 49ffcdec-9945-4c82-ac3e-0d838f7ae0b7 | ITER: 38 END: OK
2019-07-04 09:46:28.502 27322 INFO rally.task.runner [-] Task 49ffcdec-9945-4c82-ac3e-0d838f7ae0b7 | ITER: 28 END: OK
2019-07-04 09:46:28.527 27324 INFO rally.task.runner [-] Task 49ffcdec-9945-4c82-ac3e-0d838f7ae0b7 | ITER: 40 END: OK
2019-07-04 09:46:28.562 22705 INFO rally.task.context [-] Task 49ffcdec-9945-4c82-ac3e-0d838f7ae0b7 | Context admin_cleanup@openstack cleanup() started
2019-07-04 09:46:28.564 22705 RALLYDEBUG rally_openstack.cleanup.manager [-] Cleaning up neutron quota objects
2019-07-04 09:46:32.313 22705 INFO rally.task.context [-] Task 49ffcdec-9945-4c82-ac3e-0d838f7ae0b7 | Context admin_cleanup@openstack cleanup() finished in 3.75 sec
2019-07-04 09:46:32.314 22705 INFO rally.task.context [-] Task 49ffcdec-9945-4c82-ac3e-0d838f7ae0b7 | Context users@openstack cleanup() started
2019-07-04 09:47:00.762 22705 INFO rally.task.context [-] Task 49ffcdec-9945-4c82-ac3e-0d838f7ae0b7 | Context users@openstack cleanup() finished in 28.45 sec
2019-07-04 09:47:01.891 22705 INFO rally.task.engine [-] Load duration is: 3.623725
2019-07-04 09:47:01.891 22705 INFO rally.task.engine [-] Full runner duration is: 3.692965
2019-07-04 09:47:01.891 22705 INFO rally.task.engine [-] Full duration is: 45.260575
2019-07-04 09:47:02.133 22705 INFO rally.task.engine [-] Running workload: position = 0 config = { "version": 2, "title": "A cropped version of a bigger task.", "description": "Auto-generated task from a single workload (uuid=b74ef10f-cc5a-419c-b32a-a3ecf8e44965)", "subtasks": [ { "title": "NeutronTrunks.create_and_list_trunk_subports", "description": "", "scenario": { "NeutronTrunks.create_and_list_trunk_subports": { "subport_count": 125 } }, "contexts": { "users": { "tenants": 1, "users_per_tenant": 1 }, "quotas": { "neutron": { "network": -1, "port": 1000 } } }, "runner": { "constant": { "times": 4, "concurrency": 4 } }, "hooks": [], "sla": { "failure_rate": { "max": 0 } } } ] }
2019-07-04 09:47:02.150 22705 RALLYDEBUG rally_openstack.contexts.keystone.users [-] Creating 1 tenants using 20 threads
2019-07-04 09:47:03.753 22705 RALLYDEBUG rally_openstack.contexts.keystone.users [-] Creating 1 users using 20 threads
2019-07-04 09:47:06.074 22705 INFO rally.task.context [-] Task 49ffcdec-9945-4c82-ac3e-0d838f7ae0b7 | Context users@openstack setup() finished in 3.92 sec
2019-07-04 09:47:06.921 22705 INFO rally.task.context [-] Task 49ffcdec-9945-4c82-ac3e-0d838f7ae0b7 | Context quotas@openstack setup() finished in 0.85 sec
2019-07-04 09:47:06.922 22705 INFO rally.task.context [-] Task 49ffcdec-9945-4c82-ac3e-0d838f7ae0b7 | Context cleanup@openstack setup() finished in 0.01 msec
2019-07-04 09:47:06.929 22705 RALLYDEBUG rally.task.runner [-] Starting the constant runner (task UUID: 49ffcdec-9945-4c82-ac3e-0d838f7ae0b7). timeout: 0 concurrency: 4 concurrency_per_worker: 1 times: 4 concurrency_overhead: 0 processes_to_start: 4 max_cpu_used: 16
2019-07-04 09:47:06.942 27511 RALLYDEBUG rally.task.runner [-] Starting a worker. concurrency: 1 args: {"subport_count": 125} times: 4 method_name: run timeout: 0 duration: None cls:
2019-07-04 09:47:06.945 27512 RALLYDEBUG rally.task.runner [-] Starting a worker. concurrency: 1 args: {"subport_count": 125} times: 4 method_name: run timeout: 0 duration: None cls:
2019-07-04 09:47:06.948 27511 INFO rally.task.runner [-] Task 49ffcdec-9945-4c82-ac3e-0d838f7ae0b7 | ITER: 1 START
2019-07-04 09:47:06.948 27513 RALLYDEBUG rally.task.runner [-] Starting a worker. concurrency: 1 args: {"subport_count": 125} times: 4 method_name: run timeout: 0 duration: None cls:
2019-07-04 09:47:06.951 27512 INFO rally.task.runner [-] Task 49ffcdec-9945-4c82-ac3e-0d838f7ae0b7 | ITER: 2 START
2019-07-04 09:47:06.952 27514 RALLYDEBUG rally.task.runner [-] Starting a worker. concurrency: 1 args: {"subport_count": 125} times: 4 method_name: run timeout: 0 duration: None cls:
2019-07-04 09:47:06.953 27513 INFO rally.task.runner [-] Task 49ffcdec-9945-4c82-ac3e-0d838f7ae0b7 | ITER: 3 START
2019-07-04 09:47:06.957 27514 INFO rally.task.runner [-] Task 49ffcdec-9945-4c82-ac3e-0d838f7ae0b7 | ITER: 4 START
2019-07-04 09:49:23.226 27514 WARNING rally.task.atomic [-] 'optional_action_timer' is deprecated since rally v0.10.0.Please use action_timer instead, we have improved atomic actions, now do not need to explicitly close original action.
2019-07-04 09:49:23.263 27514 WARNING rally.task.atomic [-] 'optional_action_timer' is deprecated since rally v0.10.0.Please use action_timer instead, we have improved atomic actions, now do not need to explicitly close original action.
2019-07-04 09:49:23.477 27512 WARNING rally.task.atomic [-] 'optional_action_timer' is deprecated since rally v0.10.0.Please use action_timer instead, we have improved atomic actions, now do not need to explicitly close original action.
2019-07-04 09:49:23.515 27512 WARNING rally.task.atomic [-] 'optional_action_timer' is deprecated since rally v0.10.0.Please use action_timer instead, we have improved atomic actions, now do not need to explicitly close original action.
2019-07-04 09:49:24.201 27512 INFO rally.task.runner [-] Task 49ffcdec-9945-4c82-ac3e-0d838f7ae0b7 | ITER: 2 END: OK
2019-07-04 09:49:24.239 27514 INFO rally.task.runner [-] Task 49ffcdec-9945-4c82-ac3e-0d838f7ae0b7 | ITER: 4 END: OK
2019-07-04 09:51:16.625 27513 WARNING rally.task.atomic [-] 'optional_action_timer' is deprecated since rally v0.10.0.Please use action_timer instead, we have improved atomic actions, now do not need to explicitly close original action.
2019-07-04 09:51:16.962 27513 WARNING rally.task.atomic [-] 'optional_action_timer' is deprecated since rally v0.10.0.Please use action_timer instead, we have improved atomic actions, now do not need to explicitly close original action.
2019-07-04 09:51:17.244 27511 WARNING rally.task.atomic [-] 'optional_action_timer' is deprecated since rally v0.10.0.Please use action_timer instead, we have improved atomic actions, now do not need to explicitly close original action.
2019-07-04 09:51:17.340 27511 WARNING rally.task.atomic [-] 'optional_action_timer' is deprecated since rally v0.10.0.Please use action_timer instead, we have improved atomic actions, now do not need to explicitly close original action.
2019-07-04 09:51:18.505 27513 INFO rally.task.runner [-] Task 49ffcdec-9945-4c82-ac3e-0d838f7ae0b7 | ITER: 3 END: OK
2019-07-04 09:51:18.516 27511 INFO rally.task.runner [-] Task 49ffcdec-9945-4c82-ac3e-0d838f7ae0b7 | ITER: 1 END: OK
2019-07-04 09:51:18.540 22705 INFO rally.task.context [-] Task 49ffcdec-9945-4c82-ac3e-0d838f7ae0b7 | Context cleanup@openstack cleanup() started
2019-07-04 09:51:18.543 22705 RALLYDEBUG rally_openstack.cleanup.manager [-] Cleaning up neutron vip objects
2019-07-04 09:51:19.717 22705 RALLYDEBUG rally_openstack.cleanup.manager [-] Cleaning up neutron health_monitor objects
2019-07-04 09:51:20.421 22705 RALLYDEBUG rally_openstack.cleanup.manager [-] Cleaning up neutron pool objects
2019-07-04 09:51:21.134 22705 RALLYDEBUG rally_openstack.cleanup.manager [-] Cleaning up neutron loadbalancer objects
2019-07-04 09:51:21.849 22705 RALLYDEBUG rally_openstack.cleanup.manager [-] Cleaning up neutron floatingip objects
2019-07-04 09:51:23.008 22705 RALLYDEBUG rally_openstack.cleanup.manager [-] Cleaning up neutron port objects
2019-07-04 09:51:25.343 22705 RALLYDEBUG rally_openstack.cleanup.manager [-] Deleting neutron.port object s_rally_b74ef10f_8Dx9ZVG6 (0028a439-d75f-4feb-8580-f35e6058ee8a)
2019-07-04 09:51:25.344 22705 RALLYDEBUG rally_openstack.cleanup.manager [-] Deleting neutron.port object s_rally_b74ef10f_DGzguWP9 (0347e74b-f834-4bee-8549-cf874bb9f88d)
2019-07-04 09:51:25.344 22705 RALLYDEBUG rally_openstack.cleanup.manager [-] Deleting neutron.port object s_rally_b74ef10f_4MpLbskD (0051aa36-67c4-404d-a52e-d654b8def9d9)
2019-07-04 09:51:25.347 22705 RALLYDEBUG rally_openstack.cleanup.manager [-] Deleting neutron.port object s_rally_b74ef10f_xImDNNSq (026d176f-f8a4-4591-b716-03181c7eb910)
2019-07-04 09:51:25.364 22705 RALLYDEBUG rally_openstack.cleanup.manager [-] Deleting neutron.port object s_rally_b74ef10f_1vs2Zt9J (03e186dc-e300-4119-bb22-2212d36b5f33)
2019-07-04 09:51:25.365 22705 RALLYDEBUG rally_openstack.cleanup.manager [-] Deleting neutron.port object s_rally_b74ef10f_iwAxgeoz (00bace10-d5de-4d48-834a-67a8bb869e24)
2019-07-04 09:51:25.375 22705 RALLYDEBUG rally_openstack.cleanup.manager [-] Deleting neutron.port object s_rally_b74ef10f_bT7uos1U (01e239f8-f712-4796-8705-dcdb5d845302)
2019-07-04 09:51:25.378 22705 RALLYDEBUG rally_openstack.cleanup.manager [-] Deleting neutron.port object s_rally_b74ef10f_DTwEmVla (03f581cd-7526-479d-8c39-d6b2d5aefdb9)
2019-07-04 09:51:25.380 22705 RALLYDEBUG rally_openstack.cleanup.manager [-] Deleting neutron.port object s_rally_b74ef10f_Am0dwRd0 (04a36b7d-5ccd-4874-94ed-eb785b9b457d)
2019-07-04 09:51:25.382 22705 RALLYDEBUG rally_openstack.cleanup.manager [-] Deleting neutron.port object s_rally_b74ef10f_Tg4Qilcd (0101d579-9630-4556-9c45-fecb3a937fb6)
2019-07-04 09:51:25.394 22705 RALLYDEBUG rally_openstack.cleanup.manager [-] Deleting neutron.port object s_rally_b74ef10f_ndzZTPi0 (04e5dea2-fa05-4e93-9642-0b7156869109)
2019-07-04 09:51:25.398 22705 RALLYDEBUG rally_openstack.cleanup.manager [-] Deleting neutron.port object s_rally_b74ef10f_ByDqv0lp (04c7e746-203f-4f8f-a38f-7138d3f9f5ef)
2019-07-04 09:51:25.407 22705 RALLYDEBUG rally_openstack.cleanup.manager [-] Deleting neutron.port object s_rally_b74ef10f_DXAbFdsM (050d094a-083e-4aed-b16d-4c97cdf9e1de)
2019-07-04 09:51:25.416 22705 RALLYDEBUG rally_openstack.cleanup.manager [-] Deleting neutron.port object s_rally_b74ef10f_QLPig73D (0589c48b-c65d-44d9-b6c5-baf671a49aa1)
2019-07-04 09:51:25.439 22705 RALLYDEBUG rally_openstack.cleanup.manager [-] Deleting neutron.port object s_rally_b74ef10f_SP7EWqos (0626785d-be21-4991-a134-e532a6317db7)
2019-07-04 09:51:25.455 22705 RALLYDEBUG rally_openstack.cleanup.manager [-] Deleting neutron.port object s_rally_b74ef10f_STLG12hB (07400839-7f4e-4e1f-b76f-48673879ad04)
2019-07-04 09:51:25.471 22705 RALLYDEBUG rally_openstack.cleanup.manager [-] Deleting neutron.port object s_rally_b74ef10f_QyiJ0QYg (07449524-08a4-4906-be74-0c8a2133dc40)
2019-07-04 09:51:25.483 22705 RALLYDEBUG rally_openstack.cleanup.manager [-] Deleting neutron.port object s_rally_b74ef10f_E6M3oCFd (084466f8-6a7d-49b7-9e7f-f2e1fe320bf1)
2019-07-04 09:51:25.492 22705 RALLYDEBUG rally_openstack.cleanup.manager [-] Deleting neutron.port object s_rally_b74ef10f_H6jfcDmn (092462aa-4e54-4f31-a96f-406409d79b85)
2019-07-04 09:51:25.506 22705 RALLYDEBUG rally_openstack.cleanup.manager [-] Deleting neutron.port object s_rally_b74ef10f_lxEKXr1E (0952b9e7-14d0-4b24-a009-92650dcb99a1)
2019-07-04 09:51:27.860 22705 RALLYDEBUG rally_openstack.cleanup.manager [-] Deleting neutron.port object s_rally_b74ef10f_zdZMTBBS (0a162eb7-f3ca-4cac-bfb7-aa7affc3ceed)
2019-07-04 09:51:27.873 22705 RALLYDEBUG rally_openstack.cleanup.manager [-] Deleting neutron.port object s_rally_b74ef10f_43EUfJpg (0a4c8a7a-c1dd-41d7-b33b-17a25db6bae2)
2019-07-04 09:51:28.092 22705 RALLYDEBUG rally_openstack.cleanup.manager [-] Deleting neutron.port object s_rally_b74ef10f_jHhLOcYU (0a5f6319-b026-416e-b498-82218414cdc5)
2019-07-04 09:51:28.383 22705 RALLYDEBUG rally_openstack.cleanup.manager [-] Deleting neutron.port object s_rally_b74ef10f_K5MWGqk8 (0ad62c38-cfab-4915-9435-40cb1ab44d8a)
2019-07-04 09:51:29.898 22705 RALLYDEBUG rally_openstack.cleanup.manager [-] Deleting neutron.port object s_rally_b74ef10f_vRN9ldTn (0b5c1e3a-72ab-46be-a82b-9d8f6fefa143)
2019-07-04 09:51:30.277 22705 RALLYDEBUG rally_openstack.cleanup.manager [-] Deleting neutron.port object s_rally_b74ef10f_flthFbat (0be7078e-38cd-447b-b4d2-0f88a2de07fb)
2019-07-04 09:51:30.317 22705 RALLYDEBUG rally_openstack.cleanup.manager [-] Deleting neutron.port object s_rally_b74ef10f_0uEHkd0R (0cc62f8f-1553-4751-8ff0-ae54af52e121)
2019-07-04 09:51:31.154 22705 RALLYDEBUG rally_openstack.cleanup.manager [-] Deleting neutron.port object s_rally_b74ef10f_zLt7v3VL (0deccb31-cb42-4e78-9878-3a3b3cd68678)
2019-07-04 09:51:31.250 22705 RALLYDEBUG rally_openstack.cleanup.manager [-] Deleting neutron.port object s_rally_b74ef10f_hutONC5W (0e1fc248-e56b-4743-b8f2-59fcdf88e21a)
2019-07-04 09:51:31.554 22705 RALLYDEBUG rally_openstack.cleanup.manager [-] Deleting neutron.port object s_rally_b74ef10f_zrBPE0EK (0f11ba23-6229-433a-8bf5-e54ab4cc7fa6)
2019-07-04 09:51:31.843 22705 RALLYDEBUG rally_openstack.cleanup.manager [-] Deleting neutron.port object s_rally_b74ef10f_nmFt5mbb (0f65329d-fbd3-424d-9c78-132dc316e67e)
2019-07-04 09:51:32.458 22705 RALLYDEBUG rally_openstack.cleanup.manager [-] Deleting neutron.port object s_rally_b74ef10f_qkPdpmSG (12460023-1637-4c57-88be-618789ffba04)
2019-07-04 09:51:32.509 22705 RALLYDEBUG rally_openstack.cleanup.manager [-] Deleting neutron.port object s_rally_b74ef10f_u1Cyj8to (12ed3c4e-00dd-487c-8cf5-bff1a1164667)
2019-07-04 09:51:32.906 22705 RALLYDEBUG rally_openstack.cleanup.manager [-] Deleting neutron.port object s_rally_b74ef10f_KgDEKolq (12fb782a-1bf7-431e-95a6-3ed15fefa59e)
2019-07-04 09:51:33.402 22705 RALLYDEBUG rally_openstack.cleanup.manager [-] Deleting neutron.port object s_rally_b74ef10f_VGb8axuF (13d0fcab-5310-4204-8f19-1474e91cfda7)
2019-07-04 09:51:33.847 22705 RALLYDEBUG rally_openstack.cleanup.manager [-] Deleting neutron.port object s_rally_b74ef10f_ZtwcuSvh (14c2f0d5-2558-407e-9709-1a3b10c49874)
2019-07-04 09:51:33.918 22705 RALLYDEBUG rally_openstack.cleanup.manager [-] Deleting neutron.port object s_rally_b74ef10f_stahbez0 (14f9ec9a-ce17-44d0-878e-ade3f1f9f77e)
2019-07-04 09:51:33.941 22705 RALLYDEBUG rally_openstack.cleanup.manager [-] Deleting neutron.port object s_rally_b74ef10f_UWg5wwlx (15565f83-e413-44e2-ba7f-ba310e83fa9f)
2019-07-04 09:51:33.963 22705 RALLYDEBUG rally_openstack.cleanup.manager [-] Deleting neutron.port object s_rally_b74ef10f_HlY68fpJ (155b67ef-3587-4423-9dcc-0869ee5f44d1)
2019-07-04 09:51:34.045 22705 RALLYDEBUG rally_openstack.cleanup.manager [-] Deleting neutron.port object s_rally_b74ef10f_O3BctePF (15d1241a-3e73-48f8-9402-274d816bcadd)
2019-07-04 09:51:34.046 22705 RALLYDEBUG rally_openstack.cleanup.manager [-] Deleting neutron.port object s_rally_b74ef10f_upXqreFY (159275fe-b660-43f9-8cb3-283336119071)
2019-07-04 09:51:34.046 22705 RALLYDEBUG rally_openstack.cleanup.manager [-] Deleting neutron.port object s_rally_b74ef10f_oy5UIxP3 (1691f284-dc00-4d24-bd29-1f866ce72c4f)
2019-07-04 09:51:34.167 22705 RALLYDEBUG rally_openstack.cleanup.manager [-] Deleting neutron.port object s_rally_b74ef10f_qfaKy9ex (17bd82db-c0d9-4a49-991e-cbbbd1f6ed5e)
2019-07-04 09:51:34.224 22705 RALLYDEBUG rally_openstack.cleanup.manager [-] Deleting neutron.port object s_rally_b74ef10f_2DjWvUS0 (17e34003-1abf-44f1-a097-b90190a29bdd)
2019-07-04 09:51:34.354 22705 RALLYDEBUG rally_openstack.cleanup.manager [-] Deleting neutron.port object s_rally_b74ef10f_P9g3l0CA (17fc7d64-ba3e-409f-ae3a-6877675699db)
2019-07-04 09:51:34.516 22705 RALLYDEBUG rally_openstack.cleanup.manager [-] Deleting neutron.port object s_rally_b74ef10f_UnvxE0Wf (1871a69e-1652-4605-bd00-59cd0e9c5a81)
2019-07-04 09:51:34.676 22705 RALLYDEBUG rally_openstack.cleanup.manager [-] Deleting neutron.port object s_rally_b74ef10f_gpVRieCa (18844713-ca50-4b44-aff3-d4e522338108)
2019-07-04 09:51:34.752 22705 RALLYDEBUG rally_openstack.cleanup.manager [-] Deleting neutron.port object s_rally_b74ef10f_dzWX2pCl (190eeb6a-65de-4de9-ab1d-a3fff1f56311)
2019-07-04 09:51:34.772 22705 RALLYDEBUG rally_openstack.cleanup.manager [-] Deleting neutron.port object s_rally_b74ef10f_JXA7v2px (193a6da9-af83-4188-bd5d-5adc4832ae0b)
2019-07-04 09:51:34.934 22705 RALLYDEBUG rally_openstack.cleanup.manager [-] Deleting neutron.port object s_rally_b74ef10f_KrE4GuFg (19d82573-0248-4dcd-a761-80cf00bc1080)
2019-07-04 09:51:35.003 22705 RALLYDEBUG rally_openstack.cleanup.manager [-] Deleting neutron.port object s_rally_b74ef10f_cLmvH09Y (1b21ec5c-ed3b-4e9b-bc97-1be023c84b27)
2019-07-04 09:51:35.875 22705 RALLYDEBUG rally_openstack.cleanup.manager [-] Deleting neutron.port object s_rally_b74ef10f_rVNTffPa (1b5c3603-17f2-4f2d-8c5d-7b012d729ed0)
2019-07-04 09:51:35.887 22705 RALLYDEBUG rally_openstack.cleanup.manager [-] Deleting neutron.port object s_rally_b74ef10f_BYQzIm9X (1b6f772c-ddd8-4858-b384-0213cf928fb4)
2019-07-04 09:51:36.571 22705 RALLYDEBUG rally_openstack.cleanup.manager [-] Deleting neutron.port object s_rally_b74ef10f_1qz4Vsbo (1c3e41ef-6db4-40b6-beec-661d0c6bbc2e)
2019-07-04 09:51:36.970 22705 RALLYDEBUG rally_openstack.cleanup.manager [-] Deleting neutron.port object s_rally_b74ef10f_rAQ5AdD3 (1c899c69-8961-440b-869f-d0c2a20368aa)
2019-07-04 09:51:36.976 22705 RALLYDEBUG rally_openstack.cleanup.manager [-] Deleting neutron.port object s_rally_b74ef10f_DzkrB9fi (1d5549d5-dcc3-452c-85c3-0ec48afae372)
2019-07-04 09:51:37.616 22705 RALLYDEBUG rally_openstack.cleanup.manager [-] Deleting neutron.port object s_rally_b74ef10f_J7ISq3OW (1d7837d6-7a0d-47f3-ab0d-63bcb08f6389)
2019-07-04 09:51:37.638 22705 RALLYDEBUG rally_openstack.cleanup.manager [-] Deleting neutron.port object s_rally_b74ef10f_MAbHpr6h (1ddc7262-18ab-4763-bdf7-32f971a9e40a)
2019-07-04 09:51:37.680 22705 RALLYDEBUG rally_openstack.cleanup.manager [-] Deleting neutron.port object s_rally_b74ef10f_1oCt1iN0 (1e85240f-2230-4982-85b9-e18b3180f0bc)
2019-07-04 09:51:37.746 22705 RALLYDEBUG rally_openstack.cleanup.manager [-] Deleting neutron.port object s_rally_b74ef10f_UF80jTFf (1ea33169-997a-48c4-9add-cc5005f745ed)
2019-07-04 09:51:38.097 22705 RALLYDEBUG rally_openstack.cleanup.manager [-] Deleting neutron.port object s_rally_b74ef10f_8wBJ6mAB (1eb741fc-bf92-4ea2-b767-56692fe1df40)
2019-07-04 09:51:38.125 22705 RALLYDEBUG rally_openstack.cleanup.manager [-] Deleting neutron.port object s_rally_b74ef10f_3W51gCBq (1f7a6a9b-2c33-4ddf-a8f6-947ac99982c9)
2019-07-04 09:51:38.173 22705 RALLYDEBUG rally_openstack.cleanup.manager [-] Deleting neutron.port object s_rally_b74ef10f_Tss6U278 (1fc5b955-6f68-4237-9d77-00db38613f25)
2019-07-04 09:51:38.179 22705 RALLYDEBUG rally_openstack.cleanup.manager [-] Deleting neutron.port object s_rally_b74ef10f_6kXDv2G0 (200a04bc-4ae8-4cef-a555-79882be7dfed)
2019-07-04 09:51:38.228 22705 RALLYDEBUG rally_openstack.cleanup.manager [-] Deleting neutron.port object s_rally_b74ef10f_k5k5ybZL (2149dd8f-5562-4c6a-892e-65d558fcc9c6)
2019-07-04 09:51:38.488 22705 RALLYDEBUG rally_openstack.cleanup.manager [-] Deleting neutron.port object s_rally_b74ef10f_lc4DDNn3 (215f1f8e-484a-4019-93c4-4317ffa315bb)
2019-07-04 09:51:38.593 22705 RALLYDEBUG rally_openstack.cleanup.manager [-] Deleting neutron.port object s_rally_b74ef10f_iGXDXfV3 (218e90b5-ae07-4780-8532-989bcfc91ccd)
2019-07-04 09:51:38.854 22705 RALLYDEBUG rally_openstack.cleanup.manager [-] Deleting neutron.port object s_rally_b74ef10f_iuXHrFmY (21ce9eaa-ca02-4b12-9cc6-25e42954aa22)
2019-07-04 09:51:39.226 22705 RALLYDEBUG rally_openstack.cleanup.manager [-] Deleting neutron.port object s_rally_b74ef10f_kKZrmjMs (222f3cba-0f80-4f3d-8d8d-27d46fa0e25c)
2019-07-04 09:51:39.303 22705 RALLYDEBUG rally_openstack.cleanup.manager [-] Deleting neutron.port object s_rally_b74ef10f_PwkF6Mll (225e9581-2d97-4c8e-af3b-e569b2a78504)
2019-07-04 09:51:39.409 22705 RALLYDEBUG rally_openstack.cleanup.manager [-] Deleting neutron.port object s_rally_b74ef10f_owGm35E7 (227ac4ff-a34f-45bb-ba1c-8709a48ca02d)
2019-07-04 09:51:39.421 22705 RALLYDEBUG rally_openstack.cleanup.manager [-] Deleting neutron.port object s_rally_b74ef10f_7Y7B766u (22b92d15-6908-4c14-afe7-df42843e44e2)
2019-07-04 09:51:39.560 22705 RALLYDEBUG rally_openstack.cleanup.manager [-] Deleting neutron.port object s_rally_b74ef10f_04RkBQZ4 (23d5821c-559d-497b-b1ce-145761ec9a21)
2019-07-04 09:51:39.931 22705 RALLYDEBUG rally_openstack.cleanup.manager [-] Deleting neutron.port object s_rally_b74ef10f_zQeJAWFx (243d02da-458f-46ab-a6aa-2975240b6181)
2019-07-04 09:51:39.931 22705 RALLYDEBUG rally_openstack.cleanup.manager [-] Deleting neutron.port object s_rally_b74ef10f_Ma1SFc59 (242395d2-5815-4d08-ac13-90b98eb08dee)
2019-07-04 09:51:40.248 22705 RALLYDEBUG rally_openstack.cleanup.manager [-] Deleting neutron.port object s_rally_b74ef10f_EksxVsPO (245e2d42-ff6e-4f1e-980d-dd6b12e5d989)
2019-07-04 09:51:40.457 22705 RALLYDEBUG rally_openstack.cleanup.manager [-] Deleting neutron.port object s_rally_b74ef10f_GCOCu7R1 (24984ac1-5f49-4cf0-9b00-c235cea6ca78)
2019-07-04 09:51:40.459 22705 RALLYDEBUG rally_openstack.cleanup.manager [-] Deleting neutron.port object s_rally_b74ef10f_eETXoWXm (24708269-2737-4f8d-be88-691c23200dde)
2019-07-04 09:51:40.504 22705 RALLYDEBUG rally_openstack.cleanup.manager [-] Deleting neutron.port object s_rally_b74ef10f_QOQrghiW (2530b669-38fc-4c48-ab3c-53dd239c80fc)
2019-07-04 09:51:41.006 22705 RALLYDEBUG rally_openstack.cleanup.manager [-] Deleting neutron.port object s_rally_b74ef10f_kilAGNcn (255b164c-8318-4c34-abaa-3ff5995c45fe)
2019-07-04 09:51:41.206 22705 RALLYDEBUG rally_openstack.cleanup.manager [-] Deleting neutron.port object s_rally_b74ef10f_1WAeUlyV (25690e7a-8641-404d-8235-5da0e7f2a3b9)
2019-07-04 09:51:41.610 22705 RALLYDEBUG rally_openstack.cleanup.manager [-] Deleting neutron.port object s_rally_b74ef10f_4BNpU8OW (2580afd1-af57-4bfb-b694-565676cb4c2f)
2019-07-04 09:51:41.713 22705 RALLYDEBUG rally_openstack.cleanup.manager [-] Deleting neutron.port object s_rally_b74ef10f_xkFUJXbE (25a85b3b-a31b-4b8d-83ee-71aa00cd6b0a)
2019-07-04 09:51:41.720 22705 RALLYDEBUG rally_openstack.cleanup.manager [-] Deleting neutron.port object s_rally_b74ef10f_AFvm1PAu (25aea457-c798-4e1e-813e-8601866ddb89)
2019-07-04 09:51:41.939 22705 RALLYDEBUG rally_openstack.cleanup.manager [-] Deleting neutron.port object s_rally_b74ef10f_eAOVTlEC (25d1eef7-d94f-4be9-a458-9901e8be8dfb)
2019-07-04 09:51:42.019 22705 RALLYDEBUG rally_openstack.cleanup.manager [-] Deleting neutron.port object s_rally_b74ef10f_JiROclpL (25e360bc-99f2-40f1-89c2-ee0ef6653a3d)
2019-07-04 09:51:42.032 22705 RALLYDEBUG rally_openstack.cleanup.manager [-] Deleting neutron.port object s_rally_b74ef10f_OKza5moR (287fd63a-dade-4c11-9b17-a6f592d12939)
2019-07-04 09:51:42.051 22705 RALLYDEBUG rally_openstack.cleanup.manager [-] Deleting neutron.port object s_rally_b74ef10f_heYYTWgE (28c7cf4a-1f39-474a-9bd9-e7848c847734)
2019-07-04 09:51:42.301 22705 RALLYDEBUG rally_openstack.cleanup.manager [-] Deleting neutron.port object s_rally_b74ef10f_aXR3AbeF (28cd47a9-655a-4088-b781-cd428fdc055d)
2019-07-04 09:51:42.571 22705 RALLYDEBUG rally_openstack.cleanup.manager [-] Deleting neutron.port object s_rally_b74ef10f_RkKzdUve (29897354-7cf9-4683-9874-752b28bf1974)
2019-07-04 09:51:42.942 22705 RALLYDEBUG rally_openstack.cleanup.manager [-] Deleting neutron.port object s_rally_b74ef10f_3mjleYx1 (2b6ef3a9-7ad5-4839-9d97-68e01bd645bf)
2019-07-04 09:51:43.600 22705 RALLYDEBUG rally_openstack.cleanup.manager [-] Deleting neutron.port object s_rally_b74ef10f_Q2Dg2RcB (2c81875c-159d-493d-bb70-fdf6377fc018)
2019-07-04 09:51:43.759 22705 RALLYDEBUG rally_openstack.cleanup.manager [-] Deleting neutron.port object s_rally_b74ef10f_zhZ7EsPf (2cf65c80-d7ed-4fe5-86c9-8af65d4e8dfb)
2019-07-04 09:51:44.021 22705 RALLYDEBUG rally_openstack.cleanup.manager [-] Deleting neutron.port object s_rally_b74ef10f_DLktS34E (2e01681b-eb4e-4100-8845-6783a01ecbbf)
2019-07-04 09:51:44.114 22705 RALLYDEBUG rally_openstack.cleanup.manager [-] Deleting neutron.port object s_rally_b74ef10f_QOeh3UiD (2e2e95dd-0b75-4abc-8336-a3a5742ebdf4)
2019-07-04 09:51:44.190 22705 RALLYDEBUG rally_openstack.cleanup.manager [-] Deleting neutron.port object s_rally_b74ef10f_sfDQOTZY (2e54c751-962e-4d75-b180-25fad300190a)
2019-07-04 09:51:44.191 22705 RALLYDEBUG rally_openstack.cleanup.manager [-] Deleting neutron.port object s_rally_b74ef10f_PzarJHco (2e873f46-c9d1-455b-b90b-4d405c1ce292)
2019-07-04 09:51:44.431 22705 RALLYDEBUG rally_openstack.cleanup.manager [-] Deleting neutron.port object s_rally_b74ef10f_V2oZP84G (2ed8bbc2-7c43-4fdf-89f3-dfa58c5110e0)
2019-07-04 09:51:44.625 22705 RALLYDEBUG rally_openstack.cleanup.manager [-] Deleting neutron.port object s_rally_b74ef10f_W2A5nJKV (3002d44d-207e-4f62-9227-f98f36ba6cf9)
