2019-07-04 09:44:20.872 22705 RALLYDEBUG rally_openstack.cleanup.manager [-] Deleting neutron.port object s_rally_e9ea14d3_TBgJHxho (5c13ec3d-049a-4c50-82cd-db8269684c85)
2019-07-04 09:44:21.210 22705 RALLYDEBUG rally_openstack.cleanup.manager [-] Deleting neutron.port object s_rally_e9ea14d3_0M4RCWX6 (5c97720e-e7c8-4ee0-9e14-5009e6722a19)
2019-07-04 09:44:21.514 22705 RALLYDEBUG rally_openstack.cleanup.manager [-] Deleting neutron.port object s_rally_e9ea14d3_sg352T7l (5cd72074-4896-49bb-8ab0-6c6baff31f5e)
2019-07-04 09:44:21.628 22705 RALLYDEBUG rally_openstack.cleanup.manager [-] Deleting neutron.port object s_rally_e9ea14d3_uHpr7cKn (5f295dd7-1dac-4f62-8a52-adaddc1036f5)
2019-07-04 09:44:21.747 22705 RALLYDEBUG rally_openstack.cleanup.manager [-] Deleting neutron.port object s_rally_e9ea14d3_f1QzrrsS (6002c073-f6b4-40c7-a1b5-34826a118ec2)
2019-07-04 09:44:22.234 22705 RALLYDEBUG rally_openstack.cleanup.manager [-] Deleting neutron.port object s_rally_e9ea14d3_rZ4PSuHb (61ba653c-7b95-4481-8dd3-d65fa08809ab)
2019-07-04 09:44:22.299 22705 RALLYDEBUG rally_openstack.cleanup.manager [-] Deleting neutron.port object s_rally_e9ea14d3_lOCckvz2 (62898f99-9fb1-4bc0-9bf6-a029678dba4b)
2019-07-04 09:44:22.827 22705 RALLYDEBUG rally_openstack.cleanup.manager [-] Deleting neutron.port object s_rally_e9ea14d3_TJRnLtrV (635ad5c4-5e3e-492a-b309-0f7fff3aef2a)
2019-07-04 09:44:22.864 22705 RALLYDEBUG rally_openstack.cleanup.manager [-] Deleting neutron.port object s_rally_e9ea14d3_toz9m0Yv (6412f621-1d22-4da5-ac78-8c0409e124c8)
2019-07-04 09:44:22.958 22705 RALLYDEBUG rally_openstack.cleanup.manager [-] Deleting neutron.port object s_rally_e9ea14d3_9XFCyBQS (64377775-0a0e-439d-a82d-41dcb552b403)
2019-07-04 09:44:22.971 22705 RALLYDEBUG rally_openstack.cleanup.manager [-] Deleting neutron.port object s_rally_e9ea14d3_Lxdj4EWR (64ee7c17-df3b-48c0-9364-98b6b0b54dea)
2019-07-04 09:44:22.973 22705 RALLYDEBUG rally_openstack.cleanup.manager [-] Deleting neutron.port object s_rally_e9ea14d3_FKFUQyeJ (654c34bf-4771-43d7-bbe3-33933f3917d9)
2019-07-04 09:44:23.136 22705 RALLYDEBUG rally_openstack.cleanup.manager [-] Deleting neutron.port object s_rally_e9ea14d3_NswVzx1p (65a9395d-e796-46d8-bb64-f7a03956a6e3)
2019-07-04 09:44:23.534 22705 RALLYDEBUG rally_openstack.cleanup.manager [-] Deleting neutron.port object s_rally_e9ea14d3_xZxf7tVx (672b6d7f-b997-4494-ad57-7ae2fc1f3131)
2019-07-04 09:44:23.541 22705 RALLYDEBUG rally_openstack.cleanup.manager [-] Deleting neutron.port object s_rally_e9ea14d3_d1QWy7gJ (681d74a1-71d4-4a51-a7bf-8ee802f83efc)
2019-07-04 09:44:23.679 22705 RALLYDEBUG rally_openstack.cleanup.manager [-] Deleting neutron.port object s_rally_e9ea14d3_hQwEl4L8 (6a8d001e-2956-4526-a027-5bb13d8a0039)
2019-07-04 09:44:23.710 22705 RALLYDEBUG rally_openstack.cleanup.manager [-] Deleting neutron.port object s_rally_e9ea14d3_sjDPGYvK (6aa4d432-5e7e-485b-a4ff-aa5fc66f4ed4)
2019-07-04 09:44:23.710 22705 RALLYDEBUG rally_openstack.cleanup.manager [-] Deleting neutron.port object s_rally_e9ea14d3_6DLUpolv (6afe7231-da1b-42b1-b82f-dc3c8076fed5)
2019-07-04 09:44:23.932 22705 RALLYDEBUG rally_openstack.cleanup.manager [-] Deleting neutron.port object s_rally_e9ea14d3_0bh8vrR5 (6e890c9d-aae3-42bb-b7f7-50da6a78e64f)
2019-07-04 09:44:23.954 22705 RALLYDEBUG rally_openstack.cleanup.manager [-] Deleting neutron.port object s_rally_e9ea14d3_qmpZKCLn (6ed481f6-6692-4076-89a6-3afd26589e11)
2019-07-04 09:44:24.083 22705 RALLYDEBUG rally_openstack.cleanup.manager [-] Deleting neutron.port object s_rally_e9ea14d3_W6rv1eq3 (70857e76-9113-4506-883d-6a3909dc3776)
2019-07-04 09:44:24.117 22705 RALLYDEBUG rally_openstack.cleanup.manager [-] Deleting neutron.port object s_rally_e9ea14d3_IJ4eVRPc (752511e3-9c48-487e-ab76-d8da9bea5c81)
2019-07-04 09:44:24.118 22705 RALLYDEBUG rally_openstack.cleanup.manager [-] Deleting neutron.port object s_rally_e9ea14d3_VCAFGhxu (7345d5f2-a394-4bd4-911d-d96aff036cda)
2019-07-04 09:44:24.264 22705 RALLYDEBUG rally_openstack.cleanup.manager [-] Deleting neutron.port object s_rally_e9ea14d3_G3GEtUek (7562da8b-1762-447f-b318-068f94c10495)
2019-07-04 09:44:24.421 22705 RALLYDEBUG rally_openstack.cleanup.manager [-] Deleting neutron.port object s_rally_e9ea14d3_swpZR5yV (7607315f-0c89-47f8-ae21-08a58397c976)
2019-07-04 09:44:24.549 22705 RALLYDEBUG rally_openstack.cleanup.manager [-] Deleting neutron.port object s_rally_e9ea14d3_QIiFWRgm (77b536fc-6ca2-44c6-b470-b9479185cca4)
2019-07-04 09:44:24.581 22705 RALLYDEBUG rally_openstack.cleanup.manager [-] Deleting neutron.port object s_rally_e9ea14d3_gziG6bVy (7946f000-c72e-46db-851e-2965b20d8e83)
2019-07-04 09:44:25.458 22705 RALLYDEBUG rally_openstack.cleanup.manager [-] Deleting neutron.port object s_rally_e9ea14d3_2X1jUvla (7af4bf32-a926-4cdb-b4ad-27c37f661c41)
2019-07-04 09:44:25.477 22705 RALLYDEBUG rally_openstack.cleanup.manager [-] Deleting neutron.port object s_rally_e9ea14d3_sRyFPfcE (7da05041-b025-40b4-8537-a3baad4326da)
2019-07-04 09:44:25.595 22705 RALLYDEBUG rally_openstack.cleanup.manager [-] Deleting neutron.port object s_rally_e9ea14d3_qPk6z4ZR (7e1f417c-0117-42e8-9c30-9119489a3464)
2019-07-04 09:44:26.008 22705 RALLYDEBUG rally_openstack.cleanup.manager [-] Deleting neutron.port object s_rally_e9ea14d3_55DtuoWM (7eae0b98-9261-4d2b-b3cd-f320aabfc3e2)
2019-07-04 09:44:26.614 22705 RALLYDEBUG rally_openstack.cleanup.manager [-] Deleting neutron.port object s_rally_e9ea14d3_4Eh9X86M (7f50c4cb-d098-4de3-a299-f361f4b43b59)
2019-07-04 09:44:26.717 22705 RALLYDEBUG rally_openstack.cleanup.manager [-] Deleting neutron.port object s_rally_e9ea14d3_T9SrQhHK (7f5f6c0e-5b6b-42ca-80d5-b5bec5ac17a4)
2019-07-04 09:44:26.739 22705 RALLYDEBUG rally_openstack.cleanup.manager [-] Deleting neutron.port object s_rally_e9ea14d3_cA3ojEwv (7f784fff-155e-4722-8851-6aee6ea6fb74)
2019-07-04 09:44:26.747 22705 RALLYDEBUG rally_openstack.cleanup.manager [-] Deleting neutron.port object s_rally_e9ea14d3_cJEKWwr6 (7fa18edf-6dd0-4062-829d-470ed815c9c2)
2019-07-04 09:44:26.747 22705 RALLYDEBUG rally_openstack.cleanup.manager [-] Deleting neutron.port object s_rally_e9ea14d3_y7SohqCN (81d05653-f615-4dcd-ba06-e112af3cf419)
2019-07-04 09:44:26.894 22705 RALLYDEBUG rally_openstack.cleanup.manager [-] Deleting neutron.port object s_rally_e9ea14d3_IT3LZ9lI (82f58d09-067b-44da-9161-3ab12e51b565)
2019-07-04 09:44:27.003 22705 RALLYDEBUG rally_openstack.cleanup.manager [-] Deleting neutron.port object s_rally_e9ea14d3_ugXJpG0W (8542f6d4-44bc-4c22-a98c-c1250856357f)
2019-07-04 09:44:27.160 22705 RALLYDEBUG rally_openstack.cleanup.manager [-] Deleting neutron.port object s_rally_e9ea14d3_sozf9Xu5 (8809c158-95e8-4c93-aa90-e3244daa2339)
2019-07-04 09:44:27.324 22705 RALLYDEBUG rally_openstack.cleanup.manager [-] Deleting neutron.port object s_rally_e9ea14d3_69HYAtwR (89431b5d-2231-49b7-8386-8a8ab9ae0969)
2019-07-04 09:44:27.328 22705 RALLYDEBUG rally_openstack.cleanup.manager [-] Deleting neutron.port object s_rally_e9ea14d3_u9wTqPnA (89b89162-9743-48cb-b0e7-a94a25d4f0cf)
2019-07-04 09:44:27.338 22705 RALLYDEBUG rally_openstack.cleanup.manager [-] Deleting neutron.port object s_rally_e9ea14d3_5cBsMhe4 (8a0a115c-c42a-4054-a394-51c11c5f1b83)
2019-07-04 09:44:27.578 22705 RALLYDEBUG rally_openstack.cleanup.manager [-] Deleting neutron.port object s_rally_e9ea14d3_nqvRskU4 (8c71aa7d-15c3-43f5-9ab7-3f84320c4485)
2019-07-04 09:44:27.586 22705 RALLYDEBUG rally_openstack.cleanup.manager [-] Deleting neutron.port object s_rally_e9ea14d3_u8UxkLEr (8d496c5c-990d-4faf-a222-8659424b36cf)
2019-07-04 09:44:27.741 22705 RALLYDEBUG rally_openstack.cleanup.manager [-] Deleting neutron.port object s_rally_e9ea14d3_JUwfS7OG (8ddb00dd-4228-4704-9d15-49053199edbf)
2019-07-04 09:44:27.827 22705 RALLYDEBUG rally_openstack.cleanup.manager [-] Deleting neutron.port object s_rally_e9ea14d3_uJmaLgcl (8f1f61d8-9604-43f1-be66-048e8f5ac990)
2019-07-04 09:44:28.095 22705 RALLYDEBUG rally_openstack.cleanup.manager [-] Deleting neutron.port object s_rally_e9ea14d3_HGA8yRod (8f625423-dcbe-4ab5-9421-47888bd6e76e)
2019-07-04 09:44:28.132 22705 RALLYDEBUG rally_openstack.cleanup.manager [-] Deleting neutron.port object s_rally_e9ea14d3_CCGWpFUO (92d5f2fa-41a8-40d6-8fd8-2b3a33ea566b)
2019-07-04 09:44:28.174 22705 RALLYDEBUG rally_openstack.cleanup.manager [-] Deleting neutron.port object s_rally_e9ea14d3_F7kK6alV (9338fbbf-15f3-428d-837c-6c8f0e8c683e)
2019-07-04 09:44:28.308 22705 RALLYDEBUG rally_openstack.cleanup.manager [-] Deleting neutron.port object s_rally_e9ea14d3_b98zN7ry (93fedeab-64e1-484d-aa77-86dac7ca8d35)
2019-07-04 09:44:28.314 22705 RALLYDEBUG rally_openstack.cleanup.manager [-] Deleting neutron.port object s_rally_e9ea14d3_ZkBKanAP (977ad1ff-769a-431a-8372-1ee85fc02a61)
2019-07-04 09:44:29.388 22705 RALLYDEBUG rally_openstack.cleanup.manager [-] Deleting neutron.port object s_rally_e9ea14d3_H2ng5LjB (99dcf5d9-6944-4494-a6dc-02ac4ee9c6ef)
2019-07-04 09:44:29.560 22705 RALLYDEBUG rally_openstack.cleanup.manager [-] Deleting neutron.port object s_rally_e9ea14d3_vEvXmDFv (9a0f91fa-f3ba-4c3c-b6fe-149ab92dc217)
2019-07-04 09:44:29.936 22705 RALLYDEBUG rally_openstack.cleanup.manager [-] Deleting neutron.port object s_rally_e9ea14d3_WDZrr2cZ (9c0e36f2-d58c-41de-8918-951e976a9ddd)
2019-07-04 09:44:30.148 22705 RALLYDEBUG rally_openstack.cleanup.manager [-] Deleting neutron.port object s_rally_e9ea14d3_Q9kODFzL (9d4c8a75-3159-4e54-9a7e-3f05df5c0f74)
2019-07-04 09:44:30.367 22705 RALLYDEBUG rally_openstack.cleanup.manager [-] Deleting neutron.port object s_rally_e9ea14d3_4KAzCPfc (9f0b171e-ad92-4249-a389-7569be39d097)
2019-07-04 09:44:30.461 22705 RALLYDEBUG rally_openstack.cleanup.manager [-] Deleting neutron.port object s_rally_e9ea14d3_D0axLcfY (a012f23a-5029-457f-83b4-4a62718660a1)
2019-07-04 09:44:30.670 22705 RALLYDEBUG rally_openstack.cleanup.manager [-] Deleting neutron.port object s_rally_e9ea14d3_8X3GzlOU (a089327a-8cff-4362-bc48-bdc944eb1775)
2019-07-04 09:44:30.671 22705 RALLYDEBUG rally_openstack.cleanup.manager [-] Deleting neutron.port object s_rally_e9ea14d3_LuiyRyld (a4bebe34-5de0-47b6-b3ca-fd2fb5eaf08d)
2019-07-04 09:44:30.672 22705 RALLYDEBUG rally_openstack.cleanup.manager [-] Deleting neutron.port object s_rally_e9ea14d3_k3aOEkTG (a847dad1-69c9-47eb-81fe-0cf7ec2d6368)
2019-07-04 09:44:30.733 22705 RALLYDEBUG rally_openstack.cleanup.manager [-] Deleting neutron.port object s_rally_e9ea14d3_euGdRDzR (a9784f16-a3c7-4dd4-a198-7eea49352e0a)
2019-07-04 09:44:30.757 22705 RALLYDEBUG rally_openstack.cleanup.manager [-] Deleting neutron.port object s_rally_e9ea14d3_Azz0Itf6 (a98e69be-19a5-438f-bdf5-b0e773fd18d2)
2019-07-04 09:44:30.895 22705 RALLYDEBUG rally_openstack.cleanup.manager [-] Deleting neutron.port object s_rally_e9ea14d3_CVKmVx74 (ab1c2450-83fd-40d6-824d-b02be9251855)
2019-07-04 09:44:30.965 22705 RALLYDEBUG rally_openstack.cleanup.manager [-] Deleting neutron.port object s_rally_e9ea14d3_226F9q8x (abf120da-76dc-41ca-a06a-5aed4b2567b9)
2019-07-04 09:44:30.971 22705 RALLYDEBUG rally_openstack.cleanup.manager [-] Deleting neutron.port object s_rally_e9ea14d3_bwU0k4x6 (adeb9f18-574d-4b9c-84b9-a920429fc5f1)
2019-07-04 09:44:31.102 22705 RALLYDEBUG rally_openstack.cleanup.manager [-] Deleting neutron.port object s_rally_e9ea14d3_dyzTRgge (af113ede-178b-4ccd-b14b-7cc49bc871d4)
2019-07-04 09:44:31.466 22705 RALLYDEBUG rally_openstack.cleanup.manager [-] Deleting neutron.port object s_rally_e9ea14d3_xkDcNgR6 (b1cbd0b1-f0fb-472e-8442-c07bbf43aa17)
2019-07-04 09:44:31.466 22705 RALLYDEBUG rally_openstack.cleanup.manager [-] Deleting neutron.port object s_rally_e9ea14d3_RDT0nBJq (b1e72887-489d-4437-8e1f-75de7723b1be)
2019-07-04 09:44:31.473 22705 RALLYDEBUG rally_openstack.cleanup.manager [-] Deleting neutron.port object s_rally_e9ea14d3_v1Hwziac (b258189a-86f2-4747-a198-2731c291cfdd)
2019-07-04 09:44:31.603 22705 RALLYDEBUG rally_openstack.cleanup.manager [-] Deleting neutron.port object s_rally_e9ea14d3_YxhdboKA (b536b543-c0c2-425c-9864-2eec2b987c68)
2019-07-04 09:44:31.710 22705 RALLYDEBUG rally_openstack.cleanup.manager [-] Deleting neutron.port object s_rally_e9ea14d3_UlQ6Jwit (b5de8999-953c-4d26-b63e-06346836d4d4)
2019-07-04 09:44:31.773 22705 RALLYDEBUG rally_openstack.cleanup.manager [-] Deleting neutron.port object s_rally_e9ea14d3_2GGoCIqS (b66214b4-c4bf-4d22-8060-0fdc968ecfe5)
2019-07-04 09:44:31.776 22705 RALLYDEBUG rally_openstack.cleanup.manager [-] Deleting neutron.port object s_rally_e9ea14d3_UWLmyVrk (b76518ea-d680-4a0c-a076-2de2fd6eff77)
2019-07-04 09:44:32.424 22705 RALLYDEBUG rally_openstack.cleanup.manager [-] Deleting neutron.port object s_rally_e9ea14d3_c1xt45xY (b76d71da-c308-4bb5-a11b-61f5870486da)
2019-07-04 09:44:32.652 22705 RALLYDEBUG rally_openstack.cleanup.manager [-] Deleting neutron.port object s_rally_e9ea14d3_iZP5ZnKo (b7a23da4-0b97-4928-a42f-897013dfdfda)
2019-07-04 09:44:33.006 22705 RALLYDEBUG rally_openstack.cleanup.manager [-] Deleting neutron.port object s_rally_e9ea14d3_fy3DisUV (b94c6b74-f7a1-47ed-a9ee-28b96f68ca9e)
2019-07-04 09:44:33.412 22705 RALLYDEBUG rally_openstack.cleanup.manager [-] Deleting neutron.port object s_rally_e9ea14d3_BTNadz8F (b9c440e6-38cd-4409-a50a-3c71ccbcdbe4)
2019-07-04 09:44:33.420 22705 RALLYDEBUG rally_openstack.cleanup.manager [-] Deleting neutron.port object s_rally_e9ea14d3_zZFWCsMP (bd310e22-5641-4265-8d9a-209e4f4d5d35)
2019-07-04 09:44:33.519 22705 RALLYDEBUG rally_openstack.cleanup.manager [-] Deleting neutron.port object s_rally_e9ea14d3_3T8p3yOG (bee30bdd-8bb1-42e3-aec8-729dc18742b4)
2019-07-04 09:44:33.559 22705 RALLYDEBUG rally_openstack.cleanup.manager [-] Deleting neutron.port object s_rally_e9ea14d3_bIopv3dg (c20aa1e3-edb4-41a2-bde6-03ca7e4dbadc)
2019-07-04 09:44:33.619 22705 RALLYDEBUG rally_openstack.cleanup.manager [-] Deleting neutron.port object s_rally_e9ea14d3_NwOESgLt (c24234dd-3336-4a3e-a1b0-aa3860a921d7)
2019-07-04 09:44:33.766 22705 RALLYDEBUG rally_openstack.cleanup.manager [-] Deleting neutron.port object s_rally_e9ea14d3_AF7PJDJc (c602fc69-a4c1-42cd-8e54-88b453b21806)
2019-07-04 09:44:33.858 22705 RALLYDEBUG rally_openstack.cleanup.manager [-] Deleting neutron.port object s_rally_e9ea14d3_ZV5kE48N (c7a68cab-daac-4293-9975-1bbc5805baf4)
2019-07-04 09:44:33.858 22705 RALLYDEBUG rally_openstack.cleanup.manager [-] Deleting neutron.port object s_rally_e9ea14d3_eXeUUZYP (c89fd522-dc80-477c-b260-a2f4a02d7f81)
2019-07-04 09:44:33.965 22705 RALLYDEBUG rally_openstack.cleanup.manager [-] Deleting neutron.port object s_rally_e9ea14d3_Q0Y8UEXK (c91f0abf-5f23-4c8e-a1fc-606881590815)
2019-07-04 09:44:33.985 22705 RALLYDEBUG rally_openstack.cleanup.manager [-] Deleting neutron.port object s_rally_e9ea14d3_NTAFDgi6 (c9321821-24e3-4e6b-bf65-be0992d80e83)
2019-07-04 09:44:34.299 22705 RALLYDEBUG rally_openstack.cleanup.manager [-] Deleting neutron.port object s_rally_e9ea14d3_beXvjjU6 (c947ae25-e71c-4a4f-bed1-06194659f6eb)
2019-07-04 09:44:34.389 22705 RALLYDEBUG rally_openstack.cleanup.manager [-] Deleting neutron.port object s_rally_e9ea14d3_ZUFMWSui (c960b370-0369-4e17-b46e-55e807579547)
2019-07-04 09:44:34.765 22705 RALLYDEBUG rally_openstack.cleanup.manager [-] Deleting neutron.port object s_rally_e9ea14d3_0vZLhuUT (cd9020d4-02bc-4cf8-8aff-24bc543ec537)
2019-07-04 09:44:34.839 22705 RALLYDEBUG rally_openstack.cleanup.manager [-] Deleting neutron.port object s_rally_e9ea14d3_Za1RbeT7 (cdeb3e53-16b7-4294-9585-0982d221e8e4)
2019-07-04 09:44:34.914 22705 RALLYDEBUG rally_openstack.cleanup.manager [-] Deleting neutron.port object s_rally_e9ea14d3_OEq6yoq6 (ce0d4053-5391-4b14-9f8a-90456ecdd16a)
2019-07-04 09:44:35.123 22705 RALLYDEBUG rally_openstack.cleanup.manager [-] Deleting neutron.port object s_rally_e9ea14d3_6EvzgPpM (cf66f8b6-0db5-4f6e-9d91-78436c0ddb4c)
2019-07-04 09:44:35.288 22705 RALLYDEBUG rally_openstack.cleanup.manager [-] Deleting neutron.port object s_rally_e9ea14d3_xQKHxHqw (cf77c08b-7213-417d-ab75-28154014d320)
2019-07-04 09:44:35.402 22705 RALLYDEBUG rally_openstack.cleanup.manager [-] Deleting neutron.port object s_rally_e9ea14d3_BrPLiA18 (cfb6f76c-04cc-4227-9a4c-550e47ea8595)
2019-07-04 09:44:35.402 22705 RALLYDEBUG rally_openstack.cleanup.manager [-] Deleting neutron.port object s_rally_e9ea14d3_F4gSdZgy (d3e9eebc-43aa-465d-bd73-516caea5219b)
2019-07-04 09:44:35.419 22705 RALLYDEBUG rally_openstack.cleanup.manager [-] Deleting neutron.port object s_rally_e9ea14d3_WEEosSld (d4174b14-ec90-4197-9cd6-ac4405afe243)
2019-07-04 09:44:36.152 22705 RALLYDEBUG rally_openstack.cleanup.manager [-] Deleting neutron.port object s_rally_e9ea14d3_YGASmJTf (d4dffb15-53f4-4ba5-8108-18d969929bf4)
2019-07-04 09:44:36.380 22705 RALLYDEBUG rally_openstack.cleanup.manager [-] Deleting neutron.port object s_rally_e9ea14d3_pGzDGAle (d515a2aa-0acf-470f-bc59-436f88e7fd1f)
2019-07-04 09:44:36.467 22705 RALLYDEBUG rally_openstack.cleanup.manager [-] Deleting neutron.port object s_rally_e9ea14d3_78XHN9Dm (d6225886-6fc6-4f1a-a9a2-2471aba3b274)
2019-07-04 09:44:36.587 22705 RALLYDEBUG rally_openstack.cleanup.manager [-] Deleting neutron.port object s_rally_e9ea14d3_dMJePnzc (d778d072-4cf3-4e20-9ad7-8823aa8ab55f)
2019-07-04 09:44:36.605 22705 RALLYDEBUG rally_openstack.cleanup.manager [-] Deleting neutron.port object s_rally_e9ea14d3_KWIpU8dv (db585fc8-426d-4bdf-967d-7909033aa876)
2019-07-04 09:44:36.735 22705 RALLYDEBUG rally_openstack.cleanup.manager [-] Deleting neutron.port object s_rally_e9ea14d3_9TuGULEp (de620792-6c04-43fe-bf75-c3ebcc5d1810)
2019-07-04 09:44:36.757 22705 RALLYDEBUG rally_openstack.cleanup.manager [-] Deleting neutron.port object s_rally_e9ea14d3_KB3gifnd (de836ff8-a9d9-4ca6-b1cb-c8c631f41b14)
2019-07-04 09:44:36.952 22705 RALLYDEBUG rally_openstack.cleanup.manager [-] Deleting neutron.port object s_rally_e9ea14d3_Sh8jD5no (e38f1a6d-fe74-4079-9c65-7a48f272682e)
2019-07-04 09:44:37.124 22705 RALLYDEBUG rally_openstack.cleanup.manager [-] Deleting neutron.port object s_rally_e9ea14d3_ycJ9jC0j (e3e0e5be-a85a-4fef-a3f9-8d4fd96a6d08)
2019-07-04 09:44:37.202 22705 RALLYDEBUG rally_openstack.cleanup.manager [-] Deleting neutron.port object s_rally_e9ea14d3_9bv91L8x (e46e4d40-18a8-4234-8fc9-465a23f64df1)
2019-07-04 09:44:37.209 22705 RALLYDEBUG rally_openstack.cleanup.manager [-] Deleting neutron.port object s_rally_e9ea14d3_TK2o3kwF (e7c0728c-0b63-466f-abcc-d7fe3d0d3470)
2019-07-04 09:44:37.283 22705 RALLYDEBUG rally_openstack.cleanup.manager [-] Deleting neutron.port object s_rally_e9ea14d3_UANxDHlm (e89b04f2-6d0c-40ba-9bb6-c3482cbf5c59)
2019-07-04 09:44:37.326 22705 RALLYDEBUG rally_openstack.cleanup.manager [-] Deleting neutron.port object s_rally_e9ea14d3_Us9NiTXx (e935039a-45d4-4409-8620-39918e5b9448)
2019-07-04 09:44:37.856 22705 RALLYDEBUG rally_openstack.cleanup.manager [-] Deleting neutron.port object s_rally_e9ea14d3_mbIlB8K9 (eaf07dbf-4eef-4682-97c3-5059ed6be67a)
2019-07-04 09:44:37.872 22705 RALLYDEBUG rally_openstack.cleanup.manager [-] Deleting neutron.port object s_rally_e9ea14d3_drinMlPH (eb6d173e-b81d-4105-a8b6-17cb7120a2e5)
2019-07-04 09:44:37.958 22705 RALLYDEBUG rally_openstack.cleanup.manager [-] Deleting neutron.port object s_rally_e9ea14d3_07EFjUOk (ed810fcb-eba7-4059-bbc7-f75176df19e9)
2019-07-04 09:44:37.966 22705 RALLYDEBUG rally_openstack.cleanup.manager [-] Deleting neutron.port object s_rally_e9ea14d3_e9wXeQLR (eda5cd0c-0e62-411a-bbc5-b4e12412aad4)
2019-07-04 09:44:39.143 22705 RALLYDEBUG rally_openstack.cleanup.manager [-] Deleting neutron.port object s_rally_e9ea14d3_DieWgYkL (ee268ea2-2de0-4eaf-ac12-3532a308d1aa)
2019-07-04 09:44:39.217 22705 RALLYDEBUG rally_openstack.cleanup.manager [-] Deleting neutron.port object s_rally_e9ea14d3_nLqjooiq (ef5517f4-0ab5-4c94-a847-8e1a9ef5103a)
2019-07-04 09:44:39.221 22705 RALLYDEBUG rally_openstack.cleanup.manager [-] Deleting neutron.port object s_rally_e9ea14d3_BuXiYZtl (f042aefc-9321-40e0-9bbb-971d3749b4d6)
2019-07-04 09:44:39.231 22705 RALLYDEBUG rally_openstack.cleanup.manager [-] Deleting neutron.port object s_rally_e9ea14d3_z9cbWLKC (f094d3a4-03c2-4774-b9ef-a58eff94dcc7)
2019-07-04 09:44:39.291 22705 RALLYDEBUG rally_openstack.cleanup.manager [-] Deleting neutron.port object s_rally_e9ea14d3_XIzVDrZK (f18ce5a3-26ed-412f-ae5a-219baf460ce0)
2019-07-04 09:44:39.361 22705 RALLYDEBUG rally_openstack.cleanup.manager [-] Deleting neutron.port object s_rally_e9ea14d3_ptYUi43c (f21792c5-1899-400a-885c-cbd669dc9726)
2019-07-04 09:44:39.531 22705 RALLYDEBUG rally_openstack.cleanup.manager [-] Deleting neutron.port object s_rally_e9ea14d3_cqsVXdVP (f27d3e87-e993-4b96-9142-2a05f1fcdd98)
2019-07-04 09:44:39.656 22705 RALLYDEBUG rally_openstack.cleanup.manager [-] Deleting neutron.port object s_rally_e9ea14d3_TXfOWLoU (f354ead0-e352-4972-9574-f7b2627abcbd)
2019-07-04 09:44:39.813 22705 RALLYDEBUG rally_openstack.cleanup.manager [-] Deleting neutron.port object s_rally_e9ea14d3_2XRd4c4Z (f3d47b3f-83ef-4da6-bccc-5231b6318ad2)
2019-07-04 09:44:39.896 22705 RALLYDEBUG rally_openstack.cleanup.manager [-] Deleting neutron.port object s_rally_e9ea14d3_WFGXZl2z (f437fed4-601c-4dad-a982-9003174112fb)
2019-07-04 09:44:39.944 22705 RALLYDEBUG rally_openstack.cleanup.manager [-] Deleting neutron.port object s_rally_e9ea14d3_03BwSMEA (f65bc89a-74b0-4fe0-ae25-573d4de1e7b5)
2019-07-04 09:44:40.057 22705 RALLYDEBUG rally_openstack.cleanup.manager [-] Deleting neutron.port object s_rally_e9ea14d3_a0ikaFbY (f6d87b5b-b364-4679-9e5f-32e05f125896)
2019-07-04 09:44:40.199 22705 RALLYDEBUG rally_openstack.cleanup.manager [-] Deleting neutron.port object s_rally_e9ea14d3_fMMkibNw (f7a9ea49-8df1-43e9-8f39-ce9199d0015e)
2019-07-04 09:44:40.247 22705 RALLYDEBUG rally_openstack.cleanup.manager [-] Deleting neutron.port object s_rally_e9ea14d3_2Fjfd6kG (f951a056-dd79-4522-8bcf-68fe2b89f7ed)
2019-07-04 09:44:40.884 22705 RALLYDEBUG rally_openstack.cleanup.manager [-] Deleting neutron.port object s_rally_e9ea14d3_O49YGLlD (fc840f7f-086c-4b74-ba9b-629b2fc62d54)
2019-07-04 09:44:40.934 22705 RALLYDEBUG rally_openstack.cleanup.manager [-] Deleting neutron.port object s_rally_e9ea14d3_zdzFWp9f (fe3b5e1a-b3b9-4b1b-ba98-10d1165a2369)
2019-07-04 09:44:41.094 22705 RALLYDEBUG rally_openstack.cleanup.manager [-] Deleting neutron.port object s_rally_e9ea14d3_AAaIhEQX (fe5f2d21-ebea-482f-a40f-226b8602923d)
2019-07-04 09:44:41.424 22705 RALLYDEBUG rally_openstack.cleanup.manager [-] Deleting neutron.port object s_rally_e9ea14d3_dEBsPPip (ff1e6860-bedc-46df-94fe-ebb9709560b2)
2019-07-04 09:44:43.765 22705 RALLYDEBUG rally_openstack.cleanup.manager [-] Cleaning up neutron subnet objects
2019-07-04 09:44:44.415 22705 RALLYDEBUG rally_openstack.cleanup.manager [-] Cleaning up neutron network objects
2019-07-04 09:44:45.705 22705 RALLYDEBUG rally_openstack.cleanup.manager [-] Deleting neutron.network object s_rally_e9ea14d3_pHQiOPcY (03385adf-aa24-4f84-8567-af7a246c47b0)
2019-07-04 09:44:45.711 22705 RALLYDEBUG rally_openstack.cleanup.manager [-] Deleting neutron.network object s_rally_e9ea14d3_klTpCxPn (03b4536a-6601-4206-aa93-6494c294db86)
2019-07-04 09:44:45.720 22705 RALLYDEBUG rally_openstack.cleanup.manager [-] Deleting neutron.network object s_rally_e9ea14d3_xboHvC8W (08e75d5d-99a0-4897-86ef-b057382046eb)
2019-07-04 09:44:45.726 22705 RALLYDEBUG rally_openstack.cleanup.manager [-] Deleting neutron.network object s_rally_e9ea14d3_hAcVtBdi (1bdcdc82-3973-4df0-9d85-08a84b4856fa)
2019-07-04 09:44:45.740 22705 RALLYDEBUG rally_openstack.cleanup.manager [-] Deleting neutron.network object s_rally_e9ea14d3_ZeKnMJ3Q (1e296e18-e737-4622-97cb-b4390f76a1fd)
2019-07-04 09:44:45.743 22705 RALLYDEBUG rally_openstack.cleanup.manager [-] Deleting neutron.network object s_rally_e9ea14d3_txpS7v8P (1c2265ad-e84d-4837-ba28-456f5b54e5ae)
2019-07-04 09:44:45.755 22705 RALLYDEBUG rally_openstack.cleanup.manager [-] Deleting neutron.network object s_rally_e9ea14d3_3Jjay0Pd (280cf030-daff-4c59-81f1-7fd5d1852149)
2019-07-04 09:44:45.764 22705 RALLYDEBUG rally_openstack.cleanup.manager [-] Deleting neutron.network object s_rally_e9ea14d3_iIRW6kVD (2a2d3bb0-cc0e-4a04-a6fc-44bc07bf9e38)
2019-07-04 09:44:45.780 22705 RALLYDEBUG rally_openstack.cleanup.manager [-] Deleting neutron.network object s_rally_e9ea14d3_uu6ipS7k (2cff84d4-0d5a-4e06-b030-8a83d766551f)
2019-07-04 09:44:45.786 22705 RALLYDEBUG rally_openstack.cleanup.manager [-] Deleting neutron.network object s_rally_e9ea14d3_LAeO1OaW (2e4d6101-3e6c-449e-ab51-200b87967016)
2019-07-04 09:44:45.807 22705 RALLYDEBUG rally_openstack.cleanup.manager [-] Deleting neutron.network object s_rally_e9ea14d3_EqbWf4kP (323c0f2d-8f56-472c-a8b7-326dd56b0917)
2019-07-04 09:44:45.815 22705 RALLYDEBUG rally_openstack.cleanup.manager [-] Deleting neutron.network object s_rally_e9ea14d3_1IboHcM0 (38d559c3-0cd6-494e-bf95-746acd53fbae)
2019-07-04 09:44:45.835 22705 RALLYDEBUG rally_openstack.cleanup.manager [-] Deleting neutron.network object s_rally_e9ea14d3_ydqCg36z (39fc60e9-43e0-4ebc-864d-0364e5386848)
2019-07-04 09:44:45.846 22705 RALLYDEBUG rally_openstack.cleanup.manager [-] Deleting neutron.network object s_rally_e9ea14d3_GZwz6OuY (3b537819-865a-497e-b3d7-d309e4569da7)
2019-07-04 09:44:45.869 22705 RALLYDEBUG rally_openstack.cleanup.manager [-] Deleting neutron.network object s_rally_e9ea14d3_cYR1X4OB (3c2f34d1-bf2e-446d-8386-9c2a6415208e)
2019-07-04 09:44:45.873 22705 RALLYDEBUG rally_openstack.cleanup.manager [-] Deleting neutron.network object s_rally_e9ea14d3_N36xm1BI (3ee1e2e8-fd2a-4e5a-9e32-d96acfe3fece)
2019-07-04 09:44:45.879 22705 RALLYDEBUG rally_openstack.cleanup.manager [-] Deleting neutron.network object s_rally_e9ea14d3_GcWHqxFH (5849cb5b-bb91-48c7-a962-ad576e5b87e2)
2019-07-04 09:44:45.900 22705 RALLYDEBUG rally_openstack.cleanup.manager [-] Deleting neutron.network object s_rally_e9ea14d3_VRLSeNVA (61363d04-c0a0-46e7-8ff1-4a0b43a40c6a)
2019-07-04 09:44:45.914 22705 RALLYDEBUG rally_openstack.cleanup.manager [-] Deleting neutron.network object s_rally_e9ea14d3_Rhb0B76e (695b835b-0b74-440d-8c42-58bc950a1e05)
2019-07-04 09:44:45.931 22705 RALLYDEBUG rally_openstack.cleanup.manager [-] Deleting neutron.network object s_rally_e9ea14d3_Ex8zSDHC (7626026d-c61f-49fa-8310-936b8a62facf)
2019-07-04 09:44:49.139 22705 RALLYDEBUG rally_openstack.cleanup.manager [-] Deleting neutron.network object s_rally_e9ea14d3_FssocCOa (7ac23463-1b16-4213-b0f2-81e4ed67dd08)
2019-07-04 09:44:49.473 22705 RALLYDEBUG rally_openstack.cleanup.manager [-] Deleting neutron.network object s_rally_e9ea14d3_gfamY22J (84ea7284-886e-4226-9bca-ced347a99812)
2019-07-04 09:44:49.518 22705 RALLYDEBUG rally_openstack.cleanup.manager [-] Deleting neutron.network object s_rally_e9ea14d3_JP6ZXxpm (869ca10f-c9e5-4520-bcb5-78e33c30b40b)
2019-07-04 09:44:49.554 22705 RALLYDEBUG rally_openstack.cleanup.manager [-] Deleting neutron.network object s_rally_e9ea14d3_HDHPFvr0 (8db87390-e424-4881-821c-13cd7cae0a54)
2019-07-04 09:44:49.695 22705 RALLYDEBUG rally_openstack.cleanup.manager [-] Deleting neutron.network object s_rally_e9ea14d3_jP0ROjI9 (8dc744ef-d9db-4679-92e8-bba3a55e64be)
2019-07-04 09:44:50.081 22705 RALLYDEBUG rally_openstack.cleanup.manager [-] Deleting neutron.network object s_rally_e9ea14d3_d0N9l8cv (93a2874d-62c8-4395-a81e-c1d8b093db44)
2019-07-04 09:44:50.544 22705 RALLYDEBUG rally_openstack.cleanup.manager [-] Deleting neutron.network object s_rally_e9ea14d3_dMtVthdE (98fc155c-cbaf-4a0e-8aeb-b31d885accd0)
2019-07-04 09:44:50.550 22705 RALLYDEBUG rally_openstack.cleanup.manager [-] Deleting neutron.network object s_rally_e9ea14d3_q3vPQ2JY (aad949f0-311f-4a2a-946f-df572d3782e7)
2019-07-04 09:44:50.625 22705 RALLYDEBUG rally_openstack.cleanup.manager [-] Deleting neutron.network object s_rally_e9ea14d3_lAH1ixqU (b3d1fdea-d101-4df2-b573-8b3e0c8da457)
2019-07-04 09:44:50.643 22705 RALLYDEBUG rally_openstack.cleanup.manager [-] Deleting neutron.network object s_rally_e9ea14d3_qMAPZdHA (b6331363-41fe-4a34-9ab4-11f4cfb8f460)
2019-07-04 09:44:50.682 22705 RALLYDEBUG rally_openstack.cleanup.manager [-] Deleting neutron.network object s_rally_e9ea14d3_zLLX1nPT (bae81f9b-02c0-4d27-a98a-f0059ffd54ee)
2019-07-04 09:44:50.978 22705 RALLYDEBUG rally_openstack.cleanup.manager [-] Deleting neutron.network object s_rally_e9ea14d3_DosOrvQ3 (bde1338c-5ea2-49de-878b-96d59e0b2628)
2019-07-04 09:44:51.110 22705 RALLYDEBUG rally_openstack.cleanup.manager [-] Deleting neutron.network object s_rally_e9ea14d3_UTCAPnOt (ca0a4662-0a96-442b-b038-4789954569a8)
2019-07-04 09:44:51.116 22705 RALLYDEBUG rally_openstack.cleanup.manager [-] Deleting neutron.network object s_rally_e9ea14d3_IKMh7DWE (ce78293b-ed8e-4417-88b4-21a6c9cd121e)
2019-07-04 09:44:51.150 22705 RALLYDEBUG rally_openstack.cleanup.manager [-] Deleting neutron.network object s_rally_e9ea14d3_COju9Zes (d7fdadfe-5a72-41f2-a95b-e0ccb64108d2)
2019-07-04 09:44:51.169 22705 RALLYDEBUG rally_openstack.cleanup.manager [-] Deleting neutron.network object s_rally_e9ea14d3_lWQGRoEi (e5acc1ac-ea14-4d3a-8ab8-59b586b8190f)
2019-07-04 09:44:51.257 22705 RALLYDEBUG rally_openstack.cleanup.manager [-] Deleting neutron.network object s_rally_e9ea14d3_SN469FaB (e73d1a03-a785-420a-977d-78e1105f556e)
2019-07-04 09:44:51.314 22705 RALLYDEBUG rally_openstack.cleanup.manager [-] Deleting neutron.network object s_rally_e9ea14d3_UOsX7eA7 (eea9746f-6432-45e2-8455-b56354675dc9)
2019-07-04 09:44:51.321 22705 RALLYDEBUG rally_openstack.cleanup.manager [-] Deleting neutron.network object s_rally_e9ea14d3_dhnR3TQ0 (f2bfd5c7-ff67-4465-8bc3-51ddb2d1c5d8)
2019-07-04 09:44:51.322 22705 RALLYDEBUG rally_openstack.cleanup.manager [-] Deleting neutron.network object s_rally_e9ea14d3_2ig7BUQl (e9f71d39-d45e-4790-b8c6-fb64393a9595)
2019-07-04 09:44:56.411 22705 RALLYDEBUG rally_openstack.cleanup.manager [-] Cleaning up neutron router objects
2019-07-04 09:44:57.080 22705 RALLYDEBUG rally_openstack.cleanup.manager [-] Cleaning up neutron security_group objects
2019-07-04 09:44:57.728 22705 INFO rally.task.context [-] Task 49ffcdec-9945-4c82-ac3e-0d838f7ae0b7 | Context cleanup@openstack cleanup() finished in 52.58 sec
2019-07-04 09:44:57.729 22705 INFO rally.task.context [-] Task 49ffcdec-9945-4c82-ac3e-0d838f7ae0b7 | Context quotas@openstack cleanup() started
2019-07-04 09:44:57.946 22705 INFO rally.task.context [-] Task 49ffcdec-9945-4c82-ac3e-0d838f7ae0b7 | Context quotas@openstack cleanup() finished in 0.22 sec
2019-07-04 09:44:57.947 22705 INFO rally.task.context [-] Task 49ffcdec-9945-4c82-ac3e-0d838f7ae0b7 | Context users@openstack cleanup() started
2019-07-04 09:45:02.336 22705 INFO rally.task.context [-] Task 49ffcdec-9945-4c82-ac3e-0d838f7ae0b7 | Context users@openstack cleanup() finished in 4.39 sec
2019-07-04 09:45:02.731 22705 INFO rally.task.engine [-] Load duration is: 39.93501
2019-07-04 09:45:02.731 22705 INFO rally.task.engine [-] Full runner duration is: 39.982675
2019-07-04 09:45:02.731 22705 INFO rally.task.engine [-] Full duration is: 102.082796
2019-07-04 09:45:02.904 22705 INFO rally.task.engine [-] Running workload: position = 2 config = { "version": 2, "title": "A cropped version of a bigger task.", "description": "Auto-generated task from a single workload (uuid=55b9f66d-6c93-403c-9f64-cf5d002e96c6)", "subtasks": [ { "title": "NeutronNetworks.create_and_delete_ports", "description": "Create and delete a port.", "scenario": { "NeutronNetworks.create_and_delete_ports": { "network_create_args": {}, "port_create_args": {}, "ports_per_network": 5 } }, "contexts": { "users": { "tenants": 1, "users_per_tenant": 1 }, "quotas": { "neutron": { "network": -1, "port": -1 } } }, "runner": { "constant": { "times": 40, "concurrency": 20 } }, "hooks": [], "sla": { "failure_rate": { "max": 0 } } } ] }
2019-07-04 09:45:02.926 22705 RALLYDEBUG rally_openstack.contexts.keystone.users [-] Creating 1 tenants using 20 threads
2019-07-04 09:45:04.711 22705 RALLYDEBUG rally_openstack.contexts.keystone.users [-] Creating 1 users using 20 threads
2019-07-04 09:45:07.260 22705 INFO rally.task.context [-] Task 49ffcdec-9945-4c82-ac3e-0d838f7ae0b7 | Context users@openstack setup() finished in 4.33 sec
2019-07-04 09:45:08.006 22705 INFO rally.task.context [-] Task 49ffcdec-9945-4c82-ac3e-0d838f7ae0b7 | Context quotas@openstack setup() finished in 0.74 sec
2019-07-04 09:45:08.006 22705 INFO rally.task.context [-] Task 49ffcdec-9945-4c82-ac3e-0d838f7ae0b7 | Context cleanup@openstack setup() finished in 0.01 msec
2019-07-04 09:45:08.014 22705 RALLYDEBUG rally.task.runner [-] Starting the constant runner (task UUID: 49ffcdec-9945-4c82-ac3e-0d838f7ae0b7). timeout: 0 concurrency: 20 concurrency_per_worker: 1 times: 40 concurrency_overhead: 4 processes_to_start: 16 max_cpu_used: 16
2019-07-04 09:45:08.027 26951 RALLYDEBUG rally.task.runner [-] Starting a worker. concurrency: 2 args: {"network_create_args": {}, "port_create_args": {}, "ports_per_network": 5} times: 40 method_name: run timeout: 0 duration: None cls:
2019-07-04 09:45:08.029 26952 RALLYDEBUG rally.task.runner [-] Starting a worker. concurrency: 2 args: {"network_create_args": {}, "port_create_args": {}, "ports_per_network": 5} times: 40 method_name: run timeout: 0 duration: None cls:
2019-07-04 09:45:08.032 26953 RALLYDEBUG rally.task.runner [-] Starting a worker. concurrency: 2 args: {"network_create_args": {}, "port_create_args": {}, "ports_per_network": 5} times: 40 method_name: run timeout: 0 duration: None cls:
2019-07-04 09:45:08.035 26954 RALLYDEBUG rally.task.runner [-] Starting a worker. concurrency: 2 args: {"network_create_args": {}, "port_create_args": {}, "ports_per_network": 5} times: 40 method_name: run timeout: 0 duration: None cls:
2019-07-04 09:45:08.036 26952 INFO rally.task.runner [-] Task 49ffcdec-9945-4c82-ac3e-0d838f7ae0b7 | ITER: 2 START
2019-07-04 09:45:08.037 26951 INFO rally.task.runner [-] Task 49ffcdec-9945-4c82-ac3e-0d838f7ae0b7 | ITER: 1 START
2019-07-04 09:45:08.038 26952 WARNING rally_openstack.scenarios.neutron.utils [-] Running this scenario without either the 'network' or 'existing_network' context is deprecated
2019-07-04 09:45:08.039 26955 RALLYDEBUG rally.task.runner [-] Starting a worker. concurrency: 1 args: {"network_create_args": {}, "port_create_args": {}, "ports_per_network": 5} times: 40 method_name: run timeout: 0 duration: None cls:
2019-07-04 09:45:08.039 26951 WARNING rally_openstack.scenarios.neutron.utils [-] Running this scenario without either the 'network' or 'existing_network' context is deprecated
2019-07-04 09:45:08.041 26951 INFO rally.task.runner [-] Task 49ffcdec-9945-4c82-ac3e-0d838f7ae0b7 | ITER: 3 START
2019-07-04 09:45:08.041 26953 INFO rally.task.runner [-] Task 49ffcdec-9945-4c82-ac3e-0d838f7ae0b7 | ITER: 4 START
2019-07-04 09:45:08.041 26959 RALLYDEBUG rally.task.runner [-] Starting a worker. concurrency: 1 args: {"network_create_args": {}, "port_create_args": {}, "ports_per_network": 5} times: 40 method_name: run timeout: 0 duration: None cls:
2019-07-04 09:45:08.041 26953 INFO rally.task.runner [-] Task 49ffcdec-9945-4c82-ac3e-0d838f7ae0b7 | ITER: 7 START
2019-07-04 09:45:08.043 26953 WARNING rally_openstack.scenarios.neutron.utils [-] Running this scenario without either the 'network' or 'existing_network' context is deprecated
2019-07-04 09:45:08.044 26953 WARNING rally_openstack.scenarios.neutron.utils [-] Running this scenario without either the 'network' or 'existing_network' context is deprecated
2019-07-04 09:45:08.045 26955 INFO rally.task.runner [-] Task 49ffcdec-9945-4c82-ac3e-0d838f7ae0b7 | ITER: 9 START
2019-07-04 09:45:08.045 26954 INFO rally.task.runner [-] Task 49ffcdec-9945-4c82-ac3e-0d838f7ae0b7 | ITER: 6 START
2019-07-04 09:45:08.046 26963 RALLYDEBUG rally.task.runner [-] Starting a worker. concurrency: 1 args: {"network_create_args": {}, "port_create_args": {}, "ports_per_network": 5} times: 40 method_name: run timeout: 0 duration: None cls:
2019-07-04 09:45:08.047 26955 WARNING rally_openstack.scenarios.neutron.utils [-] Running this scenario without either the 'network' or 'existing_network' context is deprecated
2019-07-04 09:45:08.047 26959 INFO rally.task.runner [-] Task 49ffcdec-9945-4c82-ac3e-0d838f7ae0b7 | ITER: 10 START
2019-07-04 09:45:08.046 26954 INFO rally.task.runner [-] Task 49ffcdec-9945-4c82-ac3e-0d838f7ae0b7 | ITER: 8 START
2019-07-04 09:45:08.048 26959 WARNING rally_openstack.scenarios.neutron.utils [-] Running this scenario without either the 'network' or 'existing_network' context is deprecated
2019-07-04 09:45:08.048 26954 WARNING rally_openstack.scenarios.neutron.utils [-] Running this scenario without either the 'network' or 'existing_network' context is deprecated
2019-07-04 09:45:08.048 26954 WARNING rally_openstack.scenarios.neutron.utils [-] Running this scenario without either the 'network' or 'existing_network' context is deprecated
2019-07-04 09:45:08.046 26952 INFO rally.task.runner [-] Task 49ffcdec-9945-4c82-ac3e-0d838f7ae0b7 | ITER: 5 START
2019-07-04 09:45:08.042 26951 WARNING rally_openstack.scenarios.neutron.utils [-] Running this scenario without either the 'network' or 'existing_network' context is deprecated
2019-07-04 09:45:08.051 26952 WARNING rally_openstack.scenarios.neutron.utils [-] Running this scenario without either the 'network' or 'existing_network' context is deprecated
2019-07-04 09:45:08.052 26963 INFO rally.task.runner [-] Task 49ffcdec-9945-4c82-ac3e-0d838f7ae0b7 | ITER: 11 START
2019-07-04 09:45:08.054 26963 WARNING rally_openstack.scenarios.neutron.utils [-] Running this scenario without either the 'network' or 'existing_network' context is deprecated
2019-07-04 09:45:08.054 26972 RALLYDEBUG rally.task.runner [-] Starting a worker. concurrency: 1 args: {"network_create_args": {}, "port_create_args": {}, "ports_per_network": 5} times: 40 method_name: run timeout: 0 duration: None cls:
2019-07-04 09:45:08.060 26977 RALLYDEBUG rally.task.runner [-] Starting a worker. concurrency: 1 args: {"network_create_args": {}, "port_create_args": {}, "ports_per_network": 5} times: 40 method_name: run timeout: 0 duration: None cls:
2019-07-04 09:45:08.061 26972 INFO rally.task.runner [-] Task 49ffcdec-9945-4c82-ac3e-0d838f7ae0b7 | ITER: 12 START
2019-07-04 09:45:08.067 26972 WARNING rally_openstack.scenarios.neutron.utils [-] Running this scenario without either the 'network' or 'existing_network' context is deprecated
2019-07-04 09:45:08.066 26977 INFO rally.task.runner [-] Task 49ffcdec-9945-4c82-ac3e-0d838f7ae0b7 | ITER: 13 START
2019-07-04 09:45:08.068 26977 WARNING rally_openstack.scenarios.neutron.utils [-] Running this scenario without either the 'network' or 'existing_network' context is deprecated
2019-07-04 09:45:08.068 26980 RALLYDEBUG rally.task.runner [-] Starting a worker. concurrency: 1 args: {"network_create_args": {}, "port_create_args": {}, "ports_per_network": 5} times: 40 method_name: run timeout: 0 duration: None cls:
2019-07-04 09:45:08.075 26980 INFO rally.task.runner [-] Task 49ffcdec-9945-4c82-ac3e-0d838f7ae0b7 | ITER: 14 START
2019-07-04 09:45:08.077 26980 WARNING rally_openstack.scenarios.neutron.utils [-] Running this scenario without either the 'network' or 'existing_network' context is deprecated
2019-07-04 09:45:08.077 26983 RALLYDEBUG rally.task.runner [-] Starting a worker. concurrency: 1 args: {"network_create_args": {}, "port_create_args": {}, "ports_per_network": 5} times: 40 method_name: run timeout: 0 duration: None cls:
2019-07-04 09:45:08.079 26984 RALLYDEBUG rally.task.runner [-] Starting a worker. concurrency: 1 args: {"network_create_args": {}, "port_create_args": {}, "ports_per_network": 5} times: 40 method_name: run timeout: 0 duration: None cls:
2019-07-04 09:45:08.084 26983 INFO rally.task.runner [-] Task 49ffcdec-9945-4c82-ac3e-0d838f7ae0b7 | ITER: 15 START
2019-07-04 09:45:08.086 26983 WARNING rally_openstack.scenarios.neutron.utils [-] Running this scenario without either the 'network' or 'existing_network' context is deprecated
2019-07-04 09:45:08.086 26984 INFO rally.task.runner [-] Task 49ffcdec-9945-4c82-ac3e-0d838f7ae0b7 | ITER: 16 START
2019-07-04 09:45:08.087 26987 RALLYDEBUG rally.task.runner [-] Starting a worker. concurrency: 1 args: {"network_create_args": {}, "port_create_args": {}, "ports_per_network": 5} times: 40 method_name: run timeout: 0 duration: None cls:
2019-07-04 09:45:08.087 26984 WARNING rally_openstack.scenarios.neutron.utils [-] Running this scenario without either the 'network' or 'existing_network' context is deprecated
2019-07-04 09:45:08.092 26987 INFO rally.task.runner [-] Task 49ffcdec-9945-4c82-ac3e-0d838f7ae0b7 | ITER: 17 START
2019-07-04 09:45:08.092 26992 RALLYDEBUG rally.task.runner [-] Starting a worker. concurrency: 1 args: {"network_create_args": {}, "port_create_args": {}, "ports_per_network": 5} times: 40 method_name: run timeout: 0 duration: None cls:
2019-07-04 09:45:08.093 26987 WARNING rally_openstack.scenarios.neutron.utils [-] Running this scenario without either the 'network' or 'existing_network' context is deprecated
2019-07-04 09:45:08.098 26992 INFO rally.task.runner [-] Task 49ffcdec-9945-4c82-ac3e-0d838f7ae0b7 | ITER: 18 START
2019-07-04 09:45:08.099 26992 WARNING rally_openstack.scenarios.neutron.utils [-] Running this scenario without either the 'network' or 'existing_network' context is deprecated
2019-07-04 09:45:08.101 26995 RALLYDEBUG rally.task.runner [-] Starting a worker. concurrency: 1 args: {"network_create_args": {}, "port_create_args": {}, "ports_per_network": 5} times: 40 method_name: run timeout: 0 duration: None cls:
2019-07-04 09:45:08.105 26995 INFO rally.task.runner [-] Task 49ffcdec-9945-4c82-ac3e-0d838f7ae0b7 | ITER: 19 START
2019-07-04 09:45:08.105 26998 RALLYDEBUG rally.task.runner [-] Starting a worker. concurrency: 1 args: {"network_create_args": {}, "port_create_args": {}, "ports_per_network": 5} times: 40 method_name: run timeout: 0 duration: None cls:
2019-07-04 09:45:08.106 26995 WARNING rally_openstack.scenarios.neutron.utils [-] Running this scenario without either the 'network' or 'existing_network' context is deprecated
2019-07-04 09:45:08.109 26998 INFO rally.task.runner [-] Task 49ffcdec-9945-4c82-ac3e-0d838f7ae0b7 | ITER: 20 START
2019-07-04 09:45:08.110 26998 WARNING rally_openstack.scenarios.neutron.utils [-] Running this scenario without either the 'network' or 'existing_network' context is deprecated
2019-07-04 09:45:17.451 26959 INFO rally.task.runner [-] Task 49ffcdec-9945-4c82-ac3e-0d838f7ae0b7 | ITER: 10 END: OK
2019-07-04 09:45:17.456 26959 INFO rally.task.runner [-] Task 49ffcdec-9945-4c82-ac3e-0d838f7ae0b7 | ITER: 21 START
2019-07-04 09:45:17.456 26959 WARNING rally_openstack.scenarios.neutron.utils [-] Running this scenario without either the 'network' or 'existing_network' context is deprecated
2019-07-04 09:45:18.791 26980 INFO rally.task.runner [-] Task 49ffcdec-9945-4c82-ac3e-0d838f7ae0b7 | ITER: 14 END: OK
2019-07-04 09:45:18.796 26980 INFO rally.task.runner [-] Task 49ffcdec-9945-4c82-ac3e-0d838f7ae0b7 | ITER: 22 START
2019-07-04 09:45:18.796 26980 WARNING rally_openstack.scenarios.neutron.utils [-] Running this scenario without either the 'network' or 'existing_network' context is deprecated
2019-07-04 09:45:19.348 26983 INFO rally.task.runner [-] Task 49ffcdec-9945-4c82-ac3e-0d838f7ae0b7 | ITER: 15 END: OK
2019-07-04 09:45:19.352 26983 INFO rally.task.runner [-] Task 49ffcdec-9945-4c82-ac3e-0d838f7ae0b7 | ITER: 23 START
2019-07-04 09:45:19.353 26983 WARNING rally_openstack.scenarios.neutron.utils [-] Running this scenario without either the 'network' or 'existing_network' context is deprecated
2019-07-04 09:45:23.537 26963 INFO rally.task.runner [-] Task 49ffcdec-9945-4c82-ac3e-0d838f7ae0b7 | ITER: 11 END: OK
2019-07-04 09:45:23.541 26963 INFO rally.task.runner [-] Task 49ffcdec-9945-4c82-ac3e-0d838f7ae0b7 | ITER: 24 START
2019-07-04 09:45:23.542 26963 WARNING rally_openstack.scenarios.neutron.utils [-] Running this scenario without either the 'network' or 'existing_network' context is deprecated
2019-07-04 09:45:23.747 26987 INFO rally.task.runner [-] Task 49ffcdec-9945-4c82-ac3e-0d838f7ae0b7 | ITER: 17 END: OK
2019-07-04 09:45:23.751 26987 INFO rally.task.runner [-] Task 49ffcdec-9945-4c82-ac3e-0d838f7ae0b7 | ITER: 25 START
2019-07-04 09:45:23.751 26987 WARNING rally_openstack.scenarios.neutron.utils [-] Running this scenario without either the 'network' or 'existing_network' context is deprecated
2019-07-04 09:45:26.573 26954 INFO rally.task.runner [-] Task 49ffcdec-9945-4c82-ac3e-0d838f7ae0b7 | ITER: 8 END: OK
2019-07-04 09:45:26.578 26954 INFO rally.task.runner [-] Task 49ffcdec-9945-4c82-ac3e-0d838f7ae0b7 | ITER: 26 START
2019-07-04 09:45:26.578 26954 WARNING rally_openstack.scenarios.neutron.utils [-] Running this scenario without either the 'network' or 'existing_network' context is deprecated
2019-07-04 09:45:26.579 26952 INFO rally.task.runner [-] Task 49ffcdec-9945-4c82-ac3e-0d838f7ae0b7 | ITER: 2 END: OK
2019-07-04 09:45:26.581 26953 INFO rally.task.runner [-] Task 49ffcdec-9945-4c82-ac3e-0d838f7ae0b7 | ITER: 4 END: OK
2019-07-04 09:45:26.583 26952 INFO rally.task.runner [-] Task 49ffcdec-9945-4c82-ac3e-0d838f7ae0b7 | ITER: 27 START
2019-07-04 09:45:26.584 26952 WARNING rally_openstack.scenarios.neutron.utils [-] Running this scenario without either the 'network' or 'existing_network' context is deprecated
2019-07-04 09:45:26.586 26953 INFO rally.task.runner [-] Task 49ffcdec-9945-4c82-ac3e-0d838f7ae0b7 | ITER: 28 START
2019-07-04 09:45:26.587 26953 WARNING rally_openstack.scenarios.neutron.utils [-] Running this scenario without either the 'network' or 'existing_network' context is deprecated
2019-07-04 09:45:26.733 26998 INFO rally.task.runner [-] Task 49ffcdec-9945-4c82-ac3e-0d838f7ae0b7 | ITER: 20 END: OK
2019-07-04 09:45:26.738 26998 INFO rally.task.runner [-] Task 49ffcdec-9945-4c82-ac3e-0d838f7ae0b7 | ITER: 29 START
2019-07-04 09:45:26.738 26998 WARNING rally_openstack.scenarios.neutron.utils [-] Running this scenario without either the 'network' or 'existing_network' context is deprecated
2019-07-04 09:45:28.037 26980 INFO rally.task.runner [-] Task 49ffcdec-9945-4c82-ac3e-0d838f7ae0b7 | ITER: 22 END: OK
2019-07-04 09:45:28.040 26980 INFO rally.task.runner [-] Task 49ffcdec-9945-4c82-ac3e-0d838f7ae0b7 | ITER: 30 START
2019-07-04 09:45:28.040 26980 WARNING rally_openstack.scenarios.neutron.utils [-] Running this scenario without either the 'network' or 'existing_network' context is deprecated
2019-07-04 09:45:29.616 26959 INFO rally.task.runner [-] Task 49ffcdec-9945-4c82-ac3e-0d838f7ae0b7 | ITER: 21 END: OK
2019-07-04 09:45:29.620 26959 INFO rally.task.runner [-] Task 49ffcdec-9945-4c82-ac3e-0d838f7ae0b7 | ITER: 31 START
2019-07-04 09:45:29.621 26959 WARNING rally_openstack.scenarios.neutron.utils [-] Running this scenario without either the 'network' or 'existing_network' context is deprecated
2019-07-04 09:45:30.795 26983 INFO rally.task.runner [-] Task 49ffcdec-9945-4c82-ac3e-0d838f7ae0b7 | ITER: 23 END: OK
2019-07-04 09:45:30.798 26983 INFO rally.task.runner [-] Task 49ffcdec-9945-4c82-ac3e-0d838f7ae0b7 | ITER: 32 START
2019-07-04 09:45:30.799 26983 WARNING rally_openstack.scenarios.neutron.utils [-] Running this scenario without either the 'network' or 'existing_network' context is deprecated
2019-07-04 09:45:33.285 26951 INFO rally.task.runner [-] Task 49ffcdec-9945-4c82-ac3e-0d838f7ae0b7 | ITER: 3 END: OK
2019-07-04 09:45:33.289 26951 INFO rally.task.runner [-] Task 49ffcdec-9945-4c82-ac3e-0d838f7ae0b7 | ITER: 33 START
2019-07-04 09:45:33.290 26951 WARNING rally_openstack.scenarios.neutron.utils [-] Running this scenario without either the 'network' or 'existing_network' context is deprecated
2019-07-04 09:45:34.843 26972 INFO rally.task.runner [-] Task 49ffcdec-9945-4c82-ac3e-0d838f7ae0b7 | ITER: 12 END: OK
2019-07-04 09:45:34.848 26972 INFO rally.task.runner [-] Task 49ffcdec-9945-4c82-ac3e-0d838f7ae0b7 | ITER: 34 START
2019-07-04 09:45:34.848 26972 WARNING rally_openstack.scenarios.neutron.utils [-] Running this scenario without either the 'network' or 'existing_network' context is deprecated
2019-07-04 09:45:34.847 26952 INFO rally.task.runner [-] Task 49ffcdec-9945-4c82-ac3e-0d838f7ae0b7 | ITER: 5 END: OK
2019-07-04 09:45:34.855 26952 INFO rally.task.runner [-] Task 49ffcdec-9945-4c82-ac3e-0d838f7ae0b7 | ITER: 35 START
2019-07-04 09:45:34.856 26952 WARNING rally_openstack.scenarios.neutron.utils [-] Running this scenario without either the 'network' or 'existing_network' context is deprecated
2019-07-04 09:45:36.191 26963 INFO rally.task.runner [-] Task 49ffcdec-9945-4c82-ac3e-0d838f7ae0b7 | ITER: 24 END: OK
2019-07-04 09:45:36.196 26963 INFO rally.task.runner [-] Task 49ffcdec-9945-4c82-ac3e-0d838f7ae0b7 | ITER: 36 START
2019-07-04 09:45:36.196 26963 WARNING rally_openstack.scenarios.neutron.utils [-] Running this scenario without either the 'network' or 'existing_network' context is deprecated
2019-07-04 09:45:36.441 26954 INFO rally.task.runner [-] Task 49ffcdec-9945-4c82-ac3e-0d838f7ae0b7 | ITER: 26 END: OK
2019-07-04 09:45:36.445 26954 INFO rally.task.runner [-] Task 49ffcdec-9945-4c82-ac3e-0d838f7ae0b7 | ITER: 37 START
2019-07-04 09:45:36.446 26954 WARNING rally_openstack.scenarios.neutron.utils [-] Running this scenario without either the 'network' or 'existing_network' context is deprecated
2019-07-04 09:45:37.727 26987 INFO rally.task.runner [-] Task 49ffcdec-9945-4c82-ac3e-0d838f7ae0b7 | ITER: 25 END: OK
2019-07-04 09:45:37.731 26987 INFO rally.task.runner [-] Task 49ffcdec-9945-4c82-ac3e-0d838f7ae0b7 | ITER: 38 START
2019-07-04 09:45:37.732 26987 WARNING rally_openstack.scenarios.neutron.utils [-] Running this scenario without either the 'network' or 'existing_network' context is deprecated
2019-07-04 09:45:38.773 26952 INFO rally.task.runner [-] Task 49ffcdec-9945-4c82-ac3e-0d838f7ae0b7 | ITER: 27 END: OK
2019-07-04 09:45:38.776 26952 INFO rally.task.runner [-] Task 49ffcdec-9945-4c82-ac3e-0d838f7ae0b7 | ITER: 39 START
