2019-07-04 09:42:55.964 22705 RALLYDEBUG rally_openstack.cleanup.manager [-] Deleting neutron.port object s_rally_353c70fb_aAzLvfwf (e3258a4e-ff3a-4f66-9912-11775cd86246)
2019-07-04 09:42:55.973 22705 RALLYDEBUG rally_openstack.cleanup.manager [-] Deleting neutron.port object s_rally_353c70fb_CDwuQMxg (e34bee0d-a0b0-4f00-b008-44efcdd40c74)
2019-07-04 09:42:55.974 22705 RALLYDEBUG rally_openstack.cleanup.manager [-] Deleting neutron.port object s_rally_353c70fb_oQm0b3F7 (e353ef8a-1fc5-421b-a204-7ac5438ebf38)
2019-07-04 09:42:56.069 22705 RALLYDEBUG rally_openstack.cleanup.manager [-] Deleting neutron.port object s_rally_353c70fb_yVEIKwfy (e3dc38f8-eedb-475a-9ceb-bd6541990787)
2019-07-04 09:42:56.182 22705 RALLYDEBUG rally_openstack.cleanup.manager [-] Deleting neutron.port object s_rally_353c70fb_u1AEXRLj (e4e3377d-a00e-4aa9-9769-135fac006b5f)
2019-07-04 09:42:56.336 22705 RALLYDEBUG rally_openstack.cleanup.manager [-] Deleting neutron.port object s_rally_353c70fb_9QS6VvRK (e4f96ccc-5345-4f45-8f72-a7547eddbcc7)
2019-07-04 09:42:56.669 22705 RALLYDEBUG rally_openstack.cleanup.manager [-] Deleting neutron.port object s_rally_353c70fb_bH9yMA60 (e55e9fb7-7294-4bf6-8097-b7aa5aee233b)
2019-07-04 09:42:56.766 22705 RALLYDEBUG rally_openstack.cleanup.manager [-] Deleting neutron.port object s_rally_353c70fb_mU2kPBjd (e5a989de-a762-4509-ab1c-af5c4e72efaf)
2019-07-04 09:42:57.116 22705 RALLYDEBUG rally_openstack.cleanup.manager [-] Deleting neutron.port object s_rally_353c70fb_YitzcBxS (e5ad4db1-ed70-429b-b559-75fcf5ef601e)
2019-07-04 09:42:57.784 22705 RALLYDEBUG rally_openstack.cleanup.manager [-] Deleting neutron.port object s_rally_353c70fb_FkGxLEk1 (e6114f90-4c01-44cd-80d4-335b24c703ae)
2019-07-04 09:42:58.452 22705 RALLYDEBUG rally_openstack.cleanup.manager [-] Deleting neutron.port object s_rally_353c70fb_b2cyx5ru (e782d8a3-1209-4cbc-b453-9b666733719c)
2019-07-04 09:42:58.494 22705 RALLYDEBUG rally_openstack.cleanup.manager [-] Deleting neutron.port object s_rally_353c70fb_7dVNh2Ax (e79415a6-aa3b-4246-b996-82678e5995fc)
2019-07-04 09:42:58.512 22705 RALLYDEBUG rally_openstack.cleanup.manager [-] Deleting neutron.port object s_rally_353c70fb_KYkdkQ79 (e8bd3103-5ed0-4471-a565-d43c8418c44f)
2019-07-04 09:42:58.532 22705 RALLYDEBUG rally_openstack.cleanup.manager [-] Deleting neutron.port object s_rally_353c70fb_zfS8rfBi (e97c6b46-9f43-457a-a1a6-05d32fe4d0f1)
2019-07-04 09:42:58.645 22705 RALLYDEBUG rally_openstack.cleanup.manager [-] Deleting neutron.port object s_rally_353c70fb_xLLnEhfC (e98fa424-0d37-4c04-88e8-ab3a80b4c0b3)
2019-07-04 09:42:58.756 22705 RALLYDEBUG rally_openstack.cleanup.manager [-] Deleting neutron.port object s_rally_353c70fb_IGVZ5kqZ (e99de136-db15-4cdd-b8d6-d53ee56f6618)
2019-07-04 09:42:58.853 22705 RALLYDEBUG rally_openstack.cleanup.manager [-] Deleting neutron.port object s_rally_353c70fb_osYBYxRk (eab7d29b-3c83-4a13-a62a-e28a382757e9)
2019-07-04 09:42:58.853 22705 RALLYDEBUG rally_openstack.cleanup.manager [-] Deleting neutron.port object s_rally_353c70fb_in5l8xjr (eac46946-d7e0-48ef-9bb6-f5610acea8e7)
2019-07-04 09:42:58.984 22705 RALLYDEBUG rally_openstack.cleanup.manager [-] Deleting neutron.port object s_rally_353c70fb_YgZlEaYE (eaff4629-4d86-4a50-bf6f-a1153b36eb70)
2019-07-04 09:42:58.989 22705 RALLYDEBUG rally_openstack.cleanup.manager [-] Deleting neutron.port object s_rally_353c70fb_k8yYfEtN (eb836c60-43d6-49f0-8003-cbbed66ea61b)
2019-07-04 09:42:59.029 22705 RALLYDEBUG rally_openstack.cleanup.manager [-] Deleting neutron.port object s_rally_353c70fb_4wuBMLnh (ec30a3b9-7493-4da7-ab65-eaa784020030)
2019-07-04 09:42:59.081 22705 RALLYDEBUG rally_openstack.cleanup.manager [-] Deleting neutron.port object s_rally_353c70fb_iMww4rlY (ed947816-5ad6-490e-9b08-1d38a540426b)
2019-07-04 09:42:59.137 22705 RALLYDEBUG rally_openstack.cleanup.manager [-] Deleting neutron.port object s_rally_353c70fb_OxeukP2J (eea2c018-ed60-421d-9bd4-5f29d311982d)
2019-07-04 09:42:59.161 22705 RALLYDEBUG rally_openstack.cleanup.manager [-] Deleting neutron.port object s_rally_353c70fb_6158Dzk0 (eea95516-f144-423c-80b4-a0065393c53e)
2019-07-04 09:42:59.202 22705 RALLYDEBUG rally_openstack.cleanup.manager [-] Deleting neutron.port object s_rally_353c70fb_QGgzzabA (ef22ac4a-50c2-4178-99f9-24464e29deb4)
2019-07-04 09:42:59.611 22705 RALLYDEBUG rally_openstack.cleanup.manager [-] Deleting neutron.port object s_rally_353c70fb_qbVt2rFP (effc6b27-f260-4aad-88d1-87bb2851faad)
2019-07-04 09:42:59.612 22705 RALLYDEBUG rally_openstack.cleanup.manager [-] Deleting neutron.port object s_rally_353c70fb_AJSsKmHE (ef86aeff-593b-45c3-9142-a86a6c1cfa81)
2019-07-04 09:42:59.620 22705 RALLYDEBUG rally_openstack.cleanup.manager [-] Deleting neutron.port object s_rally_353c70fb_SCNvo4ri (f00689c7-e383-4409-82e4-5d3e0fdc9510)
2019-07-04 09:42:59.621 22705 RALLYDEBUG rally_openstack.cleanup.manager [-] Deleting neutron.port object s_rally_353c70fb_rpv0sCLo (f032893c-e2b5-4955-9fc2-906a8813f266)
2019-07-04 09:42:59.933 22705 RALLYDEBUG rally_openstack.cleanup.manager [-] Deleting neutron.port object s_rally_353c70fb_mIcQvqqf (f052474a-f6f5-4e92-bb9c-a84d7af7bc56)
2019-07-04 09:43:00.915 22705 RALLYDEBUG rally_openstack.cleanup.manager [-] Deleting neutron.port object s_rally_353c70fb_Ju5gjQXQ (f2640172-4f1a-4946-a261-2d63725840e6)
2019-07-04 09:43:01.699 22705 RALLYDEBUG rally_openstack.cleanup.manager [-] Deleting neutron.port object s_rally_353c70fb_HvU2Binc (f2a8e567-37f6-4bed-ac00-447067616322)
2019-07-04 09:43:01.774 22705 RALLYDEBUG rally_openstack.cleanup.manager [-] Deleting neutron.port object s_rally_353c70fb_D4OgER8I (f2b03645-64c3-49be-988e-42029221f7eb)
2019-07-04 09:43:01.977 22705 RALLYDEBUG rally_openstack.cleanup.manager [-] Deleting neutron.port object s_rally_353c70fb_BSL8YNjF (f3b551bb-acaa-4045-945d-41573d495340)
2019-07-04 09:43:02.122 22705 RALLYDEBUG rally_openstack.cleanup.manager [-] Deleting neutron.port object s_rally_353c70fb_26EORFGX (f497da71-877e-4457-858a-99472f92c282)
2019-07-04 09:43:02.126 22705 RALLYDEBUG rally_openstack.cleanup.manager [-] Deleting neutron.port object s_rally_353c70fb_OBsMTyx2 (f56d3d38-4b2e-4e42-b0a4-39ab6ef3ee42)
2019-07-04 09:43:02.128 22705 RALLYDEBUG rally_openstack.cleanup.manager [-] Deleting neutron.port object s_rally_353c70fb_hNGObUey (f41a3819-6d29-4563-a643-9ac24b828b1d)
2019-07-04 09:43:02.414 22705 RALLYDEBUG rally_openstack.cleanup.manager [-] Deleting neutron.port object s_rally_353c70fb_Msqt2Du4 (f60ee706-4468-4ca5-a7bf-a8e24ab69a93)
2019-07-04 09:43:02.540 22705 RALLYDEBUG rally_openstack.cleanup.manager [-] Deleting neutron.port object s_rally_353c70fb_ISAcM6ZQ (f7247d4e-1c1b-4966-905a-44cc755aa98b)
2019-07-04 09:43:02.686 22705 RALLYDEBUG rally_openstack.cleanup.manager [-] Deleting neutron.port object s_rally_353c70fb_lh6NAF53 (f78e6e73-0474-4f9b-9584-6f779681e16a)
2019-07-04 09:43:02.691 22705 RALLYDEBUG rally_openstack.cleanup.manager [-] Deleting neutron.port object s_rally_353c70fb_uShCiah2 (f796ffa9-46b5-46bc-b31a-58f5038c28b6)
2019-07-04 09:43:02.703 22705 RALLYDEBUG rally_openstack.cleanup.manager [-] Deleting neutron.port object s_rally_353c70fb_cKmrH7Ec (f7c9fdde-6066-47e9-9808-70838176159a)
2019-07-04 09:43:02.709 22705 RALLYDEBUG rally_openstack.cleanup.manager [-] Deleting neutron.port object s_rally_353c70fb_Ne3gnFYq (f7dd0896-8c19-4cd5-8846-71030a48b33e)
2019-07-04 09:43:03.009 22705 RALLYDEBUG rally_openstack.cleanup.manager [-] Deleting neutron.port object s_rally_353c70fb_Fr5bWans (f8c1df65-8f97-44b6-b93c-748555b07c80)
2019-07-04 09:43:03.055 22705 RALLYDEBUG rally_openstack.cleanup.manager [-] Deleting neutron.port object s_rally_353c70fb_4xiopUe2 (f9a8dad7-6369-42d9-be58-cb93e5aeb982)
2019-07-04 09:43:03.059 22705 RALLYDEBUG rally_openstack.cleanup.manager [-] Deleting neutron.port object s_rally_353c70fb_oRXIYiN8 (f97bdced-45f3-41bc-839d-8b67c5ed6a61)
2019-07-04 09:43:03.060 22705 RALLYDEBUG rally_openstack.cleanup.manager [-] Deleting neutron.port object s_rally_353c70fb_VfYqhiO1 (f9c92e4f-a5ec-4121-95e3-e781952c258d)
2019-07-04 09:43:03.258 22705 RALLYDEBUG rally_openstack.cleanup.manager [-] Deleting neutron.port object s_rally_353c70fb_LFXDBzqH (fa8a5727-ab8e-43b0-9ad0-b91dbf511a67)
2019-07-04 09:43:03.272 22705 RALLYDEBUG rally_openstack.cleanup.manager [-] Deleting neutron.port object s_rally_353c70fb_1GTxKjST (fac9c42b-e7ec-476d-86be-18608194d76e)
2019-07-04 09:43:03.285 22705 RALLYDEBUG rally_openstack.cleanup.manager [-] Deleting neutron.port object s_rally_353c70fb_25hqmgOr (fde3306d-83bc-4f86-840c-2688ee30249f)
2019-07-04 09:43:03.290 22705 RALLYDEBUG rally_openstack.cleanup.manager [-] Deleting neutron.port object s_rally_353c70fb_veVm1S9h (fcceac7e-ed43-42d4-a2a4-14f5abfca40a)
2019-07-04 09:43:03.889 22705 RALLYDEBUG rally_openstack.cleanup.manager [-] Deleting neutron.port object s_rally_353c70fb_8o0FbL6T (feb9bd09-3f74-4c6d-a6d4-264132a6fa72)
2019-07-04 09:43:03.939 22705 RALLYDEBUG rally_openstack.cleanup.manager [-] Deleting neutron.port object s_rally_353c70fb_3huzBhuQ (ff34ffb6-586d-409b-b545-bee01e6432be)
2019-07-04 09:43:04.195 22705 RALLYDEBUG rally_openstack.cleanup.manager [-] Deleting neutron.port object s_rally_353c70fb_5sLOhTCz (ff3798d3-1957-47e4-99cb-d9a9443d92a5)
2019-07-04 09:43:04.505 22705 RALLYDEBUG rally_openstack.cleanup.manager [-] Deleting neutron.port object s_rally_353c70fb_gZmsi4Np (ff4afa24-aebb-4f2a-a4a5-68604c19af5f)
2019-07-04 09:43:04.622 22705 RALLYDEBUG rally_openstack.cleanup.manager [-] Deleting neutron.port object s_rally_353c70fb_1qtQ0O25 (ff7709ca-ba80-42d7-a7f8-332458462b91)
2019-07-04 09:43:04.832 22705 RALLYDEBUG rally_openstack.cleanup.manager [-] Deleting neutron.port object s_rally_353c70fb_yZSqKRTt (ffbcb79c-2672-4b3c-b414-8d93d257d4b1)
2019-07-04 09:43:05.181 22705 RALLYDEBUG rally_openstack.cleanup.manager [-] Deleting neutron.port object s_rally_353c70fb_yy339lR9 (ffc41ef7-1983-4f03-9e26-06e393fb0210)
2019-07-04 09:43:05.584 22705 RALLYDEBUG rally_openstack.cleanup.manager [-] Deleting neutron.port object s_rally_353c70fb_Ucmn7tS0 (ffd465d3-4281-4425-8cd6-ef2d9cc1d799)
2019-07-04 09:43:05.702 22705 RALLYDEBUG rally_openstack.cleanup.manager [-] Deleting neutron.port object s_rally_353c70fb_d1FTC1ob (ffed5033-9ba5-469a-a36c-4502f03bffa0)
2019-07-04 09:43:08.406 22705 RALLYDEBUG rally_openstack.cleanup.manager [-] Cleaning up neutron subnet objects
2019-07-04 09:43:09.052 22705 RALLYDEBUG rally_openstack.cleanup.manager [-] Cleaning up neutron network objects
2019-07-04 09:43:09.782 22705 RALLYDEBUG rally_openstack.cleanup.manager [-] Deleting neutron.network object s_rally_353c70fb_2q8hHfY9 (0768efbc-5d15-4fe5-9a1f-433938715f55)
2019-07-04 09:43:09.786 22705 RALLYDEBUG rally_openstack.cleanup.manager [-] Deleting neutron.network object s_rally_353c70fb_yIQBMkYi (2560db19-8d78-4eee-9361-c6ef1158dded)
2019-07-04 09:43:09.797 22705 RALLYDEBUG rally_openstack.cleanup.manager [-] Deleting neutron.network object s_rally_353c70fb_Tc3xOovY (314645e0-359b-4502-8e53-6b8a9791361e)
2019-07-04 09:43:09.806 22705 RALLYDEBUG rally_openstack.cleanup.manager [-] Deleting neutron.network object s_rally_353c70fb_mND9Byu3 (3a97c54f-8c07-47b1-a325-5b0dbffd80ef)
2019-07-04 09:43:09.816 22705 RALLYDEBUG rally_openstack.cleanup.manager [-] Deleting neutron.network object s_rally_353c70fb_kJ4AFP9z (5126471c-e377-4591-b3d3-dcfb7d5edb29)
2019-07-04 09:43:09.821 22705 RALLYDEBUG rally_openstack.cleanup.manager [-] Deleting neutron.network object s_rally_353c70fb_KNDHujy8 (84216148-6aec-457a-b9ba-597dbc29cfa9)
2019-07-04 09:43:09.833 22705 RALLYDEBUG rally_openstack.cleanup.manager [-] Deleting neutron.network object s_rally_353c70fb_f5Lmvys7 (ba11b117-de6c-49da-a59e-ee49190c1c62)
2019-07-04 09:43:09.852 22705 RALLYDEBUG rally_openstack.cleanup.manager [-] Deleting neutron.network object s_rally_353c70fb_JAToRBkB (f7020c1e-8bb3-4e16-9de1-8d07d4f73184)
2019-07-04 09:43:13.163 22705 RALLYDEBUG rally_openstack.cleanup.manager [-] Cleaning up neutron router objects
2019-07-04 09:43:13.874 22705 RALLYDEBUG rally_openstack.cleanup.manager [-] Cleaning up neutron security_group objects
2019-07-04 09:43:14.508 22705 INFO rally.task.context [-] Task 49ffcdec-9945-4c82-ac3e-0d838f7ae0b7 | Context cleanup@openstack cleanup() finished in 1.31 min
2019-07-04 09:43:14.508 22705 INFO rally.task.context [-] Task 49ffcdec-9945-4c82-ac3e-0d838f7ae0b7 | Context quotas@openstack cleanup() started
2019-07-04 09:43:14.833 22705 INFO rally.task.context [-] Task 49ffcdec-9945-4c82-ac3e-0d838f7ae0b7 | Context quotas@openstack cleanup() finished in 0.32 sec
2019-07-04 09:43:14.834 22705 INFO rally.task.context [-] Task 49ffcdec-9945-4c82-ac3e-0d838f7ae0b7 | Context users@openstack cleanup() started
2019-07-04 09:43:19.134 22705 INFO rally.task.context [-] Task 49ffcdec-9945-4c82-ac3e-0d838f7ae0b7 | Context users@openstack cleanup() finished in 4.30 sec
2019-07-04 09:43:20.024 22705 INFO rally.task.engine [-] Load duration is: 132.024959
2019-07-04 09:43:20.025 22705 INFO rally.task.engine [-] Full runner duration is: 132.074789
2019-07-04 09:43:20.025 22705 INFO rally.task.engine [-] Full duration is: 220.115968
2019-07-04 09:43:20.234 22705 INFO rally.task.engine [-] Running workload: position = 1 config = { "version": 2, "title": "A cropped version of a bigger task.", "description": "Auto-generated task from a single workload (uuid=e9ea14d3-1a4c-4a5b-8b0a-833263732252)", "subtasks": [ { "title": "NeutronNetworks.create_and_update_ports", "description": "Create and update a given number of ports.", "scenario": { "NeutronNetworks.create_and_update_ports": { "network_create_args": {}, "port_create_args": {}, "ports_per_network": 5, "port_update_args": { "admin_state_up": false, "device_id": "dummy_id", "device_owner": "dummy_owner", "name": "_port_updated" } } }, "contexts": { "users": { "tenants": 1, "users_per_tenant": 1 }, "quotas": { "neutron": { "network": -1, "port": -1 } } }, "runner": { "constant": { "times": 40, "concurrency": 20 } }, "hooks": [], "sla": { "failure_rate": { "max": 0 } } } ] }
2019-07-04 09:43:20.259 22705 RALLYDEBUG rally_openstack.contexts.keystone.users [-] Creating 1 tenants using 20 threads
2019-07-04 09:43:22.039 22705 RALLYDEBUG rally_openstack.contexts.keystone.users [-] Creating 1 users using 20 threads
2019-07-04 09:43:24.406 22705 INFO rally.task.context [-] Task 49ffcdec-9945-4c82-ac3e-0d838f7ae0b7 | Context users@openstack setup() finished in 4.15 sec
2019-07-04 09:43:25.155 22705 INFO rally.task.context [-] Task 49ffcdec-9945-4c82-ac3e-0d838f7ae0b7 | Context quotas@openstack setup() finished in 0.75 sec
2019-07-04 09:43:25.155 22705 INFO rally.task.context [-] Task 49ffcdec-9945-4c82-ac3e-0d838f7ae0b7 | Context cleanup@openstack setup() finished in 0.00 msec
2019-07-04 09:43:25.164 22705 RALLYDEBUG rally.task.runner [-] Starting the constant runner (task UUID: 49ffcdec-9945-4c82-ac3e-0d838f7ae0b7). timeout: 0 concurrency: 20 concurrency_per_worker: 1 times: 40 concurrency_overhead: 4 processes_to_start: 16 max_cpu_used: 16
2019-07-04 09:43:25.178 26581 RALLYDEBUG rally.task.runner [-] Starting a worker. concurrency: 2 args: {"network_create_args": {}, "port_create_args": {}, "ports_per_network": 5, "port_update_args": {"admin_state_up": false, "device_id": "dummy_id", "device_owner": "dummy_owner", "name": "_port_updated"}} times: 40 method_name: run timeout: 0 duration: None cls:
2019-07-04 09:43:25.181 26582 RALLYDEBUG rally.task.runner [-] Starting a worker. concurrency: 2 args: {"network_create_args": {}, "port_create_args": {}, "ports_per_network": 5, "port_update_args": {"admin_state_up": false, "device_id": "dummy_id", "device_owner": "dummy_owner", "name": "_port_updated"}} times: 40 method_name: run timeout: 0 duration: None cls:
2019-07-04 09:43:25.184 26583 RALLYDEBUG rally.task.runner [-] Starting a worker. concurrency: 2 args: {"network_create_args": {}, "port_create_args": {}, "ports_per_network": 5, "port_update_args": {"admin_state_up": false, "device_id": "dummy_id", "device_owner": "dummy_owner", "name": "_port_updated"}} times: 40 method_name: run timeout: 0 duration: None cls:
2019-07-04 09:43:25.186 26584 RALLYDEBUG rally.task.runner [-] Starting a worker. concurrency: 2 args: {"network_create_args": {}, "port_create_args": {}, "ports_per_network": 5, "port_update_args": {"admin_state_up": false, "device_id": "dummy_id", "device_owner": "dummy_owner", "name": "_port_updated"}} times: 40 method_name: run timeout: 0 duration: None cls:
2019-07-04 09:43:25.184 26581 INFO rally.task.runner [-] Task 49ffcdec-9945-4c82-ac3e-0d838f7ae0b7 | ITER: 1 START
2019-07-04 09:43:25.189 26581 WARNING rally_openstack.scenarios.neutron.utils [-] Running this scenario without either the 'network' or 'existing_network' context is deprecated
2019-07-04 09:43:25.192 26585 RALLYDEBUG rally.task.runner [-] Starting a worker. concurrency: 1 args: {"network_create_args": {}, "port_create_args": {}, "ports_per_network": 5, "port_update_args": {"admin_state_up": false, "device_id": "dummy_id", "device_owner": "dummy_owner", "name": "_port_updated"}} times: 40 method_name: run timeout: 0 duration: None cls:
2019-07-04 09:43:25.190 26582 INFO rally.task.runner [-] Task 49ffcdec-9945-4c82-ac3e-0d838f7ae0b7 | ITER: 5 START
2019-07-04 09:43:25.193 26583 INFO rally.task.runner [-] Task 49ffcdec-9945-4c82-ac3e-0d838f7ae0b7 | ITER: 4 START
2019-07-04 09:43:25.193 26582 INFO rally.task.runner [-] Task 49ffcdec-9945-4c82-ac3e-0d838f7ae0b7 | ITER: 2 START
2019-07-04 09:43:25.195 26584 INFO rally.task.runner [-] Task 49ffcdec-9945-4c82-ac3e-0d838f7ae0b7 | ITER: 6 START
2019-07-04 09:43:25.195 26583 INFO rally.task.runner [-] Task 49ffcdec-9945-4c82-ac3e-0d838f7ae0b7 | ITER: 7 START
2019-07-04 09:43:25.196 26582 WARNING rally_openstack.scenarios.neutron.utils [-] Running this scenario without either the 'network' or 'existing_network' context is deprecated
2019-07-04 09:43:25.196 26588 RALLYDEBUG rally.task.runner [-] Starting a worker. concurrency: 1 args: {"network_create_args": {}, "port_create_args": {}, "ports_per_network": 5, "port_update_args": {"admin_state_up": false, "device_id": "dummy_id", "device_owner": "dummy_owner", "name": "_port_updated"}} times: 40 method_name: run timeout: 0 duration: None cls:
2019-07-04 09:43:25.197 26583 WARNING rally_openstack.scenarios.neutron.utils [-] Running this scenario without either the 'network' or 'existing_network' context is deprecated
2019-07-04 09:43:25.196 26584 INFO rally.task.runner [-] Task 49ffcdec-9945-4c82-ac3e-0d838f7ae0b7 | ITER: 8 START
2019-07-04 09:43:25.198 26584 WARNING rally_openstack.scenarios.neutron.utils [-] Running this scenario without either the 'network' or 'existing_network' context is deprecated
2019-07-04 09:43:25.199 26581 INFO rally.task.runner [-] Task 49ffcdec-9945-4c82-ac3e-0d838f7ae0b7 | ITER: 3 START
2019-07-04 09:43:25.198 26593 RALLYDEBUG rally.task.runner [-] Starting a worker. concurrency: 1 args: {"network_create_args": {}, "port_create_args": {}, "ports_per_network": 5, "port_update_args": {"admin_state_up": false, "device_id": "dummy_id", "device_owner": "dummy_owner", "name": "_port_updated"}} times: 40 method_name: run timeout: 0 duration: None cls:
2019-07-04 09:43:25.200 26581 WARNING rally_openstack.scenarios.neutron.utils [-] Running this scenario without either the 'network' or 'existing_network' context is deprecated
2019-07-04 09:43:25.200 26598 RALLYDEBUG rally.task.runner [-] Starting a worker. concurrency: 1 args: {"network_create_args": {}, "port_create_args": {}, "ports_per_network": 5, "port_update_args": {"admin_state_up": false, "device_id": "dummy_id", "device_owner": "dummy_owner", "name": "_port_updated"}} times: 40 method_name: run timeout: 0 duration: None cls:
2019-07-04 09:43:25.200 26585 INFO rally.task.runner [-] Task 49ffcdec-9945-4c82-ac3e-0d838f7ae0b7 | ITER: 9 START
2019-07-04 09:43:25.202 26585 WARNING rally_openstack.scenarios.neutron.utils [-] Running this scenario without either the 'network' or 'existing_network' context is deprecated
2019-07-04 09:43:25.203 26588 INFO rally.task.runner [-] Task 49ffcdec-9945-4c82-ac3e-0d838f7ae0b7 | ITER: 10 START
2019-07-04 09:43:25.199 26584 WARNING rally_openstack.scenarios.neutron.utils [-] Running this scenario without either the 'network' or 'existing_network' context is deprecated
2019-07-04 09:43:25.197 26583 WARNING rally_openstack.scenarios.neutron.utils [-] Running this scenario without either the 'network' or 'existing_network' context is deprecated
2019-07-04 09:43:25.204 26601 RALLYDEBUG rally.task.runner [-] Starting a worker. concurrency: 1 args: {"network_create_args": {}, "port_create_args": {}, "ports_per_network": 5, "port_update_args": {"admin_state_up": false, "device_id": "dummy_id", "device_owner": "dummy_owner", "name": "_port_updated"}} times: 40 method_name: run timeout: 0 duration: None cls:
2019-07-04 09:43:25.205 26588 WARNING rally_openstack.scenarios.neutron.utils [-] Running this scenario without either the 'network' or 'existing_network' context is deprecated
2019-07-04 09:43:25.206 26593 INFO rally.task.runner [-] Task 49ffcdec-9945-4c82-ac3e-0d838f7ae0b7 | ITER: 11 START
2019-07-04 09:43:25.206 26598 INFO rally.task.runner [-] Task 49ffcdec-9945-4c82-ac3e-0d838f7ae0b7 | ITER: 12 START
2019-07-04 09:43:25.208 26598 WARNING rally_openstack.scenarios.neutron.utils [-] Running this scenario without either the 'network' or 'existing_network' context is deprecated
2019-07-04 09:43:25.208 26593 WARNING rally_openstack.scenarios.neutron.utils [-] Running this scenario without either the 'network' or 'existing_network' context is deprecated
2019-07-04 09:43:25.197 26582 WARNING rally_openstack.scenarios.neutron.utils [-] Running this scenario without either the 'network' or 'existing_network' context is deprecated
2019-07-04 09:43:25.214 26609 RALLYDEBUG rally.task.runner [-] Starting a worker. concurrency: 1 args: {"network_create_args": {}, "port_create_args": {}, "ports_per_network": 5, "port_update_args": {"admin_state_up": false, "device_id": "dummy_id", "device_owner": "dummy_owner", "name": "_port_updated"}} times: 40 method_name: run timeout: 0 duration: None cls:
2019-07-04 09:43:25.215 26601 INFO rally.task.runner [-] Task 49ffcdec-9945-4c82-ac3e-0d838f7ae0b7 | ITER: 13 START
2019-07-04 09:43:25.217 26601 WARNING rally_openstack.scenarios.neutron.utils [-] Running this scenario without either the 'network' or 'existing_network' context is deprecated
2019-07-04 09:43:25.219 26612 RALLYDEBUG rally.task.runner [-] Starting a worker. concurrency: 1 args: {"network_create_args": {}, "port_create_args": {}, "ports_per_network": 5, "port_update_args": {"admin_state_up": false, "device_id": "dummy_id", "device_owner": "dummy_owner", "name": "_port_updated"}} times: 40 method_name: run timeout: 0 duration: None cls:
2019-07-04 09:43:25.221 26609 INFO rally.task.runner [-] Task 49ffcdec-9945-4c82-ac3e-0d838f7ae0b7 | ITER: 14 START
2019-07-04 09:43:25.223 26609 WARNING rally_openstack.scenarios.neutron.utils [-] Running this scenario without either the 'network' or 'existing_network' context is deprecated
2019-07-04 09:43:25.223 26614 RALLYDEBUG rally.task.runner [-] Starting a worker. concurrency: 1 args: {"network_create_args": {}, "port_create_args": {}, "ports_per_network": 5, "port_update_args": {"admin_state_up": false, "device_id": "dummy_id", "device_owner": "dummy_owner", "name": "_port_updated"}} times: 40 method_name: run timeout: 0 duration: None cls:
2019-07-04 09:43:25.226 26612 INFO rally.task.runner [-] Task 49ffcdec-9945-4c82-ac3e-0d838f7ae0b7 | ITER: 15 START
2019-07-04 09:43:25.228 26612 WARNING rally_openstack.scenarios.neutron.utils [-] Running this scenario without either the 'network' or 'existing_network' context is deprecated
2019-07-04 09:43:25.228 26614 INFO rally.task.runner [-] Task 49ffcdec-9945-4c82-ac3e-0d838f7ae0b7 | ITER: 16 START
2019-07-04 09:43:25.230 26614 WARNING rally_openstack.scenarios.neutron.utils [-] Running this scenario without either the 'network' or 'existing_network' context is deprecated
2019-07-04 09:43:25.240 26621 RALLYDEBUG rally.task.runner [-] Starting a worker. concurrency: 1 args: {"network_create_args": {}, "port_create_args": {}, "ports_per_network": 5, "port_update_args": {"admin_state_up": false, "device_id": "dummy_id", "device_owner": "dummy_owner", "name": "_port_updated"}} times: 40 method_name: run timeout: 0 duration: None cls:
2019-07-04 09:43:25.246 26621 INFO rally.task.runner [-] Task 49ffcdec-9945-4c82-ac3e-0d838f7ae0b7 | ITER: 17 START
2019-07-04 09:43:25.247 26621 WARNING rally_openstack.scenarios.neutron.utils [-] Running this scenario without either the 'network' or 'existing_network' context is deprecated
2019-07-04 09:43:25.249 26622 RALLYDEBUG rally.task.runner [-] Starting a worker. concurrency: 1 args: {"network_create_args": {}, "port_create_args": {}, "ports_per_network": 5, "port_update_args": {"admin_state_up": false, "device_id": "dummy_id", "device_owner": "dummy_owner", "name": "_port_updated"}} times: 40 method_name: run timeout: 0 duration: None cls:
2019-07-04 09:43:25.251 26625 RALLYDEBUG rally.task.runner [-] Starting a worker. concurrency: 1 args: {"network_create_args": {}, "port_create_args": {}, "ports_per_network": 5, "port_update_args": {"admin_state_up": false, "device_id": "dummy_id", "device_owner": "dummy_owner", "name": "_port_updated"}} times: 40 method_name: run timeout: 0 duration: None cls:
2019-07-04 09:43:25.254 26622 INFO rally.task.runner [-] Task 49ffcdec-9945-4c82-ac3e-0d838f7ae0b7 | ITER: 18 START
2019-07-04 09:43:25.254 26626 RALLYDEBUG rally.task.runner [-] Starting a worker. concurrency: 1 args: {"network_create_args": {}, "port_create_args": {}, "ports_per_network": 5, "port_update_args": {"admin_state_up": false, "device_id": "dummy_id", "device_owner": "dummy_owner", "name": "_port_updated"}} times: 40 method_name: run timeout: 0 duration: None cls:
2019-07-04 09:43:25.255 26622 WARNING rally_openstack.scenarios.neutron.utils [-] Running this scenario without either the 'network' or 'existing_network' context is deprecated
2019-07-04 09:43:25.256 26625 INFO rally.task.runner [-] Task 49ffcdec-9945-4c82-ac3e-0d838f7ae0b7 | ITER: 19 START
2019-07-04 09:43:25.257 26625 WARNING rally_openstack.scenarios.neutron.utils [-] Running this scenario without either the 'network' or 'existing_network' context is deprecated
2019-07-04 09:43:25.258 26626 INFO rally.task.runner [-] Task 49ffcdec-9945-4c82-ac3e-0d838f7ae0b7 | ITER: 20 START
2019-07-04 09:43:25.259 26626 WARNING rally_openstack.scenarios.neutron.utils [-] Running this scenario without either the 'network' or 'existing_network' context is deprecated
2019-07-04 09:43:35.365 26612 INFO rally.task.runner [-] Task 49ffcdec-9945-4c82-ac3e-0d838f7ae0b7 | ITER: 15 END: OK
2019-07-04 09:43:35.368 26612 INFO rally.task.runner [-] Task 49ffcdec-9945-4c82-ac3e-0d838f7ae0b7 | ITER: 21 START
2019-07-04 09:43:35.369 26612 WARNING rally_openstack.scenarios.neutron.utils [-] Running this scenario without either the 'network' or 'existing_network' context is deprecated
2019-07-04 09:43:36.529 26609 INFO rally.task.runner [-] Task 49ffcdec-9945-4c82-ac3e-0d838f7ae0b7 | ITER: 14 END: OK
2019-07-04 09:43:36.533 26609 INFO rally.task.runner [-] Task 49ffcdec-9945-4c82-ac3e-0d838f7ae0b7 | ITER: 22 START
2019-07-04 09:43:36.534 26609 WARNING rally_openstack.scenarios.neutron.utils [-] Running this scenario without either the 'network' or 'existing_network' context is deprecated
2019-07-04 09:43:41.594 26583 INFO rally.task.runner [-] Task 49ffcdec-9945-4c82-ac3e-0d838f7ae0b7 | ITER: 4 END: OK
2019-07-04 09:43:41.596 26593 INFO rally.task.runner [-] Task 49ffcdec-9945-4c82-ac3e-0d838f7ae0b7 | ITER: 11 END: OK
2019-07-04 09:43:41.598 26583 INFO rally.task.runner [-] Task 49ffcdec-9945-4c82-ac3e-0d838f7ae0b7 | ITER: 23 START
2019-07-04 09:43:41.599 26583 WARNING rally_openstack.scenarios.neutron.utils [-] Running this scenario without either the 'network' or 'existing_network' context is deprecated
2019-07-04 09:43:41.600 26593 INFO rally.task.runner [-] Task 49ffcdec-9945-4c82-ac3e-0d838f7ae0b7 | ITER: 24 START
2019-07-04 09:43:41.601 26593 WARNING rally_openstack.scenarios.neutron.utils [-] Running this scenario without either the 'network' or 'existing_network' context is deprecated
2019-07-04 09:43:41.812 26582 INFO rally.task.runner [-] Task 49ffcdec-9945-4c82-ac3e-0d838f7ae0b7 | ITER: 2 END: OK
2019-07-04 09:43:41.816 26582 INFO rally.task.runner [-] Task 49ffcdec-9945-4c82-ac3e-0d838f7ae0b7 | ITER: 25 START
2019-07-04 09:43:41.817 26582 WARNING rally_openstack.scenarios.neutron.utils [-] Running this scenario without either the 'network' or 'existing_network' context is deprecated
2019-07-04 09:43:42.481 26584 INFO rally.task.runner [-] Task 49ffcdec-9945-4c82-ac3e-0d838f7ae0b7 | ITER: 8 END: OK
2019-07-04 09:43:42.486 26584 INFO rally.task.runner [-] Task 49ffcdec-9945-4c82-ac3e-0d838f7ae0b7 | ITER: 26 START
2019-07-04 09:43:42.486 26584 WARNING rally_openstack.scenarios.neutron.utils [-] Running this scenario without either the 'network' or 'existing_network' context is deprecated
2019-07-04 09:43:42.575 26625 INFO rally.task.runner [-] Task 49ffcdec-9945-4c82-ac3e-0d838f7ae0b7 | ITER: 19 END: OK
2019-07-04 09:43:42.580 26625 INFO rally.task.runner [-] Task 49ffcdec-9945-4c82-ac3e-0d838f7ae0b7 | ITER: 27 START
2019-07-04 09:43:42.580 26625 WARNING rally_openstack.scenarios.neutron.utils [-] Running this scenario without either the 'network' or 'existing_network' context is deprecated
2019-07-04 09:43:42.813 26581 INFO rally.task.runner [-] Task 49ffcdec-9945-4c82-ac3e-0d838f7ae0b7 | ITER: 3 END: OK
2019-07-04 09:43:42.818 26581 INFO rally.task.runner [-] Task 49ffcdec-9945-4c82-ac3e-0d838f7ae0b7 | ITER: 28 START
2019-07-04 09:43:42.818 26581 WARNING rally_openstack.scenarios.neutron.utils [-] Running this scenario without either the 'network' or 'existing_network' context is deprecated
2019-07-04 09:43:42.822 26598 INFO rally.task.runner [-] Task 49ffcdec-9945-4c82-ac3e-0d838f7ae0b7 | ITER: 12 END: OK
2019-07-04 09:43:42.822 26585 INFO rally.task.runner [-] Task 49ffcdec-9945-4c82-ac3e-0d838f7ae0b7 | ITER: 9 END: OK
2019-07-04 09:43:42.827 26598 INFO rally.task.runner [-] Task 49ffcdec-9945-4c82-ac3e-0d838f7ae0b7 | ITER: 29 START
2019-07-04 09:43:42.827 26585 INFO rally.task.runner [-] Task 49ffcdec-9945-4c82-ac3e-0d838f7ae0b7 | ITER: 30 START
2019-07-04 09:43:42.827 26598 WARNING rally_openstack.scenarios.neutron.utils [-] Running this scenario without either the 'network' or 'existing_network' context is deprecated
2019-07-04 09:43:42.828 26585 WARNING rally_openstack.scenarios.neutron.utils [-] Running this scenario without either the 'network' or 'existing_network' context is deprecated
2019-07-04 09:43:42.835 26588 INFO rally.task.runner [-] Task 49ffcdec-9945-4c82-ac3e-0d838f7ae0b7 | ITER: 10 END: OK
2019-07-04 09:43:42.839 26588 INFO rally.task.runner [-] Task 49ffcdec-9945-4c82-ac3e-0d838f7ae0b7 | ITER: 31 START
2019-07-04 09:43:42.840 26588 WARNING rally_openstack.scenarios.neutron.utils [-] Running this scenario without either the 'network' or 'existing_network' context is deprecated
2019-07-04 09:43:42.959 26614 INFO rally.task.runner [-] Task 49ffcdec-9945-4c82-ac3e-0d838f7ae0b7 | ITER: 16 END: OK
2019-07-04 09:43:42.964 26614 INFO rally.task.runner [-] Task 49ffcdec-9945-4c82-ac3e-0d838f7ae0b7 | ITER: 32 START
2019-07-04 09:43:42.964 26614 WARNING rally_openstack.scenarios.neutron.utils [-] Running this scenario without either the 'network' or 'existing_network' context is deprecated
2019-07-04 09:43:43.189 26622 INFO rally.task.runner [-] Task 49ffcdec-9945-4c82-ac3e-0d838f7ae0b7 | ITER: 18 END: OK
2019-07-04 09:43:43.194 26622 INFO rally.task.runner [-] Task 49ffcdec-9945-4c82-ac3e-0d838f7ae0b7 | ITER: 33 START
2019-07-04 09:43:43.194 26622 WARNING rally_openstack.scenarios.neutron.utils [-] Running this scenario without either the 'network' or 'existing_network' context is deprecated
2019-07-04 09:43:43.198 26626 INFO rally.task.runner [-] Task 49ffcdec-9945-4c82-ac3e-0d838f7ae0b7 | ITER: 20 END: OK
2019-07-04 09:43:43.203 26626 INFO rally.task.runner [-] Task 49ffcdec-9945-4c82-ac3e-0d838f7ae0b7 | ITER: 34 START
2019-07-04 09:43:43.203 26626 WARNING rally_openstack.scenarios.neutron.utils [-] Running this scenario without either the 'network' or 'existing_network' context is deprecated
2019-07-04 09:43:44.819 26612 INFO rally.task.runner [-] Task 49ffcdec-9945-4c82-ac3e-0d838f7ae0b7 | ITER: 21 END: OK
2019-07-04 09:43:44.823 26612 INFO rally.task.runner [-] Task 49ffcdec-9945-4c82-ac3e-0d838f7ae0b7 | ITER: 35 START
2019-07-04 09:43:44.824 26612 WARNING rally_openstack.scenarios.neutron.utils [-] Running this scenario without either the 'network' or 'existing_network' context is deprecated
2019-07-04 09:43:46.220 26609 INFO rally.task.runner [-] Task 49ffcdec-9945-4c82-ac3e-0d838f7ae0b7 | ITER: 22 END: OK
2019-07-04 09:43:46.224 26609 INFO rally.task.runner [-] Task 49ffcdec-9945-4c82-ac3e-0d838f7ae0b7 | ITER: 36 START
2019-07-04 09:43:46.224 26609 WARNING rally_openstack.scenarios.neutron.utils [-] Running this scenario without either the 'network' or 'existing_network' context is deprecated
2019-07-04 09:43:51.381 26581 INFO rally.task.runner [-] Task 49ffcdec-9945-4c82-ac3e-0d838f7ae0b7 | ITER: 1 END: OK
2019-07-04 09:43:51.384 26581 INFO rally.task.runner [-] Task 49ffcdec-9945-4c82-ac3e-0d838f7ae0b7 | ITER: 37 START
2019-07-04 09:43:51.384 26581 WARNING rally_openstack.scenarios.neutron.utils [-] Running this scenario without either the 'network' or 'existing_network' context is deprecated
2019-07-04 09:43:51.801 26621 INFO rally.task.runner [-] Task 49ffcdec-9945-4c82-ac3e-0d838f7ae0b7 | ITER: 17 END: OK
2019-07-04 09:43:51.806 26621 INFO rally.task.runner [-] Task 49ffcdec-9945-4c82-ac3e-0d838f7ae0b7 | ITER: 38 START
2019-07-04 09:43:51.806 26621 WARNING rally_openstack.scenarios.neutron.utils [-] Running this scenario without either the 'network' or 'existing_network' context is deprecated
2019-07-04 09:43:52.049 26583 INFO rally.task.runner [-] Task 49ffcdec-9945-4c82-ac3e-0d838f7ae0b7 | ITER: 23 END: OK
2019-07-04 09:43:52.053 26582 INFO rally.task.runner [-] Task 49ffcdec-9945-4c82-ac3e-0d838f7ae0b7 | ITER: 5 END: OK
2019-07-04 09:43:52.053 26583 INFO rally.task.runner [-] Task 49ffcdec-9945-4c82-ac3e-0d838f7ae0b7 | ITER: 39 START
2019-07-04 09:43:52.054 26583 WARNING rally_openstack.scenarios.neutron.utils [-] Running this scenario without either the 'network' or 'existing_network' context is deprecated
2019-07-04 09:43:52.057 26582 INFO rally.task.runner [-] Task 49ffcdec-9945-4c82-ac3e-0d838f7ae0b7 | ITER: 40 START
2019-07-04 09:43:52.057 26582 WARNING rally_openstack.scenarios.neutron.utils [-] Running this scenario without either the 'network' or 'existing_network' context is deprecated
2019-07-04 09:43:52.576 26583 INFO rally.task.runner [-] Task 49ffcdec-9945-4c82-ac3e-0d838f7ae0b7 | ITER: 7 END: OK
2019-07-04 09:43:52.979 26582 INFO rally.task.runner [-] Task 49ffcdec-9945-4c82-ac3e-0d838f7ae0b7 | ITER: 25 END: OK
2019-07-04 09:43:53.051 26584 INFO rally.task.runner [-] Task 49ffcdec-9945-4c82-ac3e-0d838f7ae0b7 | ITER: 6 END: OK
2019-07-04 09:43:53.109 26601 INFO rally.task.runner [-] Task 49ffcdec-9945-4c82-ac3e-0d838f7ae0b7 | ITER: 13 END: OK
2019-07-04 09:43:53.802 26598 INFO rally.task.runner [-] Task 49ffcdec-9945-4c82-ac3e-0d838f7ae0b7 | ITER: 29 END: OK
2019-07-04 09:43:53.845 26614 INFO rally.task.runner [-] Task 49ffcdec-9945-4c82-ac3e-0d838f7ae0b7 | ITER: 32 END: OK
2019-07-04 09:43:58.059 26593 INFO rally.task.runner [-] Task 49ffcdec-9945-4c82-ac3e-0d838f7ae0b7 | ITER: 24 END: OK
2019-07-04 09:43:58.545 26625 INFO rally.task.runner [-] Task 49ffcdec-9945-4c82-ac3e-0d838f7ae0b7 | ITER: 27 END: OK
2019-07-04 09:43:58.850 26584 INFO rally.task.runner [-] Task 49ffcdec-9945-4c82-ac3e-0d838f7ae0b7 | ITER: 26 END: OK
2019-07-04 09:43:59.389 26626 INFO rally.task.runner [-] Task 49ffcdec-9945-4c82-ac3e-0d838f7ae0b7 | ITER: 34 END: OK
2019-07-04 09:43:59.468 26581 INFO rally.task.runner [-] Task 49ffcdec-9945-4c82-ac3e-0d838f7ae0b7 | ITER: 28 END: OK
2019-07-04 09:43:59.524 26609 INFO rally.task.runner [-] Task 49ffcdec-9945-4c82-ac3e-0d838f7ae0b7 | ITER: 36 END: OK
2019-07-04 09:44:00.002 26581 INFO rally.task.runner [-] Task 49ffcdec-9945-4c82-ac3e-0d838f7ae0b7 | ITER: 37 END: OK
2019-07-04 09:44:00.152 26612 INFO rally.task.runner [-] Task 49ffcdec-9945-4c82-ac3e-0d838f7ae0b7 | ITER: 35 END: OK
2019-07-04 09:44:00.286 26621 INFO rally.task.runner [-] Task 49ffcdec-9945-4c82-ac3e-0d838f7ae0b7 | ITER: 38 END: OK
2019-07-04 09:44:00.525 26583 INFO rally.task.runner [-] Task 49ffcdec-9945-4c82-ac3e-0d838f7ae0b7 | ITER: 39 END: OK
2019-07-04 09:44:00.610 26582 INFO rally.task.runner [-] Task 49ffcdec-9945-4c82-ac3e-0d838f7ae0b7 | ITER: 40 END: OK
2019-07-04 09:44:04.847 26588 INFO rally.task.runner [-] Task 49ffcdec-9945-4c82-ac3e-0d838f7ae0b7 | ITER: 31 END: OK
2019-07-04 09:44:05.121 26585 INFO rally.task.runner [-] Task 49ffcdec-9945-4c82-ac3e-0d838f7ae0b7 | ITER: 30 END: OK
2019-07-04 09:44:05.124 26622 INFO rally.task.runner [-] Task 49ffcdec-9945-4c82-ac3e-0d838f7ae0b7 | ITER: 33 END: OK
2019-07-04 09:44:05.147 22705 INFO rally.task.context [-] Task 49ffcdec-9945-4c82-ac3e-0d838f7ae0b7 | Context cleanup@openstack cleanup() started
2019-07-04 09:44:05.149 22705 RALLYDEBUG rally_openstack.cleanup.manager [-] Cleaning up neutron vip objects
2019-07-04 09:44:05.856 22705 RALLYDEBUG rally_openstack.cleanup.manager [-] Cleaning up neutron health_monitor objects
2019-07-04 09:44:06.672 22705 RALLYDEBUG rally_openstack.cleanup.manager [-] Cleaning up neutron pool objects
2019-07-04 09:44:07.301 22705 RALLYDEBUG rally_openstack.cleanup.manager [-] Cleaning up neutron loadbalancer objects
2019-07-04 09:44:08.004 22705 RALLYDEBUG rally_openstack.cleanup.manager [-] Cleaning up neutron floatingip objects
2019-07-04 09:44:08.738 22705 RALLYDEBUG rally_openstack.cleanup.manager [-] Cleaning up neutron port objects
2019-07-04 09:44:10.069 22705 RALLYDEBUG rally_openstack.cleanup.manager [-] Deleting neutron.port object s_rally_e9ea14d3_hBYIast5 (0046f40d-1024-4850-b02b-0ceb5df0808b)
2019-07-04 09:44:10.077 22705 RALLYDEBUG rally_openstack.cleanup.manager [-] Deleting neutron.port object s_rally_e9ea14d3_sCKLpjuD (081b2973-5db1-4762-b03c-67bba582147d)
2019-07-04 09:44:10.078 22705 RALLYDEBUG rally_openstack.cleanup.manager [-] Deleting neutron.port object s_rally_e9ea14d3_lnFJUwAF (013509fe-6321-4865-a145-8ad0b07c50bf)
2019-07-04 09:44:10.082 22705 RALLYDEBUG rally_openstack.cleanup.manager [-] Deleting neutron.port object s_rally_e9ea14d3_ebAVButB (0821c819-b619-44d1-aaa4-1fbccd03ae62)
2019-07-04 09:44:10.086 22705 RALLYDEBUG rally_openstack.cleanup.manager [-] Deleting neutron.port object s_rally_e9ea14d3_U8bIahrq (00f53c26-be55-4a04-b16f-a60ac92cddce)
2019-07-04 09:44:10.093 22705 RALLYDEBUG rally_openstack.cleanup.manager [-] Deleting neutron.port object s_rally_e9ea14d3_r2JdanSN (08879737-3904-4e36-b01a-aee85189bcab)
2019-07-04 09:44:10.096 22705 RALLYDEBUG rally_openstack.cleanup.manager [-] Deleting neutron.port object s_rally_e9ea14d3_zrL8EqaM (065539fa-9a4f-4342-b60d-2157a12b12a3)
2019-07-04 09:44:10.098 22705 RALLYDEBUG rally_openstack.cleanup.manager [-] Deleting neutron.port object s_rally_e9ea14d3_C44KtshW (01ab0eff-befc-4bce-957f-35a30e4ef8dc)
2019-07-04 09:44:10.098 22705 RALLYDEBUG rally_openstack.cleanup.manager [-] Deleting neutron.port object s_rally_e9ea14d3_pGMkfou0 (09bb703c-fd5e-4076-8d15-25af7a2f314c)
2019-07-04 09:44:10.100 22705 RALLYDEBUG rally_openstack.cleanup.manager [-] Deleting neutron.port object s_rally_e9ea14d3_v7blNhPR (034853d1-bc07-4f01-9b1c-ce7cb5905222)
2019-07-04 09:44:10.107 22705 RALLYDEBUG rally_openstack.cleanup.manager [-] Deleting neutron.port object s_rally_e9ea14d3_SGjwizCD (0a2a241c-e9a9-4997-ac89-fbd29c7f99b8)
2019-07-04 09:44:10.117 22705 RALLYDEBUG rally_openstack.cleanup.manager [-] Deleting neutron.port object s_rally_e9ea14d3_NdDYWoPT (0b3f3f1f-25dd-46f0-ba06-b7fd8dd09730)
2019-07-04 09:44:10.119 22705 RALLYDEBUG rally_openstack.cleanup.manager [-] Deleting neutron.port object s_rally_e9ea14d3_7ySPT9PF (03b60984-c4f6-485d-a798-d3a929cf52a9)
2019-07-04 09:44:10.128 22705 RALLYDEBUG rally_openstack.cleanup.manager [-] Deleting neutron.port object s_rally_e9ea14d3_fRBesOuu (0bd1e2e7-166c-4acd-a2df-122f100be1eb)
2019-07-04 09:44:10.139 22705 RALLYDEBUG rally_openstack.cleanup.manager [-] Deleting neutron.port object s_rally_e9ea14d3_pphNq2pN (0e2b3e22-8cec-4df1-9d64-51bec8112aae)
2019-07-04 09:44:10.143 22705 RALLYDEBUG rally_openstack.cleanup.manager [-] Deleting neutron.port object s_rally_e9ea14d3_IxHiP45N (0f70527d-5aa2-4151-8fe5-697633db9fdf)
2019-07-04 09:44:10.161 22705 RALLYDEBUG rally_openstack.cleanup.manager [-] Deleting neutron.port object s_rally_e9ea14d3_jhP8EYY1 (0fd20b6f-3bc1-4f7e-b98f-55ee83259b19)
2019-07-04 09:44:10.179 22705 RALLYDEBUG rally_openstack.cleanup.manager [-] Deleting neutron.port object s_rally_e9ea14d3_V3ZtEdSM (0fe36869-83a4-4a7d-a7fd-e1fce871cb81)
2019-07-04 09:44:10.186 22705 RALLYDEBUG rally_openstack.cleanup.manager [-] Deleting neutron.port object s_rally_e9ea14d3_tY6LQZdG (1249f338-6e05-4eb3-925c-df3e32e4d1b4)
2019-07-04 09:44:10.203 22705 RALLYDEBUG rally_openstack.cleanup.manager [-] Deleting neutron.port object s_rally_e9ea14d3_nymqZhSw (14026fb8-aa2a-4c74-bd7c-559a29a1952e)
2019-07-04 09:44:12.597 22705 RALLYDEBUG rally_openstack.cleanup.manager [-] Deleting neutron.port object s_rally_e9ea14d3_zuepIpF2 (1544ac72-c5bd-4ce4-ac19-a544daa70884)
2019-07-04 09:44:12.631 22705 RALLYDEBUG rally_openstack.cleanup.manager [-] Deleting neutron.port object s_rally_e9ea14d3_mmFPbgB6 (189c01f5-ab02-4ad9-98ed-66e6807dbafd)
2019-07-04 09:44:12.645 22705 RALLYDEBUG rally_openstack.cleanup.manager [-] Deleting neutron.port object s_rally_e9ea14d3_zVZBZdfb (18c461b0-35ab-4a8a-9c9c-74b2411fa612)
2019-07-04 09:44:12.672 22705 RALLYDEBUG rally_openstack.cleanup.manager [-] Deleting neutron.port object s_rally_e9ea14d3_c2U8NvH9 (1b652512-5340-48c9-a356-0c851f52ec3a)
2019-07-04 09:44:13.006 22705 RALLYDEBUG rally_openstack.cleanup.manager [-] Deleting neutron.port object s_rally_e9ea14d3_skVTSlyR (1bfd953a-d14b-4298-a485-4a811bf4fb41)
2019-07-04 09:44:13.352 22705 RALLYDEBUG rally_openstack.cleanup.manager [-] Deleting neutron.port object s_rally_e9ea14d3_jVEj7tQz (1cd434c8-d424-4647-960e-d5988c5b2980)
2019-07-04 09:44:14.373 22705 RALLYDEBUG rally_openstack.cleanup.manager [-] Deleting neutron.port object s_rally_e9ea14d3_Ed5pOp98 (1d35082a-966d-4767-99d0-b7a0dba4925e)
2019-07-04 09:44:14.384 22705 RALLYDEBUG rally_openstack.cleanup.manager [-] Deleting neutron.port object s_rally_e9ea14d3_9TwHVeLh (1f2aba90-070e-4de6-9d56-a6dcf1cd865f)
2019-07-04 09:44:14.871 22705 RALLYDEBUG rally_openstack.cleanup.manager [-] Deleting neutron.port object s_rally_e9ea14d3_B4VA1OuM (222a4679-f7d7-4832-afdb-6743aaff5c6c)
2019-07-04 09:44:15.131 22705 RALLYDEBUG rally_openstack.cleanup.manager [-] Deleting neutron.port object s_rally_e9ea14d3_26fzm5QN (226115b0-7768-4796-8227-9aa8f93e7162)
2019-07-04 09:44:15.606 22705 RALLYDEBUG rally_openstack.cleanup.manager [-] Deleting neutron.port object s_rally_e9ea14d3_wqShJmjV (230ad605-c370-41fb-878e-9573ab6dee55)
2019-07-04 09:44:15.616 22705 RALLYDEBUG rally_openstack.cleanup.manager [-] Deleting neutron.port object s_rally_e9ea14d3_ioskTQC6 (24a7ab08-91a7-435f-b4ed-6c4c8d5532de)
2019-07-04 09:44:15.625 22705 RALLYDEBUG rally_openstack.cleanup.manager [-] Deleting neutron.port object s_rally_e9ea14d3_kaNQkvpJ (24e9c47d-cbe3-4575-bf06-334d0008f349)
2019-07-04 09:44:15.802 22705 RALLYDEBUG rally_openstack.cleanup.manager [-] Deleting neutron.port object s_rally_e9ea14d3_cqQUQCJ1 (25aa7cce-be64-432c-b347-2bc3d5290c78)
2019-07-04 09:44:15.990 22705 RALLYDEBUG rally_openstack.cleanup.manager [-] Deleting neutron.port object s_rally_e9ea14d3_ELXgw7ss (25b01a93-fdb7-47e0-85ef-49640f1e7e55)
2019-07-04 09:44:16.159 22705 RALLYDEBUG rally_openstack.cleanup.manager [-] Deleting neutron.port object s_rally_e9ea14d3_pfaxmT7M (2673e082-d7c3-4a45-89c0-236a9bd305be)
2019-07-04 09:44:16.239 22705 RALLYDEBUG rally_openstack.cleanup.manager [-] Deleting neutron.port object s_rally_e9ea14d3_2RWPsVWX (27c34e07-bcb5-4838-af6e-96e0b75d5a93)
2019-07-04 09:44:16.274 22705 RALLYDEBUG rally_openstack.cleanup.manager [-] Deleting neutron.port object s_rally_e9ea14d3_7pZVtqqE (27e88c02-06ab-4da0-a88f-07b0a81feb1b)
2019-07-04 09:44:16.345 22705 RALLYDEBUG rally_openstack.cleanup.manager [-] Deleting neutron.port object s_rally_e9ea14d3_vduBFTqV (2876cf5f-7638-4981-b6c1-5f3b2df143fb)
2019-07-04 09:44:16.357 22705 RALLYDEBUG rally_openstack.cleanup.manager [-] Deleting neutron.port object s_rally_e9ea14d3_hMyLGHr5 (2983bdf2-26a2-43e7-b46a-4bbaa13aeadc)
2019-07-04 09:44:16.359 22705 RALLYDEBUG rally_openstack.cleanup.manager [-] Deleting neutron.port object s_rally_e9ea14d3_q6WSLTJc (29f807dc-f591-4140-9831-23b111f26367)
2019-07-04 09:44:16.519 22705 RALLYDEBUG rally_openstack.cleanup.manager [-] Deleting neutron.port object s_rally_e9ea14d3_zNoBaRqb (2a9b2d37-5b04-4b60-8fed-66bfbab53369)
2019-07-04 09:44:16.545 22705 RALLYDEBUG rally_openstack.cleanup.manager [-] Deleting neutron.port object s_rally_e9ea14d3_Cgx9xotd (2ae64616-8989-43f6-8593-0b2fc86d7e02)
2019-07-04 09:44:16.588 22705 RALLYDEBUG rally_openstack.cleanup.manager [-] Deleting neutron.port object s_rally_e9ea14d3_zHfUBjL1 (2ca80b7d-36de-4587-a132-7d9a76c8bccf)
2019-07-04 09:44:17.271 22705 RALLYDEBUG rally_openstack.cleanup.manager [-] Deleting neutron.port object s_rally_e9ea14d3_tneIepTp (2ec7fd1d-3192-4744-a63e-516592dd734c)
2019-07-04 09:44:17.386 22705 RALLYDEBUG rally_openstack.cleanup.manager [-] Deleting neutron.port object s_rally_e9ea14d3_BmFOPEy3 (2f619938-0a86-4244-b278-340d723dcdc8)
2019-07-04 09:44:17.442 22705 RALLYDEBUG rally_openstack.cleanup.manager [-] Deleting neutron.port object s_rally_e9ea14d3_Z5nnuRbX (32838f7e-3e7f-41cb-a076-4e2374fdd7fd)
2019-07-04 09:44:18.097 22705 RALLYDEBUG rally_openstack.cleanup.manager [-] Deleting neutron.port object s_rally_e9ea14d3_XnPq5SG6 (334f8edd-068a-41be-a349-0d478b2fd4ff)
2019-07-04 09:44:18.128 22705 RALLYDEBUG rally_openstack.cleanup.manager [-] Deleting neutron.port object s_rally_e9ea14d3_BCp6THwv (340edc24-7f55-4ed8-9420-0b5fbc58ce4b)
2019-07-04 09:44:18.327 22705 RALLYDEBUG rally_openstack.cleanup.manager [-] Deleting neutron.port object s_rally_e9ea14d3_L9tdIs9N (3a3a2736-efa0-418f-b65f-218b1f694f57)
2019-07-04 09:44:18.424 22705 RALLYDEBUG rally_openstack.cleanup.manager [-] Deleting neutron.port object s_rally_e9ea14d3_dgjtOO9l (3eb6a175-9a2d-4abc-8279-52ee1d435d38)
2019-07-04 09:44:18.432 22705 RALLYDEBUG rally_openstack.cleanup.manager [-] Deleting neutron.port object s_rally_e9ea14d3_BKbpuJGq (3f505571-3d39-4bea-8961-ed98d752b4e5)
2019-07-04 09:44:18.486 22705 RALLYDEBUG rally_openstack.cleanup.manager [-] Deleting neutron.port object s_rally_e9ea14d3_I9queADJ (3f8a601c-16ec-4eef-8675-03c61dbb5423)
2019-07-04 09:44:18.573 22705 RALLYDEBUG rally_openstack.cleanup.manager [-] Deleting neutron.port object s_rally_e9ea14d3_dJuQv6t3 (41dec440-2f23-4b00-9fa4-6c0dbf13ab0e)
2019-07-04 09:44:18.706 22705 RALLYDEBUG rally_openstack.cleanup.manager [-] Deleting neutron.port object s_rally_e9ea14d3_xqcSfcuM (43994158-0d7f-46c1-8bbf-f76fbcbfd68a)
2019-07-04 09:44:19.268 22705 RALLYDEBUG rally_openstack.cleanup.manager [-] Deleting neutron.port object s_rally_e9ea14d3_87T99fcr (43b77528-2151-48e8-9fa3-5e9b5f61032d)
2019-07-04 09:44:19.436 22705 RALLYDEBUG rally_openstack.cleanup.manager [-] Deleting neutron.port object s_rally_e9ea14d3_QFN9KF05 (4616b8bb-4d16-4dff-91b9-451ef0c992f9)
2019-07-04 09:44:19.445 22705 RALLYDEBUG rally_openstack.cleanup.manager [-] Deleting neutron.port object s_rally_e9ea14d3_83P1J02N (4bce67b6-d4d9-4561-9013-da90e793dced)
2019-07-04 09:44:19.648 22705 RALLYDEBUG rally_openstack.cleanup.manager [-] Deleting neutron.port object s_rally_e9ea14d3_yiyUWmD3 (4d43b0d6-cbd0-4c9b-aafa-119159410abc)
2019-07-04 09:44:19.694 22705 RALLYDEBUG rally_openstack.cleanup.manager [-] Deleting neutron.port object s_rally_e9ea14d3_m69OI1se (4d9403e0-d792-4c7b-8eb8-6023204b8fe9)
2019-07-04 09:44:19.696 22705 RALLYDEBUG rally_openstack.cleanup.manager [-] Deleting neutron.port object s_rally_e9ea14d3_i73SkLvo (4d85931d-d290-4b90-9b06-b0cfc03b0540)
2019-07-04 09:44:19.731 22705 RALLYDEBUG rally_openstack.cleanup.manager [-] Deleting neutron.port object s_rally_e9ea14d3_EEQW0eyG (50405c18-6ef3-4536-a3be-67f947ffba84)
2019-07-04 09:44:19.942 22705 RALLYDEBUG rally_openstack.cleanup.manager [-] Deleting neutron.port object s_rally_e9ea14d3_ze1qCzVz (53983d23-b9ee-419c-8e51-a601ee846fc4)
2019-07-04 09:44:19.952 22705 RALLYDEBUG rally_openstack.cleanup.manager [-] Deleting neutron.port object s_rally_e9ea14d3_HhnI0WrF (566df9ab-bce7-4738-a1d7-5cc60ae3a585)
2019-07-04 09:44:19.960 22705 RALLYDEBUG rally_openstack.cleanup.manager [-] Deleting neutron.port object s_rally_e9ea14d3_47sjUswI (5746684f-a504-454d-9db3-e9f1f20559a3)
2019-07-04 09:44:20.358 22705 RALLYDEBUG rally_openstack.cleanup.manager [-] Deleting neutron.port object s_rally_e9ea14d3_oM6WxFD3 (586890d4-af7c-4407-a6dd-6e9b1f124bca)
2019-07-04 09:44:20.388 22705 RALLYDEBUG rally_openstack.cleanup.manager [-] Deleting neutron.port object s_rally_e9ea14d3_FL7Y5Uda (594f39ef-9418-44e2-9a89-dc6124a02a86)
2019-07-04 09:44:20.448 22705 RALLYDEBUG rally_openstack.cleanup.manager [-] Deleting neutron.port object s_rally_e9ea14d3_ZahUgTUd (5a182a1d-a5f1-4d43-b4e8-0a4ef8cc6253)
2019-07-04 09:44:20.501 22705 RALLYDEBUG rally_openstack.cleanup.manager [-] Deleting neutron.port object s_rally_e9ea14d3_jjwo8P3f (5aaaeb0c-9bd2-4e1e-9608-46d9cdacefc7)
