2019-07-04 09:23:13.206 22696 RALLYDEBUG rally.api [-] INFO logs from urllib3 and requests module are hide.
2019-07-04 09:23:13.207 22696 RALLYDEBUG rally.api [-] urllib3 insecure warnings are hidden.
2019-07-04 09:23:13.207 22696 RALLYDEBUG rally.api [-] ERROR log from boto module is hide.
2019-07-04 09:23:15.475 22698 RALLYDEBUG rally.api [-] INFO logs from urllib3 and requests module are hide.
2019-07-04 09:23:15.476 22698 RALLYDEBUG rally.api [-] urllib3 insecure warnings are hidden.
2019-07-04 09:23:15.476 22698 RALLYDEBUG rally.api [-] ERROR log from boto module is hide.
2019-07-04 09:23:16.778 22698 WARNING rally_openstack.platforms.existing [-] endpoint is deprecated and not used.
2019-07-04 09:23:17.796 22700 RALLYDEBUG rally.api [-] INFO logs from urllib3 and requests module are hide.
2019-07-04 09:23:17.797 22700 RALLYDEBUG rally.api [-] urllib3 insecure warnings are hidden.
2019-07-04 09:23:17.797 22700 RALLYDEBUG rally.api [-] ERROR log from boto module is hide.
2019-07-04 09:23:21.082 22703 RALLYDEBUG rally.api [-] INFO logs from urllib3 and requests module are hide.
2019-07-04 09:23:21.083 22703 RALLYDEBUG rally.api [-] urllib3 insecure warnings are hidden.
2019-07-04 09:23:21.083 22703 RALLYDEBUG rally.api [-] ERROR log from boto module is hide.
2019-07-04 09:23:23.127 22705 RALLYDEBUG rally.api [-] INFO logs from urllib3 and requests module are hide.
2019-07-04 09:23:23.127 22705 RALLYDEBUG rally.api [-] urllib3 insecure warnings are hidden.
2019-07-04 09:23:23.127 22705 RALLYDEBUG rally.api [-] ERROR log from boto module is hide.
2019-07-04 09:23:24.340 22705 INFO rally.common.plugin.discover [-] Loading plugins from directories /root/.rally/plugins/*
2019-07-04 09:23:24.341 22705 INFO rally.common.plugin.discover [-] Loaded module with plugins: /root/.rally/plugins/__init__.py
2019-07-04 09:23:24.343 22705 INFO rally.common.plugin.discover [-] Loaded module with plugins: /root/.rally/plugins/trunk_scenario.py
2019-07-04 09:23:24.549 22705 INFO rally.task.engine [-] Task 49ffcdec-9945-4c82-ac3e-0d838f7ae0b7 | Starting: Task validation.
2019-07-04 09:23:24.590 22705 INFO rally.task.engine [-] Task 49ffcdec-9945-4c82-ac3e-0d838f7ae0b7 | Starting: Task validation of syntax.
2019-07-04 09:23:24.798 22705 INFO rally.task.engine [-] Task 49ffcdec-9945-4c82-ac3e-0d838f7ae0b7 | Completed: Task validation of syntax.
2019-07-04 09:23:24.798 22705 INFO rally.task.engine [-] Task 49ffcdec-9945-4c82-ac3e-0d838f7ae0b7 | Starting: Task validation of required platforms.
2019-07-04 09:23:24.856 22705 INFO rally.task.engine [-] Task 49ffcdec-9945-4c82-ac3e-0d838f7ae0b7 | Completed: Task validation of required platforms.
2019-07-04 09:23:24.857 22705 INFO rally.task.engine [-] Task 49ffcdec-9945-4c82-ac3e-0d838f7ae0b7 | Starting: Task validation of semantic.
2019-07-04 09:23:24.857 22705 INFO rally.task.engine [-] Check health of the environment '38864b5f-18bf-41a6-8644-1cf2a0dfc144'.
2019-07-04 09:23:25.686 22705 INFO rally.task.engine [-] Platform existing@openstack (available: True): OK!
2019-07-04 09:23:25.703 22705 RALLYDEBUG rally_openstack.contexts.keystone.users [-] Creating 1 tenants using 20 threads
2019-07-04 09:23:27.309 22705 RALLYDEBUG rally_openstack.contexts.keystone.users [-] Creating 1 users using 20 threads
2019-07-04 09:23:29.974 22705 INFO rally.task.context [-] Task 49ffcdec-9945-4c82-ac3e-0d838f7ae0b7 | Context users@openstack setup() finished in 4.27 sec
2019-07-04 09:23:35.957 22705 INFO rally.task.context [-] Task 49ffcdec-9945-4c82-ac3e-0d838f7ae0b7 | Context users@openstack cleanup() started
2019-07-04 09:23:40.620 22705 INFO rally.task.context [-] Task 49ffcdec-9945-4c82-ac3e-0d838f7ae0b7 | Context users@openstack cleanup() finished in 4.66 sec
2019-07-04 09:23:40.620 22705 INFO rally.task.engine [-] Task 49ffcdec-9945-4c82-ac3e-0d838f7ae0b7 | Completed: Task validation of semantic.
2019-07-04 09:23:40.621 22705 INFO rally.task.engine [-] Task 49ffcdec-9945-4c82-ac3e-0d838f7ae0b7 | Completed: Task validation.
2019-07-04 09:23:40.621 22705 INFO rally.api [-] Task 49ffcdec-9945-4c82-ac3e-0d838f7ae0b7 input file is valid.
2019-07-04 09:23:40.621 22705 INFO rally.api [-] Run Task 49ffcdec-9945-4c82-ac3e-0d838f7ae0b7 against Deployment 38864b5f-18bf-41a6-8644-1cf2a0dfc144
2019-07-04 09:23:40.622 22705 INFO rally.task.engine [-] Task 49ffcdec-9945-4c82-ac3e-0d838f7ae0b7 | Starting: Running task.
2019-07-04 09:23:40.745 22705 INFO rally.task.engine [-] Running workload: position = 0 config = { "version": 2, "title": "A cropped version of a bigger task.", "description": "Auto-generated task from a single workload (uuid=72217ad6-0635-49cf-939d-25db9041addf)", "subtasks": [ { "title": "NeutronNetworks.create_and_list_networks", "description": "Check performance of list_networks action and ensure > network quotas are not exceeded", "scenario": { "NeutronNetworks.create_and_list_networks": {} }, "contexts": { "users": { "tenants": 1, "users_per_tenant": 1 }, "quotas": { "neutron": { "network": 119 } } }, "runner": { "constant": { "times": 100, "concurrency": 20 } }, "hooks": [], "sla": { "max_avg_duration_per_atomic": { "neutron.list_networks": 15 }, "failure_rate": { "max": 0 } } } ] }
2019-07-04 09:23:40.767 22705 RALLYDEBUG rally_openstack.contexts.keystone.users [-] Creating 1 tenants using 20 threads
2019-07-04 09:23:42.369 22705 RALLYDEBUG rally_openstack.contexts.keystone.users [-] Creating 1 users using 20 threads
2019-07-04 09:23:45.209 22705 INFO rally.task.context [-] Task 49ffcdec-9945-4c82-ac3e-0d838f7ae0b7 | Context users@openstack setup() finished in 4.44 sec
2019-07-04 09:23:45.940 22705 INFO rally.task.context [-] Task 49ffcdec-9945-4c82-ac3e-0d838f7ae0b7 | Context quotas@openstack setup() finished in 0.73 sec
2019-07-04 09:23:45.940 22705 INFO rally.task.context [-] Task 49ffcdec-9945-4c82-ac3e-0d838f7ae0b7 | Context cleanup@openstack setup() finished in 0.03 msec
2019-07-04 09:23:45.947 22705 RALLYDEBUG rally.task.runner [-] Starting the constant runner (task UUID: 49ffcdec-9945-4c82-ac3e-0d838f7ae0b7). timeout: 0 concurrency: 20 concurrency_per_worker: 1 times: 100 concurrency_overhead: 4 processes_to_start: 16 max_cpu_used: 16
2019-07-04 09:23:45.959 22829 RALLYDEBUG rally.task.runner [-] Starting a worker. concurrency: 2 args: {} times: 100 method_name: run timeout: 0 duration: None cls:
2019-07-04 09:23:45.961 22830 RALLYDEBUG rally.task.runner [-] Starting a worker. concurrency: 2 args: {} times: 100 method_name: run timeout: 0 duration: None cls:
2019-07-04 09:23:45.964 22832 RALLYDEBUG rally.task.runner [-] Starting a worker. concurrency: 2 args: {} times: 100 method_name: run timeout: 0 duration: None cls:
2019-07-04 09:23:45.964 22831 RALLYDEBUG rally.task.runner [-] Starting a worker. concurrency: 2 args: {} times: 100 method_name: run timeout: 0 duration: None cls:
2019-07-04 09:23:45.967 22830 INFO rally.task.runner [-] Task 49ffcdec-9945-4c82-ac3e-0d838f7ae0b7 | ITER: 2 START
2019-07-04 09:23:45.968 22837 RALLYDEBUG rally.task.runner [-] Starting a worker. concurrency: 1 args: {} times: 100 method_name: run timeout: 0 duration: None cls:
2019-07-04 09:23:45.969 22832 INFO rally.task.runner [-] Task 49ffcdec-9945-4c82-ac3e-0d838f7ae0b7 | ITER: 5 START
2019-07-04 09:23:45.964 22829 INFO rally.task.runner [-] Task 49ffcdec-9945-4c82-ac3e-0d838f7ae0b7 | ITER: 1 START
2019-07-04 09:23:45.971 22841 RALLYDEBUG rally.task.runner [-] Starting a worker. concurrency: 1 args: {} times: 100 method_name: run timeout: 0 duration: None cls:
2019-07-04 09:23:45.971 22830 INFO rally.task.runner [-] Task 49ffcdec-9945-4c82-ac3e-0d838f7ae0b7 | ITER: 4 START
2019-07-04 09:23:45.972 22832 INFO rally.task.runner [-] Task 49ffcdec-9945-4c82-ac3e-0d838f7ae0b7 | ITER: 7 START
2019-07-04 09:23:45.971 22837 INFO rally.task.runner [-] Task 49ffcdec-9945-4c82-ac3e-0d838f7ae0b7 | ITER: 9 START
2019-07-04 09:23:45.975 22841 INFO rally.task.runner [-] Task 49ffcdec-9945-4c82-ac3e-0d838f7ae0b7 | ITER: 10 START
2019-07-04 09:23:45.976 22831 INFO rally.task.runner [-] Task 49ffcdec-9945-4c82-ac3e-0d838f7ae0b7 | ITER: 6 START
2019-07-04 09:23:45.977 22845 RALLYDEBUG rally.task.runner [-] Starting a worker. concurrency: 1 args: {} times: 100 method_name: run timeout: 0 duration: None cls:
2019-07-04 09:23:45.978 22849 RALLYDEBUG rally.task.runner [-] Starting a worker. concurrency: 1 args: {} times: 100 method_name: run timeout: 0 duration: None cls:
2019-07-04 09:23:45.980 22845 INFO rally.task.runner [-] Task 49ffcdec-9945-4c82-ac3e-0d838f7ae0b7 | ITER: 11 START
2019-07-04 09:23:45.980 22829 INFO rally.task.runner [-] Task 49ffcdec-9945-4c82-ac3e-0d838f7ae0b7 | ITER: 3 START
2019-07-04 09:23:45.984 22849 INFO rally.task.runner [-] Task 49ffcdec-9945-4c82-ac3e-0d838f7ae0b7 | ITER: 12 START
2019-07-04 09:23:45.983 22831 INFO rally.task.runner [-] Task 49ffcdec-9945-4c82-ac3e-0d838f7ae0b7 | ITER: 8 START
2019-07-04 09:23:45.987 22853 RALLYDEBUG rally.task.runner [-] Starting a worker. concurrency: 1 args: {} times: 100 method_name: run timeout: 0 duration: None cls:
2019-07-04 09:23:45.993 22853 INFO rally.task.runner [-] Task 49ffcdec-9945-4c82-ac3e-0d838f7ae0b7 | ITER: 13 START
2019-07-04 09:23:45.996 22859 RALLYDEBUG rally.task.runner [-] Starting a worker. concurrency: 1 args: {} times: 100 method_name: run timeout: 0 duration: None cls:
2019-07-04 09:23:46.007 22859 INFO rally.task.runner [-] Task 49ffcdec-9945-4c82-ac3e-0d838f7ae0b7 | ITER: 14 START
2019-07-04 09:23:46.007 22864 RALLYDEBUG rally.task.runner [-] Starting a worker. concurrency: 1 args: {} times: 100 method_name: run timeout: 0 duration: None cls:
2019-07-04 09:23:46.009 22861 RALLYDEBUG rally.task.runner [-] Starting a worker. concurrency: 1 args: {} times: 100 method_name: run timeout: 0 duration: None cls:
2019-07-04 09:23:46.009 22865 RALLYDEBUG rally.task.runner [-] Starting a worker. concurrency: 1 args: {} times: 100 method_name: run timeout: 0 duration: None cls:
2019-07-04 09:23:46.013 22865 INFO rally.task.runner [-] Task 49ffcdec-9945-4c82-ac3e-0d838f7ae0b7 | ITER: 17 START
2019-07-04 09:23:46.015 22861 INFO rally.task.runner [-] Task 49ffcdec-9945-4c82-ac3e-0d838f7ae0b7 | ITER: 16 START
2019-07-04 09:23:46.015 22864 INFO rally.task.runner [-] Task 49ffcdec-9945-4c82-ac3e-0d838f7ae0b7 | ITER: 15 START
2019-07-04 09:23:46.017 22866 RALLYDEBUG rally.task.runner [-] Starting a worker. concurrency: 1 args: {} times: 100 method_name: run timeout: 0 duration: None cls:
2019-07-04 09:23:46.022 22866 INFO rally.task.runner [-] Task 49ffcdec-9945-4c82-ac3e-0d838f7ae0b7 | ITER: 18 START
2019-07-04 09:23:46.022 22873 RALLYDEBUG rally.task.runner [-] Starting a worker. concurrency: 1 args: {} times: 100 method_name: run timeout: 0 duration: None cls:
2019-07-04 09:23:46.026 22876 RALLYDEBUG rally.task.runner [-] Starting a worker. concurrency: 1 args: {} times: 100 method_name: run timeout: 0 duration: None cls:
2019-07-04 09:23:46.027 22873 INFO rally.task.runner [-] Task 49ffcdec-9945-4c82-ac3e-0d838f7ae0b7 | ITER: 19 START
2019-07-04 09:23:46.030 22876 INFO rally.task.runner [-] Task 49ffcdec-9945-4c82-ac3e-0d838f7ae0b7 | ITER: 20 START
2019-07-04 09:23:47.213 22837 INFO rally.task.runner [-] Task 49ffcdec-9945-4c82-ac3e-0d838f7ae0b7 | ITER: 9 END: OK
2019-07-04 09:23:47.217 22837 INFO rally.task.runner [-] Task 49ffcdec-9945-4c82-ac3e-0d838f7ae0b7 | ITER: 21 START
2019-07-04 09:23:48.165 22841 INFO rally.task.runner [-] Task 49ffcdec-9945-4c82-ac3e-0d838f7ae0b7 | ITER: 10 END: OK
2019-07-04 09:23:48.168 22841 INFO rally.task.runner [-] Task 49ffcdec-9945-4c82-ac3e-0d838f7ae0b7 | ITER: 22 START
2019-07-04 09:23:48.369 22876 INFO rally.task.runner [-] Task 49ffcdec-9945-4c82-ac3e-0d838f7ae0b7 | ITER: 20 END: OK
2019-07-04 09:23:48.374 22876 INFO rally.task.runner [-] Task 49ffcdec-9945-4c82-ac3e-0d838f7ae0b7 | ITER: 23 START
2019-07-04 09:23:48.813 22849 INFO rally.task.runner [-] Task 49ffcdec-9945-4c82-ac3e-0d838f7ae0b7 | ITER: 12 END: OK
2019-07-04 09:23:48.816 22849 INFO rally.task.runner [-] Task 49ffcdec-9945-4c82-ac3e-0d838f7ae0b7 | ITER: 24 START
2019-07-04 09:23:48.975 22845 INFO rally.task.runner [-] Task 49ffcdec-9945-4c82-ac3e-0d838f7ae0b7 | ITER: 11 END: OK
2019-07-04 09:23:48.979 22845 INFO rally.task.runner [-] Task 49ffcdec-9945-4c82-ac3e-0d838f7ae0b7 | ITER: 25 START
2019-07-04 09:23:49.028 22832 INFO rally.task.runner [-] Task 49ffcdec-9945-4c82-ac3e-0d838f7ae0b7 | ITER: 5 END: OK
2019-07-04 09:23:49.032 22832 INFO rally.task.runner [-] Task 49ffcdec-9945-4c82-ac3e-0d838f7ae0b7 | ITER: 26 START
2019-07-04 09:23:49.065 22829 INFO rally.task.runner [-] Task 49ffcdec-9945-4c82-ac3e-0d838f7ae0b7 | ITER: 1 END: OK
2019-07-04 09:23:49.069 22829 INFO rally.task.runner [-] Task 49ffcdec-9945-4c82-ac3e-0d838f7ae0b7 | ITER: 27 START
2019-07-04 09:23:49.763 22830 INFO rally.task.runner [-] Task 49ffcdec-9945-4c82-ac3e-0d838f7ae0b7 | ITER: 4 END: OK
2019-07-04 09:23:49.767 22830 INFO rally.task.runner [-] Task 49ffcdec-9945-4c82-ac3e-0d838f7ae0b7 | ITER: 28 START
2019-07-04 09:23:50.047 22829 INFO rally.task.runner [-] Task 49ffcdec-9945-4c82-ac3e-0d838f7ae0b7 | ITER: 3 END: OK
2019-07-04 09:23:50.049 22832 INFO rally.task.runner [-] Task 49ffcdec-9945-4c82-ac3e-0d838f7ae0b7 | ITER: 7 END: OK
2019-07-04 09:23:50.051 22829 INFO rally.task.runner [-] Task 49ffcdec-9945-4c82-ac3e-0d838f7ae0b7 | ITER: 29 START
2019-07-04 09:23:50.052 22832 INFO rally.task.runner [-] Task 49ffcdec-9945-4c82-ac3e-0d838f7ae0b7 | ITER: 30 START
2019-07-04 09:23:50.199 22830 INFO rally.task.runner [-] Task 49ffcdec-9945-4c82-ac3e-0d838f7ae0b7 | ITER: 2 END: OK
2019-07-04 09:23:50.202 22830 INFO rally.task.runner [-] Task 49ffcdec-9945-4c82-ac3e-0d838f7ae0b7 | ITER: 31 START
2019-07-04 09:23:50.227 22859 INFO rally.task.runner [-] Task 49ffcdec-9945-4c82-ac3e-0d838f7ae0b7 | ITER: 14 END: OK
2019-07-04 09:23:50.230 22859 INFO rally.task.runner [-] Task 49ffcdec-9945-4c82-ac3e-0d838f7ae0b7 | ITER: 32 START
2019-07-04 09:23:50.672 22861 INFO rally.task.runner [-] Task 49ffcdec-9945-4c82-ac3e-0d838f7ae0b7 | ITER: 16 END: OK
2019-07-04 09:23:50.675 22861 INFO rally.task.runner [-] Task 49ffcdec-9945-4c82-ac3e-0d838f7ae0b7 | ITER: 33 START
2019-07-04 09:23:50.736 22853 INFO rally.task.runner [-] Task 49ffcdec-9945-4c82-ac3e-0d838f7ae0b7 | ITER: 13 END: OK
2019-07-04 09:23:50.739 22853 INFO rally.task.runner [-] Task 49ffcdec-9945-4c82-ac3e-0d838f7ae0b7 | ITER: 34 START
2019-07-04 09:23:50.854 22831 INFO rally.task.runner [-] Task 49ffcdec-9945-4c82-ac3e-0d838f7ae0b7 | ITER: 6 END: OK
2019-07-04 09:23:50.858 22831 INFO rally.task.runner [-] Task 49ffcdec-9945-4c82-ac3e-0d838f7ae0b7 | ITER: 35 START
2019-07-04 09:23:51.024 22865 INFO rally.task.runner [-] Task 49ffcdec-9945-4c82-ac3e-0d838f7ae0b7 | ITER: 17 END: OK
2019-07-04 09:23:51.028 22865 INFO rally.task.runner [-] Task 49ffcdec-9945-4c82-ac3e-0d838f7ae0b7 | ITER: 36 START
2019-07-04 09:23:51.078 22837 INFO rally.task.runner [-] Task 49ffcdec-9945-4c82-ac3e-0d838f7ae0b7 | ITER: 21 END: OK
2019-07-04 09:23:51.081 22837 INFO rally.task.runner [-] Task 49ffcdec-9945-4c82-ac3e-0d838f7ae0b7 | ITER: 37 START
2019-07-04 09:23:51.132 22831 INFO rally.task.runner [-] Task 49ffcdec-9945-4c82-ac3e-0d838f7ae0b7 | ITER: 8 END: OK
2019-07-04 09:23:51.135 22831 INFO rally.task.runner [-] Task 49ffcdec-9945-4c82-ac3e-0d838f7ae0b7 | ITER: 38 START
2019-07-04 09:23:51.260 22876 INFO rally.task.runner [-] Task 49ffcdec-9945-4c82-ac3e-0d838f7ae0b7 | ITER: 23 END: OK
2019-07-04 09:23:51.262 22866 INFO rally.task.runner [-] Task 49ffcdec-9945-4c82-ac3e-0d838f7ae0b7 | ITER: 18 END: OK
2019-07-04 09:23:51.264 22876 INFO rally.task.runner [-] Task 49ffcdec-9945-4c82-ac3e-0d838f7ae0b7 | ITER: 39 START
2019-07-04 09:23:51.267 22866 INFO rally.task.runner [-] Task 49ffcdec-9945-4c82-ac3e-0d838f7ae0b7 | ITER: 40 START
2019-07-04 09:23:51.404 22864 INFO rally.task.runner [-] Task 49ffcdec-9945-4c82-ac3e-0d838f7ae0b7 | ITER: 15 END: OK
2019-07-04 09:23:51.407 22873 INFO rally.task.runner [-] Task 49ffcdec-9945-4c82-ac3e-0d838f7ae0b7 | ITER: 19 END: OK
2019-07-04 09:23:51.408 22864 INFO rally.task.runner [-] Task 49ffcdec-9945-4c82-ac3e-0d838f7ae0b7 | ITER: 41 START
2019-07-04 09:23:51.411 22873 INFO rally.task.runner [-] Task 49ffcdec-9945-4c82-ac3e-0d838f7ae0b7 | ITER: 42 START
2019-07-04 09:23:52.138 22841 INFO rally.task.runner [-] Task 49ffcdec-9945-4c82-ac3e-0d838f7ae0b7 | ITER: 22 END: OK
2019-07-04 09:23:52.141 22841 INFO rally.task.runner [-] Task 49ffcdec-9945-4c82-ac3e-0d838f7ae0b7 | ITER: 43 START
2019-07-04 09:23:53.072 22832 INFO rally.task.runner [-] Task 49ffcdec-9945-4c82-ac3e-0d838f7ae0b7 | ITER: 30 END: OK
2019-07-04 09:23:53.076 22832 INFO rally.task.runner [-] Task 49ffcdec-9945-4c82-ac3e-0d838f7ae0b7 | ITER: 44 START
2019-07-04 09:23:53.084 22832 INFO rally.task.runner [-] Task 49ffcdec-9945-4c82-ac3e-0d838f7ae0b7 | ITER: 26 END: OK
2019-07-04 09:23:53.088 22832 INFO rally.task.runner [-] Task 49ffcdec-9945-4c82-ac3e-0d838f7ae0b7 | ITER: 45 START
2019-07-04 09:23:53.092 22830 INFO rally.task.runner [-] Task 49ffcdec-9945-4c82-ac3e-0d838f7ae0b7 | ITER: 31 END: OK
2019-07-04 09:23:53.095 22849 INFO rally.task.runner [-] Task 49ffcdec-9945-4c82-ac3e-0d838f7ae0b7 | ITER: 24 END: OK
2019-07-04 09:23:53.096 22830 INFO rally.task.runner [-] Task 49ffcdec-9945-4c82-ac3e-0d838f7ae0b7 | ITER: 46 START
2019-07-04 09:23:53.097 22845 INFO rally.task.runner [-] Task 49ffcdec-9945-4c82-ac3e-0d838f7ae0b7 | ITER: 25 END: OK
2019-07-04 09:23:53.099 22849 INFO rally.task.runner [-] Task 49ffcdec-9945-4c82-ac3e-0d838f7ae0b7 | ITER: 47 START
2019-07-04 09:23:53.100 22845 INFO rally.task.runner [-] Task 49ffcdec-9945-4c82-ac3e-0d838f7ae0b7 | ITER: 48 START
2019-07-04 09:23:53.438 22865 INFO rally.task.runner [-] Task 49ffcdec-9945-4c82-ac3e-0d838f7ae0b7 | ITER: 36 END: OK
2019-07-04 09:23:53.442 22865 INFO rally.task.runner [-] Task 49ffcdec-9945-4c82-ac3e-0d838f7ae0b7 | ITER: 49 START
2019-07-04 09:23:53.448 22831 INFO rally.task.runner [-] Task 49ffcdec-9945-4c82-ac3e-0d838f7ae0b7 | ITER: 35 END: OK
2019-07-04 09:23:53.452 22831 INFO rally.task.runner [-] Task 49ffcdec-9945-4c82-ac3e-0d838f7ae0b7 | ITER: 50 START
2019-07-04 09:23:53.649 22841 INFO rally.task.runner [-] Task 49ffcdec-9945-4c82-ac3e-0d838f7ae0b7 | ITER: 43 END: OK
2019-07-04 09:23:53.652 22841 INFO rally.task.runner [-] Task 49ffcdec-9945-4c82-ac3e-0d838f7ae0b7 | ITER: 51 START
2019-07-04 09:23:53.880 22829 INFO rally.task.runner [-] Task 49ffcdec-9945-4c82-ac3e-0d838f7ae0b7 | ITER: 27 END: OK
2019-07-04 09:23:53.883 22829 INFO rally.task.runner [-] Task 49ffcdec-9945-4c82-ac3e-0d838f7ae0b7 | ITER: 52 START
2019-07-04 09:23:53.958 22873 INFO rally.task.runner [-] Task 49ffcdec-9945-4c82-ac3e-0d838f7ae0b7 | ITER: 42 END: OK
2019-07-04 09:23:53.961 22873 INFO rally.task.runner [-] Task 49ffcdec-9945-4c82-ac3e-0d838f7ae0b7 | ITER: 53 START
2019-07-04 09:23:54.018 22837 INFO rally.task.runner [-] Task 49ffcdec-9945-4c82-ac3e-0d838f7ae0b7 | ITER: 37 END: OK
2019-07-04 09:23:54.022 22837 INFO rally.task.runner [-] Task 49ffcdec-9945-4c82-ac3e-0d838f7ae0b7 | ITER: 54 START
2019-07-04 09:23:54.127 22830 INFO rally.task.runner [-] Task 49ffcdec-9945-4c82-ac3e-0d838f7ae0b7 | ITER: 28 END: OK
2019-07-04 09:23:54.131 22830 INFO rally.task.runner [-] Task 49ffcdec-9945-4c82-ac3e-0d838f7ae0b7 | ITER: 55 START
2019-07-04 09:23:54.237 22829 INFO rally.task.runner [-] Task 49ffcdec-9945-4c82-ac3e-0d838f7ae0b7 | ITER: 29 END: OK
2019-07-04 09:23:54.240 22829 INFO rally.task.runner [-] Task 49ffcdec-9945-4c82-ac3e-0d838f7ae0b7 | ITER: 56 START
2019-07-04 09:23:54.335 22831 INFO rally.task.runner [-] Task 49ffcdec-9945-4c82-ac3e-0d838f7ae0b7 | ITER: 38 END: OK
2019-07-04 09:23:54.339 22831 INFO rally.task.runner [-] Task 49ffcdec-9945-4c82-ac3e-0d838f7ae0b7 | ITER: 57 START
2019-07-04 09:23:54.342 22876 INFO rally.task.runner [-] Task 49ffcdec-9945-4c82-ac3e-0d838f7ae0b7 | ITER: 39 END: OK
2019-07-04 09:23:54.345 22876 INFO rally.task.runner [-] Task 49ffcdec-9945-4c82-ac3e-0d838f7ae0b7 | ITER: 58 START
2019-07-04 09:23:54.349 22866 INFO rally.task.runner [-] Task 49ffcdec-9945-4c82-ac3e-0d838f7ae0b7 | ITER: 40 END: OK
2019-07-04 09:23:54.353 22866 INFO rally.task.runner [-] Task 49ffcdec-9945-4c82-ac3e-0d838f7ae0b7 | ITER: 59 START
2019-07-04 09:23:54.354 22864 INFO rally.task.runner [-] Task 49ffcdec-9945-4c82-ac3e-0d838f7ae0b7 | ITER: 41 END: OK
2019-07-04 09:23:54.358 22864 INFO rally.task.runner [-] Task 49ffcdec-9945-4c82-ac3e-0d838f7ae0b7 | ITER: 60 START
2019-07-04 09:23:54.667 22832 INFO rally.task.runner [-] Task 49ffcdec-9945-4c82-ac3e-0d838f7ae0b7 | ITER: 44 END: OK
2019-07-04 09:23:54.670 22832 INFO rally.task.runner [-] Task 49ffcdec-9945-4c82-ac3e-0d838f7ae0b7 | ITER: 61 START
2019-07-04 09:23:55.006 22861 INFO rally.task.runner [-] Task 49ffcdec-9945-4c82-ac3e-0d838f7ae0b7 | ITER: 33 END: OK
2019-07-04 09:23:55.010 22861 INFO rally.task.runner [-] Task 49ffcdec-9945-4c82-ac3e-0d838f7ae0b7 | ITER: 62 START
2019-07-04 09:23:55.055 22845 INFO rally.task.runner [-] Task 49ffcdec-9945-4c82-ac3e-0d838f7ae0b7 | ITER: 48 END: OK
2019-07-04 09:23:55.058 22845 INFO rally.task.runner [-] Task 49ffcdec-9945-4c82-ac3e-0d838f7ae0b7 | ITER: 63 START
2019-07-04 09:23:55.061 22830 INFO rally.task.runner [-] Task 49ffcdec-9945-4c82-ac3e-0d838f7ae0b7 | ITER: 46 END: OK
2019-07-04 09:23:55.065 22830 INFO rally.task.runner [-] Task 49ffcdec-9945-4c82-ac3e-0d838f7ae0b7 | ITER: 64 START
2019-07-04 09:23:55.175 22853 INFO rally.task.runner [-] Task 49ffcdec-9945-4c82-ac3e-0d838f7ae0b7 | ITER: 34 END: OK
2019-07-04 09:23:55.178 22853 INFO rally.task.runner [-] Task 49ffcdec-9945-4c82-ac3e-0d838f7ae0b7 | ITER: 65 START
2019-07-04 09:23:55.612 22832 INFO rally.task.runner [-] Task 49ffcdec-9945-4c82-ac3e-0d838f7ae0b7 | ITER: 45 END: OK
2019-07-04 09:23:55.615 22849 INFO rally.task.runner [-] Task 49ffcdec-9945-4c82-ac3e-0d838f7ae0b7 | ITER: 47 END: OK
2019-07-04 09:23:55.617 22832 INFO rally.task.runner [-] Task 49ffcdec-9945-4c82-ac3e-0d838f7ae0b7 | ITER: 66 START
2019-07-04 09:23:55.619 22849 INFO rally.task.runner [-] Task 49ffcdec-9945-4c82-ac3e-0d838f7ae0b7 | ITER: 67 START
2019-07-04 09:23:55.673 22831 INFO rally.task.runner [-] Task 49ffcdec-9945-4c82-ac3e-0d838f7ae0b7 | ITER: 50 END: OK
2019-07-04 09:23:55.677 22831 INFO rally.task.runner [-] Task 49ffcdec-9945-4c82-ac3e-0d838f7ae0b7 | ITER: 68 START
2019-07-04 09:23:55.722 22859 INFO rally.task.runner [-] Task 49ffcdec-9945-4c82-ac3e-0d838f7ae0b7 | ITER: 32 END: OK
2019-07-04 09:23:55.725 22859 INFO rally.task.runner [-] Task 49ffcdec-9945-4c82-ac3e-0d838f7ae0b7 | ITER: 69 START
2019-07-04 09:23:56.153 22841 INFO rally.task.runner [-] Task 49ffcdec-9945-4c82-ac3e-0d838f7ae0b7 | ITER: 51 END: OK
2019-07-04 09:23:56.156 22841 INFO rally.task.runner [-] Task 49ffcdec-9945-4c82-ac3e-0d838f7ae0b7 | ITER: 70 START
2019-07-04 09:23:56.253 22829 INFO rally.task.runner [-] Task 49ffcdec-9945-4c82-ac3e-0d838f7ae0b7 | ITER: 52 END: OK
2019-07-04 09:23:56.256 22829 INFO rally.task.runner [-] Task 49ffcdec-9945-4c82-ac3e-0d838f7ae0b7 | ITER: 71 START
2019-07-04 09:23:56.298 22873 INFO rally.task.runner [-] Task 49ffcdec-9945-4c82-ac3e-0d838f7ae0b7 | ITER: 53 END: OK
2019-07-04 09:23:56.301 22873 INFO rally.task.runner [-] Task 49ffcdec-9945-4c82-ac3e-0d838f7ae0b7 | ITER: 72 START
2019-07-04 09:23:56.417 22830 INFO rally.task.runner [-] Task 49ffcdec-9945-4c82-ac3e-0d838f7ae0b7 | ITER: 55 END: OK
2019-07-04 09:23:56.420 22830 INFO rally.task.runner [-] Task 49ffcdec-9945-4c82-ac3e-0d838f7ae0b7 | ITER: 73 START
2019-07-04 09:23:56.541 22864 INFO rally.task.runner [-] Task 49ffcdec-9945-4c82-ac3e-0d838f7ae0b7 | ITER: 60 END: OK
2019-07-04 09:23:56.544 22864 INFO rally.task.runner [-] Task 49ffcdec-9945-4c82-ac3e-0d838f7ae0b7 | ITER: 74 START
2019-07-04 09:23:56.985 22845 INFO rally.task.runner [-] Task 49ffcdec-9945-4c82-ac3e-0d838f7ae0b7 | ITER: 63 END: OK
2019-07-04 09:23:56.988 22845 INFO rally.task.runner [-] Task 49ffcdec-9945-4c82-ac3e-0d838f7ae0b7 | ITER: 75 START
2019-07-04 09:23:56.998 22832 INFO rally.task.runner [-] Task 49ffcdec-9945-4c82-ac3e-0d838f7ae0b7 | ITER: 61 END: OK
2019-07-04 09:23:57.001 22832 INFO rally.task.runner [-] Task 49ffcdec-9945-4c82-ac3e-0d838f7ae0b7 | ITER: 76 START
2019-07-04 09:23:57.005 22865 INFO rally.task.runner [-] Task 49ffcdec-9945-4c82-ac3e-0d838f7ae0b7 | ITER: 49 END: OK
2019-07-04 09:23:57.008 22865 INFO rally.task.runner [-] Task 49ffcdec-9945-4c82-ac3e-0d838f7ae0b7 | ITER: 77 START
2019-07-04 09:23:57.070 22837 INFO rally.task.runner [-] Task 49ffcdec-9945-4c82-ac3e-0d838f7ae0b7 | ITER: 54 END: OK
2019-07-04 09:23:57.073 22837 INFO rally.task.runner [-] Task 49ffcdec-9945-4c82-ac3e-0d838f7ae0b7 | ITER: 78 START
2019-07-04 09:23:57.077 22831 INFO rally.task.runner [-] Task 49ffcdec-9945-4c82-ac3e-0d838f7ae0b7 | ITER: 57 END: OK
2019-07-04 09:23:57.080 22831 INFO rally.task.runner [-] Task 49ffcdec-9945-4c82-ac3e-0d838f7ae0b7 | ITER: 79 START
2019-07-04 09:23:57.121 22876 INFO rally.task.runner [-] Task 49ffcdec-9945-4c82-ac3e-0d838f7ae0b7 | ITER: 58 END: OK
2019-07-04 09:23:57.124 22876 INFO rally.task.runner [-] Task 49ffcdec-9945-4c82-ac3e-0d838f7ae0b7 | ITER: 80 START
2019-07-04 09:23:57.311 22830 INFO rally.task.runner [-] Task 49ffcdec-9945-4c82-ac3e-0d838f7ae0b7 | ITER: 64 END: OK
2019-07-04 09:23:57.314 22830 INFO rally.task.runner [-] Task 49ffcdec-9945-4c82-ac3e-0d838f7ae0b7 | ITER: 81 START
2019-07-04 09:23:57.315 22829 INFO rally.task.runner [-] Task 49ffcdec-9945-4c82-ac3e-0d838f7ae0b7 | ITER: 56 END: OK
2019-07-04 09:23:57.319 22829 INFO rally.task.runner [-] Task 49ffcdec-9945-4c82-ac3e-0d838f7ae0b7 | ITER: 82 START
2019-07-04 09:23:57.352 22853 INFO rally.task.runner [-] Task 49ffcdec-9945-4c82-ac3e-0d838f7ae0b7 | ITER: 65 END: OK
2019-07-04 09:23:57.355 22853 INFO rally.task.runner [-] Task 49ffcdec-9945-4c82-ac3e-0d838f7ae0b7 | ITER: 83 START
2019-07-04 09:23:57.419 22866 INFO rally.task.runner [-] Task 49ffcdec-9945-4c82-ac3e-0d838f7ae0b7 | ITER: 59 END: OK
2019-07-04 09:23:57.421 22866 INFO rally.task.runner [-] Task 49ffcdec-9945-4c82-ac3e-0d838f7ae0b7 | ITER: 84 START
2019-07-04 09:23:57.685 22861 INFO rally.task.runner [-] Task 49ffcdec-9945-4c82-ac3e-0d838f7ae0b7 | ITER: 62 END: OK
2019-07-04 09:23:57.689 22861 INFO rally.task.runner [-] Task 49ffcdec-9945-4c82-ac3e-0d838f7ae0b7 | ITER: 85 START
2019-07-04 09:23:57.785 22832 INFO rally.task.runner [-] Task 49ffcdec-9945-4c82-ac3e-0d838f7ae0b7 | ITER: 66 END: OK
2019-07-04 09:23:57.788 22832 INFO rally.task.runner [-] Task 49ffcdec-9945-4c82-ac3e-0d838f7ae0b7 | ITER: 86 START
2019-07-04 09:23:58.080 22859 INFO rally.task.runner [-] Task 49ffcdec-9945-4c82-ac3e-0d838f7ae0b7 | ITER: 69 END: OK
2019-07-04 09:23:58.083 22859 INFO rally.task.runner [-] Task 49ffcdec-9945-4c82-ac3e-0d838f7ae0b7 | ITER: 87 START
2019-07-04 09:23:58.389 22849 INFO rally.task.runner [-] Task 49ffcdec-9945-4c82-ac3e-0d838f7ae0b7 | ITER: 67 END: OK
2019-07-04 09:23:58.393 22849 INFO rally.task.runner [-] Task 49ffcdec-9945-4c82-ac3e-0d838f7ae0b7 | ITER: 88 START
2019-07-04 09:23:58.946 22841 INFO rally.task.runner [-] Task 49ffcdec-9945-4c82-ac3e-0d838f7ae0b7 | ITER: 70 END: OK
2019-07-04 09:23:58.949 22841 INFO rally.task.runner [-] Task 49ffcdec-9945-4c82-ac3e-0d838f7ae0b7 | ITER: 89 START
2019-07-04 09:23:59.144 22830 INFO rally.task.runner [-] Task 49ffcdec-9945-4c82-ac3e-0d838f7ae0b7 | ITER: 73 END: OK
2019-07-04 09:23:59.148 22830 INFO rally.task.runner [-] Task 49ffcdec-9945-4c82-ac3e-0d838f7ae0b7 | ITER: 90 START
2019-07-04 09:23:59.162 22873 INFO rally.task.runner [-] Task 49ffcdec-9945-4c82-ac3e-0d838f7ae0b7 | ITER: 72 END: OK
2019-07-04 09:23:59.165 22873 INFO rally.task.runner [-] Task 49ffcdec-9945-4c82-ac3e-0d838f7ae0b7 | ITER: 91 START
2019-07-04 09:23:59.228 22831 INFO rally.task.runner [-] Task 49ffcdec-9945-4c82-ac3e-0d838f7ae0b7 | ITER: 68 END: OK
2019-07-04 09:23:59.231 22831 INFO rally.task.runner [-] Task 49ffcdec-9945-4c82-ac3e-0d838f7ae0b7 | ITER: 92 START
2019-07-04 09:23:59.258 22829 INFO rally.task.runner [-] Task 49ffcdec-9945-4c82-ac3e-0d838f7ae0b7 | ITER: 71 END: OK
2019-07-04 09:23:59.261 22829 INFO rally.task.runner [-] Task 49ffcdec-9945-4c82-ac3e-0d838f7ae0b7 | ITER: 93 START
2019-07-04 09:23:59.419 22865 INFO rally.task.runner [-] Task 49ffcdec-9945-4c82-ac3e-0d838f7ae0b7 | ITER: 77 END: OK
2019-07-04 09:23:59.421 22865 INFO rally.task.runner [-] Task 49ffcdec-9945-4c82-ac3e-0d838f7ae0b7 | ITER: 94 START
2019-07-04 09:23:59.742 22830 INFO rally.task.runner [-] Task 49ffcdec-9945-4c82-ac3e-0d838f7ae0b7 | ITER: 81 END: OK
2019-07-04 09:23:59.745 22830 INFO rally.task.runner [-] Task 49ffcdec-9945-4c82-ac3e-0d838f7ae0b7 | ITER: 95 START
2019-07-04 09:23:59.758 22866 INFO rally.task.runner [-] Task 49ffcdec-9945-4c82-ac3e-0d838f7ae0b7 | ITER: 84 END: OK
2019-07-04 09:23:59.761 22866 INFO rally.task.runner [-] Task 49ffcdec-9945-4c82-ac3e-0d838f7ae0b7 | ITER: 96 START
2019-07-04 09:23:59.909 22864 INFO rally.task.runner [-] Task 49ffcdec-9945-4c82-ac3e-0d838f7ae0b7 | ITER: 74 END: OK
2019-07-04 09:23:59.911 22864 INFO rally.task.runner [-] Task 49ffcdec-9945-4c82-ac3e-0d838f7ae0b7 | ITER: 97 START
2019-07-04 09:24:00.153 22837 INFO rally.task.runner [-] Task 49ffcdec-9945-4c82-ac3e-0d838f7ae0b7 | ITER: 78 END: OK
2019-07-04 09:24:00.155 22837 INFO rally.task.runner [-] Task 49ffcdec-9945-4c82-ac3e-0d838f7ae0b7 | ITER: 98 START
2019-07-04 09:24:00.208 22859 INFO rally.task.runner [-] Task 49ffcdec-9945-4c82-ac3e-0d838f7ae0b7 | ITER: 87 END: OK
2019-07-04 09:24:00.211 22859 INFO rally.task.runner [-] Task 49ffcdec-9945-4c82-ac3e-0d838f7ae0b7 | ITER: 99 START
2019-07-04 09:24:00.235 22849 INFO rally.task.runner [-] Task 49ffcdec-9945-4c82-ac3e-0d838f7ae0b7 | ITER: 88 END: OK
2019-07-04 09:24:00.238 22849 INFO rally.task.runner [-] Task 49ffcdec-9945-4c82-ac3e-0d838f7ae0b7 | ITER: 100 START
2019-07-04 09:24:00.435 22853 INFO rally.task.runner [-] Task 49ffcdec-9945-4c82-ac3e-0d838f7ae0b7 | ITER: 83 END: OK
2019-07-04 09:24:00.689 22832 INFO rally.task.runner [-] Task 49ffcdec-9945-4c82-ac3e-0d838f7ae0b7 | ITER: 86 END: OK
2019-07-04 09:24:00.694 22861 INFO rally.task.runner [-] Task 49ffcdec-9945-4c82-ac3e-0d838f7ae0b7 | ITER: 85 END: OK
2019-07-04 09:24:00.876 22830 INFO rally.task.runner [-] Task 49ffcdec-9945-4c82-ac3e-0d838f7ae0b7 | ITER: 90 END: OK
2019-07-04 09:24:01.026 22841 INFO rally.task.runner [-] Task 49ffcdec-9945-4c82-ac3e-0d838f7ae0b7 | ITER: 89 END: OK
2019-07-04 09:24:01.246 22832 INFO rally.task.runner [-] Task 49ffcdec-9945-4c82-ac3e-0d838f7ae0b7 | ITER: 76 END: OK
2019-07-04 09:24:01.486 22831 INFO rally.task.runner [-] Task 49ffcdec-9945-4c82-ac3e-0d838f7ae0b7 | ITER: 92 END: OK
2019-07-04 09:24:01.563 22829 INFO rally.task.runner [-] Task 49ffcdec-9945-4c82-ac3e-0d838f7ae0b7 | ITER: 93 END: OK
2019-07-04 09:24:01.651 22865 INFO rally.task.runner [-] Task 49ffcdec-9945-4c82-ac3e-0d838f7ae0b7 | ITER: 94 END: OK
2019-07-04 09:24:01.692 22845 INFO rally.task.runner [-] Task 49ffcdec-9945-4c82-ac3e-0d838f7ae0b7 | ITER: 75 END: OK
2019-07-04 09:24:01.752 22830 INFO rally.task.runner [-] Task 49ffcdec-9945-4c82-ac3e-0d838f7ae0b7 | ITER: 95 END: OK
2019-07-04 09:24:01.771 22866 INFO rally.task.runner [-] Task 49ffcdec-9945-4c82-ac3e-0d838f7ae0b7 | ITER: 96 END: OK
2019-07-04 09:24:01.771 22829 INFO rally.task.runner [-] Task 49ffcdec-9945-4c82-ac3e-0d838f7ae0b7 | ITER: 82 END: OK
2019-07-04 09:24:01.812 22876 INFO rally.task.runner [-] Task 49ffcdec-9945-4c82-ac3e-0d838f7ae0b7 | ITER: 80 END: OK
2019-07-04 09:24:01.950 22864 INFO rally.task.runner [-] Task 49ffcdec-9945-4c82-ac3e-0d838f7ae0b7 | ITER: 97 END: OK
2019-07-04 09:24:02.097 22831 INFO rally.task.runner [-] Task 49ffcdec-9945-4c82-ac3e-0d838f7ae0b7 | ITER: 79 END: OK
2019-07-04 09:24:02.666 22837 INFO rally.task.runner [-] Task 49ffcdec-9945-4c82-ac3e-0d838f7ae0b7 | ITER: 98 END: OK
2019-07-04 09:24:03.016 22859 INFO rally.task.runner [-] Task 49ffcdec-9945-4c82-ac3e-0d838f7ae0b7 | ITER: 99 END: OK
2019-07-04 09:24:03.138 22849 INFO rally.task.runner [-] Task 49ffcdec-9945-4c82-ac3e-0d838f7ae0b7 | ITER: 100 END: OK
2019-07-04 09:24:03.336 22873 INFO rally.task.runner [-] Task 49ffcdec-9945-4c82-ac3e-0d838f7ae0b7 | ITER: 91 END: OK
2019-07-04 09:24:03.364 22705 INFO rally.task.context [-] Task 49ffcdec-9945-4c82-ac3e-0d838f7ae0b7 | Context cleanup@openstack cleanup() started
2019-07-04 09:24:03.368 22705 RALLYDEBUG rally_openstack.cleanup.manager [-] Cleaning up neutron vip objects
2019-07-04 09:24:04.109 22705 RALLYDEBUG rally_openstack.cleanup.manager [-] Cleaning up neutron health_monitor objects
2019-07-04 09:24:04.732 22705 RALLYDEBUG rally_openstack.cleanup.manager [-] Cleaning up neutron pool objects
2019-07-04 09:24:05.371 22705 RALLYDEBUG rally_openstack.cleanup.manager [-] Cleaning up neutron loadbalancer objects
2019-07-04 09:24:06.109 22705 RALLYDEBUG rally_openstack.cleanup.manager [-] Cleaning up neutron floatingip objects
2019-07-04 09:24:06.864 22705 RALLYDEBUG rally_openstack.cleanup.manager [-] Cleaning up neutron port objects
2019-07-04 09:24:07.522 22705 RALLYDEBUG rally_openstack.cleanup.manager [-] Cleaning up neutron subnet objects
2019-07-04 09:24:08.240 22705 RALLYDEBUG rally_openstack.cleanup.manager [-] Cleaning up neutron network objects
2019-07-04 09:24:09.425 22705 RALLYDEBUG rally_openstack.cleanup.manager [-] Deleting neutron.network object s_rally_72217ad6_wd535xw5 (123a7068-a81b-4801-bd77-0c2001bfb3b0)
2019-07-04 09:24:09.430 22705 RALLYDEBUG rally_openstack.cleanup.manager [-] Deleting neutron.network object s_rally_72217ad6_HQy8Ub5x (1a1247b2-c9a6-4d93-b0e1-be33aff3423a)
2019-07-04 09:24:09.436 22705 RALLYDEBUG rally_openstack.cleanup.manager [-] Deleting neutron.network object s_rally_72217ad6_1L7Ol9Hi (18981ea5-a352-4ac9-8073-fc1ba491ac13)
2019-07-04 09:24:09.436 22705 RALLYDEBUG rally_openstack.cleanup.manager [-] Deleting neutron.network object s_rally_72217ad6_EpcX8Psx (0f068bdf-e9d3-48c3-bf00-c09ce83962b0)
2019-07-04 09:24:09.445 22705 RALLYDEBUG rally_openstack.cleanup.manager [-] Deleting neutron.network object s_rally_72217ad6_rAcJJ2UZ (0327220c-e012-4643-83fe-9a0f766b9234)
2019-07-04 09:24:09.445 22705 RALLYDEBUG rally_openstack.cleanup.manager [-] Deleting neutron.network object s_rally_72217ad6_L4I8kzSt (01070611-1260-4435-ae5a-10825f8860f2)
2019-07-04 09:24:09.445 22705 RALLYDEBUG rally_openstack.cleanup.manager [-] Deleting neutron.network object s_rally_72217ad6_gjFOwtkx (1b0027f0-6daa-415a-82f3-842ac8b6d782)
2019-07-04 09:24:09.449 22705 RALLYDEBUG rally_openstack.cleanup.manager [-] Deleting neutron.network object s_rally_72217ad6_ZKPrNLp3 (0d47a40d-732c-4b52-9912-020fd1911756)
2019-07-04 09:24:09.460 22705 RALLYDEBUG rally_openstack.cleanup.manager [-] Deleting neutron.network object s_rally_72217ad6_NGJnmGed (1b18ced3-5293-4175-a573-cc79f5b8ae5b)
2019-07-04 09:24:09.472 22705 RALLYDEBUG rally_openstack.cleanup.manager [-] Deleting neutron.network object s_rally_72217ad6_GymrWJhV (0aede1fa-2826-4ed1-a35e-c086170fd1c8)
2019-07-04 09:24:09.472 22705 RALLYDEBUG rally_openstack.cleanup.manager [-] Deleting neutron.network object s_rally_72217ad6_wr1Pxo9X (28490c0e-495c-4d99-8871-676da12016b0)
2019-07-04 09:24:09.472 22705 RALLYDEBUG rally_openstack.cleanup.manager [-] Deleting neutron.network object s_rally_72217ad6_zvXme5Ir (2086efc3-a392-4a88-b044-2d3ea23308a6)
2019-07-04 09:24:09.475 22705 RALLYDEBUG rally_openstack.cleanup.manager [-] Deleting neutron.network object s_rally_72217ad6_BmemLd52 (13c50acd-6c4e-429f-a2e9-1f3e58313758)
2019-07-04 09:24:09.493 22705 RALLYDEBUG rally_openstack.cleanup.manager [-] Deleting neutron.network object s_rally_72217ad6_yJwtK7in (29f7cde8-ff96-4eb0-8109-b24051b64f0b)
2019-07-04 09:24:09.496 22705 RALLYDEBUG rally_openstack.cleanup.manager [-] Deleting neutron.network object s_rally_72217ad6_s12CA2GP (1018b9cb-0e9a-4720-b598-0123832bcd16)
2019-07-04 09:24:09.518 22705 RALLYDEBUG rally_openstack.cleanup.manager [-] Deleting neutron.network object s_rally_72217ad6_53CJIJ69 (2bf97024-9725-49ab-a88c-7c1816787f83)
2019-07-04 09:24:09.535 22705 RALLYDEBUG rally_openstack.cleanup.manager [-] Deleting neutron.network object s_rally_72217ad6_z60vf1zS (2d401d95-fa6f-460e-8cd9-dbe3a197245d)
2019-07-04 09:24:09.535 22705 RALLYDEBUG rally_openstack.cleanup.manager [-] Deleting neutron.network object s_rally_72217ad6_VhphNFcE (2e493a7a-6ae0-4b0e-a60f-4a0ae9c3889f)
2019-07-04 09:24:09.550 22705 RALLYDEBUG rally_openstack.cleanup.manager [-] Deleting neutron.network object s_rally_72217ad6_guGF6LRl (2ef337e1-5a5c-4bc5-a6b5-e2fbfbb701b4)
2019-07-04 09:24:09.555 22705 RALLYDEBUG rally_openstack.cleanup.manager [-] Deleting neutron.network object s_rally_72217ad6_sx2fJmgr (30b10db3-5fc8-4a02-85b7-92bbb859a8dc)
2019-07-04 09:24:13.280 22705 RALLYDEBUG rally_openstack.cleanup.manager [-] Deleting neutron.network object s_rally_72217ad6_Ki8cSfll (375c1efa-2af2-410a-a997-5b3cf35ed01d)
2019-07-04 09:24:13.287 22705 RALLYDEBUG rally_openstack.cleanup.manager [-] Deleting neutron.network object s_rally_72217ad6_D3DFL7rK (3e14a588-37fb-47a0-a311-d16f892204f8)
2019-07-04 09:24:13.355 22705 RALLYDEBUG rally_openstack.cleanup.manager [-] Deleting neutron.network object s_rally_72217ad6_OlXVX2nI (4294afa9-c118-4732-84ed-e5619d346cc5)
2019-07-04 09:24:13.377 22705 RALLYDEBUG rally_openstack.cleanup.manager [-] Deleting neutron.network object s_rally_72217ad6_CLojIyGR (433d08d9-a704-4909-b5ed-96e343981904)
2019-07-04 09:24:13.443 22705 RALLYDEBUG rally_openstack.cleanup.manager [-] Deleting neutron.network object s_rally_72217ad6_MaVm02OH (439593fe-e71c-43da-8602-f60e675054bc)
2019-07-04 09:24:13.457 22705 RALLYDEBUG rally_openstack.cleanup.manager [-] Deleting neutron.network object s_rally_72217ad6_wjxoKNl7 (441e9d65-c48a-4021-9479-4a5f15face4a)
2019-07-04 09:24:13.606 22705 RALLYDEBUG rally_openstack.cleanup.manager [-] Deleting neutron.network object s_rally_72217ad6_CoExXTJU (44aaf70a-3cbb-4ca6-aa39-dc87c8d092fb)
2019-07-04 09:24:13.648 22705 RALLYDEBUG rally_openstack.cleanup.manager [-] Deleting neutron.network object s_rally_72217ad6_oKXhScCQ (4592cf6e-087d-4082-b7f6-65f7b34304ca)
2019-07-04 09:24:13.657 22705 RALLYDEBUG rally_openstack.cleanup.manager [-] Deleting neutron.network object s_rally_72217ad6_AHzFMuZW (45ef7ee5-f67d-4220-989b-1e480b18fb91)
2019-07-04 09:24:13.970 22705 RALLYDEBUG rally_openstack.cleanup.manager [-] Deleting neutron.network object s_rally_72217ad6_R0UOe3AX (4722eb80-01e4-462e-8e37-6f22663cc56d)
2019-07-04 09:24:13.999 22705 RALLYDEBUG rally_openstack.cleanup.manager [-] Deleting neutron.network object s_rally_72217ad6_4Ii3lfSm (4a48ded2-446a-48db-8b26-8631ec5cd6ca)
2019-07-04 09:24:15.110 22705 RALLYDEBUG rally_openstack.cleanup.manager [-] Deleting neutron.network object s_rally_72217ad6_fisPSt25 (4a5416e4-ff2f-4204-889f-d3f97557ddc8)
2019-07-04 09:24:15.354 22705 RALLYDEBUG rally_openstack.cleanup.manager [-] Deleting neutron.network object s_rally_72217ad6_ssM4VQZp (4b206224-a656-4f14-9b91-39e5ca6eeffc)
2019-07-04 09:24:15.518 22705 RALLYDEBUG rally_openstack.cleanup.manager [-] Deleting neutron.network object s_rally_72217ad6_P2qKnq3f (4dcff61e-ad84-451f-a197-d2068624a45a)
2019-07-04 09:24:15.531 22705 RALLYDEBUG rally_openstack.cleanup.manager [-] Deleting neutron.network object s_rally_72217ad6_vvqhwOsP (512bfb74-b952-4bc8-92e4-2ec85b7d9a49)
2019-07-04 09:24:15.991 22705 RALLYDEBUG rally_openstack.cleanup.manager [-] Deleting neutron.network object s_rally_72217ad6_45LP7eHD (51d7fa55-225e-4568-87c9-917c2b6dbf1c)
2019-07-04 09:24:16.757 22705 RALLYDEBUG rally_openstack.cleanup.manager [-] Deleting neutron.network object s_rally_72217ad6_spRAs8r3 (59466dc8-f036-44cf-9127-02deaa40e143)
2019-07-04 09:24:16.890 22705 RALLYDEBUG rally_openstack.cleanup.manager [-] Deleting neutron.network object s_rally_72217ad6_L3KJ2kU3 (5b951578-667d-442a-9ec6-d4809ae77699)
2019-07-04 09:24:16.892 22705 RALLYDEBUG rally_openstack.cleanup.manager [-] Deleting neutron.network object s_rally_72217ad6_ht8yK4Y7 (64d4e552-2536-4d7a-9939-de4e7450b41c)
2019-07-04 09:24:16.897 22705 RALLYDEBUG rally_openstack.cleanup.manager [-] Deleting neutron.network object s_rally_72217ad6_WzkLYEAx (6809e6e1-6534-42aa-9d5a-66341b40bc3b)
2019-07-04 09:24:16.907 22705 RALLYDEBUG rally_openstack.cleanup.manager [-] Deleting neutron.network object s_rally_72217ad6_QSJ9zRZY (6e52f2f4-e374-4b01-962f-7df760e8f8b1)
2019-07-04 09:24:16.932 22705 RALLYDEBUG rally_openstack.cleanup.manager [-] Deleting neutron.network object s_rally_72217ad6_QqbH77SD (6e61188d-535f-4cb0-b214-7710350fee3a)
2019-07-04 09:24:17.136 22705 RALLYDEBUG rally_openstack.cleanup.manager [-] Deleting neutron.network object s_rally_72217ad6_0YkEfvrl (6eabe81a-d433-4fa6-842a-a92283f298df)
2019-07-04 09:24:17.148 22705 RALLYDEBUG rally_openstack.cleanup.manager [-] Deleting neutron.network object s_rally_72217ad6_mZr2N8YU (6ffb618e-d273-4797-a8cf-bb07348e3e6c)
2019-07-04 09:24:17.317 22705 RALLYDEBUG rally_openstack.cleanup.manager [-] Deleting neutron.network object s_rally_72217ad6_poOOBtAD (74fbfaa2-5cc8-4ea7-b9c5-ebded4e3df88)
2019-07-04 09:24:17.375 22705 RALLYDEBUG rally_openstack.cleanup.manager [-] Deleting neutron.network object s_rally_72217ad6_ukcFlRCv (7613dcce-7ad3-49e2-b9b6-6c039c294402)
2019-07-04 09:24:17.447 22705 RALLYDEBUG rally_openstack.cleanup.manager [-] Deleting neutron.network object s_rally_72217ad6_jLyn1m4i (772aab10-75b1-47eb-85a3-8be7aeba1f92)
2019-07-04 09:24:17.506 22705 RALLYDEBUG rally_openstack.cleanup.manager [-] Deleting neutron.network object s_rally_72217ad6_As0BjxgA (78c25d25-cc72-47ae-8bc5-f1d8a2613295)
2019-07-04 09:24:17.776 22705 RALLYDEBUG rally_openstack.cleanup.manager [-] Deleting neutron.network object s_rally_72217ad6_u20rwIv7 (78fefdf9-8fd2-439c-9f13-f254897ee73a)
2019-07-04 09:24:17.807 22705 RALLYDEBUG rally_openstack.cleanup.manager [-] Deleting neutron.network object s_rally_72217ad6_1JWcZbqi (7a76be2f-84ab-4d3d-b855-ccba54f9d149)
2019-07-04 09:24:17.831 22705 RALLYDEBUG rally_openstack.cleanup.manager [-] Deleting neutron.network object s_rally_72217ad6_AU0N3eN6 (7c8044ff-6bb9-472e-b3ea-b615ab814fb6)
2019-07-04 09:24:18.472 22705 RALLYDEBUG rally_openstack.cleanup.manager [-] Deleting neutron.network object s_rally_72217ad6_yQKthVJH (8466e4ff-89aa-4f1e-a056-98593892862f)
2019-07-04 09:24:18.519 22705 RALLYDEBUG rally_openstack.cleanup.manager [-] Deleting neutron.network object s_rally_72217ad6_1vH92m69 (889dec6a-6317-4043-b7b1-b33f76164e2c)
2019-07-04 09:24:18.720 22705 RALLYDEBUG rally_openstack.cleanup.manager [-] Deleting neutron.network object s_rally_72217ad6_XfBf2V8y (9c10c6ae-b041-4a0d-80d1-9565e158255b)
2019-07-04 09:24:18.784 22705 RALLYDEBUG rally_openstack.cleanup.manager [-] Deleting neutron.network object s_rally_72217ad6_ZfLIuhk7 (9d1a5426-ae9c-4ab9-9a18-afdebf921201)
2019-07-04 09:24:18.799 22705 RALLYDEBUG rally_openstack.cleanup.manager [-] Deleting neutron.network object s_rally_72217ad6_y1MeuAta (9f0926ce-bc2e-49ff-829c-308b400d94be)
2019-07-04 09:24:20.038 22705 RALLYDEBUG rally_openstack.cleanup.manager [-] Deleting neutron.network object s_rally_72217ad6_JcOzavcp (9fb644e7-f5b3-49aa-a067-4702e3dd3f9e)
2019-07-04 09:24:20.360 22705 RALLYDEBUG rally_openstack.cleanup.manager [-] Deleting neutron.network object s_rally_72217ad6_hZO9JvyK (a16b0672-36be-4329-b5ca-7a01f69a7909)
2019-07-04 09:24:20.556 22705 RALLYDEBUG rally_openstack.cleanup.manager [-] Deleting neutron.network object s_rally_72217ad6_FhCeusdl (a33120e6-562a-4108-b38b-326139fb642e)
2019-07-04 09:24:20.619 22705 RALLYDEBUG rally_openstack.cleanup.manager [-] Deleting neutron.network object s_rally_72217ad6_TF1a7NUe (a3b4004a-c6bc-4204-9b27-8183693c065d)
2019-07-04 09:24:20.764 22705 RALLYDEBUG rally_openstack.cleanup.manager [-] Deleting neutron.network object s_rally_72217ad6_ocA27ZYA (a496ef3a-7120-42bc-87b5-f0fc94ac4524)
2019-07-04 09:24:20.912 22705 RALLYDEBUG rally_openstack.cleanup.manager [-] Deleting neutron.network object s_rally_72217ad6_VNFXDgNJ (a6ae39de-7100-47de-a6b9-164fc0a52de8)
2019-07-04 09:24:21.240 22705 RALLYDEBUG rally_openstack.cleanup.manager [-] Deleting neutron.network object s_rally_72217ad6_VlC3mmm5 (a940c33a-c93c-4e6b-ac80-b25c1642f157)
2019-07-04 09:24:21.270 22705 RALLYDEBUG rally_openstack.cleanup.manager [-] Deleting neutron.network object s_rally_72217ad6_tIq5EJ9K (a9964eb4-7b03-4bb8-aeba-7e30218502af)
2019-07-04 09:24:21.272 22705 RALLYDEBUG rally_openstack.cleanup.manager [-] Deleting neutron.network object s_rally_72217ad6_2433sW44 (a9c69a88-83cd-4114-abd5-591a07507941)
2019-07-04 09:24:21.347 22705 RALLYDEBUG rally_openstack.cleanup.manager [-] Deleting neutron.network object s_rally_72217ad6_vk9CekjO (ab16fb8d-7b7f-470f-bfd7-3891daf9b8e2)
2019-07-04 09:24:21.547 22705 RALLYDEBUG rally_openstack.cleanup.manager [-] Deleting neutron.network object s_rally_72217ad6_SYi0BvgP (afe97a83-6ab0-4c85-be49-6319de2d0bb1)
2019-07-04 09:24:21.667 22705 RALLYDEBUG rally_openstack.cleanup.manager [-] Deleting neutron.network object s_rally_72217ad6_XqUSLT29 (b0308d4c-5733-450c-ba32-8b114047551c)
2019-07-04 09:24:21.709 22705 RALLYDEBUG rally_openstack.cleanup.manager [-] Deleting neutron.network object s_rally_72217ad6_WNfZ8Ogu (b062360e-d2dc-4820-8fd1-90b467f588fc)
2019-07-04 09:24:21.882 22705 RALLYDEBUG rally_openstack.cleanup.manager [-] Deleting neutron.network object s_rally_72217ad6_HGX85nVj (b468df8b-8a8a-43a8-b4ba-f722cdbc3bbd)
2019-07-04 09:24:21.989 22705 RALLYDEBUG rally_openstack.cleanup.manager [-] Deleting neutron.network object s_rally_72217ad6_Iia7uimc (b4e03118-2b05-4325-84a8-c14347df6d5c)
2019-07-04 09:24:22.120 22705 RALLYDEBUG rally_openstack.cleanup.manager [-] Deleting neutron.network object s_rally_72217ad6_Y3BZIrI7 (b5666770-1a39-4888-adcd-d985bff69276)
2019-07-04 09:24:22.137 22705 RALLYDEBUG rally_openstack.cleanup.manager [-] Deleting neutron.network object s_rally_72217ad6_xOBkjTmK (b8153e99-3dde-4433-87ee-ee03602ea243)
2019-07-04 09:24:22.792 22705 RALLYDEBUG rally_openstack.cleanup.manager [-] Deleting neutron.network object s_rally_72217ad6_ZfKlxhMY (b8d83079-69fc-47b2-be7b-7115629415d6)
2019-07-04 09:24:23.143 22705 RALLYDEBUG rally_openstack.cleanup.manager [-] Deleting neutron.network object s_rally_72217ad6_YBUJMt6A (b9a53854-e4c0-4f08-9fa3-b5598bff94cd)
2019-07-04 09:24:23.224 22705 RALLYDEBUG rally_openstack.cleanup.manager [-] Deleting neutron.network object s_rally_72217ad6_661Wi6QV (ba7a6823-3796-458b-b1e9-0630e18670e0)
2019-07-04 09:24:23.376 22705 RALLYDEBUG rally_openstack.cleanup.manager [-] Deleting neutron.network object s_rally_72217ad6_sba7M6zc (bb24d47e-055a-439a-bd40-f69f9ed30557)
2019-07-04 09:24:23.396 22705 RALLYDEBUG rally_openstack.cleanup.manager [-] Deleting neutron.network object s_rally_72217ad6_SNE0pNqU (c1b12eb9-773c-4768-b315-7cfbbdd9dcb0)
2019-07-04 09:24:23.600 22705 RALLYDEBUG rally_openstack.cleanup.manager [-] Deleting neutron.network object s_rally_72217ad6_r3iqfKVm (c2db0918-e32d-41a9-96d5-030c2b4c53ea)
2019-07-04 09:24:23.775 22705 RALLYDEBUG rally_openstack.cleanup.manager [-] Deleting neutron.network object s_rally_72217ad6_r74Mw6hc (c3dcc92f-ce3e-4ba7-90d8-0a4627827085)
2019-07-04 09:24:24.017 22705 RALLYDEBUG rally_openstack.cleanup.manager [-] Deleting neutron.network object s_rally_72217ad6_vGer66eP (c4940fe8-2e26-4e15-b418-8584c8d7237b)
2019-07-04 09:24:24.370 22705 RALLYDEBUG rally_openstack.cleanup.manager [-] Deleting neutron.network object s_rally_72217ad6_iCMak7M1 (c7032264-2246-4446-bb6a-9adb7d516c02)
2019-07-04 09:24:24.657 22705 RALLYDEBUG rally_openstack.cleanup.manager [-] Deleting neutron.network object s_rally_72217ad6_aIlMDuh9 (d0fe7e7e-5959-4cc9-9dcb-bf0997eb5638)
2019-07-04 09:24:24.794 22705 RALLYDEBUG rally_openstack.cleanup.manager [-] Deleting neutron.network object s_rally_72217ad6_oDMcqXt1 (d1857945-bc78-4398-9463-7be65b5bd790)
2019-07-04 09:24:24.932 22705 RALLYDEBUG rally_openstack.cleanup.manager [-] Deleting neutron.network object s_rally_72217ad6_YFfXEZP7 (d2ad1674-9a0d-4fb6-a32f-ec6da9672e29)
2019-07-04 09:24:25.475 22705 RALLYDEBUG rally_openstack.cleanup.manager [-] Deleting neutron.network object s_rally_72217ad6_r8azTHHC (d6431d38-523e-4649-9a62-1b3f2901f560)
2019-07-04 09:24:25.817 22705 RALLYDEBUG rally_openstack.cleanup.manager [-] Deleting neutron.network object s_rally_72217ad6_RPqTxv3L (d697d645-a77f-4578-ad08-284dc5442f87)
2019-07-04 09:24:25.860 22705 RALLYDEBUG rally_openstack.cleanup.manager [-] Deleting neutron.network object s_rally_72217ad6_sIWU0QPr (d8e49f50-c638-48cf-929e-4575ec575822)
2019-07-04 09:24:26.020 22705 RALLYDEBUG rally_openstack.cleanup.manager [-] Deleting neutron.network object s_rally_72217ad6_VFaywP7t (daf36266-857f-4164-9899-5832e7324667)
2019-07-04 09:24:26.594 22705 RALLYDEBUG rally_openstack.cleanup.manager [-] Deleting neutron.network object s_rally_72217ad6_fxm1id8V (e18e4bff-224e-4df8-9ba8-1def9da6d694)
2019-07-04 09:24:26.594 22705 RALLYDEBUG rally_openstack.cleanup.manager [-] Deleting neutron.network object s_rally_72217ad6_cgacnpFV (e3c18a35-16cd-4204-9519-cd6d5f623958)
2019-07-04 09:24:26.684 22705 RALLYDEBUG rally_openstack.cleanup.manager [-] Deleting neutron.network object s_rally_72217ad6_TLZo7Bg1 (e901c021-bccb-4098-b63c-e416392e19b2)
2019-07-04 09:24:26.706 22705 RALLYDEBUG rally_openstack.cleanup.manager [-] Deleting neutron.network object s_rally_72217ad6_xrpBSe4f (f217585c-c4b8-432a-903f-4588167d4f3b)
2019-07-04 09:24:26.761 22705 RALLYDEBUG rally_openstack.cleanup.manager [-] Deleting neutron.network object s_rally_72217ad6_hGbYMVbH (f3481e49-bff9-43e3-af98-84fb59c7e5e2)
2019-07-04 09:24:26.915 22705 RALLYDEBUG rally_openstack.cleanup.manager [-] Deleting neutron.network object s_rally_72217ad6_ADZDvtsO (f41b7415-a895-4891-aaed-c8d02bca1f7f)
2019-07-04 09:24:26.932 22705 RALLYDEBUG rally_openstack.cleanup.manager [-] Deleting neutron.network object s_rally_72217ad6_MabnvawD (f4bfc91e-e82b-49a4-9fa8-76d3d0fb264f)
