2019-07-04 07:41:21.836 725 DEBUG glanceclient.common.http [-] Request returned failure status 404. _handle_response /usr/lib/python2.7/site-packages/glanceclient/common/http.py:125
2019-07-04 07:41:21.842 725 DEBUG glanceclient.common.http [-] Request returned failure status 404. _handle_response /usr/lib/python2.7/site-packages/glanceclient/common/http.py:125
2019-07-04 07:41:21.856 725 DEBUG glanceclient.common.http [-] Request returned failure status 404. _handle_response /usr/lib/python2.7/site-packages/glanceclient/common/http.py:125
2019-07-04 07:41:22.846 725 DEBUG glanceclient.common.http [-] Request returned failure status 404. _handle_response /usr/lib/python2.7/site-packages/glanceclient/common/http.py:125
2019-07-04 07:41:22.859 725 DEBUG glanceclient.common.http [-] Request returned failure status 404. _handle_response /usr/lib/python2.7/site-packages/glanceclient/common/http.py:125
2019-07-04 07:41:22.877 725 DEBUG glanceclient.common.http [-] Request returned failure status 404. _handle_response /usr/lib/python2.7/site-packages/glanceclient/common/http.py:125
2019-07-04 07:41:22.883 725 DEBUG glanceclient.common.http [-] Request returned failure status 404. _handle_response /usr/lib/python2.7/site-packages/glanceclient/common/http.py:125
2019-07-04 07:41:22.893 725 DEBUG glanceclient.common.http [-] Request returned failure status 404. _handle_response /usr/lib/python2.7/site-packages/glanceclient/common/http.py:125
2019-07-04 07:41:22.907 725 DEBUG glanceclient.common.http [-] Request returned failure status 404. _handle_response /usr/lib/python2.7/site-packages/glanceclient/common/http.py:125
2019-07-04 07:41:22.909 725 DEBUG glanceclient.common.http [-] Request returned failure status 404. _handle_response /usr/lib/python2.7/site-packages/glanceclient/common/http.py:125
2019-07-04 07:41:22.921 725 DEBUG glanceclient.common.http [-] Request returned failure status 404. _handle_response /usr/lib/python2.7/site-packages/glanceclient/common/http.py:125
2019-07-04 07:41:23.886 725 DEBUG glanceclient.common.http [-] Request returned failure status 404. _handle_response /usr/lib/python2.7/site-packages/glanceclient/common/http.py:125
2019-07-04 07:41:23.889 725 DEBUG glanceclient.common.http [-] Request returned failure status 404. _handle_response /usr/lib/python2.7/site-packages/glanceclient/common/http.py:125
2019-07-04 07:41:23.906 725 DEBUG glanceclient.common.http [-] Request returned failure status 404. _handle_response /usr/lib/python2.7/site-packages/glanceclient/common/http.py:125
2019-07-04 07:41:23.907 725 DEBUG glanceclient.common.http [-] Request returned failure status 404. _handle_response /usr/lib/python2.7/site-packages/glanceclient/common/http.py:125
2019-07-04 07:41:23.922 725 DEBUG glanceclient.common.http [-] Request returned failure status 404. _handle_response /usr/lib/python2.7/site-packages/glanceclient/common/http.py:125
2019-07-04 07:41:23.935 725 DEBUG glanceclient.common.http [-] Request returned failure status 404. _handle_response /usr/lib/python2.7/site-packages/glanceclient/common/http.py:125
2019-07-04 07:41:24.937 725 INFO rally.task.context [-] Task 02648ea8-6b4b-4825-a18b-a5c83244fe30 | Context cleanup@openstack cleanup() finished in 30.66 sec
2019-07-04 07:41:24.938 725 INFO rally.task.context [-] Task 02648ea8-6b4b-4825-a18b-a5c83244fe30 | Context quotas@openstack cleanup() started
2019-07-04 07:41:24.939 725 DEBUG novaclient.v2.client [-] REQ: curl -g -i -X DELETE http://172.30.9.25:8774/v2.1/os-quota-sets/e742fe91d7f0471b8cb637e133027261 -H "Accept: application/json" -H "User-Agent: python-novaclient" -H "X-Auth-Token: {SHA1}25364d206493026718b688dd796d9f43c72226ee" _http_log_request /usr/lib/python2.7/site-packages/keystoneauth1/session.py:448
2019-07-04 07:41:24.964 725 DEBUG novaclient.v2.client [-] RESP: [202] Content-Length: 0 Content-Type: application/json Date: Thu, 04 Jul 2019 07:41:24 GMT OpenStack-API-Version: compute 2.1 Server: Apache Vary: OpenStack-API-Version,X-OpenStack-Nova-API-Version X-OpenStack-Nova-API-Version: 2.1 x-compute-request-id: req-61a864aa-8429-4514-9b4d-766cbb733a81 x-openstack-request-id: req-61a864aa-8429-4514-9b4d-766cbb733a81 _http_log_response /usr/lib/python2.7/site-packages/keystoneauth1/session.py:479
2019-07-04 07:41:24.965 725 DEBUG novaclient.v2.client [-] DELETE call to compute for http://172.30.9.25:8774/v2.1/os-quota-sets/e742fe91d7f0471b8cb637e133027261 used request id req-61a864aa-8429-4514-9b4d-766cbb733a81 request /usr/lib/python2.7/site-packages/keystoneauth1/session.py:844
2019-07-04 07:41:24.966 725 DEBUG novaclient.v2.client [-] REQ: curl -g -i -X DELETE http://172.30.9.25:8774/v2.1/os-quota-sets/2cecd370170647ea823fed36b5f66a7f -H "Accept: application/json" -H "User-Agent: python-novaclient" -H "X-Auth-Token: {SHA1}25364d206493026718b688dd796d9f43c72226ee" _http_log_request /usr/lib/python2.7/site-packages/keystoneauth1/session.py:448
2019-07-04 07:41:24.988 725 DEBUG novaclient.v2.client [-] RESP: [202] Content-Length: 0 Content-Type: application/json Date: Thu, 04 Jul 2019 07:41:24 GMT OpenStack-API-Version: compute 2.1 Server: Apache Vary: OpenStack-API-Version,X-OpenStack-Nova-API-Version X-OpenStack-Nova-API-Version: 2.1 x-compute-request-id: req-b5aeb5cc-75e1-435e-bd41-21c245327818 x-openstack-request-id: req-b5aeb5cc-75e1-435e-bd41-21c245327818 _http_log_response /usr/lib/python2.7/site-packages/keystoneauth1/session.py:479
2019-07-04 07:41:24.988 725 DEBUG novaclient.v2.client [-] DELETE call to compute for http://172.30.9.25:8774/v2.1/os-quota-sets/2cecd370170647ea823fed36b5f66a7f used request id req-b5aeb5cc-75e1-435e-bd41-21c245327818 request /usr/lib/python2.7/site-packages/keystoneauth1/session.py:844
2019-07-04 07:41:24.989 725 DEBUG novaclient.v2.client [-] REQ: curl -g -i -X DELETE http://172.30.9.25:8774/v2.1/os-quota-sets/ad05554ae39140e2b495d13b0c01d122 -H "Accept: application/json" -H "User-Agent: python-novaclient" -H "X-Auth-Token: {SHA1}25364d206493026718b688dd796d9f43c72226ee" _http_log_request /usr/lib/python2.7/site-packages/keystoneauth1/session.py:448
2019-07-04 07:41:25.012 725 DEBUG novaclient.v2.client [-] RESP: [202] Content-Length: 0 Content-Type: application/json Date: Thu, 04 Jul 2019 07:41:24 GMT OpenStack-API-Version: compute 2.1 Server: Apache Vary: OpenStack-API-Version,X-OpenStack-Nova-API-Version X-OpenStack-Nova-API-Version: 2.1 x-compute-request-id: req-123c1a26-0a08-47fe-a9e5-47038204c966 x-openstack-request-id: req-123c1a26-0a08-47fe-a9e5-47038204c966 _http_log_response /usr/lib/python2.7/site-packages/keystoneauth1/session.py:479
2019-07-04 07:41:25.012 725 DEBUG novaclient.v2.client [-] DELETE call to compute for http://172.30.9.25:8774/v2.1/os-quota-sets/ad05554ae39140e2b495d13b0c01d122 used request id req-123c1a26-0a08-47fe-a9e5-47038204c966 request /usr/lib/python2.7/site-packages/keystoneauth1/session.py:844
2019-07-04 07:41:25.013 725 INFO rally.task.context [-] Task 02648ea8-6b4b-4825-a18b-a5c83244fe30 | Context quotas@openstack cleanup() finished in 74.78 msec
2019-07-04 07:41:25.013 725 INFO rally.task.context [-] Task 02648ea8-6b4b-4825-a18b-a5c83244fe30 | Context users@openstack cleanup() started
2019-07-04 07:41:31.564 725 INFO rally.task.context [-] Task 02648ea8-6b4b-4825-a18b-a5c83244fe30 | Context users@openstack cleanup() finished in 6.55 sec
2019-07-04 07:41:33.429 725 INFO rally.task.engine [-] Load duration is: 70.311461
2019-07-04 07:41:33.429 725 INFO rally.task.engine [-] Full runner duration is: 72.237052
2019-07-04 07:41:33.430 725 INFO rally.task.engine [-] Full duration is: 116.589663
2019-07-04 07:41:33.652 725 INFO rally.task.engine [-] Running workload: position = 0 config = { "version": 2, "title": "A cropped version of a bigger task.", "description": "Auto-generated task from a single workload (uuid=897c7472-0196-4c6c-9602-28668748eba5)", "subtasks": [ { "title": "GlanceImages.create_and_deactivate_image", "description": "Create an image, then deactivate it.", "scenario": { "GlanceImages.create_and_deactivate_image": { "container_format": "bare", "disk_format": "qcow2", "image_location": "/home/opnfv/functest/images/cirros-0.4.0-x86_64-disk.img" } }, "contexts": { "users": { "tenants": 3, "users_per_tenant": 2 } }, "runner": { "constant": { "concurrency": 4, "times": 10 } }, "hooks": [], "sla": { "failure_rate": { "max": 0 } } } ] }
2019-07-04 07:41:33.677 725 RALLYDEBUG rally_openstack.contexts.keystone.users [-] Creating 3 tenants using 20 threads
2019-07-04 07:41:35.584 725 RALLYDEBUG rally_openstack.contexts.keystone.users [-] Creating 6 users using 20 threads
2019-07-04 07:41:38.213 725 INFO rally.task.context [-] Task 02648ea8-6b4b-4825-a18b-a5c83244fe30 | Context users@openstack setup() finished in 4.54 sec
2019-07-04 07:41:38.213 725 INFO rally.task.context [-] Task 02648ea8-6b4b-4825-a18b-a5c83244fe30 | Context cleanup@openstack setup() finished in 0.01 msec
2019-07-04 07:41:38.220 725 RALLYDEBUG rally.task.runner [-] Starting the constant runner (task UUID: 02648ea8-6b4b-4825-a18b-a5c83244fe30). timeout: 0 concurrency: 4 concurrency_per_worker: 1 times: 10 concurrency_overhead: 0 processes_to_start: 4 max_cpu_used: 16
2019-07-04 07:41:38.233 1385 RALLYDEBUG rally.task.runner [-] Starting a worker. concurrency: 1 args: {"container_format": "bare", "disk_format": "qcow2", "image_location": "/home/opnfv/functest/images/cirros-0.4.0-x86_64-disk.img"} times: 10 method_name: run timeout: 0 duration: None cls:
2019-07-04 07:41:38.235 1386 RALLYDEBUG rally.task.runner [-] Starting a worker. concurrency: 1 args: {"container_format": "bare", "disk_format": "qcow2", "image_location": "/home/opnfv/functest/images/cirros-0.4.0-x86_64-disk.img"} times: 10 method_name: run timeout: 0 duration: None cls:
2019-07-04 07:41:38.238 1387 RALLYDEBUG rally.task.runner [-] Starting a worker. concurrency: 1 args: {"container_format": "bare", "disk_format": "qcow2", "image_location": "/home/opnfv/functest/images/cirros-0.4.0-x86_64-disk.img"} times: 10 method_name: run timeout: 0 duration: None cls:
2019-07-04 07:41:38.239 1385 INFO rally.task.runner [-] Task 02648ea8-6b4b-4825-a18b-a5c83244fe30 | ITER: 1 START
2019-07-04 07:41:38.241 1386 INFO rally.task.runner [-] Task 02648ea8-6b4b-4825-a18b-a5c83244fe30 | ITER: 2 START
2019-07-04 07:41:38.242 1388 RALLYDEBUG rally.task.runner [-] Starting a worker. concurrency: 1 args: {"container_format": "bare", "disk_format": "qcow2", "image_location": "/home/opnfv/functest/images/cirros-0.4.0-x86_64-disk.img"} times: 10 method_name: run timeout: 0 duration: None cls:
2019-07-04 07:41:38.243 1387 INFO rally.task.runner [-] Task 02648ea8-6b4b-4825-a18b-a5c83244fe30 | ITER: 3 START
2019-07-04 07:41:38.248 1388 INFO rally.task.runner [-] Task 02648ea8-6b4b-4825-a18b-a5c83244fe30 | ITER: 4 START
2019-07-04 07:41:41.579 1388 RALLYDEBUG rally.task.utils [-] Waiting for resource u'94b1e4ba-1849-4aa7-be7d-762789e98cb0'. Status changed: NONE => QUEUED in 0.039263010025
2019-07-04 07:41:41.582 1385 RALLYDEBUG rally.task.utils [-] Waiting for resource u'0ca4786f-2f67-42dd-8170-30c2865a0b56'. Status changed: NONE => QUEUED in 0.0423209667206
2019-07-04 07:41:41.663 1387 RALLYDEBUG rally.task.utils [-] Waiting for resource u'2e32409a-4d8e-4157-91cd-c919cb1c798f'. Status changed: NONE => QUEUED in 0.0350158214569
2019-07-04 07:41:41.666 1386 RALLYDEBUG rally.task.utils [-] Waiting for resource u'f334e06a-08db-4deb-b7e4-09fd10f31541'. Status changed: NONE => QUEUED in 0.0318930149078
2019-07-04 07:41:43.182 1388 RALLYDEBUG rally.task.utils [-] Waiting for resource s_rally_897c7472_e0KpZVTT. Status changed: QUEUED => ACTIVE in 0.0284430980682
2019-07-04 07:41:43.184 1385 RALLYDEBUG rally.task.utils [-] Waiting for resource s_rally_897c7472_rpWmnQW8. Status changed: QUEUED => ACTIVE in 0.0279519557953
2019-07-04 07:41:43.288 1388 INFO rally.task.runner [-] Task 02648ea8-6b4b-4825-a18b-a5c83244fe30 | ITER: 4 END: OK
2019-07-04 07:41:43.291 1385 INFO rally.task.runner [-] Task 02648ea8-6b4b-4825-a18b-a5c83244fe30 | ITER: 1 END: OK
2019-07-04 07:41:43.292 1388 INFO rally.task.runner [-] Task 02648ea8-6b4b-4825-a18b-a5c83244fe30 | ITER: 5 START
2019-07-04 07:41:43.295 1385 INFO rally.task.runner [-] Task 02648ea8-6b4b-4825-a18b-a5c83244fe30 | ITER: 6 START
2019-07-04 07:41:44.117 1387 RALLYDEBUG rally.task.utils [-] Waiting for resource s_rally_897c7472_xLUzDsgA. Status changed: QUEUED => ACTIVE in 0.0286860466003
2019-07-04 07:41:44.153 1386 RALLYDEBUG rally.task.utils [-] Waiting for resource s_rally_897c7472_JvdyavRN. Status changed: QUEUED => ACTIVE in 0.0330758094788
2019-07-04 07:41:44.236 1387 INFO rally.task.runner [-] Task 02648ea8-6b4b-4825-a18b-a5c83244fe30 | ITER: 3 END: OK
2019-07-04 07:41:44.240 1387 INFO rally.task.runner [-] Task 02648ea8-6b4b-4825-a18b-a5c83244fe30 | ITER: 7 START
2019-07-04 07:41:44.241 1386 INFO rally.task.runner [-] Task 02648ea8-6b4b-4825-a18b-a5c83244fe30 | ITER: 2 END: OK
2019-07-04 07:41:44.245 1386 INFO rally.task.runner [-] Task 02648ea8-6b4b-4825-a18b-a5c83244fe30 | ITER: 8 START
2019-07-04 07:41:46.586 1385 RALLYDEBUG rally.task.utils [-] Waiting for resource u'c74de541-48a7-4d81-ad51-e616f80f049b'. Status changed: NONE => QUEUED in 0.0293760299683
2019-07-04 07:41:46.659 1388 RALLYDEBUG rally.task.utils [-] Waiting for resource u'b464e3c9-ac24-4df9-935b-c4890f43d0dd'. Status changed: NONE => QUEUED in 0.0277190208435
2019-07-04 07:41:47.676 1386 RALLYDEBUG rally.task.utils [-] Waiting for resource u'e3b5e540-226d-4b47-bd12-e37a55f23f0d'. Status changed: NONE => QUEUED in 0.114800930023
2019-07-04 07:41:47.685 1387 RALLYDEBUG rally.task.utils [-] Waiting for resource u'd3314e68-fe79-4bde-b82a-e14edb0d1a81'. Status changed: NONE => QUEUED in 0.308699131012
2019-07-04 07:41:47.750 1388 RALLYDEBUG rally.task.utils [-] Waiting for resource s_rally_897c7472_SqXG6q6N. Status changed: QUEUED => ACTIVE in 0.0233900547028
2019-07-04 07:41:47.755 1385 RALLYDEBUG rally.task.utils [-] Waiting for resource s_rally_897c7472_ElqpYt4y. Status changed: QUEUED => ACTIVE in 0.0259120464325
2019-07-04 07:41:48.779 1386 RALLYDEBUG rally.task.utils [-] Waiting for resource s_rally_897c7472_AbDm9eQw. Status changed: QUEUED => ACTIVE in 0.0246860980988
2019-07-04 07:41:48.783 1385 INFO rally.task.runner [-] Task 02648ea8-6b4b-4825-a18b-a5c83244fe30 | ITER: 6 END: OK
2019-07-04 07:41:48.786 1385 INFO rally.task.runner [-] Task 02648ea8-6b4b-4825-a18b-a5c83244fe30 | ITER: 9 START
2019-07-04 07:41:48.788 1388 INFO rally.task.runner [-] Task 02648ea8-6b4b-4825-a18b-a5c83244fe30 | ITER: 5 END: OK
2019-07-04 07:41:48.791 1387 RALLYDEBUG rally.task.utils [-] Waiting for resource s_rally_897c7472_kZmuYHSj. Status changed: QUEUED => ACTIVE in 0.0201730728149
2019-07-04 07:41:48.792 1388 INFO rally.task.runner [-] Task 02648ea8-6b4b-4825-a18b-a5c83244fe30 | ITER: 10 START
2019-07-04 07:41:48.849 1386 INFO rally.task.runner [-] Task 02648ea8-6b4b-4825-a18b-a5c83244fe30 | ITER: 8 END: OK
2019-07-04 07:41:48.858 1387 INFO rally.task.runner [-] Task 02648ea8-6b4b-4825-a18b-a5c83244fe30 | ITER: 7 END: OK
2019-07-04 07:41:51.989 1385 RALLYDEBUG rally.task.utils [-] Waiting for resource u'830f7d8c-8f66-43d2-b6bc-51de629c158e'. Status changed: NONE => QUEUED in 0.0261719226837
2019-07-04 07:41:52.005 1388 RALLYDEBUG rally.task.utils [-] Waiting for resource u'3527dcad-f771-412e-9884-fdbfd1f44702'. Status changed: NONE => QUEUED in 0.0304510593414
2019-07-04 07:41:52.377 1388 RALLYDEBUG rally.task.utils [-] Waiting for resource s_rally_897c7472_sVAocCi8. Status changed: QUEUED => ACTIVE in 0.0193300247192
2019-07-04 07:41:52.390 1385 RALLYDEBUG rally.task.utils [-] Waiting for resource s_rally_897c7472_7tuo7S3N. Status changed: QUEUED => ACTIVE in 0.0181519985199
2019-07-04 07:41:52.467 1385 INFO rally.task.runner [-] Task 02648ea8-6b4b-4825-a18b-a5c83244fe30 | ITER: 9 END: OK
2019-07-04 07:41:52.482 1388 INFO rally.task.runner [-] Task 02648ea8-6b4b-4825-a18b-a5c83244fe30 | ITER: 10 END: OK
2019-07-04 07:41:52.504 725 INFO rally.task.context [-] Task 02648ea8-6b4b-4825-a18b-a5c83244fe30 | Context cleanup@openstack cleanup() started
2019-07-04 07:41:52.507 725 RALLYDEBUG rally_openstack.cleanup.manager [-] Cleaning up glance images objects
2019-07-04 07:41:54.838 725 RALLYDEBUG rally_openstack.cleanup.manager [-] Deleting glance.images object s_rally_897c7472_7tuo7S3N (830f7d8c-8f66-43d2-b6bc-51de629c158e)
2019-07-04 07:41:54.839 725 RALLYDEBUG rally_openstack.cleanup.manager [-] Deleting glance.images object s_rally_897c7472_e0KpZVTT (94b1e4ba-1849-4aa7-be7d-762789e98cb0)
2019-07-04 07:41:54.848 725 RALLYDEBUG rally_openstack.cleanup.manager [-] Deleting glance.images object s_rally_897c7472_ElqpYt4y (c74de541-48a7-4d81-ad51-e616f80f049b)
2019-07-04 07:41:54.850 725 RALLYDEBUG rally_openstack.cleanup.manager [-] Deleting glance.images object s_rally_897c7472_kZmuYHSj (d3314e68-fe79-4bde-b82a-e14edb0d1a81)
2019-07-04 07:41:54.852 725 RALLYDEBUG rally_openstack.cleanup.manager [-] Deleting glance.images object s_rally_897c7472_sVAocCi8 (3527dcad-f771-412e-9884-fdbfd1f44702)
2019-07-04 07:41:54.859 725 RALLYDEBUG rally_openstack.cleanup.manager [-] Deleting glance.images object s_rally_897c7472_SqXG6q6N (b464e3c9-ac24-4df9-935b-c4890f43d0dd)
2019-07-04 07:41:54.864 725 RALLYDEBUG rally_openstack.cleanup.manager [-] Deleting glance.images object s_rally_897c7472_JvdyavRN (f334e06a-08db-4deb-b7e4-09fd10f31541)
2019-07-04 07:41:54.874 725 RALLYDEBUG rally_openstack.cleanup.manager [-] Deleting glance.images object s_rally_897c7472_AbDm9eQw (e3b5e540-226d-4b47-bd12-e37a55f23f0d)
2019-07-04 07:41:54.881 725 RALLYDEBUG rally_openstack.cleanup.manager [-] Deleting glance.images object s_rally_897c7472_rpWmnQW8 (0ca4786f-2f67-42dd-8170-30c2865a0b56)
2019-07-04 07:41:54.885 725 RALLYDEBUG rally_openstack.cleanup.manager [-] Deleting glance.images object s_rally_897c7472_xLUzDsgA (2e32409a-4d8e-4157-91cd-c919cb1c798f)
2019-07-04 07:41:57.060 725 DEBUG glanceclient.common.http [-] Request returned failure status 404. _handle_response /usr/lib/python2.7/site-packages/glanceclient/common/http.py:125
2019-07-04 07:41:57.080 725 DEBUG glanceclient.common.http [-] Request returned failure status 404. _handle_response /usr/lib/python2.7/site-packages/glanceclient/common/http.py:125
2019-07-04 07:41:57.081 725 DEBUG glanceclient.common.http [-] Request returned failure status 404. _handle_response /usr/lib/python2.7/site-packages/glanceclient/common/http.py:125
2019-07-04 07:41:57.087 725 DEBUG glanceclient.common.http [-] Request returned failure status 404. _handle_response /usr/lib/python2.7/site-packages/glanceclient/common/http.py:125
2019-07-04 07:41:57.088 725 DEBUG glanceclient.common.http [-] Request returned failure status 404. _handle_response /usr/lib/python2.7/site-packages/glanceclient/common/http.py:125
2019-07-04 07:41:57.124 725 DEBUG glanceclient.common.http [-] Request returned failure status 404. _handle_response /usr/lib/python2.7/site-packages/glanceclient/common/http.py:125
2019-07-04 07:41:57.125 725 DEBUG glanceclient.common.http [-] Request returned failure status 404. _handle_response /usr/lib/python2.7/site-packages/glanceclient/common/http.py:125
2019-07-04 07:41:57.126 725 DEBUG glanceclient.common.http [-] Request returned failure status 404. _handle_response /usr/lib/python2.7/site-packages/glanceclient/common/http.py:125
2019-07-04 07:41:57.917 725 DEBUG glanceclient.common.http [-] Request returned failure status 404. _handle_response /usr/lib/python2.7/site-packages/glanceclient/common/http.py:125
2019-07-04 07:41:57.918 725 DEBUG glanceclient.common.http [-] Request returned failure status 404. _handle_response /usr/lib/python2.7/site-packages/glanceclient/common/http.py:125
2019-07-04 07:41:57.923 725 DEBUG glanceclient.common.http [-] Request returned failure status 404. _handle_response /usr/lib/python2.7/site-packages/glanceclient/common/http.py:125
2019-07-04 07:41:57.941 725 DEBUG glanceclient.common.http [-] Request returned failure status 404. _handle_response /usr/lib/python2.7/site-packages/glanceclient/common/http.py:125
2019-07-04 07:41:57.946 725 DEBUG glanceclient.common.http [-] Request returned failure status 404. _handle_response /usr/lib/python2.7/site-packages/glanceclient/common/http.py:125
2019-07-04 07:41:57.949 725 DEBUG glanceclient.common.http [-] Request returned failure status 404. _handle_response /usr/lib/python2.7/site-packages/glanceclient/common/http.py:125
2019-07-04 07:41:57.968 725 DEBUG glanceclient.common.http [-] Request returned failure status 404. _handle_response /usr/lib/python2.7/site-packages/glanceclient/common/http.py:125
2019-07-04 07:41:57.983 725 DEBUG glanceclient.common.http [-] Request returned failure status 404. _handle_response /usr/lib/python2.7/site-packages/glanceclient/common/http.py:125
2019-07-04 07:41:57.993 725 DEBUG glanceclient.common.http [-] Request returned failure status 404. _handle_response /usr/lib/python2.7/site-packages/glanceclient/common/http.py:125
2019-07-04 07:41:57.997 725 DEBUG glanceclient.common.http [-] Request returned failure status 404. _handle_response /usr/lib/python2.7/site-packages/glanceclient/common/http.py:125
2019-07-04 07:41:58.006 725 DEBUG glanceclient.common.http [-] Request returned failure status 404. _handle_response /usr/lib/python2.7/site-packages/glanceclient/common/http.py:125
2019-07-04 07:41:58.010 725 DEBUG glanceclient.common.http [-] Request returned failure status 404. _handle_response /usr/lib/python2.7/site-packages/glanceclient/common/http.py:125
2019-07-04 07:41:59.012 725 INFO rally.task.context [-] Task 02648ea8-6b4b-4825-a18b-a5c83244fe30 | Context cleanup@openstack cleanup() finished in 6.51 sec
2019-07-04 07:41:59.013 725 INFO rally.task.context [-] Task 02648ea8-6b4b-4825-a18b-a5c83244fe30 | Context users@openstack cleanup() started
2019-07-04 07:42:06.138 725 INFO rally.task.context [-] Task 02648ea8-6b4b-4825-a18b-a5c83244fe30 | Context users@openstack cleanup() finished in 7.13 sec
2019-07-04 07:42:07.834 725 INFO rally.task.engine [-] Load duration is: 13.367757
2019-07-04 07:42:07.835 725 INFO rally.task.engine [-] Full runner duration is: 14.284669
2019-07-04 07:42:07.835 725 INFO rally.task.engine [-] Full duration is: 32.463788
2019-07-04 07:42:08.055 725 INFO rally.task.engine [-] Running workload: position = 0 config = { "version": 2, "title": "A cropped version of a bigger task.", "description": "Auto-generated task from a single workload (uuid=5e477dfe-4b07-4298-a1ed-141cae4d6a3e)", "subtasks": [ { "title": "GlanceImages.create_and_download_image", "description": "Create an image, then download data of the image.", "scenario": { "GlanceImages.create_and_download_image": { "container_format": "bare", "disk_format": "qcow2", "image_location": "/home/opnfv/functest/images/cirros-0.4.0-x86_64-disk.img" } }, "contexts": { "users": { "tenants": 3, "users_per_tenant": 2 } }, "runner": { "constant": { "concurrency": 4, "times": 10 } }, "hooks": [], "sla": { "failure_rate": { "max": 0 } } } ] }
2019-07-04 07:42:08.072 725 RALLYDEBUG rally_openstack.contexts.keystone.users [-] Creating 3 tenants using 20 threads
2019-07-04 07:42:09.881 725 RALLYDEBUG rally_openstack.contexts.keystone.users [-] Creating 6 users using 20 threads
2019-07-04 07:42:12.458 725 INFO rally.task.context [-] Task 02648ea8-6b4b-4825-a18b-a5c83244fe30 | Context users@openstack setup() finished in 4.39 sec
2019-07-04 07:42:12.459 725 INFO rally.task.context [-] Task 02648ea8-6b4b-4825-a18b-a5c83244fe30 | Context cleanup@openstack setup() finished in 0.00 msec
2019-07-04 07:42:12.467 725 RALLYDEBUG rally.task.runner [-] Starting the constant runner (task UUID: 02648ea8-6b4b-4825-a18b-a5c83244fe30). timeout: 0 concurrency: 4 concurrency_per_worker: 1 times: 10 concurrency_overhead: 0 processes_to_start: 4 max_cpu_used: 16
2019-07-04 07:42:12.479 1509 RALLYDEBUG rally.task.runner [-] Starting a worker. concurrency: 1 args: {"container_format": "bare", "disk_format": "qcow2", "image_location": "/home/opnfv/functest/images/cirros-0.4.0-x86_64-disk.img"} times: 10 method_name: run timeout: 0 duration: None cls:
2019-07-04 07:42:12.482 1510 RALLYDEBUG rally.task.runner [-] Starting a worker. concurrency: 1 args: {"container_format": "bare", "disk_format": "qcow2", "image_location": "/home/opnfv/functest/images/cirros-0.4.0-x86_64-disk.img"} times: 10 method_name: run timeout: 0 duration: None cls:
2019-07-04 07:42:12.486 1509 INFO rally.task.runner [-] Task 02648ea8-6b4b-4825-a18b-a5c83244fe30 | ITER: 1 START
2019-07-04 07:42:12.486 1511 RALLYDEBUG rally.task.runner [-] Starting a worker. concurrency: 1 args: {"container_format": "bare", "disk_format": "qcow2", "image_location": "/home/opnfv/functest/images/cirros-0.4.0-x86_64-disk.img"} times: 10 method_name: run timeout: 0 duration: None cls:
2019-07-04 07:42:12.488 1510 INFO rally.task.runner [-] Task 02648ea8-6b4b-4825-a18b-a5c83244fe30 | ITER: 2 START
2019-07-04 07:42:12.489 1512 RALLYDEBUG rally.task.runner [-] Starting a worker. concurrency: 1 args: {"container_format": "bare", "disk_format": "qcow2", "image_location": "/home/opnfv/functest/images/cirros-0.4.0-x86_64-disk.img"} times: 10 method_name: run timeout: 0 duration: None cls:
2019-07-04 07:42:12.493 1511 INFO rally.task.runner [-] Task 02648ea8-6b4b-4825-a18b-a5c83244fe30 | ITER: 3 START
2019-07-04 07:42:12.496 1512 INFO rally.task.runner [-] Task 02648ea8-6b4b-4825-a18b-a5c83244fe30 | ITER: 4 START
2019-07-04 07:42:15.768 1512 RALLYDEBUG rally.task.utils [-] Waiting for resource u'4d846047-a3f5-4e6a-9384-e5e85cc911c7'. Status changed: NONE => QUEUED in 0.0345709323883
2019-07-04 07:42:15.774 1509 RALLYDEBUG rally.task.utils [-] Waiting for resource u'01ebf133-3c31-486c-b83e-762527b7e6fb'. Status changed: NONE => QUEUED in 0.0346570014954
2019-07-04 07:42:15.789 1511 RALLYDEBUG rally.task.utils [-] Waiting for resource u'71f48c35-f911-401b-9339-91ee57cfc2bd'. Status changed: NONE => QUEUED in 0.031730890274
2019-07-04 07:42:15.796 1510 RALLYDEBUG rally.task.utils [-] Waiting for resource u'33abb04b-45a9-4bbd-bc44-6ac4d14ff1ed'. Status changed: NONE => QUEUED in 0.0305440425873
2019-07-04 07:42:16.745 1510 RALLYDEBUG rally.task.utils [-] Waiting for resource s_rally_5e477dfe_fZkVOgoP. Status changed: QUEUED => ACTIVE in 0.0181429386139
2019-07-04 07:42:16.758 1512 RALLYDEBUG rally.task.utils [-] Waiting for resource s_rally_5e477dfe_ycxtl2Nv. Status changed: QUEUED => ACTIVE in 0.0184109210968
2019-07-04 07:42:16.894 1510 INFO rally.task.runner [-] Task 02648ea8-6b4b-4825-a18b-a5c83244fe30 | ITER: 2 END: OK
2019-07-04 07:42:16.897 1510 INFO rally.task.runner [-] Task 02648ea8-6b4b-4825-a18b-a5c83244fe30 | ITER: 5 START
2019-07-04 07:42:16.928 1512 INFO rally.task.runner [-] Task 02648ea8-6b4b-4825-a18b-a5c83244fe30 | ITER: 4 END: OK
2019-07-04 07:42:16.932 1512 INFO rally.task.runner [-] Task 02648ea8-6b4b-4825-a18b-a5c83244fe30 | ITER: 6 START
2019-07-04 07:42:17.344 1509 RALLYDEBUG rally.task.utils [-] Waiting for resource s_rally_5e477dfe_FcNFnxIQ. Status changed: QUEUED => ACTIVE in 0.0179691314697
2019-07-04 07:42:17.351 1511 RALLYDEBUG rally.task.utils [-] Waiting for resource s_rally_5e477dfe_r88m6jzF. Status changed: QUEUED => ACTIVE in 0.0191669464111
2019-07-04 07:42:17.484 1509 INFO rally.task.runner [-] Task 02648ea8-6b4b-4825-a18b-a5c83244fe30 | ITER: 1 END: OK
2019-07-04 07:42:17.488 1509 INFO rally.task.runner [-] Task 02648ea8-6b4b-4825-a18b-a5c83244fe30 | ITER: 7 START
2019-07-04 07:42:17.501 1511 INFO rally.task.runner [-] Task 02648ea8-6b4b-4825-a18b-a5c83244fe30 | ITER: 3 END: OK
2019-07-04 07:42:17.506 1511 INFO rally.task.runner [-] Task 02648ea8-6b4b-4825-a18b-a5c83244fe30 | ITER: 8 START
2019-07-04 07:42:20.203 1512 RALLYDEBUG rally.task.utils [-] Waiting for resource u'6fae4a9f-ff8b-48b5-a88c-8af99f128b6c'. Status changed: NONE => QUEUED in 0.0300250053406
2019-07-04 07:42:20.260 1510 RALLYDEBUG rally.task.utils [-] Waiting for resource u'18c1d657-6b95-4c56-b155-637a81e92639'. Status changed: NONE => QUEUED in 0.0374388694763
2019-07-04 07:42:20.669 1511 RALLYDEBUG rally.task.utils [-] Waiting for resource u'810f8fef-600e-4514-8725-2296945c2bdb'. Status changed: NONE => QUEUED in 0.0288000106812
2019-07-04 07:42:21.711 1509 RALLYDEBUG rally.task.utils [-] Waiting for resource u'0fd2ea53-e97d-4047-a8e2-b2dc658cf6e0'. Status changed: NONE => QUEUED in 1.00939893723
2019-07-04 07:42:21.738 1512 RALLYDEBUG rally.task.utils [-] Waiting for resource s_rally_5e477dfe_ZUpUNQSP. Status changed: QUEUED => ACTIVE in 0.0345778465271
2019-07-04 07:42:21.750 1511 RALLYDEBUG rally.task.utils [-] Waiting for resource s_rally_5e477dfe_O41HWNwv. Status changed: QUEUED => ACTIVE in 0.0193169116974
2019-07-04 07:42:22.160 1511 INFO rally.task.runner [-] Task 02648ea8-6b4b-4825-a18b-a5c83244fe30 | ITER: 8 END: OK
2019-07-04 07:42:22.162 1512 INFO rally.task.runner [-] Task 02648ea8-6b4b-4825-a18b-a5c83244fe30 | ITER: 6 END: OK
2019-07-04 07:42:22.164 1511 INFO rally.task.runner [-] Task 02648ea8-6b4b-4825-a18b-a5c83244fe30 | ITER: 9 START
2019-07-04 07:42:22.166 1512 INFO rally.task.runner [-] Task 02648ea8-6b4b-4825-a18b-a5c83244fe30 | ITER: 10 START
2019-07-04 07:42:22.190 1510 RALLYDEBUG rally.task.utils [-] Waiting for resource s_rally_5e477dfe_idtsdBMU. Status changed: QUEUED => ACTIVE in 0.398283958435
2019-07-04 07:42:23.866 1510 INFO rally.task.runner [-] Task 02648ea8-6b4b-4825-a18b-a5c83244fe30 | ITER: 5 END: OK
2019-07-04 07:42:23.904 1509 RALLYDEBUG rally.task.utils [-] Waiting for resource s_rally_5e477dfe_Utte1j1W. Status changed: QUEUED => ACTIVE in 0.0169579982758
2019-07-04 07:42:24.043 1509 INFO rally.task.runner [-] Task 02648ea8-6b4b-4825-a18b-a5c83244fe30 | ITER: 7 END: OK
2019-07-04 07:42:25.354 1511 RALLYDEBUG rally.task.utils [-] Waiting for resource u'10c496b0-44b9-48f5-b8f2-8f6f5db69b1b'. Status changed: NONE => QUEUED in 0.0288050174713
2019-07-04 07:42:25.436 1512 RALLYDEBUG rally.task.utils [-] Waiting for resource u'f5732bef-bb0b-4ade-86c0-36a7656c1b7d'. Status changed: NONE => QUEUED in 0.025465965271
2019-07-04 07:42:25.879 1511 RALLYDEBUG rally.task.utils [-] Waiting for resource s_rally_5e477dfe_sO2iSjv0. Status changed: QUEUED => ACTIVE in 0.0178170204163
2019-07-04 07:42:25.885 1512 RALLYDEBUG rally.task.utils [-] Waiting for resource s_rally_5e477dfe_Rvb9UrIO. Status changed: QUEUED => ACTIVE in 0.0176560878754
2019-07-04 07:42:26.180 1512 INFO rally.task.runner [-] Task 02648ea8-6b4b-4825-a18b-a5c83244fe30 | ITER: 10 END: OK
2019-07-04 07:42:26.184 1511 INFO rally.task.runner [-] Task 02648ea8-6b4b-4825-a18b-a5c83244fe30 | ITER: 9 END: OK
2019-07-04 07:42:26.206 725 INFO rally.task.context [-] Task 02648ea8-6b4b-4825-a18b-a5c83244fe30 | Context cleanup@openstack cleanup() started
2019-07-04 07:42:26.209 725 RALLYDEBUG rally_openstack.cleanup.manager [-] Cleaning up glance images objects
2019-07-04 07:42:28.525 725 RALLYDEBUG rally_openstack.cleanup.manager [-] Deleting glance.images object s_rally_5e477dfe_fZkVOgoP (33abb04b-45a9-4bbd-bc44-6ac4d14ff1ed)
2019-07-04 07:42:28.526 725 RALLYDEBUG rally_openstack.cleanup.manager [-] Deleting glance.images object s_rally_5e477dfe_Rvb9UrIO (f5732bef-bb0b-4ade-86c0-36a7656c1b7d)
2019-07-04 07:42:28.532 725 RALLYDEBUG rally_openstack.cleanup.manager [-] Deleting glance.images object s_rally_5e477dfe_ycxtl2Nv (4d846047-a3f5-4e6a-9384-e5e85cc911c7)
2019-07-04 07:42:28.533 725 RALLYDEBUG rally_openstack.cleanup.manager [-] Deleting glance.images object s_rally_5e477dfe_FcNFnxIQ (01ebf133-3c31-486c-b83e-762527b7e6fb)
2019-07-04 07:42:28.533 725 RALLYDEBUG rally_openstack.cleanup.manager [-] Deleting glance.images object s_rally_5e477dfe_ZUpUNQSP (6fae4a9f-ff8b-48b5-a88c-8af99f128b6c)
2019-07-04 07:42:28.534 725 RALLYDEBUG rally_openstack.cleanup.manager [-] Deleting glance.images object s_rally_5e477dfe_idtsdBMU (18c1d657-6b95-4c56-b155-637a81e92639)
2019-07-04 07:42:28.541 725 RALLYDEBUG rally_openstack.cleanup.manager [-] Deleting glance.images object s_rally_5e477dfe_r88m6jzF (71f48c35-f911-401b-9339-91ee57cfc2bd)
2019-07-04 07:42:28.543 725 RALLYDEBUG rally_openstack.cleanup.manager [-] Deleting glance.images object s_rally_5e477dfe_Utte1j1W (0fd2ea53-e97d-4047-a8e2-b2dc658cf6e0)
2019-07-04 07:42:28.550 725 RALLYDEBUG rally_openstack.cleanup.manager [-] Deleting glance.images object s_rally_5e477dfe_sO2iSjv0 (10c496b0-44b9-48f5-b8f2-8f6f5db69b1b)
2019-07-04 07:42:28.551 725 RALLYDEBUG rally_openstack.cleanup.manager [-] Deleting glance.images object s_rally_5e477dfe_O41HWNwv (810f8fef-600e-4514-8725-2296945c2bdb)
2019-07-04 07:42:29.805 725 DEBUG glanceclient.common.http [-] Request returned failure status 404. _handle_response /usr/lib/python2.7/site-packages/glanceclient/common/http.py:125
2019-07-04 07:42:29.811 725 DEBUG glanceclient.common.http [-] Request returned failure status 404. _handle_response /usr/lib/python2.7/site-packages/glanceclient/common/http.py:125
2019-07-04 07:42:29.826 725 DEBUG glanceclient.common.http [-] Request returned failure status 404. _handle_response /usr/lib/python2.7/site-packages/glanceclient/common/http.py:125
2019-07-04 07:42:29.828 725 DEBUG glanceclient.common.http [-] Request returned failure status 404. _handle_response /usr/lib/python2.7/site-packages/glanceclient/common/http.py:125
2019-07-04 07:42:30.841 725 DEBUG glanceclient.common.http [-] Request returned failure status 404. _handle_response /usr/lib/python2.7/site-packages/glanceclient/common/http.py:125
2019-07-04 07:42:30.846 725 DEBUG glanceclient.common.http [-] Request returned failure status 404. _handle_response /usr/lib/python2.7/site-packages/glanceclient/common/http.py:125
2019-07-04 07:42:30.855 725 DEBUG glanceclient.common.http [-] Request returned failure status 404. _handle_response /usr/lib/python2.7/site-packages/glanceclient/common/http.py:125
2019-07-04 07:42:30.859 725 DEBUG glanceclient.common.http [-] Request returned failure status 404. _handle_response /usr/lib/python2.7/site-packages/glanceclient/common/http.py:125
2019-07-04 07:42:31.886 725 DEBUG glanceclient.common.http [-] Request returned failure status 404. _handle_response /usr/lib/python2.7/site-packages/glanceclient/common/http.py:125
2019-07-04 07:42:31.909 725 DEBUG glanceclient.common.http [-] Request returned failure status 404. _handle_response /usr/lib/python2.7/site-packages/glanceclient/common/http.py:125
2019-07-04 07:42:31.914 725 DEBUG glanceclient.common.http [-] Request returned failure status 404. _handle_response /usr/lib/python2.7/site-packages/glanceclient/common/http.py:125
2019-07-04 07:42:31.922 725 DEBUG glanceclient.common.http [-] Request returned failure status 404. _handle_response /usr/lib/python2.7/site-packages/glanceclient/common/http.py:125
2019-07-04 07:42:31.930 725 DEBUG glanceclient.common.http [-] Request returned failure status 404. _handle_response /usr/lib/python2.7/site-packages/glanceclient/common/http.py:125
2019-07-04 07:42:31.944 725 DEBUG glanceclient.common.http [-] Request returned failure status 404. _handle_response /usr/lib/python2.7/site-packages/glanceclient/common/http.py:125
2019-07-04 07:42:31.951 725 DEBUG glanceclient.common.http [-] Request returned failure status 404. _handle_response /usr/lib/python2.7/site-packages/glanceclient/common/http.py:125
2019-07-04 07:42:31.955 725 DEBUG glanceclient.common.http [-] Request returned failure status 404. _handle_response /usr/lib/python2.7/site-packages/glanceclient/common/http.py:125
2019-07-04 07:42:31.957 725 DEBUG glanceclient.common.http [-] Request returned failure status 404. _handle_response /usr/lib/python2.7/site-packages/glanceclient/common/http.py:125
2019-07-04 07:42:31.971 725 DEBUG glanceclient.common.http [-] Request returned failure status 404. _handle_response /usr/lib/python2.7/site-packages/glanceclient/common/http.py:125
2019-07-04 07:42:31.972 725 DEBUG glanceclient.common.http [-] Request returned failure status 404. _handle_response /usr/lib/python2.7/site-packages/glanceclient/common/http.py:125
2019-07-04 07:42:31.974 725 DEBUG glanceclient.common.http [-] Request returned failure status 404. _handle_response /usr/lib/python2.7/site-packages/glanceclient/common/http.py:125
2019-07-04 07:42:32.976 725 INFO rally.task.context [-] Task 02648ea8-6b4b-4825-a18b-a5c83244fe30 | Context cleanup@openstack cleanup() finished in 6.77 sec
2019-07-04 07:42:32.977 725 INFO rally.task.context [-] Task 02648ea8-6b4b-4825-a18b-a5c83244fe30 | Context users@openstack cleanup() started
2019-07-04 07:42:40.246 725 INFO rally.task.context [-] Task 02648ea8-6b4b-4825-a18b-a5c83244fe30 | Context users@openstack cleanup() finished in 7.27 sec
2019-07-04 07:42:42.215 725 INFO rally.task.engine [-] Load duration is: 12.842893
2019-07-04 07:42:42.215 725 INFO rally.task.engine [-] Full runner duration is: 13.739879
2019-07-04 07:42:42.216 725 INFO rally.task.engine [-] Full duration is: 32.177958
2019-07-04 07:42:42.481 725 INFO rally.task.engine [-] Running workload: position = 0 config = { "version": 2, "title": "A cropped version of a bigger task.", "description": "Auto-generated task from a single workload (uuid=e7a566cf-649d-4c3d-a488-7b1202256749)", "subtasks": [ { "title": "GlanceImages.create_and_get_image", "description": "Create and get detailed information of an image.", "scenario": { "GlanceImages.create_and_get_image": { "container_format": "bare", "disk_format": "qcow2", "image_location": "/home/opnfv/functest/images/cirros-0.4.0-x86_64-disk.img" } }, "contexts": { "users": { "tenants": 3, "users_per_tenant": 2 } }, "runner": { "constant": { "concurrency": 4, "times": 10 } }, "hooks": [], "sla": { "failure_rate": { "max": 0 } } } ] }
2019-07-04 07:42:42.503 725 RALLYDEBUG rally_openstack.contexts.keystone.users [-] Creating 3 tenants using 20 threads
2019-07-04 07:42:44.218 725 RALLYDEBUG rally_openstack.contexts.keystone.users [-] Creating 6 users using 20 threads
2019-07-04 07:42:47.038 725 INFO rally.task.context [-] Task 02648ea8-6b4b-4825-a18b-a5c83244fe30 | Context users@openstack setup() finished in 4.53 sec
2019-07-04 07:42:47.039 725 INFO rally.task.context [-] Task 02648ea8-6b4b-4825-a18b-a5c83244fe30 | Context cleanup@openstack setup() finished in 0.01 msec
2019-07-04 07:42:47.047 725 RALLYDEBUG rally.task.runner [-] Starting the constant runner (task UUID: 02648ea8-6b4b-4825-a18b-a5c83244fe30). timeout: 0 concurrency: 4 concurrency_per_worker: 1 times: 10 concurrency_overhead: 0 processes_to_start: 4 max_cpu_used: 16
2019-07-04 07:42:47.060 1633 RALLYDEBUG rally.task.runner [-] Starting a worker. concurrency: 1 args: {"container_format": "bare", "disk_format": "qcow2", "image_location": "/home/opnfv/functest/images/cirros-0.4.0-x86_64-disk.img"} times: 10 method_name: run timeout: 0 duration: None cls:
2019-07-04 07:42:47.063 1634 RALLYDEBUG rally.task.runner [-] Starting a worker. concurrency: 1 args: {"container_format": "bare", "disk_format": "qcow2", "image_location": "/home/opnfv/functest/images/cirros-0.4.0-x86_64-disk.img"} times: 10 method_name: run timeout: 0 duration: None cls:
2019-07-04 07:42:47.065 1635 RALLYDEBUG rally.task.runner [-] Starting a worker. concurrency: 1 args: {"container_format": "bare", "disk_format": "qcow2", "image_location": "/home/opnfv/functest/images/cirros-0.4.0-x86_64-disk.img"} times: 10 method_name: run timeout: 0 duration: None cls:
2019-07-04 07:42:47.066 1633 INFO rally.task.runner [-] Task 02648ea8-6b4b-4825-a18b-a5c83244fe30 | ITER: 1 START
2019-07-04 07:42:47.069 1636 RALLYDEBUG rally.task.runner [-] Starting a worker. concurrency: 1 args: {"container_format": "bare", "disk_format": "qcow2", "image_location": "/home/opnfv/functest/images/cirros-0.4.0-x86_64-disk.img"} times: 10 method_name: run timeout: 0 duration: None cls:
2019-07-04 07:42:47.071 1635 INFO rally.task.runner [-] Task 02648ea8-6b4b-4825-a18b-a5c83244fe30 | ITER: 3 START
2019-07-04 07:42:47.072 1634 INFO rally.task.runner [-] Task 02648ea8-6b4b-4825-a18b-a5c83244fe30 | ITER: 2 START
2019-07-04 07:42:47.075 1636 INFO rally.task.runner [-] Task 02648ea8-6b4b-4825-a18b-a5c83244fe30 | ITER: 4 START
2019-07-04 07:42:50.330 1634 RALLYDEBUG rally.task.utils [-] Waiting for resource u'f87feb9f-8f8b-4304-8321-117053457823'. Status changed: NONE => QUEUED in 0.0296890735626
2019-07-04 07:42:50.342 1633 RALLYDEBUG rally.task.utils [-] Waiting for resource u'287a0b6f-72c7-48c2-a8db-b912e219f4da'. Status changed: NONE => QUEUED in 0.0293829441071
2019-07-04 07:42:50.381 1636 RALLYDEBUG rally.task.utils [-] Waiting for resource u'c5cd62e5-6f29-414b-8f9b-6d0cedb8a4f2'. Status changed: NONE => QUEUED in 0.0337209701538
2019-07-04 07:42:50.484 1635 RALLYDEBUG rally.task.utils [-] Waiting for resource u'14ead436-78ec-46e3-a725-4edcb1fca7f4'. Status changed: NONE => QUEUED in 0.0284008979797
2019-07-04 07:42:50.759 1634 RALLYDEBUG rally.task.utils [-] Waiting for resource s_rally_e7a566cf_P2NaopHl. Status changed: QUEUED => ACTIVE in 0.0179769992828
2019-07-04 07:42:50.780 1634 INFO rally.task.runner [-] Task 02648ea8-6b4b-4825-a18b-a5c83244fe30 | ITER: 2 END: OK
2019-07-04 07:42:50.784 1634 INFO rally.task.runner [-] Task 02648ea8-6b4b-4825-a18b-a5c83244fe30 | ITER: 5 START
2019-07-04 07:42:51.772 1633 RALLYDEBUG rally.task.utils [-] Waiting for resource s_rally_e7a566cf_8W4dVlKQ. Status changed: QUEUED => ACTIVE in 0.0221741199493
2019-07-04 07:42:51.792 1633 INFO rally.task.runner [-] Task 02648ea8-6b4b-4825-a18b-a5c83244fe30 | ITER: 1 END: OK
2019-07-04 07:42:51.794 1635 RALLYDEBUG rally.task.utils [-] Waiting for resource s_rally_e7a566cf_LVZhM4Bz. Status changed: QUEUED => ACTIVE in 0.0186238288879
2019-07-04 07:42:51.796 1633 INFO rally.task.runner [-] Task 02648ea8-6b4b-4825-a18b-a5c83244fe30 | ITER: 6 START
2019-07-04 07:42:51.807 1636 RALLYDEBUG rally.task.utils [-] Waiting for resource s_rally_e7a566cf_fbDVbGia. Status changed: QUEUED => ACTIVE in 0.0199339389801
2019-07-04 07:42:51.813 1635 INFO rally.task.runner [-] Task 02648ea8-6b4b-4825-a18b-a5c83244fe30 | ITER: 3 END: OK
2019-07-04 07:42:51.817 1635 INFO rally.task.runner [-] Task 02648ea8-6b4b-4825-a18b-a5c83244fe30 | ITER: 7 START
2019-07-04 07:42:51.830 1636 INFO rally.task.runner [-] Task 02648ea8-6b4b-4825-a18b-a5c83244fe30 | ITER: 4 END: OK
2019-07-04 07:42:51.832 1636 INFO rally.task.runner [-] Task 02648ea8-6b4b-4825-a18b-a5c83244fe30 | ITER: 8 START
2019-07-04 07:42:54.061 1634 RALLYDEBUG rally.task.utils [-] Waiting for resource u'73eef10c-085d-459c-b08c-b5e96409e935'. Status changed: NONE => QUEUED in 0.031149148941
2019-07-04 07:42:54.458 1634 RALLYDEBUG rally.task.utils [-] Waiting for resource s_rally_e7a566cf_4ttMfh2O. Status changed: QUEUED => ACTIVE in 0.0173809528351
2019-07-04 07:42:54.473 1634 INFO rally.task.runner [-] Task 02648ea8-6b4b-4825-a18b-a5c83244fe30 | ITER: 5 END: OK
2019-07-04 07:42:54.477 1634 INFO rally.task.runner [-] Task 02648ea8-6b4b-4825-a18b-a5c83244fe30 | ITER: 9 START
2019-07-04 07:42:55.016 1633 RALLYDEBUG rally.task.utils [-] Waiting for resource u'5190a07d-3e23-4025-a1fe-6a120a0fadaf'. Status changed: NONE => QUEUED in 0.0282299518585
2019-07-04 07:42:55.029 1636 RALLYDEBUG rally.task.utils [-] Waiting for resource u'0846206c-a7be-420f-a2f7-3be85a4c2090'. Status changed: NONE => QUEUED in 0.0274040699005
2019-07-04 07:42:55.190 1635 RALLYDEBUG rally.task.utils [-] Waiting for resource u'6f53c21b-a695-4da6-8e08-2dbb78964a04'. Status changed: NONE => QUEUED in 0.0286240577698
2019-07-04 07:42:55.736 1636 RALLYDEBUG rally.task.utils [-] Waiting for resource s_rally_e7a566cf_eSvuo6fN. Status changed: QUEUED => ACTIVE in 0.0181639194489
2019-07-04 07:42:55.737 1633 RALLYDEBUG rally.task.utils [-] Waiting for resource s_rally_e7a566cf_w3LfkY3c. Status changed: QUEUED => ACTIVE in 0.0192918777466
2019-07-04 07:42:55.755 1636 INFO rally.task.runner [-] Task 02648ea8-6b4b-4825-a18b-a5c83244fe30 | ITER: 8 END: OK
2019-07-04 07:42:55.756 1633 INFO rally.task.runner [-] Task 02648ea8-6b4b-4825-a18b-a5c83244fe30 | ITER: 6 END: OK
2019-07-04 07:42:55.759 1636 INFO rally.task.runner [-] Task 02648ea8-6b4b-4825-a18b-a5c83244fe30 | ITER: 10 START
2019-07-04 07:42:56.569 1635 RALLYDEBUG rally.task.utils [-] Waiting for resource s_rally_e7a566cf_gdom3UYC. Status changed: QUEUED => ACTIVE in 0.0172810554504
2019-07-04 07:42:56.585 1635 INFO rally.task.runner [-] Task 02648ea8-6b4b-4825-a18b-a5c83244fe30 | ITER: 7 END: OK
2019-07-04 07:42:57.933 1634 RALLYDEBUG rally.task.utils [-] Waiting for resource u'e8032359-7a49-49e0-b012-274ccb538737'. Status changed: NONE => QUEUED in 0.0365068912506
2019-07-04 07:42:59.157 1636 RALLYDEBUG rally.task.utils [-] Waiting for resource u'd3e51204-932f-4370-bf84-bfabd8da80be'. Status changed: NONE => QUEUED in 0.0288939476013
2019-07-04 07:42:59.735 1634 RALLYDEBUG rally.task.utils [-] Waiting for resource s_rally_e7a566cf_72UxHOVK. Status changed: QUEUED => ACTIVE in 0.0190551280975
2019-07-04 07:42:59.740 1636 RALLYDEBUG rally.task.utils [-] Waiting for resource s_rally_e7a566cf_luOP91PI. Status changed: QUEUED => ACTIVE in 0.0185799598694
2019-07-04 07:42:59.752 1634 INFO rally.task.runner [-] Task 02648ea8-6b4b-4825-a18b-a5c83244fe30 | ITER: 9 END: OK
2019-07-04 07:42:59.757 1636 INFO rally.task.runner [-] Task 02648ea8-6b4b-4825-a18b-a5c83244fe30 | ITER: 10 END: OK
2019-07-04 07:42:59.788 725 INFO rally.task.context [-] Task 02648ea8-6b4b-4825-a18b-a5c83244fe30 | Context cleanup@openstack cleanup() started
2019-07-04 07:42:59.791 725 RALLYDEBUG rally_openstack.cleanup.manager [-] Cleaning up glance images objects
2019-07-04 07:43:02.102 725 RALLYDEBUG rally_openstack.cleanup.manager [-] Deleting glance.images object s_rally_e7a566cf_fbDVbGia (c5cd62e5-6f29-414b-8f9b-6d0cedb8a4f2)
2019-07-04 07:43:02.106 725 RALLYDEBUG rally_openstack.cleanup.manager [-] Deleting glance.images object s_rally_e7a566cf_gdom3UYC (6f53c21b-a695-4da6-8e08-2dbb78964a04)
2019-07-04 07:43:02.110 725 RALLYDEBUG rally_openstack.cleanup.manager [-] Deleting glance.images object s_rally_e7a566cf_P2NaopHl (f87feb9f-8f8b-4304-8321-117053457823)
2019-07-04 07:43:02.110 725 RALLYDEBUG rally_openstack.cleanup.manager [-] Deleting glance.images object s_rally_e7a566cf_w3LfkY3c (5190a07d-3e23-4025-a1fe-6a120a0fadaf)
2019-07-04 07:43:02.113 725 RALLYDEBUG rally_openstack.cleanup.manager [-] Deleting glance.images object s_rally_e7a566cf_8W4dVlKQ (287a0b6f-72c7-48c2-a8db-b912e219f4da)
2019-07-04 07:43:02.114 725 RALLYDEBUG rally_openstack.cleanup.manager [-] Deleting glance.images object s_rally_e7a566cf_72UxHOVK (e8032359-7a49-49e0-b012-274ccb538737)
2019-07-04 07:43:02.116 725 RALLYDEBUG rally_openstack.cleanup.manager [-] Deleting glance.images object s_rally_e7a566cf_luOP91PI (d3e51204-932f-4370-bf84-bfabd8da80be)
2019-07-04 07:43:02.117 725 RALLYDEBUG rally_openstack.cleanup.manager [-] Deleting glance.images object s_rally_e7a566cf_LVZhM4Bz (14ead436-78ec-46e3-a725-4edcb1fca7f4)
2019-07-04 07:43:02.121 725 RALLYDEBUG rally_openstack.cleanup.manager [-] Deleting glance.images object s_rally_e7a566cf_4ttMfh2O (73eef10c-085d-459c-b08c-b5e96409e935)
2019-07-04 07:43:02.129 725 RALLYDEBUG rally_openstack.cleanup.manager [-] Deleting glance.images object s_rally_e7a566cf_eSvuo6fN (0846206c-a7be-420f-a2f7-3be85a4c2090)
2019-07-04 07:43:04.038 725 DEBUG glanceclient.common.http [-] Request returned failure status 404. _handle_response /usr/lib/python2.7/site-packages/glanceclient/common/http.py:125
2019-07-04 07:43:04.055 725 DEBUG glanceclient.common.http [-] Request returned failure status 404. _handle_response /usr/lib/python2.7/site-packages/glanceclient/common/http.py:125
2019-07-04 07:43:04.056 725 DEBUG glanceclient.common.http [-] Request returned failure status 404. _handle_response /usr/lib/python2.7/site-packages/glanceclient/common/http.py:125
2019-07-04 07:43:04.073 725 DEBUG glanceclient.common.http [-] Request returned failure status 404. _handle_response /usr/lib/python2.7/site-packages/glanceclient/common/http.py:125
2019-07-04 07:43:04.078 725 DEBUG glanceclient.common.http [-] Request returned failure status 404. _handle_response /usr/lib/python2.7/site-packages/glanceclient/common/http.py:125
2019-07-04 07:43:04.079 725 DEBUG glanceclient.common.http [-] Request returned failure status 404. _handle_response /usr/lib/python2.7/site-packages/glanceclient/common/http.py:125
2019-07-04 07:43:04.079 725 DEBUG glanceclient.common.http [-] Request returned failure status 404. _handle_response /usr/lib/python2.7/site-packages/glanceclient/common/http.py:125
2019-07-04 07:43:04.080 725 DEBUG glanceclient.common.http [-] Request returned failure status 404. _handle_response /usr/lib/python2.7/site-packages/glanceclient/common/http.py:125
2019-07-04 07:43:04.087 725 DEBUG glanceclient.common.http [-] Request returned failure status 404. _handle_response /usr/lib/python2.7/site-packages/glanceclient/common/http.py:125
2019-07-04 07:43:04.092 725 DEBUG glanceclient.common.http [-] Request returned failure status 404. _handle_response /usr/lib/python2.7/site-packages/glanceclient/common/http.py:125
2019-07-04 07:43:04.100 725 DEBUG glanceclient.common.http [-] Request returned failure status 404. _handle_response /usr/lib/python2.7/site-packages/glanceclient/common/http.py:125
2019-07-04 07:43:04.101 725 DEBUG glanceclient.common.http [-] Request returned failure status 404. _handle_response /usr/lib/python2.7/site-packages/glanceclient/common/http.py:125
2019-07-04 07:43:06.958 725 DEBUG glanceclient.common.http [-] Request returned failure status 404. _handle_response /usr/lib/python2.7/site-packages/glanceclient/common/http.py:125
2019-07-04 07:43:06.990 725 DEBUG glanceclient.common.http [-] Request returned failure status 404. _handle_response /usr/lib/python2.7/site-packages/glanceclient/common/http.py:125
