2019-07-04 08:06:05.802 6400 DEBUG cinderclient.v2.client [-] REQ: curl -g -i -X GET http://172.30.9.25:8776/v3/206fc133e95e4ba3ae643cd336bf26d6/types/2b2902de-b0aa-4026-b2c3-7dbf4b8df5ab/os-volume-type-access -H "Accept: application/json" -H "User-Agent: python-cinderclient" -H "X-Auth-Token: {SHA1}54ddce01856847245579068a40003bbf0ef6ed9a" -H "X-OpenStack-Request-ID: req-3e7926b7-2b76-4726-98e7-537671bd48aa" _http_log_request /usr/lib/python2.7/site-packages/keystoneauth1/session.py:448
2019-07-04 08:06:05.857 6398 DEBUG cinderclient.v2.client [-] RESP: [200] Content-Encoding: gzip Content-Length: 129 Content-Type: application/json Date: Thu, 04 Jul 2019 08:06:05 GMT OpenStack-API-Version: volume 3.0 Server: Apache Vary: OpenStack-API-Version,Accept-Encoding x-compute-request-id: req-d827525c-6840-4963-8a2b-1b178db5fb55 x-openstack-request-id: req-d827525c-6840-4963-8a2b-1b178db5fb55 _http_log_response /usr/lib/python2.7/site-packages/keystoneauth1/session.py:479
2019-07-04 08:06:05.858 6398 DEBUG cinderclient.v2.client [-] RESP BODY: {"volume_type_access": [{"volume_type_id": "d82b43fb-7c41-42b3-a347-64f32fef7888", "project_id": "25249ea0465d43c298a080fe4963c732"}]} _http_log_response /usr/lib/python2.7/site-packages/keystoneauth1/session.py:511
2019-07-04 08:06:05.858 6398 DEBUG cinderclient.v2.client [-] GET call to volumev2 for http://172.30.9.25:8776/v3/206fc133e95e4ba3ae643cd336bf26d6/types/d82b43fb-7c41-42b3-a347-64f32fef7888/os-volume-type-access used request id req-d827525c-6840-4963-8a2b-1b178db5fb55 request /usr/lib/python2.7/site-packages/keystoneauth1/session.py:844
2019-07-04 08:06:05.859 6398 INFO rally.task.runner [-] Task 0a2d51b1-b380-44c2-8abf-4db893422516 | ITER: 10 END: OK
2019-07-04 08:06:06.015 6400 DEBUG cinderclient.v2.client [-] RESP: [200] Content-Encoding: gzip Content-Length: 129 Content-Type: application/json Date: Thu, 04 Jul 2019 08:06:05 GMT OpenStack-API-Version: volume 3.0 Server: Apache Vary: OpenStack-API-Version,Accept-Encoding x-compute-request-id: req-7d3e6ff6-4318-44a1-a53f-d4ff56715b19 x-openstack-request-id: req-7d3e6ff6-4318-44a1-a53f-d4ff56715b19 _http_log_response /usr/lib/python2.7/site-packages/keystoneauth1/session.py:479
2019-07-04 08:06:06.016 6400 DEBUG cinderclient.v2.client [-] RESP BODY: {"volume_type_access": [{"volume_type_id": "2b2902de-b0aa-4026-b2c3-7dbf4b8df5ab", "project_id": "2f7f143bfdbb476995c76186a26083b4"}]} _http_log_response /usr/lib/python2.7/site-packages/keystoneauth1/session.py:511
2019-07-04 08:06:06.016 6400 DEBUG cinderclient.v2.client [-] GET call to volumev2 for http://172.30.9.25:8776/v3/206fc133e95e4ba3ae643cd336bf26d6/types/2b2902de-b0aa-4026-b2c3-7dbf4b8df5ab/os-volume-type-access used request id req-7d3e6ff6-4318-44a1-a53f-d4ff56715b19 request /usr/lib/python2.7/site-packages/keystoneauth1/session.py:844
2019-07-04 08:06:06.017 6400 INFO rally.task.runner [-] Task 0a2d51b1-b380-44c2-8abf-4db893422516 | ITER: 9 END: OK
2019-07-04 08:06:06.046 1842 INFO rally.task.context [-] Task 0a2d51b1-b380-44c2-8abf-4db893422516 | Context admin_cleanup@openstack cleanup() started
2019-07-04 08:06:06.049 1842 RALLYDEBUG rally_openstack.cleanup.manager [-] Cleaning up cinder volume_types objects
2019-07-04 08:06:06.842 1842 RALLYDEBUG rally_openstack.cleanup.manager [-] Deleting cinder.volume_types object s_rally_a4f97b32_e0ckYDi2 (19cb617f-3b9d-40f1-b159-7820e07bcddf)
2019-07-04 08:06:06.843 1842 RALLYDEBUG rally_openstack.cleanup.manager [-] Deleting cinder.volume_types object s_rally_a4f97b32_XKeqBnRA (2b2902de-b0aa-4026-b2c3-7dbf4b8df5ab)
2019-07-04 08:06:06.849 1842 RALLYDEBUG rally_openstack.cleanup.manager [-] Deleting cinder.volume_types object s_rally_a4f97b32_aM6mYaH6 (d82b43fb-7c41-42b3-a347-64f32fef7888)
2019-07-04 08:06:06.852 1842 RALLYDEBUG rally_openstack.cleanup.manager [-] Deleting cinder.volume_types object s_rally_a4f97b32_aKAUoMhL (323d59e8-4714-4c0c-a4b8-f8bed486b5ff)
2019-07-04 08:06:06.854 1842 RALLYDEBUG rally_openstack.cleanup.manager [-] Deleting cinder.volume_types object s_rally_a4f97b32_rTeITPX0 (973b2148-f47d-46e5-8bb3-ac4d9c56e9ab)
2019-07-04 08:06:06.855 1842 RALLYDEBUG rally_openstack.cleanup.manager [-] Deleting cinder.volume_types object s_rally_a4f97b32_gjCG8L35 (3256b298-e9d3-45ec-ac3a-4bdcda19f292)
2019-07-04 08:06:06.858 1842 RALLYDEBUG rally_openstack.cleanup.manager [-] Deleting cinder.volume_types object s_rally_a4f97b32_YLw73L3D (6708d19c-eb4b-43a5-ad3e-dcaff372ee4c)
2019-07-04 08:06:06.861 1842 RALLYDEBUG rally_openstack.cleanup.manager [-] Deleting cinder.volume_types object s_rally_a4f97b32_ebO6Tsmj (370b5c4a-dbc9-4e8c-be72-b79e66232eef)
2019-07-04 08:06:06.875 1842 RALLYDEBUG rally_openstack.cleanup.manager [-] Deleting cinder.volume_types object s_rally_a4f97b32_ACbyclLV (7ca49d9d-5052-4a2f-80d7-f3f3d3f97321)
2019-07-04 08:06:06.883 1842 RALLYDEBUG rally_openstack.cleanup.manager [-] Deleting cinder.volume_types object s_rally_a4f97b32_RhdGYTxi (7f821368-1fdf-49a3-8864-6024b92055c0)
2019-07-04 08:06:09.205 1842 RALLYDEBUG rally_openstack.cleanup.manager [-] Cleaning up cinder image_volumes_cache objects
2019-07-04 08:06:10.199 1842 RALLYDEBUG rally_openstack.cleanup.manager [-] Cleaning up cinder quotas objects
2019-07-04 08:06:11.599 1842 RALLYDEBUG rally_openstack.cleanup.manager [-] Cleaning up cinder qos_specs objects
2019-07-04 08:06:12.392 1842 INFO rally.task.context [-] Task 0a2d51b1-b380-44c2-8abf-4db893422516 | Context admin_cleanup@openstack cleanup() finished in 6.35 sec
2019-07-04 08:06:12.392 1842 INFO rally.task.context [-] Task 0a2d51b1-b380-44c2-8abf-4db893422516 | Context api_versions@openstack cleanup() started
2019-07-04 08:06:12.392 1842 INFO rally.task.context [-] Task 0a2d51b1-b380-44c2-8abf-4db893422516 | Context api_versions@openstack cleanup() finished in 0.32 msec
2019-07-04 08:06:12.393 1842 INFO rally.task.context [-] Task 0a2d51b1-b380-44c2-8abf-4db893422516 | Context users@openstack cleanup() started
2019-07-04 08:06:19.374 1842 INFO rally.task.context [-] Task 0a2d51b1-b380-44c2-8abf-4db893422516 | Context users@openstack cleanup() finished in 6.98 sec
2019-07-04 08:06:20.943 1842 INFO rally.task.engine [-] Load duration is: 3.960253
2019-07-04 08:06:20.944 1842 INFO rally.task.engine [-] Full runner duration is: 4.009652
2019-07-04 08:06:20.944 1842 INFO rally.task.engine [-] Full duration is: 22.555529
2019-07-04 08:06:21.150 1842 INFO rally.task.engine [-] Task 0a2d51b1-b380-44c2-8abf-4db893422516 | Completed: Running task.
2019-07-04 08:06:22.078 6540 RALLYDEBUG rally.api [-] INFO logs from urllib3 and requests module are hide.
2019-07-04 08:06:22.078 6540 RALLYDEBUG rally.api [-] urllib3 insecure warnings are hidden.
2019-07-04 08:06:22.078 6540 RALLYDEBUG rally.api [-] ERROR log from boto module is hide.
2019-07-04 08:06:23.039 6541 RALLYDEBUG rally.api [-] INFO logs from urllib3 and requests module are hide.
2019-07-04 08:06:23.039 6541 RALLYDEBUG rally.api [-] urllib3 insecure warnings are hidden.
2019-07-04 08:06:23.039 6541 RALLYDEBUG rally.api [-] ERROR log from boto module is hide.
2019-07-04 08:06:24.356 6541 INFO rally.api [-] Building 'json' report for the following task(s): '0a2d51b1-b380-44c2-8abf-4db893422516'.
2019-07-04 08:06:24.403 6541 INFO rally.api [-] The report has been successfully built.
2019-07-04 08:06:25.281 6543 RALLYDEBUG rally.api [-] INFO logs from urllib3 and requests module are hide.
2019-07-04 08:06:25.281 6543 RALLYDEBUG rally.api [-] urllib3 insecure warnings are hidden.
2019-07-04 08:06:25.281 6543 RALLYDEBUG rally.api [-] ERROR log from boto module is hide.
2019-07-04 08:06:26.698 6543 INFO rally.task.engine [-] Task 157b190b-c3a1-4deb-8e0b-cd86ac02e007 | Starting: Task validation.
2019-07-04 08:06:26.737 6543 INFO rally.task.engine [-] Task 157b190b-c3a1-4deb-8e0b-cd86ac02e007 | Starting: Task validation of syntax.
2019-07-04 08:06:26.853 6543 INFO rally.task.engine [-] Task 157b190b-c3a1-4deb-8e0b-cd86ac02e007 | Completed: Task validation of syntax.
2019-07-04 08:06:26.853 6543 INFO rally.task.engine [-] Task 157b190b-c3a1-4deb-8e0b-cd86ac02e007 | Starting: Task validation of required platforms.
2019-07-04 08:06:26.911 6543 INFO rally.task.engine [-] Task 157b190b-c3a1-4deb-8e0b-cd86ac02e007 | Completed: Task validation of required platforms.
2019-07-04 08:06:26.911 6543 INFO rally.task.engine [-] Task 157b190b-c3a1-4deb-8e0b-cd86ac02e007 | Starting: Task validation of semantic.
2019-07-04 08:06:26.911 6543 INFO rally.task.engine [-] Check health of the environment 'fc875a37-6a97-4e76-b864-6820100e05af'.
2019-07-04 08:06:27.712 6543 INFO rally.task.engine [-] Platform existing@openstack (available: True): OK!
2019-07-04 08:06:27.729 6543 RALLYDEBUG rally_openstack.contexts.keystone.users [-] Creating 1 tenants using 20 threads
2019-07-04 08:06:29.521 6543 RALLYDEBUG rally_openstack.contexts.keystone.users [-] Creating 1 users using 20 threads
2019-07-04 08:06:31.983 6543 INFO rally.task.context [-] Task 157b190b-c3a1-4deb-8e0b-cd86ac02e007 | Context users@openstack setup() finished in 4.25 sec
2019-07-04 08:06:38.940 6543 INFO rally.task.context [-] Task 157b190b-c3a1-4deb-8e0b-cd86ac02e007 | Context users@openstack cleanup() started
2019-07-04 08:06:43.390 6543 INFO rally.task.context [-] Task 157b190b-c3a1-4deb-8e0b-cd86ac02e007 | Context users@openstack cleanup() finished in 4.45 sec
2019-07-04 08:06:43.391 6543 INFO rally.task.engine [-] Task 157b190b-c3a1-4deb-8e0b-cd86ac02e007 | Completed: Task validation of semantic.
2019-07-04 08:06:43.391 6543 INFO rally.task.engine [-] Task 157b190b-c3a1-4deb-8e0b-cd86ac02e007 | Completed: Task validation.
2019-07-04 08:06:43.392 6543 INFO rally.api [-] Task 157b190b-c3a1-4deb-8e0b-cd86ac02e007 input file is valid.
2019-07-04 08:06:43.392 6543 INFO rally.api [-] Run Task 157b190b-c3a1-4deb-8e0b-cd86ac02e007 against Deployment fc875a37-6a97-4e76-b864-6820100e05af
2019-07-04 08:06:43.392 6543 INFO rally.task.engine [-] Task 157b190b-c3a1-4deb-8e0b-cd86ac02e007 | Starting: Running task.
2019-07-04 08:06:43.529 6543 INFO rally.task.engine [-] Running workload: position = 0 config = { "version": 2, "title": "A cropped version of a bigger task.", "description": "Auto-generated task from a single workload (uuid=8d64f72a-8170-4d43-afc4-5323046f67a9)", "subtasks": [ { "title": "Gnocchi.list_capabilities", "description": "List supported aggregation methods.", "scenario": { "Gnocchi.list_capabilities": {} }, "contexts": { "users": { "tenants": 3, "users_per_tenant": 2 } }, "runner": { "constant": { "concurrency": 4, "times": 10 } }, "hooks": [], "sla": { "failure_rate": { "max": 0 } } } ] }
2019-07-04 08:06:43.549 6543 RALLYDEBUG rally_openstack.contexts.keystone.users [-] Creating 3 tenants using 20 threads
2019-07-04 08:06:45.415 6543 RALLYDEBUG rally_openstack.contexts.keystone.users [-] Creating 6 users using 20 threads
2019-07-04 08:06:48.065 6543 INFO rally.task.context [-] Task 157b190b-c3a1-4deb-8e0b-cd86ac02e007 | Context users@openstack setup() finished in 4.52 sec
2019-07-04 08:06:48.073 6543 RALLYDEBUG rally.task.runner [-] Starting the constant runner (task UUID: 157b190b-c3a1-4deb-8e0b-cd86ac02e007). timeout: 0 concurrency: 4 concurrency_per_worker: 1 times: 10 concurrency_overhead: 0 processes_to_start: 4 max_cpu_used: 16
2019-07-04 08:06:48.087 6667 RALLYDEBUG rally.task.runner [-] Starting a worker. concurrency: 1 args: {} times: 10 method_name: run timeout: 0 duration: None cls:
2019-07-04 08:06:48.089 6668 RALLYDEBUG rally.task.runner [-] Starting a worker. concurrency: 1 args: {} times: 10 method_name: run timeout: 0 duration: None cls:
2019-07-04 08:06:48.092 6669 RALLYDEBUG rally.task.runner [-] Starting a worker. concurrency: 1 args: {} times: 10 method_name: run timeout: 0 duration: None cls:
2019-07-04 08:06:48.093 6667 INFO rally.task.runner [-] Task 157b190b-c3a1-4deb-8e0b-cd86ac02e007 | ITER: 1 START
2019-07-04 08:06:48.094 6668 INFO rally.task.runner [-] Task 157b190b-c3a1-4deb-8e0b-cd86ac02e007 | ITER: 2 START
2019-07-04 08:06:48.095 6670 RALLYDEBUG rally.task.runner [-] Starting a worker. concurrency: 1 args: {} times: 10 method_name: run timeout: 0 duration: None cls:
2019-07-04 08:06:48.097 6669 INFO rally.task.runner [-] Task 157b190b-c3a1-4deb-8e0b-cd86ac02e007 | ITER: 3 START
2019-07-04 08:06:48.101 6670 INFO rally.task.runner [-] Task 157b190b-c3a1-4deb-8e0b-cd86ac02e007 | ITER: 4 START
2019-07-04 08:06:48.805 6667 INFO rally.task.runner [-] Task 157b190b-c3a1-4deb-8e0b-cd86ac02e007 | ITER: 1 END: OK
2019-07-04 08:06:48.809 6667 INFO rally.task.runner [-] Task 157b190b-c3a1-4deb-8e0b-cd86ac02e007 | ITER: 5 START
2019-07-04 08:06:48.810 6668 INFO rally.task.runner [-] Task 157b190b-c3a1-4deb-8e0b-cd86ac02e007 | ITER: 2 END: OK
2019-07-04 08:06:48.815 6668 INFO rally.task.runner [-] Task 157b190b-c3a1-4deb-8e0b-cd86ac02e007 | ITER: 6 START
2019-07-04 08:06:48.825 6669 INFO rally.task.runner [-] Task 157b190b-c3a1-4deb-8e0b-cd86ac02e007 | ITER: 3 END: OK
2019-07-04 08:06:48.829 6669 INFO rally.task.runner [-] Task 157b190b-c3a1-4deb-8e0b-cd86ac02e007 | ITER: 7 START
2019-07-04 08:06:48.907 6670 INFO rally.task.runner [-] Task 157b190b-c3a1-4deb-8e0b-cd86ac02e007 | ITER: 4 END: OK
2019-07-04 08:06:48.911 6670 INFO rally.task.runner [-] Task 157b190b-c3a1-4deb-8e0b-cd86ac02e007 | ITER: 8 START
2019-07-04 08:06:49.537 6667 INFO rally.task.runner [-] Task 157b190b-c3a1-4deb-8e0b-cd86ac02e007 | ITER: 5 END: OK
2019-07-04 08:06:49.540 6668 INFO rally.task.runner [-] Task 157b190b-c3a1-4deb-8e0b-cd86ac02e007 | ITER: 6 END: OK
2019-07-04 08:06:49.540 6667 INFO rally.task.runner [-] Task 157b190b-c3a1-4deb-8e0b-cd86ac02e007 | ITER: 9 START
2019-07-04 08:06:49.542 6669 INFO rally.task.runner [-] Task 157b190b-c3a1-4deb-8e0b-cd86ac02e007 | ITER: 7 END: OK
2019-07-04 08:06:49.543 6668 INFO rally.task.runner [-] Task 157b190b-c3a1-4deb-8e0b-cd86ac02e007 | ITER: 10 START
2019-07-04 08:06:49.655 6670 INFO rally.task.runner [-] Task 157b190b-c3a1-4deb-8e0b-cd86ac02e007 | ITER: 8 END: OK
2019-07-04 08:06:50.256 6667 INFO rally.task.runner [-] Task 157b190b-c3a1-4deb-8e0b-cd86ac02e007 | ITER: 9 END: OK
2019-07-04 08:06:50.263 6668 INFO rally.task.runner [-] Task 157b190b-c3a1-4deb-8e0b-cd86ac02e007 | ITER: 10 END: OK
2019-07-04 08:06:50.284 6543 INFO rally.task.context [-] Task 157b190b-c3a1-4deb-8e0b-cd86ac02e007 | Context users@openstack cleanup() started
2019-07-04 08:06:57.562 6543 INFO rally.task.context [-] Task 157b190b-c3a1-4deb-8e0b-cd86ac02e007 | Context users@openstack cleanup() finished in 7.28 sec
2019-07-04 08:06:57.615 6543 INFO rally.task.engine [-] Load duration is: 2.167523
2019-07-04 08:06:57.616 6543 INFO rally.task.engine [-] Full runner duration is: 2.212148
2019-07-04 08:06:57.616 6543 INFO rally.task.engine [-] Full duration is: 14.014776
2019-07-04 08:06:57.840 6543 INFO rally.task.engine [-] Running workload: position = 0 config = { "version": 2, "title": "A cropped version of a bigger task.", "description": "Auto-generated task from a single workload (uuid=e9c988e5-c16b-454a-96fa-1d6c151688db)", "subtasks": [ { "title": "Gnocchi.get_status", "description": "Get the status of measurements processing.", "scenario": { "Gnocchi.get_status": { "detailed": false } }, "contexts": { "users": { "tenants": 3, "users_per_tenant": 2 } }, "runner": { "constant": { "concurrency": 4, "times": 10 } }, "hooks": [], "sla": { "failure_rate": { "max": 0 } } } ] }
2019-07-04 08:06:57.861 6543 RALLYDEBUG rally_openstack.contexts.keystone.users [-] Creating 3 tenants using 20 threads
2019-07-04 08:06:59.643 6543 RALLYDEBUG rally_openstack.contexts.keystone.users [-] Creating 6 users using 20 threads
2019-07-04 08:07:02.271 6543 INFO rally.task.context [-] Task 157b190b-c3a1-4deb-8e0b-cd86ac02e007 | Context users@openstack setup() finished in 4.41 sec
2019-07-04 08:07:02.278 6543 RALLYDEBUG rally.task.runner [-] Starting the constant runner (task UUID: 157b190b-c3a1-4deb-8e0b-cd86ac02e007). timeout: 0 concurrency: 4 concurrency_per_worker: 1 times: 10 concurrency_overhead: 0 processes_to_start: 4 max_cpu_used: 16
2019-07-04 08:07:02.290 6771 RALLYDEBUG rally.task.runner [-] Starting a worker. concurrency: 1 args: {"detailed": false} times: 10 method_name: run timeout: 0 duration: None cls:
2019-07-04 08:07:02.292 6772 RALLYDEBUG rally.task.runner [-] Starting a worker. concurrency: 1 args: {"detailed": false} times: 10 method_name: run timeout: 0 duration: None cls:
2019-07-04 08:07:02.295 6773 RALLYDEBUG rally.task.runner [-] Starting a worker. concurrency: 1 args: {"detailed": false} times: 10 method_name: run timeout: 0 duration: None cls:
2019-07-04 08:07:02.296 6771 INFO rally.task.runner [-] Task 157b190b-c3a1-4deb-8e0b-cd86ac02e007 | ITER: 1 START
2019-07-04 08:07:02.298 6772 INFO rally.task.runner [-] Task 157b190b-c3a1-4deb-8e0b-cd86ac02e007 | ITER: 2 START
2019-07-04 08:07:02.298 6774 RALLYDEBUG rally.task.runner [-] Starting a worker. concurrency: 1 args: {"detailed": false} times: 10 method_name: run timeout: 0 duration: None cls:
2019-07-04 08:07:02.301 6773 INFO rally.task.runner [-] Task 157b190b-c3a1-4deb-8e0b-cd86ac02e007 | ITER: 3 START
2019-07-04 08:07:02.304 6774 INFO rally.task.runner [-] Task 157b190b-c3a1-4deb-8e0b-cd86ac02e007 | ITER: 4 START
2019-07-04 08:07:03.046 6771 INFO rally.task.runner [-] Task 157b190b-c3a1-4deb-8e0b-cd86ac02e007 | ITER: 1 END: OK
2019-07-04 08:07:03.050 6771 INFO rally.task.runner [-] Task 157b190b-c3a1-4deb-8e0b-cd86ac02e007 | ITER: 5 START
2019-07-04 08:07:03.052 6773 INFO rally.task.runner [-] Task 157b190b-c3a1-4deb-8e0b-cd86ac02e007 | ITER: 3 END: OK
2019-07-04 08:07:03.056 6773 INFO rally.task.runner [-] Task 157b190b-c3a1-4deb-8e0b-cd86ac02e007 | ITER: 6 START
2019-07-04 08:07:03.073 6774 INFO rally.task.runner [-] Task 157b190b-c3a1-4deb-8e0b-cd86ac02e007 | ITER: 4 END: OK
2019-07-04 08:07:03.077 6774 INFO rally.task.runner [-] Task 157b190b-c3a1-4deb-8e0b-cd86ac02e007 | ITER: 7 START
2019-07-04 08:07:03.146 6772 INFO rally.task.runner [-] Task 157b190b-c3a1-4deb-8e0b-cd86ac02e007 | ITER: 2 END: OK
2019-07-04 08:07:03.151 6772 INFO rally.task.runner [-] Task 157b190b-c3a1-4deb-8e0b-cd86ac02e007 | ITER: 8 START
2019-07-04 08:07:03.773 6771 INFO rally.task.runner [-] Task 157b190b-c3a1-4deb-8e0b-cd86ac02e007 | ITER: 5 END: OK
2019-07-04 08:07:03.774 6774 INFO rally.task.runner [-] Task 157b190b-c3a1-4deb-8e0b-cd86ac02e007 | ITER: 7 END: OK
2019-07-04 08:07:03.775 6773 INFO rally.task.runner [-] Task 157b190b-c3a1-4deb-8e0b-cd86ac02e007 | ITER: 6 END: OK
2019-07-04 08:07:03.776 6771 INFO rally.task.runner [-] Task 157b190b-c3a1-4deb-8e0b-cd86ac02e007 | ITER: 9 START
2019-07-04 08:07:03.778 6774 INFO rally.task.runner [-] Task 157b190b-c3a1-4deb-8e0b-cd86ac02e007 | ITER: 10 START
2019-07-04 08:07:03.897 6772 INFO rally.task.runner [-] Task 157b190b-c3a1-4deb-8e0b-cd86ac02e007 | ITER: 8 END: OK
2019-07-04 08:07:04.473 6774 INFO rally.task.runner [-] Task 157b190b-c3a1-4deb-8e0b-cd86ac02e007 | ITER: 10 END: OK
2019-07-04 08:07:04.519 6771 INFO rally.task.runner [-] Task 157b190b-c3a1-4deb-8e0b-cd86ac02e007 | ITER: 9 END: OK
2019-07-04 08:07:04.545 6543 INFO rally.task.context [-] Task 157b190b-c3a1-4deb-8e0b-cd86ac02e007 | Context users@openstack cleanup() started
2019-07-04 08:07:11.316 6543 INFO rally.task.context [-] Task 157b190b-c3a1-4deb-8e0b-cd86ac02e007 | Context users@openstack cleanup() finished in 6.77 sec
2019-07-04 08:07:11.929 6543 INFO rally.task.engine [-] Load duration is: 2.220972
2019-07-04 08:07:11.929 6543 INFO rally.task.engine [-] Full runner duration is: 2.267401
2019-07-04 08:07:11.930 6543 INFO rally.task.engine [-] Full duration is: 13.45635
2019-07-04 08:07:12.173 6543 INFO rally.task.engine [-] Running workload: position = 0 config = { "version": 2, "title": "A cropped version of a bigger task.", "description": "Auto-generated task from a single workload (uuid=046903ad-f087-441f-9ecb-7a04a7296e6d)", "subtasks": [ { "title": "GnocchiArchivePolicyRule.list_archive_policy_rule", "description": "List archive policy rules.", "scenario": { "GnocchiArchivePolicyRule.list_archive_policy_rule": {} }, "contexts": { "users": { "tenants": 3, "users_per_tenant": 2 } }, "runner": { "constant": { "concurrency": 4, "times": 10 } }, "hooks": [], "sla": { "failure_rate": { "max": 0 } } } ] }
2019-07-04 08:07:12.188 6543 RALLYDEBUG rally_openstack.contexts.keystone.users [-] Creating 3 tenants using 20 threads
2019-07-04 08:07:14.064 6543 RALLYDEBUG rally_openstack.contexts.keystone.users [-] Creating 6 users using 20 threads
2019-07-04 08:07:16.852 6543 INFO rally.task.context [-] Task 157b190b-c3a1-4deb-8e0b-cd86ac02e007 | Context users@openstack setup() finished in 4.66 sec
2019-07-04 08:07:16.855 6543 RALLYDEBUG rally.task.runner [-] Starting the constant runner (task UUID: 157b190b-c3a1-4deb-8e0b-cd86ac02e007). timeout: 0 concurrency: 4 concurrency_per_worker: 1 times: 10 concurrency_overhead: 0 processes_to_start: 4 max_cpu_used: 16
2019-07-04 08:07:16.865 6875 RALLYDEBUG rally.task.runner [-] Starting a worker. concurrency: 1 args: {} times: 10 method_name: run timeout: 0 duration: None cls:
2019-07-04 08:07:16.867 6876 RALLYDEBUG rally.task.runner [-] Starting a worker. concurrency: 1 args: {} times: 10 method_name: run timeout: 0 duration: None cls:
2019-07-04 08:07:16.870 6877 RALLYDEBUG rally.task.runner [-] Starting a worker. concurrency: 1 args: {} times: 10 method_name: run timeout: 0 duration: None cls:
2019-07-04 08:07:16.871 6875 INFO rally.task.runner [-] Task 157b190b-c3a1-4deb-8e0b-cd86ac02e007 | ITER: 1 START
2019-07-04 08:07:16.871 6878 RALLYDEBUG rally.task.runner [-] Starting a worker. concurrency: 1 args: {} times: 10 method_name: run timeout: 0 duration: None cls:
2019-07-04 08:07:16.874 6876 INFO rally.task.runner [-] Task 157b190b-c3a1-4deb-8e0b-cd86ac02e007 | ITER: 2 START
2019-07-04 08:07:16.876 6878 INFO rally.task.runner [-] Task 157b190b-c3a1-4deb-8e0b-cd86ac02e007 | ITER: 4 START
2019-07-04 08:07:16.877 6877 INFO rally.task.runner [-] Task 157b190b-c3a1-4deb-8e0b-cd86ac02e007 | ITER: 3 START
2019-07-04 08:07:17.572 6875 INFO rally.task.runner [-] Task 157b190b-c3a1-4deb-8e0b-cd86ac02e007 | ITER: 1 END: OK
2019-07-04 08:07:17.576 6875 INFO rally.task.runner [-] Task 157b190b-c3a1-4deb-8e0b-cd86ac02e007 | ITER: 5 START
2019-07-04 08:07:17.584 6878 INFO rally.task.runner [-] Task 157b190b-c3a1-4deb-8e0b-cd86ac02e007 | ITER: 4 END: OK
2019-07-04 08:07:17.588 6878 INFO rally.task.runner [-] Task 157b190b-c3a1-4deb-8e0b-cd86ac02e007 | ITER: 6 START
2019-07-04 08:07:17.605 6876 INFO rally.task.runner [-] Task 157b190b-c3a1-4deb-8e0b-cd86ac02e007 | ITER: 2 END: OK
2019-07-04 08:07:17.608 6876 INFO rally.task.runner [-] Task 157b190b-c3a1-4deb-8e0b-cd86ac02e007 | ITER: 7 START
2019-07-04 08:07:17.652 6877 INFO rally.task.runner [-] Task 157b190b-c3a1-4deb-8e0b-cd86ac02e007 | ITER: 3 END: OK
2019-07-04 08:07:17.656 6877 INFO rally.task.runner [-] Task 157b190b-c3a1-4deb-8e0b-cd86ac02e007 | ITER: 8 START
2019-07-04 08:07:18.278 6875 INFO rally.task.runner [-] Task 157b190b-c3a1-4deb-8e0b-cd86ac02e007 | ITER: 5 END: OK
2019-07-04 08:07:18.281 6875 INFO rally.task.runner [-] Task 157b190b-c3a1-4deb-8e0b-cd86ac02e007 | ITER: 9 START
2019-07-04 08:07:18.307 6878 INFO rally.task.runner [-] Task 157b190b-c3a1-4deb-8e0b-cd86ac02e007 | ITER: 6 END: OK
2019-07-04 08:07:18.311 6878 INFO rally.task.runner [-] Task 157b190b-c3a1-4deb-8e0b-cd86ac02e007 | ITER: 10 START
2019-07-04 08:07:18.315 6876 INFO rally.task.runner [-] Task 157b190b-c3a1-4deb-8e0b-cd86ac02e007 | ITER: 7 END: OK
2019-07-04 08:07:18.468 6877 INFO rally.task.runner [-] Task 157b190b-c3a1-4deb-8e0b-cd86ac02e007 | ITER: 8 END: OK
2019-07-04 08:07:18.907 6875 INFO rally.task.runner [-] Task 157b190b-c3a1-4deb-8e0b-cd86ac02e007 | ITER: 9 END: OK
2019-07-04 08:07:18.923 6878 INFO rally.task.runner [-] Task 157b190b-c3a1-4deb-8e0b-cd86ac02e007 | ITER: 10 END: OK
2019-07-04 08:07:18.943 6543 INFO rally.task.context [-] Task 157b190b-c3a1-4deb-8e0b-cd86ac02e007 | Context users@openstack cleanup() started
2019-07-04 08:07:26.378 6543 INFO rally.task.context [-] Task 157b190b-c3a1-4deb-8e0b-cd86ac02e007 | Context users@openstack cleanup() finished in 7.43 sec
2019-07-04 08:07:28.288 6543 INFO rally.task.engine [-] Load duration is: 2.050843
2019-07-04 08:07:28.289 6543 INFO rally.task.engine [-] Full runner duration is: 2.087893
2019-07-04 08:07:28.289 6543 INFO rally.task.engine [-] Full duration is: 14.192421
2019-07-04 08:07:28.523 6543 INFO rally.task.engine [-] Running workload: position = 0 config = { "version": 2, "title": "A cropped version of a bigger task.", "description": "Auto-generated task from a single workload (uuid=1d961b82-ab87-43cc-b356-8d387f1e36c4)", "subtasks": [ { "title": "GnocchiArchivePolicyRule.create_archive_policy_rule", "description": "Create archive policy rule.", "scenario": { "GnocchiArchivePolicyRule.create_archive_policy_rule": { "metric_pattern": "cpu_*", "archive_policy_name": "low" } }, "contexts": { "users": { "tenants": 3, "users_per_tenant": 2 } }, "runner": { "constant": { "concurrency": 4, "times": 10 } }, "hooks": [], "sla": { "failure_rate": { "max": 0 } } } ] }
2019-07-04 08:07:28.546 6543 RALLYDEBUG rally_openstack.contexts.keystone.users [-] Creating 3 tenants using 20 threads
2019-07-04 08:07:30.424 6543 RALLYDEBUG rally_openstack.contexts.keystone.users [-] Creating 6 users using 20 threads
2019-07-04 08:07:33.157 6543 INFO rally.task.context [-] Task 157b190b-c3a1-4deb-8e0b-cd86ac02e007 | Context users@openstack setup() finished in 4.61 sec
2019-07-04 08:07:33.157 6543 INFO rally.task.context [-] Task 157b190b-c3a1-4deb-8e0b-cd86ac02e007 | Context admin_cleanup@openstack setup() finished in 0.01 msec
2019-07-04 08:07:33.164 6543 RALLYDEBUG rally.task.runner [-] Starting the constant runner (task UUID: 157b190b-c3a1-4deb-8e0b-cd86ac02e007). timeout: 0 concurrency: 4 concurrency_per_worker: 1 times: 10 concurrency_overhead: 0 processes_to_start: 4 max_cpu_used: 16
2019-07-04 08:07:33.177 6979 RALLYDEBUG rally.task.runner [-] Starting a worker. concurrency: 1 args: {"metric_pattern": "cpu_*", "archive_policy_name": "low"} times: 10 method_name: run timeout: 0 duration: None cls:
2019-07-04 08:07:33.180 6980 RALLYDEBUG rally.task.runner [-] Starting a worker. concurrency: 1 args: {"metric_pattern": "cpu_*", "archive_policy_name": "low"} times: 10 method_name: run timeout: 0 duration: None cls:
2019-07-04 08:07:33.182 6981 RALLYDEBUG rally.task.runner [-] Starting a worker. concurrency: 1 args: {"metric_pattern": "cpu_*", "archive_policy_name": "low"} times: 10 method_name: run timeout: 0 duration: None cls:
2019-07-04 08:07:33.183 6979 INFO rally.task.runner [-] Task 157b190b-c3a1-4deb-8e0b-cd86ac02e007 | ITER: 1 START
2019-07-04 08:07:33.184 6982 RALLYDEBUG rally.task.runner [-] Starting a worker. concurrency: 1 args: {"metric_pattern": "cpu_*", "archive_policy_name": "low"} times: 10 method_name: run timeout: 0 duration: None cls:
2019-07-04 08:07:33.186 6980 INFO rally.task.runner [-] Task 157b190b-c3a1-4deb-8e0b-cd86ac02e007 | ITER: 2 START
2019-07-04 08:07:33.189 6981 INFO rally.task.runner [-] Task 157b190b-c3a1-4deb-8e0b-cd86ac02e007 | ITER: 3 START
2019-07-04 08:07:33.190 6982 INFO rally.task.runner [-] Task 157b190b-c3a1-4deb-8e0b-cd86ac02e007 | ITER: 4 START
2019-07-04 08:07:33.921 6982 INFO rally.task.runner [-] Task 157b190b-c3a1-4deb-8e0b-cd86ac02e007 | ITER: 4 END: OK
2019-07-04 08:07:33.925 6982 INFO rally.task.runner [-] Task 157b190b-c3a1-4deb-8e0b-cd86ac02e007 | ITER: 5 START
2019-07-04 08:07:33.933 6979 INFO rally.task.runner [-] Task 157b190b-c3a1-4deb-8e0b-cd86ac02e007 | ITER: 1 END: OK
2019-07-04 08:07:33.937 6979 INFO rally.task.runner [-] Task 157b190b-c3a1-4deb-8e0b-cd86ac02e007 | ITER: 6 START
2019-07-04 08:07:34.023 6981 INFO rally.task.runner [-] Task 157b190b-c3a1-4deb-8e0b-cd86ac02e007 | ITER: 3 END: OK
2019-07-04 08:07:34.027 6981 INFO rally.task.runner [-] Task 157b190b-c3a1-4deb-8e0b-cd86ac02e007 | ITER: 7 START
2019-07-04 08:07:34.035 6980 INFO rally.task.runner [-] Task 157b190b-c3a1-4deb-8e0b-cd86ac02e007 | ITER: 2 END: OK
2019-07-04 08:07:34.039 6980 INFO rally.task.runner [-] Task 157b190b-c3a1-4deb-8e0b-cd86ac02e007 | ITER: 8 START
2019-07-04 08:07:34.646 6982 INFO rally.task.runner [-] Task 157b190b-c3a1-4deb-8e0b-cd86ac02e007 | ITER: 5 END: OK
2019-07-04 08:07:34.650 6982 INFO rally.task.runner [-] Task 157b190b-c3a1-4deb-8e0b-cd86ac02e007 | ITER: 9 START
2019-07-04 08:07:34.658 6979 INFO rally.task.runner [-] Task 157b190b-c3a1-4deb-8e0b-cd86ac02e007 | ITER: 6 END: OK
2019-07-04 08:07:34.661 6979 INFO rally.task.runner [-] Task 157b190b-c3a1-4deb-8e0b-cd86ac02e007 | ITER: 10 START
2019-07-04 08:07:34.747 6980 INFO rally.task.runner [-] Task 157b190b-c3a1-4deb-8e0b-cd86ac02e007 | ITER: 8 END: OK
2019-07-04 08:07:34.831 6981 INFO rally.task.runner [-] Task 157b190b-c3a1-4deb-8e0b-cd86ac02e007 | ITER: 7 END: OK
2019-07-04 08:07:35.388 6982 INFO rally.task.runner [-] Task 157b190b-c3a1-4deb-8e0b-cd86ac02e007 | ITER: 9 END: OK
2019-07-04 08:07:35.459 6979 INFO rally.task.runner [-] Task 157b190b-c3a1-4deb-8e0b-cd86ac02e007 | ITER: 10 END: OK
2019-07-04 08:07:35.487 6543 INFO rally.task.context [-] Task 157b190b-c3a1-4deb-8e0b-cd86ac02e007 | Context admin_cleanup@openstack cleanup() started
2019-07-04 08:07:35.489 6543 RALLYDEBUG rally_openstack.cleanup.manager [-] Cleaning up gnocchi archive_policy_rule objects
2019-07-04 08:07:36.351 6543 RALLYDEBUG rally_openstack.cleanup.manager [-] Deleting gnocchi.archive_policy_rule object s_rally_1d961b82_4yKx5VOV (s_rally_1d961b82_4yKx5VOV)
2019-07-04 08:07:36.355 6543 RALLYDEBUG rally_openstack.cleanup.manager [-] Deleting gnocchi.archive_policy_rule object s_rally_1d961b82_NG2kT9hC (s_rally_1d961b82_NG2kT9hC)
2019-07-04 08:07:36.355 6543 RALLYDEBUG rally_openstack.cleanup.manager [-] Deleting gnocchi.archive_policy_rule object s_rally_1d961b82_d0leIiB3 (s_rally_1d961b82_d0leIiB3)
2019-07-04 08:07:36.364 6543 RALLYDEBUG rally_openstack.cleanup.manager [-] Deleting gnocchi.archive_policy_rule object s_rally_1d961b82_thOAwM2e (s_rally_1d961b82_thOAwM2e)
2019-07-04 08:07:36.371 6543 RALLYDEBUG rally_openstack.cleanup.manager [-] Deleting gnocchi.archive_policy_rule object s_rally_1d961b82_ygHA62ii (s_rally_1d961b82_ygHA62ii)
2019-07-04 08:07:36.371 6543 RALLYDEBUG rally_openstack.cleanup.manager [-] Deleting gnocchi.archive_policy_rule object s_rally_1d961b82_SA8AJlVS (s_rally_1d961b82_SA8AJlVS)
2019-07-04 08:07:36.378 6543 RALLYDEBUG rally_openstack.cleanup.manager [-] Deleting gnocchi.archive_policy_rule object s_rally_1d961b82_ywHPBrIf (s_rally_1d961b82_ywHPBrIf)
2019-07-04 08:07:36.379 6543 RALLYDEBUG rally_openstack.cleanup.manager [-] Deleting gnocchi.archive_policy_rule object s_rally_1d961b82_CyMB6zJw (s_rally_1d961b82_CyMB6zJw)
2019-07-04 08:07:36.380 6543 RALLYDEBUG rally_openstack.cleanup.manager [-] Deleting gnocchi.archive_policy_rule object s_rally_1d961b82_Rrl7Ja5o (s_rally_1d961b82_Rrl7Ja5o)
2019-07-04 08:07:36.389 6543 RALLYDEBUG rally_openstack.cleanup.manager [-] Deleting gnocchi.archive_policy_rule object s_rally_1d961b82_FEHyADyX (s_rally_1d961b82_FEHyADyX)
2019-07-04 08:07:38.750 6543 INFO rally.task.context [-] Task 157b190b-c3a1-4deb-8e0b-cd86ac02e007 | Context admin_cleanup@openstack cleanup() finished in 3.26 sec
2019-07-04 08:07:38.751 6543 INFO rally.task.context [-] Task 157b190b-c3a1-4deb-8e0b-cd86ac02e007 | Context users@openstack cleanup() started
2019-07-04 08:07:45.830 6543 INFO rally.task.context [-] Task 157b190b-c3a1-4deb-8e0b-cd86ac02e007 | Context users@openstack cleanup() finished in 7.08 sec
2019-07-04 08:07:46.638 6543 INFO rally.task.engine [-] Load duration is: 2.274453
2019-07-04 08:07:46.639 6543 INFO rally.task.engine [-] Full runner duration is: 2.322683
2019-07-04 08:07:46.639 6543 INFO rally.task.engine [-] Full duration is: 17.286337
2019-07-04 08:07:46.870 6543 INFO rally.task.engine [-] Running workload: position = 0 config = { "version": 2, "title": "A cropped version of a bigger task.", "description": "Auto-generated task from a single workload (uuid=74f1fb2a-1d0d-4911-a946-2c2f53dfa315)", "subtasks": [ { "title": "GnocchiArchivePolicyRule.create_delete_archive_policy_rule", "description": "Create archive policy rule and then delete it.", "scenario": { "GnocchiArchivePolicyRule.create_delete_archive_policy_rule": { "metric_pattern": "cpu_*", "archive_policy_name": "low" } }, "contexts": { "users": { "tenants": 3, "users_per_tenant": 2 } }, "runner": { "constant": { "concurrency": 4, "times": 10 } }, "hooks": [], "sla": { "failure_rate": { "max": 0 } } } ] }
2019-07-04 08:07:46.895 6543 RALLYDEBUG rally_openstack.contexts.keystone.users [-] Creating 3 tenants using 20 threads
2019-07-04 08:07:48.776 6543 RALLYDEBUG rally_openstack.contexts.keystone.users [-] Creating 6 users using 20 threads
2019-07-04 08:07:51.596 6543 INFO rally.task.context [-] Task 157b190b-c3a1-4deb-8e0b-cd86ac02e007 | Context users@openstack setup() finished in 4.70 sec
2019-07-04 08:07:51.597 6543 INFO rally.task.context [-] Task 157b190b-c3a1-4deb-8e0b-cd86ac02e007 | Context admin_cleanup@openstack setup() finished in 0.00 msec
2019-07-04 08:07:51.603 6543 RALLYDEBUG rally.task.runner [-] Starting the constant runner (task UUID: 157b190b-c3a1-4deb-8e0b-cd86ac02e007). timeout: 0 concurrency: 4 concurrency_per_worker: 1 times: 10 concurrency_overhead: 0 processes_to_start: 4 max_cpu_used: 16
2019-07-04 08:07:51.615 7103 RALLYDEBUG rally.task.runner [-] Starting a worker. concurrency: 1 args: {"metric_pattern": "cpu_*", "archive_policy_name": "low"} times: 10 method_name: run timeout: 0 duration: None cls:
2019-07-04 08:07:51.618 7104 RALLYDEBUG rally.task.runner [-] Starting a worker. concurrency: 1 args: {"metric_pattern": "cpu_*", "archive_policy_name": "low"} times: 10 method_name: run timeout: 0 duration: None cls:
2019-07-04 08:07:51.620 7105 RALLYDEBUG rally.task.runner [-] Starting a worker. concurrency: 1 args: {"metric_pattern": "cpu_*", "archive_policy_name": "low"} times: 10 method_name: run timeout: 0 duration: None cls:
2019-07-04 08:07:51.622 7103 INFO rally.task.runner [-] Task 157b190b-c3a1-4deb-8e0b-cd86ac02e007 | ITER: 1 START
2019-07-04 08:07:51.623 7106 RALLYDEBUG rally.task.runner [-] Starting a worker. concurrency: 1 args: {"metric_pattern": "cpu_*", "archive_policy_name": "low"} times: 10 method_name: run timeout: 0 duration: None cls:
2019-07-04 08:07:51.625 7104 INFO rally.task.runner [-] Task 157b190b-c3a1-4deb-8e0b-cd86ac02e007 | ITER: 2 START
2019-07-04 08:07:51.627 7105 INFO rally.task.runner [-] Task 157b190b-c3a1-4deb-8e0b-cd86ac02e007 | ITER: 3 START
2019-07-04 08:07:51.630 7106 INFO rally.task.runner [-] Task 157b190b-c3a1-4deb-8e0b-cd86ac02e007 | ITER: 4 START
2019-07-04 08:07:52.676 7104 INFO rally.task.runner [-] Task 157b190b-c3a1-4deb-8e0b-cd86ac02e007 | ITER: 2 END: OK
2019-07-04 08:07:52.680 7104 INFO rally.task.runner [-] Task 157b190b-c3a1-4deb-8e0b-cd86ac02e007 | ITER: 5 START
2019-07-04 08:07:52.689 7105 INFO rally.task.runner [-] Task 157b190b-c3a1-4deb-8e0b-cd86ac02e007 | ITER: 3 END: OK
2019-07-04 08:07:52.693 7105 INFO rally.task.runner [-] Task 157b190b-c3a1-4deb-8e0b-cd86ac02e007 | ITER: 6 START
2019-07-04 08:07:52.713 7103 INFO rally.task.runner [-] Task 157b190b-c3a1-4deb-8e0b-cd86ac02e007 | ITER: 1 END: OK
2019-07-04 08:07:52.716 7103 INFO rally.task.runner [-] Task 157b190b-c3a1-4deb-8e0b-cd86ac02e007 | ITER: 7 START
2019-07-04 08:07:52.743 7106 INFO rally.task.runner [-] Task 157b190b-c3a1-4deb-8e0b-cd86ac02e007 | ITER: 4 END: OK
2019-07-04 08:07:52.748 7106 INFO rally.task.runner [-] Task 157b190b-c3a1-4deb-8e0b-cd86ac02e007 | ITER: 8 START
2019-07-04 08:07:53.624 7103 INFO rally.task.runner [-] Task 157b190b-c3a1-4deb-8e0b-cd86ac02e007 | ITER: 7 END: OK
2019-07-04 08:07:53.627 7103 INFO rally.task.runner [-] Task 157b190b-c3a1-4deb-8e0b-cd86ac02e007 | ITER: 9 START
2019-07-04 08:07:53.630 7106 INFO rally.task.runner [-] Task 157b190b-c3a1-4deb-8e0b-cd86ac02e007 | ITER: 8 END: OK
2019-07-04 08:07:53.630 7104 INFO rally.task.runner [-] Task 157b190b-c3a1-4deb-8e0b-cd86ac02e007 | ITER: 5 END: OK
2019-07-04 08:07:53.633 7104 INFO rally.task.runner [-] Task 157b190b-c3a1-4deb-8e0b-cd86ac02e007 | ITER: 10 START
2019-07-04 08:07:53.714 7105 INFO rally.task.runner [-] Task 157b190b-c3a1-4deb-8e0b-cd86ac02e007 | ITER: 6 END: OK
2019-07-04 08:07:54.473 7103 INFO rally.task.runner [-] Task 157b190b-c3a1-4deb-8e0b-cd86ac02e007 | ITER: 9 END: OK
2019-07-04 08:07:54.485 7104 INFO rally.task.runner [-] Task 157b190b-c3a1-4deb-8e0b-cd86ac02e007 | ITER: 10 END: OK
2019-07-04 08:07:54.513 6543 INFO rally.task.context [-] Task 157b190b-c3a1-4deb-8e0b-cd86ac02e007 | Context admin_cleanup@openstack cleanup() started
2019-07-04 08:07:54.515 6543 RALLYDEBUG rally_openstack.cleanup.manager [-] Cleaning up gnocchi archive_policy_rule objects
2019-07-04 08:07:55.236 6543 INFO rally.task.context [-] Task 157b190b-c3a1-4deb-8e0b-cd86ac02e007 | Context admin_cleanup@openstack cleanup() finished in 0.72 sec
2019-07-04 08:07:55.237 6543 INFO rally.task.context [-] Task 157b190b-c3a1-4deb-8e0b-cd86ac02e007 | Context users@openstack cleanup() started
2019-07-04 08:08:01.974 6543 INFO rally.task.context [-] Task 157b190b-c3a1-4deb-8e0b-cd86ac02e007 | Context users@openstack cleanup() finished in 6.74 sec
2019-07-04 08:08:02.975 6543 INFO rally.task.engine [-] Load duration is: 2.861099
2019-07-04 08:08:02.975 6543 INFO rally.task.engine [-] Full runner duration is: 2.909973
2019-07-04 08:08:02.975 6543 INFO rally.task.engine [-] Full duration is: 15.082343
2019-07-04 08:08:03.223 6543 INFO rally.task.engine [-] Running workload: position = 0 config = { "version": 2, "title": "A cropped version of a bigger task.", "description": "Auto-generated task from a single workload (uuid=3c39b8ed-588d-4445-95e7-7391ef43a0c4)", "subtasks": [ { "title": "GnocchiArchivePolicy.list_archive_policy", "description": "List archive policies.", "scenario": { "GnocchiArchivePolicy.list_archive_policy": {} }, "contexts": { "users": { "tenants": 3, "users_per_tenant": 2 } }, "runner": { "constant": { "concurrency": 4, "times": 10 } }, "hooks": [], "sla": { "failure_rate": { "max": 0 } } } ] }
2019-07-04 08:08:03.248 6543 RALLYDEBUG rally_openstack.contexts.keystone.users [-] Creating 3 tenants using 20 threads
2019-07-04 08:08:05.090 6543 RALLYDEBUG rally_openstack.contexts.keystone.users [-] Creating 6 users using 20 threads
2019-07-04 08:08:07.778 6543 INFO rally.task.context [-] Task 157b190b-c3a1-4deb-8e0b-cd86ac02e007 | Context users@openstack setup() finished in 4.53 sec
2019-07-04 08:08:07.786 6543 RALLYDEBUG rally.task.runner [-] Starting the constant runner (task UUID: 157b190b-c3a1-4deb-8e0b-cd86ac02e007). timeout: 0 concurrency: 4 concurrency_per_worker: 1 times: 10 concurrency_overhead: 0 processes_to_start: 4 max_cpu_used: 16
2019-07-04 08:08:07.798 7227 RALLYDEBUG rally.task.runner [-] Starting a worker. concurrency: 1 args: {} times: 10 method_name: run timeout: 0 duration: None cls:
2019-07-04 08:08:07.801 7228 RALLYDEBUG rally.task.runner [-] Starting a worker. concurrency: 1 args: {} times: 10 method_name: run timeout: 0 duration: None cls:
2019-07-04 08:08:07.804 7227 INFO rally.task.runner [-] Task 157b190b-c3a1-4deb-8e0b-cd86ac02e007 | ITER: 1 START
2019-07-04 08:08:07.804 7229 RALLYDEBUG rally.task.runner [-] Starting a worker. concurrency: 1 args: {} times: 10 method_name: run timeout: 0 duration: None cls:
2019-07-04 08:08:07.808 7228 INFO rally.task.runner [-] Task 157b190b-c3a1-4deb-8e0b-cd86ac02e007 | ITER: 2 START
2019-07-04 08:08:07.807 7230 RALLYDEBUG rally.task.runner [-] Starting a worker. concurrency: 1 args: {} times: 10 method_name: run timeout: 0 duration: None cls:
2019-07-04 08:08:07.810 7229 INFO rally.task.runner [-] Task 157b190b-c3a1-4deb-8e0b-cd86ac02e007 | ITER: 3 START
2019-07-04 08:08:07.813 7230 INFO rally.task.runner [-] Task 157b190b-c3a1-4deb-8e0b-cd86ac02e007 | ITER: 4 START
2019-07-04 08:08:08.522 7230 INFO rally.task.runner [-] Task 157b190b-c3a1-4deb-8e0b-cd86ac02e007 | ITER: 4 END: OK
2019-07-04 08:08:08.525 7227 INFO rally.task.runner [-] Task 157b190b-c3a1-4deb-8e0b-cd86ac02e007 | ITER: 1 END: OK
2019-07-04 08:08:08.526 7230 INFO rally.task.runner [-] Task 157b190b-c3a1-4deb-8e0b-cd86ac02e007 | ITER: 5 START
2019-07-04 08:08:08.529 7229 INFO rally.task.runner [-] Task 157b190b-c3a1-4deb-8e0b-cd86ac02e007 | ITER: 3 END: OK
2019-07-04 08:08:08.529 7227 INFO rally.task.runner [-] Task 157b190b-c3a1-4deb-8e0b-cd86ac02e007 | ITER: 6 START
2019-07-04 08:08:08.533 7229 INFO rally.task.runner [-] Task 157b190b-c3a1-4deb-8e0b-cd86ac02e007 | ITER: 7 START
2019-07-04 08:08:08.648 7228 INFO rally.task.runner [-] Task 157b190b-c3a1-4deb-8e0b-cd86ac02e007 | ITER: 2 END: OK
2019-07-04 08:08:08.653 7228 INFO rally.task.runner [-] Task 157b190b-c3a1-4deb-8e0b-cd86ac02e007 | ITER: 8 START
2019-07-04 08:08:09.204 7230 INFO rally.task.runner [-] Task 157b190b-c3a1-4deb-8e0b-cd86ac02e007 | ITER: 5 END: OK
2019-07-04 08:08:09.207 7230 INFO rally.task.runner [-] Task 157b190b-c3a1-4deb-8e0b-cd86ac02e007 | ITER: 9 START
2019-07-04 08:08:09.221 7227 INFO rally.task.runner [-] Task 157b190b-c3a1-4deb-8e0b-cd86ac02e007 | ITER: 6 END: OK
2019-07-04 08:08:09.225 7227 INFO rally.task.runner [-] Task 157b190b-c3a1-4deb-8e0b-cd86ac02e007 | ITER: 10 START
2019-07-04 08:08:09.248 7229 INFO rally.task.runner [-] Task 157b190b-c3a1-4deb-8e0b-cd86ac02e007 | ITER: 7 END: OK
2019-07-04 08:08:09.354 7228 INFO rally.task.runner [-] Task 157b190b-c3a1-4deb-8e0b-cd86ac02e007 | ITER: 8 END: OK
2019-07-04 08:08:09.894 7230 INFO rally.task.runner [-] Task 157b190b-c3a1-4deb-8e0b-cd86ac02e007 | ITER: 9 END: OK
2019-07-04 08:08:09.909 7227 INFO rally.task.runner [-] Task 157b190b-c3a1-4deb-8e0b-cd86ac02e007 | ITER: 10 END: OK
2019-07-04 08:08:09.933 6543 INFO rally.task.context [-] Task 157b190b-c3a1-4deb-8e0b-cd86ac02e007 | Context users@openstack cleanup() started
2019-07-04 08:08:16.797 6543 INFO rally.task.context [-] Task 157b190b-c3a1-4deb-8e0b-cd86ac02e007 | Context users@openstack cleanup() finished in 6.86 sec
2019-07-04 08:08:17.328 6543 INFO rally.task.engine [-] Load duration is: 2.102515
2019-07-04 08:08:17.328 6543 INFO rally.task.engine [-] Full runner duration is: 2.148235
2019-07-04 08:08:17.329 6543 INFO rally.task.engine [-] Full duration is: 13.550905
2019-07-04 08:08:17.577 6543 INFO rally.task.engine [-] Running workload: position = 0 config = { "version": 2, "title": "A cropped version of a bigger task.", "description": "Auto-generated task from a single workload (uuid=a8778408-31fb-4fd8-9e93-1e87c8c1bd16)", "subtasks": [ { "title": "GnocchiArchivePolicy.create_archive_policy", "description": "Create archive policy.", "scenario": { "GnocchiArchivePolicy.create_archive_policy": { "definition": [ { "granularity": "0:00:01", "timespan": "1:00:00" } ] } }, "contexts": { "users": { "tenants": 3, "users_per_tenant": 2 } }, "runner": { "constant": { "concurrency": 4, "times": 10 } }, "hooks": [], "sla": { "failure_rate": { "max": 0 } } } ] }
2019-07-04 08:08:17.600 6543 RALLYDEBUG rally_openstack.contexts.keystone.users [-] Creating 3 tenants using 20 threads
2019-07-04 08:08:19.431 6543 RALLYDEBUG rally_openstack.contexts.keystone.users [-] Creating 6 users using 20 threads
2019-07-04 08:08:22.215 6543 INFO rally.task.context [-] Task 157b190b-c3a1-4deb-8e0b-cd86ac02e007 | Context users@openstack setup() finished in 4.61 sec
2019-07-04 08:08:22.216 6543 INFO rally.task.context [-] Task 157b190b-c3a1-4deb-8e0b-cd86ac02e007 | Context admin_cleanup@openstack setup() finished in 0.04 msec
2019-07-04 08:08:22.223 6543 RALLYDEBUG rally.task.runner [-] Starting the constant runner (task UUID: 157b190b-c3a1-4deb-8e0b-cd86ac02e007). timeout: 0 concurrency: 4 concurrency_per_worker: 1 times: 10 concurrency_overhead: 0 processes_to_start: 4 max_cpu_used: 16
2019-07-04 08:08:22.236 7331 RALLYDEBUG rally.task.runner [-] Starting a worker. concurrency: 1 args: {"definition": [{"granularity": "0:00:01", "timespan": "1:00:00"}]} times: 10 method_name: run timeout: 0 duration: None cls:
2019-07-04 08:08:22.239 7332 RALLYDEBUG rally.task.runner [-] Starting a worker. concurrency: 1 args: {"definition": [{"granularity": "0:00:01", "timespan": "1:00:00"}]} times: 10 method_name: run timeout: 0 duration: None cls:
2019-07-04 08:08:22.243 7331 INFO rally.task.runner [-] Task 157b190b-c3a1-4deb-8e0b-cd86ac02e007 | ITER: 1 START
2019-07-04 08:08:22.242 7333 RALLYDEBUG rally.task.runner [-] Starting a worker. concurrency: 1 args: {"definition": [{"granularity": "0:00:01", "timespan": "1:00:00"}]} times: 10 method_name: run timeout: 0 duration: None cls:
2019-07-04 08:08:22.245 7332 INFO rally.task.runner [-] Task 157b190b-c3a1-4deb-8e0b-cd86ac02e007 | ITER: 2 START
2019-07-04 08:08:22.245 7334 RALLYDEBUG rally.task.runner [-] Starting a worker. concurrency: 1 args: {"definition": [{"granularity": "0:00:01", "timespan": "1:00:00"}]} times: 10 method_name: run timeout: 0 duration: None cls:
2019-07-04 08:08:22.249 7333 INFO rally.task.runner [-] Task 157b190b-c3a1-4deb-8e0b-cd86ac02e007 | ITER: 3 START
2019-07-04 08:08:22.251 7334 INFO rally.task.runner [-] Task 157b190b-c3a1-4deb-8e0b-cd86ac02e007 | ITER: 4 START
2019-07-04 08:08:23.030 7331 INFO rally.task.runner [-] Task 157b190b-c3a1-4deb-8e0b-cd86ac02e007 | ITER: 1 END: OK
2019-07-04 08:08:23.030 7334 INFO rally.task.runner [-] Task 157b190b-c3a1-4deb-8e0b-cd86ac02e007 | ITER: 4 END: OK
2019-07-04 08:08:23.036 7334 INFO rally.task.runner [-] Task 157b190b-c3a1-4deb-8e0b-cd86ac02e007 | ITER: 6 START
2019-07-04 08:08:23.036 7331 INFO rally.task.runner [-] Task 157b190b-c3a1-4deb-8e0b-cd86ac02e007 | ITER: 5 START
2019-07-04 08:08:23.093 7332 INFO rally.task.runner [-] Task 157b190b-c3a1-4deb-8e0b-cd86ac02e007 | ITER: 2 END: OK
2019-07-04 08:08:23.097 7332 INFO rally.task.runner [-] Task 157b190b-c3a1-4deb-8e0b-cd86ac02e007 | ITER: 7 START
2019-07-04 08:08:23.101 7333 INFO rally.task.runner [-] Task 157b190b-c3a1-4deb-8e0b-cd86ac02e007 | ITER: 3 END: OK
2019-07-04 08:08:23.106 7333 INFO rally.task.runner [-] Task 157b190b-c3a1-4deb-8e0b-cd86ac02e007 | ITER: 8 START
2019-07-04 08:08:23.796 7331 INFO rally.task.runner [-] Task 157b190b-c3a1-4deb-8e0b-cd86ac02e007 | ITER: 5 END: OK
2019-07-04 08:08:23.799 7331 INFO rally.task.runner [-] Task 157b190b-c3a1-4deb-8e0b-cd86ac02e007 | ITER: 9 START
2019-07-04 08:08:23.825 7333 INFO rally.task.runner [-] Task 157b190b-c3a1-4deb-8e0b-cd86ac02e007 | ITER: 8 END: OK
2019-07-04 08:08:23.829 7333 INFO rally.task.runner [-] Task 157b190b-c3a1-4deb-8e0b-cd86ac02e007 | ITER: 10 START
2019-07-04 08:08:23.872 7334 INFO rally.task.runner [-] Task 157b190b-c3a1-4deb-8e0b-cd86ac02e007 | ITER: 6 END: OK
2019-07-04 08:08:23.890 7332 INFO rally.task.runner [-] Task 157b190b-c3a1-4deb-8e0b-cd86ac02e007 | ITER: 7 END: OK
2019-07-04 08:08:24.453 7333 INFO rally.task.runner [-] Task 157b190b-c3a1-4deb-8e0b-cd86ac02e007 | ITER: 10 END: OK
2019-07-04 08:08:24.515 7331 INFO rally.task.runner [-] Task 157b190b-c3a1-4deb-8e0b-cd86ac02e007 | ITER: 9 END: OK
2019-07-04 08:08:24.543 6543 INFO rally.task.context [-] Task 157b190b-c3a1-4deb-8e0b-cd86ac02e007 | Context admin_cleanup@openstack cleanup() started
2019-07-04 08:08:24.545 6543 RALLYDEBUG rally_openstack.cleanup.manager [-] Cleaning up gnocchi archive_policy objects
2019-07-04 08:08:25.387 6543 RALLYDEBUG rally_openstack.cleanup.manager [-] Deleting gnocchi.archive_policy object s_rally_a8778408_JYhEJlAt (s_rally_a8778408_JYhEJlAt)
2019-07-04 08:08:25.391 6543 RALLYDEBUG rally_openstack.cleanup.manager [-] Deleting gnocchi.archive_policy object s_rally_a8778408_Ib8QgUUb (s_rally_a8778408_Ib8QgUUb)
2019-07-04 08:08:25.403 6543 RALLYDEBUG rally_openstack.cleanup.manager [-] Deleting gnocchi.archive_policy object s_rally_a8778408_goncf3Gb (s_rally_a8778408_goncf3Gb)
2019-07-04 08:08:25.406 6543 RALLYDEBUG rally_openstack.cleanup.manager [-] Deleting gnocchi.archive_policy object s_rally_a8778408_2RjFz7Z9 (s_rally_a8778408_2RjFz7Z9)
2019-07-04 08:08:25.411 6543 RALLYDEBUG rally_openstack.cleanup.manager [-] Deleting gnocchi.archive_policy object s_rally_a8778408_rf06AkdA (s_rally_a8778408_rf06AkdA)
2019-07-04 08:08:25.417 6543 RALLYDEBUG rally_openstack.cleanup.manager [-] Deleting gnocchi.archive_policy object s_rally_a8778408_7P04tur0 (s_rally_a8778408_7P04tur0)
2019-07-04 08:08:25.412 6543 RALLYDEBUG rally_openstack.cleanup.manager [-] Deleting gnocchi.archive_policy object s_rally_a8778408_sraAbsbi (s_rally_a8778408_sraAbsbi)
2019-07-04 08:08:25.419 6543 RALLYDEBUG rally_openstack.cleanup.manager [-] Deleting gnocchi.archive_policy object s_rally_a8778408_ZW3PO8dR (s_rally_a8778408_ZW3PO8dR)
2019-07-04 08:08:25.423 6543 RALLYDEBUG rally_openstack.cleanup.manager [-] Deleting gnocchi.archive_policy object s_rally_a8778408_lMBleifo (s_rally_a8778408_lMBleifo)
2019-07-04 08:08:25.428 6543 RALLYDEBUG rally_openstack.cleanup.manager [-] Deleting gnocchi.archive_policy object s_rally_a8778408_zX163V0J (s_rally_a8778408_zX163V0J)
2019-07-04 08:08:27.795 6543 INFO rally.task.context [-] Task 157b190b-c3a1-4deb-8e0b-cd86ac02e007 | Context admin_cleanup@openstack cleanup() finished in 3.25 sec
2019-07-04 08:08:27.796 6543 INFO rally.task.context [-] Task 157b190b-c3a1-4deb-8e0b-cd86ac02e007 | Context users@openstack cleanup() started
2019-07-04 08:08:34.606 6543 INFO rally.task.context [-] Task 157b190b-c3a1-4deb-8e0b-cd86ac02e007 | Context users@openstack cleanup() finished in 6.81 sec
2019-07-04 08:08:35.694 6543 INFO rally.task.engine [-] Load duration is: 2.270604
2019-07-04 08:08:35.695 6543 INFO rally.task.engine [-] Full runner duration is: 2.319728
2019-07-04 08:08:35.695 6543 INFO rally.task.engine [-] Full duration is: 17.009214
