2019-07-04 07:58:22.637 1842 INFO rally.task.context [-] Task 0a2d51b1-b380-44c2-8abf-4db893422516 | Context users@openstack cleanup() finished in 6.79 sec
2019-07-04 07:58:23.277 1842 INFO rally.task.engine [-] Load duration is: 2.191142
2019-07-04 07:58:23.278 1842 INFO rally.task.engine [-] Full runner duration is: 2.239832
2019-07-04 07:58:23.278 1842 INFO rally.task.engine [-] Full duration is: 59.631677
2019-07-04 07:58:23.500 1842 INFO rally.task.engine [-] Running workload: position = 0 config = { "version": 2, "title": "A cropped version of a bigger task.", "description": "Auto-generated task from a single workload (uuid=e3f881b6-0a7d-460f-a64d-8d988363b16f)", "subtasks": [ { "title": "CinderVolumes.create_and_delete_snapshot", "description": "Create and then delete a volume-snapshot.", "scenario": { "CinderVolumes.create_and_delete_snapshot": { "force": false } }, "contexts": { "users": { "tenants": 3, "users_per_tenant": 2 }, "quotas": { "cinder": { "gigabytes": -1, "snapshots": -1, "volumes": -1 } }, "api_versions": { "cinder": { "version": 3, "service_type": "volumev3" } }, "volumes": { "size": 1, "volumes_per_tenant": 1 } }, "runner": { "constant": { "concurrency": 4, "times": 10 } }, "hooks": [], "sla": { "failure_rate": { "max": 0 } } } ] }
2019-07-04 07:58:23.526 1842 RALLYDEBUG rally_openstack.contexts.keystone.users [-] Creating 3 tenants using 20 threads
2019-07-04 07:58:25.453 1842 RALLYDEBUG rally_openstack.contexts.keystone.users [-] Creating 6 users using 20 threads
2019-07-04 07:58:28.178 1842 INFO rally.task.context [-] Task 0a2d51b1-b380-44c2-8abf-4db893422516 | Context users@openstack setup() finished in 4.65 sec
2019-07-04 07:58:28.608 1842 INFO rally.task.context [-] Task 0a2d51b1-b380-44c2-8abf-4db893422516 | Context api_versions@openstack setup() finished in 0.43 sec
2019-07-04 07:58:30.102 1842 INFO rally.task.context [-] Task 0a2d51b1-b380-44c2-8abf-4db893422516 | Context quotas@openstack setup() finished in 1.49 sec
2019-07-04 07:58:40.855 1842 INFO rally.task.context [-] Task 0a2d51b1-b380-44c2-8abf-4db893422516 | Context volumes@openstack setup() finished in 10.75 sec
2019-07-04 07:58:40.855 1842 INFO rally.task.context [-] Task 0a2d51b1-b380-44c2-8abf-4db893422516 | Context cleanup@openstack setup() finished in 0.01 msec
2019-07-04 07:58:40.863 1842 RALLYDEBUG rally.task.runner [-] Starting the constant runner (task UUID: 0a2d51b1-b380-44c2-8abf-4db893422516). timeout: 0 concurrency: 4 concurrency_per_worker: 1 times: 10 concurrency_overhead: 0 processes_to_start: 4 max_cpu_used: 16
2019-07-04 07:58:40.874 3966 RALLYDEBUG rally.task.runner [-] Starting a worker. concurrency: 1 args: {"force": false} times: 10 method_name: run timeout: 0 duration: None cls:
2019-07-04 07:58:40.878 3967 RALLYDEBUG rally.task.runner [-] Starting a worker. concurrency: 1 args: {"force": false} times: 10 method_name: run timeout: 0 duration: None cls:
2019-07-04 07:58:40.882 3968 RALLYDEBUG rally.task.runner [-] Starting a worker. concurrency: 1 args: {"force": false} times: 10 method_name: run timeout: 0 duration: None cls:
2019-07-04 07:58:40.884 3966 INFO rally.task.runner [-] Task 0a2d51b1-b380-44c2-8abf-4db893422516 | ITER: 1 START
2019-07-04 07:58:40.884 3969 RALLYDEBUG rally.task.runner [-] Starting a worker. concurrency: 1 args: {"force": false} times: 10 method_name: run timeout: 0 duration: None cls:
2019-07-04 07:58:40.890 3967 INFO rally.task.runner [-] Task 0a2d51b1-b380-44c2-8abf-4db893422516 | ITER: 2 START
2019-07-04 07:58:40.894 3968 INFO rally.task.runner [-] Task 0a2d51b1-b380-44c2-8abf-4db893422516 | ITER: 3 START
2019-07-04 07:58:40.895 3969 INFO rally.task.runner [-] Task 0a2d51b1-b380-44c2-8abf-4db893422516 | ITER: 4 START
2019-07-04 07:58:44.666 3969 RALLYDEBUG rally.task.utils [-] Waiting for resource s_rally_e3f881b6_ndoKjuCV. Status changed: AVAILABLE => DELETING in 0.23114490509
2019-07-04 07:58:44.723 3968 RALLYDEBUG rally.task.utils [-] Waiting for resource s_rally_e3f881b6_lx3lWPdk. Status changed: AVAILABLE => DELETING in 0.228038072586
2019-07-04 07:58:44.816 3966 RALLYDEBUG rally.task.utils [-] Waiting for resource s_rally_e3f881b6_LtWpHyGI. Status changed: AVAILABLE => DELETING in 0.262437820435
2019-07-04 07:58:44.916 3967 RALLYDEBUG rally.task.utils [-] Waiting for resource s_rally_e3f881b6_6lfAIukf. Status changed: AVAILABLE => DELETING in 0.24599313736
2019-07-04 07:58:46.841 3966 INFO rally.task.runner [-] Task 0a2d51b1-b380-44c2-8abf-4db893422516 | ITER: 1 END: OK
2019-07-04 07:58:46.847 3966 INFO rally.task.runner [-] Task 0a2d51b1-b380-44c2-8abf-4db893422516 | ITER: 5 START
2019-07-04 07:58:46.909 3969 INFO rally.task.runner [-] Task 0a2d51b1-b380-44c2-8abf-4db893422516 | ITER: 4 END: OK
2019-07-04 07:58:46.914 3969 INFO rally.task.runner [-] Task 0a2d51b1-b380-44c2-8abf-4db893422516 | ITER: 6 START
2019-07-04 07:58:46.935 3968 INFO rally.task.runner [-] Task 0a2d51b1-b380-44c2-8abf-4db893422516 | ITER: 3 END: OK
2019-07-04 07:58:46.939 3967 INFO rally.task.runner [-] Task 0a2d51b1-b380-44c2-8abf-4db893422516 | ITER: 2 END: OK
2019-07-04 07:58:46.940 3968 INFO rally.task.runner [-] Task 0a2d51b1-b380-44c2-8abf-4db893422516 | ITER: 7 START
2019-07-04 07:58:46.944 3967 INFO rally.task.runner [-] Task 0a2d51b1-b380-44c2-8abf-4db893422516 | ITER: 8 START
2019-07-04 07:58:50.677 3969 RALLYDEBUG rally.task.utils [-] Waiting for resource s_rally_e3f881b6_394hkHaH. Status changed: AVAILABLE => DELETING in 0.0274081230164
2019-07-04 07:58:50.682 3966 INFO rally.task.runner [-] Task 0a2d51b1-b380-44c2-8abf-4db893422516 | ITER: 5 END: OK
2019-07-04 07:58:50.687 3966 INFO rally.task.runner [-] Task 0a2d51b1-b380-44c2-8abf-4db893422516 | ITER: 9 START
2019-07-04 07:58:50.821 3967 RALLYDEBUG rally.task.utils [-] Waiting for resource s_rally_e3f881b6_oUzSoMp7. Status changed: AVAILABLE => DELETING in 0.305274963379
2019-07-04 07:58:50.979 3968 RALLYDEBUG rally.task.utils [-] Waiting for resource s_rally_e3f881b6_5XDTyqdi. Status changed: AVAILABLE => DELETING in 0.222363948822
2019-07-04 07:58:52.703 3969 INFO rally.task.runner [-] Task 0a2d51b1-b380-44c2-8abf-4db893422516 | ITER: 6 END: OK
2019-07-04 07:58:52.708 3969 INFO rally.task.runner [-] Task 0a2d51b1-b380-44c2-8abf-4db893422516 | ITER: 10 START
2019-07-04 07:58:53.033 3967 INFO rally.task.runner [-] Task 0a2d51b1-b380-44c2-8abf-4db893422516 | ITER: 8 END: OK
2019-07-04 07:58:53.193 3968 INFO rally.task.runner [-] Task 0a2d51b1-b380-44c2-8abf-4db893422516 | ITER: 7 END: OK
2019-07-04 07:58:53.996 3966 RALLYDEBUG rally.task.utils [-] Waiting for resource s_rally_e3f881b6_zlkbjXtF. Status changed: AVAILABLE => DELETING in 0.0230140686035
2019-07-04 07:58:56.210 3966 INFO rally.task.runner [-] Task 0a2d51b1-b380-44c2-8abf-4db893422516 | ITER: 9 END: OK
2019-07-04 07:58:56.430 3969 RALLYDEBUG rally.task.utils [-] Waiting for resource s_rally_e3f881b6_h6nLvZd3. Status changed: AVAILABLE => DELETING in 0.217198848724
2019-07-04 07:58:58.719 3969 INFO rally.task.runner [-] Task 0a2d51b1-b380-44c2-8abf-4db893422516 | ITER: 10 END: OK
2019-07-04 07:58:58.744 1842 INFO rally.task.context [-] Task 0a2d51b1-b380-44c2-8abf-4db893422516 | Context cleanup@openstack cleanup() started
2019-07-04 07:58:58.746 1842 RALLYDEBUG rally_openstack.cleanup.manager [-] Cleaning up cinder backups objects
2019-07-04 07:59:00.727 1842 RALLYDEBUG rally_openstack.cleanup.manager [-] Cleaning up cinder volume_snapshots objects
2019-07-04 07:59:02.691 1842 RALLYDEBUG rally_openstack.cleanup.manager [-] Cleaning up cinder transfers objects
2019-07-04 07:59:04.625 1842 RALLYDEBUG rally_openstack.cleanup.manager [-] Cleaning up cinder volumes objects
2019-07-04 07:59:06.603 1842 INFO rally.task.context [-] Task 0a2d51b1-b380-44c2-8abf-4db893422516 | Context cleanup@openstack cleanup() finished in 7.86 sec
2019-07-04 07:59:06.604 1842 INFO rally.task.context [-] Task 0a2d51b1-b380-44c2-8abf-4db893422516 | Context volumes@openstack cleanup() started
2019-07-04 07:59:06.605 1842 RALLYDEBUG rally_openstack.cleanup.manager [-] Cleaning up cinder volumes objects
2019-07-04 07:59:08.912 1842 RALLYDEBUG rally_openstack.cleanup.manager [-] Deleting cinder.volumes object c_rally_e3f881b6_Lh10hJYI (f958bc8b-7845-43a4-8042-b7e56969a1c1)
2019-07-04 07:59:08.913 1842 RALLYDEBUG rally_openstack.cleanup.manager [-] Deleting cinder.volumes object c_rally_e3f881b6_nSlcbkyj (b098ddb5-fcfd-42f1-b123-dfdf21ebe148)
2019-07-04 07:59:08.918 1842 RALLYDEBUG rally_openstack.cleanup.manager [-] Deleting cinder.volumes object c_rally_e3f881b6_jpqkBVGM (aa33cafb-7ddb-4491-a18e-7abf731bbdaa)
2019-07-04 07:59:12.352 1842 INFO rally.task.context [-] Task 0a2d51b1-b380-44c2-8abf-4db893422516 | Context volumes@openstack cleanup() finished in 5.75 sec
2019-07-04 07:59:12.353 1842 INFO rally.task.context [-] Task 0a2d51b1-b380-44c2-8abf-4db893422516 | Context quotas@openstack cleanup() started
2019-07-04 07:59:12.924 1842 INFO rally.task.context [-] Task 0a2d51b1-b380-44c2-8abf-4db893422516 | Context quotas@openstack cleanup() finished in 0.57 sec
2019-07-04 07:59:12.924 1842 INFO rally.task.context [-] Task 0a2d51b1-b380-44c2-8abf-4db893422516 | Context api_versions@openstack cleanup() started
2019-07-04 07:59:12.925 1842 INFO rally.task.context [-] Task 0a2d51b1-b380-44c2-8abf-4db893422516 | Context api_versions@openstack cleanup() finished in 0.32 msec
2019-07-04 07:59:12.925 1842 INFO rally.task.context [-] Task 0a2d51b1-b380-44c2-8abf-4db893422516 | Context users@openstack cleanup() started
2019-07-04 07:59:19.769 1842 INFO rally.task.context [-] Task 0a2d51b1-b380-44c2-8abf-4db893422516 | Context users@openstack cleanup() finished in 6.84 sec
2019-07-04 07:59:21.750 1842 INFO rally.task.engine [-] Load duration is: 17.832537
2019-07-04 07:59:21.750 1842 INFO rally.task.engine [-] Full runner duration is: 17.881785
2019-07-04 07:59:21.751 1842 INFO rally.task.engine [-] Full duration is: 56.248544
2019-07-04 07:59:21.976 1842 INFO rally.task.engine [-] Running workload: position = 0 config = { "version": 2, "title": "A cropped version of a bigger task.", "description": "Auto-generated task from a single workload (uuid=5dcb8d5d-621b-458e-9bf5-c65b323a7790)", "subtasks": [ { "title": "CinderVolumes.create_and_delete_volume", "description": "Create and then delete a volume.", "scenario": { "CinderVolumes.create_and_delete_volume": { "size": { "max": 1, "min": 1 } } }, "contexts": { "users": { "tenants": 3, "users_per_tenant": 2 }, "quotas": { "cinder": { "gigabytes": -1, "snapshots": -1, "volumes": -1 } }, "api_versions": { "cinder": { "version": 3, "service_type": "volumev3" } } }, "runner": { "constant": { "concurrency": 4, "times": 10 } }, "hooks": [], "sla": { "failure_rate": { "max": 0 } } } ] }
2019-07-04 07:59:22.000 1842 RALLYDEBUG rally_openstack.contexts.keystone.users [-] Creating 3 tenants using 20 threads
2019-07-04 07:59:23.744 1842 RALLYDEBUG rally_openstack.contexts.keystone.users [-] Creating 6 users using 20 threads
2019-07-04 07:59:26.501 1842 INFO rally.task.context [-] Task 0a2d51b1-b380-44c2-8abf-4db893422516 | Context users@openstack setup() finished in 4.50 sec
2019-07-04 07:59:26.931 1842 INFO rally.task.context [-] Task 0a2d51b1-b380-44c2-8abf-4db893422516 | Context api_versions@openstack setup() finished in 0.43 sec
2019-07-04 07:59:28.463 1842 INFO rally.task.context [-] Task 0a2d51b1-b380-44c2-8abf-4db893422516 | Context quotas@openstack setup() finished in 1.53 sec
2019-07-04 07:59:28.463 1842 INFO rally.task.context [-] Task 0a2d51b1-b380-44c2-8abf-4db893422516 | Context cleanup@openstack setup() finished in 0.01 msec
2019-07-04 07:59:28.471 1842 RALLYDEBUG rally.task.runner [-] Starting the constant runner (task UUID: 0a2d51b1-b380-44c2-8abf-4db893422516). timeout: 0 concurrency: 4 concurrency_per_worker: 1 times: 10 concurrency_overhead: 0 processes_to_start: 4 max_cpu_used: 16
2019-07-04 07:59:28.484 4170 RALLYDEBUG rally.task.runner [-] Starting a worker. concurrency: 1 args: {"size": {"max": 1, "min": 1}} times: 10 method_name: run timeout: 0 duration: None cls:
2019-07-04 07:59:28.486 4171 RALLYDEBUG rally.task.runner [-] Starting a worker. concurrency: 1 args: {"size": {"max": 1, "min": 1}} times: 10 method_name: run timeout: 0 duration: None cls:
2019-07-04 07:59:28.489 4172 RALLYDEBUG rally.task.runner [-] Starting a worker. concurrency: 1 args: {"size": {"max": 1, "min": 1}} times: 10 method_name: run timeout: 0 duration: None cls:
2019-07-04 07:59:28.492 4170 INFO rally.task.runner [-] Task 0a2d51b1-b380-44c2-8abf-4db893422516 | ITER: 1 START
2019-07-04 07:59:28.492 4173 RALLYDEBUG rally.task.runner [-] Starting a worker. concurrency: 1 args: {"size": {"max": 1, "min": 1}} times: 10 method_name: run timeout: 0 duration: None cls:
2019-07-04 07:59:28.494 4171 INFO rally.task.runner [-] Task 0a2d51b1-b380-44c2-8abf-4db893422516 | ITER: 2 START
2019-07-04 07:59:28.495 4172 INFO rally.task.runner [-] Task 0a2d51b1-b380-44c2-8abf-4db893422516 | ITER: 3 START
2019-07-04 07:59:28.500 4173 INFO rally.task.runner [-] Task 0a2d51b1-b380-44c2-8abf-4db893422516 | ITER: 4 START
2019-07-04 07:59:32.513 4171 RALLYDEBUG rally.task.utils [-] Waiting for resource s_rally_5dcb8d5d_VDnVAzxD. Status changed: AVAILABLE => DELETING in 0.281177043915
2019-07-04 07:59:32.526 4173 RALLYDEBUG rally.task.utils [-] Waiting for resource s_rally_5dcb8d5d_gMTXi2V6. Status changed: AVAILABLE => DELETING in 0.257378816605
2019-07-04 07:59:32.566 4170 RALLYDEBUG rally.task.utils [-] Waiting for resource s_rally_5dcb8d5d_xvAjL4GJ. Status changed: AVAILABLE => DELETING in 0.0548298358917
2019-07-04 07:59:32.824 4172 RALLYDEBUG rally.task.utils [-] Waiting for resource s_rally_5dcb8d5d_AoocQWrp. Status changed: AVAILABLE => DELETING in 0.25298500061
2019-07-04 07:59:34.768 4171 INFO rally.task.runner [-] Task 0a2d51b1-b380-44c2-8abf-4db893422516 | ITER: 2 END: OK
2019-07-04 07:59:34.774 4171 INFO rally.task.runner [-] Task 0a2d51b1-b380-44c2-8abf-4db893422516 | ITER: 5 START
2019-07-04 07:59:34.784 4173 INFO rally.task.runner [-] Task 0a2d51b1-b380-44c2-8abf-4db893422516 | ITER: 4 END: OK
2019-07-04 07:59:34.789 4173 INFO rally.task.runner [-] Task 0a2d51b1-b380-44c2-8abf-4db893422516 | ITER: 6 START
2019-07-04 07:59:34.796 4170 INFO rally.task.runner [-] Task 0a2d51b1-b380-44c2-8abf-4db893422516 | ITER: 1 END: OK
2019-07-04 07:59:34.801 4170 INFO rally.task.runner [-] Task 0a2d51b1-b380-44c2-8abf-4db893422516 | ITER: 7 START
2019-07-04 07:59:35.034 4172 INFO rally.task.runner [-] Task 0a2d51b1-b380-44c2-8abf-4db893422516 | ITER: 3 END: OK
2019-07-04 07:59:35.039 4172 INFO rally.task.runner [-] Task 0a2d51b1-b380-44c2-8abf-4db893422516 | ITER: 8 START
2019-07-04 07:59:38.631 4171 INFO rally.task.runner [-] Task 0a2d51b1-b380-44c2-8abf-4db893422516 | ITER: 5 END: OK
2019-07-04 07:59:38.635 4171 INFO rally.task.runner [-] Task 0a2d51b1-b380-44c2-8abf-4db893422516 | ITER: 9 START
2019-07-04 07:59:38.765 4173 RALLYDEBUG rally.task.utils [-] Waiting for resource s_rally_5dcb8d5d_VTzUTkLW. Status changed: AVAILABLE => DELETING in 0.0608220100403
2019-07-04 07:59:38.826 4172 RALLYDEBUG rally.task.utils [-] Waiting for resource s_rally_5dcb8d5d_wvRCWhWb. Status changed: AVAILABLE => DELETING in 0.0507979393005
2019-07-04 07:59:38.906 4170 RALLYDEBUG rally.task.utils [-] Waiting for resource s_rally_5dcb8d5d_o2guAe6E. Status changed: AVAILABLE => DELETING in 0.243231773376
2019-07-04 07:59:41.008 4173 INFO rally.task.runner [-] Task 0a2d51b1-b380-44c2-8abf-4db893422516 | ITER: 6 END: OK
2019-07-04 07:59:41.013 4173 INFO rally.task.runner [-] Task 0a2d51b1-b380-44c2-8abf-4db893422516 | ITER: 10 START
2019-07-04 07:59:41.138 4170 INFO rally.task.runner [-] Task 0a2d51b1-b380-44c2-8abf-4db893422516 | ITER: 7 END: OK
2019-07-04 07:59:41.312 4172 INFO rally.task.runner [-] Task 0a2d51b1-b380-44c2-8abf-4db893422516 | ITER: 8 END: OK
2019-07-04 07:59:42.669 4171 RALLYDEBUG rally.task.utils [-] Waiting for resource s_rally_5dcb8d5d_40ER5vtx. Status changed: AVAILABLE => DELETING in 0.243657112122
2019-07-04 07:59:44.664 4173 INFO rally.task.runner [-] Task 0a2d51b1-b380-44c2-8abf-4db893422516 | ITER: 10 END: OK
2019-07-04 07:59:44.708 4171 INFO rally.task.runner [-] Task 0a2d51b1-b380-44c2-8abf-4db893422516 | ITER: 9 END: OK
2019-07-04 07:59:44.730 1842 INFO rally.task.context [-] Task 0a2d51b1-b380-44c2-8abf-4db893422516 | Context cleanup@openstack cleanup() started
2019-07-04 07:59:44.733 1842 RALLYDEBUG rally_openstack.cleanup.manager [-] Cleaning up cinder backups objects
2019-07-04 07:59:46.808 1842 RALLYDEBUG rally_openstack.cleanup.manager [-] Cleaning up cinder volume_snapshots objects
2019-07-04 07:59:48.685 1842 RALLYDEBUG rally_openstack.cleanup.manager [-] Cleaning up cinder transfers objects
2019-07-04 07:59:50.549 1842 RALLYDEBUG rally_openstack.cleanup.manager [-] Cleaning up cinder volumes objects
2019-07-04 07:59:52.452 1842 INFO rally.task.context [-] Task 0a2d51b1-b380-44c2-8abf-4db893422516 | Context cleanup@openstack cleanup() finished in 7.72 sec
2019-07-04 07:59:52.453 1842 INFO rally.task.context [-] Task 0a2d51b1-b380-44c2-8abf-4db893422516 | Context quotas@openstack cleanup() started
2019-07-04 07:59:52.903 1842 INFO rally.task.context [-] Task 0a2d51b1-b380-44c2-8abf-4db893422516 | Context quotas@openstack cleanup() finished in 0.45 sec
2019-07-04 07:59:52.904 1842 INFO rally.task.context [-] Task 0a2d51b1-b380-44c2-8abf-4db893422516 | Context api_versions@openstack cleanup() started
2019-07-04 07:59:52.904 1842 INFO rally.task.context [-] Task 0a2d51b1-b380-44c2-8abf-4db893422516 | Context api_versions@openstack cleanup() finished in 0.34 msec
2019-07-04 07:59:52.904 1842 INFO rally.task.context [-] Task 0a2d51b1-b380-44c2-8abf-4db893422516 | Context users@openstack cleanup() started
2019-07-04 07:59:59.948 1842 INFO rally.task.context [-] Task 0a2d51b1-b380-44c2-8abf-4db893422516 | Context users@openstack cleanup() finished in 7.04 sec
2019-07-04 08:00:00.162 1842 INFO rally.task.engine [-] Load duration is: 16.211249
2019-07-04 08:00:00.162 1842 INFO rally.task.engine [-] Full runner duration is: 16.259977
2019-07-04 08:00:00.163 1842 INFO rally.task.engine [-] Full duration is: 37.952566
2019-07-04 08:00:00.319 1842 INFO rally.task.engine [-] Running workload: position = 1 config = { "version": 2, "title": "A cropped version of a bigger task.", "description": "Auto-generated task from a single workload (uuid=58d838b0-7a05-4334-bc02-266fc8b9509a)", "subtasks": [ { "title": "CinderVolumes.create_and_delete_volume", "description": "Create and then delete a volume.", "scenario": { "CinderVolumes.create_and_delete_volume": { "image": { "name": "rally_full-img_5c104186-ec42-4dba-b4ad-824da0c06fe6" }, "size": 1 } }, "contexts": { "users": { "tenants": 3, "users_per_tenant": 2 }, "quotas": { "cinder": { "gigabytes": -1, "snapshots": -1, "volumes": -1 } }, "api_versions": { "cinder": { "version": 3, "service_type": "volumev3" } } }, "runner": { "constant": { "concurrency": 4, "times": 10 } }, "hooks": [], "sla": { "failure_rate": { "max": 0 } } } ] }
2019-07-04 08:00:00.341 1842 RALLYDEBUG rally_openstack.contexts.keystone.users [-] Creating 3 tenants using 20 threads
2019-07-04 08:00:02.077 1842 RALLYDEBUG rally_openstack.contexts.keystone.users [-] Creating 6 users using 20 threads
2019-07-04 08:00:05.139 1842 INFO rally.task.context [-] Task 0a2d51b1-b380-44c2-8abf-4db893422516 | Context users@openstack setup() finished in 4.80 sec
2019-07-04 08:00:05.612 1842 INFO rally.task.context [-] Task 0a2d51b1-b380-44c2-8abf-4db893422516 | Context api_versions@openstack setup() finished in 0.47 sec
2019-07-04 08:00:07.173 1842 INFO rally.task.context [-] Task 0a2d51b1-b380-44c2-8abf-4db893422516 | Context quotas@openstack setup() finished in 1.56 sec
2019-07-04 08:00:07.174 1842 INFO rally.task.context [-] Task 0a2d51b1-b380-44c2-8abf-4db893422516 | Context cleanup@openstack setup() finished in 0.00 msec
2019-07-04 08:00:08.311 1842 RALLYDEBUG rally.task.runner [-] Starting the constant runner (task UUID: 0a2d51b1-b380-44c2-8abf-4db893422516). timeout: 0 concurrency: 4 concurrency_per_worker: 1 times: 10 concurrency_overhead: 0 processes_to_start: 4 max_cpu_used: 16
2019-07-04 08:00:08.323 4354 RALLYDEBUG rally.task.runner [-] Starting a worker. concurrency: 1 args: {"image": "a3438c7b-7656-438c-959d-415f6f0ba92c", "size": 1} times: 10 method_name: run timeout: 0 duration: None cls:
2019-07-04 08:00:08.327 4355 RALLYDEBUG rally.task.runner [-] Starting a worker. concurrency: 1 args: {"image": "a3438c7b-7656-438c-959d-415f6f0ba92c", "size": 1} times: 10 method_name: run timeout: 0 duration: None cls:
2019-07-04 08:00:08.330 4356 RALLYDEBUG rally.task.runner [-] Starting a worker. concurrency: 1 args: {"image": "a3438c7b-7656-438c-959d-415f6f0ba92c", "size": 1} times: 10 method_name: run timeout: 0 duration: None cls:
2019-07-04 08:00:08.331 4354 INFO rally.task.runner [-] Task 0a2d51b1-b380-44c2-8abf-4db893422516 | ITER: 1 START
2019-07-04 08:00:08.334 4355 INFO rally.task.runner [-] Task 0a2d51b1-b380-44c2-8abf-4db893422516 | ITER: 2 START
2019-07-04 08:00:08.333 4357 RALLYDEBUG rally.task.runner [-] Starting a worker. concurrency: 1 args: {"image": "a3438c7b-7656-438c-959d-415f6f0ba92c", "size": 1} times: 10 method_name: run timeout: 0 duration: None cls:
2019-07-04 08:00:08.337 4356 INFO rally.task.runner [-] Task 0a2d51b1-b380-44c2-8abf-4db893422516 | ITER: 3 START
2019-07-04 08:00:08.341 4357 INFO rally.task.runner [-] Task 0a2d51b1-b380-44c2-8abf-4db893422516 | ITER: 4 START
2019-07-04 08:00:12.448 4357 RALLYDEBUG rally.task.utils [-] Waiting for resource s_rally_58d838b0_hqw7are7. Status changed: CREATING => DOWNLOADING in 0.71183013916
2019-07-04 08:00:14.585 4356 RALLYDEBUG rally.task.utils [-] Waiting for resource s_rally_58d838b0_mRLXoFtM. Status changed: DOWNLOADING => AVAILABLE in 2.96770787239
2019-07-04 08:00:14.727 4354 RALLYDEBUG rally.task.utils [-] Waiting for resource s_rally_58d838b0_SaUpz1SA. Status changed: DOWNLOADING => AVAILABLE in 3.03467416763
2019-07-04 08:00:14.764 4355 RALLYDEBUG rally.task.utils [-] Waiting for resource s_rally_58d838b0_63ZVdsMv. Status changed: DOWNLOADING => AVAILABLE in 3.07582783699
2019-07-04 08:00:14.821 4357 RALLYDEBUG rally.task.utils [-] Waiting for resource s_rally_58d838b0_hqw7are7. Status changed: DOWNLOADING => AVAILABLE in 2.37286496162
2019-07-04 08:00:14.904 4356 INFO rally.task.runner [-] Task 0a2d51b1-b380-44c2-8abf-4db893422516 | ITER: 3 END: OK
2019-07-04 08:00:14.910 4356 INFO rally.task.runner [-] Task 0a2d51b1-b380-44c2-8abf-4db893422516 | ITER: 5 START
2019-07-04 08:00:15.143 4355 RALLYDEBUG rally.task.utils [-] Waiting for resource s_rally_58d838b0_63ZVdsMv. Status changed: AVAILABLE => DELETING in 0.0600719451904
2019-07-04 08:00:15.381 4354 RALLYDEBUG rally.task.utils [-] Waiting for resource s_rally_58d838b0_SaUpz1SA. Status changed: AVAILABLE => DELETING in 0.335011959076
2019-07-04 08:00:15.388 4357 RALLYDEBUG rally.task.utils [-] Waiting for resource s_rally_58d838b0_hqw7are7. Status changed: AVAILABLE => DELETING in 0.262798070908
2019-07-04 08:00:17.179 4355 INFO rally.task.runner [-] Task 0a2d51b1-b380-44c2-8abf-4db893422516 | ITER: 2 END: OK
2019-07-04 08:00:17.183 4355 INFO rally.task.runner [-] Task 0a2d51b1-b380-44c2-8abf-4db893422516 | ITER: 6 START
2019-07-04 08:00:17.417 4354 INFO rally.task.runner [-] Task 0a2d51b1-b380-44c2-8abf-4db893422516 | ITER: 1 END: OK
2019-07-04 08:00:17.423 4354 INFO rally.task.runner [-] Task 0a2d51b1-b380-44c2-8abf-4db893422516 | ITER: 7 START
2019-07-04 08:00:17.435 4357 INFO rally.task.runner [-] Task 0a2d51b1-b380-44c2-8abf-4db893422516 | ITER: 4 END: OK
2019-07-04 08:00:17.438 4357 INFO rally.task.runner [-] Task 0a2d51b1-b380-44c2-8abf-4db893422516 | ITER: 8 START
2019-07-04 08:00:21.015 4356 RALLYDEBUG rally.task.utils [-] Waiting for resource s_rally_58d838b0_0LZoae1M. Status changed: DOWNLOADING => AVAILABLE in 2.86044716835
2019-07-04 08:00:21.420 4356 RALLYDEBUG rally.task.utils [-] Waiting for resource s_rally_58d838b0_0LZoae1M. Status changed: AVAILABLE => DELETING in 0.0652370452881
2019-07-04 08:00:21.455 4354 RALLYDEBUG rally.task.utils [-] Waiting for resource s_rally_58d838b0_a9QeKk82. Status changed: CREATING => DOWNLOADING in 0.788321971893
2019-07-04 08:00:23.026 4355 RALLYDEBUG rally.task.utils [-] Waiting for resource s_rally_58d838b0_OfE5FwAt. Status changed: DOWNLOADING => AVAILABLE in 2.63979101181
2019-07-04 08:00:23.169 4355 RALLYDEBUG rally.task.utils [-] Waiting for resource s_rally_58d838b0_OfE5FwAt. Status changed: AVAILABLE => DELETING in 0.0530948638916
2019-07-04 08:00:23.385 4357 RALLYDEBUG rally.task.utils [-] Waiting for resource s_rally_58d838b0_RplvArCb. Status changed: DOWNLOADING => AVAILABLE in 2.5711607933
2019-07-04 08:00:23.767 4356 INFO rally.task.runner [-] Task 0a2d51b1-b380-44c2-8abf-4db893422516 | ITER: 5 END: OK
2019-07-04 08:00:23.770 4356 INFO rally.task.runner [-] Task 0a2d51b1-b380-44c2-8abf-4db893422516 | ITER: 9 START
2019-07-04 08:00:23.804 4354 RALLYDEBUG rally.task.utils [-] Waiting for resource s_rally_58d838b0_a9QeKk82. Status changed: DOWNLOADING => AVAILABLE in 2.3491101265
2019-07-04 08:00:24.091 4357 INFO rally.task.runner [-] Task 0a2d51b1-b380-44c2-8abf-4db893422516 | ITER: 8 END: OK
2019-07-04 08:00:24.096 4357 INFO rally.task.runner [-] Task 0a2d51b1-b380-44c2-8abf-4db893422516 | ITER: 10 START
2019-07-04 08:00:24.339 4354 INFO rally.task.runner [-] Task 0a2d51b1-b380-44c2-8abf-4db893422516 | ITER: 7 END: OK
2019-07-04 08:00:25.469 4355 INFO rally.task.runner [-] Task 0a2d51b1-b380-44c2-8abf-4db893422516 | ITER: 6 END: OK
2019-07-04 08:00:29.510 4356 RALLYDEBUG rally.task.utils [-] Waiting for resource s_rally_58d838b0_SXUIdt2a. Status changed: DOWNLOADING => AVAILABLE in 2.52867007256
2019-07-04 08:00:30.040 4356 INFO rally.task.runner [-] Task 0a2d51b1-b380-44c2-8abf-4db893422516 | ITER: 9 END: OK
2019-07-04 08:00:30.112 4357 RALLYDEBUG rally.task.utils [-] Waiting for resource s_rally_58d838b0_r9yFJkby. Status changed: DOWNLOADING => AVAILABLE in 2.82811903954
2019-07-04 08:00:30.242 4357 RALLYDEBUG rally.task.utils [-] Waiting for resource s_rally_58d838b0_r9yFJkby. Status changed: AVAILABLE => DELETING in 0.0521740913391
2019-07-04 08:00:32.534 4357 INFO rally.task.runner [-] Task 0a2d51b1-b380-44c2-8abf-4db893422516 | ITER: 10 END: OK
2019-07-04 08:00:32.564 1842 INFO rally.task.context [-] Task 0a2d51b1-b380-44c2-8abf-4db893422516 | Context cleanup@openstack cleanup() started
2019-07-04 08:00:32.566 1842 RALLYDEBUG rally_openstack.cleanup.manager [-] Cleaning up cinder backups objects
2019-07-04 08:00:34.500 1842 RALLYDEBUG rally_openstack.cleanup.manager [-] Cleaning up cinder volume_snapshots objects
2019-07-04 08:00:36.523 1842 RALLYDEBUG rally_openstack.cleanup.manager [-] Cleaning up cinder transfers objects
2019-07-04 08:00:38.403 1842 RALLYDEBUG rally_openstack.cleanup.manager [-] Cleaning up cinder volumes objects
2019-07-04 08:00:40.445 1842 INFO rally.task.context [-] Task 0a2d51b1-b380-44c2-8abf-4db893422516 | Context cleanup@openstack cleanup() finished in 7.88 sec
2019-07-04 08:00:40.445 1842 INFO rally.task.context [-] Task 0a2d51b1-b380-44c2-8abf-4db893422516 | Context quotas@openstack cleanup() started
2019-07-04 08:00:41.140 1842 INFO rally.task.context [-] Task 0a2d51b1-b380-44c2-8abf-4db893422516 | Context quotas@openstack cleanup() finished in 0.69 sec
2019-07-04 08:00:41.140 1842 INFO rally.task.context [-] Task 0a2d51b1-b380-44c2-8abf-4db893422516 | Context api_versions@openstack cleanup() started
2019-07-04 08:00:41.141 1842 INFO rally.task.context [-] Task 0a2d51b1-b380-44c2-8abf-4db893422516 | Context api_versions@openstack cleanup() finished in 0.31 msec
2019-07-04 08:00:41.141 1842 INFO rally.task.context [-] Task 0a2d51b1-b380-44c2-8abf-4db893422516 | Context users@openstack cleanup() started
2019-07-04 08:00:48.626 1842 INFO rally.task.context [-] Task 0a2d51b1-b380-44c2-8abf-4db893422516 | Context users@openstack cleanup() finished in 7.48 sec
2019-07-04 08:00:50.534 1842 INFO rally.task.engine [-] Load duration is: 24.200305
2019-07-04 08:00:50.534 1842 INFO rally.task.engine [-] Full runner duration is: 24.253707
2019-07-04 08:00:50.534 1842 INFO rally.task.engine [-] Full duration is: 48.289156
2019-07-04 08:00:50.683 1842 INFO rally.task.engine [-] Running workload: position = 2 config = { "version": 2, "title": "A cropped version of a bigger task.", "description": "Auto-generated task from a single workload (uuid=bf34501a-0769-4d14-9392-e871418aedd0)", "subtasks": [ { "title": "CinderVolumes.create_and_delete_volume", "description": "Create and then delete a volume.", "scenario": { "CinderVolumes.create_and_delete_volume": { "size": 1 } }, "contexts": { "users": { "tenants": 3, "users_per_tenant": 2 }, "quotas": { "cinder": { "gigabytes": -1, "snapshots": -1, "volumes": -1 } }, "api_versions": { "cinder": { "version": 3, "service_type": "volumev3" } } }, "runner": { "constant": { "concurrency": 4, "times": 10 } }, "hooks": [], "sla": { "failure_rate": { "max": 0 } } } ] }
2019-07-04 08:00:50.707 1842 RALLYDEBUG rally_openstack.contexts.keystone.users [-] Creating 3 tenants using 20 threads
2019-07-04 08:00:52.651 1842 RALLYDEBUG rally_openstack.contexts.keystone.users [-] Creating 6 users using 20 threads
2019-07-04 08:00:55.828 1842 INFO rally.task.context [-] Task 0a2d51b1-b380-44c2-8abf-4db893422516 | Context users@openstack setup() finished in 5.12 sec
2019-07-04 08:00:56.242 1842 INFO rally.task.context [-] Task 0a2d51b1-b380-44c2-8abf-4db893422516 | Context api_versions@openstack setup() finished in 0.41 sec
2019-07-04 08:00:57.751 1842 INFO rally.task.context [-] Task 0a2d51b1-b380-44c2-8abf-4db893422516 | Context quotas@openstack setup() finished in 1.51 sec
2019-07-04 08:00:57.752 1842 INFO rally.task.context [-] Task 0a2d51b1-b380-44c2-8abf-4db893422516 | Context cleanup@openstack setup() finished in 0.01 msec
2019-07-04 08:00:57.759 1842 RALLYDEBUG rally.task.runner [-] Starting the constant runner (task UUID: 0a2d51b1-b380-44c2-8abf-4db893422516). timeout: 0 concurrency: 4 concurrency_per_worker: 1 times: 10 concurrency_overhead: 0 processes_to_start: 4 max_cpu_used: 16
2019-07-04 08:00:57.772 4538 RALLYDEBUG rally.task.runner [-] Starting a worker. concurrency: 1 args: {"size": 1} times: 10 method_name: run timeout: 0 duration: None cls:
2019-07-04 08:00:57.776 4539 RALLYDEBUG rally.task.runner [-] Starting a worker. concurrency: 1 args: {"size": 1} times: 10 method_name: run timeout: 0 duration: None cls:
2019-07-04 08:00:57.778 4540 RALLYDEBUG rally.task.runner [-] Starting a worker. concurrency: 1 args: {"size": 1} times: 10 method_name: run timeout: 0 duration: None cls:
2019-07-04 08:00:57.781 4538 INFO rally.task.runner [-] Task 0a2d51b1-b380-44c2-8abf-4db893422516 | ITER: 1 START
2019-07-04 08:00:57.782 4541 RALLYDEBUG rally.task.runner [-] Starting a worker. concurrency: 1 args: {"size": 1} times: 10 method_name: run timeout: 0 duration: None cls:
2019-07-04 08:00:57.784 4539 INFO rally.task.runner [-] Task 0a2d51b1-b380-44c2-8abf-4db893422516 | ITER: 2 START
2019-07-04 08:00:57.786 4540 INFO rally.task.runner [-] Task 0a2d51b1-b380-44c2-8abf-4db893422516 | ITER: 3 START
2019-07-04 08:00:57.790 4541 INFO rally.task.runner [-] Task 0a2d51b1-b380-44c2-8abf-4db893422516 | ITER: 4 START
2019-07-04 08:01:01.918 4539 RALLYDEBUG rally.task.utils [-] Waiting for resource s_rally_bf34501a_IeNZyJ9I. Status changed: AVAILABLE => DELETING in 0.334603071213
2019-07-04 08:01:01.932 4541 RALLYDEBUG rally.task.utils [-] Waiting for resource s_rally_bf34501a_SXgOXgbh. Status changed: AVAILABLE => DELETING in 0.0650329589844
2019-07-04 08:01:02.098 4540 RALLYDEBUG rally.task.utils [-] Waiting for resource s_rally_bf34501a_f7hKoQ9P. Status changed: AVAILABLE => DELETING in 0.30503988266
2019-07-04 08:01:02.398 4538 RALLYDEBUG rally.task.utils [-] Waiting for resource s_rally_bf34501a_efZphF4X. Status changed: AVAILABLE => DELETING in 0.435580968857
2019-07-04 08:01:03.958 4539 INFO rally.task.runner [-] Task 0a2d51b1-b380-44c2-8abf-4db893422516 | ITER: 2 END: OK
2019-07-04 08:01:03.962 4539 INFO rally.task.runner [-] Task 0a2d51b1-b380-44c2-8abf-4db893422516 | ITER: 5 START
2019-07-04 08:01:04.138 4540 INFO rally.task.runner [-] Task 0a2d51b1-b380-44c2-8abf-4db893422516 | ITER: 3 END: OK
2019-07-04 08:01:04.143 4540 INFO rally.task.runner [-] Task 0a2d51b1-b380-44c2-8abf-4db893422516 | ITER: 6 START
2019-07-04 08:01:04.167 4541 INFO rally.task.runner [-] Task 0a2d51b1-b380-44c2-8abf-4db893422516 | ITER: 4 END: OK
2019-07-04 08:01:04.173 4541 INFO rally.task.runner [-] Task 0a2d51b1-b380-44c2-8abf-4db893422516 | ITER: 7 START
2019-07-04 08:01:04.774 4538 INFO rally.task.runner [-] Task 0a2d51b1-b380-44c2-8abf-4db893422516 | ITER: 1 END: OK
2019-07-04 08:01:04.780 4538 INFO rally.task.runner [-] Task 0a2d51b1-b380-44c2-8abf-4db893422516 | ITER: 8 START
2019-07-04 08:01:07.835 4540 RALLYDEBUG rally.task.utils [-] Waiting for resource s_rally_bf34501a_yckiEF1J. Status changed: AVAILABLE => DELETING in 0.0587549209595
2019-07-04 08:01:07.972 4539 INFO rally.task.runner [-] Task 0a2d51b1-b380-44c2-8abf-4db893422516 | ITER: 5 END: OK
2019-07-04 08:01:07.977 4539 INFO rally.task.runner [-] Task 0a2d51b1-b380-44c2-8abf-4db893422516 | ITER: 9 START
2019-07-04 08:01:08.057 4541 RALLYDEBUG rally.task.utils [-] Waiting for resource s_rally_bf34501a_hvmG0iwu. Status changed: AVAILABLE => DELETING in 0.0647158622742
2019-07-04 08:01:08.800 4538 RALLYDEBUG rally.task.utils [-] Waiting for resource s_rally_bf34501a_uyiFiHqm. Status changed: AVAILABLE => DELETING in 0.245805025101
2019-07-04 08:01:10.061 4540 INFO rally.task.runner [-] Task 0a2d51b1-b380-44c2-8abf-4db893422516 | ITER: 6 END: OK
2019-07-04 08:01:10.066 4540 INFO rally.task.runner [-] Task 0a2d51b1-b380-44c2-8abf-4db893422516 | ITER: 10 START
2019-07-04 08:01:10.393 4541 INFO rally.task.runner [-] Task 0a2d51b1-b380-44c2-8abf-4db893422516 | ITER: 7 END: OK
2019-07-04 08:01:10.836 4538 INFO rally.task.runner [-] Task 0a2d51b1-b380-44c2-8abf-4db893422516 | ITER: 8 END: OK
2019-07-04 08:01:11.809 4539 INFO rally.task.runner [-] Task 0a2d51b1-b380-44c2-8abf-4db893422516 | ITER: 9 END: OK
2019-07-04 08:01:13.655 4540 RALLYDEBUG rally.task.utils [-] Waiting for resource s_rally_bf34501a_g11ncaYo. Status changed: AVAILABLE => DELETING in 0.0505080223083
2019-07-04 08:01:15.694 4540 INFO rally.task.runner [-] Task 0a2d51b1-b380-44c2-8abf-4db893422516 | ITER: 10 END: OK
2019-07-04 08:01:15.721 1842 INFO rally.task.context [-] Task 0a2d51b1-b380-44c2-8abf-4db893422516 | Context cleanup@openstack cleanup() started
2019-07-04 08:01:15.724 1842 RALLYDEBUG rally_openstack.cleanup.manager [-] Cleaning up cinder backups objects
2019-07-04 08:01:17.678 1842 RALLYDEBUG rally_openstack.cleanup.manager [-] Cleaning up cinder volume_snapshots objects
2019-07-04 08:01:19.580 1842 RALLYDEBUG rally_openstack.cleanup.manager [-] Cleaning up cinder transfers objects
2019-07-04 08:01:21.614 1842 RALLYDEBUG rally_openstack.cleanup.manager [-] Cleaning up cinder volumes objects
2019-07-04 08:01:23.719 1842 INFO rally.task.context [-] Task 0a2d51b1-b380-44c2-8abf-4db893422516 | Context cleanup@openstack cleanup() finished in 8.00 sec
2019-07-04 08:01:23.719 1842 INFO rally.task.context [-] Task 0a2d51b1-b380-44c2-8abf-4db893422516 | Context quotas@openstack cleanup() started
2019-07-04 08:01:24.375 1842 INFO rally.task.context [-] Task 0a2d51b1-b380-44c2-8abf-4db893422516 | Context quotas@openstack cleanup() finished in 0.66 sec
2019-07-04 08:01:24.375 1842 INFO rally.task.context [-] Task 0a2d51b1-b380-44c2-8abf-4db893422516 | Context api_versions@openstack cleanup() started
2019-07-04 08:01:24.375 1842 INFO rally.task.context [-] Task 0a2d51b1-b380-44c2-8abf-4db893422516 | Context api_versions@openstack cleanup() finished in 0.32 msec
2019-07-04 08:01:24.376 1842 INFO rally.task.context [-] Task 0a2d51b1-b380-44c2-8abf-4db893422516 | Context users@openstack cleanup() started
2019-07-04 08:01:31.741 1842 INFO rally.task.context [-] Task 0a2d51b1-b380-44c2-8abf-4db893422516 | Context users@openstack cleanup() finished in 7.37 sec
2019-07-04 08:01:32.891 1842 INFO rally.task.engine [-] Load duration is: 17.909908
2019-07-04 08:01:32.891 1842 INFO rally.task.engine [-] Full runner duration is: 17.962388
2019-07-04 08:01:32.892 1842 INFO rally.task.engine [-] Full duration is: 41.038295
2019-07-04 08:01:33.120 1842 INFO rally.task.engine [-] Running workload: position = 0 config = { "version": 2, "title": "A cropped version of a bigger task.", "description": "Auto-generated task from a single workload (uuid=0fd8083b-5d58-4b62-a66a-94d804985f18)", "subtasks": [ { "title": "CinderVolumes.create_and_extend_volume", "description": "Create and extend a volume and then delete it.", "scenario": { "CinderVolumes.create_and_extend_volume": { "new_size": 2, "size": 1 } }, "contexts": { "users": { "tenants": 3, "users_per_tenant": 2 }, "quotas": { "cinder": { "gigabytes": -1, "snapshots": -1, "volumes": -1 } }, "api_versions": { "cinder": { "version": 3, "service_type": "volumev3" } } }, "runner": { "constant": { "concurrency": 4, "times": 10 } }, "hooks": [], "sla": { "failure_rate": { "max": 0 } } } ] }
2019-07-04 08:01:33.147 1842 RALLYDEBUG rally_openstack.contexts.keystone.users [-] Creating 3 tenants using 20 threads
2019-07-04 08:01:34.963 1842 RALLYDEBUG rally_openstack.contexts.keystone.users [-] Creating 6 users using 20 threads
2019-07-04 08:01:37.548 1842 INFO rally.task.context [-] Task 0a2d51b1-b380-44c2-8abf-4db893422516 | Context users@openstack setup() finished in 4.40 sec
2019-07-04 08:01:37.956 1842 INFO rally.task.context [-] Task 0a2d51b1-b380-44c2-8abf-4db893422516 | Context api_versions@openstack setup() finished in 0.41 sec
2019-07-04 08:01:39.505 1842 INFO rally.task.context [-] Task 0a2d51b1-b380-44c2-8abf-4db893422516 | Context quotas@openstack setup() finished in 1.55 sec
2019-07-04 08:01:39.506 1842 INFO rally.task.context [-] Task 0a2d51b1-b380-44c2-8abf-4db893422516 | Context cleanup@openstack setup() finished in 0.00 msec
2019-07-04 08:01:39.512 1842 RALLYDEBUG rally.task.runner [-] Starting the constant runner (task UUID: 0a2d51b1-b380-44c2-8abf-4db893422516). timeout: 0 concurrency: 4 concurrency_per_worker: 1 times: 10 concurrency_overhead: 0 processes_to_start: 4 max_cpu_used: 16
2019-07-04 08:01:39.524 4722 RALLYDEBUG rally.task.runner [-] Starting a worker. concurrency: 1 args: {"new_size": 2, "size": 1} times: 10 method_name: run timeout: 0 duration: None cls:
2019-07-04 08:01:39.526 4723 RALLYDEBUG rally.task.runner [-] Starting a worker. concurrency: 1 args: {"new_size": 2, "size": 1} times: 10 method_name: run timeout: 0 duration: None cls:
2019-07-04 08:01:39.528 4724 RALLYDEBUG rally.task.runner [-] Starting a worker. concurrency: 1 args: {"new_size": 2, "size": 1} times: 10 method_name: run timeout: 0 duration: None cls:
2019-07-04 08:01:39.531 4725 RALLYDEBUG rally.task.runner [-] Starting a worker. concurrency: 1 args: {"new_size": 2, "size": 1} times: 10 method_name: run timeout: 0 duration: None cls:
2019-07-04 08:01:39.533 4723 INFO rally.task.runner [-] Task 0a2d51b1-b380-44c2-8abf-4db893422516 | ITER: 2 START
2019-07-04 08:01:39.533 4722 INFO rally.task.runner [-] Task 0a2d51b1-b380-44c2-8abf-4db893422516 | ITER: 1 START
2019-07-04 08:01:39.536 4724 INFO rally.task.runner [-] Task 0a2d51b1-b380-44c2-8abf-4db893422516 | ITER: 3 START
2019-07-04 08:01:39.540 4725 INFO rally.task.runner [-] Task 0a2d51b1-b380-44c2-8abf-4db893422516 | ITER: 4 START
2019-07-04 08:01:43.692 4724 RALLYDEBUG rally.task.utils [-] Waiting for resource s_rally_0fd8083b_07CXvxpw. Status changed: AVAILABLE => EXTENDING in 0.0591399669647
2019-07-04 08:01:44.189 4723 INFO rally.task.runner [-] Task 0a2d51b1-b380-44c2-8abf-4db893422516 | ITER: 2 END: OK
2019-07-04 08:01:44.194 4723 INFO rally.task.runner [-] Task 0a2d51b1-b380-44c2-8abf-4db893422516 | ITER: 5 START
2019-07-04 08:01:44.209 4722 RALLYDEBUG rally.task.utils [-] Waiting for resource s_rally_0fd8083b_He2RibJ1. Status changed: AVAILABLE => DELETING in 0.252063989639
2019-07-04 08:01:44.467 4725 RALLYDEBUG rally.task.utils [-] Waiting for resource s_rally_0fd8083b_nhYfM8AX. Status changed: AVAILABLE => DELETING in 0.263137102127
2019-07-04 08:01:45.930 4724 RALLYDEBUG rally.task.utils [-] Waiting for resource s_rally_0fd8083b_07CXvxpw. Status changed: EXTENDING => AVAILABLE in 2.23762798309
2019-07-04 08:01:46.061 4724 RALLYDEBUG rally.task.utils [-] Waiting for resource s_rally_0fd8083b_07CXvxpw. Status changed: AVAILABLE => DELETING in 0.0580539703369
2019-07-04 08:01:46.245 4722 INFO rally.task.runner [-] Task 0a2d51b1-b380-44c2-8abf-4db893422516 | ITER: 1 END: OK
2019-07-04 08:01:46.250 4722 INFO rally.task.runner [-] Task 0a2d51b1-b380-44c2-8abf-4db893422516 | ITER: 6 START
2019-07-04 08:01:46.508 4725 INFO rally.task.runner [-] Task 0a2d51b1-b380-44c2-8abf-4db893422516 | ITER: 4 END: OK
2019-07-04 08:01:46.514 4725 INFO rally.task.runner [-] Task 0a2d51b1-b380-44c2-8abf-4db893422516 | ITER: 7 START
2019-07-04 08:01:48.285 4724 INFO rally.task.runner [-] Task 0a2d51b1-b380-44c2-8abf-4db893422516 | ITER: 3 END: OK
2019-07-04 08:01:48.290 4724 INFO rally.task.runner [-] Task 0a2d51b1-b380-44c2-8abf-4db893422516 | ITER: 8 START
2019-07-04 08:01:48.596 4723 INFO rally.task.runner [-] Task 0a2d51b1-b380-44c2-8abf-4db893422516 | ITER: 5 END: OK
2019-07-04 08:01:48.601 4723 INFO rally.task.runner [-] Task 0a2d51b1-b380-44c2-8abf-4db893422516 | ITER: 9 START
2019-07-04 08:01:50.181 4722 RALLYDEBUG rally.task.utils [-] Waiting for resource s_rally_0fd8083b_c0wdTUa6. Status changed: AVAILABLE => EXTENDING in 0.0561220645905
2019-07-04 08:01:51.104 4725 INFO rally.task.runner [-] Task 0a2d51b1-b380-44c2-8abf-4db893422516 | ITER: 7 END: OK
2019-07-04 08:01:51.109 4725 INFO rally.task.runner [-] Task 0a2d51b1-b380-44c2-8abf-4db893422516 | ITER: 10 START
2019-07-04 08:01:52.374 4724 RALLYDEBUG rally.task.utils [-] Waiting for resource s_rally_0fd8083b_EHVciPvw. Status changed: AVAILABLE => DELETING in 0.0674259662628
2019-07-04 08:01:52.470 4722 RALLYDEBUG rally.task.utils [-] Waiting for resource s_rally_0fd8083b_c0wdTUa6. Status changed: EXTENDING => AVAILABLE in 2.28879499435
2019-07-04 08:01:52.805 4722 RALLYDEBUG rally.task.utils [-] Waiting for resource s_rally_0fd8083b_c0wdTUa6. Status changed: AVAILABLE => DELETING in 0.0554649829865
2019-07-04 08:01:52.983 4723 INFO rally.task.runner [-] Task 0a2d51b1-b380-44c2-8abf-4db893422516 | ITER: 9 END: OK
2019-07-04 08:01:54.411 4724 INFO rally.task.runner [-] Task 0a2d51b1-b380-44c2-8abf-4db893422516 | ITER: 8 END: OK
2019-07-04 08:01:55.043 4722 INFO rally.task.runner [-] Task 0a2d51b1-b380-44c2-8abf-4db893422516 | ITER: 6 END: OK
2019-07-04 08:01:55.667 4725 INFO rally.task.runner [-] Task 0a2d51b1-b380-44c2-8abf-4db893422516 | ITER: 10 END: OK
2019-07-04 08:01:55.692 1842 INFO rally.task.context [-] Task 0a2d51b1-b380-44c2-8abf-4db893422516 | Context cleanup@openstack cleanup() started
2019-07-04 08:01:55.694 1842 RALLYDEBUG rally_openstack.cleanup.manager [-] Cleaning up cinder backups objects
2019-07-04 08:01:57.654 1842 RALLYDEBUG rally_openstack.cleanup.manager [-] Cleaning up cinder volume_snapshots objects
2019-07-04 08:01:59.587 1842 RALLYDEBUG rally_openstack.cleanup.manager [-] Cleaning up cinder transfers objects
2019-07-04 08:02:01.431 1842 RALLYDEBUG rally_openstack.cleanup.manager [-] Cleaning up cinder volumes objects
2019-07-04 08:02:03.452 1842 INFO rally.task.context [-] Task 0a2d51b1-b380-44c2-8abf-4db893422516 | Context cleanup@openstack cleanup() finished in 7.76 sec
2019-07-04 08:02:03.452 1842 INFO rally.task.context [-] Task 0a2d51b1-b380-44c2-8abf-4db893422516 | Context quotas@openstack cleanup() started
2019-07-04 08:02:03.980 1842 INFO rally.task.context [-] Task 0a2d51b1-b380-44c2-8abf-4db893422516 | Context quotas@openstack cleanup() finished in 0.53 sec
2019-07-04 08:02:03.981 1842 INFO rally.task.context [-] Task 0a2d51b1-b380-44c2-8abf-4db893422516 | Context api_versions@openstack cleanup() started
2019-07-04 08:02:03.981 1842 INFO rally.task.context [-] Task 0a2d51b1-b380-44c2-8abf-4db893422516 | Context api_versions@openstack cleanup() finished in 0.28 msec
2019-07-04 08:02:03.981 1842 INFO rally.task.context [-] Task 0a2d51b1-b380-44c2-8abf-4db893422516 | Context users@openstack cleanup() started
2019-07-04 08:02:11.197 1842 INFO rally.task.context [-] Task 0a2d51b1-b380-44c2-8abf-4db893422516 | Context users@openstack cleanup() finished in 7.22 sec
2019-07-04 08:02:11.300 1842 INFO rally.task.engine [-] Load duration is: 16.129323
2019-07-04 08:02:11.300 1842 INFO rally.task.engine [-] Full runner duration is: 16.180188
2019-07-04 08:02:11.300 1842 INFO rally.task.engine [-] Full duration is: 38.054198
2019-07-04 08:02:11.520 1842 INFO rally.task.engine [-] Running workload: position = 0 config = { "version": 2, "title": "A cropped version of a bigger task.", "description": "Auto-generated task from a single workload (uuid=165459c0-2423-4889-82f6-fae186e73849)", "subtasks": [ { "title": "CinderVolumes.create_from_volume_and_delete_volume", "description": "Create volume from volume and then delete it.", "scenario": { "CinderVolumes.create_from_volume_and_delete_volume": { "size": 1 } }, "contexts": { "users": { "tenants": 3, "users_per_tenant": 2 }, "quotas": { "cinder": { "gigabytes": -1, "snapshots": -1, "volumes": -1 } }, "api_versions": { "cinder": { "version": 3, "service_type": "volumev3" } }, "volumes": { "size": 1, "volumes_per_tenant": 1 } }, "runner": { "constant": { "concurrency": 4, "times": 10 } }, "hooks": [], "sla": { "failure_rate": { "max": 0 } } } ] }
2019-07-04 08:02:11.546 1842 RALLYDEBUG rally_openstack.contexts.keystone.users [-] Creating 3 tenants using 20 threads
2019-07-04 08:02:13.368 1842 RALLYDEBUG rally_openstack.contexts.keystone.users [-] Creating 6 users using 20 threads
2019-07-04 08:02:16.055 1842 INFO rally.task.context [-] Task 0a2d51b1-b380-44c2-8abf-4db893422516 | Context users@openstack setup() finished in 4.51 sec
2019-07-04 08:02:16.486 1842 INFO rally.task.context [-] Task 0a2d51b1-b380-44c2-8abf-4db893422516 | Context api_versions@openstack setup() finished in 0.43 sec
2019-07-04 08:02:18.035 1842 INFO rally.task.context [-] Task 0a2d51b1-b380-44c2-8abf-4db893422516 | Context quotas@openstack setup() finished in 1.55 sec
2019-07-04 08:02:28.549 1842 INFO rally.task.context [-] Task 0a2d51b1-b380-44c2-8abf-4db893422516 | Context volumes@openstack setup() finished in 10.51 sec
2019-07-04 08:02:28.549 1842 INFO rally.task.context [-] Task 0a2d51b1-b380-44c2-8abf-4db893422516 | Context cleanup@openstack setup() finished in 0.00 msec
2019-07-04 08:02:28.558 1842 RALLYDEBUG rally.task.runner [-] Starting the constant runner (task UUID: 0a2d51b1-b380-44c2-8abf-4db893422516). timeout: 0 concurrency: 4 concurrency_per_worker: 1 times: 10 concurrency_overhead: 0 processes_to_start: 4 max_cpu_used: 16
2019-07-04 08:02:28.571 4906 RALLYDEBUG rally.task.runner [-] Starting a worker. concurrency: 1 args: {"size": 1} times: 10 method_name: run timeout: 0 duration: None cls:
2019-07-04 08:02:28.573 4907 RALLYDEBUG rally.task.runner [-] Starting a worker. concurrency: 1 args: {"size": 1} times: 10 method_name: run timeout: 0 duration: None cls:
2019-07-04 08:02:28.576 4908 RALLYDEBUG rally.task.runner [-] Starting a worker. concurrency: 1 args: {"size": 1} times: 10 method_name: run timeout: 0 duration: None cls:
2019-07-04 08:02:28.580 4909 RALLYDEBUG rally.task.runner [-] Starting a worker. concurrency: 1 args: {"size": 1} times: 10 method_name: run timeout: 0 duration: None cls:
2019-07-04 08:02:28.586 4906 INFO rally.task.runner [-] Task 0a2d51b1-b380-44c2-8abf-4db893422516 | ITER: 1 START
2019-07-04 08:02:28.589 4908 INFO rally.task.runner [-] Task 0a2d51b1-b380-44c2-8abf-4db893422516 | ITER: 3 START
2019-07-04 08:02:28.590 4907 INFO rally.task.runner [-] Task 0a2d51b1-b380-44c2-8abf-4db893422516 | ITER: 2 START
2019-07-04 08:02:28.593 4909 INFO rally.task.runner [-] Task 0a2d51b1-b380-44c2-8abf-4db893422516 | ITER: 4 START
2019-07-04 08:02:32.501 4907 RALLYDEBUG rally.task.utils [-] Waiting for resource s_rally_165459c0_N1xdWnyr. Status changed: AVAILABLE => DELETING in 0.347877025604
2019-07-04 08:02:32.855 4908 RALLYDEBUG rally.task.utils [-] Waiting for resource s_rally_165459c0_Et7sUfEF. Status changed: AVAILABLE => DELETING in 0.369121074677
2019-07-04 08:02:34.405 4906 RALLYDEBUG rally.task.utils [-] Waiting for resource s_rally_165459c0_eCUnUDks. Status changed: CREATING => AVAILABLE in 2.76767706871
2019-07-04 08:02:34.463 4909 RALLYDEBUG rally.task.utils [-] Waiting for resource s_rally_165459c0_fvd79Wkh. Status changed: CREATING => AVAILABLE in 2.76960492134
2019-07-04 08:02:35.004 4909 RALLYDEBUG rally.task.utils [-] Waiting for resource s_rally_165459c0_fvd79Wkh. Status changed: AVAILABLE => DELETING in 0.249828100204
2019-07-04 08:02:35.168 4906 RALLYDEBUG rally.task.utils [-] Waiting for resource s_rally_165459c0_eCUnUDks. Status changed: AVAILABLE => DELETING in 0.449362039566
2019-07-04 08:02:39.220 4907 INFO rally.task.runner [-] Task 0a2d51b1-b380-44c2-8abf-4db893422516 | ITER: 2 END: OK
2019-07-04 08:02:39.227 4907 INFO rally.task.runner [-] Task 0a2d51b1-b380-44c2-8abf-4db893422516 | ITER: 5 START
2019-07-04 08:02:39.271 4906 INFO rally.task.runner [-] Task 0a2d51b1-b380-44c2-8abf-4db893422516 | ITER: 1 END: OK
2019-07-04 08:02:39.276 4906 INFO rally.task.runner [-] Task 0a2d51b1-b380-44c2-8abf-4db893422516 | ITER: 6 START
2019-07-04 08:02:39.394 4909 INFO rally.task.runner [-] Task 0a2d51b1-b380-44c2-8abf-4db893422516 | ITER: 4 END: OK
2019-07-04 08:02:39.400 4909 INFO rally.task.runner [-] Task 0a2d51b1-b380-44c2-8abf-4db893422516 | ITER: 7 START
