2019-07-04 07:43:06.994 725 DEBUG glanceclient.common.http [-] Request returned failure status 404. _handle_response /usr/lib/python2.7/site-packages/glanceclient/common/http.py:125
2019-07-04 07:43:06.995 725 DEBUG glanceclient.common.http [-] Request returned failure status 404. _handle_response /usr/lib/python2.7/site-packages/glanceclient/common/http.py:125
2019-07-04 07:43:07.004 725 DEBUG glanceclient.common.http [-] Request returned failure status 404. _handle_response /usr/lib/python2.7/site-packages/glanceclient/common/http.py:125
2019-07-04 07:43:07.031 725 DEBUG glanceclient.common.http [-] Request returned failure status 404. _handle_response /usr/lib/python2.7/site-packages/glanceclient/common/http.py:125
2019-07-04 07:43:07.032 725 DEBUG glanceclient.common.http [-] Request returned failure status 404. _handle_response /usr/lib/python2.7/site-packages/glanceclient/common/http.py:125
2019-07-04 07:43:07.034 725 DEBUG glanceclient.common.http [-] Request returned failure status 404. _handle_response /usr/lib/python2.7/site-packages/glanceclient/common/http.py:125
2019-07-04 07:43:08.037 725 INFO rally.task.context [-] Task 02648ea8-6b4b-4825-a18b-a5c83244fe30 | Context cleanup@openstack cleanup() finished in 8.25 sec
2019-07-04 07:43:08.037 725 INFO rally.task.context [-] Task 02648ea8-6b4b-4825-a18b-a5c83244fe30 | Context users@openstack cleanup() started
2019-07-04 07:43:14.929 725 INFO rally.task.context [-] Task 02648ea8-6b4b-4825-a18b-a5c83244fe30 | Context users@openstack cleanup() finished in 6.89 sec
2019-07-04 07:43:16.650 725 INFO rally.task.engine [-] Load duration is: 11.83386
2019-07-04 07:43:16.650 725 INFO rally.task.engine [-] Full runner duration is: 12.74208
2019-07-04 07:43:16.651 725 INFO rally.task.engine [-] Full duration is: 32.427286
2019-07-04 07:43:16.894 725 INFO rally.task.engine [-] Running workload: position = 0 config = { "version": 2, "title": "A cropped version of a bigger task.", "description": "Auto-generated task from a single workload (uuid=4877876f-5b70-4a76-bba0-82c8ecd3d69f)", "subtasks": [ { "title": "GlanceImages.create_and_update_image", "description": "Create an image then update it.", "scenario": { "GlanceImages.create_and_update_image": { "container_format": "bare", "disk_format": "qcow2", "image_location": "/home/opnfv/functest/images/cirros-0.4.0-x86_64-disk.img" } }, "contexts": { "users": { "tenants": 3, "users_per_tenant": 2 } }, "runner": { "constant": { "concurrency": 4, "times": 10 } }, "hooks": [], "sla": { "failure_rate": { "max": 0 } } } ] }
2019-07-04 07:43:16.916 725 RALLYDEBUG rally_openstack.contexts.keystone.users [-] Creating 3 tenants using 20 threads
2019-07-04 07:43:18.801 725 RALLYDEBUG rally_openstack.contexts.keystone.users [-] Creating 6 users using 20 threads
2019-07-04 07:43:21.549 725 INFO rally.task.context [-] Task 02648ea8-6b4b-4825-a18b-a5c83244fe30 | Context users@openstack setup() finished in 4.63 sec
2019-07-04 07:43:21.550 725 INFO rally.task.context [-] Task 02648ea8-6b4b-4825-a18b-a5c83244fe30 | Context cleanup@openstack setup() finished in 0.00 msec
2019-07-04 07:43:21.557 725 RALLYDEBUG rally.task.runner [-] Starting the constant runner (task UUID: 02648ea8-6b4b-4825-a18b-a5c83244fe30). timeout: 0 concurrency: 4 concurrency_per_worker: 1 times: 10 concurrency_overhead: 0 processes_to_start: 4 max_cpu_used: 16
2019-07-04 07:43:21.570 1757 RALLYDEBUG rally.task.runner [-] Starting a worker. concurrency: 1 args: {"container_format": "bare", "disk_format": "qcow2", "image_location": "/home/opnfv/functest/images/cirros-0.4.0-x86_64-disk.img"} times: 10 method_name: run timeout: 0 duration: None cls:
2019-07-04 07:43:21.572 1759 RALLYDEBUG rally.task.runner [-] Starting a worker. concurrency: 1 args: {"container_format": "bare", "disk_format": "qcow2", "image_location": "/home/opnfv/functest/images/cirros-0.4.0-x86_64-disk.img"} times: 10 method_name: run timeout: 0 duration: None cls:
2019-07-04 07:43:21.573 1758 RALLYDEBUG rally.task.runner [-] Starting a worker. concurrency: 1 args: {"container_format": "bare", "disk_format": "qcow2", "image_location": "/home/opnfv/functest/images/cirros-0.4.0-x86_64-disk.img"} times: 10 method_name: run timeout: 0 duration: None cls:
2019-07-04 07:43:21.576 1757 INFO rally.task.runner [-] Task 02648ea8-6b4b-4825-a18b-a5c83244fe30 | ITER: 1 START
2019-07-04 07:43:21.576 1759 INFO rally.task.runner [-] Task 02648ea8-6b4b-4825-a18b-a5c83244fe30 | ITER: 2 START
2019-07-04 07:43:21.576 1760 RALLYDEBUG rally.task.runner [-] Starting a worker. concurrency: 1 args: {"container_format": "bare", "disk_format": "qcow2", "image_location": "/home/opnfv/functest/images/cirros-0.4.0-x86_64-disk.img"} times: 10 method_name: run timeout: 0 duration: None cls:
2019-07-04 07:43:21.580 1758 INFO rally.task.runner [-] Task 02648ea8-6b4b-4825-a18b-a5c83244fe30 | ITER: 3 START
2019-07-04 07:43:21.580 1760 INFO rally.task.runner [-] Task 02648ea8-6b4b-4825-a18b-a5c83244fe30 | ITER: 4 START
2019-07-04 07:43:24.892 1758 RALLYDEBUG rally.task.utils [-] Waiting for resource u'0e3d12c5-356b-4d4d-a41a-04992f958276'. Status changed: NONE => QUEUED in 0.0354969501495
2019-07-04 07:43:24.920 1757 RALLYDEBUG rally.task.utils [-] Waiting for resource u'021e0f93-669d-4399-b033-c4ef438b3c22'. Status changed: NONE => QUEUED in 0.0483911037445
2019-07-04 07:43:24.925 1760 RALLYDEBUG rally.task.utils [-] Waiting for resource u'4d8dea98-cab2-424d-84bf-fe9894026b1e'. Status changed: NONE => QUEUED in 0.0501301288605
2019-07-04 07:43:25.012 1759 RALLYDEBUG rally.task.utils [-] Waiting for resource u'30bde03b-3c6a-40af-a765-aa1a57eef3d7'. Status changed: NONE => QUEUED in 0.0268750190735
2019-07-04 07:43:25.817 1759 RALLYDEBUG rally.task.utils [-] Waiting for resource s_rally_4877876f_RtIg6cUw. Status changed: QUEUED => ACTIVE in 0.0187160968781
2019-07-04 07:43:25.942 1759 INFO rally.task.runner [-] Task 02648ea8-6b4b-4825-a18b-a5c83244fe30 | ITER: 2 END: OK
2019-07-04 07:43:25.945 1759 INFO rally.task.runner [-] Task 02648ea8-6b4b-4825-a18b-a5c83244fe30 | ITER: 5 START
2019-07-04 07:43:27.897 1758 RALLYDEBUG rally.task.utils [-] Waiting for resource s_rally_4877876f_VUM6y0XY. Status changed: QUEUED => ACTIVE in 0.0364699363708
2019-07-04 07:43:27.930 1757 RALLYDEBUG rally.task.utils [-] Waiting for resource s_rally_4877876f_Na7OfBNw. Status changed: QUEUED => ACTIVE in 0.0320971012115
2019-07-04 07:43:27.988 1760 RALLYDEBUG rally.task.utils [-] Waiting for resource s_rally_4877876f_w8GgHxSP. Status changed: QUEUED => ACTIVE in 0.0470478534698
2019-07-04 07:43:28.109 1758 INFO rally.task.runner [-] Task 02648ea8-6b4b-4825-a18b-a5c83244fe30 | ITER: 3 END: OK
2019-07-04 07:43:28.113 1758 INFO rally.task.runner [-] Task 02648ea8-6b4b-4825-a18b-a5c83244fe30 | ITER: 6 START
2019-07-04 07:43:28.139 1757 INFO rally.task.runner [-] Task 02648ea8-6b4b-4825-a18b-a5c83244fe30 | ITER: 1 END: OK
2019-07-04 07:43:28.144 1757 INFO rally.task.runner [-] Task 02648ea8-6b4b-4825-a18b-a5c83244fe30 | ITER: 7 START
2019-07-04 07:43:28.163 1760 INFO rally.task.runner [-] Task 02648ea8-6b4b-4825-a18b-a5c83244fe30 | ITER: 4 END: OK
2019-07-04 07:43:28.167 1760 INFO rally.task.runner [-] Task 02648ea8-6b4b-4825-a18b-a5c83244fe30 | ITER: 8 START
2019-07-04 07:43:29.205 1759 RALLYDEBUG rally.task.utils [-] Waiting for resource u'5d9f2078-d151-4482-92ea-d8ebd233c1c1'. Status changed: NONE => QUEUED in 0.0265619754791
2019-07-04 07:43:30.031 1759 RALLYDEBUG rally.task.utils [-] Waiting for resource s_rally_4877876f_v0LuSOYZ. Status changed: QUEUED => ACTIVE in 0.0183300971985
2019-07-04 07:43:30.159 1759 INFO rally.task.runner [-] Task 02648ea8-6b4b-4825-a18b-a5c83244fe30 | ITER: 5 END: OK
2019-07-04 07:43:30.163 1759 INFO rally.task.runner [-] Task 02648ea8-6b4b-4825-a18b-a5c83244fe30 | ITER: 9 START
2019-07-04 07:43:31.321 1758 RALLYDEBUG rally.task.utils [-] Waiting for resource u'a2bf0af7-a5e2-4ffd-b5ba-f30c78275c32'. Status changed: NONE => QUEUED in 0.0294849872589
2019-07-04 07:43:31.541 1760 RALLYDEBUG rally.task.utils [-] Waiting for resource u'bb32f44d-3000-4eb1-b2a8-1daebf47726d'. Status changed: NONE => QUEUED in 0.0234220027924
2019-07-04 07:43:32.042 1757 RALLYDEBUG rally.task.utils [-] Waiting for resource u'68cb13a3-9459-4b42-ac78-f6dd2b5aa19c'. Status changed: NONE => QUEUED in 0.0282361507416
2019-07-04 07:43:32.126 1760 RALLYDEBUG rally.task.utils [-] Waiting for resource s_rally_4877876f_Jy1W41cm. Status changed: QUEUED => ACTIVE in 0.0193128585815
2019-07-04 07:43:32.129 1758 RALLYDEBUG rally.task.utils [-] Waiting for resource s_rally_4877876f_ppwS4CpF. Status changed: QUEUED => ACTIVE in 0.0185658931732
2019-07-04 07:43:32.268 1760 INFO rally.task.runner [-] Task 02648ea8-6b4b-4825-a18b-a5c83244fe30 | ITER: 8 END: OK
2019-07-04 07:43:32.273 1760 INFO rally.task.runner [-] Task 02648ea8-6b4b-4825-a18b-a5c83244fe30 | ITER: 10 START
2019-07-04 07:43:32.277 1758 INFO rally.task.runner [-] Task 02648ea8-6b4b-4825-a18b-a5c83244fe30 | ITER: 6 END: OK
2019-07-04 07:43:33.179 1757 RALLYDEBUG rally.task.utils [-] Waiting for resource s_rally_4877876f_Y8cwHuzS. Status changed: QUEUED => ACTIVE in 0.0169849395752
2019-07-04 07:43:33.297 1757 INFO rally.task.runner [-] Task 02648ea8-6b4b-4825-a18b-a5c83244fe30 | ITER: 7 END: OK
2019-07-04 07:43:34.133 1759 RALLYDEBUG rally.task.utils [-] Waiting for resource u'6ee3befb-b5fc-4563-863a-4bce58d0bc6a'. Status changed: NONE => QUEUED in 0.0301721096039
2019-07-04 07:43:35.219 1759 RALLYDEBUG rally.task.utils [-] Waiting for resource s_rally_4877876f_BIGXabrX. Status changed: QUEUED => ACTIVE in 0.0192999839783
2019-07-04 07:43:35.354 1759 INFO rally.task.runner [-] Task 02648ea8-6b4b-4825-a18b-a5c83244fe30 | ITER: 9 END: OK
2019-07-04 07:43:35.474 1760 RALLYDEBUG rally.task.utils [-] Waiting for resource u'de8c2e97-34df-4ee4-a3b6-e1c53f12065e'. Status changed: NONE => QUEUED in 0.0275270938873
2019-07-04 07:43:36.258 1760 RALLYDEBUG rally.task.utils [-] Waiting for resource s_rally_4877876f_0eRc3Z3b. Status changed: QUEUED => ACTIVE in 0.0193109512329
2019-07-04 07:43:36.410 1760 INFO rally.task.runner [-] Task 02648ea8-6b4b-4825-a18b-a5c83244fe30 | ITER: 10 END: OK
2019-07-04 07:43:36.441 725 INFO rally.task.context [-] Task 02648ea8-6b4b-4825-a18b-a5c83244fe30 | Context cleanup@openstack cleanup() started
2019-07-04 07:43:36.443 725 RALLYDEBUG rally_openstack.cleanup.manager [-] Cleaning up glance images objects
2019-07-04 07:43:38.599 725 RALLYDEBUG rally_openstack.cleanup.manager [-] Deleting glance.images object s_rally_4877876f_0dbgEGxa (de8c2e97-34df-4ee4-a3b6-e1c53f12065e)
2019-07-04 07:43:38.601 725 RALLYDEBUG rally_openstack.cleanup.manager [-] Deleting glance.images object s_rally_4877876f_bLtMfcLs (021e0f93-669d-4399-b033-c4ef438b3c22)
2019-07-04 07:43:38.603 725 RALLYDEBUG rally_openstack.cleanup.manager [-] Deleting glance.images object s_rally_4877876f_QYJ6VcuU (a2bf0af7-a5e2-4ffd-b5ba-f30c78275c32)
2019-07-04 07:43:38.615 725 RALLYDEBUG rally_openstack.cleanup.manager [-] Deleting glance.images object s_rally_4877876f_D5BG5EFk (5d9f2078-d151-4482-92ea-d8ebd233c1c1)
2019-07-04 07:43:38.616 725 RALLYDEBUG rally_openstack.cleanup.manager [-] Deleting glance.images object s_rally_4877876f_CN0ygPTo (bb32f44d-3000-4eb1-b2a8-1daebf47726d)
2019-07-04 07:43:38.617 725 RALLYDEBUG rally_openstack.cleanup.manager [-] Deleting glance.images object s_rally_4877876f_4kZwZhR9 (68cb13a3-9459-4b42-ac78-f6dd2b5aa19c)
2019-07-04 07:43:38.624 725 RALLYDEBUG rally_openstack.cleanup.manager [-] Deleting glance.images object s_rally_4877876f_8Mq9Xt4v (4d8dea98-cab2-424d-84bf-fe9894026b1e)
2019-07-04 07:43:38.626 725 RALLYDEBUG rally_openstack.cleanup.manager [-] Deleting glance.images object s_rally_4877876f_bfg8Q7Fa (6ee3befb-b5fc-4563-863a-4bce58d0bc6a)
2019-07-04 07:43:38.639 725 RALLYDEBUG rally_openstack.cleanup.manager [-] Deleting glance.images object s_rally_4877876f_WeT60573 (30bde03b-3c6a-40af-a765-aa1a57eef3d7)
2019-07-04 07:43:38.640 725 RALLYDEBUG rally_openstack.cleanup.manager [-] Deleting glance.images object s_rally_4877876f_vJoxPqCG (0e3d12c5-356b-4d4d-a41a-04992f958276)
2019-07-04 07:43:40.032 725 DEBUG glanceclient.common.http [-] Request returned failure status 404. _handle_response /usr/lib/python2.7/site-packages/glanceclient/common/http.py:125
2019-07-04 07:43:40.037 725 DEBUG glanceclient.common.http [-] Request returned failure status 404. _handle_response /usr/lib/python2.7/site-packages/glanceclient/common/http.py:125
2019-07-04 07:43:40.045 725 DEBUG glanceclient.common.http [-] Request returned failure status 404. _handle_response /usr/lib/python2.7/site-packages/glanceclient/common/http.py:125
2019-07-04 07:43:40.050 725 DEBUG glanceclient.common.http [-] Request returned failure status 404. _handle_response /usr/lib/python2.7/site-packages/glanceclient/common/http.py:125
2019-07-04 07:43:40.843 725 DEBUG glanceclient.common.http [-] Request returned failure status 404. _handle_response /usr/lib/python2.7/site-packages/glanceclient/common/http.py:125
2019-07-04 07:43:40.854 725 DEBUG glanceclient.common.http [-] Request returned failure status 404. _handle_response /usr/lib/python2.7/site-packages/glanceclient/common/http.py:125
2019-07-04 07:43:40.858 725 DEBUG glanceclient.common.http [-] Request returned failure status 404. _handle_response /usr/lib/python2.7/site-packages/glanceclient/common/http.py:125
2019-07-04 07:43:40.868 725 DEBUG glanceclient.common.http [-] Request returned failure status 404. _handle_response /usr/lib/python2.7/site-packages/glanceclient/common/http.py:125
2019-07-04 07:43:41.962 725 DEBUG glanceclient.common.http [-] Request returned failure status 404. _handle_response /usr/lib/python2.7/site-packages/glanceclient/common/http.py:125
2019-07-04 07:43:41.963 725 DEBUG glanceclient.common.http [-] Request returned failure status 404. _handle_response /usr/lib/python2.7/site-packages/glanceclient/common/http.py:125
2019-07-04 07:43:41.969 725 DEBUG glanceclient.common.http [-] Request returned failure status 404. _handle_response /usr/lib/python2.7/site-packages/glanceclient/common/http.py:125
2019-07-04 07:43:41.987 725 DEBUG glanceclient.common.http [-] Request returned failure status 404. _handle_response /usr/lib/python2.7/site-packages/glanceclient/common/http.py:125
2019-07-04 07:43:42.000 725 DEBUG glanceclient.common.http [-] Request returned failure status 404. _handle_response /usr/lib/python2.7/site-packages/glanceclient/common/http.py:125
2019-07-04 07:43:42.001 725 DEBUG glanceclient.common.http [-] Request returned failure status 404. _handle_response /usr/lib/python2.7/site-packages/glanceclient/common/http.py:125
2019-07-04 07:43:42.002 725 DEBUG glanceclient.common.http [-] Request returned failure status 404. _handle_response /usr/lib/python2.7/site-packages/glanceclient/common/http.py:125
2019-07-04 07:43:42.026 725 DEBUG glanceclient.common.http [-] Request returned failure status 404. _handle_response /usr/lib/python2.7/site-packages/glanceclient/common/http.py:125
2019-07-04 07:43:42.030 725 DEBUG glanceclient.common.http [-] Request returned failure status 404. _handle_response /usr/lib/python2.7/site-packages/glanceclient/common/http.py:125
2019-07-04 07:43:42.031 725 DEBUG glanceclient.common.http [-] Request returned failure status 404. _handle_response /usr/lib/python2.7/site-packages/glanceclient/common/http.py:125
2019-07-04 07:43:42.038 725 DEBUG glanceclient.common.http [-] Request returned failure status 404. _handle_response /usr/lib/python2.7/site-packages/glanceclient/common/http.py:125
2019-07-04 07:43:42.042 725 DEBUG glanceclient.common.http [-] Request returned failure status 404. _handle_response /usr/lib/python2.7/site-packages/glanceclient/common/http.py:125
2019-07-04 07:43:43.045 725 INFO rally.task.context [-] Task 02648ea8-6b4b-4825-a18b-a5c83244fe30 | Context cleanup@openstack cleanup() finished in 6.60 sec
2019-07-04 07:43:43.046 725 INFO rally.task.context [-] Task 02648ea8-6b4b-4825-a18b-a5c83244fe30 | Context users@openstack cleanup() started
2019-07-04 07:43:49.978 725 INFO rally.task.context [-] Task 02648ea8-6b4b-4825-a18b-a5c83244fe30 | Context users@openstack cleanup() finished in 6.93 sec
2019-07-04 07:43:51.071 725 INFO rally.task.engine [-] Load duration is: 13.964438
2019-07-04 07:43:51.072 725 INFO rally.task.engine [-] Full runner duration is: 14.883802
2019-07-04 07:43:51.072 725 INFO rally.task.engine [-] Full duration is: 33.063845
2019-07-04 07:43:51.264 725 INFO rally.task.engine [-] Task 02648ea8-6b4b-4825-a18b-a5c83244fe30 | Completed: Running task.
2019-07-04 07:43:52.162 1839 RALLYDEBUG rally.api [-] INFO logs from urllib3 and requests module are hide.
2019-07-04 07:43:52.163 1839 RALLYDEBUG rally.api [-] urllib3 insecure warnings are hidden.
2019-07-04 07:43:52.163 1839 RALLYDEBUG rally.api [-] ERROR log from boto module is hide.
2019-07-04 07:43:52.921 1840 RALLYDEBUG rally.api [-] INFO logs from urllib3 and requests module are hide.
2019-07-04 07:43:52.921 1840 RALLYDEBUG rally.api [-] urllib3 insecure warnings are hidden.
2019-07-04 07:43:52.922 1840 RALLYDEBUG rally.api [-] ERROR log from boto module is hide.
2019-07-04 07:43:54.168 1840 INFO rally.api [-] Building 'json' report for the following task(s): '02648ea8-6b4b-4825-a18b-a5c83244fe30'.
2019-07-04 07:43:54.186 1840 INFO rally.api [-] The report has been successfully built.
2019-07-04 07:43:54.956 1842 RALLYDEBUG rally.api [-] INFO logs from urllib3 and requests module are hide.
2019-07-04 07:43:54.956 1842 RALLYDEBUG rally.api [-] urllib3 insecure warnings are hidden.
2019-07-04 07:43:54.957 1842 RALLYDEBUG rally.api [-] ERROR log from boto module is hide.
2019-07-04 07:43:56.402 1842 INFO rally.task.engine [-] Task 0a2d51b1-b380-44c2-8abf-4db893422516 | Starting: Task validation.
2019-07-04 07:43:56.431 1842 INFO rally.task.engine [-] Task 0a2d51b1-b380-44c2-8abf-4db893422516 | Starting: Task validation of syntax.
2019-07-04 07:43:56.709 1842 INFO rally.task.engine [-] Task 0a2d51b1-b380-44c2-8abf-4db893422516 | Completed: Task validation of syntax.
2019-07-04 07:43:56.710 1842 INFO rally.task.engine [-] Task 0a2d51b1-b380-44c2-8abf-4db893422516 | Starting: Task validation of required platforms.
2019-07-04 07:43:56.812 1842 INFO rally.task.engine [-] Task 0a2d51b1-b380-44c2-8abf-4db893422516 | Completed: Task validation of required platforms.
2019-07-04 07:43:56.812 1842 INFO rally.task.engine [-] Task 0a2d51b1-b380-44c2-8abf-4db893422516 | Starting: Task validation of semantic.
2019-07-04 07:43:56.812 1842 INFO rally.task.engine [-] Check health of the environment 'fc875a37-6a97-4e76-b864-6820100e05af'.
2019-07-04 07:43:57.623 1842 INFO rally.task.engine [-] Platform existing@openstack (available: True): OK!
2019-07-04 07:43:57.641 1842 RALLYDEBUG rally_openstack.contexts.keystone.users [-] Creating 1 tenants using 20 threads
2019-07-04 07:43:59.481 1842 RALLYDEBUG rally_openstack.contexts.keystone.users [-] Creating 1 users using 20 threads
2019-07-04 07:44:01.925 1842 INFO rally.task.context [-] Task 0a2d51b1-b380-44c2-8abf-4db893422516 | Context users@openstack setup() finished in 4.28 sec
2019-07-04 07:44:02.831 1842 DEBUG novaclient.v2.client [-] REQ: curl -g -i -X GET http://172.30.9.25:8774/v2.1/flavors/detail -H "Accept: application/json" -H "User-Agent: python-novaclient" -H "X-Auth-Token: {SHA1}773c88223f6da660efc92dea22b172c45646034a" _http_log_request /usr/lib/python2.7/site-packages/keystoneauth1/session.py:448
2019-07-04 07:44:03.096 1842 DEBUG novaclient.v2.client [-] RESP: [200] Content-Encoding: gzip Content-Length: 365 Content-Type: application/json Date: Thu, 04 Jul 2019 07:44:02 GMT OpenStack-API-Version: compute 2.1 Server: Apache Vary: OpenStack-API-Version,X-OpenStack-Nova-API-Version,Accept-Encoding X-OpenStack-Nova-API-Version: 2.1 x-compute-request-id: req-5d872582-c600-4a28-9fda-c5465efb8b13 x-openstack-request-id: req-5d872582-c600-4a28-9fda-c5465efb8b13 _http_log_response /usr/lib/python2.7/site-packages/keystoneauth1/session.py:479
2019-07-04 07:44:03.097 1842 DEBUG novaclient.v2.client [-] RESP BODY: {"flavors": [{"name": "rally_full-flavor_alt_5c104186-ec42-4dba-b4ad-824da0c06fe6", "links": [{"href": "http://172.30.9.25:8774/v2.1/flavors/3f627e40-23e6-4f58-928e-92ce0c6b9b56", "rel": "self"}, {"href": "http://172.30.9.25:8774/flavors/3f627e40-23e6-4f58-928e-92ce0c6b9b56", "rel": "bookmark"}], "ram": 1024, "OS-FLV-DISABLED:disabled": false, "vcpus": 1, "swap": "", "os-flavor-access:is_public": true, "rxtx_factor": 1.0, "OS-FLV-EXT-DATA:ephemeral": 0, "disk": 1, "id": "3f627e40-23e6-4f58-928e-92ce0c6b9b56"}, {"name": "rally_full-flavor_5c104186-ec42-4dba-b4ad-824da0c06fe6", "links": [{"href": "http://172.30.9.25:8774/v2.1/flavors/b5d23f6f-5774-41b8-a959-3f77d5102ebc", "rel": "self"}, {"href": "http://172.30.9.25:8774/flavors/b5d23f6f-5774-41b8-a959-3f77d5102ebc", "rel": "bookmark"}], "ram": 512, "OS-FLV-DISABLED:disabled": false, "vcpus": 1, "swap": "", "os-flavor-access:is_public": true, "rxtx_factor": 1.0, "OS-FLV-EXT-DATA:ephemeral": 0, "disk": 1, "id": "b5d23f6f-5774-41b8-a959-3f77d5102ebc"}]} _http_log_response /usr/lib/python2.7/site-packages/keystoneauth1/session.py:511
2019-07-04 07:44:03.097 1842 DEBUG novaclient.v2.client [-] GET call to compute for http://172.30.9.25:8774/v2.1/flavors/detail used request id req-5d872582-c600-4a28-9fda-c5465efb8b13 request /usr/lib/python2.7/site-packages/keystoneauth1/session.py:844
2019-07-04 07:44:03.517 1842 DEBUG novaclient.v2.client [-] REQ: curl -g -i -X GET http://172.30.9.25:8774/v2.1/flavors/b5d23f6f-5774-41b8-a959-3f77d5102ebc -H "Accept: application/json" -H "User-Agent: python-novaclient" -H "X-Auth-Token: {SHA1}a84612606c2939f872b9510ab73158df207dafcd" _http_log_request /usr/lib/python2.7/site-packages/keystoneauth1/session.py:448
2019-07-04 07:44:03.785 1842 DEBUG novaclient.v2.client [-] RESP: [200] Content-Encoding: gzip Content-Length: 312 Content-Type: application/json Date: Thu, 04 Jul 2019 07:44:03 GMT OpenStack-API-Version: compute 2.1 Server: Apache Vary: OpenStack-API-Version,X-OpenStack-Nova-API-Version,Accept-Encoding X-OpenStack-Nova-API-Version: 2.1 x-compute-request-id: req-b14d68f7-ac08-4c80-852f-2ab3f391e82a x-openstack-request-id: req-b14d68f7-ac08-4c80-852f-2ab3f391e82a _http_log_response /usr/lib/python2.7/site-packages/keystoneauth1/session.py:479
2019-07-04 07:44:03.785 1842 DEBUG novaclient.v2.client [-] RESP BODY: {"flavor": {"name": "rally_full-flavor_5c104186-ec42-4dba-b4ad-824da0c06fe6", "links": [{"href": "http://172.30.9.25:8774/v2.1/flavors/b5d23f6f-5774-41b8-a959-3f77d5102ebc", "rel": "self"}, {"href": "http://172.30.9.25:8774/flavors/b5d23f6f-5774-41b8-a959-3f77d5102ebc", "rel": "bookmark"}], "ram": 512, "OS-FLV-DISABLED:disabled": false, "vcpus": 1, "swap": "", "os-flavor-access:is_public": true, "rxtx_factor": 1.0, "OS-FLV-EXT-DATA:ephemeral": 0, "disk": 1, "id": "b5d23f6f-5774-41b8-a959-3f77d5102ebc"}} _http_log_response /usr/lib/python2.7/site-packages/keystoneauth1/session.py:511
2019-07-04 07:44:03.785 1842 DEBUG novaclient.v2.client [-] GET call to compute for http://172.30.9.25:8774/v2.1/flavors/b5d23f6f-5774-41b8-a959-3f77d5102ebc used request id req-b14d68f7-ac08-4c80-852f-2ab3f391e82a request /usr/lib/python2.7/site-packages/keystoneauth1/session.py:844
2019-07-04 07:44:08.864 1842 DEBUG novaclient.v2.client [-] REQ: curl -g -i -X GET http://172.30.9.25:8774/v2.1/flavors/detail -H "Accept: application/json" -H "User-Agent: python-novaclient" -H "X-Auth-Token: {SHA1}e269fd55a14d6e7442010cd2eed2169f1112bc35" _http_log_request /usr/lib/python2.7/site-packages/keystoneauth1/session.py:448
2019-07-04 07:44:09.571 1842 DEBUG novaclient.v2.client [-] RESP: [200] Content-Encoding: gzip Content-Length: 365 Content-Type: application/json Date: Thu, 04 Jul 2019 07:44:08 GMT OpenStack-API-Version: compute 2.1 Server: Apache Vary: OpenStack-API-Version,X-OpenStack-Nova-API-Version,Accept-Encoding X-OpenStack-Nova-API-Version: 2.1 x-compute-request-id: req-90699d44-73ac-405a-aa95-b6ed94aac1ab x-openstack-request-id: req-90699d44-73ac-405a-aa95-b6ed94aac1ab _http_log_response /usr/lib/python2.7/site-packages/keystoneauth1/session.py:479
2019-07-04 07:44:09.571 1842 DEBUG novaclient.v2.client [-] RESP BODY: {"flavors": [{"name": "rally_full-flavor_alt_5c104186-ec42-4dba-b4ad-824da0c06fe6", "links": [{"href": "http://172.30.9.25:8774/v2.1/flavors/3f627e40-23e6-4f58-928e-92ce0c6b9b56", "rel": "self"}, {"href": "http://172.30.9.25:8774/flavors/3f627e40-23e6-4f58-928e-92ce0c6b9b56", "rel": "bookmark"}], "ram": 1024, "OS-FLV-DISABLED:disabled": false, "vcpus": 1, "swap": "", "os-flavor-access:is_public": true, "rxtx_factor": 1.0, "OS-FLV-EXT-DATA:ephemeral": 0, "disk": 1, "id": "3f627e40-23e6-4f58-928e-92ce0c6b9b56"}, {"name": "rally_full-flavor_5c104186-ec42-4dba-b4ad-824da0c06fe6", "links": [{"href": "http://172.30.9.25:8774/v2.1/flavors/b5d23f6f-5774-41b8-a959-3f77d5102ebc", "rel": "self"}, {"href": "http://172.30.9.25:8774/flavors/b5d23f6f-5774-41b8-a959-3f77d5102ebc", "rel": "bookmark"}], "ram": 512, "OS-FLV-DISABLED:disabled": false, "vcpus": 1, "swap": "", "os-flavor-access:is_public": true, "rxtx_factor": 1.0, "OS-FLV-EXT-DATA:ephemeral": 0, "disk": 1, "id": "b5d23f6f-5774-41b8-a959-3f77d5102ebc"}]} _http_log_response /usr/lib/python2.7/site-packages/keystoneauth1/session.py:511
2019-07-04 07:44:09.572 1842 DEBUG novaclient.v2.client [-] GET call to compute for http://172.30.9.25:8774/v2.1/flavors/detail used request id req-90699d44-73ac-405a-aa95-b6ed94aac1ab request /usr/lib/python2.7/site-packages/keystoneauth1/session.py:844
2019-07-04 07:44:10.009 1842 DEBUG novaclient.v2.client [-] REQ: curl -g -i -X GET http://172.30.9.25:8774/v2.1/flavors/b5d23f6f-5774-41b8-a959-3f77d5102ebc -H "Accept: application/json" -H "User-Agent: python-novaclient" -H "X-Auth-Token: {SHA1}79f2b20584ef6bcf1ec0cce0ff5c06ba40d20645" _http_log_request /usr/lib/python2.7/site-packages/keystoneauth1/session.py:448
2019-07-04 07:44:10.291 1842 DEBUG novaclient.v2.client [-] RESP: [200] Content-Encoding: gzip Content-Length: 312 Content-Type: application/json Date: Thu, 04 Jul 2019 07:44:10 GMT OpenStack-API-Version: compute 2.1 Server: Apache Vary: OpenStack-API-Version,X-OpenStack-Nova-API-Version,Accept-Encoding X-OpenStack-Nova-API-Version: 2.1 x-compute-request-id: req-f537f25b-17af-462b-a49d-b6ed16aac94a x-openstack-request-id: req-f537f25b-17af-462b-a49d-b6ed16aac94a _http_log_response /usr/lib/python2.7/site-packages/keystoneauth1/session.py:479
2019-07-04 07:44:10.291 1842 DEBUG novaclient.v2.client [-] RESP BODY: {"flavor": {"name": "rally_full-flavor_5c104186-ec42-4dba-b4ad-824da0c06fe6", "links": [{"href": "http://172.30.9.25:8774/v2.1/flavors/b5d23f6f-5774-41b8-a959-3f77d5102ebc", "rel": "self"}, {"href": "http://172.30.9.25:8774/flavors/b5d23f6f-5774-41b8-a959-3f77d5102ebc", "rel": "bookmark"}], "ram": 512, "OS-FLV-DISABLED:disabled": false, "vcpus": 1, "swap": "", "os-flavor-access:is_public": true, "rxtx_factor": 1.0, "OS-FLV-EXT-DATA:ephemeral": 0, "disk": 1, "id": "b5d23f6f-5774-41b8-a959-3f77d5102ebc"}} _http_log_response /usr/lib/python2.7/site-packages/keystoneauth1/session.py:511
2019-07-04 07:44:10.292 1842 DEBUG novaclient.v2.client [-] GET call to compute for http://172.30.9.25:8774/v2.1/flavors/b5d23f6f-5774-41b8-a959-3f77d5102ebc used request id req-f537f25b-17af-462b-a49d-b6ed16aac94a request /usr/lib/python2.7/site-packages/keystoneauth1/session.py:844
2019-07-04 07:44:12.078 1842 DEBUG novaclient.v2.client [-] REQ: curl -g -i -X GET http://172.30.9.25:8774/v2.1/flavors/detail -H "Accept: application/json" -H "User-Agent: python-novaclient" -H "X-Auth-Token: {SHA1}02e74596c5b72d870e4d0574c7fe9471034b892e" _http_log_request /usr/lib/python2.7/site-packages/keystoneauth1/session.py:448
2019-07-04 07:44:12.379 1842 DEBUG novaclient.v2.client [-] RESP: [200] Content-Encoding: gzip Content-Length: 365 Content-Type: application/json Date: Thu, 04 Jul 2019 07:44:12 GMT OpenStack-API-Version: compute 2.1 Server: Apache Vary: OpenStack-API-Version,X-OpenStack-Nova-API-Version,Accept-Encoding X-OpenStack-Nova-API-Version: 2.1 x-compute-request-id: req-763f4952-2ae1-4fd0-9fa6-b3ade65fbe4a x-openstack-request-id: req-763f4952-2ae1-4fd0-9fa6-b3ade65fbe4a _http_log_response /usr/lib/python2.7/site-packages/keystoneauth1/session.py:479
2019-07-04 07:44:12.379 1842 DEBUG novaclient.v2.client [-] RESP BODY: {"flavors": [{"name": "rally_full-flavor_alt_5c104186-ec42-4dba-b4ad-824da0c06fe6", "links": [{"href": "http://172.30.9.25:8774/v2.1/flavors/3f627e40-23e6-4f58-928e-92ce0c6b9b56", "rel": "self"}, {"href": "http://172.30.9.25:8774/flavors/3f627e40-23e6-4f58-928e-92ce0c6b9b56", "rel": "bookmark"}], "ram": 1024, "OS-FLV-DISABLED:disabled": false, "vcpus": 1, "swap": "", "os-flavor-access:is_public": true, "rxtx_factor": 1.0, "OS-FLV-EXT-DATA:ephemeral": 0, "disk": 1, "id": "3f627e40-23e6-4f58-928e-92ce0c6b9b56"}, {"name": "rally_full-flavor_5c104186-ec42-4dba-b4ad-824da0c06fe6", "links": [{"href": "http://172.30.9.25:8774/v2.1/flavors/b5d23f6f-5774-41b8-a959-3f77d5102ebc", "rel": "self"}, {"href": "http://172.30.9.25:8774/flavors/b5d23f6f-5774-41b8-a959-3f77d5102ebc", "rel": "bookmark"}], "ram": 512, "OS-FLV-DISABLED:disabled": false, "vcpus": 1, "swap": "", "os-flavor-access:is_public": true, "rxtx_factor": 1.0, "OS-FLV-EXT-DATA:ephemeral": 0, "disk": 1, "id": "b5d23f6f-5774-41b8-a959-3f77d5102ebc"}]} _http_log_response /usr/lib/python2.7/site-packages/keystoneauth1/session.py:511
2019-07-04 07:44:12.380 1842 DEBUG novaclient.v2.client [-] GET call to compute for http://172.30.9.25:8774/v2.1/flavors/detail used request id req-763f4952-2ae1-4fd0-9fa6-b3ade65fbe4a request /usr/lib/python2.7/site-packages/keystoneauth1/session.py:844
2019-07-04 07:44:12.804 1842 DEBUG novaclient.v2.client [-] REQ: curl -g -i -X GET http://172.30.9.25:8774/v2.1/flavors/b5d23f6f-5774-41b8-a959-3f77d5102ebc -H "Accept: application/json" -H "User-Agent: python-novaclient" -H "X-Auth-Token: {SHA1}f6c30e4245db1f2853d35f975661563579f44974" _http_log_request /usr/lib/python2.7/site-packages/keystoneauth1/session.py:448
2019-07-04 07:44:13.081 1842 DEBUG novaclient.v2.client [-] RESP: [200] Content-Encoding: gzip Content-Length: 312 Content-Type: application/json Date: Thu, 04 Jul 2019 07:44:12 GMT OpenStack-API-Version: compute 2.1 Server: Apache Vary: OpenStack-API-Version,X-OpenStack-Nova-API-Version,Accept-Encoding X-OpenStack-Nova-API-Version: 2.1 x-compute-request-id: req-6c6d2c7e-1353-400f-bb00-ba2198123e56 x-openstack-request-id: req-6c6d2c7e-1353-400f-bb00-ba2198123e56 _http_log_response /usr/lib/python2.7/site-packages/keystoneauth1/session.py:479
2019-07-04 07:44:13.082 1842 DEBUG novaclient.v2.client [-] RESP BODY: {"flavor": {"name": "rally_full-flavor_5c104186-ec42-4dba-b4ad-824da0c06fe6", "links": [{"href": "http://172.30.9.25:8774/v2.1/flavors/b5d23f6f-5774-41b8-a959-3f77d5102ebc", "rel": "self"}, {"href": "http://172.30.9.25:8774/flavors/b5d23f6f-5774-41b8-a959-3f77d5102ebc", "rel": "bookmark"}], "ram": 512, "OS-FLV-DISABLED:disabled": false, "vcpus": 1, "swap": "", "os-flavor-access:is_public": true, "rxtx_factor": 1.0, "OS-FLV-EXT-DATA:ephemeral": 0, "disk": 1, "id": "b5d23f6f-5774-41b8-a959-3f77d5102ebc"}} _http_log_response /usr/lib/python2.7/site-packages/keystoneauth1/session.py:511
2019-07-04 07:44:13.082 1842 DEBUG novaclient.v2.client [-] GET call to compute for http://172.30.9.25:8774/v2.1/flavors/b5d23f6f-5774-41b8-a959-3f77d5102ebc used request id req-6c6d2c7e-1353-400f-bb00-ba2198123e56 request /usr/lib/python2.7/site-packages/keystoneauth1/session.py:844
2019-07-04 07:44:22.967 1842 INFO rally.task.context [-] Task 0a2d51b1-b380-44c2-8abf-4db893422516 | Context users@openstack cleanup() started
2019-07-04 07:44:27.654 1842 INFO rally.task.context [-] Task 0a2d51b1-b380-44c2-8abf-4db893422516 | Context users@openstack cleanup() finished in 4.69 sec
2019-07-04 07:44:27.654 1842 INFO rally.task.engine [-] Task 0a2d51b1-b380-44c2-8abf-4db893422516 | Completed: Task validation of semantic.
2019-07-04 07:44:27.655 1842 INFO rally.task.engine [-] Task 0a2d51b1-b380-44c2-8abf-4db893422516 | Completed: Task validation.
2019-07-04 07:44:27.655 1842 INFO rally.api [-] Task 0a2d51b1-b380-44c2-8abf-4db893422516 input file is valid.
2019-07-04 07:44:27.655 1842 INFO rally.api [-] Run Task 0a2d51b1-b380-44c2-8abf-4db893422516 against Deployment fc875a37-6a97-4e76-b864-6820100e05af
2019-07-04 07:44:27.656 1842 INFO rally.task.engine [-] Task 0a2d51b1-b380-44c2-8abf-4db893422516 | Starting: Running task.
2019-07-04 07:44:27.787 1842 INFO rally.task.engine [-] Running workload: position = 0 config = { "version": 2, "title": "A cropped version of a bigger task.", "description": "Auto-generated task from a single workload (uuid=981d5264-9d3e-47e2-95c4-cf7770bddd42)", "subtasks": [ { "title": "CinderVolumes.create_and_attach_volume", "description": "Create a VM and attach a volume to it.", "scenario": { "CinderVolumes.create_and_attach_volume": { "flavor": { "name": "rally_full-flavor_5c104186-ec42-4dba-b4ad-824da0c06fe6" }, "image": { "name": "rally_full-img_5c104186-ec42-4dba-b4ad-824da0c06fe6" }, "size": 1, "nics": [ { "net-id": "5bcfd8ea-d120-439b-af28-275bfcb68e17" } ] } }, "contexts": { "users": { "tenants": 3, "users_per_tenant": 2 }, "quotas": { "cinder": { "gigabytes": -1, "snapshots": -1, "volumes": -1 } }, "api_versions": { "cinder": { "version": 3, "service_type": "volumev3" } } }, "runner": { "constant": { "concurrency": 4, "times": 10 } }, "hooks": [], "sla": { "failure_rate": { "max": 0 } } } ] }
2019-07-04 07:44:27.807 1842 RALLYDEBUG rally_openstack.contexts.keystone.users [-] Creating 3 tenants using 20 threads
2019-07-04 07:44:29.676 1842 RALLYDEBUG rally_openstack.contexts.keystone.users [-] Creating 6 users using 20 threads
2019-07-04 07:44:32.405 1842 INFO rally.task.context [-] Task 0a2d51b1-b380-44c2-8abf-4db893422516 | Context users@openstack setup() finished in 4.60 sec
2019-07-04 07:44:32.840 1842 INFO rally.task.context [-] Task 0a2d51b1-b380-44c2-8abf-4db893422516 | Context api_versions@openstack setup() finished in 0.43 sec
2019-07-04 07:44:34.553 1842 INFO rally.task.context [-] Task 0a2d51b1-b380-44c2-8abf-4db893422516 | Context quotas@openstack setup() finished in 1.71 sec
2019-07-04 07:44:34.554 1842 INFO rally.task.context [-] Task 0a2d51b1-b380-44c2-8abf-4db893422516 | Context cleanup@openstack setup() finished in 0.01 msec
2019-07-04 07:44:35.755 1842 DEBUG novaclient.v2.client [-] REQ: curl -g -i -X GET http://172.30.9.25:8774/v2.1/flavors/detail -H "Accept: application/json" -H "User-Agent: python-novaclient" -H "X-Auth-Token: {SHA1}25145e80e34775cf3eb3a5678bc53622506199ea" _http_log_request /usr/lib/python2.7/site-packages/keystoneauth1/session.py:448
2019-07-04 07:44:36.044 1842 DEBUG novaclient.v2.client [-] RESP: [200] Content-Encoding: gzip Content-Length: 365 Content-Type: application/json Date: Thu, 04 Jul 2019 07:44:35 GMT OpenStack-API-Version: compute 2.1 Server: Apache Vary: OpenStack-API-Version,X-OpenStack-Nova-API-Version,Accept-Encoding X-OpenStack-Nova-API-Version: 2.1 x-compute-request-id: req-647516be-4da6-40d3-9e23-17a52bfef40a x-openstack-request-id: req-647516be-4da6-40d3-9e23-17a52bfef40a _http_log_response /usr/lib/python2.7/site-packages/keystoneauth1/session.py:479
2019-07-04 07:44:36.045 1842 DEBUG novaclient.v2.client [-] RESP BODY: {"flavors": [{"name": "rally_full-flavor_alt_5c104186-ec42-4dba-b4ad-824da0c06fe6", "links": [{"href": "http://172.30.9.25:8774/v2.1/flavors/3f627e40-23e6-4f58-928e-92ce0c6b9b56", "rel": "self"}, {"href": "http://172.30.9.25:8774/flavors/3f627e40-23e6-4f58-928e-92ce0c6b9b56", "rel": "bookmark"}], "ram": 1024, "OS-FLV-DISABLED:disabled": false, "vcpus": 1, "swap": "", "os-flavor-access:is_public": true, "rxtx_factor": 1.0, "OS-FLV-EXT-DATA:ephemeral": 0, "disk": 1, "id": "3f627e40-23e6-4f58-928e-92ce0c6b9b56"}, {"name": "rally_full-flavor_5c104186-ec42-4dba-b4ad-824da0c06fe6", "links": [{"href": "http://172.30.9.25:8774/v2.1/flavors/b5d23f6f-5774-41b8-a959-3f77d5102ebc", "rel": "self"}, {"href": "http://172.30.9.25:8774/flavors/b5d23f6f-5774-41b8-a959-3f77d5102ebc", "rel": "bookmark"}], "ram": 512, "OS-FLV-DISABLED:disabled": false, "vcpus": 1, "swap": "", "os-flavor-access:is_public": true, "rxtx_factor": 1.0, "OS-FLV-EXT-DATA:ephemeral": 0, "disk": 1, "id": "b5d23f6f-5774-41b8-a959-3f77d5102ebc"}]} _http_log_response /usr/lib/python2.7/site-packages/keystoneauth1/session.py:511
2019-07-04 07:44:36.045 1842 DEBUG novaclient.v2.client [-] GET call to compute for http://172.30.9.25:8774/v2.1/flavors/detail used request id req-647516be-4da6-40d3-9e23-17a52bfef40a request /usr/lib/python2.7/site-packages/keystoneauth1/session.py:844
2019-07-04 07:44:36.047 1842 RALLYDEBUG rally.task.runner [-] Starting the constant runner (task UUID: 0a2d51b1-b380-44c2-8abf-4db893422516). timeout: 0 concurrency: 4 concurrency_per_worker: 1 times: 10 concurrency_overhead: 0 processes_to_start: 4 max_cpu_used: 16
2019-07-04 07:44:36.060 1966 RALLYDEBUG rally.task.runner [-] Starting a worker. concurrency: 1 args: {"flavor": "b5d23f6f-5774-41b8-a959-3f77d5102ebc", "image": "a3438c7b-7656-438c-959d-415f6f0ba92c", "size": 1, "nics": [{"net-id": "5bcfd8ea-d120-439b-af28-275bfcb68e17"}]} times: 10 method_name: run timeout: 0 duration: None cls:
2019-07-04 07:44:36.064 1967 RALLYDEBUG rally.task.runner [-] Starting a worker. concurrency: 1 args: {"flavor": "b5d23f6f-5774-41b8-a959-3f77d5102ebc", "image": "a3438c7b-7656-438c-959d-415f6f0ba92c", "size": 1, "nics": [{"net-id": "5bcfd8ea-d120-439b-af28-275bfcb68e17"}]} times: 10 method_name: run timeout: 0 duration: None cls:
2019-07-04 07:44:36.066 1966 INFO rally.task.runner [-] Task 0a2d51b1-b380-44c2-8abf-4db893422516 | ITER: 1 START
2019-07-04 07:44:36.066 1969 RALLYDEBUG rally.task.runner [-] Starting a worker. concurrency: 1 args: {"flavor": "b5d23f6f-5774-41b8-a959-3f77d5102ebc", "image": "a3438c7b-7656-438c-959d-415f6f0ba92c", "size": 1, "nics": [{"net-id": "5bcfd8ea-d120-439b-af28-275bfcb68e17"}]} times: 10 method_name: run timeout: 0 duration: None cls:
2019-07-04 07:44:36.066 1968 RALLYDEBUG rally.task.runner [-] Starting a worker. concurrency: 1 args: {"flavor": "b5d23f6f-5774-41b8-a959-3f77d5102ebc", "image": "a3438c7b-7656-438c-959d-415f6f0ba92c", "size": 1, "nics": [{"net-id": "5bcfd8ea-d120-439b-af28-275bfcb68e17"}]} times: 10 method_name: run timeout: 0 duration: None cls:
2019-07-04 07:44:36.071 1969 INFO rally.task.runner [-] Task 0a2d51b1-b380-44c2-8abf-4db893422516 | ITER: 3 START
2019-07-04 07:44:36.073 1967 INFO rally.task.runner [-] Task 0a2d51b1-b380-44c2-8abf-4db893422516 | ITER: 2 START
2019-07-04 07:44:36.075 1968 INFO rally.task.runner [-] Task 0a2d51b1-b380-44c2-8abf-4db893422516 | ITER: 4 START
2019-07-04 07:44:36.537 1966 DEBUG novaclient.v2.client [-] REQ: curl -g -i -X POST http://172.30.9.25:8774/v2.1/servers -H "Accept: application/json" -H "Content-Type: application/json" -H "User-Agent: python-novaclient" -H "X-Auth-Token: {SHA1}a55e24d1e05c3f7b0b12e32b4d0e06e88ee2d4e7" -d '{"server": {"name": "s_rally_981d5264_B9ARh2PR", "imageRef": "a3438c7b-7656-438c-959d-415f6f0ba92c", "flavorRef": "b5d23f6f-5774-41b8-a959-3f77d5102ebc", "max_count": 1, "min_count": 1, "networks": [{"uuid": "5bcfd8ea-d120-439b-af28-275bfcb68e17"}]}}' _http_log_request /usr/lib/python2.7/site-packages/keystoneauth1/session.py:448
2019-07-04 07:44:36.538 1968 DEBUG novaclient.v2.client [-] REQ: curl -g -i -X POST http://172.30.9.25:8774/v2.1/servers -H "Accept: application/json" -H "Content-Type: application/json" -H "User-Agent: python-novaclient" -H "X-Auth-Token: {SHA1}c1c2837516a42bb085e9a2b14dcaba28d4b8f072" -d '{"server": {"name": "s_rally_981d5264_U5OUyJnA", "imageRef": "a3438c7b-7656-438c-959d-415f6f0ba92c", "flavorRef": "b5d23f6f-5774-41b8-a959-3f77d5102ebc", "max_count": 1, "min_count": 1, "networks": [{"uuid": "5bcfd8ea-d120-439b-af28-275bfcb68e17"}]}}' _http_log_request /usr/lib/python2.7/site-packages/keystoneauth1/session.py:448
2019-07-04 07:44:36.541 1969 DEBUG novaclient.v2.client [-] REQ: curl -g -i -X POST http://172.30.9.25:8774/v2.1/servers -H "Accept: application/json" -H "Content-Type: application/json" -H "User-Agent: python-novaclient" -H "X-Auth-Token: {SHA1}0d27a37c995cb2acf46d227d304c109d74782c1f" -d '{"server": {"name": "s_rally_981d5264_H7ssbFJp", "imageRef": "a3438c7b-7656-438c-959d-415f6f0ba92c", "flavorRef": "b5d23f6f-5774-41b8-a959-3f77d5102ebc", "max_count": 1, "min_count": 1, "networks": [{"uuid": "5bcfd8ea-d120-439b-af28-275bfcb68e17"}]}}' _http_log_request /usr/lib/python2.7/site-packages/keystoneauth1/session.py:448
2019-07-04 07:44:36.542 1967 DEBUG novaclient.v2.client [-] REQ: curl -g -i -X POST http://172.30.9.25:8774/v2.1/servers -H "Accept: application/json" -H "Content-Type: application/json" -H "User-Agent: python-novaclient" -H "X-Auth-Token: {SHA1}956bb97c3298da67b60da1b3c02562b46cfef4be" -d '{"server": {"name": "s_rally_981d5264_O5e6B8HP", "imageRef": "a3438c7b-7656-438c-959d-415f6f0ba92c", "flavorRef": "b5d23f6f-5774-41b8-a959-3f77d5102ebc", "max_count": 1, "min_count": 1, "networks": [{"uuid": "5bcfd8ea-d120-439b-af28-275bfcb68e17"}]}}' _http_log_request /usr/lib/python2.7/site-packages/keystoneauth1/session.py:448
2019-07-04 07:44:38.084 1968 DEBUG novaclient.v2.client [-] RESP: [202] Content-Length: 374 Content-Type: application/json Date: Thu, 04 Jul 2019 07:44:36 GMT OpenStack-API-Version: compute 2.1 Server: Apache Vary: OpenStack-API-Version,X-OpenStack-Nova-API-Version X-OpenStack-Nova-API-Version: 2.1 location: http://172.30.9.25:8774/v2.1/servers/f1ecc80f-eb7f-4256-9ebc-7d3e3149402f x-compute-request-id: req-062a1454-6792-47f8-8e11-5a7635eea379 x-openstack-request-id: req-062a1454-6792-47f8-8e11-5a7635eea379 _http_log_response /usr/lib/python2.7/site-packages/keystoneauth1/session.py:479
2019-07-04 07:44:38.085 1968 DEBUG novaclient.v2.client [-] RESP BODY: {"server": {"security_groups": [{"name": "default"}], "OS-DCF:diskConfig": "MANUAL", "id": "f1ecc80f-eb7f-4256-9ebc-7d3e3149402f", "links": [{"href": "http://172.30.9.25:8774/v2.1/servers/f1ecc80f-eb7f-4256-9ebc-7d3e3149402f", "rel": "self"}, {"href": "http://172.30.9.25:8774/servers/f1ecc80f-eb7f-4256-9ebc-7d3e3149402f", "rel": "bookmark"}], "adminPass": "kcgjn2Dq7ypv"}} _http_log_response /usr/lib/python2.7/site-packages/keystoneauth1/session.py:511
2019-07-04 07:44:38.086 1968 DEBUG novaclient.v2.client [-] POST call to compute for http://172.30.9.25:8774/v2.1/servers used request id req-062a1454-6792-47f8-8e11-5a7635eea379 request /usr/lib/python2.7/site-packages/keystoneauth1/session.py:844
2019-07-04 07:44:38.333 1966 DEBUG novaclient.v2.client [-] RESP: [202] Content-Length: 374 Content-Type: application/json Date: Thu, 04 Jul 2019 07:44:36 GMT OpenStack-API-Version: compute 2.1 Server: Apache Vary: OpenStack-API-Version,X-OpenStack-Nova-API-Version X-OpenStack-Nova-API-Version: 2.1 location: http://172.30.9.25:8774/v2.1/servers/2acec3a2-19f0-45fe-ae1f-cdda3e5f7e37 x-compute-request-id: req-ebb5c57c-0243-41b0-8623-cd951bae8b05 x-openstack-request-id: req-ebb5c57c-0243-41b0-8623-cd951bae8b05 _http_log_response /usr/lib/python2.7/site-packages/keystoneauth1/session.py:479
2019-07-04 07:44:38.333 1966 DEBUG novaclient.v2.client [-] RESP BODY: {"server": {"security_groups": [{"name": "default"}], "OS-DCF:diskConfig": "MANUAL", "id": "2acec3a2-19f0-45fe-ae1f-cdda3e5f7e37", "links": [{"href": "http://172.30.9.25:8774/v2.1/servers/2acec3a2-19f0-45fe-ae1f-cdda3e5f7e37", "rel": "self"}, {"href": "http://172.30.9.25:8774/servers/2acec3a2-19f0-45fe-ae1f-cdda3e5f7e37", "rel": "bookmark"}], "adminPass": "u9kf28GiFSdF"}} _http_log_response /usr/lib/python2.7/site-packages/keystoneauth1/session.py:511
2019-07-04 07:44:38.334 1966 DEBUG novaclient.v2.client [-] POST call to compute for http://172.30.9.25:8774/v2.1/servers used request id req-ebb5c57c-0243-41b0-8623-cd951bae8b05 request /usr/lib/python2.7/site-packages/keystoneauth1/session.py:844
2019-07-04 07:44:38.749 1967 DEBUG novaclient.v2.client [-] RESP: [202] Content-Length: 374 Content-Type: application/json Date: Thu, 04 Jul 2019 07:44:36 GMT OpenStack-API-Version: compute 2.1 Server: Apache Vary: OpenStack-API-Version,X-OpenStack-Nova-API-Version X-OpenStack-Nova-API-Version: 2.1 location: http://172.30.9.25:8774/v2.1/servers/7cc8ce47-b824-4539-9fd6-e9f6247e0e4b x-compute-request-id: req-6acd962f-d4a9-417d-bddd-9946966cd730 x-openstack-request-id: req-6acd962f-d4a9-417d-bddd-9946966cd730 _http_log_response /usr/lib/python2.7/site-packages/keystoneauth1/session.py:479
2019-07-04 07:44:38.750 1967 DEBUG novaclient.v2.client [-] RESP BODY: {"server": {"security_groups": [{"name": "default"}], "OS-DCF:diskConfig": "MANUAL", "id": "7cc8ce47-b824-4539-9fd6-e9f6247e0e4b", "links": [{"href": "http://172.30.9.25:8774/v2.1/servers/7cc8ce47-b824-4539-9fd6-e9f6247e0e4b", "rel": "self"}, {"href": "http://172.30.9.25:8774/servers/7cc8ce47-b824-4539-9fd6-e9f6247e0e4b", "rel": "bookmark"}], "adminPass": "B4YaGfqh49G9"}} _http_log_response /usr/lib/python2.7/site-packages/keystoneauth1/session.py:511
2019-07-04 07:44:38.751 1967 DEBUG novaclient.v2.client [-] POST call to compute for http://172.30.9.25:8774/v2.1/servers used request id req-6acd962f-d4a9-417d-bddd-9946966cd730 request /usr/lib/python2.7/site-packages/keystoneauth1/session.py:844
2019-07-04 07:44:39.072 1969 DEBUG novaclient.v2.client [-] RESP: [202] Content-Length: 374 Content-Type: application/json Date: Thu, 04 Jul 2019 07:44:36 GMT OpenStack-API-Version: compute 2.1 Server: Apache Vary: OpenStack-API-Version,X-OpenStack-Nova-API-Version X-OpenStack-Nova-API-Version: 2.1 location: http://172.30.9.25:8774/v2.1/servers/3e9366a8-a073-4771-976d-0408457d7f0c x-compute-request-id: req-286df715-f843-47b8-98a4-beebd2adef20 x-openstack-request-id: req-286df715-f843-47b8-98a4-beebd2adef20 _http_log_response /usr/lib/python2.7/site-packages/keystoneauth1/session.py:479
2019-07-04 07:44:39.073 1969 DEBUG novaclient.v2.client [-] RESP BODY: {"server": {"security_groups": [{"name": "default"}], "OS-DCF:diskConfig": "MANUAL", "id": "3e9366a8-a073-4771-976d-0408457d7f0c", "links": [{"href": "http://172.30.9.25:8774/v2.1/servers/3e9366a8-a073-4771-976d-0408457d7f0c", "rel": "self"}, {"href": "http://172.30.9.25:8774/servers/3e9366a8-a073-4771-976d-0408457d7f0c", "rel": "bookmark"}], "adminPass": "KB9Fv3iKDyar"}} _http_log_response /usr/lib/python2.7/site-packages/keystoneauth1/session.py:511
2019-07-04 07:44:39.073 1969 DEBUG novaclient.v2.client [-] POST call to compute for http://172.30.9.25:8774/v2.1/servers used request id req-286df715-f843-47b8-98a4-beebd2adef20 request /usr/lib/python2.7/site-packages/keystoneauth1/session.py:844
2019-07-04 07:44:39.090 1968 DEBUG novaclient.v2.client [-] REQ: curl -g -i -X GET http://172.30.9.25:8774/v2.1/servers/f1ecc80f-eb7f-4256-9ebc-7d3e3149402f -H "Accept: application/json" -H "User-Agent: python-novaclient" -H "X-Auth-Token: {SHA1}c1c2837516a42bb085e9a2b14dcaba28d4b8f072" _http_log_request /usr/lib/python2.7/site-packages/keystoneauth1/session.py:448
2019-07-04 07:44:39.337 1966 DEBUG novaclient.v2.client [-] REQ: curl -g -i -X GET http://172.30.9.25:8774/v2.1/servers/2acec3a2-19f0-45fe-ae1f-cdda3e5f7e37 -H "Accept: application/json" -H "User-Agent: python-novaclient" -H "X-Auth-Token: {SHA1}a55e24d1e05c3f7b0b12e32b4d0e06e88ee2d4e7" _http_log_request /usr/lib/python2.7/site-packages/keystoneauth1/session.py:448
2019-07-04 07:44:39.648 1968 DEBUG novaclient.v2.client [-] RESP: [200] Content-Encoding: gzip Content-Length: 621 Content-Type: application/json Date: Thu, 04 Jul 2019 07:44:39 GMT OpenStack-API-Version: compute 2.1 Server: Apache Vary: OpenStack-API-Version,X-OpenStack-Nova-API-Version,Accept-Encoding X-OpenStack-Nova-API-Version: 2.1 x-compute-request-id: req-c239d424-ae6d-486f-a918-2ddd09af9318 x-openstack-request-id: req-c239d424-ae6d-486f-a918-2ddd09af9318 _http_log_response /usr/lib/python2.7/site-packages/keystoneauth1/session.py:479
2019-07-04 07:44:39.648 1968 DEBUG novaclient.v2.client [-] RESP BODY: {"server": {"OS-EXT-STS:task_state": null, "addresses": {}, "links": [{"href": "http://172.30.9.25:8774/v2.1/servers/f1ecc80f-eb7f-4256-9ebc-7d3e3149402f", "rel": "self"}, {"href": "http://172.30.9.25:8774/servers/f1ecc80f-eb7f-4256-9ebc-7d3e3149402f", "rel": "bookmark"}], "image": {"id": "a3438c7b-7656-438c-959d-415f6f0ba92c", "links": [{"href": "http://172.30.9.25:8774/images/a3438c7b-7656-438c-959d-415f6f0ba92c", "rel": "bookmark"}]}, "OS-EXT-STS:vm_state": "building", "OS-SRV-USG:launched_at": null, "flavor": {"id": "b5d23f6f-5774-41b8-a959-3f77d5102ebc", "links": [{"href": "http://172.30.9.25:8774/flavors/b5d23f6f-5774-41b8-a959-3f77d5102ebc", "rel": "bookmark"}]}, "id": "f1ecc80f-eb7f-4256-9ebc-7d3e3149402f", "user_id": "24e4d9728589451c9b43d249d838ec32", "OS-DCF:diskConfig": "MANUAL", "accessIPv4": "", "accessIPv6": "", "progress": 0, "OS-EXT-STS:power_state": 0, "OS-EXT-AZ:availability_zone": "nova", "config_drive": "", "status": "BUILD", "updated": "2019-07-04T07:44:38Z", "hostId": "98de63205a8d83e2fdd549085685fdcc2aa847318e8d84d4ba452550", "OS-SRV-USG:terminated_at": null, "key_name": null, "name": "s_rally_981d5264_U5OUyJnA", "created": "2019-07-04T07:44:38Z", "tenant_id": "bc0361b168d94e4f829346ce9e94d991", "os-extended-volumes:volumes_attached": [], "metadata": {}}} _http_log_response /usr/lib/python2.7/site-packages/keystoneauth1/session.py:511
2019-07-04 07:44:39.649 1968 DEBUG novaclient.v2.client [-] GET call to compute for http://172.30.9.25:8774/v2.1/servers/f1ecc80f-eb7f-4256-9ebc-7d3e3149402f used request id req-c239d424-ae6d-486f-a918-2ddd09af9318 request /usr/lib/python2.7/site-packages/keystoneauth1/session.py:844
