2019-07-04 07:47:54.019 1842 RALLYDEBUG rally_openstack.cleanup.manager [-] Deleting cinder.volumes object s_rally_6679f9a7_3iw8rdk9 (00b3e660-a0b3-46cc-b3ec-83deedf63f3b)
2019-07-04 07:47:54.024 1842 RALLYDEBUG rally_openstack.cleanup.manager [-] Deleting cinder.volumes object s_rally_6679f9a7_NHxe69xR (b06cbb3e-bf46-4b2f-a080-279ad5d1499a)
2019-07-04 07:47:54.026 1842 RALLYDEBUG rally_openstack.cleanup.manager [-] Deleting cinder.volumes object s_rally_6679f9a7_8uDuMvku (d4cac43a-c402-4ce6-b9eb-0588592b86ae)
2019-07-04 07:47:54.028 1842 RALLYDEBUG rally_openstack.cleanup.manager [-] Deleting cinder.volumes object s_rally_6679f9a7_SoKbudGo (1024efbe-508c-4429-b5e7-5618552117ae)
2019-07-04 07:47:54.028 1842 RALLYDEBUG rally_openstack.cleanup.manager [-] Deleting cinder.volumes object s_rally_6679f9a7_FUyQ0V0l (7f9eee36-9602-4998-8742-c29cf87ce219)
2019-07-04 07:47:54.031 1842 RALLYDEBUG rally_openstack.cleanup.manager [-] Deleting cinder.volumes object s_rally_6679f9a7_zcwj5SuF (03cc8499-5ba6-438e-81db-790112416ca9)
2019-07-04 07:47:54.046 1842 RALLYDEBUG rally_openstack.cleanup.manager [-] Deleting cinder.volumes object s_rally_6679f9a7_kXcj3uOH (de50d501-0050-4126-af34-438539fd8524)
2019-07-04 07:47:54.056 1842 RALLYDEBUG rally_openstack.cleanup.manager [-] Deleting cinder.volumes object s_rally_6679f9a7_NzsNz6AF (6904f333-b4df-41f8-b43a-081be6b630f5)
2019-07-04 07:47:54.058 1842 RALLYDEBUG rally_openstack.cleanup.manager [-] Deleting cinder.volumes object s_rally_6679f9a7_uibXYxiN (d3d4cd5f-9b5d-4199-a188-2894a7c3f816)
2019-07-04 07:47:54.066 1842 RALLYDEBUG rally_openstack.cleanup.manager [-] Deleting cinder.volumes object s_rally_6679f9a7_hSX3DmlF (4a43fc01-13ce-47f3-b080-e6dc1f46db6a)
2019-07-04 07:47:58.621 1842 INFO rally.task.context [-] Task 0a2d51b1-b380-44c2-8abf-4db893422516 | Context cleanup@openstack cleanup() finished in 12.84 sec
2019-07-04 07:47:58.622 1842 INFO rally.task.context [-] Task 0a2d51b1-b380-44c2-8abf-4db893422516 | Context quotas@openstack cleanup() started
2019-07-04 07:47:59.430 1842 INFO rally.task.context [-] Task 0a2d51b1-b380-44c2-8abf-4db893422516 | Context quotas@openstack cleanup() finished in 0.81 sec
2019-07-04 07:47:59.431 1842 INFO rally.task.context [-] Task 0a2d51b1-b380-44c2-8abf-4db893422516 | Context api_versions@openstack cleanup() started
2019-07-04 07:47:59.431 1842 INFO rally.task.context [-] Task 0a2d51b1-b380-44c2-8abf-4db893422516 | Context api_versions@openstack cleanup() finished in 0.34 msec
2019-07-04 07:47:59.432 1842 INFO rally.task.context [-] Task 0a2d51b1-b380-44c2-8abf-4db893422516 | Context users@openstack cleanup() started
2019-07-04 07:48:06.308 1842 INFO rally.task.context [-] Task 0a2d51b1-b380-44c2-8abf-4db893422516 | Context users@openstack cleanup() finished in 6.88 sec
2019-07-04 07:48:07.237 1842 INFO rally.task.engine [-] Load duration is: 19.228474
2019-07-04 07:48:07.238 1842 INFO rally.task.engine [-] Full runner duration is: 19.273398
2019-07-04 07:48:07.238 1842 INFO rally.task.engine [-] Full duration is: 47.271748
2019-07-04 07:48:07.380 1842 INFO rally.task.engine [-] Running workload: position = 1 config = { "version": 2, "title": "A cropped version of a bigger task.", "description": "Auto-generated task from a single workload (uuid=4dd944c4-c0f0-49e5-bbb3-c1f76c7210de)", "subtasks": [ { "title": "CinderVolumes.create_and_list_volume", "description": "Create a volume and list all volumes.", "scenario": { "CinderVolumes.create_and_list_volume": { "detailed": true, "size": 1 } }, "contexts": { "users": { "tenants": 3, "users_per_tenant": 2 }, "quotas": { "cinder": { "gigabytes": -1, "snapshots": -1, "volumes": -1 } }, "api_versions": { "cinder": { "version": 3, "service_type": "volumev3" } } }, "runner": { "constant": { "concurrency": 4, "times": 10 } }, "hooks": [], "sla": { "failure_rate": { "max": 0 } } } ] }
2019-07-04 07:48:07.399 1842 RALLYDEBUG rally_openstack.contexts.keystone.users [-] Creating 3 tenants using 20 threads
2019-07-04 07:48:09.184 1842 RALLYDEBUG rally_openstack.contexts.keystone.users [-] Creating 6 users using 20 threads
2019-07-04 07:48:11.867 1842 INFO rally.task.context [-] Task 0a2d51b1-b380-44c2-8abf-4db893422516 | Context users@openstack setup() finished in 4.47 sec
2019-07-04 07:48:12.308 1842 INFO rally.task.context [-] Task 0a2d51b1-b380-44c2-8abf-4db893422516 | Context api_versions@openstack setup() finished in 0.44 sec
2019-07-04 07:48:13.840 1842 INFO rally.task.context [-] Task 0a2d51b1-b380-44c2-8abf-4db893422516 | Context quotas@openstack setup() finished in 1.53 sec
2019-07-04 07:48:13.840 1842 INFO rally.task.context [-] Task 0a2d51b1-b380-44c2-8abf-4db893422516 | Context cleanup@openstack setup() finished in 0.01 msec
2019-07-04 07:48:13.848 1842 RALLYDEBUG rally.task.runner [-] Starting the constant runner (task UUID: 0a2d51b1-b380-44c2-8abf-4db893422516). timeout: 0 concurrency: 4 concurrency_per_worker: 1 times: 10 concurrency_overhead: 0 processes_to_start: 4 max_cpu_used: 16
2019-07-04 07:48:13.861 2598 RALLYDEBUG rally.task.runner [-] Starting a worker. concurrency: 1 args: {"detailed": true, "size": 1} times: 10 method_name: run timeout: 0 duration: None cls:
2019-07-04 07:48:13.863 2599 RALLYDEBUG rally.task.runner [-] Starting a worker. concurrency: 1 args: {"detailed": true, "size": 1} times: 10 method_name: run timeout: 0 duration: None cls:
2019-07-04 07:48:13.866 2600 RALLYDEBUG rally.task.runner [-] Starting a worker. concurrency: 1 args: {"detailed": true, "size": 1} times: 10 method_name: run timeout: 0 duration: None cls:
2019-07-04 07:48:13.869 2598 INFO rally.task.runner [-] Task 0a2d51b1-b380-44c2-8abf-4db893422516 | ITER: 1 START
2019-07-04 07:48:13.869 2601 RALLYDEBUG rally.task.runner [-] Starting a worker. concurrency: 1 args: {"detailed": true, "size": 1} times: 10 method_name: run timeout: 0 duration: None cls:
2019-07-04 07:48:13.870 2599 INFO rally.task.runner [-] Task 0a2d51b1-b380-44c2-8abf-4db893422516 | ITER: 2 START
2019-07-04 07:48:13.874 2600 INFO rally.task.runner [-] Task 0a2d51b1-b380-44c2-8abf-4db893422516 | ITER: 3 START
2019-07-04 07:48:13.877 2601 INFO rally.task.runner [-] Task 0a2d51b1-b380-44c2-8abf-4db893422516 | ITER: 4 START
2019-07-04 07:48:17.497 2601 INFO rally.task.runner [-] Task 0a2d51b1-b380-44c2-8abf-4db893422516 | ITER: 4 END: OK
2019-07-04 07:48:17.502 2601 INFO rally.task.runner [-] Task 0a2d51b1-b380-44c2-8abf-4db893422516 | ITER: 5 START
2019-07-04 07:48:17.537 2600 INFO rally.task.runner [-] Task 0a2d51b1-b380-44c2-8abf-4db893422516 | ITER: 3 END: OK
2019-07-04 07:48:17.541 2600 INFO rally.task.runner [-] Task 0a2d51b1-b380-44c2-8abf-4db893422516 | ITER: 6 START
2019-07-04 07:48:17.575 2599 INFO rally.task.runner [-] Task 0a2d51b1-b380-44c2-8abf-4db893422516 | ITER: 2 END: OK
2019-07-04 07:48:17.580 2599 INFO rally.task.runner [-] Task 0a2d51b1-b380-44c2-8abf-4db893422516 | ITER: 7 START
2019-07-04 07:48:17.756 2598 INFO rally.task.runner [-] Task 0a2d51b1-b380-44c2-8abf-4db893422516 | ITER: 1 END: OK
2019-07-04 07:48:17.761 2598 INFO rally.task.runner [-] Task 0a2d51b1-b380-44c2-8abf-4db893422516 | ITER: 8 START
2019-07-04 07:48:21.334 2599 INFO rally.task.runner [-] Task 0a2d51b1-b380-44c2-8abf-4db893422516 | ITER: 7 END: OK
2019-07-04 07:48:21.339 2599 INFO rally.task.runner [-] Task 0a2d51b1-b380-44c2-8abf-4db893422516 | ITER: 9 START
2019-07-04 07:48:21.508 2600 INFO rally.task.runner [-] Task 0a2d51b1-b380-44c2-8abf-4db893422516 | ITER: 6 END: OK
2019-07-04 07:48:21.513 2600 INFO rally.task.runner [-] Task 0a2d51b1-b380-44c2-8abf-4db893422516 | ITER: 10 START
2019-07-04 07:48:21.558 2601 INFO rally.task.runner [-] Task 0a2d51b1-b380-44c2-8abf-4db893422516 | ITER: 5 END: OK
2019-07-04 07:48:21.663 2598 INFO rally.task.runner [-] Task 0a2d51b1-b380-44c2-8abf-4db893422516 | ITER: 8 END: OK
2019-07-04 07:48:24.914 2600 INFO rally.task.runner [-] Task 0a2d51b1-b380-44c2-8abf-4db893422516 | ITER: 10 END: OK
2019-07-04 07:48:25.053 2599 INFO rally.task.runner [-] Task 0a2d51b1-b380-44c2-8abf-4db893422516 | ITER: 9 END: OK
2019-07-04 07:48:25.081 1842 INFO rally.task.context [-] Task 0a2d51b1-b380-44c2-8abf-4db893422516 | Context cleanup@openstack cleanup() started
2019-07-04 07:48:25.083 1842 RALLYDEBUG rally_openstack.cleanup.manager [-] Cleaning up cinder backups objects
2019-07-04 07:48:26.971 1842 RALLYDEBUG rally_openstack.cleanup.manager [-] Cleaning up cinder volume_snapshots objects
2019-07-04 07:48:28.993 1842 RALLYDEBUG rally_openstack.cleanup.manager [-] Cleaning up cinder transfers objects
2019-07-04 07:48:30.860 1842 RALLYDEBUG rally_openstack.cleanup.manager [-] Cleaning up cinder volumes objects
2019-07-04 07:48:33.011 1842 RALLYDEBUG rally_openstack.cleanup.manager [-] Deleting cinder.volumes object s_rally_4dd944c4_nbeTtFOA (945218a3-e864-4d74-946b-1cc248097e45)
2019-07-04 07:48:33.012 1842 RALLYDEBUG rally_openstack.cleanup.manager [-] Deleting cinder.volumes object s_rally_4dd944c4_3FmwWf4q (0b2b3083-b87b-4e3b-a741-f26a5bc8356a)
2019-07-04 07:48:33.012 1842 RALLYDEBUG rally_openstack.cleanup.manager [-] Deleting cinder.volumes object s_rally_4dd944c4_G2gJL1pi (d671dde1-88b5-4e71-8947-b1dd13051809)
2019-07-04 07:48:33.012 1842 RALLYDEBUG rally_openstack.cleanup.manager [-] Deleting cinder.volumes object s_rally_4dd944c4_g5o4pfra (0d0878f5-605a-4a7d-b33b-afb7f392b21a)
2019-07-04 07:48:33.016 1842 RALLYDEBUG rally_openstack.cleanup.manager [-] Deleting cinder.volumes object s_rally_4dd944c4_bEj17BY2 (93338118-934e-4d47-832a-c016756c8d1e)
2019-07-04 07:48:33.017 1842 RALLYDEBUG rally_openstack.cleanup.manager [-] Deleting cinder.volumes object s_rally_4dd944c4_XBAUBvir (4fbaf48c-5ac0-4760-9ece-45c352cd955e)
2019-07-04 07:48:33.017 1842 RALLYDEBUG rally_openstack.cleanup.manager [-] Deleting cinder.volumes object s_rally_4dd944c4_KsxjjfGw (74980928-1c18-442a-bf40-38e8a5cbc1f0)
2019-07-04 07:48:33.026 1842 RALLYDEBUG rally_openstack.cleanup.manager [-] Deleting cinder.volumes object s_rally_4dd944c4_gzsWXATJ (60645f6d-8d1e-4891-9ef5-39d206bdfa8b)
2019-07-04 07:48:33.028 1842 RALLYDEBUG rally_openstack.cleanup.manager [-] Deleting cinder.volumes object s_rally_4dd944c4_Jybtu3aA (01ba61af-c88c-445e-a199-06208d598952)
2019-07-04 07:48:33.029 1842 RALLYDEBUG rally_openstack.cleanup.manager [-] Deleting cinder.volumes object s_rally_4dd944c4_PKtWI81X (258bc154-6144-4a9d-9669-4bd6e9ff552e)
2019-07-04 07:48:37.509 1842 INFO rally.task.context [-] Task 0a2d51b1-b380-44c2-8abf-4db893422516 | Context cleanup@openstack cleanup() finished in 12.43 sec
2019-07-04 07:48:37.510 1842 INFO rally.task.context [-] Task 0a2d51b1-b380-44c2-8abf-4db893422516 | Context quotas@openstack cleanup() started
2019-07-04 07:48:38.280 1842 INFO rally.task.context [-] Task 0a2d51b1-b380-44c2-8abf-4db893422516 | Context quotas@openstack cleanup() finished in 0.77 sec
2019-07-04 07:48:38.281 1842 INFO rally.task.context [-] Task 0a2d51b1-b380-44c2-8abf-4db893422516 | Context api_versions@openstack cleanup() started
2019-07-04 07:48:38.281 1842 INFO rally.task.context [-] Task 0a2d51b1-b380-44c2-8abf-4db893422516 | Context api_versions@openstack cleanup() finished in 0.33 msec
2019-07-04 07:48:38.281 1842 INFO rally.task.context [-] Task 0a2d51b1-b380-44c2-8abf-4db893422516 | Context users@openstack cleanup() started
2019-07-04 07:48:45.882 1842 INFO rally.task.context [-] Task 0a2d51b1-b380-44c2-8abf-4db893422516 | Context users@openstack cleanup() finished in 7.60 sec
2019-07-04 07:48:47.573 1842 INFO rally.task.engine [-] Load duration is: 11.180284
2019-07-04 07:48:47.574 1842 INFO rally.task.engine [-] Full runner duration is: 11.233215
2019-07-04 07:48:47.574 1842 INFO rally.task.engine [-] Full duration is: 38.487696
2019-07-04 07:48:47.794 1842 INFO rally.task.engine [-] Running workload: position = 0 config = { "version": 2, "title": "A cropped version of a bigger task.", "description": "Auto-generated task from a single workload (uuid=50a0093e-7746-4733-a229-c45e9293755e)", "subtasks": [ { "title": "CinderVolumes.create_and_upload_volume_to_image", "description": "Create and upload a volume to image.", "scenario": { "CinderVolumes.create_and_upload_volume_to_image": { "container_format": "bare", "disk_format": "raw", "do_delete": true, "force": false, "size": 1 } }, "contexts": { "users": { "tenants": 3, "users_per_tenant": 2 }, "quotas": { "cinder": { "gigabytes": -1, "snapshots": -1, "volumes": -1 } }, "api_versions": { "cinder": { "version": 3, "service_type": "volumev3" } } }, "runner": { "constant": { "concurrency": 4, "times": 10 } }, "hooks": [], "sla": { "failure_rate": { "max": 0 } } } ] }
2019-07-04 07:48:47.818 1842 RALLYDEBUG rally_openstack.contexts.keystone.users [-] Creating 3 tenants using 20 threads
2019-07-04 07:48:49.760 1842 RALLYDEBUG rally_openstack.contexts.keystone.users [-] Creating 6 users using 20 threads
2019-07-04 07:48:52.391 1842 INFO rally.task.context [-] Task 0a2d51b1-b380-44c2-8abf-4db893422516 | Context users@openstack setup() finished in 4.57 sec
2019-07-04 07:48:52.814 1842 INFO rally.task.context [-] Task 0a2d51b1-b380-44c2-8abf-4db893422516 | Context api_versions@openstack setup() finished in 0.42 sec
2019-07-04 07:48:54.355 1842 INFO rally.task.context [-] Task 0a2d51b1-b380-44c2-8abf-4db893422516 | Context quotas@openstack setup() finished in 1.54 sec
2019-07-04 07:48:54.356 1842 INFO rally.task.context [-] Task 0a2d51b1-b380-44c2-8abf-4db893422516 | Context cleanup@openstack setup() finished in 0.01 msec
2019-07-04 07:48:54.363 1842 RALLYDEBUG rally.task.runner [-] Starting the constant runner (task UUID: 0a2d51b1-b380-44c2-8abf-4db893422516). timeout: 0 concurrency: 4 concurrency_per_worker: 1 times: 10 concurrency_overhead: 0 processes_to_start: 4 max_cpu_used: 16
2019-07-04 07:48:54.376 2782 RALLYDEBUG rally.task.runner [-] Starting a worker. concurrency: 1 args: {"container_format": "bare", "disk_format": "raw", "do_delete": true, "force": false, "size": 1} times: 10 method_name: run timeout: 0 duration: None cls:
2019-07-04 07:48:54.380 2783 RALLYDEBUG rally.task.runner [-] Starting a worker. concurrency: 1 args: {"container_format": "bare", "disk_format": "raw", "do_delete": true, "force": false, "size": 1} times: 10 method_name: run timeout: 0 duration: None cls:
2019-07-04 07:48:54.382 2784 RALLYDEBUG rally.task.runner [-] Starting a worker. concurrency: 1 args: {"container_format": "bare", "disk_format": "raw", "do_delete": true, "force": false, "size": 1} times: 10 method_name: run timeout: 0 duration: None cls:
2019-07-04 07:48:54.383 2782 INFO rally.task.runner [-] Task 0a2d51b1-b380-44c2-8abf-4db893422516 | ITER: 1 START
2019-07-04 07:48:54.385 2785 RALLYDEBUG rally.task.runner [-] Starting a worker. concurrency: 1 args: {"container_format": "bare", "disk_format": "raw", "do_delete": true, "force": false, "size": 1} times: 10 method_name: run timeout: 0 duration: None cls:
2019-07-04 07:48:54.388 2783 INFO rally.task.runner [-] Task 0a2d51b1-b380-44c2-8abf-4db893422516 | ITER: 2 START
2019-07-04 07:48:54.390 2784 INFO rally.task.runner [-] Task 0a2d51b1-b380-44c2-8abf-4db893422516 | ITER: 3 START
2019-07-04 07:48:54.392 2785 INFO rally.task.runner [-] Task 0a2d51b1-b380-44c2-8abf-4db893422516 | ITER: 4 START
2019-07-04 07:48:59.271 2785 RALLYDEBUG rally.task.utils [-] Waiting for resource s_rally_50a0093e_evNZF712. Status changed: AVAILABLE => UPLOADING in 0.0555930137634
2019-07-04 07:48:59.363 2783 RALLYDEBUG rally.task.utils [-] Waiting for resource s_rally_50a0093e_8I6Ds5NE. Status changed: AVAILABLE => UPLOADING in 0.0588049888611
2019-07-04 07:48:59.381 2782 RALLYDEBUG rally.task.utils [-] Waiting for resource s_rally_50a0093e_76N2ZZJi. Status changed: AVAILABLE => UPLOADING in 0.261209964752
2019-07-04 07:48:59.577 2784 RALLYDEBUG rally.task.utils [-] Waiting for resource s_rally_50a0093e_b2pl2h0d. Status changed: AVAILABLE => UPLOADING in 0.248346805573
2019-07-04 07:49:46.146 2785 RALLYDEBUG rally.task.utils [-] Waiting for resource s_rally_50a0093e_evNZF712. Status changed: UPLOADING => AVAILABLE in 46.8755090237
2019-07-04 07:49:46.443 2782 RALLYDEBUG rally.task.utils [-] Waiting for resource s_rally_50a0093e_76N2ZZJi. Status changed: UPLOADING => AVAILABLE in 47.061606884
2019-07-04 07:49:46.613 2785 RALLYDEBUG rally.task.utils [-] Waiting for resource s_rally_50a0093e_evNZF712. Status changed: AVAILABLE => DELETING in 0.0553259849548
2019-07-04 07:49:46.666 2783 RALLYDEBUG rally.task.utils [-] Waiting for resource s_rally_50a0093e_8I6Ds5NE. Status changed: UPLOADING => AVAILABLE in 47.3022651672
2019-07-04 07:49:47.049 2784 RALLYDEBUG rally.task.utils [-] Waiting for resource s_rally_50a0093e_b2pl2h0d. Status changed: UPLOADING => AVAILABLE in 47.4718191624
2019-07-04 07:49:47.156 2783 RALLYDEBUG rally.task.utils [-] Waiting for resource s_rally_50a0093e_8I6Ds5NE. Status changed: AVAILABLE => DELETING in 0.0607929229736
2019-07-04 07:49:47.239 2782 RALLYDEBUG rally.task.utils [-] Waiting for resource s_rally_50a0093e_76N2ZZJi. Status changed: AVAILABLE => DELETING in 0.0578610897064
2019-07-04 07:49:47.575 2784 RALLYDEBUG rally.task.utils [-] Waiting for resource s_rally_50a0093e_b2pl2h0d. Status changed: AVAILABLE => DELETING in 0.0549750328064
2019-07-04 07:49:49.242 2785 INFO rally.task.runner [-] Task 0a2d51b1-b380-44c2-8abf-4db893422516 | ITER: 4 END: OK
2019-07-04 07:49:49.249 2785 INFO rally.task.runner [-] Task 0a2d51b1-b380-44c2-8abf-4db893422516 | ITER: 5 START
2019-07-04 07:49:50.396 2784 INFO rally.task.runner [-] Task 0a2d51b1-b380-44c2-8abf-4db893422516 | ITER: 3 END: OK
2019-07-04 07:49:50.403 2784 INFO rally.task.runner [-] Task 0a2d51b1-b380-44c2-8abf-4db893422516 | ITER: 6 START
2019-07-04 07:49:50.431 2782 INFO rally.task.runner [-] Task 0a2d51b1-b380-44c2-8abf-4db893422516 | ITER: 1 END: OK
2019-07-04 07:49:50.436 2782 INFO rally.task.runner [-] Task 0a2d51b1-b380-44c2-8abf-4db893422516 | ITER: 7 START
2019-07-04 07:49:50.437 2783 INFO rally.task.runner [-] Task 0a2d51b1-b380-44c2-8abf-4db893422516 | ITER: 2 END: OK
2019-07-04 07:49:50.443 2783 INFO rally.task.runner [-] Task 0a2d51b1-b380-44c2-8abf-4db893422516 | ITER: 8 START
2019-07-04 07:49:54.324 2785 RALLYDEBUG rally.task.utils [-] Waiting for resource s_rally_50a0093e_FFMZpRwY. Status changed: AVAILABLE => UPLOADING in 0.244590997696
2019-07-04 07:49:55.714 2782 RALLYDEBUG rally.task.utils [-] Waiting for resource s_rally_50a0093e_wkCTOUpY. Status changed: AVAILABLE => UPLOADING in 0.305078983307
2019-07-04 07:49:55.830 2784 RALLYDEBUG rally.task.utils [-] Waiting for resource s_rally_50a0093e_6dmGjgky. Status changed: AVAILABLE => UPLOADING in 0.302378892899
2019-07-04 07:49:56.215 2783 RALLYDEBUG rally.task.utils [-] Waiting for resource s_rally_50a0093e_eT5APUYr. Status changed: AVAILABLE => UPLOADING in 0.0547139644623
2019-07-04 07:50:36.554 2782 RALLYDEBUG rally.task.utils [-] Waiting for resource s_rally_50a0093e_wkCTOUpY. Status changed: UPLOADING => AVAILABLE in 40.8401579857
2019-07-04 07:50:36.592 2783 RALLYDEBUG rally.task.utils [-] Waiting for resource s_rally_50a0093e_eT5APUYr. Status changed: UPLOADING => AVAILABLE in 40.3768489361
2019-07-04 07:50:37.170 2782 RALLYDEBUG rally.task.utils [-] Waiting for resource s_rally_50a0093e_wkCTOUpY. Status changed: AVAILABLE => DELETING in 0.0792548656464
2019-07-04 07:50:37.495 2783 RALLYDEBUG rally.task.utils [-] Waiting for resource s_rally_50a0093e_eT5APUYr. Status changed: AVAILABLE => DELETING in 0.325601100922
2019-07-04 07:50:40.544 2783 INFO rally.task.runner [-] Task 0a2d51b1-b380-44c2-8abf-4db893422516 | ITER: 8 END: OK
2019-07-04 07:50:40.548 2783 INFO rally.task.runner [-] Task 0a2d51b1-b380-44c2-8abf-4db893422516 | ITER: 9 START
2019-07-04 07:50:40.552 2782 INFO rally.task.runner [-] Task 0a2d51b1-b380-44c2-8abf-4db893422516 | ITER: 7 END: OK
2019-07-04 07:50:40.558 2782 INFO rally.task.runner [-] Task 0a2d51b1-b380-44c2-8abf-4db893422516 | ITER: 10 START
2019-07-04 07:50:45.347 2783 RALLYDEBUG rally.task.utils [-] Waiting for resource s_rally_50a0093e_WVrIlXQw. Status changed: AVAILABLE => UPLOADING in 0.267394065857
2019-07-04 07:50:45.399 2782 RALLYDEBUG rally.task.utils [-] Waiting for resource s_rally_50a0093e_yjHfG4yi. Status changed: AVAILABLE => UPLOADING in 0.0708870887756
2019-07-04 07:50:53.713 2785 RALLYDEBUG rally.task.utils [-] Waiting for resource s_rally_50a0093e_FFMZpRwY. Status changed: UPLOADING => AVAILABLE in 59.3890838623
2019-07-04 07:50:54.084 2785 RALLYDEBUG rally.task.utils [-] Waiting for resource s_rally_50a0093e_FFMZpRwY. Status changed: AVAILABLE => DELETING in 0.052188873291
2019-07-04 07:50:55.176 2784 RALLYDEBUG rally.task.utils [-] Waiting for resource s_rally_50a0093e_6dmGjgky. Status changed: UPLOADING => AVAILABLE in 59.3461799622
2019-07-04 07:50:55.564 2784 RALLYDEBUG rally.task.utils [-] Waiting for resource s_rally_50a0093e_6dmGjgky. Status changed: AVAILABLE => DELETING in 0.0593278408051
2019-07-04 07:50:58.123 2785 INFO rally.task.runner [-] Task 0a2d51b1-b380-44c2-8abf-4db893422516 | ITER: 5 END: OK
2019-07-04 07:50:58.967 2784 INFO rally.task.runner [-] Task 0a2d51b1-b380-44c2-8abf-4db893422516 | ITER: 6 END: OK
2019-07-04 07:51:19.567 2783 RALLYDEBUG rally.task.utils [-] Waiting for resource s_rally_50a0093e_WVrIlXQw. Status changed: UPLOADING => AVAILABLE in 34.2192158699
2019-07-04 07:51:20.392 2783 RALLYDEBUG rally.task.utils [-] Waiting for resource s_rally_50a0093e_WVrIlXQw. Status changed: AVAILABLE => DELETING in 0.0553588867188
2019-07-04 07:51:20.486 2782 RALLYDEBUG rally.task.utils [-] Waiting for resource s_rally_50a0093e_yjHfG4yi. Status changed: UPLOADING => AVAILABLE in 35.0879559517
2019-07-04 07:51:20.968 2782 RALLYDEBUG rally.task.utils [-] Waiting for resource s_rally_50a0093e_yjHfG4yi. Status changed: AVAILABLE => DELETING in 0.0525181293488
2019-07-04 07:51:22.950 2783 INFO rally.task.runner [-] Task 0a2d51b1-b380-44c2-8abf-4db893422516 | ITER: 9 END: OK
2019-07-04 07:51:23.969 2782 INFO rally.task.runner [-] Task 0a2d51b1-b380-44c2-8abf-4db893422516 | ITER: 10 END: OK
2019-07-04 07:51:23.993 1842 INFO rally.task.context [-] Task 0a2d51b1-b380-44c2-8abf-4db893422516 | Context cleanup@openstack cleanup() started
2019-07-04 07:51:23.996 1842 RALLYDEBUG rally_openstack.cleanup.manager [-] Cleaning up cinder backups objects
2019-07-04 07:51:26.059 1842 RALLYDEBUG rally_openstack.cleanup.manager [-] Cleaning up cinder volume_snapshots objects
2019-07-04 07:51:28.365 1842 RALLYDEBUG rally_openstack.cleanup.manager [-] Cleaning up cinder transfers objects
2019-07-04 07:51:30.592 1842 RALLYDEBUG rally_openstack.cleanup.manager [-] Cleaning up cinder volumes objects
2019-07-04 07:51:32.577 1842 RALLYDEBUG rally_openstack.cleanup.manager [-] Cleaning up glance images objects
2019-07-04 07:51:34.827 1842 INFO rally.task.context [-] Task 0a2d51b1-b380-44c2-8abf-4db893422516 | Context cleanup@openstack cleanup() finished in 10.83 sec
2019-07-04 07:51:34.828 1842 INFO rally.task.context [-] Task 0a2d51b1-b380-44c2-8abf-4db893422516 | Context quotas@openstack cleanup() started
2019-07-04 07:51:35.269 1842 INFO rally.task.context [-] Task 0a2d51b1-b380-44c2-8abf-4db893422516 | Context quotas@openstack cleanup() finished in 0.44 sec
2019-07-04 07:51:35.269 1842 INFO rally.task.context [-] Task 0a2d51b1-b380-44c2-8abf-4db893422516 | Context api_versions@openstack cleanup() started
2019-07-04 07:51:35.269 1842 INFO rally.task.context [-] Task 0a2d51b1-b380-44c2-8abf-4db893422516 | Context api_versions@openstack cleanup() finished in 0.32 msec
2019-07-04 07:51:35.270 1842 INFO rally.task.context [-] Task 0a2d51b1-b380-44c2-8abf-4db893422516 | Context users@openstack cleanup() started
2019-07-04 07:51:44.317 1842 INFO rally.task.context [-] Task 0a2d51b1-b380-44c2-8abf-4db893422516 | Context users@openstack cleanup() finished in 9.05 sec
2019-07-04 07:51:44.464 1842 INFO rally.task.engine [-] Load duration is: 148.722875
2019-07-04 07:51:44.464 1842 INFO rally.task.engine [-] Full runner duration is: 149.630307
2019-07-04 07:51:44.464 1842 INFO rally.task.engine [-] Full duration is: 176.502676
2019-07-04 07:51:44.706 1842 INFO rally.task.engine [-] Running workload: position = 0 config = { "version": 2, "title": "A cropped version of a bigger task.", "description": "Auto-generated task from a single workload (uuid=74c4f133-db57-49b3-bdb8-94c3ee98352d)", "subtasks": [ { "title": "CinderVolumes.create_nested_snapshots_and_attach_volume", "description": "Create a volume from snapshot and attach/detach the volume", "scenario": { "CinderVolumes.create_nested_snapshots_and_attach_volume": { "flavor": { "name": "rally_full-flavor_5c104186-ec42-4dba-b4ad-824da0c06fe6" }, "image": { "name": "rally_full-img_5c104186-ec42-4dba-b4ad-824da0c06fe6" }, "nested_level": 1, "size": { "max": 1, "min": 1 }, "create_vm_params": { "nics": [ { "net-id": "5bcfd8ea-d120-439b-af28-275bfcb68e17" } ] } } }, "contexts": { "users": { "tenants": 3, "users_per_tenant": 2 }, "quotas": { "cinder": { "gigabytes": -1, "snapshots": -1, "volumes": -1 } }, "api_versions": { "cinder": { "version": 3, "service_type": "volumev3" } } }, "runner": { "constant": { "concurrency": 4, "times": 10 } }, "hooks": [], "sla": { "failure_rate": { "max": 0 } } } ] }
2019-07-04 07:51:44.729 1842 RALLYDEBUG rally_openstack.contexts.keystone.users [-] Creating 3 tenants using 20 threads
2019-07-04 07:51:46.442 1842 RALLYDEBUG rally_openstack.contexts.keystone.users [-] Creating 6 users using 20 threads
2019-07-04 07:51:49.277 1842 INFO rally.task.context [-] Task 0a2d51b1-b380-44c2-8abf-4db893422516 | Context users@openstack setup() finished in 4.55 sec
2019-07-04 07:51:49.692 1842 INFO rally.task.context [-] Task 0a2d51b1-b380-44c2-8abf-4db893422516 | Context api_versions@openstack setup() finished in 0.41 sec
2019-07-04 07:51:51.350 1842 INFO rally.task.context [-] Task 0a2d51b1-b380-44c2-8abf-4db893422516 | Context quotas@openstack setup() finished in 1.66 sec
2019-07-04 07:51:51.350 1842 INFO rally.task.context [-] Task 0a2d51b1-b380-44c2-8abf-4db893422516 | Context cleanup@openstack setup() finished in 0.01 msec
2019-07-04 07:51:52.590 1842 DEBUG novaclient.v2.client [-] REQ: curl -g -i -X GET http://172.30.9.25:8774/v2.1/flavors/detail -H "Accept: application/json" -H "User-Agent: python-novaclient" -H "X-Auth-Token: {SHA1}0ff5430c364299cb86a97054b766b8763245e84e" _http_log_request /usr/lib/python2.7/site-packages/keystoneauth1/session.py:448
2019-07-04 07:51:53.292 1842 DEBUG novaclient.v2.client [-] RESP: [200] Content-Encoding: gzip Content-Length: 365 Content-Type: application/json Date: Thu, 04 Jul 2019 07:51:52 GMT OpenStack-API-Version: compute 2.1 Server: Apache Vary: OpenStack-API-Version,X-OpenStack-Nova-API-Version,Accept-Encoding X-OpenStack-Nova-API-Version: 2.1 x-compute-request-id: req-2ca0af58-8f6d-4630-aca2-e7927549beef x-openstack-request-id: req-2ca0af58-8f6d-4630-aca2-e7927549beef _http_log_response /usr/lib/python2.7/site-packages/keystoneauth1/session.py:479
2019-07-04 07:51:53.293 1842 DEBUG novaclient.v2.client [-] RESP BODY: {"flavors": [{"name": "rally_full-flavor_alt_5c104186-ec42-4dba-b4ad-824da0c06fe6", "links": [{"href": "http://172.30.9.25:8774/v2.1/flavors/3f627e40-23e6-4f58-928e-92ce0c6b9b56", "rel": "self"}, {"href": "http://172.30.9.25:8774/flavors/3f627e40-23e6-4f58-928e-92ce0c6b9b56", "rel": "bookmark"}], "ram": 1024, "OS-FLV-DISABLED:disabled": false, "vcpus": 1, "swap": "", "os-flavor-access:is_public": true, "rxtx_factor": 1.0, "OS-FLV-EXT-DATA:ephemeral": 0, "disk": 1, "id": "3f627e40-23e6-4f58-928e-92ce0c6b9b56"}, {"name": "rally_full-flavor_5c104186-ec42-4dba-b4ad-824da0c06fe6", "links": [{"href": "http://172.30.9.25:8774/v2.1/flavors/b5d23f6f-5774-41b8-a959-3f77d5102ebc", "rel": "self"}, {"href": "http://172.30.9.25:8774/flavors/b5d23f6f-5774-41b8-a959-3f77d5102ebc", "rel": "bookmark"}], "ram": 512, "OS-FLV-DISABLED:disabled": false, "vcpus": 1, "swap": "", "os-flavor-access:is_public": true, "rxtx_factor": 1.0, "OS-FLV-EXT-DATA:ephemeral": 0, "disk": 1, "id": "b5d23f6f-5774-41b8-a959-3f77d5102ebc"}]} _http_log_response /usr/lib/python2.7/site-packages/keystoneauth1/session.py:511
2019-07-04 07:51:53.293 1842 DEBUG novaclient.v2.client [-] GET call to compute for http://172.30.9.25:8774/v2.1/flavors/detail used request id req-2ca0af58-8f6d-4630-aca2-e7927549beef request /usr/lib/python2.7/site-packages/keystoneauth1/session.py:844
2019-07-04 07:51:53.295 1842 RALLYDEBUG rally.task.runner [-] Starting the constant runner (task UUID: 0a2d51b1-b380-44c2-8abf-4db893422516). timeout: 0 concurrency: 4 concurrency_per_worker: 1 times: 10 concurrency_overhead: 0 processes_to_start: 4 max_cpu_used: 16
2019-07-04 07:51:53.308 2986 RALLYDEBUG rally.task.runner [-] Starting a worker. concurrency: 1 args: {"flavor": "b5d23f6f-5774-41b8-a959-3f77d5102ebc", "image": "a3438c7b-7656-438c-959d-415f6f0ba92c", "nested_level": 1, "size": {"max": 1, "min": 1}, "create_vm_params": {"nics": [{"net-id": "5bcfd8ea-d120-439b-af28-275bfcb68e17"}]}} times: 10 method_name: run timeout: 0 duration: None cls:
2019-07-04 07:51:53.312 2987 RALLYDEBUG rally.task.runner [-] Starting a worker. concurrency: 1 args: {"flavor": "b5d23f6f-5774-41b8-a959-3f77d5102ebc", "image": "a3438c7b-7656-438c-959d-415f6f0ba92c", "nested_level": 1, "size": {"max": 1, "min": 1}, "create_vm_params": {"nics": [{"net-id": "5bcfd8ea-d120-439b-af28-275bfcb68e17"}]}} times: 10 method_name: run timeout: 0 duration: None cls:
2019-07-04 07:51:53.314 2988 RALLYDEBUG rally.task.runner [-] Starting a worker. concurrency: 1 args: {"flavor": "b5d23f6f-5774-41b8-a959-3f77d5102ebc", "image": "a3438c7b-7656-438c-959d-415f6f0ba92c", "nested_level": 1, "size": {"max": 1, "min": 1}, "create_vm_params": {"nics": [{"net-id": "5bcfd8ea-d120-439b-af28-275bfcb68e17"}]}} times: 10 method_name: run timeout: 0 duration: None cls:
2019-07-04 07:51:53.316 2986 INFO rally.task.runner [-] Task 0a2d51b1-b380-44c2-8abf-4db893422516 | ITER: 1 START
2019-07-04 07:51:53.317 2989 RALLYDEBUG rally.task.runner [-] Starting a worker. concurrency: 1 args: {"flavor": "b5d23f6f-5774-41b8-a959-3f77d5102ebc", "image": "a3438c7b-7656-438c-959d-415f6f0ba92c", "nested_level": 1, "size": {"max": 1, "min": 1}, "create_vm_params": {"nics": [{"net-id": "5bcfd8ea-d120-439b-af28-275bfcb68e17"}]}} times: 10 method_name: run timeout: 0 duration: None cls:
2019-07-04 07:51:53.319 2987 INFO rally.task.runner [-] Task 0a2d51b1-b380-44c2-8abf-4db893422516 | ITER: 2 START
2019-07-04 07:51:53.323 2988 INFO rally.task.runner [-] Task 0a2d51b1-b380-44c2-8abf-4db893422516 | ITER: 3 START
2019-07-04 07:51:53.326 2989 INFO rally.task.runner [-] Task 0a2d51b1-b380-44c2-8abf-4db893422516 | ITER: 4 START
2019-07-04 07:51:53.769 2986 DEBUG novaclient.v2.client [-] REQ: curl -g -i -X POST http://172.30.9.25:8774/v2.1/servers -H "Accept: application/json" -H "Content-Type: application/json" -H "User-Agent: python-novaclient" -H "X-Auth-Token: {SHA1}0a1ec6d09357fdfdd9fc08aa21350b3cc8c6ee3f" -d '{"server": {"name": "s_rally_74c4f133_yf6jJbwA", "imageRef": "a3438c7b-7656-438c-959d-415f6f0ba92c", "flavorRef": "b5d23f6f-5774-41b8-a959-3f77d5102ebc", "max_count": 1, "min_count": 1, "networks": [{"uuid": "5bcfd8ea-d120-439b-af28-275bfcb68e17"}]}}' _http_log_request /usr/lib/python2.7/site-packages/keystoneauth1/session.py:448
2019-07-04 07:51:53.771 2988 DEBUG novaclient.v2.client [-] REQ: curl -g -i -X POST http://172.30.9.25:8774/v2.1/servers -H "Accept: application/json" -H "Content-Type: application/json" -H "User-Agent: python-novaclient" -H "X-Auth-Token: {SHA1}41911bd95563c11a879668d05e61efb14ebdf01c" -d '{"server": {"name": "s_rally_74c4f133_dOdWkIUB", "imageRef": "a3438c7b-7656-438c-959d-415f6f0ba92c", "flavorRef": "b5d23f6f-5774-41b8-a959-3f77d5102ebc", "max_count": 1, "min_count": 1, "networks": [{"uuid": "5bcfd8ea-d120-439b-af28-275bfcb68e17"}]}}' _http_log_request /usr/lib/python2.7/site-packages/keystoneauth1/session.py:448
2019-07-04 07:51:53.863 2987 DEBUG novaclient.v2.client [-] REQ: curl -g -i -X POST http://172.30.9.25:8774/v2.1/servers -H "Accept: application/json" -H "Content-Type: application/json" -H "User-Agent: python-novaclient" -H "X-Auth-Token: {SHA1}8c0e948f2d4022c7d33a6f7bd45d39bce151de79" -d '{"server": {"name": "s_rally_74c4f133_4fYSUttB", "imageRef": "a3438c7b-7656-438c-959d-415f6f0ba92c", "flavorRef": "b5d23f6f-5774-41b8-a959-3f77d5102ebc", "max_count": 1, "min_count": 1, "networks": [{"uuid": "5bcfd8ea-d120-439b-af28-275bfcb68e17"}]}}' _http_log_request /usr/lib/python2.7/site-packages/keystoneauth1/session.py:448
2019-07-04 07:51:53.873 2989 DEBUG novaclient.v2.client [-] REQ: curl -g -i -X POST http://172.30.9.25:8774/v2.1/servers -H "Accept: application/json" -H "Content-Type: application/json" -H "User-Agent: python-novaclient" -H "X-Auth-Token: {SHA1}22bf184bb6d62f1c0d463cc592ceebb969a4db4e" -d '{"server": {"name": "s_rally_74c4f133_okfnNZiI", "imageRef": "a3438c7b-7656-438c-959d-415f6f0ba92c", "flavorRef": "b5d23f6f-5774-41b8-a959-3f77d5102ebc", "max_count": 1, "min_count": 1, "networks": [{"uuid": "5bcfd8ea-d120-439b-af28-275bfcb68e17"}]}}' _http_log_request /usr/lib/python2.7/site-packages/keystoneauth1/session.py:448
2019-07-04 07:51:55.926 2986 DEBUG novaclient.v2.client [-] RESP: [202] Content-Length: 374 Content-Type: application/json Date: Thu, 04 Jul 2019 07:51:53 GMT OpenStack-API-Version: compute 2.1 Server: Apache Vary: OpenStack-API-Version,X-OpenStack-Nova-API-Version X-OpenStack-Nova-API-Version: 2.1 location: http://172.30.9.25:8774/v2.1/servers/604da53f-681f-4d1d-8f36-756b006f5a75 x-compute-request-id: req-16ef789b-eff3-496d-9698-ebf06ff8257f x-openstack-request-id: req-16ef789b-eff3-496d-9698-ebf06ff8257f _http_log_response /usr/lib/python2.7/site-packages/keystoneauth1/session.py:479
2019-07-04 07:51:55.927 2986 DEBUG novaclient.v2.client [-] RESP BODY: {"server": {"security_groups": [{"name": "default"}], "OS-DCF:diskConfig": "MANUAL", "id": "604da53f-681f-4d1d-8f36-756b006f5a75", "links": [{"href": "http://172.30.9.25:8774/v2.1/servers/604da53f-681f-4d1d-8f36-756b006f5a75", "rel": "self"}, {"href": "http://172.30.9.25:8774/servers/604da53f-681f-4d1d-8f36-756b006f5a75", "rel": "bookmark"}], "adminPass": "z6xvyN3dswcN"}} _http_log_response /usr/lib/python2.7/site-packages/keystoneauth1/session.py:511
2019-07-04 07:51:55.927 2986 DEBUG novaclient.v2.client [-] POST call to compute for http://172.30.9.25:8774/v2.1/servers used request id req-16ef789b-eff3-496d-9698-ebf06ff8257f request /usr/lib/python2.7/site-packages/keystoneauth1/session.py:844
2019-07-04 07:51:56.931 2986 DEBUG novaclient.v2.client [-] REQ: curl -g -i -X GET http://172.30.9.25:8774/v2.1/servers/604da53f-681f-4d1d-8f36-756b006f5a75 -H "Accept: application/json" -H "User-Agent: python-novaclient" -H "X-Auth-Token: {SHA1}0a1ec6d09357fdfdd9fc08aa21350b3cc8c6ee3f" _http_log_request /usr/lib/python2.7/site-packages/keystoneauth1/session.py:448
2019-07-04 07:51:57.130 2989 DEBUG novaclient.v2.client [-] RESP: [202] Content-Length: 374 Content-Type: application/json Date: Thu, 04 Jul 2019 07:51:53 GMT OpenStack-API-Version: compute 2.1 Server: Apache Vary: OpenStack-API-Version,X-OpenStack-Nova-API-Version X-OpenStack-Nova-API-Version: 2.1 location: http://172.30.9.25:8774/v2.1/servers/2d054cea-fdc9-4cb7-90de-847e3499834a x-compute-request-id: req-b4ee7795-25d3-4e06-a34c-776a98d59b51 x-openstack-request-id: req-b4ee7795-25d3-4e06-a34c-776a98d59b51 _http_log_response /usr/lib/python2.7/site-packages/keystoneauth1/session.py:479
2019-07-04 07:51:57.131 2989 DEBUG novaclient.v2.client [-] RESP BODY: {"server": {"security_groups": [{"name": "default"}], "OS-DCF:diskConfig": "MANUAL", "id": "2d054cea-fdc9-4cb7-90de-847e3499834a", "links": [{"href": "http://172.30.9.25:8774/v2.1/servers/2d054cea-fdc9-4cb7-90de-847e3499834a", "rel": "self"}, {"href": "http://172.30.9.25:8774/servers/2d054cea-fdc9-4cb7-90de-847e3499834a", "rel": "bookmark"}], "adminPass": "jTgGhXVpVeh7"}} _http_log_response /usr/lib/python2.7/site-packages/keystoneauth1/session.py:511
2019-07-04 07:51:57.131 2989 DEBUG novaclient.v2.client [-] POST call to compute for http://172.30.9.25:8774/v2.1/servers used request id req-b4ee7795-25d3-4e06-a34c-776a98d59b51 request /usr/lib/python2.7/site-packages/keystoneauth1/session.py:844
2019-07-04 07:51:58.135 2989 DEBUG novaclient.v2.client [-] REQ: curl -g -i -X GET http://172.30.9.25:8774/v2.1/servers/2d054cea-fdc9-4cb7-90de-847e3499834a -H "Accept: application/json" -H "User-Agent: python-novaclient" -H "X-Auth-Token: {SHA1}22bf184bb6d62f1c0d463cc592ceebb969a4db4e" _http_log_request /usr/lib/python2.7/site-packages/keystoneauth1/session.py:448
2019-07-04 07:51:58.292 2987 DEBUG novaclient.v2.client [-] RESP: [202] Content-Length: 374 Content-Type: application/json Date: Thu, 04 Jul 2019 07:51:53 GMT OpenStack-API-Version: compute 2.1 Server: Apache Vary: OpenStack-API-Version,X-OpenStack-Nova-API-Version X-OpenStack-Nova-API-Version: 2.1 location: http://172.30.9.25:8774/v2.1/servers/e3890b64-eda8-4b4d-93a9-17f04cb4c58a x-compute-request-id: req-a9393110-d43d-450d-8006-ae4d04057c4e x-openstack-request-id: req-a9393110-d43d-450d-8006-ae4d04057c4e _http_log_response /usr/lib/python2.7/site-packages/keystoneauth1/session.py:479
2019-07-04 07:51:58.293 2987 DEBUG novaclient.v2.client [-] RESP BODY: {"server": {"security_groups": [{"name": "default"}], "OS-DCF:diskConfig": "MANUAL", "id": "e3890b64-eda8-4b4d-93a9-17f04cb4c58a", "links": [{"href": "http://172.30.9.25:8774/v2.1/servers/e3890b64-eda8-4b4d-93a9-17f04cb4c58a", "rel": "self"}, {"href": "http://172.30.9.25:8774/servers/e3890b64-eda8-4b4d-93a9-17f04cb4c58a", "rel": "bookmark"}], "adminPass": "qKwzaQ65v7Mf"}} _http_log_response /usr/lib/python2.7/site-packages/keystoneauth1/session.py:511
2019-07-04 07:51:58.294 2987 DEBUG novaclient.v2.client [-] POST call to compute for http://172.30.9.25:8774/v2.1/servers used request id req-a9393110-d43d-450d-8006-ae4d04057c4e request /usr/lib/python2.7/site-packages/keystoneauth1/session.py:844
2019-07-04 07:51:58.489 2988 DEBUG novaclient.v2.client [-] RESP: [202] Content-Length: 374 Content-Type: application/json Date: Thu, 04 Jul 2019 07:51:53 GMT OpenStack-API-Version: compute 2.1 Server: Apache Vary: OpenStack-API-Version,X-OpenStack-Nova-API-Version X-OpenStack-Nova-API-Version: 2.1 location: http://172.30.9.25:8774/v2.1/servers/b3ecaf34-44ee-492f-a991-87991f88215f x-compute-request-id: req-a334ea1b-d89b-4014-867d-0c9ed15c2ff4 x-openstack-request-id: req-a334ea1b-d89b-4014-867d-0c9ed15c2ff4 _http_log_response /usr/lib/python2.7/site-packages/keystoneauth1/session.py:479
2019-07-04 07:51:58.490 2988 DEBUG novaclient.v2.client [-] RESP BODY: {"server": {"security_groups": [{"name": "default"}], "OS-DCF:diskConfig": "MANUAL", "id": "b3ecaf34-44ee-492f-a991-87991f88215f", "links": [{"href": "http://172.30.9.25:8774/v2.1/servers/b3ecaf34-44ee-492f-a991-87991f88215f", "rel": "self"}, {"href": "http://172.30.9.25:8774/servers/b3ecaf34-44ee-492f-a991-87991f88215f", "rel": "bookmark"}], "adminPass": "Pt995bbRvE8E"}} _http_log_response /usr/lib/python2.7/site-packages/keystoneauth1/session.py:511
2019-07-04 07:51:58.490 2988 DEBUG novaclient.v2.client [-] POST call to compute for http://172.30.9.25:8774/v2.1/servers used request id req-a334ea1b-d89b-4014-867d-0c9ed15c2ff4 request /usr/lib/python2.7/site-packages/keystoneauth1/session.py:844
2019-07-04 07:51:58.778 2986 DEBUG novaclient.v2.client [-] RESP: [200] Content-Encoding: gzip Content-Length: 586 Content-Type: application/json Date: Thu, 04 Jul 2019 07:51:56 GMT OpenStack-API-Version: compute 2.1 Server: Apache Vary: OpenStack-API-Version,X-OpenStack-Nova-API-Version,Accept-Encoding X-OpenStack-Nova-API-Version: 2.1 x-compute-request-id: req-24701bd0-6364-4be7-9058-be6b92e24118 x-openstack-request-id: req-24701bd0-6364-4be7-9058-be6b92e24118 _http_log_response /usr/lib/python2.7/site-packages/keystoneauth1/session.py:479
2019-07-04 07:51:58.779 2986 DEBUG novaclient.v2.client [-] RESP BODY: {"server": {"OS-EXT-STS:task_state": "scheduling", "addresses": {}, "links": [{"href": "http://172.30.9.25:8774/v2.1/servers/604da53f-681f-4d1d-8f36-756b006f5a75", "rel": "self"}, {"href": "http://172.30.9.25:8774/servers/604da53f-681f-4d1d-8f36-756b006f5a75", "rel": "bookmark"}], "image": {"id": "a3438c7b-7656-438c-959d-415f6f0ba92c", "links": [{"href": "http://172.30.9.25:8774/images/a3438c7b-7656-438c-959d-415f6f0ba92c", "rel": "bookmark"}]}, "OS-EXT-STS:vm_state": "building", "OS-SRV-USG:launched_at": null, "flavor": {"id": "b5d23f6f-5774-41b8-a959-3f77d5102ebc", "links": [{"href": "http://172.30.9.25:8774/flavors/b5d23f6f-5774-41b8-a959-3f77d5102ebc", "rel": "bookmark"}]}, "id": "604da53f-681f-4d1d-8f36-756b006f5a75", "user_id": "05feedd2d59f4baaafa9736ab7a6d304", "OS-DCF:diskConfig": "MANUAL", "accessIPv4": "", "accessIPv6": "", "progress": 0, "OS-EXT-STS:power_state": 0, "OS-EXT-AZ:availability_zone": "", "config_drive": "", "status": "BUILD", "updated": "2019-07-04T07:51:56Z", "hostId": "", "OS-SRV-USG:terminated_at": null, "key_name": null, "name": "s_rally_74c4f133_yf6jJbwA", "created": "2019-07-04T07:51:55Z", "tenant_id": "8c2b027ded4745218688a2d6cb3cce54", "os-extended-volumes:volumes_attached": [], "metadata": {}}} _http_log_response /usr/lib/python2.7/site-packages/keystoneauth1/session.py:511
2019-07-04 07:51:58.779 2986 DEBUG novaclient.v2.client [-] GET call to compute for http://172.30.9.25:8774/v2.1/servers/604da53f-681f-4d1d-8f36-756b006f5a75 used request id req-24701bd0-6364-4be7-9058-be6b92e24118 request /usr/lib/python2.7/site-packages/keystoneauth1/session.py:844
2019-07-04 07:51:58.781 2986 DEBUG novaclient.v2.client [-] REQ: curl -g -i -X GET http://172.30.9.25:8774/v2.1/servers/604da53f-681f-4d1d-8f36-756b006f5a75 -H "Accept: application/json" -H "User-Agent: python-novaclient" -H "X-Auth-Token: {SHA1}0a1ec6d09357fdfdd9fc08aa21350b3cc8c6ee3f" _http_log_request /usr/lib/python2.7/site-packages/keystoneauth1/session.py:448
2019-07-04 07:51:58.901 2989 DEBUG novaclient.v2.client [-] RESP: [200] Content-Encoding: gzip Content-Length: 586 Content-Type: application/json Date: Thu, 04 Jul 2019 07:51:58 GMT OpenStack-API-Version: compute 2.1 Server: Apache Vary: OpenStack-API-Version,X-OpenStack-Nova-API-Version,Accept-Encoding X-OpenStack-Nova-API-Version: 2.1 x-compute-request-id: req-eb5c2fda-3f4a-4944-8223-c9282d08f19e x-openstack-request-id: req-eb5c2fda-3f4a-4944-8223-c9282d08f19e _http_log_response /usr/lib/python2.7/site-packages/keystoneauth1/session.py:479
2019-07-04 07:51:58.902 2989 DEBUG novaclient.v2.client [-] RESP BODY: {"server": {"OS-EXT-STS:task_state": "scheduling", "addresses": {}, "links": [{"href": "http://172.30.9.25:8774/v2.1/servers/2d054cea-fdc9-4cb7-90de-847e3499834a", "rel": "self"}, {"href": "http://172.30.9.25:8774/servers/2d054cea-fdc9-4cb7-90de-847e3499834a", "rel": "bookmark"}], "image": {"id": "a3438c7b-7656-438c-959d-415f6f0ba92c", "links": [{"href": "http://172.30.9.25:8774/images/a3438c7b-7656-438c-959d-415f6f0ba92c", "rel": "bookmark"}]}, "OS-EXT-STS:vm_state": "building", "OS-SRV-USG:launched_at": null, "flavor": {"id": "b5d23f6f-5774-41b8-a959-3f77d5102ebc", "links": [{"href": "http://172.30.9.25:8774/flavors/b5d23f6f-5774-41b8-a959-3f77d5102ebc", "rel": "bookmark"}]}, "id": "2d054cea-fdc9-4cb7-90de-847e3499834a", "user_id": "f09411d758de493cbeb4468ab752c0fb", "OS-DCF:diskConfig": "MANUAL", "accessIPv4": "", "accessIPv6": "", "progress": 0, "OS-EXT-STS:power_state": 0, "OS-EXT-AZ:availability_zone": "", "config_drive": "", "status": "BUILD", "updated": "2019-07-04T07:51:58Z", "hostId": "", "OS-SRV-USG:terminated_at": null, "key_name": null, "name": "s_rally_74c4f133_okfnNZiI", "created": "2019-07-04T07:51:57Z", "tenant_id": "8c2b027ded4745218688a2d6cb3cce54", "os-extended-volumes:volumes_attached": [], "metadata": {}}} _http_log_response /usr/lib/python2.7/site-packages/keystoneauth1/session.py:511
2019-07-04 07:51:58.902 2989 DEBUG novaclient.v2.client [-] GET call to compute for http://172.30.9.25:8774/v2.1/servers/2d054cea-fdc9-4cb7-90de-847e3499834a used request id req-eb5c2fda-3f4a-4944-8223-c9282d08f19e request /usr/lib/python2.7/site-packages/keystoneauth1/session.py:844
2019-07-04 07:51:58.903 2989 DEBUG novaclient.v2.client [-] REQ: curl -g -i -X GET http://172.30.9.25:8774/v2.1/servers/2d054cea-fdc9-4cb7-90de-847e3499834a -H "Accept: application/json" -H "User-Agent: python-novaclient" -H "X-Auth-Token: {SHA1}22bf184bb6d62f1c0d463cc592ceebb969a4db4e" _http_log_request /usr/lib/python2.7/site-packages/keystoneauth1/session.py:448
2019-07-04 07:51:58.965 2989 DEBUG novaclient.v2.client [-] RESP: [200] Content-Encoding: gzip Content-Length: 586 Content-Type: application/json Date: Thu, 04 Jul 2019 07:51:58 GMT OpenStack-API-Version: compute 2.1 Server: Apache Vary: OpenStack-API-Version,X-OpenStack-Nova-API-Version,Accept-Encoding X-OpenStack-Nova-API-Version: 2.1 x-compute-request-id: req-24ae618a-384d-402a-9555-89ef85ca6ee2 x-openstack-request-id: req-24ae618a-384d-402a-9555-89ef85ca6ee2 _http_log_response /usr/lib/python2.7/site-packages/keystoneauth1/session.py:479
2019-07-04 07:51:58.966 2989 DEBUG novaclient.v2.client [-] RESP BODY: {"server": {"OS-EXT-STS:task_state": "scheduling", "addresses": {}, "links": [{"href": "http://172.30.9.25:8774/v2.1/servers/2d054cea-fdc9-4cb7-90de-847e3499834a", "rel": "self"}, {"href": "http://172.30.9.25:8774/servers/2d054cea-fdc9-4cb7-90de-847e3499834a", "rel": "bookmark"}], "image": {"id": "a3438c7b-7656-438c-959d-415f6f0ba92c", "links": [{"href": "http://172.30.9.25:8774/images/a3438c7b-7656-438c-959d-415f6f0ba92c", "rel": "bookmark"}]}, "OS-EXT-STS:vm_state": "building", "OS-SRV-USG:launched_at": null, "flavor": {"id": "b5d23f6f-5774-41b8-a959-3f77d5102ebc", "links": [{"href": "http://172.30.9.25:8774/flavors/b5d23f6f-5774-41b8-a959-3f77d5102ebc", "rel": "bookmark"}]}, "id": "2d054cea-fdc9-4cb7-90de-847e3499834a", "user_id": "f09411d758de493cbeb4468ab752c0fb", "OS-DCF:diskConfig": "MANUAL", "accessIPv4": "", "accessIPv6": "", "progress": 0, "OS-EXT-STS:power_state": 0, "OS-EXT-AZ:availability_zone": "", "config_drive": "", "status": "BUILD", "updated": "2019-07-04T07:51:58Z", "hostId": "", "OS-SRV-USG:terminated_at": null, "key_name": null, "name": "s_rally_74c4f133_okfnNZiI", "created": "2019-07-04T07:51:57Z", "tenant_id": "8c2b027ded4745218688a2d6cb3cce54", "os-extended-volumes:volumes_attached": [], "metadata": {}}} _http_log_response /usr/lib/python2.7/site-packages/keystoneauth1/session.py:511
2019-07-04 07:51:58.967 2989 DEBUG novaclient.v2.client [-] GET call to compute for http://172.30.9.25:8774/v2.1/servers/2d054cea-fdc9-4cb7-90de-847e3499834a used request id req-24ae618a-384d-402a-9555-89ef85ca6ee2 request /usr/lib/python2.7/site-packages/keystoneauth1/session.py:844
2019-07-04 07:51:59.298 2987 DEBUG novaclient.v2.client [-] REQ: curl -g -i -X GET http://172.30.9.25:8774/v2.1/servers/e3890b64-eda8-4b4d-93a9-17f04cb4c58a -H "Accept: application/json" -H "User-Agent: python-novaclient" -H "X-Auth-Token: {SHA1}8c0e948f2d4022c7d33a6f7bd45d39bce151de79" _http_log_request /usr/lib/python2.7/site-packages/keystoneauth1/session.py:448
2019-07-04 07:51:59.494 2988 DEBUG novaclient.v2.client [-] REQ: curl -g -i -X GET http://172.30.9.25:8774/v2.1/servers/b3ecaf34-44ee-492f-a991-87991f88215f -H "Accept: application/json" -H "User-Agent: python-novaclient" -H "X-Auth-Token: {SHA1}41911bd95563c11a879668d05e61efb14ebdf01c" _http_log_request /usr/lib/python2.7/site-packages/keystoneauth1/session.py:448
2019-07-04 07:51:59.922 2988 DEBUG novaclient.v2.client [-] RESP: [200] Content-Encoding: gzip Content-Length: 587 Content-Type: application/json Date: Thu, 04 Jul 2019 07:51:59 GMT OpenStack-API-Version: compute 2.1 Server: Apache Vary: OpenStack-API-Version,X-OpenStack-Nova-API-Version,Accept-Encoding X-OpenStack-Nova-API-Version: 2.1 x-compute-request-id: req-0d31b809-88f4-41f4-9101-01bf88dd53fe x-openstack-request-id: req-0d31b809-88f4-41f4-9101-01bf88dd53fe _http_log_response /usr/lib/python2.7/site-packages/keystoneauth1/session.py:479
2019-07-04 07:51:59.923 2988 DEBUG novaclient.v2.client [-] RESP BODY: {"server": {"OS-EXT-STS:task_state": "scheduling", "addresses": {}, "links": [{"href": "http://172.30.9.25:8774/v2.1/servers/b3ecaf34-44ee-492f-a991-87991f88215f", "rel": "self"}, {"href": "http://172.30.9.25:8774/servers/b3ecaf34-44ee-492f-a991-87991f88215f", "rel": "bookmark"}], "image": {"id": "a3438c7b-7656-438c-959d-415f6f0ba92c", "links": [{"href": "http://172.30.9.25:8774/images/a3438c7b-7656-438c-959d-415f6f0ba92c", "rel": "bookmark"}]}, "OS-EXT-STS:vm_state": "building", "OS-SRV-USG:launched_at": null, "flavor": {"id": "b5d23f6f-5774-41b8-a959-3f77d5102ebc", "links": [{"href": "http://172.30.9.25:8774/flavors/b5d23f6f-5774-41b8-a959-3f77d5102ebc", "rel": "bookmark"}]}, "id": "b3ecaf34-44ee-492f-a991-87991f88215f", "user_id": "05feedd2d59f4baaafa9736ab7a6d304", "OS-DCF:diskConfig": "MANUAL", "accessIPv4": "", "accessIPv6": "", "progress": 0, "OS-EXT-STS:power_state": 0, "OS-EXT-AZ:availability_zone": "", "config_drive": "", "status": "BUILD", "updated": "2019-07-04T07:51:59Z", "hostId": "", "OS-SRV-USG:terminated_at": null, "key_name": null, "name": "s_rally_74c4f133_dOdWkIUB", "created": "2019-07-04T07:51:58Z", "tenant_id": "8c2b027ded4745218688a2d6cb3cce54", "os-extended-volumes:volumes_attached": [], "metadata": {}}} _http_log_response /usr/lib/python2.7/site-packages/keystoneauth1/session.py:511
2019-07-04 07:51:59.923 2988 DEBUG novaclient.v2.client [-] GET call to compute for http://172.30.9.25:8774/v2.1/servers/b3ecaf34-44ee-492f-a991-87991f88215f used request id req-0d31b809-88f4-41f4-9101-01bf88dd53fe request /usr/lib/python2.7/site-packages/keystoneauth1/session.py:844
