2019-07-04 08:02:39.471 4908 INFO rally.task.runner [-] Task 0a2d51b1-b380-44c2-8abf-4db893422516 | ITER: 3 END: OK
2019-07-04 08:02:39.476 4908 INFO rally.task.runner [-] Task 0a2d51b1-b380-44c2-8abf-4db893422516 | ITER: 8 START
2019-07-04 08:02:43.372 4906 RALLYDEBUG rally.task.utils [-] Waiting for resource s_rally_165459c0_JNdbnpXf. Status changed: AVAILABLE => DELETING in 0.256770133972
2019-07-04 08:02:44.953 4907 RALLYDEBUG rally.task.utils [-] Waiting for resource s_rally_165459c0_AJSshPs3. Status changed: CREATING => AVAILABLE in 2.65725207329
2019-07-04 08:02:45.080 4908 RALLYDEBUG rally.task.utils [-] Waiting for resource s_rally_165459c0_Fd91ixHa. Status changed: CREATING => AVAILABLE in 2.60326313972
2019-07-04 08:02:45.186 4909 RALLYDEBUG rally.task.utils [-] Waiting for resource s_rally_165459c0_U3gnJrc3. Status changed: CREATING => AVAILABLE in 2.75858092308
2019-07-04 08:02:45.315 4907 RALLYDEBUG rally.task.utils [-] Waiting for resource s_rally_165459c0_AJSshPs3. Status changed: AVAILABLE => DELETING in 0.281576156616
2019-07-04 08:02:45.590 4906 INFO rally.task.runner [-] Task 0a2d51b1-b380-44c2-8abf-4db893422516 | ITER: 6 END: OK
2019-07-04 08:02:45.595 4906 INFO rally.task.runner [-] Task 0a2d51b1-b380-44c2-8abf-4db893422516 | ITER: 9 START
2019-07-04 08:02:45.613 4908 RALLYDEBUG rally.task.utils [-] Waiting for resource s_rally_165459c0_Fd91ixHa. Status changed: AVAILABLE => DELETING in 0.242631912231
2019-07-04 08:02:45.775 4909 RALLYDEBUG rally.task.utils [-] Waiting for resource s_rally_165459c0_U3gnJrc3. Status changed: AVAILABLE => DELETING in 0.242623090744
2019-07-04 08:02:47.535 4907 INFO rally.task.runner [-] Task 0a2d51b1-b380-44c2-8abf-4db893422516 | ITER: 5 END: OK
2019-07-04 08:02:47.540 4907 INFO rally.task.runner [-] Task 0a2d51b1-b380-44c2-8abf-4db893422516 | ITER: 10 START
2019-07-04 08:02:49.886 4908 INFO rally.task.runner [-] Task 0a2d51b1-b380-44c2-8abf-4db893422516 | ITER: 8 END: OK
2019-07-04 08:02:50.047 4909 INFO rally.task.runner [-] Task 0a2d51b1-b380-44c2-8abf-4db893422516 | ITER: 7 END: OK
2019-07-04 08:02:51.392 4907 RALLYDEBUG rally.task.utils [-] Waiting for resource s_rally_165459c0_EHOfHaf3. Status changed: AVAILABLE => DELETING in 0.244056940079
2019-07-04 08:02:51.499 4906 RALLYDEBUG rally.task.utils [-] Waiting for resource s_rally_165459c0_frMSPWXh. Status changed: CREATING => AVAILABLE in 2.7430639267
2019-07-04 08:02:52.082 4906 RALLYDEBUG rally.task.utils [-] Waiting for resource s_rally_165459c0_frMSPWXh. Status changed: AVAILABLE => DELETING in 0.326439857483
2019-07-04 08:02:53.620 4907 INFO rally.task.runner [-] Task 0a2d51b1-b380-44c2-8abf-4db893422516 | ITER: 10 END: OK
2019-07-04 08:02:54.121 4906 INFO rally.task.runner [-] Task 0a2d51b1-b380-44c2-8abf-4db893422516 | ITER: 9 END: OK
2019-07-04 08:02:54.151 1842 INFO rally.task.context [-] Task 0a2d51b1-b380-44c2-8abf-4db893422516 | Context cleanup@openstack cleanup() started
2019-07-04 08:02:54.153 1842 RALLYDEBUG rally_openstack.cleanup.manager [-] Cleaning up cinder backups objects
2019-07-04 08:02:56.051 1842 RALLYDEBUG rally_openstack.cleanup.manager [-] Cleaning up cinder volume_snapshots objects
2019-07-04 08:02:58.166 1842 RALLYDEBUG rally_openstack.cleanup.manager [-] Cleaning up cinder transfers objects
2019-07-04 08:03:00.118 1842 RALLYDEBUG rally_openstack.cleanup.manager [-] Cleaning up cinder volumes objects
2019-07-04 08:03:02.421 1842 INFO rally.task.context [-] Task 0a2d51b1-b380-44c2-8abf-4db893422516 | Context cleanup@openstack cleanup() finished in 8.27 sec
2019-07-04 08:03:02.422 1842 INFO rally.task.context [-] Task 0a2d51b1-b380-44c2-8abf-4db893422516 | Context volumes@openstack cleanup() started
2019-07-04 08:03:02.422 1842 RALLYDEBUG rally_openstack.cleanup.manager [-] Cleaning up cinder volumes objects
2019-07-04 08:03:04.460 1842 RALLYDEBUG rally_openstack.cleanup.manager [-] Deleting cinder.volumes object c_rally_165459c0_OFYw5Bi0 (939a8ecf-c525-4b0a-9620-85c2cfdfc9f8)
2019-07-04 08:03:04.461 1842 RALLYDEBUG rally_openstack.cleanup.manager [-] Deleting cinder.volumes object c_rally_165459c0_bAvQSGeq (f672047e-40c7-49c0-a65b-66d15ff0d257)
2019-07-04 08:03:04.469 1842 RALLYDEBUG rally_openstack.cleanup.manager [-] Deleting cinder.volumes object c_rally_165459c0_K6J64XPv (d43f827b-1df8-4171-990c-17284e3b14b8)
2019-07-04 08:03:07.830 1842 INFO rally.task.context [-] Task 0a2d51b1-b380-44c2-8abf-4db893422516 | Context volumes@openstack cleanup() finished in 5.41 sec
2019-07-04 08:03:07.831 1842 INFO rally.task.context [-] Task 0a2d51b1-b380-44c2-8abf-4db893422516 | Context quotas@openstack cleanup() started
2019-07-04 08:03:08.434 1842 INFO rally.task.context [-] Task 0a2d51b1-b380-44c2-8abf-4db893422516 | Context quotas@openstack cleanup() finished in 0.60 sec
2019-07-04 08:03:08.434 1842 INFO rally.task.context [-] Task 0a2d51b1-b380-44c2-8abf-4db893422516 | Context api_versions@openstack cleanup() started
2019-07-04 08:03:08.434 1842 INFO rally.task.context [-] Task 0a2d51b1-b380-44c2-8abf-4db893422516 | Context api_versions@openstack cleanup() finished in 0.36 msec
2019-07-04 08:03:08.435 1842 INFO rally.task.context [-] Task 0a2d51b1-b380-44c2-8abf-4db893422516 | Context users@openstack cleanup() started
2019-07-04 08:03:16.352 1842 INFO rally.task.context [-] Task 0a2d51b1-b380-44c2-8abf-4db893422516 | Context users@openstack cleanup() finished in 7.92 sec
2019-07-04 08:03:17.794 1842 INFO rally.task.engine [-] Load duration is: 25.532485
2019-07-04 08:03:17.795 1842 INFO rally.task.engine [-] Full runner duration is: 25.594737
2019-07-04 08:03:17.795 1842 INFO rally.task.engine [-] Full duration is: 64.811827
2019-07-04 08:03:18.043 1842 INFO rally.task.engine [-] Running workload: position = 0 config = { "version": 2, "title": "A cropped version of a bigger task.", "description": "Auto-generated task from a single workload (uuid=6fdeced5-99d5-419b-82af-502a15cfe992)", "subtasks": [ { "title": "CinderQos.create_and_get_qos", "description": "Create a qos, then get details of the qos.", "scenario": { "CinderQos.create_and_get_qos": { "consumer": "both", "write_iops_sec": "10", "read_iops_sec": "1000" } }, "contexts": { "users": { "tenants": 3, "users_per_tenant": 2 }, "api_versions": { "cinder": { "version": 3, "service_type": "volumev3" } } }, "runner": { "constant": { "concurrency": 4, "times": 10 } }, "hooks": [], "sla": { "failure_rate": { "max": 0 } } } ] }
2019-07-04 08:03:18.064 1842 RALLYDEBUG rally_openstack.contexts.keystone.users [-] Creating 3 tenants using 20 threads
2019-07-04 08:03:19.850 1842 RALLYDEBUG rally_openstack.contexts.keystone.users [-] Creating 6 users using 20 threads
2019-07-04 08:03:22.494 1842 INFO rally.task.context [-] Task 0a2d51b1-b380-44c2-8abf-4db893422516 | Context users@openstack setup() finished in 4.43 sec
2019-07-04 08:03:22.926 1842 INFO rally.task.context [-] Task 0a2d51b1-b380-44c2-8abf-4db893422516 | Context api_versions@openstack setup() finished in 0.43 sec
2019-07-04 08:03:22.927 1842 INFO rally.task.context [-] Task 0a2d51b1-b380-44c2-8abf-4db893422516 | Context admin_cleanup@openstack setup() finished in 0.01 msec
2019-07-04 08:03:22.934 1842 RALLYDEBUG rally.task.runner [-] Starting the constant runner (task UUID: 0a2d51b1-b380-44c2-8abf-4db893422516). timeout: 0 concurrency: 4 concurrency_per_worker: 1 times: 10 concurrency_overhead: 0 processes_to_start: 4 max_cpu_used: 16
2019-07-04 08:03:22.947 5110 RALLYDEBUG rally.task.runner [-] Starting a worker. concurrency: 1 args: {"consumer": "both", "write_iops_sec": "10", "read_iops_sec": "1000"} times: 10 method_name: run timeout: 0 duration: None cls:
2019-07-04 08:03:22.950 5111 RALLYDEBUG rally.task.runner [-] Starting a worker. concurrency: 1 args: {"consumer": "both", "write_iops_sec": "10", "read_iops_sec": "1000"} times: 10 method_name: run timeout: 0 duration: None cls:
2019-07-04 08:03:22.952 5112 RALLYDEBUG rally.task.runner [-] Starting a worker. concurrency: 1 args: {"consumer": "both", "write_iops_sec": "10", "read_iops_sec": "1000"} times: 10 method_name: run timeout: 0 duration: None cls:
2019-07-04 08:03:22.955 5110 INFO rally.task.runner [-] Task 0a2d51b1-b380-44c2-8abf-4db893422516 | ITER: 1 START
2019-07-04 08:03:22.955 5113 RALLYDEBUG rally.task.runner [-] Starting a worker. concurrency: 1 args: {"consumer": "both", "write_iops_sec": "10", "read_iops_sec": "1000"} times: 10 method_name: run timeout: 0 duration: None cls:
2019-07-04 08:03:22.958 5111 INFO rally.task.runner [-] Task 0a2d51b1-b380-44c2-8abf-4db893422516 | ITER: 2 START
2019-07-04 08:03:22.959 5112 INFO rally.task.runner [-] Task 0a2d51b1-b380-44c2-8abf-4db893422516 | ITER: 3 START
2019-07-04 08:03:22.963 5113 INFO rally.task.runner [-] Task 0a2d51b1-b380-44c2-8abf-4db893422516 | ITER: 4 START
2019-07-04 08:03:24.091 5111 INFO rally.task.runner [-] Task 0a2d51b1-b380-44c2-8abf-4db893422516 | ITER: 2 END: OK
2019-07-04 08:03:24.097 5111 INFO rally.task.runner [-] Task 0a2d51b1-b380-44c2-8abf-4db893422516 | ITER: 5 START
2019-07-04 08:03:24.113 5113 INFO rally.task.runner [-] Task 0a2d51b1-b380-44c2-8abf-4db893422516 | ITER: 4 END: OK
2019-07-04 08:03:24.118 5113 INFO rally.task.runner [-] Task 0a2d51b1-b380-44c2-8abf-4db893422516 | ITER: 6 START
2019-07-04 08:03:24.141 5112 INFO rally.task.runner [-] Task 0a2d51b1-b380-44c2-8abf-4db893422516 | ITER: 3 END: OK
2019-07-04 08:03:24.142 5110 INFO rally.task.runner [-] Task 0a2d51b1-b380-44c2-8abf-4db893422516 | ITER: 1 END: OK
2019-07-04 08:03:24.146 5112 INFO rally.task.runner [-] Task 0a2d51b1-b380-44c2-8abf-4db893422516 | ITER: 7 START
2019-07-04 08:03:24.148 5110 INFO rally.task.runner [-] Task 0a2d51b1-b380-44c2-8abf-4db893422516 | ITER: 8 START
2019-07-04 08:03:25.029 5111 INFO rally.task.runner [-] Task 0a2d51b1-b380-44c2-8abf-4db893422516 | ITER: 5 END: OK
2019-07-04 08:03:25.034 5111 INFO rally.task.runner [-] Task 0a2d51b1-b380-44c2-8abf-4db893422516 | ITER: 9 START
2019-07-04 08:03:25.040 5113 INFO rally.task.runner [-] Task 0a2d51b1-b380-44c2-8abf-4db893422516 | ITER: 6 END: OK
2019-07-04 08:03:25.044 5110 INFO rally.task.runner [-] Task 0a2d51b1-b380-44c2-8abf-4db893422516 | ITER: 8 END: OK
2019-07-04 08:03:25.045 5113 INFO rally.task.runner [-] Task 0a2d51b1-b380-44c2-8abf-4db893422516 | ITER: 10 START
2019-07-04 08:03:25.149 5112 INFO rally.task.runner [-] Task 0a2d51b1-b380-44c2-8abf-4db893422516 | ITER: 7 END: OK
2019-07-04 08:03:25.912 5113 INFO rally.task.runner [-] Task 0a2d51b1-b380-44c2-8abf-4db893422516 | ITER: 10 END: OK
2019-07-04 08:03:25.927 5111 INFO rally.task.runner [-] Task 0a2d51b1-b380-44c2-8abf-4db893422516 | ITER: 9 END: OK
2019-07-04 08:03:25.949 1842 INFO rally.task.context [-] Task 0a2d51b1-b380-44c2-8abf-4db893422516 | Context admin_cleanup@openstack cleanup() started
2019-07-04 08:03:25.951 1842 RALLYDEBUG rally_openstack.cleanup.manager [-] Cleaning up cinder volume_types objects
2019-07-04 08:03:26.588 1842 RALLYDEBUG rally_openstack.cleanup.manager [-] Cleaning up cinder image_volumes_cache objects
2019-07-04 08:03:27.516 1842 RALLYDEBUG rally_openstack.cleanup.manager [-] Cleaning up cinder quotas objects
2019-07-04 08:03:29.137 1842 RALLYDEBUG rally_openstack.cleanup.manager [-] Cleaning up cinder qos_specs objects
2019-07-04 08:03:29.765 1842 RALLYDEBUG rally_openstack.cleanup.manager [-] Deleting cinder.qos_specs object s_rally_6fdeced5_T90nX0Gx (fe4533ec-7754-41fb-8588-e57a21bce558)
2019-07-04 08:03:29.769 1842 RALLYDEBUG rally_openstack.cleanup.manager [-] Deleting cinder.qos_specs object s_rally_6fdeced5_KdVOkO7H (2dacd473-92a8-4546-9e26-23013f689252)
2019-07-04 08:03:29.781 1842 RALLYDEBUG rally_openstack.cleanup.manager [-] Deleting cinder.qos_specs object s_rally_6fdeced5_aW5FZbPP (c31cace1-8061-48fb-9031-c35a4f880b27)
2019-07-04 08:03:29.782 1842 RALLYDEBUG rally_openstack.cleanup.manager [-] Deleting cinder.qos_specs object s_rally_6fdeced5_LOgzpXG0 (9e0f8417-5b7e-4fe1-be08-3b05b88e212d)
2019-07-04 08:03:29.803 1842 RALLYDEBUG rally_openstack.cleanup.manager [-] Deleting cinder.qos_specs object s_rally_6fdeced5_ZoYyDm5b (57e49a71-4996-4300-8d85-d47fd4d7c666)
2019-07-04 08:03:29.805 1842 RALLYDEBUG rally_openstack.cleanup.manager [-] Deleting cinder.qos_specs object s_rally_6fdeced5_Z6PqXOXQ (7f4efa63-ec55-4a13-aefc-32ccee435e1f)
2019-07-04 08:03:29.830 1842 RALLYDEBUG rally_openstack.cleanup.manager [-] Deleting cinder.qos_specs object s_rally_6fdeced5_wofHIikv (c46f9a88-6121-4cf9-be90-1749d51ab722)
2019-07-04 08:03:29.833 1842 RALLYDEBUG rally_openstack.cleanup.manager [-] Deleting cinder.qos_specs object s_rally_6fdeced5_7jR527DH (901894a2-5508-452f-922a-dcaa66854ed8)
2019-07-04 08:03:29.835 1842 RALLYDEBUG rally_openstack.cleanup.manager [-] Deleting cinder.qos_specs object s_rally_6fdeced5_GNS6boeH (b2959da2-4a0d-47df-8e48-16d3197df793)
2019-07-04 08:03:29.857 1842 RALLYDEBUG rally_openstack.cleanup.manager [-] Deleting cinder.qos_specs object s_rally_6fdeced5_5YrIweSG (2677dea8-1654-4cf8-88b4-a9dbd86272d9)
2019-07-04 08:03:32.136 1842 INFO rally.task.context [-] Task 0a2d51b1-b380-44c2-8abf-4db893422516 | Context admin_cleanup@openstack cleanup() finished in 6.19 sec
2019-07-04 08:03:32.137 1842 INFO rally.task.context [-] Task 0a2d51b1-b380-44c2-8abf-4db893422516 | Context api_versions@openstack cleanup() started
2019-07-04 08:03:32.137 1842 INFO rally.task.context [-] Task 0a2d51b1-b380-44c2-8abf-4db893422516 | Context api_versions@openstack cleanup() finished in 0.34 msec
2019-07-04 08:03:32.137 1842 INFO rally.task.context [-] Task 0a2d51b1-b380-44c2-8abf-4db893422516 | Context users@openstack cleanup() started
2019-07-04 08:03:39.597 1842 INFO rally.task.context [-] Task 0a2d51b1-b380-44c2-8abf-4db893422516 | Context users@openstack cleanup() finished in 7.46 sec
2019-07-04 08:03:40.190 1842 INFO rally.task.engine [-] Load duration is: 2.969151
2019-07-04 08:03:40.190 1842 INFO rally.task.engine [-] Full runner duration is: 3.015453
2019-07-04 08:03:40.191 1842 INFO rally.task.engine [-] Full duration is: 21.535065
2019-07-04 08:03:40.426 1842 INFO rally.task.engine [-] Running workload: position = 0 config = { "version": 2, "title": "A cropped version of a bigger task.", "description": "Auto-generated task from a single workload (uuid=4c026f6e-84f6-4fbe-ad64-740048ce56d6)", "subtasks": [ { "title": "CinderQos.create_and_list_qos", "description": "Create a qos, then list all qos.", "scenario": { "CinderQos.create_and_list_qos": { "consumer": "both", "write_iops_sec": "10", "read_iops_sec": "1000" } }, "contexts": { "users": { "tenants": 3, "users_per_tenant": 2 }, "api_versions": { "cinder": { "version": 3, "service_type": "volumev3" } } }, "runner": { "constant": { "concurrency": 4, "times": 10 } }, "hooks": [], "sla": { "failure_rate": { "max": 0 } } } ] }
2019-07-04 08:03:40.448 1842 RALLYDEBUG rally_openstack.contexts.keystone.users [-] Creating 3 tenants using 20 threads
2019-07-04 08:03:42.281 1842 RALLYDEBUG rally_openstack.contexts.keystone.users [-] Creating 6 users using 20 threads
2019-07-04 08:03:44.984 1842 INFO rally.task.context [-] Task 0a2d51b1-b380-44c2-8abf-4db893422516 | Context users@openstack setup() finished in 4.54 sec
2019-07-04 08:03:45.410 1842 INFO rally.task.context [-] Task 0a2d51b1-b380-44c2-8abf-4db893422516 | Context api_versions@openstack setup() finished in 0.43 sec
2019-07-04 08:03:45.411 1842 INFO rally.task.context [-] Task 0a2d51b1-b380-44c2-8abf-4db893422516 | Context admin_cleanup@openstack setup() finished in 0.01 msec
2019-07-04 08:03:45.418 1842 RALLYDEBUG rally.task.runner [-] Starting the constant runner (task UUID: 0a2d51b1-b380-44c2-8abf-4db893422516). timeout: 0 concurrency: 4 concurrency_per_worker: 1 times: 10 concurrency_overhead: 0 processes_to_start: 4 max_cpu_used: 16
2019-07-04 08:03:45.431 5294 RALLYDEBUG rally.task.runner [-] Starting a worker. concurrency: 1 args: {"consumer": "both", "write_iops_sec": "10", "read_iops_sec": "1000"} times: 10 method_name: run timeout: 0 duration: None cls:
2019-07-04 08:03:45.433 5295 RALLYDEBUG rally.task.runner [-] Starting a worker. concurrency: 1 args: {"consumer": "both", "write_iops_sec": "10", "read_iops_sec": "1000"} times: 10 method_name: run timeout: 0 duration: None cls:
2019-07-04 08:03:45.437 5296 RALLYDEBUG rally.task.runner [-] Starting a worker. concurrency: 1 args: {"consumer": "both", "write_iops_sec": "10", "read_iops_sec": "1000"} times: 10 method_name: run timeout: 0 duration: None cls:
2019-07-04 08:03:45.438 5294 INFO rally.task.runner [-] Task 0a2d51b1-b380-44c2-8abf-4db893422516 | ITER: 1 START
2019-07-04 08:03:45.439 5297 RALLYDEBUG rally.task.runner [-] Starting a worker. concurrency: 1 args: {"consumer": "both", "write_iops_sec": "10", "read_iops_sec": "1000"} times: 10 method_name: run timeout: 0 duration: None cls:
2019-07-04 08:03:45.441 5295 INFO rally.task.runner [-] Task 0a2d51b1-b380-44c2-8abf-4db893422516 | ITER: 2 START
2019-07-04 08:03:45.446 5296 INFO rally.task.runner [-] Task 0a2d51b1-b380-44c2-8abf-4db893422516 | ITER: 3 START
2019-07-04 08:03:45.446 5297 INFO rally.task.runner [-] Task 0a2d51b1-b380-44c2-8abf-4db893422516 | ITER: 4 START
2019-07-04 08:03:46.487 5296 INFO rally.task.runner [-] Task 0a2d51b1-b380-44c2-8abf-4db893422516 | ITER: 3 END: OK
2019-07-04 08:03:46.493 5296 INFO rally.task.runner [-] Task 0a2d51b1-b380-44c2-8abf-4db893422516 | ITER: 5 START
2019-07-04 08:03:46.539 5294 INFO rally.task.runner [-] Task 0a2d51b1-b380-44c2-8abf-4db893422516 | ITER: 1 END: OK
2019-07-04 08:03:46.544 5294 INFO rally.task.runner [-] Task 0a2d51b1-b380-44c2-8abf-4db893422516 | ITER: 6 START
2019-07-04 08:03:46.559 5295 INFO rally.task.runner [-] Task 0a2d51b1-b380-44c2-8abf-4db893422516 | ITER: 2 END: OK
2019-07-04 08:03:46.563 5295 INFO rally.task.runner [-] Task 0a2d51b1-b380-44c2-8abf-4db893422516 | ITER: 7 START
2019-07-04 08:03:46.577 5297 INFO rally.task.runner [-] Task 0a2d51b1-b380-44c2-8abf-4db893422516 | ITER: 4 END: OK
2019-07-04 08:03:46.582 5297 INFO rally.task.runner [-] Task 0a2d51b1-b380-44c2-8abf-4db893422516 | ITER: 8 START
2019-07-04 08:03:47.471 5294 INFO rally.task.runner [-] Task 0a2d51b1-b380-44c2-8abf-4db893422516 | ITER: 6 END: OK
2019-07-04 08:03:47.476 5294 INFO rally.task.runner [-] Task 0a2d51b1-b380-44c2-8abf-4db893422516 | ITER: 9 START
2019-07-04 08:03:47.485 5297 INFO rally.task.runner [-] Task 0a2d51b1-b380-44c2-8abf-4db893422516 | ITER: 8 END: OK
2019-07-04 08:03:47.490 5297 INFO rally.task.runner [-] Task 0a2d51b1-b380-44c2-8abf-4db893422516 | ITER: 10 START
2019-07-04 08:03:47.551 5296 INFO rally.task.runner [-] Task 0a2d51b1-b380-44c2-8abf-4db893422516 | ITER: 5 END: OK
2019-07-04 08:03:47.560 5295 INFO rally.task.runner [-] Task 0a2d51b1-b380-44c2-8abf-4db893422516 | ITER: 7 END: OK
2019-07-04 08:03:48.348 5294 INFO rally.task.runner [-] Task 0a2d51b1-b380-44c2-8abf-4db893422516 | ITER: 9 END: OK
2019-07-04 08:03:48.351 5297 INFO rally.task.runner [-] Task 0a2d51b1-b380-44c2-8abf-4db893422516 | ITER: 10 END: OK
2019-07-04 08:03:48.374 1842 INFO rally.task.context [-] Task 0a2d51b1-b380-44c2-8abf-4db893422516 | Context admin_cleanup@openstack cleanup() started
2019-07-04 08:03:48.376 1842 RALLYDEBUG rally_openstack.cleanup.manager [-] Cleaning up cinder volume_types objects
2019-07-04 08:03:49.001 1842 RALLYDEBUG rally_openstack.cleanup.manager [-] Cleaning up cinder image_volumes_cache objects
2019-07-04 08:03:49.982 1842 RALLYDEBUG rally_openstack.cleanup.manager [-] Cleaning up cinder quotas objects
2019-07-04 08:03:51.539 1842 RALLYDEBUG rally_openstack.cleanup.manager [-] Cleaning up cinder qos_specs objects
2019-07-04 08:03:52.260 1842 RALLYDEBUG rally_openstack.cleanup.manager [-] Deleting cinder.qos_specs object s_rally_4c026f6e_3JuQ5TXg (36f24b56-bef0-466a-8b7d-a1ba395aadc3)
2019-07-04 08:03:52.267 1842 RALLYDEBUG rally_openstack.cleanup.manager [-] Deleting cinder.qos_specs object s_rally_4c026f6e_cF9dCfkE (1ea3ce71-4168-4771-bf6c-a96dc0ec2a35)
2019-07-04 08:03:52.276 1842 RALLYDEBUG rally_openstack.cleanup.manager [-] Deleting cinder.qos_specs object s_rally_4c026f6e_wOkTUPqo (a80b0b2c-2192-4525-b471-71d4f23d5bd3)
2019-07-04 08:03:52.288 1842 RALLYDEBUG rally_openstack.cleanup.manager [-] Deleting cinder.qos_specs object s_rally_4c026f6e_qZgrNjxP (2c60716a-52a6-4eac-ad4d-836c8fe6b29e)
2019-07-04 08:03:52.292 1842 RALLYDEBUG rally_openstack.cleanup.manager [-] Deleting cinder.qos_specs object s_rally_4c026f6e_Eq6akG8C (244a9a4c-641c-46a8-a9d1-39a70c39db85)
2019-07-04 08:03:52.302 1842 RALLYDEBUG rally_openstack.cleanup.manager [-] Deleting cinder.qos_specs object s_rally_4c026f6e_3qJHGQNB (ec23b719-7d66-4e71-9708-fb548aa5fe8d)
2019-07-04 08:03:52.307 1842 RALLYDEBUG rally_openstack.cleanup.manager [-] Deleting cinder.qos_specs object s_rally_4c026f6e_D6FtyKzp (15a52e63-4254-4e87-b789-d6c116a5bf1a)
2019-07-04 08:03:52.334 1842 RALLYDEBUG rally_openstack.cleanup.manager [-] Deleting cinder.qos_specs object s_rally_4c026f6e_zUMqhblc (1c39eb5e-4f9c-4c78-8403-af5935950d0c)
2019-07-04 08:03:52.338 1842 RALLYDEBUG rally_openstack.cleanup.manager [-] Deleting cinder.qos_specs object s_rally_4c026f6e_6RknA8hl (0a989d48-ee21-4bf9-9fbd-4f6014bf46f3)
2019-07-04 08:03:52.339 1842 RALLYDEBUG rally_openstack.cleanup.manager [-] Deleting cinder.qos_specs object s_rally_4c026f6e_6y1wg0le (9590532d-7f0b-48e0-8917-1898c4c403cf)
2019-07-04 08:03:54.690 1842 INFO rally.task.context [-] Task 0a2d51b1-b380-44c2-8abf-4db893422516 | Context admin_cleanup@openstack cleanup() finished in 6.32 sec
2019-07-04 08:03:54.691 1842 INFO rally.task.context [-] Task 0a2d51b1-b380-44c2-8abf-4db893422516 | Context api_versions@openstack cleanup() started
2019-07-04 08:03:54.691 1842 INFO rally.task.context [-] Task 0a2d51b1-b380-44c2-8abf-4db893422516 | Context api_versions@openstack cleanup() finished in 0.36 msec
2019-07-04 08:03:54.692 1842 INFO rally.task.context [-] Task 0a2d51b1-b380-44c2-8abf-4db893422516 | Context users@openstack cleanup() started
2019-07-04 08:04:03.438 1842 INFO rally.task.context [-] Task 0a2d51b1-b380-44c2-8abf-4db893422516 | Context users@openstack cleanup() finished in 8.75 sec
2019-07-04 08:04:04.735 1842 INFO rally.task.engine [-] Load duration is: 2.909281
2019-07-04 08:04:04.735 1842 INFO rally.task.engine [-] Full runner duration is: 2.956104
2019-07-04 08:04:04.736 1842 INFO rally.task.engine [-] Full duration is: 22.995138
2019-07-04 08:04:04.941 1842 INFO rally.task.engine [-] Running workload: position = 0 config = { "version": 2, "title": "A cropped version of a bigger task.", "description": "Auto-generated task from a single workload (uuid=c43e5df5-056b-4ae6-b083-a9c78010f2f6)", "subtasks": [ { "title": "CinderQos.create_and_set_qos", "description": "Create a qos, then Add/Update keys in qos specs.", "scenario": { "CinderQos.create_and_set_qos": { "consumer": "back-end", "write_iops_sec": "10", "read_iops_sec": "1000", "set_consumer": "both", "set_write_iops_sec": "11", "set_read_iops_sec": "1001" } }, "contexts": { "users": { "tenants": 3, "users_per_tenant": 2 }, "api_versions": { "cinder": { "version": 3, "service_type": "volumev3" } } }, "runner": { "constant": { "concurrency": 4, "times": 10 } }, "hooks": [], "sla": { "failure_rate": { "max": 0 } } } ] }
2019-07-04 08:04:04.963 1842 RALLYDEBUG rally_openstack.contexts.keystone.users [-] Creating 3 tenants using 20 threads
2019-07-04 08:04:06.745 1842 RALLYDEBUG rally_openstack.contexts.keystone.users [-] Creating 6 users using 20 threads
2019-07-04 08:04:09.431 1842 INFO rally.task.context [-] Task 0a2d51b1-b380-44c2-8abf-4db893422516 | Context users@openstack setup() finished in 4.47 sec
2019-07-04 08:04:09.853 1842 INFO rally.task.context [-] Task 0a2d51b1-b380-44c2-8abf-4db893422516 | Context api_versions@openstack setup() finished in 0.42 sec
2019-07-04 08:04:09.854 1842 INFO rally.task.context [-] Task 0a2d51b1-b380-44c2-8abf-4db893422516 | Context admin_cleanup@openstack setup() finished in 0.01 msec
2019-07-04 08:04:09.861 1842 RALLYDEBUG rally.task.runner [-] Starting the constant runner (task UUID: 0a2d51b1-b380-44c2-8abf-4db893422516). timeout: 0 concurrency: 4 concurrency_per_worker: 1 times: 10 concurrency_overhead: 0 processes_to_start: 4 max_cpu_used: 16
2019-07-04 08:04:09.874 5478 RALLYDEBUG rally.task.runner [-] Starting a worker. concurrency: 1 args: {"consumer": "back-end", "write_iops_sec": "10", "read_iops_sec": "1000", "set_consumer": "both", "set_write_iops_sec": "11", "set_read_iops_sec": "1001"} times: 10 method_name: run timeout: 0 duration: None cls:
2019-07-04 08:04:09.875 5479 RALLYDEBUG rally.task.runner [-] Starting a worker. concurrency: 1 args: {"consumer": "back-end", "write_iops_sec": "10", "read_iops_sec": "1000", "set_consumer": "both", "set_write_iops_sec": "11", "set_read_iops_sec": "1001"} times: 10 method_name: run timeout: 0 duration: None cls:
2019-07-04 08:04:09.880 5480 RALLYDEBUG rally.task.runner [-] Starting a worker. concurrency: 1 args: {"consumer": "back-end", "write_iops_sec": "10", "read_iops_sec": "1000", "set_consumer": "both", "set_write_iops_sec": "11", "set_read_iops_sec": "1001"} times: 10 method_name: run timeout: 0 duration: None cls:
2019-07-04 08:04:09.882 5478 INFO rally.task.runner [-] Task 0a2d51b1-b380-44c2-8abf-4db893422516 | ITER: 1 START
2019-07-04 08:04:09.882 5479 INFO rally.task.runner [-] Task 0a2d51b1-b380-44c2-8abf-4db893422516 | ITER: 2 START
2019-07-04 08:04:09.883 5481 RALLYDEBUG rally.task.runner [-] Starting a worker. concurrency: 1 args: {"consumer": "back-end", "write_iops_sec": "10", "read_iops_sec": "1000", "set_consumer": "both", "set_write_iops_sec": "11", "set_read_iops_sec": "1001"} times: 10 method_name: run timeout: 0 duration: None cls:
2019-07-04 08:04:09.887 5480 INFO rally.task.runner [-] Task 0a2d51b1-b380-44c2-8abf-4db893422516 | ITER: 3 START
2019-07-04 08:04:09.890 5481 INFO rally.task.runner [-] Task 0a2d51b1-b380-44c2-8abf-4db893422516 | ITER: 4 START
2019-07-04 08:04:10.984 5480 INFO rally.task.runner [-] Task 0a2d51b1-b380-44c2-8abf-4db893422516 | ITER: 3 END: OK
2019-07-04 08:04:10.989 5480 INFO rally.task.runner [-] Task 0a2d51b1-b380-44c2-8abf-4db893422516 | ITER: 5 START
2019-07-04 08:04:11.020 5481 INFO rally.task.runner [-] Task 0a2d51b1-b380-44c2-8abf-4db893422516 | ITER: 4 END: OK
2019-07-04 08:04:11.025 5481 INFO rally.task.runner [-] Task 0a2d51b1-b380-44c2-8abf-4db893422516 | ITER: 6 START
2019-07-04 08:04:11.039 5479 INFO rally.task.runner [-] Task 0a2d51b1-b380-44c2-8abf-4db893422516 | ITER: 2 END: OK
2019-07-04 08:04:11.044 5479 INFO rally.task.runner [-] Task 0a2d51b1-b380-44c2-8abf-4db893422516 | ITER: 7 START
2019-07-04 08:04:11.051 5478 INFO rally.task.runner [-] Task 0a2d51b1-b380-44c2-8abf-4db893422516 | ITER: 1 END: OK
2019-07-04 08:04:11.056 5478 INFO rally.task.runner [-] Task 0a2d51b1-b380-44c2-8abf-4db893422516 | ITER: 8 START
2019-07-04 08:04:11.979 5479 INFO rally.task.runner [-] Task 0a2d51b1-b380-44c2-8abf-4db893422516 | ITER: 7 END: OK
2019-07-04 08:04:11.984 5479 INFO rally.task.runner [-] Task 0a2d51b1-b380-44c2-8abf-4db893422516 | ITER: 9 START
2019-07-04 08:04:12.004 5480 INFO rally.task.runner [-] Task 0a2d51b1-b380-44c2-8abf-4db893422516 | ITER: 5 END: OK
2019-07-04 08:04:12.008 5480 INFO rally.task.runner [-] Task 0a2d51b1-b380-44c2-8abf-4db893422516 | ITER: 10 START
2019-07-04 08:04:12.016 5481 INFO rally.task.runner [-] Task 0a2d51b1-b380-44c2-8abf-4db893422516 | ITER: 6 END: OK
2019-07-04 08:04:12.177 5478 INFO rally.task.runner [-] Task 0a2d51b1-b380-44c2-8abf-4db893422516 | ITER: 8 END: OK
2019-07-04 08:04:12.906 5479 INFO rally.task.runner [-] Task 0a2d51b1-b380-44c2-8abf-4db893422516 | ITER: 9 END: OK
2019-07-04 08:04:12.948 5480 INFO rally.task.runner [-] Task 0a2d51b1-b380-44c2-8abf-4db893422516 | ITER: 10 END: OK
2019-07-04 08:04:12.972 1842 INFO rally.task.context [-] Task 0a2d51b1-b380-44c2-8abf-4db893422516 | Context admin_cleanup@openstack cleanup() started
2019-07-04 08:04:12.974 1842 RALLYDEBUG rally_openstack.cleanup.manager [-] Cleaning up cinder volume_types objects
2019-07-04 08:04:13.615 1842 RALLYDEBUG rally_openstack.cleanup.manager [-] Cleaning up cinder image_volumes_cache objects
2019-07-04 08:04:15.074 1842 RALLYDEBUG rally_openstack.cleanup.manager [-] Cleaning up cinder quotas objects
2019-07-04 08:04:16.589 1842 RALLYDEBUG rally_openstack.cleanup.manager [-] Cleaning up cinder qos_specs objects
2019-07-04 08:04:17.279 1842 RALLYDEBUG rally_openstack.cleanup.manager [-] Deleting cinder.qos_specs object s_rally_c43e5df5_FPweloVJ (fb9cd825-4512-4ffa-9289-0be68cce51ff)
2019-07-04 08:04:17.287 1842 RALLYDEBUG rally_openstack.cleanup.manager [-] Deleting cinder.qos_specs object s_rally_c43e5df5_VasQb9dA (d8ba33c5-65f2-4d88-9dc7-114c1668a997)
2019-07-04 08:04:17.291 1842 RALLYDEBUG rally_openstack.cleanup.manager [-] Deleting cinder.qos_specs object s_rally_c43e5df5_oqBuSCa4 (dc030c18-8e3e-442b-ab54-6924e43479a0)
2019-07-04 08:04:17.303 1842 RALLYDEBUG rally_openstack.cleanup.manager [-] Deleting cinder.qos_specs object s_rally_c43e5df5_4dLd2Xfd (bffe10bc-4eac-412d-81dc-6003a25b623e)
2019-07-04 08:04:17.312 1842 RALLYDEBUG rally_openstack.cleanup.manager [-] Deleting cinder.qos_specs object s_rally_c43e5df5_UvhMz30A (8de6ea78-936e-4ed4-862f-54709ced77ff)
2019-07-04 08:04:17.317 1842 RALLYDEBUG rally_openstack.cleanup.manager [-] Deleting cinder.qos_specs object s_rally_c43e5df5_Z9zx2QAb (695890c9-3a3c-44ed-b2d1-a802b8416e33)
2019-07-04 08:04:17.336 1842 RALLYDEBUG rally_openstack.cleanup.manager [-] Deleting cinder.qos_specs object s_rally_c43e5df5_NOsMN3qQ (9657975e-4e35-4934-bcb5-c76fe569e1c6)
2019-07-04 08:04:17.343 1842 RALLYDEBUG rally_openstack.cleanup.manager [-] Deleting cinder.qos_specs object s_rally_c43e5df5_mr2oOQ95 (82aa6a0d-01b5-46ea-97e7-2fac15d2bf79)
2019-07-04 08:04:17.362 1842 RALLYDEBUG rally_openstack.cleanup.manager [-] Deleting cinder.qos_specs object s_rally_c43e5df5_yGmul4w3 (099d6a76-280d-4704-a685-00f3ed7edcd0)
2019-07-04 08:04:17.381 1842 RALLYDEBUG rally_openstack.cleanup.manager [-] Deleting cinder.qos_specs object s_rally_c43e5df5_MUCAcYX8 (4fc207cc-2de6-407c-83d4-3f46b8ae2f6d)
2019-07-04 08:04:19.730 1842 INFO rally.task.context [-] Task 0a2d51b1-b380-44c2-8abf-4db893422516 | Context admin_cleanup@openstack cleanup() finished in 6.76 sec
2019-07-04 08:04:19.730 1842 INFO rally.task.context [-] Task 0a2d51b1-b380-44c2-8abf-4db893422516 | Context api_versions@openstack cleanup() started
2019-07-04 08:04:19.731 1842 INFO rally.task.context [-] Task 0a2d51b1-b380-44c2-8abf-4db893422516 | Context api_versions@openstack cleanup() finished in 0.32 msec
2019-07-04 08:04:19.731 1842 INFO rally.task.context [-] Task 0a2d51b1-b380-44c2-8abf-4db893422516 | Context users@openstack cleanup() started
2019-07-04 08:04:26.574 1842 INFO rally.task.context [-] Task 0a2d51b1-b380-44c2-8abf-4db893422516 | Context users@openstack cleanup() finished in 6.84 sec
2019-07-04 08:04:27.063 1842 INFO rally.task.engine [-] Load duration is: 3.063653
2019-07-04 08:04:27.064 1842 INFO rally.task.engine [-] Full runner duration is: 3.111493
2019-07-04 08:04:27.064 1842 INFO rally.task.engine [-] Full duration is: 21.613902
2019-07-04 08:04:27.283 1842 INFO rally.task.engine [-] Running workload: position = 0 config = { "version": 2, "title": "A cropped version of a bigger task.", "description": "Auto-generated task from a single workload (uuid=dae3a38e-a8bb-45cf-bae4-da426354660d)", "subtasks": [ { "title": "CinderVolumeTypes.create_and_get_volume_type", "description": "Create a volume Type, then get the details of the type.", "scenario": { "CinderVolumeTypes.create_and_get_volume_type": { "description": "rally tests creating types" } }, "contexts": { "users": { "tenants": 3, "users_per_tenant": 2 }, "api_versions": { "cinder": { "version": 3, "service_type": "volumev3" } } }, "runner": { "constant": { "concurrency": 4, "times": 10 } }, "hooks": [], "sla": { "failure_rate": { "max": 0 } } } ] }
2019-07-04 08:04:27.306 1842 RALLYDEBUG rally_openstack.contexts.keystone.users [-] Creating 3 tenants using 20 threads
2019-07-04 08:04:29.136 1842 RALLYDEBUG rally_openstack.contexts.keystone.users [-] Creating 6 users using 20 threads
2019-07-04 08:04:31.750 1842 INFO rally.task.context [-] Task 0a2d51b1-b380-44c2-8abf-4db893422516 | Context users@openstack setup() finished in 4.44 sec
2019-07-04 08:04:32.247 1842 INFO rally.task.context [-] Task 0a2d51b1-b380-44c2-8abf-4db893422516 | Context api_versions@openstack setup() finished in 0.50 sec
2019-07-04 08:04:32.248 1842 INFO rally.task.context [-] Task 0a2d51b1-b380-44c2-8abf-4db893422516 | Context admin_cleanup@openstack setup() finished in 0.01 msec
2019-07-04 08:04:32.255 1842 RALLYDEBUG rally.task.runner [-] Starting the constant runner (task UUID: 0a2d51b1-b380-44c2-8abf-4db893422516). timeout: 0 concurrency: 4 concurrency_per_worker: 1 times: 10 concurrency_overhead: 0 processes_to_start: 4 max_cpu_used: 16
2019-07-04 08:04:32.268 5662 RALLYDEBUG rally.task.runner [-] Starting a worker. concurrency: 1 args: {"description": "rally tests creating types"} times: 10 method_name: run timeout: 0 duration: None cls:
2019-07-04 08:04:32.271 5663 RALLYDEBUG rally.task.runner [-] Starting a worker. concurrency: 1 args: {"description": "rally tests creating types"} times: 10 method_name: run timeout: 0 duration: None cls:
2019-07-04 08:04:32.273 5664 RALLYDEBUG rally.task.runner [-] Starting a worker. concurrency: 1 args: {"description": "rally tests creating types"} times: 10 method_name: run timeout: 0 duration: None cls:
2019-07-04 08:04:32.276 5662 INFO rally.task.runner [-] Task 0a2d51b1-b380-44c2-8abf-4db893422516 | ITER: 1 START
2019-07-04 08:04:32.276 5665 RALLYDEBUG rally.task.runner [-] Starting a worker. concurrency: 1 args: {"description": "rally tests creating types"} times: 10 method_name: run timeout: 0 duration: None cls:
2019-07-04 08:04:32.279 5663 INFO rally.task.runner [-] Task 0a2d51b1-b380-44c2-8abf-4db893422516 | ITER: 2 START
2019-07-04 08:04:32.281 5664 INFO rally.task.runner [-] Task 0a2d51b1-b380-44c2-8abf-4db893422516 | ITER: 3 START
2019-07-04 08:04:32.284 5665 INFO rally.task.runner [-] Task 0a2d51b1-b380-44c2-8abf-4db893422516 | ITER: 4 START
2019-07-04 08:04:33.409 5663 INFO rally.task.runner [-] Task 0a2d51b1-b380-44c2-8abf-4db893422516 | ITER: 2 END: OK
2019-07-04 08:04:33.415 5663 INFO rally.task.runner [-] Task 0a2d51b1-b380-44c2-8abf-4db893422516 | ITER: 5 START
2019-07-04 08:04:33.416 5665 INFO rally.task.runner [-] Task 0a2d51b1-b380-44c2-8abf-4db893422516 | ITER: 4 END: OK
2019-07-04 08:04:33.421 5665 INFO rally.task.runner [-] Task 0a2d51b1-b380-44c2-8abf-4db893422516 | ITER: 6 START
2019-07-04 08:04:33.446 5664 INFO rally.task.runner [-] Task 0a2d51b1-b380-44c2-8abf-4db893422516 | ITER: 3 END: OK
2019-07-04 08:04:33.451 5664 INFO rally.task.runner [-] Task 0a2d51b1-b380-44c2-8abf-4db893422516 | ITER: 7 START
2019-07-04 08:04:33.463 5662 INFO rally.task.runner [-] Task 0a2d51b1-b380-44c2-8abf-4db893422516 | ITER: 1 END: OK
2019-07-04 08:04:33.468 5662 INFO rally.task.runner [-] Task 0a2d51b1-b380-44c2-8abf-4db893422516 | ITER: 8 START
2019-07-04 08:04:34.291 5663 INFO rally.task.runner [-] Task 0a2d51b1-b380-44c2-8abf-4db893422516 | ITER: 5 END: OK
2019-07-04 08:04:34.295 5663 INFO rally.task.runner [-] Task 0a2d51b1-b380-44c2-8abf-4db893422516 | ITER: 9 START
2019-07-04 08:04:34.388 5665 INFO rally.task.runner [-] Task 0a2d51b1-b380-44c2-8abf-4db893422516 | ITER: 6 END: OK
2019-07-04 08:04:34.393 5665 INFO rally.task.runner [-] Task 0a2d51b1-b380-44c2-8abf-4db893422516 | ITER: 10 START
2019-07-04 08:04:34.412 5664 INFO rally.task.runner [-] Task 0a2d51b1-b380-44c2-8abf-4db893422516 | ITER: 7 END: OK
2019-07-04 08:04:34.528 5662 INFO rally.task.runner [-] Task 0a2d51b1-b380-44c2-8abf-4db893422516 | ITER: 8 END: OK
2019-07-04 08:04:35.190 5663 INFO rally.task.runner [-] Task 0a2d51b1-b380-44c2-8abf-4db893422516 | ITER: 9 END: OK
2019-07-04 08:04:35.403 5665 INFO rally.task.runner [-] Task 0a2d51b1-b380-44c2-8abf-4db893422516 | ITER: 10 END: OK
2019-07-04 08:04:35.431 1842 INFO rally.task.context [-] Task 0a2d51b1-b380-44c2-8abf-4db893422516 | Context admin_cleanup@openstack cleanup() started
2019-07-04 08:04:35.433 1842 RALLYDEBUG rally_openstack.cleanup.manager [-] Cleaning up cinder volume_types objects
2019-07-04 08:04:36.124 1842 RALLYDEBUG rally_openstack.cleanup.manager [-] Deleting cinder.volume_types object s_rally_dae3a38e_ugi5LCrO (8ad9266c-ce40-4538-bcb6-444f3fa0a009)
2019-07-04 08:04:36.127 1842 RALLYDEBUG rally_openstack.cleanup.manager [-] Deleting cinder.volume_types object s_rally_dae3a38e_ve0VlFPQ (1ef63571-eb14-4a55-a6f8-1be2d1987194)
2019-07-04 08:04:36.130 1842 RALLYDEBUG rally_openstack.cleanup.manager [-] Deleting cinder.volume_types object s_rally_dae3a38e_srefwYQc (e94a78df-19a1-4cee-abaf-fb9aad344b18)
2019-07-04 08:04:36.134 1842 RALLYDEBUG rally_openstack.cleanup.manager [-] Deleting cinder.volume_types object s_rally_dae3a38e_6PfDbOHl (3ba291a0-8f72-4416-a7cc-727315d3f5bf)
2019-07-04 08:04:36.142 1842 RALLYDEBUG rally_openstack.cleanup.manager [-] Deleting cinder.volume_types object s_rally_dae3a38e_JyYP5PNw (b0dc88bf-203b-43e3-8d94-44b90a8f0d10)
2019-07-04 08:04:36.144 1842 RALLYDEBUG rally_openstack.cleanup.manager [-] Deleting cinder.volume_types object s_rally_dae3a38e_BxklzeBF (4edfb8ce-6fc1-4e3d-8edd-4e05d98f59d5)
2019-07-04 08:04:36.146 1842 RALLYDEBUG rally_openstack.cleanup.manager [-] Deleting cinder.volume_types object s_rally_dae3a38e_8rYyLcha (31727390-94f0-4253-b166-d9c5c4a389ce)
2019-07-04 08:04:36.152 1842 RALLYDEBUG rally_openstack.cleanup.manager [-] Deleting cinder.volume_types object s_rally_dae3a38e_n098Ycy4 (6360d1c8-b906-48fe-8d8b-233a8603115e)
2019-07-04 08:04:36.159 1842 RALLYDEBUG rally_openstack.cleanup.manager [-] Deleting cinder.volume_types object s_rally_dae3a38e_apfQg2b2 (50938051-7605-4049-987a-e71adc20f371)
2019-07-04 08:04:36.174 1842 RALLYDEBUG rally_openstack.cleanup.manager [-] Deleting cinder.volume_types object s_rally_dae3a38e_8W0J2Cv6 (9f1cb1f9-f1d6-4ffd-9da8-f9d81abe78d6)
2019-07-04 08:04:38.499 1842 RALLYDEBUG rally_openstack.cleanup.manager [-] Cleaning up cinder image_volumes_cache objects
2019-07-04 08:04:39.469 1842 RALLYDEBUG rally_openstack.cleanup.manager [-] Cleaning up cinder quotas objects
2019-07-04 08:04:41.075 1842 RALLYDEBUG rally_openstack.cleanup.manager [-] Cleaning up cinder qos_specs objects
2019-07-04 08:04:41.792 1842 INFO rally.task.context [-] Task 0a2d51b1-b380-44c2-8abf-4db893422516 | Context admin_cleanup@openstack cleanup() finished in 6.36 sec
2019-07-04 08:04:41.793 1842 INFO rally.task.context [-] Task 0a2d51b1-b380-44c2-8abf-4db893422516 | Context api_versions@openstack cleanup() started
2019-07-04 08:04:41.793 1842 INFO rally.task.context [-] Task 0a2d51b1-b380-44c2-8abf-4db893422516 | Context api_versions@openstack cleanup() finished in 0.34 msec
2019-07-04 08:04:41.794 1842 INFO rally.task.context [-] Task 0a2d51b1-b380-44c2-8abf-4db893422516 | Context users@openstack cleanup() started
2019-07-04 08:04:48.517 1842 INFO rally.task.context [-] Task 0a2d51b1-b380-44c2-8abf-4db893422516 | Context users@openstack cleanup() finished in 6.72 sec
2019-07-04 08:04:49.432 1842 INFO rally.task.engine [-] Load duration is: 3.124026
2019-07-04 08:04:49.432 1842 INFO rally.task.engine [-] Full runner duration is: 3.176324
2019-07-04 08:04:49.433 1842 INFO rally.task.engine [-] Full duration is: 21.215231
2019-07-04 08:04:49.678 1842 INFO rally.task.engine [-] Running workload: position = 0 config = { "version": 2, "title": "A cropped version of a bigger task.", "description": "Auto-generated task from a single workload (uuid=c9526cab-5d5c-4ca4-8c8e-4e2daa78d4b3)", "subtasks": [ { "title": "CinderVolumeTypes.create_and_list_volume_types", "description": "Create a volume Type, then list all types.", "scenario": { "CinderVolumeTypes.create_and_list_volume_types": { "description": "rally tests creating types" } }, "contexts": { "users": { "tenants": 3, "users_per_tenant": 2 }, "api_versions": { "cinder": { "version": 3, "service_type": "volumev3" } } }, "runner": { "constant": { "concurrency": 4, "times": 10 } }, "hooks": [], "sla": { "failure_rate": { "max": 0 } } } ] }
2019-07-04 08:04:49.701 1842 RALLYDEBUG rally_openstack.contexts.keystone.users [-] Creating 3 tenants using 20 threads
2019-07-04 08:04:51.524 1842 RALLYDEBUG rally_openstack.contexts.keystone.users [-] Creating 6 users using 20 threads
2019-07-04 08:04:54.249 1842 INFO rally.task.context [-] Task 0a2d51b1-b380-44c2-8abf-4db893422516 | Context users@openstack setup() finished in 4.55 sec
2019-07-04 08:04:54.675 1842 INFO rally.task.context [-] Task 0a2d51b1-b380-44c2-8abf-4db893422516 | Context api_versions@openstack setup() finished in 0.43 sec
2019-07-04 08:04:54.675 1842 INFO rally.task.context [-] Task 0a2d51b1-b380-44c2-8abf-4db893422516 | Context admin_cleanup@openstack setup() finished in 0.01 msec
2019-07-04 08:04:54.683 1842 RALLYDEBUG rally.task.runner [-] Starting the constant runner (task UUID: 0a2d51b1-b380-44c2-8abf-4db893422516). timeout: 0 concurrency: 4 concurrency_per_worker: 1 times: 10 concurrency_overhead: 0 processes_to_start: 4 max_cpu_used: 16
2019-07-04 08:04:54.696 5846 RALLYDEBUG rally.task.runner [-] Starting a worker. concurrency: 1 args: {"description": "rally tests creating types"} times: 10 method_name: run timeout: 0 duration: None cls:
2019-07-04 08:04:54.698 5847 RALLYDEBUG rally.task.runner [-] Starting a worker. concurrency: 1 args: {"description": "rally tests creating types"} times: 10 method_name: run timeout: 0 duration: None cls:
2019-07-04 08:04:54.701 5848 RALLYDEBUG rally.task.runner [-] Starting a worker. concurrency: 1 args: {"description": "rally tests creating types"} times: 10 method_name: run timeout: 0 duration: None cls:
2019-07-04 08:04:54.704 5846 INFO rally.task.runner [-] Task 0a2d51b1-b380-44c2-8abf-4db893422516 | ITER: 1 START
2019-07-04 08:04:54.704 5847 INFO rally.task.runner [-] Task 0a2d51b1-b380-44c2-8abf-4db893422516 | ITER: 2 START
2019-07-04 08:04:54.704 5849 RALLYDEBUG rally.task.runner [-] Starting a worker. concurrency: 1 args: {"description": "rally tests creating types"} times: 10 method_name: run timeout: 0 duration: None cls:
2019-07-04 08:04:54.709 5848 INFO rally.task.runner [-] Task 0a2d51b1-b380-44c2-8abf-4db893422516 | ITER: 3 START
2019-07-04 08:04:54.713 5849 INFO rally.task.runner [-] Task 0a2d51b1-b380-44c2-8abf-4db893422516 | ITER: 4 START
2019-07-04 08:04:55.755 5848 INFO rally.task.runner [-] Task 0a2d51b1-b380-44c2-8abf-4db893422516 | ITER: 3 END: OK
2019-07-04 08:04:55.757 5847 INFO rally.task.runner [-] Task 0a2d51b1-b380-44c2-8abf-4db893422516 | ITER: 2 END: OK
2019-07-04 08:04:55.760 5848 INFO rally.task.runner [-] Task 0a2d51b1-b380-44c2-8abf-4db893422516 | ITER: 5 START
2019-07-04 08:04:55.762 5847 INFO rally.task.runner [-] Task 0a2d51b1-b380-44c2-8abf-4db893422516 | ITER: 6 START
2019-07-04 08:04:55.780 5846 INFO rally.task.runner [-] Task 0a2d51b1-b380-44c2-8abf-4db893422516 | ITER: 1 END: OK
2019-07-04 08:04:55.785 5846 INFO rally.task.runner [-] Task 0a2d51b1-b380-44c2-8abf-4db893422516 | ITER: 7 START
2019-07-04 08:04:55.799 5849 INFO rally.task.runner [-] Task 0a2d51b1-b380-44c2-8abf-4db893422516 | ITER: 4 END: OK
2019-07-04 08:04:55.803 5849 INFO rally.task.runner [-] Task 0a2d51b1-b380-44c2-8abf-4db893422516 | ITER: 8 START
2019-07-04 08:04:56.745 5847 INFO rally.task.runner [-] Task 0a2d51b1-b380-44c2-8abf-4db893422516 | ITER: 6 END: OK
2019-07-04 08:04:56.749 5847 INFO rally.task.runner [-] Task 0a2d51b1-b380-44c2-8abf-4db893422516 | ITER: 9 START
2019-07-04 08:04:56.754 5846 INFO rally.task.runner [-] Task 0a2d51b1-b380-44c2-8abf-4db893422516 | ITER: 7 END: OK
2019-07-04 08:04:56.758 5846 INFO rally.task.runner [-] Task 0a2d51b1-b380-44c2-8abf-4db893422516 | ITER: 10 START
2019-07-04 08:04:56.758 5848 INFO rally.task.runner [-] Task 0a2d51b1-b380-44c2-8abf-4db893422516 | ITER: 5 END: OK
2019-07-04 08:04:56.776 5849 INFO rally.task.runner [-] Task 0a2d51b1-b380-44c2-8abf-4db893422516 | ITER: 8 END: OK
2019-07-04 08:04:57.641 5847 INFO rally.task.runner [-] Task 0a2d51b1-b380-44c2-8abf-4db893422516 | ITER: 9 END: OK
2019-07-04 08:04:57.786 5846 INFO rally.task.runner [-] Task 0a2d51b1-b380-44c2-8abf-4db893422516 | ITER: 10 END: OK
2019-07-04 08:04:57.808 1842 INFO rally.task.context [-] Task 0a2d51b1-b380-44c2-8abf-4db893422516 | Context admin_cleanup@openstack cleanup() started
2019-07-04 08:04:57.810 1842 RALLYDEBUG rally_openstack.cleanup.manager [-] Cleaning up cinder volume_types objects
2019-07-04 08:04:58.498 1842 RALLYDEBUG rally_openstack.cleanup.manager [-] Deleting cinder.volume_types object s_rally_c9526cab_BIGZ9ts4 (d1a2653a-57e2-43c9-8686-b13d27ab1d70)
2019-07-04 08:04:58.505 1842 RALLYDEBUG rally_openstack.cleanup.manager [-] Deleting cinder.volume_types object s_rally_c9526cab_3NpHHjSJ (ca37b024-0c0d-42fe-957c-0f86c7796db7)
2019-07-04 08:04:58.507 1842 RALLYDEBUG rally_openstack.cleanup.manager [-] Deleting cinder.volume_types object s_rally_c9526cab_SOSPNwRl (302a0b65-7117-42bb-8bd3-893cfc43fd3c)
2019-07-04 08:04:58.515 1842 RALLYDEBUG rally_openstack.cleanup.manager [-] Deleting cinder.volume_types object s_rally_c9526cab_nRzkbykj (207d8834-cb10-4ecb-b632-7687d4d8290f)
2019-07-04 08:04:58.517 1842 RALLYDEBUG rally_openstack.cleanup.manager [-] Deleting cinder.volume_types object s_rally_c9526cab_AHJcYrwu (d15c37d0-7ff6-4aba-814b-3afc6b19b993)
2019-07-04 08:04:58.519 1842 RALLYDEBUG rally_openstack.cleanup.manager [-] Deleting cinder.volume_types object s_rally_c9526cab_nLHNcid2 (54dd5c37-29b9-4458-bd00-a296bfc2bc5e)
2019-07-04 08:04:58.529 1842 RALLYDEBUG rally_openstack.cleanup.manager [-] Deleting cinder.volume_types object s_rally_c9526cab_5Dh1ZYjr (61fbb373-3671-4873-982d-8f3b47f2de17)
2019-07-04 08:04:58.541 1842 RALLYDEBUG rally_openstack.cleanup.manager [-] Deleting cinder.volume_types object s_rally_c9526cab_QDbmimOY (69f45173-5da5-4c84-ae15-acaa989d9434)
2019-07-04 08:04:58.541 1842 RALLYDEBUG rally_openstack.cleanup.manager [-] Deleting cinder.volume_types object s_rally_c9526cab_OhjQfXYf (d890bb9f-61bb-489f-8a03-7fe7be76196a)
2019-07-04 08:04:58.547 1842 RALLYDEBUG rally_openstack.cleanup.manager [-] Deleting cinder.volume_types object s_rally_c9526cab_HLSl5qix (6dc30247-a1f7-4ff6-8ce9-62bfd4ca000c)
2019-07-04 08:05:00.856 1842 RALLYDEBUG rally_openstack.cleanup.manager [-] Cleaning up cinder image_volumes_cache objects
2019-07-04 08:05:01.818 1842 RALLYDEBUG rally_openstack.cleanup.manager [-] Cleaning up cinder quotas objects
2019-07-04 08:05:03.294 1842 RALLYDEBUG rally_openstack.cleanup.manager [-] Cleaning up cinder qos_specs objects
2019-07-04 08:05:04.020 1842 INFO rally.task.context [-] Task 0a2d51b1-b380-44c2-8abf-4db893422516 | Context admin_cleanup@openstack cleanup() finished in 6.21 sec
2019-07-04 08:05:04.020 1842 INFO rally.task.context [-] Task 0a2d51b1-b380-44c2-8abf-4db893422516 | Context api_versions@openstack cleanup() started
2019-07-04 08:05:04.021 1842 INFO rally.task.context [-] Task 0a2d51b1-b380-44c2-8abf-4db893422516 | Context api_versions@openstack cleanup() finished in 0.29 msec
2019-07-04 08:05:04.021 1842 INFO rally.task.context [-] Task 0a2d51b1-b380-44c2-8abf-4db893422516 | Context users@openstack cleanup() started
2019-07-04 08:05:10.699 1842 INFO rally.task.context [-] Task 0a2d51b1-b380-44c2-8abf-4db893422516 | Context users@openstack cleanup() finished in 6.68 sec
2019-07-04 08:05:11.809 1842 INFO rally.task.engine [-] Load duration is: 3.078677
2019-07-04 08:05:11.810 1842 INFO rally.task.engine [-] Full runner duration is: 3.125921
2019-07-04 08:05:11.810 1842 INFO rally.task.engine [-] Full duration is: 21.002315
2019-07-04 08:05:12.061 1842 INFO rally.task.engine [-] Running workload: position = 0 config = { "version": 2, "title": "A cropped version of a bigger task.", "description": "Auto-generated task from a single workload (uuid=7d4c03ac-e057-450d-9fc4-52711c0ddf8e)", "subtasks": [ { "title": "CinderVolumeTypes.create_and_update_volume_type", "description": "create a volume type, then update the type.", "scenario": { "CinderVolumeTypes.create_and_update_volume_type": { "description": "test", "update_description": "test update" } }, "contexts": { "users": { "tenants": 3, "users_per_tenant": 2 }, "api_versions": { "cinder": { "version": 3, "service_type": "volumev3" } } }, "runner": { "constant": { "concurrency": 4, "times": 10 } }, "hooks": [], "sla": { "failure_rate": { "max": 0 } } } ] }
2019-07-04 08:05:12.081 1842 RALLYDEBUG rally_openstack.contexts.keystone.users [-] Creating 3 tenants using 20 threads
2019-07-04 08:05:13.782 1842 RALLYDEBUG rally_openstack.contexts.keystone.users [-] Creating 6 users using 20 threads
2019-07-04 08:05:16.518 1842 INFO rally.task.context [-] Task 0a2d51b1-b380-44c2-8abf-4db893422516 | Context users@openstack setup() finished in 4.44 sec
2019-07-04 08:05:16.929 1842 INFO rally.task.context [-] Task 0a2d51b1-b380-44c2-8abf-4db893422516 | Context api_versions@openstack setup() finished in 0.41 sec
2019-07-04 08:05:16.929 1842 INFO rally.task.context [-] Task 0a2d51b1-b380-44c2-8abf-4db893422516 | Context admin_cleanup@openstack setup() finished in 0.01 msec
2019-07-04 08:05:16.936 1842 RALLYDEBUG rally.task.runner [-] Starting the constant runner (task UUID: 0a2d51b1-b380-44c2-8abf-4db893422516). timeout: 0 concurrency: 4 concurrency_per_worker: 1 times: 10 concurrency_overhead: 0 processes_to_start: 4 max_cpu_used: 16
2019-07-04 08:05:16.946 6030 RALLYDEBUG rally.task.runner [-] Starting a worker. concurrency: 1 args: {"description": "test", "update_description": "test update"} times: 10 method_name: run timeout: 0 duration: None cls:
2019-07-04 08:05:16.951 6030 INFO rally.task.runner [-] Task 0a2d51b1-b380-44c2-8abf-4db893422516 | ITER: 1 START
