2019-07-04 07:35:57.994 7 RALLYDEBUG rally.api [-] INFO logs from urllib3 and requests module are hide.
2019-07-04 07:35:57.994 7 RALLYDEBUG rally.api [-] urllib3 insecure warnings are hidden.
2019-07-04 07:35:57.994 7 RALLYDEBUG rally.api [-] ERROR log from boto module is hide.
2019-07-04 07:35:59.158 7 ERROR rally.cli.cliutils [-] Unexpected exception in CLI: DBRecordNotFound: Record for uuid or name is opnfv-rally not found in table envs
2019-07-04 07:35:59.158 7 ERROR rally.cli.cliutils
Traceback (most recent call last):
2019-07-04 07:35:59.158 7 ERROR rally.cli.cliutils
File "/usr/lib/python2.7/site-packages/rally/cli/cliutils.py", line 674, in run
2019-07-04 07:35:59.158 7 ERROR rally.cli.cliutils ret = fn(*fn_args, **fn_kwargs)
2019-07-04 07:35:59.158 7 ERROR rally.cli.cliutils File "", line 2, in destroy
2019-07-04 07:35:59.158 7 ERROR rally.cli.cliutils
File "/usr/lib/python2.7/site-packages/rally/cli/envutils.py", line 69, in default_from_global
2019-07-04 07:35:59.158 7 ERROR rally.cli.cliutils return f(*args, **kwargs)
2019-07-04 07:35:59.158 7 ERROR rally.cli.cliutils File "", line 2, in destroy
2019-07-04 07:35:59.158 7 ERROR rally.cli.cliutils
File "/usr/lib/python2.7/site-packages/rally/plugins/__init__.py", line 51, in ensure_plugins_are_loaded
2019-07-04 07:35:59.158 7 ERROR rally.cli.cliutils return f(*args, **kwargs)
2019-07-04 07:35:59.158 7 ERROR rally.cli.cliutils
File "/usr/lib/python2.7/site-packages/rally/cli/commands/deployment.py", line 140, in destroy
2019-07-04 07:35:59.158 7 ERROR rally.cli.cliutils api.deployment.destroy(deployment=deployment)
2019-07-04 07:35:59.158 7 ERROR rally.cli.cliutils
File "/usr/lib/python2.7/site-packages/rally/api.py", line 115, in destroy
2019-07-04 07:35:59.158 7 ERROR rally.cli.cliutils deploy = objects.Deployment.get(deployment)
2019-07-04 07:35:59.158 7 ERROR rally.cli.cliutils
File "/usr/lib/python2.7/site-packages/rally/common/objects/deploy.py", line 124, in get
2019-07-04 07:35:59.158 7 ERROR rally.cli.cliutils return Deployment(env_mgr.EnvManager.get(deploy))
2019-07-04 07:35:59.158 7 ERROR rally.cli.cliutils
File "/usr/lib/python2.7/site-packages/rally/env/env_mgr.py", line 212, in get
2019-07-04 07:35:59.158 7 ERROR rally.cli.cliutils return cls(db.env_get(uuid_or_name))
2019-07-04 07:35:59.158 7 ERROR rally.cli.cliutils
File "/usr/lib/python2.7/site-packages/rally/common/db/api.py", line 135, in wrapper
2019-07-04 07:35:59.158 7 ERROR rally.cli.cliutils result = f(session, *args, **kwargs)
2019-07-04 07:35:59.158 7 ERROR rally.cli.cliutils
File "/usr/lib/python2.7/site-packages/rally/common/db/api.py", line 521, in env_get
2019-07-04 07:35:59.158 7 ERROR rally.cli.cliutils criteria="uuid or name is %s" % uuid_or_name, table="envs")
2019-07-04 07:35:59.158 7 ERROR rally.cli.cliutils DBRecordNotFound: Record for uuid or name is opnfv-rally not found in table envs
2019-07-04 07:35:59.158 7 ERROR rally.cli.cliutils
2019-07-04 07:35:59.878 9 RALLYDEBUG rally.api [-] INFO logs from urllib3 and requests module are hide.
2019-07-04 07:35:59.878 9 RALLYDEBUG rally.api [-] urllib3 insecure warnings are hidden.
2019-07-04 07:35:59.878 9 RALLYDEBUG rally.api [-] ERROR log from boto module is hide.
2019-07-04 07:36:00.993 9 WARNING rally_openstack.platforms.existing [-] endpoint is deprecated and not used.
2019-07-04 07:36:01.907 11 RALLYDEBUG rally.api [-] INFO logs from urllib3 and requests module are hide.
2019-07-04 07:36:01.907 11 RALLYDEBUG rally.api [-] urllib3 insecure warnings are hidden.
2019-07-04 07:36:01.907 11 RALLYDEBUG rally.api [-] ERROR log from boto module is hide.
2019-07-04 07:36:05.083 14 RALLYDEBUG rally.api [-] INFO logs from urllib3 and requests module are hide.
2019-07-04 07:36:05.083 14 RALLYDEBUG rally.api [-] urllib3 insecure warnings are hidden.
2019-07-04 07:36:05.083 14 RALLYDEBUG rally.api [-] ERROR log from boto module is hide.
2019-07-04 07:36:06.460 16 RALLYDEBUG rally.api [-] INFO logs from urllib3 and requests module are hide.
2019-07-04 07:36:06.460 16 RALLYDEBUG rally.api [-] urllib3 insecure warnings are hidden.
2019-07-04 07:36:06.461 16 RALLYDEBUG rally.api [-] ERROR log from boto module is hide.
2019-07-04 07:36:07.831 16 INFO rally.task.engine [-] Task dc232818-ba06-4260-978e-2eb38c3da30c | Starting: Task validation.
2019-07-04 07:36:07.874 16 INFO rally.task.engine [-] Task dc232818-ba06-4260-978e-2eb38c3da30c | Starting: Task validation of syntax.
2019-07-04 07:36:07.951 16 INFO rally.task.engine [-] Task dc232818-ba06-4260-978e-2eb38c3da30c | Completed: Task validation of syntax.
2019-07-04 07:36:07.952 16 INFO rally.task.engine [-] Task dc232818-ba06-4260-978e-2eb38c3da30c | Starting: Task validation of required platforms.
2019-07-04 07:36:07.984 16 INFO rally.task.engine [-] Task dc232818-ba06-4260-978e-2eb38c3da30c | Completed: Task validation of required platforms.
2019-07-04 07:36:07.984 16 INFO rally.task.engine [-] Task dc232818-ba06-4260-978e-2eb38c3da30c | Starting: Task validation of semantic.
2019-07-04 07:36:07.985 16 INFO rally.task.engine [-] Check health of the environment 'fc875a37-6a97-4e76-b864-6820100e05af'.
2019-07-04 07:36:08.790 16 INFO rally.task.engine [-] Platform existing@openstack (available: True): OK!
2019-07-04 07:36:08.809 16 RALLYDEBUG rally_openstack.contexts.keystone.users [-] Creating 1 tenants using 20 threads
2019-07-04 07:36:10.620 16 RALLYDEBUG rally_openstack.contexts.keystone.users [-] Creating 1 users using 20 threads
2019-07-04 07:36:12.931 16 INFO rally.task.context [-] Task dc232818-ba06-4260-978e-2eb38c3da30c | Context users@openstack setup() finished in 4.12 sec
2019-07-04 07:36:12.975 16 INFO rally.task.context [-] Task dc232818-ba06-4260-978e-2eb38c3da30c | Context users@openstack cleanup() started
2019-07-04 07:36:17.605 16 INFO rally.task.context [-] Task dc232818-ba06-4260-978e-2eb38c3da30c | Context users@openstack cleanup() finished in 4.63 sec
2019-07-04 07:36:17.606 16 INFO rally.task.engine [-] Task dc232818-ba06-4260-978e-2eb38c3da30c | Completed: Task validation of semantic.
2019-07-04 07:36:17.606 16 INFO rally.task.engine [-] Task dc232818-ba06-4260-978e-2eb38c3da30c | Completed: Task validation.
2019-07-04 07:36:17.606 16 INFO rally.api [-] Task dc232818-ba06-4260-978e-2eb38c3da30c input file is valid.
2019-07-04 07:36:17.607 16 INFO rally.api [-] Run Task dc232818-ba06-4260-978e-2eb38c3da30c against Deployment fc875a37-6a97-4e76-b864-6820100e05af
2019-07-04 07:36:17.607 16 INFO rally.task.engine [-] Task dc232818-ba06-4260-978e-2eb38c3da30c | Starting: Running task.
2019-07-04 07:36:17.737 16 INFO rally.task.engine [-] Running workload: position = 0 config = { "version": 2, "title": "A cropped version of a bigger task.", "description": "Auto-generated task from a single workload (uuid=7c96709a-2a8f-40cc-b289-ec4bf3cb2524)", "subtasks": [ { "title": "Authenticate.keystone", "description": "Check Keystone Client.", "scenario": { "Authenticate.keystone": {} }, "contexts": { "users": { "tenants": 3, "users_per_tenant": 2 } }, "runner": { "constant": { "concurrency": 4, "times": 10 } }, "hooks": [], "sla": { "failure_rate": { "max": 0 } } } ] }
2019-07-04 07:36:17.758 16 RALLYDEBUG rally_openstack.contexts.keystone.users [-] Creating 3 tenants using 20 threads
2019-07-04 07:36:19.579 16 RALLYDEBUG rally_openstack.contexts.keystone.users [-] Creating 6 users using 20 threads
2019-07-04 07:36:22.376 16 INFO rally.task.context [-] Task dc232818-ba06-4260-978e-2eb38c3da30c | Context users@openstack setup() finished in 4.62 sec
2019-07-04 07:36:22.384 16 RALLYDEBUG rally.task.runner [-] Starting the constant runner (task UUID: dc232818-ba06-4260-978e-2eb38c3da30c). timeout: 0 concurrency: 4 concurrency_per_worker: 1 times: 10 concurrency_overhead: 0 processes_to_start: 4 max_cpu_used: 16
2019-07-04 07:36:22.397 140 RALLYDEBUG rally.task.runner [-] Starting a worker. concurrency: 1 args: {} times: 10 method_name: run timeout: 0 duration: None cls:
2019-07-04 07:36:22.400 141 RALLYDEBUG rally.task.runner [-] Starting a worker. concurrency: 1 args: {} times: 10 method_name: run timeout: 0 duration: None cls:
2019-07-04 07:36:22.403 140 INFO rally.task.runner [-] Task dc232818-ba06-4260-978e-2eb38c3da30c | ITER: 1 START
2019-07-04 07:36:22.403 142 RALLYDEBUG rally.task.runner [-] Starting a worker. concurrency: 1 args: {} times: 10 method_name: run timeout: 0 duration: None cls:
2019-07-04 07:36:22.406 141 INFO rally.task.runner [-] Task dc232818-ba06-4260-978e-2eb38c3da30c | ITER: 2 START
2019-07-04 07:36:22.405 143 RALLYDEBUG rally.task.runner [-] Starting a worker. concurrency: 1 args: {} times: 10 method_name: run timeout: 0 duration: None cls:
2019-07-04 07:36:22.408 142 INFO rally.task.runner [-] Task dc232818-ba06-4260-978e-2eb38c3da30c | ITER: 3 START
2019-07-04 07:36:22.411 143 INFO rally.task.runner [-] Task dc232818-ba06-4260-978e-2eb38c3da30c | ITER: 4 START
2019-07-04 07:36:23.007 143 INFO rally.task.runner [-] Task dc232818-ba06-4260-978e-2eb38c3da30c | ITER: 4 END: OK
2019-07-04 07:36:23.010 140 INFO rally.task.runner [-] Task dc232818-ba06-4260-978e-2eb38c3da30c | ITER: 1 END: OK
2019-07-04 07:36:23.012 143 INFO rally.task.runner [-] Task dc232818-ba06-4260-978e-2eb38c3da30c | ITER: 5 START
2019-07-04 07:36:23.014 140 INFO rally.task.runner [-] Task dc232818-ba06-4260-978e-2eb38c3da30c | ITER: 6 START
2019-07-04 07:36:23.022 142 INFO rally.task.runner [-] Task dc232818-ba06-4260-978e-2eb38c3da30c | ITER: 3 END: OK
2019-07-04 07:36:23.026 142 INFO rally.task.runner [-] Task dc232818-ba06-4260-978e-2eb38c3da30c | ITER: 7 START
2019-07-04 07:36:23.097 141 INFO rally.task.runner [-] Task dc232818-ba06-4260-978e-2eb38c3da30c | ITER: 2 END: OK
2019-07-04 07:36:23.101 141 INFO rally.task.runner [-] Task dc232818-ba06-4260-978e-2eb38c3da30c | ITER: 8 START
2019-07-04 07:36:23.604 140 INFO rally.task.runner [-] Task dc232818-ba06-4260-978e-2eb38c3da30c | ITER: 6 END: OK
2019-07-04 07:36:23.608 140 INFO rally.task.runner [-] Task dc232818-ba06-4260-978e-2eb38c3da30c | ITER: 9 START
2019-07-04 07:36:23.639 142 INFO rally.task.runner [-] Task dc232818-ba06-4260-978e-2eb38c3da30c | ITER: 7 END: OK
2019-07-04 07:36:23.643 142 INFO rally.task.runner [-] Task dc232818-ba06-4260-978e-2eb38c3da30c | ITER: 10 START
2019-07-04 07:36:23.643 143 INFO rally.task.runner [-] Task dc232818-ba06-4260-978e-2eb38c3da30c | ITER: 5 END: OK
2019-07-04 07:36:23.723 141 INFO rally.task.runner [-] Task dc232818-ba06-4260-978e-2eb38c3da30c | ITER: 8 END: OK
2019-07-04 07:36:24.181 140 INFO rally.task.runner [-] Task dc232818-ba06-4260-978e-2eb38c3da30c | ITER: 9 END: OK
2019-07-04 07:36:24.223 142 INFO rally.task.runner [-] Task dc232818-ba06-4260-978e-2eb38c3da30c | ITER: 10 END: OK
2019-07-04 07:36:24.250 16 INFO rally.task.context [-] Task dc232818-ba06-4260-978e-2eb38c3da30c | Context users@openstack cleanup() started
2019-07-04 07:36:31.241 16 INFO rally.task.context [-] Task dc232818-ba06-4260-978e-2eb38c3da30c | Context users@openstack cleanup() finished in 6.99 sec
2019-07-04 07:36:31.832 16 INFO rally.task.engine [-] Load duration is: 1.817884
2019-07-04 07:36:31.832 16 INFO rally.task.engine [-] Full runner duration is: 1.867241
2019-07-04 07:36:31.833 16 INFO rally.task.engine [-] Full duration is: 13.48501
2019-07-04 07:36:32.114 16 INFO rally.task.engine [-] Running workload: position = 0 config = { "version": 2, "title": "A cropped version of a bigger task.", "description": "Auto-generated task from a single workload (uuid=a9f54bfd-2782-48db-9ead-d15389d3eb7e)", "subtasks": [ { "title": "Authenticate.validate_cinder", "description": "Check Cinder Client to ensure validation of token.", "scenario": { "Authenticate.validate_cinder": { "repetitions": 2 } }, "contexts": { "users": { "tenants": 3, "users_per_tenant": 2 } }, "runner": { "constant": { "concurrency": 4, "times": 10 } }, "hooks": [], "sla": { "failure_rate": { "max": 0 } } } ] }
2019-07-04 07:36:32.135 16 RALLYDEBUG rally_openstack.contexts.keystone.users [-] Creating 3 tenants using 20 threads
2019-07-04 07:36:34.121 16 RALLYDEBUG rally_openstack.contexts.keystone.users [-] Creating 6 users using 20 threads
2019-07-04 07:36:36.855 16 INFO rally.task.context [-] Task dc232818-ba06-4260-978e-2eb38c3da30c | Context users@openstack setup() finished in 4.72 sec
2019-07-04 07:36:36.863 16 RALLYDEBUG rally.task.runner [-] Starting the constant runner (task UUID: dc232818-ba06-4260-978e-2eb38c3da30c). timeout: 0 concurrency: 4 concurrency_per_worker: 1 times: 10 concurrency_overhead: 0 processes_to_start: 4 max_cpu_used: 16
2019-07-04 07:36:36.875 244 RALLYDEBUG rally.task.runner [-] Starting a worker. concurrency: 1 args: {"repetitions": 2} times: 10 method_name: run timeout: 0 duration: None cls:
2019-07-04 07:36:36.877 245 RALLYDEBUG rally.task.runner [-] Starting a worker. concurrency: 1 args: {"repetitions": 2} times: 10 method_name: run timeout: 0 duration: None cls:
2019-07-04 07:36:36.881 244 INFO rally.task.runner [-] Task dc232818-ba06-4260-978e-2eb38c3da30c | ITER: 1 START
2019-07-04 07:36:36.880 246 RALLYDEBUG rally.task.runner [-] Starting a worker. concurrency: 1 args: {"repetitions": 2} times: 10 method_name: run timeout: 0 duration: None cls:
2019-07-04 07:36:36.883 245 INFO rally.task.runner [-] Task dc232818-ba06-4260-978e-2eb38c3da30c | ITER: 2 START
2019-07-04 07:36:36.883 247 RALLYDEBUG rally.task.runner [-] Starting a worker. concurrency: 1 args: {"repetitions": 2} times: 10 method_name: run timeout: 0 duration: None cls:
2019-07-04 07:36:36.887 246 INFO rally.task.runner [-] Task dc232818-ba06-4260-978e-2eb38c3da30c | ITER: 3 START
2019-07-04 07:36:36.889 247 INFO rally.task.runner [-] Task dc232818-ba06-4260-978e-2eb38c3da30c | ITER: 4 START
2019-07-04 07:36:38.748 247 INFO rally.task.runner [-] Task dc232818-ba06-4260-978e-2eb38c3da30c | ITER: 4 END: OK
2019-07-04 07:36:38.752 247 INFO rally.task.runner [-] Task dc232818-ba06-4260-978e-2eb38c3da30c | ITER: 5 START
2019-07-04 07:36:38.768 244 INFO rally.task.runner [-] Task dc232818-ba06-4260-978e-2eb38c3da30c | ITER: 1 END: OK
2019-07-04 07:36:38.772 244 INFO rally.task.runner [-] Task dc232818-ba06-4260-978e-2eb38c3da30c | ITER: 6 START
2019-07-04 07:36:38.811 245 INFO rally.task.runner [-] Task dc232818-ba06-4260-978e-2eb38c3da30c | ITER: 2 END: OK
2019-07-04 07:36:38.815 245 INFO rally.task.runner [-] Task dc232818-ba06-4260-978e-2eb38c3da30c | ITER: 7 START
2019-07-04 07:36:38.833 246 INFO rally.task.runner [-] Task dc232818-ba06-4260-978e-2eb38c3da30c | ITER: 3 END: OK
2019-07-04 07:36:38.837 246 INFO rally.task.runner [-] Task dc232818-ba06-4260-978e-2eb38c3da30c | ITER: 8 START
2019-07-04 07:36:39.697 247 INFO rally.task.runner [-] Task dc232818-ba06-4260-978e-2eb38c3da30c | ITER: 5 END: OK
2019-07-04 07:36:39.700 247 INFO rally.task.runner [-] Task dc232818-ba06-4260-978e-2eb38c3da30c | ITER: 9 START
2019-07-04 07:36:40.413 244 INFO rally.task.runner [-] Task dc232818-ba06-4260-978e-2eb38c3da30c | ITER: 6 END: OK
2019-07-04 07:36:40.417 244 INFO rally.task.runner [-] Task dc232818-ba06-4260-978e-2eb38c3da30c | ITER: 10 START
2019-07-04 07:36:41.539 246 INFO rally.task.runner [-] Task dc232818-ba06-4260-978e-2eb38c3da30c | ITER: 8 END: OK
2019-07-04 07:36:41.762 245 INFO rally.task.runner [-] Task dc232818-ba06-4260-978e-2eb38c3da30c | ITER: 7 END: OK
2019-07-04 07:36:41.885 247 INFO rally.task.runner [-] Task dc232818-ba06-4260-978e-2eb38c3da30c | ITER: 9 END: OK
2019-07-04 07:36:41.894 244 INFO rally.task.runner [-] Task dc232818-ba06-4260-978e-2eb38c3da30c | ITER: 10 END: OK
2019-07-04 07:36:41.917 16 INFO rally.task.context [-] Task dc232818-ba06-4260-978e-2eb38c3da30c | Context users@openstack cleanup() started
2019-07-04 07:36:49.846 16 INFO rally.task.context [-] Task dc232818-ba06-4260-978e-2eb38c3da30c | Context users@openstack cleanup() finished in 7.93 sec
2019-07-04 07:36:50.252 16 INFO rally.task.engine [-] Load duration is: 5.011425
2019-07-04 07:36:50.253 16 INFO rally.task.engine [-] Full runner duration is: 5.054736
2019-07-04 07:36:50.253 16 INFO rally.task.engine [-] Full duration is: 17.712426
2019-07-04 07:36:50.463 16 INFO rally.task.engine [-] Running workload: position = 0 config = { "version": 2, "title": "A cropped version of a bigger task.", "description": "Auto-generated task from a single workload (uuid=33846c45-0023-465b-b360-28840424a42f)", "subtasks": [ { "title": "Authenticate.validate_glance", "description": "Check Glance Client to ensure validation of token.", "scenario": { "Authenticate.validate_glance": { "repetitions": 2 } }, "contexts": { "users": { "tenants": 3, "users_per_tenant": 2 } }, "runner": { "constant": { "concurrency": 4, "times": 10 } }, "hooks": [], "sla": { "failure_rate": { "max": 0 } } } ] }
2019-07-04 07:36:50.485 16 RALLYDEBUG rally_openstack.contexts.keystone.users [-] Creating 3 tenants using 20 threads
2019-07-04 07:36:52.352 16 RALLYDEBUG rally_openstack.contexts.keystone.users [-] Creating 6 users using 20 threads
2019-07-04 07:36:55.140 16 INFO rally.task.context [-] Task dc232818-ba06-4260-978e-2eb38c3da30c | Context users@openstack setup() finished in 4.65 sec
2019-07-04 07:36:55.145 16 RALLYDEBUG rally.task.runner [-] Starting the constant runner (task UUID: dc232818-ba06-4260-978e-2eb38c3da30c). timeout: 0 concurrency: 4 concurrency_per_worker: 1 times: 10 concurrency_overhead: 0 processes_to_start: 4 max_cpu_used: 16
2019-07-04 07:36:55.155 348 RALLYDEBUG rally.task.runner [-] Starting a worker. concurrency: 1 args: {"repetitions": 2} times: 10 method_name: run timeout: 0 duration: None cls:
2019-07-04 07:36:55.158 349 RALLYDEBUG rally.task.runner [-] Starting a worker. concurrency: 1 args: {"repetitions": 2} times: 10 method_name: run timeout: 0 duration: None cls:
2019-07-04 07:36:55.160 350 RALLYDEBUG rally.task.runner [-] Starting a worker. concurrency: 1 args: {"repetitions": 2} times: 10 method_name: run timeout: 0 duration: None cls:
2019-07-04 07:36:55.161 348 INFO rally.task.runner [-] Task dc232818-ba06-4260-978e-2eb38c3da30c | ITER: 1 START
2019-07-04 07:36:55.162 351 RALLYDEBUG rally.task.runner [-] Starting a worker. concurrency: 1 args: {"repetitions": 2} times: 10 method_name: run timeout: 0 duration: None cls:
2019-07-04 07:36:55.165 349 INFO rally.task.runner [-] Task dc232818-ba06-4260-978e-2eb38c3da30c | ITER: 2 START
2019-07-04 07:36:55.166 350 INFO rally.task.runner [-] Task dc232818-ba06-4260-978e-2eb38c3da30c | ITER: 3 START
2019-07-04 07:36:55.168 351 INFO rally.task.runner [-] Task dc232818-ba06-4260-978e-2eb38c3da30c | ITER: 4 START
2019-07-04 07:36:55.953 348 INFO rally.task.runner [-] Task dc232818-ba06-4260-978e-2eb38c3da30c | ITER: 1 END: OK
2019-07-04 07:36:55.958 348 INFO rally.task.runner [-] Task dc232818-ba06-4260-978e-2eb38c3da30c | ITER: 5 START
2019-07-04 07:36:55.976 351 INFO rally.task.runner [-] Task dc232818-ba06-4260-978e-2eb38c3da30c | ITER: 4 END: OK
2019-07-04 07:36:55.980 351 INFO rally.task.runner [-] Task dc232818-ba06-4260-978e-2eb38c3da30c | ITER: 6 START
2019-07-04 07:36:56.003 350 INFO rally.task.runner [-] Task dc232818-ba06-4260-978e-2eb38c3da30c | ITER: 3 END: OK
2019-07-04 07:36:56.008 350 INFO rally.task.runner [-] Task dc232818-ba06-4260-978e-2eb38c3da30c | ITER: 7 START
2019-07-04 07:36:56.113 349 INFO rally.task.runner [-] Task dc232818-ba06-4260-978e-2eb38c3da30c | ITER: 2 END: OK
2019-07-04 07:36:56.118 349 INFO rally.task.runner [-] Task dc232818-ba06-4260-978e-2eb38c3da30c | ITER: 8 START
2019-07-04 07:36:56.960 351 INFO rally.task.runner [-] Task dc232818-ba06-4260-978e-2eb38c3da30c | ITER: 6 END: OK
2019-07-04 07:36:56.964 351 INFO rally.task.runner [-] Task dc232818-ba06-4260-978e-2eb38c3da30c | ITER: 9 START
2019-07-04 07:36:57.020 350 INFO rally.task.runner [-] Task dc232818-ba06-4260-978e-2eb38c3da30c | ITER: 7 END: OK
2019-07-04 07:36:57.024 350 INFO rally.task.runner [-] Task dc232818-ba06-4260-978e-2eb38c3da30c | ITER: 10 START
2019-07-04 07:36:57.048 349 INFO rally.task.runner [-] Task dc232818-ba06-4260-978e-2eb38c3da30c | ITER: 8 END: OK
2019-07-04 07:36:57.055 348 INFO rally.task.runner [-] Task dc232818-ba06-4260-978e-2eb38c3da30c | ITER: 5 END: OK
2019-07-04 07:36:57.716 351 INFO rally.task.runner [-] Task dc232818-ba06-4260-978e-2eb38c3da30c | ITER: 9 END: OK
2019-07-04 07:36:57.783 350 INFO rally.task.runner [-] Task dc232818-ba06-4260-978e-2eb38c3da30c | ITER: 10 END: OK
2019-07-04 07:36:57.803 16 INFO rally.task.context [-] Task dc232818-ba06-4260-978e-2eb38c3da30c | Context users@openstack cleanup() started
2019-07-04 07:37:04.482 16 INFO rally.task.context [-] Task dc232818-ba06-4260-978e-2eb38c3da30c | Context users@openstack cleanup() finished in 6.68 sec
2019-07-04 07:37:04.558 16 INFO rally.task.engine [-] Load duration is: 2.619759
2019-07-04 07:37:04.558 16 INFO rally.task.engine [-] Full runner duration is: 2.658749
2019-07-04 07:37:04.559 16 INFO rally.task.engine [-] Full duration is: 13.998416
2019-07-04 07:37:04.779 16 INFO rally.task.engine [-] Running workload: position = 0 config = { "version": 2, "title": "A cropped version of a bigger task.", "description": "Auto-generated task from a single workload (uuid=3e807325-352e-4a0b-9a4f-4c619912e7cd)", "subtasks": [ { "title": "Authenticate.validate_heat", "description": "Check Heat Client to ensure validation of token.", "scenario": { "Authenticate.validate_heat": { "repetitions": 2 } }, "contexts": { "users": { "tenants": 3, "users_per_tenant": 2 } }, "runner": { "constant": { "concurrency": 4, "times": 10 } }, "hooks": [], "sla": { "failure_rate": { "max": 0 } } } ] }
2019-07-04 07:37:04.801 16 RALLYDEBUG rally_openstack.contexts.keystone.users [-] Creating 3 tenants using 20 threads
2019-07-04 07:37:06.507 16 RALLYDEBUG rally_openstack.contexts.keystone.users [-] Creating 6 users using 20 threads
2019-07-04 07:37:09.368 16 INFO rally.task.context [-] Task dc232818-ba06-4260-978e-2eb38c3da30c | Context users@openstack setup() finished in 4.57 sec
2019-07-04 07:37:09.375 16 RALLYDEBUG rally.task.runner [-] Starting the constant runner (task UUID: dc232818-ba06-4260-978e-2eb38c3da30c). timeout: 0 concurrency: 4 concurrency_per_worker: 1 times: 10 concurrency_overhead: 0 processes_to_start: 4 max_cpu_used: 16
2019-07-04 07:37:09.388 452 RALLYDEBUG rally.task.runner [-] Starting a worker. concurrency: 1 args: {"repetitions": 2} times: 10 method_name: run timeout: 0 duration: None cls:
2019-07-04 07:37:09.390 453 RALLYDEBUG rally.task.runner [-] Starting a worker. concurrency: 1 args: {"repetitions": 2} times: 10 method_name: run timeout: 0 duration: None cls:
2019-07-04 07:37:09.393 454 RALLYDEBUG rally.task.runner [-] Starting a worker. concurrency: 1 args: {"repetitions": 2} times: 10 method_name: run timeout: 0 duration: None cls:
2019-07-04 07:37:09.396 452 INFO rally.task.runner [-] Task dc232818-ba06-4260-978e-2eb38c3da30c | ITER: 1 START
2019-07-04 07:37:09.396 455 RALLYDEBUG rally.task.runner [-] Starting a worker. concurrency: 1 args: {"repetitions": 2} times: 10 method_name: run timeout: 0 duration: None cls:
2019-07-04 07:37:09.397 453 INFO rally.task.runner [-] Task dc232818-ba06-4260-978e-2eb38c3da30c | ITER: 2 START
2019-07-04 07:37:09.400 454 INFO rally.task.runner [-] Task dc232818-ba06-4260-978e-2eb38c3da30c | ITER: 3 START
2019-07-04 07:37:09.401 455 INFO rally.task.runner [-] Task dc232818-ba06-4260-978e-2eb38c3da30c | ITER: 4 START
2019-07-04 07:37:11.276 454 INFO rally.task.runner [-] Task dc232818-ba06-4260-978e-2eb38c3da30c | ITER: 3 END: OK
2019-07-04 07:37:11.280 454 INFO rally.task.runner [-] Task dc232818-ba06-4260-978e-2eb38c3da30c | ITER: 5 START
2019-07-04 07:37:11.297 453 INFO rally.task.runner [-] Task dc232818-ba06-4260-978e-2eb38c3da30c | ITER: 2 END: OK
2019-07-04 07:37:11.301 453 INFO rally.task.runner [-] Task dc232818-ba06-4260-978e-2eb38c3da30c | ITER: 6 START
2019-07-04 07:37:11.309 452 INFO rally.task.runner [-] Task dc232818-ba06-4260-978e-2eb38c3da30c | ITER: 1 END: OK
2019-07-04 07:37:11.313 452 INFO rally.task.runner [-] Task dc232818-ba06-4260-978e-2eb38c3da30c | ITER: 7 START
2019-07-04 07:37:11.320 455 INFO rally.task.runner [-] Task dc232818-ba06-4260-978e-2eb38c3da30c | ITER: 4 END: OK
2019-07-04 07:37:11.324 455 INFO rally.task.runner [-] Task dc232818-ba06-4260-978e-2eb38c3da30c | ITER: 8 START
2019-07-04 07:37:12.506 455 INFO rally.task.runner [-] Task dc232818-ba06-4260-978e-2eb38c3da30c | ITER: 8 END: OK
2019-07-04 07:37:12.511 455 INFO rally.task.runner [-] Task dc232818-ba06-4260-978e-2eb38c3da30c | ITER: 9 START
2019-07-04 07:37:12.631 454 INFO rally.task.runner [-] Task dc232818-ba06-4260-978e-2eb38c3da30c | ITER: 5 END: OK
2019-07-04 07:37:12.635 454 INFO rally.task.runner [-] Task dc232818-ba06-4260-978e-2eb38c3da30c | ITER: 10 START
2019-07-04 07:37:12.779 452 INFO rally.task.runner [-] Task dc232818-ba06-4260-978e-2eb38c3da30c | ITER: 7 END: OK
2019-07-04 07:37:12.850 453 INFO rally.task.runner [-] Task dc232818-ba06-4260-978e-2eb38c3da30c | ITER: 6 END: OK
2019-07-04 07:37:13.446 455 INFO rally.task.runner [-] Task dc232818-ba06-4260-978e-2eb38c3da30c | ITER: 9 END: OK
2019-07-04 07:37:13.552 454 INFO rally.task.runner [-] Task dc232818-ba06-4260-978e-2eb38c3da30c | ITER: 10 END: OK
2019-07-04 07:37:13.577 16 INFO rally.task.context [-] Task dc232818-ba06-4260-978e-2eb38c3da30c | Context users@openstack cleanup() started
2019-07-04 07:37:20.887 16 INFO rally.task.context [-] Task dc232818-ba06-4260-978e-2eb38c3da30c | Context users@openstack cleanup() finished in 7.31 sec
2019-07-04 07:37:22.882 16 INFO rally.task.engine [-] Load duration is: 4.154346
2019-07-04 07:37:22.883 16 INFO rally.task.engine [-] Full runner duration is: 4.201744
2019-07-04 07:37:22.883 16 INFO rally.task.engine [-] Full duration is: 16.088145
2019-07-04 07:37:23.101 16 INFO rally.task.engine [-] Running workload: position = 0 config = { "version": 2, "title": "A cropped version of a bigger task.", "description": "Auto-generated task from a single workload (uuid=999b6560-d1f5-4cd8-9913-5e005e193e01)", "subtasks": [ { "title": "Authenticate.validate_neutron", "description": "Check Neutron Client to ensure validation of token.", "scenario": { "Authenticate.validate_neutron": { "repetitions": 2 } }, "contexts": { "users": { "tenants": 3, "users_per_tenant": 2 } }, "runner": { "constant": { "concurrency": 4, "times": 10 } }, "hooks": [], "sla": { "failure_rate": { "max": 0 } } } ] }
2019-07-04 07:37:23.123 16 RALLYDEBUG rally_openstack.contexts.keystone.users [-] Creating 3 tenants using 20 threads
2019-07-04 07:37:24.935 16 RALLYDEBUG rally_openstack.contexts.keystone.users [-] Creating 6 users using 20 threads
2019-07-04 07:37:27.568 16 INFO rally.task.context [-] Task dc232818-ba06-4260-978e-2eb38c3da30c | Context users@openstack setup() finished in 4.44 sec
2019-07-04 07:37:27.576 16 RALLYDEBUG rally.task.runner [-] Starting the constant runner (task UUID: dc232818-ba06-4260-978e-2eb38c3da30c). timeout: 0 concurrency: 4 concurrency_per_worker: 1 times: 10 concurrency_overhead: 0 processes_to_start: 4 max_cpu_used: 16
2019-07-04 07:37:27.588 556 RALLYDEBUG rally.task.runner [-] Starting a worker. concurrency: 1 args: {"repetitions": 2} times: 10 method_name: run timeout: 0 duration: None cls:
2019-07-04 07:37:27.591 557 RALLYDEBUG rally.task.runner [-] Starting a worker. concurrency: 1 args: {"repetitions": 2} times: 10 method_name: run timeout: 0 duration: None cls:
2019-07-04 07:37:27.593 558 RALLYDEBUG rally.task.runner [-] Starting a worker. concurrency: 1 args: {"repetitions": 2} times: 10 method_name: run timeout: 0 duration: None cls:
2019-07-04 07:37:27.594 556 INFO rally.task.runner [-] Task dc232818-ba06-4260-978e-2eb38c3da30c | ITER: 1 START
2019-07-04 07:37:27.596 559 RALLYDEBUG rally.task.runner [-] Starting a worker. concurrency: 1 args: {"repetitions": 2} times: 10 method_name: run timeout: 0 duration: None cls:
2019-07-04 07:37:27.597 557 INFO rally.task.runner [-] Task dc232818-ba06-4260-978e-2eb38c3da30c | ITER: 2 START
2019-07-04 07:37:27.599 558 INFO rally.task.runner [-] Task dc232818-ba06-4260-978e-2eb38c3da30c | ITER: 3 START
2019-07-04 07:37:27.602 559 INFO rally.task.runner [-] Task dc232818-ba06-4260-978e-2eb38c3da30c | ITER: 4 START
2019-07-04 07:37:28.522 559 INFO rally.task.runner [-] Task dc232818-ba06-4260-978e-2eb38c3da30c | ITER: 4 END: OK
2019-07-04 07:37:28.525 556 INFO rally.task.runner [-] Task dc232818-ba06-4260-978e-2eb38c3da30c | ITER: 1 END: OK
2019-07-04 07:37:28.527 559 INFO rally.task.runner [-] Task dc232818-ba06-4260-978e-2eb38c3da30c | ITER: 5 START
2019-07-04 07:37:28.529 556 INFO rally.task.runner [-] Task dc232818-ba06-4260-978e-2eb38c3da30c | ITER: 6 START
2019-07-04 07:37:28.546 557 INFO rally.task.runner [-] Task dc232818-ba06-4260-978e-2eb38c3da30c | ITER: 2 END: OK
2019-07-04 07:37:28.550 557 INFO rally.task.runner [-] Task dc232818-ba06-4260-978e-2eb38c3da30c | ITER: 7 START
2019-07-04 07:37:28.761 558 INFO rally.task.runner [-] Task dc232818-ba06-4260-978e-2eb38c3da30c | ITER: 3 END: OK
2019-07-04 07:37:28.765 558 INFO rally.task.runner [-] Task dc232818-ba06-4260-978e-2eb38c3da30c | ITER: 8 START
2019-07-04 07:37:29.417 556 INFO rally.task.runner [-] Task dc232818-ba06-4260-978e-2eb38c3da30c | ITER: 6 END: OK
2019-07-04 07:37:29.420 556 INFO rally.task.runner [-] Task dc232818-ba06-4260-978e-2eb38c3da30c | ITER: 9 START
2019-07-04 07:37:29.442 557 INFO rally.task.runner [-] Task dc232818-ba06-4260-978e-2eb38c3da30c | ITER: 7 END: OK
2019-07-04 07:37:29.446 557 INFO rally.task.runner [-] Task dc232818-ba06-4260-978e-2eb38c3da30c | ITER: 10 START
2019-07-04 07:37:29.554 559 INFO rally.task.runner [-] Task dc232818-ba06-4260-978e-2eb38c3da30c | ITER: 5 END: OK
2019-07-04 07:37:29.818 558 INFO rally.task.runner [-] Task dc232818-ba06-4260-978e-2eb38c3da30c | ITER: 8 END: OK
2019-07-04 07:37:30.223 556 INFO rally.task.runner [-] Task dc232818-ba06-4260-978e-2eb38c3da30c | ITER: 9 END: OK
2019-07-04 07:37:30.252 557 INFO rally.task.runner [-] Task dc232818-ba06-4260-978e-2eb38c3da30c | ITER: 10 END: OK
2019-07-04 07:37:30.271 16 INFO rally.task.context [-] Task dc232818-ba06-4260-978e-2eb38c3da30c | Context users@openstack cleanup() started
2019-07-04 07:37:37.264 16 INFO rally.task.context [-] Task dc232818-ba06-4260-978e-2eb38c3da30c | Context users@openstack cleanup() finished in 6.99 sec
2019-07-04 07:37:39.224 16 INFO rally.task.engine [-] Load duration is: 2.65662
2019-07-04 07:37:39.224 16 INFO rally.task.engine [-] Full runner duration is: 2.696355
2019-07-04 07:37:39.225 16 INFO rally.task.engine [-] Full duration is: 14.144108
2019-07-04 07:37:39.438 16 INFO rally.task.engine [-] Running workload: position = 0 config = { "version": 2, "title": "A cropped version of a bigger task.", "description": "Auto-generated task from a single workload (uuid=9d743573-9f5a-4782-b23a-d414c299798d)", "subtasks": [ { "title": "Authenticate.validate_nova", "description": "Check Nova Client to ensure validation of token.", "scenario": { "Authenticate.validate_nova": { "repetitions": 2 } }, "contexts": { "users": { "tenants": 3, "users_per_tenant": 2 } }, "runner": { "constant": { "concurrency": 4, "times": 10 } }, "hooks": [], "sla": { "failure_rate": { "max": 0 } } } ] }
2019-07-04 07:37:39.460 16 RALLYDEBUG rally_openstack.contexts.keystone.users [-] Creating 3 tenants using 20 threads
2019-07-04 07:37:41.284 16 RALLYDEBUG rally_openstack.contexts.keystone.users [-] Creating 6 users using 20 threads
2019-07-04 07:37:43.970 16 INFO rally.task.context [-] Task dc232818-ba06-4260-978e-2eb38c3da30c | Context users@openstack setup() finished in 4.51 sec
2019-07-04 07:37:43.978 16 RALLYDEBUG rally.task.runner [-] Starting the constant runner (task UUID: dc232818-ba06-4260-978e-2eb38c3da30c). timeout: 0 concurrency: 4 concurrency_per_worker: 1 times: 10 concurrency_overhead: 0 processes_to_start: 4 max_cpu_used: 16
2019-07-04 07:37:43.991 660 RALLYDEBUG rally.task.runner [-] Starting a worker. concurrency: 1 args: {"repetitions": 2} times: 10 method_name: run timeout: 0 duration: None cls:
2019-07-04 07:37:43.994 661 RALLYDEBUG rally.task.runner [-] Starting a worker. concurrency: 1 args: {"repetitions": 2} times: 10 method_name: run timeout: 0 duration: None cls:
2019-07-04 07:37:43.997 660 INFO rally.task.runner [-] Task dc232818-ba06-4260-978e-2eb38c3da30c | ITER: 1 START
2019-07-04 07:37:43.998 662 RALLYDEBUG rally.task.runner [-] Starting a worker. concurrency: 1 args: {"repetitions": 2} times: 10 method_name: run timeout: 0 duration: None cls:
2019-07-04 07:37:44.000 661 INFO rally.task.runner [-] Task dc232818-ba06-4260-978e-2eb38c3da30c | ITER: 2 START
2019-07-04 07:37:44.002 663 RALLYDEBUG rally.task.runner [-] Starting a worker. concurrency: 1 args: {"repetitions": 2} times: 10 method_name: run timeout: 0 duration: None cls:
2019-07-04 07:37:44.004 662 INFO rally.task.runner [-] Task dc232818-ba06-4260-978e-2eb38c3da30c | ITER: 3 START
2019-07-04 07:37:44.008 663 INFO rally.task.runner [-] Task dc232818-ba06-4260-978e-2eb38c3da30c | ITER: 4 START
2019-07-04 07:37:44.508 662 DEBUG novaclient.v2.client [-] REQ: curl -g -i -X GET http://172.30.9.25:8774/v2.1/flavors/detail -H "Accept: application/json" -H "User-Agent: python-novaclient" -H "X-Auth-Token: {SHA1}9142c2b41c72de0a815bb453bd60e764b67117fa" _http_log_request /usr/lib/python2.7/site-packages/keystoneauth1/session.py:448
2019-07-04 07:37:44.515 663 DEBUG novaclient.v2.client [-] REQ: curl -g -i -X GET http://172.30.9.25:8774/v2.1/flavors/detail -H "Accept: application/json" -H "User-Agent: python-novaclient" -H "X-Auth-Token: {SHA1}774fa0142ea47051435d36d36c1e713d62bb08a5" _http_log_request /usr/lib/python2.7/site-packages/keystoneauth1/session.py:448
2019-07-04 07:37:44.516 661 DEBUG novaclient.v2.client [-] REQ: curl -g -i -X GET http://172.30.9.25:8774/v2.1/flavors/detail -H "Accept: application/json" -H "User-Agent: python-novaclient" -H "X-Auth-Token: {SHA1}c200228d09b5bd1f6028f560c3cd77766a451543" _http_log_request /usr/lib/python2.7/site-packages/keystoneauth1/session.py:448
2019-07-04 07:37:44.517 660 DEBUG novaclient.v2.client [-] REQ: curl -g -i -X GET http://172.30.9.25:8774/v2.1/flavors/detail -H "Accept: application/json" -H "User-Agent: python-novaclient" -H "X-Auth-Token: {SHA1}63ba9e55b2584cdb1ebd84e59b3d4d81cdc04060" _http_log_request /usr/lib/python2.7/site-packages/keystoneauth1/session.py:448
2019-07-04 07:37:44.793 660 DEBUG novaclient.v2.client [-] RESP: [200] Content-Encoding: gzip Content-Length: 365 Content-Type: application/json Date: Thu, 04 Jul 2019 07:37:44 GMT OpenStack-API-Version: compute 2.1 Server: Apache Vary: OpenStack-API-Version,X-OpenStack-Nova-API-Version,Accept-Encoding X-OpenStack-Nova-API-Version: 2.1 x-compute-request-id: req-4be6b819-ca66-4c9d-879d-e69457056660 x-openstack-request-id: req-4be6b819-ca66-4c9d-879d-e69457056660 _http_log_response /usr/lib/python2.7/site-packages/keystoneauth1/session.py:479
2019-07-04 07:37:44.794 660 DEBUG novaclient.v2.client [-] RESP BODY: {"flavors": [{"name": "rally_full-flavor_alt_5c104186-ec42-4dba-b4ad-824da0c06fe6", "links": [{"href": "http://172.30.9.25:8774/v2.1/flavors/3f627e40-23e6-4f58-928e-92ce0c6b9b56", "rel": "self"}, {"href": "http://172.30.9.25:8774/flavors/3f627e40-23e6-4f58-928e-92ce0c6b9b56", "rel": "bookmark"}], "ram": 1024, "OS-FLV-DISABLED:disabled": false, "vcpus": 1, "swap": "", "os-flavor-access:is_public": true, "rxtx_factor": 1.0, "OS-FLV-EXT-DATA:ephemeral": 0, "disk": 1, "id": "3f627e40-23e6-4f58-928e-92ce0c6b9b56"}, {"name": "rally_full-flavor_5c104186-ec42-4dba-b4ad-824da0c06fe6", "links": [{"href": "http://172.30.9.25:8774/v2.1/flavors/b5d23f6f-5774-41b8-a959-3f77d5102ebc", "rel": "self"}, {"href": "http://172.30.9.25:8774/flavors/b5d23f6f-5774-41b8-a959-3f77d5102ebc", "rel": "bookmark"}], "ram": 512, "OS-FLV-DISABLED:disabled": false, "vcpus": 1, "swap": "", "os-flavor-access:is_public": true, "rxtx_factor": 1.0, "OS-FLV-EXT-DATA:ephemeral": 0, "disk": 1, "id": "b5d23f6f-5774-41b8-a959-3f77d5102ebc"}]} _http_log_response /usr/lib/python2.7/site-packages/keystoneauth1/session.py:511
2019-07-04 07:37:44.794 660 DEBUG novaclient.v2.client [-] GET call to compute for http://172.30.9.25:8774/v2.1/flavors/detail used request id req-4be6b819-ca66-4c9d-879d-e69457056660 request /usr/lib/python2.7/site-packages/keystoneauth1/session.py:844
2019-07-04 07:37:44.796 660 DEBUG novaclient.v2.client [-] REQ: curl -g -i -X GET http://172.30.9.25:8774/v2.1/flavors/detail -H "Accept: application/json" -H "User-Agent: python-novaclient" -H "X-Auth-Token: {SHA1}63ba9e55b2584cdb1ebd84e59b3d4d81cdc04060" _http_log_request /usr/lib/python2.7/site-packages/keystoneauth1/session.py:448
2019-07-04 07:37:44.804 662 DEBUG novaclient.v2.client [-] RESP: [200] Content-Encoding: gzip Content-Length: 365 Content-Type: application/json Date: Thu, 04 Jul 2019 07:37:44 GMT OpenStack-API-Version: compute 2.1 Server: Apache Vary: OpenStack-API-Version,X-OpenStack-Nova-API-Version,Accept-Encoding X-OpenStack-Nova-API-Version: 2.1 x-compute-request-id: req-83f0a660-e737-4eb0-af2d-d22d6ca2f522 x-openstack-request-id: req-83f0a660-e737-4eb0-af2d-d22d6ca2f522 _http_log_response /usr/lib/python2.7/site-packages/keystoneauth1/session.py:479
2019-07-04 07:37:44.805 662 DEBUG novaclient.v2.client [-] RESP BODY: {"flavors": [{"name": "rally_full-flavor_alt_5c104186-ec42-4dba-b4ad-824da0c06fe6", "links": [{"href": "http://172.30.9.25:8774/v2.1/flavors/3f627e40-23e6-4f58-928e-92ce0c6b9b56", "rel": "self"}, {"href": "http://172.30.9.25:8774/flavors/3f627e40-23e6-4f58-928e-92ce0c6b9b56", "rel": "bookmark"}], "ram": 1024, "OS-FLV-DISABLED:disabled": false, "vcpus": 1, "swap": "", "os-flavor-access:is_public": true, "rxtx_factor": 1.0, "OS-FLV-EXT-DATA:ephemeral": 0, "disk": 1, "id": "3f627e40-23e6-4f58-928e-92ce0c6b9b56"}, {"name": "rally_full-flavor_5c104186-ec42-4dba-b4ad-824da0c06fe6", "links": [{"href": "http://172.30.9.25:8774/v2.1/flavors/b5d23f6f-5774-41b8-a959-3f77d5102ebc", "rel": "self"}, {"href": "http://172.30.9.25:8774/flavors/b5d23f6f-5774-41b8-a959-3f77d5102ebc", "rel": "bookmark"}], "ram": 512, "OS-FLV-DISABLED:disabled": false, "vcpus": 1, "swap": "", "os-flavor-access:is_public": true, "rxtx_factor": 1.0, "OS-FLV-EXT-DATA:ephemeral": 0, "disk": 1, "id": "b5d23f6f-5774-41b8-a959-3f77d5102ebc"}]} _http_log_response /usr/lib/python2.7/site-packages/keystoneauth1/session.py:511
2019-07-04 07:37:44.805 662 DEBUG novaclient.v2.client [-] GET call to compute for http://172.30.9.25:8774/v2.1/flavors/detail used request id req-83f0a660-e737-4eb0-af2d-d22d6ca2f522 request /usr/lib/python2.7/site-packages/keystoneauth1/session.py:844
2019-07-04 07:37:44.807 662 DEBUG novaclient.v2.client [-] REQ: curl -g -i -X GET http://172.30.9.25:8774/v2.1/flavors/detail -H "Accept: application/json" -H "User-Agent: python-novaclient" -H "X-Auth-Token: {SHA1}9142c2b41c72de0a815bb453bd60e764b67117fa" _http_log_request /usr/lib/python2.7/site-packages/keystoneauth1/session.py:448
2019-07-04 07:37:44.807 661 DEBUG novaclient.v2.client [-] RESP: [200] Content-Encoding: gzip Content-Length: 365 Content-Type: application/json Date: Thu, 04 Jul 2019 07:37:44 GMT OpenStack-API-Version: compute 2.1 Server: Apache Vary: OpenStack-API-Version,X-OpenStack-Nova-API-Version,Accept-Encoding X-OpenStack-Nova-API-Version: 2.1 x-compute-request-id: req-4e535742-e951-4507-91a1-58e456d5be55 x-openstack-request-id: req-4e535742-e951-4507-91a1-58e456d5be55 _http_log_response /usr/lib/python2.7/site-packages/keystoneauth1/session.py:479
2019-07-04 07:37:44.808 663 DEBUG novaclient.v2.client [-] RESP: [200] Content-Encoding: gzip Content-Length: 365 Content-Type: application/json Date: Thu, 04 Jul 2019 07:37:44 GMT OpenStack-API-Version: compute 2.1 Server: Apache Vary: OpenStack-API-Version,X-OpenStack-Nova-API-Version,Accept-Encoding X-OpenStack-Nova-API-Version: 2.1 x-compute-request-id: req-989be9f5-7457-4148-9d0d-988e4a839999 x-openstack-request-id: req-989be9f5-7457-4148-9d0d-988e4a839999 _http_log_response /usr/lib/python2.7/site-packages/keystoneauth1/session.py:479
2019-07-04 07:37:44.808 661 DEBUG novaclient.v2.client [-] RESP BODY: {"flavors": [{"name": "rally_full-flavor_alt_5c104186-ec42-4dba-b4ad-824da0c06fe6", "links": [{"href": "http://172.30.9.25:8774/v2.1/flavors/3f627e40-23e6-4f58-928e-92ce0c6b9b56", "rel": "self"}, {"href": "http://172.30.9.25:8774/flavors/3f627e40-23e6-4f58-928e-92ce0c6b9b56", "rel": "bookmark"}], "ram": 1024, "OS-FLV-DISABLED:disabled": false, "vcpus": 1, "swap": "", "os-flavor-access:is_public": true, "rxtx_factor": 1.0, "OS-FLV-EXT-DATA:ephemeral": 0, "disk": 1, "id": "3f627e40-23e6-4f58-928e-92ce0c6b9b56"}, {"name": "rally_full-flavor_5c104186-ec42-4dba-b4ad-824da0c06fe6", "links": [{"href": "http://172.30.9.25:8774/v2.1/flavors/b5d23f6f-5774-41b8-a959-3f77d5102ebc", "rel": "self"}, {"href": "http://172.30.9.25:8774/flavors/b5d23f6f-5774-41b8-a959-3f77d5102ebc", "rel": "bookmark"}], "ram": 512, "OS-FLV-DISABLED:disabled": false, "vcpus": 1, "swap": "", "os-flavor-access:is_public": true, "rxtx_factor": 1.0, "OS-FLV-EXT-DATA:ephemeral": 0, "disk": 1, "id": "b5d23f6f-5774-41b8-a959-3f77d5102ebc"}]} _http_log_response /usr/lib/python2.7/site-packages/keystoneauth1/session.py:511
2019-07-04 07:37:44.808 661 DEBUG novaclient.v2.client [-] GET call to compute for http://172.30.9.25:8774/v2.1/flavors/detail used request id req-4e535742-e951-4507-91a1-58e456d5be55 request /usr/lib/python2.7/site-packages/keystoneauth1/session.py:844
2019-07-04 07:37:44.809 663 DEBUG novaclient.v2.client [-] RESP BODY: {"flavors": [{"name": "rally_full-flavor_alt_5c104186-ec42-4dba-b4ad-824da0c06fe6", "links": [{"href": "http://172.30.9.25:8774/v2.1/flavors/3f627e40-23e6-4f58-928e-92ce0c6b9b56", "rel": "self"}, {"href": "http://172.30.9.25:8774/flavors/3f627e40-23e6-4f58-928e-92ce0c6b9b56", "rel": "bookmark"}], "ram": 1024, "OS-FLV-DISABLED:disabled": false, "vcpus": 1, "swap": "", "os-flavor-access:is_public": true, "rxtx_factor": 1.0, "OS-FLV-EXT-DATA:ephemeral": 0, "disk": 1, "id": "3f627e40-23e6-4f58-928e-92ce0c6b9b56"}, {"name": "rally_full-flavor_5c104186-ec42-4dba-b4ad-824da0c06fe6", "links": [{"href": "http://172.30.9.25:8774/v2.1/flavors/b5d23f6f-5774-41b8-a959-3f77d5102ebc", "rel": "self"}, {"href": "http://172.30.9.25:8774/flavors/b5d23f6f-5774-41b8-a959-3f77d5102ebc", "rel": "bookmark"}], "ram": 512, "OS-FLV-DISABLED:disabled": false, "vcpus": 1, "swap": "", "os-flavor-access:is_public": true, "rxtx_factor": 1.0, "OS-FLV-EXT-DATA:ephemeral": 0, "disk": 1, "id": "b5d23f6f-5774-41b8-a959-3f77d5102ebc"}]} _http_log_response /usr/lib/python2.7/site-packages/keystoneauth1/session.py:511
2019-07-04 07:37:44.809 663 DEBUG novaclient.v2.client [-] GET call to compute for http://172.30.9.25:8774/v2.1/flavors/detail used request id req-989be9f5-7457-4148-9d0d-988e4a839999 request /usr/lib/python2.7/site-packages/keystoneauth1/session.py:844
2019-07-04 07:37:44.810 661 DEBUG novaclient.v2.client [-] REQ: curl -g -i -X GET http://172.30.9.25:8774/v2.1/flavors/detail -H "Accept: application/json" -H "User-Agent: python-novaclient" -H "X-Auth-Token: {SHA1}c200228d09b5bd1f6028f560c3cd77766a451543" _http_log_request /usr/lib/python2.7/site-packages/keystoneauth1/session.py:448
2019-07-04 07:37:44.811 663 DEBUG novaclient.v2.client [-] REQ: curl -g -i -X GET http://172.30.9.25:8774/v2.1/flavors/detail -H "Accept: application/json" -H "User-Agent: python-novaclient" -H "X-Auth-Token: {SHA1}774fa0142ea47051435d36d36c1e713d62bb08a5" _http_log_request /usr/lib/python2.7/site-packages/keystoneauth1/session.py:448
2019-07-04 07:37:44.816 660 DEBUG novaclient.v2.client [-] RESP: [200] Content-Encoding: gzip Content-Length: 365 Content-Type: application/json Date: Thu, 04 Jul 2019 07:37:44 GMT OpenStack-API-Version: compute 2.1 Server: Apache Vary: OpenStack-API-Version,X-OpenStack-Nova-API-Version,Accept-Encoding X-OpenStack-Nova-API-Version: 2.1 x-compute-request-id: req-24677594-cc87-4e15-a63b-d7f357c4a236 x-openstack-request-id: req-24677594-cc87-4e15-a63b-d7f357c4a236 _http_log_response /usr/lib/python2.7/site-packages/keystoneauth1/session.py:479
2019-07-04 07:37:44.817 660 DEBUG novaclient.v2.client [-] RESP BODY: {"flavors": [{"name": "rally_full-flavor_alt_5c104186-ec42-4dba-b4ad-824da0c06fe6", "links": [{"href": "http://172.30.9.25:8774/v2.1/flavors/3f627e40-23e6-4f58-928e-92ce0c6b9b56", "rel": "self"}, {"href": "http://172.30.9.25:8774/flavors/3f627e40-23e6-4f58-928e-92ce0c6b9b56", "rel": "bookmark"}], "ram": 1024, "OS-FLV-DISABLED:disabled": false, "vcpus": 1, "swap": "", "os-flavor-access:is_public": true, "rxtx_factor": 1.0, "OS-FLV-EXT-DATA:ephemeral": 0, "disk": 1, "id": "3f627e40-23e6-4f58-928e-92ce0c6b9b56"}, {"name": "rally_full-flavor_5c104186-ec42-4dba-b4ad-824da0c06fe6", "links": [{"href": "http://172.30.9.25:8774/v2.1/flavors/b5d23f6f-5774-41b8-a959-3f77d5102ebc", "rel": "self"}, {"href": "http://172.30.9.25:8774/flavors/b5d23f6f-5774-41b8-a959-3f77d5102ebc", "rel": "bookmark"}], "ram": 512, "OS-FLV-DISABLED:disabled": false, "vcpus": 1, "swap": "", "os-flavor-access:is_public": true, "rxtx_factor": 1.0, "OS-FLV-EXT-DATA:ephemeral": 0, "disk": 1, "id": "b5d23f6f-5774-41b8-a959-3f77d5102ebc"}]} _http_log_response /usr/lib/python2.7/site-packages/keystoneauth1/session.py:511
2019-07-04 07:37:44.817 660 DEBUG novaclient.v2.client [-] GET call to compute for http://172.30.9.25:8774/v2.1/flavors/detail used request id req-24677594-cc87-4e15-a63b-d7f357c4a236 request /usr/lib/python2.7/site-packages/keystoneauth1/session.py:844
2019-07-04 07:37:44.818 660 INFO rally.task.runner [-] Task dc232818-ba06-4260-978e-2eb38c3da30c | ITER: 1 END: OK
2019-07-04 07:37:44.822 660 INFO rally.task.runner [-] Task dc232818-ba06-4260-978e-2eb38c3da30c | ITER: 5 START
2019-07-04 07:37:44.827 662 DEBUG novaclient.v2.client [-] RESP: [200] Content-Encoding: gzip Content-Length: 365 Content-Type: application/json Date: Thu, 04 Jul 2019 07:37:44 GMT OpenStack-API-Version: compute 2.1 Server: Apache Vary: OpenStack-API-Version,X-OpenStack-Nova-API-Version,Accept-Encoding X-OpenStack-Nova-API-Version: 2.1 x-compute-request-id: req-e342376b-5c39-4329-828a-fea1c0e79cc1 x-openstack-request-id: req-e342376b-5c39-4329-828a-fea1c0e79cc1 _http_log_response /usr/lib/python2.7/site-packages/keystoneauth1/session.py:479
2019-07-04 07:37:44.828 662 DEBUG novaclient.v2.client [-] RESP BODY: {"flavors": [{"name": "rally_full-flavor_alt_5c104186-ec42-4dba-b4ad-824da0c06fe6", "links": [{"href": "http://172.30.9.25:8774/v2.1/flavors/3f627e40-23e6-4f58-928e-92ce0c6b9b56", "rel": "self"}, {"href": "http://172.30.9.25:8774/flavors/3f627e40-23e6-4f58-928e-92ce0c6b9b56", "rel": "bookmark"}], "ram": 1024, "OS-FLV-DISABLED:disabled": false, "vcpus": 1, "swap": "", "os-flavor-access:is_public": true, "rxtx_factor": 1.0, "OS-FLV-EXT-DATA:ephemeral": 0, "disk": 1, "id": "3f627e40-23e6-4f58-928e-92ce0c6b9b56"}, {"name": "rally_full-flavor_5c104186-ec42-4dba-b4ad-824da0c06fe6", "links": [{"href": "http://172.30.9.25:8774/v2.1/flavors/b5d23f6f-5774-41b8-a959-3f77d5102ebc", "rel": "self"}, {"href": "http://172.30.9.25:8774/flavors/b5d23f6f-5774-41b8-a959-3f77d5102ebc", "rel": "bookmark"}], "ram": 512, "OS-FLV-DISABLED:disabled": false, "vcpus": 1, "swap": "", "os-flavor-access:is_public": true, "rxtx_factor": 1.0, "OS-FLV-EXT-DATA:ephemeral": 0, "disk": 1, "id": "b5d23f6f-5774-41b8-a959-3f77d5102ebc"}]} _http_log_response /usr/lib/python2.7/site-packages/keystoneauth1/session.py:511
2019-07-04 07:37:44.828 662 DEBUG novaclient.v2.client [-] GET call to compute for http://172.30.9.25:8774/v2.1/flavors/detail used request id req-e342376b-5c39-4329-828a-fea1c0e79cc1 request /usr/lib/python2.7/site-packages/keystoneauth1/session.py:844
2019-07-04 07:37:44.829 662 INFO rally.task.runner [-] Task dc232818-ba06-4260-978e-2eb38c3da30c | ITER: 3 END: OK
2019-07-04 07:37:44.830 661 DEBUG novaclient.v2.client [-] RESP: [200] Content-Encoding: gzip Content-Length: 365 Content-Type: application/json Date: Thu, 04 Jul 2019 07:37:44 GMT OpenStack-API-Version: compute 2.1 Server: Apache Vary: OpenStack-API-Version,X-OpenStack-Nova-API-Version,Accept-Encoding X-OpenStack-Nova-API-Version: 2.1 x-compute-request-id: req-32c3ba78-ce62-4989-a1b9-b49ee8bb4b84 x-openstack-request-id: req-32c3ba78-ce62-4989-a1b9-b49ee8bb4b84 _http_log_response /usr/lib/python2.7/site-packages/keystoneauth1/session.py:479
2019-07-04 07:37:44.830 661 DEBUG novaclient.v2.client [-] RESP BODY: {"flavors": [{"name": "rally_full-flavor_alt_5c104186-ec42-4dba-b4ad-824da0c06fe6", "links": [{"href": "http://172.30.9.25:8774/v2.1/flavors/3f627e40-23e6-4f58-928e-92ce0c6b9b56", "rel": "self"}, {"href": "http://172.30.9.25:8774/flavors/3f627e40-23e6-4f58-928e-92ce0c6b9b56", "rel": "bookmark"}], "ram": 1024, "OS-FLV-DISABLED:disabled": false, "vcpus": 1, "swap": "", "os-flavor-access:is_public": true, "rxtx_factor": 1.0, "OS-FLV-EXT-DATA:ephemeral": 0, "disk": 1, "id": "3f627e40-23e6-4f58-928e-92ce0c6b9b56"}, {"name": "rally_full-flavor_5c104186-ec42-4dba-b4ad-824da0c06fe6", "links": [{"href": "http://172.30.9.25:8774/v2.1/flavors/b5d23f6f-5774-41b8-a959-3f77d5102ebc", "rel": "self"}, {"href": "http://172.30.9.25:8774/flavors/b5d23f6f-5774-41b8-a959-3f77d5102ebc", "rel": "bookmark"}], "ram": 512, "OS-FLV-DISABLED:disabled": false, "vcpus": 1, "swap": "", "os-flavor-access:is_public": true, "rxtx_factor": 1.0, "OS-FLV-EXT-DATA:ephemeral": 0, "disk": 1, "id": "b5d23f6f-5774-41b8-a959-3f77d5102ebc"}]} _http_log_response /usr/lib/python2.7/site-packages/keystoneauth1/session.py:511
2019-07-04 07:37:44.831 661 DEBUG novaclient.v2.client [-] GET call to compute for http://172.30.9.25:8774/v2.1/flavors/detail used request id req-32c3ba78-ce62-4989-a1b9-b49ee8bb4b84 request /usr/lib/python2.7/site-packages/keystoneauth1/session.py:844
