2019-07-03 08:06:27.349 22696 RALLYDEBUG rally.api [-] INFO logs from urllib3 and requests module are hide.
2019-07-03 08:06:27.349 22696 RALLYDEBUG rally.api [-] urllib3 insecure warnings are hidden.
2019-07-03 08:06:27.349 22696 RALLYDEBUG rally.api [-] ERROR log from boto module is hide.
2019-07-03 08:06:29.537 22698 RALLYDEBUG rally.api [-] INFO logs from urllib3 and requests module are hide.
2019-07-03 08:06:29.537 22698 RALLYDEBUG rally.api [-] urllib3 insecure warnings are hidden.
2019-07-03 08:06:29.538 22698 RALLYDEBUG rally.api [-] ERROR log from boto module is hide.
2019-07-03 08:06:30.784 22698 WARNING rally_openstack.platforms.existing [-] endpoint is deprecated and not used.
2019-07-03 08:06:31.705 22700 RALLYDEBUG rally.api [-] INFO logs from urllib3 and requests module are hide.
2019-07-03 08:06:31.705 22700 RALLYDEBUG rally.api [-] urllib3 insecure warnings are hidden.
2019-07-03 08:06:31.706 22700 RALLYDEBUG rally.api [-] ERROR log from boto module is hide.
2019-07-03 08:06:35.077 22703 RALLYDEBUG rally.api [-] INFO logs from urllib3 and requests module are hide.
2019-07-03 08:06:35.077 22703 RALLYDEBUG rally.api [-] urllib3 insecure warnings are hidden.
2019-07-03 08:06:35.077 22703 RALLYDEBUG rally.api [-] ERROR log from boto module is hide.
2019-07-03 08:06:37.141 22705 RALLYDEBUG rally.api [-] INFO logs from urllib3 and requests module are hide.
2019-07-03 08:06:37.141 22705 RALLYDEBUG rally.api [-] urllib3 insecure warnings are hidden.
2019-07-03 08:06:37.141 22705 RALLYDEBUG rally.api [-] ERROR log from boto module is hide.
2019-07-03 08:06:38.149 22705 INFO rally.common.plugin.discover [-] Loading plugins from directories /root/.rally/plugins/*
2019-07-03 08:06:38.149 22705 INFO rally.common.plugin.discover [-] Loaded module with plugins: /root/.rally/plugins/__init__.py
2019-07-03 08:06:38.151 22705 INFO rally.common.plugin.discover [-] Loaded module with plugins: /root/.rally/plugins/trunk_scenario.py
2019-07-03 08:06:38.345 22705 INFO rally.task.engine [-] Task 841c42aa-dce7-45c5-8485-2af0b51bcce0 | Starting: Task validation.
2019-07-03 08:06:38.375 22705 INFO rally.task.engine [-] Task 841c42aa-dce7-45c5-8485-2af0b51bcce0 | Starting: Task validation of syntax.
2019-07-03 08:06:38.589 22705 INFO rally.task.engine [-] Task 841c42aa-dce7-45c5-8485-2af0b51bcce0 | Completed: Task validation of syntax.
2019-07-03 08:06:38.589 22705 INFO rally.task.engine [-] Task 841c42aa-dce7-45c5-8485-2af0b51bcce0 | Starting: Task validation of required platforms.
2019-07-03 08:06:38.648 22705 INFO rally.task.engine [-] Task 841c42aa-dce7-45c5-8485-2af0b51bcce0 | Completed: Task validation of required platforms.
2019-07-03 08:06:38.648 22705 INFO rally.task.engine [-] Task 841c42aa-dce7-45c5-8485-2af0b51bcce0 | Starting: Task validation of semantic.
2019-07-03 08:06:38.648 22705 INFO rally.task.engine [-] Check health of the environment '56fbe198-0a7e-4ca5-b0f8-6950e2a42bea'.
2019-07-03 08:06:39.567 22705 INFO rally.task.engine [-] Platform existing@openstack (available: True): OK!
2019-07-03 08:06:39.585 22705 RALLYDEBUG rally_openstack.contexts.keystone.users [-] Creating 1 tenants using 20 threads
2019-07-03 08:06:41.480 22705 RALLYDEBUG rally_openstack.contexts.keystone.users [-] Creating 1 users using 20 threads
2019-07-03 08:06:44.360 22705 INFO rally.task.context [-] Task 841c42aa-dce7-45c5-8485-2af0b51bcce0 | Context users@openstack setup() finished in 4.78 sec
2019-07-03 08:06:50.550 22705 INFO rally.task.context [-] Task 841c42aa-dce7-45c5-8485-2af0b51bcce0 | Context users@openstack cleanup() started
2019-07-03 08:06:55.809 22705 INFO rally.task.context [-] Task 841c42aa-dce7-45c5-8485-2af0b51bcce0 | Context users@openstack cleanup() finished in 5.26 sec
2019-07-03 08:06:55.810 22705 INFO rally.task.engine [-] Task 841c42aa-dce7-45c5-8485-2af0b51bcce0 | Completed: Task validation of semantic.
2019-07-03 08:06:55.810 22705 INFO rally.task.engine [-] Task 841c42aa-dce7-45c5-8485-2af0b51bcce0 | Completed: Task validation.
2019-07-03 08:06:55.811 22705 INFO rally.api [-] Task 841c42aa-dce7-45c5-8485-2af0b51bcce0 input file is valid.
2019-07-03 08:06:55.811 22705 INFO rally.api [-] Run Task 841c42aa-dce7-45c5-8485-2af0b51bcce0 against Deployment 56fbe198-0a7e-4ca5-b0f8-6950e2a42bea
2019-07-03 08:06:55.811 22705 INFO rally.task.engine [-] Task 841c42aa-dce7-45c5-8485-2af0b51bcce0 | Starting: Running task.
2019-07-03 08:06:55.934 22705 INFO rally.task.engine [-] Running workload: position = 0 config = { "version": 2, "title": "A cropped version of a bigger task.", "description": "Auto-generated task from a single workload (uuid=e3bdebb9-5f6e-4747-8079-24f6c7856159)", "subtasks": [ { "title": "NeutronNetworks.create_and_list_networks", "description": "Check performance of list_networks action and ensure > network quotas are not exceeded", "scenario": { "NeutronNetworks.create_and_list_networks": {} }, "contexts": { "users": { "tenants": 1, "users_per_tenant": 1 }, "quotas": { "neutron": { "network": 119 } } }, "runner": { "constant": { "times": 100, "concurrency": 20 } }, "hooks": [], "sla": { "max_avg_duration_per_atomic": { "neutron.list_networks": 15 }, "failure_rate": { "max": 0 } } } ] }
2019-07-03 08:06:55.957 22705 RALLYDEBUG rally_openstack.contexts.keystone.users [-] Creating 1 tenants using 20 threads
2019-07-03 08:06:57.834 22705 RALLYDEBUG rally_openstack.contexts.keystone.users [-] Creating 1 users using 20 threads
2019-07-03 08:07:00.631 22705 INFO rally.task.context [-] Task 841c42aa-dce7-45c5-8485-2af0b51bcce0 | Context users@openstack setup() finished in 4.67 sec
2019-07-03 08:07:01.411 22705 INFO rally.task.context [-] Task 841c42aa-dce7-45c5-8485-2af0b51bcce0 | Context quotas@openstack setup() finished in 0.78 sec
2019-07-03 08:07:01.411 22705 INFO rally.task.context [-] Task 841c42aa-dce7-45c5-8485-2af0b51bcce0 | Context cleanup@openstack setup() finished in 0.01 msec
2019-07-03 08:07:01.420 22705 RALLYDEBUG rally.task.runner [-] Starting the constant runner (task UUID: 841c42aa-dce7-45c5-8485-2af0b51bcce0). timeout: 0 concurrency: 20 concurrency_per_worker: 1 times: 100 concurrency_overhead: 4 processes_to_start: 16 max_cpu_used: 16
2019-07-03 08:07:01.433 22829 RALLYDEBUG rally.task.runner [-] Starting a worker. concurrency: 2 args: {} times: 100 method_name: run timeout: 0 duration: None cls:
2019-07-03 08:07:01.435 22830 RALLYDEBUG rally.task.runner [-] Starting a worker. concurrency: 2 args: {} times: 100 method_name: run timeout: 0 duration: None cls:
2019-07-03 08:07:01.437 22831 RALLYDEBUG rally.task.runner [-] Starting a worker. concurrency: 2 args: {} times: 100 method_name: run timeout: 0 duration: None cls:
2019-07-03 08:07:01.441 22835 RALLYDEBUG rally.task.runner [-] Starting a worker. concurrency: 1 args: {} times: 100 method_name: run timeout: 0 duration: None cls:
2019-07-03 08:07:01.441 22832 RALLYDEBUG rally.task.runner [-] Starting a worker. concurrency: 2 args: {} times: 100 method_name: run timeout: 0 duration: None cls:
2019-07-03 08:07:01.438 22829 INFO rally.task.runner [-] Task 841c42aa-dce7-45c5-8485-2af0b51bcce0 | ITER: 1 START
2019-07-03 08:07:01.443 22830 INFO rally.task.runner [-] Task 841c42aa-dce7-45c5-8485-2af0b51bcce0 | ITER: 2 START
2019-07-03 08:07:01.445 22831 INFO rally.task.runner [-] Task 841c42aa-dce7-45c5-8485-2af0b51bcce0 | ITER: 4 START
2019-07-03 08:07:01.444 22835 INFO rally.task.runner [-] Task 841c42aa-dce7-45c5-8485-2af0b51bcce0 | ITER: 7 START
2019-07-03 08:07:01.447 22843 RALLYDEBUG rally.task.runner [-] Starting a worker. concurrency: 1 args: {} times: 100 method_name: run timeout: 0 duration: None cls:
2019-07-03 08:07:01.449 22839 RALLYDEBUG rally.task.runner [-] Starting a worker. concurrency: 1 args: {} times: 100 method_name: run timeout: 0 duration: None cls:
2019-07-03 08:07:01.451 22829 INFO rally.task.runner [-] Task 841c42aa-dce7-45c5-8485-2af0b51bcce0 | ITER: 3 START
2019-07-03 08:07:01.452 22843 INFO rally.task.runner [-] Task 841c42aa-dce7-45c5-8485-2af0b51bcce0 | ITER: 10 START
2019-07-03 08:07:01.451 22832 INFO rally.task.runner [-] Task 841c42aa-dce7-45c5-8485-2af0b51bcce0 | ITER: 8 START
2019-07-03 08:07:01.451 22847 RALLYDEBUG rally.task.runner [-] Starting a worker. concurrency: 1 args: {} times: 100 method_name: run timeout: 0 duration: None cls:
2019-07-03 08:07:01.452 22830 INFO rally.task.runner [-] Task 841c42aa-dce7-45c5-8485-2af0b51bcce0 | ITER: 5 START
2019-07-03 08:07:01.453 22849 RALLYDEBUG rally.task.runner [-] Starting a worker. concurrency: 1 args: {} times: 100 method_name: run timeout: 0 duration: None cls:
2019-07-03 08:07:01.459 22831 INFO rally.task.runner [-] Task 841c42aa-dce7-45c5-8485-2af0b51bcce0 | ITER: 6 START
2019-07-03 08:07:01.458 22839 INFO rally.task.runner [-] Task 841c42aa-dce7-45c5-8485-2af0b51bcce0 | ITER: 11 START
2019-07-03 08:07:01.459 22852 RALLYDEBUG rally.task.runner [-] Starting a worker. concurrency: 1 args: {} times: 100 method_name: run timeout: 0 duration: None cls:
2019-07-03 08:07:01.460 22847 INFO rally.task.runner [-] Task 841c42aa-dce7-45c5-8485-2af0b51bcce0 | ITER: 12 START
2019-07-03 08:07:01.460 22849 INFO rally.task.runner [-] Task 841c42aa-dce7-45c5-8485-2af0b51bcce0 | ITER: 13 START
2019-07-03 08:07:01.460 22856 RALLYDEBUG rally.task.runner [-] Starting a worker. concurrency: 1 args: {} times: 100 method_name: run timeout: 0 duration: None cls:
2019-07-03 08:07:01.462 22832 INFO rally.task.runner [-] Task 841c42aa-dce7-45c5-8485-2af0b51bcce0 | ITER: 9 START
2019-07-03 08:07:01.465 22852 INFO rally.task.runner [-] Task 841c42aa-dce7-45c5-8485-2af0b51bcce0 | ITER: 14 START
2019-07-03 08:07:01.468 22856 INFO rally.task.runner [-] Task 841c42aa-dce7-45c5-8485-2af0b51bcce0 | ITER: 15 START
2019-07-03 08:07:01.473 22863 RALLYDEBUG rally.task.runner [-] Starting a worker. concurrency: 1 args: {} times: 100 method_name: run timeout: 0 duration: None cls:
2019-07-03 08:07:01.476 22867 RALLYDEBUG rally.task.runner [-] Starting a worker. concurrency: 1 args: {} times: 100 method_name: run timeout: 0 duration: None cls:
2019-07-03 08:07:01.479 22863 INFO rally.task.runner [-] Task 841c42aa-dce7-45c5-8485-2af0b51bcce0 | ITER: 16 START
2019-07-03 08:07:01.482 22867 INFO rally.task.runner [-] Task 841c42aa-dce7-45c5-8485-2af0b51bcce0 | ITER: 17 START
2019-07-03 08:07:01.483 22870 RALLYDEBUG rally.task.runner [-] Starting a worker. concurrency: 1 args: {} times: 100 method_name: run timeout: 0 duration: None cls:
2019-07-03 08:07:01.490 22870 INFO rally.task.runner [-] Task 841c42aa-dce7-45c5-8485-2af0b51bcce0 | ITER: 18 START
2019-07-03 08:07:01.493 22873 RALLYDEBUG rally.task.runner [-] Starting a worker. concurrency: 1 args: {} times: 100 method_name: run timeout: 0 duration: None cls:
2019-07-03 08:07:01.495 22876 RALLYDEBUG rally.task.runner [-] Starting a worker. concurrency: 1 args: {} times: 100 method_name: run timeout: 0 duration: None cls:
2019-07-03 08:07:01.498 22873 INFO rally.task.runner [-] Task 841c42aa-dce7-45c5-8485-2af0b51bcce0 | ITER: 19 START
2019-07-03 08:07:01.500 22876 INFO rally.task.runner [-] Task 841c42aa-dce7-45c5-8485-2af0b51bcce0 | ITER: 20 START
2019-07-03 08:07:03.492 22831 INFO rally.task.runner [-] Task 841c42aa-dce7-45c5-8485-2af0b51bcce0 | ITER: 6 END: OK
2019-07-03 08:07:03.496 22831 INFO rally.task.runner [-] Task 841c42aa-dce7-45c5-8485-2af0b51bcce0 | ITER: 21 START
2019-07-03 08:07:03.652 22843 INFO rally.task.runner [-] Task 841c42aa-dce7-45c5-8485-2af0b51bcce0 | ITER: 10 END: OK
2019-07-03 08:07:03.655 22843 INFO rally.task.runner [-] Task 841c42aa-dce7-45c5-8485-2af0b51bcce0 | ITER: 22 START
2019-07-03 08:07:03.764 22863 INFO rally.task.runner [-] Task 841c42aa-dce7-45c5-8485-2af0b51bcce0 | ITER: 16 END: OK
2019-07-03 08:07:03.765 22832 INFO rally.task.runner [-] Task 841c42aa-dce7-45c5-8485-2af0b51bcce0 | ITER: 9 END: OK
2019-07-03 08:07:03.767 22863 INFO rally.task.runner [-] Task 841c42aa-dce7-45c5-8485-2af0b51bcce0 | ITER: 23 START
2019-07-03 08:07:03.768 22832 INFO rally.task.runner [-] Task 841c42aa-dce7-45c5-8485-2af0b51bcce0 | ITER: 24 START
2019-07-03 08:07:03.820 22835 INFO rally.task.runner [-] Task 841c42aa-dce7-45c5-8485-2af0b51bcce0 | ITER: 7 END: OK
2019-07-03 08:07:03.821 22876 INFO rally.task.runner [-] Task 841c42aa-dce7-45c5-8485-2af0b51bcce0 | ITER: 20 END: OK
2019-07-03 08:07:03.822 22829 INFO rally.task.runner [-] Task 841c42aa-dce7-45c5-8485-2af0b51bcce0 | ITER: 1 END: OK
2019-07-03 08:07:03.822 22835 INFO rally.task.runner [-] Task 841c42aa-dce7-45c5-8485-2af0b51bcce0 | ITER: 25 START
2019-07-03 08:07:03.824 22829 INFO rally.task.runner [-] Task 841c42aa-dce7-45c5-8485-2af0b51bcce0 | ITER: 27 START
2019-07-03 08:07:03.824 22876 INFO rally.task.runner [-] Task 841c42aa-dce7-45c5-8485-2af0b51bcce0 | ITER: 26 START
2019-07-03 08:07:03.887 22873 INFO rally.task.runner [-] Task 841c42aa-dce7-45c5-8485-2af0b51bcce0 | ITER: 19 END: OK
2019-07-03 08:07:03.890 22873 INFO rally.task.runner [-] Task 841c42aa-dce7-45c5-8485-2af0b51bcce0 | ITER: 28 START
2019-07-03 08:07:03.891 22830 INFO rally.task.runner [-] Task 841c42aa-dce7-45c5-8485-2af0b51bcce0 | ITER: 5 END: OK
2019-07-03 08:07:03.893 22830 INFO rally.task.runner [-] Task 841c42aa-dce7-45c5-8485-2af0b51bcce0 | ITER: 29 START
2019-07-03 08:07:03.948 22856 INFO rally.task.runner [-] Task 841c42aa-dce7-45c5-8485-2af0b51bcce0 | ITER: 15 END: OK
2019-07-03 08:07:03.951 22856 INFO rally.task.runner [-] Task 841c42aa-dce7-45c5-8485-2af0b51bcce0 | ITER: 30 START
2019-07-03 08:07:04.000 22849 INFO rally.task.runner [-] Task 841c42aa-dce7-45c5-8485-2af0b51bcce0 | ITER: 13 END: OK
2019-07-03 08:07:04.002 22849 INFO rally.task.runner [-] Task 841c42aa-dce7-45c5-8485-2af0b51bcce0 | ITER: 31 START
2019-07-03 08:07:04.097 22852 INFO rally.task.runner [-] Task 841c42aa-dce7-45c5-8485-2af0b51bcce0 | ITER: 14 END: OK
2019-07-03 08:07:04.100 22852 INFO rally.task.runner [-] Task 841c42aa-dce7-45c5-8485-2af0b51bcce0 | ITER: 32 START
2019-07-03 08:07:04.109 22867 INFO rally.task.runner [-] Task 841c42aa-dce7-45c5-8485-2af0b51bcce0 | ITER: 17 END: OK
2019-07-03 08:07:04.111 22867 INFO rally.task.runner [-] Task 841c42aa-dce7-45c5-8485-2af0b51bcce0 | ITER: 33 START
2019-07-03 08:07:04.114 22847 INFO rally.task.runner [-] Task 841c42aa-dce7-45c5-8485-2af0b51bcce0 | ITER: 12 END: OK
2019-07-03 08:07:04.117 22847 INFO rally.task.runner [-] Task 841c42aa-dce7-45c5-8485-2af0b51bcce0 | ITER: 34 START
2019-07-03 08:07:04.119 22831 INFO rally.task.runner [-] Task 841c42aa-dce7-45c5-8485-2af0b51bcce0 | ITER: 4 END: OK
2019-07-03 08:07:04.122 22831 INFO rally.task.runner [-] Task 841c42aa-dce7-45c5-8485-2af0b51bcce0 | ITER: 35 START
2019-07-03 08:07:04.138 22839 INFO rally.task.runner [-] Task 841c42aa-dce7-45c5-8485-2af0b51bcce0 | ITER: 11 END: OK
2019-07-03 08:07:04.141 22839 INFO rally.task.runner [-] Task 841c42aa-dce7-45c5-8485-2af0b51bcce0 | ITER: 36 START
2019-07-03 08:07:04.164 22829 INFO rally.task.runner [-] Task 841c42aa-dce7-45c5-8485-2af0b51bcce0 | ITER: 3 END: OK
2019-07-03 08:07:04.166 22829 INFO rally.task.runner [-] Task 841c42aa-dce7-45c5-8485-2af0b51bcce0 | ITER: 37 START
2019-07-03 08:07:04.169 22830 INFO rally.task.runner [-] Task 841c42aa-dce7-45c5-8485-2af0b51bcce0 | ITER: 2 END: OK
2019-07-03 08:07:04.171 22830 INFO rally.task.runner [-] Task 841c42aa-dce7-45c5-8485-2af0b51bcce0 | ITER: 38 START
2019-07-03 08:07:04.341 22870 INFO rally.task.runner [-] Task 841c42aa-dce7-45c5-8485-2af0b51bcce0 | ITER: 18 END: OK
2019-07-03 08:07:04.345 22870 INFO rally.task.runner [-] Task 841c42aa-dce7-45c5-8485-2af0b51bcce0 | ITER: 39 START
2019-07-03 08:07:04.508 22832 INFO rally.task.runner [-] Task 841c42aa-dce7-45c5-8485-2af0b51bcce0 | ITER: 8 END: OK
2019-07-03 08:07:04.511 22832 INFO rally.task.runner [-] Task 841c42aa-dce7-45c5-8485-2af0b51bcce0 | ITER: 40 START
2019-07-03 08:07:05.012 22843 INFO rally.task.runner [-] Task 841c42aa-dce7-45c5-8485-2af0b51bcce0 | ITER: 22 END: OK
2019-07-03 08:07:05.015 22843 INFO rally.task.runner [-] Task 841c42aa-dce7-45c5-8485-2af0b51bcce0 | ITER: 41 START
2019-07-03 08:07:05.242 22831 INFO rally.task.runner [-] Task 841c42aa-dce7-45c5-8485-2af0b51bcce0 | ITER: 21 END: OK
2019-07-03 08:07:05.245 22831 INFO rally.task.runner [-] Task 841c42aa-dce7-45c5-8485-2af0b51bcce0 | ITER: 42 START
2019-07-03 08:07:05.252 22832 INFO rally.task.runner [-] Task 841c42aa-dce7-45c5-8485-2af0b51bcce0 | ITER: 24 END: OK
2019-07-03 08:07:05.255 22832 INFO rally.task.runner [-] Task 841c42aa-dce7-45c5-8485-2af0b51bcce0 | ITER: 43 START
2019-07-03 08:07:05.324 22835 INFO rally.task.runner [-] Task 841c42aa-dce7-45c5-8485-2af0b51bcce0 | ITER: 25 END: OK
2019-07-03 08:07:05.327 22835 INFO rally.task.runner [-] Task 841c42aa-dce7-45c5-8485-2af0b51bcce0 | ITER: 44 START
2019-07-03 08:07:05.435 22863 INFO rally.task.runner [-] Task 841c42aa-dce7-45c5-8485-2af0b51bcce0 | ITER: 23 END: OK
2019-07-03 08:07:05.438 22863 INFO rally.task.runner [-] Task 841c42aa-dce7-45c5-8485-2af0b51bcce0 | ITER: 45 START
2019-07-03 08:07:05.455 22830 INFO rally.task.runner [-] Task 841c42aa-dce7-45c5-8485-2af0b51bcce0 | ITER: 29 END: OK
2019-07-03 08:07:05.458 22830 INFO rally.task.runner [-] Task 841c42aa-dce7-45c5-8485-2af0b51bcce0 | ITER: 46 START
2019-07-03 08:07:05.637 22873 INFO rally.task.runner [-] Task 841c42aa-dce7-45c5-8485-2af0b51bcce0 | ITER: 28 END: OK
2019-07-03 08:07:05.640 22873 INFO rally.task.runner [-] Task 841c42aa-dce7-45c5-8485-2af0b51bcce0 | ITER: 47 START
2019-07-03 08:07:05.910 22856 INFO rally.task.runner [-] Task 841c42aa-dce7-45c5-8485-2af0b51bcce0 | ITER: 30 END: OK
2019-07-03 08:07:05.913 22856 INFO rally.task.runner [-] Task 841c42aa-dce7-45c5-8485-2af0b51bcce0 | ITER: 48 START
2019-07-03 08:07:06.076 22847 INFO rally.task.runner [-] Task 841c42aa-dce7-45c5-8485-2af0b51bcce0 | ITER: 34 END: OK
2019-07-03 08:07:06.079 22847 INFO rally.task.runner [-] Task 841c42aa-dce7-45c5-8485-2af0b51bcce0 | ITER: 49 START
2019-07-03 08:07:06.080 22876 INFO rally.task.runner [-] Task 841c42aa-dce7-45c5-8485-2af0b51bcce0 | ITER: 26 END: OK
2019-07-03 08:07:06.081 22830 INFO rally.task.runner [-] Task 841c42aa-dce7-45c5-8485-2af0b51bcce0 | ITER: 38 END: OK
2019-07-03 08:07:06.081 22849 INFO rally.task.runner [-] Task 841c42aa-dce7-45c5-8485-2af0b51bcce0 | ITER: 31 END: OK
2019-07-03 08:07:06.083 22830 INFO rally.task.runner [-] Task 841c42aa-dce7-45c5-8485-2af0b51bcce0 | ITER: 51 START
2019-07-03 08:07:06.084 22849 INFO rally.task.runner [-] Task 841c42aa-dce7-45c5-8485-2af0b51bcce0 | ITER: 52 START
2019-07-03 08:07:06.084 22876 INFO rally.task.runner [-] Task 841c42aa-dce7-45c5-8485-2af0b51bcce0 | ITER: 50 START
2019-07-03 08:07:06.103 22829 INFO rally.task.runner [-] Task 841c42aa-dce7-45c5-8485-2af0b51bcce0 | ITER: 27 END: OK
2019-07-03 08:07:06.106 22829 INFO rally.task.runner [-] Task 841c42aa-dce7-45c5-8485-2af0b51bcce0 | ITER: 53 START
2019-07-03 08:07:06.398 22829 INFO rally.task.runner [-] Task 841c42aa-dce7-45c5-8485-2af0b51bcce0 | ITER: 37 END: OK
2019-07-03 08:07:06.401 22829 INFO rally.task.runner [-] Task 841c42aa-dce7-45c5-8485-2af0b51bcce0 | ITER: 54 START
2019-07-03 08:07:06.653 22870 INFO rally.task.runner [-] Task 841c42aa-dce7-45c5-8485-2af0b51bcce0 | ITER: 39 END: OK
2019-07-03 08:07:06.656 22870 INFO rally.task.runner [-] Task 841c42aa-dce7-45c5-8485-2af0b51bcce0 | ITER: 55 START
2019-07-03 08:07:06.656 22831 INFO rally.task.runner [-] Task 841c42aa-dce7-45c5-8485-2af0b51bcce0 | ITER: 35 END: OK
2019-07-03 08:07:06.661 22831 INFO rally.task.runner [-] Task 841c42aa-dce7-45c5-8485-2af0b51bcce0 | ITER: 56 START
2019-07-03 08:07:06.755 22839 INFO rally.task.runner [-] Task 841c42aa-dce7-45c5-8485-2af0b51bcce0 | ITER: 36 END: OK
2019-07-03 08:07:06.758 22839 INFO rally.task.runner [-] Task 841c42aa-dce7-45c5-8485-2af0b51bcce0 | ITER: 57 START
2019-07-03 08:07:06.838 22832 INFO rally.task.runner [-] Task 841c42aa-dce7-45c5-8485-2af0b51bcce0 | ITER: 40 END: OK
2019-07-03 08:07:06.840 22832 INFO rally.task.runner [-] Task 841c42aa-dce7-45c5-8485-2af0b51bcce0 | ITER: 58 START
2019-07-03 08:07:06.918 22852 INFO rally.task.runner [-] Task 841c42aa-dce7-45c5-8485-2af0b51bcce0 | ITER: 32 END: OK
2019-07-03 08:07:06.921 22852 INFO rally.task.runner [-] Task 841c42aa-dce7-45c5-8485-2af0b51bcce0 | ITER: 59 START
2019-07-03 08:07:07.070 22867 INFO rally.task.runner [-] Task 841c42aa-dce7-45c5-8485-2af0b51bcce0 | ITER: 33 END: OK
2019-07-03 08:07:07.072 22867 INFO rally.task.runner [-] Task 841c42aa-dce7-45c5-8485-2af0b51bcce0 | ITER: 60 START
2019-07-03 08:07:07.275 22831 INFO rally.task.runner [-] Task 841c42aa-dce7-45c5-8485-2af0b51bcce0 | ITER: 42 END: OK
2019-07-03 08:07:07.278 22831 INFO rally.task.runner [-] Task 841c42aa-dce7-45c5-8485-2af0b51bcce0 | ITER: 61 START
2019-07-03 08:07:07.694 22835 INFO rally.task.runner [-] Task 841c42aa-dce7-45c5-8485-2af0b51bcce0 | ITER: 44 END: OK
2019-07-03 08:07:07.698 22835 INFO rally.task.runner [-] Task 841c42aa-dce7-45c5-8485-2af0b51bcce0 | ITER: 62 START
2019-07-03 08:07:07.713 22856 INFO rally.task.runner [-] Task 841c42aa-dce7-45c5-8485-2af0b51bcce0 | ITER: 48 END: OK
2019-07-03 08:07:07.716 22856 INFO rally.task.runner [-] Task 841c42aa-dce7-45c5-8485-2af0b51bcce0 | ITER: 63 START
2019-07-03 08:07:07.762 22849 INFO rally.task.runner [-] Task 841c42aa-dce7-45c5-8485-2af0b51bcce0 | ITER: 52 END: OK
2019-07-03 08:07:07.765 22849 INFO rally.task.runner [-] Task 841c42aa-dce7-45c5-8485-2af0b51bcce0 | ITER: 64 START
2019-07-03 08:07:07.833 22843 INFO rally.task.runner [-] Task 841c42aa-dce7-45c5-8485-2af0b51bcce0 | ITER: 41 END: OK
2019-07-03 08:07:07.836 22843 INFO rally.task.runner [-] Task 841c42aa-dce7-45c5-8485-2af0b51bcce0 | ITER: 65 START
2019-07-03 08:07:07.881 22832 INFO rally.task.runner [-] Task 841c42aa-dce7-45c5-8485-2af0b51bcce0 | ITER: 43 END: OK
2019-07-03 08:07:07.883 22832 INFO rally.task.runner [-] Task 841c42aa-dce7-45c5-8485-2af0b51bcce0 | ITER: 66 START
2019-07-03 08:07:07.888 22876 INFO rally.task.runner [-] Task 841c42aa-dce7-45c5-8485-2af0b51bcce0 | ITER: 50 END: OK
2019-07-03 08:07:07.890 22876 INFO rally.task.runner [-] Task 841c42aa-dce7-45c5-8485-2af0b51bcce0 | ITER: 67 START
2019-07-03 08:07:07.987 22830 INFO rally.task.runner [-] Task 841c42aa-dce7-45c5-8485-2af0b51bcce0 | ITER: 51 END: OK
2019-07-03 08:07:07.990 22830 INFO rally.task.runner [-] Task 841c42aa-dce7-45c5-8485-2af0b51bcce0 | ITER: 68 START
2019-07-03 08:07:08.022 22829 INFO rally.task.runner [-] Task 841c42aa-dce7-45c5-8485-2af0b51bcce0 | ITER: 53 END: OK
2019-07-03 08:07:08.025 22829 INFO rally.task.runner [-] Task 841c42aa-dce7-45c5-8485-2af0b51bcce0 | ITER: 69 START
2019-07-03 08:07:08.040 22847 INFO rally.task.runner [-] Task 841c42aa-dce7-45c5-8485-2af0b51bcce0 | ITER: 49 END: OK
2019-07-03 08:07:08.043 22847 INFO rally.task.runner [-] Task 841c42aa-dce7-45c5-8485-2af0b51bcce0 | ITER: 70 START
2019-07-03 08:07:08.082 22863 INFO rally.task.runner [-] Task 841c42aa-dce7-45c5-8485-2af0b51bcce0 | ITER: 45 END: OK
2019-07-03 08:07:08.085 22863 INFO rally.task.runner [-] Task 841c42aa-dce7-45c5-8485-2af0b51bcce0 | ITER: 71 START
2019-07-03 08:07:08.161 22830 INFO rally.task.runner [-] Task 841c42aa-dce7-45c5-8485-2af0b51bcce0 | ITER: 46 END: OK
2019-07-03 08:07:08.163 22830 INFO rally.task.runner [-] Task 841c42aa-dce7-45c5-8485-2af0b51bcce0 | ITER: 72 START
2019-07-03 08:07:08.301 22831 INFO rally.task.runner [-] Task 841c42aa-dce7-45c5-8485-2af0b51bcce0 | ITER: 56 END: OK
2019-07-03 08:07:08.302 22829 INFO rally.task.runner [-] Task 841c42aa-dce7-45c5-8485-2af0b51bcce0 | ITER: 54 END: OK
2019-07-03 08:07:08.303 22831 INFO rally.task.runner [-] Task 841c42aa-dce7-45c5-8485-2af0b51bcce0 | ITER: 73 START
2019-07-03 08:07:08.305 22829 INFO rally.task.runner [-] Task 841c42aa-dce7-45c5-8485-2af0b51bcce0 | ITER: 74 START
2019-07-03 08:07:08.320 22873 INFO rally.task.runner [-] Task 841c42aa-dce7-45c5-8485-2af0b51bcce0 | ITER: 47 END: OK
2019-07-03 08:07:08.322 22873 INFO rally.task.runner [-] Task 841c42aa-dce7-45c5-8485-2af0b51bcce0 | ITER: 75 START
2019-07-03 08:07:08.438 22839 INFO rally.task.runner [-] Task 841c42aa-dce7-45c5-8485-2af0b51bcce0 | ITER: 57 END: OK
2019-07-03 08:07:08.441 22839 INFO rally.task.runner [-] Task 841c42aa-dce7-45c5-8485-2af0b51bcce0 | ITER: 76 START
2019-07-03 08:07:08.693 22832 INFO rally.task.runner [-] Task 841c42aa-dce7-45c5-8485-2af0b51bcce0 | ITER: 58 END: OK
2019-07-03 08:07:08.696 22832 INFO rally.task.runner [-] Task 841c42aa-dce7-45c5-8485-2af0b51bcce0 | ITER: 77 START
2019-07-03 08:07:08.741 22867 INFO rally.task.runner [-] Task 841c42aa-dce7-45c5-8485-2af0b51bcce0 | ITER: 60 END: OK
2019-07-03 08:07:08.743 22867 INFO rally.task.runner [-] Task 841c42aa-dce7-45c5-8485-2af0b51bcce0 | ITER: 78 START
2019-07-03 08:07:09.069 22852 INFO rally.task.runner [-] Task 841c42aa-dce7-45c5-8485-2af0b51bcce0 | ITER: 59 END: OK
2019-07-03 08:07:09.073 22852 INFO rally.task.runner [-] Task 841c42aa-dce7-45c5-8485-2af0b51bcce0 | ITER: 79 START
2019-07-03 08:07:09.254 22870 INFO rally.task.runner [-] Task 841c42aa-dce7-45c5-8485-2af0b51bcce0 | ITER: 55 END: OK
2019-07-03 08:07:09.256 22870 INFO rally.task.runner [-] Task 841c42aa-dce7-45c5-8485-2af0b51bcce0 | ITER: 80 START
2019-07-03 08:07:09.324 22831 INFO rally.task.runner [-] Task 841c42aa-dce7-45c5-8485-2af0b51bcce0 | ITER: 61 END: OK
2019-07-03 08:07:09.327 22831 INFO rally.task.runner [-] Task 841c42aa-dce7-45c5-8485-2af0b51bcce0 | ITER: 81 START
2019-07-03 08:07:09.424 22843 INFO rally.task.runner [-] Task 841c42aa-dce7-45c5-8485-2af0b51bcce0 | ITER: 65 END: OK
2019-07-03 08:07:09.426 22843 INFO rally.task.runner [-] Task 841c42aa-dce7-45c5-8485-2af0b51bcce0 | ITER: 82 START
2019-07-03 08:07:09.452 22856 INFO rally.task.runner [-] Task 841c42aa-dce7-45c5-8485-2af0b51bcce0 | ITER: 63 END: OK
2019-07-03 08:07:09.455 22856 INFO rally.task.runner [-] Task 841c42aa-dce7-45c5-8485-2af0b51bcce0 | ITER: 83 START
2019-07-03 08:07:09.486 22835 INFO rally.task.runner [-] Task 841c42aa-dce7-45c5-8485-2af0b51bcce0 | ITER: 62 END: OK
2019-07-03 08:07:09.488 22835 INFO rally.task.runner [-] Task 841c42aa-dce7-45c5-8485-2af0b51bcce0 | ITER: 84 START
2019-07-03 08:07:09.788 22849 INFO rally.task.runner [-] Task 841c42aa-dce7-45c5-8485-2af0b51bcce0 | ITER: 64 END: OK
2019-07-03 08:07:09.790 22849 INFO rally.task.runner [-] Task 841c42aa-dce7-45c5-8485-2af0b51bcce0 | ITER: 85 START
2019-07-03 08:07:09.972 22830 INFO rally.task.runner [-] Task 841c42aa-dce7-45c5-8485-2af0b51bcce0 | ITER: 68 END: OK
2019-07-03 08:07:09.976 22830 INFO rally.task.runner [-] Task 841c42aa-dce7-45c5-8485-2af0b51bcce0 | ITER: 86 START
2019-07-03 08:07:10.028 22832 INFO rally.task.runner [-] Task 841c42aa-dce7-45c5-8485-2af0b51bcce0 | ITER: 66 END: OK
2019-07-03 08:07:10.031 22832 INFO rally.task.runner [-] Task 841c42aa-dce7-45c5-8485-2af0b51bcce0 | ITER: 87 START
2019-07-03 08:07:10.111 22876 INFO rally.task.runner [-] Task 841c42aa-dce7-45c5-8485-2af0b51bcce0 | ITER: 67 END: OK
2019-07-03 08:07:10.114 22876 INFO rally.task.runner [-] Task 841c42aa-dce7-45c5-8485-2af0b51bcce0 | ITER: 88 START
2019-07-03 08:07:10.150 22847 INFO rally.task.runner [-] Task 841c42aa-dce7-45c5-8485-2af0b51bcce0 | ITER: 70 END: OK
2019-07-03 08:07:10.153 22847 INFO rally.task.runner [-] Task 841c42aa-dce7-45c5-8485-2af0b51bcce0 | ITER: 89 START
2019-07-03 08:07:10.195 22863 INFO rally.task.runner [-] Task 841c42aa-dce7-45c5-8485-2af0b51bcce0 | ITER: 71 END: OK
2019-07-03 08:07:10.198 22863 INFO rally.task.runner [-] Task 841c42aa-dce7-45c5-8485-2af0b51bcce0 | ITER: 90 START
2019-07-03 08:07:10.242 22829 INFO rally.task.runner [-] Task 841c42aa-dce7-45c5-8485-2af0b51bcce0 | ITER: 69 END: OK
2019-07-03 08:07:10.245 22829 INFO rally.task.runner [-] Task 841c42aa-dce7-45c5-8485-2af0b51bcce0 | ITER: 91 START
2019-07-03 08:07:10.365 22832 INFO rally.task.runner [-] Task 841c42aa-dce7-45c5-8485-2af0b51bcce0 | ITER: 77 END: OK
2019-07-03 08:07:10.368 22832 INFO rally.task.runner [-] Task 841c42aa-dce7-45c5-8485-2af0b51bcce0 | ITER: 92 START
2019-07-03 08:07:10.468 22873 INFO rally.task.runner [-] Task 841c42aa-dce7-45c5-8485-2af0b51bcce0 | ITER: 75 END: OK
2019-07-03 08:07:10.471 22873 INFO rally.task.runner [-] Task 841c42aa-dce7-45c5-8485-2af0b51bcce0 | ITER: 93 START
2019-07-03 08:07:10.711 22867 INFO rally.task.runner [-] Task 841c42aa-dce7-45c5-8485-2af0b51bcce0 | ITER: 78 END: OK
2019-07-03 08:07:10.714 22867 INFO rally.task.runner [-] Task 841c42aa-dce7-45c5-8485-2af0b51bcce0 | ITER: 94 START
2019-07-03 08:07:10.778 22830 INFO rally.task.runner [-] Task 841c42aa-dce7-45c5-8485-2af0b51bcce0 | ITER: 72 END: OK
2019-07-03 08:07:10.781 22830 INFO rally.task.runner [-] Task 841c42aa-dce7-45c5-8485-2af0b51bcce0 | ITER: 95 START
2019-07-03 08:07:10.913 22852 INFO rally.task.runner [-] Task 841c42aa-dce7-45c5-8485-2af0b51bcce0 | ITER: 79 END: OK
2019-07-03 08:07:10.915 22852 INFO rally.task.runner [-] Task 841c42aa-dce7-45c5-8485-2af0b51bcce0 | ITER: 96 START
2019-07-03 08:07:10.960 22870 INFO rally.task.runner [-] Task 841c42aa-dce7-45c5-8485-2af0b51bcce0 | ITER: 80 END: OK
2019-07-03 08:07:10.963 22870 INFO rally.task.runner [-] Task 841c42aa-dce7-45c5-8485-2af0b51bcce0 | ITER: 97 START
2019-07-03 08:07:11.054 22839 INFO rally.task.runner [-] Task 841c42aa-dce7-45c5-8485-2af0b51bcce0 | ITER: 76 END: OK
2019-07-03 08:07:11.056 22839 INFO rally.task.runner [-] Task 841c42aa-dce7-45c5-8485-2af0b51bcce0 | ITER: 98 START
2019-07-03 08:07:11.238 22835 INFO rally.task.runner [-] Task 841c42aa-dce7-45c5-8485-2af0b51bcce0 | ITER: 84 END: OK
2019-07-03 08:07:11.240 22835 INFO rally.task.runner [-] Task 841c42aa-dce7-45c5-8485-2af0b51bcce0 | ITER: 99 START
2019-07-03 08:07:11.699 22843 INFO rally.task.runner [-] Task 841c42aa-dce7-45c5-8485-2af0b51bcce0 | ITER: 82 END: OK
2019-07-03 08:07:11.702 22843 INFO rally.task.runner [-] Task 841c42aa-dce7-45c5-8485-2af0b51bcce0 | ITER: 100 START
2019-07-03 08:07:11.774 22829 INFO rally.task.runner [-] Task 841c42aa-dce7-45c5-8485-2af0b51bcce0 | ITER: 74 END: OK
2019-07-03 08:07:11.943 22863 INFO rally.task.runner [-] Task 841c42aa-dce7-45c5-8485-2af0b51bcce0 | ITER: 90 END: OK
2019-07-03 08:07:11.968 22832 INFO rally.task.runner [-] Task 841c42aa-dce7-45c5-8485-2af0b51bcce0 | ITER: 87 END: OK
2019-07-03 08:07:12.053 22831 INFO rally.task.runner [-] Task 841c42aa-dce7-45c5-8485-2af0b51bcce0 | ITER: 73 END: OK
2019-07-03 08:07:12.099 22849 INFO rally.task.runner [-] Task 841c42aa-dce7-45c5-8485-2af0b51bcce0 | ITER: 85 END: OK
2019-07-03 08:07:12.318 22830 INFO rally.task.runner [-] Task 841c42aa-dce7-45c5-8485-2af0b51bcce0 | ITER: 86 END: OK
2019-07-03 08:07:12.352 22831 INFO rally.task.runner [-] Task 841c42aa-dce7-45c5-8485-2af0b51bcce0 | ITER: 81 END: OK
2019-07-03 08:07:12.534 22856 INFO rally.task.runner [-] Task 841c42aa-dce7-45c5-8485-2af0b51bcce0 | ITER: 83 END: OK
2019-07-03 08:07:12.610 22832 INFO rally.task.runner [-] Task 841c42aa-dce7-45c5-8485-2af0b51bcce0 | ITER: 92 END: OK
2019-07-03 08:07:13.082 22867 INFO rally.task.runner [-] Task 841c42aa-dce7-45c5-8485-2af0b51bcce0 | ITER: 94 END: OK
2019-07-03 08:07:13.088 22873 INFO rally.task.runner [-] Task 841c42aa-dce7-45c5-8485-2af0b51bcce0 | ITER: 93 END: OK
2019-07-03 08:07:13.165 22876 INFO rally.task.runner [-] Task 841c42aa-dce7-45c5-8485-2af0b51bcce0 | ITER: 88 END: OK
2019-07-03 08:07:13.165 22847 INFO rally.task.runner [-] Task 841c42aa-dce7-45c5-8485-2af0b51bcce0 | ITER: 89 END: OK
2019-07-03 08:07:13.337 22829 INFO rally.task.runner [-] Task 841c42aa-dce7-45c5-8485-2af0b51bcce0 | ITER: 91 END: OK
2019-07-03 08:07:13.358 22843 INFO rally.task.runner [-] Task 841c42aa-dce7-45c5-8485-2af0b51bcce0 | ITER: 100 END: OK
2019-07-03 08:07:13.475 22830 INFO rally.task.runner [-] Task 841c42aa-dce7-45c5-8485-2af0b51bcce0 | ITER: 95 END: OK
2019-07-03 08:07:13.648 22870 INFO rally.task.runner [-] Task 841c42aa-dce7-45c5-8485-2af0b51bcce0 | ITER: 97 END: OK
2019-07-03 08:07:13.659 22852 INFO rally.task.runner [-] Task 841c42aa-dce7-45c5-8485-2af0b51bcce0 | ITER: 96 END: OK
2019-07-03 08:07:13.937 22835 INFO rally.task.runner [-] Task 841c42aa-dce7-45c5-8485-2af0b51bcce0 | ITER: 99 END: OK
2019-07-03 08:07:14.208 22839 INFO rally.task.runner [-] Task 841c42aa-dce7-45c5-8485-2af0b51bcce0 | ITER: 98 END: OK
2019-07-03 08:07:14.227 22705 INFO rally.task.context [-] Task 841c42aa-dce7-45c5-8485-2af0b51bcce0 | Context cleanup@openstack cleanup() started
2019-07-03 08:07:14.229 22705 RALLYDEBUG rally_openstack.cleanup.manager [-] Cleaning up neutron vip objects
2019-07-03 08:07:14.900 22705 RALLYDEBUG rally_openstack.cleanup.manager [-] Cleaning up neutron health_monitor objects
2019-07-03 08:07:15.539 22705 RALLYDEBUG rally_openstack.cleanup.manager [-] Cleaning up neutron pool objects
2019-07-03 08:07:16.172 22705 RALLYDEBUG rally_openstack.cleanup.manager [-] Cleaning up neutron loadbalancer objects
2019-07-03 08:07:16.897 22705 RALLYDEBUG rally_openstack.cleanup.manager [-] Cleaning up neutron floatingip objects
2019-07-03 08:07:17.698 22705 RALLYDEBUG rally_openstack.cleanup.manager [-] Cleaning up neutron port objects
2019-07-03 08:07:18.399 22705 RALLYDEBUG rally_openstack.cleanup.manager [-] Cleaning up neutron subnet objects
2019-07-03 08:07:19.165 22705 RALLYDEBUG rally_openstack.cleanup.manager [-] Cleaning up neutron network objects
2019-07-03 08:07:20.398 22705 RALLYDEBUG rally_openstack.cleanup.manager [-] Deleting neutron.network object s_rally_e3bdebb9_D04XtcBY (071d89a5-b17f-4cc3-8aef-f4576057bbb0)
2019-07-03 08:07:20.398 22705 RALLYDEBUG rally_openstack.cleanup.manager [-] Deleting neutron.network object s_rally_e3bdebb9_sDl2S4qa (08427b84-f17f-45f7-b04f-b85f2637dff3)
2019-07-03 08:07:20.404 22705 RALLYDEBUG rally_openstack.cleanup.manager [-] Deleting neutron.network object s_rally_e3bdebb9_BGmGGc25 (1228cde2-186c-4caf-a814-16e375dc3a8a)
2019-07-03 08:07:20.405 22705 RALLYDEBUG rally_openstack.cleanup.manager [-] Deleting neutron.network object s_rally_e3bdebb9_aBHoUEa7 (0e6dd9e6-8a32-4475-a6cc-53541e4138c6)
2019-07-03 08:07:20.408 22705 RALLYDEBUG rally_openstack.cleanup.manager [-] Deleting neutron.network object s_rally_e3bdebb9_MJ7zdByg (0ba4b98c-0ca6-42c4-9b88-00641aa41da7)
2019-07-03 08:07:20.410 22705 RALLYDEBUG rally_openstack.cleanup.manager [-] Deleting neutron.network object s_rally_e3bdebb9_gH5hpcvK (07cc346c-f32c-4c3a-bc5b-cb73c8be795b)
2019-07-03 08:07:20.421 22705 RALLYDEBUG rally_openstack.cleanup.manager [-] Deleting neutron.network object s_rally_e3bdebb9_oYLzZfyE (12c0c3f9-d682-4824-992d-46dd6fa8c6d7)
2019-07-03 08:07:20.428 22705 RALLYDEBUG rally_openstack.cleanup.manager [-] Deleting neutron.network object s_rally_e3bdebb9_bpB4Mcjx (144e5b51-a259-4545-ab5b-9156ce882b06)
2019-07-03 08:07:20.433 22705 RALLYDEBUG rally_openstack.cleanup.manager [-] Deleting neutron.network object s_rally_e3bdebb9_iPUFA3dN (19502d87-b0a9-4e1f-ad32-0651a4945998)
2019-07-03 08:07:20.438 22705 RALLYDEBUG rally_openstack.cleanup.manager [-] Deleting neutron.network object s_rally_e3bdebb9_5OZBeDfa (0641e865-36e8-4929-a211-0c8dc7733938)
2019-07-03 08:07:20.451 22705 RALLYDEBUG rally_openstack.cleanup.manager [-] Deleting neutron.network object s_rally_e3bdebb9_KRbGMuzM (219e2a2a-1132-4a59-9c12-082e7b764d09)
2019-07-03 08:07:20.469 22705 RALLYDEBUG rally_openstack.cleanup.manager [-] Deleting neutron.network object s_rally_e3bdebb9_KbTvaPSw (220b6263-dc8f-4758-9ebe-0be9953be623)
2019-07-03 08:07:20.494 22705 RALLYDEBUG rally_openstack.cleanup.manager [-] Deleting neutron.network object s_rally_e3bdebb9_d7LjPlFj (22dbf955-1e0d-4e09-b425-a977b5642bf6)
2019-07-03 08:07:20.496 22705 RALLYDEBUG rally_openstack.cleanup.manager [-] Deleting neutron.network object s_rally_e3bdebb9_Ea7np54B (251b94d4-8d2c-405d-ac19-7ea9d569145e)
2019-07-03 08:07:20.514 22705 RALLYDEBUG rally_openstack.cleanup.manager [-] Deleting neutron.network object s_rally_e3bdebb9_JOt8sqC6 (28532951-7efc-40b4-a2bd-58bae4c3a8e9)
2019-07-03 08:07:20.529 22705 RALLYDEBUG rally_openstack.cleanup.manager [-] Deleting neutron.network object s_rally_e3bdebb9_sFVoDyZp (28e01a14-a158-42a7-ac87-c0a7db6ec8fb)
2019-07-03 08:07:20.540 22705 RALLYDEBUG rally_openstack.cleanup.manager [-] Deleting neutron.network object s_rally_e3bdebb9_0idklY50 (2abc6fa9-8c25-4b94-b599-2af25d62c7ce)
2019-07-03 08:07:20.550 22705 RALLYDEBUG rally_openstack.cleanup.manager [-] Deleting neutron.network object s_rally_e3bdebb9_1Folpkxe (2edc8b47-d8c3-4bfb-8e1b-09237077113a)
2019-07-03 08:07:20.572 22705 RALLYDEBUG rally_openstack.cleanup.manager [-] Deleting neutron.network object s_rally_e3bdebb9_ZfP9UMkO (30b60488-afdc-4cb3-a280-aeeeb8e9afec)
2019-07-03 08:07:20.588 22705 RALLYDEBUG rally_openstack.cleanup.manager [-] Deleting neutron.network object s_rally_e3bdebb9_4GaxxUdp (36e4567c-dc4d-46b4-8869-ce41c041dae6)
2019-07-03 08:07:23.249 22705 RALLYDEBUG rally_openstack.cleanup.manager [-] Deleting neutron.network object s_rally_e3bdebb9_34TX1zgP (3752bc6d-d760-4220-a50e-cc3baf17b622)
2019-07-03 08:07:23.287 22705 RALLYDEBUG rally_openstack.cleanup.manager [-] Deleting neutron.network object s_rally_e3bdebb9_YII9Qt6Y (3c334ee5-fe6d-4f8e-8642-33dec8addb2a)
2019-07-03 08:07:23.309 22705 RALLYDEBUG rally_openstack.cleanup.manager [-] Deleting neutron.network object s_rally_e3bdebb9_3NHarZhK (3d7d992e-ba7a-4282-a6d4-9e62f112fa55)
2019-07-03 08:07:23.332 22705 RALLYDEBUG rally_openstack.cleanup.manager [-] Deleting neutron.network object s_rally_e3bdebb9_zY58EPNU (4157c4ae-9b1e-4308-b0d9-8f3fe40f58f9)
2019-07-03 08:07:23.412 22705 RALLYDEBUG rally_openstack.cleanup.manager [-] Deleting neutron.network object s_rally_e3bdebb9_LUgr2rKj (42429c95-0d37-4372-bed3-4e4b6893418c)
2019-07-03 08:07:23.559 22705 RALLYDEBUG rally_openstack.cleanup.manager [-] Deleting neutron.network object s_rally_e3bdebb9_oF3IcvNd (4320e0ee-a509-461d-86df-e47a240cafc8)
2019-07-03 08:07:23.569 22705 RALLYDEBUG rally_openstack.cleanup.manager [-] Deleting neutron.network object s_rally_e3bdebb9_sTMX1HkH (4706683e-a21f-477f-a6b4-5f6158c06a6b)
2019-07-03 08:07:23.576 22705 RALLYDEBUG rally_openstack.cleanup.manager [-] Deleting neutron.network object s_rally_e3bdebb9_94w4w4Gk (4afcb21a-472b-4d7e-81d8-b998a44b51f6)
2019-07-03 08:07:23.901 22705 RALLYDEBUG rally_openstack.cleanup.manager [-] Deleting neutron.network object s_rally_e3bdebb9_Jn3LT7PP (4dccc034-6e57-4a10-942a-d3c5532934e4)
2019-07-03 08:07:23.953 22705 RALLYDEBUG rally_openstack.cleanup.manager [-] Deleting neutron.network object s_rally_e3bdebb9_Hzefd7va (4fd6cea7-c9d5-4f61-9c93-015a5fdd06de)
2019-07-03 08:07:24.165 22705 RALLYDEBUG rally_openstack.cleanup.manager [-] Deleting neutron.network object s_rally_e3bdebb9_zmlJBBI3 (51f3666b-04a4-4b09-9957-b30c24202640)
2019-07-03 08:07:24.180 22705 RALLYDEBUG rally_openstack.cleanup.manager [-] Deleting neutron.network object s_rally_e3bdebb9_jFTxYpI2 (542a9ac1-118e-4961-a62c-47bc49c499fa)
2019-07-03 08:07:24.238 22705 RALLYDEBUG rally_openstack.cleanup.manager [-] Deleting neutron.network object s_rally_e3bdebb9_rMgYoJXq (54a52a29-ce69-45f5-a7b1-4512951c4641)
2019-07-03 08:07:24.242 22705 RALLYDEBUG rally_openstack.cleanup.manager [-] Deleting neutron.network object s_rally_e3bdebb9_BZdid4m1 (5693b683-26f5-4725-af14-9905bb635618)
2019-07-03 08:07:24.289 22705 RALLYDEBUG rally_openstack.cleanup.manager [-] Deleting neutron.network object s_rally_e3bdebb9_VbvnmsWt (569a2db7-f965-45c1-85d8-91fd2822ea4c)
2019-07-03 08:07:24.468 22705 RALLYDEBUG rally_openstack.cleanup.manager [-] Deleting neutron.network object s_rally_e3bdebb9_IM47uRQK (571e71b9-f1d3-4dd1-a4f5-4fcf9ef7ac23)
2019-07-03 08:07:24.529 22705 RALLYDEBUG rally_openstack.cleanup.manager [-] Deleting neutron.network object s_rally_e3bdebb9_Jbict7Wi (5ca98c77-1a70-4ce9-9537-1e1373810c68)
2019-07-03 08:07:24.638 22705 RALLYDEBUG rally_openstack.cleanup.manager [-] Deleting neutron.network object s_rally_e3bdebb9_QqenndyN (5cc1cb2a-1ae5-447a-b8a4-c0c08c150935)
2019-07-03 08:07:24.700 22705 RALLYDEBUG rally_openstack.cleanup.manager [-] Deleting neutron.network object s_rally_e3bdebb9_P9OVjlg9 (5f8086bd-0065-41f7-ab24-c010e99f84bb)
2019-07-03 08:07:24.722 22705 RALLYDEBUG rally_openstack.cleanup.manager [-] Deleting neutron.network object s_rally_e3bdebb9_Cvf4fl3B (617b4441-c1f0-4a30-b3d2-951a884f3a0e)
2019-07-03 08:07:25.794 22705 RALLYDEBUG rally_openstack.cleanup.manager [-] Deleting neutron.network object s_rally_e3bdebb9_ZdXCitIa (6833bbdf-5b6c-499c-b7d5-009a3f1a38e8)
2019-07-03 08:07:26.050 22705 RALLYDEBUG rally_openstack.cleanup.manager [-] Deleting neutron.network object s_rally_e3bdebb9_ry4f1fqu (6a6cef16-e5c9-413d-84db-d418334fb63c)
2019-07-03 08:07:26.056 22705 RALLYDEBUG rally_openstack.cleanup.manager [-] Deleting neutron.network object s_rally_e3bdebb9_AnO2C4hH (6b9957d4-629b-461e-89aa-cf536d4ed42d)
2019-07-03 08:07:26.117 22705 RALLYDEBUG rally_openstack.cleanup.manager [-] Deleting neutron.network object s_rally_e3bdebb9_nXJoayXx (6ce8292f-a199-4498-884f-5da6ad79d2ff)
2019-07-03 08:07:26.220 22705 RALLYDEBUG rally_openstack.cleanup.manager [-] Deleting neutron.network object s_rally_e3bdebb9_mMPP6u8M (6e8e0c24-b091-4fd7-8a5a-a9e6b2670bc1)
2019-07-03 08:07:26.589 22705 RALLYDEBUG rally_openstack.cleanup.manager [-] Deleting neutron.network object s_rally_e3bdebb9_29L8cs8J (72840a7d-6630-48f8-919f-e528e4c0f38c)
2019-07-03 08:07:26.715 22705 RALLYDEBUG rally_openstack.cleanup.manager [-] Deleting neutron.network object s_rally_e3bdebb9_NcYB2plE (72ebcc00-7aad-4de0-9485-c733aca890d3)
2019-07-03 08:07:26.739 22705 RALLYDEBUG rally_openstack.cleanup.manager [-] Deleting neutron.network object s_rally_e3bdebb9_j3mQp2kp (737a7e7b-d07d-4831-b8ec-588c2fe57cc9)
2019-07-03 08:07:26.867 22705 RALLYDEBUG rally_openstack.cleanup.manager [-] Deleting neutron.network object s_rally_e3bdebb9_wtBq5sUG (765ad6b7-29f9-445a-8bfd-04183fe40b35)
2019-07-03 08:07:26.951 22705 RALLYDEBUG rally_openstack.cleanup.manager [-] Deleting neutron.network object s_rally_e3bdebb9_A1M66F1o (7f1fe390-86b8-4375-a04f-20c3b2fefa5f)
2019-07-03 08:07:26.975 22705 RALLYDEBUG rally_openstack.cleanup.manager [-] Deleting neutron.network object s_rally_e3bdebb9_3e6B7VyX (8082a470-4a73-4b65-bd72-5a232337e7e1)
2019-07-03 08:07:27.081 22705 RALLYDEBUG rally_openstack.cleanup.manager [-] Deleting neutron.network object s_rally_e3bdebb9_WnmuYGEO (81bf58d2-111c-434e-a838-2e6b8032c6df)
2019-07-03 08:07:27.103 22705 RALLYDEBUG rally_openstack.cleanup.manager [-] Deleting neutron.network object s_rally_e3bdebb9_2H6WWWfA (8502031e-0f51-4ec4-a4fd-83002265f728)
2019-07-03 08:07:27.217 22705 RALLYDEBUG rally_openstack.cleanup.manager [-] Deleting neutron.network object s_rally_e3bdebb9_oXd8y5ox (8a4282cc-0cb3-41f5-bc7f-ae14e6554007)
2019-07-03 08:07:27.230 22705 RALLYDEBUG rally_openstack.cleanup.manager [-] Deleting neutron.network object s_rally_e3bdebb9_6YT5Y1Be (8ad8d691-2ed5-4ce8-8c10-fe0e648b9032)
2019-07-03 08:07:27.360 22705 RALLYDEBUG rally_openstack.cleanup.manager [-] Deleting neutron.network object s_rally_e3bdebb9_P1ipGVQQ (8b7a9746-fc07-4082-abe2-ed8ba84f576d)
2019-07-03 08:07:27.421 22705 RALLYDEBUG rally_openstack.cleanup.manager [-] Deleting neutron.network object s_rally_e3bdebb9_pLFhgJGc (8b918a6e-492a-4f58-88e7-51c834293ea5)
2019-07-03 08:07:27.439 22705 RALLYDEBUG rally_openstack.cleanup.manager [-] Deleting neutron.network object s_rally_e3bdebb9_9EG1t7Ma (8c7b4fa1-59aa-404d-b70d-c6f9fd9ee93f)
2019-07-03 08:07:27.756 22705 RALLYDEBUG rally_openstack.cleanup.manager [-] Deleting neutron.network object s_rally_e3bdebb9_4IqHSnsn (91643566-e131-4734-a78d-fab60a872131)
2019-07-03 08:07:27.904 22705 RALLYDEBUG rally_openstack.cleanup.manager [-] Deleting neutron.network object s_rally_e3bdebb9_0K0RHbm2 (917592b2-7441-4d38-8b1d-b2686d505b58)
2019-07-03 08:07:28.386 22705 RALLYDEBUG rally_openstack.cleanup.manager [-] Deleting neutron.network object s_rally_e3bdebb9_fxmdr06s (99d70ac8-5c98-408a-a817-f9850cd7c7ec)
2019-07-03 08:07:28.620 22705 RALLYDEBUG rally_openstack.cleanup.manager [-] Deleting neutron.network object s_rally_e3bdebb9_CigplYLz (9c289d7d-c488-4e35-afb7-db3ff7918a1d)
2019-07-03 08:07:28.713 22705 RALLYDEBUG rally_openstack.cleanup.manager [-] Deleting neutron.network object s_rally_e3bdebb9_Kvs8YGOw (9e4389f9-ecd1-4581-9181-9309b20bb481)
2019-07-03 08:07:28.752 22705 RALLYDEBUG rally_openstack.cleanup.manager [-] Deleting neutron.network object s_rally_e3bdebb9_zQ8dKfHf (a1d0d4b8-3967-417d-bb2d-3693e301c826)
2019-07-03 08:07:29.060 22705 RALLYDEBUG rally_openstack.cleanup.manager [-] Deleting neutron.network object s_rally_e3bdebb9_1n7QdzUC (a3bf58bb-3377-49e2-bc4a-d2a42c0765a4)
2019-07-03 08:07:29.158 22705 RALLYDEBUG rally_openstack.cleanup.manager [-] Deleting neutron.network object s_rally_e3bdebb9_zGAcaeWl (a4507479-9c49-41d5-b917-55e9e961206a)
2019-07-03 08:07:29.293 22705 RALLYDEBUG rally_openstack.cleanup.manager [-] Deleting neutron.network object s_rally_e3bdebb9_Wj5OuIwB (a7fbbe87-4324-4c7c-8c85-7923286adfd3)
2019-07-03 08:07:29.446 22705 RALLYDEBUG rally_openstack.cleanup.manager [-] Deleting neutron.network object s_rally_e3bdebb9_cPwazlmz (aafaa908-7a1f-4dd7-bfa9-db42d87117b1)
2019-07-03 08:07:29.474 22705 RALLYDEBUG rally_openstack.cleanup.manager [-] Deleting neutron.network object s_rally_e3bdebb9_kftmur98 (aeaa3bd1-baa9-4191-b8a9-fca92accdab0)
2019-07-03 08:07:29.561 22705 RALLYDEBUG rally_openstack.cleanup.manager [-] Deleting neutron.network object s_rally_e3bdebb9_bWNxuE89 (b49af49d-aba2-41db-bfc0-d30902d3b744)
2019-07-03 08:07:29.754 22705 RALLYDEBUG rally_openstack.cleanup.manager [-] Deleting neutron.network object s_rally_e3bdebb9_Bc2aIKMN (b52d51f4-d69b-459f-ba4e-315ec986c491)
2019-07-03 08:07:29.788 22705 RALLYDEBUG rally_openstack.cleanup.manager [-] Deleting neutron.network object s_rally_e3bdebb9_e8nw6U4D (bab3cf02-f768-4d0b-abd2-d777877ca31f)
2019-07-03 08:07:29.811 22705 RALLYDEBUG rally_openstack.cleanup.manager [-] Deleting neutron.network object s_rally_e3bdebb9_x8y3jfwp (bbf523b6-e526-43e9-8d55-c3128a8dc556)
2019-07-03 08:07:29.900 22705 RALLYDEBUG rally_openstack.cleanup.manager [-] Deleting neutron.network object s_rally_e3bdebb9_LdzdfGHx (bcc00b3a-141c-4f70-a962-a83ccbb9d253)
2019-07-03 08:07:29.931 22705 RALLYDEBUG rally_openstack.cleanup.manager [-] Deleting neutron.network object s_rally_e3bdebb9_YDxsJ7ay (bd35f96e-6fdd-435f-9a2b-16f0e3f597e4)
2019-07-03 08:07:30.004 22705 RALLYDEBUG rally_openstack.cleanup.manager [-] Deleting neutron.network object s_rally_e3bdebb9_TAAXersF (c048b7ac-a767-4c8e-b6eb-913fe4af9837)
2019-07-03 08:07:30.108 22705 RALLYDEBUG rally_openstack.cleanup.manager [-] Deleting neutron.network object s_rally_e3bdebb9_ah90yWOY (c507dc86-58af-4cf5-b434-86f9a2c9dcb5)
2019-07-03 08:07:30.210 22705 RALLYDEBUG rally_openstack.cleanup.manager [-] Deleting neutron.network object s_rally_e3bdebb9_qInFowna (c84f1f4a-481c-4cfa-83f2-9fdc557d7880)
2019-07-03 08:07:30.273 22705 RALLYDEBUG rally_openstack.cleanup.manager [-] Deleting neutron.network object s_rally_e3bdebb9_SyYZuAqX (c9c95623-56b0-4955-bcfb-1735a6f996ca)
2019-07-03 08:07:30.454 22705 RALLYDEBUG rally_openstack.cleanup.manager [-] Deleting neutron.network object s_rally_e3bdebb9_3zAwYdKr (ca75728b-62df-4782-836b-6fa100744802)
2019-07-03 08:07:31.056 22705 RALLYDEBUG rally_openstack.cleanup.manager [-] Deleting neutron.network object s_rally_e3bdebb9_1kkc5C26 (cd75dd08-a1c0-40e3-8a85-fcb088991d47)
2019-07-03 08:07:31.089 22705 RALLYDEBUG rally_openstack.cleanup.manager [-] Deleting neutron.network object s_rally_e3bdebb9_SNQkjrjG (cf59311f-1082-409c-a20c-d5e41f3ed58e)
2019-07-03 08:07:31.151 22705 RALLYDEBUG rally_openstack.cleanup.manager [-] Deleting neutron.network object s_rally_e3bdebb9_m7OcQFR7 (d5411a1c-74ee-4ed1-8d7d-70d6f9465535)
2019-07-03 08:07:31.288 22705 RALLYDEBUG rally_openstack.cleanup.manager [-] Deleting neutron.network object s_rally_e3bdebb9_WN9fGzF1 (e5563cef-fec7-4f53-9911-b642b0551bbd)
2019-07-03 08:07:31.763 22705 RALLYDEBUG rally_openstack.cleanup.manager [-] Deleting neutron.network object s_rally_e3bdebb9_0ZEBY9MZ (eb9a5319-40d8-4d42-a303-23c79cb657cf)
2019-07-03 08:07:31.781 22705 RALLYDEBUG rally_openstack.cleanup.manager [-] Deleting neutron.network object s_rally_e3bdebb9_ZisNyFKq (ebd1b336-490f-436c-a5fe-bf0f63dc9b2d)
2019-07-03 08:07:32.229 22705 RALLYDEBUG rally_openstack.cleanup.manager [-] Deleting neutron.network object s_rally_e3bdebb9_V5GmGU8x (ecdc0e72-1708-4581-aee8-6830cb29b270)
2019-07-03 08:07:32.326 22705 RALLYDEBUG rally_openstack.cleanup.manager [-] Deleting neutron.network object s_rally_e3bdebb9_anSOXz09 (ece0d9f4-af44-4742-b122-e7fd45f0eaf4)
2019-07-03 08:07:32.401 22705 RALLYDEBUG rally_openstack.cleanup.manager [-] Deleting neutron.network object s_rally_e3bdebb9_urlLXNZF (ee897016-4bb0-4037-b46c-c60036da7066)
2019-07-03 08:07:32.413 22705 RALLYDEBUG rally_openstack.cleanup.manager [-] Deleting neutron.network object s_rally_e3bdebb9_jJ3GBRTx (ef13ebc7-6341-4794-9383-d9d6982e35e9)
2019-07-03 08:07:32.424 22705 RALLYDEBUG rally_openstack.cleanup.manager [-] Deleting neutron.network object s_rally_e3bdebb9_xLqHP3kS (f08d22f4-e3e9-4138-8ddd-068b86815e6c)
2019-07-03 08:07:32.465 22705 RALLYDEBUG rally_openstack.cleanup.manager [-] Deleting neutron.network object s_rally_e3bdebb9_AROi7QDM (f0f8fddd-9c22-4af7-be08-7e83ebf66bbd)
2019-07-03 08:07:32.489 22705 RALLYDEBUG rally_openstack.cleanup.manager [-] Deleting neutron.network object s_rally_e3bdebb9_SBBZcay4 (f2e13fa4-84be-43d6-977c-737a88f1f512)
2019-07-03 08:07:32.544 22705 RALLYDEBUG rally_openstack.cleanup.manager [-] Deleting neutron.network object s_rally_e3bdebb9_dsQQJRy9 (f6cae421-887f-4826-a19a-1eb0c7fb7e91)
2019-07-03 08:07:32.551 22705 RALLYDEBUG rally_openstack.cleanup.manager [-] Deleting neutron.network object s_rally_e3bdebb9_MCJ7EQN7 (f8af75c6-4d6c-4823-84db-f07f323299f1)
2019-07-03 08:07:32.642 22705 RALLYDEBUG rally_openstack.cleanup.manager [-] Deleting neutron.network object s_rally_e3bdebb9_qBBxnMDd (f910d631-3dc6-4f60-9c17-aff25234682c)
