2019-07-03 08:12:19.568 24802 INFO rally.task.runner [-] Task 841c42aa-dce7-45c5-8485-2af0b51bcce0 | ITER: 8 START
2019-07-03 08:12:19.570 24801 WARNING rally_openstack.scenarios.neutron.utils [-] Running this scenario without either the 'network' or 'existing_network' context is deprecated
2019-07-03 08:12:19.572 24806 INFO rally.task.runner [-] Task 841c42aa-dce7-45c5-8485-2af0b51bcce0 | ITER: 9 START
2019-07-03 08:12:19.565 24800 WARNING rally_openstack.scenarios.neutron.utils [-] Running this scenario without either the 'network' or 'existing_network' context is deprecated
2019-07-03 08:12:19.572 24813 INFO rally.task.runner [-] Task 841c42aa-dce7-45c5-8485-2af0b51bcce0 | ITER: 10 START
2019-07-03 08:12:19.572 24817 RALLYDEBUG rally.task.runner [-] Starting a worker. concurrency: 1 args: {"network_create_args": {}, "subnet_create_args": {}, "subnet_cidr_start": "1.1.0.0/30", "subnets_per_network": 2} times: 40 method_name: run timeout: 0 duration: None cls:
2019-07-03 08:12:19.573 24806 WARNING rally_openstack.scenarios.neutron.utils [-] Running this scenario without either the 'network' or 'existing_network' context is deprecated
2019-07-03 08:12:19.573 24809 INFO rally.task.runner [-] Task 841c42aa-dce7-45c5-8485-2af0b51bcce0 | ITER: 11 START
2019-07-03 08:12:19.574 24813 WARNING rally_openstack.scenarios.neutron.utils [-] Running this scenario without either the 'network' or 'existing_network' context is deprecated
2019-07-03 08:12:19.575 24809 WARNING rally_openstack.scenarios.neutron.utils [-] Running this scenario without either the 'network' or 'existing_network' context is deprecated
2019-07-03 08:12:19.575 24820 RALLYDEBUG rally.task.runner [-] Starting a worker. concurrency: 1 args: {"network_create_args": {}, "subnet_create_args": {}, "subnet_cidr_start": "1.1.0.0/30", "subnets_per_network": 2} times: 40 method_name: run timeout: 0 duration: None cls:
2019-07-03 08:12:19.570 24802 WARNING rally_openstack.scenarios.neutron.utils [-] Running this scenario without either the 'network' or 'existing_network' context is deprecated
2019-07-03 08:12:19.578 24817 INFO rally.task.runner [-] Task 841c42aa-dce7-45c5-8485-2af0b51bcce0 | ITER: 12 START
2019-07-03 08:12:19.580 24817 WARNING rally_openstack.scenarios.neutron.utils [-] Running this scenario without either the 'network' or 'existing_network' context is deprecated
2019-07-03 08:12:19.576 24802 WARNING rally_openstack.scenarios.neutron.utils [-] Running this scenario without either the 'network' or 'existing_network' context is deprecated
2019-07-03 08:12:19.581 24820 INFO rally.task.runner [-] Task 841c42aa-dce7-45c5-8485-2af0b51bcce0 | ITER: 13 START
2019-07-03 08:12:19.583 24820 WARNING rally_openstack.scenarios.neutron.utils [-] Running this scenario without either the 'network' or 'existing_network' context is deprecated
2019-07-03 08:12:19.588 24831 RALLYDEBUG rally.task.runner [-] Starting a worker. concurrency: 1 args: {"network_create_args": {}, "subnet_create_args": {}, "subnet_cidr_start": "1.1.0.0/30", "subnets_per_network": 2} times: 40 method_name: run timeout: 0 duration: None cls:
2019-07-03 08:12:19.588 24828 RALLYDEBUG rally.task.runner [-] Starting a worker. concurrency: 1 args: {"network_create_args": {}, "subnet_create_args": {}, "subnet_cidr_start": "1.1.0.0/30", "subnets_per_network": 2} times: 40 method_name: run timeout: 0 duration: None cls:
2019-07-03 08:12:19.593 24831 INFO rally.task.runner [-] Task 841c42aa-dce7-45c5-8485-2af0b51bcce0 | ITER: 14 START
2019-07-03 08:12:19.593 24832 RALLYDEBUG rally.task.runner [-] Starting a worker. concurrency: 1 args: {"network_create_args": {}, "subnet_create_args": {}, "subnet_cidr_start": "1.1.0.0/30", "subnets_per_network": 2} times: 40 method_name: run timeout: 0 duration: None cls:
2019-07-03 08:12:19.594 24831 WARNING rally_openstack.scenarios.neutron.utils [-] Running this scenario without either the 'network' or 'existing_network' context is deprecated
2019-07-03 08:12:19.594 24828 INFO rally.task.runner [-] Task 841c42aa-dce7-45c5-8485-2af0b51bcce0 | ITER: 15 START
2019-07-03 08:12:19.596 24828 WARNING rally_openstack.scenarios.neutron.utils [-] Running this scenario without either the 'network' or 'existing_network' context is deprecated
2019-07-03 08:12:19.599 24832 INFO rally.task.runner [-] Task 841c42aa-dce7-45c5-8485-2af0b51bcce0 | ITER: 16 START
2019-07-03 08:12:19.601 24832 WARNING rally_openstack.scenarios.neutron.utils [-] Running this scenario without either the 'network' or 'existing_network' context is deprecated
2019-07-03 08:12:19.601 24837 RALLYDEBUG rally.task.runner [-] Starting a worker. concurrency: 1 args: {"network_create_args": {}, "subnet_create_args": {}, "subnet_cidr_start": "1.1.0.0/30", "subnets_per_network": 2} times: 40 method_name: run timeout: 0 duration: None cls:
2019-07-03 08:12:19.607 24837 INFO rally.task.runner [-] Task 841c42aa-dce7-45c5-8485-2af0b51bcce0 | ITER: 17 START
2019-07-03 08:12:19.609 24837 WARNING rally_openstack.scenarios.neutron.utils [-] Running this scenario without either the 'network' or 'existing_network' context is deprecated
2019-07-03 08:12:19.612 24841 RALLYDEBUG rally.task.runner [-] Starting a worker. concurrency: 1 args: {"network_create_args": {}, "subnet_create_args": {}, "subnet_cidr_start": "1.1.0.0/30", "subnets_per_network": 2} times: 40 method_name: run timeout: 0 duration: None cls:
2019-07-03 08:12:19.615 24841 INFO rally.task.runner [-] Task 841c42aa-dce7-45c5-8485-2af0b51bcce0 | ITER: 18 START
2019-07-03 08:12:19.616 24841 WARNING rally_openstack.scenarios.neutron.utils [-] Running this scenario without either the 'network' or 'existing_network' context is deprecated
2019-07-03 08:12:19.618 24843 RALLYDEBUG rally.task.runner [-] Starting a worker. concurrency: 1 args: {"network_create_args": {}, "subnet_create_args": {}, "subnet_cidr_start": "1.1.0.0/30", "subnets_per_network": 2} times: 40 method_name: run timeout: 0 duration: None cls:
2019-07-03 08:12:19.623 24843 INFO rally.task.runner [-] Task 841c42aa-dce7-45c5-8485-2af0b51bcce0 | ITER: 19 START
2019-07-03 08:12:19.623 24846 RALLYDEBUG rally.task.runner [-] Starting a worker. concurrency: 1 args: {"network_create_args": {}, "subnet_create_args": {}, "subnet_cidr_start": "1.1.0.0/30", "subnets_per_network": 2} times: 40 method_name: run timeout: 0 duration: None cls:
2019-07-03 08:12:19.624 24843 WARNING rally_openstack.scenarios.neutron.utils [-] Running this scenario without either the 'network' or 'existing_network' context is deprecated
2019-07-03 08:12:19.627 24846 INFO rally.task.runner [-] Task 841c42aa-dce7-45c5-8485-2af0b51bcce0 | ITER: 20 START
2019-07-03 08:12:19.628 24846 WARNING rally_openstack.scenarios.neutron.utils [-] Running this scenario without either the 'network' or 'existing_network' context is deprecated
2019-07-03 08:12:21.508 24806 RALLYDEBUG rally_openstack.wrappers.network [-] CIDR generated: 1.1.4.96/30
2019-07-03 08:12:21.557 24828 RALLYDEBUG rally_openstack.wrappers.network [-] CIDR generated: 1.1.4.100/30
2019-07-03 08:12:21.640 24820 RALLYDEBUG rally_openstack.wrappers.network [-] CIDR generated: 1.1.4.104/30
2019-07-03 08:12:21.676 24799 RALLYDEBUG rally_openstack.wrappers.network [-] CIDR generated: 1.1.4.108/30
2019-07-03 08:12:22.269 24801 RALLYDEBUG rally_openstack.wrappers.network [-] CIDR generated: 1.1.4.112/30
2019-07-03 08:12:22.281 24831 RALLYDEBUG rally_openstack.wrappers.network [-] CIDR generated: 1.1.4.116/30
2019-07-03 08:12:22.295 24843 RALLYDEBUG rally_openstack.wrappers.network [-] CIDR generated: 1.1.4.120/30
2019-07-03 08:12:22.329 24813 RALLYDEBUG rally_openstack.wrappers.network [-] CIDR generated: 1.1.4.124/30
2019-07-03 08:12:22.346 24800 RALLYDEBUG rally_openstack.wrappers.network [-] CIDR generated: 1.1.4.128/30
2019-07-03 08:12:22.634 24846 RALLYDEBUG rally_openstack.wrappers.network [-] CIDR generated: 1.1.4.132/30
2019-07-03 08:12:22.652 24817 RALLYDEBUG rally_openstack.wrappers.network [-] CIDR generated: 1.1.4.136/30
2019-07-03 08:12:22.688 24802 RALLYDEBUG rally_openstack.wrappers.network [-] CIDR generated: 1.1.4.140/30
2019-07-03 08:12:22.712 24841 RALLYDEBUG rally_openstack.wrappers.network [-] CIDR generated: 1.1.4.144/30
2019-07-03 08:12:22.733 24802 RALLYDEBUG rally_openstack.wrappers.network [-] CIDR generated: 1.1.4.148/30
2019-07-03 08:12:22.825 24799 RALLYDEBUG rally_openstack.wrappers.network [-] CIDR generated: 1.1.4.152/30
2019-07-03 08:12:22.837 24837 RALLYDEBUG rally_openstack.wrappers.network [-] CIDR generated: 1.1.4.156/30
2019-07-03 08:12:22.848 24800 RALLYDEBUG rally_openstack.wrappers.network [-] CIDR generated: 1.1.4.160/30
2019-07-03 08:12:22.886 24801 RALLYDEBUG rally_openstack.wrappers.network [-] CIDR generated: 1.1.4.164/30
2019-07-03 08:12:22.918 24809 RALLYDEBUG rally_openstack.wrappers.network [-] CIDR generated: 1.1.4.168/30
2019-07-03 08:12:23.204 24832 RALLYDEBUG rally_openstack.wrappers.network [-] CIDR generated: 1.1.4.172/30
2019-07-03 08:12:24.166 24806 RALLYDEBUG rally_openstack.wrappers.network [-] CIDR generated: 1.1.4.176/30
2019-07-03 08:12:24.311 24813 RALLYDEBUG rally_openstack.wrappers.network [-] CIDR generated: 1.1.4.180/30
2019-07-03 08:12:24.467 24843 RALLYDEBUG rally_openstack.wrappers.network [-] CIDR generated: 1.1.4.184/30
2019-07-03 08:12:24.743 24802 RALLYDEBUG rally_openstack.wrappers.network [-] CIDR generated: 1.1.4.188/30
2019-07-03 08:12:25.088 24831 RALLYDEBUG rally_openstack.wrappers.network [-] CIDR generated: 1.1.4.192/30
2019-07-03 08:12:25.102 24828 RALLYDEBUG rally_openstack.wrappers.network [-] CIDR generated: 1.1.4.196/30
2019-07-03 08:12:25.125 24846 RALLYDEBUG rally_openstack.wrappers.network [-] CIDR generated: 1.1.4.200/30
2019-07-03 08:12:25.178 24820 RALLYDEBUG rally_openstack.wrappers.network [-] CIDR generated: 1.1.4.204/30
2019-07-03 08:12:25.239 24801 RALLYDEBUG rally_openstack.wrappers.network [-] CIDR generated: 1.1.4.208/30
2019-07-03 08:12:25.369 24800 RALLYDEBUG rally_openstack.wrappers.network [-] CIDR generated: 1.1.4.212/30
2019-07-03 08:12:25.496 24800 RALLYDEBUG rally_openstack.wrappers.network [-] CIDR generated: 1.1.4.216/30
2019-07-03 08:12:25.611 24799 RALLYDEBUG rally_openstack.wrappers.network [-] CIDR generated: 1.1.4.220/30
2019-07-03 08:12:25.779 24802 RALLYDEBUG rally_openstack.wrappers.network [-] CIDR generated: 1.1.4.224/30
2019-07-03 08:12:25.809 24817 RALLYDEBUG rally_openstack.wrappers.network [-] CIDR generated: 1.1.4.228/30
2019-07-03 08:12:25.838 24799 RALLYDEBUG rally_openstack.wrappers.network [-] CIDR generated: 1.1.4.232/30
2019-07-03 08:12:26.221 24832 RALLYDEBUG rally_openstack.wrappers.network [-] CIDR generated: 1.1.4.236/30
2019-07-03 08:12:26.298 24809 RALLYDEBUG rally_openstack.wrappers.network [-] CIDR generated: 1.1.4.240/30
2019-07-03 08:12:26.337 24841 RALLYDEBUG rally_openstack.wrappers.network [-] CIDR generated: 1.1.4.244/30
2019-07-03 08:12:26.475 24801 RALLYDEBUG rally_openstack.wrappers.network [-] CIDR generated: 1.1.4.248/30
2019-07-03 08:12:26.544 24837 RALLYDEBUG rally_openstack.wrappers.network [-] CIDR generated: 1.1.4.252/30
2019-07-03 08:12:32.002 24832 INFO rally.task.runner [-] Task 841c42aa-dce7-45c5-8485-2af0b51bcce0 | ITER: 16 END: OK
2019-07-03 08:12:32.007 24832 INFO rally.task.runner [-] Task 841c42aa-dce7-45c5-8485-2af0b51bcce0 | ITER: 21 START
2019-07-03 08:12:32.008 24832 WARNING rally_openstack.scenarios.neutron.utils [-] Running this scenario without either the 'network' or 'existing_network' context is deprecated
2019-07-03 08:12:32.154 24806 INFO rally.task.runner [-] Task 841c42aa-dce7-45c5-8485-2af0b51bcce0 | ITER: 9 END: OK
2019-07-03 08:12:32.159 24806 INFO rally.task.runner [-] Task 841c42aa-dce7-45c5-8485-2af0b51bcce0 | ITER: 22 START
2019-07-03 08:12:32.159 24806 WARNING rally_openstack.scenarios.neutron.utils [-] Running this scenario without either the 'network' or 'existing_network' context is deprecated
2019-07-03 08:12:32.160 24799 INFO rally.task.runner [-] Task 841c42aa-dce7-45c5-8485-2af0b51bcce0 | ITER: 2 END: OK
2019-07-03 08:12:32.164 24799 INFO rally.task.runner [-] Task 841c42aa-dce7-45c5-8485-2af0b51bcce0 | ITER: 23 START
2019-07-03 08:12:32.165 24799 WARNING rally_openstack.scenarios.neutron.utils [-] Running this scenario without either the 'network' or 'existing_network' context is deprecated
2019-07-03 08:12:32.464 24846 INFO rally.task.runner [-] Task 841c42aa-dce7-45c5-8485-2af0b51bcce0 | ITER: 20 END: OK
2019-07-03 08:12:32.469 24846 INFO rally.task.runner [-] Task 841c42aa-dce7-45c5-8485-2af0b51bcce0 | ITER: 24 START
2019-07-03 08:12:32.469 24846 WARNING rally_openstack.scenarios.neutron.utils [-] Running this scenario without either the 'network' or 'existing_network' context is deprecated
2019-07-03 08:12:32.480 24828 INFO rally.task.runner [-] Task 841c42aa-dce7-45c5-8485-2af0b51bcce0 | ITER: 15 END: OK
2019-07-03 08:12:32.485 24828 INFO rally.task.runner [-] Task 841c42aa-dce7-45c5-8485-2af0b51bcce0 | ITER: 25 START
2019-07-03 08:12:32.486 24828 WARNING rally_openstack.scenarios.neutron.utils [-] Running this scenario without either the 'network' or 'existing_network' context is deprecated
2019-07-03 08:12:33.197 24800 INFO rally.task.runner [-] Task 841c42aa-dce7-45c5-8485-2af0b51bcce0 | ITER: 5 END: OK
2019-07-03 08:12:33.202 24800 INFO rally.task.runner [-] Task 841c42aa-dce7-45c5-8485-2af0b51bcce0 | ITER: 26 START
2019-07-03 08:12:33.203 24800 WARNING rally_openstack.scenarios.neutron.utils [-] Running this scenario without either the 'network' or 'existing_network' context is deprecated
2019-07-03 08:12:33.528 24843 INFO rally.task.runner [-] Task 841c42aa-dce7-45c5-8485-2af0b51bcce0 | ITER: 19 END: OK
2019-07-03 08:12:33.532 24843 INFO rally.task.runner [-] Task 841c42aa-dce7-45c5-8485-2af0b51bcce0 | ITER: 27 START
2019-07-03 08:12:33.532 24843 WARNING rally_openstack.scenarios.neutron.utils [-] Running this scenario without either the 'network' or 'existing_network' context is deprecated
2019-07-03 08:12:33.714 24802 INFO rally.task.runner [-] Task 841c42aa-dce7-45c5-8485-2af0b51bcce0 | ITER: 6 END: OK
2019-07-03 08:12:33.717 24802 INFO rally.task.runner [-] Task 841c42aa-dce7-45c5-8485-2af0b51bcce0 | ITER: 28 START
2019-07-03 08:12:33.718 24802 WARNING rally_openstack.scenarios.neutron.utils [-] Running this scenario without either the 'network' or 'existing_network' context is deprecated
2019-07-03 08:12:33.833 24801 INFO rally.task.runner [-] Task 841c42aa-dce7-45c5-8485-2af0b51bcce0 | ITER: 7 END: OK
2019-07-03 08:12:33.836 24801 INFO rally.task.runner [-] Task 841c42aa-dce7-45c5-8485-2af0b51bcce0 | ITER: 29 START
2019-07-03 08:12:33.837 24801 WARNING rally_openstack.scenarios.neutron.utils [-] Running this scenario without either the 'network' or 'existing_network' context is deprecated
2019-07-03 08:12:33.915 24820 INFO rally.task.runner [-] Task 841c42aa-dce7-45c5-8485-2af0b51bcce0 | ITER: 13 END: OK
2019-07-03 08:12:33.920 24820 INFO rally.task.runner [-] Task 841c42aa-dce7-45c5-8485-2af0b51bcce0 | ITER: 30 START
2019-07-03 08:12:33.921 24820 WARNING rally_openstack.scenarios.neutron.utils [-] Running this scenario without either the 'network' or 'existing_network' context is deprecated
2019-07-03 08:12:33.982 24832 RALLYDEBUG rally_openstack.wrappers.network [-] CIDR generated: 1.1.5.0/30
2019-07-03 08:12:34.018 24806 RALLYDEBUG rally_openstack.wrappers.network [-] CIDR generated: 1.1.5.4/30
2019-07-03 08:12:34.033 24813 INFO rally.task.runner [-] Task 841c42aa-dce7-45c5-8485-2af0b51bcce0 | ITER: 10 END: OK
2019-07-03 08:12:34.038 24813 INFO rally.task.runner [-] Task 841c42aa-dce7-45c5-8485-2af0b51bcce0 | ITER: 31 START
2019-07-03 08:12:34.038 24813 WARNING rally_openstack.scenarios.neutron.utils [-] Running this scenario without either the 'network' or 'existing_network' context is deprecated
2019-07-03 08:12:34.251 24799 RALLYDEBUG rally_openstack.wrappers.network [-] CIDR generated: 1.1.5.8/30
2019-07-03 08:12:34.499 24828 RALLYDEBUG rally_openstack.wrappers.network [-] CIDR generated: 1.1.5.12/30
2019-07-03 08:12:34.705 24817 INFO rally.task.runner [-] Task 841c42aa-dce7-45c5-8485-2af0b51bcce0 | ITER: 12 END: OK
2019-07-03 08:12:34.710 24817 INFO rally.task.runner [-] Task 841c42aa-dce7-45c5-8485-2af0b51bcce0 | ITER: 32 START
2019-07-03 08:12:34.711 24817 WARNING rally_openstack.scenarios.neutron.utils [-] Running this scenario without either the 'network' or 'existing_network' context is deprecated
2019-07-03 08:12:34.861 24800 INFO rally.task.runner [-] Task 841c42aa-dce7-45c5-8485-2af0b51bcce0 | ITER: 3 END: OK
2019-07-03 08:12:34.866 24800 INFO rally.task.runner [-] Task 841c42aa-dce7-45c5-8485-2af0b51bcce0 | ITER: 33 START
2019-07-03 08:12:34.866 24800 WARNING rally_openstack.scenarios.neutron.utils [-] Running this scenario without either the 'network' or 'existing_network' context is deprecated
2019-07-03 08:12:35.017 24846 RALLYDEBUG rally_openstack.wrappers.network [-] CIDR generated: 1.1.5.16/30
2019-07-03 08:12:35.135 24801 RALLYDEBUG rally_openstack.wrappers.network [-] CIDR generated: 1.1.5.20/30
2019-07-03 08:12:35.287 24843 RALLYDEBUG rally_openstack.wrappers.network [-] CIDR generated: 1.1.5.24/30
2019-07-03 08:12:35.383 24800 RALLYDEBUG rally_openstack.wrappers.network [-] CIDR generated: 1.1.5.28/30
2019-07-03 08:12:35.609 24806 RALLYDEBUG rally_openstack.wrappers.network [-] CIDR generated: 1.1.5.32/30
2019-07-03 08:12:35.675 24841 INFO rally.task.runner [-] Task 841c42aa-dce7-45c5-8485-2af0b51bcce0 | ITER: 18 END: OK
2019-07-03 08:12:35.680 24841 INFO rally.task.runner [-] Task 841c42aa-dce7-45c5-8485-2af0b51bcce0 | ITER: 34 START
2019-07-03 08:12:35.681 24841 WARNING rally_openstack.scenarios.neutron.utils [-] Running this scenario without either the 'network' or 'existing_network' context is deprecated
2019-07-03 08:12:35.795 24802 RALLYDEBUG rally_openstack.wrappers.network [-] CIDR generated: 1.1.5.36/30
2019-07-03 08:12:35.825 24820 RALLYDEBUG rally_openstack.wrappers.network [-] CIDR generated: 1.1.5.40/30
2019-07-03 08:12:35.891 24831 INFO rally.task.runner [-] Task 841c42aa-dce7-45c5-8485-2af0b51bcce0 | ITER: 14 END: OK
2019-07-03 08:12:35.896 24831 INFO rally.task.runner [-] Task 841c42aa-dce7-45c5-8485-2af0b51bcce0 | ITER: 35 START
2019-07-03 08:12:35.896 24831 WARNING rally_openstack.scenarios.neutron.utils [-] Running this scenario without either the 'network' or 'existing_network' context is deprecated
2019-07-03 08:12:35.996 24799 INFO rally.task.runner [-] Task 841c42aa-dce7-45c5-8485-2af0b51bcce0 | ITER: 1 END: OK
2019-07-03 08:12:36.000 24799 INFO rally.task.runner [-] Task 841c42aa-dce7-45c5-8485-2af0b51bcce0 | ITER: 36 START
2019-07-03 08:12:36.001 24799 WARNING rally_openstack.scenarios.neutron.utils [-] Running this scenario without either the 'network' or 'existing_network' context is deprecated
2019-07-03 08:12:36.067 24809 INFO rally.task.runner [-] Task 841c42aa-dce7-45c5-8485-2af0b51bcce0 | ITER: 11 END: OK
2019-07-03 08:12:36.072 24809 INFO rally.task.runner [-] Task 841c42aa-dce7-45c5-8485-2af0b51bcce0 | ITER: 37 START
2019-07-03 08:12:36.072 24809 WARNING rally_openstack.scenarios.neutron.utils [-] Running this scenario without either the 'network' or 'existing_network' context is deprecated
2019-07-03 08:12:36.160 24801 INFO rally.task.runner [-] Task 841c42aa-dce7-45c5-8485-2af0b51bcce0 | ITER: 4 END: OK
2019-07-03 08:12:36.164 24801 INFO rally.task.runner [-] Task 841c42aa-dce7-45c5-8485-2af0b51bcce0 | ITER: 38 START
2019-07-03 08:12:36.165 24801 WARNING rally_openstack.scenarios.neutron.utils [-] Running this scenario without either the 'network' or 'existing_network' context is deprecated
2019-07-03 08:12:36.402 24802 INFO rally.task.runner [-] Task 841c42aa-dce7-45c5-8485-2af0b51bcce0 | ITER: 8 END: OK
2019-07-03 08:12:36.406 24802 INFO rally.task.runner [-] Task 841c42aa-dce7-45c5-8485-2af0b51bcce0 | ITER: 39 START
2019-07-03 08:12:36.406 24802 WARNING rally_openstack.scenarios.neutron.utils [-] Running this scenario without either the 'network' or 'existing_network' context is deprecated
2019-07-03 08:12:36.797 24817 RALLYDEBUG rally_openstack.wrappers.network [-] CIDR generated: 1.1.5.44/30
2019-07-03 08:12:36.927 24837 INFO rally.task.runner [-] Task 841c42aa-dce7-45c5-8485-2af0b51bcce0 | ITER: 17 END: OK
2019-07-03 08:12:36.931 24837 INFO rally.task.runner [-] Task 841c42aa-dce7-45c5-8485-2af0b51bcce0 | ITER: 40 START
2019-07-03 08:12:36.931 24837 WARNING rally_openstack.scenarios.neutron.utils [-] Running this scenario without either the 'network' or 'existing_network' context is deprecated
2019-07-03 08:12:37.195 24800 RALLYDEBUG rally_openstack.wrappers.network [-] CIDR generated: 1.1.5.48/30
2019-07-03 08:12:38.263 24813 RALLYDEBUG rally_openstack.wrappers.network [-] CIDR generated: 1.1.5.52/30
2019-07-03 08:12:38.316 24832 RALLYDEBUG rally_openstack.wrappers.network [-] CIDR generated: 1.1.5.56/30
2019-07-03 08:12:38.358 24799 RALLYDEBUG rally_openstack.wrappers.network [-] CIDR generated: 1.1.5.60/30
2019-07-03 08:12:38.765 24846 RALLYDEBUG rally_openstack.wrappers.network [-] CIDR generated: 1.1.5.64/30
2019-07-03 08:12:39.041 24841 RALLYDEBUG rally_openstack.wrappers.network [-] CIDR generated: 1.1.5.68/30
2019-07-03 08:12:39.693 24799 RALLYDEBUG rally_openstack.wrappers.network [-] CIDR generated: 1.1.5.72/30
2019-07-03 08:12:39.730 24831 RALLYDEBUG rally_openstack.wrappers.network [-] CIDR generated: 1.1.5.76/30
2019-07-03 08:12:39.771 24802 RALLYDEBUG rally_openstack.wrappers.network [-] CIDR generated: 1.1.5.80/30
2019-07-03 08:12:39.838 24837 RALLYDEBUG rally_openstack.wrappers.network [-] CIDR generated: 1.1.5.84/30
2019-07-03 08:12:39.935 24801 RALLYDEBUG rally_openstack.wrappers.network [-] CIDR generated: 1.1.5.88/30
2019-07-03 08:12:40.041 24809 RALLYDEBUG rally_openstack.wrappers.network [-] CIDR generated: 1.1.5.92/30
2019-07-03 08:12:40.110 24843 RALLYDEBUG rally_openstack.wrappers.network [-] CIDR generated: 1.1.5.96/30
2019-07-03 08:12:40.119 24801 RALLYDEBUG rally_openstack.wrappers.network [-] CIDR generated: 1.1.5.100/30
2019-07-03 08:12:40.214 24828 RALLYDEBUG rally_openstack.wrappers.network [-] CIDR generated: 1.1.5.104/30
2019-07-03 08:12:40.316 24800 RALLYDEBUG rally_openstack.wrappers.network [-] CIDR generated: 1.1.5.108/30
2019-07-03 08:12:40.630 24802 RALLYDEBUG rally_openstack.wrappers.network [-] CIDR generated: 1.1.5.112/30
2019-07-03 08:12:40.925 24817 RALLYDEBUG rally_openstack.wrappers.network [-] CIDR generated: 1.1.5.116/30
2019-07-03 08:12:40.984 24820 RALLYDEBUG rally_openstack.wrappers.network [-] CIDR generated: 1.1.5.120/30
2019-07-03 08:12:41.049 24800 RALLYDEBUG rally_openstack.wrappers.network [-] CIDR generated: 1.1.5.124/30
2019-07-03 08:12:41.091 24813 RALLYDEBUG rally_openstack.wrappers.network [-] CIDR generated: 1.1.5.128/30
2019-07-03 08:12:41.943 24802 RALLYDEBUG rally_openstack.wrappers.network [-] CIDR generated: 1.1.5.132/30
2019-07-03 08:12:42.018 24831 RALLYDEBUG rally_openstack.wrappers.network [-] CIDR generated: 1.1.5.136/30
2019-07-03 08:12:42.042 24841 RALLYDEBUG rally_openstack.wrappers.network [-] CIDR generated: 1.1.5.140/30
2019-07-03 08:12:42.444 24799 RALLYDEBUG rally_openstack.wrappers.network [-] CIDR generated: 1.1.5.144/30
2019-07-03 08:12:42.760 24806 INFO rally.task.runner [-] Task 841c42aa-dce7-45c5-8485-2af0b51bcce0 | ITER: 22 END: OK
2019-07-03 08:12:43.294 24801 RALLYDEBUG rally_openstack.wrappers.network [-] CIDR generated: 1.1.5.148/30
2019-07-03 08:12:43.759 24837 RALLYDEBUG rally_openstack.wrappers.network [-] CIDR generated: 1.1.5.152/30
2019-07-03 08:12:43.799 24809 RALLYDEBUG rally_openstack.wrappers.network [-] CIDR generated: 1.1.5.156/30
2019-07-03 08:12:44.752 24799 INFO rally.task.runner [-] Task 841c42aa-dce7-45c5-8485-2af0b51bcce0 | ITER: 23 END: OK
2019-07-03 08:12:45.676 24846 INFO rally.task.runner [-] Task 841c42aa-dce7-45c5-8485-2af0b51bcce0 | ITER: 24 END: OK
2019-07-03 08:12:45.895 24843 INFO rally.task.runner [-] Task 841c42aa-dce7-45c5-8485-2af0b51bcce0 | ITER: 27 END: OK
2019-07-03 08:12:46.831 24800 INFO rally.task.runner [-] Task 841c42aa-dce7-45c5-8485-2af0b51bcce0 | ITER: 33 END: OK
2019-07-03 08:12:47.841 24831 INFO rally.task.runner [-] Task 841c42aa-dce7-45c5-8485-2af0b51bcce0 | ITER: 35 END: OK
2019-07-03 08:12:47.848 24832 INFO rally.task.runner [-] Task 841c42aa-dce7-45c5-8485-2af0b51bcce0 | ITER: 21 END: OK
2019-07-03 08:12:47.977 24802 INFO rally.task.runner [-] Task 841c42aa-dce7-45c5-8485-2af0b51bcce0 | ITER: 28 END: OK
2019-07-03 08:12:48.124 24800 INFO rally.task.runner [-] Task 841c42aa-dce7-45c5-8485-2af0b51bcce0 | ITER: 26 END: OK
2019-07-03 08:12:48.152 24828 INFO rally.task.runner [-] Task 841c42aa-dce7-45c5-8485-2af0b51bcce0 | ITER: 25 END: OK
2019-07-03 08:12:48.189 24801 INFO rally.task.runner [-] Task 841c42aa-dce7-45c5-8485-2af0b51bcce0 | ITER: 29 END: OK
2019-07-03 08:12:48.481 24799 INFO rally.task.runner [-] Task 841c42aa-dce7-45c5-8485-2af0b51bcce0 | ITER: 36 END: OK
2019-07-03 08:12:48.500 24820 INFO rally.task.runner [-] Task 841c42aa-dce7-45c5-8485-2af0b51bcce0 | ITER: 30 END: OK
2019-07-03 08:12:48.604 24802 INFO rally.task.runner [-] Task 841c42aa-dce7-45c5-8485-2af0b51bcce0 | ITER: 39 END: OK
2019-07-03 08:12:49.144 24801 INFO rally.task.runner [-] Task 841c42aa-dce7-45c5-8485-2af0b51bcce0 | ITER: 38 END: OK
2019-07-03 08:12:49.482 24813 INFO rally.task.runner [-] Task 841c42aa-dce7-45c5-8485-2af0b51bcce0 | ITER: 31 END: OK
2019-07-03 08:12:49.741 24817 INFO rally.task.runner [-] Task 841c42aa-dce7-45c5-8485-2af0b51bcce0 | ITER: 32 END: OK
2019-07-03 08:12:50.184 24841 INFO rally.task.runner [-] Task 841c42aa-dce7-45c5-8485-2af0b51bcce0 | ITER: 34 END: OK
2019-07-03 08:12:50.505 24809 INFO rally.task.runner [-] Task 841c42aa-dce7-45c5-8485-2af0b51bcce0 | ITER: 37 END: OK
2019-07-03 08:12:50.600 24837 INFO rally.task.runner [-] Task 841c42aa-dce7-45c5-8485-2af0b51bcce0 | ITER: 40 END: OK
2019-07-03 08:12:50.624 22705 INFO rally.task.context [-] Task 841c42aa-dce7-45c5-8485-2af0b51bcce0 | Context cleanup@openstack cleanup() started
2019-07-03 08:12:50.627 22705 RALLYDEBUG rally_openstack.cleanup.manager [-] Cleaning up neutron vip objects
2019-07-03 08:12:51.461 22705 RALLYDEBUG rally_openstack.cleanup.manager [-] Cleaning up neutron health_monitor objects
2019-07-03 08:12:52.201 22705 RALLYDEBUG rally_openstack.cleanup.manager [-] Cleaning up neutron pool objects
2019-07-03 08:12:52.953 22705 RALLYDEBUG rally_openstack.cleanup.manager [-] Cleaning up neutron loadbalancer objects
2019-07-03 08:12:53.611 22705 RALLYDEBUG rally_openstack.cleanup.manager [-] Cleaning up neutron floatingip objects
2019-07-03 08:12:54.299 22705 RALLYDEBUG rally_openstack.cleanup.manager [-] Cleaning up neutron port objects
2019-07-03 08:12:55.084 22705 RALLYDEBUG rally_openstack.cleanup.manager [-] Cleaning up neutron subnet objects
2019-07-03 08:12:55.782 22705 RALLYDEBUG rally_openstack.cleanup.manager [-] Cleaning up neutron network objects
2019-07-03 08:12:56.898 22705 RALLYDEBUG rally_openstack.cleanup.manager [-] Deleting neutron.network object s_rally_2f22dce3_d6vzrL6I (10233cc9-af84-420f-9651-8eebe810cb1f)
2019-07-03 08:12:56.907 22705 RALLYDEBUG rally_openstack.cleanup.manager [-] Deleting neutron.network object s_rally_2f22dce3_onKOXJ5P (12dff1ee-1451-41b6-bd9d-1f124e39aa69)
2019-07-03 08:12:56.916 22705 RALLYDEBUG rally_openstack.cleanup.manager [-] Deleting neutron.network object s_rally_2f22dce3_shaxWOeS (1c42e439-73a7-42a0-9f7c-1693efe0d7ef)
2019-07-03 08:12:56.920 22705 RALLYDEBUG rally_openstack.cleanup.manager [-] Deleting neutron.network object s_rally_2f22dce3_4bDFxdZj (20fd2f2b-c8ad-4b73-bfd6-46c400bdd41c)
2019-07-03 08:12:56.933 22705 RALLYDEBUG rally_openstack.cleanup.manager [-] Deleting neutron.network object s_rally_2f22dce3_RGYYWHxC (2cf0ee9c-cfe2-4747-858a-9c88a09673da)
2019-07-03 08:12:56.941 22705 RALLYDEBUG rally_openstack.cleanup.manager [-] Deleting neutron.network object s_rally_2f22dce3_wXwOfNJe (465ab240-1657-420e-85a3-8004b7746274)
2019-07-03 08:12:56.946 22705 RALLYDEBUG rally_openstack.cleanup.manager [-] Deleting neutron.network object s_rally_2f22dce3_ezYnK8Hg (3ad98ae7-8b2d-46cb-a274-3f719ec403ba)
2019-07-03 08:12:56.955 22705 RALLYDEBUG rally_openstack.cleanup.manager [-] Deleting neutron.network object s_rally_2f22dce3_HfHj1sWv (52305e20-9c12-4c70-bdd0-9dae22864cbe)
2019-07-03 08:12:56.970 22705 RALLYDEBUG rally_openstack.cleanup.manager [-] Deleting neutron.network object s_rally_2f22dce3_DU3JVXCI (5516dc23-4e59-490f-8239-82a2e3eb409c)
2019-07-03 08:12:56.984 22705 RALLYDEBUG rally_openstack.cleanup.manager [-] Deleting neutron.network object s_rally_2f22dce3_BfmrDffv (573a7535-5f5b-4f83-8ba6-8e3ec93055b6)
2019-07-03 08:12:56.992 22705 RALLYDEBUG rally_openstack.cleanup.manager [-] Deleting neutron.network object s_rally_2f22dce3_pXQ5Rznf (616296f8-b95f-4297-bd85-3d206b33004e)
2019-07-03 08:12:56.994 22705 RALLYDEBUG rally_openstack.cleanup.manager [-] Deleting neutron.network object s_rally_2f22dce3_epfCLyc9 (5eb874c8-616c-42ee-8dcb-0ba4691adf54)
2019-07-03 08:12:57.011 22705 RALLYDEBUG rally_openstack.cleanup.manager [-] Deleting neutron.network object s_rally_2f22dce3_WxcFuwQY (66044827-0991-437d-965f-0fb73521bf91)
2019-07-03 08:12:57.022 22705 RALLYDEBUG rally_openstack.cleanup.manager [-] Deleting neutron.network object s_rally_2f22dce3_4VVjaglC (7359fc1d-ca2c-46e3-a077-3818e849ef2c)
2019-07-03 08:12:57.026 22705 RALLYDEBUG rally_openstack.cleanup.manager [-] Deleting neutron.network object s_rally_2f22dce3_5bxjagHs (76d19e0a-84ab-4ad0-a191-410d4e7d77d4)
2019-07-03 08:12:57.050 22705 RALLYDEBUG rally_openstack.cleanup.manager [-] Deleting neutron.network object s_rally_2f22dce3_2ow98YSZ (7afc6616-3ee4-41be-8953-8b1619a83faa)
2019-07-03 08:12:57.056 22705 RALLYDEBUG rally_openstack.cleanup.manager [-] Deleting neutron.network object s_rally_2f22dce3_9yFpLma5 (7b14fa5f-98fd-45c3-904b-02b0f777e1fa)
2019-07-03 08:12:57.067 22705 RALLYDEBUG rally_openstack.cleanup.manager [-] Deleting neutron.network object s_rally_2f22dce3_1XrRLtxP (7cf14dc1-afdc-4b7d-b457-378efda3c397)
2019-07-03 08:12:57.081 22705 RALLYDEBUG rally_openstack.cleanup.manager [-] Deleting neutron.network object s_rally_2f22dce3_yGtJgLN9 (7d76a8b3-c787-4230-b92b-5d710e52e349)
2019-07-03 08:12:57.098 22705 RALLYDEBUG rally_openstack.cleanup.manager [-] Deleting neutron.network object s_rally_2f22dce3_oWjF3oZG (7ee35bd7-ace0-4aa4-9bfa-261b2f6453a6)
2019-07-03 08:12:59.473 22705 RALLYDEBUG rally_openstack.cleanup.manager [-] Deleting neutron.network object s_rally_2f22dce3_EbUihWU1 (80e67315-4259-444a-976d-c762eebcb6cd)
2019-07-03 08:12:59.845 22705 RALLYDEBUG rally_openstack.cleanup.manager [-] Deleting neutron.network object s_rally_2f22dce3_z2ujHJOw (84e72511-f5c6-4a15-bded-633e4ed6c7ee)
2019-07-03 08:13:00.050 22705 RALLYDEBUG rally_openstack.cleanup.manager [-] Deleting neutron.network object s_rally_2f22dce3_N35rsn3J (8c0b499b-b93d-4fee-a63d-f2b2954c3813)
2019-07-03 08:13:00.334 22705 RALLYDEBUG rally_openstack.cleanup.manager [-] Deleting neutron.network object s_rally_2f22dce3_zs2IRgge (8eacc363-17cb-409d-b1f0-5c4a52b0c2cf)
2019-07-03 08:13:00.357 22705 RALLYDEBUG rally_openstack.cleanup.manager [-] Deleting neutron.network object s_rally_2f22dce3_of8W4Iba (958e8740-8aa1-4855-88e4-13acbcbc6f4f)
2019-07-03 08:13:00.378 22705 RALLYDEBUG rally_openstack.cleanup.manager [-] Deleting neutron.network object s_rally_2f22dce3_aNS55J60 (9b637fe8-708d-4552-a4ed-aa91d78417f5)
2019-07-03 08:13:00.425 22705 RALLYDEBUG rally_openstack.cleanup.manager [-] Deleting neutron.network object s_rally_2f22dce3_OvQOi2S2 (9e80d490-c23b-4c4c-a821-567fa407e47e)
2019-07-03 08:13:00.482 22705 RALLYDEBUG rally_openstack.cleanup.manager [-] Deleting neutron.network object s_rally_2f22dce3_6VLDQIuc (a76a06c8-e441-4222-8188-5c0192ccb07b)
2019-07-03 08:13:00.589 22705 RALLYDEBUG rally_openstack.cleanup.manager [-] Deleting neutron.network object s_rally_2f22dce3_1DmdqXdU (a901b8a5-0d6e-4266-881f-5e4320c21783)
2019-07-03 08:13:00.599 22705 RALLYDEBUG rally_openstack.cleanup.manager [-] Deleting neutron.network object s_rally_2f22dce3_nlvXP0qB (b18709a8-cd6d-4117-84c3-53b541dcf30a)
2019-07-03 08:13:00.673 22705 RALLYDEBUG rally_openstack.cleanup.manager [-] Deleting neutron.network object s_rally_2f22dce3_qRopw4iJ (b4f2f35b-b12a-483f-a8f9-e77cfe00fb0d)
2019-07-03 08:13:00.717 22705 RALLYDEBUG rally_openstack.cleanup.manager [-] Deleting neutron.network object s_rally_2f22dce3_wlJObdzd (bd40c2b8-8b5b-423c-a918-d2d1f6875f67)
2019-07-03 08:13:00.768 22705 RALLYDEBUG rally_openstack.cleanup.manager [-] Deleting neutron.network object s_rally_2f22dce3_50RfQCOL (cae67e17-b6ad-41d2-8bae-954d4f5ad7b7)
2019-07-03 08:13:00.769 22705 RALLYDEBUG rally_openstack.cleanup.manager [-] Deleting neutron.network object s_rally_2f22dce3_25D9K5dw (bd525984-2188-419b-b565-0e9486dbbf1c)
2019-07-03 08:13:00.891 22705 RALLYDEBUG rally_openstack.cleanup.manager [-] Deleting neutron.network object s_rally_2f22dce3_pZqCDqsR (cc2c6283-335d-49a3-a52f-eceeb0844819)
2019-07-03 08:13:01.162 22705 RALLYDEBUG rally_openstack.cleanup.manager [-] Deleting neutron.network object s_rally_2f22dce3_7ZJBNBSF (d5a19879-b341-42f3-906f-91de95e90865)
2019-07-03 08:13:01.504 22705 RALLYDEBUG rally_openstack.cleanup.manager [-] Deleting neutron.network object s_rally_2f22dce3_6zlxMolK (d97be8fa-c63e-41fc-90f0-de94d566f5dd)
2019-07-03 08:13:01.532 22705 RALLYDEBUG rally_openstack.cleanup.manager [-] Deleting neutron.network object s_rally_2f22dce3_W3gqqfPP (da8356ec-42a6-4876-838e-02efce44ed40)
2019-07-03 08:13:01.920 22705 RALLYDEBUG rally_openstack.cleanup.manager [-] Deleting neutron.network object s_rally_2f22dce3_gOgCksks (dc1c996f-02a1-4faf-86ab-07e8a17f6275)
2019-07-03 08:13:02.028 22705 RALLYDEBUG rally_openstack.cleanup.manager [-] Deleting neutron.network object s_rally_2f22dce3_IvYqJ7aP (f09d5d38-2ddb-4d13-8291-2813c8b25abb)
2019-07-03 08:13:04.989 22705 RALLYDEBUG rally_openstack.cleanup.manager [-] Cleaning up neutron router objects
2019-07-03 08:13:05.723 22705 RALLYDEBUG rally_openstack.cleanup.manager [-] Cleaning up neutron security_group objects
2019-07-03 08:13:06.545 22705 INFO rally.task.context [-] Task 841c42aa-dce7-45c5-8485-2af0b51bcce0 | Context cleanup@openstack cleanup() finished in 15.92 sec
2019-07-03 08:13:06.545 22705 INFO rally.task.context [-] Task 841c42aa-dce7-45c5-8485-2af0b51bcce0 | Context quotas@openstack cleanup() started
2019-07-03 08:13:06.943 22705 INFO rally.task.context [-] Task 841c42aa-dce7-45c5-8485-2af0b51bcce0 | Context quotas@openstack cleanup() finished in 0.40 sec
2019-07-03 08:13:06.944 22705 INFO rally.task.context [-] Task 841c42aa-dce7-45c5-8485-2af0b51bcce0 | Context users@openstack cleanup() started
2019-07-03 08:13:11.706 22705 INFO rally.task.context [-] Task 841c42aa-dce7-45c5-8485-2af0b51bcce0 | Context users@openstack cleanup() finished in 4.76 sec
2019-07-03 08:13:12.743 22705 INFO rally.task.engine [-] Load duration is: 31.041166
2019-07-03 08:13:12.743 22705 INFO rally.task.engine [-] Full runner duration is: 31.087356
2019-07-03 08:13:12.744 22705 INFO rally.task.engine [-] Full duration is: 59.180249
2019-07-03 08:13:12.986 22705 INFO rally.task.engine [-] Running workload: position = 0 config = { "version": 2, "title": "A cropped version of a bigger task.", "description": "Auto-generated task from a single workload (uuid=10dc727a-aca8-4c56-9e3e-b90197c39a68)", "subtasks": [ { "title": "NeutronNetworks.create_and_list_routers", "description": "Create and a given number of routers and list all routers.", "scenario": { "NeutronNetworks.create_and_list_routers": { "network_create_args": null, "subnet_create_args": null, "subnet_cidr_start": "1.1.0.0/30", "subnets_per_network": 2, "router_create_args": null } }, "contexts": { "users": { "tenants": 1, "users_per_tenant": 1 }, "quotas": { "neutron": { "network": -1, "subnet": -1, "router": -1 } } }, "runner": { "constant": { "times": 40, "concurrency": 20 } }, "hooks": [], "sla": { "failure_rate": { "max": 0 } } } ] }
2019-07-03 08:13:13.008 22705 RALLYDEBUG rally_openstack.contexts.keystone.users [-] Creating 1 tenants using 20 threads
2019-07-03 08:13:15.012 22705 RALLYDEBUG rally_openstack.contexts.keystone.users [-] Creating 1 users using 20 threads
2019-07-03 08:13:17.968 22705 INFO rally.task.context [-] Task 841c42aa-dce7-45c5-8485-2af0b51bcce0 | Context users@openstack setup() finished in 4.96 sec
2019-07-03 08:13:18.747 22705 INFO rally.task.context [-] Task 841c42aa-dce7-45c5-8485-2af0b51bcce0 | Context quotas@openstack setup() finished in 0.78 sec
2019-07-03 08:13:18.748 22705 INFO rally.task.context [-] Task 841c42aa-dce7-45c5-8485-2af0b51bcce0 | Context cleanup@openstack setup() finished in 0.01 msec
2019-07-03 08:13:18.755 22705 RALLYDEBUG rally.task.runner [-] Starting the constant runner (task UUID: 841c42aa-dce7-45c5-8485-2af0b51bcce0). timeout: 0 concurrency: 20 concurrency_per_worker: 1 times: 40 concurrency_overhead: 4 processes_to_start: 16 max_cpu_used: 16
2019-07-03 08:13:18.768 25169 RALLYDEBUG rally.task.runner [-] Starting a worker. concurrency: 2 args: {"network_create_args": null, "subnet_create_args": null, "subnet_cidr_start": "1.1.0.0/30", "subnets_per_network": 2, "router_create_args": null} times: 40 method_name: run timeout: 0 duration: None cls:
2019-07-03 08:13:18.771 25171 RALLYDEBUG rally.task.runner [-] Starting a worker. concurrency: 2 args: {"network_create_args": null, "subnet_create_args": null, "subnet_cidr_start": "1.1.0.0/30", "subnets_per_network": 2, "router_create_args": null} times: 40 method_name: run timeout: 0 duration: None cls:
2019-07-03 08:13:18.771 25170 RALLYDEBUG rally.task.runner [-] Starting a worker. concurrency: 2 args: {"network_create_args": null, "subnet_create_args": null, "subnet_cidr_start": "1.1.0.0/30", "subnets_per_network": 2, "router_create_args": null} times: 40 method_name: run timeout: 0 duration: None cls:
2019-07-03 08:13:18.773 25172 RALLYDEBUG rally.task.runner [-] Starting a worker. concurrency: 2 args: {"network_create_args": null, "subnet_create_args": null, "subnet_cidr_start": "1.1.0.0/30", "subnets_per_network": 2, "router_create_args": null} times: 40 method_name: run timeout: 0 duration: None cls:
2019-07-03 08:13:18.776 25169 INFO rally.task.runner [-] Task 841c42aa-dce7-45c5-8485-2af0b51bcce0 | ITER: 1 START
2019-07-03 08:13:18.777 25171 INFO rally.task.runner [-] Task 841c42aa-dce7-45c5-8485-2af0b51bcce0 | ITER: 2 START
2019-07-03 08:13:18.778 25171 INFO rally.task.runner [-] Task 841c42aa-dce7-45c5-8485-2af0b51bcce0 | ITER: 6 START
2019-07-03 08:13:18.778 25170 INFO rally.task.runner [-] Task 841c42aa-dce7-45c5-8485-2af0b51bcce0 | ITER: 3 START
2019-07-03 08:13:18.779 25172 INFO rally.task.runner [-] Task 841c42aa-dce7-45c5-8485-2af0b51bcce0 | ITER: 7 START
2019-07-03 08:13:18.782 25174 RALLYDEBUG rally.task.runner [-] Starting a worker. concurrency: 1 args: {"network_create_args": null, "subnet_create_args": null, "subnet_cidr_start": "1.1.0.0/30", "subnets_per_network": 2, "router_create_args": null} times: 40 method_name: run timeout: 0 duration: None cls:
2019-07-03 08:13:18.783 25178 RALLYDEBUG rally.task.runner [-] Starting a worker. concurrency: 1 args: {"network_create_args": null, "subnet_create_args": null, "subnet_cidr_start": "1.1.0.0/30", "subnets_per_network": 2, "router_create_args": null} times: 40 method_name: run timeout: 0 duration: None cls:
2019-07-03 08:13:18.784 25172 INFO rally.task.runner [-] Task 841c42aa-dce7-45c5-8485-2af0b51bcce0 | ITER: 5 START
2019-07-03 08:13:18.784 25185 RALLYDEBUG rally.task.runner [-] Starting a worker. concurrency: 1 args: {"network_create_args": null, "subnet_create_args": null, "subnet_cidr_start": "1.1.0.0/30", "subnets_per_network": 2, "router_create_args": null} times: 40 method_name: run timeout: 0 duration: None cls:
2019-07-03 08:13:18.789 25170 INFO rally.task.runner [-] Task 841c42aa-dce7-45c5-8485-2af0b51bcce0 | ITER: 8 START
2019-07-03 08:13:18.789 25187 RALLYDEBUG rally.task.runner [-] Starting a worker. concurrency: 1 args: {"network_create_args": null, "subnet_create_args": null, "subnet_cidr_start": "1.1.0.0/30", "subnets_per_network": 2, "router_create_args": null} times: 40 method_name: run timeout: 0 duration: None cls:
2019-07-03 08:13:18.790 25185 INFO rally.task.runner [-] Task 841c42aa-dce7-45c5-8485-2af0b51bcce0 | ITER: 11 START
2019-07-03 08:13:18.790 25174 INFO rally.task.runner [-] Task 841c42aa-dce7-45c5-8485-2af0b51bcce0 | ITER: 9 START
2019-07-03 08:13:18.794 25169 INFO rally.task.runner [-] Task 841c42aa-dce7-45c5-8485-2af0b51bcce0 | ITER: 4 START
2019-07-03 08:13:18.794 25187 INFO rally.task.runner [-] Task 841c42aa-dce7-45c5-8485-2af0b51bcce0 | ITER: 12 START
2019-07-03 08:13:18.795 25195 RALLYDEBUG rally.task.runner [-] Starting a worker. concurrency: 1 args: {"network_create_args": null, "subnet_create_args": null, "subnet_cidr_start": "1.1.0.0/30", "subnets_per_network": 2, "router_create_args": null} times: 40 method_name: run timeout: 0 duration: None cls:
2019-07-03 08:13:18.797 25178 INFO rally.task.runner [-] Task 841c42aa-dce7-45c5-8485-2af0b51bcce0 | ITER: 10 START
2019-07-03 08:13:18.796 25189 RALLYDEBUG rally.task.runner [-] Starting a worker. concurrency: 1 args: {"network_create_args": null, "subnet_create_args": null, "subnet_cidr_start": "1.1.0.0/30", "subnets_per_network": 2, "router_create_args": null} times: 40 method_name: run timeout: 0 duration: None cls:
2019-07-03 08:13:18.798 25195 INFO rally.task.runner [-] Task 841c42aa-dce7-45c5-8485-2af0b51bcce0 | ITER: 13 START
2019-07-03 08:13:18.797 25188 RALLYDEBUG rally.task.runner [-] Starting a worker. concurrency: 1 args: {"network_create_args": null, "subnet_create_args": null, "subnet_cidr_start": "1.1.0.0/30", "subnets_per_network": 2, "router_create_args": null} times: 40 method_name: run timeout: 0 duration: None cls:
2019-07-03 08:13:18.804 25189 INFO rally.task.runner [-] Task 841c42aa-dce7-45c5-8485-2af0b51bcce0 | ITER: 14 START
2019-07-03 08:13:18.805 25188 INFO rally.task.runner [-] Task 841c42aa-dce7-45c5-8485-2af0b51bcce0 | ITER: 15 START
2019-07-03 08:13:18.806 25199 RALLYDEBUG rally.task.runner [-] Starting a worker. concurrency: 1 args: {"network_create_args": null, "subnet_create_args": null, "subnet_cidr_start": "1.1.0.0/30", "subnets_per_network": 2, "router_create_args": null} times: 40 method_name: run timeout: 0 duration: None cls:
2019-07-03 08:13:18.810 25205 RALLYDEBUG rally.task.runner [-] Starting a worker. concurrency: 1 args: {"network_create_args": null, "subnet_create_args": null, "subnet_cidr_start": "1.1.0.0/30", "subnets_per_network": 2, "router_create_args": null} times: 40 method_name: run timeout: 0 duration: None cls:
2019-07-03 08:13:18.814 25199 INFO rally.task.runner [-] Task 841c42aa-dce7-45c5-8485-2af0b51bcce0 | ITER: 16 START
2019-07-03 08:13:18.816 25205 INFO rally.task.runner [-] Task 841c42aa-dce7-45c5-8485-2af0b51bcce0 | ITER: 17 START
2019-07-03 08:13:18.828 25213 RALLYDEBUG rally.task.runner [-] Starting a worker. concurrency: 1 args: {"network_create_args": null, "subnet_create_args": null, "subnet_cidr_start": "1.1.0.0/30", "subnets_per_network": 2, "router_create_args": null} times: 40 method_name: run timeout: 0 duration: None cls:
2019-07-03 08:13:18.828 25211 RALLYDEBUG rally.task.runner [-] Starting a worker. concurrency: 1 args: {"network_create_args": null, "subnet_create_args": null, "subnet_cidr_start": "1.1.0.0/30", "subnets_per_network": 2, "router_create_args": null} times: 40 method_name: run timeout: 0 duration: None cls:
2019-07-03 08:13:18.832 25213 INFO rally.task.runner [-] Task 841c42aa-dce7-45c5-8485-2af0b51bcce0 | ITER: 18 START
2019-07-03 08:13:18.833 25211 INFO rally.task.runner [-] Task 841c42aa-dce7-45c5-8485-2af0b51bcce0 | ITER: 19 START
2019-07-03 08:13:18.832 25214 RALLYDEBUG rally.task.runner [-] Starting a worker. concurrency: 1 args: {"network_create_args": null, "subnet_create_args": null, "subnet_cidr_start": "1.1.0.0/30", "subnets_per_network": 2, "router_create_args": null} times: 40 method_name: run timeout: 0 duration: None cls:
2019-07-03 08:13:18.837 25214 INFO rally.task.runner [-] Task 841c42aa-dce7-45c5-8485-2af0b51bcce0 | ITER: 20 START
2019-07-03 08:13:20.382 25171 RALLYDEBUG rally_openstack.wrappers.network [-] CIDR generated: 1.1.5.160/30
2019-07-03 08:13:20.470 25170 RALLYDEBUG rally_openstack.wrappers.network [-] CIDR generated: 1.1.5.164/30
2019-07-03 08:13:20.496 25169 RALLYDEBUG rally_openstack.wrappers.network [-] CIDR generated: 1.1.5.168/30
2019-07-03 08:13:20.525 25171 RALLYDEBUG rally_openstack.wrappers.network [-] CIDR generated: 1.1.5.172/30
2019-07-03 08:13:20.550 25211 RALLYDEBUG rally_openstack.wrappers.network [-] CIDR generated: 1.1.5.176/30
2019-07-03 08:13:20.598 25174 RALLYDEBUG rally_openstack.wrappers.network [-] CIDR generated: 1.1.5.180/30
2019-07-03 08:13:20.616 25214 RALLYDEBUG rally_openstack.wrappers.network [-] CIDR generated: 1.1.5.184/30
2019-07-03 08:13:20.694 25178 RALLYDEBUG rally_openstack.wrappers.network [-] CIDR generated: 1.1.5.188/30
2019-07-03 08:13:20.748 25195 RALLYDEBUG rally_openstack.wrappers.network [-] CIDR generated: 1.1.5.192/30
2019-07-03 08:13:20.753 25185 RALLYDEBUG rally_openstack.wrappers.network [-] CIDR generated: 1.1.5.196/30
2019-07-03 08:13:20.865 25199 RALLYDEBUG rally_openstack.wrappers.network [-] CIDR generated: 1.1.5.200/30
2019-07-03 08:13:20.893 25172 RALLYDEBUG rally_openstack.wrappers.network [-] CIDR generated: 1.1.5.204/30
2019-07-03 08:13:21.011 25189 RALLYDEBUG rally_openstack.wrappers.network [-] CIDR generated: 1.1.5.208/30
2019-07-03 08:13:21.059 25213 RALLYDEBUG rally_openstack.wrappers.network [-] CIDR generated: 1.1.5.212/30
2019-07-03 08:13:21.095 25188 RALLYDEBUG rally_openstack.wrappers.network [-] CIDR generated: 1.1.5.216/30
2019-07-03 08:13:21.131 25169 RALLYDEBUG rally_openstack.wrappers.network [-] CIDR generated: 1.1.5.220/30
2019-07-03 08:13:21.333 25205 RALLYDEBUG rally_openstack.wrappers.network [-] CIDR generated: 1.1.5.224/30
2019-07-03 08:13:21.333 25170 RALLYDEBUG rally_openstack.wrappers.network [-] CIDR generated: 1.1.5.228/30
2019-07-03 08:13:21.335 25172 RALLYDEBUG rally_openstack.wrappers.network [-] CIDR generated: 1.1.5.232/30
2019-07-03 08:13:21.337 25187 RALLYDEBUG rally_openstack.wrappers.network [-] CIDR generated: 1.1.5.236/30
2019-07-03 08:13:22.341 25169 RALLYDEBUG rally_openstack.wrappers.network [-] CIDR generated: 1.1.5.240/30
2019-07-03 08:13:22.392 25170 RALLYDEBUG rally_openstack.wrappers.network [-] CIDR generated: 1.1.5.244/30
2019-07-03 08:13:22.521 25185 RALLYDEBUG rally_openstack.wrappers.network [-] CIDR generated: 1.1.5.248/30
2019-07-03 08:13:22.562 25178 RALLYDEBUG rally_openstack.wrappers.network [-] CIDR generated: 1.1.5.252/30
2019-07-03 08:13:22.992 25172 RALLYDEBUG rally_openstack.wrappers.network [-] CIDR generated: 1.1.6.0/30
2019-07-03 08:13:23.131 25188 RALLYDEBUG rally_openstack.wrappers.network [-] CIDR generated: 1.1.6.4/30
2019-07-03 08:13:23.412 25169 RALLYDEBUG rally_openstack.wrappers.network [-] CIDR generated: 1.1.6.8/30
2019-07-03 08:13:23.472 25199 RALLYDEBUG rally_openstack.wrappers.network [-] CIDR generated: 1.1.6.12/30
2019-07-03 08:13:23.502 25205 RALLYDEBUG rally_openstack.wrappers.network [-] CIDR generated: 1.1.6.16/30
2019-07-03 08:13:23.610 25211 RALLYDEBUG rally_openstack.wrappers.network [-] CIDR generated: 1.1.6.20/30
2019-07-03 08:13:23.658 25171 RALLYDEBUG rally_openstack.wrappers.network [-] CIDR generated: 1.1.6.24/30
2019-07-03 08:13:23.664 25213 RALLYDEBUG rally_openstack.wrappers.network [-] CIDR generated: 1.1.6.28/30
2019-07-03 08:13:23.784 25214 RALLYDEBUG rally_openstack.wrappers.network [-] CIDR generated: 1.1.6.32/30
2019-07-03 08:13:23.830 25187 RALLYDEBUG rally_openstack.wrappers.network [-] CIDR generated: 1.1.6.36/30
2019-07-03 08:13:23.909 25189 RALLYDEBUG rally_openstack.wrappers.network [-] CIDR generated: 1.1.6.40/30
2019-07-03 08:13:23.933 25172 RALLYDEBUG rally_openstack.wrappers.network [-] CIDR generated: 1.1.6.44/30
2019-07-03 08:13:23.957 25171 RALLYDEBUG rally_openstack.wrappers.network [-] CIDR generated: 1.1.6.48/30
2019-07-03 08:13:24.120 25195 RALLYDEBUG rally_openstack.wrappers.network [-] CIDR generated: 1.1.6.52/30
2019-07-03 08:13:24.155 25170 RALLYDEBUG rally_openstack.wrappers.network [-] CIDR generated: 1.1.6.56/30
2019-07-03 08:13:24.220 25174 RALLYDEBUG rally_openstack.wrappers.network [-] CIDR generated: 1.1.6.60/30
2019-07-03 08:13:51.479 25185 INFO rally.task.runner [-] Task 841c42aa-dce7-45c5-8485-2af0b51bcce0 | ITER: 11 END: OK
2019-07-03 08:13:51.485 25185 INFO rally.task.runner [-] Task 841c42aa-dce7-45c5-8485-2af0b51bcce0 | ITER: 21 START
2019-07-03 08:13:51.755 25172 INFO rally.task.runner [-] Task 841c42aa-dce7-45c5-8485-2af0b51bcce0 | ITER: 7 END: OK
2019-07-03 08:13:51.761 25172 INFO rally.task.runner [-] Task 841c42aa-dce7-45c5-8485-2af0b51bcce0 | ITER: 22 START
2019-07-03 08:13:51.950 25170 INFO rally.task.runner [-] Task 841c42aa-dce7-45c5-8485-2af0b51bcce0 | ITER: 3 END: OK
2019-07-03 08:13:51.954 25170 INFO rally.task.runner [-] Task 841c42aa-dce7-45c5-8485-2af0b51bcce0 | ITER: 23 START
2019-07-03 08:13:52.579 25211 INFO rally.task.runner [-] Task 841c42aa-dce7-45c5-8485-2af0b51bcce0 | ITER: 19 END: OK
2019-07-03 08:13:52.585 25211 INFO rally.task.runner [-] Task 841c42aa-dce7-45c5-8485-2af0b51bcce0 | ITER: 24 START
2019-07-03 08:13:52.969 25185 RALLYDEBUG rally_openstack.wrappers.network [-] CIDR generated: 1.1.6.64/30
2019-07-03 08:13:53.275 25170 RALLYDEBUG rally_openstack.wrappers.network [-] CIDR generated: 1.1.6.68/30
2019-07-03 08:13:53.418 25172 RALLYDEBUG rally_openstack.wrappers.network [-] CIDR generated: 1.1.6.72/30
2019-07-03 08:13:53.483 25195 INFO rally.task.runner [-] Task 841c42aa-dce7-45c5-8485-2af0b51bcce0 | ITER: 13 END: OK
