2019-07-03 08:26:43.991 22705 RALLYDEBUG rally_openstack.cleanup.manager [-] Deleting neutron.port object s_rally_2684ae64_jaa1zmu4 (645cc0f0-ca4a-4c6d-b74d-f7f245491ef6)
2019-07-03 08:26:44.121 22705 RALLYDEBUG rally_openstack.cleanup.manager [-] Deleting neutron.port object s_rally_2684ae64_0ANBMWA3 (6518ba16-ee46-4ec1-8a55-1306a67cff04)
2019-07-03 08:26:44.156 22705 RALLYDEBUG rally_openstack.cleanup.manager [-] Deleting neutron.port object s_rally_2684ae64_QKico50s (65a784d9-a08d-4313-9009-1eadc084d756)
2019-07-03 08:26:44.195 22705 RALLYDEBUG rally_openstack.cleanup.manager [-] Deleting neutron.port object s_rally_2684ae64_AhggVnLh (65d9063e-89be-45d8-97a2-0dfe250de7ba)
2019-07-03 08:26:44.210 22705 RALLYDEBUG rally_openstack.cleanup.manager [-] Deleting neutron.port object s_rally_2684ae64_E8NlB23f (660bd375-fa82-4087-ae46-a88dd8f89bee)
2019-07-03 08:26:44.226 22705 RALLYDEBUG rally_openstack.cleanup.manager [-] Deleting neutron.port object s_rally_2684ae64_WmtCeOIY (66573544-9052-490e-b96d-b23ca67a201b)
2019-07-03 08:26:44.303 22705 RALLYDEBUG rally_openstack.cleanup.manager [-] Deleting neutron.port object s_rally_2684ae64_PbcQsZRw (68e15c1e-830a-470f-ae55-fcfb0fc978f8)
2019-07-03 08:26:44.449 22705 RALLYDEBUG rally_openstack.cleanup.manager [-] Deleting neutron.port object s_rally_2684ae64_Psi6rpQi (6995f62f-5eb2-4294-a855-98d1376beee5)
2019-07-03 08:26:44.456 22705 RALLYDEBUG rally_openstack.cleanup.manager [-] Deleting neutron.port object s_rally_2684ae64_Cmf5wvlS (69e05550-5eeb-4722-ad63-d8f479612c77)
2019-07-03 08:26:44.622 22705 RALLYDEBUG rally_openstack.cleanup.manager [-] Deleting neutron.port object s_rally_2684ae64_AH6Zn4cn (6a4b4976-9804-4eb4-bc2d-7badacc00e58)
2019-07-03 08:26:44.635 22705 RALLYDEBUG rally_openstack.cleanup.manager [-] Deleting neutron.port object s_rally_2684ae64_82eCiFZe (6c52f7a8-56a4-4154-b3f9-243acd668866)
2019-07-03 08:26:46.148 22705 RALLYDEBUG rally_openstack.cleanup.manager [-] Deleting neutron.port object s_rally_2684ae64_ZVsTztzj (6ffe8187-ca86-481c-8658-d036d15a1664)
2019-07-03 08:26:46.175 22705 RALLYDEBUG rally_openstack.cleanup.manager [-] Deleting neutron.port object s_rally_2684ae64_iTChMu68 (715152a4-e8f5-4379-a830-fb2f7ccc2f59)
2019-07-03 08:26:46.223 22705 RALLYDEBUG rally_openstack.cleanup.manager [-] Deleting neutron.port object s_rally_2684ae64_apZ04B6W (720930af-95a4-474a-b43a-17c0076e11d1)
2019-07-03 08:26:46.355 22705 RALLYDEBUG rally_openstack.cleanup.manager [-] Deleting neutron.port object s_rally_2684ae64_pKZoHIfp (7345c5de-39b1-4708-8bc1-5b5f3815499f)
2019-07-03 08:26:46.380 22705 RALLYDEBUG rally_openstack.cleanup.manager [-] Deleting neutron.port object s_rally_2684ae64_iZSE1kdL (75233e1f-216a-47c3-9e9e-a9239747396a)
2019-07-03 08:26:46.431 22705 RALLYDEBUG rally_openstack.cleanup.manager [-] Deleting neutron.port object s_rally_2684ae64_qPqHhMNM (7a9c1aeb-3007-468d-8a6c-22611ab6258b)
2019-07-03 08:26:46.437 22705 RALLYDEBUG rally_openstack.cleanup.manager [-] Deleting neutron.port object s_rally_2684ae64_iJ4Yr2Oo (7b6b4339-1966-47dd-99b1-9fdf53141981)
2019-07-03 08:26:46.449 22705 RALLYDEBUG rally_openstack.cleanup.manager [-] Deleting neutron.port object s_rally_2684ae64_9N90zP3q (7c8bb7f0-ce34-44a7-b004-e6f64348aa63)
2019-07-03 08:26:46.493 22705 RALLYDEBUG rally_openstack.cleanup.manager [-] Deleting neutron.port object s_rally_2684ae64_hsW5irth (81d007fb-5441-421b-aba7-6fe4c777a835)
2019-07-03 08:26:46.510 22705 RALLYDEBUG rally_openstack.cleanup.manager [-] Deleting neutron.port object s_rally_2684ae64_pc68uVBv (825a071c-baec-49cd-8b5a-a0f11f79c63d)
2019-07-03 08:26:46.638 22705 RALLYDEBUG rally_openstack.cleanup.manager [-] Deleting neutron.port object s_rally_2684ae64_LWUz27Tp (8267e9cc-6f41-4ec1-b2bc-ff12dfa0e139)
2019-07-03 08:26:46.646 22705 RALLYDEBUG rally_openstack.cleanup.manager [-] Deleting neutron.port object s_rally_2684ae64_NFMzTjUv (83a5a2f9-17b4-4e3b-9d3c-e5f037f1deec)
2019-07-03 08:26:46.685 22705 RALLYDEBUG rally_openstack.cleanup.manager [-] Deleting neutron.port object s_rally_2684ae64_KpAfqZ2R (847f6e75-8d75-4e51-939c-a2ff71340ce1)
2019-07-03 08:26:46.723 22705 RALLYDEBUG rally_openstack.cleanup.manager [-] Deleting neutron.port object s_rally_2684ae64_2lNF9DN6 (853a0b14-0368-475c-bfad-feed18da94b1)
2019-07-03 08:26:46.760 22705 RALLYDEBUG rally_openstack.cleanup.manager [-] Deleting neutron.port object s_rally_2684ae64_sYPqRUgg (86667c53-3e07-457a-a0b5-7dc38ea44db8)
2019-07-03 08:26:46.786 22705 RALLYDEBUG rally_openstack.cleanup.manager [-] Deleting neutron.port object s_rally_2684ae64_jSQA1Zn7 (878641ba-3367-47dc-b179-7c99dab3c7a3)
2019-07-03 08:26:46.837 22705 RALLYDEBUG rally_openstack.cleanup.manager [-] Deleting neutron.port object s_rally_2684ae64_f87P9wt8 (8859a651-14c5-4b39-bc54-6aef0217385f)
2019-07-03 08:26:46.872 22705 RALLYDEBUG rally_openstack.cleanup.manager [-] Deleting neutron.port object s_rally_2684ae64_E4ojIexC (885e799f-e3b2-4dc9-b440-dbc407315ec6)
2019-07-03 08:26:47.063 22705 RALLYDEBUG rally_openstack.cleanup.manager [-] Deleting neutron.port object s_rally_2684ae64_6b7a1UEt (88ef2761-1e64-46a0-9f18-7cee657bd28e)
2019-07-03 08:26:47.233 22705 RALLYDEBUG rally_openstack.cleanup.manager [-] Deleting neutron.port object s_rally_2684ae64_Kk3LhgmL (8c921f87-479a-4850-bdcf-196b9672a137)
2019-07-03 08:26:48.492 22705 RALLYDEBUG rally_openstack.cleanup.manager [-] Deleting neutron.port object s_rally_2684ae64_kocf5ntU (8d33ef83-5474-4f8c-800d-3565699db204)
2019-07-03 08:26:48.760 22705 RALLYDEBUG rally_openstack.cleanup.manager [-] Deleting neutron.port object s_rally_2684ae64_C55MF1SL (8d6d555c-3bf9-40bf-b4c5-e4f27fefe833)
2019-07-03 08:26:48.781 22705 RALLYDEBUG rally_openstack.cleanup.manager [-] Deleting neutron.port object s_rally_2684ae64_b55wL40b (8dbe5b78-9335-4b5b-8786-aefd4d31f6b4)
2019-07-03 08:26:48.936 22705 RALLYDEBUG rally_openstack.cleanup.manager [-] Deleting neutron.port object s_rally_2684ae64_92NxsotY (90839944-e6ff-4bea-a053-7d3478d6d263)
2019-07-03 08:26:48.999 22705 RALLYDEBUG rally_openstack.cleanup.manager [-] Deleting neutron.port object s_rally_2684ae64_0lhlQxJm (9100b1ff-c381-419f-90d6-faf0ce6705a1)
2019-07-03 08:26:49.025 22705 RALLYDEBUG rally_openstack.cleanup.manager [-] Deleting neutron.port object s_rally_2684ae64_vNmtlSKo (91333f0d-ed21-4d0f-bd8a-6b2bf75ec935)
2019-07-03 08:26:49.092 22705 RALLYDEBUG rally_openstack.cleanup.manager [-] Deleting neutron.port object s_rally_2684ae64_9gHNfbyn (93faf3a1-d2b9-4a05-9962-8df20473d5e1)
2019-07-03 08:26:49.106 22705 RALLYDEBUG rally_openstack.cleanup.manager [-] Deleting neutron.port object s_rally_2684ae64_HNzMeZJ2 (96b44aa8-a5ad-41c7-920d-e7e3ef038c4e)
2019-07-03 08:26:49.126 22705 RALLYDEBUG rally_openstack.cleanup.manager [-] Deleting neutron.port object s_rally_2684ae64_DnoDRYw4 (96d300a2-6ce4-4a4b-b061-6910f522405d)
2019-07-03 08:26:49.170 22705 RALLYDEBUG rally_openstack.cleanup.manager [-] Deleting neutron.port object s_rally_2684ae64_aRpROcll (9720fd9c-89aa-4410-a051-c4dd4fc16e09)
2019-07-03 08:26:49.183 22705 RALLYDEBUG rally_openstack.cleanup.manager [-] Deleting neutron.port object s_rally_2684ae64_5foED3xx (99607286-1b61-4ac3-a8e3-53e2acd2c23e)
2019-07-03 08:26:49.305 22705 RALLYDEBUG rally_openstack.cleanup.manager [-] Deleting neutron.port object s_rally_2684ae64_R6x9s3rd (9a4a0e46-2157-4aff-8d67-9051bf2d3018)
2019-07-03 08:26:49.361 22705 RALLYDEBUG rally_openstack.cleanup.manager [-] Deleting neutron.port object s_rally_2684ae64_kcHhKw3I (9b2233ff-818d-4d68-8866-f995563112f9)
2019-07-03 08:26:49.369 22705 RALLYDEBUG rally_openstack.cleanup.manager [-] Deleting neutron.port object s_rally_2684ae64_ztM5PhYF (9c017f92-a05d-42f4-8711-ddc7d7d678b8)
2019-07-03 08:26:49.432 22705 RALLYDEBUG rally_openstack.cleanup.manager [-] Deleting neutron.port object s_rally_2684ae64_v2uebCxW (9c132fc3-2b37-4534-b03b-81dea9b9fa3a)
2019-07-03 08:26:49.697 22705 RALLYDEBUG rally_openstack.cleanup.manager [-] Deleting neutron.port object s_rally_2684ae64_6KQWdnkL (9ca7f01f-4a36-4616-970f-fe50e7e22949)
2019-07-03 08:26:49.783 22705 RALLYDEBUG rally_openstack.cleanup.manager [-] Deleting neutron.port object s_rally_2684ae64_W9Dyjivm (9eac7fe6-5e64-4667-9093-99c9ee898a9f)
2019-07-03 08:26:49.825 22705 RALLYDEBUG rally_openstack.cleanup.manager [-] Deleting neutron.port object s_rally_2684ae64_MaH7wRcV (a148b7df-15ec-4470-9300-f1ccf89ba32e)
2019-07-03 08:26:49.844 22705 RALLYDEBUG rally_openstack.cleanup.manager [-] Deleting neutron.port object s_rally_2684ae64_ea8FSwA2 (a149e61c-e3cf-4f4c-92cb-359f91ed778d)
2019-07-03 08:26:49.965 22705 RALLYDEBUG rally_openstack.cleanup.manager [-] Deleting neutron.port object s_rally_2684ae64_MJtSAL6k (a1880a10-8587-43de-a22f-869899ed3d8a)
2019-07-03 08:26:50.894 22705 RALLYDEBUG rally_openstack.cleanup.manager [-] Deleting neutron.port object s_rally_2684ae64_hyfJKZTq (a1e98361-07f8-4b35-9670-4ea12d40463a)
2019-07-03 08:26:50.902 22705 RALLYDEBUG rally_openstack.cleanup.manager [-] Deleting neutron.port object s_rally_2684ae64_Nb8DkrGF (a3f0bc80-272b-437d-893b-7ebf08bca359)
2019-07-03 08:26:51.048 22705 RALLYDEBUG rally_openstack.cleanup.manager [-] Deleting neutron.port object s_rally_2684ae64_b0e5YP8d (a5bda9b0-e3a7-47a2-b91f-bf6177e3dab0)
2019-07-03 08:26:51.423 22705 RALLYDEBUG rally_openstack.cleanup.manager [-] Deleting neutron.port object s_rally_2684ae64_NfYPjJOA (a60e4d3a-0b8b-4a28-9452-9e7dc5b7d19e)
2019-07-03 08:26:51.526 22705 RALLYDEBUG rally_openstack.cleanup.manager [-] Deleting neutron.port object s_rally_2684ae64_w58OlBjA (a688ee54-6cbf-42d2-bac7-408ed62395e8)
2019-07-03 08:26:51.556 22705 RALLYDEBUG rally_openstack.cleanup.manager [-] Deleting neutron.port object s_rally_2684ae64_ZaTbMpDc (a6a92b43-f299-4f90-887d-b9ddb73ec022)
2019-07-03 08:26:51.646 22705 RALLYDEBUG rally_openstack.cleanup.manager [-] Deleting neutron.port object s_rally_2684ae64_8fy6wZxx (a6c0044a-0e06-48bf-8370-c465b1d06b96)
2019-07-03 08:26:51.699 22705 RALLYDEBUG rally_openstack.cleanup.manager [-] Deleting neutron.port object s_rally_2684ae64_e7Aur8w4 (a715b1f6-8523-456d-8d12-2e7333548f63)
2019-07-03 08:26:51.726 22705 RALLYDEBUG rally_openstack.cleanup.manager [-] Deleting neutron.port object s_rally_2684ae64_qYYqYc6A (aa4c4dc3-4317-4d4e-a41d-24590fb62edf)
2019-07-03 08:26:51.794 22705 RALLYDEBUG rally_openstack.cleanup.manager [-] Deleting neutron.port object s_rally_2684ae64_tEs1n3Pw (aba0dec2-a9b0-4667-94e0-31a94f981012)
2019-07-03 08:26:51.902 22705 RALLYDEBUG rally_openstack.cleanup.manager [-] Deleting neutron.port object s_rally_2684ae64_gpld5qKy (ad6b86a4-f251-4f8b-8066-8d0e357a8768)
2019-07-03 08:26:51.925 22705 RALLYDEBUG rally_openstack.cleanup.manager [-] Deleting neutron.port object s_rally_2684ae64_jNwM8Ogo (adaa6e4b-d727-4427-afe6-c08340341741)
2019-07-03 08:26:52.041 22705 RALLYDEBUG rally_openstack.cleanup.manager [-] Deleting neutron.port object s_rally_2684ae64_zagtJQaU (aeb9bdf2-9317-4737-9ac0-f4af334f84b6)
2019-07-03 08:26:52.043 22705 RALLYDEBUG rally_openstack.cleanup.manager [-] Deleting neutron.port object s_rally_2684ae64_2SVgYcjd (aeb4421f-05bd-42bd-9f49-16719e527478)
2019-07-03 08:26:52.064 22705 RALLYDEBUG rally_openstack.cleanup.manager [-] Deleting neutron.port object s_rally_2684ae64_6lZhpwLX (b00527e6-b33f-4af6-9fe5-34dfbdb883e5)
2019-07-03 08:26:52.109 22705 RALLYDEBUG rally_openstack.cleanup.manager [-] Deleting neutron.port object s_rally_2684ae64_ef9doX1A (b31302d7-312f-4305-93a4-0facd3d6ecff)
2019-07-03 08:26:52.116 22705 RALLYDEBUG rally_openstack.cleanup.manager [-] Deleting neutron.port object s_rally_2684ae64_31UAgGhL (b3689cd0-dab7-480d-87fd-f87ff783f2c7)
2019-07-03 08:26:52.144 22705 RALLYDEBUG rally_openstack.cleanup.manager [-] Deleting neutron.port object s_rally_2684ae64_eSDWehqb (b5e5127b-9a27-4f6f-99c7-9841c68a5807)
2019-07-03 08:26:52.476 22705 RALLYDEBUG rally_openstack.cleanup.manager [-] Deleting neutron.port object s_rally_2684ae64_vLSaO1Ej (b6eada3a-f615-47d9-a248-8f537db2dd32)
2019-07-03 08:26:52.621 22705 RALLYDEBUG rally_openstack.cleanup.manager [-] Deleting neutron.port object s_rally_2684ae64_8MyewV6M (b7d8569f-a5d9-4ded-ac29-a39d69aed4e3)
2019-07-03 08:26:53.038 22705 RALLYDEBUG rally_openstack.cleanup.manager [-] Deleting neutron.port object s_rally_2684ae64_utc0Waot (b9b61a6c-5d33-4955-9e81-3a79f717f876)
2019-07-03 08:26:53.136 22705 RALLYDEBUG rally_openstack.cleanup.manager [-] Deleting neutron.port object s_rally_2684ae64_yfHSwYz4 (bb7c4dfd-b3be-4fb0-9489-db485fe5598d)
2019-07-03 08:26:53.201 22705 RALLYDEBUG rally_openstack.cleanup.manager [-] Deleting neutron.port object s_rally_2684ae64_smHk4vcA (bb93f0ac-2430-486a-a879-0ecf5e1bba8a)
2019-07-03 08:26:53.565 22705 RALLYDEBUG rally_openstack.cleanup.manager [-] Deleting neutron.port object s_rally_2684ae64_72g0YpjW (bcfe54dc-2a2b-4ca3-9555-66526e272fac)
2019-07-03 08:26:53.661 22705 RALLYDEBUG rally_openstack.cleanup.manager [-] Deleting neutron.port object s_rally_2684ae64_qhlGxTmS (bf04d7fc-903f-4e85-a86d-d35f53c01975)
2019-07-03 08:26:54.113 22705 RALLYDEBUG rally_openstack.cleanup.manager [-] Deleting neutron.port object s_rally_2684ae64_FWgPlruG (c0ab9b0c-84ce-4147-aa62-959a5be5be10)
2019-07-03 08:26:54.145 22705 RALLYDEBUG rally_openstack.cleanup.manager [-] Deleting neutron.port object s_rally_2684ae64_KftPD4hc (c185293e-5cdd-4753-a7ba-77e488b7704a)
2019-07-03 08:26:54.219 22705 RALLYDEBUG rally_openstack.cleanup.manager [-] Deleting neutron.port object s_rally_2684ae64_CH0mvWol (c33885b5-58b4-466f-89fb-34f521281f69)
2019-07-03 08:26:54.238 22705 RALLYDEBUG rally_openstack.cleanup.manager [-] Deleting neutron.port object s_rally_2684ae64_Mrw4vHKq (c34ecd41-b5b5-4242-8b79-b0b0bca357c1)
2019-07-03 08:26:54.268 22705 RALLYDEBUG rally_openstack.cleanup.manager [-] Deleting neutron.port object s_rally_2684ae64_AC6GUi9W (c381230b-9d69-49d8-b903-2c8b28472270)
2019-07-03 08:26:54.322 22705 RALLYDEBUG rally_openstack.cleanup.manager [-] Deleting neutron.port object s_rally_2684ae64_nhxqwFRv (c3dab991-531b-458f-a530-03101e3e924a)
2019-07-03 08:26:54.371 22705 RALLYDEBUG rally_openstack.cleanup.manager [-] Deleting neutron.port object s_rally_2684ae64_EensoBXC (c43d05b1-a18e-41f4-8631-67b70c73051b)
2019-07-03 08:26:54.388 22705 RALLYDEBUG rally_openstack.cleanup.manager [-] Deleting neutron.port object s_rally_2684ae64_cu8cdupU (c4ed424c-bcd3-4b6f-80d0-0e205a836c75)
2019-07-03 08:26:54.469 22705 RALLYDEBUG rally_openstack.cleanup.manager [-] Deleting neutron.port object s_rally_2684ae64_hQ5LRgWu (c52d931e-5cfa-4409-871e-93fd174dcba6)
2019-07-03 08:26:54.665 22705 RALLYDEBUG rally_openstack.cleanup.manager [-] Deleting neutron.port object s_rally_2684ae64_FkBO2TOY (c5a77b0e-1128-4a91-8b68-fa3e96c9112d)
2019-07-03 08:26:54.670 22705 RALLYDEBUG rally_openstack.cleanup.manager [-] Deleting neutron.port object s_rally_2684ae64_hMwwncs7 (c5ee4b15-99f8-41e1-a17d-839904787bde)
2019-07-03 08:26:54.723 22705 RALLYDEBUG rally_openstack.cleanup.manager [-] Deleting neutron.port object s_rally_2684ae64_ozviGwf3 (c5fde31f-ced0-49be-b616-ad61f236d3f8)
2019-07-03 08:26:54.916 22705 RALLYDEBUG rally_openstack.cleanup.manager [-] Deleting neutron.port object s_rally_2684ae64_L2bw93z3 (c63f532b-e91f-4813-8b91-b78905870643)
2019-07-03 08:26:55.028 22705 RALLYDEBUG rally_openstack.cleanup.manager [-] Deleting neutron.port object s_rally_2684ae64_X0wtJbPC (c7a70802-da3f-44d6-9589-739aabb603bc)
2019-07-03 08:26:55.037 22705 RALLYDEBUG rally_openstack.cleanup.manager [-] Deleting neutron.port object s_rally_2684ae64_ejJ7bwr7 (c7db80d7-cedc-48a9-97d7-e935d3174337)
2019-07-03 08:26:55.313 22705 RALLYDEBUG rally_openstack.cleanup.manager [-] Deleting neutron.port object s_rally_2684ae64_PpyuKRKR (c7f8b1b4-aa20-4db5-9993-ef4b62a3fd49)
2019-07-03 08:26:55.342 22705 RALLYDEBUG rally_openstack.cleanup.manager [-] Deleting neutron.port object s_rally_2684ae64_HSNQJUIB (c86d290f-c891-4106-bc73-1b8523398fb7)
2019-07-03 08:26:55.427 22705 RALLYDEBUG rally_openstack.cleanup.manager [-] Deleting neutron.port object s_rally_2684ae64_yFt8aBNJ (c8bf5e42-59cd-495d-9308-b6132a6885fe)
2019-07-03 08:26:55.704 22705 RALLYDEBUG rally_openstack.cleanup.manager [-] Deleting neutron.port object s_rally_2684ae64_SWpHdJIK (c8e1caa9-c69f-40c0-a74a-40d171ac68cc)
2019-07-03 08:26:55.804 22705 RALLYDEBUG rally_openstack.cleanup.manager [-] Deleting neutron.port object s_rally_2684ae64_JC6kxAh4 (ca10ef48-c0c5-44d4-ab0b-ae8fbc68c433)
2019-07-03 08:26:56.467 22705 RALLYDEBUG rally_openstack.cleanup.manager [-] Deleting neutron.port object s_rally_2684ae64_4MvRgLt4 (ca43316f-30ce-461b-b548-f8e16c125d01)
2019-07-03 08:26:56.591 22705 RALLYDEBUG rally_openstack.cleanup.manager [-] Deleting neutron.port object s_rally_2684ae64_j4bZn73Y (ce104a14-4312-4b15-9c0f-47a625d0436b)
2019-07-03 08:26:56.632 22705 RALLYDEBUG rally_openstack.cleanup.manager [-] Deleting neutron.port object s_rally_2684ae64_YwrG4nZL (d039f173-8804-4b5a-ac6a-1a41532140a9)
2019-07-03 08:26:56.632 22705 RALLYDEBUG rally_openstack.cleanup.manager [-] Deleting neutron.port object s_rally_2684ae64_ezlh3tw7 (d39f773f-01bc-4623-9cc5-21be7928c1d2)
2019-07-03 08:26:56.722 22705 RALLYDEBUG rally_openstack.cleanup.manager [-] Deleting neutron.port object s_rally_2684ae64_qU4AdZLS (d7eb2ccb-dc9d-499a-87a7-d93c476ea791)
2019-07-03 08:26:56.744 22705 RALLYDEBUG rally_openstack.cleanup.manager [-] Deleting neutron.port object s_rally_2684ae64_ycCwGXfi (d833ae0e-acb6-4c4f-9a34-675c1a7c6274)
2019-07-03 08:26:56.898 22705 RALLYDEBUG rally_openstack.cleanup.manager [-] Deleting neutron.port object s_rally_2684ae64_sdnGJBbT (d9f0340f-4d82-4ad1-aeee-61d814ae82dd)
2019-07-03 08:26:56.980 22705 RALLYDEBUG rally_openstack.cleanup.manager [-] Deleting neutron.port object s_rally_2684ae64_k8LrnNsS (db41b85b-f53d-4c0f-99b5-de742131004f)
2019-07-03 08:26:57.062 22705 RALLYDEBUG rally_openstack.cleanup.manager [-] Deleting neutron.port object s_rally_2684ae64_TFQ4VIbg (dd4f86b9-2afd-4634-b469-968bea4d985f)
2019-07-03 08:26:57.094 22705 RALLYDEBUG rally_openstack.cleanup.manager [-] Deleting neutron.port object s_rally_2684ae64_AZtV4det (e0cd0988-9407-4fd3-a175-08fe1a90d568)
2019-07-03 08:26:57.120 22705 RALLYDEBUG rally_openstack.cleanup.manager [-] Deleting neutron.port object s_rally_2684ae64_PQA1ZDUb (e123e40c-e5c5-4e35-acc6-d082a1c27d4e)
2019-07-03 08:26:57.219 22705 RALLYDEBUG rally_openstack.cleanup.manager [-] Deleting neutron.port object s_rally_2684ae64_RcGauRXy (e419ad15-2ca1-46c9-a95e-61494aa6d4b1)
2019-07-03 08:26:57.235 22705 RALLYDEBUG rally_openstack.cleanup.manager [-] Deleting neutron.port object s_rally_2684ae64_yGOsnJxH (e5446251-bd10-4ef7-b213-5db8ced1b71c)
2019-07-03 08:26:57.331 22705 RALLYDEBUG rally_openstack.cleanup.manager [-] Deleting neutron.port object s_rally_2684ae64_px7wFO6M (e7ec66b6-953f-49dc-b296-6eeb0d82ccf5)
2019-07-03 08:26:57.518 22705 RALLYDEBUG rally_openstack.cleanup.manager [-] Deleting neutron.port object s_rally_2684ae64_oHnCyY96 (e82c8a9c-cfd0-4a2e-959b-5273711cc1cd)
2019-07-03 08:26:57.531 22705 RALLYDEBUG rally_openstack.cleanup.manager [-] Deleting neutron.port object s_rally_2684ae64_WWHpaChL (ea2dd33b-8aa1-43c1-8812-492e678fed8d)
2019-07-03 08:26:57.745 22705 RALLYDEBUG rally_openstack.cleanup.manager [-] Deleting neutron.port object s_rally_2684ae64_PsbGpoDt (ea6ba5c9-8df1-4ec4-ab57-838285df0b16)
2019-07-03 08:26:57.811 22705 RALLYDEBUG rally_openstack.cleanup.manager [-] Deleting neutron.port object s_rally_2684ae64_akGLIxZu (ea71185c-6dce-49dc-bb18-1a85f888f1c4)
2019-07-03 08:26:57.982 22705 RALLYDEBUG rally_openstack.cleanup.manager [-] Deleting neutron.port object s_rally_2684ae64_Qp0xfcbB (ef33fe5d-2a76-4415-aba2-028ea86bec28)
2019-07-03 08:26:58.140 22705 RALLYDEBUG rally_openstack.cleanup.manager [-] Deleting neutron.port object s_rally_2684ae64_tzQkFLub (f2524e07-72e5-432d-91ff-d16793d7aa89)
2019-07-03 08:26:58.874 22705 RALLYDEBUG rally_openstack.cleanup.manager [-] Deleting neutron.port object s_rally_2684ae64_jhXpcngW (f256d356-b097-4e98-a445-9ab9d5804c78)
2019-07-03 08:26:58.941 22705 RALLYDEBUG rally_openstack.cleanup.manager [-] Deleting neutron.port object s_rally_2684ae64_QNugqoF4 (f26511c4-e76e-4100-bdee-7b5c5b91bf15)
2019-07-03 08:26:59.040 22705 RALLYDEBUG rally_openstack.cleanup.manager [-] Deleting neutron.port object s_rally_2684ae64_mlIKAxBb (f2745fe5-2b76-4c03-b2a6-5850fec800a2)
2019-07-03 08:26:59.220 22705 RALLYDEBUG rally_openstack.cleanup.manager [-] Deleting neutron.port object s_rally_2684ae64_glYpyYg3 (f3250a0e-d3f0-472e-8339-dec6d8c82246)
2019-07-03 08:26:59.271 22705 RALLYDEBUG rally_openstack.cleanup.manager [-] Deleting neutron.port object s_rally_2684ae64_x72CsQnv (f361b40e-e3ce-405a-9875-2d2d8f5533bc)
2019-07-03 08:26:59.494 22705 RALLYDEBUG rally_openstack.cleanup.manager [-] Deleting neutron.port object s_rally_2684ae64_aRlY03ag (f4897d3f-5b58-4ee5-9794-cfcf0227b6b1)
2019-07-03 08:26:59.583 22705 RALLYDEBUG rally_openstack.cleanup.manager [-] Deleting neutron.port object s_rally_2684ae64_N6Wvtqvs (f5030b33-d137-48ca-9d79-f1f6cb45321d)
2019-07-03 08:26:59.661 22705 RALLYDEBUG rally_openstack.cleanup.manager [-] Deleting neutron.port object s_rally_2684ae64_FkAHPpdZ (f545d899-ae7a-41e5-a3db-b69761608ab0)
2019-07-03 08:26:59.697 22705 RALLYDEBUG rally_openstack.cleanup.manager [-] Deleting neutron.port object s_rally_2684ae64_NVrfyg2A (f546b74f-e200-4d33-b8fd-2277e5a46c5b)
2019-07-03 08:26:59.721 22705 RALLYDEBUG rally_openstack.cleanup.manager [-] Deleting neutron.port object s_rally_2684ae64_5srMEyEq (f739d9c9-6794-44a3-b5c2-359acb08a2ff)
2019-07-03 08:26:59.738 22705 RALLYDEBUG rally_openstack.cleanup.manager [-] Deleting neutron.port object s_rally_2684ae64_rfbmmM9E (f8359f3f-6dab-4698-b420-1b56b657d061)
2019-07-03 08:26:59.790 22705 RALLYDEBUG rally_openstack.cleanup.manager [-] Deleting neutron.port object s_rally_2684ae64_4cB9gt7y (fa249df5-956d-472c-b79b-d4057e6794b4)
2019-07-03 08:26:59.804 22705 RALLYDEBUG rally_openstack.cleanup.manager [-] Deleting neutron.port object s_rally_2684ae64_GaVo5ZUx (fd1ece49-70d1-4426-9ffa-d8c4eff33e66)
2019-07-03 08:26:59.828 22705 RALLYDEBUG rally_openstack.cleanup.manager [-] Deleting neutron.port object s_rally_2684ae64_v8B0Z4MY (fd22713a-eeed-429b-81e9-f4c0718ed664)
2019-07-03 08:27:00.103 22705 RALLYDEBUG rally_openstack.cleanup.manager [-] Deleting neutron.port object s_rally_2684ae64_18BOdjCW (ff83031a-4b58-4061-8803-46efc9f727e0)
2019-07-03 08:27:02.491 22705 RALLYDEBUG rally_openstack.cleanup.manager [-] Cleaning up neutron subnet objects
2019-07-03 08:27:03.168 22705 RALLYDEBUG rally_openstack.cleanup.manager [-] Cleaning up neutron network objects
2019-07-03 08:27:04.065 22705 RALLYDEBUG rally_openstack.cleanup.manager [-] Deleting neutron.network object s_rally_2684ae64_3UtgsadY (10216f73-f53d-48e9-a9bc-2c63fb4496bf)
2019-07-03 08:27:04.065 22705 RALLYDEBUG rally_openstack.cleanup.manager [-] Deleting neutron.network object s_rally_2684ae64_S8gG7ETx (04f9de15-993b-4a30-9ece-656961fada27)
2019-07-03 08:27:04.075 22705 RALLYDEBUG rally_openstack.cleanup.manager [-] Deleting neutron.network object s_rally_2684ae64_zd1OG5N4 (143f2782-7573-45a4-841a-a76924106b48)
2019-07-03 08:27:04.080 22705 RALLYDEBUG rally_openstack.cleanup.manager [-] Deleting neutron.network object s_rally_2684ae64_pPF89IaG (17c5a4b3-7630-463b-ab48-ada4934397b3)
2019-07-03 08:27:04.091 22705 RALLYDEBUG rally_openstack.cleanup.manager [-] Deleting neutron.network object s_rally_2684ae64_VC7XuJWv (1c4b5615-fc4e-4687-a267-126014458962)
2019-07-03 08:27:04.101 22705 RALLYDEBUG rally_openstack.cleanup.manager [-] Deleting neutron.network object s_rally_2684ae64_7RpKwg7f (244f1d01-4a80-45f4-a284-d6ede2e37565)
2019-07-03 08:27:04.123 22705 RALLYDEBUG rally_openstack.cleanup.manager [-] Deleting neutron.network object s_rally_2684ae64_4C7KJNOJ (27a3d6a4-d41e-45f8-b399-7777aa0bfbe1)
2019-07-03 08:27:04.124 22705 RALLYDEBUG rally_openstack.cleanup.manager [-] Deleting neutron.network object s_rally_2684ae64_LFVoGJc5 (396b21c8-73ad-4621-8c63-f40808ff650d)
2019-07-03 08:27:04.136 22705 RALLYDEBUG rally_openstack.cleanup.manager [-] Deleting neutron.network object s_rally_2684ae64_kGD3fzd0 (3a545f01-64b9-4a66-8ef8-73ec2e3b21f3)
2019-07-03 08:27:04.153 22705 RALLYDEBUG rally_openstack.cleanup.manager [-] Deleting neutron.network object s_rally_2684ae64_mqChvM1P (5a1234e3-19e5-4294-9a97-a6a6281a0bae)
2019-07-03 08:27:04.157 22705 RALLYDEBUG rally_openstack.cleanup.manager [-] Deleting neutron.network object s_rally_2684ae64_kd9vo5bb (4d48e23b-8fbc-46c9-a36c-03ea91d51586)
2019-07-03 08:27:04.169 22705 RALLYDEBUG rally_openstack.cleanup.manager [-] Deleting neutron.network object s_rally_2684ae64_blkZSlGa (5b6c31ef-e4c4-442b-b1b2-52c09f9acbcd)
2019-07-03 08:27:04.179 22705 RALLYDEBUG rally_openstack.cleanup.manager [-] Deleting neutron.network object s_rally_2684ae64_nQPAW5wG (5e66bc3b-6638-4536-9d09-3b4fb17c92ba)
2019-07-03 08:27:04.188 22705 RALLYDEBUG rally_openstack.cleanup.manager [-] Deleting neutron.network object s_rally_2684ae64_fgL1GBkY (6b3d379c-4c41-4a38-8462-e5b774e18217)
2019-07-03 08:27:04.225 22705 RALLYDEBUG rally_openstack.cleanup.manager [-] Deleting neutron.network object s_rally_2684ae64_tutl8zmK (6f6d1b11-9010-48bf-a6d7-8ff31cf707f7)
2019-07-03 08:27:04.232 22705 RALLYDEBUG rally_openstack.cleanup.manager [-] Deleting neutron.network object s_rally_2684ae64_Gvetbpb1 (6ff21050-0958-46f3-83bb-d4a1ca6ede74)
2019-07-03 08:27:04.372 22705 RALLYDEBUG rally_openstack.cleanup.manager [-] Deleting neutron.network object s_rally_2684ae64_uCf0WVOy (7fecb771-ee24-4464-8e3a-85e14417f7f8)
2019-07-03 08:27:04.383 22705 RALLYDEBUG rally_openstack.cleanup.manager [-] Deleting neutron.network object s_rally_2684ae64_uq2XHa85 (8b7fe087-1c12-43ba-aedf-0ab86bf7e7b6)
2019-07-03 08:27:04.406 22705 RALLYDEBUG rally_openstack.cleanup.manager [-] Deleting neutron.network object s_rally_2684ae64_kdhvHutJ (95771f7a-f096-46b5-8a79-eed6282f6fa8)
2019-07-03 08:27:04.407 22705 RALLYDEBUG rally_openstack.cleanup.manager [-] Deleting neutron.network object s_rally_2684ae64_YQueaUs8 (97fefd72-4d65-402b-8eb1-de5b1baf2fe8)
2019-07-03 08:27:06.742 22705 RALLYDEBUG rally_openstack.cleanup.manager [-] Deleting neutron.network object s_rally_2684ae64_WMHtCK85 (a52936f9-50f6-4b47-9198-2d4b9258893a)
2019-07-03 08:27:06.831 22705 RALLYDEBUG rally_openstack.cleanup.manager [-] Deleting neutron.network object s_rally_2684ae64_V5x1Gf47 (afccae61-a164-4007-a21b-257d98de53e0)
2019-07-03 08:27:06.928 22705 RALLYDEBUG rally_openstack.cleanup.manager [-] Deleting neutron.network object s_rally_2684ae64_fnyIvPT8 (b155432c-81dc-44e0-b5d5-15e1af2f5478)
2019-07-03 08:27:07.209 22705 RALLYDEBUG rally_openstack.cleanup.manager [-] Deleting neutron.network object s_rally_2684ae64_Yt99dUxr (ba175abe-3e0f-419f-9af3-8ae531f46fc7)
2019-07-03 08:27:07.227 22705 RALLYDEBUG rally_openstack.cleanup.manager [-] Deleting neutron.network object s_rally_2684ae64_1lMOuYIp (c3db675f-433d-448d-b167-720d5d6d073c)
2019-07-03 08:27:07.298 22705 RALLYDEBUG rally_openstack.cleanup.manager [-] Deleting neutron.network object s_rally_2684ae64_8nzmQEpx (c78c33f1-b44e-4147-b4a1-ee4b3da04cde)
2019-07-03 08:27:07.321 22705 RALLYDEBUG rally_openstack.cleanup.manager [-] Deleting neutron.network object s_rally_2684ae64_r39Uzzoj (c8371a32-7c5e-41d5-8e73-cc703eea4ca5)
2019-07-03 08:27:07.385 22705 RALLYDEBUG rally_openstack.cleanup.manager [-] Deleting neutron.network object s_rally_2684ae64_KI2ENU1U (caa29ef5-c2cb-469b-8092-7154e85a08e4)
2019-07-03 08:27:07.480 22705 RALLYDEBUG rally_openstack.cleanup.manager [-] Deleting neutron.network object s_rally_2684ae64_zTYN2SPH (cbd46e88-9f1a-4f50-91a2-3e53acf0aa7d)
2019-07-03 08:27:07.951 22705 RALLYDEBUG rally_openstack.cleanup.manager [-] Deleting neutron.network object s_rally_2684ae64_ZRfc5y53 (e4c09b12-9175-4afa-9e4a-fad79716fc79)
2019-07-03 08:27:07.997 22705 RALLYDEBUG rally_openstack.cleanup.manager [-] Deleting neutron.network object s_rally_2684ae64_CtAaxCjo (e4deec54-d376-4563-ab0a-fdbbf7ea3106)
2019-07-03 08:27:08.194 22705 RALLYDEBUG rally_openstack.cleanup.manager [-] Deleting neutron.network object s_rally_2684ae64_pnFwWPzd (e74a0f1b-f101-4663-bd4a-09b34fee61c4)
2019-07-03 08:27:08.424 22705 RALLYDEBUG rally_openstack.cleanup.manager [-] Deleting neutron.network object s_rally_2684ae64_navfQUod (e82a0d37-42bc-4c95-8dbb-6e2fb3c4c911)
2019-07-03 08:27:08.430 22705 RALLYDEBUG rally_openstack.cleanup.manager [-] Deleting neutron.network object s_rally_2684ae64_r4iivomT (f35db233-113e-4d2c-a14c-56984b56acfb)
2019-07-03 08:27:08.447 22705 RALLYDEBUG rally_openstack.cleanup.manager [-] Deleting neutron.network object s_rally_2684ae64_nwIl3FRw (f4be4608-87c5-4bbc-8917-8bea11dcbc0e)
2019-07-03 08:27:08.477 22705 RALLYDEBUG rally_openstack.cleanup.manager [-] Deleting neutron.network object s_rally_2684ae64_On5FBH0U (f8613d67-04e4-4ba2-9e17-d262ec859f05)
2019-07-03 08:27:08.478 22705 RALLYDEBUG rally_openstack.cleanup.manager [-] Deleting neutron.network object s_rally_2684ae64_4ohw58AO (f566ca81-9088-4ef5-a5a8-b183d9f37a43)
2019-07-03 08:27:08.657 22705 RALLYDEBUG rally_openstack.cleanup.manager [-] Deleting neutron.network object s_rally_2684ae64_uAivVswF (f9fe1975-880b-4b40-9fd8-fb2dbb231c07)
2019-07-03 08:27:08.765 22705 RALLYDEBUG rally_openstack.cleanup.manager [-] Deleting neutron.network object s_rally_2684ae64_GpkSAEPB (fd6022cd-06cc-493c-9a19-64f3571fd16f)
2019-07-03 08:27:08.766 22705 RALLYDEBUG rally_openstack.cleanup.manager [-] Deleting neutron.network object s_rally_2684ae64_V7QZCaGN (fc6b97cb-13fc-40a3-9618-81b72a4535a0)
2019-07-03 08:27:11.577 22705 RALLYDEBUG rally_openstack.cleanup.manager [-] Cleaning up neutron router objects
2019-07-03 08:27:12.364 22705 RALLYDEBUG rally_openstack.cleanup.manager [-] Cleaning up neutron security_group objects
2019-07-03 08:27:13.145 22705 INFO rally.task.context [-] Task 841c42aa-dce7-45c5-8485-2af0b51bcce0 | Context cleanup@openstack cleanup() finished in 42.10 sec
2019-07-03 08:27:13.146 22705 INFO rally.task.context [-] Task 841c42aa-dce7-45c5-8485-2af0b51bcce0 | Context quotas@openstack cleanup() started
2019-07-03 08:27:13.467 22705 INFO rally.task.context [-] Task 841c42aa-dce7-45c5-8485-2af0b51bcce0 | Context quotas@openstack cleanup() finished in 0.32 sec
2019-07-03 08:27:13.467 22705 INFO rally.task.context [-] Task 841c42aa-dce7-45c5-8485-2af0b51bcce0 | Context users@openstack cleanup() started
2019-07-03 08:27:18.620 22705 INFO rally.task.context [-] Task 841c42aa-dce7-45c5-8485-2af0b51bcce0 | Context users@openstack cleanup() finished in 5.15 sec
2019-07-03 08:27:19.049 22705 INFO rally.task.engine [-] Load duration is: 32.806916
2019-07-03 08:27:19.050 22705 INFO rally.task.engine [-] Full runner duration is: 32.849983
2019-07-03 08:27:19.050 22705 INFO rally.task.engine [-] Full duration is: 85.874089
2019-07-03 08:27:19.201 22705 INFO rally.task.engine [-] Running workload: position = 2 config = { "version": 2, "title": "A cropped version of a bigger task.", "description": "Auto-generated task from a single workload (uuid=4e4b76d3-231b-4abc-9e01-d574dc235873)", "subtasks": [ { "title": "NeutronNetworks.create_and_delete_ports", "description": "Create and delete a port.", "scenario": { "NeutronNetworks.create_and_delete_ports": { "network_create_args": {}, "port_create_args": {}, "ports_per_network": 5 } }, "contexts": { "users": { "tenants": 1, "users_per_tenant": 1 }, "quotas": { "neutron": { "network": -1, "port": -1 } } }, "runner": { "constant": { "times": 40, "concurrency": 20 } }, "hooks": [], "sla": { "failure_rate": { "max": 0 } } } ] }
2019-07-03 08:27:19.223 22705 RALLYDEBUG rally_openstack.contexts.keystone.users [-] Creating 1 tenants using 20 threads
2019-07-03 08:27:21.148 22705 RALLYDEBUG rally_openstack.contexts.keystone.users [-] Creating 1 users using 20 threads
2019-07-03 08:27:23.939 22705 INFO rally.task.context [-] Task 841c42aa-dce7-45c5-8485-2af0b51bcce0 | Context users@openstack setup() finished in 4.72 sec
2019-07-03 08:27:24.760 22705 INFO rally.task.context [-] Task 841c42aa-dce7-45c5-8485-2af0b51bcce0 | Context quotas@openstack setup() finished in 0.82 sec
2019-07-03 08:27:24.760 22705 INFO rally.task.context [-] Task 841c42aa-dce7-45c5-8485-2af0b51bcce0 | Context cleanup@openstack setup() finished in 0.00 msec
2019-07-03 08:27:24.767 22705 RALLYDEBUG rally.task.runner [-] Starting the constant runner (task UUID: 841c42aa-dce7-45c5-8485-2af0b51bcce0). timeout: 0 concurrency: 20 concurrency_per_worker: 1 times: 40 concurrency_overhead: 4 processes_to_start: 16 max_cpu_used: 16
2019-07-03 08:27:24.781 26951 RALLYDEBUG rally.task.runner [-] Starting a worker. concurrency: 2 args: {"network_create_args": {}, "port_create_args": {}, "ports_per_network": 5} times: 40 method_name: run timeout: 0 duration: None cls:
2019-07-03 08:27:24.783 26952 RALLYDEBUG rally.task.runner [-] Starting a worker. concurrency: 2 args: {"network_create_args": {}, "port_create_args": {}, "ports_per_network": 5} times: 40 method_name: run timeout: 0 duration: None cls:
2019-07-03 08:27:24.785 26953 RALLYDEBUG rally.task.runner [-] Starting a worker. concurrency: 2 args: {"network_create_args": {}, "port_create_args": {}, "ports_per_network": 5} times: 40 method_name: run timeout: 0 duration: None cls:
2019-07-03 08:27:24.787 26954 RALLYDEBUG rally.task.runner [-] Starting a worker. concurrency: 2 args: {"network_create_args": {}, "port_create_args": {}, "ports_per_network": 5} times: 40 method_name: run timeout: 0 duration: None cls:
2019-07-03 08:27:24.790 26951 INFO rally.task.runner [-] Task 841c42aa-dce7-45c5-8485-2af0b51bcce0 | ITER: 1 START
2019-07-03 08:27:24.792 26951 INFO rally.task.runner [-] Task 841c42aa-dce7-45c5-8485-2af0b51bcce0 | ITER: 3 START
2019-07-03 08:27:24.793 26952 INFO rally.task.runner [-] Task 841c42aa-dce7-45c5-8485-2af0b51bcce0 | ITER: 2 START
2019-07-03 08:27:24.793 26955 RALLYDEBUG rally.task.runner [-] Starting a worker. concurrency: 1 args: {"network_create_args": {}, "port_create_args": {}, "ports_per_network": 5} times: 40 method_name: run timeout: 0 duration: None cls:
2019-07-03 08:27:24.793 26954 INFO rally.task.runner [-] Task 841c42aa-dce7-45c5-8485-2af0b51bcce0 | ITER: 6 START
2019-07-03 08:27:24.794 26951 WARNING rally_openstack.scenarios.neutron.utils [-] Running this scenario without either the 'network' or 'existing_network' context is deprecated
2019-07-03 08:27:24.794 26953 INFO rally.task.runner [-] Task 841c42aa-dce7-45c5-8485-2af0b51bcce0 | ITER: 4 START
2019-07-03 08:27:24.794 26954 INFO rally.task.runner [-] Task 841c42aa-dce7-45c5-8485-2af0b51bcce0 | ITER: 8 START
2019-07-03 08:27:24.795 26952 WARNING rally_openstack.scenarios.neutron.utils [-] Running this scenario without either the 'network' or 'existing_network' context is deprecated
2019-07-03 08:27:24.795 26954 WARNING rally_openstack.scenarios.neutron.utils [-] Running this scenario without either the 'network' or 'existing_network' context is deprecated
2019-07-03 08:27:24.795 26953 INFO rally.task.runner [-] Task 841c42aa-dce7-45c5-8485-2af0b51bcce0 | ITER: 7 START
2019-07-03 08:27:24.796 26953 WARNING rally_openstack.scenarios.neutron.utils [-] Running this scenario without either the 'network' or 'existing_network' context is deprecated
2019-07-03 08:27:24.796 26959 RALLYDEBUG rally.task.runner [-] Starting a worker. concurrency: 1 args: {"network_create_args": {}, "port_create_args": {}, "ports_per_network": 5} times: 40 method_name: run timeout: 0 duration: None cls:
2019-07-03 08:27:24.793 26951 WARNING rally_openstack.scenarios.neutron.utils [-] Running this scenario without either the 'network' or 'existing_network' context is deprecated
2019-07-03 08:27:24.801 26955 INFO rally.task.runner [-] Task 841c42aa-dce7-45c5-8485-2af0b51bcce0 | ITER: 9 START
2019-07-03 08:27:24.796 26954 WARNING rally_openstack.scenarios.neutron.utils [-] Running this scenario without either the 'network' or 'existing_network' context is deprecated
2019-07-03 08:27:24.796 26952 INFO rally.task.runner [-] Task 841c42aa-dce7-45c5-8485-2af0b51bcce0 | ITER: 5 START
2019-07-03 08:27:24.797 26953 WARNING rally_openstack.scenarios.neutron.utils [-] Running this scenario without either the 'network' or 'existing_network' context is deprecated
2019-07-03 08:27:24.803 26955 WARNING rally_openstack.scenarios.neutron.utils [-] Running this scenario without either the 'network' or 'existing_network' context is deprecated
2019-07-03 08:27:24.802 26965 RALLYDEBUG rally.task.runner [-] Starting a worker. concurrency: 1 args: {"network_create_args": {}, "port_create_args": {}, "ports_per_network": 5} times: 40 method_name: run timeout: 0 duration: None cls:
2019-07-03 08:27:24.803 26952 WARNING rally_openstack.scenarios.neutron.utils [-] Running this scenario without either the 'network' or 'existing_network' context is deprecated
2019-07-03 08:27:24.805 26959 INFO rally.task.runner [-] Task 841c42aa-dce7-45c5-8485-2af0b51bcce0 | ITER: 10 START
2019-07-03 08:27:24.805 26970 RALLYDEBUG rally.task.runner [-] Starting a worker. concurrency: 1 args: {"network_create_args": {}, "port_create_args": {}, "ports_per_network": 5} times: 40 method_name: run timeout: 0 duration: None cls:
2019-07-03 08:27:24.807 26959 WARNING rally_openstack.scenarios.neutron.utils [-] Running this scenario without either the 'network' or 'existing_network' context is deprecated
2019-07-03 08:27:24.811 26973 RALLYDEBUG rally.task.runner [-] Starting a worker. concurrency: 1 args: {"network_create_args": {}, "port_create_args": {}, "ports_per_network": 5} times: 40 method_name: run timeout: 0 duration: None cls:
2019-07-03 08:27:24.812 26965 INFO rally.task.runner [-] Task 841c42aa-dce7-45c5-8485-2af0b51bcce0 | ITER: 11 START
2019-07-03 08:27:24.814 26965 WARNING rally_openstack.scenarios.neutron.utils [-] Running this scenario without either the 'network' or 'existing_network' context is deprecated
2019-07-03 08:27:24.814 26970 INFO rally.task.runner [-] Task 841c42aa-dce7-45c5-8485-2af0b51bcce0 | ITER: 12 START
2019-07-03 08:27:24.813 26976 RALLYDEBUG rally.task.runner [-] Starting a worker. concurrency: 1 args: {"network_create_args": {}, "port_create_args": {}, "ports_per_network": 5} times: 40 method_name: run timeout: 0 duration: None cls:
2019-07-03 08:27:24.816 26973 INFO rally.task.runner [-] Task 841c42aa-dce7-45c5-8485-2af0b51bcce0 | ITER: 13 START
2019-07-03 08:27:24.816 26970 WARNING rally_openstack.scenarios.neutron.utils [-] Running this scenario without either the 'network' or 'existing_network' context is deprecated
2019-07-03 08:27:24.816 26979 RALLYDEBUG rally.task.runner [-] Starting a worker. concurrency: 1 args: {"network_create_args": {}, "port_create_args": {}, "ports_per_network": 5} times: 40 method_name: run timeout: 0 duration: None cls:
2019-07-03 08:27:24.817 26973 WARNING rally_openstack.scenarios.neutron.utils [-] Running this scenario without either the 'network' or 'existing_network' context is deprecated
2019-07-03 08:27:24.820 26976 INFO rally.task.runner [-] Task 841c42aa-dce7-45c5-8485-2af0b51bcce0 | ITER: 14 START
2019-07-03 08:27:24.821 26979 INFO rally.task.runner [-] Task 841c42aa-dce7-45c5-8485-2af0b51bcce0 | ITER: 15 START
2019-07-03 08:27:24.822 26979 WARNING rally_openstack.scenarios.neutron.utils [-] Running this scenario without either the 'network' or 'existing_network' context is deprecated
2019-07-03 08:27:24.822 26976 WARNING rally_openstack.scenarios.neutron.utils [-] Running this scenario without either the 'network' or 'existing_network' context is deprecated
2019-07-03 08:27:24.823 26984 RALLYDEBUG rally.task.runner [-] Starting a worker. concurrency: 1 args: {"network_create_args": {}, "port_create_args": {}, "ports_per_network": 5} times: 40 method_name: run timeout: 0 duration: None cls:
2019-07-03 08:27:24.830 26989 RALLYDEBUG rally.task.runner [-] Starting a worker. concurrency: 1 args: {"network_create_args": {}, "port_create_args": {}, "ports_per_network": 5} times: 40 method_name: run timeout: 0 duration: None cls:
2019-07-03 08:27:24.832 26984 INFO rally.task.runner [-] Task 841c42aa-dce7-45c5-8485-2af0b51bcce0 | ITER: 16 START
2019-07-03 08:27:24.833 26984 WARNING rally_openstack.scenarios.neutron.utils [-] Running this scenario without either the 'network' or 'existing_network' context is deprecated
2019-07-03 08:27:24.839 26989 INFO rally.task.runner [-] Task 841c42aa-dce7-45c5-8485-2af0b51bcce0 | ITER: 17 START
2019-07-03 08:27:24.841 26989 WARNING rally_openstack.scenarios.neutron.utils [-] Running this scenario without either the 'network' or 'existing_network' context is deprecated
2019-07-03 08:27:24.842 26992 RALLYDEBUG rally.task.runner [-] Starting a worker. concurrency: 1 args: {"network_create_args": {}, "port_create_args": {}, "ports_per_network": 5} times: 40 method_name: run timeout: 0 duration: None cls:
2019-07-03 08:27:24.846 26992 INFO rally.task.runner [-] Task 841c42aa-dce7-45c5-8485-2af0b51bcce0 | ITER: 18 START
2019-07-03 08:27:24.847 26992 WARNING rally_openstack.scenarios.neutron.utils [-] Running this scenario without either the 'network' or 'existing_network' context is deprecated
2019-07-03 08:27:24.850 26995 RALLYDEBUG rally.task.runner [-] Starting a worker. concurrency: 1 args: {"network_create_args": {}, "port_create_args": {}, "ports_per_network": 5} times: 40 method_name: run timeout: 0 duration: None cls:
2019-07-03 08:27:24.854 26995 INFO rally.task.runner [-] Task 841c42aa-dce7-45c5-8485-2af0b51bcce0 | ITER: 19 START
2019-07-03 08:27:24.855 26998 RALLYDEBUG rally.task.runner [-] Starting a worker. concurrency: 1 args: {"network_create_args": {}, "port_create_args": {}, "ports_per_network": 5} times: 40 method_name: run timeout: 0 duration: None cls:
2019-07-03 08:27:24.855 26995 WARNING rally_openstack.scenarios.neutron.utils [-] Running this scenario without either the 'network' or 'existing_network' context is deprecated
2019-07-03 08:27:24.859 26998 INFO rally.task.runner [-] Task 841c42aa-dce7-45c5-8485-2af0b51bcce0 | ITER: 20 START
2019-07-03 08:27:24.860 26998 WARNING rally_openstack.scenarios.neutron.utils [-] Running this scenario without either the 'network' or 'existing_network' context is deprecated
2019-07-03 08:27:36.457 26965 INFO rally.task.runner [-] Task 841c42aa-dce7-45c5-8485-2af0b51bcce0 | ITER: 11 END: OK
2019-07-03 08:27:36.462 26965 INFO rally.task.runner [-] Task 841c42aa-dce7-45c5-8485-2af0b51bcce0 | ITER: 21 START
2019-07-03 08:27:36.463 26965 WARNING rally_openstack.scenarios.neutron.utils [-] Running this scenario without either the 'network' or 'existing_network' context is deprecated
2019-07-03 08:27:36.608 26973 INFO rally.task.runner [-] Task 841c42aa-dce7-45c5-8485-2af0b51bcce0 | ITER: 13 END: OK
2019-07-03 08:27:36.612 26973 INFO rally.task.runner [-] Task 841c42aa-dce7-45c5-8485-2af0b51bcce0 | ITER: 22 START
2019-07-03 08:27:36.613 26973 WARNING rally_openstack.scenarios.neutron.utils [-] Running this scenario without either the 'network' or 'existing_network' context is deprecated
2019-07-03 08:27:37.615 26951 INFO rally.task.runner [-] Task 841c42aa-dce7-45c5-8485-2af0b51bcce0 | ITER: 3 END: OK
2019-07-03 08:27:37.619 26951 INFO rally.task.runner [-] Task 841c42aa-dce7-45c5-8485-2af0b51bcce0 | ITER: 23 START
2019-07-03 08:27:37.619 26951 WARNING rally_openstack.scenarios.neutron.utils [-] Running this scenario without either the 'network' or 'existing_network' context is deprecated
2019-07-03 08:27:37.631 26998 INFO rally.task.runner [-] Task 841c42aa-dce7-45c5-8485-2af0b51bcce0 | ITER: 20 END: OK
2019-07-03 08:27:37.635 26998 INFO rally.task.runner [-] Task 841c42aa-dce7-45c5-8485-2af0b51bcce0 | ITER: 24 START
2019-07-03 08:27:37.636 26998 WARNING rally_openstack.scenarios.neutron.utils [-] Running this scenario without either the 'network' or 'existing_network' context is deprecated
2019-07-03 08:27:38.494 26970 INFO rally.task.runner [-] Task 841c42aa-dce7-45c5-8485-2af0b51bcce0 | ITER: 12 END: OK
2019-07-03 08:27:38.498 26970 INFO rally.task.runner [-] Task 841c42aa-dce7-45c5-8485-2af0b51bcce0 | ITER: 25 START
2019-07-03 08:27:38.498 26970 WARNING rally_openstack.scenarios.neutron.utils [-] Running this scenario without either the 'network' or 'existing_network' context is deprecated
2019-07-03 08:27:38.898 26959 INFO rally.task.runner [-] Task 841c42aa-dce7-45c5-8485-2af0b51bcce0 | ITER: 10 END: OK
2019-07-03 08:27:38.903 26959 INFO rally.task.runner [-] Task 841c42aa-dce7-45c5-8485-2af0b51bcce0 | ITER: 26 START
2019-07-03 08:27:38.903 26959 WARNING rally_openstack.scenarios.neutron.utils [-] Running this scenario without either the 'network' or 'existing_network' context is deprecated
2019-07-03 08:27:39.014 26953 INFO rally.task.runner [-] Task 841c42aa-dce7-45c5-8485-2af0b51bcce0 | ITER: 4 END: OK
2019-07-03 08:27:39.019 26953 INFO rally.task.runner [-] Task 841c42aa-dce7-45c5-8485-2af0b51bcce0 | ITER: 27 START
2019-07-03 08:27:39.020 26953 WARNING rally_openstack.scenarios.neutron.utils [-] Running this scenario without either the 'network' or 'existing_network' context is deprecated
2019-07-03 08:27:39.643 26954 INFO rally.task.runner [-] Task 841c42aa-dce7-45c5-8485-2af0b51bcce0 | ITER: 6 END: OK
2019-07-03 08:27:39.648 26954 INFO rally.task.runner [-] Task 841c42aa-dce7-45c5-8485-2af0b51bcce0 | ITER: 28 START
2019-07-03 08:27:39.648 26954 WARNING rally_openstack.scenarios.neutron.utils [-] Running this scenario without either the 'network' or 'existing_network' context is deprecated
2019-07-03 08:27:39.666 26979 INFO rally.task.runner [-] Task 841c42aa-dce7-45c5-8485-2af0b51bcce0 | ITER: 15 END: OK
2019-07-03 08:27:39.670 26979 INFO rally.task.runner [-] Task 841c42aa-dce7-45c5-8485-2af0b51bcce0 | ITER: 29 START
2019-07-03 08:27:39.671 26979 WARNING rally_openstack.scenarios.neutron.utils [-] Running this scenario without either the 'network' or 'existing_network' context is deprecated
2019-07-03 08:27:39.769 26995 INFO rally.task.runner [-] Task 841c42aa-dce7-45c5-8485-2af0b51bcce0 | ITER: 19 END: OK
2019-07-03 08:27:39.773 26995 INFO rally.task.runner [-] Task 841c42aa-dce7-45c5-8485-2af0b51bcce0 | ITER: 30 START
2019-07-03 08:27:39.774 26995 WARNING rally_openstack.scenarios.neutron.utils [-] Running this scenario without either the 'network' or 'existing_network' context is deprecated
2019-07-03 08:27:39.918 26952 INFO rally.task.runner [-] Task 841c42aa-dce7-45c5-8485-2af0b51bcce0 | ITER: 2 END: OK
2019-07-03 08:27:39.922 26952 INFO rally.task.runner [-] Task 841c42aa-dce7-45c5-8485-2af0b51bcce0 | ITER: 31 START
2019-07-03 08:27:39.923 26952 WARNING rally_openstack.scenarios.neutron.utils [-] Running this scenario without either the 'network' or 'existing_network' context is deprecated
2019-07-03 08:27:40.701 26953 INFO rally.task.runner [-] Task 841c42aa-dce7-45c5-8485-2af0b51bcce0 | ITER: 7 END: OK
2019-07-03 08:27:40.705 26953 INFO rally.task.runner [-] Task 841c42aa-dce7-45c5-8485-2af0b51bcce0 | ITER: 32 START
2019-07-03 08:27:40.706 26953 WARNING rally_openstack.scenarios.neutron.utils [-] Running this scenario without either the 'network' or 'existing_network' context is deprecated
2019-07-03 08:27:40.908 26954 INFO rally.task.runner [-] Task 841c42aa-dce7-45c5-8485-2af0b51bcce0 | ITER: 8 END: OK
2019-07-03 08:27:40.912 26954 INFO rally.task.runner [-] Task 841c42aa-dce7-45c5-8485-2af0b51bcce0 | ITER: 33 START
2019-07-03 08:27:40.913 26954 WARNING rally_openstack.scenarios.neutron.utils [-] Running this scenario without either the 'network' or 'existing_network' context is deprecated
2019-07-03 08:27:40.940 26955 INFO rally.task.runner [-] Task 841c42aa-dce7-45c5-8485-2af0b51bcce0 | ITER: 9 END: OK
2019-07-03 08:27:40.944 26955 INFO rally.task.runner [-] Task 841c42aa-dce7-45c5-8485-2af0b51bcce0 | ITER: 34 START
2019-07-03 08:27:40.945 26955 WARNING rally_openstack.scenarios.neutron.utils [-] Running this scenario without either the 'network' or 'existing_network' context is deprecated
2019-07-03 08:27:41.655 26984 INFO rally.task.runner [-] Task 841c42aa-dce7-45c5-8485-2af0b51bcce0 | ITER: 16 END: OK
2019-07-03 08:27:41.660 26984 INFO rally.task.runner [-] Task 841c42aa-dce7-45c5-8485-2af0b51bcce0 | ITER: 35 START
2019-07-03 08:27:41.661 26984 WARNING rally_openstack.scenarios.neutron.utils [-] Running this scenario without either the 'network' or 'existing_network' context is deprecated
2019-07-03 08:27:41.932 26992 INFO rally.task.runner [-] Task 841c42aa-dce7-45c5-8485-2af0b51bcce0 | ITER: 18 END: OK
2019-07-03 08:27:41.937 26992 INFO rally.task.runner [-] Task 841c42aa-dce7-45c5-8485-2af0b51bcce0 | ITER: 36 START
2019-07-03 08:27:41.937 26992 WARNING rally_openstack.scenarios.neutron.utils [-] Running this scenario without either the 'network' or 'existing_network' context is deprecated
2019-07-03 08:27:42.279 26976 INFO rally.task.runner [-] Task 841c42aa-dce7-45c5-8485-2af0b51bcce0 | ITER: 14 END: OK
2019-07-03 08:27:42.284 26976 INFO rally.task.runner [-] Task 841c42aa-dce7-45c5-8485-2af0b51bcce0 | ITER: 37 START
2019-07-03 08:27:42.284 26976 WARNING rally_openstack.scenarios.neutron.utils [-] Running this scenario without either the 'network' or 'existing_network' context is deprecated
2019-07-03 08:27:42.555 26989 INFO rally.task.runner [-] Task 841c42aa-dce7-45c5-8485-2af0b51bcce0 | ITER: 17 END: OK
2019-07-03 08:27:42.560 26989 INFO rally.task.runner [-] Task 841c42aa-dce7-45c5-8485-2af0b51bcce0 | ITER: 38 START
2019-07-03 08:27:42.560 26989 WARNING rally_openstack.scenarios.neutron.utils [-] Running this scenario without either the 'network' or 'existing_network' context is deprecated
2019-07-03 08:27:43.185 26952 INFO rally.task.runner [-] Task 841c42aa-dce7-45c5-8485-2af0b51bcce0 | ITER: 5 END: OK
2019-07-03 08:27:43.189 26952 INFO rally.task.runner [-] Task 841c42aa-dce7-45c5-8485-2af0b51bcce0 | ITER: 39 START
