2019-07-03 08:25:29.967 22705 RALLYDEBUG rally_openstack.cleanup.manager [-] Deleting neutron.port object s_rally_af599548_VpVIiX87 (db1859fe-ec36-4c55-a852-c2040b09140b)
2019-07-03 08:25:30.097 22705 RALLYDEBUG rally_openstack.cleanup.manager [-] Deleting neutron.port object s_rally_af599548_FPldaAe2 (db74a17b-5ab3-4f42-9f06-e24649ce1bf7)
2019-07-03 08:25:30.130 22705 RALLYDEBUG rally_openstack.cleanup.manager [-] Deleting neutron.port object s_rally_af599548_Cfb1BHgb (dd5057a3-fb93-49dc-8ab3-0449cca1dab0)
2019-07-03 08:25:30.359 22705 RALLYDEBUG rally_openstack.cleanup.manager [-] Deleting neutron.port object s_rally_af599548_YSOF1POo (dd7264a2-ff84-4793-acdd-4da320467999)
2019-07-03 08:25:30.386 22705 RALLYDEBUG rally_openstack.cleanup.manager [-] Deleting neutron.port object s_rally_af599548_XopanBb1 (ddbeb9dd-8ff8-4e52-a77d-2fbddeb381dc)
2019-07-03 08:25:30.449 22705 RALLYDEBUG rally_openstack.cleanup.manager [-] Deleting neutron.port object s_rally_af599548_yCneR4fK (df131ab2-328d-45fa-af69-2b81e311a644)
2019-07-03 08:25:30.493 22705 RALLYDEBUG rally_openstack.cleanup.manager [-] Deleting neutron.port object s_rally_af599548_Q2Co2PK2 (df976487-ac7a-481d-a5a3-4b63df0cde60)
2019-07-03 08:25:30.746 22705 RALLYDEBUG rally_openstack.cleanup.manager [-] Deleting neutron.port object s_rally_af599548_nSEAU4JK (dfc25094-717f-4bc3-8fae-dfbc95f29b01)
2019-07-03 08:25:30.802 22705 RALLYDEBUG rally_openstack.cleanup.manager [-] Deleting neutron.port object s_rally_af599548_7df7Rstw (e1519adf-aad3-4a1e-8905-0fef1e7a3d08)
2019-07-03 08:25:30.875 22705 RALLYDEBUG rally_openstack.cleanup.manager [-] Deleting neutron.port object s_rally_af599548_CDBMRlpj (e20cd052-baa9-426f-baa5-3ea5fc07b37a)
2019-07-03 08:25:30.917 22705 RALLYDEBUG rally_openstack.cleanup.manager [-] Deleting neutron.port object s_rally_af599548_RyS5jv0U (e4958d82-1f73-41c9-917d-08834eba72e3)
2019-07-03 08:25:30.991 22705 RALLYDEBUG rally_openstack.cleanup.manager [-] Deleting neutron.port object s_rally_af599548_ErgwlRcs (e4ba2bca-c238-4f31-b2e0-7091bff68830)
2019-07-03 08:25:31.191 22705 RALLYDEBUG rally_openstack.cleanup.manager [-] Deleting neutron.port object s_rally_af599548_xUqi8rdL (e580f282-f12b-4ce4-a718-4ce18a214e8c)
2019-07-03 08:25:31.266 22705 RALLYDEBUG rally_openstack.cleanup.manager [-] Deleting neutron.port object s_rally_af599548_ZYuNBkL9 (e5c7ec49-37d4-41d3-8df7-781d4cedee99)
2019-07-03 08:25:31.281 22705 RALLYDEBUG rally_openstack.cleanup.manager [-] Deleting neutron.port object s_rally_af599548_DCF1cSMk (e66d22ef-87a2-482a-8c37-9ec290687c90)
2019-07-03 08:25:31.315 22705 RALLYDEBUG rally_openstack.cleanup.manager [-] Deleting neutron.port object s_rally_af599548_23xobzyi (eaebe667-3f55-4999-a3a9-74266bf1dd20)
2019-07-03 08:25:31.644 22705 RALLYDEBUG rally_openstack.cleanup.manager [-] Deleting neutron.port object s_rally_af599548_epD1YGw2 (eb910bf4-1793-4d99-b14f-082d77a8e753)
2019-07-03 08:25:31.787 22705 RALLYDEBUG rally_openstack.cleanup.manager [-] Deleting neutron.port object s_rally_af599548_L3N8n6jG (ec915aa8-f733-431a-9a9e-e107457175b5)
2019-07-03 08:25:31.867 22705 RALLYDEBUG rally_openstack.cleanup.manager [-] Deleting neutron.port object s_rally_af599548_WlHaoO8U (ecb13de4-87de-497f-a3b0-8b5adc4baada)
2019-07-03 08:25:32.049 22705 RALLYDEBUG rally_openstack.cleanup.manager [-] Deleting neutron.port object s_rally_af599548_1XchzRLe (ed323af3-fe17-47d8-828e-d75b2b8fe446)
2019-07-03 08:25:32.288 22705 RALLYDEBUG rally_openstack.cleanup.manager [-] Deleting neutron.port object s_rally_af599548_mJ0g3nPX (ed493552-f75f-46bb-b43b-8f149ed453a3)
2019-07-03 08:25:32.310 22705 RALLYDEBUG rally_openstack.cleanup.manager [-] Deleting neutron.port object s_rally_af599548_yRKaKVwi (ed59fb5b-cb69-4210-9122-cac12606bd26)
2019-07-03 08:25:32.463 22705 RALLYDEBUG rally_openstack.cleanup.manager [-] Deleting neutron.port object s_rally_af599548_WKtMvFlE (ed66444c-fff3-486f-b077-945324854a97)
2019-07-03 08:25:32.602 22705 RALLYDEBUG rally_openstack.cleanup.manager [-] Deleting neutron.port object s_rally_af599548_kSJcI0uU (eddffefc-0acf-4735-b0f9-207cf7edef62)
2019-07-03 08:25:32.636 22705 RALLYDEBUG rally_openstack.cleanup.manager [-] Deleting neutron.port object s_rally_af599548_3AoJhe4m (eeae8069-9a4a-4bab-8518-3bd1682a2499)
2019-07-03 08:25:32.853 22705 RALLYDEBUG rally_openstack.cleanup.manager [-] Deleting neutron.port object s_rally_af599548_IeJYWvLI (eefc2abd-0b53-44d4-939c-442f53912cd2)
2019-07-03 08:25:33.038 22705 RALLYDEBUG rally_openstack.cleanup.manager [-] Deleting neutron.port object s_rally_af599548_ZUq2XWTT (ef10f39d-4b7c-4208-ab53-0a4194ca2f3b)
2019-07-03 08:25:33.176 22705 RALLYDEBUG rally_openstack.cleanup.manager [-] Deleting neutron.port object s_rally_af599548_41Cs3ACR (ef65a922-c721-43c6-b57f-638525234646)
2019-07-03 08:25:33.226 22705 RALLYDEBUG rally_openstack.cleanup.manager [-] Deleting neutron.port object s_rally_af599548_Y6utCKPY (efc39727-d1f9-48bb-bd4f-840c71bdc8fe)
2019-07-03 08:25:33.343 22705 RALLYDEBUG rally_openstack.cleanup.manager [-] Deleting neutron.port object s_rally_af599548_ZnRZRHFy (f0040e22-6f17-4b48-a03a-674b71dcd37b)
2019-07-03 08:25:33.492 22705 RALLYDEBUG rally_openstack.cleanup.manager [-] Deleting neutron.port object s_rally_af599548_0derl3FF (f20080c3-cbe8-4b4c-8699-2349584b2972)
2019-07-03 08:25:33.506 22705 RALLYDEBUG rally_openstack.cleanup.manager [-] Deleting neutron.port object s_rally_af599548_mvliI9at (f2209682-c14a-489f-b2e1-a63a61789b96)
2019-07-03 08:25:33.537 22705 RALLYDEBUG rally_openstack.cleanup.manager [-] Deleting neutron.port object s_rally_af599548_tlW11Gku (f22d0208-0837-4a40-8f43-15964b36e1ff)
2019-07-03 08:25:33.596 22705 RALLYDEBUG rally_openstack.cleanup.manager [-] Deleting neutron.port object s_rally_af599548_WXrx5pel (f296a6fb-c4b4-4ece-95e7-234617eeb225)
2019-07-03 08:25:33.668 22705 RALLYDEBUG rally_openstack.cleanup.manager [-] Deleting neutron.port object s_rally_af599548_lNdLkAsO (f2bc5722-bc7b-4873-8508-4b4dba624dd1)
2019-07-03 08:25:33.750 22705 RALLYDEBUG rally_openstack.cleanup.manager [-] Deleting neutron.port object s_rally_af599548_31qdyhd3 (f2e8517e-e786-45f1-99d3-2c73ecf8904f)
2019-07-03 08:25:34.005 22705 RALLYDEBUG rally_openstack.cleanup.manager [-] Deleting neutron.port object s_rally_af599548_dLCq2xEM (f34cd5b5-b484-43eb-935e-7782aca072bf)
2019-07-03 08:25:34.023 22705 RALLYDEBUG rally_openstack.cleanup.manager [-] Deleting neutron.port object s_rally_af599548_CEBWDpxJ (f35fbf17-492d-4928-87a9-485259bfcaad)
2019-07-03 08:25:34.026 22705 RALLYDEBUG rally_openstack.cleanup.manager [-] Deleting neutron.port object s_rally_af599548_rKL6eHnX (f3e5598c-582e-4332-8849-a4a75291b608)
2019-07-03 08:25:34.430 22705 RALLYDEBUG rally_openstack.cleanup.manager [-] Deleting neutron.port object s_rally_af599548_CcdXAMJA (f3f96d09-5c3d-4984-b038-4f251f4c2ffe)
2019-07-03 08:25:34.551 22705 RALLYDEBUG rally_openstack.cleanup.manager [-] Deleting neutron.port object s_rally_af599548_FBvM4OsB (f40c4f94-cb50-4ba5-bccd-e1c4c823bef1)
2019-07-03 08:25:34.587 22705 RALLYDEBUG rally_openstack.cleanup.manager [-] Deleting neutron.port object s_rally_af599548_VNt3CJpD (f4c2a00b-baa2-4b39-91f4-98b076679528)
2019-07-03 08:25:34.630 22705 RALLYDEBUG rally_openstack.cleanup.manager [-] Deleting neutron.port object s_rally_af599548_licejbat (f596907a-b188-4ce8-9b86-e5bf261be247)
2019-07-03 08:25:34.815 22705 RALLYDEBUG rally_openstack.cleanup.manager [-] Deleting neutron.port object s_rally_af599548_bUXAeMfF (f5982c5c-738d-469a-87d6-c0e803e06821)
2019-07-03 08:25:34.968 22705 RALLYDEBUG rally_openstack.cleanup.manager [-] Deleting neutron.port object s_rally_af599548_79OqTpMZ (f5bc9708-3b30-406c-85ae-16842975503b)
2019-07-03 08:25:35.108 22705 RALLYDEBUG rally_openstack.cleanup.manager [-] Deleting neutron.port object s_rally_af599548_n1bSBBMX (f6cdcdb7-9d6b-4ad6-b253-5b20314a09b2)
2019-07-03 08:25:35.296 22705 RALLYDEBUG rally_openstack.cleanup.manager [-] Deleting neutron.port object s_rally_af599548_A78ICxut (f6df6884-b2c3-4452-b660-cd217170019c)
2019-07-03 08:25:35.576 22705 RALLYDEBUG rally_openstack.cleanup.manager [-] Deleting neutron.port object s_rally_af599548_wVCXseJ7 (f6f706f4-e5f5-43d8-83b6-51df7bdde61c)
2019-07-03 08:25:35.643 22705 RALLYDEBUG rally_openstack.cleanup.manager [-] Deleting neutron.port object s_rally_af599548_NUUk27uf (f8106475-f83a-48b2-8313-da8ae62dcd0c)
2019-07-03 08:25:35.647 22705 RALLYDEBUG rally_openstack.cleanup.manager [-] Deleting neutron.port object s_rally_af599548_Jqz1Xbh0 (f8b29d09-0dcc-410a-a47b-ab45a117a790)
2019-07-03 08:25:35.840 22705 RALLYDEBUG rally_openstack.cleanup.manager [-] Deleting neutron.port object s_rally_af599548_gWG7wvgE (f8bcff12-3ba9-4db2-b4e4-519eadd6b742)
2019-07-03 08:25:35.841 22705 RALLYDEBUG rally_openstack.cleanup.manager [-] Deleting neutron.port object s_rally_af599548_IOihCXjA (f8fa2bc4-b4ea-481f-afa8-518fe081e415)
2019-07-03 08:25:35.946 22705 RALLYDEBUG rally_openstack.cleanup.manager [-] Deleting neutron.port object s_rally_af599548_Ib3UA4gD (f9bf3d0b-10c4-47ba-b9d8-117504fcd576)
2019-07-03 08:25:36.024 22705 RALLYDEBUG rally_openstack.cleanup.manager [-] Deleting neutron.port object s_rally_af599548_S2Zgar5V (fb2e73ce-b006-491b-9820-d3ce336b69ae)
2019-07-03 08:25:36.304 22705 RALLYDEBUG rally_openstack.cleanup.manager [-] Deleting neutron.port object s_rally_af599548_D95ym8tK (fc139fd4-f9e4-422c-8aa4-6538e0fa5b78)
2019-07-03 08:25:36.334 22705 RALLYDEBUG rally_openstack.cleanup.manager [-] Deleting neutron.port object s_rally_af599548_j7ugzXNQ (fd6fab45-241f-4578-9728-c9d8cd80641f)
2019-07-03 08:25:36.413 22705 RALLYDEBUG rally_openstack.cleanup.manager [-] Deleting neutron.port object s_rally_af599548_K0fKXYN0 (fe01ec50-a675-4c62-a831-306218d94a81)
2019-07-03 08:25:36.414 22705 RALLYDEBUG rally_openstack.cleanup.manager [-] Deleting neutron.port object s_rally_af599548_Dp0vwlab (fe107973-f456-4846-82ab-d79ecae16bec)
2019-07-03 08:25:36.451 22705 RALLYDEBUG rally_openstack.cleanup.manager [-] Deleting neutron.port object s_rally_af599548_Gj3b5WEb (fecfd242-b584-49b4-871c-b6aab972b295)
2019-07-03 08:25:36.739 22705 RALLYDEBUG rally_openstack.cleanup.manager [-] Deleting neutron.port object s_rally_af599548_jUe2Q6Dr (ff82a4fd-bfa9-48d3-aa8c-f6f62decca3a)
2019-07-03 08:25:38.973 22705 RALLYDEBUG rally_openstack.cleanup.manager [-] Cleaning up neutron subnet objects
2019-07-03 08:25:39.709 22705 RALLYDEBUG rally_openstack.cleanup.manager [-] Cleaning up neutron network objects
2019-07-03 08:25:40.489 22705 RALLYDEBUG rally_openstack.cleanup.manager [-] Deleting neutron.network object s_rally_af599548_BHh43DMW (06d7cfa1-8651-4ba5-bf14-94ba8c7619d3)
2019-07-03 08:25:40.490 22705 RALLYDEBUG rally_openstack.cleanup.manager [-] Deleting neutron.network object s_rally_af599548_PAklkIK5 (26d95c93-2fd6-49f4-bc12-b1115df1e272)
2019-07-03 08:25:40.494 22705 RALLYDEBUG rally_openstack.cleanup.manager [-] Deleting neutron.network object s_rally_af599548_bTVr1HiW (403f5b97-b1ed-4736-b40f-c4b5cf597d2e)
2019-07-03 08:25:40.502 22705 RALLYDEBUG rally_openstack.cleanup.manager [-] Deleting neutron.network object s_rally_af599548_TFR0FmrT (83c1a9dd-f204-4ed3-98e3-16d62dccc5a0)
2019-07-03 08:25:40.515 22705 RALLYDEBUG rally_openstack.cleanup.manager [-] Deleting neutron.network object s_rally_af599548_R99qynnQ (6699e722-c647-4560-8796-f82c445810c0)
2019-07-03 08:25:40.520 22705 RALLYDEBUG rally_openstack.cleanup.manager [-] Deleting neutron.network object s_rally_af599548_69r7hFbV (927e3c61-f4c1-49f5-bec8-e2e09847c0f0)
2019-07-03 08:25:40.524 22705 RALLYDEBUG rally_openstack.cleanup.manager [-] Deleting neutron.network object s_rally_af599548_SkMXTxme (984d7d4d-6e2d-4156-aba3-fe7bf9522c8f)
2019-07-03 08:25:40.531 22705 RALLYDEBUG rally_openstack.cleanup.manager [-] Deleting neutron.network object s_rally_af599548_eE1dmqqK (df3d996f-bc1c-4118-b80d-c360912a114d)
2019-07-03 08:25:43.310 22705 RALLYDEBUG rally_openstack.cleanup.manager [-] Cleaning up neutron router objects
2019-07-03 08:25:44.343 22705 RALLYDEBUG rally_openstack.cleanup.manager [-] Cleaning up neutron security_group objects
2019-07-03 08:25:45.024 22705 INFO rally.task.context [-] Task 841c42aa-dce7-45c5-8485-2af0b51bcce0 | Context cleanup@openstack cleanup() finished in 1.03 min
2019-07-03 08:25:45.024 22705 INFO rally.task.context [-] Task 841c42aa-dce7-45c5-8485-2af0b51bcce0 | Context quotas@openstack cleanup() started
2019-07-03 08:25:45.360 22705 INFO rally.task.context [-] Task 841c42aa-dce7-45c5-8485-2af0b51bcce0 | Context quotas@openstack cleanup() finished in 0.34 sec
2019-07-03 08:25:45.360 22705 INFO rally.task.context [-] Task 841c42aa-dce7-45c5-8485-2af0b51bcce0 | Context users@openstack cleanup() started
2019-07-03 08:25:50.676 22705 INFO rally.task.context [-] Task 841c42aa-dce7-45c5-8485-2af0b51bcce0 | Context users@openstack cleanup() finished in 5.32 sec
2019-07-03 08:25:52.482 22705 INFO rally.task.engine [-] Load duration is: 93.816569
2019-07-03 08:25:52.483 22705 INFO rally.task.engine [-] Full runner duration is: 93.863589
2019-07-03 08:25:52.483 22705 INFO rally.task.engine [-] Full duration is: 166.860422
2019-07-03 08:25:52.727 22705 INFO rally.task.engine [-] Running workload: position = 1 config = { "version": 2, "title": "A cropped version of a bigger task.", "description": "Auto-generated task from a single workload (uuid=2684ae64-c8b2-4982-91c2-3463c039f1a6)", "subtasks": [ { "title": "NeutronNetworks.create_and_update_ports", "description": "Create and update a given number of ports.", "scenario": { "NeutronNetworks.create_and_update_ports": { "network_create_args": {}, "port_create_args": {}, "ports_per_network": 5, "port_update_args": { "admin_state_up": false, "device_id": "dummy_id", "device_owner": "dummy_owner", "name": "_port_updated" } } }, "contexts": { "users": { "tenants": 1, "users_per_tenant": 1 }, "quotas": { "neutron": { "network": -1, "port": -1 } } }, "runner": { "constant": { "times": 40, "concurrency": 20 } }, "hooks": [], "sla": { "failure_rate": { "max": 0 } } } ] }
2019-07-03 08:25:52.750 22705 RALLYDEBUG rally_openstack.contexts.keystone.users [-] Creating 1 tenants using 20 threads
2019-07-03 08:25:54.718 22705 RALLYDEBUG rally_openstack.contexts.keystone.users [-] Creating 1 users using 20 threads
2019-07-03 08:25:57.379 22705 INFO rally.task.context [-] Task 841c42aa-dce7-45c5-8485-2af0b51bcce0 | Context users@openstack setup() finished in 4.63 sec
2019-07-03 08:25:58.192 22705 INFO rally.task.context [-] Task 841c42aa-dce7-45c5-8485-2af0b51bcce0 | Context quotas@openstack setup() finished in 0.81 sec
2019-07-03 08:25:58.193 22705 INFO rally.task.context [-] Task 841c42aa-dce7-45c5-8485-2af0b51bcce0 | Context cleanup@openstack setup() finished in 0.00 msec
2019-07-03 08:25:58.200 22705 RALLYDEBUG rally.task.runner [-] Starting the constant runner (task UUID: 841c42aa-dce7-45c5-8485-2af0b51bcce0). timeout: 0 concurrency: 20 concurrency_per_worker: 1 times: 40 concurrency_overhead: 4 processes_to_start: 16 max_cpu_used: 16
2019-07-03 08:25:58.212 26581 RALLYDEBUG rally.task.runner [-] Starting a worker. concurrency: 2 args: {"network_create_args": {}, "port_create_args": {}, "ports_per_network": 5, "port_update_args": {"admin_state_up": false, "device_id": "dummy_id", "device_owner": "dummy_owner", "name": "_port_updated"}} times: 40 method_name: run timeout: 0 duration: None cls:
2019-07-03 08:25:58.215 26582 RALLYDEBUG rally.task.runner [-] Starting a worker. concurrency: 2 args: {"network_create_args": {}, "port_create_args": {}, "ports_per_network": 5, "port_update_args": {"admin_state_up": false, "device_id": "dummy_id", "device_owner": "dummy_owner", "name": "_port_updated"}} times: 40 method_name: run timeout: 0 duration: None cls:
2019-07-03 08:25:58.217 26583 RALLYDEBUG rally.task.runner [-] Starting a worker. concurrency: 2 args: {"network_create_args": {}, "port_create_args": {}, "ports_per_network": 5, "port_update_args": {"admin_state_up": false, "device_id": "dummy_id", "device_owner": "dummy_owner", "name": "_port_updated"}} times: 40 method_name: run timeout: 0 duration: None cls:
2019-07-03 08:25:58.217 26584 RALLYDEBUG rally.task.runner [-] Starting a worker. concurrency: 2 args: {"network_create_args": {}, "port_create_args": {}, "ports_per_network": 5, "port_update_args": {"admin_state_up": false, "device_id": "dummy_id", "device_owner": "dummy_owner", "name": "_port_updated"}} times: 40 method_name: run timeout: 0 duration: None cls:
2019-07-03 08:25:58.220 26581 INFO rally.task.runner [-] Task 841c42aa-dce7-45c5-8485-2af0b51bcce0 | ITER: 1 START
2019-07-03 08:25:58.221 26581 WARNING rally_openstack.scenarios.neutron.utils [-] Running this scenario without either the 'network' or 'existing_network' context is deprecated
2019-07-03 08:25:58.221 26587 RALLYDEBUG rally.task.runner [-] Starting a worker. concurrency: 1 args: {"network_create_args": {}, "port_create_args": {}, "ports_per_network": 5, "port_update_args": {"admin_state_up": false, "device_id": "dummy_id", "device_owner": "dummy_owner", "name": "_port_updated"}} times: 40 method_name: run timeout: 0 duration: None cls:
2019-07-03 08:25:58.222 26582 INFO rally.task.runner [-] Task 841c42aa-dce7-45c5-8485-2af0b51bcce0 | ITER: 2 START
2019-07-03 08:25:58.224 26587 INFO rally.task.runner [-] Task 841c42aa-dce7-45c5-8485-2af0b51bcce0 | ITER: 9 START
2019-07-03 08:25:58.225 26584 INFO rally.task.runner [-] Task 841c42aa-dce7-45c5-8485-2af0b51bcce0 | ITER: 5 START
2019-07-03 08:25:58.224 26582 WARNING rally_openstack.scenarios.neutron.utils [-] Running this scenario without either the 'network' or 'existing_network' context is deprecated
2019-07-03 08:25:58.225 26587 WARNING rally_openstack.scenarios.neutron.utils [-] Running this scenario without either the 'network' or 'existing_network' context is deprecated
2019-07-03 08:25:58.225 26592 RALLYDEBUG rally.task.runner [-] Starting a worker. concurrency: 1 args: {"network_create_args": {}, "port_create_args": {}, "ports_per_network": 5, "port_update_args": {"admin_state_up": false, "device_id": "dummy_id", "device_owner": "dummy_owner", "name": "_port_updated"}} times: 40 method_name: run timeout: 0 duration: None cls:
2019-07-03 08:25:58.225 26583 INFO rally.task.runner [-] Task 841c42aa-dce7-45c5-8485-2af0b51bcce0 | ITER: 4 START
2019-07-03 08:25:58.226 26584 WARNING rally_openstack.scenarios.neutron.utils [-] Running this scenario without either the 'network' or 'existing_network' context is deprecated
2019-07-03 08:25:58.226 26581 INFO rally.task.runner [-] Task 841c42aa-dce7-45c5-8485-2af0b51bcce0 | ITER: 3 START
2019-07-03 08:25:58.227 26581 WARNING rally_openstack.scenarios.neutron.utils [-] Running this scenario without either the 'network' or 'existing_network' context is deprecated
2019-07-03 08:25:58.226 26583 INFO rally.task.runner [-] Task 841c42aa-dce7-45c5-8485-2af0b51bcce0 | ITER: 8 START
2019-07-03 08:25:58.227 26583 WARNING rally_openstack.scenarios.neutron.utils [-] Running this scenario without either the 'network' or 'existing_network' context is deprecated
2019-07-03 08:25:58.228 26583 WARNING rally_openstack.scenarios.neutron.utils [-] Running this scenario without either the 'network' or 'existing_network' context is deprecated
2019-07-03 08:25:58.230 26592 INFO rally.task.runner [-] Task 841c42aa-dce7-45c5-8485-2af0b51bcce0 | ITER: 10 START
2019-07-03 08:25:58.232 26592 WARNING rally_openstack.scenarios.neutron.utils [-] Running this scenario without either the 'network' or 'existing_network' context is deprecated
2019-07-03 08:25:58.232 26584 INFO rally.task.runner [-] Task 841c42aa-dce7-45c5-8485-2af0b51bcce0 | ITER: 7 START
2019-07-03 08:25:58.232 26600 RALLYDEBUG rally.task.runner [-] Starting a worker. concurrency: 1 args: {"network_create_args": {}, "port_create_args": {}, "ports_per_network": 5, "port_update_args": {"admin_state_up": false, "device_id": "dummy_id", "device_owner": "dummy_owner", "name": "_port_updated"}} times: 40 method_name: run timeout: 0 duration: None cls:
2019-07-03 08:25:58.233 26584 WARNING rally_openstack.scenarios.neutron.utils [-] Running this scenario without either the 'network' or 'existing_network' context is deprecated
2019-07-03 08:25:58.237 26603 RALLYDEBUG rally.task.runner [-] Starting a worker. concurrency: 1 args: {"network_create_args": {}, "port_create_args": {}, "ports_per_network": 5, "port_update_args": {"admin_state_up": false, "device_id": "dummy_id", "device_owner": "dummy_owner", "name": "_port_updated"}} times: 40 method_name: run timeout: 0 duration: None cls:
2019-07-03 08:25:58.237 26582 INFO rally.task.runner [-] Task 841c42aa-dce7-45c5-8485-2af0b51bcce0 | ITER: 6 START
2019-07-03 08:25:58.238 26582 WARNING rally_openstack.scenarios.neutron.utils [-] Running this scenario without either the 'network' or 'existing_network' context is deprecated
2019-07-03 08:25:58.242 26600 INFO rally.task.runner [-] Task 841c42aa-dce7-45c5-8485-2af0b51bcce0 | ITER: 11 START
2019-07-03 08:25:58.243 26600 WARNING rally_openstack.scenarios.neutron.utils [-] Running this scenario without either the 'network' or 'existing_network' context is deprecated
2019-07-03 08:25:58.243 26603 INFO rally.task.runner [-] Task 841c42aa-dce7-45c5-8485-2af0b51bcce0 | ITER: 12 START
2019-07-03 08:25:58.245 26603 WARNING rally_openstack.scenarios.neutron.utils [-] Running this scenario without either the 'network' or 'existing_network' context is deprecated
2019-07-03 08:25:58.246 26606 RALLYDEBUG rally.task.runner [-] Starting a worker. concurrency: 1 args: {"network_create_args": {}, "port_create_args": {}, "ports_per_network": 5, "port_update_args": {"admin_state_up": false, "device_id": "dummy_id", "device_owner": "dummy_owner", "name": "_port_updated"}} times: 40 method_name: run timeout: 0 duration: None cls:
2019-07-03 08:25:58.252 26606 INFO rally.task.runner [-] Task 841c42aa-dce7-45c5-8485-2af0b51bcce0 | ITER: 13 START
2019-07-03 08:25:58.254 26606 WARNING rally_openstack.scenarios.neutron.utils [-] Running this scenario without either the 'network' or 'existing_network' context is deprecated
2019-07-03 08:25:58.258 26610 RALLYDEBUG rally.task.runner [-] Starting a worker. concurrency: 1 args: {"network_create_args": {}, "port_create_args": {}, "ports_per_network": 5, "port_update_args": {"admin_state_up": false, "device_id": "dummy_id", "device_owner": "dummy_owner", "name": "_port_updated"}} times: 40 method_name: run timeout: 0 duration: None cls:
2019-07-03 08:25:58.264 26610 INFO rally.task.runner [-] Task 841c42aa-dce7-45c5-8485-2af0b51bcce0 | ITER: 14 START
2019-07-03 08:25:58.265 26610 WARNING rally_openstack.scenarios.neutron.utils [-] Running this scenario without either the 'network' or 'existing_network' context is deprecated
2019-07-03 08:25:58.271 26615 RALLYDEBUG rally.task.runner [-] Starting a worker. concurrency: 1 args: {"network_create_args": {}, "port_create_args": {}, "ports_per_network": 5, "port_update_args": {"admin_state_up": false, "device_id": "dummy_id", "device_owner": "dummy_owner", "name": "_port_updated"}} times: 40 method_name: run timeout: 0 duration: None cls:
2019-07-03 08:25:58.275 26615 INFO rally.task.runner [-] Task 841c42aa-dce7-45c5-8485-2af0b51bcce0 | ITER: 15 START
2019-07-03 08:25:58.277 26615 WARNING rally_openstack.scenarios.neutron.utils [-] Running this scenario without either the 'network' or 'existing_network' context is deprecated
2019-07-03 08:25:58.276 26616 RALLYDEBUG rally.task.runner [-] Starting a worker. concurrency: 1 args: {"network_create_args": {}, "port_create_args": {}, "ports_per_network": 5, "port_update_args": {"admin_state_up": false, "device_id": "dummy_id", "device_owner": "dummy_owner", "name": "_port_updated"}} times: 40 method_name: run timeout: 0 duration: None cls:
2019-07-03 08:25:58.280 26616 INFO rally.task.runner [-] Task 841c42aa-dce7-45c5-8485-2af0b51bcce0 | ITER: 16 START
2019-07-03 08:25:58.280 26617 RALLYDEBUG rally.task.runner [-] Starting a worker. concurrency: 1 args: {"network_create_args": {}, "port_create_args": {}, "ports_per_network": 5, "port_update_args": {"admin_state_up": false, "device_id": "dummy_id", "device_owner": "dummy_owner", "name": "_port_updated"}} times: 40 method_name: run timeout: 0 duration: None cls:
2019-07-03 08:25:58.281 26616 WARNING rally_openstack.scenarios.neutron.utils [-] Running this scenario without either the 'network' or 'existing_network' context is deprecated
2019-07-03 08:25:58.286 26617 INFO rally.task.runner [-] Task 841c42aa-dce7-45c5-8485-2af0b51bcce0 | ITER: 17 START
2019-07-03 08:25:58.287 26617 WARNING rally_openstack.scenarios.neutron.utils [-] Running this scenario without either the 'network' or 'existing_network' context is deprecated
2019-07-03 08:25:58.288 26622 RALLYDEBUG rally.task.runner [-] Starting a worker. concurrency: 1 args: {"network_create_args": {}, "port_create_args": {}, "ports_per_network": 5, "port_update_args": {"admin_state_up": false, "device_id": "dummy_id", "device_owner": "dummy_owner", "name": "_port_updated"}} times: 40 method_name: run timeout: 0 duration: None cls:
2019-07-03 08:25:58.291 26622 INFO rally.task.runner [-] Task 841c42aa-dce7-45c5-8485-2af0b51bcce0 | ITER: 18 START
2019-07-03 08:25:58.292 26622 WARNING rally_openstack.scenarios.neutron.utils [-] Running this scenario without either the 'network' or 'existing_network' context is deprecated
2019-07-03 08:25:58.294 26626 RALLYDEBUG rally.task.runner [-] Starting a worker. concurrency: 1 args: {"network_create_args": {}, "port_create_args": {}, "ports_per_network": 5, "port_update_args": {"admin_state_up": false, "device_id": "dummy_id", "device_owner": "dummy_owner", "name": "_port_updated"}} times: 40 method_name: run timeout: 0 duration: None cls:
2019-07-03 08:25:58.297 26626 INFO rally.task.runner [-] Task 841c42aa-dce7-45c5-8485-2af0b51bcce0 | ITER: 19 START
2019-07-03 08:25:58.298 26626 WARNING rally_openstack.scenarios.neutron.utils [-] Running this scenario without either the 'network' or 'existing_network' context is deprecated
2019-07-03 08:25:58.302 26630 RALLYDEBUG rally.task.runner [-] Starting a worker. concurrency: 1 args: {"network_create_args": {}, "port_create_args": {}, "ports_per_network": 5, "port_update_args": {"admin_state_up": false, "device_id": "dummy_id", "device_owner": "dummy_owner", "name": "_port_updated"}} times: 40 method_name: run timeout: 0 duration: None cls:
2019-07-03 08:25:58.306 26630 INFO rally.task.runner [-] Task 841c42aa-dce7-45c5-8485-2af0b51bcce0 | ITER: 20 START
2019-07-03 08:25:58.307 26630 WARNING rally_openstack.scenarios.neutron.utils [-] Running this scenario without either the 'network' or 'existing_network' context is deprecated
2019-07-03 08:26:11.631 26600 INFO rally.task.runner [-] Task 841c42aa-dce7-45c5-8485-2af0b51bcce0 | ITER: 11 END: OK
2019-07-03 08:26:11.636 26600 INFO rally.task.runner [-] Task 841c42aa-dce7-45c5-8485-2af0b51bcce0 | ITER: 21 START
2019-07-03 08:26:11.636 26600 WARNING rally_openstack.scenarios.neutron.utils [-] Running this scenario without either the 'network' or 'existing_network' context is deprecated
2019-07-03 08:26:11.694 26592 INFO rally.task.runner [-] Task 841c42aa-dce7-45c5-8485-2af0b51bcce0 | ITER: 10 END: OK
2019-07-03 08:26:11.698 26592 INFO rally.task.runner [-] Task 841c42aa-dce7-45c5-8485-2af0b51bcce0 | ITER: 22 START
2019-07-03 08:26:11.698 26592 WARNING rally_openstack.scenarios.neutron.utils [-] Running this scenario without either the 'network' or 'existing_network' context is deprecated
2019-07-03 08:26:12.125 26617 INFO rally.task.runner [-] Task 841c42aa-dce7-45c5-8485-2af0b51bcce0 | ITER: 17 END: OK
2019-07-03 08:26:12.130 26617 INFO rally.task.runner [-] Task 841c42aa-dce7-45c5-8485-2af0b51bcce0 | ITER: 23 START
2019-07-03 08:26:12.130 26617 WARNING rally_openstack.scenarios.neutron.utils [-] Running this scenario without either the 'network' or 'existing_network' context is deprecated
2019-07-03 08:26:13.300 26626 INFO rally.task.runner [-] Task 841c42aa-dce7-45c5-8485-2af0b51bcce0 | ITER: 19 END: OK
2019-07-03 08:26:13.305 26626 INFO rally.task.runner [-] Task 841c42aa-dce7-45c5-8485-2af0b51bcce0 | ITER: 24 START
2019-07-03 08:26:13.306 26626 WARNING rally_openstack.scenarios.neutron.utils [-] Running this scenario without either the 'network' or 'existing_network' context is deprecated
2019-07-03 08:26:13.600 26584 INFO rally.task.runner [-] Task 841c42aa-dce7-45c5-8485-2af0b51bcce0 | ITER: 7 END: OK
2019-07-03 08:26:13.605 26584 INFO rally.task.runner [-] Task 841c42aa-dce7-45c5-8485-2af0b51bcce0 | ITER: 25 START
2019-07-03 08:26:13.605 26584 WARNING rally_openstack.scenarios.neutron.utils [-] Running this scenario without either the 'network' or 'existing_network' context is deprecated
2019-07-03 08:26:14.079 26583 INFO rally.task.runner [-] Task 841c42aa-dce7-45c5-8485-2af0b51bcce0 | ITER: 4 END: OK
2019-07-03 08:26:14.084 26583 INFO rally.task.runner [-] Task 841c42aa-dce7-45c5-8485-2af0b51bcce0 | ITER: 26 START
2019-07-03 08:26:14.085 26583 WARNING rally_openstack.scenarios.neutron.utils [-] Running this scenario without either the 'network' or 'existing_network' context is deprecated
2019-07-03 08:26:14.170 26616 INFO rally.task.runner [-] Task 841c42aa-dce7-45c5-8485-2af0b51bcce0 | ITER: 16 END: OK
2019-07-03 08:26:14.175 26616 INFO rally.task.runner [-] Task 841c42aa-dce7-45c5-8485-2af0b51bcce0 | ITER: 27 START
2019-07-03 08:26:14.175 26616 WARNING rally_openstack.scenarios.neutron.utils [-] Running this scenario without either the 'network' or 'existing_network' context is deprecated
2019-07-03 08:26:14.186 26610 INFO rally.task.runner [-] Task 841c42aa-dce7-45c5-8485-2af0b51bcce0 | ITER: 14 END: OK
2019-07-03 08:26:14.191 26610 INFO rally.task.runner [-] Task 841c42aa-dce7-45c5-8485-2af0b51bcce0 | ITER: 28 START
2019-07-03 08:26:14.192 26610 WARNING rally_openstack.scenarios.neutron.utils [-] Running this scenario without either the 'network' or 'existing_network' context is deprecated
2019-07-03 08:26:14.265 26630 INFO rally.task.runner [-] Task 841c42aa-dce7-45c5-8485-2af0b51bcce0 | ITER: 20 END: OK
2019-07-03 08:26:14.270 26630 INFO rally.task.runner [-] Task 841c42aa-dce7-45c5-8485-2af0b51bcce0 | ITER: 29 START
2019-07-03 08:26:14.270 26630 WARNING rally_openstack.scenarios.neutron.utils [-] Running this scenario without either the 'network' or 'existing_network' context is deprecated
2019-07-03 08:26:14.322 26581 INFO rally.task.runner [-] Task 841c42aa-dce7-45c5-8485-2af0b51bcce0 | ITER: 3 END: OK
2019-07-03 08:26:14.327 26581 INFO rally.task.runner [-] Task 841c42aa-dce7-45c5-8485-2af0b51bcce0 | ITER: 30 START
2019-07-03 08:26:14.328 26581 WARNING rally_openstack.scenarios.neutron.utils [-] Running this scenario without either the 'network' or 'existing_network' context is deprecated
2019-07-03 08:26:14.351 26606 INFO rally.task.runner [-] Task 841c42aa-dce7-45c5-8485-2af0b51bcce0 | ITER: 13 END: OK
2019-07-03 08:26:14.355 26606 INFO rally.task.runner [-] Task 841c42aa-dce7-45c5-8485-2af0b51bcce0 | ITER: 31 START
2019-07-03 08:26:14.356 26606 WARNING rally_openstack.scenarios.neutron.utils [-] Running this scenario without either the 'network' or 'existing_network' context is deprecated
2019-07-03 08:26:14.400 26615 INFO rally.task.runner [-] Task 841c42aa-dce7-45c5-8485-2af0b51bcce0 | ITER: 15 END: OK
2019-07-03 08:26:14.404 26615 INFO rally.task.runner [-] Task 841c42aa-dce7-45c5-8485-2af0b51bcce0 | ITER: 32 START
2019-07-03 08:26:14.405 26615 WARNING rally_openstack.scenarios.neutron.utils [-] Running this scenario without either the 'network' or 'existing_network' context is deprecated
2019-07-03 08:26:14.510 26584 INFO rally.task.runner [-] Task 841c42aa-dce7-45c5-8485-2af0b51bcce0 | ITER: 5 END: OK
2019-07-03 08:26:14.514 26584 INFO rally.task.runner [-] Task 841c42aa-dce7-45c5-8485-2af0b51bcce0 | ITER: 33 START
2019-07-03 08:26:14.514 26581 INFO rally.task.runner [-] Task 841c42aa-dce7-45c5-8485-2af0b51bcce0 | ITER: 1 END: OK
2019-07-03 08:26:14.514 26584 WARNING rally_openstack.scenarios.neutron.utils [-] Running this scenario without either the 'network' or 'existing_network' context is deprecated
2019-07-03 08:26:14.519 26581 INFO rally.task.runner [-] Task 841c42aa-dce7-45c5-8485-2af0b51bcce0 | ITER: 34 START
2019-07-03 08:26:14.520 26581 WARNING rally_openstack.scenarios.neutron.utils [-] Running this scenario without either the 'network' or 'existing_network' context is deprecated
2019-07-03 08:26:14.607 26583 INFO rally.task.runner [-] Task 841c42aa-dce7-45c5-8485-2af0b51bcce0 | ITER: 8 END: OK
2019-07-03 08:26:14.612 26583 INFO rally.task.runner [-] Task 841c42aa-dce7-45c5-8485-2af0b51bcce0 | ITER: 35 START
2019-07-03 08:26:14.613 26583 WARNING rally_openstack.scenarios.neutron.utils [-] Running this scenario without either the 'network' or 'existing_network' context is deprecated
2019-07-03 08:26:14.742 26622 INFO rally.task.runner [-] Task 841c42aa-dce7-45c5-8485-2af0b51bcce0 | ITER: 18 END: OK
2019-07-03 08:26:14.747 26622 INFO rally.task.runner [-] Task 841c42aa-dce7-45c5-8485-2af0b51bcce0 | ITER: 36 START
2019-07-03 08:26:14.747 26622 WARNING rally_openstack.scenarios.neutron.utils [-] Running this scenario without either the 'network' or 'existing_network' context is deprecated
2019-07-03 08:26:14.786 26587 INFO rally.task.runner [-] Task 841c42aa-dce7-45c5-8485-2af0b51bcce0 | ITER: 9 END: OK
2019-07-03 08:26:14.791 26587 INFO rally.task.runner [-] Task 841c42aa-dce7-45c5-8485-2af0b51bcce0 | ITER: 37 START
2019-07-03 08:26:14.791 26587 WARNING rally_openstack.scenarios.neutron.utils [-] Running this scenario without either the 'network' or 'existing_network' context is deprecated
2019-07-03 08:26:14.840 26582 INFO rally.task.runner [-] Task 841c42aa-dce7-45c5-8485-2af0b51bcce0 | ITER: 6 END: OK
2019-07-03 08:26:14.844 26582 INFO rally.task.runner [-] Task 841c42aa-dce7-45c5-8485-2af0b51bcce0 | ITER: 38 START
2019-07-03 08:26:14.845 26582 WARNING rally_openstack.scenarios.neutron.utils [-] Running this scenario without either the 'network' or 'existing_network' context is deprecated
2019-07-03 08:26:15.494 26603 INFO rally.task.runner [-] Task 841c42aa-dce7-45c5-8485-2af0b51bcce0 | ITER: 12 END: OK
2019-07-03 08:26:15.499 26603 INFO rally.task.runner [-] Task 841c42aa-dce7-45c5-8485-2af0b51bcce0 | ITER: 39 START
2019-07-03 08:26:15.500 26603 WARNING rally_openstack.scenarios.neutron.utils [-] Running this scenario without either the 'network' or 'existing_network' context is deprecated
2019-07-03 08:26:16.025 26582 INFO rally.task.runner [-] Task 841c42aa-dce7-45c5-8485-2af0b51bcce0 | ITER: 2 END: OK
2019-07-03 08:26:16.029 26582 INFO rally.task.runner [-] Task 841c42aa-dce7-45c5-8485-2af0b51bcce0 | ITER: 40 START
2019-07-03 08:26:16.030 26582 WARNING rally_openstack.scenarios.neutron.utils [-] Running this scenario without either the 'network' or 'existing_network' context is deprecated
2019-07-03 08:26:24.150 26592 INFO rally.task.runner [-] Task 841c42aa-dce7-45c5-8485-2af0b51bcce0 | ITER: 22 END: OK
2019-07-03 08:26:24.891 26600 INFO rally.task.runner [-] Task 841c42aa-dce7-45c5-8485-2af0b51bcce0 | ITER: 21 END: OK
2019-07-03 08:26:25.923 26610 INFO rally.task.runner [-] Task 841c42aa-dce7-45c5-8485-2af0b51bcce0 | ITER: 28 END: OK
2019-07-03 08:26:26.530 26617 INFO rally.task.runner [-] Task 841c42aa-dce7-45c5-8485-2af0b51bcce0 | ITER: 23 END: OK
2019-07-03 08:26:26.600 26626 INFO rally.task.runner [-] Task 841c42aa-dce7-45c5-8485-2af0b51bcce0 | ITER: 24 END: OK
2019-07-03 08:26:27.080 26583 INFO rally.task.runner [-] Task 841c42aa-dce7-45c5-8485-2af0b51bcce0 | ITER: 26 END: OK
2019-07-03 08:26:27.800 26615 INFO rally.task.runner [-] Task 841c42aa-dce7-45c5-8485-2af0b51bcce0 | ITER: 32 END: OK
2019-07-03 08:26:28.190 26616 INFO rally.task.runner [-] Task 841c42aa-dce7-45c5-8485-2af0b51bcce0 | ITER: 27 END: OK
2019-07-03 08:26:28.196 26583 INFO rally.task.runner [-] Task 841c42aa-dce7-45c5-8485-2af0b51bcce0 | ITER: 35 END: OK
2019-07-03 08:26:28.351 26603 INFO rally.task.runner [-] Task 841c42aa-dce7-45c5-8485-2af0b51bcce0 | ITER: 39 END: OK
2019-07-03 08:26:28.633 26606 INFO rally.task.runner [-] Task 841c42aa-dce7-45c5-8485-2af0b51bcce0 | ITER: 31 END: OK
2019-07-03 08:26:28.747 26587 INFO rally.task.runner [-] Task 841c42aa-dce7-45c5-8485-2af0b51bcce0 | ITER: 37 END: OK
2019-07-03 08:26:28.978 26582 INFO rally.task.runner [-] Task 841c42aa-dce7-45c5-8485-2af0b51bcce0 | ITER: 40 END: OK
2019-07-03 08:26:29.029 26584 INFO rally.task.runner [-] Task 841c42aa-dce7-45c5-8485-2af0b51bcce0 | ITER: 25 END: OK
2019-07-03 08:26:29.040 26581 INFO rally.task.runner [-] Task 841c42aa-dce7-45c5-8485-2af0b51bcce0 | ITER: 34 END: OK
2019-07-03 08:26:29.232 26582 INFO rally.task.runner [-] Task 841c42aa-dce7-45c5-8485-2af0b51bcce0 | ITER: 38 END: OK
2019-07-03 08:26:29.251 26581 INFO rally.task.runner [-] Task 841c42aa-dce7-45c5-8485-2af0b51bcce0 | ITER: 30 END: OK
2019-07-03 08:26:29.786 26630 INFO rally.task.runner [-] Task 841c42aa-dce7-45c5-8485-2af0b51bcce0 | ITER: 29 END: OK
2019-07-03 08:26:30.500 26622 INFO rally.task.runner [-] Task 841c42aa-dce7-45c5-8485-2af0b51bcce0 | ITER: 36 END: OK
2019-07-03 08:26:31.028 26584 INFO rally.task.runner [-] Task 841c42aa-dce7-45c5-8485-2af0b51bcce0 | ITER: 33 END: OK
2019-07-03 08:26:31.049 22705 INFO rally.task.context [-] Task 841c42aa-dce7-45c5-8485-2af0b51bcce0 | Context cleanup@openstack cleanup() started
2019-07-03 08:26:31.051 22705 RALLYDEBUG rally_openstack.cleanup.manager [-] Cleaning up neutron vip objects
2019-07-03 08:26:31.699 22705 RALLYDEBUG rally_openstack.cleanup.manager [-] Cleaning up neutron health_monitor objects
2019-07-03 08:26:32.452 22705 RALLYDEBUG rally_openstack.cleanup.manager [-] Cleaning up neutron pool objects
2019-07-03 08:26:33.204 22705 RALLYDEBUG rally_openstack.cleanup.manager [-] Cleaning up neutron loadbalancer objects
2019-07-03 08:26:33.935 22705 RALLYDEBUG rally_openstack.cleanup.manager [-] Cleaning up neutron floatingip objects
2019-07-03 08:26:34.703 22705 RALLYDEBUG rally_openstack.cleanup.manager [-] Cleaning up neutron port objects
2019-07-03 08:26:35.937 22705 RALLYDEBUG rally_openstack.cleanup.manager [-] Deleting neutron.port object s_rally_2684ae64_70atNZn1 (10af17b3-e795-4ac5-86fd-2c9da5988bb4)
2019-07-03 08:26:35.938 22705 RALLYDEBUG rally_openstack.cleanup.manager [-] Deleting neutron.port object s_rally_2684ae64_wdryd7YI (05dc5cba-42ce-4a35-ace5-7b6f6c306031)
2019-07-03 08:26:35.941 22705 RALLYDEBUG rally_openstack.cleanup.manager [-] Deleting neutron.port object s_rally_2684ae64_HTKOvfy0 (0940f886-0d31-4110-826e-5ec1ece2565e)
2019-07-03 08:26:35.943 22705 RALLYDEBUG rally_openstack.cleanup.manager [-] Deleting neutron.port object s_rally_2684ae64_sNIHZSoQ (12e87f5b-28d4-4251-85bc-25beb5f30dbd)
2019-07-03 08:26:35.945 22705 RALLYDEBUG rally_openstack.cleanup.manager [-] Deleting neutron.port object s_rally_2684ae64_4YtgkLqX (09831b43-0143-4277-bafe-a9b946084be5)
2019-07-03 08:26:35.945 22705 RALLYDEBUG rally_openstack.cleanup.manager [-] Deleting neutron.port object s_rally_2684ae64_2R4hRFmh (03be8c77-332c-4a1c-a932-c0d4a5b1b592)
2019-07-03 08:26:35.948 22705 RALLYDEBUG rally_openstack.cleanup.manager [-] Deleting neutron.port object s_rally_2684ae64_4stXKPrJ (05fd8ce6-d48d-4fa4-a15e-d9e68e08a71a)
2019-07-03 08:26:35.951 22705 RALLYDEBUG rally_openstack.cleanup.manager [-] Deleting neutron.port object s_rally_2684ae64_DetITJVo (11aff9ac-c08f-4a22-a33b-27ea8229a0b0)
2019-07-03 08:26:35.960 22705 RALLYDEBUG rally_openstack.cleanup.manager [-] Deleting neutron.port object s_rally_2684ae64_JRJ2oGuT (12e92f36-0ed1-469b-8b40-22f6b8d44bed)
2019-07-03 08:26:35.963 22705 RALLYDEBUG rally_openstack.cleanup.manager [-] Deleting neutron.port object s_rally_2684ae64_xPWLqlW6 (121101a6-aeee-4413-859f-64b8514a98d4)
2019-07-03 08:26:35.964 22705 RALLYDEBUG rally_openstack.cleanup.manager [-] Deleting neutron.port object s_rally_2684ae64_M71mxfl8 (072f55d1-1ed7-491d-ab13-fb4e60ef1934)
2019-07-03 08:26:35.971 22705 RALLYDEBUG rally_openstack.cleanup.manager [-] Deleting neutron.port object s_rally_2684ae64_mWVcNQJO (178056da-1d1e-4554-afe2-c90b2f929e7c)
2019-07-03 08:26:35.972 22705 RALLYDEBUG rally_openstack.cleanup.manager [-] Deleting neutron.port object s_rally_2684ae64_nNdj9Ovm (13a5a45a-90a4-4aba-a6e7-caccdf520cc2)
2019-07-03 08:26:35.975 22705 RALLYDEBUG rally_openstack.cleanup.manager [-] Deleting neutron.port object s_rally_2684ae64_GsndJcZY (15c7b0b9-6152-412d-846a-8c6d002d1869)
2019-07-03 08:26:35.984 22705 RALLYDEBUG rally_openstack.cleanup.manager [-] Deleting neutron.port object s_rally_2684ae64_sdHD1Pqk (17d647e9-9468-41d4-ae06-50a66ceb1c5b)
2019-07-03 08:26:35.994 22705 RALLYDEBUG rally_openstack.cleanup.manager [-] Deleting neutron.port object s_rally_2684ae64_BdTbR0Ov (07d22639-bf29-430b-9454-66c1fbd5a535)
2019-07-03 08:26:36.002 22705 RALLYDEBUG rally_openstack.cleanup.manager [-] Deleting neutron.port object s_rally_2684ae64_wag70teq (18466d30-cecf-4408-819e-f4b414683edd)
2019-07-03 08:26:36.016 22705 RALLYDEBUG rally_openstack.cleanup.manager [-] Deleting neutron.port object s_rally_2684ae64_HOHu9yJr (18df6d37-9249-45d4-9d71-de475daae01c)
2019-07-03 08:26:36.036 22705 RALLYDEBUG rally_openstack.cleanup.manager [-] Deleting neutron.port object s_rally_2684ae64_18Op3KKM (18ecbc31-8cef-4beb-a57b-b6556ed4f2de)
2019-07-03 08:26:36.067 22705 RALLYDEBUG rally_openstack.cleanup.manager [-] Deleting neutron.port object s_rally_2684ae64_RQV1VdSl (1e6feac7-d56f-4d4f-b00b-93013dcf2485)
2019-07-03 08:26:38.477 22705 RALLYDEBUG rally_openstack.cleanup.manager [-] Deleting neutron.port object s_rally_2684ae64_61vlyTcx (203609e8-09ab-40a2-99ed-8dcadae5082e)
2019-07-03 08:26:38.554 22705 RALLYDEBUG rally_openstack.cleanup.manager [-] Deleting neutron.port object s_rally_2684ae64_xqnmbD2Z (23ffd7b7-ac4b-4755-ab3b-7500df71a6f1)
2019-07-03 08:26:38.643 22705 RALLYDEBUG rally_openstack.cleanup.manager [-] Deleting neutron.port object s_rally_2684ae64_9mgnZRlR (244cf0dd-568d-4450-a4cf-edd2c3854668)
2019-07-03 08:26:38.670 22705 RALLYDEBUG rally_openstack.cleanup.manager [-] Deleting neutron.port object s_rally_2684ae64_vOkTo6aR (2587774e-006b-4179-b1b8-d96beb739d5f)
2019-07-03 08:26:38.692 22705 RALLYDEBUG rally_openstack.cleanup.manager [-] Deleting neutron.port object s_rally_2684ae64_QdL0FDme (258e357b-d405-4067-b71c-6caa93cd2e30)
2019-07-03 08:26:38.720 22705 RALLYDEBUG rally_openstack.cleanup.manager [-] Deleting neutron.port object s_rally_2684ae64_rsdpvvBF (2652e6f5-8004-43d1-a1a5-cec5bfb39ae1)
2019-07-03 08:26:38.725 22705 RALLYDEBUG rally_openstack.cleanup.manager [-] Deleting neutron.port object s_rally_2684ae64_sPXv7k5A (29964b75-6db5-42e8-a75c-311e88b02ad8)
2019-07-03 08:26:38.801 22705 RALLYDEBUG rally_openstack.cleanup.manager [-] Deleting neutron.port object s_rally_2684ae64_LpVi9Jpp (2b0caac1-ab2d-4023-a1bd-965cec363c92)
2019-07-03 08:26:38.823 22705 RALLYDEBUG rally_openstack.cleanup.manager [-] Deleting neutron.port object s_rally_2684ae64_S6B30fW3 (2c3335c2-e6f7-4c04-a01f-3276b8bd941d)
2019-07-03 08:26:38.846 22705 RALLYDEBUG rally_openstack.cleanup.manager [-] Deleting neutron.port object s_rally_2684ae64_HZk1HxEZ (2c52bfa1-f80a-4232-b0c3-fc520d37dd76)
2019-07-03 08:26:38.866 22705 RALLYDEBUG rally_openstack.cleanup.manager [-] Deleting neutron.port object s_rally_2684ae64_TZpRJ3cQ (2d4393f4-4922-4fa3-b752-a48ad7a1fd66)
2019-07-03 08:26:38.882 22705 RALLYDEBUG rally_openstack.cleanup.manager [-] Deleting neutron.port object s_rally_2684ae64_q4Arr7yJ (2dc4600f-6ce5-4cd1-83ed-8b3d480b32ce)
2019-07-03 08:26:38.887 22705 RALLYDEBUG rally_openstack.cleanup.manager [-] Deleting neutron.port object s_rally_2684ae64_PxH1535k (2dce3723-e31f-417f-b802-ddb12dd11860)
2019-07-03 08:26:38.987 22705 RALLYDEBUG rally_openstack.cleanup.manager [-] Deleting neutron.port object s_rally_2684ae64_hTy6yfb9 (2f24018c-f8bc-4028-8997-300c90f62be5)
2019-07-03 08:26:39.317 22705 RALLYDEBUG rally_openstack.cleanup.manager [-] Deleting neutron.port object s_rally_2684ae64_2YHIME5L (2f64557f-c01b-4a00-ab43-51eb6e489c72)
2019-07-03 08:26:39.320 22705 RALLYDEBUG rally_openstack.cleanup.manager [-] Deleting neutron.port object s_rally_2684ae64_K6559u4j (330652bb-9716-44af-88d2-e6ab03d06833)
2019-07-03 08:26:39.397 22705 RALLYDEBUG rally_openstack.cleanup.manager [-] Deleting neutron.port object s_rally_2684ae64_RW14KOxN (3389b586-f883-4ee8-a702-a846ebb57bee)
2019-07-03 08:26:39.525 22705 RALLYDEBUG rally_openstack.cleanup.manager [-] Deleting neutron.port object s_rally_2684ae64_KXvCY4Du (358010cb-6f6d-48bd-a6b0-dcfb568c939d)
2019-07-03 08:26:39.693 22705 RALLYDEBUG rally_openstack.cleanup.manager [-] Deleting neutron.port object s_rally_2684ae64_vHU2dmKf (364bc6e3-8e45-4581-95ce-1f23cd5fad17)
2019-07-03 08:26:39.706 22705 RALLYDEBUG rally_openstack.cleanup.manager [-] Deleting neutron.port object s_rally_2684ae64_ptQEiNpv (3b503c2f-4e88-4eb9-97d3-bf2aee1fd127)
2019-07-03 08:26:41.006 22705 RALLYDEBUG rally_openstack.cleanup.manager [-] Deleting neutron.port object s_rally_2684ae64_Yn5bEHhZ (436b1c0f-fe2e-4214-a7b0-bfb0b4fb51e1)
2019-07-03 08:26:41.049 22705 RALLYDEBUG rally_openstack.cleanup.manager [-] Deleting neutron.port object s_rally_2684ae64_nAbUODD4 (45808d64-3bff-4e1b-912c-da0055f8b4d3)
2019-07-03 08:26:41.105 22705 RALLYDEBUG rally_openstack.cleanup.manager [-] Deleting neutron.port object s_rally_2684ae64_2CqH8N31 (45a760a2-f7c4-49e2-a2fa-3842e9108f33)
2019-07-03 08:26:41.109 22705 RALLYDEBUG rally_openstack.cleanup.manager [-] Deleting neutron.port object s_rally_2684ae64_qz7qx3Rs (464a26c3-ad1b-4e10-821a-8a0fe5ee8cd7)
2019-07-03 08:26:41.161 22705 RALLYDEBUG rally_openstack.cleanup.manager [-] Deleting neutron.port object s_rally_2684ae64_vwTMhWPx (47b02f02-e07d-4fff-9df2-ca9e297a2e07)
2019-07-03 08:26:41.204 22705 RALLYDEBUG rally_openstack.cleanup.manager [-] Deleting neutron.port object s_rally_2684ae64_mY3c0QX2 (48d25ca9-53bb-46cd-a024-24cd70fc07f9)
2019-07-03 08:26:41.266 22705 RALLYDEBUG rally_openstack.cleanup.manager [-] Deleting neutron.port object s_rally_2684ae64_OC8LE9VX (48f60972-927c-497a-9091-04cebb9a8ed1)
2019-07-03 08:26:41.294 22705 RALLYDEBUG rally_openstack.cleanup.manager [-] Deleting neutron.port object s_rally_2684ae64_YJrI6j0U (4bf810f7-4d60-445f-aba3-f0deded552e4)
2019-07-03 08:26:41.373 22705 RALLYDEBUG rally_openstack.cleanup.manager [-] Deleting neutron.port object s_rally_2684ae64_mUDrcunz (4d7cea08-61b5-4d2f-8419-78022c674065)
2019-07-03 08:26:41.495 22705 RALLYDEBUG rally_openstack.cleanup.manager [-] Deleting neutron.port object s_rally_2684ae64_fNpwzzT8 (4dc43fe7-27b6-4138-8a92-a6f74ef88396)
2019-07-03 08:26:41.528 22705 RALLYDEBUG rally_openstack.cleanup.manager [-] Deleting neutron.port object s_rally_2684ae64_TIqQ28rD (4e1bbbad-f522-4f70-ac9e-36ecf8166fb3)
2019-07-03 08:26:41.565 22705 RALLYDEBUG rally_openstack.cleanup.manager [-] Deleting neutron.port object s_rally_2684ae64_kCAlG9wR (500c2185-3a2e-4452-a6c2-da139b6fb343)
2019-07-03 08:26:41.618 22705 RALLYDEBUG rally_openstack.cleanup.manager [-] Deleting neutron.port object s_rally_2684ae64_TNr0pS3P (51b4ad88-4a6c-4bf5-94a2-a9f5efc3867a)
2019-07-03 08:26:41.629 22705 RALLYDEBUG rally_openstack.cleanup.manager [-] Deleting neutron.port object s_rally_2684ae64_1lOR0mJX (52a79ff7-0a37-4d81-a40f-f68af37ea8ce)
2019-07-03 08:26:41.687 22705 RALLYDEBUG rally_openstack.cleanup.manager [-] Deleting neutron.port object s_rally_2684ae64_0mtBVgy6 (5466e04f-eb12-40b0-913f-e187d9a2049b)
2019-07-03 08:26:41.698 22705 RALLYDEBUG rally_openstack.cleanup.manager [-] Deleting neutron.port object s_rally_2684ae64_XO95xuAD (57278d47-47ff-4522-b84f-09f382a5807e)
2019-07-03 08:26:41.702 22705 RALLYDEBUG rally_openstack.cleanup.manager [-] Deleting neutron.port object s_rally_2684ae64_fNds2IlV (575404b0-fcef-45ae-bbb0-f1c5595e2b9f)
2019-07-03 08:26:41.859 22705 RALLYDEBUG rally_openstack.cleanup.manager [-] Deleting neutron.port object s_rally_2684ae64_XsAmV9av (575c4e48-aee7-4cc5-aeca-5d29bce35be5)
2019-07-03 08:26:41.942 22705 RALLYDEBUG rally_openstack.cleanup.manager [-] Deleting neutron.port object s_rally_2684ae64_Q8F8Bqmh (59b09961-2593-4eaf-866e-3e85ab4a44a9)
2019-07-03 08:26:42.093 22705 RALLYDEBUG rally_openstack.cleanup.manager [-] Deleting neutron.port object s_rally_2684ae64_4H3cTuWd (5a4050a9-5884-43ec-bfc1-3ee10510884c)
2019-07-03 08:26:43.395 22705 RALLYDEBUG rally_openstack.cleanup.manager [-] Deleting neutron.port object s_rally_2684ae64_4SdYexbI (5c8bf37b-ccd7-485a-a79b-f61f80e74d4b)
2019-07-03 08:26:43.647 22705 RALLYDEBUG rally_openstack.cleanup.manager [-] Deleting neutron.port object s_rally_2684ae64_regoosO2 (5ef0e690-ec40-466c-9e7f-38fcbcc77dcb)
2019-07-03 08:26:43.691 22705 RALLYDEBUG rally_openstack.cleanup.manager [-] Deleting neutron.port object s_rally_2684ae64_exB85akb (5ef9c8c5-3dcc-473c-8fbe-f43af701628c)
2019-07-03 08:26:43.814 22705 RALLYDEBUG rally_openstack.cleanup.manager [-] Deleting neutron.port object s_rally_2684ae64_Dm9syUBr (6045a27e-9d57-45bc-9bec-f3eb1fab065c)
2019-07-03 08:26:43.850 22705 RALLYDEBUG rally_openstack.cleanup.manager [-] Deleting neutron.port object s_rally_2684ae64_NhHZY4uQ (60bcd2ef-bd65-40e2-8d95-56d69b53668b)
2019-07-03 08:26:43.868 22705 RALLYDEBUG rally_openstack.cleanup.manager [-] Deleting neutron.port object s_rally_2684ae64_KFWUDEGo (61c13f28-73d0-4951-a7b6-60647d479224)
2019-07-03 08:26:43.876 22705 RALLYDEBUG rally_openstack.cleanup.manager [-] Deleting neutron.port object s_rally_2684ae64_IZsUgikh (62971270-01dc-4f74-8e79-8b7c6a8d013a)
2019-07-03 08:26:43.911 22705 RALLYDEBUG rally_openstack.cleanup.manager [-] Deleting neutron.port object s_rally_2684ae64_cja0lWvT (6308c603-ed33-4a9f-b49f-2a0574747e9d)
2019-07-03 08:26:43.952 22705 RALLYDEBUG rally_openstack.cleanup.manager [-] Deleting neutron.port object s_rally_2684ae64_2vIOQqfY (633b307e-e518-4e58-9ba0-b2a215422184)
