2019-07-03 08:27:43.190 26952 WARNING rally_openstack.scenarios.neutron.utils [-] Running this scenario without either the 'network' or 'existing_network' context is deprecated
2019-07-03 08:27:43.229 26951 INFO rally.task.runner [-] Task 841c42aa-dce7-45c5-8485-2af0b51bcce0 | ITER: 1 END: OK
2019-07-03 08:27:43.233 26951 INFO rally.task.runner [-] Task 841c42aa-dce7-45c5-8485-2af0b51bcce0 | ITER: 40 START
2019-07-03 08:27:43.234 26951 WARNING rally_openstack.scenarios.neutron.utils [-] Running this scenario without either the 'network' or 'existing_network' context is deprecated
2019-07-03 08:27:50.429 26973 INFO rally.task.runner [-] Task 841c42aa-dce7-45c5-8485-2af0b51bcce0 | ITER: 22 END: OK
2019-07-03 08:27:50.732 26998 INFO rally.task.runner [-] Task 841c42aa-dce7-45c5-8485-2af0b51bcce0 | ITER: 24 END: OK
2019-07-03 08:27:50.787 26965 INFO rally.task.runner [-] Task 841c42aa-dce7-45c5-8485-2af0b51bcce0 | ITER: 21 END: OK
2019-07-03 08:27:53.569 26959 INFO rally.task.runner [-] Task 841c42aa-dce7-45c5-8485-2af0b51bcce0 | ITER: 26 END: OK
2019-07-03 08:27:53.602 26970 INFO rally.task.runner [-] Task 841c42aa-dce7-45c5-8485-2af0b51bcce0 | ITER: 25 END: OK
2019-07-03 08:27:53.949 26953 INFO rally.task.runner [-] Task 841c42aa-dce7-45c5-8485-2af0b51bcce0 | ITER: 27 END: OK
2019-07-03 08:27:54.003 26951 INFO rally.task.runner [-] Task 841c42aa-dce7-45c5-8485-2af0b51bcce0 | ITER: 23 END: OK
2019-07-03 08:27:54.060 26979 INFO rally.task.runner [-] Task 841c42aa-dce7-45c5-8485-2af0b51bcce0 | ITER: 29 END: OK
2019-07-03 08:27:54.448 26955 INFO rally.task.runner [-] Task 841c42aa-dce7-45c5-8485-2af0b51bcce0 | ITER: 34 END: OK
2019-07-03 08:27:54.915 26976 INFO rally.task.runner [-] Task 841c42aa-dce7-45c5-8485-2af0b51bcce0 | ITER: 37 END: OK
2019-07-03 08:27:54.951 26954 INFO rally.task.runner [-] Task 841c42aa-dce7-45c5-8485-2af0b51bcce0 | ITER: 33 END: OK
2019-07-03 08:27:55.042 26992 INFO rally.task.runner [-] Task 841c42aa-dce7-45c5-8485-2af0b51bcce0 | ITER: 36 END: OK
2019-07-03 08:27:55.123 26995 INFO rally.task.runner [-] Task 841c42aa-dce7-45c5-8485-2af0b51bcce0 | ITER: 30 END: OK
2019-07-03 08:27:55.221 26954 INFO rally.task.runner [-] Task 841c42aa-dce7-45c5-8485-2af0b51bcce0 | ITER: 28 END: OK
2019-07-03 08:27:55.413 26952 INFO rally.task.runner [-] Task 841c42aa-dce7-45c5-8485-2af0b51bcce0 | ITER: 39 END: OK
2019-07-03 08:27:55.555 26953 INFO rally.task.runner [-] Task 841c42aa-dce7-45c5-8485-2af0b51bcce0 | ITER: 32 END: OK
2019-07-03 08:27:55.710 26952 INFO rally.task.runner [-] Task 841c42aa-dce7-45c5-8485-2af0b51bcce0 | ITER: 31 END: OK
2019-07-03 08:27:56.272 26984 INFO rally.task.runner [-] Task 841c42aa-dce7-45c5-8485-2af0b51bcce0 | ITER: 35 END: OK
2019-07-03 08:27:56.524 26951 INFO rally.task.runner [-] Task 841c42aa-dce7-45c5-8485-2af0b51bcce0 | ITER: 40 END: OK
2019-07-03 08:27:56.757 26989 INFO rally.task.runner [-] Task 841c42aa-dce7-45c5-8485-2af0b51bcce0 | ITER: 38 END: OK
2019-07-03 08:27:56.780 22705 INFO rally.task.context [-] Task 841c42aa-dce7-45c5-8485-2af0b51bcce0 | Context cleanup@openstack cleanup() started
2019-07-03 08:27:56.783 22705 RALLYDEBUG rally_openstack.cleanup.manager [-] Cleaning up neutron vip objects
2019-07-03 08:27:57.434 22705 RALLYDEBUG rally_openstack.cleanup.manager [-] Cleaning up neutron health_monitor objects
2019-07-03 08:27:58.099 22705 RALLYDEBUG rally_openstack.cleanup.manager [-] Cleaning up neutron pool objects
2019-07-03 08:27:58.748 22705 RALLYDEBUG rally_openstack.cleanup.manager [-] Cleaning up neutron loadbalancer objects
2019-07-03 08:27:59.482 22705 RALLYDEBUG rally_openstack.cleanup.manager [-] Cleaning up neutron floatingip objects
2019-07-03 08:28:00.508 22705 RALLYDEBUG rally_openstack.cleanup.manager [-] Cleaning up neutron port objects
2019-07-03 08:28:01.303 22705 RALLYDEBUG rally_openstack.cleanup.manager [-] Cleaning up neutron subnet objects
2019-07-03 08:28:02.069 22705 RALLYDEBUG rally_openstack.cleanup.manager [-] Cleaning up neutron network objects
2019-07-03 08:28:03.100 22705 RALLYDEBUG rally_openstack.cleanup.manager [-] Deleting neutron.network object s_rally_4e4b76d3_1lo8w9RB (2acba21e-0d23-4f5f-bd2b-40e6cd33058f)
2019-07-03 08:28:03.103 22705 RALLYDEBUG rally_openstack.cleanup.manager [-] Deleting neutron.network object s_rally_4e4b76d3_NDDXS7SZ (4f38420b-d848-475a-9686-2068a68cc637)
2019-07-03 08:28:03.104 22705 RALLYDEBUG rally_openstack.cleanup.manager [-] Deleting neutron.network object s_rally_4e4b76d3_skgIdLk1 (3206bbc9-c80c-41f3-9b07-08c5e84af420)
2019-07-03 08:28:03.105 22705 RALLYDEBUG rally_openstack.cleanup.manager [-] Deleting neutron.network object s_rally_4e4b76d3_dw6UlFUW (466bbe4f-32e4-47e1-b431-4db9408034e1)
2019-07-03 08:28:03.110 22705 RALLYDEBUG rally_openstack.cleanup.manager [-] Deleting neutron.network object s_rally_4e4b76d3_JhjfP9EQ (3145b294-d4ab-4139-8fcd-ed6ec4425e31)
2019-07-03 08:28:03.110 22705 RALLYDEBUG rally_openstack.cleanup.manager [-] Deleting neutron.network object s_rally_4e4b76d3_onCsA28D (166baf58-6ec3-45e7-8684-700589fe762c)
2019-07-03 08:28:03.118 22705 RALLYDEBUG rally_openstack.cleanup.manager [-] Deleting neutron.network object s_rally_4e4b76d3_ooQ3nhpc (59727844-cc44-42b7-bbe0-2611c2696df8)
2019-07-03 08:28:03.122 22705 RALLYDEBUG rally_openstack.cleanup.manager [-] Deleting neutron.network object s_rally_4e4b76d3_OiRK58MH (5040fb32-acb5-4d1c-a5a8-a57a71938cdd)
2019-07-03 08:28:03.128 22705 RALLYDEBUG rally_openstack.cleanup.manager [-] Deleting neutron.network object s_rally_4e4b76d3_1q2l0sb0 (4eda855b-bb88-4167-b79c-658881d95af9)
2019-07-03 08:28:03.135 22705 RALLYDEBUG rally_openstack.cleanup.manager [-] Deleting neutron.network object s_rally_4e4b76d3_7LKMKohG (2cb5c082-649b-46fc-a1ef-e8ef9e49dc6f)
2019-07-03 08:28:03.126 22705 RALLYDEBUG rally_openstack.cleanup.manager [-] Deleting neutron.network object s_rally_4e4b76d3_8XGamQZT (3ce2b192-2fca-43e6-a491-015fc5721b36)
2019-07-03 08:28:03.140 22705 RALLYDEBUG rally_openstack.cleanup.manager [-] Deleting neutron.network object s_rally_4e4b76d3_xzuNkWT6 (02efbfdf-ace5-4c8f-acba-add2063fc9cf)
2019-07-03 08:28:03.141 22705 RALLYDEBUG rally_openstack.cleanup.manager [-] Deleting neutron.network object s_rally_4e4b76d3_3gNXMQep (6a16d025-7271-4759-931a-c19c19b4fa7e)
2019-07-03 08:28:03.142 22705 RALLYDEBUG rally_openstack.cleanup.manager [-] Deleting neutron.network object s_rally_4e4b76d3_lb5SlwX9 (20dc8056-1189-4441-959f-b5beffff3d15)
2019-07-03 08:28:03.143 22705 RALLYDEBUG rally_openstack.cleanup.manager [-] Deleting neutron.network object s_rally_4e4b76d3_TjCB2eLk (1185f0bb-758f-4f77-8479-3243dd74692a)
2019-07-03 08:28:03.146 22705 RALLYDEBUG rally_openstack.cleanup.manager [-] Deleting neutron.network object s_rally_4e4b76d3_OIGAcuHV (526c9ab1-3190-4a8e-b624-7e02debbbd53)
2019-07-03 08:28:03.146 22705 RALLYDEBUG rally_openstack.cleanup.manager [-] Deleting neutron.network object s_rally_4e4b76d3_HdbC9P37 (697c566d-0c60-4504-b448-dd37f2d7e208)
2019-07-03 08:28:03.154 22705 RALLYDEBUG rally_openstack.cleanup.manager [-] Deleting neutron.network object s_rally_4e4b76d3_7sbuvqWy (6c97c451-3a09-4f37-82f3-2ad91d247646)
2019-07-03 08:28:03.165 22705 RALLYDEBUG rally_openstack.cleanup.manager [-] Deleting neutron.network object s_rally_4e4b76d3_NbAUGZqr (6ea1fda5-7925-4551-b590-d14c6d16fd3e)
2019-07-03 08:28:03.190 22705 RALLYDEBUG rally_openstack.cleanup.manager [-] Deleting neutron.network object s_rally_4e4b76d3_wutGMbsf (7283ce68-ae06-4312-b9e0-7570681b6667)
2019-07-03 08:28:05.749 22705 RALLYDEBUG rally_openstack.cleanup.manager [-] Deleting neutron.network object s_rally_4e4b76d3_SUde6ZQE (7a201e9f-181b-43cf-a5ca-a055082b4aac)
2019-07-03 08:28:05.897 22705 RALLYDEBUG rally_openstack.cleanup.manager [-] Deleting neutron.network object s_rally_4e4b76d3_QotloKMX (7cef9dde-8e50-4616-a651-6ed78bc997d9)
2019-07-03 08:28:05.990 22705 RALLYDEBUG rally_openstack.cleanup.manager [-] Deleting neutron.network object s_rally_4e4b76d3_IlV1cyRm (8da5abec-2632-48d3-a0b8-926962f77cd4)
2019-07-03 08:28:06.107 22705 RALLYDEBUG rally_openstack.cleanup.manager [-] Deleting neutron.network object s_rally_4e4b76d3_1XP7WMsL (9188531c-ff5e-4133-9ae2-f8a979e8b144)
2019-07-03 08:28:06.112 22705 RALLYDEBUG rally_openstack.cleanup.manager [-] Deleting neutron.network object s_rally_4e4b76d3_5BVBmDm3 (945c48d8-491a-40e8-8fd6-949de8274fff)
2019-07-03 08:28:06.247 22705 RALLYDEBUG rally_openstack.cleanup.manager [-] Deleting neutron.network object s_rally_4e4b76d3_w0zM6QvN (99504f02-8a16-4671-9266-365839696854)
2019-07-03 08:28:06.296 22705 RALLYDEBUG rally_openstack.cleanup.manager [-] Deleting neutron.network object s_rally_4e4b76d3_P4YFHjfc (a227dd33-ba8e-44fd-b6a9-35716270fa1b)
2019-07-03 08:28:06.428 22705 RALLYDEBUG rally_openstack.cleanup.manager [-] Deleting neutron.network object s_rally_4e4b76d3_einGEYke (a54ac127-7576-4abf-bb63-f004f2090df4)
2019-07-03 08:28:06.800 22705 RALLYDEBUG rally_openstack.cleanup.manager [-] Deleting neutron.network object s_rally_4e4b76d3_xXHyLpvW (a6c38b50-764f-4c80-bf86-13627d32d662)
2019-07-03 08:28:06.841 22705 RALLYDEBUG rally_openstack.cleanup.manager [-] Deleting neutron.network object s_rally_4e4b76d3_fJIzbduB (ad45cef3-f1cc-4161-9382-962ed25eac3a)
2019-07-03 08:28:06.853 22705 RALLYDEBUG rally_openstack.cleanup.manager [-] Deleting neutron.network object s_rally_4e4b76d3_s6CE4cC2 (ae4dc783-71f2-4ddb-9628-f9b60edd1810)
2019-07-03 08:28:06.891 22705 RALLYDEBUG rally_openstack.cleanup.manager [-] Deleting neutron.network object s_rally_4e4b76d3_PRWqxd47 (b3b34bfc-5e1b-49c6-ae06-2ac955c44172)
2019-07-03 08:28:08.146 22705 RALLYDEBUG rally_openstack.cleanup.manager [-] Deleting neutron.network object s_rally_4e4b76d3_Hq3SPnQx (bf1ef10e-287e-49d1-ab46-7d589bbcd666)
2019-07-03 08:28:08.206 22705 RALLYDEBUG rally_openstack.cleanup.manager [-] Deleting neutron.network object s_rally_4e4b76d3_bqjCCXMV (c492bf14-acaa-4fed-a13c-7aa677e4837c)
2019-07-03 08:28:08.232 22705 RALLYDEBUG rally_openstack.cleanup.manager [-] Deleting neutron.network object s_rally_4e4b76d3_y5YlQcin (cc0ed7c6-ff22-4a04-a9d1-2ea87cbb9963)
2019-07-03 08:28:08.302 22705 RALLYDEBUG rally_openstack.cleanup.manager [-] Deleting neutron.network object s_rally_4e4b76d3_Ud9zeFd8 (db6ceb75-0be3-4365-ae7b-bac01a478449)
2019-07-03 08:28:08.302 22705 RALLYDEBUG rally_openstack.cleanup.manager [-] Deleting neutron.network object s_rally_4e4b76d3_lbAd0ms9 (e3f5b208-ba92-4fe6-bc4c-46ff41415a24)
2019-07-03 08:28:08.313 22705 RALLYDEBUG rally_openstack.cleanup.manager [-] Deleting neutron.network object s_rally_4e4b76d3_y442n13Z (effd0887-4cef-4792-b0e7-ac57d13ba624)
2019-07-03 08:28:08.319 22705 RALLYDEBUG rally_openstack.cleanup.manager [-] Deleting neutron.network object s_rally_4e4b76d3_AXdYrP8o (f0c6e8c9-5299-4d91-9672-a946bc23d2da)
2019-07-03 08:28:08.351 22705 RALLYDEBUG rally_openstack.cleanup.manager [-] Deleting neutron.network object s_rally_4e4b76d3_rTrHIayx (f94f492e-82b9-4571-bcc1-f25bb88fad36)
2019-07-03 08:28:11.423 22705 RALLYDEBUG rally_openstack.cleanup.manager [-] Cleaning up neutron router objects
2019-07-03 08:28:12.223 22705 RALLYDEBUG rally_openstack.cleanup.manager [-] Cleaning up neutron security_group objects
2019-07-03 08:28:12.898 22705 INFO rally.task.context [-] Task 841c42aa-dce7-45c5-8485-2af0b51bcce0 | Context cleanup@openstack cleanup() finished in 16.12 sec
2019-07-03 08:28:12.899 22705 INFO rally.task.context [-] Task 841c42aa-dce7-45c5-8485-2af0b51bcce0 | Context quotas@openstack cleanup() started
2019-07-03 08:28:13.126 22705 INFO rally.task.context [-] Task 841c42aa-dce7-45c5-8485-2af0b51bcce0 | Context quotas@openstack cleanup() finished in 0.23 sec
2019-07-03 08:28:13.126 22705 INFO rally.task.context [-] Task 841c42aa-dce7-45c5-8485-2af0b51bcce0 | Context users@openstack cleanup() started
2019-07-03 08:28:18.218 22705 INFO rally.task.context [-] Task 841c42aa-dce7-45c5-8485-2af0b51bcce0 | Context users@openstack cleanup() finished in 5.09 sec
2019-07-03 08:28:19.443 22705 INFO rally.task.engine [-] Load duration is: 31.963626
2019-07-03 08:28:19.444 22705 INFO rally.task.engine [-] Full runner duration is: 32.012718
2019-07-03 08:28:19.444 22705 INFO rally.task.engine [-] Full duration is: 59.001419
2019-07-03 08:28:19.698 22705 INFO rally.task.engine [-] Running workload: position = 0 config = { "version": 2, "title": "A cropped version of a bigger task.", "description": "Auto-generated task from a single workload (uuid=dbacb3fd-343b-4d92-8cab-3a0047af9470)", "subtasks": [ { "title": "Quotas.neutron_update", "description": "Update quotas for neutron.", "scenario": { "Quotas.neutron_update": { "max_quota": 1024 } }, "contexts": { "users": { "tenants": 20, "users_per_tenant": 1 } }, "runner": { "constant": { "times": 40, "concurrency": 20 } }, "hooks": [], "sla": { "failure_rate": { "max": 0 } } } ] }
2019-07-03 08:28:19.715 22705 RALLYDEBUG rally_openstack.contexts.keystone.users [-] Creating 20 tenants using 20 threads
2019-07-03 08:28:22.255 22705 RALLYDEBUG rally_openstack.contexts.keystone.users [-] Creating 20 users using 20 threads
2019-07-03 08:28:25.876 22705 INFO rally.task.context [-] Task 841c42aa-dce7-45c5-8485-2af0b51bcce0 | Context users@openstack setup() finished in 6.16 sec
2019-07-03 08:28:25.877 22705 INFO rally.task.context [-] Task 841c42aa-dce7-45c5-8485-2af0b51bcce0 | Context admin_cleanup@openstack setup() finished in 0.00 msec
2019-07-03 08:28:25.884 22705 RALLYDEBUG rally.task.runner [-] Starting the constant runner (task UUID: 841c42aa-dce7-45c5-8485-2af0b51bcce0). timeout: 0 concurrency: 20 concurrency_per_worker: 1 times: 40 concurrency_overhead: 4 processes_to_start: 16 max_cpu_used: 16
2019-07-03 08:28:25.898 27321 RALLYDEBUG rally.task.runner [-] Starting a worker. concurrency: 2 args: {"max_quota": 1024} times: 40 method_name: run timeout: 0 duration: None cls:
2019-07-03 08:28:25.901 27322 RALLYDEBUG rally.task.runner [-] Starting a worker. concurrency: 2 args: {"max_quota": 1024} times: 40 method_name: run timeout: 0 duration: None cls:
2019-07-03 08:28:25.904 27323 RALLYDEBUG rally.task.runner [-] Starting a worker. concurrency: 2 args: {"max_quota": 1024} times: 40 method_name: run timeout: 0 duration: None cls:
2019-07-03 08:28:25.907 27324 RALLYDEBUG rally.task.runner [-] Starting a worker. concurrency: 2 args: {"max_quota": 1024} times: 40 method_name: run timeout: 0 duration: None cls:
2019-07-03 08:28:25.909 27325 RALLYDEBUG rally.task.runner [-] Starting a worker. concurrency: 1 args: {"max_quota": 1024} times: 40 method_name: run timeout: 0 duration: None cls:
2019-07-03 08:28:25.915 27330 RALLYDEBUG rally.task.runner [-] Starting a worker. concurrency: 1 args: {"max_quota": 1024} times: 40 method_name: run timeout: 0 duration: None cls:
2019-07-03 08:28:25.916 27321 INFO rally.task.runner [-] Task 841c42aa-dce7-45c5-8485-2af0b51bcce0 | ITER: 1 START
2019-07-03 08:28:25.915 27327 RALLYDEBUG rally.task.runner [-] Starting a worker. concurrency: 1 args: {"max_quota": 1024} times: 40 method_name: run timeout: 0 duration: None cls:
2019-07-03 08:28:25.918 27325 INFO rally.task.runner [-] Task 841c42aa-dce7-45c5-8485-2af0b51bcce0 | ITER: 7 START
2019-07-03 08:28:25.919 27322 INFO rally.task.runner [-] Task 841c42aa-dce7-45c5-8485-2af0b51bcce0 | ITER: 2 START
2019-07-03 08:28:25.919 27323 INFO rally.task.runner [-] Task 841c42aa-dce7-45c5-8485-2af0b51bcce0 | ITER: 3 START
2019-07-03 08:28:25.921 27331 RALLYDEBUG rally.task.runner [-] Starting a worker. concurrency: 1 args: {"max_quota": 1024} times: 40 method_name: run timeout: 0 duration: None cls:
2019-07-03 08:28:25.925 27341 RALLYDEBUG rally.task.runner [-] Starting a worker. concurrency: 1 args: {"max_quota": 1024} times: 40 method_name: run timeout: 0 duration: None cls:
2019-07-03 08:28:25.921 27321 INFO rally.task.runner [-] Task 841c42aa-dce7-45c5-8485-2af0b51bcce0 | ITER: 4 START
2019-07-03 08:28:25.925 27335 RALLYDEBUG rally.task.runner [-] Starting a worker. concurrency: 1 args: {"max_quota": 1024} times: 40 method_name: run timeout: 0 duration: None cls:
2019-07-03 08:28:25.927 27324 INFO rally.task.runner [-] Task 841c42aa-dce7-45c5-8485-2af0b51bcce0 | ITER: 5 START
2019-07-03 08:28:25.927 27327 INFO rally.task.runner [-] Task 841c42aa-dce7-45c5-8485-2af0b51bcce0 | ITER: 10 START
2019-07-03 08:28:25.926 27322 INFO rally.task.runner [-] Task 841c42aa-dce7-45c5-8485-2af0b51bcce0 | ITER: 6 START
2019-07-03 08:28:25.931 27331 INFO rally.task.runner [-] Task 841c42aa-dce7-45c5-8485-2af0b51bcce0 | ITER: 12 START
2019-07-03 08:28:25.932 27341 INFO rally.task.runner [-] Task 841c42aa-dce7-45c5-8485-2af0b51bcce0 | ITER: 13 START
2019-07-03 08:28:25.932 27323 INFO rally.task.runner [-] Task 841c42aa-dce7-45c5-8485-2af0b51bcce0 | ITER: 8 START
2019-07-03 08:28:25.932 27343 RALLYDEBUG rally.task.runner [-] Starting a worker. concurrency: 1 args: {"max_quota": 1024} times: 40 method_name: run timeout: 0 duration: None cls:
2019-07-03 08:28:25.937 27330 INFO rally.task.runner [-] Task 841c42aa-dce7-45c5-8485-2af0b51bcce0 | ITER: 9 START
2019-07-03 08:28:25.937 27335 INFO rally.task.runner [-] Task 841c42aa-dce7-45c5-8485-2af0b51bcce0 | ITER: 14 START
2019-07-03 08:28:25.938 27351 RALLYDEBUG rally.task.runner [-] Starting a worker. concurrency: 1 args: {"max_quota": 1024} times: 40 method_name: run timeout: 0 duration: None cls:
2019-07-03 08:28:25.942 27343 INFO rally.task.runner [-] Task 841c42aa-dce7-45c5-8485-2af0b51bcce0 | ITER: 15 START
2019-07-03 08:28:25.944 27356 RALLYDEBUG rally.task.runner [-] Starting a worker. concurrency: 1 args: {"max_quota": 1024} times: 40 method_name: run timeout: 0 duration: None cls:
2019-07-03 08:28:25.946 27351 INFO rally.task.runner [-] Task 841c42aa-dce7-45c5-8485-2af0b51bcce0 | ITER: 16 START
2019-07-03 08:28:25.946 27324 INFO rally.task.runner [-] Task 841c42aa-dce7-45c5-8485-2af0b51bcce0 | ITER: 11 START
2019-07-03 08:28:25.950 27360 RALLYDEBUG rally.task.runner [-] Starting a worker. concurrency: 1 args: {"max_quota": 1024} times: 40 method_name: run timeout: 0 duration: None cls:
2019-07-03 08:28:25.954 27356 INFO rally.task.runner [-] Task 841c42aa-dce7-45c5-8485-2af0b51bcce0 | ITER: 17 START
2019-07-03 08:28:25.956 27363 RALLYDEBUG rally.task.runner [-] Starting a worker. concurrency: 1 args: {"max_quota": 1024} times: 40 method_name: run timeout: 0 duration: None cls:
2019-07-03 08:28:25.959 27360 INFO rally.task.runner [-] Task 841c42aa-dce7-45c5-8485-2af0b51bcce0 | ITER: 18 START
2019-07-03 08:28:25.961 27368 RALLYDEBUG rally.task.runner [-] Starting a worker. concurrency: 1 args: {"max_quota": 1024} times: 40 method_name: run timeout: 0 duration: None cls:
2019-07-03 08:28:25.963 27363 INFO rally.task.runner [-] Task 841c42aa-dce7-45c5-8485-2af0b51bcce0 | ITER: 19 START
2019-07-03 08:28:25.966 27368 INFO rally.task.runner [-] Task 841c42aa-dce7-45c5-8485-2af0b51bcce0 | ITER: 20 START
2019-07-03 08:28:27.720 27324 INFO rally.task.runner [-] Task 841c42aa-dce7-45c5-8485-2af0b51bcce0 | ITER: 5 END: OK
2019-07-03 08:28:27.725 27324 INFO rally.task.runner [-] Task 841c42aa-dce7-45c5-8485-2af0b51bcce0 | ITER: 21 START
2019-07-03 08:28:27.791 27343 INFO rally.task.runner [-] Task 841c42aa-dce7-45c5-8485-2af0b51bcce0 | ITER: 15 END: OK
2019-07-03 08:28:27.796 27343 INFO rally.task.runner [-] Task 841c42aa-dce7-45c5-8485-2af0b51bcce0 | ITER: 22 START
2019-07-03 08:28:28.382 27331 INFO rally.task.runner [-] Task 841c42aa-dce7-45c5-8485-2af0b51bcce0 | ITER: 12 END: OK
2019-07-03 08:28:28.389 27331 INFO rally.task.runner [-] Task 841c42aa-dce7-45c5-8485-2af0b51bcce0 | ITER: 23 START
2019-07-03 08:28:28.441 27330 INFO rally.task.runner [-] Task 841c42aa-dce7-45c5-8485-2af0b51bcce0 | ITER: 9 END: OK
2019-07-03 08:28:28.447 27330 INFO rally.task.runner [-] Task 841c42aa-dce7-45c5-8485-2af0b51bcce0 | ITER: 24 START
2019-07-03 08:28:28.478 27322 INFO rally.task.runner [-] Task 841c42aa-dce7-45c5-8485-2af0b51bcce0 | ITER: 6 END: OK
2019-07-03 08:28:28.483 27322 INFO rally.task.runner [-] Task 841c42aa-dce7-45c5-8485-2af0b51bcce0 | ITER: 25 START
2019-07-03 08:28:28.543 27322 INFO rally.task.runner [-] Task 841c42aa-dce7-45c5-8485-2af0b51bcce0 | ITER: 2 END: OK
2019-07-03 08:28:28.547 27322 INFO rally.task.runner [-] Task 841c42aa-dce7-45c5-8485-2af0b51bcce0 | ITER: 26 START
2019-07-03 08:28:28.576 27324 INFO rally.task.runner [-] Task 841c42aa-dce7-45c5-8485-2af0b51bcce0 | ITER: 11 END: OK
2019-07-03 08:28:28.581 27324 INFO rally.task.runner [-] Task 841c42aa-dce7-45c5-8485-2af0b51bcce0 | ITER: 27 START
2019-07-03 08:28:28.608 27323 INFO rally.task.runner [-] Task 841c42aa-dce7-45c5-8485-2af0b51bcce0 | ITER: 3 END: OK
2019-07-03 08:28:28.613 27323 INFO rally.task.runner [-] Task 841c42aa-dce7-45c5-8485-2af0b51bcce0 | ITER: 28 START
2019-07-03 08:28:28.638 27335 INFO rally.task.runner [-] Task 841c42aa-dce7-45c5-8485-2af0b51bcce0 | ITER: 14 END: OK
2019-07-03 08:28:28.644 27335 INFO rally.task.runner [-] Task 841c42aa-dce7-45c5-8485-2af0b51bcce0 | ITER: 29 START
2019-07-03 08:28:28.653 27360 INFO rally.task.runner [-] Task 841c42aa-dce7-45c5-8485-2af0b51bcce0 | ITER: 18 END: OK
2019-07-03 08:28:28.660 27360 INFO rally.task.runner [-] Task 841c42aa-dce7-45c5-8485-2af0b51bcce0 | ITER: 30 START
2019-07-03 08:28:28.667 27341 INFO rally.task.runner [-] Task 841c42aa-dce7-45c5-8485-2af0b51bcce0 | ITER: 13 END: OK
2019-07-03 08:28:28.674 27341 INFO rally.task.runner [-] Task 841c42aa-dce7-45c5-8485-2af0b51bcce0 | ITER: 31 START
2019-07-03 08:28:28.679 27351 INFO rally.task.runner [-] Task 841c42aa-dce7-45c5-8485-2af0b51bcce0 | ITER: 16 END: OK
2019-07-03 08:28:28.683 27351 INFO rally.task.runner [-] Task 841c42aa-dce7-45c5-8485-2af0b51bcce0 | ITER: 32 START
2019-07-03 08:28:28.694 27356 INFO rally.task.runner [-] Task 841c42aa-dce7-45c5-8485-2af0b51bcce0 | ITER: 17 END: OK
2019-07-03 08:28:28.700 27356 INFO rally.task.runner [-] Task 841c42aa-dce7-45c5-8485-2af0b51bcce0 | ITER: 33 START
2019-07-03 08:28:28.719 27321 INFO rally.task.runner [-] Task 841c42aa-dce7-45c5-8485-2af0b51bcce0 | ITER: 1 END: OK
2019-07-03 08:28:28.725 27321 INFO rally.task.runner [-] Task 841c42aa-dce7-45c5-8485-2af0b51bcce0 | ITER: 4 END: OK
2019-07-03 08:28:28.727 27321 INFO rally.task.runner [-] Task 841c42aa-dce7-45c5-8485-2af0b51bcce0 | ITER: 34 START
2019-07-03 08:28:28.735 27321 INFO rally.task.runner [-] Task 841c42aa-dce7-45c5-8485-2af0b51bcce0 | ITER: 35 START
2019-07-03 08:28:28.742 27327 INFO rally.task.runner [-] Task 841c42aa-dce7-45c5-8485-2af0b51bcce0 | ITER: 10 END: OK
2019-07-03 08:28:28.746 27327 INFO rally.task.runner [-] Task 841c42aa-dce7-45c5-8485-2af0b51bcce0 | ITER: 36 START
2019-07-03 08:28:28.765 27368 INFO rally.task.runner [-] Task 841c42aa-dce7-45c5-8485-2af0b51bcce0 | ITER: 20 END: OK
2019-07-03 08:28:28.769 27368 INFO rally.task.runner [-] Task 841c42aa-dce7-45c5-8485-2af0b51bcce0 | ITER: 37 START
2019-07-03 08:28:28.775 27325 INFO rally.task.runner [-] Task 841c42aa-dce7-45c5-8485-2af0b51bcce0 | ITER: 7 END: OK
2019-07-03 08:28:28.781 27325 INFO rally.task.runner [-] Task 841c42aa-dce7-45c5-8485-2af0b51bcce0 | ITER: 38 START
2019-07-03 08:28:28.784 27363 INFO rally.task.runner [-] Task 841c42aa-dce7-45c5-8485-2af0b51bcce0 | ITER: 19 END: OK
2019-07-03 08:28:28.789 27363 INFO rally.task.runner [-] Task 841c42aa-dce7-45c5-8485-2af0b51bcce0 | ITER: 39 START
2019-07-03 08:28:28.799 27323 INFO rally.task.runner [-] Task 841c42aa-dce7-45c5-8485-2af0b51bcce0 | ITER: 8 END: OK
2019-07-03 08:28:28.804 27323 INFO rally.task.runner [-] Task 841c42aa-dce7-45c5-8485-2af0b51bcce0 | ITER: 40 START
2019-07-03 08:28:29.016 27324 INFO rally.task.runner [-] Task 841c42aa-dce7-45c5-8485-2af0b51bcce0 | ITER: 21 END: OK
2019-07-03 08:28:29.040 27343 INFO rally.task.runner [-] Task 841c42aa-dce7-45c5-8485-2af0b51bcce0 | ITER: 22 END: OK
2019-07-03 08:28:29.408 27330 INFO rally.task.runner [-] Task 841c42aa-dce7-45c5-8485-2af0b51bcce0 | ITER: 24 END: OK
2019-07-03 08:28:30.403 27331 INFO rally.task.runner [-] Task 841c42aa-dce7-45c5-8485-2af0b51bcce0 | ITER: 23 END: OK
2019-07-03 08:28:30.694 27360 INFO rally.task.runner [-] Task 841c42aa-dce7-45c5-8485-2af0b51bcce0 | ITER: 30 END: OK
2019-07-03 08:28:31.036 27321 INFO rally.task.runner [-] Task 841c42aa-dce7-45c5-8485-2af0b51bcce0 | ITER: 34 END: OK
2019-07-03 08:28:31.130 27323 INFO rally.task.runner [-] Task 841c42aa-dce7-45c5-8485-2af0b51bcce0 | ITER: 28 END: OK
2019-07-03 08:28:31.241 27325 INFO rally.task.runner [-] Task 841c42aa-dce7-45c5-8485-2af0b51bcce0 | ITER: 38 END: OK
2019-07-03 08:28:31.264 27322 INFO rally.task.runner [-] Task 841c42aa-dce7-45c5-8485-2af0b51bcce0 | ITER: 25 END: OK
2019-07-03 08:28:31.300 27356 INFO rally.task.runner [-] Task 841c42aa-dce7-45c5-8485-2af0b51bcce0 | ITER: 33 END: OK
2019-07-03 08:28:31.333 27324 INFO rally.task.runner [-] Task 841c42aa-dce7-45c5-8485-2af0b51bcce0 | ITER: 27 END: OK
2019-07-03 08:28:31.347 27327 INFO rally.task.runner [-] Task 841c42aa-dce7-45c5-8485-2af0b51bcce0 | ITER: 36 END: OK
2019-07-03 08:28:31.366 27335 INFO rally.task.runner [-] Task 841c42aa-dce7-45c5-8485-2af0b51bcce0 | ITER: 29 END: OK
2019-07-03 08:28:31.427 27322 INFO rally.task.runner [-] Task 841c42aa-dce7-45c5-8485-2af0b51bcce0 | ITER: 26 END: OK
2019-07-03 08:28:31.434 27368 INFO rally.task.runner [-] Task 841c42aa-dce7-45c5-8485-2af0b51bcce0 | ITER: 37 END: OK
2019-07-03 08:28:31.451 27351 INFO rally.task.runner [-] Task 841c42aa-dce7-45c5-8485-2af0b51bcce0 | ITER: 32 END: OK
2019-07-03 08:28:31.473 27321 INFO rally.task.runner [-] Task 841c42aa-dce7-45c5-8485-2af0b51bcce0 | ITER: 35 END: OK
2019-07-03 08:28:31.491 27363 INFO rally.task.runner [-] Task 841c42aa-dce7-45c5-8485-2af0b51bcce0 | ITER: 39 END: OK
2019-07-03 08:28:31.527 27341 INFO rally.task.runner [-] Task 841c42aa-dce7-45c5-8485-2af0b51bcce0 | ITER: 31 END: OK
2019-07-03 08:28:31.542 27323 INFO rally.task.runner [-] Task 841c42aa-dce7-45c5-8485-2af0b51bcce0 | ITER: 40 END: OK
2019-07-03 08:28:31.565 22705 INFO rally.task.context [-] Task 841c42aa-dce7-45c5-8485-2af0b51bcce0 | Context admin_cleanup@openstack cleanup() started
2019-07-03 08:28:31.567 22705 RALLYDEBUG rally_openstack.cleanup.manager [-] Cleaning up neutron quota objects
2019-07-03 08:28:35.833 22705 INFO rally.task.context [-] Task 841c42aa-dce7-45c5-8485-2af0b51bcce0 | Context admin_cleanup@openstack cleanup() finished in 4.27 sec
2019-07-03 08:28:35.834 22705 INFO rally.task.context [-] Task 841c42aa-dce7-45c5-8485-2af0b51bcce0 | Context users@openstack cleanup() started
2019-07-03 08:29:05.994 22705 INFO rally.task.context [-] Task 841c42aa-dce7-45c5-8485-2af0b51bcce0 | Context users@openstack cleanup() finished in 30.16 sec
2019-07-03 08:29:07.953 22705 INFO rally.task.engine [-] Load duration is: 5.62445
2019-07-03 08:29:07.953 22705 INFO rally.task.engine [-] Full runner duration is: 5.681188
2019-07-03 08:29:07.954 22705 INFO rally.task.engine [-] Full duration is: 46.282332
2019-07-03 08:29:08.171 22705 INFO rally.task.engine [-] Running workload: position = 0 config = { "version": 2, "title": "A cropped version of a bigger task.", "description": "Auto-generated task from a single workload (uuid=d7111c46-5dba-4b6f-8363-fb35055f4ad5)", "subtasks": [ { "title": "NeutronTrunks.create_and_list_trunk_subports", "description": "", "scenario": { "NeutronTrunks.create_and_list_trunk_subports": { "subport_count": 125 } }, "contexts": { "users": { "tenants": 1, "users_per_tenant": 1 }, "quotas": { "neutron": { "network": -1, "port": 1000 } } }, "runner": { "constant": { "times": 4, "concurrency": 4 } }, "hooks": [], "sla": { "failure_rate": { "max": 0 } } } ] }
2019-07-03 08:29:08.186 22705 RALLYDEBUG rally_openstack.contexts.keystone.users [-] Creating 1 tenants using 20 threads
2019-07-03 08:29:09.860 22705 RALLYDEBUG rally_openstack.contexts.keystone.users [-] Creating 1 users using 20 threads
2019-07-03 08:29:12.476 22705 INFO rally.task.context [-] Task 841c42aa-dce7-45c5-8485-2af0b51bcce0 | Context users@openstack setup() finished in 4.29 sec
2019-07-03 08:29:13.298 22705 INFO rally.task.context [-] Task 841c42aa-dce7-45c5-8485-2af0b51bcce0 | Context quotas@openstack setup() finished in 0.82 sec
2019-07-03 08:29:13.299 22705 INFO rally.task.context [-] Task 841c42aa-dce7-45c5-8485-2af0b51bcce0 | Context cleanup@openstack setup() finished in 0.01 msec
2019-07-03 08:29:13.307 22705 RALLYDEBUG rally.task.runner [-] Starting the constant runner (task UUID: 841c42aa-dce7-45c5-8485-2af0b51bcce0). timeout: 0 concurrency: 4 concurrency_per_worker: 1 times: 4 concurrency_overhead: 0 processes_to_start: 4 max_cpu_used: 16
2019-07-03 08:29:13.320 27511 RALLYDEBUG rally.task.runner [-] Starting a worker. concurrency: 1 args: {"subport_count": 125} times: 4 method_name: run timeout: 0 duration: None cls:
2019-07-03 08:29:13.323 27512 RALLYDEBUG rally.task.runner [-] Starting a worker. concurrency: 1 args: {"subport_count": 125} times: 4 method_name: run timeout: 0 duration: None cls:
2019-07-03 08:29:13.326 27511 INFO rally.task.runner [-] Task 841c42aa-dce7-45c5-8485-2af0b51bcce0 | ITER: 1 START
2019-07-03 08:29:13.326 27513 RALLYDEBUG rally.task.runner [-] Starting a worker. concurrency: 1 args: {"subport_count": 125} times: 4 method_name: run timeout: 0 duration: None cls:
2019-07-03 08:29:13.329 27512 INFO rally.task.runner [-] Task 841c42aa-dce7-45c5-8485-2af0b51bcce0 | ITER: 2 START
2019-07-03 08:29:13.329 27514 RALLYDEBUG rally.task.runner [-] Starting a worker. concurrency: 1 args: {"subport_count": 125} times: 4 method_name: run timeout: 0 duration: None cls:
2019-07-03 08:29:13.331 27513 INFO rally.task.runner [-] Task 841c42aa-dce7-45c5-8485-2af0b51bcce0 | ITER: 3 START
2019-07-03 08:29:13.334 27514 INFO rally.task.runner [-] Task 841c42aa-dce7-45c5-8485-2af0b51bcce0 | ITER: 4 START
2019-07-03 08:31:52.904 27514 WARNING rally.task.atomic [-] 'optional_action_timer' is deprecated since rally v0.10.0.Please use action_timer instead, we have improved atomic actions, now do not need to explicitly close original action.
2019-07-03 08:31:52.952 27514 WARNING rally.task.atomic [-] 'optional_action_timer' is deprecated since rally v0.10.0.Please use action_timer instead, we have improved atomic actions, now do not need to explicitly close original action.
2019-07-03 08:31:53.791 27514 INFO rally.task.runner [-] Task 841c42aa-dce7-45c5-8485-2af0b51bcce0 | ITER: 4 END: OK
2019-07-03 08:31:55.809 27513 WARNING rally.task.atomic [-] 'optional_action_timer' is deprecated since rally v0.10.0.Please use action_timer instead, we have improved atomic actions, now do not need to explicitly close original action.
2019-07-03 08:31:55.857 27513 WARNING rally.task.atomic [-] 'optional_action_timer' is deprecated since rally v0.10.0.Please use action_timer instead, we have improved atomic actions, now do not need to explicitly close original action.
2019-07-03 08:31:57.246 27513 INFO rally.task.runner [-] Task 841c42aa-dce7-45c5-8485-2af0b51bcce0 | ITER: 3 END: OK
2019-07-03 08:32:00.562 27512 WARNING rally.task.atomic [-] 'optional_action_timer' is deprecated since rally v0.10.0.Please use action_timer instead, we have improved atomic actions, now do not need to explicitly close original action.
2019-07-03 08:32:00.601 27512 WARNING rally.task.atomic [-] 'optional_action_timer' is deprecated since rally v0.10.0.Please use action_timer instead, we have improved atomic actions, now do not need to explicitly close original action.
2019-07-03 08:32:01.156 27512 INFO rally.task.runner [-] Task 841c42aa-dce7-45c5-8485-2af0b51bcce0 | ITER: 2 END: OK
2019-07-03 08:32:01.777 27511 WARNING rally.task.atomic [-] 'optional_action_timer' is deprecated since rally v0.10.0.Please use action_timer instead, we have improved atomic actions, now do not need to explicitly close original action.
2019-07-03 08:32:01.823 27511 WARNING rally.task.atomic [-] 'optional_action_timer' is deprecated since rally v0.10.0.Please use action_timer instead, we have improved atomic actions, now do not need to explicitly close original action.
2019-07-03 08:32:02.366 27511 INFO rally.task.runner [-] Task 841c42aa-dce7-45c5-8485-2af0b51bcce0 | ITER: 1 END: OK
2019-07-03 08:32:02.391 22705 INFO rally.task.context [-] Task 841c42aa-dce7-45c5-8485-2af0b51bcce0 | Context cleanup@openstack cleanup() started
2019-07-03 08:32:02.394 22705 RALLYDEBUG rally_openstack.cleanup.manager [-] Cleaning up neutron vip objects
2019-07-03 08:32:03.151 22705 RALLYDEBUG rally_openstack.cleanup.manager [-] Cleaning up neutron health_monitor objects
2019-07-03 08:32:03.911 22705 RALLYDEBUG rally_openstack.cleanup.manager [-] Cleaning up neutron pool objects
2019-07-03 08:32:04.628 22705 RALLYDEBUG rally_openstack.cleanup.manager [-] Cleaning up neutron loadbalancer objects
2019-07-03 08:32:05.362 22705 RALLYDEBUG rally_openstack.cleanup.manager [-] Cleaning up neutron floatingip objects
2019-07-03 08:32:06.148 22705 RALLYDEBUG rally_openstack.cleanup.manager [-] Cleaning up neutron port objects
2019-07-03 08:32:08.273 22705 RALLYDEBUG rally_openstack.cleanup.manager [-] Deleting neutron.port object s_rally_d7111c46_XvRU79U0 (011a1e4a-4ef2-4666-9202-b6cc4721c861)
2019-07-03 08:32:08.273 22705 RALLYDEBUG rally_openstack.cleanup.manager [-] Deleting neutron.port object s_rally_d7111c46_AmJsGDGA (00c5cced-d4b2-45a1-8055-b7daa9d3febf)
2019-07-03 08:32:08.276 22705 RALLYDEBUG rally_openstack.cleanup.manager [-] Deleting neutron.port object s_rally_d7111c46_R6KfXTZ9 (025e058b-550b-42d8-8ae6-178437bc62e3)
2019-07-03 08:32:08.277 22705 RALLYDEBUG rally_openstack.cleanup.manager [-] Deleting neutron.port object s_rally_d7111c46_W6WXMhTe (00932fee-a307-4ca5-9de2-943875359760)
2019-07-03 08:32:08.278 22705 RALLYDEBUG rally_openstack.cleanup.manager [-] Deleting neutron.port object s_rally_d7111c46_XKpwoiKs (01f83c59-570f-4acf-82c4-4a9e43ad3a48)
2019-07-03 08:32:08.280 22705 RALLYDEBUG rally_openstack.cleanup.manager [-] Deleting neutron.port object s_rally_d7111c46_zWZSaRmx (02bbac86-9ea5-4f34-bd31-735cc6f66b28)
2019-07-03 08:32:08.280 22705 RALLYDEBUG rally_openstack.cleanup.manager [-] Deleting neutron.port object s_rally_d7111c46_HJMYY6DA (00bc0fa1-3988-49a1-8493-342e373d3db9)
2019-07-03 08:32:08.294 22705 RALLYDEBUG rally_openstack.cleanup.manager [-] Deleting neutron.port object s_rally_d7111c46_8sWEFZQX (020d11fa-9bb3-4927-8667-9ebb31f6417f)
2019-07-03 08:32:08.297 22705 RALLYDEBUG rally_openstack.cleanup.manager [-] Deleting neutron.port object s_rally_d7111c46_qFpBHn1S (02c23fc9-969e-40f9-8492-fd6f62701e34)
2019-07-03 08:32:08.308 22705 RALLYDEBUG rally_openstack.cleanup.manager [-] Deleting neutron.port object s_rally_d7111c46_Y3X5Lfb4 (037a2532-8f4e-429a-84b3-218bdbb1e656)
2019-07-03 08:32:08.317 22705 RALLYDEBUG rally_openstack.cleanup.manager [-] Deleting neutron.port object s_rally_d7111c46_7oaQgFb0 (0035d590-d081-4937-9ffd-6a791af1a175)
2019-07-03 08:32:08.320 22705 RALLYDEBUG rally_openstack.cleanup.manager [-] Deleting neutron.port object s_rally_d7111c46_m6RkZ4av (04abd7e7-5d47-497a-ae86-75dafce8bcb1)
2019-07-03 08:32:08.324 22705 RALLYDEBUG rally_openstack.cleanup.manager [-] Deleting neutron.port object s_rally_d7111c46_W4AMpCfM (044f257f-5cf2-4c6a-9ea8-480c2d9d3059)
2019-07-03 08:32:08.352 22705 RALLYDEBUG rally_openstack.cleanup.manager [-] Deleting neutron.port object s_rally_d7111c46_VFOoGiYU (05b9e666-e543-43ef-9f65-df30dc79e3c3)
2019-07-03 08:32:08.361 22705 RALLYDEBUG rally_openstack.cleanup.manager [-] Deleting neutron.port object s_rally_d7111c46_V11nyMfH (05fece32-2642-4bae-ab00-85d48a578e53)
2019-07-03 08:32:08.397 22705 RALLYDEBUG rally_openstack.cleanup.manager [-] Deleting neutron.port object s_rally_d7111c46_coCelNvd (078268a0-9044-46c3-8b0a-f6209994925a)
2019-07-03 08:32:08.405 22705 RALLYDEBUG rally_openstack.cleanup.manager [-] Deleting neutron.port object s_rally_d7111c46_nNdd7uv8 (06bf3c53-590c-4383-90ca-3cdd219f6395)
2019-07-03 08:32:08.405 22705 RALLYDEBUG rally_openstack.cleanup.manager [-] Deleting neutron.port object s_rally_d7111c46_ilBgOE2R (06388797-303a-4be9-8623-12cdbe68c422)
2019-07-03 08:32:08.415 22705 RALLYDEBUG rally_openstack.cleanup.manager [-] Deleting neutron.port object s_rally_d7111c46_FJ0TrdNE (084f3a03-8da6-4258-a7b0-70b436c502dc)
2019-07-03 08:32:08.420 22705 RALLYDEBUG rally_openstack.cleanup.manager [-] Deleting neutron.port object s_rally_d7111c46_xeofDOlK (07b78953-f595-44f9-860d-e0bb1ed6de97)
2019-07-03 08:32:11.022 22705 RALLYDEBUG rally_openstack.cleanup.manager [-] Deleting neutron.port object s_rally_d7111c46_tVeKrx2e (09fb758e-fd96-4c20-8f73-b6684b84c628)
2019-07-03 08:32:11.140 22705 RALLYDEBUG rally_openstack.cleanup.manager [-] Deleting neutron.port object s_rally_d7111c46_eZpDxPCf (0a59db7d-894d-4ba9-8ce1-ad3ca982e654)
2019-07-03 08:32:11.262 22705 RALLYDEBUG rally_openstack.cleanup.manager [-] Deleting neutron.port object s_rally_d7111c46_olT2O3NC (0ae52bd9-c9ae-4b42-88dd-f4a26f8fe2fa)
2019-07-03 08:32:11.350 22705 RALLYDEBUG rally_openstack.cleanup.manager [-] Deleting neutron.port object s_rally_d7111c46_OXMwbzjz (0b3b7095-4e00-4127-9a87-69c76aff32e9)
2019-07-03 08:32:11.351 22705 RALLYDEBUG rally_openstack.cleanup.manager [-] Deleting neutron.port object s_rally_d7111c46_GKbMAcxM (0bbcacdd-8657-447d-96cb-55af8a9cd522)
2019-07-03 08:32:11.371 22705 RALLYDEBUG rally_openstack.cleanup.manager [-] Deleting neutron.port object s_rally_d7111c46_EEuxXOlM (0c03be50-0035-415f-a20e-e02e6e1335e8)
2019-07-03 08:32:11.394 22705 RALLYDEBUG rally_openstack.cleanup.manager [-] Deleting neutron.port object s_rally_d7111c46_DLjtRBKN (0c4252d1-7369-468e-a55d-0b945fb3405a)
2019-07-03 08:32:11.503 22705 RALLYDEBUG rally_openstack.cleanup.manager [-] Deleting neutron.port object s_rally_d7111c46_QTHpiGHe (0dda7bd6-4930-4ba4-ab1e-c73461bb887f)
2019-07-03 08:32:11.525 22705 RALLYDEBUG rally_openstack.cleanup.manager [-] Deleting neutron.port object s_rally_d7111c46_MYH7QVge (0e5ade58-329e-446f-b50e-efc1983e17c5)
2019-07-03 08:32:11.536 22705 RALLYDEBUG rally_openstack.cleanup.manager [-] Deleting neutron.port object s_rally_d7111c46_llFzz1kk (0edaffdc-460b-4004-bdba-0b0a6e231c7f)
2019-07-03 08:32:11.599 22705 RALLYDEBUG rally_openstack.cleanup.manager [-] Deleting neutron.port object s_rally_d7111c46_Z92LYHBV (0fcba867-ae4d-4e32-b9b2-9dd65095ef42)
2019-07-03 08:32:11.661 22705 RALLYDEBUG rally_openstack.cleanup.manager [-] Deleting neutron.port object s_rally_d7111c46_50WPYYMk (101c2b2c-a06d-4d97-8d95-8e3a9719b243)
2019-07-03 08:32:11.664 22705 RALLYDEBUG rally_openstack.cleanup.manager [-] Deleting neutron.port object s_rally_d7111c46_63xLxITc (105d3221-e2e8-40a8-a57c-9685682fb167)
2019-07-03 08:32:12.178 22705 RALLYDEBUG rally_openstack.cleanup.manager [-] Deleting neutron.port object s_rally_d7111c46_T2uTnhqE (10d17029-ee6c-4477-b037-06921dc3f904)
2019-07-03 08:32:12.385 22705 RALLYDEBUG rally_openstack.cleanup.manager [-] Deleting neutron.port object s_rally_d7111c46_tY1XAKIY (1150353f-ab93-40ad-b505-afe003b8b20a)
2019-07-03 08:32:12.429 22705 RALLYDEBUG rally_openstack.cleanup.manager [-] Deleting neutron.port object s_rally_d7111c46_JyevV51Q (11d437cb-3924-492c-a6bb-c34975e2374f)
2019-07-03 08:32:13.575 22705 RALLYDEBUG rally_openstack.cleanup.manager [-] Deleting neutron.port object s_rally_d7111c46_IgYgElJX (12eb1107-423a-4c26-a2fc-915919351aa4)
2019-07-03 08:32:13.598 22705 RALLYDEBUG rally_openstack.cleanup.manager [-] Deleting neutron.port object s_rally_d7111c46_0tS78qih (13a15181-e2f2-4f9d-9951-850ef33d5d60)
2019-07-03 08:32:13.608 22705 RALLYDEBUG rally_openstack.cleanup.manager [-] Deleting neutron.port object s_rally_d7111c46_vyfanVVS (13e3f21d-a4eb-4745-83eb-2048d03ed2ea)
2019-07-03 08:32:13.626 22705 RALLYDEBUG rally_openstack.cleanup.manager [-] Deleting neutron.port object s_rally_d7111c46_0FLdkp07 (14401611-37d6-4591-884e-a545524fec37)
2019-07-03 08:32:13.715 22705 RALLYDEBUG rally_openstack.cleanup.manager [-] Deleting neutron.port object s_rally_d7111c46_uMQakIh2 (146cb934-9c91-472b-9c6a-2ac6e4416921)
2019-07-03 08:32:13.946 22705 RALLYDEBUG rally_openstack.cleanup.manager [-] Deleting neutron.port object s_rally_d7111c46_xW2p8gPn (1482ebba-8a7f-4f67-8692-70965ddad544)
2019-07-03 08:32:14.087 22705 RALLYDEBUG rally_openstack.cleanup.manager [-] Deleting neutron.port object s_rally_d7111c46_NotKY2eP (152bb417-1b80-428b-a9c8-ad14e3fb68b6)
2019-07-03 08:32:14.121 22705 RALLYDEBUG rally_openstack.cleanup.manager [-] Deleting neutron.port object s_rally_d7111c46_lUj4k6Do (1563538a-7e7d-466e-bd3c-d153f86d81af)
2019-07-03 08:32:14.134 22705 RALLYDEBUG rally_openstack.cleanup.manager [-] Deleting neutron.port object s_rally_d7111c46_GCJfHAPk (157ef8a1-fa12-4e26-87d7-b46bf023a789)
2019-07-03 08:32:14.234 22705 RALLYDEBUG rally_openstack.cleanup.manager [-] Deleting neutron.port object s_rally_d7111c46_Bmbmwb8j (159739d1-c6a7-44c3-96c2-69ae2095d212)
2019-07-03 08:32:14.276 22705 RALLYDEBUG rally_openstack.cleanup.manager [-] Deleting neutron.port object s_rally_d7111c46_804yeUde (1676f121-9a06-468a-bed4-1269199a5269)
2019-07-03 08:32:14.339 22705 RALLYDEBUG rally_openstack.cleanup.manager [-] Deleting neutron.port object s_rally_d7111c46_uAHmit7g (16da74f3-2087-4695-8106-6a1c6d906442)
2019-07-03 08:32:14.708 22705 RALLYDEBUG rally_openstack.cleanup.manager [-] Deleting neutron.port object s_rally_d7111c46_cdyadu7i (1763957c-6469-4a12-a942-066549230e59)
2019-07-03 08:32:14.715 22705 RALLYDEBUG rally_openstack.cleanup.manager [-] Deleting neutron.port object s_rally_d7111c46_hLc4j3N2 (18753f0e-1a16-4f88-b18c-14b60477410d)
2019-07-03 08:32:14.863 22705 RALLYDEBUG rally_openstack.cleanup.manager [-] Deleting neutron.port object s_rally_d7111c46_xLs1Dq4W (189a1271-cd56-4ba1-ae20-afcb1f0cf94f)
2019-07-03 08:32:15.171 22705 RALLYDEBUG rally_openstack.cleanup.manager [-] Deleting neutron.port object s_rally_d7111c46_xMqrd0om (1906e38e-f1ca-49f3-a5d2-19ec73225802)
2019-07-03 08:32:15.178 22705 RALLYDEBUG rally_openstack.cleanup.manager [-] Deleting neutron.port object s_rally_d7111c46_HqBvTJEb (1a6b4a58-b57b-4f86-9ad8-6e5bf5cf0b9f)
2019-07-03 08:32:15.195 22705 RALLYDEBUG rally_openstack.cleanup.manager [-] Deleting neutron.port object s_rally_d7111c46_I6gzHeOj (1a8cb184-7d8b-432d-a73b-0aa4aff5742d)
2019-07-03 08:32:15.394 22705 RALLYDEBUG rally_openstack.cleanup.manager [-] Deleting neutron.port object s_rally_d7111c46_jy6nC57J (1b2d883b-5c1d-49c3-b76c-e673cd365bad)
2019-07-03 08:32:15.484 22705 RALLYDEBUG rally_openstack.cleanup.manager [-] Deleting neutron.port object s_rally_d7111c46_Bi43PjjW (1b304f51-dabe-4ed4-9baf-d32b5682667f)
2019-07-03 08:32:16.007 22705 RALLYDEBUG rally_openstack.cleanup.manager [-] Deleting neutron.port object s_rally_d7111c46_pbk7YgHk (1c01bf17-23ef-44c1-9196-31e4a31a2596)
2019-07-03 08:32:16.154 22705 RALLYDEBUG rally_openstack.cleanup.manager [-] Deleting neutron.port object s_rally_d7111c46_hz5Z6lxz (1c3eb051-08ab-4ee7-bb7e-a307632195d3)
2019-07-03 08:32:16.522 22705 RALLYDEBUG rally_openstack.cleanup.manager [-] Deleting neutron.port object s_rally_d7111c46_Hojb2HJW (1d177545-4ab7-45d5-a8c9-817743a20ba9)
2019-07-03 08:32:16.707 22705 RALLYDEBUG rally_openstack.cleanup.manager [-] Deleting neutron.port object s_rally_d7111c46_9x3uPMXl (1d94a9b8-157b-407a-b7ec-57e693bbbbe8)
2019-07-03 08:32:16.792 22705 RALLYDEBUG rally_openstack.cleanup.manager [-] Deleting neutron.port object s_rally_d7111c46_yhLecp4b (1e6afe94-d665-4506-85ac-79dc5a0f59cf)
2019-07-03 08:32:16.825 22705 RALLYDEBUG rally_openstack.cleanup.manager [-] Deleting neutron.port object s_rally_d7111c46_iO1yWT17 (1ec8a5a8-cbf5-412d-a42f-7344dfab6714)
2019-07-03 08:32:16.846 22705 RALLYDEBUG rally_openstack.cleanup.manager [-] Deleting neutron.port object s_rally_d7111c46_BT7MVrRf (1f154ec6-1913-4f45-9edd-afbadacfc303)
2019-07-03 08:32:17.025 22705 RALLYDEBUG rally_openstack.cleanup.manager [-] Deleting neutron.port object s_rally_d7111c46_WKzGXN04 (1f39a0e7-05ea-4753-8455-300bf0a0306d)
2019-07-03 08:32:17.085 22705 RALLYDEBUG rally_openstack.cleanup.manager [-] Deleting neutron.port object s_rally_d7111c46_mWPmFGsP (206766c8-e97a-445d-8e87-162f67bc880a)
2019-07-03 08:32:17.161 22705 RALLYDEBUG rally_openstack.cleanup.manager [-] Deleting neutron.port object s_rally_d7111c46_WpSRjkn4 (206f070b-23ad-4af6-9a88-dd34dd5ce5f5)
2019-07-03 08:32:17.382 22705 RALLYDEBUG rally_openstack.cleanup.manager [-] Deleting neutron.port object s_rally_d7111c46_JD6BLJw1 (20cd0730-f381-430a-9a01-83977f86656a)
2019-07-03 08:32:17.497 22705 RALLYDEBUG rally_openstack.cleanup.manager [-] Deleting neutron.port object s_rally_d7111c46_pjphHsYa (20f92cb6-a5be-46ec-b69e-349e13078a01)
2019-07-03 08:32:17.544 22705 RALLYDEBUG rally_openstack.cleanup.manager [-] Deleting neutron.port object s_rally_d7111c46_urzd7tMU (2140683e-3743-4f81-a789-4f4b66c09fde)
2019-07-03 08:32:17.544 22705 RALLYDEBUG rally_openstack.cleanup.manager [-] Deleting neutron.port object s_rally_d7111c46_Jn6r2T3E (2122b27c-dffe-4980-8007-082f19f78b7c)
2019-07-03 08:32:17.652 22705 RALLYDEBUG rally_openstack.cleanup.manager [-] Deleting neutron.port object s_rally_d7111c46_zwFNGyYd (215ce360-7330-4de4-a3c4-f6d499e37ae2)
2019-07-03 08:32:17.680 22705 RALLYDEBUG rally_openstack.cleanup.manager [-] Deleting neutron.port object s_rally_d7111c46_l4kXoaq2 (21c32d87-a820-4f6e-a791-a03ddcc7789e)
2019-07-03 08:32:17.801 22705 RALLYDEBUG rally_openstack.cleanup.manager [-] Deleting neutron.port object s_rally_d7111c46_NhQGdBfY (224e617c-a440-4a8a-b913-fdcc1c902b97)
2019-07-03 08:32:17.888 22705 RALLYDEBUG rally_openstack.cleanup.manager [-] Deleting neutron.port object s_rally_d7111c46_IPCTWvlS (23fbaebe-1c09-4e12-80cd-a1af1f8d0fee)
2019-07-03 08:32:17.949 22705 RALLYDEBUG rally_openstack.cleanup.manager [-] Deleting neutron.port object s_rally_d7111c46_BiMfpakz (24241d58-f712-48eb-834a-515c74369cb4)
2019-07-03 08:32:17.959 22705 RALLYDEBUG rally_openstack.cleanup.manager [-] Deleting neutron.port object s_rally_d7111c46_BJDFRdXv (26bb3b32-57d6-4e3e-9841-17a8f363e8eb)
2019-07-03 08:32:18.543 22705 RALLYDEBUG rally_openstack.cleanup.manager [-] Deleting neutron.port object s_rally_d7111c46_kXknXTO2 (2705575e-4c34-490b-a7b5-959f84dec674)
2019-07-03 08:32:18.837 22705 RALLYDEBUG rally_openstack.cleanup.manager [-] Deleting neutron.port object s_rally_d7111c46_rIzZRPA9 (271ef1e6-4dca-4fac-a166-14f26bece36e)
2019-07-03 08:32:19.343 22705 RALLYDEBUG rally_openstack.cleanup.manager [-] Deleting neutron.port object s_rally_d7111c46_ZzaXifi4 (284d11d4-c878-4b1e-880d-d33e25036c9d)
2019-07-03 08:32:19.350 22705 RALLYDEBUG rally_openstack.cleanup.manager [-] Deleting neutron.port object s_rally_d7111c46_2HnnfQlt (285d0e51-5d98-4602-9bb1-266283527918)
2019-07-03 08:32:19.442 22705 RALLYDEBUG rally_openstack.cleanup.manager [-] Deleting neutron.port object s_rally_d7111c46_ILFHaNyK (28633933-6acc-4c50-a19c-f7b4ec86d264)
2019-07-03 08:32:19.562 22705 RALLYDEBUG rally_openstack.cleanup.manager [-] Deleting neutron.port object s_rally_d7111c46_zTmlcCTR (28d1b693-dd45-434e-b007-b0da637b8027)
2019-07-03 08:32:19.574 22705 RALLYDEBUG rally_openstack.cleanup.manager [-] Deleting neutron.port object s_rally_d7111c46_K06zKur2 (2902f908-af4b-4dcc-a2f3-d2aa0d344ab7)
2019-07-03 08:32:19.680 22705 RALLYDEBUG rally_openstack.cleanup.manager [-] Deleting neutron.port object s_rally_d7111c46_96LFAJjA (299cc337-fdc1-416b-adf7-f817ed283d22)
2019-07-03 08:32:19.714 22705 RALLYDEBUG rally_openstack.cleanup.manager [-] Deleting neutron.port object s_rally_d7111c46_l8vXkvWg (29b0c298-4e05-4007-9fcb-3afd5f431601)
2019-07-03 08:32:19.809 22705 RALLYDEBUG rally_openstack.cleanup.manager [-] Deleting neutron.port object s_rally_d7111c46_UFyuhIfi (2a0a9228-25c5-44e3-b4b8-33ba42c3b753)
2019-07-03 08:32:20.061 22705 RALLYDEBUG rally_openstack.cleanup.manager [-] Deleting neutron.port object s_rally_d7111c46_bcfu8uK5 (2ae720fb-db65-4bca-a069-106096ba9540)
2019-07-03 08:32:20.116 22705 RALLYDEBUG rally_openstack.cleanup.manager [-] Deleting neutron.port object s_rally_d7111c46_QIGgITk4 (2b0ff17e-680b-44a3-afa9-393e6df8923f)
2019-07-03 08:32:20.191 22705 RALLYDEBUG rally_openstack.cleanup.manager [-] Deleting neutron.port object s_rally_d7111c46_96TtKHWj (2bdf74cf-5086-4ba6-a3ce-5163c0078fb9)
2019-07-03 08:32:20.256 22705 RALLYDEBUG rally_openstack.cleanup.manager [-] Deleting neutron.port object s_rally_d7111c46_psnhiWrO (2c1c68e2-6961-4844-83c8-42d8b5c8c5c1)
2019-07-03 08:32:20.299 22705 RALLYDEBUG rally_openstack.cleanup.manager [-] Deleting neutron.port object s_rally_d7111c46_J6cSFFj9 (2cda2b4d-1a3b-4ee1-ad78-3c26604fa060)
2019-07-03 08:32:20.480 22705 RALLYDEBUG rally_openstack.cleanup.manager [-] Deleting neutron.port object s_rally_d7111c46_CvMkATzy (2d8d7600-b0c4-40a6-8222-70c16e2e1486)
2019-07-03 08:32:20.711 22705 RALLYDEBUG rally_openstack.cleanup.manager [-] Deleting neutron.port object s_rally_d7111c46_5NQr2sDF (2da0bc4e-540a-463e-b3c4-af88e69c1eb5)
2019-07-03 08:32:20.720 22705 RALLYDEBUG rally_openstack.cleanup.manager [-] Deleting neutron.port object s_rally_d7111c46_KVDKrCWz (2dd5b696-9bb3-4766-8d52-04973c1384cb)
2019-07-03 08:32:20.738 22705 RALLYDEBUG rally_openstack.cleanup.manager [-] Deleting neutron.port object s_rally_d7111c46_L5TTv5Aq (2de76c4a-155b-4e75-9a4b-ab84ac582f22)
2019-07-03 08:32:20.872 22705 RALLYDEBUG rally_openstack.cleanup.manager [-] Deleting neutron.port object s_rally_d7111c46_MVu5tfYD (2f34556a-1202-4e1a-815f-41445b85bb0b)
2019-07-03 08:32:21.014 22705 RALLYDEBUG rally_openstack.cleanup.manager [-] Deleting neutron.port object s_rally_d7111c46_wTCx4E5r (3043537f-81a4-4eec-b891-8bc3c7ba2023)
2019-07-03 08:32:21.117 22705 RALLYDEBUG rally_openstack.cleanup.manager [-] Deleting neutron.port object s_rally_d7111c46_wSHISNve (30fec863-32ed-4136-bf7a-41ba7d56c7ac)
2019-07-03 08:32:21.736 22705 RALLYDEBUG rally_openstack.cleanup.manager [-] Deleting neutron.port object s_rally_d7111c46_wvjHsfrT (324ffa30-0624-495b-9f71-1138764dab79)
