2019-07-03 06:34:52.329 1842 RALLYDEBUG rally_openstack.cleanup.manager [-] Deleting cinder.volume_types object s_rally_b8940b80_lctdt8Qb (12cbf598-cdb8-4eff-a0e7-89722a49ff2c)
2019-07-03 06:34:52.329 1842 RALLYDEBUG rally_openstack.cleanup.manager [-] Deleting cinder.volume_types object s_rally_b8940b80_34UmN0YD (883d9255-6b02-40e5-b986-cfac80144ffc)
2019-07-03 06:34:52.338 1842 RALLYDEBUG rally_openstack.cleanup.manager [-] Deleting cinder.volume_types object s_rally_b8940b80_lxBU3g3Y (6d75eee4-9d2f-4c9a-9b1e-ca789552c3ba)
2019-07-03 06:34:52.340 1842 RALLYDEBUG rally_openstack.cleanup.manager [-] Deleting cinder.volume_types object s_rally_b8940b80_vrzYZD1s (78cb60b1-6ac8-472e-91aa-e9260d1a9741)
2019-07-03 06:34:52.360 1842 RALLYDEBUG rally_openstack.cleanup.manager [-] Deleting cinder.volume_types object s_rally_b8940b80_Yq0w9YLl (b7bbd72b-3091-4104-9fb4-aece8fab8fc7)
2019-07-03 06:34:52.373 1842 RALLYDEBUG rally_openstack.cleanup.manager [-] Deleting cinder.volume_types object s_rally_b8940b80_JgQ119Lx (9b1a8115-a3f6-4676-9382-70cbdf992b06)
2019-07-03 06:34:54.720 1842 RALLYDEBUG rally_openstack.cleanup.manager [-] Cleaning up cinder image_volumes_cache objects
2019-07-03 06:34:55.985 1842 RALLYDEBUG rally_openstack.cleanup.manager [-] Cleaning up cinder quotas objects
2019-07-03 06:34:57.722 1842 RALLYDEBUG rally_openstack.cleanup.manager [-] Cleaning up cinder qos_specs objects
2019-07-03 06:34:58.475 1842 INFO rally.task.context [-] Task e274b4d1-b237-4682-9b08-4746c80d15cd | Context admin_cleanup@openstack cleanup() finished in 6.97 sec
2019-07-03 06:34:58.476 1842 INFO rally.task.context [-] Task e274b4d1-b237-4682-9b08-4746c80d15cd | Context api_versions@openstack cleanup() started
2019-07-03 06:34:58.476 1842 INFO rally.task.context [-] Task e274b4d1-b237-4682-9b08-4746c80d15cd | Context api_versions@openstack cleanup() finished in 0.32 msec
2019-07-03 06:34:58.476 1842 INFO rally.task.context [-] Task e274b4d1-b237-4682-9b08-4746c80d15cd | Context users@openstack cleanup() started
2019-07-03 06:35:07.115 1842 INFO rally.task.context [-] Task e274b4d1-b237-4682-9b08-4746c80d15cd | Context users@openstack cleanup() finished in 8.64 sec
2019-07-03 06:35:08.303 1842 INFO rally.task.engine [-] Load duration is: 4.121758
2019-07-03 06:35:08.303 1842 INFO rally.task.engine [-] Full runner duration is: 4.170888
2019-07-03 06:35:08.304 1842 INFO rally.task.engine [-] Full duration is: 24.921591
2019-07-03 06:35:08.473 1842 INFO rally.task.engine [-] Task e274b4d1-b237-4682-9b08-4746c80d15cd | Completed: Running task.
2019-07-03 06:35:09.553 6540 RALLYDEBUG rally.api [-] INFO logs from urllib3 and requests module are hide.
2019-07-03 06:35:09.554 6540 RALLYDEBUG rally.api [-] urllib3 insecure warnings are hidden.
2019-07-03 06:35:09.554 6540 RALLYDEBUG rally.api [-] ERROR log from boto module is hide.
2019-07-03 06:35:10.401 6541 RALLYDEBUG rally.api [-] INFO logs from urllib3 and requests module are hide.
2019-07-03 06:35:10.401 6541 RALLYDEBUG rally.api [-] urllib3 insecure warnings are hidden.
2019-07-03 06:35:10.401 6541 RALLYDEBUG rally.api [-] ERROR log from boto module is hide.
2019-07-03 06:35:11.545 6541 INFO rally.api [-] Building 'json' report for the following task(s): 'e274b4d1-b237-4682-9b08-4746c80d15cd'.
2019-07-03 06:35:11.588 6541 INFO rally.api [-] The report has been successfully built.
2019-07-03 06:35:12.374 6543 RALLYDEBUG rally.api [-] INFO logs from urllib3 and requests module are hide.
2019-07-03 06:35:12.374 6543 RALLYDEBUG rally.api [-] urllib3 insecure warnings are hidden.
2019-07-03 06:35:12.374 6543 RALLYDEBUG rally.api [-] ERROR log from boto module is hide.
2019-07-03 06:35:13.614 6543 INFO rally.task.engine [-] Task 6889cf9a-e94f-46d1-a1f0-6ae18a739d1d | Starting: Task validation.
2019-07-03 06:35:13.647 6543 INFO rally.task.engine [-] Task 6889cf9a-e94f-46d1-a1f0-6ae18a739d1d | Starting: Task validation of syntax.
2019-07-03 06:35:13.751 6543 INFO rally.task.engine [-] Task 6889cf9a-e94f-46d1-a1f0-6ae18a739d1d | Completed: Task validation of syntax.
2019-07-03 06:35:13.751 6543 INFO rally.task.engine [-] Task 6889cf9a-e94f-46d1-a1f0-6ae18a739d1d | Starting: Task validation of required platforms.
2019-07-03 06:35:13.808 6543 INFO rally.task.engine [-] Task 6889cf9a-e94f-46d1-a1f0-6ae18a739d1d | Completed: Task validation of required platforms.
2019-07-03 06:35:13.808 6543 INFO rally.task.engine [-] Task 6889cf9a-e94f-46d1-a1f0-6ae18a739d1d | Starting: Task validation of semantic.
2019-07-03 06:35:13.808 6543 INFO rally.task.engine [-] Check health of the environment 'fabe14c3-827f-487a-b95f-55e4042b7153'.
2019-07-03 06:35:14.651 6543 INFO rally.task.engine [-] Platform existing@openstack (available: True): OK!
2019-07-03 06:35:14.678 6543 RALLYDEBUG rally_openstack.contexts.keystone.users [-] Creating 1 tenants using 20 threads
2019-07-03 06:35:16.465 6543 RALLYDEBUG rally_openstack.contexts.keystone.users [-] Creating 1 users using 20 threads
2019-07-03 06:35:19.313 6543 INFO rally.task.context [-] Task 6889cf9a-e94f-46d1-a1f0-6ae18a739d1d | Context users@openstack setup() finished in 4.64 sec
2019-07-03 06:35:26.503 6543 INFO rally.task.context [-] Task 6889cf9a-e94f-46d1-a1f0-6ae18a739d1d | Context users@openstack cleanup() started
2019-07-03 06:35:31.711 6543 INFO rally.task.context [-] Task 6889cf9a-e94f-46d1-a1f0-6ae18a739d1d | Context users@openstack cleanup() finished in 5.21 sec
2019-07-03 06:35:31.711 6543 INFO rally.task.engine [-] Task 6889cf9a-e94f-46d1-a1f0-6ae18a739d1d | Completed: Task validation of semantic.
2019-07-03 06:35:31.712 6543 INFO rally.task.engine [-] Task 6889cf9a-e94f-46d1-a1f0-6ae18a739d1d | Completed: Task validation.
2019-07-03 06:35:31.712 6543 INFO rally.api [-] Task 6889cf9a-e94f-46d1-a1f0-6ae18a739d1d input file is valid.
2019-07-03 06:35:31.712 6543 INFO rally.api [-] Run Task 6889cf9a-e94f-46d1-a1f0-6ae18a739d1d against Deployment fabe14c3-827f-487a-b95f-55e4042b7153
2019-07-03 06:35:31.713 6543 INFO rally.task.engine [-] Task 6889cf9a-e94f-46d1-a1f0-6ae18a739d1d | Starting: Running task.
2019-07-03 06:35:31.839 6543 INFO rally.task.engine [-] Running workload: position = 0 config = { "version": 2, "title": "A cropped version of a bigger task.", "description": "Auto-generated task from a single workload (uuid=824a6c0c-f148-4727-9aee-79e9f7316fe1)", "subtasks": [ { "title": "Gnocchi.list_capabilities", "description": "List supported aggregation methods.", "scenario": { "Gnocchi.list_capabilities": {} }, "contexts": { "users": { "tenants": 3, "users_per_tenant": 2 } }, "runner": { "constant": { "concurrency": 4, "times": 10 } }, "hooks": [], "sla": { "failure_rate": { "max": 0 } } } ] }
2019-07-03 06:35:31.861 6543 RALLYDEBUG rally_openstack.contexts.keystone.users [-] Creating 3 tenants using 20 threads
2019-07-03 06:35:33.805 6543 RALLYDEBUG rally_openstack.contexts.keystone.users [-] Creating 6 users using 20 threads
2019-07-03 06:35:36.656 6543 INFO rally.task.context [-] Task 6889cf9a-e94f-46d1-a1f0-6ae18a739d1d | Context users@openstack setup() finished in 4.80 sec
2019-07-03 06:35:36.664 6543 RALLYDEBUG rally.task.runner [-] Starting the constant runner (task UUID: 6889cf9a-e94f-46d1-a1f0-6ae18a739d1d). timeout: 0 concurrency: 4 concurrency_per_worker: 1 times: 10 concurrency_overhead: 0 processes_to_start: 4 max_cpu_used: 16
2019-07-03 06:35:36.678 6667 RALLYDEBUG rally.task.runner [-] Starting a worker. concurrency: 1 args: {} times: 10 method_name: run timeout: 0 duration: None cls:
2019-07-03 06:35:36.681 6668 RALLYDEBUG rally.task.runner [-] Starting a worker. concurrency: 1 args: {} times: 10 method_name: run timeout: 0 duration: None cls:
2019-07-03 06:35:36.684 6667 INFO rally.task.runner [-] Task 6889cf9a-e94f-46d1-a1f0-6ae18a739d1d | ITER: 1 START
2019-07-03 06:35:36.683 6669 RALLYDEBUG rally.task.runner [-] Starting a worker. concurrency: 1 args: {} times: 10 method_name: run timeout: 0 duration: None cls:
2019-07-03 06:35:36.686 6670 RALLYDEBUG rally.task.runner [-] Starting a worker. concurrency: 1 args: {} times: 10 method_name: run timeout: 0 duration: None cls:
2019-07-03 06:35:36.687 6668 INFO rally.task.runner [-] Task 6889cf9a-e94f-46d1-a1f0-6ae18a739d1d | ITER: 2 START
2019-07-03 06:35:36.689 6669 INFO rally.task.runner [-] Task 6889cf9a-e94f-46d1-a1f0-6ae18a739d1d | ITER: 3 START
2019-07-03 06:35:36.691 6670 INFO rally.task.runner [-] Task 6889cf9a-e94f-46d1-a1f0-6ae18a739d1d | ITER: 4 START
2019-07-03 06:35:37.415 6668 INFO rally.task.runner [-] Task 6889cf9a-e94f-46d1-a1f0-6ae18a739d1d | ITER: 2 END: OK
2019-07-03 06:35:37.419 6668 INFO rally.task.runner [-] Task 6889cf9a-e94f-46d1-a1f0-6ae18a739d1d | ITER: 5 START
2019-07-03 06:35:37.436 6670 INFO rally.task.runner [-] Task 6889cf9a-e94f-46d1-a1f0-6ae18a739d1d | ITER: 4 END: OK
2019-07-03 06:35:37.440 6670 INFO rally.task.runner [-] Task 6889cf9a-e94f-46d1-a1f0-6ae18a739d1d | ITER: 6 START
2019-07-03 06:35:37.442 6667 INFO rally.task.runner [-] Task 6889cf9a-e94f-46d1-a1f0-6ae18a739d1d | ITER: 1 END: OK
2019-07-03 06:35:37.446 6667 INFO rally.task.runner [-] Task 6889cf9a-e94f-46d1-a1f0-6ae18a739d1d | ITER: 7 START
2019-07-03 06:35:37.514 6669 INFO rally.task.runner [-] Task 6889cf9a-e94f-46d1-a1f0-6ae18a739d1d | ITER: 3 END: OK
2019-07-03 06:35:37.518 6669 INFO rally.task.runner [-] Task 6889cf9a-e94f-46d1-a1f0-6ae18a739d1d | ITER: 8 START
2019-07-03 06:35:38.157 6668 INFO rally.task.runner [-] Task 6889cf9a-e94f-46d1-a1f0-6ae18a739d1d | ITER: 5 END: OK
2019-07-03 06:35:38.159 6670 INFO rally.task.runner [-] Task 6889cf9a-e94f-46d1-a1f0-6ae18a739d1d | ITER: 6 END: OK
2019-07-03 06:35:38.160 6668 INFO rally.task.runner [-] Task 6889cf9a-e94f-46d1-a1f0-6ae18a739d1d | ITER: 9 START
2019-07-03 06:35:38.160 6670 INFO rally.task.runner [-] Task 6889cf9a-e94f-46d1-a1f0-6ae18a739d1d | ITER: 10 START
2019-07-03 06:35:38.166 6667 INFO rally.task.runner [-] Task 6889cf9a-e94f-46d1-a1f0-6ae18a739d1d | ITER: 7 END: OK
2019-07-03 06:35:38.259 6669 INFO rally.task.runner [-] Task 6889cf9a-e94f-46d1-a1f0-6ae18a739d1d | ITER: 8 END: OK
2019-07-03 06:35:38.854 6668 INFO rally.task.runner [-] Task 6889cf9a-e94f-46d1-a1f0-6ae18a739d1d | ITER: 9 END: OK
2019-07-03 06:35:38.877 6670 INFO rally.task.runner [-] Task 6889cf9a-e94f-46d1-a1f0-6ae18a739d1d | ITER: 10 END: OK
2019-07-03 06:35:38.903 6543 INFO rally.task.context [-] Task 6889cf9a-e94f-46d1-a1f0-6ae18a739d1d | Context users@openstack cleanup() started
2019-07-03 06:35:47.256 6543 INFO rally.task.context [-] Task 6889cf9a-e94f-46d1-a1f0-6ae18a739d1d | Context users@openstack cleanup() finished in 8.35 sec
2019-07-03 06:35:47.951 6543 INFO rally.task.engine [-] Load duration is: 2.191283
2019-07-03 06:35:47.951 6543 INFO rally.task.engine [-] Full runner duration is: 2.23968
2019-07-03 06:35:47.951 6543 INFO rally.task.engine [-] Full duration is: 15.397386
2019-07-03 06:35:48.180 6543 INFO rally.task.engine [-] Running workload: position = 0 config = { "version": 2, "title": "A cropped version of a bigger task.", "description": "Auto-generated task from a single workload (uuid=199dfbc1-5896-4511-a90c-6fe75c20cc52)", "subtasks": [ { "title": "Gnocchi.get_status", "description": "Get the status of measurements processing.", "scenario": { "Gnocchi.get_status": { "detailed": false } }, "contexts": { "users": { "tenants": 3, "users_per_tenant": 2 } }, "runner": { "constant": { "concurrency": 4, "times": 10 } }, "hooks": [], "sla": { "failure_rate": { "max": 0 } } } ] }
2019-07-03 06:35:48.206 6543 RALLYDEBUG rally_openstack.contexts.keystone.users [-] Creating 3 tenants using 20 threads
2019-07-03 06:35:50.053 6543 RALLYDEBUG rally_openstack.contexts.keystone.users [-] Creating 6 users using 20 threads
2019-07-03 06:35:52.980 6543 INFO rally.task.context [-] Task 6889cf9a-e94f-46d1-a1f0-6ae18a739d1d | Context users@openstack setup() finished in 4.77 sec
2019-07-03 06:35:52.988 6543 RALLYDEBUG rally.task.runner [-] Starting the constant runner (task UUID: 6889cf9a-e94f-46d1-a1f0-6ae18a739d1d). timeout: 0 concurrency: 4 concurrency_per_worker: 1 times: 10 concurrency_overhead: 0 processes_to_start: 4 max_cpu_used: 16
2019-07-03 06:35:52.999 6772 RALLYDEBUG rally.task.runner [-] Starting a worker. concurrency: 1 args: {"detailed": false} times: 10 method_name: run timeout: 0 duration: None cls:
2019-07-03 06:35:53.000 6771 RALLYDEBUG rally.task.runner [-] Starting a worker. concurrency: 1 args: {"detailed": false} times: 10 method_name: run timeout: 0 duration: None cls:
2019-07-03 06:35:53.001 6773 RALLYDEBUG rally.task.runner [-] Starting a worker. concurrency: 1 args: {"detailed": false} times: 10 method_name: run timeout: 0 duration: None cls:
2019-07-03 06:35:53.003 6772 INFO rally.task.runner [-] Task 6889cf9a-e94f-46d1-a1f0-6ae18a739d1d | ITER: 1 START
2019-07-03 06:35:53.003 6773 INFO rally.task.runner [-] Task 6889cf9a-e94f-46d1-a1f0-6ae18a739d1d | ITER: 3 START
2019-07-03 06:35:53.005 6771 INFO rally.task.runner [-] Task 6889cf9a-e94f-46d1-a1f0-6ae18a739d1d | ITER: 2 START
2019-07-03 06:35:53.006 6774 RALLYDEBUG rally.task.runner [-] Starting a worker. concurrency: 1 args: {"detailed": false} times: 10 method_name: run timeout: 0 duration: None cls:
2019-07-03 06:35:53.012 6774 INFO rally.task.runner [-] Task 6889cf9a-e94f-46d1-a1f0-6ae18a739d1d | ITER: 4 START
2019-07-03 06:35:53.766 6772 INFO rally.task.runner [-] Task 6889cf9a-e94f-46d1-a1f0-6ae18a739d1d | ITER: 1 END: OK
2019-07-03 06:35:53.770 6771 INFO rally.task.runner [-] Task 6889cf9a-e94f-46d1-a1f0-6ae18a739d1d | ITER: 2 END: OK
2019-07-03 06:35:53.770 6772 INFO rally.task.runner [-] Task 6889cf9a-e94f-46d1-a1f0-6ae18a739d1d | ITER: 5 START
2019-07-03 06:35:53.774 6771 INFO rally.task.runner [-] Task 6889cf9a-e94f-46d1-a1f0-6ae18a739d1d | ITER: 6 START
2019-07-03 06:35:53.774 6774 INFO rally.task.runner [-] Task 6889cf9a-e94f-46d1-a1f0-6ae18a739d1d | ITER: 4 END: OK
2019-07-03 06:35:53.778 6774 INFO rally.task.runner [-] Task 6889cf9a-e94f-46d1-a1f0-6ae18a739d1d | ITER: 7 START
2019-07-03 06:35:53.872 6773 INFO rally.task.runner [-] Task 6889cf9a-e94f-46d1-a1f0-6ae18a739d1d | ITER: 3 END: OK
2019-07-03 06:35:53.875 6773 INFO rally.task.runner [-] Task 6889cf9a-e94f-46d1-a1f0-6ae18a739d1d | ITER: 8 START
2019-07-03 06:35:54.507 6772 INFO rally.task.runner [-] Task 6889cf9a-e94f-46d1-a1f0-6ae18a739d1d | ITER: 5 END: OK
2019-07-03 06:35:54.512 6772 INFO rally.task.runner [-] Task 6889cf9a-e94f-46d1-a1f0-6ae18a739d1d | ITER: 9 START
2019-07-03 06:35:54.515 6774 INFO rally.task.runner [-] Task 6889cf9a-e94f-46d1-a1f0-6ae18a739d1d | ITER: 7 END: OK
2019-07-03 06:35:54.517 6774 INFO rally.task.runner [-] Task 6889cf9a-e94f-46d1-a1f0-6ae18a739d1d | ITER: 10 START
2019-07-03 06:35:54.572 6771 INFO rally.task.runner [-] Task 6889cf9a-e94f-46d1-a1f0-6ae18a739d1d | ITER: 6 END: OK
2019-07-03 06:35:54.646 6773 INFO rally.task.runner [-] Task 6889cf9a-e94f-46d1-a1f0-6ae18a739d1d | ITER: 8 END: OK
2019-07-03 06:35:55.204 6774 INFO rally.task.runner [-] Task 6889cf9a-e94f-46d1-a1f0-6ae18a739d1d | ITER: 10 END: OK
2019-07-03 06:35:55.259 6772 INFO rally.task.runner [-] Task 6889cf9a-e94f-46d1-a1f0-6ae18a739d1d | ITER: 9 END: OK
2019-07-03 06:35:55.284 6543 INFO rally.task.context [-] Task 6889cf9a-e94f-46d1-a1f0-6ae18a739d1d | Context users@openstack cleanup() started
2019-07-03 06:36:04.566 6543 INFO rally.task.context [-] Task 6889cf9a-e94f-46d1-a1f0-6ae18a739d1d | Context users@openstack cleanup() finished in 9.28 sec
2019-07-03 06:36:06.292 6543 INFO rally.task.engine [-] Load duration is: 2.254455
2019-07-03 06:36:06.293 6543 INFO rally.task.engine [-] Full runner duration is: 2.296881
2019-07-03 06:36:06.293 6543 INFO rally.task.engine [-] Full duration is: 16.362983
2019-07-03 06:36:06.491 6543 INFO rally.task.engine [-] Running workload: position = 0 config = { "version": 2, "title": "A cropped version of a bigger task.", "description": "Auto-generated task from a single workload (uuid=ea991e7a-38df-4687-b603-85397802cc8a)", "subtasks": [ { "title": "GnocchiArchivePolicyRule.list_archive_policy_rule", "description": "List archive policy rules.", "scenario": { "GnocchiArchivePolicyRule.list_archive_policy_rule": {} }, "contexts": { "users": { "tenants": 3, "users_per_tenant": 2 } }, "runner": { "constant": { "concurrency": 4, "times": 10 } }, "hooks": [], "sla": { "failure_rate": { "max": 0 } } } ] }
2019-07-03 06:36:06.511 6543 RALLYDEBUG rally_openstack.contexts.keystone.users [-] Creating 3 tenants using 20 threads
2019-07-03 06:36:08.556 6543 RALLYDEBUG rally_openstack.contexts.keystone.users [-] Creating 6 users using 20 threads
2019-07-03 06:36:11.334 6543 INFO rally.task.context [-] Task 6889cf9a-e94f-46d1-a1f0-6ae18a739d1d | Context users@openstack setup() finished in 4.82 sec
2019-07-03 06:36:11.342 6543 RALLYDEBUG rally.task.runner [-] Starting the constant runner (task UUID: 6889cf9a-e94f-46d1-a1f0-6ae18a739d1d). timeout: 0 concurrency: 4 concurrency_per_worker: 1 times: 10 concurrency_overhead: 0 processes_to_start: 4 max_cpu_used: 16
2019-07-03 06:36:11.354 6875 RALLYDEBUG rally.task.runner [-] Starting a worker. concurrency: 1 args: {} times: 10 method_name: run timeout: 0 duration: None cls:
2019-07-03 06:36:11.356 6876 RALLYDEBUG rally.task.runner [-] Starting a worker. concurrency: 1 args: {} times: 10 method_name: run timeout: 0 duration: None cls:
2019-07-03 06:36:11.359 6875 INFO rally.task.runner [-] Task 6889cf9a-e94f-46d1-a1f0-6ae18a739d1d | ITER: 1 START
2019-07-03 06:36:11.359 6877 RALLYDEBUG rally.task.runner [-] Starting a worker. concurrency: 1 args: {} times: 10 method_name: run timeout: 0 duration: None cls:
2019-07-03 06:36:11.361 6878 RALLYDEBUG rally.task.runner [-] Starting a worker. concurrency: 1 args: {} times: 10 method_name: run timeout: 0 duration: None cls:
2019-07-03 06:36:11.362 6876 INFO rally.task.runner [-] Task 6889cf9a-e94f-46d1-a1f0-6ae18a739d1d | ITER: 2 START
2019-07-03 06:36:11.365 6877 INFO rally.task.runner [-] Task 6889cf9a-e94f-46d1-a1f0-6ae18a739d1d | ITER: 3 START
2019-07-03 06:36:11.366 6878 INFO rally.task.runner [-] Task 6889cf9a-e94f-46d1-a1f0-6ae18a739d1d | ITER: 4 START
2019-07-03 06:36:12.093 6877 INFO rally.task.runner [-] Task 6889cf9a-e94f-46d1-a1f0-6ae18a739d1d | ITER: 3 END: OK
2019-07-03 06:36:12.095 6877 INFO rally.task.runner [-] Task 6889cf9a-e94f-46d1-a1f0-6ae18a739d1d | ITER: 5 START
2019-07-03 06:36:12.097 6875 INFO rally.task.runner [-] Task 6889cf9a-e94f-46d1-a1f0-6ae18a739d1d | ITER: 1 END: OK
2019-07-03 06:36:12.097 6878 INFO rally.task.runner [-] Task 6889cf9a-e94f-46d1-a1f0-6ae18a739d1d | ITER: 4 END: OK
2019-07-03 06:36:12.100 6878 INFO rally.task.runner [-] Task 6889cf9a-e94f-46d1-a1f0-6ae18a739d1d | ITER: 6 START
2019-07-03 06:36:12.101 6875 INFO rally.task.runner [-] Task 6889cf9a-e94f-46d1-a1f0-6ae18a739d1d | ITER: 7 START
2019-07-03 06:36:12.104 6876 INFO rally.task.runner [-] Task 6889cf9a-e94f-46d1-a1f0-6ae18a739d1d | ITER: 2 END: OK
2019-07-03 06:36:12.107 6876 INFO rally.task.runner [-] Task 6889cf9a-e94f-46d1-a1f0-6ae18a739d1d | ITER: 8 START
2019-07-03 06:36:12.815 6878 INFO rally.task.runner [-] Task 6889cf9a-e94f-46d1-a1f0-6ae18a739d1d | ITER: 6 END: OK
2019-07-03 06:36:12.819 6878 INFO rally.task.runner [-] Task 6889cf9a-e94f-46d1-a1f0-6ae18a739d1d | ITER: 9 START
2019-07-03 06:36:12.834 6877 INFO rally.task.runner [-] Task 6889cf9a-e94f-46d1-a1f0-6ae18a739d1d | ITER: 5 END: OK
2019-07-03 06:36:12.835 6875 INFO rally.task.runner [-] Task 6889cf9a-e94f-46d1-a1f0-6ae18a739d1d | ITER: 7 END: OK
2019-07-03 06:36:12.837 6877 INFO rally.task.runner [-] Task 6889cf9a-e94f-46d1-a1f0-6ae18a739d1d | ITER: 10 START
2019-07-03 06:36:12.845 6876 INFO rally.task.runner [-] Task 6889cf9a-e94f-46d1-a1f0-6ae18a739d1d | ITER: 8 END: OK
2019-07-03 06:36:13.526 6878 INFO rally.task.runner [-] Task 6889cf9a-e94f-46d1-a1f0-6ae18a739d1d | ITER: 9 END: OK
2019-07-03 06:36:13.563 6877 INFO rally.task.runner [-] Task 6889cf9a-e94f-46d1-a1f0-6ae18a739d1d | ITER: 10 END: OK
2019-07-03 06:36:13.593 6543 INFO rally.task.context [-] Task 6889cf9a-e94f-46d1-a1f0-6ae18a739d1d | Context users@openstack cleanup() started
2019-07-03 06:36:22.513 6543 INFO rally.task.context [-] Task 6889cf9a-e94f-46d1-a1f0-6ae18a739d1d | Context users@openstack cleanup() finished in 8.92 sec
2019-07-03 06:36:22.591 6543 INFO rally.task.engine [-] Load duration is: 2.202123
2019-07-03 06:36:22.591 6543 INFO rally.task.engine [-] Full runner duration is: 2.252474
2019-07-03 06:36:22.591 6543 INFO rally.task.engine [-] Full duration is: 16.005429
2019-07-03 06:36:22.815 6543 INFO rally.task.engine [-] Running workload: position = 0 config = { "version": 2, "title": "A cropped version of a bigger task.", "description": "Auto-generated task from a single workload (uuid=52e3a375-9a79-4497-ae19-214ed189623e)", "subtasks": [ { "title": "GnocchiArchivePolicyRule.create_archive_policy_rule", "description": "Create archive policy rule.", "scenario": { "GnocchiArchivePolicyRule.create_archive_policy_rule": { "metric_pattern": "cpu_*", "archive_policy_name": "low" } }, "contexts": { "users": { "tenants": 3, "users_per_tenant": 2 } }, "runner": { "constant": { "concurrency": 4, "times": 10 } }, "hooks": [], "sla": { "failure_rate": { "max": 0 } } } ] }
2019-07-03 06:36:22.836 6543 RALLYDEBUG rally_openstack.contexts.keystone.users [-] Creating 3 tenants using 20 threads
2019-07-03 06:36:24.854 6543 RALLYDEBUG rally_openstack.contexts.keystone.users [-] Creating 6 users using 20 threads
2019-07-03 06:36:27.713 6543 INFO rally.task.context [-] Task 6889cf9a-e94f-46d1-a1f0-6ae18a739d1d | Context users@openstack setup() finished in 4.88 sec
2019-07-03 06:36:27.713 6543 INFO rally.task.context [-] Task 6889cf9a-e94f-46d1-a1f0-6ae18a739d1d | Context admin_cleanup@openstack setup() finished in 0.01 msec
2019-07-03 06:36:27.720 6543 RALLYDEBUG rally.task.runner [-] Starting the constant runner (task UUID: 6889cf9a-e94f-46d1-a1f0-6ae18a739d1d). timeout: 0 concurrency: 4 concurrency_per_worker: 1 times: 10 concurrency_overhead: 0 processes_to_start: 4 max_cpu_used: 16
2019-07-03 06:36:27.732 6979 RALLYDEBUG rally.task.runner [-] Starting a worker. concurrency: 1 args: {"metric_pattern": "cpu_*", "archive_policy_name": "low"} times: 10 method_name: run timeout: 0 duration: None cls:
2019-07-03 06:36:27.733 6981 RALLYDEBUG rally.task.runner [-] Starting a worker. concurrency: 1 args: {"metric_pattern": "cpu_*", "archive_policy_name": "low"} times: 10 method_name: run timeout: 0 duration: None cls:
2019-07-03 06:36:27.734 6980 RALLYDEBUG rally.task.runner [-] Starting a worker. concurrency: 1 args: {"metric_pattern": "cpu_*", "archive_policy_name": "low"} times: 10 method_name: run timeout: 0 duration: None cls:
2019-07-03 06:36:27.736 6981 INFO rally.task.runner [-] Task 6889cf9a-e94f-46d1-a1f0-6ae18a739d1d | ITER: 2 START
2019-07-03 06:36:27.737 6979 INFO rally.task.runner [-] Task 6889cf9a-e94f-46d1-a1f0-6ae18a739d1d | ITER: 1 START
2019-07-03 06:36:27.739 6980 INFO rally.task.runner [-] Task 6889cf9a-e94f-46d1-a1f0-6ae18a739d1d | ITER: 3 START
2019-07-03 06:36:27.740 6982 RALLYDEBUG rally.task.runner [-] Starting a worker. concurrency: 1 args: {"metric_pattern": "cpu_*", "archive_policy_name": "low"} times: 10 method_name: run timeout: 0 duration: None cls:
2019-07-03 06:36:27.746 6982 INFO rally.task.runner [-] Task 6889cf9a-e94f-46d1-a1f0-6ae18a739d1d | ITER: 4 START
2019-07-03 06:36:28.469 6981 INFO rally.task.runner [-] Task 6889cf9a-e94f-46d1-a1f0-6ae18a739d1d | ITER: 2 END: OK
2019-07-03 06:36:28.473 6981 INFO rally.task.runner [-] Task 6889cf9a-e94f-46d1-a1f0-6ae18a739d1d | ITER: 5 START
2019-07-03 06:36:28.486 6979 INFO rally.task.runner [-] Task 6889cf9a-e94f-46d1-a1f0-6ae18a739d1d | ITER: 1 END: OK
2019-07-03 06:36:28.490 6979 INFO rally.task.runner [-] Task 6889cf9a-e94f-46d1-a1f0-6ae18a739d1d | ITER: 6 START
2019-07-03 06:36:28.523 6982 INFO rally.task.runner [-] Task 6889cf9a-e94f-46d1-a1f0-6ae18a739d1d | ITER: 4 END: OK
2019-07-03 06:36:28.526 6982 INFO rally.task.runner [-] Task 6889cf9a-e94f-46d1-a1f0-6ae18a739d1d | ITER: 7 START
2019-07-03 06:36:28.535 6980 INFO rally.task.runner [-] Task 6889cf9a-e94f-46d1-a1f0-6ae18a739d1d | ITER: 3 END: OK
2019-07-03 06:36:28.538 6980 INFO rally.task.runner [-] Task 6889cf9a-e94f-46d1-a1f0-6ae18a739d1d | ITER: 8 START
2019-07-03 06:36:29.215 6981 INFO rally.task.runner [-] Task 6889cf9a-e94f-46d1-a1f0-6ae18a739d1d | ITER: 5 END: OK
2019-07-03 06:36:29.219 6981 INFO rally.task.runner [-] Task 6889cf9a-e94f-46d1-a1f0-6ae18a739d1d | ITER: 9 START
2019-07-03 06:36:29.241 6979 INFO rally.task.runner [-] Task 6889cf9a-e94f-46d1-a1f0-6ae18a739d1d | ITER: 6 END: OK
2019-07-03 06:36:29.244 6979 INFO rally.task.runner [-] Task 6889cf9a-e94f-46d1-a1f0-6ae18a739d1d | ITER: 10 START
2019-07-03 06:36:29.265 6982 INFO rally.task.runner [-] Task 6889cf9a-e94f-46d1-a1f0-6ae18a739d1d | ITER: 7 END: OK
2019-07-03 06:36:29.277 6980 INFO rally.task.runner [-] Task 6889cf9a-e94f-46d1-a1f0-6ae18a739d1d | ITER: 8 END: OK
2019-07-03 06:36:29.888 6981 INFO rally.task.runner [-] Task 6889cf9a-e94f-46d1-a1f0-6ae18a739d1d | ITER: 9 END: OK
2019-07-03 06:36:29.918 6979 INFO rally.task.runner [-] Task 6889cf9a-e94f-46d1-a1f0-6ae18a739d1d | ITER: 10 END: OK
2019-07-03 06:36:29.940 6543 INFO rally.task.context [-] Task 6889cf9a-e94f-46d1-a1f0-6ae18a739d1d | Context admin_cleanup@openstack cleanup() started
2019-07-03 06:36:29.943 6543 RALLYDEBUG rally_openstack.cleanup.manager [-] Cleaning up gnocchi archive_policy_rule objects
2019-07-03 06:36:30.762 6543 RALLYDEBUG rally_openstack.cleanup.manager [-] Deleting gnocchi.archive_policy_rule object s_rally_52e3a375_0QfifCrG (s_rally_52e3a375_0QfifCrG)
2019-07-03 06:36:30.764 6543 RALLYDEBUG rally_openstack.cleanup.manager [-] Deleting gnocchi.archive_policy_rule object s_rally_52e3a375_03IWngU7 (s_rally_52e3a375_03IWngU7)
2019-07-03 06:36:30.765 6543 RALLYDEBUG rally_openstack.cleanup.manager [-] Deleting gnocchi.archive_policy_rule object s_rally_52e3a375_bZ8EIhMH (s_rally_52e3a375_bZ8EIhMH)
2019-07-03 06:36:30.768 6543 RALLYDEBUG rally_openstack.cleanup.manager [-] Deleting gnocchi.archive_policy_rule object s_rally_52e3a375_Csd8UImt (s_rally_52e3a375_Csd8UImt)
2019-07-03 06:36:30.769 6543 RALLYDEBUG rally_openstack.cleanup.manager [-] Deleting gnocchi.archive_policy_rule object s_rally_52e3a375_xCgkSqon (s_rally_52e3a375_xCgkSqon)
2019-07-03 06:36:30.770 6543 RALLYDEBUG rally_openstack.cleanup.manager [-] Deleting gnocchi.archive_policy_rule object s_rally_52e3a375_9pXTyQZi (s_rally_52e3a375_9pXTyQZi)
2019-07-03 06:36:30.771 6543 RALLYDEBUG rally_openstack.cleanup.manager [-] Deleting gnocchi.archive_policy_rule object s_rally_52e3a375_07lR98En (s_rally_52e3a375_07lR98En)
2019-07-03 06:36:30.771 6543 RALLYDEBUG rally_openstack.cleanup.manager [-] Deleting gnocchi.archive_policy_rule object s_rally_52e3a375_FOWXnCRp (s_rally_52e3a375_FOWXnCRp)
2019-07-03 06:36:30.775 6543 RALLYDEBUG rally_openstack.cleanup.manager [-] Deleting gnocchi.archive_policy_rule object s_rally_52e3a375_kX4TUrUb (s_rally_52e3a375_kX4TUrUb)
2019-07-03 06:36:30.793 6543 RALLYDEBUG rally_openstack.cleanup.manager [-] Deleting gnocchi.archive_policy_rule object s_rally_52e3a375_pUA7o8fh (s_rally_52e3a375_pUA7o8fh)
2019-07-03 06:36:33.128 6543 INFO rally.task.context [-] Task 6889cf9a-e94f-46d1-a1f0-6ae18a739d1d | Context admin_cleanup@openstack cleanup() finished in 3.19 sec
2019-07-03 06:36:33.129 6543 INFO rally.task.context [-] Task 6889cf9a-e94f-46d1-a1f0-6ae18a739d1d | Context users@openstack cleanup() started
2019-07-03 06:36:41.560 6543 INFO rally.task.context [-] Task 6889cf9a-e94f-46d1-a1f0-6ae18a739d1d | Context users@openstack cleanup() finished in 8.43 sec
2019-07-03 06:36:42.958 6543 INFO rally.task.engine [-] Load duration is: 2.180854
2019-07-03 06:36:42.959 6543 INFO rally.task.engine [-] Full runner duration is: 2.220644
2019-07-03 06:36:42.959 6543 INFO rally.task.engine [-] Full duration is: 18.726797
2019-07-03 06:36:43.172 6543 INFO rally.task.engine [-] Running workload: position = 0 config = { "version": 2, "title": "A cropped version of a bigger task.", "description": "Auto-generated task from a single workload (uuid=9e2ddbb9-5633-4492-8e3b-b3502ca90a91)", "subtasks": [ { "title": "GnocchiArchivePolicyRule.create_delete_archive_policy_rule", "description": "Create archive policy rule and then delete it.", "scenario": { "GnocchiArchivePolicyRule.create_delete_archive_policy_rule": { "metric_pattern": "cpu_*", "archive_policy_name": "low" } }, "contexts": { "users": { "tenants": 3, "users_per_tenant": 2 } }, "runner": { "constant": { "concurrency": 4, "times": 10 } }, "hooks": [], "sla": { "failure_rate": { "max": 0 } } } ] }
2019-07-03 06:36:43.194 6543 RALLYDEBUG rally_openstack.contexts.keystone.users [-] Creating 3 tenants using 20 threads
2019-07-03 06:36:45.112 6543 RALLYDEBUG rally_openstack.contexts.keystone.users [-] Creating 6 users using 20 threads
2019-07-03 06:36:47.973 6543 INFO rally.task.context [-] Task 6889cf9a-e94f-46d1-a1f0-6ae18a739d1d | Context users@openstack setup() finished in 4.78 sec
2019-07-03 06:36:47.974 6543 INFO rally.task.context [-] Task 6889cf9a-e94f-46d1-a1f0-6ae18a739d1d | Context admin_cleanup@openstack setup() finished in 0.01 msec
2019-07-03 06:36:47.981 6543 RALLYDEBUG rally.task.runner [-] Starting the constant runner (task UUID: 6889cf9a-e94f-46d1-a1f0-6