2019-07-03 06:12:31.710 1842 INFO rally.task.context [-] Task e274b4d1-b237-4682-9b08-4746c80d15cd | Context users@openstack cleanup() finished in 7.90 sec
2019-07-03 06:12:31.730 1842 INFO rally.task.engine [-] Load duration is: 104.96427
2019-07-03 06:12:31.731 1842 INFO rally.task.engine [-] Full runner duration is: 106.025835
2019-07-03 06:12:31.731 1842 INFO rally.task.engine [-] Full duration is: 142.647638
2019-07-03 06:12:31.951 1842 INFO rally.task.engine [-] Running workload: position = 0 config = { "version": 2, "title": "A cropped version of a bigger task.", "description": "Auto-generated task from a single workload (uuid=35894548-a800-44ad-8667-b701e289e19b)", "subtasks": [ { "title": "CinderVolumes.create_and_list_snapshots", "description": "Create and then list a volume-snapshot.", "scenario": { "CinderVolumes.create_and_list_snapshots": { "detailed": true, "force": false } }, "contexts": { "users": { "tenants": 3, "users_per_tenant": 2 }, "quotas": { "cinder": { "gigabytes": -1, "snapshots": -1, "volumes": -1 } }, "api_versions": { "cinder": { "version": 3, "service_type": "volumev3" } }, "volumes": { "size": 1, "volumes_per_tenant": 1 } }, "runner": { "constant": { "concurrency": 4, "times": 10 } }, "hooks": [], "sla": { "failure_rate": { "max": 0 } } } ] }
2019-07-03 06:12:31.979 1842 RALLYDEBUG rally_openstack.contexts.keystone.users [-] Creating 3 tenants using 20 threads
2019-07-03 06:12:33.837 1842 RALLYDEBUG rally_openstack.contexts.keystone.users [-] Creating 6 users using 20 threads
2019-07-03 06:12:36.690 1842 INFO rally.task.context [-] Task e274b4d1-b237-4682-9b08-4746c80d15cd | Context users@openstack setup() finished in 4.71 sec
2019-07-03 06:12:37.105 1842 INFO rally.task.context [-] Task e274b4d1-b237-4682-9b08-4746c80d15cd | Context api_versions@openstack setup() finished in 0.42 sec
2019-07-03 06:12:38.765 1842 INFO rally.task.context [-] Task e274b4d1-b237-4682-9b08-4746c80d15cd | Context quotas@openstack setup() finished in 1.66 sec
2019-07-03 06:12:49.793 1842 INFO rally.task.context [-] Task e274b4d1-b237-4682-9b08-4746c80d15cd | Context volumes@openstack setup() finished in 11.03 sec
2019-07-03 06:12:49.793 1842 INFO rally.task.context [-] Task e274b4d1-b237-4682-9b08-4746c80d15cd | Context cleanup@openstack setup() finished in 0.02 msec
2019-07-03 06:12:49.801 1842 RALLYDEBUG rally.task.runner [-] Starting the constant runner (task UUID: e274b4d1-b237-4682-9b08-4746c80d15cd). timeout: 0 concurrency: 4 concurrency_per_worker: 1 times: 10 concurrency_overhead: 0 processes_to_start: 4 max_cpu_used: 16
2019-07-03 06:12:49.813 2210 RALLYDEBUG rally.task.runner [-] Starting a worker. concurrency: 1 args: {"detailed": true, "force": false} times: 10 method_name: run timeout: 0 duration: None cls:
2019-07-03 06:12:49.816 2211 RALLYDEBUG rally.task.runner [-] Starting a worker. concurrency: 1 args: {"detailed": true, "force": false} times: 10 method_name: run timeout: 0 duration: None cls:
2019-07-03 06:12:49.819 2212 RALLYDEBUG rally.task.runner [-] Starting a worker. concurrency: 1 args: {"detailed": true, "force": false} times: 10 method_name: run timeout: 0 duration: None cls:
2019-07-03 06:12:49.824 2210 INFO rally.task.runner [-] Task e274b4d1-b237-4682-9b08-4746c80d15cd | ITER: 1 START
2019-07-03 06:12:49.827 2213 RALLYDEBUG rally.task.runner [-] Starting a worker. concurrency: 1 args: {"detailed": true, "force": false} times: 10 method_name: run timeout: 0 duration: None cls:
2019-07-03 06:12:49.827 2211 INFO rally.task.runner [-] Task e274b4d1-b237-4682-9b08-4746c80d15cd | ITER: 2 START
2019-07-03 06:12:49.830 2212 INFO rally.task.runner [-] Task e274b4d1-b237-4682-9b08-4746c80d15cd | ITER: 3 START
2019-07-03 06:12:49.836 2213 INFO rally.task.runner [-] Task e274b4d1-b237-4682-9b08-4746c80d15cd | ITER: 4 START
2019-07-03 06:12:53.661 2212 INFO rally.task.runner [-] Task e274b4d1-b237-4682-9b08-4746c80d15cd | ITER: 3 END: OK
2019-07-03 06:12:53.667 2212 INFO rally.task.runner [-] Task e274b4d1-b237-4682-9b08-4746c80d15cd | ITER: 5 START
2019-07-03 06:12:53.689 2210 INFO rally.task.runner [-] Task e274b4d1-b237-4682-9b08-4746c80d15cd | ITER: 1 END: OK
2019-07-03 06:12:53.694 2210 INFO rally.task.runner [-] Task e274b4d1-b237-4682-9b08-4746c80d15cd | ITER: 6 START
2019-07-03 06:12:53.783 2213 INFO rally.task.runner [-] Task e274b4d1-b237-4682-9b08-4746c80d15cd | ITER: 4 END: OK
2019-07-03 06:12:53.789 2213 INFO rally.task.runner [-] Task e274b4d1-b237-4682-9b08-4746c80d15cd | ITER: 7 START
2019-07-03 06:12:53.853 2211 INFO rally.task.runner [-] Task e274b4d1-b237-4682-9b08-4746c80d15cd | ITER: 2 END: OK
2019-07-03 06:12:53.858 2211 INFO rally.task.runner [-] Task e274b4d1-b237-4682-9b08-4746c80d15cd | ITER: 8 START
2019-07-03 06:12:57.267 2212 INFO rally.task.runner [-] Task e274b4d1-b237-4682-9b08-4746c80d15cd | ITER: 5 END: OK
2019-07-03 06:12:57.272 2212 INFO rally.task.runner [-] Task e274b4d1-b237-4682-9b08-4746c80d15cd | ITER: 9 START
2019-07-03 06:12:57.359 2210 INFO rally.task.runner [-] Task e274b4d1-b237-4682-9b08-4746c80d15cd | ITER: 6 END: OK
2019-07-03 06:12:57.364 2210 INFO rally.task.runner [-] Task e274b4d1-b237-4682-9b08-4746c80d15cd | ITER: 10 START
2019-07-03 06:12:57.519 2211 INFO rally.task.runner [-] Task e274b4d1-b237-4682-9b08-4746c80d15cd | ITER: 8 END: OK
2019-07-03 06:12:57.626 2213 INFO rally.task.runner [-] Task e274b4d1-b237-4682-9b08-4746c80d15cd | ITER: 7 END: OK
2019-07-03 06:13:00.945 2210 INFO rally.task.runner [-] Task e274b4d1-b237-4682-9b08-4746c80d15cd | ITER: 10 END: OK
2019-07-03 06:13:01.001 2212 INFO rally.task.runner [-] Task e274b4d1-b237-4682-9b08-4746c80d15cd | ITER: 9 END: OK
2019-07-03 06:13:01.031 1842 INFO rally.task.context [-] Task e274b4d1-b237-4682-9b08-4746c80d15cd | Context cleanup@openstack cleanup() started
2019-07-03 06:13:01.034 1842 RALLYDEBUG rally_openstack.cleanup.manager [-] Cleaning up cinder backups objects
2019-07-03 06:13:03.048 1842 RALLYDEBUG rally_openstack.cleanup.manager [-] Cleaning up cinder volume_snapshots objects
2019-07-03 06:13:05.241 1842 RALLYDEBUG rally_openstack.cleanup.manager [-] Deleting cinder.volume_snapshots object s_rally_35894548_KMpZWnEa (a11a1254-85ef-4b22-9145-d88a81fbc2af)
2019-07-03 06:13:05.248 1842 RALLYDEBUG rally_openstack.cleanup.manager [-] Deleting cinder.volume_snapshots object s_rally_35894548_xrr2Hp3X (19143a67-ed9f-4fac-9508-3abc08527552)
2019-07-03 06:13:05.248 1842 RALLYDEBUG rally_openstack.cleanup.manager [-] Deleting cinder.volume_snapshots object s_rally_35894548_DAjMOput (4eb37ea4-4ce8-46c9-80a3-aa8e463c752d)
2019-07-03 06:13:05.251 1842 RALLYDEBUG rally_openstack.cleanup.manager [-] Deleting cinder.volume_snapshots object s_rally_35894548_LzLuAggC (6cdb322d-4910-4272-aa17-c29ec6f78dcd)
2019-07-03 06:13:05.256 1842 RALLYDEBUG rally_openstack.cleanup.manager [-] Deleting cinder.volume_snapshots object s_rally_35894548_4JCvcIs8 (88a84006-bd9e-4a50-a798-0716919ccffc)
2019-07-03 06:13:05.257 1842 RALLYDEBUG rally_openstack.cleanup.manager [-] Deleting cinder.volume_snapshots object s_rally_35894548_iae3aANy (edfa722e-034f-476d-8a37-96291fc1061f)
2019-07-03 06:13:05.259 1842 RALLYDEBUG rally_openstack.cleanup.manager [-] Deleting cinder.volume_snapshots object s_rally_35894548_RGhpA1LQ (d88188f4-c227-45f2-8806-abbfdacc7500)
2019-07-03 06:13:05.263 1842 RALLYDEBUG rally_openstack.cleanup.manager [-] Deleting cinder.volume_snapshots object s_rally_35894548_ON67llmE (347f589d-6bd0-4de2-9c97-0187479f674a)
2019-07-03 06:13:05.265 1842 RALLYDEBUG rally_openstack.cleanup.manager [-] Deleting cinder.volume_snapshots object s_rally_35894548_2N4RpAda (dd669afd-2636-4747-afec-61f94983d199)
2019-07-03 06:13:05.267 1842 RALLYDEBUG rally_openstack.cleanup.manager [-] Deleting cinder.volume_snapshots object s_rally_35894548_E96HURRV (e8a06869-6491-4b32-819e-721f70a58770)
2019-07-03 06:13:10.189 1842 RALLYDEBUG rally_openstack.cleanup.manager [-] Cleaning up cinder transfers objects
2019-07-03 06:13:12.177 1842 RALLYDEBUG rally_openstack.cleanup.manager [-] Cleaning up cinder volumes objects
2019-07-03 06:13:14.499 1842 INFO rally.task.context [-] Task e274b4d1-b237-4682-9b08-4746c80d15cd | Context cleanup@openstack cleanup() finished in 13.47 sec
2019-07-03 06:13:14.499 1842 INFO rally.task.context [-] Task e274b4d1-b237-4682-9b08-4746c80d15cd | Context volumes@openstack cleanup() started
2019-07-03 06:13:14.500 1842 RALLYDEBUG rally_openstack.cleanup.manager [-] Cleaning up cinder volumes objects
2019-07-03 06:13:16.815 1842 RALLYDEBUG rally_openstack.cleanup.manager [-] Deleting cinder.volumes object c_rally_35894548_RYJjfaqE (59fd5bfa-3ac3-4c7a-a7c3-34f8974f5fa9)
2019-07-03 06:13:16.822 1842 RALLYDEBUG rally_openstack.cleanup.manager [-] Deleting cinder.volumes object c_rally_35894548_BV7e3O24 (b5dcfddf-67a4-4bcb-87e7-08f11794bfec)
2019-07-03 06:13:16.823 1842 RALLYDEBUG rally_openstack.cleanup.manager [-] Deleting cinder.volumes object c_rally_35894548_g7RZVwRq (224f940f-24a8-4850-94a5-3fcce59cff8a)
2019-07-03 06:13:20.336 1842 INFO rally.task.context [-] Task e274b4d1-b237-4682-9b08-4746c80d15cd | Context volumes@openstack cleanup() finished in 5.84 sec
2019-07-03 06:13:20.337 1842 INFO rally.task.context [-] Task e274b4d1-b237-4682-9b08-4746c80d15cd | Context quotas@openstack cleanup() started
2019-07-03 06:13:21.133 1842 INFO rally.task.context [-] Task e274b4d1-b237-4682-9b08-4746c80d15cd | Context quotas@openstack cleanup() finished in 0.80 sec
2019-07-03 06:13:21.133 1842 INFO rally.task.context [-] Task e274b4d1-b237-4682-9b08-4746c80d15cd | Context api_versions@openstack cleanup() started
2019-07-03 06:13:21.134 1842 INFO rally.task.context [-] Task e274b4d1-b237-4682-9b08-4746c80d15cd | Context api_versions@openstack cleanup() finished in 0.32 msec
2019-07-03 06:13:21.134 1842 INFO rally.task.context [-] Task e274b4d1-b237-4682-9b08-4746c80d15cd | Context users@openstack cleanup() started
2019-07-03 06:13:29.704 1842 INFO rally.task.context [-] Task e274b4d1-b237-4682-9b08-4746c80d15cd | Context users@openstack cleanup() finished in 8.57 sec
2019-07-03 06:13:30.227 1842 INFO rally.task.engine [-] Load duration is: 11.173341
2019-07-03 06:13:30.227 1842 INFO rally.task.engine [-] Full runner duration is: 11.231065
2019-07-03 06:13:30.227 1842 INFO rally.task.engine [-] Full duration is: 57.730398
2019-07-03 06:13:30.435 1842 INFO rally.task.engine [-] Running workload: position = 0 config = { "version": 2, "title": "A cropped version of a bigger task.", "description": "Auto-generated task from a single workload (uuid=dcf9e12d-b880-4edd-9720-662eeeb1e8c2)", "subtasks": [ { "title": "CinderVolumes.create_and_list_volume", "description": "Create a volume and list all volumes.", "scenario": { "CinderVolumes.create_and_list_volume": { "detailed": true, "image": { "name": "rally_full-img_1f0b310f-32f3-4832-bde9-4f3fd8de9ea1" }, "size": 1 } }, "contexts": { "users": { "tenants": 3, "users_per_tenant": 2 }, "quotas": { "cinder": { "gigabytes": -1, "snapshots": -1, "volumes": -1 } }, "api_versions": { "cinder": { "version": 3, "service_type": "volumev3" } } }, "runner": { "constant": { "concurrency": 4, "times": 10 } }, "hooks": [], "sla": { "failure_rate": { "max": 0 } } } ] }
2019-07-03 06:13:30.462 1842 RALLYDEBUG rally_openstack.contexts.keystone.users [-] Creating 3 tenants using 20 threads
2019-07-03 06:13:32.479 1842 RALLYDEBUG rally_openstack.contexts.keystone.users [-] Creating 6 users using 20 threads
2019-07-03 06:13:35.259 1842 INFO rally.task.context [-] Task e274b4d1-b237-4682-9b08-4746c80d15cd | Context users@openstack setup() finished in 4.80 sec
2019-07-03 06:13:35.689 1842 INFO rally.task.context [-] Task e274b4d1-b237-4682-9b08-4746c80d15cd | Context api_versions@openstack setup() finished in 0.43 sec
2019-07-03 06:13:37.344 1842 INFO rally.task.context [-] Task e274b4d1-b237-4682-9b08-4746c80d15cd | Context quotas@openstack setup() finished in 1.65 sec
2019-07-03 06:13:37.344 1842 INFO rally.task.context [-] Task e274b4d1-b237-4682-9b08-4746c80d15cd | Context cleanup@openstack setup() finished in 0.01 msec
2019-07-03 06:13:38.377 1842 RALLYDEBUG rally.task.runner [-] Starting the constant runner (task UUID: e274b4d1-b237-4682-9b08-4746c80d15cd). timeout: 0 concurrency: 4 concurrency_per_worker: 1 times: 10 concurrency_overhead: 0 processes_to_start: 4 max_cpu_used: 16
2019-07-03 06:13:38.389 2414 RALLYDEBUG rally.task.runner [-] Starting a worker. concurrency: 1 args: {"detailed": true, "image": "c735907f-34cf-4007-afed-aa0230b6f520", "size": 1} times: 10 method_name: run timeout: 0 duration: None cls:
2019-07-03 06:13:38.392 2415 RALLYDEBUG rally.task.runner [-] Starting a worker. concurrency: 1 args: {"detailed": true, "image": "c735907f-34cf-4007-afed-aa0230b6f520", "size": 1} times: 10 method_name: run timeout: 0 duration: None cls:
2019-07-03 06:13:38.395 2416 RALLYDEBUG rally.task.runner [-] Starting a worker. concurrency: 1 args: {"detailed": true, "image": "c735907f-34cf-4007-afed-aa0230b6f520", "size": 1} times: 10 method_name: run timeout: 0 duration: None cls:
2019-07-03 06:13:38.397 2414 INFO rally.task.runner [-] Task e274b4d1-b237-4682-9b08-4746c80d15cd | ITER: 1 START
2019-07-03 06:13:38.399 2417 RALLYDEBUG rally.task.runner [-] Starting a worker. concurrency: 1 args: {"detailed": true, "image": "c735907f-34cf-4007-afed-aa0230b6f520", "size": 1} times: 10 method_name: run timeout: 0 duration: None cls:
2019-07-03 06:13:38.401 2415 INFO rally.task.runner [-] Task e274b4d1-b237-4682-9b08-4746c80d15cd | ITER: 2 START
2019-07-03 06:13:38.404 2416 INFO rally.task.runner [-] Task e274b4d1-b237-4682-9b08-4746c80d15cd | ITER: 3 START
2019-07-03 06:13:38.407 2417 INFO rally.task.runner [-] Task e274b4d1-b237-4682-9b08-4746c80d15cd | ITER: 4 START
2019-07-03 06:13:45.723 2415 RALLYDEBUG rally.task.utils [-] Waiting for resource s_rally_dcf9e12d_NuF2WDuc. Status changed: CREATING => DOWNLOADING in 3.03912305832
2019-07-03 06:13:47.493 2417 RALLYDEBUG rally.task.utils [-] Waiting for resource s_rally_dcf9e12d_T2s5F8ko. Status changed: CREATING => DOWNLOADING in 5.0389380455
2019-07-03 06:13:48.338 2414 RALLYDEBUG rally.task.utils [-] Waiting for resource s_rally_dcf9e12d_2HRRoic5. Status changed: CREATING => DOWNLOADING in 5.4704720974
2019-07-03 06:13:54.847 2415 RALLYDEBUG rally.task.utils [-] Waiting for resource s_rally_dcf9e12d_NuF2WDuc. Status changed: DOWNLOADING => AVAILABLE in 9.12414717674
2019-07-03 06:13:54.870 2416 RALLYDEBUG rally.task.utils [-] Waiting for resource s_rally_dcf9e12d_ImMmWKln. Status changed: CREATING => DOWNLOADING in 11.9542911053
2019-07-03 06:13:55.111 2415 INFO rally.task.runner [-] Task e274b4d1-b237-4682-9b08-4746c80d15cd | ITER: 2 END: OK
2019-07-03 06:13:55.116 2415 INFO rally.task.runner [-] Task e274b4d1-b237-4682-9b08-4746c80d15cd | ITER: 5 START
2019-07-03 06:13:56.765 2417 RALLYDEBUG rally.task.utils [-] Waiting for resource s_rally_dcf9e12d_T2s5F8ko. Status changed: DOWNLOADING => AVAILABLE in 9.27245092392
2019-07-03 06:13:57.021 2417 INFO rally.task.runner [-] Task e274b4d1-b237-4682-9b08-4746c80d15cd | ITER: 4 END: OK
2019-07-03 06:13:57.025 2417 INFO rally.task.runner [-] Task e274b4d1-b237-4682-9b08-4746c80d15cd | ITER: 6 START
2019-07-03 06:13:57.530 2414 RALLYDEBUG rally.task.utils [-] Waiting for resource s_rally_dcf9e12d_2HRRoic5. Status changed: DOWNLOADING => AVAILABLE in 9.19234395027
2019-07-03 06:13:57.601 2414 INFO rally.task.runner [-] Task e274b4d1-b237-4682-9b08-4746c80d15cd | ITER: 1 END: OK
2019-07-03 06:13:57.606 2414 INFO rally.task.runner [-] Task e274b4d1-b237-4682-9b08-4746c80d15cd | ITER: 7 START
2019-07-03 06:13:59.002 2416 RALLYDEBUG rally.task.utils [-] Waiting for resource s_rally_dcf9e12d_ImMmWKln. Status changed: DOWNLOADING => AVAILABLE in 4.13156795502
2019-07-03 06:13:59.324 2416 INFO rally.task.runner [-] Task e274b4d1-b237-4682-9b08-4746c80d15cd | ITER: 3 END: OK
2019-07-03 06:13:59.330 2416 INFO rally.task.runner [-] Task e274b4d1-b237-4682-9b08-4746c80d15cd | ITER: 8 START
2019-07-03 06:14:03.203 2415 RALLYDEBUG rally.task.utils [-] Waiting for resource s_rally_dcf9e12d_VSWnl38H. Status changed: CREATING => DOWNLOADING in 3.06132483482
2019-07-03 06:14:05.483 2415 RALLYDEBUG rally.task.utils [-] Waiting for resource s_rally_dcf9e12d_VSWnl38H. Status changed: DOWNLOADING => AVAILABLE in 2.27979111671
2019-07-03 06:14:05.569 2415 INFO rally.task.runner [-] Task e274b4d1-b237-4682-9b08-4746c80d15cd | ITER: 5 END: OK
2019-07-03 06:14:05.573 2415 INFO rally.task.runner [-] Task e274b4d1-b237-4682-9b08-4746c80d15cd | ITER: 9 START
2019-07-03 06:14:06.846 2417 RALLYDEBUG rally.task.utils [-] Waiting for resource s_rally_dcf9e12d_OdI914vY. Status changed: CREATING => DOWNLOADING in 5.37849712372
2019-07-03 06:14:10.493 2414 RALLYDEBUG rally.task.utils [-] Waiting for resource s_rally_dcf9e12d_vfH6sh7r. Status changed: CREATING => DOWNLOADING in 7.70234298706
2019-07-03 06:14:13.322 2417 RALLYDEBUG rally.task.utils [-] Waiting for resource s_rally_dcf9e12d_OdI914vY. Status changed: DOWNLOADING => AVAILABLE in 6.47663998604
2019-07-03 06:14:13.800 2417 INFO rally.task.runner [-] Task e274b4d1-b237-4682-9b08-4746c80d15cd | ITER: 6 END: OK
2019-07-03 06:14:13.804 2417 INFO rally.task.runner [-] Task e274b4d1-b237-4682-9b08-4746c80d15cd | ITER: 10 START
2019-07-03 06:14:14.112 2416 RALLYDEBUG rally.task.utils [-] Waiting for resource s_rally_dcf9e12d_DJOs8xwD. Status changed: CREATING => DOWNLOADING in 9.85204100609
2019-07-03 06:14:15.375 2414 RALLYDEBUG rally.task.utils [-] Waiting for resource s_rally_dcf9e12d_vfH6sh7r. Status changed: DOWNLOADING => AVAILABLE in 4.88160991669
2019-07-03 06:14:15.738 2414 INFO rally.task.runner [-] Task e274b4d1-b237-4682-9b08-4746c80d15cd | ITER: 7 END: OK
2019-07-03 06:14:18.253 2415 RALLYDEBUG rally.task.utils [-] Waiting for resource s_rally_dcf9e12d_PY01ynPT. Status changed: CREATING => DOWNLOADING in 7.60842895508
2019-07-03 06:14:18.724 2416 RALLYDEBUG rally.task.utils [-] Waiting for resource s_rally_dcf9e12d_DJOs8xwD. Status changed: DOWNLOADING => AVAILABLE in 4.61276912689
2019-07-03 06:14:19.077 2416 INFO rally.task.runner [-] Task e274b4d1-b237-4682-9b08-4746c80d15cd | ITER: 8 END: OK
2019-07-03 06:14:20.498 2415 RALLYDEBUG rally.task.utils [-] Waiting for resource s_rally_dcf9e12d_PY01ynPT. Status changed: DOWNLOADING => AVAILABLE in 2.2446410656
2019-07-03 06:14:20.827 2415 INFO rally.task.runner [-] Task e274b4d1-b237-4682-9b08-4746c80d15cd | ITER: 9 END: OK
2019-07-03 06:14:24.405 2417 RALLYDEBUG rally.task.utils [-] Waiting for resource s_rally_dcf9e12d_6FjPXVUl. Status changed: CREATING => DOWNLOADING in 5.16677308083
2019-07-03 06:14:26.745 2417 RALLYDEBUG rally.task.utils [-] Waiting for resource s_rally_dcf9e12d_6FjPXVUl. Status changed: DOWNLOADING => AVAILABLE in 2.34075689316
2019-07-03 06:14:27.122 2417 INFO rally.task.runner [-] Task e274b4d1-b237-4682-9b08-4746c80d15cd | ITER: 10 END: OK
2019-07-03 06:14:27.153 1842 INFO rally.task.context [-] Task e274b4d1-b237-4682-9b08-4746c80d15cd | Context cleanup@openstack cleanup() started
2019-07-03 06:14:27.157 1842 RALLYDEBUG rally_openstack.cleanup.manager [-] Cleaning up cinder backups objects
2019-07-03 06:14:29.334 1842 RALLYDEBUG rally_openstack.cleanup.manager [-] Cleaning up cinder volume_snapshots objects
2019-07-03 06:14:31.551 1842 RALLYDEBUG rally_openstack.cleanup.manager [-] Cleaning up cinder transfers objects
2019-07-03 06:14:33.708 1842 RALLYDEBUG rally_openstack.cleanup.manager [-] Cleaning up cinder volumes objects
2019-07-03 06:14:36.034 1842 RALLYDEBUG rally_openstack.cleanup.manager [-] Deleting cinder.volumes object s_rally_dcf9e12d_6FjPXVUl (0c6acce0-0100-4d69-885c-2ea2049e78b7)
2019-07-03 06:14:36.035 1842 RALLYDEBUG rally_openstack.cleanup.manager [-] Deleting cinder.volumes object s_rally_dcf9e12d_ImMmWKln (b297e1bb-d0d1-4267-bcca-92e0cf8f7934)
2019-07-03 06:14:36.036 1842 RALLYDEBUG rally_openstack.cleanup.manager [-] Deleting cinder.volumes object s_rally_dcf9e12d_NuF2WDuc (37cb1e97-24ef-436d-94f1-96bbb2b8149a)
2019-07-03 06:14:36.041 1842 RALLYDEBUG rally_openstack.cleanup.manager [-] Deleting cinder.volumes object s_rally_dcf9e12d_T2s5F8ko (48ed2b1b-3908-4826-b88a-71e13e9a0e79)
2019-07-03 06:14:36.043 1842 RALLYDEBUG rally_openstack.cleanup.manager [-] Deleting cinder.volumes object s_rally_dcf9e12d_vfH6sh7r (e4c40c7d-de8f-43b5-b2e0-a722cf0bdced)
2019-07-03 06:14:36.044 1842 RALLYDEBUG rally_openstack.cleanup.manager [-] Deleting cinder.volumes object s_rally_dcf9e12d_VSWnl38H (5a6d208a-6554-461b-9de6-8bd5932b6f27)
2019-07-03 06:14:36.045 1842 RALLYDEBUG rally_openstack.cleanup.manager [-] Deleting cinder.volumes object s_rally_dcf9e12d_DJOs8xwD (7def5f47-d73a-4412-9323-6e2f603b414f)
2019-07-03 06:14:36.050 1842 RALLYDEBUG rally_openstack.cleanup.manager [-] Deleting cinder.volumes object s_rally_dcf9e12d_2HRRoic5 (266343cb-9d61-4e14-9abb-6c76f7fd9323)
2019-07-03 06:14:36.061 1842 RALLYDEBUG rally_openstack.cleanup.manager [-] Deleting cinder.volumes object s_rally_dcf9e12d_PY01ynPT (6308a29c-ba99-4c87-88de-4b3992a8c275)
2019-07-03 06:14:36.065 1842 RALLYDEBUG rally_openstack.cleanup.manager [-] Deleting cinder.volumes object s_rally_dcf9e12d_OdI914vY (5ed2ed82-7895-4c2c-8357-b53b6e9b5614)
2019-07-03 06:14:41.234 1842 INFO rally.task.context [-] Task e274b4d1-b237-4682-9b08-4746c80d15cd | Context cleanup@openstack cleanup() finished in 14.08 sec
2019-07-03 06:14:41.234 1842 INFO rally.task.context [-] Task e274b4d1-b237-4682-9b08-4746c80d15cd | Context quotas@openstack cleanup() started
2019-07-03 06:14:42.133 1842 INFO rally.task.context [-] Task e274b4d1-b237-4682-9b08-4746c80d15cd | Context quotas@openstack cleanup() finished in 0.90 sec
2019-07-03 06:14:42.133 1842 INFO rally.task.context [-] Task e274b4d1-b237-4682-9b08-4746c80d15cd | Context api_versions@openstack cleanup() started
2019-07-03 06:14:42.133 1842 INFO rally.task.context [-] Task e274b4d1-b237-4682-9b08-4746c80d15cd | Context api_versions@openstack cleanup() finished in 0.32 msec
2019-07-03 06:14:42.134 1842 INFO rally.task.context [-] Task e274b4d1-b237-4682-9b08-4746c80d15cd | Context users@openstack cleanup() started
2019-07-03 06:14:50.698 1842 INFO rally.task.context [-] Task e274b4d1-b237-4682-9b08-4746c80d15cd | Context users@openstack cleanup() finished in 8.56 sec
2019-07-03 06:14:50.765 1842 INFO rally.task.engine [-] Load duration is: 48.721054
2019-07-03 06:14:50.765 1842 INFO rally.task.engine [-] Full runner duration is: 48.776536
2019-07-03 06:14:50.765 1842 INFO rally.task.engine [-] Full duration is: 80.238974
2019-07-03 06:14:50.906 1842 INFO rally.task.engine [-] Running workload: position = 1 config = { "version": 2, "title": "A cropped version of a bigger task.", "description": "Auto-generated task from a single workload (uuid=ce1262be-fca0-40b4-883c-a95b3f5eb12b)", "subtasks": [ { "title": "CinderVolumes.create_and_list_volume", "description": "Create a volume and list all volumes.", "scenario": { "CinderVolumes.create_and_list_volume": { "detailed": true, "size": 1 } }, "contexts": { "users": { "tenants": 3, "users_per_tenant": 2 }, "quotas": { "cinder": { "gigabytes": -1, "snapshots": -1, "volumes": -1 } }, "api_versions": { "cinder": { "version": 3, "service_type": "volumev3" } } }, "runner": { "constant": { "concurrency": 4, "times": 10 } }, "hooks": [], "sla": { "failure_rate": { "max": 0 } } } ] }
2019-07-03 06:14:50.928 1842 RALLYDEBUG rally_openstack.contexts.keystone.users [-] Creating 3 tenants using 20 threads
2019-07-03 06:14:52.830 1842 RALLYDEBUG rally_openstack.contexts.keystone.users [-] Creating 6 users using 20 threads
2019-07-03 06:14:55.745 1842 INFO rally.task.context [-] Task e274b4d1-b237-4682-9b08-4746c80d15cd | Context users@openstack setup() finished in 4.82 sec
2019-07-03 06:14:56.186 1842 INFO rally.task.context [-] Task e274b4d1-b237-4682-9b08-4746c80d15cd | Context api_versions@openstack setup() finished in 0.44 sec
2019-07-03 06:14:57.883 1842 INFO rally.task.context [-] Task e274b4d1-b237-4682-9b08-4746c80d15cd | Context quotas@openstack setup() finished in 1.70 sec
2019-07-03 06:14:57.884 1842 INFO rally.task.context [-] Task e274b4d1-b237-4682-9b08-4746c80d15cd | Context cleanup@openstack setup() finished in 0.02 msec
2019-07-03 06:14:57.892 1842 RALLYDEBUG rally.task.runner [-] Starting the constant runner (task UUID: e274b4d1-b237-4682-9b08-4746c80d15cd). timeout: 0 concurrency: 4 concurrency_per_worker: 1 times: 10 concurrency_overhead: 0 processes_to_start: 4 max_cpu_used: 16
2019-07-03 06:14:57.903 2599 RALLYDEBUG rally.task.runner [-] Starting a worker. concurrency: 1 args: {"detailed": true, "size": 1} times: 10 method_name: run timeout: 0 duration: None cls:
2019-07-03 06:14:57.904 2598 RALLYDEBUG rally.task.runner [-] Starting a worker. concurrency: 1 args: {"detailed": true, "size": 1} times: 10 method_name: run timeout: 0 duration: None cls:
2019-07-03 06:14:57.907 2600 RALLYDEBUG rally.task.runner [-] Starting a worker. concurrency: 1 args: {"detailed": true, "size": 1} times: 10 method_name: run timeout: 0 duration: None cls:
2019-07-03 06:14:57.908 2599 INFO rally.task.runner [-] Task e274b4d1-b237-4682-9b08-4746c80d15cd | ITER: 1 START
2019-07-03 06:14:57.911 2598 INFO rally.task.runner [-] Task e274b4d1-b237-4682-9b08-4746c80d15cd | ITER: 2 START
2019-07-03 06:14:57.911 2600 INFO rally.task.runner [-] Task e274b4d1-b237-4682-9b08-4746c80d15cd | ITER: 3 START
2019-07-03 06:14:57.912 2601 RALLYDEBUG rally.task.runner [-] Starting a worker. concurrency: 1 args: {"detailed": true, "size": 1} times: 10 method_name: run timeout: 0 duration: None cls:
2019-07-03 06:14:57.918 2601 INFO rally.task.runner [-] Task e274b4d1-b237-4682-9b08-4746c80d15cd | ITER: 4 START
2019-07-03 06:15:01.804 2599 INFO rally.task.runner [-] Task e274b4d1-b237-4682-9b08-4746c80d15cd | ITER: 1 END: OK
2019-07-03 06:15:01.811 2599 INFO rally.task.runner [-] Task e274b4d1-b237-4682-9b08-4746c80d15cd | ITER: 5 START
2019-07-03 06:15:01.894 2601 INFO rally.task.runner [-] Task e274b4d1-b237-4682-9b08-4746c80d15cd | ITER: 4 END: OK
2019-07-03 06:15:01.899 2601 INFO rally.task.runner [-] Task e274b4d1-b237-4682-9b08-4746c80d15cd | ITER: 6 START
2019-07-03 06:15:02.044 2600 INFO rally.task.runner [-] Task e274b4d1-b237-4682-9b08-4746c80d15cd | ITER: 3 END: OK
2019-07-03 06:15:02.049 2600 INFO rally.task.runner [-] Task e274b4d1-b237-4682-9b08-4746c80d15cd | ITER: 7 START
2019-07-03 06:15:02.262 2598 INFO rally.task.runner [-] Task e274b4d1-b237-4682-9b08-4746c80d15cd | ITER: 2 END: OK
2019-07-03 06:15:02.267 2598 INFO rally.task.runner [-] Task e274b4d1-b237-4682-9b08-4746c80d15cd | ITER: 8 START
2019-07-03 06:15:05.913 2599 INFO rally.task.runner [-] Task e274b4d1-b237-4682-9b08-4746c80d15cd | ITER: 5 END: OK
2019-07-03 06:15:05.917 2599 INFO rally.task.runner [-] Task e274b4d1-b237-4682-9b08-4746c80d15cd | ITER: 9 START
2019-07-03 06:15:06.104 2601 INFO rally.task.runner [-] Task e274b4d1-b237-4682-9b08-4746c80d15cd | ITER: 6 END: OK
2019-07-03 06:15:06.109 2601 INFO rally.task.runner [-] Task e274b4d1-b237-4682-9b08-4746c80d15cd | ITER: 10 START
2019-07-03 06:15:06.261 2600 INFO rally.task.runner [-] Task e274b4d1-b237-4682-9b08-4746c80d15cd | ITER: 7 END: OK
2019-07-03 06:15:06.559 2598 INFO rally.task.runner [-] Task e274b4d1-b237-4682-9b08-4746c80d15cd | ITER: 8 END: OK
2019-07-03 06:15:10.054 2599 INFO rally.task.runner [-] Task e274b4d1-b237-4682-9b08-4746c80d15cd | ITER: 9 END: OK
2019-07-03 06:15:10.061 2601 INFO rally.task.runner [-] Task e274b4d1-b237-4682-9b08-4746c80d15cd | ITER: 10 END: OK
2019-07-03 06:15:10.083 1842 INFO rally.task.context [-] Task e274b4d1-b237-4682-9b08-4746c80d15cd | Context cleanup@openstack cleanup() started
2019-07-03 06:15:10.085 1842 RALLYDEBUG rally_openstack.cleanup.manager [-] Cleaning up cinder backups objects
2019-07-03 06:15:12.253 1842 RALLYDEBUG rally_openstack.cleanup.manager [-] Cleaning up cinder volume_snapshots objects
2019-07-03 06:15:14.355 1842 RALLYDEBUG rally_openstack.cleanup.manager [-] Cleaning up cinder transfers objects
2019-07-03 06:15:16.461 1842 RALLYDEBUG rally_openstack.cleanup.manager [-] Cleaning up cinder volumes objects
2019-07-03 06:15:18.805 1842 RALLYDEBUG rally_openstack.cleanup.manager [-] Deleting cinder.volumes object s_rally_ce1262be_qT4OLOqE (4f4d0f68-46f1-4df6-b084-6bf1a3ca06d8)
2019-07-03 06:15:18.805 1842 RALLYDEBUG rally_openstack.cleanup.manager [-] Deleting cinder.volumes object s_rally_ce1262be_5GskmnGc (184ba318-27cb-415b-bfbe-602fd4dd78e8)
2019-07-03 06:15:18.806 1842 RALLYDEBUG rally_openstack.cleanup.manager [-] Deleting cinder.volumes object s_rally_ce1262be_baArCmU5 (7d0ba0de-9a1a-4dd0-9238-85c4ae1a5a01)
2019-07-03 06:15:18.807 1842 RALLYDEBUG rally_openstack.cleanup.manager [-] Deleting cinder.volumes object s_rally_ce1262be_83CnfoTK (bbfa4b8d-3c7c-486b-baac-766642a456cb)
2019-07-03 06:15:18.816 1842 RALLYDEBUG rally_openstack.cleanup.manager [-] Deleting cinder.volumes object s_rally_ce1262be_FK7proN3 (84b11a7d-b6e6-49d8-8939-9bc2cb0db578)
2019-07-03 06:15:18.818 1842 RALLYDEBUG rally_openstack.cleanup.manager [-] Deleting cinder.volumes object s_rally_ce1262be_3sICIa83 (d2068950-41d6-4684-9bbf-1efc6c1aee1d)
2019-07-03 06:15:18.819 1842 RALLYDEBUG rally_openstack.cleanup.manager [-] Deleting cinder.volumes object s_rally_ce1262be_5uA6fo1a (09ba9c0c-98ce-4cb9-a39e-bcfccd0c1c39)
2019-07-03 06:15:18.820 1842 RALLYDEBUG rally_openstack.cleanup.manager [-] Deleting cinder.volumes object s_rally_ce1262be_lGAw36Pv (f6ae4e62-d5e4-42a9-a703-c6d615487330)
2019-07-03 06:15:18.824 1842 RALLYDEBUG rally_openstack.cleanup.manager [-] Deleting cinder.volumes object s_rally_ce1262be_vghm4rCr (0a1594b0-a8e1-4a81-aff4-9fc30d59bfe1)
2019-07-03 06:15:18.825 1842 RALLYDEBUG rally_openstack.cleanup.manager [-] Deleting cinder.volumes object s_rally_ce1262be_BQ3Zfvu2 (6669f58a-9af9-450d-bda1-f8706292d7c2)
2019-07-03 06:15:23.641 1842 INFO rally.task.context [-] Task e274b4d1-b237-4682-9b08-4746c80d15cd | Context cleanup@openstack cleanup() finished in 13.56 sec
2019-07-03 06:15:23.642 1842 INFO rally.task.context [-] Task e274b4d1-b237-4682-9b08-4746c80d15cd | Context quotas@openstack cleanup() started
2019-07-03 06:15:24.525 1842 INFO rally.task.context [-] Task e274b4d1-b237-4682-9b08-4746c80d15cd | Context quotas@openstack cleanup() finished in 0.88 sec
2019-07-03 06:15:24.525 1842 INFO rally.task.context [-] Task e274b4d1-b237-4682-9b08-4746c80d15cd | Context api_versions@openstack cleanup() started
2019-07-03 06:15:24.525 1842 INFO rally.task.context [-] Task e274b4d1-b237-4682-9b08-4746c80d15cd | Context api_versions@openstack cleanup() finished in 0.32 msec
2019-07-03 06:15:24.526 1842 INFO rally.task.context [-] Task e274b4d1-b237-4682-9b08-4746c80d15cd | Context users@openstack cleanup() started
2019-07-03 06:15:32.811 1842 INFO rally.task.context [-] Task e274b4d1-b237-4682-9b08-4746c80d15cd | Context users@openstack cleanup() finished in 8.29 sec
2019-07-03 06:15:33.102 1842 INFO rally.task.engine [-] Load duration is: 12.151203
2019-07-03 06:15:33.103 1842 INFO rally.task.engine [-] Full runner duration is: 12.191296
2019-07-03 06:15:33.103 1842 INFO rally.task.engine [-] Full duration is: 41.88595
2019-07-03 06:15:33.292 1842 INFO rally.task.engine [-] Running workload: position = 0 config = { "version": 2, "title": "A cropped version of a bigger task.", "description": "Auto-generated task from a single workload (uuid=7ec6601a-cc1d-477d-951a-4744e8575604)", "subtasks": [ { "title": "CinderVolumes.create_and_upload_volume_to_image", "description": "Create and upload a volume to image.", "scenario": { "CinderVolumes.create_and_upload_volume_to_image": { "container_format": "bare", "disk_format": "raw", "do_delete": true, "force": false, "size": 1 } }, "contexts": { "users": { "tenants": 3, "users_per_tenant": 2 }, "quotas": { "cinder": { "gigabytes": -1, "snapshots": -1, "volumes": -1 } }, "api_versions": { "cinder": { "version": 3, "service_type": "volumev3" } } }, "runner": { "constant": { "concurrency": 4, "times": 10 } }, "hooks": [], "sla": { "failure_rate": { "max": 0 } } } ] }
2019-07-03 06:15:33.316 1842 RALLYDEBUG rally_openstack.contexts.keystone.users [-] Creating 3 tenants using 20 threads
2019-07-03 06:15:35.231 1842 RALLYDEBUG rally_openstack.contexts.keystone.users [-] Creating 6 users using 20 threads
2019-07-03 06:15:38.018 1842 INFO rally.task.context [-] Task e274b4d1-b237-4682-9b08-4746c80d15cd | Context users@openstack setup() finished in 4.70 sec
2019-07-03 06:15:38.448 1842 INFO rally.task.context [-] Task e274b4d1-b237-4682-9b08-4746c80d15cd | Context api_versions@openstack setup() finished in 0.43 sec
2019-07-03 06:15:40.351 1842 INFO rally.task.context [-] Task e274b4d1-b237-4682-9b08-4746c80d15cd | Context quotas@openstack setup() finished in 1.90 sec
2019-07-03 06:15:40.352 1842 INFO rally.task.context [-] Task e274b4d1-b237-4682-9b08-4746c80d15cd | Context cleanup@openstack setup() finished in 0.01 msec
2019-07-03 06:15:40.359 1842 RALLYDEBUG rally.task.runner [-] Starting the constant runner (task UUID: e274b4d1-b237-4682-9b08-4746c80d15cd). timeout: 0 concurrency: 4 concurrency_per_worker: 1 times: 10 concurrency_overhead: 0 processes_to_start: 4 max_cpu_used: 16
2019-07-03 06:15:40.372 2782 RALLYDEBUG rally.task.runner [-] Starting a worker. concurrency: 1 args: {"container_format": "bare", "disk_format": "raw", "do_delete": true, "force": false, "size": 1} times: 10 method_name: run timeout: 0 duration: None cls:
2019-07-03 06:15:40.375 2783 RALLYDEBUG rally.task.runner [-] Starting a worker. concurrency: 1 args: {"container_format": "bare", "disk_format": "raw", "do_delete": true, "force": false, "size": 1} times: 10 method_name: run timeout: 0 duration: None cls:
2019-07-03 06:15:40.379 2784 RALLYDEBUG rally.task.runner [-] Starting a worker. concurrency: 1 args: {"container_format": "bare", "disk_format": "raw", "do_delete": true, "force": false, "size": 1} times: 10 method_name: run timeout: 0 duration: None cls:
2019-07-03 06:15:40.380 2782 INFO rally.task.runner [-] Task e274b4d1-b237-4682-9b08-4746c80d15cd | ITER: 1 START
2019-07-03 06:15:40.381 2785 RALLYDEBUG rally.task.runner [-] Starting a worker. concurrency: 1 args: {"container_format": "bare", "disk_format": "raw", "do_delete": true, "force": false, "size": 1} times: 10 method_name: run timeout: 0 duration: None cls:
2019-07-03 06:15:40.383 2783 INFO rally.task.runner [-] Task e274b4d1-b237-4682-9b08-4746c80d15cd | ITER: 2 START
2019-07-03 06:15:40.386 2784 INFO rally.task.runner [-] Task e274b4d1-b237-4682-9b08-4746c80d15cd | ITER: 3 START
2019-07-03 06:15:40.388 2785 INFO rally.task.runner [-] Task e274b4d1-b237-4682-9b08-4746c80d15cd | ITER: 4 START
2019-07-03 06:15:45.853 2785 RALLYDEBUG rally.task.utils [-] Waiting for resource s_rally_7ec6601a_Kq5FW0Wv. Status changed: AVAILABLE => UPLOADING in 0.261431932449
2019-07-03 06:15:46.262 2782 RALLYDEBUG rally.task.utils [-] Waiting for resource s_rally_7ec6601a_dqTI3QSA. Status changed: AVAILABLE => UPLOADING in 0.427174806595
2019-07-03 06:15:46.383 2784 RALLYDEBUG rally.task.utils [-] Waiting for resource s_rally_7ec6601a_OZnGMihv. Status changed: AVAILABLE => UPLOADING in 0.334717988968
2019-07-03 06:15:46.460 2783 RALLYDEBUG rally.task.utils [-] Waiting for resource s_rally_7ec6601a_htgr44Ha. Status changed: AVAILABLE => UPLOADING in 0.319412946701
2019-07-03 06:16:33.533 2784 RALLYDEBUG rally.task.utils [-] Waiting for resource s_rally_7ec6601a_OZnGMihv. Status changed: UPLOADING => AVAILABLE in 47.1496810913
2019-07-03 06:16:34.009 2785 RALLYDEBUG rally.task.utils [-] Waiting for resource s_rally_7ec6601a_Kq5FW0Wv. Status changed: UPLOADING => AVAILABLE in 48.1561729908
2019-07-03 06:16:34.484 2784 RALLYDEBUG rally.task.utils [-] Waiting for resource s_rally_7ec6601a_OZnGMihv. Status changed: AVAILABLE => DELETING in 0.0543460845947
2019-07-03 06:16:34.923 2782 RALLYDEBUG rally.task.utils [-] Waiting for resource s_rally_7ec6601a_dqTI3QSA. Status changed: UPLOADING => AVAILABLE in 48.6607630253
2019-07-03 06:16:35.699 2783 RALLYDEBUG rally.task.utils [-] Waiting for resource s_rally_7ec6601a_htgr44Ha. Status changed: UPLOADING => AVAILABLE in 49.2390570641
2019-07-03 06:16:35.830 2785 INFO rally.task.runner [-] Task e274b4d1-b237-4682-9b08-4746c80d15cd | ITER: 4 END: OK
2019-07-03 06:16:35.836 2785 INFO rally.task.runner [-] Task e274b4d1-b237-4682-9b08-4746c80d15cd | ITER: 5 START
2019-07-03 06:16:37.027 2782 INFO rally.task.runner [-] Task e274b4d1-b237-4682-9b08-4746c80d15cd | ITER: 1 END: OK
2019-07-03 06:16:37.033 2782 INFO rally.task.runner [-] Task e274b4d1-b237-4682-9b08-4746c80d15cd | ITER: 6 START
2019-07-03 06:16:38.189 2784 INFO rally.task.runner [-] Task e274b4d1-b237-4682-9b08-4746c80d15cd | ITER: 3 END: OK
2019-07-03 06:16:38.196 2784 INFO rally.task.runner [-] Task e274b4d1-b237-4682-9b08-4746c80d15cd | ITER: 7 START
2019-07-03 06:16:38.205 2783 INFO rally.task.runner [-] Task e274b4d1-b237-4682-9b08-4746c80d15cd | ITER: 2 END: OK
2019-07-03 06:16:38.210 2783 INFO rally.task.runner [-] Task e274b4d1-b237-4682-9b08-4746c80d15cd | ITER: 8 START
2019-07-03 06:16:41.930 2785 RALLYDEBUG rally.task.utils [-] Waiting for resource s_rally_7ec6601a_BeUnrkwj. Status changed: AVAILABLE => UPLOADING in 0.335108995438
2019-07-03 06:16:42.785 2782 RALLYDEBUG rally.task.utils [-] Waiting for resource s_rally_7ec6601a_xS0T0K23. Status changed: AVAILABLE => UPLOADING in 0.346358060837
2019-07-03 06:16:43.776 2784 RALLYDEBUG rally.task.utils [-] Waiting for resource s_rally_7ec6601a_dyX9x08m. Status changed: AVAILABLE => UPLOADING in 0.31801700592
2019-07-03 06:16:44.090 2783 RALLYDEBUG rally.task.utils [-] Waiting for resource s_rally_7ec6601a_Ays7AUbt. Status changed: AVAILABLE => UPLOADING in 0.2559030056
2019-07-03 06:17:31.972 2785 RALLYDEBUG rally.task.utils [-] Waiting for resource s_rally_7ec6601a_BeUnrkwj. Status changed: UPLOADING => AVAILABLE in 50.0415611267
2019-07-03 06:17:32.095 2782 RALLYDEBUG rally.task.utils [-] Waiting for resource s_rally_7ec6601a_xS0T0K23. Status changed: UPLOADING => AVAILABLE in 49.3097410202
2019-07-03 06:17:33.323 2783 RALLYDEBUG rally.task.utils [-] Waiting for resource s_rally_7ec6601a_Ays7AUbt. Status changed: UPLOADING => AVAILABLE in 49.2323930264
2019-07-03 06:17:33.909 2785 INFO rally.task.runner [-] Task e274b4d1-b237-4682-9b08-4746c80d15cd | ITER: 5 END: OK
2019-07-03 06:17:33.914 2785 INFO rally.task.runner [-] Task e274b4d1-b237-4682-9b08-4746c80d15cd | ITER: 9 START
2019-07-03 06:17:33.980 2783 RALLYDEBUG rally.task.utils [-] Waiting for resource s_rally_7ec6601a_Ays7AUbt. Status changed: AVAILABLE => DELETING in 0.0600340366364
2019-07-03 06:17:34.263 2784 RALLYDEBUG rally.task.utils [-] Waiting for resource s_rally_7ec6601a_dyX9x08m. Status changed: UPLOADING => AVAILABLE in 50.4875998497
2019-07-03 06:17:34.947 2782 INFO rally.task.runner [-] Task e274b4d1-b237-4682-9b08-4746c80d15cd | ITER: 6 END: OK
2019-07-03 06:17:34.952 2782 INFO rally.task.runner [-] Task e274b4d1-b237-4682-9b08-4746c80d15cd | ITER: 10 START
2019-07-03 06:17:35.496 2784 RALLYDEBUG rally.task.utils [-] Waiting for resource s_rally_7ec6601a_dyX9x08m. Status changed: AVAILABLE => DELETING in 0.0726997852325
2019-07-03 06:17:37.147 2783 INFO rally.task.runner [-] Task e274b4d1-b237-4682-9b08-4746c80d15cd | ITER: 8 END: OK
2019-07-03 06:17:38.206 2784 INFO rally.task.runner [-] Task e274b4d1-b237-4682-9b08-4746c80d15cd | ITER: 7 END: OK
2019-07-03 06:17:39.521 2785 RALLYDEBUG rally.task.utils [-] Waiting for resource s_rally_7ec6601a_zij1HGDG. Status changed: AVAILABLE => UPLOADING in 0.236893892288
2019-07-03 06:17:40.780 2782 RALLYDEBUG rally.task.utils [-] Waiting for resource s_rally_7ec6601a_jyfFjALJ. Status changed: AVAILABLE => UPLOADING in 0.351643800735
2019-07-03 06:18:11.976 2785 RALLYDEBUG rally.task.utils [-] Waiting for resource s_rally_7ec6601a_zij1HGDG. Status changed: UPLOADING => AVAILABLE in 32.4541900158
2019-07-03 06:18:13.195 2782 RALLYDEBUG rally.task.utils [-] Waiting for resource s_rally_7ec6601a_jyfFjALJ. Status changed: UPLOADING => AVAILABLE in 32.4154222012
2019-07-03 06:18:13.919 2785 INFO rally.task.runner [-] Task e274b4d1-b237-4682-9b08-4746c80d15cd | ITER: 9 END: OK
2019-07-03 06:18:14.592 2782 RALLYDEBUG rally.task.utils [-] Waiting for resource s_rally_7ec6601a_jyfFjALJ. Status changed: AVAILABLE => DELETING in 0.366755008698
2019-07-03 06:18:18.098 2782 INFO rally.task.runner [-] Task e274b4d1-b237-4682-9b08-4746c80d15cd | ITER: 10 END: OK
2019-07-03 06:18:18.125 1842 INFO rally.task.context [-] Task e274b4d1-b237-4682-9b08-4746c80d15cd | Context cleanup@openstack cleanup() started
2019-07-03 06:18:18.127 1842 RALLYDEBUG rally_openstack.cleanup.manager [-] Cleaning up cinder backups objects
2019-07-03 06:18:20.346 1842 RALLYDEBUG rally_openstack.cleanup.manager [-] Cleaning up cinder volume_snapshots objects
2019-07-03 06:18:22.608 1842 RALLYDEBUG rally_openstack.cleanup.manager [-] Cleaning up cinder transfers objects
2019-07-03 06:18:24.756 1842 RALLYDEBUG rally_openstack.cleanup.manager [-] Cleaning up cinder volumes objects
2019-07-03 06:18:26.931 1842 RALLYDEBUG rally_openstack.cleanup.manager [-] Cleaning up glance images objects
2019-07-03 06:18:30.149 1842 INFO rally.task.context [-] Task e274b4d1-b237-4682-9b08-4746c80d15cd | Context cleanup@openstack cleanup() finished in 12.02 sec
2019-07-03 06:18:30.150 1842 INFO rally.task.context [-] Task e274b4d1-b237-4682-9b08-4746c80d15cd | Context quotas@openstack cleanup() started
2019-07-03 06:18:31.114 1842 INFO rally.task.context [-] Task e274b4d1-b237-4682-9b08-4746c80d15cd | Context quotas@openstack cleanup() finished in 0.96 sec
2019-07-03 06:18:31.114 1842 INFO rally.task.context [-] Task e274b4d1-b237-4682-9b08-4746c80d15cd | Context api_versions@openstack cleanup() started
2019-07-03 06:18:31.115 1842 INFO rally.task.context [-] Task e274b4d1-b237-4682-9b08-4746c80d15cd | Context api_versions@openstack cleanup() finished in 0.31 msec
2019-07-03 06:18:31.115 1842 INFO rally.task.context [-] Task e274b4d1-b237-4682-9b08-4746c80d15cd | Context users@openstack cleanup() started
2019-07-03 06:18:38.978 1842 INFO rally.task.context [-] Task e274b4d1-b237-4682-9b08-4746c80d15cd | Context users@openstack cleanup() finished in 7.86 sec
2019-07-03 06:18:40.126 1842 INFO rally.task.engine [-] Load duration is: 156.839246
2019-07-03 06:18:40.127 1842 INFO rally.task.engine [-] Full runner duration is: 157.766215
2019-07-03 06:18:40.127 1842 INFO rally.task.engine [-] Full duration is: 185.66408
2019-07-03 06:18:40.343 1842 INFO rally.task.engine [-] Running workload: position = 0 config = { "version": 2, "title": "A cropped version of a bigger task.", "description": "Auto-generated task from a single workload (uuid=08f1863b-83a2-440f-a7b4-2d86b6f193b7)", "subtasks": [ { "title": "CinderVolumes.create_nested_snapshots_and_attach_volume", "description": "Create a volume from snapshot and attach/detach the volume", "scenario": { "CinderVolumes.create_nested_snapshots_and_attach_volume": { "flavor": { "name": "rally_full-flavor_1f0b310f-32f3-4832-bde9-4f3fd8de9ea1" }, "image": { "name": "rally_full-img_1f0b310f-32f3-4832-bde9-4f3fd8de9ea1" }, "nested_level": 1, "size": { "max": 1, "min": 1 }, "create_vm_params": { "nics": [ { "net-id": "b29ca983-7d2c-430e-953e-c890070a28e9" } ] } } }, "contexts": { "users": { "tenants": 3, "users_per_tenant": 2 }, "quotas": { "cinder": { "gigabytes": -1, "snapshots": -1, "volumes": -1 } }, "api_versions": { "cinder": { "version": 3, "service_type": "volumev3" } } }, "runner": { "constant": { "concurrency": 4, "times": 10 } }, "hooks": [], "sla": { "failure_rate": { "max": 0 } } } ] }
2019-07-03 06:18:40.368 1842 RALLYDEBUG rally_openstack.contexts.keystone.users [-] Creating 3 tenants using 20 threads
2019-07-03 06:18:42.284 1842 RALLYDEBUG rally_openstack.contexts.keystone.users [-] Creating 6 users using 20 threads
2019-07-03 06:18:45.217 1842 INFO rally.task.context [-] Task e274b4d1-b237-4682-9b08-4746c80d15cd | Context users@openstack setup() finished in 4.85 sec
2019-07-03 06:18:45.642 1842 INFO rally.task.context [-] Task e274b4d1-b237-4682-9b08-4746c80d15cd | Context api_versions@openstack setup() finished in 0.42 sec
2019-07-03 06:18:47.315 1842 INFO rally.task.context [-] Task e274b4d1-b237-4682-9b08-4746c80d15cd | Context quotas@openstack setup() finished in 1.67 sec
2019-07-03 06:18:47.315 1842 INFO rally.task.context [-] Task e274b4d1-b237-4682-9b08-4746c80d15cd | Context cleanup@openstack setup() finished in 0.01 msec
2019-07-03 06:18:48.820 1842 DEBUG novaclient.v2.client [-] REQ: curl -g -i -X GET http://172.30.9.23:8774/v2.1/flavors/detail -H "Accept: application/json" -H "User-Agent: python-novaclient" -H "X-Auth-Token: {SHA1}cf76b7074b4ce50ded0567f6852f179e221389f5" _http_log_request /usr/lib/python2.7/site-packages/keystoneauth1/session.py:448
2019-07-03 06:18:49.113 1842 DEBUG novaclient.v2.client [-] RESP: [200] Content-Encoding: gzip Content-Length: 362 Content-Type: application/json Date: Wed, 03 Jul 2019 06:18:48 GMT OpenStack-API-Version: compute 2.1 Server: Apache Vary: OpenStack-API-Version,X-OpenStack-Nova-API-Version,Accept-Encoding X-OpenStack-Nova-API-Version: 2.1 x-compute-request-id: req-d8c7e779-7960-4db3-9396-a7a367856c54 x-openstack-request-id: req-d8c7e779-7960-4db3-9396-a7a367856c54 _http_log_response /usr/lib/python2.7/site-packages/keystoneauth1/session.py:479
2019-07-03 06:18:49.114 1842 DEBUG novaclient.v2.client [-] RESP BODY: {"flavors": [{"name": "rally_full-flavor_1f0b310f-32f3-4832-bde9-4f3fd8de9ea1", "links": [{"href": "http://172.30.9.23:8774/v2.1/flavors/6138d718-e199-49d9-b4ef-9e997e82500c", "rel": "self"}, {"href": "http://172.30.9.23:8774/flavors/6138d718-e199-49d9-b4ef-9e997e82500c", "rel": "bookmark"}], "ram": 512, "OS-FLV-DISABLED:disabled": false, "vcpus": 1, "swap": "", "os-flavor-access:is_public": true, "rxtx_factor": 1.0, "OS-FLV-EXT-DATA:ephemeral": 0, "disk": 1, "id": "6138d718-e199-49d9-b4ef-9e997e82500c"}, {"name": "rally_full-flavor_alt_1f0b310f-32f3-4832-bde9-4f3fd8de9ea1", "links": [{"href": "http://172.30.9.23:8774/v2.1/flavors/8f4f2fb3-261b-4bbc-88f5-1ea75a8db82c", "rel": "self"}, {"href": "http://172.30.9.23:8774/flavors/8f4f2fb3-261b-4bbc-88f5-1ea75a8db82c", "rel": "bookmark"}], "ram": 1024, "OS-FLV-DISABLED:disabled": false, "vcpus": 1, "swap": "", "os-flavor-access:is_public": true, "rxtx_factor": 1.0, "OS-FLV-EXT-DATA:ephemeral": 0, "disk": 1, "id": "8f4f2fb3-261b-4bbc-88f5-1ea75a8db82c"}]} _http_log_response /usr/lib/python2.7/site-packages/keystoneauth1/session.py:511
2019-07-03 06:18:49.114 1842 DEBUG novaclient.v2.client [-] GET call to compute for http://172.30.9.23:8774/v2.1/flavors/detail used request id req-d8c7e779-7960-4db3-9396-a7a367856c54 request /usr/lib/python2.7/site-packages/keystoneauth1/session.py:844
2019-07-03 06:18:49.116 1842 RALLYDEBUG rally.task.runner [-] Starting the constant runner (task UUID: e274b4d1-b237-4682-9b08-4746c80d15cd). timeout: 0 concurrency: 4 concurrency_per_worker: 1 times: 10 concurrency_overhead: 0 processes_to_start: 4 max_cpu_used: 16
2019-07-03 06:18:49.129 2986 RALLYDEBUG rally.task.runner [-] Starting a worker. concurrency: 1 args: {"flavor": "6138d718-e199-49d9-b4ef-9e997e82500c", "image": "c735907f-34cf-4007-afed-aa0230b6f520", "nested_level": 1, "size": {"max": 1, "min": 1}, "create_vm_params": {"nics": [{"net-id": "b29ca983-7d2c-430e-953e-c890070a28e9"}]}} times: 10 method_name: run timeout: 0 duration: None cls:
2019-07-03 06:18:49.131 2987 RALLYDEBUG rally.task.runner [-] Starting a worker. concurrency: 1 args: {"flavor": "6138d718-e199-49d9-b4ef-9e997e82500c", "image": "c735907f-34cf-4007-afed-aa0230b6f520", "nested_level": 1, "size": {"max": 1, "min": 1}, "create_vm_params": {"nics": [{"net-id": "b29ca983-7d2c-430e-953e-c890070a28e9"}]}} times: 10 method_name: run timeout: 0 duration: None cls:
2019-07-03 06:18:49.135 2988 RALLYDEBUG rally.task.runner [-] Starting a worker. concurrency: 1 args: {"flavor": "6138d718-e199-49d9-b4ef-9e997e82500c", "image": "c735907f-34cf-4007-afed-aa0230b6f520", "nested_level": 1, "size": {"max": 1, "min": 1}, "create_vm_params": {"nics": [{"net-id": "b29ca983-7d2c-430e-953e-c890070a28e9"}]}} times: 10 method_name: run timeout: 0 duration: None cls:
2019-07-03 06:18:49.137 2986 INFO rally.task.runner [-] Task e274b4d1-b237-4682-9b08-4746c80d15cd | ITER: 1 START
2019-07-03 06:18:49.138 2987 INFO rally.task.runner [-] Task e274b4d1-b237-4682-9b08-4746c80d15cd | ITER: 2 START
2019-07-03 06:18:49.139 2989 RALLYDEBUG rally.task.runner [-] Starting a worker. concurrency: 1 args: {"flavor": "6138d718-e199-49d9-b4ef-9e997e82500c", "image": "c735907f-34cf-4007-afed-aa0230b6f520", "nested_level": 1, "size": {"max": 1, "min": 1}, "create_vm_params": {"nics": [{"net-id": "b29ca983-7d2c-430e-953e-c890070a28e9"}]}} times: 10 method_name: run timeout: 0 duration: None cls:
2019-07-03 06:18:49.143 2988 INFO rally.task.runner [-] Task e274b4d1-b237-4682-9b08-4746c80d15cd | ITER: 3 START
2019-07-03 06:18:49.147 2989 INFO rally.task.runner [-] Task e274b4d1-b237-4682-9b08-4746c80d15cd | ITER: 4 START
2019-07-03 06:18:49.577 2987 DEBUG novaclient.v2.client [-] REQ: curl -g -i -X POST http://172.30.9.23:8774/v2.1/servers -H "Accept: application/json" -H "Content-Type: application/json" -H "User-Agent: python-novaclient" -H "X-Auth-Token: {SHA1}43469cd366d65d5f2087ae479b283b105cb7638f" -d '{"server": {"name": "s_rally_08f1863b_QMQNBQXp", "imageRef": "c735907f-34cf-4007-afed-aa0230b6f520", "flavorRef": "6138d718-e199-49d9-b4ef-9e997e82500c", "max_count": 1, "min_count": 1, "networks": [{"uuid": "b29ca983-7d2c-430e-953e-c890070a28e9"}]}}' _http_log_request /usr/lib/python2.7/site-packages/keystoneauth1/session.py:448
