2019-07-03 06:31:34.595 1842 INFO rally.task.context [-] Task e274b4d1-b237-4682-9b08-4746c80d15cd | Context volumes@openstack cleanup() started
2019-07-03 06:31:34.596 1842 RALLYDEBUG rally_openstack.cleanup.manager [-] Cleaning up cinder volumes objects
2019-07-03 06:31:36.797 1842 RALLYDEBUG rally_openstack.cleanup.manager [-] Deleting cinder.volumes object c_rally_5a0b489e_DpcrtgHx (d36badd6-36f2-452e-9da6-b5541237c03c)
2019-07-03 06:31:36.800 1842 RALLYDEBUG rally_openstack.cleanup.manager [-] Deleting cinder.volumes object c_rally_5a0b489e_fCXPOkhE (78dc1822-f295-4c40-b5bd-9496ef112203)
2019-07-03 06:31:36.806 1842 RALLYDEBUG rally_openstack.cleanup.manager [-] Deleting cinder.volumes object c_rally_5a0b489e_ueiEw0Jt (e32194e7-b22d-44f2-b646-9915861abfd3)
2019-07-03 06:31:40.369 1842 INFO rally.task.context [-] Task e274b4d1-b237-4682-9b08-4746c80d15cd | Context volumes@openstack cleanup() finished in 5.77 sec
2019-07-03 06:31:40.370 1842 INFO rally.task.context [-] Task e274b4d1-b237-4682-9b08-4746c80d15cd | Context quotas@openstack cleanup() started
2019-07-03 06:31:40.685 1842 INFO rally.task.context [-] Task e274b4d1-b237-4682-9b08-4746c80d15cd | Context quotas@openstack cleanup() finished in 0.32 sec
2019-07-03 06:31:40.686 1842 INFO rally.task.context [-] Task e274b4d1-b237-4682-9b08-4746c80d15cd | Context api_versions@openstack cleanup() started
2019-07-03 06:31:40.686 1842 INFO rally.task.context [-] Task e274b4d1-b237-4682-9b08-4746c80d15cd | Context api_versions@openstack cleanup() finished in 0.33 msec
2019-07-03 06:31:40.686 1842 INFO rally.task.context [-] Task e274b4d1-b237-4682-9b08-4746c80d15cd | Context users@openstack cleanup() started
2019-07-03 06:31:48.658 1842 INFO rally.task.context [-] Task e274b4d1-b237-4682-9b08-4746c80d15cd | Context users@openstack cleanup() finished in 7.97 sec
2019-07-03 06:31:49.579 1842 INFO rally.task.engine [-] Load duration is: 24.519858
2019-07-03 06:31:49.580 1842 INFO rally.task.engine [-] Full runner duration is: 24.572809
2019-07-03 06:31:49.580 1842 INFO rally.task.engine [-] Full duration is: 65.325643
2019-07-03 06:31:49.797 1842 INFO rally.task.engine [-] Running workload: position = 0 config = { "version": 2, "title": "A cropped version of a bigger task.", "description": "Auto-generated task from a single workload (uuid=4630fa7d-8076-4980-acbe-582a66f82f25)", "subtasks": [ { "title": "CinderQos.create_and_get_qos", "description": "Create a qos, then get details of the qos.", "scenario": { "CinderQos.create_and_get_qos": { "consumer": "both", "write_iops_sec": "10", "read_iops_sec": "1000" } }, "contexts": { "users": { "tenants": 3, "users_per_tenant": 2 }, "api_versions": { "cinder": { "version": 3, "service_type": "volumev3" } } }, "runner": { "constant": { "concurrency": 4, "times": 10 } }, "hooks": [], "sla": { "failure_rate": { "max": 0 } } } ] }
2019-07-03 06:31:49.818 1842 RALLYDEBUG rally_openstack.contexts.keystone.users [-] Creating 3 tenants using 20 threads
2019-07-03 06:31:51.767 1842 RALLYDEBUG rally_openstack.contexts.keystone.users [-] Creating 6 users using 20 threads
2019-07-03 06:31:54.659 1842 INFO rally.task.context [-] Task e274b4d1-b237-4682-9b08-4746c80d15cd | Context users@openstack setup() finished in 4.84 sec
2019-07-03 06:31:55.081 1842 INFO rally.task.context [-] Task e274b4d1-b237-4682-9b08-4746c80d15cd | Context api_versions@openstack setup() finished in 0.42 sec
2019-07-03 06:31:55.081 1842 INFO rally.task.context [-] Task e274b4d1-b237-4682-9b08-4746c80d15cd | Context admin_cleanup@openstack setup() finished in 0.01 msec
2019-07-03 06:31:55.088 1842 RALLYDEBUG rally.task.runner [-] Starting the constant runner (task UUID: e274b4d1-b237-4682-9b08-4746c80d15cd). timeout: 0 concurrency: 4 concurrency_per_worker: 1 times: 10 concurrency_overhead: 0 processes_to_start: 4 max_cpu_used: 16
2019-07-03 06:31:55.101 5110 RALLYDEBUG rally.task.runner [-] Starting a worker. concurrency: 1 args: {"consumer": "both", "write_iops_sec": "10", "read_iops_sec": "1000"} times: 10 method_name: run timeout: 0 duration: None cls:
2019-07-03 06:31:55.103 5111 RALLYDEBUG rally.task.runner [-] Starting a worker. concurrency: 1 args: {"consumer": "both", "write_iops_sec": "10", "read_iops_sec": "1000"} times: 10 method_name: run timeout: 0 duration: None cls:
2019-07-03 06:31:55.107 5112 RALLYDEBUG rally.task.runner [-] Starting a worker. concurrency: 1 args: {"consumer": "both", "write_iops_sec": "10", "read_iops_sec": "1000"} times: 10 method_name: run timeout: 0 duration: None cls:
2019-07-03 06:31:55.110 5113 RALLYDEBUG rally.task.runner [-] Starting a worker. concurrency: 1 args: {"consumer": "both", "write_iops_sec": "10", "read_iops_sec": "1000"} times: 10 method_name: run timeout: 0 duration: None cls:
2019-07-03 06:31:55.110 5111 INFO rally.task.runner [-] Task e274b4d1-b237-4682-9b08-4746c80d15cd | ITER: 2 START
2019-07-03 06:31:55.110 5110 INFO rally.task.runner [-] Task e274b4d1-b237-4682-9b08-4746c80d15cd | ITER: 1 START
2019-07-03 06:31:55.115 5112 INFO rally.task.runner [-] Task e274b4d1-b237-4682-9b08-4746c80d15cd | ITER: 3 START
2019-07-03 06:31:55.117 5113 INFO rally.task.runner [-] Task e274b4d1-b237-4682-9b08-4746c80d15cd | ITER: 4 START
2019-07-03 06:31:56.195 5112 INFO rally.task.runner [-] Task e274b4d1-b237-4682-9b08-4746c80d15cd | ITER: 3 END: OK
2019-07-03 06:31:56.195 5113 INFO rally.task.runner [-] Task e274b4d1-b237-4682-9b08-4746c80d15cd | ITER: 4 END: OK
2019-07-03 06:31:56.198 5111 INFO rally.task.runner [-] Task e274b4d1-b237-4682-9b08-4746c80d15cd | ITER: 2 END: OK
2019-07-03 06:31:56.200 5112 INFO rally.task.runner [-] Task e274b4d1-b237-4682-9b08-4746c80d15cd | ITER: 5 START
2019-07-03 06:31:56.201 5113 INFO rally.task.runner [-] Task e274b4d1-b237-4682-9b08-4746c80d15cd | ITER: 6 START
2019-07-03 06:31:56.203 5111 INFO rally.task.runner [-] Task e274b4d1-b237-4682-9b08-4746c80d15cd | ITER: 7 START
2019-07-03 06:31:56.203 5110 INFO rally.task.runner [-] Task e274b4d1-b237-4682-9b08-4746c80d15cd | ITER: 1 END: OK
2019-07-03 06:31:56.209 5110 INFO rally.task.runner [-] Task e274b4d1-b237-4682-9b08-4746c80d15cd | ITER: 8 START
2019-07-03 06:31:57.158 5111 INFO rally.task.runner [-] Task e274b4d1-b237-4682-9b08-4746c80d15cd | ITER: 7 END: OK
2019-07-03 06:31:57.163 5111 INFO rally.task.runner [-] Task e274b4d1-b237-4682-9b08-4746c80d15cd | ITER: 9 START
2019-07-03 06:31:57.216 5113 INFO rally.task.runner [-] Task e274b4d1-b237-4682-9b08-4746c80d15cd | ITER: 6 END: OK
2019-07-03 06:31:57.220 5113 INFO rally.task.runner [-] Task e274b4d1-b237-4682-9b08-4746c80d15cd | ITER: 10 START
2019-07-03 06:31:57.304 5112 INFO rally.task.runner [-] Task e274b4d1-b237-4682-9b08-4746c80d15cd | ITER: 5 END: OK
2019-07-03 06:31:57.392 5110 INFO rally.task.runner [-] Task e274b4d1-b237-4682-9b08-4746c80d15cd | ITER: 8 END: OK
2019-07-03 06:31:58.211 5111 INFO rally.task.runner [-] Task e274b4d1-b237-4682-9b08-4746c80d15cd | ITER: 9 END: OK
2019-07-03 06:31:58.254 5113 INFO rally.task.runner [-] Task e274b4d1-b237-4682-9b08-4746c80d15cd | ITER: 10 END: OK
2019-07-03 06:31:58.278 1842 INFO rally.task.context [-] Task e274b4d1-b237-4682-9b08-4746c80d15cd | Context admin_cleanup@openstack cleanup() started
2019-07-03 06:31:58.280 1842 RALLYDEBUG rally_openstack.cleanup.manager [-] Cleaning up cinder volume_types objects
2019-07-03 06:31:59.040 1842 RALLYDEBUG rally_openstack.cleanup.manager [-] Cleaning up cinder image_volumes_cache objects
2019-07-03 06:32:00.294 1842 RALLYDEBUG rally_openstack.cleanup.manager [-] Cleaning up cinder quotas objects
2019-07-03 06:32:02.123 1842 RALLYDEBUG rally_openstack.cleanup.manager [-] Cleaning up cinder qos_specs objects
2019-07-03 06:32:02.876 1842 RALLYDEBUG rally_openstack.cleanup.manager [-] Deleting cinder.qos_specs object s_rally_4630fa7d_TUgY8Lfs (86689e62-f5e8-4567-a3c2-073a5b1554ef)
2019-07-03 06:32:02.884 1842 RALLYDEBUG rally_openstack.cleanup.manager [-] Deleting cinder.qos_specs object s_rally_4630fa7d_tCn82flB (417a6469-8d8d-440c-8800-0b4305799038)
2019-07-03 06:32:02.887 1842 RALLYDEBUG rally_openstack.cleanup.manager [-] Deleting cinder.qos_specs object s_rally_4630fa7d_qOCjnxs4 (a7c0ef2d-482b-4c87-952a-3e644f5051a4)
2019-07-03 06:32:02.900 1842 RALLYDEBUG rally_openstack.cleanup.manager [-] Deleting cinder.qos_specs object s_rally_4630fa7d_X6H4f7bb (499c5ea4-9731-4961-baaa-fa84a10df48a)
2019-07-03 06:32:02.903 1842 RALLYDEBUG rally_openstack.cleanup.manager [-] Deleting cinder.qos_specs object s_rally_4630fa7d_6Mi7SjhJ (7c912a22-eb70-4a1c-b9b0-270f2a8f30c8)
2019-07-03 06:32:02.913 1842 RALLYDEBUG rally_openstack.cleanup.manager [-] Deleting cinder.qos_specs object s_rally_4630fa7d_ZTmBtxfv (120f8bf0-ddfb-4558-89c3-9501065bc70d)
2019-07-03 06:32:02.921 1842 RALLYDEBUG rally_openstack.cleanup.manager [-] Deleting cinder.qos_specs object s_rally_4630fa7d_fyvYWcmq (9eeb67e5-5949-4d3d-97fb-c962bb6688d6)
2019-07-03 06:32:02.925 1842 RALLYDEBUG rally_openstack.cleanup.manager [-] Deleting cinder.qos_specs object s_rally_4630fa7d_flTbE0L5 (ce363c2b-e470-4ad6-896d-6c42ab37ddd5)
2019-07-03 06:32:02.946 1842 RALLYDEBUG rally_openstack.cleanup.manager [-] Deleting cinder.qos_specs object s_rally_4630fa7d_D8ko3IKM (3e556652-2380-42d6-9c85-c145d3a4e557)
2019-07-03 06:32:02.947 1842 RALLYDEBUG rally_openstack.cleanup.manager [-] Deleting cinder.qos_specs object s_rally_4630fa7d_fJfPsbBF (64212679-b5a1-4874-809f-10b54de1f8f7)
2019-07-03 06:32:05.323 1842 INFO rally.task.context [-] Task e274b4d1-b237-4682-9b08-4746c80d15cd | Context admin_cleanup@openstack cleanup() finished in 7.04 sec
2019-07-03 06:32:05.323 1842 INFO rally.task.context [-] Task e274b4d1-b237-4682-9b08-4746c80d15cd | Context api_versions@openstack cleanup() started
2019-07-03 06:32:05.324 1842 INFO rally.task.context [-] Task e274b4d1-b237-4682-9b08-4746c80d15cd | Context api_versions@openstack cleanup() finished in 0.32 msec
2019-07-03 06:32:05.324 1842 INFO rally.task.context [-] Task e274b4d1-b237-4682-9b08-4746c80d15cd | Context users@openstack cleanup() started
2019-07-03 06:32:13.370 1842 INFO rally.task.context [-] Task e274b4d1-b237-4682-9b08-4746c80d15cd | Context users@openstack cleanup() finished in 8.05 sec
2019-07-03 06:32:13.938 1842 INFO rally.task.engine [-] Load duration is: 3.139784
2019-07-03 06:32:13.938 1842 INFO rally.task.engine [-] Full runner duration is: 3.190155
2019-07-03 06:32:13.939 1842 INFO rally.task.engine [-] Full duration is: 23.553847
2019-07-03 06:32:14.132 1842 INFO rally.task.engine [-] Running workload: position = 0 config = { "version": 2, "title": "A cropped version of a bigger task.", "description": "Auto-generated task from a single workload (uuid=65e5cd10-ea4b-4d13-9f94-b166d7aa03ae)", "subtasks": [ { "title": "CinderQos.create_and_list_qos", "description": "Create a qos, then list all qos.", "scenario": { "CinderQos.create_and_list_qos": { "consumer": "both", "write_iops_sec": "10", "read_iops_sec": "1000" } }, "contexts": { "users": { "tenants": 3, "users_per_tenant": 2 }, "api_versions": { "cinder": { "version": 3, "service_type": "volumev3" } } }, "runner": { "constant": { "concurrency": 4, "times": 10 } }, "hooks": [], "sla": { "failure_rate": { "max": 0 } } } ] }
2019-07-03 06:32:14.153 1842 RALLYDEBUG rally_openstack.contexts.keystone.users [-] Creating 3 tenants using 20 threads
2019-07-03 06:32:15.999 1842 RALLYDEBUG rally_openstack.contexts.keystone.users [-] Creating 6 users using 20 threads
2019-07-03 06:32:18.901 1842 INFO rally.task.context [-] Task e274b4d1-b237-4682-9b08-4746c80d15cd | Context users@openstack setup() finished in 4.75 sec
2019-07-03 06:32:19.337 1842 INFO rally.task.context [-] Task e274b4d1-b237-4682-9b08-4746c80d15cd | Context api_versions@openstack setup() finished in 0.43 sec
2019-07-03 06:32:19.337 1842 INFO rally.task.context [-] Task e274b4d1-b237-4682-9b08-4746c80d15cd | Context admin_cleanup@openstack setup() finished in 0.01 msec
2019-07-03 06:32:19.344 1842 RALLYDEBUG rally.task.runner [-] Starting the constant runner (task UUID: e274b4d1-b237-4682-9b08-4746c80d15cd). timeout: 0 concurrency: 4 concurrency_per_worker: 1 times: 10 concurrency_overhead: 0 processes_to_start: 4 max_cpu_used: 16
2019-07-03 06:32:19.357 5294 RALLYDEBUG rally.task.runner [-] Starting a worker. concurrency: 1 args: {"consumer": "both", "write_iops_sec": "10", "read_iops_sec": "1000"} times: 10 method_name: run timeout: 0 duration: None cls:
2019-07-03 06:32:19.360 5295 RALLYDEBUG rally.task.runner [-] Starting a worker. concurrency: 1 args: {"consumer": "both", "write_iops_sec": "10", "read_iops_sec": "1000"} times: 10 method_name: run timeout: 0 duration: None cls:
2019-07-03 06:32:19.363 5296 RALLYDEBUG rally.task.runner [-] Starting a worker. concurrency: 1 args: {"consumer": "both", "write_iops_sec": "10", "read_iops_sec": "1000"} times: 10 method_name: run timeout: 0 duration: None cls:
2019-07-03 06:32:19.365 5294 INFO rally.task.runner [-] Task e274b4d1-b237-4682-9b08-4746c80d15cd | ITER: 1 START
2019-07-03 06:32:19.367 5297 RALLYDEBUG rally.task.runner [-] Starting a worker. concurrency: 1 args: {"consumer": "both", "write_iops_sec": "10", "read_iops_sec": "1000"} times: 10 method_name: run timeout: 0 duration: None cls:
2019-07-03 06:32:19.369 5295 INFO rally.task.runner [-] Task e274b4d1-b237-4682-9b08-4746c80d15cd | ITER: 2 START
2019-07-03 06:32:19.370 5296 INFO rally.task.runner [-] Task e274b4d1-b237-4682-9b08-4746c80d15cd | ITER: 3 START
2019-07-03 06:32:19.374 5297 INFO rally.task.runner [-] Task e274b4d1-b237-4682-9b08-4746c80d15cd | ITER: 4 START
2019-07-03 06:32:20.446 5295 INFO rally.task.runner [-] Task e274b4d1-b237-4682-9b08-4746c80d15cd | ITER: 2 END: OK
2019-07-03 06:32:20.452 5295 INFO rally.task.runner [-] Task e274b4d1-b237-4682-9b08-4746c80d15cd | ITER: 5 START
2019-07-03 06:32:20.481 5294 INFO rally.task.runner [-] Task e274b4d1-b237-4682-9b08-4746c80d15cd | ITER: 1 END: OK
2019-07-03 06:32:20.486 5294 INFO rally.task.runner [-] Task e274b4d1-b237-4682-9b08-4746c80d15cd | ITER: 6 START
2019-07-03 06:32:20.516 5296 INFO rally.task.runner [-] Task e274b4d1-b237-4682-9b08-4746c80d15cd | ITER: 3 END: OK
2019-07-03 06:32:20.521 5296 INFO rally.task.runner [-] Task e274b4d1-b237-4682-9b08-4746c80d15cd | ITER: 7 START
2019-07-03 06:32:20.536 5297 INFO rally.task.runner [-] Task e274b4d1-b237-4682-9b08-4746c80d15cd | ITER: 4 END: OK
2019-07-03 06:32:20.541 5297 INFO rally.task.runner [-] Task e274b4d1-b237-4682-9b08-4746c80d15cd | ITER: 8 START
2019-07-03 06:32:21.457 5295 INFO rally.task.runner [-] Task e274b4d1-b237-4682-9b08-4746c80d15cd | ITER: 5 END: OK
2019-07-03 06:32:21.462 5295 INFO rally.task.runner [-] Task e274b4d1-b237-4682-9b08-4746c80d15cd | ITER: 9 START
2019-07-03 06:32:21.489 5294 INFO rally.task.runner [-] Task e274b4d1-b237-4682-9b08-4746c80d15cd | ITER: 6 END: OK
2019-07-03 06:32:21.493 5294 INFO rally.task.runner [-] Task e274b4d1-b237-4682-9b08-4746c80d15cd | ITER: 10 START
2019-07-03 06:32:21.559 5296 INFO rally.task.runner [-] Task e274b4d1-b237-4682-9b08-4746c80d15cd | ITER: 7 END: OK
2019-07-03 06:32:21.695 5297 INFO rally.task.runner [-] Task e274b4d1-b237-4682-9b08-4746c80d15cd | ITER: 8 END: OK
2019-07-03 06:32:22.497 5295 INFO rally.task.runner [-] Task e274b4d1-b237-4682-9b08-4746c80d15cd | ITER: 9 END: OK
2019-07-03 06:32:22.617 5294 INFO rally.task.runner [-] Task e274b4d1-b237-4682-9b08-4746c80d15cd | ITER: 10 END: OK
2019-07-03 06:32:22.644 1842 INFO rally.task.context [-] Task e274b4d1-b237-4682-9b08-4746c80d15cd | Context admin_cleanup@openstack cleanup() started
2019-07-03 06:32:22.646 1842 RALLYDEBUG rally_openstack.cleanup.manager [-] Cleaning up cinder volume_types objects
2019-07-03 06:32:23.398 1842 RALLYDEBUG rally_openstack.cleanup.manager [-] Cleaning up cinder image_volumes_cache objects
2019-07-03 06:32:24.705 1842 RALLYDEBUG rally_openstack.cleanup.manager [-] Cleaning up cinder quotas objects
2019-07-03 06:32:26.430 1842 RALLYDEBUG rally_openstack.cleanup.manager [-] Cleaning up cinder qos_specs objects
2019-07-03 06:32:27.186 1842 RALLYDEBUG rally_openstack.cleanup.manager [-] Deleting cinder.qos_specs object s_rally_65e5cd10_khrTDMaZ (3f56b020-91dd-4912-b552-ce70a516102a)
2019-07-03 06:32:27.194 1842 RALLYDEBUG rally_openstack.cleanup.manager [-] Deleting cinder.qos_specs object s_rally_65e5cd10_7i6oWZz7 (0f2af0db-3aa2-4b26-b35b-3553f26e75a1)
2019-07-03 06:32:27.204 1842 RALLYDEBUG rally_openstack.cleanup.manager [-] Deleting cinder.qos_specs object s_rally_65e5cd10_6ZgLYkbk (a22ecd8c-c104-44bd-8948-6ee38ae3cc93)
2019-07-03 06:32:27.209 1842 RALLYDEBUG rally_openstack.cleanup.manager [-] Deleting cinder.qos_specs object s_rally_65e5cd10_g6F5lNN7 (a0dda65f-368d-4a8e-bcbd-c1dcef4c65a3)
2019-07-03 06:32:27.219 1842 RALLYDEBUG rally_openstack.cleanup.manager [-] Deleting cinder.qos_specs object s_rally_65e5cd10_9n8jJ1sV (4d22bb9a-9dad-485d-9bf4-2a498f495a39)
2019-07-03 06:32:27.235 1842 RALLYDEBUG rally_openstack.cleanup.manager [-] Deleting cinder.qos_specs object s_rally_65e5cd10_9CiffPHb (41ac139d-cc6e-4988-bee0-e2df20072b4e)
2019-07-03 06:32:27.235 1842 RALLYDEBUG rally_openstack.cleanup.manager [-] Deleting cinder.qos_specs object s_rally_65e5cd10_kRTXIdCi (ea108863-93de-441a-b87b-8f64b793ce8e)
2019-07-03 06:32:27.248 1842 RALLYDEBUG rally_openstack.cleanup.manager [-] Deleting cinder.qos_specs object s_rally_65e5cd10_atiWHY7w (73935d15-b7c4-4592-806c-f39e126da37b)
2019-07-03 06:32:27.265 1842 RALLYDEBUG rally_openstack.cleanup.manager [-] Deleting cinder.qos_specs object s_rally_65e5cd10_EGaPrfAT (4e87e605-03b7-46ca-a7ed-a43e8067069a)
2019-07-03 06:32:27.275 1842 RALLYDEBUG rally_openstack.cleanup.manager [-] Deleting cinder.qos_specs object s_rally_65e5cd10_s2ib7FOL (3f238874-f859-4731-ae66-e5e57c278f54)
2019-07-03 06:32:29.780 1842 INFO rally.task.context [-] Task e274b4d1-b237-4682-9b08-4746c80d15cd | Context admin_cleanup@openstack cleanup() finished in 7.14 sec
2019-07-03 06:32:29.781 1842 INFO rally.task.context [-] Task e274b4d1-b237-4682-9b08-4746c80d15cd | Context api_versions@openstack cleanup() started
2019-07-03 06:32:29.781 1842 INFO rally.task.context [-] Task e274b4d1-b237-4682-9b08-4746c80d15cd | Context api_versions@openstack cleanup() finished in 0.36 msec
2019-07-03 06:32:29.782 1842 INFO rally.task.context [-] Task e274b4d1-b237-4682-9b08-4746c80d15cd | Context users@openstack cleanup() started
2019-07-03 06:32:38.070 1842 INFO rally.task.context [-] Task e274b4d1-b237-4682-9b08-4746c80d15cd | Context users@openstack cleanup() finished in 8.29 sec
2019-07-03 06:32:38.252 1842 INFO rally.task.engine [-] Load duration is: 3.248727
2019-07-03 06:32:38.252 1842 INFO rally.task.engine [-] Full runner duration is: 3.300073
2019-07-03 06:32:38.253 1842 INFO rally.task.engine [-] Full duration is: 23.921485
2019-07-03 06:32:38.450 1842 INFO rally.task.engine [-] Running workload: position = 0 config = { "version": 2, "title": "A cropped version of a bigger task.", "description": "Auto-generated task from a single workload (uuid=0dc1e40f-e77f-4dee-93f8-0f7d029555df)", "subtasks": [ { "title": "CinderQos.create_and_set_qos", "description": "Create a qos, then Add/Update keys in qos specs.", "scenario": { "CinderQos.create_and_set_qos": { "consumer": "back-end", "write_iops_sec": "10", "read_iops_sec": "1000", "set_consumer": "both", "set_write_iops_sec": "11", "set_read_iops_sec": "1001" } }, "contexts": { "users": { "tenants": 3, "users_per_tenant": 2 }, "api_versions": { "cinder": { "version": 3, "service_type": "volumev3" } } }, "runner": { "constant": { "concurrency": 4, "times": 10 } }, "hooks": [], "sla": { "failure_rate": { "max": 0 } } } ] }
2019-07-03 06:32:38.471 1842 RALLYDEBUG rally_openstack.contexts.keystone.users [-] Creating 3 tenants using 20 threads
2019-07-03 06:32:40.400 1842 RALLYDEBUG rally_openstack.contexts.keystone.users [-] Creating 6 users using 20 threads
2019-07-03 06:32:43.280 1842 INFO rally.task.context [-] Task e274b4d1-b237-4682-9b08-4746c80d15cd | Context users@openstack setup() finished in 4.81 sec
2019-07-03 06:32:43.713 1842 INFO rally.task.context [-] Task e274b4d1-b237-4682-9b08-4746c80d15cd | Context api_versions@openstack setup() finished in 0.43 sec
2019-07-03 06:32:43.713 1842 INFO rally.task.context [-] Task e274b4d1-b237-4682-9b08-4746c80d15cd | Context admin_cleanup@openstack setup() finished in 0.01 msec
2019-07-03 06:32:43.720 1842 RALLYDEBUG rally.task.runner [-] Starting the constant runner (task UUID: e274b4d1-b237-4682-9b08-4746c80d15cd). timeout: 0 concurrency: 4 concurrency_per_worker: 1 times: 10 concurrency_overhead: 0 processes_to_start: 4 max_cpu_used: 16
2019-07-03 06:32:43.730 5478 RALLYDEBUG rally.task.runner [-] Starting a worker. concurrency: 1 args: {"consumer": "back-end", "write_iops_sec": "10", "read_iops_sec": "1000", "set_consumer": "both", "set_write_iops_sec": "11", "set_read_iops_sec": "1001"} times: 10 method_name: run timeout: 0 duration: None cls:
2019-07-03 06:32:43.735 5479 RALLYDEBUG rally.task.runner [-] Starting a worker. concurrency: 1 args: {"consumer": "back-end", "write_iops_sec": "10", "read_iops_sec": "1000", "set_consumer": "both", "set_write_iops_sec": "11", "set_read_iops_sec": "1001"} times: 10 method_name: run timeout: 0 duration: None cls:
2019-07-03 06:32:43.736 5480 RALLYDEBUG rally.task.runner [-] Starting a worker. concurrency: 1 args: {"consumer": "back-end", "write_iops_sec": "10", "read_iops_sec": "1000", "set_consumer": "both", "set_write_iops_sec": "11", "set_read_iops_sec": "1001"} times: 10 method_name: run timeout: 0 duration: None cls:
2019-07-03 06:32:43.737 5478 INFO rally.task.runner [-] Task e274b4d1-b237-4682-9b08-4746c80d15cd | ITER: 1 START
2019-07-03 06:32:43.741 5481 RALLYDEBUG rally.task.runner [-] Starting a worker. concurrency: 1 args: {"consumer": "back-end", "write_iops_sec": "10", "read_iops_sec": "1000", "set_consumer": "both", "set_write_iops_sec": "11", "set_read_iops_sec": "1001"} times: 10 method_name: run timeout: 0 duration: None cls:
2019-07-03 06:32:43.741 5479 INFO rally.task.runner [-] Task e274b4d1-b237-4682-9b08-4746c80d15cd | ITER: 2 START
2019-07-03 06:32:43.742 5480 INFO rally.task.runner [-] Task e274b4d1-b237-4682-9b08-4746c80d15cd | ITER: 3 START
2019-07-03 06:32:43.747 5481 INFO rally.task.runner [-] Task e274b4d1-b237-4682-9b08-4746c80d15cd | ITER: 4 START
2019-07-03 06:32:44.847 5481 INFO rally.task.runner [-] Task e274b4d1-b237-4682-9b08-4746c80d15cd | ITER: 4 END: OK
2019-07-03 06:32:44.853 5481 INFO rally.task.runner [-] Task e274b4d1-b237-4682-9b08-4746c80d15cd | ITER: 5 START
2019-07-03 06:32:44.865 5480 INFO rally.task.runner [-] Task e274b4d1-b237-4682-9b08-4746c80d15cd | ITER: 3 END: OK
2019-07-03 06:32:44.867 5479 INFO rally.task.runner [-] Task e274b4d1-b237-4682-9b08-4746c80d15cd | ITER: 2 END: OK
2019-07-03 06:32:44.870 5480 INFO rally.task.runner [-] Task e274b4d1-b237-4682-9b08-4746c80d15cd | ITER: 6 START
2019-07-03 06:32:44.873 5479 INFO rally.task.runner [-] Task e274b4d1-b237-4682-9b08-4746c80d15cd | ITER: 7 START
2019-07-03 06:32:44.921 5478 INFO rally.task.runner [-] Task e274b4d1-b237-4682-9b08-4746c80d15cd | ITER: 1 END: OK
2019-07-03 06:32:44.927 5478 INFO rally.task.runner [-] Task e274b4d1-b237-4682-9b08-4746c80d15cd | ITER: 8 START
2019-07-03 06:32:45.939 5479 INFO rally.task.runner [-] Task e274b4d1-b237-4682-9b08-4746c80d15cd | ITER: 7 END: OK
2019-07-03 06:32:45.944 5479 INFO rally.task.runner [-] Task e274b4d1-b237-4682-9b08-4746c80d15cd | ITER: 9 START
2019-07-03 06:32:45.958 5480 INFO rally.task.runner [-] Task e274b4d1-b237-4682-9b08-4746c80d15cd | ITER: 6 END: OK
2019-07-03 06:32:45.963 5480 INFO rally.task.runner [-] Task e274b4d1-b237-4682-9b08-4746c80d15cd | ITER: 10 START
2019-07-03 06:32:45.987 5481 INFO rally.task.runner [-] Task e274b4d1-b237-4682-9b08-4746c80d15cd | ITER: 5 END: OK
2019-07-03 06:32:46.037 5478 INFO rally.task.runner [-] Task e274b4d1-b237-4682-9b08-4746c80d15cd | ITER: 8 END: OK
2019-07-03 06:32:46.941 5479 INFO rally.task.runner [-] Task e274b4d1-b237-4682-9b08-4746c80d15cd | ITER: 9 END: OK
2019-07-03 06:32:46.987 5480 INFO rally.task.runner [-] Task e274b4d1-b237-4682-9b08-4746c80d15cd | ITER: 10 END: OK
2019-07-03 06:32:47.011 1842 INFO rally.task.context [-] Task e274b4d1-b237-4682-9b08-4746c80d15cd | Context admin_cleanup@openstack cleanup() started
2019-07-03 06:32:47.013 1842 RALLYDEBUG rally_openstack.cleanup.manager [-] Cleaning up cinder volume_types objects
2019-07-03 06:32:47.701 1842 RALLYDEBUG rally_openstack.cleanup.manager [-] Cleaning up cinder image_volumes_cache objects
2019-07-03 06:32:49.218 1842 RALLYDEBUG rally_openstack.cleanup.manager [-] Cleaning up cinder quotas objects
2019-07-03 06:32:50.997 1842 RALLYDEBUG rally_openstack.cleanup.manager [-] Cleaning up cinder qos_specs objects
2019-07-03 06:32:51.733 1842 RALLYDEBUG rally_openstack.cleanup.manager [-] Deleting cinder.qos_specs object s_rally_0dc1e40f_dNynCEeS (ee3015bf-f843-48ce-91d5-52df149f866b)
2019-07-03 06:32:51.742 1842 RALLYDEBUG rally_openstack.cleanup.manager [-] Deleting cinder.qos_specs object s_rally_0dc1e40f_FZj67Cgq (10cc78c5-aacf-4e56-83d5-51f163584d64)
2019-07-03 06:32:51.748 1842 RALLYDEBUG rally_openstack.cleanup.manager [-] Deleting cinder.qos_specs object s_rally_0dc1e40f_vv3auBth (f3b075d5-601c-4454-9236-49ee6de4f834)
2019-07-03 06:32:51.754 1842 RALLYDEBUG rally_openstack.cleanup.manager [-] Deleting cinder.qos_specs object s_rally_0dc1e40f_VITHubEl (e21dad52-0c4e-4c26-98ea-c96bf2e32aa3)
2019-07-03 06:32:51.766 1842 RALLYDEBUG rally_openstack.cleanup.manager [-] Deleting cinder.qos_specs object s_rally_0dc1e40f_NOkXrqpd (1886ce87-8780-4663-b606-4b49813772d4)
2019-07-03 06:32:51.779 1842 RALLYDEBUG rally_openstack.cleanup.manager [-] Deleting cinder.qos_specs object s_rally_0dc1e40f_p8Afs5MH (265e9947-8476-495a-a9e8-e352ef194e88)
2019-07-03 06:32:51.791 1842 RALLYDEBUG rally_openstack.cleanup.manager [-] Deleting cinder.qos_specs object s_rally_0dc1e40f_a2vOFsWl (f7f4192a-105a-4cc4-98cc-4b9e6474c207)
2019-07-03 06:32:51.804 1842 RALLYDEBUG rally_openstack.cleanup.manager [-] Deleting cinder.qos_specs object s_rally_0dc1e40f_Mp88gUlr (f1d7c199-05cf-4aa6-9199-14123f995bab)
2019-07-03 06:32:51.809 1842 RALLYDEBUG rally_openstack.cleanup.manager [-] Deleting cinder.qos_specs object s_rally_0dc1e40f_HFMHDd1P (7763d573-83a8-4426-9ed4-faa90263dfc0)
2019-07-03 06:32:51.830 1842 RALLYDEBUG rally_openstack.cleanup.manager [-] Deleting cinder.qos_specs object s_rally_0dc1e40f_Wba2Gslr (6b82b17f-01dd-4840-a6f9-1b9e273839bd)
2019-07-03 06:32:54.127 1842 INFO rally.task.context [-] Task e274b4d1-b237-4682-9b08-4746c80d15cd | Context admin_cleanup@openstack cleanup() finished in 7.12 sec
2019-07-03 06:32:54.127 1842 INFO rally.task.context [-] Task e274b4d1-b237-4682-9b08-4746c80d15cd | Context api_versions@openstack cleanup() started
2019-07-03 06:32:54.128 1842 INFO rally.task.context [-] Task e274b4d1-b237-4682-9b08-4746c80d15cd | Context api_versions@openstack cleanup() finished in 0.30 msec
2019-07-03 06:32:54.128 1842 INFO rally.task.context [-] Task e274b4d1-b237-4682-9b08-4746c80d15cd | Context users@openstack cleanup() started
2019-07-03 06:33:01.957 1842 INFO rally.task.context [-] Task e274b4d1-b237-4682-9b08-4746c80d15cd | Context users@openstack cleanup() finished in 7.83 sec
2019-07-03 06:33:02.572 1842 INFO rally.task.engine [-] Load duration is: 3.247606
2019-07-03 06:33:02.572 1842 INFO rally.task.engine [-] Full runner duration is: 3.290668
2019-07-03 06:33:02.573 1842 INFO rally.task.engine [-] Full duration is: 23.487699
2019-07-03 06:33:02.778 1842 INFO rally.task.engine [-] Running workload: position = 0 config = { "version": 2, "title": "A cropped version of a bigger task.", "description": "Auto-generated task from a single workload (uuid=739f9493-abc1-48c2-bfdc-e08c95f387e6)", "subtasks": [ { "title": "CinderVolumeTypes.create_and_get_volume_type", "description": "Create a volume Type, then get the details of the type.", "scenario": { "CinderVolumeTypes.create_and_get_volume_type": { "description": "rally tests creating types" } }, "contexts": { "users": { "tenants": 3, "users_per_tenant": 2 }, "api_versions": { "cinder": { "version": 3, "service_type": "volumev3" } } }, "runner": { "constant": { "concurrency": 4, "times": 10 } }, "hooks": [], "sla": { "failure_rate": { "max": 0 } } } ] }
2019-07-03 06:33:02.801 1842 RALLYDEBUG rally_openstack.contexts.keystone.users [-] Creating 3 tenants using 20 threads
2019-07-03 06:33:04.897 1842 RALLYDEBUG rally_openstack.contexts.keystone.users [-] Creating 6 users using 20 threads
2019-07-03 06:33:07.886 1842 INFO rally.task.context [-] Task e274b4d1-b237-4682-9b08-4746c80d15cd | Context users@openstack setup() finished in 5.09 sec
2019-07-03 06:33:08.402 1842 INFO rally.task.context [-] Task e274b4d1-b237-4682-9b08-4746c80d15cd | Context api_versions@openstack setup() finished in 0.52 sec
2019-07-03 06:33:08.402 1842 INFO rally.task.context [-] Task e274b4d1-b237-4682-9b08-4746c80d15cd | Context admin_cleanup@openstack setup() finished in 0.01 msec
2019-07-03 06:33:08.409 1842 RALLYDEBUG rally.task.runner [-] Starting the constant runner (task UUID: e274b4d1-b237-4682-9b08-4746c80d15cd). timeout: 0 concurrency: 4 concurrency_per_worker: 1 times: 10 concurrency_overhead: 0 processes_to_start: 4 max_cpu_used: 16
2019-07-03 06:33:08.423 5662 RALLYDEBUG rally.task.runner [-] Starting a worker. concurrency: 1 args: {"description": "rally tests creating types"} times: 10 method_name: run timeout: 0 duration: None cls:
2019-07-03 06:33:08.425 5663 RALLYDEBUG rally.task.runner [-] Starting a worker. concurrency: 1 args: {"description": "rally tests creating types"} times: 10 method_name: run timeout: 0 duration: None cls:
2019-07-03 06:33:08.428 5664 RALLYDEBUG rally.task.runner [-] Starting a worker. concurrency: 1 args: {"description": "rally tests creating types"} times: 10 method_name: run timeout: 0 duration: None cls:
2019-07-03 06:33:08.431 5662 INFO rally.task.runner [-] Task e274b4d1-b237-4682-9b08-4746c80d15cd | ITER: 1 START
2019-07-03 06:33:08.431 5665 RALLYDEBUG rally.task.runner [-] Starting a worker. concurrency: 1 args: {"description": "rally tests creating types"} times: 10 method_name: run timeout: 0 duration: None cls:
2019-07-03 06:33:08.433 5663 INFO rally.task.runner [-] Task e274b4d1-b237-4682-9b08-4746c80d15cd | ITER: 2 START
2019-07-03 06:33:08.435 5664 INFO rally.task.runner [-] Task e274b4d1-b237-4682-9b08-4746c80d15cd | ITER: 3 START
2019-07-03 06:33:08.439 5665 INFO rally.task.runner [-] Task e274b4d1-b237-4682-9b08-4746c80d15cd | ITER: 4 START
2019-07-03 06:33:09.531 5662 INFO rally.task.runner [-] Task e274b4d1-b237-4682-9b08-4746c80d15cd | ITER: 1 END: OK
2019-07-03 06:33:09.536 5662 INFO rally.task.runner [-] Task e274b4d1-b237-4682-9b08-4746c80d15cd | ITER: 5 START
2019-07-03 06:33:09.544 5665 INFO rally.task.runner [-] Task e274b4d1-b237-4682-9b08-4746c80d15cd | ITER: 4 END: OK
2019-07-03 06:33:09.549 5665 INFO rally.task.runner [-] Task e274b4d1-b237-4682-9b08-4746c80d15cd | ITER: 6 START
2019-07-03 06:33:09.564 5664 INFO rally.task.runner [-] Task e274b4d1-b237-4682-9b08-4746c80d15cd | ITER: 3 END: OK
2019-07-03 06:33:09.569 5664 INFO rally.task.runner [-] Task e274b4d1-b237-4682-9b08-4746c80d15cd | ITER: 7 START
2019-07-03 06:33:09.610 5663 INFO rally.task.runner [-] Task e274b4d1-b237-4682-9b08-4746c80d15cd | ITER: 2 END: OK
2019-07-03 06:33:09.615 5663 INFO rally.task.runner [-] Task e274b4d1-b237-4682-9b08-4746c80d15cd | ITER: 8 START
2019-07-03 06:33:10.612 5662 INFO rally.task.runner [-] Task e274b4d1-b237-4682-9b08-4746c80d15cd | ITER: 5 END: OK
2019-07-03 06:33:10.617 5662 INFO rally.task.runner [-] Task e274b4d1-b237-4682-9b08-4746c80d15cd | ITER: 9 START
2019-07-03 06:33:10.689 5663 INFO rally.task.runner [-] Task e274b4d1-b237-4682-9b08-4746c80d15cd | ITER: 8 END: OK
2019-07-03 06:33:10.690 5664 INFO rally.task.runner [-] Task e274b4d1-b237-4682-9b08-4746c80d15cd | ITER: 7 END: OK
2019-07-03 06:33:10.693 5663 INFO rally.task.runner [-] Task e274b4d1-b237-4682-9b08-4746c80d15cd | ITER: 10 START
2019-07-03 06:33:10.726 5665 INFO rally.task.runner [-] Task e274b4d1-b237-4682-9b08-4746c80d15cd | ITER: 6 END: OK
2019-07-03 06:33:11.639 5662 INFO rally.task.runner [-] Task e274b4d1-b237-4682-9b08-4746c80d15cd | ITER: 9 END: OK
2019-07-03 06:33:11.764 5663 INFO rally.task.runner [-] Task e274b4d1-b237-4682-9b08-4746c80d15cd | ITER: 10 END: OK
2019-07-03 06:33:11.785 1842 INFO rally.task.context [-] Task e274b4d1-b237-4682-9b08-4746c80d15cd | Context admin_cleanup@openstack cleanup() started
2019-07-03 06:33:11.787 1842 RALLYDEBUG rally_openstack.cleanup.manager [-] Cleaning up cinder volume_types objects
2019-07-03 06:33:12.520 1842 RALLYDEBUG rally_openstack.cleanup.manager [-] Deleting cinder.volume_types object s_rally_739f9493_9OS3ZlQ0 (61334932-afe5-465a-84a6-4877bb6337c4)
2019-07-03 06:33:12.520 1842 RALLYDEBUG rally_openstack.cleanup.manager [-] Deleting cinder.volume_types object s_rally_739f9493_5322bprL (cad49af8-e2cc-422a-91c2-d943442ef37c)
2019-07-03 06:33:12.523 1842 RALLYDEBUG rally_openstack.cleanup.manager [-] Deleting cinder.volume_types object s_rally_739f9493_q10cSvH3 (534590b3-6298-41d9-93aa-6cb7c80536d0)
2019-07-03 06:33:12.526 1842 RALLYDEBUG rally_openstack.cleanup.manager [-] Deleting cinder.volume_types object s_rally_739f9493_uTHaNoTf (81216f4b-9a0e-49ea-b973-46fdc5cfd9c6)
2019-07-03 06:33:12.536 1842 RALLYDEBUG rally_openstack.cleanup.manager [-] Deleting cinder.volume_types object s_rally_739f9493_6AA0deaE (89a93159-2864-4415-b4a0-0105195bf2bb)
2019-07-03 06:33:12.537 1842 RALLYDEBUG rally_openstack.cleanup.manager [-] Deleting cinder.volume_types object s_rally_739f9493_p3UwrNRG (6c3261f8-4dcf-412d-ba6f-e1476e355bcd)
2019-07-03 06:33:12.539 1842 RALLYDEBUG rally_openstack.cleanup.manager [-] Deleting cinder.volume_types object s_rally_739f9493_6nHxgTOh (5ffae9ec-0d0d-4476-9c60-fb10776a5ea8)
2019-07-03 06:33:12.546 1842 RALLYDEBUG rally_openstack.cleanup.manager [-] Deleting cinder.volume_types object s_rally_739f9493_ls6emAuL (f5010136-5557-48a3-9ca9-89d7b67c38a6)
2019-07-03 06:33:12.552 1842 RALLYDEBUG rally_openstack.cleanup.manager [-] Deleting cinder.volume_types object s_rally_739f9493_U7KHO0sC (b0fe32e6-629f-4144-bffc-e52b55c736d3)
2019-07-03 06:33:12.567 1842 RALLYDEBUG rally_openstack.cleanup.manager [-] Deleting cinder.volume_types object s_rally_739f9493_NKrZ6wJs (bbe4aa57-bf4d-4516-864f-a7cc3edec7c8)
2019-07-03 06:33:14.899 1842 RALLYDEBUG rally_openstack.cleanup.manager [-] Cleaning up cinder image_volumes_cache objects
2019-07-03 06:33:16.293 1842 RALLYDEBUG rally_openstack.cleanup.manager [-] Cleaning up cinder quotas objects
2019-07-03 06:33:18.153 1842 RALLYDEBUG rally_openstack.cleanup.manager [-] Cleaning up cinder qos_specs objects
2019-07-03 06:33:19.015 1842 INFO rally.task.context [-] Task e274b4d1-b237-4682-9b08-4746c80d15cd | Context admin_cleanup@openstack cleanup() finished in 7.23 sec
2019-07-03 06:33:19.015 1842 INFO rally.task.context [-] Task e274b4d1-b237-4682-9b08-4746c80d15cd | Context api_versions@openstack cleanup() started
2019-07-03 06:33:19.016 1842 INFO rally.task.context [-] Task e274b4d1-b237-4682-9b08-4746c80d15cd | Context api_versions@openstack cleanup() finished in 0.32 msec
2019-07-03 06:33:19.016 1842 INFO rally.task.context [-] Task e274b4d1-b237-4682-9b08-4746c80d15cd | Context users@openstack cleanup() started
2019-07-03 06:33:26.764 1842 INFO rally.task.context [-] Task e274b4d1-b237-4682-9b08-4746c80d15cd | Context users@openstack cleanup() finished in 7.75 sec
2019-07-03 06:33:26.903 1842 INFO rally.task.engine [-] Load duration is: 3.330206
2019-07-03 06:33:26.904 1842 INFO rally.task.engine [-] Full runner duration is: 3.376165
2019-07-03 06:33:26.904 1842 INFO rally.task.engine [-] Full duration is: 23.967439
2019-07-03 06:33:27.095 1842 INFO rally.task.engine [-] Running workload: position = 0 config = { "version": 2, "title": "A cropped version of a bigger task.", "description": "Auto-generated task from a single workload (uuid=487dabd4-a2a4-45e4-8876-d8d4f6882f98)", "subtasks": [ { "title": "CinderVolumeTypes.create_and_list_volume_types", "description": "Create a volume Type, then list all types.", "scenario": { "CinderVolumeTypes.create_and_list_volume_types": { "description": "rally tests creating types" } }, "contexts": { "users": { "tenants": 3, "users_per_tenant": 2 }, "api_versions": { "cinder": { "version": 3, "service_type": "volumev3" } } }, "runner": { "constant": { "concurrency": 4, "times": 10 } }, "hooks": [], "sla": { "failure_rate": { "max": 0 } } } ] }
2019-07-03 06:33:27.117 1842 RALLYDEBUG rally_openstack.contexts.keystone.users [-] Creating 3 tenants using 20 threads
2019-07-03 06:33:29.052 1842 RALLYDEBUG rally_openstack.contexts.keystone.users [-] Creating 6 users using 20 threads
2019-07-03 06:33:31.821 1842 INFO rally.task.context [-] Task e274b4d1-b237-4682-9b08-4746c80d15cd | Context users@openstack setup() finished in 4.70 sec
2019-07-03 06:33:32.247 1842 INFO rally.task.context [-] Task e274b4d1-b237-4682-9b08-4746c80d15cd | Context api_versions@openstack setup() finished in 0.43 sec
2019-07-03 06:33:32.248 1842 INFO rally.task.context [-] Task e274b4d1-b237-4682-9b08-4746c80d15cd | Context admin_cleanup@openstack setup() finished in 0.03 msec
2019-07-03 06:33:32.255 1842 RALLYDEBUG rally.task.runner [-] Starting the constant runner (task UUID: e274b4d1-b237-4682-9b08-4746c80d15cd). timeout: 0 concurrency: 4 concurrency_per_worker: 1 times: 10 concurrency_overhead: 0 processes_to_start: 4 max_cpu_used: 16
2019-07-03 06:33:32.269 5846 RALLYDEBUG rally.task.runner [-] Starting a worker. concurrency: 1 args: {"description": "rally tests creating types"} times: 10 method_name: run timeout: 0 duration: None cls:
2019-07-03 06:33:32.271 5847 RALLYDEBUG rally.task.runner [-] Starting a worker. concurrency: 1 args: {"description": "rally tests creating types"} times: 10 method_name: run timeout: 0 duration: None cls:
2019-07-03 06:33:32.274 5848 RALLYDEBUG rally.task.runner [-] Starting a worker. concurrency: 1 args: {"description": "rally tests creating types"} times: 10 method_name: run timeout: 0 duration: None cls:
2019-07-03 06:33:32.277 5846 INFO rally.task.runner [-] Task e274b4d1-b237-4682-9b08-4746c80d15cd | ITER: 1 START
2019-07-03 06:33:32.277 5849 RALLYDEBUG rally.task.runner [-] Starting a worker. concurrency: 1 args: {"description": "rally tests creating types"} times: 10 method_name: run timeout: 0 duration: None cls:
2019-07-03 06:33:32.279 5847 INFO rally.task.runner [-] Task e274b4d1-b237-4682-9b08-4746c80d15cd | ITER: 2 START
2019-07-03 06:33:32.284 5848 INFO rally.task.runner [-] Task e274b4d1-b237-4682-9b08-4746c80d15cd | ITER: 3 START
2019-07-03 06:33:32.285 5849 INFO rally.task.runner [-] Task e274b4d1-b237-4682-9b08-4746c80d15cd | ITER: 4 START
2019-07-03 06:33:33.375 5846 INFO rally.task.runner [-] Task e274b4d1-b237-4682-9b08-4746c80d15cd | ITER: 1 END: OK
2019-07-03 06:33:33.380 5846 INFO rally.task.runner [-] Task e274b4d1-b237-4682-9b08-4746c80d15cd | ITER: 5 START
2019-07-03 06:33:33.389 5848 INFO rally.task.runner [-] Task e274b4d1-b237-4682-9b08-4746c80d15cd | ITER: 3 END: OK
2019-07-03 06:33:33.393 5848 INFO rally.task.runner [-] Task e274b4d1-b237-4682-9b08-4746c80d15cd | ITER: 6 START
2019-07-03 06:33:33.394 5847 INFO rally.task.runner [-] Task e274b4d1-b237-4682-9b08-4746c80d15cd | ITER: 2 END: OK
2019-07-03 06:33:33.399 5847 INFO rally.task.runner [-] Task e274b4d1-b237-4682-9b08-4746c80d15cd | ITER: 7 START
2019-07-03 06:33:33.514 5849 INFO rally.task.runner [-] Task e274b4d1-b237-4682-9b08-4746c80d15cd | ITER: 4 END: OK
2019-07-03 06:33:33.519 5849 INFO rally.task.runner [-] Task e274b4d1-b237-4682-9b08-4746c80d15cd | ITER: 8 START
2019-07-03 06:33:34.379 5847 INFO rally.task.runner [-] Task e274b4d1-b237-4682-9b08-4746c80d15cd | ITER: 7 END: OK
2019-07-03 06:33:34.383 5847 INFO rally.task.runner [-] Task e274b4d1-b237-4682-9b08-4746c80d15cd | ITER: 9 START
2019-07-03 06:33:34.479 5848 INFO rally.task.runner [-] Task e274b4d1-b237-4682-9b08-4746c80d15cd | ITER: 6 END: OK
2019-07-03 06:33:34.484 5848 INFO rally.task.runner [-] Task e274b4d1-b237-4682-9b08-4746c80d15cd | ITER: 10 START
2019-07-03 06:33:34.527 5849 INFO rally.task.runner [-] Task e274b4d1-b237-4682-9b08-4746c80d15cd | ITER: 8 END: OK
2019-07-03 06:33:34.529 5846 INFO rally.task.runner [-] Task e274b4d1-b237-4682-9b08-4746c80d15cd | ITER: 5 END: OK
2019-07-03 06:33:35.479 5847 INFO rally.task.runner [-] Task e274b4d1-b237-4682-9b08-4746c80d15cd | ITER: 9 END: OK
2019-07-03 06:33:35.592 5848 INFO rally.task.runner [-] Task e274b4d1-b237-4682-9b08-4746c80d15cd | ITER: 10 END: OK
2019-07-03 06:33:35.620 1842 INFO rally.task.context [-] Task e274b4d1-b237-4682-9b08-4746c80d15cd | Context admin_cleanup@openstack cleanup() started
2019-07-03 06:33:35.622 1842 RALLYDEBUG rally_openstack.cleanup.manager [-] Cleaning up cinder volume_types objects
2019-07-03 06:33:36.299 1842 RALLYDEBUG rally_openstack.cleanup.manager [-] Deleting cinder.volume_types object s_rally_487dabd4_2ZyCQVzx (7185623f-dc8d-410c-bea3-918dffe26738)
2019-07-03 06:33:36.307 1842 RALLYDEBUG rally_openstack.cleanup.manager [-] Deleting cinder.volume_types object s_rally_487dabd4_ybOOMYu1 (304f4921-d517-40ca-9067-f74647f6547d)
2019-07-03 06:33:36.314 1842 RALLYDEBUG rally_openstack.cleanup.manager [-] Deleting cinder.volume_types object s_rally_487dabd4_QvAqlzZw (45d4bf92-9235-4696-a66e-d8c45a90cd4e)
2019-07-03 06:33:36.317 1842 RALLYDEBUG rally_openstack.cleanup.manager [-] Deleting cinder.volume_types object s_rally_487dabd4_eont5SmB (3eff4d4c-9aee-4b1e-865b-2a5980ed441f)
2019-07-03 06:33:36.329 1842 RALLYDEBUG rally_openstack.cleanup.manager [-] Deleting cinder.volume_types object s_rally_487dabd4_B6ge3usj (3e33e850-4940-4e63-b4cc-85db8f4cd11e)
2019-07-03 06:33:36.340 1842 RALLYDEBUG rally_openstack.cleanup.manager [-] Deleting cinder.volume_types object s_rally_487dabd4_7b5uIbvg (2c8b8f3b-67a6-45c3-95bc-80afed812020)
2019-07-03 06:33:36.345 1842 RALLYDEBUG rally_openstack.cleanup.manager [-] Deleting cinder.volume_types object s_rally_487dabd4_uPN96chq (efa1f10b-bfd3-4912-a0b3-ab9476ebd747)
2019-07-03 06:33:36.356 1842 RALLYDEBUG rally_openstack.cleanup.manager [-] Deleting cinder.volume_types object s_rally_487dabd4_LA35HouI (c9d206b2-f755-4e76-b0af-5155ab0345e9)
2019-07-03 06:33:36.365 1842 RALLYDEBUG rally_openstack.cleanup.manager [-] Deleting cinder.volume_types object s_rally_487dabd4_P4ikxuKM (b9b3e013-e064-4929-a763-71f1c7e781c3)
2019-07-03 06:33:36.383 1842 RALLYDEBUG rally_openstack.cleanup.manager [-] Deleting cinder.volume_types object s_rally_487dabd4_Q7UojXII (ab563b5a-a185-453c-abd6-bcd1111ec4a6)
2019-07-03 06:33:38.638 1842 RALLYDEBUG rally_openstack.cleanup.manager [-] Cleaning up cinder image_volumes_cache objects
2019-07-03 06:33:39.917 1842 RALLYDEBUG rally_openstack.cleanup.manager [-] Cleaning up cinder quotas objects
2019-07-03 06:33:41.573 1842 RALLYDEBUG rally_openstack.cleanup.manager [-] Cleaning up cinder qos_specs objects
2019-07-03 06:33:42.350 1842 INFO rally.task.context [-] Task e274b4d1-b237-4682-9b08-4746c80d15cd | Context admin_cleanup@openstack cleanup() finished in 6.73 sec
2019-07-03 06:33:42.350 1842 INFO rally.task.context [-] Task e274b4d1-b237-4682-9b08-4746c80d15cd | Context api_versions@openstack cleanup() started
2019-07-03 06:33:42.351 1842 INFO rally.task.context [-] Task e274b4d1-b237-4682-9b08-4746c80d15cd | Context api_versions@openstack cleanup() finished in 0.37 msec
2019-07-03 06:33:42.351 1842 INFO rally.task.context [-] Task e274b4d1-b237-4682-9b08-4746c80d15cd | Context users@openstack cleanup() started
2019-07-03 06:33:50.567 1842 INFO rally.task.context [-] Task e274b4d1-b237-4682-9b08-4746c80d15cd | Context users@openstack cleanup() finished in 8.22 sec
2019-07-03 06:33:51.237 1842 INFO rally.task.engine [-] Load duration is: 3.311365
2019-07-03 06:33:51.237 1842 INFO rally.task.engine [-] Full runner duration is: 3.365158
2019-07-03 06:33:51.238 1842 INFO rally.task.engine [-] Full duration is: 23.45197
2019-07-03 06:33:51.442 1842 INFO rally.task.engine [-] Running workload: position = 0 config = { "version": 2, "title": "A cropped version of a bigger task.", "description": "Auto-generated task from a single workload (uuid=428ba9f9-2b97-4e5d-ac81-637507edef26)", "subtasks": [ { "title": "CinderVolumeTypes.create_and_update_volume_type", "description": "create a volume type, then update the type.", "scenario": { "CinderVolumeTypes.create_and_update_volume_type": { "description": "test", "update_description": "test update" } }, "contexts": { "users": { "tenants": 3, "users_per_tenant": 2 }, "api_versions": { "cinder": { "version": 3, "service_type": "volumev3" } } }, "runner": { "constant": { "concurrency": 4, "times": 10 } }, "hooks": [], "sla": { "failure_rate": { "max": 0 } } } ] }
2019-07-03 06:33:51.464 1842 RALLYDEBUG rally_openstack.contexts.keystone.users [-] Creating 3 tenants using 20 threads
2019-07-03 06:33:53.502 1842 RALLYDEBUG rally_openstack.contexts.keystone.users [-] Creating 6 users using 20 threads
2019-07-03 06:33:56.395 1842 INFO rally.task.context [-] Task e274b4d1-b237-4682-9b08-4746c80d15cd | Context users@openstack setup() finished in 4.93 sec
2019-07-03 06:33:56.827 1842 INFO rally.task.context [-] Task e274b4d1-b237-4682-9b08-4746c80d15cd | Context api_versions@openstack setup() finished in 0.43 sec
2019-07-03 06:33:56.827 1842 INFO rally.task.context [-] Task e274b4d1-b237-4682-9b08-4746c80d15cd | Context admin_cleanup@openstack setup() finished in 0.01 msec
2019-07-03 06:33:56.834 1842 RALLYDEBUG rally.task.runner [-] Starting the constant runner (task UUID: e274b4d1-b237-4682-9b08-4746c80d15cd). timeout: 0 concurrency: 4 concurrency_per_worker: 1 times: 10 concurrency_overhead: 0 processes_to_start: 4 max_cpu_used: 16
2019-07-03 06:33:56.848 6030 RALLYDEBUG rally.task.runner [-] Starting a worker. concurrency: 1 args: {"description": "test", "update_description": "test update"} times: 10 method_name: run timeout: 0 duration: None cls:
2019-07-03 06:33:56.850 6031 RALLYDEBUG rally.task.runner [-] Starting a worker. concurrency: 1 args: {"description": "test", "update_description": "test update"} times: 10 method_name: run timeout: 0 duration: None cls:
2019-07-03 06:33:56.853 6032 RALLYDEBUG rally.task.runner [-] Starting a worker. concurrency: 1 args: {"description": "test", "update_description": "test update"} times: 10 method_name: run timeout: 0 duration: None cls:
2019-07-03 06:33:56.855 6030 INFO rally.task.runner [-] Task e274b4d1-b237-4682-9b08-4746c80d15cd | ITER: 1 START
2019-07-03 06:33:56.856 6033 RALLYDEBUG rally.task.runner [-] Starting a worker. concurrency: 1 args: {"description": "test", "update_description": "test update"} times: 10 method_name: run timeout: 0 duration: None cls:
2019-07-03 06:33:56.858 6031 INFO rally.task.runner [-] Task e274b4d1-b237-4682-9b08-4746c80d15cd | ITER: 2 START
2019-07-03 06:33:56.861 6032 INFO rally.task.runner [-] Task e274b4d1-b237-4682-9b08-4746c80d15cd | ITER: 3 START
2019-07-03 06:33:56.863 6033 INFO rally.task.runner [-] Task e274b4d1-b237-4682-9b08-4746c80d15cd | ITER: 4 START
2019-07-03 06:33:57.300 6030 DEBUG cinderclient.v2.client [-] REQ: curl -g -i -X POST http://172.30.9.23:8776/v3/2ad152a1c94c42e2b02be27bcc22b190/types -H "Accept: application/json" -H "Content-Type: application/json" -H "User-Agent: python-cinderclient" -H "X-Auth-Token: {SHA1}163c84f67037e674fff10fb52b8fdfc278c3c063" -d '{"volume_type": {"os-volume-type-access:is_public": true, "name": "s_rally_428ba9f9_PhwY9jM8", "description": "test"}}' _http_log_request /usr/lib/python2.7/site-packages/keystoneauth1/session.py:448
2019-07-03 06:33:57.300 6032 DEBUG cinderclient.v2.client [-] REQ: curl -g -i -X POST http://172.30.9.23:8776/v3/2ad152a1c94c42e2b02be27bcc22b190/types -H "Accept: application/json" -H "Content-Type: application/json" -H "User-Agent: python-cinderclient" -H "X-Auth-Token: {SHA1}11e67adbf1d3eec677f0f7b5719fdbfdfd649b1e" -d '{"volume_type": {"os-volume-type-access:is_public": true, "name": "s_rally_428ba9f9_we9AWPQA", "description": "test"}}' _http_log_request /usr/lib/python2.7/site-packages/keystoneauth1/session.py:448
2019-07-03 06:33:57.309 6031 DEBUG cinderclient.v2.client [-] REQ: curl -g -i -X POST http://172.30.9.23:8776/v3/2ad152a1c94c42e2b02be27bcc22b190/types -H "Accept: application/json" -H "Content-Type: application/json" -H "User-Agent: python-cinderclient" -H "X-Auth-Token: {SHA1}7380419b1c38a9f4e569688d0be1beba9dde58b6" -d '{"volume_type": {"os-volume-type-access:is_public": true, "name": "s_rally_428ba9f9_NkQNy5b4", "description": "test"}}' _http_log_request /usr/lib/python2.7/site-packages/keystoneauth1/session.py:448
2019-07-03 06:33:57.317 6033 DEBUG cinderclient.v2.client [-] REQ: curl -g -i -X POST http://172.30.9.23:8776/v3/2ad152a1c94c42e2b02be27bcc22b190/types -H "Accept: application/json" -H "Content-Type: application/json" -H "User-Agent: python-cinderclient" -H "X-Auth-Token: {SHA1}a48e1f89e1b95f0472f6f71244bc7de78366adc1" -d '{"volume_type": {"os-volume-type-access:is_public": true, "name": "s_rally_428ba9f9_YjvQUfND", "description": "test"}}' _http_log_request /usr/lib/python2.7/site-packages/keystoneauth1/session.py:448
2019-07-03 06:33:57.638 6031 DEBUG cinderclient.v2.client [-] RESP: [200] Content-Encoding: gzip Content-Length: 166 Content-Type: application/json Date: Wed, 03 Jul 2019 06:33:57 GMT OpenStack-API-Version: volume 3.0 Server: Apache Vary: OpenStack-API-Version,Accept-Encoding x-compute-request-id: req-bef898eb-1aba-4fb8-8777-273dcb6acde4 x-openstack-request-id: req-bef898eb-1aba-4fb8-8777-273dcb6acde4 _http_log_response /usr/lib/python2.7/site-packages/keystoneauth1/session.py:479
