2019-07-03 06:00:21.930 7 RALLYDEBUG rally.api [-] INFO logs from urllib3 and requests module are hide.
2019-07-03 06:00:21.930 7 RALLYDEBUG rally.api [-] urllib3 insecure warnings are hidden.
2019-07-03 06:00:21.930 7 RALLYDEBUG rally.api [-] ERROR log from boto module is hide.
2019-07-03 06:00:23.120 7 ERROR rally.cli.cliutils [-] Unexpected exception in CLI: DBRecordNotFound: Record for uuid or name is opnfv-rally not found in table envs
2019-07-03 06:00:23.120 7 ERROR rally.cli.cliutils
Traceback (most recent call last):
2019-07-03 06:00:23.120 7 ERROR rally.cli.cliutils
File "/usr/lib/python2.7/site-packages/rally/cli/cliutils.py", line 674, in run
2019-07-03 06:00:23.120 7 ERROR rally.cli.cliutils ret = fn(*fn_args, **fn_kwargs)
2019-07-03 06:00:23.120 7 ERROR rally.cli.cliutils File "", line 2, in destroy
2019-07-03 06:00:23.120 7 ERROR rally.cli.cliutils
File "/usr/lib/python2.7/site-packages/rally/cli/envutils.py", line 69, in default_from_global
2019-07-03 06:00:23.120 7 ERROR rally.cli.cliutils return f(*args, **kwargs)
2019-07-03 06:00:23.120 7 ERROR rally.cli.cliutils File "", line 2, in destroy
2019-07-03 06:00:23.120 7 ERROR rally.cli.cliutils
File "/usr/lib/python2.7/site-packages/rally/plugins/__init__.py", line 51, in ensure_plugins_are_loaded
2019-07-03 06:00:23.120 7 ERROR rally.cli.cliutils return f(*args, **kwargs)
2019-07-03 06:00:23.120 7 ERROR rally.cli.cliutils
File "/usr/lib/python2.7/site-packages/rally/cli/commands/deployment.py", line 140, in destroy
2019-07-03 06:00:23.120 7 ERROR rally.cli.cliutils api.deployment.destroy(deployment=deployment)
2019-07-03 06:00:23.120 7 ERROR rally.cli.cliutils
File "/usr/lib/python2.7/site-packages/rally/api.py", line 115, in destroy
2019-07-03 06:00:23.120 7 ERROR rally.cli.cliutils deploy = objects.Deployment.get(deployment)
2019-07-03 06:00:23.120 7 ERROR rally.cli.cliutils
File "/usr/lib/python2.7/site-packages/rally/common/objects/deploy.py", line 124, in get
2019-07-03 06:00:23.120 7 ERROR rally.cli.cliutils return Deployment(env_mgr.EnvManager.get(deploy))
2019-07-03 06:00:23.120 7 ERROR rally.cli.cliutils
File "/usr/lib/python2.7/site-packages/rally/env/env_mgr.py", line 212, in get
2019-07-03 06:00:23.120 7 ERROR rally.cli.cliutils return cls(db.env_get(uuid_or_name))
2019-07-03 06:00:23.120 7 ERROR rally.cli.cliutils
File "/usr/lib/python2.7/site-packages/rally/common/db/api.py", line 135, in wrapper
2019-07-03 06:00:23.120 7 ERROR rally.cli.cliutils result = f(session, *args, **kwargs)
2019-07-03 06:00:23.120 7 ERROR rally.cli.cliutils
File "/usr/lib/python2.7/site-packages/rally/common/db/api.py", line 521, in env_get
2019-07-03 06:00:23.120 7 ERROR rally.cli.cliutils criteria="uuid or name is %s" % uuid_or_name, table="envs")
2019-07-03 06:00:23.120 7 ERROR rally.cli.cliutils DBRecordNotFound: Record for uuid or name is opnfv-rally not found in table envs
2019-07-03 06:00:23.120 7 ERROR rally.cli.cliutils
2019-07-03 06:00:23.867 9 RALLYDEBUG rally.api [-] INFO logs from urllib3 and requests module are hide.
2019-07-03 06:00:23.867 9 RALLYDEBUG rally.api [-] urllib3 insecure warnings are hidden.
2019-07-03 06:00:23.867 9 RALLYDEBUG rally.api [-] ERROR log from boto module is hide.
2019-07-03 06:00:25.007 9 WARNING rally_openstack.platforms.existing [-] endpoint is deprecated and not used.
2019-07-03 06:00:25.917 11 RALLYDEBUG rally.api [-] INFO logs from urllib3 and requests module are hide.
2019-07-03 06:00:25.917 11 RALLYDEBUG rally.api [-] urllib3 insecure warnings are hidden.
2019-07-03 06:00:25.917 11 RALLYDEBUG rally.api [-] ERROR log from boto module is hide.
2019-07-03 06:00:29.049 14 RALLYDEBUG rally.api [-] INFO logs from urllib3 and requests module are hide.
2019-07-03 06:00:29.049 14 RALLYDEBUG rally.api [-] urllib3 insecure warnings are hidden.
2019-07-03 06:00:29.049 14 RALLYDEBUG rally.api [-] ERROR log from boto module is hide.
2019-07-03 06:00:30.757 16 RALLYDEBUG rally.api [-] INFO logs from urllib3 and requests module are hide.
2019-07-03 06:00:30.757 16 RALLYDEBUG rally.api [-] urllib3 insecure warnings are hidden.
2019-07-03 06:00:30.757 16 RALLYDEBUG rally.api [-] ERROR log from boto module is hide.
2019-07-03 06:00:32.053 16 INFO rally.task.engine [-] Task b1da5320-3ebe-4b18-9963-0fee19d2c97d | Starting: Task validation.
2019-07-03 06:00:32.082 16 INFO rally.task.engine [-] Task b1da5320-3ebe-4b18-9963-0fee19d2c97d | Starting: Task validation of syntax.
2019-07-03 06:00:32.166 16 INFO rally.task.engine [-] Task b1da5320-3ebe-4b18-9963-0fee19d2c97d | Completed: Task validation of syntax.
2019-07-03 06:00:32.166 16 INFO rally.task.engine [-] Task b1da5320-3ebe-4b18-9963-0fee19d2c97d | Starting: Task validation of required platforms.
2019-07-03 06:00:32.204 16 INFO rally.task.engine [-] Task b1da5320-3ebe-4b18-9963-0fee19d2c97d | Completed: Task validation of required platforms.
2019-07-03 06:00:32.204 16 INFO rally.task.engine [-] Task b1da5320-3ebe-4b18-9963-0fee19d2c97d | Starting: Task validation of semantic.
2019-07-03 06:00:32.205 16 INFO rally.task.engine [-] Check health of the environment 'fabe14c3-827f-487a-b95f-55e4042b7153'.
2019-07-03 06:00:33.026 16 INFO rally.task.engine [-] Platform existing@openstack (available: True): OK!
2019-07-03 06:00:33.045 16 RALLYDEBUG rally_openstack.contexts.keystone.users [-] Creating 1 tenants using 20 threads
2019-07-03 06:00:34.918 16 RALLYDEBUG rally_openstack.contexts.keystone.users [-] Creating 1 users using 20 threads
2019-07-03 06:00:37.585 16 INFO rally.task.context [-] Task b1da5320-3ebe-4b18-9963-0fee19d2c97d | Context users@openstack setup() finished in 4.54 sec
2019-07-03 06:00:37.632 16 INFO rally.task.context [-] Task b1da5320-3ebe-4b18-9963-0fee19d2c97d | Context users@openstack cleanup() started
2019-07-03 06:00:42.857 16 INFO rally.task.context [-] Task b1da5320-3ebe-4b18-9963-0fee19d2c97d | Context users@openstack cleanup() finished in 5.23 sec
2019-07-03 06:00:42.858 16 INFO rally.task.engine [-] Task b1da5320-3ebe-4b18-9963-0fee19d2c97d | Completed: Task validation of semantic.
2019-07-03 06:00:42.858 16 INFO rally.task.engine [-] Task b1da5320-3ebe-4b18-9963-0fee19d2c97d | Completed: Task validation.
2019-07-03 06:00:42.859 16 INFO rally.api [-] Task b1da5320-3ebe-4b18-9963-0fee19d2c97d input file is valid.
2019-07-03 06:00:42.859 16 INFO rally.api [-] Run Task b1da5320-3ebe-4b18-9963-0fee19d2c97d against Deployment fabe14c3-827f-487a-b95f-55e4042b7153
2019-07-03 06:00:42.859 16 INFO rally.task.engine [-] Task b1da5320-3ebe-4b18-9963-0fee19d2c97d | Starting: Running task.
2019-07-03 06:00:42.985 16 INFO rally.task.engine [-] Running workload: position = 0 config = { "version": 2, "title": "A cropped version of a bigger task.", "description": "Auto-generated task from a single workload (uuid=64b9f923-6f89-4a50-851c-9b50b3f989c5)", "subtasks": [ { "title": "Authenticate.keystone", "description": "Check Keystone Client.", "scenario": { "Authenticate.keystone": {} }, "contexts": { "users": { "tenants": 3, "users_per_tenant": 2 } }, "runner": { "constant": { "concurrency": 4, "times": 10 } }, "hooks": [], "sla": { "failure_rate": { "max": 0 } } } ] }
2019-07-03 06:00:43.003 16 RALLYDEBUG rally_openstack.contexts.keystone.users [-] Creating 3 tenants using 20 threads
2019-07-03 06:00:44.929 16 RALLYDEBUG rally_openstack.contexts.keystone.users [-] Creating 6 users using 20 threads
2019-07-03 06:00:47.918 16 INFO rally.task.context [-] Task b1da5320-3ebe-4b18-9963-0fee19d2c97d | Context users@openstack setup() finished in 4.92 sec
2019-07-03 06:00:47.925 16 RALLYDEBUG rally.task.runner [-] Starting the constant runner (task UUID: b1da5320-3ebe-4b18-9963-0fee19d2c97d). timeout: 0 concurrency: 4 concurrency_per_worker: 1 times: 10 concurrency_overhead: 0 processes_to_start: 4 max_cpu_used: 16
2019-07-03 06:00:47.939 141 RALLYDEBUG rally.task.runner [-] Starting a worker. concurrency: 1 args: {} times: 10 method_name: run timeout: 0 duration: None cls:
2019-07-03 06:00:47.938 140 RALLYDEBUG rally.task.runner [-] Starting a worker. concurrency: 1 args: {} times: 10 method_name: run timeout: 0 duration: None cls:
2019-07-03 06:00:47.943 141 INFO rally.task.runner [-] Task b1da5320-3ebe-4b18-9963-0fee19d2c97d | ITER: 1 START
2019-07-03 06:00:47.944 140 INFO rally.task.runner [-] Task b1da5320-3ebe-4b18-9963-0fee19d2c97d | ITER: 2 START
2019-07-03 06:00:47.943 142 RALLYDEBUG rally.task.runner [-] Starting a worker. concurrency: 1 args: {} times: 10 method_name: run timeout: 0 duration: None cls:
2019-07-03 06:00:47.947 143 RALLYDEBUG rally.task.runner [-] Starting a worker. concurrency: 1 args: {} times: 10 method_name: run timeout: 0 duration: None cls:
2019-07-03 06:00:47.949 142 INFO rally.task.runner [-] Task b1da5320-3ebe-4b18-9963-0fee19d2c97d | ITER: 3 START
2019-07-03 06:00:47.953 143 INFO rally.task.runner [-] Task b1da5320-3ebe-4b18-9963-0fee19d2c97d | ITER: 4 START
2019-07-03 06:00:48.545 140 INFO rally.task.runner [-] Task b1da5320-3ebe-4b18-9963-0fee19d2c97d | ITER: 2 END: OK
2019-07-03 06:00:48.546 141 INFO rally.task.runner [-] Task b1da5320-3ebe-4b18-9963-0fee19d2c97d | ITER: 1 END: OK
2019-07-03 06:00:48.549 140 INFO rally.task.runner [-] Task b1da5320-3ebe-4b18-9963-0fee19d2c97d | ITER: 5 START
2019-07-03 06:00:48.550 141 INFO rally.task.runner [-] Task b1da5320-3ebe-4b18-9963-0fee19d2c97d | ITER: 6 START
2019-07-03 06:00:48.554 142 INFO rally.task.runner [-] Task b1da5320-3ebe-4b18-9963-0fee19d2c97d | ITER: 3 END: OK
2019-07-03 06:00:48.558 142 INFO rally.task.runner [-] Task b1da5320-3ebe-4b18-9963-0fee19d2c97d | ITER: 7 START
2019-07-03 06:00:48.561 143 INFO rally.task.runner [-] Task b1da5320-3ebe-4b18-9963-0fee19d2c97d | ITER: 4 END: OK
2019-07-03 06:00:48.565 143 INFO rally.task.runner [-] Task b1da5320-3ebe-4b18-9963-0fee19d2c97d | ITER: 8 START
2019-07-03 06:00:49.154 141 INFO rally.task.runner [-] Task b1da5320-3ebe-4b18-9963-0fee19d2c97d | ITER: 6 END: OK
2019-07-03 06:00:49.158 141 INFO rally.task.runner [-] Task b1da5320-3ebe-4b18-9963-0fee19d2c97d | ITER: 9 START
2019-07-03 06:00:49.204 143 INFO rally.task.runner [-] Task b1da5320-3ebe-4b18-9963-0fee19d2c97d | ITER: 8 END: OK
2019-07-03 06:00:49.206 142 INFO rally.task.runner [-] Task b1da5320-3ebe-4b18-9963-0fee19d2c97d | ITER: 7 END: OK
2019-07-03 06:00:49.207 143 INFO rally.task.runner [-] Task b1da5320-3ebe-4b18-9963-0fee19d2c97d | ITER: 10 START
2019-07-03 06:00:49.265 140 INFO rally.task.runner [-] Task b1da5320-3ebe-4b18-9963-0fee19d2c97d | ITER: 5 END: OK
2019-07-03 06:00:49.872 143 INFO rally.task.runner [-] Task b1da5320-3ebe-4b18-9963-0fee19d2c97d | ITER: 10 END: OK
2019-07-03 06:00:49.911 141 INFO rally.task.runner [-] Task b1da5320-3ebe-4b18-9963-0fee19d2c97d | ITER: 9 END: OK
2019-07-03 06:00:49.939 16 INFO rally.task.context [-] Task b1da5320-3ebe-4b18-9963-0fee19d2c97d | Context users@openstack cleanup() started
2019-07-03 06:00:58.078 16 INFO rally.task.context [-] Task b1da5320-3ebe-4b18-9963-0fee19d2c97d | Context users@openstack cleanup() finished in 8.14 sec
2019-07-03 06:00:59.079 16 INFO rally.task.engine [-] Load duration is: 1.967051
2019-07-03 06:00:59.079 16 INFO rally.task.engine [-] Full runner duration is: 2.014448
2019-07-03 06:00:59.080 16 INFO rally.task.engine [-] Full duration is: 15.076137
2019-07-03 06:00:59.290 16 INFO rally.task.engine [-] Running workload: position = 0 config = { "version": 2, "title": "A cropped version of a bigger task.", "description": "Auto-generated task from a single workload (uuid=41d91444-679a-42a4-9311-5d81cba288f2)", "subtasks": [ { "title": "Authenticate.validate_cinder", "description": "Check Cinder Client to ensure validation of token.", "scenario": { "Authenticate.validate_cinder": { "repetitions": 2 } }, "contexts": { "users": { "tenants": 3, "users_per_tenant": 2 } }, "runner": { "constant": { "concurrency": 4, "times": 10 } }, "hooks": [], "sla": { "failure_rate": { "max": 0 } } } ] }
2019-07-03 06:00:59.311 16 RALLYDEBUG rally_openstack.contexts.keystone.users [-] Creating 3 tenants using 20 threads
2019-07-03 06:01:01.276 16 RALLYDEBUG rally_openstack.contexts.keystone.users [-] Creating 6 users using 20 threads
2019-07-03 06:01:04.234 16 INFO rally.task.context [-] Task b1da5320-3ebe-4b18-9963-0fee19d2c97d | Context users@openstack setup() finished in 4.92 sec
2019-07-03 06:01:04.243 16 RALLYDEBUG rally.task.runner [-] Starting the constant runner (task UUID: b1da5320-3ebe-4b18-9963-0fee19d2c97d). timeout: 0 concurrency: 4 concurrency_per_worker: 1 times: 10 concurrency_overhead: 0 processes_to_start: 4 max_cpu_used: 16
2019-07-03 06:01:04.254 244 RALLYDEBUG rally.task.runner [-] Starting a worker. concurrency: 1 args: {"repetitions": 2} times: 10 method_name: run timeout: 0 duration: None cls:
2019-07-03 06:01:04.257 245 RALLYDEBUG rally.task.runner [-] Starting a worker. concurrency: 1 args: {"repetitions": 2} times: 10 method_name: run timeout: 0 duration: None cls:
2019-07-03 06:01:04.260 244 INFO rally.task.runner [-] Task b1da5320-3ebe-4b18-9963-0fee19d2c97d | ITER: 1 START
2019-07-03 06:01:04.260 246 RALLYDEBUG rally.task.runner [-] Starting a worker. concurrency: 1 args: {"repetitions": 2} times: 10 method_name: run timeout: 0 duration: None cls:
2019-07-03 06:01:04.262 247 RALLYDEBUG rally.task.runner [-] Starting a worker. concurrency: 1 args: {"repetitions": 2} times: 10 method_name: run timeout: 0 duration: None cls:
2019-07-03 06:01:04.264 245 INFO rally.task.runner [-] Task b1da5320-3ebe-4b18-9963-0fee19d2c97d | ITER: 2 START
2019-07-03 06:01:04.265 246 INFO rally.task.runner [-] Task b1da5320-3ebe-4b18-9963-0fee19d2c97d | ITER: 3 START
2019-07-03 06:01:04.268 247 INFO rally.task.runner [-] Task b1da5320-3ebe-4b18-9963-0fee19d2c97d | ITER: 4 START
2019-07-03 06:01:06.163 247 INFO rally.task.runner [-] Task b1da5320-3ebe-4b18-9963-0fee19d2c97d | ITER: 4 END: OK
2019-07-03 06:01:06.167 247 INFO rally.task.runner [-] Task b1da5320-3ebe-4b18-9963-0fee19d2c97d | ITER: 5 START
2019-07-03 06:01:06.178 246 INFO rally.task.runner [-] Task b1da5320-3ebe-4b18-9963-0fee19d2c97d | ITER: 3 END: OK
2019-07-03 06:01:06.181 246 INFO rally.task.runner [-] Task b1da5320-3ebe-4b18-9963-0fee19d2c97d | ITER: 6 START
2019-07-03 06:01:06.246 245 INFO rally.task.runner [-] Task b1da5320-3ebe-4b18-9963-0fee19d2c97d | ITER: 2 END: OK
2019-07-03 06:01:06.251 245 INFO rally.task.runner [-] Task b1da5320-3ebe-4b18-9963-0fee19d2c97d | ITER: 7 START
2019-07-03 06:01:06.280 244 INFO rally.task.runner [-] Task b1da5320-3ebe-4b18-9963-0fee19d2c97d | ITER: 1 END: OK
2019-07-03 06:01:06.284 244 INFO rally.task.runner [-] Task b1da5320-3ebe-4b18-9963-0fee19d2c97d | ITER: 8 START
2019-07-03 06:01:07.694 244 INFO rally.task.runner [-] Task b1da5320-3ebe-4b18-9963-0fee19d2c97d | ITER: 8 END: OK
2019-07-03 06:01:07.698 244 INFO rally.task.runner [-] Task b1da5320-3ebe-4b18-9963-0fee19d2c97d | ITER: 9 START
2019-07-03 06:01:07.774 245 INFO rally.task.runner [-] Task b1da5320-3ebe-4b18-9963-0fee19d2c97d | ITER: 7 END: OK
2019-07-03 06:01:07.778 245 INFO rally.task.runner [-] Task b1da5320-3ebe-4b18-9963-0fee19d2c97d | ITER: 10 START
2019-07-03 06:01:07.956 246 INFO rally.task.runner [-] Task b1da5320-3ebe-4b18-9963-0fee19d2c97d | ITER: 6 END: OK
2019-07-03 06:01:08.016 247 INFO rally.task.runner [-] Task b1da5320-3ebe-4b18-9963-0fee19d2c97d | ITER: 5 END: OK
2019-07-03 06:01:09.488 244 INFO rally.task.runner [-] Task b1da5320-3ebe-4b18-9963-0fee19d2c97d | ITER: 9 END: OK
2019-07-03 06:01:09.656 245 INFO rally.task.runner [-] Task b1da5320-3ebe-4b18-9963-0fee19d2c97d | ITER: 10 END: OK
2019-07-03 06:01:09.683 16 INFO rally.task.context [-] Task b1da5320-3ebe-4b18-9963-0fee19d2c97d | Context users@openstack cleanup() started
2019-07-03 06:01:17.552 16 INFO rally.task.context [-] Task b1da5320-3ebe-4b18-9963-0fee19d2c97d | Context users@openstack cleanup() finished in 7.87 sec
2019-07-03 06:01:19.431 16 INFO rally.task.engine [-] Load duration is: 5.394626
2019-07-03 06:01:19.431 16 INFO rally.task.engine [-] Full runner duration is: 5.441105
2019-07-03 06:01:19.432 16 INFO rally.task.engine [-] Full duration is: 18.244517
2019-07-03 06:01:19.637 16 INFO rally.task.engine [-] Running workload: position = 0 config = { "version": 2, "title": "A cropped version of a bigger task.", "description": "Auto-generated task from a single workload (uuid=79855b7a-6e86-44d5-989c-bb8e1ca219c8)", "subtasks": [ { "title": "Authenticate.validate_glance", "description": "Check Glance Client to ensure validation of token.", "scenario": { "Authenticate.validate_glance": { "repetitions": 2 } }, "contexts": { "users": { "tenants": 3, "users_per_tenant": 2 } }, "runner": { "constant": { "concurrency": 4, "times": 10 } }, "hooks": [], "sla": { "failure_rate": { "max": 0 } } } ] }
2019-07-03 06:01:19.656 16 RALLYDEBUG rally_openstack.contexts.keystone.users [-] Creating 3 tenants using 20 threads
2019-07-03 06:01:21.528 16 RALLYDEBUG rally_openstack.contexts.keystone.users [-] Creating 6 users using 20 threads
2019-07-03 06:01:24.445 16 INFO rally.task.context [-] Task b1da5320-3ebe-4b18-9963-0fee19d2c97d | Context users@openstack setup() finished in 4.79 sec
2019-07-03 06:01:24.453 16 RALLYDEBUG rally.task.runner [-] Starting the constant runner (task UUID: b1da5320-3ebe-4b18-9963-0fee19d2c97d). timeout: 0 concurrency: 4 concurrency_per_worker: 1 times: 10 concurrency_overhead: 0 processes_to_start: 4 max_cpu_used: 16
2019-07-03 06:01:24.466 348 RALLYDEBUG rally.task.runner [-] Starting a worker. concurrency: 1 args: {"repetitions": 2} times: 10 method_name: run timeout: 0 duration: None cls:
2019-07-03 06:01:24.468 349 RALLYDEBUG rally.task.runner [-] Starting a worker. concurrency: 1 args: {"repetitions": 2} times: 10 method_name: run timeout: 0 duration: None cls:
2019-07-03 06:01:24.471 350 RALLYDEBUG rally.task.runner [-] Starting a worker. concurrency: 1 args: {"repetitions": 2} times: 10 method_name: run timeout: 0 duration: None cls:
2019-07-03 06:01:24.472 348 INFO rally.task.runner [-] Task b1da5320-3ebe-4b18-9963-0fee19d2c97d | ITER: 1 START
2019-07-03 06:01:24.474 351 RALLYDEBUG rally.task.runner [-] Starting a worker. concurrency: 1 args: {"repetitions": 2} times: 10 method_name: run timeout: 0 duration: None cls:
2019-07-03 06:01:24.475 349 INFO rally.task.runner [-] Task b1da5320-3ebe-4b18-9963-0fee19d2c97d | ITER: 2 START
2019-07-03 06:01:24.476 350 INFO rally.task.runner [-] Task b1da5320-3ebe-4b18-9963-0fee19d2c97d | ITER: 3 START
2019-07-03 06:01:24.480 351 INFO rally.task.runner [-] Task b1da5320-3ebe-4b18-9963-0fee19d2c97d | ITER: 4 START
2019-07-03 06:01:25.558 351 INFO rally.task.runner [-] Task b1da5320-3ebe-4b18-9963-0fee19d2c97d | ITER: 4 END: OK
2019-07-03 06:01:25.563 351 INFO rally.task.runner [-] Task b1da5320-3ebe-4b18-9963-0fee19d2c97d | ITER: 5 START
2019-07-03 06:01:25.658 350 INFO rally.task.runner [-] Task b1da5320-3ebe-4b18-9963-0fee19d2c97d | ITER: 3 END: OK
2019-07-03 06:01:25.663 350 INFO rally.task.runner [-] Task b1da5320-3ebe-4b18-9963-0fee19d2c97d | ITER: 6 START
2019-07-03 06:01:25.823 349 INFO rally.task.runner [-] Task b1da5320-3ebe-4b18-9963-0fee19d2c97d | ITER: 2 END: OK
2019-07-03 06:01:25.827 349 INFO rally.task.runner [-] Task b1da5320-3ebe-4b18-9963-0fee19d2c97d | ITER: 7 START
2019-07-03 06:01:25.855 348 INFO rally.task.runner [-] Task b1da5320-3ebe-4b18-9963-0fee19d2c97d | ITER: 1 END: OK
2019-07-03 06:01:25.859 348 INFO rally.task.runner [-] Task b1da5320-3ebe-4b18-9963-0fee19d2c97d | ITER: 8 START
2019-07-03 06:01:26.567 351 INFO rally.task.runner [-] Task b1da5320-3ebe-4b18-9963-0fee19d2c97d | ITER: 5 END: OK
2019-07-03 06:01:26.570 351 INFO rally.task.runner [-] Task b1da5320-3ebe-4b18-9963-0fee19d2c97d | ITER: 9 START
2019-07-03 06:01:26.852 348 INFO rally.task.runner [-] Task b1da5320-3ebe-4b18-9963-0fee19d2c97d | ITER: 8 END: OK
2019-07-03 06:01:26.856 348 INFO rally.task.runner [-] Task b1da5320-3ebe-4b18-9963-0fee19d2c97d | ITER: 10 START
2019-07-03 06:01:27.007 350 INFO rally.task.runner [-] Task b1da5320-3ebe-4b18-9963-0fee19d2c97d | ITER: 6 END: OK
2019-07-03 06:01:27.116 349 INFO rally.task.runner [-] Task b1da5320-3ebe-4b18-9963-0fee19d2c97d | ITER: 7 END: OK
2019-07-03 06:01:27.872 348 INFO rally.task.runner [-] Task b1da5320-3ebe-4b18-9963-0fee19d2c97d | ITER: 10 END: OK
2019-07-03 06:01:27.911 351 INFO rally.task.runner [-] Task b1da5320-3ebe-4b18-9963-0fee19d2c97d | ITER: 9 END: OK
2019-07-03 06:01:27.937 16 INFO rally.task.context [-] Task b1da5320-3ebe-4b18-9963-0fee19d2c97d | Context users@openstack cleanup() started
2019-07-03 06:01:35.527 16 INFO rally.task.context [-] Task b1da5320-3ebe-4b18-9963-0fee19d2c97d | Context users@openstack cleanup() finished in 7.59 sec
2019-07-03 06:01:35.733 16 INFO rally.task.engine [-] Load duration is: 3.436875
2019-07-03 06:01:35.733 16 INFO rally.task.engine [-] Full runner duration is: 3.483988
2019-07-03 06:01:35.733 16 INFO rally.task.engine [-] Full duration is: 15.872939
2019-07-03 06:01:35.919 16 INFO rally.task.engine [-] Running workload: position = 0 config = { "version": 2, "title": "A cropped version of a bigger task.", "description": "Auto-generated task from a single workload (uuid=7f68019c-0ce4-4701-8dbe-976aa9aee0d5)", "subtasks": [ { "title": "Authenticate.validate_heat", "description": "Check Heat Client to ensure validation of token.", "scenario": { "Authenticate.validate_heat": { "repetitions": 2 } }, "contexts": { "users": { "tenants": 3, "users_per_tenant": 2 } }, "runner": { "constant": { "concurrency": 4, "times": 10 } }, "hooks": [], "sla": { "failure_rate": { "max": 0 } } } ] }
2019-07-03 06:01:35.943 16 RALLYDEBUG rally_openstack.contexts.keystone.users [-] Creating 3 tenants using 20 threads
2019-07-03 06:01:37.876 16 RALLYDEBUG rally_openstack.contexts.keystone.users [-] Creating 6 users using 20 threads
2019-07-03 06:01:40.627 16 INFO rally.task.context [-] Task b1da5320-3ebe-4b18-9963-0fee19d2c97d | Context users@openstack setup() finished in 4.68 sec
2019-07-03 06:01:40.634 16 RALLYDEBUG rally.task.runner [-] Starting the constant runner (task UUID: b1da5320-3ebe-4b18-9963-0fee19d2c97d). timeout: 0 concurrency: 4 concurrency_per_worker: 1 times: 10 concurrency_overhead: 0 processes_to_start: 4 max_cpu_used: 16
2019-07-03 06:01:40.647 452 RALLYDEBUG rally.task.runner [-] Starting a worker. concurrency: 1 args: {"repetitions": 2} times: 10 method_name: run timeout: 0 duration: None cls:
2019-07-03 06:01:40.648 453 RALLYDEBUG rally.task.runner [-] Starting a worker. concurrency: 1 args: {"repetitions": 2} times: 10 method_name: run timeout: 0 duration: None cls:
2019-07-03 06:01:40.651 454 RALLYDEBUG rally.task.runner [-] Starting a worker. concurrency: 1 args: {"repetitions": 2} times: 10 method_name: run timeout: 0 duration: None cls:
2019-07-03 06:01:40.653 452 INFO rally.task.runner [-] Task b1da5320-3ebe-4b18-9963-0fee19d2c97d | ITER: 1 START
2019-07-03 06:01:40.654 453 INFO rally.task.runner [-] Task b1da5320-3ebe-4b18-9963-0fee19d2c97d | ITER: 2 START
2019-07-03 06:01:40.655 455 RALLYDEBUG rally.task.runner [-] Starting a worker. concurrency: 1 args: {"repetitions": 2} times: 10 method_name: run timeout: 0 duration: None cls:
2019-07-03 06:01:40.657 454 INFO rally.task.runner [-] Task b1da5320-3ebe-4b18-9963-0fee19d2c97d | ITER: 3 START
2019-07-03 06:01:40.661 455 INFO rally.task.runner [-] Task b1da5320-3ebe-4b18-9963-0fee19d2c97d | ITER: 4 START
2019-07-03 06:01:42.555 453 INFO rally.task.runner [-] Task b1da5320-3ebe-4b18-9963-0fee19d2c97d | ITER: 2 END: OK
2019-07-03 06:01:42.560 453 INFO rally.task.runner [-] Task b1da5320-3ebe-4b18-9963-0fee19d2c97d | ITER: 5 START
2019-07-03 06:01:42.564 454 INFO rally.task.runner [-] Task b1da5320-3ebe-4b18-9963-0fee19d2c97d | ITER: 3 END: OK
2019-07-03 06:01:42.567 454 INFO rally.task.runner [-] Task b1da5320-3ebe-4b18-9963-0fee19d2c97d | ITER: 6 START
2019-07-03 06:01:42.569 455 INFO rally.task.runner [-] Task b1da5320-3ebe-4b18-9963-0fee19d2c97d | ITER: 4 END: OK
2019-07-03 06:01:42.574 455 INFO rally.task.runner [-] Task b1da5320-3ebe-4b18-9963-0fee19d2c97d | ITER: 7 START
2019-07-03 06:01:42.655 452 INFO rally.task.runner [-] Task b1da5320-3ebe-4b18-9963-0fee19d2c97d | ITER: 1 END: OK
2019-07-03 06:01:42.659 452 INFO rally.task.runner [-] Task b1da5320-3ebe-4b18-9963-0fee19d2c97d | ITER: 8 START
2019-07-03 06:01:44.475 455 INFO rally.task.runner [-] Task b1da5320-3ebe-4b18-9963-0fee19d2c97d | ITER: 7 END: OK
2019-07-03 06:01:44.479 455 INFO rally.task.runner [-] Task b1da5320-3ebe-4b18-9963-0fee19d2c97d | ITER: 9 START
2019-07-03 06:01:44.544 452 INFO rally.task.runner [-] Task b1da5320-3ebe-4b18-9963-0fee19d2c97d | ITER: 8 END: OK
2019-07-03 06:01:44.547 452 INFO rally.task.runner [-] Task b1da5320-3ebe-4b18-9963-0fee19d2c97d | ITER: 10 START
2019-07-03 06:01:44.587 453 INFO rally.task.runner [-] Task b1da5320-3ebe-4b18-9963-0fee19d2c97d | ITER: 5 END: OK
2019-07-03 06:01:44.697 454 INFO rally.task.runner [-] Task b1da5320-3ebe-4b18-9963-0fee19d2c97d | ITER: 6 END: OK
2019-07-03 06:01:45.854 455 INFO rally.task.runner [-] Task b1da5320-3ebe-4b18-9963-0fee19d2c97d | ITER: 9 END: OK
2019-07-03 06:01:45.980 452 INFO rally.task.runner [-] Task b1da5320-3ebe-4b18-9963-0fee19d2c97d | ITER: 10 END: OK
2019-07-03 06:01:46.008 16 INFO rally.task.context [-] Task b1da5320-3ebe-4b18-9963-0fee19d2c97d | Context users@openstack cleanup() started
2019-07-03 06:01:53.794 16 INFO rally.task.context [-] Task b1da5320-3ebe-4b18-9963-0fee19d2c97d | Context users@openstack cleanup() finished in 7.79 sec
2019-07-03 06:01:54.026 16 INFO rally.task.engine [-] Load duration is: 5.326097
2019-07-03 06:01:54.026 16 INFO rally.task.engine [-] Full runner duration is: 5.373905
2019-07-03 06:01:54.027 16 INFO rally.task.engine [-] Full duration is: 17.85321
2019-07-03 06:01:54.236 16 INFO rally.task.engine [-] Running workload: position = 0 config = { "version": 2, "title": "A cropped version of a bigger task.", "description": "Auto-generated task from a single workload (uuid=df66f0d5-f664-44c1-a9da-ca599aefa5b7)", "subtasks": [ { "title": "Authenticate.validate_neutron", "description": "Check Neutron Client to ensure validation of token.", "scenario": { "Authenticate.validate_neutron": { "repetitions": 2 } }, "contexts": { "users": { "tenants": 3, "users_per_tenant": 2 } }, "runner": { "constant": { "concurrency": 4, "times": 10 } }, "hooks": [], "sla": { "failure_rate": { "max": 0 } } } ] }
2019-07-03 06:01:54.254 16 RALLYDEBUG rally_openstack.contexts.keystone.users [-] Creating 3 tenants using 20 threads
2019-07-03 06:01:56.108 16 RALLYDEBUG rally_openstack.contexts.keystone.users [-] Creating 6 users using 20 threads
2019-07-03 06:01:58.828 16 INFO rally.task.context [-] Task b1da5320-3ebe-4b18-9963-0fee19d2c97d | Context users@openstack setup() finished in 4.57 sec
2019-07-03 06:01:58.836 16 RALLYDEBUG rally.task.runner [-] Starting the constant runner (task UUID: b1da5320-3ebe-4b18-9963-0fee19d2c97d). timeout: 0 concurrency: 4 concurrency_per_worker: 1 times: 10 concurrency_overhead: 0 processes_to_start: 4 max_cpu_used: 16
2019-07-03 06:01:58.849 556 RALLYDEBUG rally.task.runner [-] Starting a worker. concurrency: 1 args: {"repetitions": 2} times: 10 method_name: run timeout: 0 duration: None cls:
2019-07-03 06:01:58.851 557 RALLYDEBUG rally.task.runner [-] Starting a worker. concurrency: 1 args: {"repetitions": 2} times: 10 method_name: run timeout: 0 duration: None cls:
2019-07-03 06:01:58.854 558 RALLYDEBUG rally.task.runner [-] Starting a worker. concurrency: 1 args: {"repetitions": 2} times: 10 method_name: run timeout: 0 duration: None cls:
2019-07-03 06:01:58.855 556 INFO rally.task.runner [-] Task b1da5320-3ebe-4b18-9963-0fee19d2c97d | ITER: 1 START
2019-07-03 06:01:58.857 557 INFO rally.task.runner [-] Task b1da5320-3ebe-4b18-9963-0fee19d2c97d | ITER: 2 START
2019-07-03 06:01:58.857 559 RALLYDEBUG rally.task.runner [-] Starting a worker. concurrency: 1 args: {"repetitions": 2} times: 10 method_name: run timeout: 0 duration: None cls:
2019-07-03 06:01:58.860 558 INFO rally.task.runner [-] Task b1da5320-3ebe-4b18-9963-0fee19d2c97d | ITER: 3 START
2019-07-03 06:01:58.863 559 INFO rally.task.runner [-] Task b1da5320-3ebe-4b18-9963-0fee19d2c97d | ITER: 4 START
2019-07-03 06:01:59.803 556 INFO rally.task.runner [-] Task b1da5320-3ebe-4b18-9963-0fee19d2c97d | ITER: 1 END: OK
2019-07-03 06:01:59.804 558 INFO rally.task.runner [-] Task b1da5320-3ebe-4b18-9963-0fee19d2c97d | ITER: 3 END: OK
2019-07-03 06:01:59.807 556 INFO rally.task.runner [-] Task b1da5320-3ebe-4b18-9963-0fee19d2c97d | ITER: 5 START
2019-07-03 06:01:59.809 558 INFO rally.task.runner [-] Task b1da5320-3ebe-4b18-9963-0fee19d2c97d | ITER: 6 START
2019-07-03 06:02:00.094 557 INFO rally.task.runner [-] Task b1da5320-3ebe-4b18-9963-0fee19d2c97d | ITER: 2 END: OK
2019-07-03 06:02:00.098 557 INFO rally.task.runner [-] Task b1da5320-3ebe-4b18-9963-0fee19d2c97d | ITER: 7 START
2019-07-03 06:02:00.197 559 INFO rally.task.runner [-] Task b1da5320-3ebe-4b18-9963-0fee19d2c97d | ITER: 4 END: OK
2019-07-03 06:02:00.201 559 INFO rally.task.runner [-] Task b1da5320-3ebe-4b18-9963-0fee19d2c97d | ITER: 8 START
2019-07-03 06:02:01.029 558 INFO rally.task.runner [-] Task b1da5320-3ebe-4b18-9963-0fee19d2c97d | ITER: 6 END: OK
2019-07-03 06:02:01.029 556 INFO rally.task.runner [-] Task b1da5320-3ebe-4b18-9963-0fee19d2c97d | ITER: 5 END: OK
2019-07-03 06:02:01.033 556 INFO rally.task.runner [-] Task b1da5320-3ebe-4b18-9963-0fee19d2c97d | ITER: 9 START
2019-07-03 06:02:01.034 558 INFO rally.task.runner [-] Task b1da5320-3ebe-4b18-9963-0fee19d2c97d | ITER: 10 START
2019-07-03 06:02:01.390 559 INFO rally.task.runner [-] Task b1da5320-3ebe-4b18-9963-0fee19d2c97d | ITER: 8 END: OK
2019-07-03 06:02:01.527 557 INFO rally.task.runner [-] Task b1da5320-3ebe-4b18-9963-0fee19d2c97d | ITER: 7 END: OK
2019-07-03 06:02:02.008 556 INFO rally.task.runner [-] Task b1da5320-3ebe-4b18-9963-0fee19d2c97d | ITER: 9 END: OK
2019-07-03 06:02:02.208 558 INFO rally.task.runner [-] Task b1da5320-3ebe-4b18-9963-0fee19d2c97d | ITER: 10 END: OK
2019-07-03 06:02:02.233 16 INFO rally.task.context [-] Task b1da5320-3ebe-4b18-9963-0fee19d2c97d | Context users@openstack cleanup() started
2019-07-03 06:02:09.629 16 INFO rally.task.context [-] Task b1da5320-3ebe-4b18-9963-0fee19d2c97d | Context users@openstack cleanup() finished in 7.40 sec
2019-07-03 06:02:10.330 16 INFO rally.task.engine [-] Load duration is: 3.352241
2019-07-03 06:02:10.331 16 INFO rally.task.engine [-] Full runner duration is: 3.397302
2019-07-03 06:02:10.331 16 INFO rally.task.engine [-] Full duration is: 15.375607
2019-07-03 06:02:10.524 16 INFO rally.task.engine [-] Running workload: position = 0 config = { "version": 2, "title": "A cropped version of a bigger task.", "description": "Auto-generated task from a single workload (uuid=e6e884de-5d12-4c89-bf73-4c512ffe62a1)", "subtasks": [ { "title": "Authenticate.validate_nova", "description": "Check Nova Client to ensure validation of token.", "scenario": { "Authenticate.validate_nova": { "repetitions": 2 } }, "contexts": { "users": { "tenants": 3, "users_per_tenant": 2 } }, "runner": { "constant": { "concurrency": 4, "times": 10 } }, "hooks": [], "sla": { "failure_rate": { "max": 0 } } } ] }
2019-07-03 06:02:10.544 16 RALLYDEBUG rally_openstack.contexts.keystone.users [-] Creating 3 tenants using 20 threads
2019-07-03 06:02:12.516 16 RALLYDEBUG rally_openstack.contexts.keystone.users [-] Creating 6 users using 20 threads
2019-07-03 06:02:15.331 16 INFO rally.task.context [-] Task b1da5320-3ebe-4b18-9963-0fee19d2c97d | Context users@openstack setup() finished in 4.79 sec
2019-07-03 06:02:15.338 16 RALLYDEBUG rally.task.runner [-] Starting the constant runner (task UUID: b1da5320-3ebe-4b18-9963-0fee19d2c97d). timeout: 0 concurrency: 4 concurrency_per_worker: 1 times: 10 concurrency_overhead: 0 processes_to_start: 4 max_cpu_used: 16
2019-07-03 06:02:15.351 660 RALLYDEBUG rally.task.runner [-] Starting a worker. concurrency: 1 args: {"repetitions": 2} times: 10 method_name: run timeout: 0 duration: None cls:
2019-07-03 06:02:15.353 661 RALLYDEBUG rally.task.runner [-] Starting a worker. concurrency: 1 args: {"repetitions": 2} times: 10 method_name: run timeout: 0 duration: None cls:
2019-07-03 06:02:15.354 662 RALLYDEBUG rally.task.runner [-] Starting a worker. concurrency: 1 args: {"repetitions": 2} times: 10 method_name: run timeout: 0 duration: None cls:
2019-07-03 06:02:15.357 660 INFO rally.task.runner [-] Task b1da5320-3ebe-4b18-9963-0fee19d2c97d | ITER: 1 START
2019-07-03 06:02:15.359 661 INFO rally.task.runner [-] Task b1da5320-3ebe-4b18-9963-0fee19d2c97d | ITER: 2 START
2019-07-03 06:02:15.360 662 INFO rally.task.runner [-] Task b1da5320-3ebe-4b18-9963-0fee19d2c97d | ITER: 3 START
2019-07-03 06:02:15.359 663 RALLYDEBUG rally.task.runner [-] Starting a worker. concurrency: 1 args: {"repetitions": 2} times: 10 method_name: run timeout: 0 duration: None cls:
2019-07-03 06:02:15.365 663 INFO rally.task.runner [-] Task b1da5320-3ebe-4b18-9963-0fee19d2c97d | ITER: 4 START
2019-07-03 06:02:15.851 660 DEBUG novaclient.v2.client [-] REQ: curl -g -i -X GET http://172.30.9.23:8774/v2.1/flavors/detail -H "Accept: application/json" -H "User-Agent: python-novaclient" -H "X-Auth-Token: {SHA1}7f6ab3c890a6a7de4170e6a85aaa6748158413a0" _http_log_request /usr/lib/python2.7/site-packages/keystoneauth1/session.py:448
2019-07-03 06:02:15.856 662 DEBUG novaclient.v2.client [-] REQ: curl -g -i -X GET http://172.30.9.23:8774/v2.1/flavors/detail -H "Accept: application/json" -H "User-Agent: python-novaclient" -H "X-Auth-Token: {SHA1}626f439ab18b5db995de1f27561d9f9df301eec3" _http_log_request /usr/lib/python2.7/site-packages/keystoneauth1/session.py:448
2019-07-03 06:02:15.857 661 DEBUG novaclient.v2.client [-] REQ: curl -g -i -X GET http://172.30.9.23:8774/v2.1/flavors/detail -H "Accept: application/json" -H "User-Agent: python-novaclient" -H "X-Auth-Token: {SHA1}56d4f516b90a2f60fa200c41f24e700e24c939bb" _http_log_request /usr/lib/python2.7/site-packages/keystoneauth1/session.py:448
2019-07-03 06:02:15.860 663 DEBUG novaclient.v2.client [-] REQ: curl -g -i -X GET http://172.30.9.23:8774/v2.1/flavors/detail -H "Accept: application/json" -H "User-Agent: python-novaclient" -H "X-Auth-Token: {SHA1}9f01dc9e266e4ccd650057734cb545d61df2c04e" _http_log_request /usr/lib/python2.7/site-packages/keystoneauth1/session.py:448
2019-07-03 06:02:16.143 662 DEBUG novaclient.v2.client [-] RESP: [200] Content-Encoding: gzip Content-Length: 362 Content-Type: application/json Date: Wed, 03 Jul 2019 06:02:15 GMT OpenStack-API-Version: compute 2.1 Server: Apache Vary: OpenStack-API-Version,X-OpenStack-Nova-API-Version,Accept-Encoding X-OpenStack-Nova-API-Version: 2.1 x-compute-request-id: req-6552360f-62a1-4bab-a9cf-1fc54a1e549c x-openstack-request-id: req-6552360f-62a1-4bab-a9cf-1fc54a1e549c _http_log_response /usr/lib/python2.7/site-packages/keystoneauth1/session.py:479
2019-07-03 06:02:16.144 662 DEBUG novaclient.v2.client [-] RESP BODY: {"flavors": [{"name": "rally_full-flavor_1f0b310f-32f3-4832-bde9-4f3fd8de9ea1", "links": [{"href": "http://172.30.9.23:8774/v2.1/flavors/6138d718-e199-49d9-b4ef-9e997e82500c", "rel": "self"}, {"href": "http://172.30.9.23:8774/flavors/6138d718-e199-49d9-b4ef-9e997e82500c", "rel": "bookmark"}], "ram": 512, "OS-FLV-DISABLED:disabled": false, "vcpus": 1, "swap": "", "os-flavor-access:is_public": true, "rxtx_factor": 1.0, "OS-FLV-EXT-DATA:ephemeral": 0, "disk": 1, "id": "6138d718-e199-49d9-b4ef-9e997e82500c"}, {"name": "rally_full-flavor_alt_1f0b310f-32f3-4832-bde9-4f3fd8de9ea1", "links": [{"href": "http://172.30.9.23:8774/v2.1/flavors/8f4f2fb3-261b-4bbc-88f5-1ea75a8db82c", "rel": "self"}, {"href": "http://172.30.9.23:8774/flavors/8f4f2fb3-261b-4bbc-88f5-1ea75a8db82c", "rel": "bookmark"}], "ram": 1024, "OS-FLV-DISABLED:disabled": false, "vcpus": 1, "swap": "", "os-flavor-access:is_public": true, "rxtx_factor": 1.0, "OS-FLV-EXT-DATA:ephemeral": 0, "disk": 1, "id": "8f4f2fb3-261b-4bbc-88f5-1ea75a8db82c"}]} _http_log_response /usr/lib/python2.7/site-packages/keystoneauth1/session.py:511
2019-07-03 06:02:16.145 662 DEBUG novaclient.v2.client [-] GET call to compute for http://172.30.9.23:8774/v2.1/flavors/detail used request id req-6552360f-62a1-4bab-a9cf-1fc54a1e549c request /usr/lib/python2.7/site-packages/keystoneauth1/session.py:844
2019-07-03 06:02:16.147 662 DEBUG novaclient.v2.client [-] REQ: curl -g -i -X GET http://172.30.9.23:8774/v2.1/flavors/detail -H "Accept: application/json" -H "User-Agent: python-novaclient" -H "X-Auth-Token: {SHA1}626f439ab18b5db995de1f27561d9f9df301eec3" _http_log_request /usr/lib/python2.7/site-packages/keystoneauth1/session.py:448
2019-07-03 06:02:16.148 660 DEBUG novaclient.v2.client [-] RESP: [200] Content-Encoding: gzip Content-Length: 362 Content-Type: application/json Date: Wed, 03 Jul 2019 06:02:15 GMT OpenStack-API-Version: compute 2.1 Server: Apache Vary: OpenStack-API-Version,X-OpenStack-Nova-API-Version,Accept-Encoding X-OpenStack-Nova-API-Version: 2.1 x-compute-request-id: req-e3b4b817-b515-4170-b2ce-46ce25b304fe x-openstack-request-id: req-e3b4b817-b515-4170-b2ce-46ce25b304fe _http_log_response /usr/lib/python2.7/site-packages/keystoneauth1/session.py:479
2019-07-03 06:02:16.149 660 DEBUG novaclient.v2.client [-] RESP BODY: {"flavors": [{"name": "rally_full-flavor_1f0b310f-32f3-4832-bde9-4f3fd8de9ea1", "links": [{"href": "http://172.30.9.23:8774/v2.1/flavors/6138d718-e199-49d9-b4ef-9e997e82500c", "rel": "self"}, {"href": "http://172.30.9.23:8774/flavors/6138d718-e199-49d9-b4ef-9e997e82500c", "rel": "bookmark"}], "ram": 512, "OS-FLV-DISABLED:disabled": false, "vcpus": 1, "swap": "", "os-flavor-access:is_public": true, "rxtx_factor": 1.0, "OS-FLV-EXT-DATA:ephemeral": 0, "disk": 1, "id": "6138d718-e199-49d9-b4ef-9e997e82500c"}, {"name": "rally_full-flavor_alt_1f0b310f-32f3-4832-bde9-4f3fd8de9ea1", "links": [{"href": "http://172.30.9.23:8774/v2.1/flavors/8f4f2fb3-261b-4bbc-88f5-1ea75a8db82c", "rel": "self"}, {"href": "http://172.30.9.23:8774/flavors/8f4f2fb3-261b-4bbc-88f5-1ea75a8db82c", "rel": "bookmark"}], "ram": 1024, "OS-FLV-DISABLED:disabled": false, "vcpus": 1, "swap": "", "os-flavor-access:is_public": true, "rxtx_factor": 1.0, "OS-FLV-EXT-DATA:ephemeral": 0, "disk": 1, "id": "8f4f2fb3-261b-4bbc-88f5-1ea75a8db82c"}]} _http_log_response /usr/lib/python2.7/site-packages/keystoneauth1/session.py:511
2019-07-03 06:02:16.149 660 DEBUG novaclient.v2.client [-] GET call to compute for http://172.30.9.23:8774/v2.1/flavors/detail used request id req-e3b4b817-b515-4170-b2ce-46ce25b304fe request /usr/lib/python2.7/site-packages/keystoneauth1/session.py:844
2019-07-03 06:02:16.151 660 DEBUG novaclient.v2.client [-] REQ: curl -g -i -X GET http://172.30.9.23:8774/v2.1/flavors/detail -H "Accept: application/json" -H "User-Agent: python-novaclient" -H "X-Auth-Token: {SHA1}7f6ab3c890a6a7de4170e6a85aaa6748158413a0" _http_log_request /usr/lib/python2.7/site-packages/keystoneauth1/session.py:448
2019-07-03 06:02:16.151 661 DEBUG novaclient.v2.client [-] RESP: [200] Content-Encoding: gzip Content-Length: 362 Content-Type: application/json Date: Wed, 03 Jul 2019 06:02:15 GMT OpenStack-API-Version: compute 2.1 Server: Apache Vary: OpenStack-API-Version,X-OpenStack-Nova-API-Version,Accept-Encoding X-OpenStack-Nova-API-Version: 2.1 x-compute-request-id: req-d6af2057-21cc-4d6d-8c5a-3f65236d99fd x-openstack-request-id: req-d6af2057-21cc-4d6d-8c5a-3f65236d99fd _http_log_response /usr/lib/python2.7/site-packages/keystoneauth1/session.py:479
2019-07-03 06:02:16.152 661 DEBUG novaclient.v2.client [-] RESP BODY: {"flavors": [{"name": "rally_full-flavor_1f0b310f-32f3-4832-bde9-4f3fd8de9ea1", "links": [{"href": "http://172.30.9.23:8774/v2.1/flavors/6138d718-e199-49d9-b4ef-9e997e82500c", "rel": "self"}, {"href": "http://172.30.9.23:8774/flavors/6138d718-e199-49d9-b4ef-9e997e82500c", "rel": "bookmark"}], "ram": 512, "OS-FLV-DISABLED:disabled": false, "vcpus": 1, "swap": "", "os-flavor-access:is_public": true, "rxtx_factor": 1.0, "OS-FLV-EXT-DATA:ephemeral": 0, "disk": 1, "id": "6138d718-e199-49d9-b4ef-9e997e82500c"}, {"name": "rally_full-flavor_alt_1f0b310f-32f3-4832-bde9-4f3fd8de9ea1", "links": [{"href": "http://172.30.9.23:8774/v2.1/flavors/8f4f2fb3-261b-4bbc-88f5-1ea75a8db82c", "rel": "self"}, {"href": "http://172.30.9.23:8774/flavors/8f4f2fb3-261b-4bbc-88f5-1ea75a8db82c", "rel": "bookmark"}], "ram": 1024, "OS-FLV-DISABLED:disabled": false, "vcpus": 1, "swap": "", "os-flavor-access:is_public": true, "rxtx_factor": 1.0, "OS-FLV-EXT-DATA:ephemeral": 0, "disk": 1, "id": "8f4f2fb3-261b-4bbc-88f5-1ea75a8db82c"}]} _http_log_response /usr/lib/python2.7/site-packages/keystoneauth1/session.py:511
2019-07-03 06:02:16.152 661 DEBUG novaclient.v2.client [-] GET call to compute for http://172.30.9.23:8774/v2.1/flavors/detail used request id req-d6af2057-21cc-4d6d-8c5a-3f65236d99fd request /usr/lib/python2.7/site-packages/keystoneauth1/session.py:844
2019-07-03 06:02:16.154 661 DEBUG novaclient.v2.client [-] REQ: curl -g -i -X GET http://172.30.9.23:8774/v2.1/flavors/detail -H "Accept: application/json" -H "User-Agent: python-novaclient" -H "X-Auth-Token: {SHA1}56d4f516b90a2f60fa200c41f24e700e24c939bb" _http_log_request /usr/lib/python2.7/site-packages/keystoneauth1/session.py:448
2019-07-03 06:02:16.154 663 DEBUG novaclient.v2.client [-] RESP: [200] Content-Encoding: gzip Content-Length: 362 Content-Type: application/json Date: Wed, 03 Jul 2019 06:02:15 GMT OpenStack-API-Version: compute 2.1 Server: Apache Vary: OpenStack-API-Version,X-OpenStack-Nova-API-Version,Accept-Encoding X-OpenStack-Nova-API-Version: 2.1 x-compute-request-id: req-f50dd32b-ed22-4dae-8ce1-350b2258b4e7 x-openstack-request-id: req-f50dd32b-ed22-4dae-8ce1-350b2258b4e7 _http_log_response /usr/lib/python2.7/site-packages/keystoneauth1/session.py:479
2019-07-03 06:02:16.154 663 DEBUG novaclient.v2.client [-] RESP BODY: {"flavors": [{"name": "rally_full-flavor_1f0b310f-32f3-4832-bde9-4f3fd8de9ea1", "links": [{"href": "http://172.30.9.23:8774/v2.1/flavors/6138d718-e199-49d9-b4ef-9e997e82500c", "rel": "self"}, {"href": "http://172.30.9.23:8774/flavors/6138d718-e199-49d9-b4ef-9e997e82500c", "rel": "bookmark"}], "ram": 512, "OS-FLV-DISABLED:disabled": false, "vcpus": 1, "swap": "", "os-flavor-access:is_public": true, "rxtx_factor": 1.0, "OS-FLV-EXT-DATA:ephemeral": 0, "disk": 1, "id": "6138d718-e199-49d9-b4ef-9e997e82500c"}, {"name": "rally_full-flavor_alt_1f0b310f-32f3-4832-bde9-4f3fd8de9ea1", "links": [{"href": "http://172.30.9.23:8774/v2.1/flavors/8f4f2fb3-261b-4bbc-88f5-1ea75a8db82c", "rel": "self"}, {"href": "http://172.30.9.23:8774/flavors/8f4f2fb3-261b-4bbc-88f5-1ea75a8db82c", "rel": "bookmark"}], "ram": 1024, "OS-FLV-DISABLED:disabled": false, "vcpus": 1, "swap": "", "os-flavor-access:is_public": true, "rxtx_factor": 1.0, "OS-FLV-EXT-DATA:ephemeral": 0, "disk": 1, "id": "8f4f2fb3-261b-4bbc-88f5-1ea75a8db82c"}]} _http_log_response /usr/lib/python2.7/site-packages/keystoneauth1/session.py:511
2019-07-03 06:02:16.155 663 DEBUG novaclient.v2.client [-] GET call to compute for http://172.30.9.23:8774/v2.1/flavors/detail used request id req-f50dd32b-ed22-4dae-8ce1-350b2258b4e7 request /usr/lib/python2.7/site-packages/keystoneauth1/session.py:844
2019-07-03 06:02:16.156 663 DEBUG novaclient.v2.client [-] REQ: curl -g -i -X GET http://172.30.9.23:8774/v2.1/flavors/detail -H "Accept: application/json" -H "User-Agent: python-novaclient" -H "X-Auth-Token: {SHA1}9f01dc9e266e4ccd650057734cb545d61df2c04e" _http_log_request /usr/lib/python2.7/site-packages/keystoneauth1/session.py:448
2019-07-03 06:02:16.170 662 DEBUG novaclient.v2.client [-] RESP: [200] Content-Encoding: gzip Content-Length: 362 Content-Type: application/json Date: Wed, 03 Jul 2019 06:02:16 GMT OpenStack-API-Version: compute 2.1 Server: Apache Vary: OpenStack-API-Version,X-OpenStack-Nova-API-Version,Accept-Encoding X-OpenStack-Nova-API-Version: 2.1 x-compute-request-id: req-eb8a4304-8a9c-4b02-89dd-816687aea01b x-openstack-request-id: req-eb8a4304-8a9c-4b02-89dd-816687aea01b _http_log_response /usr/lib/python2.7/site-packages/keystoneauth1/session.py:479
2019-07-03 06:02:16.170 662 DEBUG novaclient.v2.client [-] RESP BODY: {"flavors": [{"name": "rally_full-flavor_1f0b310f-32f3-4832-bde9-4f3fd8de9ea1", "links": [{"href": "http://172.30.9.23:8774/v2.1/flavors/6138d718-e199-49d9-b4ef-9e997e82500c", "rel": "self"}, {"href": "http://172.30.9.23:8774/flavors/6138d718-e199-49d9-b4ef-9e997e82500c", "rel": "bookmark"}], "ram": 512, "OS-FLV-DISABLED:disabled": false, "vcpus": 1, "swap": "", "os-flavor-access:is_public": true, "rxtx_factor": 1.0, "OS-FLV-EXT-DATA:ephemeral": 0, "disk": 1, "id": "6138d718-e199-49d9-b4ef-9e997e82500c"}, {"name": "rally_full-flavor_alt_1f0b310f-32f3-4832-bde9-4f3fd8de9ea1", "links": [{"href": "http://172.30.9.23:8774/v2.1/flavors/8f4f2fb3-261b-4bbc-88f5-1ea75a8db82c", "rel": "self"}, {"href": "http://172.30.9.23:8774/flavors/8f4f2fb3-261b-4bbc-88f5-1ea75a8db82c", "rel": "bookmark"}], "ram": 1024, "OS-FLV-DISABLED:disabled": false, "vcpus": 1, "swap": "", "os-flavor-access:is_public": true, "rxtx_factor": 1.0, "OS-FLV-EXT-DATA:ephemeral": 0, "disk": 1, "id": "8f4f2fb3-261b-4bbc-88f5-1ea75a8db82c"}]} _http_log_response /usr/lib/python2.7/site-packages/keystoneauth1/session.py:511
2019-07-03 06:02:16.171 662 DEBUG novaclient.v2.client [-] GET call to compute for http://172.30.9.23:8774/v2.1/flavors/detail used request id req-eb8a4304-8a9c-4b02-89dd-816687aea01b request /usr/lib/python2.7/site-packages/keystoneauth1/session.py:844
2019-07-03 06:02:16.172 662 INFO rally.task.runner [-] Task b1da5320-3ebe-4b18-9963-0fee19d2c97d | ITER: 3 END: OK
2019-07-03 06:02:16.174 660 DEBUG novaclient.v2.client [-] RESP: [200] Content-Encoding: gzip Content-Length: 362 Content-Type: application/json Date: Wed, 03 Jul 2019 06:02:16 GMT OpenStack-API-Version: compute 2.1 Server: Apache Vary: OpenStack-API-Version,X-OpenStack-Nova-API-Version,Accept-Encoding X-OpenStack-Nova-API-Version: 2.1 x-compute-request-id: req-a3fbb2b7-c553-43d7-b4b5-ee7a4e4f9be9 x-openstack-request-id: req-a3fbb2b7-c553-43d7-b4b5-ee7a4e4f9be9 _http_log_response /usr/lib/python2.7/site-packages/keystoneauth1/session.py:479
2019-07-03 06:02:16.175 660 DEBUG novaclient.v2.client [-] RESP BODY: {"flavors": [{"name": "rally_full-flavor_1f0b310f-32f3-4832-bde9-4f3fd8de9ea1", "links": [{"href": "http://172.30.9.23:8774/v2.1/flavors/6138d718-e199-49d9-b4ef-9e997e82500c", "rel": "self"}, {"href": "http://172.30.9.23:8774/flavors/6138d718-e199-49d9-b4ef-9e997e82500c", "rel": "bookmark"}], "ram": 512, "OS-FLV-DISABLED:disabled": false, "vcpus": 1, "swap": "", "os-flavor-access:is_public": true, "rxtx_factor": 1.0, "OS-FLV-EXT-DATA:ephemeral": 0, "disk": 1, "id": "6138d718-e199-49d9-b4ef-9e997e82500c"}, {"name": "rally_full-flavor_alt_1f0b310f-32f3-4832-bde9-4f3fd8de9ea1", "links": [{"href": "http://172.30.9.23:8774/v2.1/flavors/8f4f2fb3-261b-4bbc-88f5-1ea75a8db82c", "rel": "self"}, {"href": "http://172.30.9.23:8774/flavors/8f4f2fb3-261b-4bbc-88f5-1ea75a8db82c", "rel": "bookmark"}], "ram": 1024, "OS-FLV-DISABLED:disabled": false, "vcpus": 1, "swap": "", "os-flavor-access:is_public": true, "rxtx_factor": 1.0, "OS-FLV-EXT-DATA:ephemeral": 0, "disk": 1, "id": "8f4f2fb3-261b-4bbc-88f5-1ea75a8db82c"}]} _http_log_response /usr/lib/python2.7/site-packages/keystoneauth1/session.py:511
2019-07-03 06:02:16.175 660 DEBUG novaclient.v2.client [-] GET call to compute for http://172.30.9.23:8774/v2.1/flavors/detail used request id req-a3fbb2b7-c553-43d7-b4b5-ee7a4e4f9be9 request /usr/lib/python2.7/site-packages/keystoneauth1/session.py:844
2019-07-03 06:02:16.175 662 INFO rally.task.runner [-] Task b1da5320-3ebe-4b18-9963-0fee19d2c97d | ITER: 5 START
2019-07-03 06:02:16.176 660 INFO rally.task.runner [-] Task b1da5320-3ebe-4b18-9963-0fee19d2c97d | ITER: 1 END: OK
2019-07-03 06:02:16.179 661 DEBUG novaclient.v2.client [-] RESP: [200] Content-Encoding: gzip Content-Length: 362 Content-Type: application/json Date: Wed, 03 Jul 2019 06:02:16 GMT OpenStack-API-Version: compute 2.1 Server: Apache Vary: OpenStack-API-Version,X-OpenStack-Nova-API-Version,Accept-Encoding X-OpenStack-Nova-API-Version: 2.1 x-compute-request-id: req-e8931cd2-5d59-4e3c-a23e-a3b3ed97e470 x-openstack-request-id: req-e8931cd2-5d59-4e3c-a23e-a3b3ed97e470 _http_log_response /usr/lib/python2.7/site-packages/keystoneauth1/session.py:479
2019-07-03 06:02:16.180 663 DEBUG novaclient.v2.client [-] RESP: [200] Content-Encoding: gzip Content-Length: 362 Content-Type: application/json Date: Wed, 03 Jul 2019 06:02:16 GMT OpenStack-API-Version: compute 2.1 Server: Apache Vary: OpenStack-API-Version,X-OpenStack-Nova-API-Version,Accept-Encoding X-OpenStack-Nova-API-Version: 2.1 x-compute-request-id: req-d6cb5f63-acd8-42ef-83fc-c3abc878c8dd x-openstack-request-id: req-d6cb5f63-acd8-42ef-83fc-c3abc878c8dd _http_log_response /usr/lib/python2.7/site-packages/keystoneauth1/session.py:479
