2019-07-03 06:26:35.720 3966 INFO rally.task.runner [-] Task e274b4d1-b237-4682-9b08-4746c80d15cd | ITER: 5 START
2019-07-03 06:26:35.854 3968 INFO rally.task.runner [-] Task e274b4d1-b237-4682-9b08-4746c80d15cd | ITER: 3 END: OK
2019-07-03 06:26:35.859 3968 INFO rally.task.runner [-] Task e274b4d1-b237-4682-9b08-4746c80d15cd | ITER: 6 START
2019-07-03 06:26:36.028 3967 INFO rally.task.runner [-] Task e274b4d1-b237-4682-9b08-4746c80d15cd | ITER: 2 END: OK
2019-07-03 06:26:36.033 3967 INFO rally.task.runner [-] Task e274b4d1-b237-4682-9b08-4746c80d15cd | ITER: 7 START
2019-07-03 06:26:36.094 3969 INFO rally.task.runner [-] Task e274b4d1-b237-4682-9b08-4746c80d15cd | ITER: 4 END: OK
2019-07-03 06:26:36.099 3969 INFO rally.task.runner [-] Task e274b4d1-b237-4682-9b08-4746c80d15cd | ITER: 8 START
2019-07-03 06:26:39.577 3968 RALLYDEBUG rally.task.utils [-] Waiting for resource s_rally_3cfbf5c0_aEchfeJN. Status changed: AVAILABLE => DELETING in 0.0294351577759
2019-07-03 06:26:39.889 3966 RALLYDEBUG rally.task.utils [-] Waiting for resource s_rally_3cfbf5c0_DobEiH5W. Status changed: AVAILABLE => DELETING in 0.404724121094
2019-07-03 06:26:40.108 3967 RALLYDEBUG rally.task.utils [-] Waiting for resource s_rally_3cfbf5c0_REFKpFTe. Status changed: AVAILABLE => DELETING in 0.38950586319
2019-07-03 06:26:40.222 3969 RALLYDEBUG rally.task.utils [-] Waiting for resource s_rally_3cfbf5c0_2Jmdzxsj. Status changed: AVAILABLE => DELETING in 0.21408200264
2019-07-03 06:26:41.893 3968 INFO rally.task.runner [-] Task e274b4d1-b237-4682-9b08-4746c80d15cd | ITER: 6 END: OK
2019-07-03 06:26:41.897 3968 INFO rally.task.runner [-] Task e274b4d1-b237-4682-9b08-4746c80d15cd | ITER: 9 START
2019-07-03 06:26:42.101 3966 INFO rally.task.runner [-] Task e274b4d1-b237-4682-9b08-4746c80d15cd | ITER: 5 END: OK
2019-07-03 06:26:42.106 3966 INFO rally.task.runner [-] Task e274b4d1-b237-4682-9b08-4746c80d15cd | ITER: 10 START
2019-07-03 06:26:42.327 3967 INFO rally.task.runner [-] Task e274b4d1-b237-4682-9b08-4746c80d15cd | ITER: 7 END: OK
2019-07-03 06:26:42.540 3969 INFO rally.task.runner [-] Task e274b4d1-b237-4682-9b08-4746c80d15cd | ITER: 8 END: OK
2019-07-03 06:26:46.055 3968 RALLYDEBUG rally.task.utils [-] Waiting for resource s_rally_3cfbf5c0_d5ZpG2ZA. Status changed: AVAILABLE => DELETING in 0.310388088226
2019-07-03 06:26:46.063 3966 RALLYDEBUG rally.task.utils [-] Waiting for resource s_rally_3cfbf5c0_CKW7AvRW. Status changed: AVAILABLE => DELETING in 0.300769090652
2019-07-03 06:26:48.279 3968 INFO rally.task.runner [-] Task e274b4d1-b237-4682-9b08-4746c80d15cd | ITER: 9 END: OK
2019-07-03 06:26:48.283 3966 INFO rally.task.runner [-] Task e274b4d1-b237-4682-9b08-4746c80d15cd | ITER: 10 END: OK
2019-07-03 06:26:48.305 1842 INFO rally.task.context [-] Task e274b4d1-b237-4682-9b08-4746c80d15cd | Context cleanup@openstack cleanup() started
2019-07-03 06:26:48.308 1842 RALLYDEBUG rally_openstack.cleanup.manager [-] Cleaning up cinder backups objects
2019-07-03 06:26:50.558 1842 RALLYDEBUG rally_openstack.cleanup.manager [-] Cleaning up cinder volume_snapshots objects
2019-07-03 06:26:52.734 1842 RALLYDEBUG rally_openstack.cleanup.manager [-] Cleaning up cinder transfers objects
2019-07-03 06:26:54.849 1842 RALLYDEBUG rally_openstack.cleanup.manager [-] Cleaning up cinder volumes objects
2019-07-03 06:26:57.058 1842 INFO rally.task.context [-] Task e274b4d1-b237-4682-9b08-4746c80d15cd | Context cleanup@openstack cleanup() finished in 8.75 sec
2019-07-03 06:26:57.058 1842 INFO rally.task.context [-] Task e274b4d1-b237-4682-9b08-4746c80d15cd | Context volumes@openstack cleanup() started
2019-07-03 06:26:57.059 1842 RALLYDEBUG rally_openstack.cleanup.manager [-] Cleaning up cinder volumes objects
2019-07-03 06:26:59.267 1842 RALLYDEBUG rally_openstack.cleanup.manager [-] Deleting cinder.volumes object c_rally_3cfbf5c0_gY6anet8 (9f91c6f9-7a03-4629-b528-ccabb49a381f)
2019-07-03 06:26:59.270 1842 RALLYDEBUG rally_openstack.cleanup.manager [-] Deleting cinder.volumes object c_rally_3cfbf5c0_L9Nj2S2H (c6e63b6c-1097-47bc-a4cc-a413a824de4a)
2019-07-03 06:26:59.275 1842 RALLYDEBUG rally_openstack.cleanup.manager [-] Deleting cinder.volumes object c_rally_3cfbf5c0_wdNlfmdj (c9855f51-65b3-4c40-8aae-9623d69dddd8)
2019-07-03 06:27:02.825 1842 INFO rally.task.context [-] Task e274b4d1-b237-4682-9b08-4746c80d15cd | Context volumes@openstack cleanup() finished in 5.77 sec
2019-07-03 06:27:02.825 1842 INFO rally.task.context [-] Task e274b4d1-b237-4682-9b08-4746c80d15cd | Context quotas@openstack cleanup() started
2019-07-03 06:27:03.882 1842 INFO rally.task.context [-] Task e274b4d1-b237-4682-9b08-4746c80d15cd | Context quotas@openstack cleanup() finished in 1.06 sec
2019-07-03 06:27:03.883 1842 INFO rally.task.context [-] Task e274b4d1-b237-4682-9b08-4746c80d15cd | Context api_versions@openstack cleanup() started
2019-07-03 06:27:03.883 1842 INFO rally.task.context [-] Task e274b4d1-b237-4682-9b08-4746c80d15cd | Context api_versions@openstack cleanup() finished in 0.35 msec
2019-07-03 06:27:03.883 1842 INFO rally.task.context [-] Task e274b4d1-b237-4682-9b08-4746c80d15cd | Context users@openstack cleanup() started
2019-07-03 06:27:12.090 1842 INFO rally.task.context [-] Task e274b4d1-b237-4682-9b08-4746c80d15cd | Context users@openstack cleanup() finished in 8.21 sec
2019-07-03 06:27:13.503 1842 INFO rally.task.engine [-] Load duration is: 18.785168
2019-07-03 06:27:13.503 1842 INFO rally.task.engine [-] Full runner duration is: 18.832823
2019-07-03 06:27:13.504 1842 INFO rally.task.engine [-] Full duration is: 60.829708
2019-07-03 06:27:13.703 1842 INFO rally.task.engine [-] Running workload: position = 0 config = { "version": 2, "title": "A cropped version of a bigger task.", "description": "Auto-generated task from a single workload (uuid=5e0dc49f-1e5b-44f5-a166-24320ab5fd18)", "subtasks": [ { "title": "CinderVolumes.create_and_delete_volume", "description": "Create and then delete a volume.", "scenario": { "CinderVolumes.create_and_delete_volume": { "size": { "max": 1, "min": 1 } } }, "contexts": { "users": { "tenants": 3, "users_per_tenant": 2 }, "quotas": { "cinder": { "gigabytes": -1, "snapshots": -1, "volumes": -1 } }, "api_versions": { "cinder": { "version": 3, "service_type": "volumev3" } } }, "runner": { "constant": { "concurrency": 4, "times": 10 } }, "hooks": [], "sla": { "failure_rate": { "max": 0 } } } ] }
2019-07-03 06:27:13.728 1842 RALLYDEBUG rally_openstack.contexts.keystone.users [-] Creating 3 tenants using 20 threads
2019-07-03 06:27:15.657 1842 RALLYDEBUG rally_openstack.contexts.keystone.users [-] Creating 6 users using 20 threads
2019-07-03 06:27:18.383 1842 INFO rally.task.context [-] Task e274b4d1-b237-4682-9b08-4746c80d15cd | Context users@openstack setup() finished in 4.66 sec
2019-07-03 06:27:18.845 1842 INFO rally.task.context [-] Task e274b4d1-b237-4682-9b08-4746c80d15cd | Context api_versions@openstack setup() finished in 0.46 sec
2019-07-03 06:27:20.504 1842 INFO rally.task.context [-] Task e274b4d1-b237-4682-9b08-4746c80d15cd | Context quotas@openstack setup() finished in 1.66 sec
2019-07-03 06:27:20.505 1842 INFO rally.task.context [-] Task e274b4d1-b237-4682-9b08-4746c80d15cd | Context cleanup@openstack setup() finished in 0.01 msec
2019-07-03 06:27:20.512 1842 RALLYDEBUG rally.task.runner [-] Starting the constant runner (task UUID: e274b4d1-b237-4682-9b08-4746c80d15cd). timeout: 0 concurrency: 4 concurrency_per_worker: 1 times: 10 concurrency_overhead: 0 processes_to_start: 4 max_cpu_used: 16
2019-07-03 06:27:20.525 4170 RALLYDEBUG rally.task.runner [-] Starting a worker. concurrency: 1 args: {"size": {"max": 1, "min": 1}} times: 10 method_name: run timeout: 0 duration: None cls:
2019-07-03 06:27:20.528 4171 RALLYDEBUG rally.task.runner [-] Starting a worker. concurrency: 1 args: {"size": {"max": 1, "min": 1}} times: 10 method_name: run timeout: 0 duration: None cls:
2019-07-03 06:27:20.531 4172 RALLYDEBUG rally.task.runner [-] Starting a worker. concurrency: 1 args: {"size": {"max": 1, "min": 1}} times: 10 method_name: run timeout: 0 duration: None cls:
2019-07-03 06:27:20.533 4170 INFO rally.task.runner [-] Task e274b4d1-b237-4682-9b08-4746c80d15cd | ITER: 1 START
2019-07-03 06:27:20.534 4173 RALLYDEBUG rally.task.runner [-] Starting a worker. concurrency: 1 args: {"size": {"max": 1, "min": 1}} times: 10 method_name: run timeout: 0 duration: None cls:
2019-07-03 06:27:20.536 4171 INFO rally.task.runner [-] Task e274b4d1-b237-4682-9b08-4746c80d15cd | ITER: 2 START
2019-07-03 06:27:20.538 4172 INFO rally.task.runner [-] Task e274b4d1-b237-4682-9b08-4746c80d15cd | ITER: 3 START
2019-07-03 06:27:20.542 4173 INFO rally.task.runner [-] Task e274b4d1-b237-4682-9b08-4746c80d15cd | ITER: 4 START
2019-07-03 06:27:24.708 4172 RALLYDEBUG rally.task.utils [-] Waiting for resource s_rally_5e0dc49f_WWTUKV9k. Status changed: AVAILABLE => DELETING in 0.065938949585
2019-07-03 06:27:24.829 4171 RALLYDEBUG rally.task.utils [-] Waiting for resource s_rally_5e0dc49f_fXzxPvez. Status changed: AVAILABLE => DELETING in 0.240336894989
2019-07-03 06:27:25.011 4170 RALLYDEBUG rally.task.utils [-] Waiting for resource s_rally_5e0dc49f_S7XQ6GGm. Status changed: AVAILABLE => DELETING in 0.332221984863
2019-07-03 06:27:25.012 4173 RALLYDEBUG rally.task.utils [-] Waiting for resource s_rally_5e0dc49f_aWc6MwC9. Status changed: AVAILABLE => DELETING in 0.310036897659
2019-07-03 06:27:27.037 4172 INFO rally.task.runner [-] Task e274b4d1-b237-4682-9b08-4746c80d15cd | ITER: 3 END: OK
2019-07-03 06:27:27.041 4172 INFO rally.task.runner [-] Task e274b4d1-b237-4682-9b08-4746c80d15cd | ITER: 5 START
2019-07-03 06:27:27.154 4171 INFO rally.task.runner [-] Task e274b4d1-b237-4682-9b08-4746c80d15cd | ITER: 2 END: OK
2019-07-03 06:27:27.159 4171 INFO rally.task.runner [-] Task e274b4d1-b237-4682-9b08-4746c80d15cd | ITER: 6 START
2019-07-03 06:27:27.247 4173 INFO rally.task.runner [-] Task e274b4d1-b237-4682-9b08-4746c80d15cd | ITER: 4 END: OK
2019-07-03 06:27:27.252 4173 INFO rally.task.runner [-] Task e274b4d1-b237-4682-9b08-4746c80d15cd | ITER: 7 START
2019-07-03 06:27:27.323 4170 INFO rally.task.runner [-] Task e274b4d1-b237-4682-9b08-4746c80d15cd | ITER: 1 END: OK
2019-07-03 06:27:27.328 4170 INFO rally.task.runner [-] Task e274b4d1-b237-4682-9b08-4746c80d15cd | ITER: 8 START
2019-07-03 06:27:31.026 4171 RALLYDEBUG rally.task.utils [-] Waiting for resource s_rally_5e0dc49f_3MCAmrJ1. Status changed: AVAILABLE => DELETING in 0.0563778877258
2019-07-03 06:27:31.244 4172 RALLYDEBUG rally.task.utils [-] Waiting for resource s_rally_5e0dc49f_L0hIHdvA. Status changed: AVAILABLE => DELETING in 0.356090068817
2019-07-03 06:27:31.514 4170 RALLYDEBUG rally.task.utils [-] Waiting for resource s_rally_5e0dc49f_2JGCNHbW. Status changed: AVAILABLE => DELETING in 0.376453876495
2019-07-03 06:27:31.520 4173 RALLYDEBUG rally.task.utils [-] Waiting for resource s_rally_5e0dc49f_EMEfvh21. Status changed: AVAILABLE => DELETING in 0.351333856583
2019-07-03 06:27:33.261 4171 INFO rally.task.runner [-] Task e274b4d1-b237-4682-9b08-4746c80d15cd | ITER: 6 END: OK
2019-07-03 06:27:33.265 4171 INFO rally.task.runner [-] Task e274b4d1-b237-4682-9b08-4746c80d15cd | ITER: 9 START
2019-07-03 06:27:33.555 4172 INFO rally.task.runner [-] Task e274b4d1-b237-4682-9b08-4746c80d15cd | ITER: 5 END: OK
2019-07-03 06:27:33.560 4172 INFO rally.task.runner [-] Task e274b4d1-b237-4682-9b08-4746c80d15cd | ITER: 10 START
2019-07-03 06:27:33.816 4170 INFO rally.task.runner [-] Task e274b4d1-b237-4682-9b08-4746c80d15cd | ITER: 8 END: OK
2019-07-03 06:27:33.843 4173 INFO rally.task.runner [-] Task e274b4d1-b237-4682-9b08-4746c80d15cd | ITER: 7 END: OK
2019-07-03 06:27:37.324 4171 INFO rally.task.runner [-] Task e274b4d1-b237-4682-9b08-4746c80d15cd | ITER: 9 END: OK
2019-07-03 06:27:37.783 4172 INFO rally.task.runner [-] Task e274b4d1-b237-4682-9b08-4746c80d15cd | ITER: 10 END: OK
2019-07-03 06:27:37.805 1842 INFO rally.task.context [-] Task e274b4d1-b237-4682-9b08-4746c80d15cd | Context cleanup@openstack cleanup() started
2019-07-03 06:27:37.807 1842 RALLYDEBUG rally_openstack.cleanup.manager [-] Cleaning up cinder backups objects
2019-07-03 06:27:40.099 1842 RALLYDEBUG rally_openstack.cleanup.manager [-] Cleaning up cinder volume_snapshots objects
2019-07-03 06:27:42.329 1842 RALLYDEBUG rally_openstack.cleanup.manager [-] Cleaning up cinder transfers objects
2019-07-03 06:27:44.512 1842 RALLYDEBUG rally_openstack.cleanup.manager [-] Cleaning up cinder volumes objects
2019-07-03 06:27:46.730 1842 INFO rally.task.context [-] Task e274b4d1-b237-4682-9b08-4746c80d15cd | Context cleanup@openstack cleanup() finished in 8.93 sec
2019-07-03 06:27:46.730 1842 INFO rally.task.context [-] Task e274b4d1-b237-4682-9b08-4746c80d15cd | Context quotas@openstack cleanup() started
2019-07-03 06:27:47.703 1842 INFO rally.task.context [-] Task e274b4d1-b237-4682-9b08-4746c80d15cd | Context quotas@openstack cleanup() finished in 0.97 sec
2019-07-03 06:27:47.703 1842 INFO rally.task.context [-] Task e274b4d1-b237-4682-9b08-4746c80d15cd | Context api_versions@openstack cleanup() started
2019-07-03 06:27:47.704 1842 INFO rally.task.context [-] Task e274b4d1-b237-4682-9b08-4746c80d15cd | Context api_versions@openstack cleanup() finished in 0.31 msec
2019-07-03 06:27:47.704 1842 INFO rally.task.context [-] Task e274b4d1-b237-4682-9b08-4746c80d15cd | Context users@openstack cleanup() started
2019-07-03 06:27:55.796 1842 INFO rally.task.context [-] Task e274b4d1-b237-4682-9b08-4746c80d15cd | Context users@openstack cleanup() finished in 8.09 sec
2019-07-03 06:27:55.919 1842 INFO rally.task.engine [-] Load duration is: 17.247257
2019-07-03 06:27:55.919 1842 INFO rally.task.engine [-] Full runner duration is: 17.292794
2019-07-03 06:27:55.919 1842 INFO rally.task.engine [-] Full duration is: 42.072547
2019-07-03 06:27:56.060 1842 INFO rally.task.engine [-] Running workload: position = 1 config = { "version": 2, "title": "A cropped version of a bigger task.", "description": "Auto-generated task from a single workload (uuid=6a5a05ae-825f-482e-8136-33fe47ec76f3)", "subtasks": [ { "title": "CinderVolumes.create_and_delete_volume", "description": "Create and then delete a volume.", "scenario": { "CinderVolumes.create_and_delete_volume": { "image": { "name": "rally_full-img_1f0b310f-32f3-4832-bde9-4f3fd8de9ea1" }, "size": 1 } }, "contexts": { "users": { "tenants": 3, "users_per_tenant": 2 }, "quotas": { "cinder": { "gigabytes": -1, "snapshots": -1, "volumes": -1 } }, "api_versions": { "cinder": { "version": 3, "service_type": "volumev3" } } }, "runner": { "constant": { "concurrency": 4, "times": 10 } }, "hooks": [], "sla": { "failure_rate": { "max": 0 } } } ] }
2019-07-03 06:27:56.082 1842 RALLYDEBUG rally_openstack.contexts.keystone.users [-] Creating 3 tenants using 20 threads
2019-07-03 06:27:57.863 1842 RALLYDEBUG rally_openstack.contexts.keystone.users [-] Creating 6 users using 20 threads
2019-07-03 06:28:00.585 1842 INFO rally.task.context [-] Task e274b4d1-b237-4682-9b08-4746c80d15cd | Context users@openstack setup() finished in 4.50 sec
2019-07-03 06:28:01.015 1842 INFO rally.task.context [-] Task e274b4d1-b237-4682-9b08-4746c80d15cd | Context api_versions@openstack setup() finished in 0.43 sec
2019-07-03 06:28:02.909 1842 INFO rally.task.context [-] Task e274b4d1-b237-4682-9b08-4746c80d15cd | Context quotas@openstack setup() finished in 1.89 sec
2019-07-03 06:28:02.910 1842 INFO rally.task.context [-] Task e274b4d1-b237-4682-9b08-4746c80d15cd | Context cleanup@openstack setup() finished in 0.02 msec
2019-07-03 06:28:03.948 1842 RALLYDEBUG rally.task.runner [-] Starting the constant runner (task UUID: e274b4d1-b237-4682-9b08-4746c80d15cd). timeout: 0 concurrency: 4 concurrency_per_worker: 1 times: 10 concurrency_overhead: 0 processes_to_start: 4 max_cpu_used: 16
2019-07-03 06:28:03.962 4354 RALLYDEBUG rally.task.runner [-] Starting a worker. concurrency: 1 args: {"image": "c735907f-34cf-4007-afed-aa0230b6f520", "size": 1} times: 10 method_name: run timeout: 0 duration: None cls:
2019-07-03 06:28:03.964 4355 RALLYDEBUG rally.task.runner [-] Starting a worker. concurrency: 1 args: {"image": "c735907f-34cf-4007-afed-aa0230b6f520", "size": 1} times: 10 method_name: run timeout: 0 duration: None cls:
2019-07-03 06:28:03.965 4356 RALLYDEBUG rally.task.runner [-] Starting a worker. concurrency: 1 args: {"image": "c735907f-34cf-4007-afed-aa0230b6f520", "size": 1} times: 10 method_name: run timeout: 0 duration: None cls:
2019-07-03 06:28:03.970 4356 INFO rally.task.runner [-] Task e274b4d1-b237-4682-9b08-4746c80d15cd | ITER: 3 START
2019-07-03 06:28:03.970 4354 INFO rally.task.runner [-] Task e274b4d1-b237-4682-9b08-4746c80d15cd | ITER: 1 START
2019-07-03 06:28:03.970 4357 RALLYDEBUG rally.task.runner [-] Starting a worker. concurrency: 1 args: {"image": "c735907f-34cf-4007-afed-aa0230b6f520", "size": 1} times: 10 method_name: run timeout: 0 duration: None cls:
2019-07-03 06:28:03.972 4355 INFO rally.task.runner [-] Task e274b4d1-b237-4682-9b08-4746c80d15cd | ITER: 2 START
2019-07-03 06:28:03.979 4357 INFO rally.task.runner [-] Task e274b4d1-b237-4682-9b08-4746c80d15cd | ITER: 4 START
2019-07-03 06:28:10.911 4354 RALLYDEBUG rally.task.utils [-] Waiting for resource s_rally_6a5a05ae_lZZEXQGG. Status changed: CREATING => DOWNLOADING in 2.52084422112
2019-07-03 06:28:16.076 4357 RALLYDEBUG rally.task.utils [-] Waiting for resource s_rally_6a5a05ae_Rz5SKWlZ. Status changed: CREATING => DOWNLOADING in 7.56014990807
2019-07-03 06:28:16.525 4356 RALLYDEBUG rally.task.utils [-] Waiting for resource s_rally_6a5a05ae_el00HPiJ. Status changed: CREATING => DOWNLOADING in 7.60620093346
2019-07-03 06:28:16.560 4355 RALLYDEBUG rally.task.utils [-] Waiting for resource s_rally_6a5a05ae_460Lwn1p. Status changed: CREATING => DOWNLOADING in 7.76109790802
2019-07-03 06:28:17.931 4354 RALLYDEBUG rally.task.utils [-] Waiting for resource s_rally_6a5a05ae_lZZEXQGG. Status changed: DOWNLOADING => AVAILABLE in 7.02084183693
2019-07-03 06:28:18.594 4354 RALLYDEBUG rally.task.utils [-] Waiting for resource s_rally_6a5a05ae_lZZEXQGG. Status changed: AVAILABLE => DELETING in 0.280282020569
2019-07-03 06:28:25.041 4354 INFO rally.task.runner [-] Task e274b4d1-b237-4682-9b08-4746c80d15cd | ITER: 1 END: OK
2019-07-03 06:28:25.045 4354 INFO rally.task.runner [-] Task e274b4d1-b237-4682-9b08-4746c80d15cd | ITER: 5 START
2019-07-03 06:28:25.107 4357 RALLYDEBUG rally.task.utils [-] Waiting for resource s_rally_6a5a05ae_Rz5SKWlZ. Status changed: DOWNLOADING => AVAILABLE in 9.03081703186
2019-07-03 06:28:25.464 4355 RALLYDEBUG rally.task.utils [-] Waiting for resource s_rally_6a5a05ae_460Lwn1p. Status changed: DOWNLOADING => AVAILABLE in 8.90361499786
2019-07-03 06:28:25.596 4356 RALLYDEBUG rally.task.utils [-] Waiting for resource s_rally_6a5a05ae_el00HPiJ. Status changed: DOWNLOADING => AVAILABLE in 9.07091903687
2019-07-03 06:28:25.725 4357 INFO rally.task.runner [-] Task e274b4d1-b237-4682-9b08-4746c80d15cd | ITER: 4 END: OK
2019-07-03 06:28:25.730 4357 INFO rally.task.runner [-] Task e274b4d1-b237-4682-9b08-4746c80d15cd | ITER: 6 START
2019-07-03 06:28:26.300 4355 RALLYDEBUG rally.task.utils [-] Waiting for resource s_rally_6a5a05ae_460Lwn1p. Status changed: AVAILABLE => DELETING in 0.430509090424
2019-07-03 06:28:26.348 4356 RALLYDEBUG rally.task.utils [-] Waiting for resource s_rally_6a5a05ae_el00HPiJ. Status changed: AVAILABLE => DELETING in 0.38304901123
2019-07-03 06:28:28.337 4355 INFO rally.task.runner [-] Task e274b4d1-b237-4682-9b08-4746c80d15cd | ITER: 2 END: OK
2019-07-03 06:28:28.341 4355 INFO rally.task.runner [-] Task e274b4d1-b237-4682-9b08-4746c80d15cd | ITER: 7 START
2019-07-03 06:28:28.390 4356 INFO rally.task.runner [-] Task e274b4d1-b237-4682-9b08-4746c80d15cd | ITER: 3 END: OK
2019-07-03 06:28:28.395 4356 INFO rally.task.runner [-] Task e274b4d1-b237-4682-9b08-4746c80d15cd | ITER: 8 START
2019-07-03 06:28:33.698 4357 RALLYDEBUG rally.task.utils [-] Waiting for resource s_rally_6a5a05ae_vHIbW4ym. Status changed: CREATING => DOWNLOADING in 2.95100998878
2019-07-03 06:28:33.862 4354 RALLYDEBUG rally.task.utils [-] Waiting for resource s_rally_6a5a05ae_doeAZXpc. Status changed: CREATING => DOWNLOADING in 3.06729507446
2019-07-03 06:28:38.402 4357 RALLYDEBUG rally.task.utils [-] Waiting for resource s_rally_6a5a05ae_vHIbW4ym. Status changed: DOWNLOADING => AVAILABLE in 4.70427513123
2019-07-03 06:28:38.435 4354 RALLYDEBUG rally.task.utils [-] Waiting for resource s_rally_6a5a05ae_doeAZXpc. Status changed: DOWNLOADING => AVAILABLE in 4.57243394852
2019-07-03 06:28:38.875 4354 RALLYDEBUG rally.task.utils [-] Waiting for resource s_rally_6a5a05ae_doeAZXpc. Status changed: AVAILABLE => DELETING in 0.0725281238556
2019-07-03 06:28:39.127 4357 RALLYDEBUG rally.task.utils [-] Waiting for resource s_rally_6a5a05ae_vHIbW4ym. Status changed: AVAILABLE => DELETING in 0.38395690918
2019-07-03 06:28:40.919 4354 INFO rally.task.runner [-] Task e274b4d1-b237-4682-9b08-4746c80d15cd | ITER: 5 END: OK
2019-07-03 06:28:40.924 4354 INFO rally.task.runner [-] Task e274b4d1-b237-4682-9b08-4746c80d15cd | ITER: 9 START
2019-07-03 06:28:41.452 4357 INFO rally.task.runner [-] Task e274b4d1-b237-4682-9b08-4746c80d15cd | ITER: 6 END: OK
2019-07-03 06:28:41.457 4357 INFO rally.task.runner [-] Task e274b4d1-b237-4682-9b08-4746c80d15cd | ITER: 10 START
2019-07-03 06:28:42.086 4355 RALLYDEBUG rally.task.utils [-] Waiting for resource s_rally_6a5a05ae_sA7IJQhq. Status changed: CREATING => DOWNLOADING in 9.27582478523
2019-07-03 06:28:43.050 4356 RALLYDEBUG rally.task.utils [-] Waiting for resource s_rally_6a5a05ae_7HGBWKqi. Status changed: CREATING => DOWNLOADING in 9.68900585175
2019-07-03 06:28:46.795 4355 RALLYDEBUG rally.task.utils [-] Waiting for resource s_rally_6a5a05ae_sA7IJQhq. Status changed: DOWNLOADING => AVAILABLE in 4.70890212059
2019-07-03 06:28:47.176 4355 INFO rally.task.runner [-] Task e274b4d1-b237-4682-9b08-4746c80d15cd | ITER: 7 END: OK
2019-07-03 06:28:47.630 4356 RALLYDEBUG rally.task.utils [-] Waiting for resource s_rally_6a5a05ae_7HGBWKqi. Status changed: DOWNLOADING => AVAILABLE in 4.57971119881
2019-07-03 06:28:48.059 4356 INFO rally.task.runner [-] Task e274b4d1-b237-4682-9b08-4746c80d15cd | ITER: 8 END: OK
2019-07-03 06:28:50.964 4354 RALLYDEBUG rally.task.utils [-] Waiting for resource s_rally_6a5a05ae_Xu1kXwmS. Status changed: CREATING => DOWNLOADING in 5.47402596474
2019-07-03 06:28:51.189 4357 RALLYDEBUG rally.task.utils [-] Waiting for resource s_rally_6a5a05ae_tbpS4eiX. Status changed: CREATING => DOWNLOADING in 5.27023887634
2019-07-03 06:28:55.662 4354 RALLYDEBUG rally.task.utils [-] Waiting for resource s_rally_6a5a05ae_Xu1kXwmS. Status changed: DOWNLOADING => AVAILABLE in 4.69752311707
2019-07-03 06:28:55.870 4357 RALLYDEBUG rally.task.utils [-] Waiting for resource s_rally_6a5a05ae_tbpS4eiX. Status changed: DOWNLOADING => AVAILABLE in 4.68084907532
2019-07-03 06:28:56.294 4354 RALLYDEBUG rally.task.utils [-] Waiting for resource s_rally_6a5a05ae_Xu1kXwmS. Status changed: AVAILABLE => DELETING in 0.262939929962
2019-07-03 06:28:56.303 4357 RALLYDEBUG rally.task.utils [-] Waiting for resource s_rally_6a5a05ae_tbpS4eiX. Status changed: AVAILABLE => DELETING in 0.0574951171875
2019-07-03 06:28:58.333 4354 INFO rally.task.runner [-] Task e274b4d1-b237-4682-9b08-4746c80d15cd | ITER: 9 END: OK
2019-07-03 06:28:58.640 4357 INFO rally.task.runner [-] Task e274b4d1-b237-4682-9b08-4746c80d15cd | ITER: 10 END: OK
2019-07-03 06:28:58.667 1842 INFO rally.task.context [-] Task e274b4d1-b237-4682-9b08-4746c80d15cd | Context cleanup@openstack cleanup() started
2019-07-03 06:28:58.670 1842 RALLYDEBUG rally_openstack.cleanup.manager [-] Cleaning up cinder backups objects
2019-07-03 06:29:00.778 1842 RALLYDEBUG rally_openstack.cleanup.manager [-] Cleaning up cinder volume_snapshots objects
2019-07-03 06:29:03.118 1842 RALLYDEBUG rally_openstack.cleanup.manager [-] Cleaning up cinder transfers objects
2019-07-03 06:29:05.224 1842 RALLYDEBUG rally_openstack.cleanup.manager [-] Cleaning up cinder volumes objects
2019-07-03 06:29:07.323 1842 INFO rally.task.context [-] Task e274b4d1-b237-4682-9b08-4746c80d15cd | Context cleanup@openstack cleanup() finished in 8.66 sec
2019-07-03 06:29:07.323 1842 INFO rally.task.context [-] Task e274b4d1-b237-4682-9b08-4746c80d15cd | Context quotas@openstack cleanup() started
2019-07-03 06:29:08.213 1842 INFO rally.task.context [-] Task e274b4d1-b237-4682-9b08-4746c80d15cd | Context quotas@openstack cleanup() finished in 0.89 sec
2019-07-03 06:29:08.213 1842 INFO rally.task.context [-] Task e274b4d1-b237-4682-9b08-4746c80d15cd | Context api_versions@openstack cleanup() started
2019-07-03 06:29:08.214 1842 INFO rally.task.context [-] Task e274b4d1-b237-4682-9b08-4746c80d15cd | Context api_versions@openstack cleanup() finished in 0.32 msec
2019-07-03 06:29:08.214 1842 INFO rally.task.context [-] Task e274b4d1-b237-4682-9b08-4746c80d15cd | Context users@openstack cleanup() started
2019-07-03 06:29:16.113 1842 INFO rally.task.context [-] Task e274b4d1-b237-4682-9b08-4746c80d15cd | Context users@openstack cleanup() finished in 7.90 sec
2019-07-03 06:29:16.378 1842 INFO rally.task.engine [-] Load duration is: 54.666544
2019-07-03 06:29:16.378 1842 INFO rally.task.engine [-] Full runner duration is: 54.719761
2019-07-03 06:29:16.378 1842 INFO rally.task.engine [-] Full duration is: 80.035109
2019-07-03 06:29:16.514 1842 INFO rally.task.engine [-] Running workload: position = 2 config = { "version": 2, "title": "A cropped version of a bigger task.", "description": "Auto-generated task from a single workload (uuid=dfa8d9dd-1cb1-40bc-9022-8547b8573198)", "subtasks": [ { "title": "CinderVolumes.create_and_delete_volume", "description": "Create and then delete a volume.", "scenario": { "CinderVolumes.create_and_delete_volume": { "size": 1 } }, "contexts": { "users": { "tenants": 3, "users_per_tenant": 2 }, "quotas": { "cinder": { "gigabytes": -1, "snapshots": -1, "volumes": -1 } }, "api_versions": { "cinder": { "version": 3, "service_type": "volumev3" } } }, "runner": { "constant": { "concurrency": 4, "times": 10 } }, "hooks": [], "sla": { "failure_rate": { "max": 0 } } } ] }
2019-07-03 06:29:16.535 1842 RALLYDEBUG rally_openstack.contexts.keystone.users [-] Creating 3 tenants using 20 threads
2019-07-03 06:29:18.353 1842 RALLYDEBUG rally_openstack.contexts.keystone.users [-] Creating 6 users using 20 threads
2019-07-03 06:29:21.360 1842 INFO rally.task.context [-] Task e274b4d1-b237-4682-9b08-4746c80d15cd | Context users@openstack setup() finished in 4.83 sec
2019-07-03 06:29:21.875 1842 INFO rally.task.context [-] Task e274b4d1-b237-4682-9b08-4746c80d15cd | Context api_versions@openstack setup() finished in 0.51 sec
2019-07-03 06:29:23.543 1842 INFO rally.task.context [-] Task e274b4d1-b237-4682-9b08-4746c80d15cd | Context quotas@openstack setup() finished in 1.67 sec
2019-07-03 06:29:23.543 1842 INFO rally.task.context [-] Task e274b4d1-b237-4682-9b08-4746c80d15cd | Context cleanup@openstack setup() finished in 0.01 msec
2019-07-03 06:29:23.552 1842 RALLYDEBUG rally.task.runner [-] Starting the constant runner (task UUID: e274b4d1-b237-4682-9b08-4746c80d15cd). timeout: 0 concurrency: 4 concurrency_per_worker: 1 times: 10 concurrency_overhead: 0 processes_to_start: 4 max_cpu_used: 16
2019-07-03 06:29:23.565 4538 RALLYDEBUG rally.task.runner [-] Starting a worker. concurrency: 1 args: {"size": 1} times: 10 method_name: run timeout: 0 duration: None cls:
2019-07-03 06:29:23.568 4539 RALLYDEBUG rally.task.runner [-] Starting a worker. concurrency: 1 args: {"size": 1} times: 10 method_name: run timeout: 0 duration: None cls:
2019-07-03 06:29:23.571 4540 RALLYDEBUG rally.task.runner [-] Starting a worker. concurrency: 1 args: {"size": 1} times: 10 method_name: run timeout: 0 duration: None cls:
2019-07-03 06:29:23.572 4538 INFO rally.task.runner [-] Task e274b4d1-b237-4682-9b08-4746c80d15cd | ITER: 1 START
2019-07-03 06:29:23.574 4541 RALLYDEBUG rally.task.runner [-] Starting a worker. concurrency: 1 args: {"size": 1} times: 10 method_name: run timeout: 0 duration: None cls:
2019-07-03 06:29:23.575 4539 INFO rally.task.runner [-] Task e274b4d1-b237-4682-9b08-4746c80d15cd | ITER: 2 START
2019-07-03 06:29:23.578 4540 INFO rally.task.runner [-] Task e274b4d1-b237-4682-9b08-4746c80d15cd | ITER: 3 START
2019-07-03 06:29:23.580 4541 INFO rally.task.runner [-] Task e274b4d1-b237-4682-9b08-4746c80d15cd | ITER: 4 START
2019-07-03 06:29:27.535 4538 INFO rally.task.runner [-] Task e274b4d1-b237-4682-9b08-4746c80d15cd | ITER: 1 END: OK
2019-07-03 06:29:27.541 4538 INFO rally.task.runner [-] Task e274b4d1-b237-4682-9b08-4746c80d15cd | ITER: 5 START
2019-07-03 06:29:27.957 4539 RALLYDEBUG rally.task.utils [-] Waiting for resource s_rally_dfa8d9dd_4YOPxDjP. Status changed: AVAILABLE => DELETING in 0.361705064774
2019-07-03 06:29:27.982 4541 RALLYDEBUG rally.task.utils [-] Waiting for resource s_rally_dfa8d9dd_wWnXZLsF. Status changed: AVAILABLE => DELETING in 0.34037399292
2019-07-03 06:29:28.191 4540 RALLYDEBUG rally.task.utils [-] Waiting for resource s_rally_dfa8d9dd_qYDeHyJ5. Status changed: AVAILABLE => DELETING in 0.345567941666
2019-07-03 06:29:30.192 4539 INFO rally.task.runner [-] Task e274b4d1-b237-4682-9b08-4746c80d15cd | ITER: 2 END: OK
2019-07-03 06:29:30.198 4539 INFO rally.task.runner [-] Task e274b4d1-b237-4682-9b08-4746c80d15cd | ITER: 6 START
2019-07-03 06:29:30.305 4541 INFO rally.task.runner [-] Task e274b4d1-b237-4682-9b08-4746c80d15cd | ITER: 4 END: OK
2019-07-03 06:29:30.310 4541 INFO rally.task.runner [-] Task e274b4d1-b237-4682-9b08-4746c80d15cd | ITER: 7 START
2019-07-03 06:29:30.510 4540 INFO rally.task.runner [-] Task e274b4d1-b237-4682-9b08-4746c80d15cd | ITER: 3 END: OK
2019-07-03 06:29:30.515 4540 INFO rally.task.runner [-] Task e274b4d1-b237-4682-9b08-4746c80d15cd | ITER: 8 START
2019-07-03 06:29:31.895 4538 RALLYDEBUG rally.task.utils [-] Waiting for resource s_rally_dfa8d9dd_I92dIUSh. Status changed: AVAILABLE => DELETING in 0.348461151123
2019-07-03 06:29:34.201 4538 INFO rally.task.runner [-] Task e274b4d1-b237-4682-9b08-4746c80d15cd | ITER: 5 END: OK
2019-07-03 06:29:34.205 4538 INFO rally.task.runner [-] Task e274b4d1-b237-4682-9b08-4746c80d15cd | ITER: 9 START
2019-07-03 06:29:34.457 4539 RALLYDEBUG rally.task.utils [-] Waiting for resource s_rally_dfa8d9dd_CNXEJtsK. Status changed: AVAILABLE => DELETING in 0.246737003326
2019-07-03 06:29:34.466 4541 INFO rally.task.runner [-] Task e274b4d1-b237-4682-9b08-4746c80d15cd | ITER: 7 END: OK
2019-07-03 06:29:34.471 4541 INFO rally.task.runner [-] Task e274b4d1-b237-4682-9b08-4746c80d15cd | ITER: 10 START
2019-07-03 06:29:35.024 4540 INFO rally.task.runner [-] Task e274b4d1-b237-4682-9b08-4746c80d15cd | ITER: 8 END: OK
2019-07-03 06:29:36.759 4539 INFO rally.task.runner [-] Task e274b4d1-b237-4682-9b08-4746c80d15cd | ITER: 6 END: OK
2019-07-03 06:29:38.565 4538 INFO rally.task.runner [-] Task e274b4d1-b237-4682-9b08-4746c80d15cd | ITER: 9 END: OK
2019-07-03 06:29:39.141 4541 INFO rally.task.runner [-] Task e274b4d1-b237-4682-9b08-4746c80d15cd | ITER: 10 END: OK
2019-07-03 06:29:39.171 1842 INFO rally.task.context [-] Task e274b4d1-b237-4682-9b08-4746c80d15cd | Context cleanup@openstack cleanup() started
2019-07-03 06:29:39.174 1842 RALLYDEBUG rally_openstack.cleanup.manager [-] Cleaning up cinder backups objects
2019-07-03 06:29:41.278 1842 RALLYDEBUG rally_openstack.cleanup.manager [-] Cleaning up cinder volume_snapshots objects
2019-07-03 06:29:43.503 1842 RALLYDEBUG rally_openstack.cleanup.manager [-] Cleaning up cinder transfers objects
2019-07-03 06:29:45.504 1842 RALLYDEBUG rally_openstack.cleanup.manager [-] Cleaning up cinder volumes objects
2019-07-03 06:29:47.664 1842 INFO rally.task.context [-] Task e274b4d1-b237-4682-9b08-4746c80d15cd | Context cleanup@openstack cleanup() finished in 8.49 sec
2019-07-03 06:29:47.664 1842 INFO rally.task.context [-] Task e274b4d1-b237-4682-9b08-4746c80d15cd | Context quotas@openstack cleanup() started
2019-07-03 06:29:48.554 1842 INFO rally.task.context [-] Task e274b4d1-b237-4682-9b08-4746c80d15cd | Context quotas@openstack cleanup() finished in 0.89 sec
2019-07-03 06:29:48.554 1842 INFO rally.task.context [-] Task e274b4d1-b237-4682-9b08-4746c80d15cd | Context api_versions@openstack cleanup() started
2019-07-03 06:29:48.555 1842 INFO rally.task.context [-] Task e274b4d1-b237-4682-9b08-4746c80d15cd | Context api_versions@openstack cleanup() finished in 0.31 msec
2019-07-03 06:29:48.555 1842 INFO rally.task.context [-] Task e274b4d1-b237-4682-9b08-4746c80d15cd | Context users@openstack cleanup() started
2019-07-03 06:29:56.879 1842 INFO rally.task.context [-] Task e274b4d1-b237-4682-9b08-4746c80d15cd | Context users@openstack cleanup() finished in 8.32 sec
2019-07-03 06:29:58.702 1842 INFO rally.task.engine [-] Load duration is: 15.565471
2019-07-03 06:29:58.703 1842 INFO rally.task.engine [-] Full runner duration is: 15.619905
2019-07-03 06:29:58.703 1842 INFO rally.task.engine [-] Full duration is: 40.346762
2019-07-03 06:29:58.904 1842 INFO rally.task.engine [-] Running workload: position = 0 config = { "version": 2, "title": "A cropped version of a bigger task.", "description": "Auto-generated task from a single workload (uuid=f0d64922-1b30-4bec-8293-f4c126304951)", "subtasks": [ { "title": "CinderVolumes.create_and_extend_volume", "description": "Create and extend a volume and then delete it.", "scenario": { "CinderVolumes.create_and_extend_volume": { "new_size": 2, "size": 1 } }, "contexts": { "users": { "tenants": 3, "users_per_tenant": 2 }, "quotas": { "cinder": { "gigabytes": -1, "snapshots": -1, "volumes": -1 } }, "api_versions": { "cinder": { "version": 3, "service_type": "volumev3" } } }, "runner": { "constant": { "concurrency": 4, "times": 10 } }, "hooks": [], "sla": { "failure_rate": { "max": 0 } } } ] }
2019-07-03 06:29:58.930 1842 RALLYDEBUG rally_openstack.contexts.keystone.users [-] Creating 3 tenants using 20 threads
2019-07-03 06:30:00.819 1842 RALLYDEBUG rally_openstack.contexts.keystone.users [-] Creating 6 users using 20 threads
2019-07-03 06:30:03.696 1842 INFO rally.task.context [-] Task e274b4d1-b237-4682-9b08-4746c80d15cd | Context users@openstack setup() finished in 4.77 sec
2019-07-03 06:30:04.131 1842 INFO rally.task.context [-] Task e274b4d1-b237-4682-9b08-4746c80d15cd | Context api_versions@openstack setup() finished in 0.43 sec
2019-07-03 06:30:05.795 1842 INFO rally.task.context [-] Task e274b4d1-b237-4682-9b08-4746c80d15cd | Context quotas@openstack setup() finished in 1.66 sec
2019-07-03 06:30:05.795 1842 INFO rally.task.context [-] Task e274b4d1-b237-4682-9b08-4746c80d15cd | Context cleanup@openstack setup() finished in 0.01 msec
2019-07-03 06:30:05.804 1842 RALLYDEBUG rally.task.runner [-] Starting the constant runner (task UUID: e274b4d1-b237-4682-9b08-4746c80d15cd). timeout: 0 concurrency: 4 concurrency_per_worker: 1 times: 10 concurrency_overhead: 0 processes_to_start: 4 max_cpu_used: 16
2019-07-03 06:30:05.816 4722 RALLYDEBUG rally.task.runner [-] Starting a worker. concurrency: 1 args: {"new_size": 2, "size": 1} times: 10 method_name: run timeout: 0 duration: None cls:
2019-07-03 06:30:05.820 4723 RALLYDEBUG rally.task.runner [-] Starting a worker. concurrency: 1 args: {"new_size": 2, "size": 1} times: 10 method_name: run timeout: 0 duration: None cls:
2019-07-03 06:30:05.824 4722 INFO rally.task.runner [-] Task e274b4d1-b237-4682-9b08-4746c80d15cd | ITER: 1 START
2019-07-03 06:30:05.825 4725 RALLYDEBUG rally.task.runner [-] Starting a worker. concurrency: 1 args: {"new_size": 2, "size": 1} times: 10 method_name: run timeout: 0 duration: None cls:
2019-07-03 06:30:05.825 4724 RALLYDEBUG rally.task.runner [-] Starting a worker. concurrency: 1 args: {"new_size": 2, "size": 1} times: 10 method_name: run timeout: 0 duration: None cls:
2019-07-03 06:30:05.827 4723 INFO rally.task.runner [-] Task e274b4d1-b237-4682-9b08-4746c80d15cd | ITER: 2 START
2019-07-03 06:30:05.833 4725 INFO rally.task.runner [-] Task e274b4d1-b237-4682-9b08-4746c80d15cd | ITER: 3 START
2019-07-03 06:30:05.835 4724 INFO rally.task.runner [-] Task e274b4d1-b237-4682-9b08-4746c80d15cd | ITER: 4 START
2019-07-03 06:30:10.410 4722 RALLYDEBUG rally.task.utils [-] Waiting for resource s_rally_f0d64922_hzwAieJb. Status changed: AVAILABLE => EXTENDING in 0.258776903152
2019-07-03 06:30:10.468 4724 RALLYDEBUG rally.task.utils [-] Waiting for resource s_rally_f0d64922_hLmIuNuq. Status changed: AVAILABLE => EXTENDING in 0.276549100876
2019-07-03 06:30:10.487 4723 RALLYDEBUG rally.task.utils [-] Waiting for resource s_rally_f0d64922_6CISBDfb. Status changed: AVAILABLE => EXTENDING in 0.377778053284
2019-07-03 06:30:11.249 4725 INFO rally.task.runner [-] Task e274b4d1-b237-4682-9b08-4746c80d15cd | ITER: 3 END: OK
2019-07-03 06:30:11.254 4725 INFO rally.task.runner [-] Task e274b4d1-b237-4682-9b08-4746c80d15cd | ITER: 5 START
2019-07-03 06:30:12.544 4723 RALLYDEBUG rally.task.utils [-] Waiting for resource s_rally_f0d64922_6CISBDfb. Status changed: EXTENDING => AVAILABLE in 2.05706000328
2019-07-03 06:30:12.727 4722 RALLYDEBUG rally.task.utils [-] Waiting for resource s_rally_f0d64922_hzwAieJb. Status changed: EXTENDING => AVAILABLE in 2.31754207611
2019-07-03 06:30:12.738 4724 RALLYDEBUG rally.task.utils [-] Waiting for resource s_rally_f0d64922_hLmIuNuq. Status changed: EXTENDING => AVAILABLE in 2.27023792267
2019-07-03 06:30:13.156 4722 RALLYDEBUG rally.task.utils [-] Waiting for resource s_rally_f0d64922_hzwAieJb. Status changed: AVAILABLE => DELETING in 0.0545890331268
2019-07-03 06:30:13.244 4723 INFO rally.task.runner [-] Task e274b4d1-b237-4682-9b08-4746c80d15cd | ITER: 2 END: OK
2019-07-03 06:30:13.249 4723 INFO rally.task.runner [-] Task e274b4d1-b237-4682-9b08-4746c80d15cd | ITER: 6 START
2019-07-03 06:30:13.262 4724 RALLYDEBUG rally.task.utils [-] Waiting for resource s_rally_f0d64922_hLmIuNuq. Status changed: AVAILABLE => DELETING in 0.24907708168
2019-07-03 06:30:15.402 4722 INFO rally.task.runner [-] Task e274b4d1-b237-4682-9b08-4746c80d15cd | ITER: 1 END: OK
2019-07-03 06:30:15.407 4722 INFO rally.task.runner [-] Task e274b4d1-b237-4682-9b08-4746c80d15cd | ITER: 7 START
2019-07-03 06:30:15.559 4724 INFO rally.task.runner [-] Task e274b4d1-b237-4682-9b08-4746c80d15cd | ITER: 4 END: OK
2019-07-03 06:30:15.565 4724 INFO rally.task.runner [-] Task e274b4d1-b237-4682-9b08-4746c80d15cd | ITER: 8 START
2019-07-03 06:30:16.239 4725 INFO rally.task.runner [-] Task e274b4d1-b237-4682-9b08-4746c80d15cd | ITER: 5 END: OK
2019-07-03 06:30:16.243 4725 INFO rally.task.runner [-] Task e274b4d1-b237-4682-9b08-4746c80d15cd | ITER: 9 START
2019-07-03 06:30:18.167 4723 INFO rally.task.runner [-] Task e274b4d1-b237-4682-9b08-4746c80d15cd | ITER: 6 END: OK
2019-07-03 06:30:18.172 4723 INFO rally.task.runner [-] Task e274b4d1-b237-4682-9b08-4746c80d15cd | ITER: 10 START
2019-07-03 06:30:20.320 4722 INFO rally.task.runner [-] Task e274b4d1-b237-4682-9b08-4746c80d15cd | ITER: 7 END: OK
2019-07-03 06:30:20.445 4724 RALLYDEBUG rally.task.utils [-] Waiting for resource s_rally_f0d64922_00aLfphc. Status changed: AVAILABLE => DELETING in 0.271150827408
2019-07-03 06:30:21.162 4725 INFO rally.task.runner [-] Task e274b4d1-b237-4682-9b08-4746c80d15cd | ITER: 9 END: OK
2019-07-03 06:30:21.888 4723 RALLYDEBUG rally.task.utils [-] Waiting for resource s_rally_f0d64922_9TrBI9xQ. Status changed: AVAILABLE => EXTENDING in 0.0654320716858
2019-07-03 06:30:22.663 4724 INFO rally.task.runner [-] Task e274b4d1-b237-4682-9b08-4746c80d15cd | ITER: 8 END: OK
2019-07-03 06:30:24.218 4723 RALLYDEBUG rally.task.utils [-] Waiting for resource s_rally_f0d64922_9TrBI9xQ. Status changed: EXTENDING => AVAILABLE in 2.32995295525
2019-07-03 06:30:24.725 4723 INFO rally.task.runner [-] Task e274b4d1-b237-4682-9b08-4746c80d15cd | ITER: 10 END: OK
2019-07-03 06:30:24.755 1842 INFO rally.task.context [-] Task e274b4d1-b237-4682-9b08-4746c80d15cd | Context cleanup@openstack cleanup() started
2019-07-03 06:30:24.757 1842 RALLYDEBUG rally_openstack.cleanup.manager [-] Cleaning up cinder backups objects
2019-07-03 06:30:26.796 1842 RALLYDEBUG rally_openstack.cleanup.manager [-] Cleaning up cinder volume_snapshots objects
2019-07-03 06:30:29.008 1842 RALLYDEBUG rally_openstack.cleanup.manager [-] Cleaning up cinder transfers objects
2019-07-03 06:30:31.194 1842 RALLYDEBUG rally_openstack.cleanup.manager [-] Cleaning up cinder volumes objects
2019-07-03 06:30:33.392 1842 INFO rally.task.context [-] Task e274b4d1-b237-4682-9b08-4746c80d15cd | Context cleanup@openstack cleanup() finished in 8.64 sec
2019-07-03 06:30:33.392 1842 INFO rally.task.context [-] Task e274b4d1-b237-4682-9b08-4746c80d15cd | Context quotas@openstack cleanup() started
2019-07-03 06:30:34.464 1842 INFO rally.task.context [-] Task e274b4d1-b237-4682-9b08-4746c80d15cd | Context quotas@openstack cleanup() finished in 1.07 sec
2019-07-03 06:30:34.464 1842 INFO rally.task.context [-] Task e274b4d1-b237-4682-9b08-4746c80d15cd | Context api_versions@openstack cleanup() started
2019-07-03 06:30:34.465 1842 INFO rally.task.context [-] Task e274b4d1-b237-4682-9b08-4746c80d15cd | Context api_versions@openstack cleanup() finished in 0.30 msec
2019-07-03 06:30:34.465 1842 INFO rally.task.context [-] Task e274b4d1-b237-4682-9b08-4746c80d15cd | Context users@openstack cleanup() started
2019-07-03 06:30:42.323 1842 INFO rally.task.context [-] Task e274b4d1-b237-4682-9b08-4746c80d15cd | Context users@openstack cleanup() finished in 7.86 sec
2019-07-03 06:30:43.114 1842 INFO rally.task.engine [-] Load duration is: 18.89784
2019-07-03 06:30:43.115 1842 INFO rally.task.engine [-] Full runner duration is: 18.95221
2019-07-03 06:30:43.115 1842 INFO rally.task.engine [-] Full duration is: 43.397868
2019-07-03 06:30:43.318 1842 INFO rally.task.engine [-] Running workload: position = 0 config = { "version": 2, "title": "A cropped version of a bigger task.", "description": "Auto-generated task from a single workload (uuid=5a0b489e-9db7-4792-81d0-b339bbc2f8af)", "subtasks": [ { "title": "CinderVolumes.create_from_volume_and_delete_volume", "description": "Create volume from volume and then delete it.", "scenario": { "CinderVolumes.create_from_volume_and_delete_volume": { "size": 1 } }, "contexts": { "users": { "tenants": 3, "users_per_tenant": 2 }, "quotas": { "cinder": { "gigabytes": -1, "snapshots": -1, "volumes": -1 } }, "api_versions": { "cinder": { "version": 3, "service_type": "volumev3" } }, "volumes": { "size": 1, "volumes_per_tenant": 1 } }, "runner": { "constant": { "concurrency": 4, "times": 10 } }, "hooks": [], "sla": { "failure_rate": { "max": 0 } } } ] }
2019-07-03 06:30:43.337 1842 RALLYDEBUG rally_openstack.contexts.keystone.users [-] Creating 3 tenants using 20 threads
2019-07-03 06:30:45.239 1842 RALLYDEBUG rally_openstack.contexts.keystone.users [-] Creating 6 users using 20 threads
2019-07-03 06:30:48.137 1842 INFO rally.task.context [-] Task e274b4d1-b237-4682-9b08-4746c80d15cd | Context users@openstack setup() finished in 4.80 sec
2019-07-03 06:30:48.571 1842 INFO rally.task.context [-] Task e274b4d1-b237-4682-9b08-4746c80d15cd | Context api_versions@openstack setup() finished in 0.43 sec
2019-07-03 06:30:50.187 1842 INFO rally.task.context [-] Task e274b4d1-b237-4682-9b08-4746c80d15cd | Context quotas@openstack setup() finished in 1.62 sec
2019-07-03 06:31:01.098 1842 INFO rally.task.context [-] Task e274b4d1-b237-4682-9b08-4746c80d15cd | Context volumes@openstack setup() finished in 10.91 sec
2019-07-03 06:31:01.099 1842 INFO rally.task.context [-] Task e274b4d1-b237-4682-9b08-4746c80d15cd | Context cleanup@openstack setup() finished in 0.00 msec
2019-07-03 06:31:01.106 1842 RALLYDEBUG rally.task.runner [-] Starting the constant runner (task UUID: e274b4d1-b237-4682-9b08-4746c80d15cd). timeout: 0 concurrency: 4 concurrency_per_worker: 1 times: 10 concurrency_overhead: 0 processes_to_start: 4 max_cpu_used: 16
2019-07-03 06:31:01.119 4906 RALLYDEBUG rally.task.runner [-] Starting a worker. concurrency: 1 args: {"size": 1} times: 10 method_name: run timeout: 0 duration: None cls:
2019-07-03 06:31:01.122 4907 RALLYDEBUG rally.task.runner [-] Starting a worker. concurrency: 1 args: {"size": 1} times: 10 method_name: run timeout: 0 duration: None cls:
2019-07-03 06:31:01.125 4908 RALLYDEBUG rally.task.runner [-] Starting a worker. concurrency: 1 args: {"size": 1} times: 10 method_name: run timeout: 0 duration: None cls:
2019-07-03 06:31:01.126 4906 INFO rally.task.runner [-] Task e274b4d1-b237-4682-9b08-4746c80d15cd | ITER: 1 START
2019-07-03 06:31:01.128 4909 RALLYDEBUG rally.task.runner [-] Starting a worker. concurrency: 1 args: {"size": 1} times: 10 method_name: run timeout: 0 duration: None cls:
2019-07-03 06:31:01.130 4907 INFO rally.task.runner [-] Task e274b4d1-b237-4682-9b08-4746c80d15cd | ITER: 2 START
2019-07-03 06:31:01.132 4908 INFO rally.task.runner [-] Task e274b4d1-b237-4682-9b08-4746c80d15cd | ITER: 3 START
2019-07-03 06:31:01.136 4909 INFO rally.task.runner [-] Task e274b4d1-b237-4682-9b08-4746c80d15cd | ITER: 4 START
2019-07-03 06:31:05.458 4909 RALLYDEBUG rally.task.utils [-] Waiting for resource s_rally_5a0b489e_rGSMxewE. Status changed: AVAILABLE => DELETING in 0.253764867783
2019-07-03 06:31:05.626 4906 RALLYDEBUG rally.task.utils [-] Waiting for resource s_rally_5a0b489e_eMaKYV0n. Status changed: AVAILABLE => DELETING in 0.34295296669
2019-07-03 06:31:07.249 4907 RALLYDEBUG rally.task.utils [-] Waiting for resource s_rally_5a0b489e_JhHv2Lj2. Status changed: CREATING => AVAILABLE in 2.98418807983
2019-07-03 06:31:07.776 4907 RALLYDEBUG rally.task.utils [-] Waiting for resource s_rally_5a0b489e_JhHv2Lj2. Status changed: AVAILABLE => DELETING in 0.343209981918
2019-07-03 06:31:09.488 4908 RALLYDEBUG rally.task.utils [-] Waiting for resource s_rally_5a0b489e_qnIAsadc. Status changed: CREATING => AVAILABLE in 5.15740299225
2019-07-03 06:31:10.119 4909 INFO rally.task.runner [-] Task e274b4d1-b237-4682-9b08-4746c80d15cd | ITER: 4 END: OK
2019-07-03 06:31:10.124 4909 INFO rally.task.runner [-] Task e274b4d1-b237-4682-9b08-4746c80d15cd | ITER: 5 START
2019-07-03 06:31:10.143 4908 RALLYDEBUG rally.task.utils [-] Waiting for resource s_rally_5a0b489e_qnIAsadc. Status changed: AVAILABLE => DELETING in 0.268543958664
2019-07-03 06:31:10.286 4906 INFO rally.task.runner [-] Task e274b4d1-b237-4682-9b08-4746c80d15cd | ITER: 1 END: OK
2019-07-03 06:31:10.291 4906 INFO rally.task.runner [-] Task e274b4d1-b237-4682-9b08-4746c80d15cd | ITER: 6 START
2019-07-03 06:31:11.869 4907 INFO rally.task.runner [-] Task e274b4d1-b237-4682-9b08-4746c80d15cd | ITER: 2 END: OK
2019-07-03 06:31:11.875 4907 INFO rally.task.runner [-] Task e274b4d1-b237-4682-9b08-4746c80d15cd | ITER: 7 START
2019-07-03 06:31:12.483 4908 INFO rally.task.runner [-] Task e274b4d1-b237-4682-9b08-4746c80d15cd | ITER: 3 END: OK
2019-07-03 06:31:12.488 4908 INFO rally.task.runner [-] Task e274b4d1-b237-4682-9b08-4746c80d15cd | ITER: 8 START
2019-07-03 06:31:14.380 4906 RALLYDEBUG rally.task.utils [-] Waiting for resource s_rally_5a0b489e_f55Gpkj0. Status changed: AVAILABLE => DELETING in 0.319991827011
2019-07-03 06:31:14.417 4909 RALLYDEBUG rally.task.utils [-] Waiting for resource s_rally_5a0b489e_xQ0rEqGm. Status changed: AVAILABLE => DELETING in 0.326054096222
2019-07-03 06:31:16.606 4907 RALLYDEBUG rally.task.utils [-] Waiting for resource s_rally_5a0b489e_KwKUJlaH. Status changed: AVAILABLE => DELETING in 0.251415014267
2019-07-03 06:31:18.582 4908 RALLYDEBUG rally.task.utils [-] Waiting for resource s_rally_5a0b489e_EQsVIFLP. Status changed: CREATING => AVAILABLE in 2.93238186836
2019-07-03 06:31:18.940 4907 INFO rally.task.runner [-] Task e274b4d1-b237-4682-9b08-4746c80d15cd | ITER: 7 END: OK
2019-07-03 06:31:18.946 4907 INFO rally.task.runner [-] Task e274b4d1-b237-4682-9b08-4746c80d15cd | ITER: 9 START
2019-07-03 06:31:18.965 4906 INFO rally.task.runner [-] Task e274b4d1-b237-4682-9b08-4746c80d15cd | ITER: 6 END: OK
2019-07-03 06:31:18.971 4906 INFO rally.task.runner [-] Task e274b4d1-b237-4682-9b08-4746c80d15cd | ITER: 10 START
2019-07-03 06:31:19.059 4909 INFO rally.task.runner [-] Task e274b4d1-b237-4682-9b08-4746c80d15cd | ITER: 5 END: OK
2019-07-03 06:31:19.107 4908 RALLYDEBUG rally.task.utils [-] Waiting for resource s_rally_5a0b489e_EQsVIFLP. Status changed: AVAILABLE => DELETING in 0.255554914474
2019-07-03 06:31:21.445 4908 INFO rally.task.runner [-] Task e274b4d1-b237-4682-9b08-4746c80d15cd | ITER: 8 END: OK
2019-07-03 06:31:23.318 4907 RALLYDEBUG rally.task.utils [-] Waiting for resource s_rally_5a0b489e_nNA9jjCJ. Status changed: AVAILABLE => DELETING in 0.33350610733
2019-07-03 06:31:23.340 4906 RALLYDEBUG rally.task.utils [-] Waiting for resource s_rally_5a0b489e_hR9lZ1FA. Status changed: AVAILABLE => DELETING in 0.249631166458
2019-07-03 06:31:25.560 4907 INFO rally.task.runner [-] Task e274b4d1-b237-4682-9b08-4746c80d15cd | ITER: 9 END: OK
2019-07-03 06:31:25.650 4906 INFO rally.task.runner [-] Task e274b4d1-b237-4682-9b08-4746c80d15cd | ITER: 10 END: OK
2019-07-03 06:31:25.679 1842 INFO rally.task.context [-] Task e274b4d1-b237-4682-9b08-4746c80d15cd | Context cleanup@openstack cleanup() started
2019-07-03 06:31:25.681 1842 RALLYDEBUG rally_openstack.cleanup.manager [-] Cleaning up cinder backups objects
2019-07-03 06:31:27.893 1842 RALLYDEBUG rally_openstack.cleanup.manager [-] Cleaning up cinder volume_snapshots objects
2019-07-03 06:31:30.180 1842 RALLYDEBUG rally_openstack.cleanup.manager [-] Cleaning up cinder transfers objects
2019-07-03 06:31:32.385 1842 RALLYDEBUG rally_openstack.cleanup.manager [-] Cleaning up cinder volumes objects
2019-07-03 06:31:34.595 1842 INFO rally.task.context [-] Task e274b4d1-b237-4682-9b08-4746c80d15cd | Context cleanup@openstack cleanup() finished in 8.92 sec
