2019-07-02 20:28:55.163 23241 WARNING rally_openstack.scenarios.neutron.utils [-] Running this scenario without either the 'network' or 'existing_network' context is deprecated
2019-07-02 20:28:55.298 23243 INFO rally.task.runner [-] Task ac13de89-3612-4815-ab82-36a20944c6ea | ITER: 8 END: OK
2019-07-02 20:28:55.302 23243 INFO rally.task.runner [-] Task ac13de89-3612-4815-ab82-36a20944c6ea | ITER: 40 START
2019-07-02 20:28:55.303 23243 WARNING rally_openstack.scenarios.neutron.utils [-] Running this scenario without either the 'network' or 'existing_network' context is deprecated
2019-07-02 20:29:04.780 23242 INFO rally.task.runner [-] Task ac13de89-3612-4815-ab82-36a20944c6ea | ITER: 23 END: OK
2019-07-02 20:29:05.380 23253 INFO rally.task.runner [-] Task ac13de89-3612-4815-ab82-36a20944c6ea | ITER: 25 END: OK
2019-07-02 20:29:06.064 23278 INFO rally.task.runner [-] Task ac13de89-3612-4815-ab82-36a20944c6ea | ITER: 21 END: OK
2019-07-02 20:29:06.501 23281 INFO rally.task.runner [-] Task ac13de89-3612-4815-ab82-36a20944c6ea | ITER: 22 END: OK
2019-07-02 20:29:07.018 23244 INFO rally.task.runner [-] Task ac13de89-3612-4815-ab82-36a20944c6ea | ITER: 24 END: OK
2019-07-02 20:29:07.913 23287 INFO rally.task.runner [-] Task ac13de89-3612-4815-ab82-36a20944c6ea | ITER: 27 END: OK
2019-07-02 20:29:08.016 23275 INFO rally.task.runner [-] Task ac13de89-3612-4815-ab82-36a20944c6ea | ITER: 26 END: OK
2019-07-02 20:29:08.487 23240 INFO rally.task.runner [-] Task ac13de89-3612-4815-ab82-36a20944c6ea | ITER: 30 END: OK
2019-07-02 20:29:08.647 23246 INFO rally.task.runner [-] Task ac13de89-3612-4815-ab82-36a20944c6ea | ITER: 34 END: OK
2019-07-02 20:29:08.834 23265 INFO rally.task.runner [-] Task ac13de89-3612-4815-ab82-36a20944c6ea | ITER: 33 END: OK
2019-07-02 20:29:09.184 23243 INFO rally.task.runner [-] Task ac13de89-3612-4815-ab82-36a20944c6ea | ITER: 28 END: OK
2019-07-02 20:29:09.504 23264 INFO rally.task.runner [-] Task ac13de89-3612-4815-ab82-36a20944c6ea | ITER: 37 END: OK
2019-07-02 20:29:09.532 23241 INFO rally.task.runner [-] Task ac13de89-3612-4815-ab82-36a20944c6ea | ITER: 29 END: OK
2019-07-02 20:29:09.558 23257 INFO rally.task.runner [-] Task ac13de89-3612-4815-ab82-36a20944c6ea | ITER: 32 END: OK
2019-07-02 20:29:10.059 23240 INFO rally.task.runner [-] Task ac13de89-3612-4815-ab82-36a20944c6ea | ITER: 36 END: OK
2019-07-02 20:29:10.375 23242 INFO rally.task.runner [-] Task ac13de89-3612-4815-ab82-36a20944c6ea | ITER: 35 END: OK
2019-07-02 20:29:10.524 23259 INFO rally.task.runner [-] Task ac13de89-3612-4815-ab82-36a20944c6ea | ITER: 31 END: OK
2019-07-02 20:29:10.663 23243 INFO rally.task.runner [-] Task ac13de89-3612-4815-ab82-36a20944c6ea | ITER: 40 END: OK
2019-07-02 20:29:10.741 23284 INFO rally.task.runner [-] Task ac13de89-3612-4815-ab82-36a20944c6ea | ITER: 38 END: OK
2019-07-02 20:29:12.094 23241 INFO rally.task.runner [-] Task ac13de89-3612-4815-ab82-36a20944c6ea | ITER: 39 END: OK
2019-07-02 20:29:12.122 18994 INFO rally.task.context [-] Task ac13de89-3612-4815-ab82-36a20944c6ea | Context cleanup@openstack cleanup() started
2019-07-02 20:29:12.124 18994 RALLYDEBUG rally_openstack.cleanup.manager [-] Cleaning up neutron vip objects
2019-07-02 20:29:12.882 18994 RALLYDEBUG rally_openstack.cleanup.manager [-] Cleaning up neutron health_monitor objects
2019-07-02 20:29:13.630 18994 RALLYDEBUG rally_openstack.cleanup.manager [-] Cleaning up neutron pool objects
2019-07-02 20:29:14.266 18994 RALLYDEBUG rally_openstack.cleanup.manager [-] Cleaning up neutron loadbalancer objects
2019-07-02 20:29:14.937 18994 RALLYDEBUG rally_openstack.cleanup.manager [-] Cleaning up neutron floatingip objects
2019-07-02 20:29:15.649 18994 RALLYDEBUG rally_openstack.cleanup.manager [-] Cleaning up neutron port objects
2019-07-02 20:29:16.669 18994 RALLYDEBUG rally_openstack.cleanup.manager [-] Cleaning up neutron subnet objects
2019-07-02 20:29:17.422 18994 RALLYDEBUG rally_openstack.cleanup.manager [-] Cleaning up neutron network objects
2019-07-02 20:29:18.230 18994 RALLYDEBUG rally_openstack.cleanup.manager [-] Deleting neutron.network object s_rally_7f3ab480_FaXB2mwa (06cbdb26-913e-494e-83c5-4c0d71d68d8d)
2019-07-02 20:29:18.238 18994 RALLYDEBUG rally_openstack.cleanup.manager [-] Deleting neutron.network object s_rally_7f3ab480_Hz5ajzYr (06d4514b-aee3-4293-83fc-e620a12778d9)
2019-07-02 20:29:18.247 18994 RALLYDEBUG rally_openstack.cleanup.manager [-] Deleting neutron.network object s_rally_7f3ab480_RJLXqcSP (0a0bf72f-59d3-4bcb-8362-c93570cd58f4)
2019-07-02 20:29:18.247 18994 RALLYDEBUG rally_openstack.cleanup.manager [-] Deleting neutron.network object s_rally_7f3ab480_Oaw6aKng (1084e437-972d-481f-80f2-5a2ea74240d9)
2019-07-02 20:29:18.263 18994 RALLYDEBUG rally_openstack.cleanup.manager [-] Deleting neutron.network object s_rally_7f3ab480_PzunwU4g (136c10c5-56f0-4ad7-82c4-f0a94c079033)
2019-07-02 20:29:18.279 18994 RALLYDEBUG rally_openstack.cleanup.manager [-] Deleting neutron.network object s_rally_7f3ab480_awXyqgMY (14291a80-37d2-4ae3-934b-ab545739d852)
2019-07-02 20:29:18.287 18994 RALLYDEBUG rally_openstack.cleanup.manager [-] Deleting neutron.network object s_rally_7f3ab480_cOo0Za5f (21ccf0d3-e60f-4fd5-84c9-396a2751bca0)
2019-07-02 20:29:18.287 18994 RALLYDEBUG rally_openstack.cleanup.manager [-] Deleting neutron.network object s_rally_7f3ab480_OorTNaEb (1e5ee233-dd2d-4e7a-9b70-d2aef8029101)
2019-07-02 20:29:18.314 18994 RALLYDEBUG rally_openstack.cleanup.manager [-] Deleting neutron.network object s_rally_7f3ab480_AyRHTemJ (25d5a53d-ad71-40ac-88da-345507b28a0d)
2019-07-02 20:29:18.321 18994 RALLYDEBUG rally_openstack.cleanup.manager [-] Deleting neutron.network object s_rally_7f3ab480_TjJfMyJY (2d28174c-8c0b-461e-8597-e1643c8d90a7)
2019-07-02 20:29:18.337 18994 RALLYDEBUG rally_openstack.cleanup.manager [-] Deleting neutron.network object s_rally_7f3ab480_VGLPt3KY (326ecc4d-c4f5-4d77-b29e-399b22211607)
2019-07-02 20:29:18.357 18994 RALLYDEBUG rally_openstack.cleanup.manager [-] Deleting neutron.network object s_rally_7f3ab480_2DCRlbqb (38b62f02-4e02-4327-a9ec-eb82b872225e)
2019-07-02 20:29:18.373 18994 RALLYDEBUG rally_openstack.cleanup.manager [-] Deleting neutron.network object s_rally_7f3ab480_R46J9ZqV (40892f42-7a9c-4165-b363-a785d7127a13)
2019-07-02 20:29:18.386 18994 RALLYDEBUG rally_openstack.cleanup.manager [-] Deleting neutron.network object s_rally_7f3ab480_eXZ8XAjw (4bca729e-c1f7-418d-8771-61400f800d14)
2019-07-02 20:29:18.403 18994 RALLYDEBUG rally_openstack.cleanup.manager [-] Deleting neutron.network object s_rally_7f3ab480_SuK1YBP5 (559b5139-3af4-44c2-b594-9291e5b4e263)
2019-07-02 20:29:18.415 18994 RALLYDEBUG rally_openstack.cleanup.manager [-] Deleting neutron.network object s_rally_7f3ab480_bFuGy1uR (5febaa17-148d-42c1-9931-420ade0a64d3)
2019-07-02 20:29:18.421 18994 RALLYDEBUG rally_openstack.cleanup.manager [-] Deleting neutron.network object s_rally_7f3ab480_0Cy75gSO (61065772-63db-4d99-aa6d-4846b4a1b68b)
2019-07-02 20:29:18.438 18994 RALLYDEBUG rally_openstack.cleanup.manager [-] Deleting neutron.network object s_rally_7f3ab480_ecdicoBJ (6bddebc3-4936-4702-a7b5-4b1e25ff2ee3)
2019-07-02 20:29:18.449 18994 RALLYDEBUG rally_openstack.cleanup.manager [-] Deleting neutron.network object s_rally_7f3ab480_0icjZTTp (6f18f6f7-2055-49b3-b11a-feba56f9d51c)
2019-07-02 20:29:18.463 18994 RALLYDEBUG rally_openstack.cleanup.manager [-] Deleting neutron.network object s_rally_7f3ab480_sQVDwV9j (7d9eb00f-5cac-4d18-aa7e-1eab7e1f868d)
2019-07-02 20:29:21.745 18994 RALLYDEBUG rally_openstack.cleanup.manager [-] Deleting neutron.network object s_rally_7f3ab480_5v92w1vv (87c95dfa-96e5-49b7-9815-02d294406925)
2019-07-02 20:29:21.879 18994 RALLYDEBUG rally_openstack.cleanup.manager [-] Deleting neutron.network object s_rally_7f3ab480_KVeuXitt (8955f2c1-0f9b-4fc1-8d15-02c9b5723e5a)
2019-07-02 20:29:21.901 18994 RALLYDEBUG rally_openstack.cleanup.manager [-] Deleting neutron.network object s_rally_7f3ab480_SALBXU2p (90337808-e9ae-49df-b043-3c0f3eba27ff)
2019-07-02 20:29:21.969 18994 RALLYDEBUG rally_openstack.cleanup.manager [-] Deleting neutron.network object s_rally_7f3ab480_gUv67gC2 (95de8c9f-2868-41ca-8e61-0e045797b278)
2019-07-02 20:29:22.120 18994 RALLYDEBUG rally_openstack.cleanup.manager [-] Deleting neutron.network object s_rally_7f3ab480_mywJ2neq (97312062-ee4c-4f14-98eb-6d79dccc5a40)
2019-07-02 20:29:22.134 18994 RALLYDEBUG rally_openstack.cleanup.manager [-] Deleting neutron.network object s_rally_7f3ab480_3v8eKr9p (9d9840b4-f457-40b2-8ef8-e36d3acaf176)
2019-07-02 20:29:22.151 18994 RALLYDEBUG rally_openstack.cleanup.manager [-] Deleting neutron.network object s_rally_7f3ab480_5Uc9dhiE (a0b2c6f7-1690-4ee2-a302-c0f2c0aabcaf)
2019-07-02 20:29:22.167 18994 RALLYDEBUG rally_openstack.cleanup.manager [-] Deleting neutron.network object s_rally_7f3ab480_KEkxUfbE (ac70151b-ad38-4cec-a175-807691b66dab)
2019-07-02 20:29:22.187 18994 RALLYDEBUG rally_openstack.cleanup.manager [-] Deleting neutron.network object s_rally_7f3ab480_1pXRnb4K (acb18e63-9c1c-4052-bf45-62185ffc86e3)
2019-07-02 20:29:22.213 18994 RALLYDEBUG rally_openstack.cleanup.manager [-] Deleting neutron.network object s_rally_7f3ab480_gqedOrS3 (b428863b-0170-407e-a2e5-92a8b631dfc8)
2019-07-02 20:29:22.516 18994 RALLYDEBUG rally_openstack.cleanup.manager [-] Deleting neutron.network object s_rally_7f3ab480_iMQBGrhR (b73581ec-4898-4e15-9a6c-2cd2034787c4)
2019-07-02 20:29:22.728 18994 RALLYDEBUG rally_openstack.cleanup.manager [-] Deleting neutron.network object s_rally_7f3ab480_REid3wbq (c4e0b199-518a-4466-a695-4e8b9bcabb94)
2019-07-02 20:29:22.901 18994 RALLYDEBUG rally_openstack.cleanup.manager [-] Deleting neutron.network object s_rally_7f3ab480_mI7TYXBZ (c6cd763d-d7a2-418a-9741-936d9915f8e6)
2019-07-02 20:29:22.935 18994 RALLYDEBUG rally_openstack.cleanup.manager [-] Deleting neutron.network object s_rally_7f3ab480_v6TqlAmL (cae5688a-5caa-41e9-9aeb-65ccc2796278)
2019-07-02 20:29:22.941 18994 RALLYDEBUG rally_openstack.cleanup.manager [-] Deleting neutron.network object s_rally_7f3ab480_apkUu0nm (ccb259f1-e0c8-4fac-af74-a05bf06f91bc)
2019-07-02 20:29:23.040 18994 RALLYDEBUG rally_openstack.cleanup.manager [-] Deleting neutron.network object s_rally_7f3ab480_lxFRwhmT (d8461eb6-3877-4514-b836-b35114dbe483)
2019-07-02 20:29:23.076 18994 RALLYDEBUG rally_openstack.cleanup.manager [-] Deleting neutron.network object s_rally_7f3ab480_YBxFhGo4 (ea3b8802-d4c0-49a3-8d6c-bb933c242ed0)
2019-07-02 20:29:23.226 18994 RALLYDEBUG rally_openstack.cleanup.manager [-] Deleting neutron.network object s_rally_7f3ab480_LvVm5b7z (ef3168e5-eb61-4a7b-b9e5-3dec5926b003)
2019-07-02 20:29:23.234 18994 RALLYDEBUG rally_openstack.cleanup.manager [-] Deleting neutron.network object s_rally_7f3ab480_2krduns3 (f34b84cd-68d0-43ea-b48b-6a2c9deb5998)
2019-07-02 20:29:23.295 18994 RALLYDEBUG rally_openstack.cleanup.manager [-] Deleting neutron.network object s_rally_7f3ab480_bzdI5GwE (fed1438e-40d9-4dfd-a71f-0ad87a255769)
2019-07-02 20:29:27.601 18994 RALLYDEBUG rally_openstack.cleanup.manager [-] Cleaning up neutron router objects
2019-07-02 20:29:28.316 18994 RALLYDEBUG rally_openstack.cleanup.manager [-] Cleaning up neutron security_group objects
2019-07-02 20:29:28.997 18994 INFO rally.task.context [-] Task ac13de89-3612-4815-ab82-36a20944c6ea | Context cleanup@openstack cleanup() finished in 16.88 sec
2019-07-02 20:29:28.998 18994 INFO rally.task.context [-] Task ac13de89-3612-4815-ab82-36a20944c6ea | Context quotas@openstack cleanup() started
2019-07-02 20:29:29.434 18994 INFO rally.task.context [-] Task ac13de89-3612-4815-ab82-36a20944c6ea | Context quotas@openstack cleanup() finished in 0.44 sec
2019-07-02 20:29:29.435 18994 INFO rally.task.context [-] Task ac13de89-3612-4815-ab82-36a20944c6ea | Context users@openstack cleanup() started
2019-07-02 20:29:34.503 18994 INFO rally.task.context [-] Task ac13de89-3612-4815-ab82-36a20944c6ea | Context users@openstack cleanup() finished in 5.07 sec
2019-07-02 20:29:34.525 18994 INFO rally.task.engine [-] Load duration is: 40.336636
2019-07-02 20:29:34.525 18994 INFO rally.task.engine [-] Full runner duration is: 40.388817
2019-07-02 20:29:34.526 18994 INFO rally.task.engine [-] Full duration is: 68.325945
2019-07-02 20:29:34.826 18994 INFO rally.task.engine [-] Running workload: position = 0 config = { "version": 2, "title": "A cropped version of a bigger task.", "description": "Auto-generated task from a single workload (uuid=66e9a564-2f49-429a-a9fe-ba8b8b850036)", "subtasks": [ { "title": "Quotas.neutron_update", "description": "Update quotas for neutron.", "scenario": { "Quotas.neutron_update": { "max_quota": 1024 } }, "contexts": { "users": { "tenants": 20, "users_per_tenant": 1 } }, "runner": { "constant": { "times": 40, "concurrency": 20 } }, "hooks": [], "sla": { "failure_rate": { "max": 0 } } } ] }
2019-07-02 20:29:34.849 18994 RALLYDEBUG rally_openstack.contexts.keystone.users [-] Creating 20 tenants using 20 threads
2019-07-02 20:29:37.438 18994 RALLYDEBUG rally_openstack.contexts.keystone.users [-] Creating 20 users using 20 threads
2019-07-02 20:29:41.030 18994 INFO rally.task.context [-] Task ac13de89-3612-4815-ab82-36a20944c6ea | Context users@openstack setup() finished in 6.18 sec
2019-07-02 20:29:41.031 18994 INFO rally.task.context [-] Task ac13de89-3612-4815-ab82-36a20944c6ea | Context admin_cleanup@openstack setup() finished in 0.01 msec
2019-07-02 20:29:41.038 18994 RALLYDEBUG rally.task.runner [-] Starting the constant runner (task UUID: ac13de89-3612-4815-ab82-36a20944c6ea). timeout: 0 concurrency: 20 concurrency_per_worker: 1 times: 40 concurrency_overhead: 4 processes_to_start: 16 max_cpu_used: 16
2019-07-02 20:29:41.051 23610 RALLYDEBUG rally.task.runner [-] Starting a worker. concurrency: 2 args: {"max_quota": 1024} times: 40 method_name: run timeout: 0 duration: None cls:
2019-07-02 20:29:41.053 23611 RALLYDEBUG rally.task.runner [-] Starting a worker. concurrency: 2 args: {"max_quota": 1024} times: 40 method_name: run timeout: 0 duration: None cls:
2019-07-02 20:29:41.057 23612 RALLYDEBUG rally.task.runner [-] Starting a worker. concurrency: 2 args: {"max_quota": 1024} times: 40 method_name: run timeout: 0 duration: None cls:
2019-07-02 20:29:41.060 23613 RALLYDEBUG rally.task.runner [-] Starting a worker. concurrency: 2 args: {"max_quota": 1024} times: 40 method_name: run timeout: 0 duration: None cls:
2019-07-02 20:29:41.063 23614 RALLYDEBUG rally.task.runner [-] Starting a worker. concurrency: 1 args: {"max_quota": 1024} times: 40 method_name: run timeout: 0 duration: None cls:
2019-07-02 20:29:41.067 23610 INFO rally.task.runner [-] Task ac13de89-3612-4815-ab82-36a20944c6ea | ITER: 1 START
2019-07-02 20:29:41.067 23611 INFO rally.task.runner [-] Task ac13de89-3612-4815-ab82-36a20944c6ea | ITER: 2 START
2019-07-02 20:29:41.069 23612 INFO rally.task.runner [-] Task ac13de89-3612-4815-ab82-36a20944c6ea | ITER: 3 START
2019-07-02 20:29:41.070 23614 INFO rally.task.runner [-] Task ac13de89-3612-4815-ab82-36a20944c6ea | ITER: 7 START
2019-07-02 20:29:41.071 23619 RALLYDEBUG rally.task.runner [-] Starting a worker. concurrency: 1 args: {"max_quota": 1024} times: 40 method_name: run timeout: 0 duration: None cls:
2019-07-02 20:29:41.070 23613 INFO rally.task.runner [-] Task ac13de89-3612-4815-ab82-36a20944c6ea | ITER: 6 START
2019-07-02 20:29:41.074 23611 INFO rally.task.runner [-] Task ac13de89-3612-4815-ab82-36a20944c6ea | ITER: 5 START
2019-07-02 20:29:41.076 23625 RALLYDEBUG rally.task.runner [-] Starting a worker. concurrency: 1 args: {"max_quota": 1024} times: 40 method_name: run timeout: 0 duration: None cls:
2019-07-02 20:29:41.078 23619 INFO rally.task.runner [-] Task ac13de89-3612-4815-ab82-36a20944c6ea | ITER: 10 START
2019-07-02 20:29:41.078 23629 RALLYDEBUG rally.task.runner [-] Starting a worker. concurrency: 1 args: {"max_quota": 1024} times: 40 method_name: run timeout: 0 duration: None cls:
2019-07-02 20:29:41.081 23610 INFO rally.task.runner [-] Task ac13de89-3612-4815-ab82-36a20944c6ea | ITER: 4 START
2019-07-02 20:29:41.085 23612 INFO rally.task.runner [-] Task ac13de89-3612-4815-ab82-36a20944c6ea | ITER: 8 START
2019-07-02 20:29:41.085 23632 RALLYDEBUG rally.task.runner [-] Starting a worker. concurrency: 1 args: {"max_quota": 1024} times: 40 method_name: run timeout: 0 duration: None cls:
2019-07-02 20:29:41.086 23629 INFO rally.task.runner [-] Task ac13de89-3612-4815-ab82-36a20944c6ea | ITER: 12 START
2019-07-02 20:29:41.089 23625 INFO rally.task.runner [-] Task ac13de89-3612-4815-ab82-36a20944c6ea | ITER: 11 START
2019-07-02 20:29:41.091 23613 INFO rally.task.runner [-] Task ac13de89-3612-4815-ab82-36a20944c6ea | ITER: 9 START
2019-07-02 20:29:41.090 23633 RALLYDEBUG rally.task.runner [-] Starting a worker. concurrency: 1 args: {"max_quota": 1024} times: 40 method_name: run timeout: 0 duration: None cls:
2019-07-02 20:29:41.091 23640 RALLYDEBUG rally.task.runner [-] Starting a worker. concurrency: 1 args: {"max_quota": 1024} times: 40 method_name: run timeout: 0 duration: None cls:
2019-07-02 20:29:41.092 23632 INFO rally.task.runner [-] Task ac13de89-3612-4815-ab82-36a20944c6ea | ITER: 13 START
2019-07-02 20:29:41.097 23640 INFO rally.task.runner [-] Task ac13de89-3612-4815-ab82-36a20944c6ea | ITER: 15 START
2019-07-02 20:29:41.100 23643 RALLYDEBUG rally.task.runner [-] Starting a worker. concurrency: 1 args: {"max_quota": 1024} times: 40 method_name: run timeout: 0 duration: None cls:
2019-07-02 20:29:41.105 23647 RALLYDEBUG rally.task.runner [-] Starting a worker. concurrency: 1 args: {"max_quota": 1024} times: 40 method_name: run timeout: 0 duration: None cls:
2019-07-02 20:29:41.107 23633 INFO rally.task.runner [-] Task ac13de89-3612-4815-ab82-36a20944c6ea | ITER: 14 START
2019-07-02 20:29:41.108 23643 INFO rally.task.runner [-] Task ac13de89-3612-4815-ab82-36a20944c6ea | ITER: 16 START
2019-07-02 20:29:41.114 23648 RALLYDEBUG rally.task.runner [-] Starting a worker. concurrency: 1 args: {"max_quota": 1024} times: 40 method_name: run timeout: 0 duration: None cls:
2019-07-02 20:29:41.115 23647 INFO rally.task.runner [-] Task ac13de89-3612-4815-ab82-36a20944c6ea | ITER: 17 START
2019-07-02 20:29:41.117 23652 RALLYDEBUG rally.task.runner [-] Starting a worker. concurrency: 1 args: {"max_quota": 1024} times: 40 method_name: run timeout: 0 duration: None cls:
2019-07-02 20:29:41.120 23648 INFO rally.task.runner [-] Task ac13de89-3612-4815-ab82-36a20944c6ea | ITER: 18 START
2019-07-02 20:29:41.124 23655 RALLYDEBUG rally.task.runner [-] Starting a worker. concurrency: 1 args: {"max_quota": 1024} times: 40 method_name: run timeout: 0 duration: None cls:
2019-07-02 20:29:41.126 23652 INFO rally.task.runner [-] Task ac13de89-3612-4815-ab82-36a20944c6ea | ITER: 19 START
2019-07-02 20:29:41.131 23655 INFO rally.task.runner [-] Task ac13de89-3612-4815-ab82-36a20944c6ea | ITER: 20 START
2019-07-02 20:29:43.280 23625 INFO rally.task.runner [-] Task ac13de89-3612-4815-ab82-36a20944c6ea | ITER: 11 END: OK
2019-07-02 20:29:43.286 23625 INFO rally.task.runner [-] Task ac13de89-3612-4815-ab82-36a20944c6ea | ITER: 21 START
2019-07-02 20:29:43.405 23612 INFO rally.task.runner [-] Task ac13de89-3612-4815-ab82-36a20944c6ea | ITER: 8 END: OK
2019-07-02 20:29:43.412 23612 INFO rally.task.runner [-] Task ac13de89-3612-4815-ab82-36a20944c6ea | ITER: 22 START
2019-07-02 20:29:43.569 23633 INFO rally.task.runner [-] Task ac13de89-3612-4815-ab82-36a20944c6ea | ITER: 14 END: OK
2019-07-02 20:29:43.573 23633 INFO rally.task.runner [-] Task ac13de89-3612-4815-ab82-36a20944c6ea | ITER: 23 START
2019-07-02 20:29:43.631 23643 INFO rally.task.runner [-] Task ac13de89-3612-4815-ab82-36a20944c6ea | ITER: 16 END: OK
2019-07-02 20:29:43.637 23643 INFO rally.task.runner [-] Task ac13de89-3612-4815-ab82-36a20944c6ea | ITER: 24 START
2019-07-02 20:29:43.743 23629 INFO rally.task.runner [-] Task ac13de89-3612-4815-ab82-36a20944c6ea | ITER: 12 END: OK
2019-07-02 20:29:43.749 23629 INFO rally.task.runner [-] Task ac13de89-3612-4815-ab82-36a20944c6ea | ITER: 25 START
2019-07-02 20:29:43.750 23610 INFO rally.task.runner [-] Task ac13de89-3612-4815-ab82-36a20944c6ea | ITER: 1 END: OK
2019-07-02 20:29:43.754 23610 INFO rally.task.runner [-] Task ac13de89-3612-4815-ab82-36a20944c6ea | ITER: 26 START
2019-07-02 20:29:43.771 23632 INFO rally.task.runner [-] Task ac13de89-3612-4815-ab82-36a20944c6ea | ITER: 13 END: OK
2019-07-02 20:29:43.774 23632 INFO rally.task.runner [-] Task ac13de89-3612-4815-ab82-36a20944c6ea | ITER: 27 START
2019-07-02 20:29:43.786 23619 INFO rally.task.runner [-] Task ac13de89-3612-4815-ab82-36a20944c6ea | ITER: 10 END: OK
2019-07-02 20:29:43.790 23619 INFO rally.task.runner [-] Task ac13de89-3612-4815-ab82-36a20944c6ea | ITER: 28 START
2019-07-02 20:29:43.794 23613 INFO rally.task.runner [-] Task ac13de89-3612-4815-ab82-36a20944c6ea | ITER: 9 END: OK
2019-07-02 20:29:43.798 23613 INFO rally.task.runner [-] Task ac13de89-3612-4815-ab82-36a20944c6ea | ITER: 29 START
2019-07-02 20:29:43.807 23613 INFO rally.task.runner [-] Task ac13de89-3612-4815-ab82-36a20944c6ea | ITER: 6 END: OK
2019-07-02 20:29:43.814 23613 INFO rally.task.runner [-] Task ac13de89-3612-4815-ab82-36a20944c6ea | ITER: 30 START
2019-07-02 20:29:43.822 23648 INFO rally.task.runner [-] Task ac13de89-3612-4815-ab82-36a20944c6ea | ITER: 18 END: OK
2019-07-02 20:29:43.827 23648 INFO rally.task.runner [-] Task ac13de89-3612-4815-ab82-36a20944c6ea | ITER: 31 START
2019-07-02 20:29:43.830 23611 INFO rally.task.runner [-] Task ac13de89-3612-4815-ab82-36a20944c6ea | ITER: 2 END: OK
2019-07-02 20:29:43.835 23611 INFO rally.task.runner [-] Task ac13de89-3612-4815-ab82-36a20944c6ea | ITER: 32 START
2019-07-02 20:29:43.843 23640 INFO rally.task.runner [-] Task ac13de89-3612-4815-ab82-36a20944c6ea | ITER: 15 END: OK
2019-07-02 20:29:43.848 23640 INFO rally.task.runner [-] Task ac13de89-3612-4815-ab82-36a20944c6ea | ITER: 33 START
2019-07-02 20:29:43.849 23647 INFO rally.task.runner [-] Task ac13de89-3612-4815-ab82-36a20944c6ea | ITER: 17 END: OK
2019-07-02 20:29:43.855 23647 INFO rally.task.runner [-] Task ac13de89-3612-4815-ab82-36a20944c6ea | ITER: 34 START
2019-07-02 20:29:43.868 23610 INFO rally.task.runner [-] Task ac13de89-3612-4815-ab82-36a20944c6ea | ITER: 4 END: OK
2019-07-02 20:29:43.871 23610 INFO rally.task.runner [-] Task ac13de89-3612-4815-ab82-36a20944c6ea | ITER: 35 START
2019-07-02 20:29:43.882 23614 INFO rally.task.runner [-] Task ac13de89-3612-4815-ab82-36a20944c6ea | ITER: 7 END: OK
2019-07-02 20:29:43.886 23614 INFO rally.task.runner [-] Task ac13de89-3612-4815-ab82-36a20944c6ea | ITER: 36 START
2019-07-02 20:29:43.889 23652 INFO rally.task.runner [-] Task ac13de89-3612-4815-ab82-36a20944c6ea | ITER: 19 END: OK
2019-07-02 20:29:43.894 23652 INFO rally.task.runner [-] Task ac13de89-3612-4815-ab82-36a20944c6ea | ITER: 37 START
2019-07-02 20:29:43.906 23655 INFO rally.task.runner [-] Task ac13de89-3612-4815-ab82-36a20944c6ea | ITER: 20 END: OK
2019-07-02 20:29:43.910 23655 INFO rally.task.runner [-] Task ac13de89-3612-4815-ab82-36a20944c6ea | ITER: 38 START
2019-07-02 20:29:43.933 23611 INFO rally.task.runner [-] Task ac13de89-3612-4815-ab82-36a20944c6ea | ITER: 5 END: OK
2019-07-02 20:29:43.937 23611 INFO rally.task.runner [-] Task ac13de89-3612-4815-ab82-36a20944c6ea | ITER: 39 START
2019-07-02 20:29:43.945 23612 INFO rally.task.runner [-] Task ac13de89-3612-4815-ab82-36a20944c6ea | ITER: 3 END: OK
2019-07-02 20:29:43.949 23612 INFO rally.task.runner [-] Task ac13de89-3612-4815-ab82-36a20944c6ea | ITER: 40 START
2019-07-02 20:29:44.306 23625 INFO rally.task.runner [-] Task ac13de89-3612-4815-ab82-36a20944c6ea | ITER: 21 END: OK
2019-07-02 20:29:44.438 23612 INFO rally.task.runner [-] Task ac13de89-3612-4815-ab82-36a20944c6ea | ITER: 22 END: OK
2019-07-02 20:29:44.635 23633 INFO rally.task.runner [-] Task ac13de89-3612-4815-ab82-36a20944c6ea | ITER: 23 END: OK
2019-07-02 20:29:44.898 23629 INFO rally.task.runner [-] Task ac13de89-3612-4815-ab82-36a20944c6ea | ITER: 25 END: OK
2019-07-02 20:29:45.375 23619 INFO rally.task.runner [-] Task ac13de89-3612-4815-ab82-36a20944c6ea | ITER: 28 END: OK
2019-07-02 20:29:45.416 23648 INFO rally.task.runner [-] Task ac13de89-3612-4815-ab82-36a20944c6ea | ITER: 31 END: OK
2019-07-02 20:29:45.650 23643 INFO rally.task.runner [-] Task ac13de89-3612-4815-ab82-36a20944c6ea | ITER: 24 END: OK
2019-07-02 20:29:45.692 23610 INFO rally.task.runner [-] Task ac13de89-3612-4815-ab82-36a20944c6ea | ITER: 26 END: OK
2019-07-02 20:29:45.753 23613 INFO rally.task.runner [-] Task ac13de89-3612-4815-ab82-36a20944c6ea | ITER: 29 END: OK
2019-07-02 20:29:45.788 23632 INFO rally.task.runner [-] Task ac13de89-3612-4815-ab82-36a20944c6ea | ITER: 27 END: OK
2019-07-02 20:29:45.794 23611 INFO rally.task.runner [-] Task ac13de89-3612-4815-ab82-36a20944c6ea | ITER: 32 END: OK
2019-07-02 20:29:45.813 23613 INFO rally.task.runner [-] Task ac13de89-3612-4815-ab82-36a20944c6ea | ITER: 30 END: OK
2019-07-02 20:29:45.856 23640 INFO rally.task.runner [-] Task ac13de89-3612-4815-ab82-36a20944c6ea | ITER: 33 END: OK
2019-07-02 20:29:45.866 23647 INFO rally.task.runner [-] Task ac13de89-3612-4815-ab82-36a20944c6ea | ITER: 34 END: OK
2019-07-02 20:29:45.878 23614 INFO rally.task.runner [-] Task ac13de89-3612-4815-ab82-36a20944c6ea | ITER: 36 END: OK
2019-07-02 20:29:45.905 23655 INFO rally.task.runner [-] Task ac13de89-3612-4815-ab82-36a20944c6ea | ITER: 38 END: OK
2019-07-02 20:29:45.921 23612 INFO rally.task.runner [-] Task ac13de89-3612-4815-ab82-36a20944c6ea | ITER: 40 END: OK
2019-07-02 20:29:45.932 23652 INFO rally.task.runner [-] Task ac13de89-3612-4815-ab82-36a20944c6ea | ITER: 37 END: OK
2019-07-02 20:29:45.945 23611 INFO rally.task.runner [-] Task ac13de89-3612-4815-ab82-36a20944c6ea | ITER: 39 END: OK
2019-07-02 20:29:45.955 23610 INFO rally.task.runner [-] Task ac13de89-3612-4815-ab82-36a20944c6ea | ITER: 35 END: OK
2019-07-02 20:29:45.977 18994 INFO rally.task.context [-] Task ac13de89-3612-4815-ab82-36a20944c6ea | Context admin_cleanup@openstack cleanup() started
2019-07-02 20:29:45.979 18994 RALLYDEBUG rally_openstack.cleanup.manager [-] Cleaning up neutron quota objects
2019-07-02 20:29:50.417 18994 INFO rally.task.context [-] Task ac13de89-3612-4815-ab82-36a20944c6ea | Context admin_cleanup@openstack cleanup() finished in 4.44 sec
2019-07-02 20:29:50.417 18994 INFO rally.task.context [-] Task ac13de89-3612-4815-ab82-36a20944c6ea | Context users@openstack cleanup() started
2019-07-02 20:30:22.502 18994 INFO rally.task.context [-] Task ac13de89-3612-4815-ab82-36a20944c6ea | Context users@openstack cleanup() finished in 32.09 sec
2019-07-02 20:30:23.251 18994 INFO rally.task.engine [-] Load duration is: 4.886494
2019-07-02 20:30:23.252 18994 INFO rally.task.engine [-] Full runner duration is: 4.939519
2019-07-02 20:30:23.252 18994 INFO rally.task.engine [-] Full duration is: 47.657888
2019-07-02 20:30:23.516 18994 INFO rally.task.engine [-] Running workload: position = 0 config = { "version": 2, "title": "A cropped version of a bigger task.", "description": "Auto-generated task from a single workload (uuid=5f27f034-ecb1-4073-bacc-861e30d62af2)", "subtasks": [ { "title": "NeutronTrunks.create_and_list_trunk_subports", "description": "", "scenario": { "NeutronTrunks.create_and_list_trunk_subports": { "subport_count": 125 } }, "contexts": { "users": { "tenants": 1, "users_per_tenant": 1 }, "quotas": { "neutron": { "network": -1, "port": 1000 } } }, "runner": { "constant": { "times": 4, "concurrency": 4 } }, "hooks": [], "sla": { "failure_rate": { "max": 0 } } } ] }
2019-07-02 20:30:23.538 18994 RALLYDEBUG rally_openstack.contexts.keystone.users [-] Creating 1 tenants using 20 threads
2019-07-02 20:30:25.389 18994 RALLYDEBUG rally_openstack.contexts.keystone.users [-] Creating 1 users using 20 threads
2019-07-02 20:30:28.145 18994 INFO rally.task.context [-] Task ac13de89-3612-4815-ab82-36a20944c6ea | Context users@openstack setup() finished in 4.61 sec
2019-07-02 20:30:28.924 18994 INFO rally.task.context [-] Task ac13de89-3612-4815-ab82-36a20944c6ea | Context quotas@openstack setup() finished in 0.78 sec
2019-07-02 20:30:28.925 18994 INFO rally.task.context [-] Task ac13de89-3612-4815-ab82-36a20944c6ea | Context cleanup@openstack setup() finished in 0.01 msec
2019-07-02 20:30:28.932 18994 RALLYDEBUG rally.task.runner [-] Starting the constant runner (task UUID: ac13de89-3612-4815-ab82-36a20944c6ea). timeout: 0 concurrency: 4 concurrency_per_worker: 1 times: 4 concurrency_overhead: 0 processes_to_start: 4 max_cpu_used: 16
2019-07-02 20:30:28.946 23800 RALLYDEBUG rally.task.runner [-] Starting a worker. concurrency: 1 args: {"subport_count": 125} times: 4 method_name: run timeout: 0 duration: None cls:
2019-07-02 20:30:28.949 23801 RALLYDEBUG rally.task.runner [-] Starting a worker. concurrency: 1 args: {"subport_count": 125} times: 4 method_name: run timeout: 0 duration: None cls:
2019-07-02 20:30:28.952 23800 INFO rally.task.runner [-] Task ac13de89-3612-4815-ab82-36a20944c6ea | ITER: 1 START
2019-07-02 20:30:28.952 23802 RALLYDEBUG rally.task.runner [-] Starting a worker. concurrency: 1 args: {"subport_count": 125} times: 4 method_name: run timeout: 0 duration: None cls:
2019-07-02 20:30:28.954 23801 INFO rally.task.runner [-] Task ac13de89-3612-4815-ab82-36a20944c6ea | ITER: 2 START
2019-07-02 20:30:28.955 23803 RALLYDEBUG rally.task.runner [-] Starting a worker. concurrency: 1 args: {"subport_count": 125} times: 4 method_name: run timeout: 0 duration: None cls:
2019-07-02 20:30:28.958 23802 INFO rally.task.runner [-] Task ac13de89-3612-4815-ab82-36a20944c6ea | ITER: 3 START
2019-07-02 20:30:28.960 23803 INFO rally.task.runner [-] Task ac13de89-3612-4815-ab82-36a20944c6ea | ITER: 4 START
2019-07-02 20:35:12.166 23800 DEBUG neutronclient.v2_0.client [-] Error message:

504 Gateway Time-out

The server didn't respond in time. _handle_fault_response /usr/lib/python2.7/site-packages/neutronclient/v2_0/client.py:259
2019-07-02 20:35:12.173 23800 ERROR rally.task.runner [-] Iteration 1 raised Exception: NeutronClientException:

504 Gateway Time-out

The server didn't respond in time.
2019-07-02 20:35:12.173 23800 ERROR rally.task.runner
Traceback (most recent call last):
2019-07-02 20:35:12.173 23800 ERROR rally.task.runner
File "/usr/lib/python2.7/site-packages/rally/task/runner.py", line 71, in _run_scenario_once
2019-07-02 20:35:12.173 23800 ERROR rally.task.runner getattr(scenario_inst, method_name)(**scenario_kwargs)
2019-07-02 20:35:12.173 23800 ERROR rally.task.runner
File "/root/.rally/plugins/trunk_scenario.py", line 41, in run
2019-07-02 20:35:12.173 23800 ERROR rally.task.runner trunk = self._create_trunk(trunk_payload)
2019-07-02 20:35:12.173 23800 ERROR rally.task.runner
File "/usr/lib/python2.7/site-packages/rally/task/atomic.py", line 91, in func_atomic_actions
2019-07-02 20:35:12.173 23800 ERROR rally.task.runner f = func(self, *args, **kwargs)
2019-07-02 20:35:12.173 23800 ERROR rally.task.runner
File "/root/.rally/plugins/trunk_scenario.py", line 53, in _create_trunk
2019-07-02 20:35:12.173 23800 ERROR rally.task.runner return self.clients("neutron").create_trunk({'trunk': trunk_payload})
2019-07-02 20:35:12.173 23800 ERROR rally.task.runner
File "/usr/lib/python2.7/site-packages/neutronclient/v2_0/client.py", line 2091, in create_trunk
2019-07-02 20:35:12.173 23800 ERROR rally.task.runner return self.post(self.trunks_path, body=body)
2019-07-02 20:35:12.173 23800 ERROR rally.task.runner
File "/usr/lib/python2.7/site-packages/neutronclient/v2_0/client.py", line 359, in post
2019-07-02 20:35:12.173 23800 ERROR rally.task.runner headers=headers, params=params)
2019-07-02 20:35:12.173 23800 ERROR rally.task.runner
File "/usr/lib/python2.7/site-packages/neutronclient/v2_0/client.py", line 294, in do_request
2019-07-02 20:35:12.173 23800 ERROR rally.task.runner self._handle_fault_response(status_code, replybody, resp)
2019-07-02 20:35:12.173 23800 ERROR rally.task.runner
File "/usr/lib/python2.7/site-packages/neutronclient/v2_0/client.py", line 269, in _handle_fault_response
2019-07-02 20:35:12.173 23800 ERROR rally.task.runner exception_handler_v20(status_code, error_body)
2019-07-02 20:35:12.173 23800 ERROR rally.task.runner
File "/usr/lib/python2.7/site-packages/neutronclient/v2_0/client.py", line 93, in exception_handler_v20
2019-07-02 20:35:12.173 23800 ERROR rally.task.runner request_ids=request_ids)
2019-07-02 20:35:12.173 23800 ERROR rally.task.runner NeutronClientException:

504 Gateway Time-out

2019-07-02 20:35:12.173 23800 ERROR rally.task.runner The server didn't respond in time.
2019-07-02 20:35:12.173 23800 ERROR rally.task.runner
2019-07-02 20:35:12.173 23800 ERROR rally.task.runner
2019-07-02 20:35:12.173 23800 ERROR rally.task.runner
2019-07-02 20:35:12.175 23800 INFO rally.task.runner [-] Task ac13de89-3612-4815-ab82-36a20944c6ea | ITER: 1 END: Error NeutronClientException:

504 Gateway Time-out

The server didn't respond in time.
2019-07-02 20:35:14.938 23803 DEBUG neutronclient.v2_0.client [-] Error message:

504 Gateway Time-out

The server didn't respond in time. _handle_fault_response /usr/lib/python2.7/site-packages/neutronclient/v2_0/client.py:259
2019-07-02 20:35:14.946 23803 ERROR rally.task.runner [-] Iteration 4 raised Exception: NeutronClientException:

504 Gateway Time-out

The server didn't respond in time.
2019-07-02 20:35:14.946 23803 ERROR rally.task.runner
Traceback (most recent call last):
2019-07-02 20:35:14.946 23803 ERROR rally.task.runner
File "/usr/lib/python2.7/site-packages/rally/task/runner.py", line 71, in _run_scenario_once
2019-07-02 20:35:14.946 23803 ERROR rally.task.runner getattr(scenario_inst, method_name)(**scenario_kwargs)
2019-07-02 20:35:14.946 23803 ERROR rally.task.runner
File "/root/.rally/plugins/trunk_scenario.py", line 41, in run
2019-07-02 20:35:14.946 23803 ERROR rally.task.runner trunk = self._create_trunk(trunk_payload)
2019-07-02 20:35:14.946 23803 ERROR rally.task.runner
File "/usr/lib/python2.7/site-packages/rally/task/atomic.py", line 91, in func_atomic_actions
2019-07-02 20:35:14.946 23803 ERROR rally.task.runner f = func(self, *args, **kwargs)
2019-07-02 20:35:14.946 23803 ERROR rally.task.runner
File "/root/.rally/plugins/trunk_scenario.py", line 53, in _create_trunk
2019-07-02 20:35:14.946 23803 ERROR rally.task.runner return self.clients("neutron").create_trunk({'trunk': trunk_payload})
2019-07-02 20:35:14.946 23803 ERROR rally.task.runner
File "/usr/lib/python2.7/site-packages/neutronclient/v2_0/client.py", line 2091, in create_trunk
2019-07-02 20:35:14.946 23803 ERROR rally.task.runner return self.post(self.trunks_path, body=body)
2019-07-02 20:35:14.946 23803 ERROR rally.task.runner
File "/usr/lib/python2.7/site-packages/neutronclient/v2_0/client.py", line 359, in post
2019-07-02 20:35:14.946 23803 ERROR rally.task.runner headers=headers, params=params)
2019-07-02 20:35:14.946 23803 ERROR rally.task.runner
File "/usr/lib/python2.7/site-packages/neutronclient/v2_0/client.py", line 294, in do_request
2019-07-02 20:35:14.946 23803 ERROR rally.task.runner self._handle_fault_response(status_code, replybody, resp)
2019-07-02 20:35:14.946 23803 ERROR rally.task.runner
File "/usr/lib/python2.7/site-packages/neutronclient/v2_0/client.py", line 269, in _handle_fault_response
2019-07-02 20:35:14.946 23803 ERROR rally.task.runner exception_handler_v20(status_code, error_body)
2019-07-02 20:35:14.946 23803 ERROR rally.task.runner
File "/usr/lib/python2.7/site-packages/neutronclient/v2_0/client.py", line 93, in exception_handler_v20
2019-07-02 20:35:14.946 23803 ERROR rally.task.runner request_ids=request_ids)
2019-07-02 20:35:14.946 23803 ERROR rally.task.runner NeutronClientException:

504 Gateway Time-out

2019-07-02 20:35:14.946 23803 ERROR rally.task.runner The server didn't respond in time.
2019-07-02 20:35:14.946 23803 ERROR rally.task.runner
2019-07-02 20:35:14.946 23803 ERROR rally.task.runner
2019-07-02 20:35:14.946 23803 ERROR rally.task.runner
2019-07-02 20:35:14.947 23803 INFO rally.task.runner [-] Task ac13de89-3612-4815-ab82-36a20944c6ea | ITER: 4 END: Error NeutronClientException:

504 Gateway Time-out

The server didn't respond in time.
2019-07-02 20:35:16.138 23801 DEBUG neutronclient.v2_0.client [-] Error message:

504 Gateway Time-out

The server didn't respond in time. _handle_fault_response /usr/lib/python2.7/site-packages/neutronclient/v2_0/client.py:259
2019-07-02 20:35:16.146 23801 ERROR rally.task.runner [-] Iteration 2 raised Exception: NeutronClientException:

504 Gateway Time-out

The server didn't respond in time.
2019-07-02 20:35:16.146 23801 ERROR rally.task.runner
Traceback (most recent call last):
2019-07-02 20:35:16.146 23801 ERROR rally.task.runner
File "/usr/lib/python2.7/site-packages/rally/task/runner.py", line 71, in _run_scenario_once
2019-07-02 20:35:16.146 23801 ERROR rally.task.runner getattr(scenario_inst, method_name)(**scenario_kwargs)
2019-07-02 20:35:16.146 23801 ERROR rally.task.runner
File "/root/.rally/plugins/trunk_scenario.py", line 41, in run
2019-07-02 20:35:16.146 23801 ERROR rally.task.runner trunk = self._create_trunk(trunk_payload)
2019-07-02 20:35:16.146 23801 ERROR rally.task.runner
File "/usr/lib/python2.7/site-packages/rally/task/atomic.py", line 91, in func_atomic_actions
2019-07-02 20:35:16.146 23801 ERROR rally.task.runner f = func(self, *args, **kwargs)
2019-07-02 20:35:16.146 23801 ERROR rally.task.runner
File "/root/.rally/plugins/trunk_scenario.py", line 53, in _create_trunk
2019-07-02 20:35:16.146 23801 ERROR rally.task.runner return self.clients("neutron").create_trunk({'trunk': trunk_payload})
2019-07-02 20:35:16.146 23801 ERROR rally.task.runner
File "/usr/lib/python2.7/site-packages/neutronclient/v2_0/client.py", line 2091, in create_trunk
2019-07-02 20:35:16.146 23801 ERROR rally.task.runner return self.post(self.trunks_path, body=body)
2019-07-02 20:35:16.146 23801 ERROR rally.task.runner
File "/usr/lib/python2.7/site-packages/neutronclient/v2_0/client.py", line 359, in post
2019-07-02 20:35:16.146 23801 ERROR rally.task.runner headers=headers, params=params)
2019-07-02 20:35:16.146 23801 ERROR rally.task.runner
File "/usr/lib/python2.7/site-packages/neutronclient/v2_0/client.py", line 294, in do_request
2019-07-02 20:35:16.146 23801 ERROR rally.task.runner self._handle_fault_response(status_code, replybody, resp)
2019-07-02 20:35:16.146 23801 ERROR rally.task.runner
File "/usr/lib/python2.7/site-packages/neutronclient/v2_0/client.py", line 269, in _handle_fault_response
2019-07-02 20:35:16.146 23801 ERROR rally.task.runner exception_handler_v20(status_code, error_body)
2019-07-02 20:35:16.146 23801 ERROR rally.task.runner
File "/usr/lib/python2.7/site-packages/neutronclient/v2_0/client.py", line 93, in exception_handler_v20
2019-07-02 20:35:16.146 23801 ERROR rally.task.runner request_ids=request_ids)
2019-07-02 20:35:16.146 23801 ERROR rally.task.runner NeutronClientException:

504 Gateway Time-out

2019-07-02 20:35:16.146 23801 ERROR rally.task.runner The server didn't respond in time.
2019-07-02 20:35:16.146 23801 ERROR rally.task.runner
2019-07-02 20:35:16.146 23801 ERROR rally.task.runner
2019-07-02 20:35:16.146 23801 ERROR rally.task.runner
2019-07-02 20:35:16.147 23801 INFO rally.task.runner [-] Task ac13de89-3612-4815-ab82-36a20944c6ea | ITER: 2 END: Error NeutronClientException:

504 Gateway Time-out

The server didn't respond in time.
2019-07-02 20:35:19.885 23802 DEBUG neutronclient.v2_0.client [-] Error message:

504 Gateway Time-out

The server didn't respond in time. _handle_fault_response /usr/lib/python2.7/site-packages/neutronclient/v2_0/client.py:259
2019-07-02 20:35:19.893 23802 ERROR rally.task.runner [-] Iteration 3 raised Exception: NeutronClientException:

504 Gateway Time-out

The server didn't respond in time.
2019-07-02 20:35:19.893 23802 ERROR rally.task.runner
Traceback (most recent call last):
2019-07-02 20:35:19.893 23802 ERROR rally.task.runner
File "/usr/lib/python2.7/site-packages/rally/task/runner.py", line 71, in _run_scenario_once
2019-07-02 20:35:19.893 23802 ERROR rally.task.runner getattr(scenario_inst, method_name)(**scenario_kwargs)
2019-07-02 20:35:19.893 23802 ERROR rally.task.runner
File "/root/.rally/plugins/trunk_scenario.py", line 41, in run
2019-07-02 20:35:19.893 23802 ERROR rally.task.runner trunk = self._create_trunk(trunk_payload)
2019-07-02 20:35:19.893 23802 ERROR rally.task.runner
File "/usr/lib/python2.7/site-packages/rally/task/atomic.py", line 91, in func_atomic_actions
2019-07-02 20:35:19.893 23802 ERROR rally.task.runner f = func(self, *args, **kwargs)
2019-07-02 20:35:19.893 23802 ERROR rally.task.runner
File "/root/.rally/plugins/trunk_scenario.py", line 53, in _create_trunk
2019-07-02 20:35:19.893 23802 ERROR rally.task.runner return self.clients("neutron").create_trunk({'trunk': trunk_payload})
2019-07-02 20:35:19.893 23802 ERROR rally.task.runner
File "/usr/lib/python2.7/site-packages/neutronclient/v2_0/client.py", line 2091, in create_trunk
2019-07-02 20:35:19.893 23802 ERROR rally.task.runner return self.post(self.trunks_path, body=body)
2019-07-02 20:35:19.893 23802 ERROR rally.task.runner
File "/usr/lib/python2.7/site-packages/neutronclient/v2_0/client.py", line 359, in post
2019-07-02 20:35:19.893 23802 ERROR rally.task.runner headers=headers, params=params)
2019-07-02 20:35:19.893 23802 ERROR rally.task.runner
File "/usr/lib/python2.7/site-packages/neutronclient/v2_0/client.py", line 294, in do_request
2019-07-02 20:35:19.893 23802 ERROR rally.task.runner self._handle_fault_response(status_code, replybody, resp)
2019-07-02 20:35:19.893 23802 ERROR rally.task.runner
File "/usr/lib/python2.7/site-packages/neutronclient/v2_0/client.py", line 269, in _handle_fault_response
2019-07-02 20:35:19.893 23802 ERROR rally.task.runner exception_handler_v20(status_code, error_body)
2019-07-02 20:35:19.893 23802 ERROR rally.task.runner
File "/usr/lib/python2.7/site-packages/neutronclient/v2_0/client.py", line 93, in exception_handler_v20
2019-07-02 20:35:19.893 23802 ERROR rally.task.runner request_ids=request_ids)
2019-07-02 20:35:19.893 23802 ERROR rally.task.runner NeutronClientException:

504 Gateway Time-out

2019-07-02 20:35:19.893 23802 ERROR rally.task.runner The server didn't respond in time.
2019-07-02 20:35:19.893 23802 ERROR rally.task.runner
2019-07-02 20:35:19.893 23802 ERROR rally.task.runner
2019-07-02 20:35:19.893 23802 ERROR rally.task.runner
2019-07-02 20:35:19.894 23802 INFO rally.task.runner [-] Task ac13de89-3612-4815-ab82-36a20944c6ea | ITER: 3 END: Error NeutronClientException:

504 Gateway Time-out

The server didn't respond in time.
2019-07-02 20:35:19.926 18994 INFO rally.task.context [-] Task ac13de89-3612-4815-ab82-36a20944c6ea | Context cleanup@openstack cleanup() started
2019-07-02 20:35:19.931 18994 RALLYDEBUG rally_openstack.cleanup.manager [-] Cleaning up neutron vip objects
2019-07-02 20:35:20.668 18994 RALLYDEBUG rally_openstack.cleanup.manager [-] Cleaning up neutron health_monitor objects
2019-07-02 20:35:21.404 18994 RALLYDEBUG rally_openstack.cleanup.manager [-] Cleaning up neutron pool objects
2019-07-02 20:35:22.183 18994 RALLYDEBUG rally_openstack.cleanup.manager [-] Cleaning up neutron loadbalancer objects
2019-07-02 20:35:22.938 18994 RALLYDEBUG rally_openstack.cleanup.manager [-] Cleaning up neutron floatingip objects
2019-07-02 20:35:23.789 18994 RALLYDEBUG rally_openstack.cleanup.manager [-] Cleaning up neutron port objects
2019-07-02 20:35:26.873 18994 RALLYDEBUG rally_openstack.cleanup.manager [-] Deleting neutron.port object s_rally_5f27f034_1uDOMTnq (026a40c3-a914-4973-9b47-9523b409ba8a)
2019-07-02 20:35:26.876 18994 RALLYDEBUG rally_openstack.cleanup.manager [-] Deleting neutron.port object s_rally_5f27f034_EL8Sao1g (052f6c49-3fa5-4332-9513-4a6de994b1c7)
2019-07-02 20:35:26.878 18994 RALLYDEBUG rally_openstack.cleanup.manager [-] Deleting neutron.port object s_rally_5f27f034_MockJSTO (020a79c1-36ec-4e0c-8105-6d16e1de9982)
2019-07-02 20:35:26.885 18994 RALLYDEBUG rally_openstack.cleanup.manager [-] Deleting neutron.port object s_rally_5f27f034_HcyfrFY0 (028e3a50-2e13-4610-be97-b8854e29712c)
2019-07-02 20:35:26.889 18994 RALLYDEBUG rally_openstack.cleanup.manager [-] Deleting neutron.port object s_rally_5f27f034_TYaeC1nN (0543afd1-2835-4038-895f-ae581ea21e0d)
2019-07-02 20:35:26.895 18994 RALLYDEBUG rally_openstack.cleanup.manager [-] Deleting neutron.port object s_rally_5f27f034_qTVQwahW (067aad8d-a556-47e3-9bb8-4e461cbbd099)
2019-07-02 20:35:26.896 18994 RALLYDEBUG rally_openstack.cleanup.manager [-] Deleting neutron.port object s_rally_5f27f034_dszPrbtm (05adbe6c-0e39-4397-a6d6-1b98760ea7ba)
2019-07-02 20:35:26.907 18994 RALLYDEBUG rally_openstack.cleanup.manager [-] Deleting neutron.port object s_rally_5f27f034_ip97IVV5 (00b7f335-981e-457a-8ac7-b4d6963e42ff)
2019-07-02 20:35:26.913 18994 RALLYDEBUG rally_openstack.cleanup.manager [-] Deleting neutron.port object s_rally_5f27f034_ZALkP4mH (0043c39f-4c78-441b-8e6f-830d55330408)
2019-07-02 20:35:26.921 18994 RALLYDEBUG rally_openstack.cleanup.manager [-] Deleting neutron.port object s_rally_5f27f034_tz0w0bT2 (001ffe6f-08d3-4cef-8ae8-c4ec4adb2c60)
2019-07-02 20:35:26.933 18994 RALLYDEBUG rally_openstack.cleanup.manager [-] Deleting neutron.port object s_rally_5f27f034_brYnae4u (06d2428f-89e8-40a2-ae32-bf789f3ee7d2)
2019-07-02 20:35:26.934 18994 RALLYDEBUG rally_openstack.cleanup.manager [-] Deleting neutron.port object s_rally_5f27f034_eUGb68W9 (00c9f0c9-ca01-4589-99ba-90e36015811a)
2019-07-02 20:35:26.935 18994 RALLYDEBUG rally_openstack.cleanup.manager [-] Deleting neutron.port object s_rally_5f27f034_YzEtxzsz (070250a1-5f48-4673-a656-274ffcfe8b11)
2019-07-02 20:35:26.950 18994 RALLYDEBUG rally_openstack.cleanup.manager [-] Deleting neutron.port object s_rally_5f27f034_YymaSqLD (0759a9b4-9cb1-4481-b166-00bbe93596cd)
2019-07-02 20:35:26.952 18994 RALLYDEBUG rally_openstack.cleanup.manager [-] Deleting neutron.port object s_rally_5f27f034_GHadAEjw (07798ff3-f364-4b41-99bd-8aacc6b2368e)
2019-07-02 20:35:26.957 18994 RALLYDEBUG rally_openstack.cleanup.manager [-] Deleting neutron.port object s_rally_5f27f034_uu6h80Lp (078a1890-6f4b-49ae-83b1-99abb348fb21)
2019-07-02 20:35:26.973 18994 RALLYDEBUG rally_openstack.cleanup.manager [-] Deleting neutron.port object s_rally_5f27f034_3J9evsCd (079e63e3-ea68-48e5-b744-3a68603f2f0c)
2019-07-02 20:35:27.005 18994 RALLYDEBUG rally_openstack.cleanup.manager [-] Deleting neutron.port object s_rally_5f27f034_ujRBrcdY (07a6a085-87a9-4176-8ff6-0f842dc2d9fb)
2019-07-02 20:35:27.017 18994 RALLYDEBUG rally_openstack.cleanup.manager [-] Deleting neutron.port object s_rally_5f27f034_za8ewawl (082c3538-1715-4d73-974e-99d29fccc1c0)
2019-07-02 20:35:27.043 18994 RALLYDEBUG rally_openstack.cleanup.manager [-] Deleting neutron.port object s_rally_5f27f034_b3lKmC6e (085340d6-c49b-4449-b8b2-3e4965ce06e3)
2019-07-02 20:35:28.156 18994 DEBUG neutronclient.v2_0.client [-] Error message: {"NeutronError": {"message": "Port 0543afd1-2835-4038-895f-ae581ea21e0d is currently a subport for trunk 68db721f-fbb8-47f1-b040-2e35cb64e4c5.", "type": "PortInUseAsSubPort", "detail": ""}} _handle_fault_response /usr/lib/python2.7/site-packages/neutronclient/v2_0/client.py:259
2019-07-02 20:35:28.185 18994 DEBUG neutronclient.v2_0.client [-] Error message: {"NeutronError": {"message": "Port 070250a1-5f48-4673-a656-274ffcfe8b11 is currently a subport for trunk 520c5330-6b05-4c1f-bdc2-c9ecc8fe3f6d.", "type": "PortInUseAsSubPort", "detail": ""}} _handle_fault_response /usr/lib/python2.7/site-packages/neutronclient/v2_0/client.py:259
2019-07-02 20:35:28.196 18994 DEBUG neutronclient.v2_0.client [-] Error message: {"NeutronError": {"message": "Port 020a79c1-36ec-4e0c-8105-6d16e1de9982 is currently a subport for trunk 05215ad7-45e5-4049-b0a0-56f4cb12cfbe.", "type": "PortInUseAsSubPort", "detail": ""}} _handle_fault_response /usr/lib/python2.7/site-packages/neutronclient/v2_0/client.py:259
2019-07-02 20:35:28.201 18994 DEBUG neutronclient.v2_0.client [-] Error message: {"NeutronError": {"message": "Port 052f6c49-3fa5-4332-9513-4a6de994b1c7 is currently a subport for trunk 520c5330-6b05-4c1f-bdc2-c9ecc8fe3f6d.", "type": "PortInUseAsSubPort", "detail": ""}} _handle_fault_response /usr/lib/python2.7/site-packages/neutronclient/v2_0/client.py:259
2019-07-02 20:35:28.235 18994 DEBUG neutronclient.v2_0.client [-] Error message: {"NeutronError": {"message": "Port 07798ff3-f364-4b41-99bd-8aacc6b2368e is currently a subport for trunk 68db721f-fbb8-47f1-b040-2e35cb64e4c5.", "type": "PortInUseAsSubPort", "detail": ""}} _handle_fault_response /usr/lib/python2.7/site-packages/neutronclient/v2_0/client.py:259
2019-07-02 20:35:28.244 18994 DEBUG neutronclient.v2_0.client [-] Error message: {"NeutronError": {"message": "Port 079e63e3-ea68-48e5-b744-3a68603f2f0c is currently a subport for trunk 357d5b19-58c7-4f5a-aa07-eb33b35df4bb.", "type": "PortInUseAsSubPort", "detail": ""}} _handle_fault_response /usr/lib/python2.7/site-packages/neutronclient/v2_0/client.py:259
2019-07-02 20:35:28.249 18994 DEBUG neutronclient.v2_0.client [-] Error message: {"NeutronError": {"message": "Port 00c9f0c9-ca01-4589-99ba-90e36015811a is currently a subport for trunk 68db721f-fbb8-47f1-b040-2e35cb64e4c5.", "type": "PortInUseAsSubPort", "detail": ""}} _handle_fault_response /usr/lib/python2.7/site-packages/neutronclient/v2_0/client.py:259
2019-07-02 20:35:28.277 18994 DEBUG neutronclient.v2_0.client [-] Error message: {"NeutronError": {"message": "Port 0043c39f-4c78-441b-8e6f-830d55330408 is currently a subport for trunk 520c5330-6b05-4c1f-bdc2-c9ecc8fe3f6d.", "type": "PortInUseAsSubPort", "detail": ""}} _handle_fault_response /usr/lib/python2.7/site-packages/neutronclient/v2_0/client.py:259
