2019-07-02 20:16:33.467 21091 WARNING rally_openstack.scenarios.neutron.utils [-] Running this scenario without either the 'network' or 'existing_network' context is deprecated
2019-07-02 20:16:33.468 21090 WARNING rally_openstack.scenarios.neutron.utils [-] Running this scenario without either the 'network' or 'existing_network' context is deprecated
2019-07-02 20:16:33.461 21089 INFO rally.task.runner [-] Task ac13de89-3612-4815-ab82-36a20944c6ea | ITER: 6 START
2019-07-02 20:16:33.471 21103 INFO rally.task.runner [-] Task ac13de89-3612-4815-ab82-36a20944c6ea | ITER: 11 START
2019-07-02 20:16:33.471 21106 RALLYDEBUG rally.task.runner [-] Starting a worker. concurrency: 1 args: {"network_create_args": {}, "subnet_create_args": {}, "subnet_cidr_start": "1.1.0.0/30", "subnets_per_network": 2} times: 40 method_name: run timeout: 0 duration: None cls:
2019-07-02 20:16:33.473 21103 WARNING rally_openstack.scenarios.neutron.utils [-] Running this scenario without either the 'network' or 'existing_network' context is deprecated
2019-07-02 20:16:33.472 21089 WARNING rally_openstack.scenarios.neutron.utils [-] Running this scenario without either the 'network' or 'existing_network' context is deprecated
2019-07-02 20:16:33.473 21098 INFO rally.task.runner [-] Task ac13de89-3612-4815-ab82-36a20944c6ea | ITER: 10 START
2019-07-02 20:16:33.474 21098 WARNING rally_openstack.scenarios.neutron.utils [-] Running this scenario without either the 'network' or 'existing_network' context is deprecated
2019-07-02 20:16:33.468 21091 WARNING rally_openstack.scenarios.neutron.utils [-] Running this scenario without either the 'network' or 'existing_network' context is deprecated
2019-07-02 20:16:33.478 21106 INFO rally.task.runner [-] Task ac13de89-3612-4815-ab82-36a20944c6ea | ITER: 12 START
2019-07-02 20:16:33.478 21111 RALLYDEBUG rally.task.runner [-] Starting a worker. concurrency: 1 args: {"network_create_args": {}, "subnet_create_args": {}, "subnet_cidr_start": "1.1.0.0/30", "subnets_per_network": 2} times: 40 method_name: run timeout: 0 duration: None cls:
2019-07-02 20:16:33.480 21106 WARNING rally_openstack.scenarios.neutron.utils [-] Running this scenario without either the 'network' or 'existing_network' context is deprecated
2019-07-02 20:16:33.470 21088 INFO rally.task.runner [-] Task ac13de89-3612-4815-ab82-36a20944c6ea | ITER: 5 START
2019-07-02 20:16:33.481 21088 WARNING rally_openstack.scenarios.neutron.utils [-] Running this scenario without either the 'network' or 'existing_network' context is deprecated
2019-07-02 20:16:33.482 21115 RALLYDEBUG rally.task.runner [-] Starting a worker. concurrency: 1 args: {"network_create_args": {}, "subnet_create_args": {}, "subnet_cidr_start": "1.1.0.0/30", "subnets_per_network": 2} times: 40 method_name: run timeout: 0 duration: None cls:
2019-07-02 20:16:33.484 21111 INFO rally.task.runner [-] Task ac13de89-3612-4815-ab82-36a20944c6ea | ITER: 13 START
2019-07-02 20:16:33.486 21111 WARNING rally_openstack.scenarios.neutron.utils [-] Running this scenario without either the 'network' or 'existing_network' context is deprecated
2019-07-02 20:16:33.488 21115 INFO rally.task.runner [-] Task ac13de89-3612-4815-ab82-36a20944c6ea | ITER: 14 START
2019-07-02 20:16:33.488 21118 RALLYDEBUG rally.task.runner [-] Starting a worker. concurrency: 1 args: {"network_create_args": {}, "subnet_create_args": {}, "subnet_cidr_start": "1.1.0.0/30", "subnets_per_network": 2} times: 40 method_name: run timeout: 0 duration: None cls:
2019-07-02 20:16:33.490 21115 WARNING rally_openstack.scenarios.neutron.utils [-] Running this scenario without either the 'network' or 'existing_network' context is deprecated
2019-07-02 20:16:33.493 21118 INFO rally.task.runner [-] Task ac13de89-3612-4815-ab82-36a20944c6ea | ITER: 15 START
2019-07-02 20:16:33.495 21118 WARNING rally_openstack.scenarios.neutron.utils [-] Running this scenario without either the 'network' or 'existing_network' context is deprecated
2019-07-02 20:16:33.502 21125 RALLYDEBUG rally.task.runner [-] Starting a worker. concurrency: 1 args: {"network_create_args": {}, "subnet_create_args": {}, "subnet_cidr_start": "1.1.0.0/30", "subnets_per_network": 2} times: 40 method_name: run timeout: 0 duration: None cls:
2019-07-02 20:16:33.508 21125 INFO rally.task.runner [-] Task ac13de89-3612-4815-ab82-36a20944c6ea | ITER: 16 START
2019-07-02 20:16:33.509 21125 WARNING rally_openstack.scenarios.neutron.utils [-] Running this scenario without either the 'network' or 'existing_network' context is deprecated
2019-07-02 20:16:33.514 21129 RALLYDEBUG rally.task.runner [-] Starting a worker. concurrency: 1 args: {"network_create_args": {}, "subnet_create_args": {}, "subnet_cidr_start": "1.1.0.0/30", "subnets_per_network": 2} times: 40 method_name: run timeout: 0 duration: None cls:
2019-07-02 20:16:33.515 21126 RALLYDEBUG rally.task.runner [-] Starting a worker. concurrency: 1 args: {"network_create_args": {}, "subnet_create_args": {}, "subnet_cidr_start": "1.1.0.0/30", "subnets_per_network": 2} times: 40 method_name: run timeout: 0 duration: None cls:
2019-07-02 20:16:33.518 21129 INFO rally.task.runner [-] Task ac13de89-3612-4815-ab82-36a20944c6ea | ITER: 17 START
2019-07-02 20:16:33.519 21129 WARNING rally_openstack.scenarios.neutron.utils [-] Running this scenario without either the 'network' or 'existing_network' context is deprecated
2019-07-02 20:16:33.520 21126 INFO rally.task.runner [-] Task ac13de89-3612-4815-ab82-36a20944c6ea | ITER: 18 START
2019-07-02 20:16:33.520 21130 RALLYDEBUG rally.task.runner [-] Starting a worker. concurrency: 1 args: {"network_create_args": {}, "subnet_create_args": {}, "subnet_cidr_start": "1.1.0.0/30", "subnets_per_network": 2} times: 40 method_name: run timeout: 0 duration: None cls:
2019-07-02 20:16:33.521 21126 WARNING rally_openstack.scenarios.neutron.utils [-] Running this scenario without either the 'network' or 'existing_network' context is deprecated
2019-07-02 20:16:33.524 21130 INFO rally.task.runner [-] Task ac13de89-3612-4815-ab82-36a20944c6ea | ITER: 19 START
2019-07-02 20:16:33.526 21130 WARNING rally_openstack.scenarios.neutron.utils [-] Running this scenario without either the 'network' or 'existing_network' context is deprecated
2019-07-02 20:16:33.526 21135 RALLYDEBUG rally.task.runner [-] Starting a worker. concurrency: 1 args: {"network_create_args": {}, "subnet_create_args": {}, "subnet_cidr_start": "1.1.0.0/30", "subnets_per_network": 2} times: 40 method_name: run timeout: 0 duration: None cls:
2019-07-02 20:16:33.531 21135 INFO rally.task.runner [-] Task ac13de89-3612-4815-ab82-36a20944c6ea | ITER: 20 START
2019-07-02 20:16:33.532 21135 WARNING rally_openstack.scenarios.neutron.utils [-] Running this scenario without either the 'network' or 'existing_network' context is deprecated
2019-07-02 20:16:36.162 21130 RALLYDEBUG rally_openstack.wrappers.network [-] CIDR generated: 1.1.4.96/30
2019-07-02 20:16:36.390 21106 RALLYDEBUG rally_openstack.wrappers.network [-] CIDR generated: 1.1.4.100/30
2019-07-02 20:16:36.426 21091 RALLYDEBUG rally_openstack.wrappers.network [-] CIDR generated: 1.1.4.104/30
2019-07-02 20:16:36.474 21090 RALLYDEBUG rally_openstack.wrappers.network [-] CIDR generated: 1.1.4.108/30
2019-07-02 20:16:36.485 21089 RALLYDEBUG rally_openstack.wrappers.network [-] CIDR generated: 1.1.4.112/30
2019-07-02 20:16:36.534 21126 RALLYDEBUG rally_openstack.wrappers.network [-] CIDR generated: 1.1.4.116/30
2019-07-02 20:16:36.546 21103 RALLYDEBUG rally_openstack.wrappers.network [-] CIDR generated: 1.1.4.120/30
2019-07-02 20:16:36.578 21089 RALLYDEBUG rally_openstack.wrappers.network [-] CIDR generated: 1.1.4.124/30
2019-07-02 20:16:36.794 21135 RALLYDEBUG rally_openstack.wrappers.network [-] CIDR generated: 1.1.4.128/30
2019-07-02 20:16:37.112 21118 RALLYDEBUG rally_openstack.wrappers.network [-] CIDR generated: 1.1.4.132/30
2019-07-02 20:16:37.142 21092 RALLYDEBUG rally_openstack.wrappers.network [-] CIDR generated: 1.1.4.136/30
2019-07-02 20:16:37.384 21129 RALLYDEBUG rally_openstack.wrappers.network [-] CIDR generated: 1.1.4.140/30
2019-07-02 20:16:37.474 21115 RALLYDEBUG rally_openstack.wrappers.network [-] CIDR generated: 1.1.4.144/30
2019-07-02 20:16:38.100 21130 RALLYDEBUG rally_openstack.wrappers.network [-] CIDR generated: 1.1.4.148/30
2019-07-02 20:16:38.595 21111 RALLYDEBUG rally_openstack.wrappers.network [-] CIDR generated: 1.1.4.152/30
2019-07-02 20:16:38.661 21090 RALLYDEBUG rally_openstack.wrappers.network [-] CIDR generated: 1.1.4.156/30
2019-07-02 20:16:38.695 21098 RALLYDEBUG rally_openstack.wrappers.network [-] CIDR generated: 1.1.4.160/30
2019-07-02 20:16:38.858 21091 RALLYDEBUG rally_openstack.wrappers.network [-] CIDR generated: 1.1.4.164/30
2019-07-02 20:16:38.961 21090 RALLYDEBUG rally_openstack.wrappers.network [-] CIDR generated: 1.1.4.168/30
2019-07-02 20:16:39.007 21106 RALLYDEBUG rally_openstack.wrappers.network [-] CIDR generated: 1.1.4.172/30
2019-07-02 20:16:39.054 21126 RALLYDEBUG rally_openstack.wrappers.network [-] CIDR generated: 1.1.4.176/30
2019-07-02 20:16:39.163 21089 RALLYDEBUG rally_openstack.wrappers.network [-] CIDR generated: 1.1.4.180/30
2019-07-02 20:16:39.270 21089 RALLYDEBUG rally_openstack.wrappers.network [-] CIDR generated: 1.1.4.184/30
2019-07-02 20:16:39.434 21103 RALLYDEBUG rally_openstack.wrappers.network [-] CIDR generated: 1.1.4.188/30
2019-07-02 20:16:39.541 21091 RALLYDEBUG rally_openstack.wrappers.network [-] CIDR generated: 1.1.4.192/30
2019-07-02 20:16:39.587 21115 RALLYDEBUG rally_openstack.wrappers.network [-] CIDR generated: 1.1.4.196/30
2019-07-02 20:16:39.636 21135 RALLYDEBUG rally_openstack.wrappers.network [-] CIDR generated: 1.1.4.200/30
2019-07-02 20:16:39.677 21125 RALLYDEBUG rally_openstack.wrappers.network [-] CIDR generated: 1.1.4.204/30
2019-07-02 20:16:39.720 21088 RALLYDEBUG rally_openstack.wrappers.network [-] CIDR generated: 1.1.4.208/30
2019-07-02 20:16:39.782 21118 RALLYDEBUG rally_openstack.wrappers.network [-] CIDR generated: 1.1.4.212/30
2019-07-02 20:16:39.802 21088 RALLYDEBUG rally_openstack.wrappers.network [-] CIDR generated: 1.1.4.216/30
2019-07-02 20:16:39.840 21092 RALLYDEBUG rally_openstack.wrappers.network [-] CIDR generated: 1.1.4.220/30
2019-07-02 20:16:40.120 21129 RALLYDEBUG rally_openstack.wrappers.network [-] CIDR generated: 1.1.4.224/30
2019-07-02 20:16:40.827 21098 RALLYDEBUG rally_openstack.wrappers.network [-] CIDR generated: 1.1.4.228/30
2019-07-02 20:16:41.318 21090 RALLYDEBUG rally_openstack.wrappers.network [-] CIDR generated: 1.1.4.232/30
2019-07-02 20:16:41.846 21111 RALLYDEBUG rally_openstack.wrappers.network [-] CIDR generated: 1.1.4.236/30
2019-07-02 20:16:42.156 21091 RALLYDEBUG rally_openstack.wrappers.network [-] CIDR generated: 1.1.4.240/30
2019-07-02 20:16:43.354 21088 RALLYDEBUG rally_openstack.wrappers.network [-] CIDR generated: 1.1.4.244/30
2019-07-02 20:16:44.524 21130 INFO rally.task.runner [-] Task ac13de89-3612-4815-ab82-36a20944c6ea | ITER: 19 END: OK
2019-07-02 20:16:44.529 21130 INFO rally.task.runner [-] Task ac13de89-3612-4815-ab82-36a20944c6ea | ITER: 21 START
2019-07-02 20:16:44.529 21130 WARNING rally_openstack.scenarios.neutron.utils [-] Running this scenario without either the 'network' or 'existing_network' context is deprecated
2019-07-02 20:16:44.778 21089 INFO rally.task.runner [-] Task ac13de89-3612-4815-ab82-36a20944c6ea | ITER: 2 END: OK
2019-07-02 20:16:44.782 21089 INFO rally.task.runner [-] Task ac13de89-3612-4815-ab82-36a20944c6ea | ITER: 22 START
2019-07-02 20:16:44.782 21089 WARNING rally_openstack.scenarios.neutron.utils [-] Running this scenario without either the 'network' or 'existing_network' context is deprecated
2019-07-02 20:16:45.157 21106 INFO rally.task.runner [-] Task ac13de89-3612-4815-ab82-36a20944c6ea | ITER: 12 END: OK
2019-07-02 20:16:45.161 21106 INFO rally.task.runner [-] Task ac13de89-3612-4815-ab82-36a20944c6ea | ITER: 23 START
2019-07-02 20:16:45.162 21106 WARNING rally_openstack.scenarios.neutron.utils [-] Running this scenario without either the 'network' or 'existing_network' context is deprecated
2019-07-02 20:16:45.659 21125 RALLYDEBUG rally_openstack.wrappers.network [-] CIDR generated: 1.1.4.248/30
2019-07-02 20:16:45.717 21089 INFO rally.task.runner [-] Task ac13de89-3612-4815-ab82-36a20944c6ea | ITER: 6 END: OK
2019-07-02 20:16:45.721 21089 INFO rally.task.runner [-] Task ac13de89-3612-4815-ab82-36a20944c6ea | ITER: 24 START
2019-07-02 20:16:45.722 21089 WARNING rally_openstack.scenarios.neutron.utils [-] Running this scenario without either the 'network' or 'existing_network' context is deprecated
2019-07-02 20:16:45.872 21088 RALLYDEBUG rally_openstack.wrappers.network [-] CIDR generated: 1.1.4.252/30
2019-07-02 20:16:46.097 21126 INFO rally.task.runner [-] Task ac13de89-3612-4815-ab82-36a20944c6ea | ITER: 18 END: OK
2019-07-02 20:16:46.102 21126 INFO rally.task.runner [-] Task ac13de89-3612-4815-ab82-36a20944c6ea | ITER: 25 START
2019-07-02 20:16:46.102 21126 WARNING rally_openstack.scenarios.neutron.utils [-] Running this scenario without either the 'network' or 'existing_network' context is deprecated
2019-07-02 20:16:46.227 21135 INFO rally.task.runner [-] Task ac13de89-3612-4815-ab82-36a20944c6ea | ITER: 20 END: OK
2019-07-02 20:16:46.231 21135 INFO rally.task.runner [-] Task ac13de89-3612-4815-ab82-36a20944c6ea | ITER: 26 START
2019-07-02 20:16:46.231 21135 WARNING rally_openstack.scenarios.neutron.utils [-] Running this scenario without either the 'network' or 'existing_network' context is deprecated
2019-07-02 20:16:46.385 21118 INFO rally.task.runner [-] Task ac13de89-3612-4815-ab82-36a20944c6ea | ITER: 15 END: OK
2019-07-02 20:16:46.387 21091 INFO rally.task.runner [-] Task ac13de89-3612-4815-ab82-36a20944c6ea | ITER: 7 END: OK
2019-07-02 20:16:46.390 21118 INFO rally.task.runner [-] Task ac13de89-3612-4815-ab82-36a20944c6ea | ITER: 27 START
2019-07-02 20:16:46.391 21091 INFO rally.task.runner [-] Task ac13de89-3612-4815-ab82-36a20944c6ea | ITER: 28 START
2019-07-02 20:16:46.391 21118 WARNING rally_openstack.scenarios.neutron.utils [-] Running this scenario without either the 'network' or 'existing_network' context is deprecated
2019-07-02 20:16:46.391 21091 WARNING rally_openstack.scenarios.neutron.utils [-] Running this scenario without either the 'network' or 'existing_network' context is deprecated
2019-07-02 20:16:46.448 21103 INFO rally.task.runner [-] Task ac13de89-3612-4815-ab82-36a20944c6ea | ITER: 11 END: OK
2019-07-02 20:16:46.453 21103 INFO rally.task.runner [-] Task ac13de89-3612-4815-ab82-36a20944c6ea | ITER: 29 START
2019-07-02 20:16:46.453 21103 WARNING rally_openstack.scenarios.neutron.utils [-] Running this scenario without either the 'network' or 'existing_network' context is deprecated
2019-07-02 20:16:46.871 21129 INFO rally.task.runner [-] Task ac13de89-3612-4815-ab82-36a20944c6ea | ITER: 17 END: OK
2019-07-02 20:16:46.875 21129 INFO rally.task.runner [-] Task ac13de89-3612-4815-ab82-36a20944c6ea | ITER: 30 START
2019-07-02 20:16:46.876 21129 WARNING rally_openstack.scenarios.neutron.utils [-] Running this scenario without either the 'network' or 'existing_network' context is deprecated
2019-07-02 20:16:47.399 21130 RALLYDEBUG rally_openstack.wrappers.network [-] CIDR generated: 1.1.5.0/30
2019-07-02 20:16:47.425 21115 INFO rally.task.runner [-] Task ac13de89-3612-4815-ab82-36a20944c6ea | ITER: 14 END: OK
2019-07-02 20:16:47.428 21115 INFO rally.task.runner [-] Task ac13de89-3612-4815-ab82-36a20944c6ea | ITER: 31 START
2019-07-02 20:16:47.429 21115 WARNING rally_openstack.scenarios.neutron.utils [-] Running this scenario without either the 'network' or 'existing_network' context is deprecated
2019-07-02 20:16:47.487 21089 RALLYDEBUG rally_openstack.wrappers.network [-] CIDR generated: 1.1.5.4/30
2019-07-02 20:16:47.626 21106 RALLYDEBUG rally_openstack.wrappers.network [-] CIDR generated: 1.1.5.8/30
2019-07-02 20:16:47.830 21089 RALLYDEBUG rally_openstack.wrappers.network [-] CIDR generated: 1.1.5.12/30
2019-07-02 20:16:47.952 21092 INFO rally.task.runner [-] Task ac13de89-3612-4815-ab82-36a20944c6ea | ITER: 9 END: OK
2019-07-02 20:16:47.956 21092 INFO rally.task.runner [-] Task ac13de89-3612-4815-ab82-36a20944c6ea | ITER: 32 START
2019-07-02 20:16:47.957 21092 WARNING rally_openstack.scenarios.neutron.utils [-] Running this scenario without either the 'network' or 'existing_network' context is deprecated
2019-07-02 20:16:48.599 21126 RALLYDEBUG rally_openstack.wrappers.network [-] CIDR generated: 1.1.5.16/30
2019-07-02 20:16:48.684 21091 INFO rally.task.runner [-] Task ac13de89-3612-4815-ab82-36a20944c6ea | ITER: 8 END: OK
2019-07-02 20:16:48.687 21091 INFO rally.task.runner [-] Task ac13de89-3612-4815-ab82-36a20944c6ea | ITER: 33 START
2019-07-02 20:16:48.688 21091 WARNING rally_openstack.scenarios.neutron.utils [-] Running this scenario without either the 'network' or 'existing_network' context is deprecated
2019-07-02 20:16:48.785 21103 RALLYDEBUG rally_openstack.wrappers.network [-] CIDR generated: 1.1.5.20/30
2019-07-02 20:16:48.808 21098 INFO rally.task.runner [-] Task ac13de89-3612-4815-ab82-36a20944c6ea | ITER: 10 END: OK
2019-07-02 20:16:48.813 21098 INFO rally.task.runner [-] Task ac13de89-3612-4815-ab82-36a20944c6ea | ITER: 34 START
2019-07-02 20:16:48.813 21098 WARNING rally_openstack.scenarios.neutron.utils [-] Running this scenario without either the 'network' or 'existing_network' context is deprecated
2019-07-02 20:16:48.826 21090 INFO rally.task.runner [-] Task ac13de89-3612-4815-ab82-36a20944c6ea | ITER: 3 END: OK
2019-07-02 20:16:48.830 21090 INFO rally.task.runner [-] Task ac13de89-3612-4815-ab82-36a20944c6ea | ITER: 35 START
2019-07-02 20:16:48.831 21090 WARNING rally_openstack.scenarios.neutron.utils [-] Running this scenario without either the 'network' or 'existing_network' context is deprecated
2019-07-02 20:16:48.977 21091 RALLYDEBUG rally_openstack.wrappers.network [-] CIDR generated: 1.1.5.24/30
2019-07-02 20:16:49.102 21129 RALLYDEBUG rally_openstack.wrappers.network [-] CIDR generated: 1.1.5.28/30
2019-07-02 20:16:49.441 21090 INFO rally.task.runner [-] Task ac13de89-3612-4815-ab82-36a20944c6ea | ITER: 4 END: OK
2019-07-02 20:16:49.445 21090 INFO rally.task.runner [-] Task ac13de89-3612-4815-ab82-36a20944c6ea | ITER: 36 START
2019-07-02 20:16:49.445 21090 WARNING rally_openstack.scenarios.neutron.utils [-] Running this scenario without either the 'network' or 'existing_network' context is deprecated
2019-07-02 20:16:49.558 21135 RALLYDEBUG rally_openstack.wrappers.network [-] CIDR generated: 1.1.5.32/30
2019-07-02 20:16:49.640 21118 RALLYDEBUG rally_openstack.wrappers.network [-] CIDR generated: 1.1.5.36/30
2019-07-02 20:16:49.691 21111 INFO rally.task.runner [-] Task ac13de89-3612-4815-ab82-36a20944c6ea | ITER: 13 END: OK
2019-07-02 20:16:49.695 21111 INFO rally.task.runner [-] Task ac13de89-3612-4815-ab82-36a20944c6ea | ITER: 37 START
2019-07-02 20:16:49.695 21111 WARNING rally_openstack.scenarios.neutron.utils [-] Running this scenario without either the 'network' or 'existing_network' context is deprecated
2019-07-02 20:16:50.048 21092 RALLYDEBUG rally_openstack.wrappers.network [-] CIDR generated: 1.1.5.40/30
2019-07-02 20:16:50.241 21088 INFO rally.task.runner [-] Task ac13de89-3612-4815-ab82-36a20944c6ea | ITER: 5 END: OK
2019-07-02 20:16:50.246 21088 INFO rally.task.runner [-] Task ac13de89-3612-4815-ab82-36a20944c6ea | ITER: 38 START
2019-07-02 20:16:50.246 21088 WARNING rally_openstack.scenarios.neutron.utils [-] Running this scenario without either the 'network' or 'existing_network' context is deprecated
2019-07-02 20:16:50.257 21115 RALLYDEBUG rally_openstack.wrappers.network [-] CIDR generated: 1.1.5.44/30
2019-07-02 20:16:50.372 21089 RALLYDEBUG rally_openstack.wrappers.network [-] CIDR generated: 1.1.5.48/30
2019-07-02 20:16:50.671 21089 RALLYDEBUG rally_openstack.wrappers.network [-] CIDR generated: 1.1.5.52/30
2019-07-02 20:16:50.731 21106 RALLYDEBUG rally_openstack.wrappers.network [-] CIDR generated: 1.1.5.56/30
2019-07-02 20:16:50.828 21091 RALLYDEBUG rally_openstack.wrappers.network [-] CIDR generated: 1.1.5.60/30
2019-07-02 20:16:51.144 21098 RALLYDEBUG rally_openstack.wrappers.network [-] CIDR generated: 1.1.5.64/30
2019-07-02 20:16:51.228 21130 RALLYDEBUG rally_openstack.wrappers.network [-] CIDR generated: 1.1.5.68/30
2019-07-02 20:16:51.400 21090 RALLYDEBUG rally_openstack.wrappers.network [-] CIDR generated: 1.1.5.72/30
2019-07-02 20:16:51.576 21129 RALLYDEBUG rally_openstack.wrappers.network [-] CIDR generated: 1.1.5.76/30
2019-07-02 20:16:51.796 21090 RALLYDEBUG rally_openstack.wrappers.network [-] CIDR generated: 1.1.5.80/30
2019-07-02 20:16:51.851 21118 RALLYDEBUG rally_openstack.wrappers.network [-] CIDR generated: 1.1.5.84/30
2019-07-02 20:16:51.929 21111 RALLYDEBUG rally_openstack.wrappers.network [-] CIDR generated: 1.1.5.88/30
2019-07-02 20:16:51.989 21126 RALLYDEBUG rally_openstack.wrappers.network [-] CIDR generated: 1.1.5.92/30
2019-07-02 20:16:52.162 21135 RALLYDEBUG rally_openstack.wrappers.network [-] CIDR generated: 1.1.5.96/30
2019-07-02 20:16:52.639 21092 RALLYDEBUG rally_openstack.wrappers.network [-] CIDR generated: 1.1.5.100/30
2019-07-02 20:16:52.678 21091 RALLYDEBUG rally_openstack.wrappers.network [-] CIDR generated: 1.1.5.104/30
2019-07-02 20:16:52.718 21103 RALLYDEBUG rally_openstack.wrappers.network [-] CIDR generated: 1.1.5.108/30
2019-07-02 20:16:52.878 21125 INFO rally.task.runner [-] Task ac13de89-3612-4815-ab82-36a20944c6ea | ITER: 16 END: OK
2019-07-02 20:16:52.883 21125 INFO rally.task.runner [-] Task ac13de89-3612-4815-ab82-36a20944c6ea | ITER: 39 START
2019-07-02 20:16:52.883 21125 WARNING rally_openstack.scenarios.neutron.utils [-] Running this scenario without either the 'network' or 'existing_network' context is deprecated
2019-07-02 20:16:52.888 21115 RALLYDEBUG rally_openstack.wrappers.network [-] CIDR generated: 1.1.5.112/30
2019-07-02 20:16:53.363 21088 RALLYDEBUG rally_openstack.wrappers.network [-] CIDR generated: 1.1.5.116/30
2019-07-02 20:16:53.527 21090 RALLYDEBUG rally_openstack.wrappers.network [-] CIDR generated: 1.1.5.120/30
2019-07-02 20:16:53.932 21098 RALLYDEBUG rally_openstack.wrappers.network [-] CIDR generated: 1.1.5.124/30
2019-07-02 20:16:54.425 21090 RALLYDEBUG rally_openstack.wrappers.network [-] CIDR generated: 1.1.5.128/30
2019-07-02 20:16:54.863 21088 INFO rally.task.runner [-] Task ac13de89-3612-4815-ab82-36a20944c6ea | ITER: 1 END: OK
2019-07-02 20:16:54.868 21088 INFO rally.task.runner [-] Task ac13de89-3612-4815-ab82-36a20944c6ea | ITER: 40 START
2019-07-02 20:16:54.868 21088 WARNING rally_openstack.scenarios.neutron.utils [-] Running this scenario without either the 'network' or 'existing_network' context is deprecated
2019-07-02 20:16:55.036 21111 RALLYDEBUG rally_openstack.wrappers.network [-] CIDR generated: 1.1.5.132/30
2019-07-02 20:16:55.105 21091 RALLYDEBUG rally_openstack.wrappers.network [-] CIDR generated: 1.1.5.136/30
2019-07-02 20:16:55.528 21125 RALLYDEBUG rally_openstack.wrappers.network [-] CIDR generated: 1.1.5.140/30
2019-07-02 20:16:56.241 21088 RALLYDEBUG rally_openstack.wrappers.network [-] CIDR generated: 1.1.5.144/30
2019-07-02 20:16:56.899 21088 RALLYDEBUG rally_openstack.wrappers.network [-] CIDR generated: 1.1.5.148/30
2019-07-02 20:16:57.780 21125 RALLYDEBUG rally_openstack.wrappers.network [-] CIDR generated: 1.1.5.152/30
2019-07-02 20:16:57.920 21130 INFO rally.task.runner [-] Task ac13de89-3612-4815-ab82-36a20944c6ea | ITER: 21 END: OK
2019-07-02 20:16:57.936 21089 INFO rally.task.runner [-] Task ac13de89-3612-4815-ab82-36a20944c6ea | ITER: 22 END: OK
2019-07-02 20:16:58.348 21118 INFO rally.task.runner [-] Task ac13de89-3612-4815-ab82-36a20944c6ea | ITER: 27 END: OK
2019-07-02 20:16:58.929 21126 INFO rally.task.runner [-] Task ac13de89-3612-4815-ab82-36a20944c6ea | ITER: 25 END: OK
2019-07-02 20:16:58.983 21135 INFO rally.task.runner [-] Task ac13de89-3612-4815-ab82-36a20944c6ea | ITER: 26 END: OK
2019-07-02 20:16:59.109 21088 RALLYDEBUG rally_openstack.wrappers.network [-] CIDR generated: 1.1.5.156/30
2019-07-02 20:16:59.248 21090 INFO rally.task.runner [-] Task ac13de89-3612-4815-ab82-36a20944c6ea | ITER: 35 END: OK
2019-07-02 20:16:59.459 21098 INFO rally.task.runner [-] Task ac13de89-3612-4815-ab82-36a20944c6ea | ITER: 34 END: OK
2019-07-02 20:16:59.552 21129 INFO rally.task.runner [-] Task ac13de89-3612-4815-ab82-36a20944c6ea | ITER: 30 END: OK
2019-07-02 20:16:59.576 21103 INFO rally.task.runner [-] Task ac13de89-3612-4815-ab82-36a20944c6ea | ITER: 29 END: OK
2019-07-02 20:16:59.853 21092 INFO rally.task.runner [-] Task ac13de89-3612-4815-ab82-36a20944c6ea | ITER: 32 END: OK
2019-07-02 20:17:00.275 21091 INFO rally.task.runner [-] Task ac13de89-3612-4815-ab82-36a20944c6ea | ITER: 28 END: OK
2019-07-02 20:17:00.413 21106 INFO rally.task.runner [-] Task ac13de89-3612-4815-ab82-36a20944c6ea | ITER: 23 END: OK
2019-07-02 20:17:00.423 21089 INFO rally.task.runner [-] Task ac13de89-3612-4815-ab82-36a20944c6ea | ITER: 24 END: OK
2019-07-02 20:17:00.723 21115 INFO rally.task.runner [-] Task ac13de89-3612-4815-ab82-36a20944c6ea | ITER: 31 END: OK
2019-07-02 20:17:00.732 21111 INFO rally.task.runner [-] Task ac13de89-3612-4815-ab82-36a20944c6ea | ITER: 37 END: OK
2019-07-02 20:17:01.704 21091 INFO rally.task.runner [-] Task ac13de89-3612-4815-ab82-36a20944c6ea | ITER: 33 END: OK
2019-07-02 20:17:01.905 21090 INFO rally.task.runner [-] Task ac13de89-3612-4815-ab82-36a20944c6ea | ITER: 36 END: OK
2019-07-02 20:17:03.091 21125 INFO rally.task.runner [-] Task ac13de89-3612-4815-ab82-36a20944c6ea | ITER: 39 END: OK
2019-07-02 20:17:03.710 21088 INFO rally.task.runner [-] Task ac13de89-3612-4815-ab82-36a20944c6ea | ITER: 38 END: OK
2019-07-02 20:17:04.180 21088 INFO rally.task.runner [-] Task ac13de89-3612-4815-ab82-36a20944c6ea | ITER: 40 END: OK
2019-07-02 20:17:04.207 18994 INFO rally.task.context [-] Task ac13de89-3612-4815-ab82-36a20944c6ea | Context cleanup@openstack cleanup() started
2019-07-02 20:17:04.209 18994 RALLYDEBUG rally_openstack.cleanup.manager [-] Cleaning up neutron vip objects
2019-07-02 20:17:04.966 18994 RALLYDEBUG rally_openstack.cleanup.manager [-] Cleaning up neutron health_monitor objects
2019-07-02 20:17:05.724 18994 RALLYDEBUG rally_openstack.cleanup.manager [-] Cleaning up neutron pool objects
2019-07-02 20:17:06.559 18994 RALLYDEBUG rally_openstack.cleanup.manager [-] Cleaning up neutron loadbalancer objects
2019-07-02 20:17:07.189 18994 RALLYDEBUG rally_openstack.cleanup.manager [-] Cleaning up neutron floatingip objects
2019-07-02 20:17:08.023 18994 RALLYDEBUG rally_openstack.cleanup.manager [-] Cleaning up neutron port objects
2019-07-02 20:17:09.019 18994 RALLYDEBUG rally_openstack.cleanup.manager [-] Cleaning up neutron subnet objects
2019-07-02 20:17:09.812 18994 RALLYDEBUG rally_openstack.cleanup.manager [-] Cleaning up neutron network objects
2019-07-02 20:17:10.765 18994 RALLYDEBUG rally_openstack.cleanup.manager [-] Deleting neutron.network object s_rally_9fc8e3b4_Epqqv5Fe (01909b4e-8bc1-43e7-ae7a-6828a57ad7ed)
2019-07-02 20:17:10.773 18994 RALLYDEBUG rally_openstack.cleanup.manager [-] Deleting neutron.network object s_rally_9fc8e3b4_5UXINkYO (06a6d9fc-0925-4406-bf58-dce6e6b9dcc1)
2019-07-02 20:17:10.780 18994 RALLYDEBUG rally_openstack.cleanup.manager [-] Deleting neutron.network object s_rally_9fc8e3b4_YPzzJH9Z (0a35e518-70c9-423b-bc21-326a6d4914cc)
2019-07-02 20:17:10.786 18994 RALLYDEBUG rally_openstack.cleanup.manager [-] Deleting neutron.network object s_rally_9fc8e3b4_zLHqvULj (0adc8f86-9984-469f-9fad-08d2de331558)
2019-07-02 20:17:10.790 18994 RALLYDEBUG rally_openstack.cleanup.manager [-] Deleting neutron.network object s_rally_9fc8e3b4_ln3rnt9m (0dc8f863-e111-4171-9f9a-d0a97f26e292)
2019-07-02 20:17:10.802 18994 RALLYDEBUG rally_openstack.cleanup.manager [-] Deleting neutron.network object s_rally_9fc8e3b4_ZZywkyjH (10aea047-b36c-4ec4-afb4-9bf2baebf982)
2019-07-02 20:17:10.818 18994 RALLYDEBUG rally_openstack.cleanup.manager [-] Deleting neutron.network object s_rally_9fc8e3b4_GoVJsULz (1e3c3a21-02d3-47ee-83ca-eece1222a738)
2019-07-02 20:17:10.824 18994 RALLYDEBUG rally_openstack.cleanup.manager [-] Deleting neutron.network object s_rally_9fc8e3b4_1Xuaajyx (18c1dd6d-791b-40ec-8151-f29b8ffe8b87)
2019-07-02 20:17:10.827 18994 RALLYDEBUG rally_openstack.cleanup.manager [-] Deleting neutron.network object s_rally_9fc8e3b4_DFCyal2M (28bbf57e-1354-46b0-a685-81fa95c6911b)
2019-07-02 20:17:10.836 18994 RALLYDEBUG rally_openstack.cleanup.manager [-] Deleting neutron.network object s_rally_9fc8e3b4_38XOD4Er (2e4e31e6-29b1-4386-aac6-7fb9347eddc0)
2019-07-02 20:17:10.853 18994 RALLYDEBUG rally_openstack.cleanup.manager [-] Deleting neutron.network object s_rally_9fc8e3b4_BBd0uNiQ (30d05c7d-cb8a-4aed-892c-7561db6061d9)
2019-07-02 20:17:10.864 18994 RALLYDEBUG rally_openstack.cleanup.manager [-] Deleting neutron.network object s_rally_9fc8e3b4_1uAydWHm (31831b12-634e-45d0-90a2-5d031db1bc2d)
2019-07-02 20:17:10.869 18994 RALLYDEBUG rally_openstack.cleanup.manager [-] Deleting neutron.network object s_rally_9fc8e3b4_l2BVVKSo (40cb3454-1d94-450f-ab99-5dc8359cf7ce)
2019-07-02 20:17:10.879 18994 RALLYDEBUG rally_openstack.cleanup.manager [-] Deleting neutron.network object s_rally_9fc8e3b4_fDXDvnfK (44584e4a-ab41-45c4-b3b9-212c922a2e46)
2019-07-02 20:17:10.893 18994 RALLYDEBUG rally_openstack.cleanup.manager [-] Deleting neutron.network object s_rally_9fc8e3b4_iiQ08jYg (4a8aa35c-fc70-4ccf-bb3a-f3ba576d249d)
2019-07-02 20:17:10.902 18994 RALLYDEBUG rally_openstack.cleanup.manager [-] Deleting neutron.network object s_rally_9fc8e3b4_4EYwoA6t (5039ca3b-3e2d-42df-bd76-ed273ee4d162)
2019-07-02 20:17:10.905 18994 RALLYDEBUG rally_openstack.cleanup.manager [-] Deleting neutron.network object s_rally_9fc8e3b4_P8UOQ7oQ (5cd3138d-22b8-4c38-8f86-4c22953ef120)
2019-07-02 20:17:10.912 18994 RALLYDEBUG rally_openstack.cleanup.manager [-] Deleting neutron.network object s_rally_9fc8e3b4_VwC1xqV8 (6350ba42-036c-4b19-9571-fbbf681310e2)
2019-07-02 20:17:10.927 18994 RALLYDEBUG rally_openstack.cleanup.manager [-] Deleting neutron.network object s_rally_9fc8e3b4_h2O0kApH (657e9752-ddf3-4ccc-b3e0-26f208c56f28)
2019-07-02 20:17:10.939 18994 RALLYDEBUG rally_openstack.cleanup.manager [-] Deleting neutron.network object s_rally_9fc8e3b4_9wtBUprj (67677211-37a2-4ee7-9294-f24d75d2559d)
2019-07-02 20:17:14.448 18994 RALLYDEBUG rally_openstack.cleanup.manager [-] Deleting neutron.network object s_rally_9fc8e3b4_qIDZeDle (6d5a5d77-00f7-498a-bed2-b03876607fb5)
2019-07-02 20:17:14.599 18994 RALLYDEBUG rally_openstack.cleanup.manager [-] Deleting neutron.network object s_rally_9fc8e3b4_d4s5NWLu (6fa140c8-64e8-4a66-b9f6-7ff2f99f364f)
2019-07-02 20:17:14.605 18994 RALLYDEBUG rally_openstack.cleanup.manager [-] Deleting neutron.network object s_rally_9fc8e3b4_62KmSxI6 (6fd230ee-e5e2-4a73-9c54-e55b3335f64e)
2019-07-02 20:17:14.670 18994 RALLYDEBUG rally_openstack.cleanup.manager [-] Deleting neutron.network object s_rally_9fc8e3b4_q6D0wPKA (70a86fae-8b12-49ff-aeb6-596e5096c213)
2019-07-02 20:17:14.765 18994 RALLYDEBUG rally_openstack.cleanup.manager [-] Deleting neutron.network object s_rally_9fc8e3b4_lx0X0v8u (8d6fb871-1bcc-432b-b59f-dbcc407ac3de)
2019-07-02 20:17:14.858 18994 RALLYDEBUG rally_openstack.cleanup.manager [-] Deleting neutron.network object s_rally_9fc8e3b4_oh8JunNu (8f1a5173-fb88-4352-9f84-40192c8a31c5)
2019-07-02 20:17:14.902 18994 RALLYDEBUG rally_openstack.cleanup.manager [-] Deleting neutron.network object s_rally_9fc8e3b4_DretQCn1 (90584e13-98ed-420c-96c0-d20607655654)
2019-07-02 20:17:14.915 18994 RALLYDEBUG rally_openstack.cleanup.manager [-] Deleting neutron.network object s_rally_9fc8e3b4_Y4rnR6aA (936c1d04-404f-440d-a523-84c91a78ca23)
2019-07-02 20:17:14.935 18994 RALLYDEBUG rally_openstack.cleanup.manager [-] Deleting neutron.network object s_rally_9fc8e3b4_WDXuvH54 (9947a39f-5bc9-4e71-897f-e0a4df779669)
2019-07-02 20:17:15.077 18994 RALLYDEBUG rally_openstack.cleanup.manager [-] Deleting neutron.network object s_rally_9fc8e3b4_ibrZhy06 (9f5393fd-d806-4745-9cbb-b698c13e3e89)
2019-07-02 20:17:15.428 18994 RALLYDEBUG rally_openstack.cleanup.manager [-] Deleting neutron.network object s_rally_9fc8e3b4_ZtvG7zkY (b49a7fad-b912-4b3d-88f9-4fb12fee3ca1)
2019-07-02 20:17:15.497 18994 RALLYDEBUG rally_openstack.cleanup.manager [-] Deleting neutron.network object s_rally_9fc8e3b4_5hCW8Zj5 (b5463232-c2df-4005-8c16-228b36e9c865)
2019-07-02 20:17:15.662 18994 RALLYDEBUG rally_openstack.cleanup.manager [-] Deleting neutron.network object s_rally_9fc8e3b4_IPlzb4AA (bf7548a4-df2a-464b-9b24-8b344d434216)
2019-07-02 20:17:15.681 18994 RALLYDEBUG rally_openstack.cleanup.manager [-] Deleting neutron.network object s_rally_9fc8e3b4_6lJG5B3f (d38b9cf7-1348-40f9-9417-4770b82478c8)
2019-07-02 20:17:16.672 18994 RALLYDEBUG rally_openstack.cleanup.manager [-] Deleting neutron.network object s_rally_9fc8e3b4_MC92RwtD (e19c8b2d-947c-4971-9851-83e73fde31e5)
2019-07-02 20:17:16.831 18994 RALLYDEBUG rally_openstack.cleanup.manager [-] Deleting neutron.network object s_rally_9fc8e3b4_iXcEzXWs (e794be91-5f57-4b01-97f9-9d4b9043f67d)
2019-07-02 20:17:16.908 18994 RALLYDEBUG rally_openstack.cleanup.manager [-] Deleting neutron.network object s_rally_9fc8e3b4_dfT0ds5E (e9260941-775d-48d5-9e80-95caf03c0efd)
2019-07-02 20:17:16.912 18994 RALLYDEBUG rally_openstack.cleanup.manager [-] Deleting neutron.network object s_rally_9fc8e3b4_RweeGqbr (effc13e0-ad2e-4f44-bb82-43e067af3d3d)
2019-07-02 20:17:16.916 18994 RALLYDEBUG rally_openstack.cleanup.manager [-] Deleting neutron.network object s_rally_9fc8e3b4_We1bclK0 (f1f0cd4d-8b77-4e4d-b29d-e2af0861c3c5)
2019-07-02 20:17:17.060 18994 RALLYDEBUG rally_openstack.cleanup.manager [-] Deleting neutron.network object s_rally_9fc8e3b4_Mnv9up8I (f3c0d7fa-1856-44e2-b100-ad695792dc0f)
2019-07-02 20:17:20.236 18994 RALLYDEBUG rally_openstack.cleanup.manager [-] Cleaning up neutron router objects
2019-07-02 20:17:21.049 18994 RALLYDEBUG rally_openstack.cleanup.manager [-] Cleaning up neutron security_group objects
2019-07-02 20:17:21.823 18994 INFO rally.task.context [-] Task ac13de89-3612-4815-ab82-36a20944c6ea | Context cleanup@openstack cleanup() finished in 17.62 sec
2019-07-02 20:17:21.824 18994 INFO rally.task.context [-] Task ac13de89-3612-4815-ab82-36a20944c6ea | Context quotas@openstack cleanup() started
2019-07-02 20:17:22.158 18994 INFO rally.task.context [-] Task ac13de89-3612-4815-ab82-36a20944c6ea | Context quotas@openstack cleanup() finished in 0.33 sec
2019-07-02 20:17:22.159 18994 INFO rally.task.context [-] Task ac13de89-3612-4815-ab82-36a20944c6ea | Context users@openstack cleanup() started
2019-07-02 20:17:27.583 18994 INFO rally.task.context [-] Task ac13de89-3612-4815-ab82-36a20944c6ea | Context users@openstack cleanup() finished in 5.42 sec
2019-07-02 20:17:28.006 18994 INFO rally.task.engine [-] Load duration is: 30.721314
2019-07-02 20:17:28.007 18994 INFO rally.task.engine [-] Full runner duration is: 30.772953
2019-07-02 20:17:28.007 18994 INFO rally.task.engine [-] Full duration is: 59.803892
2019-07-02 20:17:28.294 18994 INFO rally.task.engine [-] Running workload: position = 0 config = { "version": 2, "title": "A cropped version of a bigger task.", "description": "Auto-generated task from a single workload (uuid=2c384ae7-6cdf-4a12-933f-645a8ba57180)", "subtasks": [ { "title": "NeutronNetworks.create_and_list_routers", "description": "Create and a given number of routers and list all routers.", "scenario": { "NeutronNetworks.create_and_list_routers": { "network_create_args": null, "subnet_create_args": null, "subnet_cidr_start": "1.1.0.0/30", "subnets_per_network": 2, "router_create_args": null } }, "contexts": { "users": { "tenants": 1, "users_per_tenant": 1 }, "quotas": { "neutron": { "network": -1, "subnet": -1, "router": -1 } } }, "runner": { "constant": { "times": 40, "concurrency": 20 } }, "hooks": [], "sla": { "failure_rate": { "max": 0 } } } ] }
2019-07-02 20:17:28.313 18994 RALLYDEBUG rally_openstack.contexts.keystone.users [-] Creating 1 tenants using 20 threads
2019-07-02 20:17:30.170 18994 RALLYDEBUG rally_openstack.contexts.keystone.users [-] Creating 1 users using 20 threads
2019-07-02 20:17:33.015 18994 INFO rally.task.context [-] Task ac13de89-3612-4815-ab82-36a20944c6ea | Context users@openstack setup() finished in 4.70 sec
2019-07-02 20:17:33.825 18994 INFO rally.task.context [-] Task ac13de89-3612-4815-ab82-36a20944c6ea | Context quotas@openstack setup() finished in 0.81 sec
2019-07-02 20:17:33.826 18994 INFO rally.task.context [-] Task ac13de89-3612-4815-ab82-36a20944c6ea | Context cleanup@openstack setup() finished in 0.00 msec
2019-07-02 20:17:33.833 18994 RALLYDEBUG rally.task.runner [-] Starting the constant runner (task UUID: ac13de89-3612-4815-ab82-36a20944c6ea). timeout: 0 concurrency: 20 concurrency_per_worker: 1 times: 40 concurrency_overhead: 4 processes_to_start: 16 max_cpu_used: 16
2019-07-02 20:17:33.846 21458 RALLYDEBUG rally.task.runner [-] Starting a worker. concurrency: 2 args: {"network_create_args": null, "subnet_create_args": null, "subnet_cidr_start": "1.1.0.0/30", "subnets_per_network": 2, "router_create_args": null} times: 40 method_name: run timeout: 0 duration: None cls:
2019-07-02 20:17:33.847 21459 RALLYDEBUG rally.task.runner [-] Starting a worker. concurrency: 2 args: {"network_create_args": null, "subnet_create_args": null, "subnet_cidr_start": "1.1.0.0/30", "subnets_per_network": 2, "router_create_args": null} times: 40 method_name: run timeout: 0 duration: None cls:
2019-07-02 20:17:33.851 21460 RALLYDEBUG rally.task.runner [-] Starting a worker. concurrency: 2 args: {"network_create_args": null, "subnet_create_args": null, "subnet_cidr_start": "1.1.0.0/30", "subnets_per_network": 2, "router_create_args": null} times: 40 method_name: run timeout: 0 duration: None cls:
2019-07-02 20:17:33.852 21461 RALLYDEBUG rally.task.runner [-] Starting a worker. concurrency: 2 args: {"network_create_args": null, "subnet_create_args": null, "subnet_cidr_start": "1.1.0.0/30", "subnets_per_network": 2, "router_create_args": null} times: 40 method_name: run timeout: 0 duration: None cls:
2019-07-02 20:17:33.854 21459 INFO rally.task.runner [-] Task ac13de89-3612-4815-ab82-36a20944c6ea | ITER: 2 START
2019-07-02 20:17:33.854 21458 INFO rally.task.runner [-] Task ac13de89-3612-4815-ab82-36a20944c6ea | ITER: 1 START
2019-07-02 20:17:33.858 21462 RALLYDEBUG rally.task.runner [-] Starting a worker. concurrency: 1 args: {"network_create_args": null, "subnet_create_args": null, "subnet_cidr_start": "1.1.0.0/30", "subnets_per_network": 2, "router_create_args": null} times: 40 method_name: run timeout: 0 duration: None cls:
2019-07-02 20:17:33.859 21466 RALLYDEBUG rally.task.runner [-] Starting a worker. concurrency: 1 args: {"network_create_args": null, "subnet_create_args": null, "subnet_cidr_start": "1.1.0.0/30", "subnets_per_network": 2, "router_create_args": null} times: 40 method_name: run timeout: 0 duration: None cls:
2019-07-02 20:17:33.855 21458 INFO rally.task.runner [-] Task ac13de89-3612-4815-ab82-36a20944c6ea | ITER: 4 START
2019-07-02 20:17:33.864 21461 INFO rally.task.runner [-] Task ac13de89-3612-4815-ab82-36a20944c6ea | ITER: 9 START
2019-07-02 20:17:33.864 21462 INFO rally.task.runner [-] Task ac13de89-3612-4815-ab82-36a20944c6ea | ITER: 8 START
2019-07-02 20:17:33.864 21470 RALLYDEBUG rally.task.runner [-] Starting a worker. concurrency: 1 args: {"network_create_args": null, "subnet_create_args": null, "subnet_cidr_start": "1.1.0.0/30", "subnets_per_network": 2, "router_create_args": null} times: 40 method_name: run timeout: 0 duration: None cls:
2019-07-02 20:17:33.865 21461 INFO rally.task.runner [-] Task ac13de89-3612-4815-ab82-36a20944c6ea | ITER: 6 START
2019-07-02 20:17:33.867 21459 INFO rally.task.runner [-] Task ac13de89-3612-4815-ab82-36a20944c6ea | ITER: 3 START
2019-07-02 20:17:33.867 21474 RALLYDEBUG rally.task.runner [-] Starting a worker. concurrency: 1 args: {"network_create_args": null, "subnet_create_args": null, "subnet_cidr_start": "1.1.0.0/30", "subnets_per_network": 2, "router_create_args": null} times: 40 method_name: run timeout: 0 duration: None cls:
2019-07-02 20:17:33.870 21460 INFO rally.task.runner [-] Task ac13de89-3612-4815-ab82-36a20944c6ea | ITER: 5 START
2019-07-02 20:17:33.873 21466 INFO rally.task.runner [-] Task ac13de89-3612-4815-ab82-36a20944c6ea | ITER: 10 START
2019-07-02 20:17:33.874 21470 INFO rally.task.runner [-] Task ac13de89-3612-4815-ab82-36a20944c6ea | ITER: 11 START
2019-07-02 20:17:33.874 21483 RALLYDEBUG rally.task.runner [-] Starting a worker. concurrency: 1 args: {"network_create_args": null, "subnet_create_args": null, "subnet_cidr_start": "1.1.0.0/30", "subnets_per_network": 2, "router_create_args": null} times: 40 method_name: run timeout: 0 duration: None cls:
2019-07-02 20:17:33.875 21480 RALLYDEBUG rally.task.runner [-] Starting a worker. concurrency: 1 args: {"network_create_args": null, "subnet_create_args": null, "subnet_cidr_start": "1.1.0.0/30", "subnets_per_network": 2, "router_create_args": null} times: 40 method_name: run timeout: 0 duration: None cls:
2019-07-02 20:17:33.877 21460 INFO rally.task.runner [-] Task ac13de89-3612-4815-ab82-36a20944c6ea | ITER: 7 START
2019-07-02 20:17:33.877 21482 RALLYDEBUG rally.task.runner [-] Starting a worker. concurrency: 1 args: {"network_create_args": null, "subnet_create_args": null, "subnet_cidr_start": "1.1.0.0/30", "subnets_per_network": 2, "router_create_args": null} times: 40 method_name: run timeout: 0 duration: None cls:
2019-07-02 20:17:33.878 21474 INFO rally.task.runner [-] Task ac13de89-3612-4815-ab82-36a20944c6ea | ITER: 12 START
2019-07-02 20:17:33.882 21480 INFO rally.task.runner [-] Task ac13de89-3612-4815-ab82-36a20944c6ea | ITER: 14 START
2019-07-02 20:17:33.883 21483 INFO rally.task.runner [-] Task ac13de89-3612-4815-ab82-36a20944c6ea | ITER: 13 START
2019-07-02 20:17:33.888 21482 INFO rally.task.runner [-] Task ac13de89-3612-4815-ab82-36a20944c6ea | ITER: 15 START
2019-07-02 20:17:33.888 21490 RALLYDEBUG rally.task.runner [-] Starting a worker. concurrency: 1 args: {"network_create_args": null, "subnet_create_args": null, "subnet_cidr_start": "1.1.0.0/30", "subnets_per_network": 2, "router_create_args": null} times: 40 method_name: run timeout: 0 duration: None cls:
2019-07-02 20:17:33.891 21487 RALLYDEBUG rally.task.runner [-] Starting a worker. concurrency: 1 args: {"network_create_args": null, "subnet_create_args": null, "subnet_cidr_start": "1.1.0.0/30", "subnets_per_network": 2, "router_create_args": null} times: 40 method_name: run timeout: 0 duration: None cls:
2019-07-02 20:17:33.892 21492 RALLYDEBUG rally.task.runner [-] Starting a worker. concurrency: 1 args: {"network_create_args": null, "subnet_create_args": null, "subnet_cidr_start": "1.1.0.0/30", "subnets_per_network": 2, "router_create_args": null} times: 40 method_name: run timeout: 0 duration: None cls:
2019-07-02 20:17:33.894 21490 INFO rally.task.runner [-] Task ac13de89-3612-4815-ab82-36a20944c6ea | ITER: 16 START
2019-07-02 20:17:33.896 21492 INFO rally.task.runner [-] Task ac13de89-3612-4815-ab82-36a20944c6ea | ITER: 18 START
2019-07-02 20:17:33.897 21487 INFO rally.task.runner [-] Task ac13de89-3612-4815-ab82-36a20944c6ea | ITER: 17 START
2019-07-02 20:17:33.910 21504 RALLYDEBUG rally.task.runner [-] Starting a worker. concurrency: 1 args: {"network_create_args": null, "subnet_create_args": null, "subnet_cidr_start": "1.1.0.0/30", "subnets_per_network": 2, "router_create_args": null} times: 40 method_name: run timeout: 0 duration: None cls:
2019-07-02 20:17:33.914 21504 INFO rally.task.runner [-] Task ac13de89-3612-4815-ab82-36a20944c6ea | ITER: 19 START
2019-07-02 20:17:33.915 21505 RALLYDEBUG rally.task.runner [-] Starting a worker. concurrency: 1 args: {"network_create_args": null, "subnet_create_args": null, "subnet_cidr_start": "1.1.0.0/30", "subnets_per_network": 2, "router_create_args": null} times: 40 method_name: run timeout: 0 duration: None cls:
2019-07-02 20:17:33.919 21505 INFO rally.task.runner [-] Task ac13de89-3612-4815-ab82-36a20944c6ea | ITER: 20 START
2019-07-02 20:17:36.420 21482 RALLYDEBUG rally_openstack.wrappers.network [-] CIDR generated: 1.1.5.160/30
2019-07-02 20:17:36.541 21458 RALLYDEBUG rally_openstack.wrappers.network [-] CIDR generated: 1.1.5.164/30
2019-07-02 20:17:36.641 21458 RALLYDEBUG rally_openstack.wrappers.network [-] CIDR generated: 1.1.5.168/30
2019-07-02 20:17:36.695 21466 RALLYDEBUG rally_openstack.wrappers.network [-] CIDR generated: 1.1.5.172/30
2019-07-02 20:17:36.862 21461 RALLYDEBUG rally_openstack.wrappers.network [-] CIDR generated: 1.1.5.176/30
2019-07-02 20:17:36.874 21460 RALLYDEBUG rally_openstack.wrappers.network [-] CIDR generated: 1.1.5.180/30
2019-07-02 20:17:36.911 21460 RALLYDEBUG rally_openstack.wrappers.network [-] CIDR generated: 1.1.5.184/30
2019-07-02 20:17:37.683 21480 RALLYDEBUG rally_openstack.wrappers.network [-] CIDR generated: 1.1.5.188/30
2019-07-02 20:17:37.695 21492 RALLYDEBUG rally_openstack.wrappers.network [-] CIDR generated: 1.1.5.192/30
2019-07-02 20:17:37.707 21504 RALLYDEBUG rally_openstack.wrappers.network [-] CIDR generated: 1.1.5.196/30
2019-07-02 20:17:37.739 21459 RALLYDEBUG rally_openstack.wrappers.network [-] CIDR generated: 1.1.5.200/30
2019-07-02 20:17:38.851 21458 RALLYDEBUG rally_openstack.wrappers.network [-] CIDR generated: 1.1.5.204/30
2019-07-02 20:17:38.949 21483 RALLYDEBUG rally_openstack.wrappers.network [-] CIDR generated: 1.1.5.208/30
2019-07-02 20:17:39.161 21460 RALLYDEBUG rally_openstack.wrappers.network [-] CIDR generated: 1.1.5.212/30
2019-07-02 20:17:39.233 21490 RALLYDEBUG rally_openstack.wrappers.network [-] CIDR generated: 1.1.5.216/30
2019-07-02 20:17:39.324 21461 RALLYDEBUG rally_openstack.wrappers.network [-] CIDR generated: 1.1.5.220/30
2019-07-02 20:17:39.679 21462 RALLYDEBUG rally_openstack.wrappers.network [-] CIDR generated: 1.1.5.224/30
2019-07-02 20:17:39.732 21470 RALLYDEBUG rally_openstack.wrappers.network [-] CIDR generated: 1.1.5.228/30
2019-07-02 20:17:39.781 21482 RALLYDEBUG rally_openstack.wrappers.network [-] CIDR generated: 1.1.5.232/30
2019-07-02 20:17:39.923 21504 RALLYDEBUG rally_openstack.wrappers.network [-] CIDR generated: 1.1.5.236/30
2019-07-02 20:17:40.079 21492 RALLYDEBUG rally_openstack.wrappers.network [-] CIDR generated: 1.1.5.240/30
2019-07-02 20:17:40.261 21459 RALLYDEBUG rally_openstack.wrappers.network [-] CIDR generated: 1.1.5.244/30
2019-07-02 20:17:40.267 21487 RALLYDEBUG rally_openstack.wrappers.network [-] CIDR generated: 1.1.5.248/30
2019-07-02 20:17:40.324 21474 RALLYDEBUG rally_openstack.wrappers.network [-] CIDR generated: 1.1.5.252/30
2019-07-02 20:17:40.386 21505 RALLYDEBUG rally_openstack.wrappers.network [-] CIDR generated: 1.1.6.0/30
2019-07-02 20:17:40.407 21461 RALLYDEBUG rally_openstack.wrappers.network [-] CIDR generated: 1.1.6.4/30
2019-07-02 20:17:40.573 21466 RALLYDEBUG rally_openstack.wrappers.network [-] CIDR generated: 1.1.6.8/30
2019-07-02 20:17:40.995 21483 RALLYDEBUG rally_openstack.wrappers.network [-] CIDR generated: 1.1.6.12/30
2019-07-02 20:17:41.061 21480 RALLYDEBUG rally_openstack.wrappers.network [-] CIDR generated: 1.1.6.16/30
2019-07-02 20:17:41.117 21459 RALLYDEBUG rally_openstack.wrappers.network [-] CIDR generated: 1.1.6.20/30
2019-07-02 20:17:41.176 21460 RALLYDEBUG rally_openstack.wrappers.network [-] CIDR generated: 1.1.6.24/30
2019-07-02 20:17:41.179 21458 RALLYDEBUG rally_openstack.wrappers.network [-] CIDR generated: 1.1.6.28/30
2019-07-02 20:17:41.644 21490 RALLYDEBUG rally_openstack.wrappers.network [-] CIDR generated: 1.1.6.32/30
2019-07-02 20:17:42.468 21462 RALLYDEBUG rally_openstack.wrappers.network [-] CIDR generated: 1.1.6.36/30
2019-07-02 20:17:42.677 21459 RALLYDEBUG rally_openstack.wrappers.network [-] CIDR generated: 1.1.6.40/30
2019-07-02 20:17:42.799 21505 RALLYDEBUG rally_openstack.wrappers.network [-] CIDR generated: 1.1.6.44/30
2019-07-02 20:17:43.108 21461 RALLYDEBUG rally_openstack.wrappers.network [-] CIDR generated: 1.1.6.48/30
2019-07-02 20:17:43.163 21487 RALLYDEBUG rally_openstack.wrappers.network [-] CIDR generated: 1.1.6.52/30
2019-07-02 20:17:43.216 21474 RALLYDEBUG rally_openstack.wrappers.network [-] CIDR generated: 1.1.6.56/30
2019-07-02 20:17:43.294 21470 RALLYDEBUG rally_openstack.wrappers.network [-] CIDR generated: 1.1.6.60/30
2019-07-02 20:17:51.285 21460 INFO rally.task.runner [-] Task ac13de89-3612-4815-ab82-36a20944c6ea | ITER: 5 END: OK
2019-07-02 20:17:51.288 21460 INFO rally.task.runner [-] Task ac13de89-3612-4815-ab82-36a20944c6ea | ITER: 21 START
2019-07-02 20:17:52.091 21461 INFO rally.task.runner [-] Task ac13de89-3612-4815-ab82-36a20944c6ea | ITER: 6 END: OK
2019-07-02 20:17:52.093 21461 INFO rally.task.runner [-] Task ac13de89-3612-4815-ab82-36a20944c6ea | ITER: 22 START
2019-07-02 20:17:52.503 21458 INFO rally.task.runner [-] Task ac13de89-3612-4815-ab82-36a20944c6ea | ITER: 4 END: OK
2019-07-02 20:17:52.505 21458 INFO rally.task.runner [-] Task ac13de89-3612-4815-ab82-36a20944c6ea | ITER: 23 START
2019-07-02 20:17:53.243 21492 INFO rally.task.runner [-] Task ac13de89-3612-4815-ab82-36a20944c6ea | ITER: 18 END: OK
2019-07-02 20:17:53.247 21492 INFO rally.task.runner [-] Task ac13de89-3612-4815-ab82-36a20944c6ea | ITER: 24 START
2019-07-02 20:17:53.757 21482 INFO rally.task.runner [-] Task ac13de89-3612-4815-ab82-36a20944c6ea | ITER: 15 END: OK
2019-07-02 20:17:53.760 21482 INFO rally.task.runner [-] Task ac13de89-3612-4815-ab82-36a20944c6ea | ITER: 25 START
2019-07-02 20:17:54.006 21460 RALLYDEBUG rally_openstack.wrappers.network [-] CIDR generated: 1.1.6.64/30
2019-07-02 20:17:54.190 21459 INFO rally.task.runner [-] Task ac13de89-3612-4815-ab82-36a20944c6ea | ITER: 2 END: OK
