2019-07-02 20:10:05.382 18985 RALLYDEBUG rally.api [-] INFO logs from urllib3 and requests module are hide.
2019-07-02 20:10:05.382 18985 RALLYDEBUG rally.api [-] urllib3 insecure warnings are hidden.
2019-07-02 20:10:05.382 18985 RALLYDEBUG rally.api [-] ERROR log from boto module is hide.
2019-07-02 20:10:07.736 18987 RALLYDEBUG rally.api [-] INFO logs from urllib3 and requests module are hide.
2019-07-02 20:10:07.736 18987 RALLYDEBUG rally.api [-] urllib3 insecure warnings are hidden.
2019-07-02 20:10:07.736 18987 RALLYDEBUG rally.api [-] ERROR log from boto module is hide.
2019-07-02 20:10:09.033 18987 WARNING rally_openstack.platforms.existing [-] endpoint is deprecated and not used.
2019-07-02 20:10:09.971 18989 RALLYDEBUG rally.api [-] INFO logs from urllib3 and requests module are hide.
2019-07-02 20:10:09.971 18989 RALLYDEBUG rally.api [-] urllib3 insecure warnings are hidden.
2019-07-02 20:10:09.972 18989 RALLYDEBUG rally.api [-] ERROR log from boto module is hide.
2019-07-02 20:10:13.341 18992 RALLYDEBUG rally.api [-] INFO logs from urllib3 and requests module are hide.
2019-07-02 20:10:13.341 18992 RALLYDEBUG rally.api [-] urllib3 insecure warnings are hidden.
2019-07-02 20:10:13.341 18992 RALLYDEBUG rally.api [-] ERROR log from boto module is hide.
2019-07-02 20:10:15.321 18994 RALLYDEBUG rally.api [-] INFO logs from urllib3 and requests module are hide.
2019-07-02 20:10:15.321 18994 RALLYDEBUG rally.api [-] urllib3 insecure warnings are hidden.
2019-07-02 20:10:15.321 18994 RALLYDEBUG rally.api [-] ERROR log from boto module is hide.
2019-07-02 20:10:16.508 18994 INFO rally.common.plugin.discover [-] Loading plugins from directories /root/.rally/plugins/*
2019-07-02 20:10:16.509 18994 INFO rally.common.plugin.discover [-] Loaded module with plugins: /root/.rally/plugins/__init__.py
2019-07-02 20:10:16.511 18994 INFO rally.common.plugin.discover [-] Loaded module with plugins: /root/.rally/plugins/trunk_scenario.py
2019-07-02 20:10:16.723 18994 INFO rally.task.engine [-] Task ac13de89-3612-4815-ab82-36a20944c6ea | Starting: Task validation.
2019-07-02 20:10:16.768 18994 INFO rally.task.engine [-] Task ac13de89-3612-4815-ab82-36a20944c6ea | Starting: Task validation of syntax.
2019-07-02 20:10:16.967 18994 INFO rally.task.engine [-] Task ac13de89-3612-4815-ab82-36a20944c6ea | Completed: Task validation of syntax.
2019-07-02 20:10:16.967 18994 INFO rally.task.engine [-] Task ac13de89-3612-4815-ab82-36a20944c6ea | Starting: Task validation of required platforms.
2019-07-02 20:10:17.025 18994 INFO rally.task.engine [-] Task ac13de89-3612-4815-ab82-36a20944c6ea | Completed: Task validation of required platforms.
2019-07-02 20:10:17.025 18994 INFO rally.task.engine [-] Task ac13de89-3612-4815-ab82-36a20944c6ea | Starting: Task validation of semantic.
2019-07-02 20:10:17.025 18994 INFO rally.task.engine [-] Check health of the environment '7c476813-c471-45ef-a146-d65ba260d977'.
2019-07-02 20:10:17.886 18994 INFO rally.task.engine [-] Platform existing@openstack (available: True): OK!
2019-07-02 20:10:17.898 18994 RALLYDEBUG rally_openstack.contexts.keystone.users [-] Creating 1 tenants using 20 threads
2019-07-02 20:10:19.940 18994 RALLYDEBUG rally_openstack.contexts.keystone.users [-] Creating 1 users using 20 threads
2019-07-02 20:10:22.855 18994 INFO rally.task.context [-] Task ac13de89-3612-4815-ab82-36a20944c6ea | Context users@openstack setup() finished in 4.96 sec
2019-07-02 20:10:29.220 18994 INFO rally.task.context [-] Task ac13de89-3612-4815-ab82-36a20944c6ea | Context users@openstack cleanup() started
2019-07-02 20:10:34.773 18994 INFO rally.task.context [-] Task ac13de89-3612-4815-ab82-36a20944c6ea | Context users@openstack cleanup() finished in 5.55 sec
2019-07-02 20:10:34.773 18994 INFO rally.task.engine [-] Task ac13de89-3612-4815-ab82-36a20944c6ea | Completed: Task validation of semantic.
2019-07-02 20:10:34.774 18994 INFO rally.task.engine [-] Task ac13de89-3612-4815-ab82-36a20944c6ea | Completed: Task validation.
2019-07-02 20:10:34.774 18994 INFO rally.api [-] Task ac13de89-3612-4815-ab82-36a20944c6ea input file is valid.
2019-07-02 20:10:34.774 18994 INFO rally.api [-] Run Task ac13de89-3612-4815-ab82-36a20944c6ea against Deployment 7c476813-c471-45ef-a146-d65ba260d977
2019-07-02 20:10:34.775 18994 INFO rally.task.engine [-] Task ac13de89-3612-4815-ab82-36a20944c6ea | Starting: Running task.
2019-07-02 20:10:34.898 18994 INFO rally.task.engine [-] Running workload: position = 0 config = { "version": 2, "title": "A cropped version of a bigger task.", "description": "Auto-generated task from a single workload (uuid=fee5db39-6a8b-43f4-a6f8-281df6c20a8b)", "subtasks": [ { "title": "NeutronNetworks.create_and_list_networks", "description": "Check performance of list_networks action and ensure > network quotas are not exceeded", "scenario": { "NeutronNetworks.create_and_list_networks": {} }, "contexts": { "users": { "tenants": 1, "users_per_tenant": 1 }, "quotas": { "neutron": { "network": 119 } } }, "runner": { "constant": { "times": 100, "concurrency": 20 } }, "hooks": [], "sla": { "max_avg_duration_per_atomic": { "neutron.list_networks": 15 }, "failure_rate": { "max": 0 } } } ] }
2019-07-02 20:10:34.924 18994 RALLYDEBUG rally_openstack.contexts.keystone.users [-] Creating 1 tenants using 20 threads
2019-07-02 20:10:36.952 18994 RALLYDEBUG rally_openstack.contexts.keystone.users [-] Creating 1 users using 20 threads
2019-07-02 20:10:39.728 18994 INFO rally.task.context [-] Task ac13de89-3612-4815-ab82-36a20944c6ea | Context users@openstack setup() finished in 4.80 sec
2019-07-02 20:10:40.501 18994 INFO rally.task.context [-] Task ac13de89-3612-4815-ab82-36a20944c6ea | Context quotas@openstack setup() finished in 0.77 sec
2019-07-02 20:10:40.501 18994 INFO rally.task.context [-] Task ac13de89-3612-4815-ab82-36a20944c6ea | Context cleanup@openstack setup() finished in 0.02 msec
2019-07-02 20:10:40.509 18994 RALLYDEBUG rally.task.runner [-] Starting the constant runner (task UUID: ac13de89-3612-4815-ab82-36a20944c6ea). timeout: 0 concurrency: 20 concurrency_per_worker: 1 times: 100 concurrency_overhead: 4 processes_to_start: 16 max_cpu_used: 16
2019-07-02 20:10:40.524 19118 RALLYDEBUG rally.task.runner [-] Starting a worker. concurrency: 2 args: {} times: 100 method_name: run timeout: 0 duration: None cls:
2019-07-02 20:10:40.526 19119 RALLYDEBUG rally.task.runner [-] Starting a worker. concurrency: 2 args: {} times: 100 method_name: run timeout: 0 duration: None cls:
2019-07-02 20:10:40.529 19120 RALLYDEBUG rally.task.runner [-] Starting a worker. concurrency: 2 args: {} times: 100 method_name: run timeout: 0 duration: None cls:
2019-07-02 20:10:40.532 19118 INFO rally.task.runner [-] Task ac13de89-3612-4815-ab82-36a20944c6ea | ITER: 2 START
2019-07-02 20:10:40.531 19121 RALLYDEBUG rally.task.runner [-] Starting a worker. concurrency: 2 args: {} times: 100 method_name: run timeout: 0 duration: None cls:
2019-07-02 20:10:40.535 19123 RALLYDEBUG rally.task.runner [-] Starting a worker. concurrency: 1 args: {} times: 100 method_name: run timeout: 0 duration: None cls:
2019-07-02 20:10:40.536 19119 INFO rally.task.runner [-] Task ac13de89-3612-4815-ab82-36a20944c6ea | ITER: 3 START
2019-07-02 20:10:40.532 19118 INFO rally.task.runner [-] Task ac13de89-3612-4815-ab82-36a20944c6ea | ITER: 1 START
2019-07-02 20:10:40.539 19120 INFO rally.task.runner [-] Task ac13de89-3612-4815-ab82-36a20944c6ea | ITER: 5 START
2019-07-02 20:10:40.536 19119 INFO rally.task.runner [-] Task ac13de89-3612-4815-ab82-36a20944c6ea | ITER: 4 START
2019-07-02 20:10:40.541 19121 INFO rally.task.runner [-] Task ac13de89-3612-4815-ab82-36a20944c6ea | ITER: 6 START
2019-07-02 20:10:40.541 19130 RALLYDEBUG rally.task.runner [-] Starting a worker. concurrency: 1 args: {} times: 100 method_name: run timeout: 0 duration: None cls:
2019-07-02 20:10:40.541 19123 INFO rally.task.runner [-] Task ac13de89-3612-4815-ab82-36a20944c6ea | ITER: 9 START
2019-07-02 20:10:40.539 19120 INFO rally.task.runner [-] Task ac13de89-3612-4815-ab82-36a20944c6ea | ITER: 7 START
2019-07-02 20:10:40.546 19137 RALLYDEBUG rally.task.runner [-] Starting a worker. concurrency: 1 args: {} times: 100 method_name: run timeout: 0 duration: None cls:
2019-07-02 20:10:40.550 19130 INFO rally.task.runner [-] Task ac13de89-3612-4815-ab82-36a20944c6ea | ITER: 10 START
2019-07-02 20:10:40.552 19139 RALLYDEBUG rally.task.runner [-] Starting a worker. concurrency: 1 args: {} times: 100 method_name: run timeout: 0 duration: None cls:
2019-07-02 20:10:40.553 19121 INFO rally.task.runner [-] Task ac13de89-3612-4815-ab82-36a20944c6ea | ITER: 8 START
2019-07-02 20:10:40.553 19137 INFO rally.task.runner [-] Task ac13de89-3612-4815-ab82-36a20944c6ea | ITER: 11 START
2019-07-02 20:10:40.562 19144 RALLYDEBUG rally.task.runner [-] Starting a worker. concurrency: 1 args: {} times: 100 method_name: run timeout: 0 duration: None cls:
2019-07-02 20:10:40.568 19139 INFO rally.task.runner [-] Task ac13de89-3612-4815-ab82-36a20944c6ea | ITER: 12 START
2019-07-02 20:10:40.568 19147 RALLYDEBUG rally.task.runner [-] Starting a worker. concurrency: 1 args: {} times: 100 method_name: run timeout: 0 duration: None cls:
2019-07-02 20:10:40.575 19149 RALLYDEBUG rally.task.runner [-] Starting a worker. concurrency: 1 args: {} times: 100 method_name: run timeout: 0 duration: None cls:
2019-07-02 20:10:40.576 19144 INFO rally.task.runner [-] Task ac13de89-3612-4815-ab82-36a20944c6ea | ITER: 13 START
2019-07-02 20:10:40.581 19147 INFO rally.task.runner [-] Task ac13de89-3612-4815-ab82-36a20944c6ea | ITER: 14 START
2019-07-02 20:10:40.582 19152 RALLYDEBUG rally.task.runner [-] Starting a worker. concurrency: 1 args: {} times: 100 method_name: run timeout: 0 duration: None cls:
2019-07-02 20:10:40.583 19149 INFO rally.task.runner [-] Task ac13de89-3612-4815-ab82-36a20944c6ea | ITER: 15 START
2019-07-02 20:10:40.587 19156 RALLYDEBUG rally.task.runner [-] Starting a worker. concurrency: 1 args: {} times: 100 method_name: run timeout: 0 duration: None cls:
2019-07-02 20:10:40.588 19152 INFO rally.task.runner [-] Task ac13de89-3612-4815-ab82-36a20944c6ea | ITER: 16 START
2019-07-02 20:10:40.592 19156 INFO rally.task.runner [-] Task ac13de89-3612-4815-ab82-36a20944c6ea | ITER: 17 START
2019-07-02 20:10:40.592 19159 RALLYDEBUG rally.task.runner [-] Starting a worker. concurrency: 1 args: {} times: 100 method_name: run timeout: 0 duration: None cls:
2019-07-02 20:10:40.596 19161 RALLYDEBUG rally.task.runner [-] Starting a worker. concurrency: 1 args: {} times: 100 method_name: run timeout: 0 duration: None cls:
2019-07-02 20:10:40.597 19159 INFO rally.task.runner [-] Task ac13de89-3612-4815-ab82-36a20944c6ea | ITER: 18 START
2019-07-02 20:10:40.602 19161 INFO rally.task.runner [-] Task ac13de89-3612-4815-ab82-36a20944c6ea | ITER: 19 START
2019-07-02 20:10:40.602 19163 RALLYDEBUG rally.task.runner [-] Starting a worker. concurrency: 1 args: {} times: 100 method_name: run timeout: 0 duration: None cls:
2019-07-02 20:10:40.606 19163 INFO rally.task.runner [-] Task ac13de89-3612-4815-ab82-36a20944c6ea | ITER: 20 START
2019-07-02 20:10:43.551 19161 INFO rally.task.runner [-] Task ac13de89-3612-4815-ab82-36a20944c6ea | ITER: 19 END: OK
2019-07-02 20:10:43.555 19161 INFO rally.task.runner [-] Task ac13de89-3612-4815-ab82-36a20944c6ea | ITER: 21 START
2019-07-02 20:10:43.558 19130 INFO rally.task.runner [-] Task ac13de89-3612-4815-ab82-36a20944c6ea | ITER: 10 END: OK
2019-07-02 20:10:43.562 19130 INFO rally.task.runner [-] Task ac13de89-3612-4815-ab82-36a20944c6ea | ITER: 22 START
2019-07-02 20:10:43.661 19159 INFO rally.task.runner [-] Task ac13de89-3612-4815-ab82-36a20944c6ea | ITER: 18 END: OK
2019-07-02 20:10:43.665 19159 INFO rally.task.runner [-] Task ac13de89-3612-4815-ab82-36a20944c6ea | ITER: 23 START
2019-07-02 20:10:43.796 19118 INFO rally.task.runner [-] Task ac13de89-3612-4815-ab82-36a20944c6ea | ITER: 2 END: OK
2019-07-02 20:10:43.801 19118 INFO rally.task.runner [-] Task ac13de89-3612-4815-ab82-36a20944c6ea | ITER: 24 START
2019-07-02 20:10:43.950 19121 INFO rally.task.runner [-] Task ac13de89-3612-4815-ab82-36a20944c6ea | ITER: 8 END: OK
2019-07-02 20:10:43.953 19121 INFO rally.task.runner [-] Task ac13de89-3612-4815-ab82-36a20944c6ea | ITER: 25 START
2019-07-02 20:10:44.443 19120 INFO rally.task.runner [-] Task ac13de89-3612-4815-ab82-36a20944c6ea | ITER: 5 END: OK
2019-07-02 20:10:44.447 19120 INFO rally.task.runner [-] Task ac13de89-3612-4815-ab82-36a20944c6ea | ITER: 26 START
2019-07-02 20:10:44.552 19119 INFO rally.task.runner [-] Task ac13de89-3612-4815-ab82-36a20944c6ea | ITER: 3 END: OK
2019-07-02 20:10:44.556 19119 INFO rally.task.runner [-] Task ac13de89-3612-4815-ab82-36a20944c6ea | ITER: 27 START
2019-07-02 20:10:44.685 19119 INFO rally.task.runner [-] Task ac13de89-3612-4815-ab82-36a20944c6ea | ITER: 4 END: OK
2019-07-02 20:10:44.688 19119 INFO rally.task.runner [-] Task ac13de89-3612-4815-ab82-36a20944c6ea | ITER: 28 START
2019-07-02 20:10:44.702 19120 INFO rally.task.runner [-] Task ac13de89-3612-4815-ab82-36a20944c6ea | ITER: 7 END: OK
2019-07-02 20:10:44.705 19120 INFO rally.task.runner [-] Task ac13de89-3612-4815-ab82-36a20944c6ea | ITER: 29 START
2019-07-02 20:10:44.853 19123 INFO rally.task.runner [-] Task ac13de89-3612-4815-ab82-36a20944c6ea | ITER: 9 END: OK
2019-07-02 20:10:44.857 19123 INFO rally.task.runner [-] Task ac13de89-3612-4815-ab82-36a20944c6ea | ITER: 30 START
2019-07-02 20:10:44.940 19137 INFO rally.task.runner [-] Task ac13de89-3612-4815-ab82-36a20944c6ea | ITER: 11 END: OK
2019-07-02 20:10:44.943 19137 INFO rally.task.runner [-] Task ac13de89-3612-4815-ab82-36a20944c6ea | ITER: 31 START
2019-07-02 20:10:45.551 19161 INFO rally.task.runner [-] Task ac13de89-3612-4815-ab82-36a20944c6ea | ITER: 21 END: OK
2019-07-02 20:10:45.554 19161 INFO rally.task.runner [-] Task ac13de89-3612-4815-ab82-36a20944c6ea | ITER: 32 START
2019-07-02 20:10:45.705 19147 INFO rally.task.runner [-] Task ac13de89-3612-4815-ab82-36a20944c6ea | ITER: 14 END: OK
2019-07-02 20:10:45.708 19147 INFO rally.task.runner [-] Task ac13de89-3612-4815-ab82-36a20944c6ea | ITER: 33 START
2019-07-02 20:10:45.830 19163 INFO rally.task.runner [-] Task ac13de89-3612-4815-ab82-36a20944c6ea | ITER: 20 END: OK
2019-07-02 20:10:45.833 19163 INFO rally.task.runner [-] Task ac13de89-3612-4815-ab82-36a20944c6ea | ITER: 34 START
2019-07-02 20:10:45.893 19139 INFO rally.task.runner [-] Task ac13de89-3612-4815-ab82-36a20944c6ea | ITER: 12 END: OK
2019-07-02 20:10:45.896 19139 INFO rally.task.runner [-] Task ac13de89-3612-4815-ab82-36a20944c6ea | ITER: 35 START
2019-07-02 20:10:46.336 19159 INFO rally.task.runner [-] Task ac13de89-3612-4815-ab82-36a20944c6ea | ITER: 23 END: OK
2019-07-02 20:10:46.339 19159 INFO rally.task.runner [-] Task ac13de89-3612-4815-ab82-36a20944c6ea | ITER: 36 START
2019-07-02 20:10:46.530 19121 INFO rally.task.runner [-] Task ac13de89-3612-4815-ab82-36a20944c6ea | ITER: 25 END: OK
2019-07-02 20:10:46.533 19121 INFO rally.task.runner [-] Task ac13de89-3612-4815-ab82-36a20944c6ea | ITER: 37 START
2019-07-02 20:10:46.647 19130 INFO rally.task.runner [-] Task ac13de89-3612-4815-ab82-36a20944c6ea | ITER: 22 END: OK
2019-07-02 20:10:46.650 19130 INFO rally.task.runner [-] Task ac13de89-3612-4815-ab82-36a20944c6ea | ITER: 38 START
2019-07-02 20:10:46.937 19119 INFO rally.task.runner [-] Task ac13de89-3612-4815-ab82-36a20944c6ea | ITER: 28 END: OK
2019-07-02 20:10:46.940 19119 INFO rally.task.runner [-] Task ac13de89-3612-4815-ab82-36a20944c6ea | ITER: 39 START
2019-07-02 20:10:47.347 19118 INFO rally.task.runner [-] Task ac13de89-3612-4815-ab82-36a20944c6ea | ITER: 24 END: OK
2019-07-02 20:10:47.351 19118 INFO rally.task.runner [-] Task ac13de89-3612-4815-ab82-36a20944c6ea | ITER: 40 START
2019-07-02 20:10:47.516 19120 INFO rally.task.runner [-] Task ac13de89-3612-4815-ab82-36a20944c6ea | ITER: 26 END: OK
2019-07-02 20:10:47.520 19120 INFO rally.task.runner [-] Task ac13de89-3612-4815-ab82-36a20944c6ea | ITER: 41 START
2019-07-02 20:10:47.764 19123 INFO rally.task.runner [-] Task ac13de89-3612-4815-ab82-36a20944c6ea | ITER: 30 END: OK
2019-07-02 20:10:47.768 19123 INFO rally.task.runner [-] Task ac13de89-3612-4815-ab82-36a20944c6ea | ITER: 42 START
2019-07-02 20:10:47.905 19137 INFO rally.task.runner [-] Task ac13de89-3612-4815-ab82-36a20944c6ea | ITER: 31 END: OK
2019-07-02 20:10:47.908 19137 INFO rally.task.runner [-] Task ac13de89-3612-4815-ab82-36a20944c6ea | ITER: 43 START
2019-07-02 20:10:48.375 19120 INFO rally.task.runner [-] Task ac13de89-3612-4815-ab82-36a20944c6ea | ITER: 29 END: OK
2019-07-02 20:10:48.376 19119 INFO rally.task.runner [-] Task ac13de89-3612-4815-ab82-36a20944c6ea | ITER: 27 END: OK
2019-07-02 20:10:48.378 19120 INFO rally.task.runner [-] Task ac13de89-3612-4815-ab82-36a20944c6ea | ITER: 44 START
2019-07-02 20:10:48.379 19119 INFO rally.task.runner [-] Task ac13de89-3612-4815-ab82-36a20944c6ea | ITER: 45 START
2019-07-02 20:10:48.587 19149 INFO rally.task.runner [-] Task ac13de89-3612-4815-ab82-36a20944c6ea | ITER: 15 END: OK
2019-07-02 20:10:48.591 19149 INFO rally.task.runner [-] Task ac13de89-3612-4815-ab82-36a20944c6ea | ITER: 46 START
2019-07-02 20:10:48.647 19121 INFO rally.task.runner [-] Task ac13de89-3612-4815-ab82-36a20944c6ea | ITER: 6 END: OK
2019-07-02 20:10:48.650 19121 INFO rally.task.runner [-] Task ac13de89-3612-4815-ab82-36a20944c6ea | ITER: 47 START
2019-07-02 20:10:48.699 19118 INFO rally.task.runner [-] Task ac13de89-3612-4815-ab82-36a20944c6ea | ITER: 1 END: OK
2019-07-02 20:10:48.702 19118 INFO rally.task.runner [-] Task ac13de89-3612-4815-ab82-36a20944c6ea | ITER: 48 START
2019-07-02 20:10:48.830 19144 INFO rally.task.runner [-] Task ac13de89-3612-4815-ab82-36a20944c6ea | ITER: 13 END: OK
2019-07-02 20:10:48.833 19144 INFO rally.task.runner [-] Task ac13de89-3612-4815-ab82-36a20944c6ea | ITER: 49 START
2019-07-02 20:10:48.857 19161 INFO rally.task.runner [-] Task ac13de89-3612-4815-ab82-36a20944c6ea | ITER: 32 END: OK
2019-07-02 20:10:48.860 19161 INFO rally.task.runner [-] Task ac13de89-3612-4815-ab82-36a20944c6ea | ITER: 50 START
2019-07-02 20:10:48.963 19152 INFO rally.task.runner [-] Task ac13de89-3612-4815-ab82-36a20944c6ea | ITER: 16 END: OK
2019-07-02 20:10:48.966 19152 INFO rally.task.runner [-] Task ac13de89-3612-4815-ab82-36a20944c6ea | ITER: 51 START
2019-07-02 20:10:49.131 19147 INFO rally.task.runner [-] Task ac13de89-3612-4815-ab82-36a20944c6ea | ITER: 33 END: OK
2019-07-02 20:10:49.134 19147 INFO rally.task.runner [-] Task ac13de89-3612-4815-ab82-36a20944c6ea | ITER: 52 START
2019-07-02 20:10:49.384 19130 INFO rally.task.runner [-] Task ac13de89-3612-4815-ab82-36a20944c6ea | ITER: 38 END: OK
2019-07-02 20:10:49.387 19130 INFO rally.task.runner [-] Task ac13de89-3612-4815-ab82-36a20944c6ea | ITER: 53 START
2019-07-02 20:10:49.521 19121 INFO rally.task.runner [-] Task ac13de89-3612-4815-ab82-36a20944c6ea | ITER: 37 END: OK
2019-07-02 20:10:49.525 19121 INFO rally.task.runner [-] Task ac13de89-3612-4815-ab82-36a20944c6ea | ITER: 54 START
2019-07-02 20:10:49.676 19156 INFO rally.task.runner [-] Task ac13de89-3612-4815-ab82-36a20944c6ea | ITER: 17 END: OK
2019-07-02 20:10:49.678 19163 INFO rally.task.runner [-] Task ac13de89-3612-4815-ab82-36a20944c6ea | ITER: 34 END: OK
2019-07-02 20:10:49.681 19163 INFO rally.task.runner [-] Task ac13de89-3612-4815-ab82-36a20944c6ea | ITER: 56 START
2019-07-02 20:10:49.681 19156 INFO rally.task.runner [-] Task ac13de89-3612-4815-ab82-36a20944c6ea | ITER: 55 START
2019-07-02 20:10:50.331 19120 INFO rally.task.runner [-] Task ac13de89-3612-4815-ab82-36a20944c6ea | ITER: 41 END: OK
2019-07-02 20:10:50.333 19120 INFO rally.task.runner [-] Task ac13de89-3612-4815-ab82-36a20944c6ea | ITER: 57 START
2019-07-02 20:10:50.548 19159 INFO rally.task.runner [-] Task ac13de89-3612-4815-ab82-36a20944c6ea | ITER: 36 END: OK
2019-07-02 20:10:50.551 19159 INFO rally.task.runner [-] Task ac13de89-3612-4815-ab82-36a20944c6ea | ITER: 58 START
2019-07-02 20:10:50.583 19139 INFO rally.task.runner [-] Task ac13de89-3612-4815-ab82-36a20944c6ea | ITER: 35 END: OK
2019-07-02 20:10:50.586 19139 INFO rally.task.runner [-] Task ac13de89-3612-4815-ab82-36a20944c6ea | ITER: 59 START
2019-07-02 20:10:50.691 19123 INFO rally.task.runner [-] Task ac13de89-3612-4815-ab82-36a20944c6ea | ITER: 42 END: OK
2019-07-02 20:10:50.694 19123 INFO rally.task.runner [-] Task ac13de89-3612-4815-ab82-36a20944c6ea | ITER: 60 START
2019-07-02 20:10:50.979 19119 INFO rally.task.runner [-] Task ac13de89-3612-4815-ab82-36a20944c6ea | ITER: 39 END: OK
2019-07-02 20:10:50.982 19119 INFO rally.task.runner [-] Task ac13de89-3612-4815-ab82-36a20944c6ea | ITER: 61 START
2019-07-02 20:10:51.086 19118 INFO rally.task.runner [-] Task ac13de89-3612-4815-ab82-36a20944c6ea | ITER: 40 END: OK
2019-07-02 20:10:51.089 19118 INFO rally.task.runner [-] Task ac13de89-3612-4815-ab82-36a20944c6ea | ITER: 62 START
2019-07-02 20:10:51.450 19137 INFO rally.task.runner [-] Task ac13de89-3612-4815-ab82-36a20944c6ea | ITER: 43 END: OK
2019-07-02 20:10:51.453 19137 INFO rally.task.runner [-] Task ac13de89-3612-4815-ab82-36a20944c6ea | ITER: 63 START
2019-07-02 20:10:51.481 19152 INFO rally.task.runner [-] Task ac13de89-3612-4815-ab82-36a20944c6ea | ITER: 51 END: OK
2019-07-02 20:10:51.485 19152 INFO rally.task.runner [-] Task ac13de89-3612-4815-ab82-36a20944c6ea | ITER: 64 START
2019-07-02 20:10:51.871 19120 INFO rally.task.runner [-] Task ac13de89-3612-4815-ab82-36a20944c6ea | ITER: 44 END: OK
2019-07-02 20:10:51.875 19120 INFO rally.task.runner [-] Task ac13de89-3612-4815-ab82-36a20944c6ea | ITER: 65 START
2019-07-02 20:10:51.903 19121 INFO rally.task.runner [-] Task ac13de89-3612-4815-ab82-36a20944c6ea | ITER: 47 END: OK
2019-07-02 20:10:51.907 19121 INFO rally.task.runner [-] Task ac13de89-3612-4815-ab82-36a20944c6ea | ITER: 66 START
2019-07-02 20:10:52.365 19119 INFO rally.task.runner [-] Task ac13de89-3612-4815-ab82-36a20944c6ea | ITER: 45 END: OK
2019-07-02 20:10:52.369 19119 INFO rally.task.runner [-] Task ac13de89-3612-4815-ab82-36a20944c6ea | ITER: 67 START
2019-07-02 20:10:52.390 19121 INFO rally.task.runner [-] Task ac13de89-3612-4815-ab82-36a20944c6ea | ITER: 54 END: OK
2019-07-02 20:10:52.393 19121 INFO rally.task.runner [-] Task ac13de89-3612-4815-ab82-36a20944c6ea | ITER: 68 START
2019-07-02 20:10:52.464 19161 INFO rally.task.runner [-] Task ac13de89-3612-4815-ab82-36a20944c6ea | ITER: 50 END: OK
2019-07-02 20:10:52.466 19161 INFO rally.task.runner [-] Task ac13de89-3612-4815-ab82-36a20944c6ea | ITER: 69 START
2019-07-02 20:10:52.562 19149 INFO rally.task.runner [-] Task ac13de89-3612-4815-ab82-36a20944c6ea | ITER: 46 END: OK
2019-07-02 20:10:52.565 19149 INFO rally.task.runner [-] Task ac13de89-3612-4815-ab82-36a20944c6ea | ITER: 70 START
2019-07-02 20:10:52.657 19147 INFO rally.task.runner [-] Task ac13de89-3612-4815-ab82-36a20944c6ea | ITER: 52 END: OK
2019-07-02 20:10:52.660 19147 INFO rally.task.runner [-] Task ac13de89-3612-4815-ab82-36a20944c6ea | ITER: 71 START
2019-07-02 20:10:53.064 19163 INFO rally.task.runner [-] Task ac13de89-3612-4815-ab82-36a20944c6ea | ITER: 56 END: OK
2019-07-02 20:10:53.067 19163 INFO rally.task.runner [-] Task ac13de89-3612-4815-ab82-36a20944c6ea | ITER: 72 START
2019-07-02 20:10:53.124 19156 INFO rally.task.runner [-] Task ac13de89-3612-4815-ab82-36a20944c6ea | ITER: 55 END: OK
2019-07-02 20:10:53.126 19118 INFO rally.task.runner [-] Task ac13de89-3612-4815-ab82-36a20944c6ea | ITER: 48 END: OK
2019-07-02 20:10:53.128 19156 INFO rally.task.runner [-] Task ac13de89-3612-4815-ab82-36a20944c6ea | ITER: 73 START
2019-07-02 20:10:53.130 19118 INFO rally.task.runner [-] Task ac13de89-3612-4815-ab82-36a20944c6ea | ITER: 74 START
2019-07-02 20:10:53.142 19120 INFO rally.task.runner [-] Task ac13de89-3612-4815-ab82-36a20944c6ea | ITER: 57 END: OK
2019-07-02 20:10:53.145 19120 INFO rally.task.runner [-] Task ac13de89-3612-4815-ab82-36a20944c6ea | ITER: 75 START
2019-07-02 20:10:53.452 19139 INFO rally.task.runner [-] Task ac13de89-3612-4815-ab82-36a20944c6ea | ITER: 59 END: OK
2019-07-02 20:10:53.455 19139 INFO rally.task.runner [-] Task ac13de89-3612-4815-ab82-36a20944c6ea | ITER: 76 START
2019-07-02 20:10:53.616 19144 INFO rally.task.runner [-] Task ac13de89-3612-4815-ab82-36a20944c6ea | ITER: 49 END: OK
2019-07-02 20:10:53.618 19144 INFO rally.task.runner [-] Task ac13de89-3612-4815-ab82-36a20944c6ea | ITER: 77 START
2019-07-02 20:10:53.914 19123 INFO rally.task.runner [-] Task ac13de89-3612-4815-ab82-36a20944c6ea | ITER: 60 END: OK
2019-07-02 20:10:53.917 19123 INFO rally.task.runner [-] Task ac13de89-3612-4815-ab82-36a20944c6ea | ITER: 78 START
2019-07-02 20:10:54.196 19130 INFO rally.task.runner [-] Task ac13de89-3612-4815-ab82-36a20944c6ea | ITER: 53 END: OK
2019-07-02 20:10:54.200 19130 INFO rally.task.runner [-] Task ac13de89-3612-4815-ab82-36a20944c6ea | ITER: 79 START
2019-07-02 20:10:54.315 19152 INFO rally.task.runner [-] Task ac13de89-3612-4815-ab82-36a20944c6ea | ITER: 64 END: OK
2019-07-02 20:10:54.319 19152 INFO rally.task.runner [-] Task ac13de89-3612-4815-ab82-36a20944c6ea | ITER: 80 START
2019-07-02 20:10:54.451 19119 INFO rally.task.runner [-] Task ac13de89-3612-4815-ab82-36a20944c6ea | ITER: 61 END: OK
2019-07-02 20:10:54.454 19119 INFO rally.task.runner [-] Task ac13de89-3612-4815-ab82-36a20944c6ea | ITER: 81 START
2019-07-02 20:10:54.488 19159 INFO rally.task.runner [-] Task ac13de89-3612-4815-ab82-36a20944c6ea | ITER: 58 END: OK
2019-07-02 20:10:54.490 19118 INFO rally.task.runner [-] Task ac13de89-3612-4815-ab82-36a20944c6ea | ITER: 62 END: OK
2019-07-02 20:10:54.492 19159 INFO rally.task.runner [-] Task ac13de89-3612-4815-ab82-36a20944c6ea | ITER: 82 START
2019-07-02 20:10:54.493 19118 INFO rally.task.runner [-] Task ac13de89-3612-4815-ab82-36a20944c6ea | ITER: 83 START
2019-07-02 20:10:55.203 19137 INFO rally.task.runner [-] Task ac13de89-3612-4815-ab82-36a20944c6ea | ITER: 63 END: OK
2019-07-02 20:10:55.206 19137 INFO rally.task.runner [-] Task ac13de89-3612-4815-ab82-36a20944c6ea | ITER: 84 START
2019-07-02 20:10:55.321 19121 INFO rally.task.runner [-] Task ac13de89-3612-4815-ab82-36a20944c6ea | ITER: 66 END: OK
2019-07-02 20:10:55.324 19121 INFO rally.task.runner [-] Task ac13de89-3612-4815-ab82-36a20944c6ea | ITER: 85 START
2019-07-02 20:10:55.404 19149 INFO rally.task.runner [-] Task ac13de89-3612-4815-ab82-36a20944c6ea | ITER: 70 END: OK
2019-07-02 20:10:55.407 19149 INFO rally.task.runner [-] Task ac13de89-3612-4815-ab82-36a20944c6ea | ITER: 86 START
2019-07-02 20:10:55.735 19147 INFO rally.task.runner [-] Task ac13de89-3612-4815-ab82-36a20944c6ea | ITER: 71 END: OK
2019-07-02 20:10:55.738 19147 INFO rally.task.runner [-] Task ac13de89-3612-4815-ab82-36a20944c6ea | ITER: 87 START
2019-07-02 20:10:55.789 19119 INFO rally.task.runner [-] Task ac13de89-3612-4815-ab82-36a20944c6ea | ITER: 67 END: OK
2019-07-02 20:10:55.792 19119 INFO rally.task.runner [-] Task ac13de89-3612-4815-ab82-36a20944c6ea | ITER: 88 START
2019-07-02 20:10:55.860 19161 INFO rally.task.runner [-] Task ac13de89-3612-4815-ab82-36a20944c6ea | ITER: 69 END: OK
2019-07-02 20:10:55.863 19161 INFO rally.task.runner [-] Task ac13de89-3612-4815-ab82-36a20944c6ea | ITER: 89 START
2019-07-02 20:10:56.046 19120 INFO rally.task.runner [-] Task ac13de89-3612-4815-ab82-36a20944c6ea | ITER: 65 END: OK
2019-07-02 20:10:56.049 19120 INFO rally.task.runner [-] Task ac13de89-3612-4815-ab82-36a20944c6ea | ITER: 90 START
2019-07-02 20:10:56.070 19120 INFO rally.task.runner [-] Task ac13de89-3612-4815-ab82-36a20944c6ea | ITER: 75 END: OK
2019-07-02 20:10:56.071 19156 INFO rally.task.runner [-] Task ac13de89-3612-4815-ab82-36a20944c6ea | ITER: 73 END: OK
2019-07-02 20:10:56.074 19156 INFO rally.task.runner [-] Task ac13de89-3612-4815-ab82-36a20944c6ea | ITER: 91 START
2019-07-02 20:10:56.078 19120 INFO rally.task.runner [-] Task ac13de89-3612-4815-ab82-36a20944c6ea | ITER: 92 START
2019-07-02 20:10:56.082 19121 INFO rally.task.runner [-] Task ac13de89-3612-4815-ab82-36a20944c6ea | ITER: 68 END: OK
2019-07-02 20:10:56.085 19121 INFO rally.task.runner [-] Task ac13de89-3612-4815-ab82-36a20944c6ea | ITER: 93 START
2019-07-02 20:10:56.109 19163 INFO rally.task.runner [-] Task ac13de89-3612-4815-ab82-36a20944c6ea | ITER: 72 END: OK
2019-07-02 20:10:56.112 19163 INFO rally.task.runner [-] Task ac13de89-3612-4815-ab82-36a20944c6ea | ITER: 94 START
2019-07-02 20:10:56.173 19139 INFO rally.task.runner [-] Task ac13de89-3612-4815-ab82-36a20944c6ea | ITER: 76 END: OK
2019-07-02 20:10:56.176 19139 INFO rally.task.runner [-] Task ac13de89-3612-4815-ab82-36a20944c6ea | ITER: 95 START
2019-07-02 20:10:56.698 19118 INFO rally.task.runner [-] Task ac13de89-3612-4815-ab82-36a20944c6ea | ITER: 74 END: OK
2019-07-02 20:10:56.702 19118 INFO rally.task.runner [-] Task ac13de89-3612-4815-ab82-36a20944c6ea | ITER: 96 START
2019-07-02 20:10:57.012 19144 INFO rally.task.runner [-] Task ac13de89-3612-4815-ab82-36a20944c6ea | ITER: 77 END: OK
2019-07-02 20:10:57.016 19144 INFO rally.task.runner [-] Task ac13de89-3612-4815-ab82-36a20944c6ea | ITER: 97 START
2019-07-02 20:10:57.209 19130 INFO rally.task.runner [-] Task ac13de89-3612-4815-ab82-36a20944c6ea | ITER: 79 END: OK
2019-07-02 20:10:57.212 19130 INFO rally.task.runner [-] Task ac13de89-3612-4815-ab82-36a20944c6ea | ITER: 98 START
2019-07-02 20:10:57.272 19152 INFO rally.task.runner [-] Task ac13de89-3612-4815-ab82-36a20944c6ea | ITER: 80 END: OK
2019-07-02 20:10:57.275 19152 INFO rally.task.runner [-] Task ac13de89-3612-4815-ab82-36a20944c6ea | ITER: 99 START
2019-07-02 20:10:57.582 19159 INFO rally.task.runner [-] Task ac13de89-3612-4815-ab82-36a20944c6ea | ITER: 82 END: OK
2019-07-02 20:10:57.585 19159 INFO rally.task.runner [-] Task ac13de89-3612-4815-ab82-36a20944c6ea | ITER: 100 START
2019-07-02 20:10:57.995 19119 INFO rally.task.runner [-] Task ac13de89-3612-4815-ab82-36a20944c6ea | ITER: 81 END: OK
2019-07-02 20:10:58.195 19137 INFO rally.task.runner [-] Task ac13de89-3612-4815-ab82-36a20944c6ea | ITER: 84 END: OK
2019-07-02 20:10:58.360 19118 INFO rally.task.runner [-] Task ac13de89-3612-4815-ab82-36a20944c6ea | ITER: 83 END: OK
2019-07-02 20:10:58.422 19149 INFO rally.task.runner [-] Task ac13de89-3612-4815-ab82-36a20944c6ea | ITER: 86 END: OK
2019-07-02 20:10:58.454 19123 INFO rally.task.runner [-] Task ac13de89-3612-4815-ab82-36a20944c6ea | ITER: 78 END: OK
2019-07-02 20:10:58.477 19119 INFO rally.task.runner [-] Task ac13de89-3612-4815-ab82-36a20944c6ea | ITER: 88 END: OK
2019-07-02 20:10:58.779 19147 INFO rally.task.runner [-] Task ac13de89-3612-4815-ab82-36a20944c6ea | ITER: 87 END: OK
2019-07-02 20:10:58.893 19121 INFO rally.task.runner [-] Task ac13de89-3612-4815-ab82-36a20944c6ea | ITER: 85 END: OK
2019-07-02 20:10:59.082 19121 INFO rally.task.runner [-] Task ac13de89-3612-4815-ab82-36a20944c6ea | ITER: 93 END: OK
2019-07-02 20:10:59.199 19120 INFO rally.task.runner [-] Task ac13de89-3612-4815-ab82-36a20944c6ea | ITER: 90 END: OK
2019-07-02 20:10:59.211 19163 INFO rally.task.runner [-] Task ac13de89-3612-4815-ab82-36a20944c6ea | ITER: 94 END: OK
2019-07-02 20:10:59.311 19161 INFO rally.task.runner [-] Task ac13de89-3612-4815-ab82-36a20944c6ea | ITER: 89 END: OK
2019-07-02 20:10:59.335 19120 INFO rally.task.runner [-] Task ac13de89-3612-4815-ab82-36a20944c6ea | ITER: 92 END: OK
2019-07-02 20:10:59.771 19118 INFO rally.task.runner [-] Task ac13de89-3612-4815-ab82-36a20944c6ea | ITER: 96 END: OK
2019-07-02 20:10:59.773 19156 INFO rally.task.runner [-] Task ac13de89-3612-4815-ab82-36a20944c6ea | ITER: 91 END: OK
2019-07-02 20:10:59.992 19139 INFO rally.task.runner [-] Task ac13de89-3612-4815-ab82-36a20944c6ea | ITER: 95 END: OK
2019-07-02 20:11:00.217 19152 INFO rally.task.runner [-] Task ac13de89-3612-4815-ab82-36a20944c6ea | ITER: 99 END: OK
2019-07-02 20:11:00.474 19159 INFO rally.task.runner [-] Task ac13de89-3612-4815-ab82-36a20944c6ea | ITER: 100 END: OK
2019-07-02 20:11:00.547 19144 INFO rally.task.runner [-] Task ac13de89-3612-4815-ab82-36a20944c6ea | ITER: 97 END: OK
2019-07-02 20:11:01.095 19130 INFO rally.task.runner [-] Task ac13de89-3612-4815-ab82-36a20944c6ea | ITER: 98 END: OK
2019-07-02 20:11:01.115 18994 INFO rally.task.context [-] Task ac13de89-3612-4815-ab82-36a20944c6ea | Context cleanup@openstack cleanup() started
2019-07-02 20:11:01.117 18994 RALLYDEBUG rally_openstack.cleanup.manager [-] Cleaning up neutron vip objects
2019-07-02 20:11:01.791 18994 RALLYDEBUG rally_openstack.cleanup.manager [-] Cleaning up neutron health_monitor objects
2019-07-02 20:11:02.444 18994 RALLYDEBUG rally_openstack.cleanup.manager [-] Cleaning up neutron pool objects
2019-07-02 20:11:03.100 18994 RALLYDEBUG rally_openstack.cleanup.manager [-] Cleaning up neutron loadbalancer objects
2019-07-02 20:11:03.858 18994 RALLYDEBUG rally_openstack.cleanup.manager [-] Cleaning up neutron floatingip objects
2019-07-02 20:11:04.657 18994 RALLYDEBUG rally_openstack.cleanup.manager [-] Cleaning up neutron port objects
2019-07-02 20:11:05.924 18994 RALLYDEBUG rally_openstack.cleanup.manager [-] Cleaning up neutron subnet objects
2019-07-02 20:11:06.613 18994 RALLYDEBUG rally_openstack.cleanup.manager [-] Cleaning up neutron network objects
2019-07-02 20:11:07.624 18994 RALLYDEBUG rally_openstack.cleanup.manager [-] Deleting neutron.network object s_rally_fee5db39_tFXnjGs4 (002e096f-7b51-4fdd-85eb-a889f537281c)
2019-07-02 20:11:07.630 18994 RALLYDEBUG rally_openstack.cleanup.manager [-] Deleting neutron.network object s_rally_fee5db39_lPLQu3t1 (005d4eb2-c69f-46ea-b5fb-d01e116da228)
2019-07-02 20:11:07.641 18994 RALLYDEBUG rally_openstack.cleanup.manager [-] Deleting neutron.network object s_rally_fee5db39_ZJ71s8ie (03421d77-5168-4b31-8841-58963774a7af)
2019-07-02 20:11:07.645 18994 RALLYDEBUG rally_openstack.cleanup.manager [-] Deleting neutron.network object s_rally_fee5db39_SyaAqBAC (053133a1-0c3a-4241-9bb9-0313feedfb60)
2019-07-02 20:11:07.650 18994 RALLYDEBUG rally_openstack.cleanup.manager [-] Deleting neutron.network object s_rally_fee5db39_FXy2zpZo (05a18d0f-dc1d-4553-8f2b-e0f8cda642f6)
2019-07-02 20:11:07.664 18994 RALLYDEBUG rally_openstack.cleanup.manager [-] Deleting neutron.network object s_rally_fee5db39_jO70yXK7 (078c05d8-487a-4094-92cd-df86e9e7eb70)
2019-07-02 20:11:07.678 18994 RALLYDEBUG rally_openstack.cleanup.manager [-] Deleting neutron.network object s_rally_fee5db39_5vvzllz0 (079d8629-ed0b-4825-9a85-5cac25309ec2)
2019-07-02 20:11:07.686 18994 RALLYDEBUG rally_openstack.cleanup.manager [-] Deleting neutron.network object s_rally_fee5db39_YcNseOVM (0c1fd8c6-7949-4b4a-b335-64da456720a2)
2019-07-02 20:11:07.701 18994 RALLYDEBUG rally_openstack.cleanup.manager [-] Deleting neutron.network object s_rally_fee5db39_MebJnntu (0f42f11c-9a0a-47ce-99c3-c64d285002b1)
2019-07-02 20:11:07.722 18994 RALLYDEBUG rally_openstack.cleanup.manager [-] Deleting neutron.network object s_rally_fee5db39_KJfkMI5h (11f46818-07fe-4842-b61b-f6e090fbb9fd)
2019-07-02 20:11:07.723 18994 RALLYDEBUG rally_openstack.cleanup.manager [-] Deleting neutron.network object s_rally_fee5db39_oqi9pBsh (16eebc6a-df08-4995-b5ce-52c72df76b83)
2019-07-02 20:11:07.744 18994 RALLYDEBUG rally_openstack.cleanup.manager [-] Deleting neutron.network object s_rally_fee5db39_f8GD3BTF (1a9530f7-b556-410d-863f-bcbafb68726e)
2019-07-02 20:11:07.745 18994 RALLYDEBUG rally_openstack.cleanup.manager [-] Deleting neutron.network object s_rally_fee5db39_CFTxwhnj (148e4797-e2c8-4efd-99ca-71893f45de1a)
2019-07-02 20:11:07.750 18994 RALLYDEBUG rally_openstack.cleanup.manager [-] Deleting neutron.network object s_rally_fee5db39_dHAsdnB6 (198ef290-04bb-4524-b361-8f3857b100d8)
2019-07-02 20:11:07.763 18994 RALLYDEBUG rally_openstack.cleanup.manager [-] Deleting neutron.network object s_rally_fee5db39_MYtnF3Sa (1e2beea4-b67e-4dc8-a8b6-2e01b6d685bd)
2019-07-02 20:11:07.773 18994 RALLYDEBUG rally_openstack.cleanup.manager [-] Deleting neutron.network object s_rally_fee5db39_2W6lZMMm (1feb256a-c875-43a5-9f22-8259644e1d1c)
2019-07-02 20:11:07.790 18994 RALLYDEBUG rally_openstack.cleanup.manager [-] Deleting neutron.network object s_rally_fee5db39_zB7ojcHS (25db3b09-1adc-470c-ad09-3e7651fc33b0)
2019-07-02 20:11:07.805 18994 RALLYDEBUG rally_openstack.cleanup.manager [-] Deleting neutron.network object s_rally_fee5db39_PCJ1BEtV (2651488d-32a6-491a-91ae-5506efe7d69c)
2019-07-02 20:11:07.806 18994 RALLYDEBUG rally_openstack.cleanup.manager [-] Deleting neutron.network object s_rally_fee5db39_FUUue59O (25ada3e8-c47c-4fe5-b6f8-f52fdbb4d88a)
2019-07-02 20:11:07.816 18994 RALLYDEBUG rally_openstack.cleanup.manager [-] Deleting neutron.network object s_rally_fee5db39_5Ru60pRl (2b2c6878-4a6a-4eed-bcf6-5641cd36eba1)
2019-07-02 20:11:10.960 18994 RALLYDEBUG rally_openstack.cleanup.manager [-] Deleting neutron.network object s_rally_fee5db39_PU7pXFUH (2dee1db7-5a54-4ed2-bc04-a12bcd98a3f5)
2019-07-02 20:11:10.974 18994 RALLYDEBUG rally_openstack.cleanup.manager [-] Deleting neutron.network object s_rally_fee5db39_U8nuWsxR (33801eca-53e5-426e-96d6-f1f1cb97a9b8)
2019-07-02 20:11:11.107 18994 RALLYDEBUG rally_openstack.cleanup.manager [-] Deleting neutron.network object s_rally_fee5db39_WUm6wZM2 (34164c39-adef-41f3-b586-143e84a9c562)
2019-07-02 20:11:11.216 18994 RALLYDEBUG rally_openstack.cleanup.manager [-] Deleting neutron.network object s_rally_fee5db39_XNyO1xQA (3933b7b2-5d17-4989-af66-636fa9ee2c88)
2019-07-02 20:11:11.243 18994 RALLYDEBUG rally_openstack.cleanup.manager [-] Deleting neutron.network object s_rally_fee5db39_2lv5WexK (3d8d1812-4296-49c4-b822-2c3306a95b6c)
2019-07-02 20:11:11.345 18994 RALLYDEBUG rally_openstack.cleanup.manager [-] Deleting neutron.network object s_rally_fee5db39_Uq8Qdh6K (3f66785b-5c81-48f6-b759-05bacd07ea2b)
2019-07-02 20:11:12.205 18994 RALLYDEBUG rally_openstack.cleanup.manager [-] Deleting neutron.network object s_rally_fee5db39_mFYsW1bP (44c59de5-2739-40df-9b3f-993f0d62d3f7)
2019-07-02 20:11:12.211 18994 RALLYDEBUG rally_openstack.cleanup.manager [-] Deleting neutron.network object s_rally_fee5db39_PUuulogm (457dc58d-22c7-41ca-b651-83fe21ff1e16)
2019-07-02 20:11:12.526 18994 RALLYDEBUG rally_openstack.cleanup.manager [-] Deleting neutron.network object s_rally_fee5db39_Hms9v1ty (45868b0a-abc3-46b3-96dd-d500bb57cb2e)
2019-07-02 20:11:12.530 18994 RALLYDEBUG rally_openstack.cleanup.manager [-] Deleting neutron.network object s_rally_fee5db39_AKoJaRHz (46fdc131-056d-4d86-b85c-806299093017)
2019-07-02 20:11:13.348 18994 RALLYDEBUG rally_openstack.cleanup.manager [-] Deleting neutron.network object s_rally_fee5db39_6wixvV2d (5029a391-07f7-4af1-821f-7891ba5f5608)
2019-07-02 20:11:13.358 18994 RALLYDEBUG rally_openstack.cleanup.manager [-] Deleting neutron.network object s_rally_fee5db39_oCA6wzNC (502e823a-44dc-4843-b6f4-99c21ec7b4ee)
2019-07-02 20:11:13.368 18994 RALLYDEBUG rally_openstack.cleanup.manager [-] Deleting neutron.network object s_rally_fee5db39_XtrNuHG9 (50cfec69-f9e2-40a0-8865-8e84451f2883)
2019-07-02 20:11:13.439 18994 RALLYDEBUG rally_openstack.cleanup.manager [-] Deleting neutron.network object s_rally_fee5db39_xt93pDM6 (53063b73-b567-4061-a0c5-1aff28fbb0fc)
2019-07-02 20:11:13.849 18994 RALLYDEBUG rally_openstack.cleanup.manager [-] Deleting neutron.network object s_rally_fee5db39_nGFzaexx (5413a1d8-9685-46a4-aff3-aa8bedad19d7)
2019-07-02 20:11:13.854 18994 RALLYDEBUG rally_openstack.cleanup.manager [-] Deleting neutron.network object s_rally_fee5db39_iZ3ynsPm (56f82717-e8e8-421c-a87a-d57a61c14ca2)
2019-07-02 20:11:14.085 18994 RALLYDEBUG rally_openstack.cleanup.manager [-] Deleting neutron.network object s_rally_fee5db39_9AepmbmC (5891326e-5762-47b1-a98a-5ab12816ce1a)
2019-07-02 20:11:14.138 18994 RALLYDEBUG rally_openstack.cleanup.manager [-] Deleting neutron.network object s_rally_fee5db39_KG97FbCf (5a919c43-95a1-49c8-839e-566bc5e56f44)
2019-07-02 20:11:14.345 18994 RALLYDEBUG rally_openstack.cleanup.manager [-] Deleting neutron.network object s_rally_fee5db39_rgczZ3eI (6600fbd2-6fc3-4ba4-9309-fcef11b62a32)
2019-07-02 20:11:14.430 18994 RALLYDEBUG rally_openstack.cleanup.manager [-] Deleting neutron.network object s_rally_fee5db39_9urc4Z0y (695480a9-affd-4168-95fd-5245025a1445)
2019-07-02 20:11:14.548 18994 RALLYDEBUG rally_openstack.cleanup.manager [-] Deleting neutron.network object s_rally_fee5db39_EvaJHru7 (71f7d98c-dd62-48a8-8636-802d641c280b)
2019-07-02 20:11:14.572 18994 RALLYDEBUG rally_openstack.cleanup.manager [-] Deleting neutron.network object s_rally_fee5db39_WoFyPeMy (768bfda5-0296-4ef3-9c60-4c2385e9ab8e)
2019-07-02 20:11:14.636 18994 RALLYDEBUG rally_openstack.cleanup.manager [-] Deleting neutron.network object s_rally_fee5db39_YGs6gPDk (776f512b-73de-48e9-9a39-a83ed375f129)
2019-07-02 20:11:14.697 18994 RALLYDEBUG rally_openstack.cleanup.manager [-] Deleting neutron.network object s_rally_fee5db39_NXCdBgD5 (7bb60b3e-7bcd-426f-bc58-c2715d35a41a)
2019-07-02 20:11:14.717 18994 RALLYDEBUG rally_openstack.cleanup.manager [-] Deleting neutron.network object s_rally_fee5db39_zSpue0Zb (7c54c160-22fe-45ba-8991-ebfefdbd1229)
2019-07-02 20:11:14.749 18994 RALLYDEBUG rally_openstack.cleanup.manager [-] Deleting neutron.network object s_rally_fee5db39_zVF21UY7 (7e531985-cab6-4cc7-ada9-18dd1096d859)
2019-07-02 20:11:15.513 18994 RALLYDEBUG rally_openstack.cleanup.manager [-] Deleting neutron.network object s_rally_fee5db39_ip4SCr7d (83a40d7f-9504-4d03-a49e-39e09bc57333)
2019-07-02 20:11:15.582 18994 RALLYDEBUG rally_openstack.cleanup.manager [-] Deleting neutron.network object s_rally_fee5db39_KrB63V8p (87c9e32c-27da-439b-9e76-b12b550af2ba)
2019-07-02 20:11:15.753 18994 RALLYDEBUG rally_openstack.cleanup.manager [-] Deleting neutron.network object s_rally_fee5db39_skuvDfay (8913cc32-37f1-4b67-8717-a550380674e4)
2019-07-02 20:11:15.995 18994 RALLYDEBUG rally_openstack.cleanup.manager [-] Deleting neutron.network object s_rally_fee5db39_MCG39UOb (9000f009-74f3-4a82-a5a6-0ef6fcc218af)
2019-07-02 20:11:16.402 18994 RALLYDEBUG rally_openstack.cleanup.manager [-] Deleting neutron.network object s_rally_fee5db39_bxOHLCFa (91022db0-064c-42a5-a4d2-29f022b6f8ce)
2019-07-02 20:11:16.707 18994 RALLYDEBUG rally_openstack.cleanup.manager [-] Deleting neutron.network object s_rally_fee5db39_2j281kir (965d84d3-d1d4-48cc-b1ac-467de81cf826)
2019-07-02 20:11:16.719 18994 RALLYDEBUG rally_openstack.cleanup.manager [-] Deleting neutron.network object s_rally_fee5db39_5SlBSzAf (989ee6a6-0068-4c97-9df8-bb2d3fa68e08)
2019-07-02 20:11:17.107 18994 RALLYDEBUG rally_openstack.cleanup.manager [-] Deleting neutron.network object s_rally_fee5db39_Jh26YAwK (9c953cb4-b68d-4bf8-8a39-5dbeb361b0f9)
2019-07-02 20:11:17.239 18994 RALLYDEBUG rally_openstack.cleanup.manager [-] Deleting neutron.network object s_rally_fee5db39_vQWsidKi (9d2db188-bdff-4d7e-8c04-698ba2c5fc75)
2019-07-02 20:11:17.247 18994 RALLYDEBUG rally_openstack.cleanup.manager [-] Deleting neutron.network object s_rally_fee5db39_dvAEesXA (9fcad7cc-acfc-4c64-ab4d-535ac3da7bea)
2019-07-02 20:11:17.273 18994 RALLYDEBUG rally_openstack.cleanup.manager [-] Deleting neutron.network object s_rally_fee5db39_WPzvrmvN (a13e87df-cfc6-4563-92b8-cbf77a225ec5)
2019-07-02 20:11:17.596 18994 RALLYDEBUG rally_openstack.cleanup.manager [-] Deleting neutron.network object s_rally_fee5db39_5XTJlws7 (a5a49086-f9e1-4950-b712-9de0e94d1097)
2019-07-02 20:11:17.771 18994 RALLYDEBUG rally_openstack.cleanup.manager [-] Deleting neutron.network object s_rally_fee5db39_P0n5eorr (a675f475-38fc-4415-bb5e-2a2a32d20562)
2019-07-02 20:11:17.852 18994 RALLYDEBUG rally_openstack.cleanup.manager [-] Deleting neutron.network object s_rally_fee5db39_zOPwsAwZ (a6a0ef3d-f4c8-43e2-8f01-344c2583d393)
2019-07-02 20:11:17.956 18994 RALLYDEBUG rally_openstack.cleanup.manager [-] Deleting neutron.network object s_rally_fee5db39_NYBNfhOY (a845fc35-1e18-4a49-8fe4-dd6b005d1db2)
2019-07-02 20:11:18.319 18994 RALLYDEBUG rally_openstack.cleanup.manager [-] Deleting neutron.network object s_rally_fee5db39_p1AcRVYe (abf37a19-f9b6-464d-b563-5ebe75430ff7)
2019-07-02 20:11:18.788 18994 RALLYDEBUG rally_openstack.cleanup.manager [-] Deleting neutron.network object s_rally_fee5db39_PyNivVVG (ac4d601c-a96b-479f-b19e-73f296db3027)
2019-07-02 20:11:18.880 18994 RALLYDEBUG rally_openstack.cleanup.manager [-] Deleting neutron.network object s_rally_fee5db39_aeXWpZnG (af4c45d9-d964-48f9-a00e-07924b18aa48)
2019-07-02 20:11:18.895 18994 RALLYDEBUG rally_openstack.cleanup.manager [-] Deleting neutron.network object s_rally_fee5db39_B4kf4GjI (b510b55c-d3c9-4bf8-92be-be5cbe5d952a)
2019-07-02 20:11:19.144 18994 RALLYDEBUG rally_openstack.cleanup.manager [-] Deleting neutron.network object s_rally_fee5db39_hIouG19r (b70a8d46-217a-4bb2-84d2-44bd5557a63f)
2019-07-02 20:11:19.155 18994 RALLYDEBUG rally_openstack.cleanup.manager [-] Deleting neutron.network object s_rally_fee5db39_2iYjgKL2 (b820dee8-b4fe-4db6-842f-8832c3fe9c0c)
2019-07-02 20:11:19.165 18994 RALLYDEBUG rally_openstack.cleanup.manager [-] Deleting neutron.network object s_rally_fee5db39_LIsprZPU (bb7e7472-9330-4efb-a948-f38dd13daf58)
2019-07-02 20:11:19.202 18994 RALLYDEBUG rally_openstack.cleanup.manager [-] Deleting neutron.network object s_rally_fee5db39_4N4DPh8V (bfd24d19-29e6-4024-a728-5a427081f8ed)
2019-07-02 20:11:19.250 18994 RALLYDEBUG rally_openstack.cleanup.manager [-] Deleting neutron.network object s_rally_fee5db39_4rPDVJtZ (c3c7d729-d991-4ab9-96ea-f283454ba99d)
2019-07-02 20:11:19.702 18994 RALLYDEBUG rally_openstack.cleanup.manager [-] Deleting neutron.network object s_rally_fee5db39_wuBNvIcR (c44b3551-a4ce-4362-9658-cc791a7ff2b4)
2019-07-02 20:11:20.000 18994 RALLYDEBUG rally_openstack.cleanup.manager [-] Deleting neutron.network object s_rally_fee5db39_NJcy7rAz (c455c644-54e7-440a-94e6-e0cc677fd176)
2019-07-02 20:11:20.127 18994 RALLYDEBUG rally_openstack.cleanup.manager [-] Deleting neutron.network object s_rally_fee5db39_yHhKd3H1 (c73f2567-f10b-4b19-a95b-2516a4c2eb4e)
2019-07-02 20:11:20.195 18994 RALLYDEBUG rally_openstack.cleanup.manager [-] Deleting neutron.network object s_rally_fee5db39_PgWajKHd (cba633c0-0c59-4496-8992-81171ec573f5)
2019-07-02 20:11:20.630 18994 RALLYDEBUG rally_openstack.cleanup.manager [-] Deleting neutron.network object s_rally_fee5db39_GCcieZaD (ccc32100-8141-4528-9d6d-8ff0d96ab510)
2019-07-02 20:11:20.821 18994 RALLYDEBUG rally_openstack.cleanup.manager [-] Deleting neutron.network object s_rally_fee5db39_83sOSL6a (cf41808c-5a36-4841-9a48-e98e11f5fbff)
2019-07-02 20:11:21.136 18994 RALLYDEBUG rally_openstack.cleanup.manager [-] Deleting neutron.network object s_rally_fee5db39_PFGI4uQm (d2f8b207-46e0-4b5e-8a34-9a52c6cb638d)
2019-07-02 20:11:21.204 18994 RALLYDEBUG rally_openstack.cleanup.manager [-] Deleting neutron.network object s_rally_fee5db39_P41Mj76w (d59107fe-e90d-4f2f-98a5-56fc2df52079)
2019-07-02 20:11:21.349 18994 RALLYDEBUG rally_openstack.cleanup.manager [-] Deleting neutron.network object s_rally_fee5db39_tUqAF2Px (d5e26740-80c5-474f-a3bc-8dc879084406)
2019-07-02 20:11:21.605 18994 RALLYDEBUG rally_openstack.cleanup.manager [-] Deleting neutron.network object s_rally_fee5db39_kdoWh42x (d8b8231c-2888-4251-8cfb-b9debdb4c0a1)
2019-07-02 20:11:21.641 18994 RALLYDEBUG rally_openstack.cleanup.manager [-] Deleting neutron.network object s_rally_fee5db39_KHwDpJti (d98d9ff2-5dda-4e2d-b1f3-3b3344ee1359)
2019-07-02 20:11:21.732 18994 RALLYDEBUG rally_openstack.cleanup.manager [-] Deleting neutron.network object s_rally_fee5db39_BGiE229O (dabff330-25dd-48f1-90d0-81a074603f54)
2019-07-02 20:11:22.058 18994 RALLYDEBUG rally_openstack.cleanup.manager [-] Deleting neutron.network object s_rally_fee5db39_SuzFsEsG (defb5836-35cc-4568-8983-a3c0787a9ca2)
2019-07-02 20:11:22.117 18994 RALLYDEBUG rally_openstack.cleanup.manager [-] Deleting neutron.network object s_rally_fee5db39_h3lj4qdQ (df536161-c80c-44f2-94f6-dd9d27908a4c)
2019-07-02 20:11:22.213 18994 RALLYDEBUG rally_openstack.cleanup.manager [-] Deleting neutron.network object s_rally_fee5db39_ChLZ4QwO (e0b157bd-f430-4973-87ad-e170b53e8a0f)
2019-07-02 20:11:22.426 18994 RALLYDEBUG rally_openstack.cleanup.manager [-] Deleting neutron.network object s_rally_fee5db39_hNwJVX0m (e18bc621-3ea0-4a72-a7d8-1d3c463626c3)
2019-07-02 20:11:22.530 18994 RALLYDEBUG rally_openstack.cleanup.manager [-] Deleting neutron.network object s_rally_fee5db39_w44x9eMM (e4116752-5c1c-47d2-85ea-f9a74968eccc)
2019-07-02 20:11:22.895 18994 RALLYDEBUG rally_openstack.cleanup.manager [-] Deleting neutron.network object s_rally_fee5db39_foMZ5wWD (e4227fd3-7f25-452f-bb9f-54dd63cb1710)
2019-07-02 20:11:23.120 18994 RALLYDEBUG rally_openstack.cleanup.manager [-] Deleting neutron.network object s_rally_fee5db39_q2TYLYmz (e48b13f9-4f79-4cde-900b-6ec7fb10fa87)
2019-07-02 20:11:23.561 18994 RALLYDEBUG rally_openstack.cleanup.manager [-] Deleting neutron.network object s_rally_fee5db39_3hmeeW3u (e521a4bd-79d2-4c16-b196-03ff8da4f30e)
2019-07-02 20:11:23.729 18994 RALLYDEBUG rally_openstack.cleanup.manager [-] Deleting neutron.network object s_rally_fee5db39_Tk0LgKYb (e5944654-5db7-4eca-a7bb-a56c01320564)
2019-07-02 20:11:23.910 18994 RALLYDEBUG rally_openstack.cleanup.manager [-] Deleting neutron.network object s_rally_fee5db39_Q0lXP9fv (ec6b66fa-5f1b-4340-9ec3-a7cfaadd63ce)
2019-07-02 20:11:23.920 18994 RALLYDEBUG rally_openstack.cleanup.manager [-] Deleting neutron.network object s_rally_fee5db39_R4aW9uuo (ed322a92-7e59-4d89-8c3f-67d5eef115f1)
2019-07-02 20:11:24.209 18994 RALLYDEBUG rally_openstack.cleanup.manager [-] Deleting neutron.network object s_rally_fee5db39_YSQyH00v (ef02a26a-1475-4640-900c-306f740f7ffc)
2019-07-02 20:11:24.419 18994 RALLYDEBUG rally_openstack.cleanup.manager [-] Deleting neutron.network object s_rally_fee5db39_OYRpt23y (efd53f8d-6f73-4988-99a8-1c97969f16c9)
2019-07-02 20:11:24.630 18994 RALLYDEBUG rally_openstack.cleanup.manager [-] Deleting neutron.network object s_rally_fee5db39_8BeNbgX2 (f63bf7db-98d5-4e65-a779-0562ca3d3445)
