2019-07-02 20:27:46.832 18994 RALLYDEBUG rally_openstack.cleanup.manager [-] Deleting neutron.port object s_rally_1ab621a7_KvmhTBM3 (4b52d52d-b79d-4f10-b591-f13af36b9d95)
2019-07-02 20:27:46.978 18994 RALLYDEBUG rally_openstack.cleanup.manager [-] Deleting neutron.port object s_rally_1ab621a7_8UEB8lbW (4d475850-c62e-41f7-96d6-8bbb10d120b2)
2019-07-02 20:27:46.991 18994 RALLYDEBUG rally_openstack.cleanup.manager [-] Deleting neutron.port object s_rally_1ab621a7_uqzxOBGm (4d4979db-6166-4b12-a18e-e36cf069e7c4)
2019-07-02 20:27:47.101 18994 RALLYDEBUG rally_openstack.cleanup.manager [-] Deleting neutron.port object s_rally_1ab621a7_XAPScwe5 (4d49a061-a5fc-48ee-a5b2-1913dd09c951)
2019-07-02 20:27:47.182 18994 RALLYDEBUG rally_openstack.cleanup.manager [-] Deleting neutron.port object s_rally_1ab621a7_qKcTijVq (51d58e24-a13e-458f-b1ff-c70b3bef39ad)
2019-07-02 20:27:47.201 18994 RALLYDEBUG rally_openstack.cleanup.manager [-] Deleting neutron.port object s_rally_1ab621a7_fuyxwHa2 (51e15f3a-a6d9-48c4-95ff-9ea8fad4adb6)
2019-07-02 20:27:47.552 18994 RALLYDEBUG rally_openstack.cleanup.manager [-] Deleting neutron.port object s_rally_1ab621a7_AjIlZVyq (5484505d-79c4-483c-bf2c-a3ce5937f6eb)
2019-07-02 20:27:47.598 18994 RALLYDEBUG rally_openstack.cleanup.manager [-] Deleting neutron.port object s_rally_1ab621a7_oZB1TYBd (55fbb526-d4b9-4b4b-80a2-610240880e84)
2019-07-02 20:27:47.612 18994 RALLYDEBUG rally_openstack.cleanup.manager [-] Deleting neutron.port object s_rally_1ab621a7_ujEbzTfT (57c7ddb0-76a8-4ee9-a5c5-258da58c93fc)
2019-07-02 20:27:47.623 18994 RALLYDEBUG rally_openstack.cleanup.manager [-] Deleting neutron.port object s_rally_1ab621a7_acBB9qVe (59c7e1ea-ea0b-42f2-a448-eac8699d1834)
2019-07-02 20:27:47.657 18994 RALLYDEBUG rally_openstack.cleanup.manager [-] Deleting neutron.port object s_rally_1ab621a7_23QvCyDD (5b67fc7e-1629-446f-9dc1-9e756185b6e3)
2019-07-02 20:27:47.699 18994 RALLYDEBUG rally_openstack.cleanup.manager [-] Deleting neutron.port object s_rally_1ab621a7_hl6dEjOw (5b714abc-7d15-4d32-906d-dc23bd3d3ea7)
2019-07-02 20:27:47.752 18994 RALLYDEBUG rally_openstack.cleanup.manager [-] Deleting neutron.port object s_rally_1ab621a7_Hyh3MduW (5d903cd9-8274-4304-a8f4-6fbff3f3e892)
2019-07-02 20:27:48.553 18994 RALLYDEBUG rally_openstack.cleanup.manager [-] Deleting neutron.port object s_rally_1ab621a7_e1GFZ5R4 (5ed2ab57-88cd-4aaa-b259-87e691562bad)
2019-07-02 20:27:48.600 18994 RALLYDEBUG rally_openstack.cleanup.manager [-] Deleting neutron.port object s_rally_1ab621a7_1RXqfUp7 (62c0f336-76ec-4304-924d-38c7cefe90bd)
2019-07-02 20:27:48.813 18994 RALLYDEBUG rally_openstack.cleanup.manager [-] Deleting neutron.port object s_rally_1ab621a7_kp2nb5Ag (62c31391-55e2-404a-b491-359db18d2f76)
2019-07-02 20:27:49.021 18994 RALLYDEBUG rally_openstack.cleanup.manager [-] Deleting neutron.port object s_rally_1ab621a7_a4oewH3p (63cdc1ad-b075-400f-9978-2c6516357e38)
2019-07-02 20:27:49.052 18994 RALLYDEBUG rally_openstack.cleanup.manager [-] Deleting neutron.port object s_rally_1ab621a7_7vje0a5r (670ba499-d2e0-4ed5-a4be-c67fbfa2534a)
2019-07-02 20:27:49.241 18994 RALLYDEBUG rally_openstack.cleanup.manager [-] Deleting neutron.port object s_rally_1ab621a7_ghfrDQ1Q (678b850f-36c0-400d-b09a-81ef0c80ba86)
2019-07-02 20:27:49.266 18994 RALLYDEBUG rally_openstack.cleanup.manager [-] Deleting neutron.port object s_rally_1ab621a7_wuw39WY2 (67b11f1a-6004-4c1d-9579-e053e016b56b)
2019-07-02 20:27:49.280 18994 RALLYDEBUG rally_openstack.cleanup.manager [-] Deleting neutron.port object s_rally_1ab621a7_CwrjgcgW (68298b20-6ceb-46cb-b6c9-c2537a60c374)
2019-07-02 20:27:49.364 18994 RALLYDEBUG rally_openstack.cleanup.manager [-] Deleting neutron.port object s_rally_1ab621a7_YKjBJceU (69b3945c-77c4-41fd-8dd2-64ffad27bf8c)
2019-07-02 20:27:49.491 18994 RALLYDEBUG rally_openstack.cleanup.manager [-] Deleting neutron.port object s_rally_1ab621a7_ZMAsHqFg (6c1254fd-12f8-4472-8e26-09a6118869d7)
2019-07-02 20:27:49.540 18994 RALLYDEBUG rally_openstack.cleanup.manager [-] Deleting neutron.port object s_rally_1ab621a7_qAABkTEV (6c556446-6788-4dfc-94e4-4c835e419c08)
2019-07-02 20:27:49.599 18994 RALLYDEBUG rally_openstack.cleanup.manager [-] Deleting neutron.port object s_rally_1ab621a7_BiNuefvQ (6e98b6e8-b716-40fa-a8c0-8b891a5daef3)
2019-07-02 20:27:49.613 18994 RALLYDEBUG rally_openstack.cleanup.manager [-] Deleting neutron.port object s_rally_1ab621a7_jZgOABGM (7140c372-02f0-456a-a82d-f3def54fa55b)
2019-07-02 20:27:49.945 18994 RALLYDEBUG rally_openstack.cleanup.manager [-] Deleting neutron.port object s_rally_1ab621a7_eTVKaYXq (7197aeef-e5c8-4fdd-b954-40cbc9db86dd)
2019-07-02 20:27:50.041 18994 RALLYDEBUG rally_openstack.cleanup.manager [-] Deleting neutron.port object s_rally_1ab621a7_sBLdDSXR (72324590-4083-4e1e-8034-2f1d94650415)
2019-07-02 20:27:50.079 18994 RALLYDEBUG rally_openstack.cleanup.manager [-] Deleting neutron.port object s_rally_1ab621a7_tjgs1MPc (72f146f3-6a21-4b3b-beb1-bda4d939144c)
2019-07-02 20:27:50.159 18994 RALLYDEBUG rally_openstack.cleanup.manager [-] Deleting neutron.port object s_rally_1ab621a7_wkVO4lAh (73eba0e3-1478-4fb8-ac65-2d60873776d0)
2019-07-02 20:27:50.170 18994 RALLYDEBUG rally_openstack.cleanup.manager [-] Deleting neutron.port object s_rally_1ab621a7_sfehGH7Q (74d58515-faa6-426b-aaa6-bab9c0e33ed6)
2019-07-02 20:27:50.288 18994 RALLYDEBUG rally_openstack.cleanup.manager [-] Deleting neutron.port object s_rally_1ab621a7_02yVjLb4 (77c15997-e8d9-4a67-a350-32a4ac7fb0c8)
2019-07-02 20:27:50.305 18994 RALLYDEBUG rally_openstack.cleanup.manager [-] Deleting neutron.port object s_rally_1ab621a7_g8T5BgKL (7b800619-07b9-4015-ac57-ec3343bcd136)
2019-07-02 20:27:50.898 18994 RALLYDEBUG rally_openstack.cleanup.manager [-] Deleting neutron.port object s_rally_1ab621a7_4lBGArkD (7c265162-63da-46d5-a820-e391c9f320b7)
2019-07-02 20:27:50.937 18994 RALLYDEBUG rally_openstack.cleanup.manager [-] Deleting neutron.port object s_rally_1ab621a7_CKKHFFXM (7ce3c438-5399-4e6e-b721-a075e3cd6e06)
2019-07-02 20:27:51.183 18994 RALLYDEBUG rally_openstack.cleanup.manager [-] Deleting neutron.port object s_rally_1ab621a7_BNqUo3wG (7d359b0f-de4c-4308-b9e4-8e55fa635a47)
2019-07-02 20:27:51.565 18994 RALLYDEBUG rally_openstack.cleanup.manager [-] Deleting neutron.port object s_rally_1ab621a7_tQFSKYPP (7d63d640-d034-4c31-9d05-ab8afb7ca817)
2019-07-02 20:27:51.621 18994 RALLYDEBUG rally_openstack.cleanup.manager [-] Deleting neutron.port object s_rally_1ab621a7_PKF9BG6A (7f89a42a-ca5a-40ab-995e-671d5196e119)
2019-07-02 20:27:51.765 18994 RALLYDEBUG rally_openstack.cleanup.manager [-] Deleting neutron.port object s_rally_1ab621a7_ZHKeMN3Y (860384bc-be89-47e5-9529-bec143f8d9b4)
2019-07-02 20:27:51.813 18994 RALLYDEBUG rally_openstack.cleanup.manager [-] Deleting neutron.port object s_rally_1ab621a7_YN1XoGe8 (86d4f9a0-2f2c-4493-8485-91595b6704ac)
2019-07-02 20:27:52.016 18994 RALLYDEBUG rally_openstack.cleanup.manager [-] Deleting neutron.port object s_rally_1ab621a7_rw4mzvrf (8b3d519c-16f9-4027-a6e3-29abf83239b4)
2019-07-02 20:27:52.083 18994 RALLYDEBUG rally_openstack.cleanup.manager [-] Deleting neutron.port object s_rally_1ab621a7_YVdSHi6I (8cfa7e20-9cfa-4be2-be3b-a87929b497ea)
2019-07-02 20:27:52.236 18994 RALLYDEBUG rally_openstack.cleanup.manager [-] Deleting neutron.port object s_rally_1ab621a7_ZBlK70nI (8d5046fc-e9af-4616-82f8-079d723a243b)
2019-07-02 20:27:52.358 18994 RALLYDEBUG rally_openstack.cleanup.manager [-] Deleting neutron.port object s_rally_1ab621a7_dlfRoe7y (8e572e61-1ce5-4dfd-bcdd-f12ba02b297f)
2019-07-02 20:27:52.508 18994 RALLYDEBUG rally_openstack.cleanup.manager [-] Deleting neutron.port object s_rally_1ab621a7_dXDl9m1R (9093bf5d-487a-4592-863d-1c5a139dded1)
2019-07-02 20:27:52.539 18994 RALLYDEBUG rally_openstack.cleanup.manager [-] Deleting neutron.port object s_rally_1ab621a7_VrDoeafs (94b7b22d-b757-4652-a324-7abe72e0b09b)
2019-07-02 20:27:52.567 18994 RALLYDEBUG rally_openstack.cleanup.manager [-] Deleting neutron.port object s_rally_1ab621a7_DhqU0V5b (9760be8d-fb89-4a18-bf30-a0d629f88dde)
2019-07-02 20:27:52.687 18994 RALLYDEBUG rally_openstack.cleanup.manager [-] Deleting neutron.port object s_rally_1ab621a7_jOh67pAZ (976f4e55-1ebd-4340-bd58-aa8600828616)
2019-07-02 20:27:52.699 18994 RALLYDEBUG rally_openstack.cleanup.manager [-] Deleting neutron.port object s_rally_1ab621a7_nDFEYS4G (97896f59-67d1-43f9-a7e8-2f23bf8b7197)
2019-07-02 20:27:52.794 18994 RALLYDEBUG rally_openstack.cleanup.manager [-] Deleting neutron.port object s_rally_1ab621a7_h9W1ixXD (98b7d457-684e-4ff6-a528-12ce6ad1478f)
2019-07-02 20:27:52.890 18994 RALLYDEBUG rally_openstack.cleanup.manager [-] Deleting neutron.port object s_rally_1ab621a7_qvG9d3Qs (9b9009d1-abdd-4658-bce6-1150cce5f1e9)
2019-07-02 20:27:53.307 18994 RALLYDEBUG rally_openstack.cleanup.manager [-] Deleting neutron.port object s_rally_1ab621a7_nzO9ILtp (9d252be7-d694-48a9-a933-e303d3fdbe6b)
2019-07-02 20:27:53.401 18994 RALLYDEBUG rally_openstack.cleanup.manager [-] Deleting neutron.port object s_rally_1ab621a7_zu5BilVu (9d4939c9-72a0-4b50-9bbe-c00f2bc13138)
2019-07-02 20:27:53.401 18994 RALLYDEBUG rally_openstack.cleanup.manager [-] Deleting neutron.port object s_rally_1ab621a7_ykJEc3t2 (9f271a6e-e94e-495b-8768-050241c3eb9e)
2019-07-02 20:27:53.432 18994 RALLYDEBUG rally_openstack.cleanup.manager [-] Deleting neutron.port object s_rally_1ab621a7_X622qpwE (a299f182-e249-4c83-aada-ceccb909a459)
2019-07-02 20:27:53.816 18994 RALLYDEBUG rally_openstack.cleanup.manager [-] Deleting neutron.port object s_rally_1ab621a7_hjPd1XVy (a344f0d7-6ae7-43be-af37-96ef85b9c46c)
2019-07-02 20:27:53.920 18994 RALLYDEBUG rally_openstack.cleanup.manager [-] Deleting neutron.port object s_rally_1ab621a7_D4NyZ7JS (a36f9e97-3920-4429-bf04-f5f79ea1e25a)
2019-07-02 20:27:54.027 18994 RALLYDEBUG rally_openstack.cleanup.manager [-] Deleting neutron.port object s_rally_1ab621a7_u5qVhdCS (a3ed03fb-7c1b-4d98-b49b-3e9d814e9e65)
2019-07-02 20:27:54.276 18994 RALLYDEBUG rally_openstack.cleanup.manager [-] Deleting neutron.port object s_rally_1ab621a7_xtNmlDN4 (a45e35ee-e02b-4484-8c5c-8501c9148be5)
2019-07-02 20:27:54.471 18994 RALLYDEBUG rally_openstack.cleanup.manager [-] Deleting neutron.port object s_rally_1ab621a7_dvohAW2b (a462d3c8-cec0-46f2-96a9-8784d34b0048)
2019-07-02 20:27:54.695 18994 RALLYDEBUG rally_openstack.cleanup.manager [-] Deleting neutron.port object s_rally_1ab621a7_rWeEo4eS (a528d0fc-9d26-4702-a95f-81b64266e907)
2019-07-02 20:27:54.717 18994 RALLYDEBUG rally_openstack.cleanup.manager [-] Deleting neutron.port object s_rally_1ab621a7_LU8K0jlN (a6694cc8-e0e9-429b-b566-15e459b84eea)
2019-07-02 20:27:54.956 18994 RALLYDEBUG rally_openstack.cleanup.manager [-] Deleting neutron.port object s_rally_1ab621a7_uw9DZhxP (a6fbb128-905f-40b5-9654-736508a781ed)
2019-07-02 20:27:54.969 18994 RALLYDEBUG rally_openstack.cleanup.manager [-] Deleting neutron.port object s_rally_1ab621a7_g8mLgzGa (a80ca3c5-7e79-4506-af00-8d5e0efc3421)
2019-07-02 20:27:54.987 18994 RALLYDEBUG rally_openstack.cleanup.manager [-] Deleting neutron.port object s_rally_1ab621a7_Xn7xm7Eb (a8a49451-0e36-43d4-82d4-e57dbd3928f7)
2019-07-02 20:27:55.032 18994 RALLYDEBUG rally_openstack.cleanup.manager [-] Deleting neutron.port object s_rally_1ab621a7_s6ellXKB (a92745ac-612c-4ab0-b3e4-2a42413e9bd1)
2019-07-02 20:27:55.176 18994 RALLYDEBUG rally_openstack.cleanup.manager [-] Deleting neutron.port object s_rally_1ab621a7_GwhGVXPZ (ac75c570-1d4b-495c-ba81-e687fb08474d)
2019-07-02 20:27:55.225 18994 RALLYDEBUG rally_openstack.cleanup.manager [-] Deleting neutron.port object s_rally_1ab621a7_Y43c3Mrc (ae66f56b-32ca-4415-8f87-84cae7c7a816)
2019-07-02 20:27:55.242 18994 RALLYDEBUG rally_openstack.cleanup.manager [-] Deleting neutron.port object s_rally_1ab621a7_5JpH8RxP (af3297e8-5a14-4be6-8e90-381f217e5d65)
2019-07-02 20:27:55.472 18994 RALLYDEBUG rally_openstack.cleanup.manager [-] Deleting neutron.port object s_rally_1ab621a7_jijKMQoI (af5265a3-8144-40d5-bf79-b72490269a04)
2019-07-02 20:27:55.523 18994 RALLYDEBUG rally_openstack.cleanup.manager [-] Deleting neutron.port object s_rally_1ab621a7_LMpnV4jr (b11059c4-f2e1-458e-b4f8-6119a645346a)
2019-07-02 20:27:55.687 18994 RALLYDEBUG rally_openstack.cleanup.manager [-] Deleting neutron.port object s_rally_1ab621a7_0DMEfks7 (b2a7a14e-3703-4f5d-9685-1b1d62f079a4)
2019-07-02 20:27:55.985 18994 RALLYDEBUG rally_openstack.cleanup.manager [-] Deleting neutron.port object s_rally_1ab621a7_MMPFPKSI (b3a969a7-a00d-48a6-a185-8cfcb6185237)
2019-07-02 20:27:56.023 18994 RALLYDEBUG rally_openstack.cleanup.manager [-] Deleting neutron.port object s_rally_1ab621a7_LqxFj3Qc (b3b265d4-38df-4a2f-86c3-b7c0b3437ddc)
2019-07-02 20:27:56.126 18994 RALLYDEBUG rally_openstack.cleanup.manager [-] Deleting neutron.port object s_rally_1ab621a7_Zua2aaf0 (b4c032ab-6e87-48d6-b050-b04092407c25)
2019-07-02 20:27:56.230 18994 RALLYDEBUG rally_openstack.cleanup.manager [-] Deleting neutron.port object s_rally_1ab621a7_fudyBzBH (b59df1a3-93ec-470e-9a24-ba8299c69532)
2019-07-02 20:27:56.499 18994 RALLYDEBUG rally_openstack.cleanup.manager [-] Deleting neutron.port object s_rally_1ab621a7_eRu41MVP (b983eb77-2b71-418b-a491-141fc1b29aca)
2019-07-02 20:27:56.538 18994 RALLYDEBUG rally_openstack.cleanup.manager [-] Deleting neutron.port object s_rally_1ab621a7_PXtQryyj (bcd12cf0-de95-4916-b2fc-4aeff4504367)
2019-07-02 20:27:56.776 18994 RALLYDEBUG rally_openstack.cleanup.manager [-] Deleting neutron.port object s_rally_1ab621a7_7Q92F8V0 (c0401afb-2e2f-4bff-86b2-00068535e79b)
2019-07-02 20:27:56.986 18994 RALLYDEBUG rally_openstack.cleanup.manager [-] Deleting neutron.port object s_rally_1ab621a7_UkwgqZqt (c07aab45-d0f7-4125-bfed-6172f9c9fdb4)
2019-07-02 20:27:57.132 18994 RALLYDEBUG rally_openstack.cleanup.manager [-] Deleting neutron.port object s_rally_1ab621a7_qKyxULOy (c0888004-7005-42cc-93e6-6c0b44e7fac5)
2019-07-02 20:27:57.150 18994 RALLYDEBUG rally_openstack.cleanup.manager [-] Deleting neutron.port object s_rally_1ab621a7_qTkrcLxB (c29f305a-0cf3-4fb5-a935-4c567b5b232d)
2019-07-02 20:27:57.236 18994 RALLYDEBUG rally_openstack.cleanup.manager [-] Deleting neutron.port object s_rally_1ab621a7_6PQDyhm6 (c30b936f-eee7-40f0-99de-2bd41b1938f6)
2019-07-02 20:27:57.285 18994 RALLYDEBUG rally_openstack.cleanup.manager [-] Deleting neutron.port object s_rally_1ab621a7_6CYPjHwI (c4929df6-ca7e-4fad-ace4-0a324dc1f7e1)
2019-07-02 20:27:57.631 18994 RALLYDEBUG rally_openstack.cleanup.manager [-] Deleting neutron.port object s_rally_1ab621a7_aDPBiLjl (c50f0ee8-89ae-41c3-a560-93cf1fa33107)
2019-07-02 20:27:57.707 18994 RALLYDEBUG rally_openstack.cleanup.manager [-] Deleting neutron.port object s_rally_1ab621a7_CoeibomD (c5f2a54a-553a-44e8-a28c-54603bb8ab63)
2019-07-02 20:27:57.781 18994 RALLYDEBUG rally_openstack.cleanup.manager [-] Deleting neutron.port object s_rally_1ab621a7_brq2HEJi (c649c685-2e24-4f66-8ff7-1ca94ad1520d)
2019-07-02 20:27:57.796 18994 RALLYDEBUG rally_openstack.cleanup.manager [-] Deleting neutron.port object s_rally_1ab621a7_0ur779oa (c6a293ac-e2a3-4143-a2d9-57aedee3db71)
2019-07-02 20:27:57.924 18994 RALLYDEBUG rally_openstack.cleanup.manager [-] Deleting neutron.port object s_rally_1ab621a7_hMZ7Nb7q (c6fb0eca-2733-4f97-97b6-3c794925b1e0)
2019-07-02 20:27:57.964 18994 RALLYDEBUG rally_openstack.cleanup.manager [-] Deleting neutron.port object s_rally_1ab621a7_EaoINcKT (ca1c6b85-c12c-43c8-af62-d469c94bfd92)
2019-07-02 20:27:57.997 18994 RALLYDEBUG rally_openstack.cleanup.manager [-] Deleting neutron.port object s_rally_1ab621a7_cnlJOmHC (ce49c4e2-39e0-4e27-a8bb-a4fddd0dfcde)
2019-07-02 20:27:58.214 18994 RALLYDEBUG rally_openstack.cleanup.manager [-] Deleting neutron.port object s_rally_1ab621a7_BfuMzpC9 (cf81f1f8-9b2b-4255-aac6-551117e11f7c)
2019-07-02 20:27:58.366 18994 RALLYDEBUG rally_openstack.cleanup.manager [-] Deleting neutron.port object s_rally_1ab621a7_7mjRAfRy (d416d9af-70ee-42b7-a388-bac55a10da1d)
2019-07-02 20:27:58.573 18994 RALLYDEBUG rally_openstack.cleanup.manager [-] Deleting neutron.port object s_rally_1ab621a7_71wV4ExC (d6595a19-9e1c-4249-9089-a6ee4f563619)
2019-07-02 20:27:58.688 18994 RALLYDEBUG rally_openstack.cleanup.manager [-] Deleting neutron.port object s_rally_1ab621a7_V04EUMvj (d914137b-66a8-4263-b658-2c1d8ce5f1c3)
2019-07-02 20:27:58.856 18994 RALLYDEBUG rally_openstack.cleanup.manager [-] Deleting neutron.port object s_rally_1ab621a7_AM6YHSfo (d992eb0d-51de-41f7-9786-87df80087abd)
2019-07-02 20:27:59.088 18994 RALLYDEBUG rally_openstack.cleanup.manager [-] Deleting neutron.port object s_rally_1ab621a7_r2xl3kNZ (dcf17b93-754b-4020-aa19-53f27919d4c2)
2019-07-02 20:27:59.215 18994 RALLYDEBUG rally_openstack.cleanup.manager [-] Deleting neutron.port object s_rally_1ab621a7_EwCEWlew (dd07e5b0-3a33-4cb6-9dd6-ab1421500684)
2019-07-02 20:27:59.269 18994 RALLYDEBUG rally_openstack.cleanup.manager [-] Deleting neutron.port object s_rally_1ab621a7_EPKKoNKx (dedcfda3-f2e7-480e-8a48-c5514e6884d8)
2019-07-02 20:27:59.281 18994 RALLYDEBUG rally_openstack.cleanup.manager [-] Deleting neutron.port object s_rally_1ab621a7_p8ajSDZa (df9fb19e-0a15-489a-9b2c-862a786f1ef8)
2019-07-02 20:27:59.489 18994 RALLYDEBUG rally_openstack.cleanup.manager [-] Deleting neutron.port object s_rally_1ab621a7_FeoMoWgZ (e1174e0d-ad89-4667-a0d8-f915f8e8559f)
2019-07-02 20:27:59.660 18994 RALLYDEBUG rally_openstack.cleanup.manager [-] Deleting neutron.port object s_rally_1ab621a7_7M40AkwX (e590a50d-7ff6-409f-a4b8-42682b231fdb)
2019-07-02 20:27:59.799 18994 RALLYDEBUG rally_openstack.cleanup.manager [-] Deleting neutron.port object s_rally_1ab621a7_u8x2my4k (e5eb5fed-9023-417b-8ae9-8cbd2e60eea6)
2019-07-02 20:28:00.040 18994 RALLYDEBUG rally_openstack.cleanup.manager [-] Deleting neutron.port object s_rally_1ab621a7_y1Rx2Psv (e6c2444f-e1e7-401f-8cc0-188504a90344)
2019-07-02 20:28:00.095 18994 RALLYDEBUG rally_openstack.cleanup.manager [-] Deleting neutron.port object s_rally_1ab621a7_mcBD8zcH (e7692e62-919c-441b-a6be-93384f71e723)
2019-07-02 20:28:00.175 18994 RALLYDEBUG rally_openstack.cleanup.manager [-] Deleting neutron.port object s_rally_1ab621a7_6FgBesDv (e7d6b574-9dd0-4041-8393-eaf80d2d8c00)
2019-07-02 20:28:00.490 18994 RALLYDEBUG rally_openstack.cleanup.manager [-] Deleting neutron.port object s_rally_1ab621a7_qIa3kC9g (e8bb0d88-598e-45f2-87ed-c623b1ddb69a)
2019-07-02 20:28:00.552 18994 RALLYDEBUG rally_openstack.cleanup.manager [-] Deleting neutron.port object s_rally_1ab621a7_M6wycUOj (e9479df4-6df6-4319-a610-abd83bf54739)
2019-07-02 20:28:00.654 18994 RALLYDEBUG rally_openstack.cleanup.manager [-] Deleting neutron.port object s_rally_1ab621a7_VxQVlfBF (ea185587-3042-4ff2-9fd4-c556ce11e656)
2019-07-02 20:28:00.692 18994 RALLYDEBUG rally_openstack.cleanup.manager [-] Deleting neutron.port object s_rally_1ab621a7_IErzfSOf (eacb74d5-9d2f-49b0-9e57-ce8d148f05d2)
2019-07-02 20:28:00.708 18994 RALLYDEBUG rally_openstack.cleanup.manager [-] Deleting neutron.port object s_rally_1ab621a7_t0pRhGn7 (eb0b9bde-a88b-4601-a0f3-66e5ed3c3dc4)
2019-07-02 20:28:00.763 18994 RALLYDEBUG rally_openstack.cleanup.manager [-] Deleting neutron.port object s_rally_1ab621a7_lIDMzsko (eb58ef78-f54d-4725-8a2f-51665d2ff8b5)
2019-07-02 20:28:00.911 18994 RALLYDEBUG rally_openstack.cleanup.manager [-] Deleting neutron.port object s_rally_1ab621a7_9M3WyHgJ (eb5de8bc-d2be-4e29-aa56-1e5a10f14cae)
2019-07-02 20:28:00.966 18994 RALLYDEBUG rally_openstack.cleanup.manager [-] Deleting neutron.port object s_rally_1ab621a7_TGLE2drv (ebc664c5-cd8c-4cb6-afa3-cbb26f849fc2)
2019-07-02 20:28:01.120 18994 RALLYDEBUG rally_openstack.cleanup.manager [-] Deleting neutron.port object s_rally_1ab621a7_XPxAWoqr (ebf76700-044c-4fcf-ab9f-42f6fb29f62d)
2019-07-02 20:28:01.159 18994 RALLYDEBUG rally_openstack.cleanup.manager [-] Deleting neutron.port object s_rally_1ab621a7_o15g3cq4 (ee87fe8f-8cbd-4140-be15-1afe620fdf34)
2019-07-02 20:28:01.367 18994 RALLYDEBUG rally_openstack.cleanup.manager [-] Deleting neutron.port object s_rally_1ab621a7_BSox9xNV (efb8ca24-51e1-471a-a316-ab378c98dc14)
2019-07-02 20:28:01.530 18994 RALLYDEBUG rally_openstack.cleanup.manager [-] Deleting neutron.port object s_rally_1ab621a7_bSzagF7X (f06870b9-2055-4472-8d43-9be5bf9ed66c)
2019-07-02 20:28:01.660 18994 RALLYDEBUG rally_openstack.cleanup.manager [-] Deleting neutron.port object s_rally_1ab621a7_igH3joAb (f27d0a7d-8a65-48c1-820f-6e144e7cd229)
2019-07-02 20:28:02.067 18994 RALLYDEBUG rally_openstack.cleanup.manager [-] Deleting neutron.port object s_rally_1ab621a7_iMJ40Kdj (f2e53fdb-491e-427e-85ae-6eeac576777c)
2019-07-02 20:28:02.129 18994 RALLYDEBUG rally_openstack.cleanup.manager [-] Deleting neutron.port object s_rally_1ab621a7_ewXN5YqX (f2ee9c07-4d36-4567-8a93-524197365ba0)
2019-07-02 20:28:02.281 18994 RALLYDEBUG rally_openstack.cleanup.manager [-] Deleting neutron.port object s_rally_1ab621a7_6soofdKp (f338d83f-6790-4770-b17d-25c375cbe59d)
2019-07-02 20:28:02.289 18994 RALLYDEBUG rally_openstack.cleanup.manager [-] Deleting neutron.port object s_rally_1ab621a7_dRCmzINd (f4d71fa9-3ca2-4598-a22c-c8cdaac0dd65)
2019-07-02 20:28:02.445 18994 RALLYDEBUG rally_openstack.cleanup.manager [-] Deleting neutron.port object s_rally_1ab621a7_YE1KAUBA (f7890db5-30f9-44f6-aaaf-60d7ba60620b)
2019-07-02 20:28:02.543 18994 RALLYDEBUG rally_openstack.cleanup.manager [-] Deleting neutron.port object s_rally_1ab621a7_y1XY9gqK (f80d5a39-0466-4cc2-bae0-2ce1a7b7abfc)
2019-07-02 20:28:02.824 18994 RALLYDEBUG rally_openstack.cleanup.manager [-] Deleting neutron.port object s_rally_1ab621a7_ZNifM6pD (fa28394a-646d-41c5-b774-fd99122e0ada)
2019-07-02 20:28:02.831 18994 RALLYDEBUG rally_openstack.cleanup.manager [-] Deleting neutron.port object s_rally_1ab621a7_ObxJqTTt (fa47fc1d-84bc-4668-be94-da5788b03df2)
2019-07-02 20:28:03.076 18994 RALLYDEBUG rally_openstack.cleanup.manager [-] Deleting neutron.port object s_rally_1ab621a7_TTFDlGOI (fb78e93e-03ee-4ab1-8145-5ce15bab0665)
2019-07-02 20:28:03.116 18994 RALLYDEBUG rally_openstack.cleanup.manager [-] Deleting neutron.port object s_rally_1ab621a7_LJXAv4Ef (fc313c1e-ae30-4b0d-a79d-1d49c48759eb)
2019-07-02 20:28:03.156 18994 RALLYDEBUG rally_openstack.cleanup.manager [-] Deleting neutron.port object s_rally_1ab621a7_509pE0Od (fcd20679-2c79-4cfe-a18f-8f587b6a667e)
2019-07-02 20:28:03.266 18994 RALLYDEBUG rally_openstack.cleanup.manager [-] Deleting neutron.port object s_rally_1ab621a7_SiTMQY6Y (fe69bb0f-31dc-4687-82b4-f6ed2f03412e)
2019-07-02 20:28:06.203 18994 RALLYDEBUG rally_openstack.cleanup.manager [-] Cleaning up neutron subnet objects
2019-07-02 20:28:06.900 18994 RALLYDEBUG rally_openstack.cleanup.manager [-] Cleaning up neutron network objects
2019-07-02 20:28:07.809 18994 RALLYDEBUG rally_openstack.cleanup.manager [-] Deleting neutron.network object s_rally_1ab621a7_ci3ylhA4 (01fdff97-c989-4f15-9024-2effbda1bf13)
2019-07-02 20:28:07.820 18994 RALLYDEBUG rally_openstack.cleanup.manager [-] Deleting neutron.network object s_rally_1ab621a7_pOYjOBg6 (089ec2e5-74fb-4b5d-9f91-fa5be4c589ee)
2019-07-02 20:28:07.823 18994 RALLYDEBUG rally_openstack.cleanup.manager [-] Deleting neutron.network object s_rally_1ab621a7_yUZ7oBYp (08ca16d6-79d9-4570-b9a9-bbe7a7fcd911)
2019-07-02 20:28:07.828 18994 RALLYDEBUG rally_openstack.cleanup.manager [-] Deleting neutron.network object s_rally_1ab621a7_9B2to6sf (097f5ffb-1928-4161-a3b2-58ea088d9155)
2019-07-02 20:28:07.837 18994 RALLYDEBUG rally_openstack.cleanup.manager [-] Deleting neutron.network object s_rally_1ab621a7_cr7WSWOX (0b023529-fcf2-4f58-90e6-6a0206bae54e)
2019-07-02 20:28:07.850 18994 RALLYDEBUG rally_openstack.cleanup.manager [-] Deleting neutron.network object s_rally_1ab621a7_2Jk2TITK (1cb01ffc-4f82-4060-9783-30ce17b89e82)
2019-07-02 20:28:07.850 18994 RALLYDEBUG rally_openstack.cleanup.manager [-] Deleting neutron.network object s_rally_1ab621a7_Vufvz3B4 (22a10963-1dc1-441a-aed4-ac38ea0c7ad5)
2019-07-02 20:28:07.869 18994 RALLYDEBUG rally_openstack.cleanup.manager [-] Deleting neutron.network object s_rally_1ab621a7_TufZ6pvA (2407795b-d302-42af-bd6b-16e0bae337cf)
2019-07-02 20:28:07.880 18994 RALLYDEBUG rally_openstack.cleanup.manager [-] Deleting neutron.network object s_rally_1ab621a7_hjGUte6X (32a8daba-2bde-49e7-b551-5e3cdc4f168b)
2019-07-02 20:28:07.890 18994 RALLYDEBUG rally_openstack.cleanup.manager [-] Deleting neutron.network object s_rally_1ab621a7_fT7cYBcu (28524994-199e-4106-bc94-91865022126e)
2019-07-02 20:28:07.901 18994 RALLYDEBUG rally_openstack.cleanup.manager [-] Deleting neutron.network object s_rally_1ab621a7_nutkGbBZ (387b74e0-7553-4641-a711-34e59a7ae58f)
2019-07-02 20:28:07.904 18994 RALLYDEBUG rally_openstack.cleanup.manager [-] Deleting neutron.network object s_rally_1ab621a7_6cmcptOs (351c5357-323f-44f2-ad80-2f592baa992b)
2019-07-02 20:28:07.919 18994 RALLYDEBUG rally_openstack.cleanup.manager [-] Deleting neutron.network object s_rally_1ab621a7_d0HnEW6X (3c127b5b-dafd-4f2c-91da-4e5a9407f636)
2019-07-02 20:28:07.932 18994 RALLYDEBUG rally_openstack.cleanup.manager [-] Deleting neutron.network object s_rally_1ab621a7_OCzOVW46 (565c0791-ce21-4440-8f5c-fab9e7cf0387)
2019-07-02 20:28:07.934 18994 RALLYDEBUG rally_openstack.cleanup.manager [-] Deleting neutron.network object s_rally_1ab621a7_6WOBxcHY (50fc8bfb-62c2-4dd5-be02-218d24f51379)
2019-07-02 20:28:07.962 18994 RALLYDEBUG rally_openstack.cleanup.manager [-] Deleting neutron.network object s_rally_1ab621a7_R6QvyNtf (5ada3f24-5ab6-4475-a72e-afe62c015976)
2019-07-02 20:28:07.983 18994 RALLYDEBUG rally_openstack.cleanup.manager [-] Deleting neutron.network object s_rally_1ab621a7_Qz5s9xUG (5fac9114-e691-4375-b0e7-a8e78edffcee)
2019-07-02 20:28:08.014 18994 RALLYDEBUG rally_openstack.cleanup.manager [-] Deleting neutron.network object s_rally_1ab621a7_6LfyeZyx (69dcc745-414f-4067-b7db-4f6b20e64c1a)
2019-07-02 20:28:08.019 18994 RALLYDEBUG rally_openstack.cleanup.manager [-] Deleting neutron.network object s_rally_1ab621a7_DlcwnWph (6c6c914d-5934-4824-993d-7325e072ef9f)
2019-07-02 20:28:08.026 18994 RALLYDEBUG rally_openstack.cleanup.manager [-] Deleting neutron.network object s_rally_1ab621a7_ovsFL6ie (61e964bb-4376-4906-b31b-507ebe4bed3d)
2019-07-02 20:28:11.325 18994 RALLYDEBUG rally_openstack.cleanup.manager [-] Deleting neutron.network object s_rally_1ab621a7_pk61Jmf1 (72cca45d-e9c8-44bd-819d-457c59161a2e)
2019-07-02 20:28:11.360 18994 RALLYDEBUG rally_openstack.cleanup.manager [-] Deleting neutron.network object s_rally_1ab621a7_jo4qZ98h (739cff0b-34fc-4a00-9f86-10ea37332f13)
2019-07-02 20:28:11.538 18994 RALLYDEBUG rally_openstack.cleanup.manager [-] Deleting neutron.network object s_rally_1ab621a7_ON9nOPBu (74d77fcb-9012-4137-b41f-5fd062e964c0)
2019-07-02 20:28:11.569 18994 RALLYDEBUG rally_openstack.cleanup.manager [-] Deleting neutron.network object s_rally_1ab621a7_97vz9JSM (87c7ba9d-ef74-4b5c-8d2f-68abe133d938)
2019-07-02 20:28:11.687 18994 RALLYDEBUG rally_openstack.cleanup.manager [-] Deleting neutron.network object s_rally_1ab621a7_GRU58f7K (89d993d7-174c-4d1e-9ac0-7c2d476070dd)
2019-07-02 20:28:11.693 18994 RALLYDEBUG rally_openstack.cleanup.manager [-] Deleting neutron.network object s_rally_1ab621a7_tT7B2jLB (8bf48117-774b-4c68-856c-31af9047703a)
2019-07-02 20:28:11.704 18994 RALLYDEBUG rally_openstack.cleanup.manager [-] Deleting neutron.network object s_rally_1ab621a7_QkfpWtE6 (95d48d6a-a33c-4e2f-95e1-832ebf16e58f)
2019-07-02 20:28:11.773 18994 RALLYDEBUG rally_openstack.cleanup.manager [-] Deleting neutron.network object s_rally_1ab621a7_hgENLRM8 (98493757-36a5-45ad-b95f-ec05e1fce63a)
2019-07-02 20:28:11.800 18994 RALLYDEBUG rally_openstack.cleanup.manager [-] Deleting neutron.network object s_rally_1ab621a7_DsJ0xEET (9c4eb6eb-188c-4f21-bdb2-b4abf93aa125)
2019-07-02 20:28:11.872 18994 RALLYDEBUG rally_openstack.cleanup.manager [-] Deleting neutron.network object s_rally_1ab621a7_bYKj2X9r (9e25214a-b000-4545-95ad-3e465cd9c226)
2019-07-02 20:28:11.999 18994 RALLYDEBUG rally_openstack.cleanup.manager [-] Deleting neutron.network object s_rally_1ab621a7_3NMRrr69 (9f072a78-0185-4936-9f20-e5ab9520d359)
2019-07-02 20:28:12.083 18994 RALLYDEBUG rally_openstack.cleanup.manager [-] Deleting neutron.network object s_rally_1ab621a7_8sMTXwbC (a2546e76-5b2e-4fce-bae5-4432e46827c0)
2019-07-02 20:28:12.504 18994 RALLYDEBUG rally_openstack.cleanup.manager [-] Deleting neutron.network object s_rally_1ab621a7_t8nqiOJY (ad6e79fb-0c15-4eeb-85d3-f7914a0594f3)
2019-07-02 20:28:12.709 18994 RALLYDEBUG rally_openstack.cleanup.manager [-] Deleting neutron.network object s_rally_1ab621a7_MbsGyWem (b70bb86c-6bca-4aa7-920a-fc95c11ca674)
2019-07-02 20:28:12.737 18994 RALLYDEBUG rally_openstack.cleanup.manager [-] Deleting neutron.network object s_rally_1ab621a7_nPiHcfLe (bc0a77b3-dfec-499d-ac8d-adf63265f81d)
2019-07-02 20:28:12.752 18994 RALLYDEBUG rally_openstack.cleanup.manager [-] Deleting neutron.network object s_rally_1ab621a7_TZ3grNc5 (c69bcbf1-522b-408c-a046-e778bfa1aa17)
2019-07-02 20:28:12.808 18994 RALLYDEBUG rally_openstack.cleanup.manager [-] Deleting neutron.network object s_rally_1ab621a7_gclYbfkD (e1d0821d-0abc-4891-b0ef-41fcc446e529)
2019-07-02 20:28:14.007 18994 RALLYDEBUG rally_openstack.cleanup.manager [-] Deleting neutron.network object s_rally_1ab621a7_oEyIFKEF (e36f81a2-7941-42ad-a190-702ca91ec190)
2019-07-02 20:28:14.014 18994 RALLYDEBUG rally_openstack.cleanup.manager [-] Deleting neutron.network object s_rally_1ab621a7_svmy6G9x (e576ac79-6822-48dd-9e6d-3bfcc0ac672c)
2019-07-02 20:28:14.056 18994 RALLYDEBUG rally_openstack.cleanup.manager [-] Deleting neutron.network object s_rally_1ab621a7_9M9sGnXt (fcc5e0d3-8502-4d4c-968c-d925a891d000)
2019-07-02 20:28:18.284 18994 RALLYDEBUG rally_openstack.cleanup.manager [-] Cleaning up neutron router objects
2019-07-02 20:28:19.020 18994 RALLYDEBUG rally_openstack.cleanup.manager [-] Cleaning up neutron security_group objects
2019-07-02 20:28:19.710 18994 INFO rally.task.context [-] Task ac13de89-3612-4815-ab82-36a20944c6ea | Context cleanup@openstack cleanup() finished in 46.65 sec
2019-07-02 20:28:19.711 18994 INFO rally.task.context [-] Task ac13de89-3612-4815-ab82-36a20944c6ea | Context quotas@openstack cleanup() started
2019-07-02 20:28:19.955 18994 INFO rally.task.context [-] Task ac13de89-3612-4815-ab82-36a20944c6ea | Context quotas@openstack cleanup() finished in 0.24 sec
2019-07-02 20:28:19.957 18994 INFO rally.task.context [-] Task ac13de89-3612-4815-ab82-36a20944c6ea | Context users@openstack cleanup() started
2019-07-02 20:28:25.520 18994 INFO rally.task.context [-] Task ac13de89-3612-4815-ab82-36a20944c6ea | Context users@openstack cleanup() finished in 5.56 sec
2019-07-02 20:28:25.982 18994 INFO rally.task.engine [-] Load duration is: 39.864603
2019-07-02 20:28:25.983 18994 INFO rally.task.engine [-] Full runner duration is: 39.914916
2019-07-02 20:28:25.983 18994 INFO rally.task.engine [-] Full duration is: 98.016883
2019-07-02 20:28:26.161 18994 INFO rally.task.engine [-] Running workload: position = 2 config = { "version": 2, "title": "A cropped version of a bigger task.", "description": "Auto-generated task from a single workload (uuid=7f3ab480-734e-460e-8904-524709d2f555)", "subtasks": [ { "title": "NeutronNetworks.create_and_delete_ports", "description": "Create and delete a port.", "scenario": { "NeutronNetworks.create_and_delete_ports": { "network_create_args": {}, "port_create_args": {}, "ports_per_network": 5 } }, "contexts": { "users": { "tenants": 1, "users_per_tenant": 1 }, "quotas": { "neutron": { "network": -1, "port": -1 } } }, "runner": { "constant": { "times": 40, "concurrency": 20 } }, "hooks": [], "sla": { "failure_rate": { "max": 0 } } } ] }
2019-07-02 20:28:26.182 18994 RALLYDEBUG rally_openstack.contexts.keystone.users [-] Creating 1 tenants using 20 threads
2019-07-02 20:28:28.143 18994 RALLYDEBUG rally_openstack.contexts.keystone.users [-] Creating 1 users using 20 threads
2019-07-02 20:28:30.941 18994 INFO rally.task.context [-] Task ac13de89-3612-4815-ab82-36a20944c6ea | Context users@openstack setup() finished in 4.76 sec
2019-07-02 20:28:31.725 18994 INFO rally.task.context [-] Task ac13de89-3612-4815-ab82-36a20944c6ea | Context quotas@openstack setup() finished in 0.78 sec
2019-07-02 20:28:31.726 18994 INFO rally.task.context [-] Task ac13de89-3612-4815-ab82-36a20944c6ea | Context cleanup@openstack setup() finished in 0.00 msec
2019-07-02 20:28:31.733 18994 RALLYDEBUG rally.task.runner [-] Starting the constant runner (task UUID: ac13de89-3612-4815-ab82-36a20944c6ea). timeout: 0 concurrency: 20 concurrency_per_worker: 1 times: 40 concurrency_overhead: 4 processes_to_start: 16 max_cpu_used: 16
2019-07-02 20:28:31.747 23240 RALLYDEBUG rally.task.runner [-] Starting a worker. concurrency: 2 args: {"network_create_args": {}, "port_create_args": {}, "ports_per_network": 5} times: 40 method_name: run timeout: 0 duration: None cls:
2019-07-02 20:28:31.750 23241 RALLYDEBUG rally.task.runner [-] Starting a worker. concurrency: 2 args: {"network_create_args": {}, "port_create_args": {}, "ports_per_network": 5} times: 40 method_name: run timeout: 0 duration: None cls:
2019-07-02 20:28:31.752 23242 RALLYDEBUG rally.task.runner [-] Starting a worker. concurrency: 2 args: {"network_create_args": {}, "port_create_args": {}, "ports_per_network": 5} times: 40 method_name: run timeout: 0 duration: None cls:
2019-07-02 20:28:31.755 23243 RALLYDEBUG rally.task.runner [-] Starting a worker. concurrency: 2 args: {"network_create_args": {}, "port_create_args": {}, "ports_per_network": 5} times: 40 method_name: run timeout: 0 duration: None cls:
2019-07-02 20:28:31.756 23240 INFO rally.task.runner [-] Task ac13de89-3612-4815-ab82-36a20944c6ea | ITER: 1 START
2019-07-02 20:28:31.757 23242 INFO rally.task.runner [-] Task ac13de89-3612-4815-ab82-36a20944c6ea | ITER: 4 START
2019-07-02 20:28:31.758 23240 WARNING rally_openstack.scenarios.neutron.utils [-] Running this scenario without either the 'network' or 'existing_network' context is deprecated
2019-07-02 20:28:31.759 23244 RALLYDEBUG rally.task.runner [-] Starting a worker. concurrency: 1 args: {"network_create_args": {}, "port_create_args": {}, "ports_per_network": 5} times: 40 method_name: run timeout: 0 duration: None cls:
2019-07-02 20:28:31.760 23242 WARNING rally_openstack.scenarios.neutron.utils [-] Running this scenario without either the 'network' or 'existing_network' context is deprecated
2019-07-02 20:28:31.759 23241 INFO rally.task.runner [-] Task ac13de89-3612-4815-ab82-36a20944c6ea | ITER: 2 START
2019-07-02 20:28:31.761 23246 RALLYDEBUG rally.task.runner [-] Starting a worker. concurrency: 1 args: {"network_create_args": {}, "port_create_args": {}, "ports_per_network": 5} times: 40 method_name: run timeout: 0 duration: None cls:
2019-07-02 20:28:31.760 23241 INFO rally.task.runner [-] Task ac13de89-3612-4815-ab82-36a20944c6ea | ITER: 5 START
2019-07-02 20:28:31.762 23241 WARNING rally_openstack.scenarios.neutron.utils [-] Running this scenario without either the 'network' or 'existing_network' context is deprecated
2019-07-02 20:28:31.763 23243 INFO rally.task.runner [-] Task ac13de89-3612-4815-ab82-36a20944c6ea | ITER: 6 START
2019-07-02 20:28:31.759 23240 INFO rally.task.runner [-] Task ac13de89-3612-4815-ab82-36a20944c6ea | ITER: 3 START
2019-07-02 20:28:31.765 23243 WARNING rally_openstack.scenarios.neutron.utils [-] Running this scenario without either the 'network' or 'existing_network' context is deprecated
2019-07-02 20:28:31.765 23240 WARNING rally_openstack.scenarios.neutron.utils [-] Running this scenario without either the 'network' or 'existing_network' context is deprecated
2019-07-02 20:28:31.767 23246 INFO rally.task.runner [-] Task ac13de89-3612-4815-ab82-36a20944c6ea | ITER: 10 START
2019-07-02 20:28:31.767 23244 INFO rally.task.runner [-] Task ac13de89-3612-4815-ab82-36a20944c6ea | ITER: 9 START
2019-07-02 20:28:31.768 23246 WARNING rally_openstack.scenarios.neutron.utils [-] Running this scenario without either the 'network' or 'existing_network' context is deprecated
2019-07-02 20:28:31.768 23253 RALLYDEBUG rally.task.runner [-] Starting a worker. concurrency: 1 args: {"network_create_args": {}, "port_create_args": {}, "ports_per_network": 5} times: 40 method_name: run timeout: 0 duration: None cls:
2019-07-02 20:28:31.769 23244 WARNING rally_openstack.scenarios.neutron.utils [-] Running this scenario without either the 'network' or 'existing_network' context is deprecated
2019-07-02 20:28:31.763 23241 WARNING rally_openstack.scenarios.neutron.utils [-] Running this scenario without either the 'network' or 'existing_network' context is deprecated
2019-07-02 20:28:31.770 23257 RALLYDEBUG rally.task.runner [-] Starting a worker. concurrency: 1 args: {"network_create_args": {}, "port_create_args": {}, "ports_per_network": 5} times: 40 method_name: run timeout: 0 duration: None cls:
2019-07-02 20:28:31.774 23264 RALLYDEBUG rally.task.runner [-] Starting a worker. concurrency: 1 args: {"network_create_args": {}, "port_create_args": {}, "ports_per_network": 5} times: 40 method_name: run timeout: 0 duration: None cls:
2019-07-02 20:28:31.774 23259 RALLYDEBUG rally.task.runner [-] Starting a worker. concurrency: 1 args: {"network_create_args": {}, "port_create_args": {}, "ports_per_network": 5} times: 40 method_name: run timeout: 0 duration: None cls:
2019-07-02 20:28:31.775 23243 INFO rally.task.runner [-] Task ac13de89-3612-4815-ab82-36a20944c6ea | ITER: 8 START
2019-07-02 20:28:31.777 23253 INFO rally.task.runner [-] Task ac13de89-3612-4815-ab82-36a20944c6ea | ITER: 11 START
2019-07-02 20:28:31.777 23243 WARNING rally_openstack.scenarios.neutron.utils [-] Running this scenario without either the 'network' or 'existing_network' context is deprecated
2019-07-02 20:28:31.778 23253 WARNING rally_openstack.scenarios.neutron.utils [-] Running this scenario without either the 'network' or 'existing_network' context is deprecated
2019-07-02 20:28:31.779 23257 INFO rally.task.runner [-] Task ac13de89-3612-4815-ab82-36a20944c6ea | ITER: 12 START
2019-07-02 20:28:31.780 23264 INFO rally.task.runner [-] Task ac13de89-3612-4815-ab82-36a20944c6ea | ITER: 13 START
2019-07-02 20:28:31.778 23242 INFO rally.task.runner [-] Task ac13de89-3612-4815-ab82-36a20944c6ea | ITER: 7 START
2019-07-02 20:28:31.781 23257 WARNING rally_openstack.scenarios.neutron.utils [-] Running this scenario without either the 'network' or 'existing_network' context is deprecated
2019-07-02 20:28:31.781 23265 RALLYDEBUG rally.task.runner [-] Starting a worker. concurrency: 1 args: {"network_create_args": {}, "port_create_args": {}, "ports_per_network": 5} times: 40 method_name: run timeout: 0 duration: None cls:
2019-07-02 20:28:31.782 23264 WARNING rally_openstack.scenarios.neutron.utils [-] Running this scenario without either the 'network' or 'existing_network' context is deprecated
2019-07-02 20:28:31.782 23242 WARNING rally_openstack.scenarios.neutron.utils [-] Running this scenario without either the 'network' or 'existing_network' context is deprecated
2019-07-02 20:28:31.784 23259 INFO rally.task.runner [-] Task ac13de89-3612-4815-ab82-36a20944c6ea | ITER: 14 START
2019-07-02 20:28:31.786 23259 WARNING rally_openstack.scenarios.neutron.utils [-] Running this scenario without either the 'network' or 'existing_network' context is deprecated
2019-07-02 20:28:31.787 23265 INFO rally.task.runner [-] Task ac13de89-3612-4815-ab82-36a20944c6ea | ITER: 15 START
2019-07-02 20:28:31.788 23265 WARNING rally_openstack.scenarios.neutron.utils [-] Running this scenario without either the 'network' or 'existing_network' context is deprecated
2019-07-02 20:28:31.790 23275 RALLYDEBUG rally.task.runner [-] Starting a worker. concurrency: 1 args: {"network_create_args": {}, "port_create_args": {}, "ports_per_network": 5} times: 40 method_name: run timeout: 0 duration: None cls:
2019-07-02 20:28:31.795 23278 RALLYDEBUG rally.task.runner [-] Starting a worker. concurrency: 1 args: {"network_create_args": {}, "port_create_args": {}, "ports_per_network": 5} times: 40 method_name: run timeout: 0 duration: None cls:
2019-07-02 20:28:31.797 23275 INFO rally.task.runner [-] Task ac13de89-3612-4815-ab82-36a20944c6ea | ITER: 16 START
2019-07-02 20:28:31.799 23275 WARNING rally_openstack.scenarios.neutron.utils [-] Running this scenario without either the 'network' or 'existing_network' context is deprecated
2019-07-02 20:28:31.801 23278 INFO rally.task.runner [-] Task ac13de89-3612-4815-ab82-36a20944c6ea | ITER: 17 START
2019-07-02 20:28:31.802 23278 WARNING rally_openstack.scenarios.neutron.utils [-] Running this scenario without either the 'network' or 'existing_network' context is deprecated
2019-07-02 20:28:31.804 23281 RALLYDEBUG rally.task.runner [-] Starting a worker. concurrency: 1 args: {"network_create_args": {}, "port_create_args": {}, "ports_per_network": 5} times: 40 method_name: run timeout: 0 duration: None cls:
2019-07-02 20:28:31.809 23281 INFO rally.task.runner [-] Task ac13de89-3612-4815-ab82-36a20944c6ea | ITER: 18 START
2019-07-02 20:28:31.810 23281 WARNING rally_openstack.scenarios.neutron.utils [-] Running this scenario without either the 'network' or 'existing_network' context is deprecated
2019-07-02 20:28:31.813 23284 RALLYDEBUG rally.task.runner [-] Starting a worker. concurrency: 1 args: {"network_create_args": {}, "port_create_args": {}, "ports_per_network": 5} times: 40 method_name: run timeout: 0 duration: None cls:
2019-07-02 20:28:31.818 23287 RALLYDEBUG rally.task.runner [-] Starting a worker. concurrency: 1 args: {"network_create_args": {}, "port_create_args": {}, "ports_per_network": 5} times: 40 method_name: run timeout: 0 duration: None cls:
2019-07-02 20:28:31.818 23284 INFO rally.task.runner [-] Task ac13de89-3612-4815-ab82-36a20944c6ea | ITER: 19 START
2019-07-02 20:28:31.820 23284 WARNING rally_openstack.scenarios.neutron.utils [-] Running this scenario without either the 'network' or 'existing_network' context is deprecated
2019-07-02 20:28:31.822 23287 INFO rally.task.runner [-] Task ac13de89-3612-4815-ab82-36a20944c6ea | ITER: 20 START
2019-07-02 20:28:31.823 23287 WARNING rally_openstack.scenarios.neutron.utils [-] Running this scenario without either the 'network' or 'existing_network' context is deprecated
2019-07-02 20:28:46.809 23278 INFO rally.task.runner [-] Task ac13de89-3612-4815-ab82-36a20944c6ea | ITER: 17 END: OK
2019-07-02 20:28:46.813 23278 INFO rally.task.runner [-] Task ac13de89-3612-4815-ab82-36a20944c6ea | ITER: 21 START
2019-07-02 20:28:46.814 23278 WARNING rally_openstack.scenarios.neutron.utils [-] Running this scenario without either the 'network' or 'existing_network' context is deprecated
2019-07-02 20:28:46.951 23281 INFO rally.task.runner [-] Task ac13de89-3612-4815-ab82-36a20944c6ea | ITER: 18 END: OK
2019-07-02 20:28:46.956 23281 INFO rally.task.runner [-] Task ac13de89-3612-4815-ab82-36a20944c6ea | ITER: 22 START
2019-07-02 20:28:46.956 23281 WARNING rally_openstack.scenarios.neutron.utils [-] Running this scenario without either the 'network' or 'existing_network' context is deprecated
2019-07-02 20:28:47.997 23242 INFO rally.task.runner [-] Task ac13de89-3612-4815-ab82-36a20944c6ea | ITER: 7 END: OK
2019-07-02 20:28:48.001 23242 INFO rally.task.runner [-] Task ac13de89-3612-4815-ab82-36a20944c6ea | ITER: 23 START
2019-07-02 20:28:48.002 23242 WARNING rally_openstack.scenarios.neutron.utils [-] Running this scenario without either the 'network' or 'existing_network' context is deprecated
2019-07-02 20:28:48.053 23244 INFO rally.task.runner [-] Task ac13de89-3612-4815-ab82-36a20944c6ea | ITER: 9 END: OK
2019-07-02 20:28:48.058 23244 INFO rally.task.runner [-] Task ac13de89-3612-4815-ab82-36a20944c6ea | ITER: 24 START
2019-07-02 20:28:48.058 23244 WARNING rally_openstack.scenarios.neutron.utils [-] Running this scenario without either the 'network' or 'existing_network' context is deprecated
2019-07-02 20:28:48.613 23253 INFO rally.task.runner [-] Task ac13de89-3612-4815-ab82-36a20944c6ea | ITER: 11 END: OK
2019-07-02 20:28:48.618 23253 INFO rally.task.runner [-] Task ac13de89-3612-4815-ab82-36a20944c6ea | ITER: 25 START
2019-07-02 20:28:48.618 23253 WARNING rally_openstack.scenarios.neutron.utils [-] Running this scenario without either the 'network' or 'existing_network' context is deprecated
2019-07-02 20:28:48.988 23275 INFO rally.task.runner [-] Task ac13de89-3612-4815-ab82-36a20944c6ea | ITER: 16 END: OK
2019-07-02 20:28:48.992 23275 INFO rally.task.runner [-] Task ac13de89-3612-4815-ab82-36a20944c6ea | ITER: 26 START
2019-07-02 20:28:48.993 23275 WARNING rally_openstack.scenarios.neutron.utils [-] Running this scenario without either the 'network' or 'existing_network' context is deprecated
2019-07-02 20:28:50.587 23287 INFO rally.task.runner [-] Task ac13de89-3612-4815-ab82-36a20944c6ea | ITER: 20 END: OK
2019-07-02 20:28:50.591 23287 INFO rally.task.runner [-] Task ac13de89-3612-4815-ab82-36a20944c6ea | ITER: 27 START
2019-07-02 20:28:50.591 23287 WARNING rally_openstack.scenarios.neutron.utils [-] Running this scenario without either the 'network' or 'existing_network' context is deprecated
2019-07-02 20:28:50.820 23243 INFO rally.task.runner [-] Task ac13de89-3612-4815-ab82-36a20944c6ea | ITER: 6 END: OK
2019-07-02 20:28:50.824 23243 INFO rally.task.runner [-] Task ac13de89-3612-4815-ab82-36a20944c6ea | ITER: 28 START
2019-07-02 20:28:50.825 23243 WARNING rally_openstack.scenarios.neutron.utils [-] Running this scenario without either the 'network' or 'existing_network' context is deprecated
2019-07-02 20:28:51.075 23241 INFO rally.task.runner [-] Task ac13de89-3612-4815-ab82-36a20944c6ea | ITER: 5 END: OK
2019-07-02 20:28:51.079 23241 INFO rally.task.runner [-] Task ac13de89-3612-4815-ab82-36a20944c6ea | ITER: 29 START
2019-07-02 20:28:51.080 23241 WARNING rally_openstack.scenarios.neutron.utils [-] Running this scenario without either the 'network' or 'existing_network' context is deprecated
2019-07-02 20:28:51.665 23240 INFO rally.task.runner [-] Task ac13de89-3612-4815-ab82-36a20944c6ea | ITER: 3 END: OK
2019-07-02 20:28:51.669 23240 INFO rally.task.runner [-] Task ac13de89-3612-4815-ab82-36a20944c6ea | ITER: 30 START
2019-07-02 20:28:51.670 23240 WARNING rally_openstack.scenarios.neutron.utils [-] Running this scenario without either the 'network' or 'existing_network' context is deprecated
2019-07-02 20:28:52.092 23259 INFO rally.task.runner [-] Task ac13de89-3612-4815-ab82-36a20944c6ea | ITER: 14 END: OK
2019-07-02 20:28:52.096 23259 INFO rally.task.runner [-] Task ac13de89-3612-4815-ab82-36a20944c6ea | ITER: 31 START
2019-07-02 20:28:52.097 23259 WARNING rally_openstack.scenarios.neutron.utils [-] Running this scenario without either the 'network' or 'existing_network' context is deprecated
2019-07-02 20:28:52.219 23257 INFO rally.task.runner [-] Task ac13de89-3612-4815-ab82-36a20944c6ea | ITER: 12 END: OK
2019-07-02 20:28:52.223 23257 INFO rally.task.runner [-] Task ac13de89-3612-4815-ab82-36a20944c6ea | ITER: 32 START
2019-07-02 20:28:52.224 23257 WARNING rally_openstack.scenarios.neutron.utils [-] Running this scenario without either the 'network' or 'existing_network' context is deprecated
2019-07-02 20:28:52.392 23265 INFO rally.task.runner [-] Task ac13de89-3612-4815-ab82-36a20944c6ea | ITER: 15 END: OK
2019-07-02 20:28:52.396 23265 INFO rally.task.runner [-] Task ac13de89-3612-4815-ab82-36a20944c6ea | ITER: 33 START
2019-07-02 20:28:52.397 23265 WARNING rally_openstack.scenarios.neutron.utils [-] Running this scenario without either the 'network' or 'existing_network' context is deprecated
2019-07-02 20:28:52.455 23246 INFO rally.task.runner [-] Task ac13de89-3612-4815-ab82-36a20944c6ea | ITER: 10 END: OK
2019-07-02 20:28:52.460 23246 INFO rally.task.runner [-] Task ac13de89-3612-4815-ab82-36a20944c6ea | ITER: 34 START
2019-07-02 20:28:52.460 23246 WARNING rally_openstack.scenarios.neutron.utils [-] Running this scenario without either the 'network' or 'existing_network' context is deprecated
2019-07-02 20:28:52.810 23242 INFO rally.task.runner [-] Task ac13de89-3612-4815-ab82-36a20944c6ea | ITER: 4 END: OK
2019-07-02 20:28:52.814 23242 INFO rally.task.runner [-] Task ac13de89-3612-4815-ab82-36a20944c6ea | ITER: 35 START
2019-07-02 20:28:52.815 23242 WARNING rally_openstack.scenarios.neutron.utils [-] Running this scenario without either the 'network' or 'existing_network' context is deprecated
2019-07-02 20:28:53.281 23240 INFO rally.task.runner [-] Task ac13de89-3612-4815-ab82-36a20944c6ea | ITER: 1 END: OK
2019-07-02 20:28:53.286 23240 INFO rally.task.runner [-] Task ac13de89-3612-4815-ab82-36a20944c6ea | ITER: 36 START
2019-07-02 20:28:53.286 23240 WARNING rally_openstack.scenarios.neutron.utils [-] Running this scenario without either the 'network' or 'existing_network' context is deprecated
2019-07-02 20:28:53.612 23264 INFO rally.task.runner [-] Task ac13de89-3612-4815-ab82-36a20944c6ea | ITER: 13 END: OK
2019-07-02 20:28:53.616 23264 INFO rally.task.runner [-] Task ac13de89-3612-4815-ab82-36a20944c6ea | ITER: 37 START
2019-07-02 20:28:53.617 23264 WARNING rally_openstack.scenarios.neutron.utils [-] Running this scenario without either the 'network' or 'existing_network' context is deprecated
2019-07-02 20:28:54.803 23284 INFO rally.task.runner [-] Task ac13de89-3612-4815-ab82-36a20944c6ea | ITER: 19 END: OK
2019-07-02 20:28:54.807 23284 INFO rally.task.runner [-] Task ac13de89-3612-4815-ab82-36a20944c6ea | ITER: 38 START
2019-07-02 20:28:54.808 23284 WARNING rally_openstack.scenarios.neutron.utils [-] Running this scenario without either the 'network' or 'existing_network' context is deprecated
2019-07-02 20:28:55.159 23241 INFO rally.task.runner [-] Task ac13de89-3612-4815-ab82-36a20944c6ea | ITER: 2 END: OK
2019-07-02 20:28:55.163 23241 INFO rally.task.runner [-] Task ac13de89-3612-4815-ab82-36a20944c6ea | ITER: 39 START
