2019-07-02 20:26:23.171 18994 RALLYDEBUG rally_openstack.cleanup.manager [-] Deleting neutron.port object s_rally_d29c5ffe_1aY5Th3R (dc2575a7-d356-4ecc-809f-63ac2bdd7474)
2019-07-02 20:26:23.277 18994 RALLYDEBUG rally_openstack.cleanup.manager [-] Deleting neutron.port object s_rally_d29c5ffe_x0q745qj (dd194a19-b69f-4793-9b92-c75401ecb981)
2019-07-02 20:26:23.348 18994 RALLYDEBUG rally_openstack.cleanup.manager [-] Deleting neutron.port object s_rally_d29c5ffe_5gdSeI0S (ddb62823-4bfe-4fa4-9f08-99c898b6d6bd)
2019-07-02 20:26:23.430 18994 RALLYDEBUG rally_openstack.cleanup.manager [-] Deleting neutron.port object s_rally_d29c5ffe_2g77GdhX (de111a67-fe83-48f6-823b-9f932ecabeaf)
2019-07-02 20:26:23.683 18994 RALLYDEBUG rally_openstack.cleanup.manager [-] Deleting neutron.port object s_rally_d29c5ffe_7htUSEax (de6af186-c193-445f-966a-632babf705a3)
2019-07-02 20:26:23.723 18994 RALLYDEBUG rally_openstack.cleanup.manager [-] Deleting neutron.port object s_rally_d29c5ffe_rna6twq8 (df0ee510-15ad-44f0-a32b-0c7f1dbef11a)
2019-07-02 20:26:24.247 18994 RALLYDEBUG rally_openstack.cleanup.manager [-] Deleting neutron.port object s_rally_d29c5ffe_lAjJHVti (df1277a6-c51d-41b0-a04a-bace4cd6574e)
2019-07-02 20:26:24.652 18994 RALLYDEBUG rally_openstack.cleanup.manager [-] Deleting neutron.port object s_rally_d29c5ffe_n1EJGxkK (df13b65a-b3c6-47b9-8bee-663676b13f87)
2019-07-02 20:26:24.812 18994 RALLYDEBUG rally_openstack.cleanup.manager [-] Deleting neutron.port object s_rally_d29c5ffe_XZkqNx6L (dfb2586d-01d6-48f7-9a46-a20e33f8d328)
2019-07-02 20:26:24.885 18994 RALLYDEBUG rally_openstack.cleanup.manager [-] Deleting neutron.port object s_rally_d29c5ffe_BYVgwiVO (dfd8072f-8478-4b3e-9bf7-f797aa4b71b8)
2019-07-02 20:26:25.127 18994 RALLYDEBUG rally_openstack.cleanup.manager [-] Deleting neutron.port object s_rally_d29c5ffe_8oEn1Cjo (dfe84331-3747-4781-9b29-766dd79d8a36)
2019-07-02 20:26:25.389 18994 RALLYDEBUG rally_openstack.cleanup.manager [-] Deleting neutron.port object s_rally_d29c5ffe_XYZ9JrRl (e04855fe-8679-4a1d-9a4c-9d948a80c602)
2019-07-02 20:26:25.418 18994 RALLYDEBUG rally_openstack.cleanup.manager [-] Deleting neutron.port object s_rally_d29c5ffe_s0C2YyPi (e079a26a-825b-4256-bdf0-3261dca5de88)
2019-07-02 20:26:25.685 18994 RALLYDEBUG rally_openstack.cleanup.manager [-] Deleting neutron.port object s_rally_d29c5ffe_302YiFH9 (e147874e-872e-4352-bbbe-8a37f9ba42c0)
2019-07-02 20:26:25.796 18994 RALLYDEBUG rally_openstack.cleanup.manager [-] Deleting neutron.port object s_rally_d29c5ffe_uBOKfrzd (e1c62e68-fb6c-48b0-bc7b-cb4d3076eb98)
2019-07-02 20:26:25.822 18994 RALLYDEBUG rally_openstack.cleanup.manager [-] Deleting neutron.port object s_rally_d29c5ffe_BwYIGyXo (e1d62b27-7325-4198-abd4-ed849208fec4)
2019-07-02 20:26:25.858 18994 RALLYDEBUG rally_openstack.cleanup.manager [-] Deleting neutron.port object s_rally_d29c5ffe_gcVSXIo1 (e220add6-54b0-414e-a470-16313a39dc75)
2019-07-02 20:26:25.914 18994 RALLYDEBUG rally_openstack.cleanup.manager [-] Deleting neutron.port object s_rally_d29c5ffe_8qT7Nxvy (e26f99ef-78c1-4bae-9608-7001a4586644)
2019-07-02 20:26:25.942 18994 RALLYDEBUG rally_openstack.cleanup.manager [-] Deleting neutron.port object s_rally_d29c5ffe_aEyUxaXa (e2e95e94-001a-4d25-9e02-a28f4296485c)
2019-07-02 20:26:26.025 18994 RALLYDEBUG rally_openstack.cleanup.manager [-] Deleting neutron.port object s_rally_d29c5ffe_rzA9j8oq (e3c144d0-2341-4096-97e1-64ed45aa988f)
2019-07-02 20:26:26.105 18994 RALLYDEBUG rally_openstack.cleanup.manager [-] Deleting neutron.port object s_rally_d29c5ffe_i4SWxkff (e4ead9e7-8cb4-4bf6-b9af-507c753ca6e3)
2019-07-02 20:26:26.172 18994 RALLYDEBUG rally_openstack.cleanup.manager [-] Deleting neutron.port object s_rally_d29c5ffe_NzI3PQ2Y (e596f52d-69b8-40f7-a93a-28fed13f7395)
2019-07-02 20:26:26.275 18994 RALLYDEBUG rally_openstack.cleanup.manager [-] Deleting neutron.port object s_rally_d29c5ffe_zErvHXrp (e62d41e4-c0f5-4c02-8e6c-988d80e0f06f)
2019-07-02 20:26:26.476 18994 RALLYDEBUG rally_openstack.cleanup.manager [-] Deleting neutron.port object s_rally_d29c5ffe_UzbSpt6m (e6ba3744-ae58-4591-9447-7271cfabcf4a)
2019-07-02 20:26:26.501 18994 RALLYDEBUG rally_openstack.cleanup.manager [-] Deleting neutron.port object s_rally_d29c5ffe_EMWgBo2h (e6ceb156-d7d4-4ed2-b25a-8da00360c256)
2019-07-02 20:26:26.648 18994 RALLYDEBUG rally_openstack.cleanup.manager [-] Deleting neutron.port object s_rally_d29c5ffe_X0zkvVrt (e6fc2fac-90e0-47cd-aaf9-f9276fe2644c)
2019-07-02 20:26:26.685 18994 RALLYDEBUG rally_openstack.cleanup.manager [-] Deleting neutron.port object s_rally_d29c5ffe_d2ncuWXG (e744ba50-e99e-4d85-b5a6-939f6e134037)
2019-07-02 20:26:26.964 18994 RALLYDEBUG rally_openstack.cleanup.manager [-] Deleting neutron.port object s_rally_d29c5ffe_uL6VE3Vm (e76f716b-0ad0-441d-a824-650763ec1426)
2019-07-02 20:26:27.103 18994 RALLYDEBUG rally_openstack.cleanup.manager [-] Deleting neutron.port object s_rally_d29c5ffe_rXOl6oO1 (e7b6902a-8177-4a4a-b801-1756a568efb1)
2019-07-02 20:26:27.279 18994 RALLYDEBUG rally_openstack.cleanup.manager [-] Deleting neutron.port object s_rally_d29c5ffe_KHeoHLcY (e8ef938e-c92a-476d-86d4-e4cd396cce03)
2019-07-02 20:26:27.490 18994 RALLYDEBUG rally_openstack.cleanup.manager [-] Deleting neutron.port object s_rally_d29c5ffe_DjZeQgRo (e912115c-b171-46b3-8209-1214b3cb8846)
2019-07-02 20:26:27.682 18994 RALLYDEBUG rally_openstack.cleanup.manager [-] Deleting neutron.port object s_rally_d29c5ffe_nczCCvBd (e91f1ec4-d1af-470e-8492-2810cfbdf75e)
2019-07-02 20:26:28.111 18994 RALLYDEBUG rally_openstack.cleanup.manager [-] Deleting neutron.port object s_rally_d29c5ffe_3LChD9ys (ea87a443-28e0-426d-8c22-49124041d154)
2019-07-02 20:26:28.171 18994 RALLYDEBUG rally_openstack.cleanup.manager [-] Deleting neutron.port object s_rally_d29c5ffe_dQhAsPFx (eb6dbf21-e1ca-4aac-ad08-cb793e008e6f)
2019-07-02 20:26:28.274 18994 RALLYDEBUG rally_openstack.cleanup.manager [-] Deleting neutron.port object s_rally_d29c5ffe_2y807yIs (ebd4596e-48a2-4445-82a3-cb89fc8a4fcc)
2019-07-02 20:26:28.319 18994 RALLYDEBUG rally_openstack.cleanup.manager [-] Deleting neutron.port object s_rally_d29c5ffe_8DLFPMln (ecc456eb-46bd-4005-9ce7-a94d6e51a776)
2019-07-02 20:26:28.370 18994 RALLYDEBUG rally_openstack.cleanup.manager [-] Deleting neutron.port object s_rally_d29c5ffe_kLBKdEXS (ee3f9c83-d56f-4eab-bcc1-db15df96b101)
2019-07-02 20:26:28.454 18994 RALLYDEBUG rally_openstack.cleanup.manager [-] Deleting neutron.port object s_rally_d29c5ffe_iL8nNdiD (ee5e9b30-cf65-4624-9130-c4b9701fe38b)
2019-07-02 20:26:28.490 18994 RALLYDEBUG rally_openstack.cleanup.manager [-] Deleting neutron.port object s_rally_d29c5ffe_vKZjMAef (f0d60532-f81e-4e1c-b0fc-770d6a4ae764)
2019-07-02 20:26:28.519 18994 RALLYDEBUG rally_openstack.cleanup.manager [-] Deleting neutron.port object s_rally_d29c5ffe_kJBizAeq (f1c053b5-3ba5-405d-84a1-3eb838274ec6)
2019-07-02 20:26:28.580 18994 RALLYDEBUG rally_openstack.cleanup.manager [-] Deleting neutron.port object s_rally_d29c5ffe_vwlNFmve (f1f6b3e6-9d72-4261-8c7d-1d1a5220b0c3)
2019-07-02 20:26:28.893 18994 RALLYDEBUG rally_openstack.cleanup.manager [-] Deleting neutron.port object s_rally_d29c5ffe_ZUbZmjIB (f30f23bc-34f7-4dbb-a65d-56fa87b11193)
2019-07-02 20:26:28.930 18994 RALLYDEBUG rally_openstack.cleanup.manager [-] Deleting neutron.port object s_rally_d29c5ffe_t59NrkWI (f4031228-7ad6-483e-b877-e3377f757f4f)
2019-07-02 20:26:28.965 18994 RALLYDEBUG rally_openstack.cleanup.manager [-] Deleting neutron.port object s_rally_d29c5ffe_xZ8Frifp (f584ec7f-3507-4293-b8bc-61de629685b0)
2019-07-02 20:26:29.076 18994 RALLYDEBUG rally_openstack.cleanup.manager [-] Deleting neutron.port object s_rally_d29c5ffe_J22P2uNc (f6b03dca-c60f-4217-ac2c-1680b3b219d8)
2019-07-02 20:26:29.092 18994 RALLYDEBUG rally_openstack.cleanup.manager [-] Deleting neutron.port object s_rally_d29c5ffe_jpx5RAcC (f7108505-b399-4bda-ad4f-f1d8f8a6d5a7)
2019-07-02 20:26:29.254 18994 RALLYDEBUG rally_openstack.cleanup.manager [-] Deleting neutron.port object s_rally_d29c5ffe_XGRK7Cyf (f7cb3300-2bdd-4ef7-920d-bc60d946c606)
2019-07-02 20:26:29.446 18994 RALLYDEBUG rally_openstack.cleanup.manager [-] Deleting neutron.port object s_rally_d29c5ffe_aJIT2Pw5 (f7f1bf87-b3f4-4b6c-af87-aa6277660402)
2019-07-02 20:26:29.476 18994 RALLYDEBUG rally_openstack.cleanup.manager [-] Deleting neutron.port object s_rally_d29c5ffe_89vGWEpN (f841c0a1-08c4-46c7-8f21-5bc67c098c04)
2019-07-02 20:26:29.988 18994 RALLYDEBUG rally_openstack.cleanup.manager [-] Deleting neutron.port object s_rally_d29c5ffe_4wYsVWw9 (f96018cb-e049-43c9-ae99-6d19057bb4d1)
2019-07-02 20:26:30.008 18994 RALLYDEBUG rally_openstack.cleanup.manager [-] Deleting neutron.port object s_rally_d29c5ffe_l9eTUh0u (f9a4023e-e110-42c6-8000-151298985b52)
2019-07-02 20:26:30.123 18994 RALLYDEBUG rally_openstack.cleanup.manager [-] Deleting neutron.port object s_rally_d29c5ffe_PptjEMtY (fa6a8784-dec1-4d9a-86db-dca3d0ed9de6)
2019-07-02 20:26:30.577 18994 RALLYDEBUG rally_openstack.cleanup.manager [-] Deleting neutron.port object s_rally_d29c5ffe_rBbQVaxj (fb2466f0-7155-4049-9044-83bae388a55b)
2019-07-02 20:26:30.630 18994 RALLYDEBUG rally_openstack.cleanup.manager [-] Deleting neutron.port object s_rally_d29c5ffe_xKkNUPQJ (fbb6edff-b77e-4c54-9291-5b6d7524a095)
2019-07-02 20:26:30.831 18994 RALLYDEBUG rally_openstack.cleanup.manager [-] Deleting neutron.port object s_rally_d29c5ffe_l4NeMqEq (fbe6e4ce-8a80-4e2a-8a71-3f2c4bfc9dc4)
2019-07-02 20:26:30.861 18994 RALLYDEBUG rally_openstack.cleanup.manager [-] Deleting neutron.port object s_rally_d29c5ffe_3emBJml5 (fc9479c2-47ab-4933-af26-07ff2b616b46)
2019-07-02 20:26:30.893 18994 RALLYDEBUG rally_openstack.cleanup.manager [-] Deleting neutron.port object s_rally_d29c5ffe_srFuxeh8 (fd07d148-15a0-423b-b846-fe22c6b2e719)
2019-07-02 20:26:31.053 18994 RALLYDEBUG rally_openstack.cleanup.manager [-] Deleting neutron.port object s_rally_d29c5ffe_Ka4ZPlJj (fdcf8d4f-7c04-4cc8-865f-e5c80131efb9)
2019-07-02 20:26:31.061 18994 RALLYDEBUG rally_openstack.cleanup.manager [-] Deleting neutron.port object s_rally_d29c5ffe_dsFVW7Cz (fe18b9b2-ee64-4fb0-93d3-99b00265d6a3)
2019-07-02 20:26:31.233 18994 RALLYDEBUG rally_openstack.cleanup.manager [-] Deleting neutron.port object s_rally_d29c5ffe_XjNpCbbj (ff04ff8d-7472-45f8-a57d-df69df49d371)
2019-07-02 20:26:33.593 18994 RALLYDEBUG rally_openstack.cleanup.manager [-] Cleaning up neutron subnet objects
2019-07-02 20:26:34.250 18994 RALLYDEBUG rally_openstack.cleanup.manager [-] Cleaning up neutron network objects
2019-07-02 20:26:35.096 18994 RALLYDEBUG rally_openstack.cleanup.manager [-] Deleting neutron.network object s_rally_d29c5ffe_PwaWewx9 (01dac3d1-e116-4c74-9d6d-1034f06252e2)
2019-07-02 20:26:35.099 18994 RALLYDEBUG rally_openstack.cleanup.manager [-] Deleting neutron.network object s_rally_d29c5ffe_nZxUqMb2 (33455295-da2a-4725-a3ee-0e9ea129b470)
2019-07-02 20:26:35.104 18994 RALLYDEBUG rally_openstack.cleanup.manager [-] Deleting neutron.network object s_rally_d29c5ffe_VgcmQWJL (511c934e-03f7-4272-bb6a-e4c1c672636f)
2019-07-02 20:26:35.121 18994 RALLYDEBUG rally_openstack.cleanup.manager [-] Deleting neutron.network object s_rally_d29c5ffe_hwd0x19T (ddaa1e9e-4936-42c7-bae6-b538826c726a)
2019-07-02 20:26:35.122 18994 RALLYDEBUG rally_openstack.cleanup.manager [-] Deleting neutron.network object s_rally_d29c5ffe_D3IANlht (63f3d834-0389-47dd-b011-0cd965f4850c)
2019-07-02 20:26:35.131 18994 RALLYDEBUG rally_openstack.cleanup.manager [-] Deleting neutron.network object s_rally_d29c5ffe_W8XrejZj (de0c48c7-ab97-43fb-8fe8-74bd75787974)
2019-07-02 20:26:35.140 18994 RALLYDEBUG rally_openstack.cleanup.manager [-] Deleting neutron.network object s_rally_d29c5ffe_gNjVU5wC (f54b2c3c-6959-48bd-b368-4d2a73599570)
2019-07-02 20:26:35.151 18994 RALLYDEBUG rally_openstack.cleanup.manager [-] Deleting neutron.network object s_rally_d29c5ffe_4QckAnpM (f69d83f6-1914-4539-aacc-e9b65e692fa0)
2019-07-02 20:26:39.460 18994 RALLYDEBUG rally_openstack.cleanup.manager [-] Cleaning up neutron router objects
2019-07-02 20:26:40.260 18994 RALLYDEBUG rally_openstack.cleanup.manager [-] Cleaning up neutron security_group objects
2019-07-02 20:26:41.009 18994 INFO rally.task.context [-] Task ac13de89-3612-4815-ab82-36a20944c6ea | Context cleanup@openstack cleanup() finished in 1.14 min
2019-07-02 20:26:41.009 18994 INFO rally.task.context [-] Task ac13de89-3612-4815-ab82-36a20944c6ea | Context quotas@openstack cleanup() started
2019-07-02 20:26:41.338 18994 INFO rally.task.context [-] Task ac13de89-3612-4815-ab82-36a20944c6ea | Context quotas@openstack cleanup() finished in 0.33 sec
2019-07-02 20:26:41.338 18994 INFO rally.task.context [-] Task ac13de89-3612-4815-ab82-36a20944c6ea | Context users@openstack cleanup() started
2019-07-02 20:26:46.666 18994 INFO rally.task.context [-] Task ac13de89-3612-4815-ab82-36a20944c6ea | Context users@openstack cleanup() finished in 5.33 sec
2019-07-02 20:26:47.268 18994 INFO rally.task.engine [-] Load duration is: 114.511806
2019-07-02 20:26:47.268 18994 INFO rally.task.engine [-] Full runner duration is: 114.557841
2019-07-02 20:26:47.268 18994 INFO rally.task.engine [-] Full duration is: 194.107344
2019-07-02 20:26:47.483 18994 INFO rally.task.engine [-] Running workload: position = 1 config = { "version": 2, "title": "A cropped version of a bigger task.", "description": "Auto-generated task from a single workload (uuid=1ab621a7-27e0-426d-bdea-ca1b448655f9)", "subtasks": [ { "title": "NeutronNetworks.create_and_update_ports", "description": "Create and update a given number of ports.", "scenario": { "NeutronNetworks.create_and_update_ports": { "network_create_args": {}, "port_create_args": {}, "ports_per_network": 5, "port_update_args": { "admin_state_up": false, "device_id": "dummy_id", "device_owner": "dummy_owner", "name": "_port_updated" } } }, "contexts": { "users": { "tenants": 1, "users_per_tenant": 1 }, "quotas": { "neutron": { "network": -1, "port": -1 } } }, "runner": { "constant": { "times": 40, "concurrency": 20 } }, "hooks": [], "sla": { "failure_rate": { "max": 0 } } } ] }
2019-07-02 20:26:47.507 18994 RALLYDEBUG rally_openstack.contexts.keystone.users [-] Creating 1 tenants using 20 threads
2019-07-02 20:26:49.460 18994 RALLYDEBUG rally_openstack.contexts.keystone.users [-] Creating 1 users using 20 threads
2019-07-02 20:26:52.314 18994 INFO rally.task.context [-] Task ac13de89-3612-4815-ab82-36a20944c6ea | Context users@openstack setup() finished in 4.81 sec
2019-07-02 20:26:53.133 18994 INFO rally.task.context [-] Task ac13de89-3612-4815-ab82-36a20944c6ea | Context quotas@openstack setup() finished in 0.82 sec
2019-07-02 20:26:53.134 18994 INFO rally.task.context [-] Task ac13de89-3612-4815-ab82-36a20944c6ea | Context cleanup@openstack setup() finished in 0.01 msec
2019-07-02 20:26:53.142 18994 RALLYDEBUG rally.task.runner [-] Starting the constant runner (task UUID: ac13de89-3612-4815-ab82-36a20944c6ea). timeout: 0 concurrency: 20 concurrency_per_worker: 1 times: 40 concurrency_overhead: 4 processes_to_start: 16 max_cpu_used: 16
2019-07-02 20:26:53.155 22870 RALLYDEBUG rally.task.runner [-] Starting a worker. concurrency: 2 args: {"network_create_args": {}, "port_create_args": {}, "ports_per_network": 5, "port_update_args": {"admin_state_up": false, "device_id": "dummy_id", "device_owner": "dummy_owner", "name": "_port_updated"}} times: 40 method_name: run timeout: 0 duration: None cls:
2019-07-02 20:26:53.158 22871 RALLYDEBUG rally.task.runner [-] Starting a worker. concurrency: 2 args: {"network_create_args": {}, "port_create_args": {}, "ports_per_network": 5, "port_update_args": {"admin_state_up": false, "device_id": "dummy_id", "device_owner": "dummy_owner", "name": "_port_updated"}} times: 40 method_name: run timeout: 0 duration: None cls:
2019-07-02 20:26:53.161 22872 RALLYDEBUG rally.task.runner [-] Starting a worker. concurrency: 2 args: {"network_create_args": {}, "port_create_args": {}, "ports_per_network": 5, "port_update_args": {"admin_state_up": false, "device_id": "dummy_id", "device_owner": "dummy_owner", "name": "_port_updated"}} times: 40 method_name: run timeout: 0 duration: None cls:
2019-07-02 20:26:53.163 22870 INFO rally.task.runner [-] Task ac13de89-3612-4815-ab82-36a20944c6ea | ITER: 1 START
2019-07-02 20:26:53.165 22871 INFO rally.task.runner [-] Task ac13de89-3612-4815-ab82-36a20944c6ea | ITER: 2 START
2019-07-02 20:26:53.164 22870 INFO rally.task.runner [-] Task ac13de89-3612-4815-ab82-36a20944c6ea | ITER: 3 START
2019-07-02 20:26:53.165 22873 RALLYDEBUG rally.task.runner [-] Starting a worker. concurrency: 2 args: {"network_create_args": {}, "port_create_args": {}, "ports_per_network": 5, "port_update_args": {"admin_state_up": false, "device_id": "dummy_id", "device_owner": "dummy_owner", "name": "_port_updated"}} times: 40 method_name: run timeout: 0 duration: None cls:
2019-07-02 20:26:53.166 22870 WARNING rally_openstack.scenarios.neutron.utils [-] Running this scenario without either the 'network' or 'existing_network' context is deprecated
2019-07-02 20:26:53.168 22872 INFO rally.task.runner [-] Task ac13de89-3612-4815-ab82-36a20944c6ea | ITER: 4 START
2019-07-02 20:26:53.168 22875 RALLYDEBUG rally.task.runner [-] Starting a worker. concurrency: 1 args: {"network_create_args": {}, "port_create_args": {}, "ports_per_network": 5, "port_update_args": {"admin_state_up": false, "device_id": "dummy_id", "device_owner": "dummy_owner", "name": "_port_updated"}} times: 40 method_name: run timeout: 0 duration: None cls:
2019-07-02 20:26:53.170 22871 WARNING rally_openstack.scenarios.neutron.utils [-] Running this scenario without either the 'network' or 'existing_network' context is deprecated
2019-07-02 20:26:53.170 22872 WARNING rally_openstack.scenarios.neutron.utils [-] Running this scenario without either the 'network' or 'existing_network' context is deprecated
2019-07-02 20:26:53.167 22870 WARNING rally_openstack.scenarios.neutron.utils [-] Running this scenario without either the 'network' or 'existing_network' context is deprecated
2019-07-02 20:26:53.173 22882 RALLYDEBUG rally.task.runner [-] Starting a worker. concurrency: 1 args: {"network_create_args": {}, "port_create_args": {}, "ports_per_network": 5, "port_update_args": {"admin_state_up": false, "device_id": "dummy_id", "device_owner": "dummy_owner", "name": "_port_updated"}} times: 40 method_name: run timeout: 0 duration: None cls:
2019-07-02 20:26:53.174 22879 RALLYDEBUG rally.task.runner [-] Starting a worker. concurrency: 1 args: {"network_create_args": {}, "port_create_args": {}, "ports_per_network": 5, "port_update_args": {"admin_state_up": false, "device_id": "dummy_id", "device_owner": "dummy_owner", "name": "_port_updated"}} times: 40 method_name: run timeout: 0 duration: None cls:
2019-07-02 20:26:53.176 22873 INFO rally.task.runner [-] Task ac13de89-3612-4815-ab82-36a20944c6ea | ITER: 7 START
2019-07-02 20:26:53.177 22886 RALLYDEBUG rally.task.runner [-] Starting a worker. concurrency: 1 args: {"network_create_args": {}, "port_create_args": {}, "ports_per_network": 5, "port_update_args": {"admin_state_up": false, "device_id": "dummy_id", "device_owner": "dummy_owner", "name": "_port_updated"}} times: 40 method_name: run timeout: 0 duration: None cls:
2019-07-02 20:26:53.178 22873 WARNING rally_openstack.scenarios.neutron.utils [-] Running this scenario without either the 'network' or 'existing_network' context is deprecated
2019-07-02 20:26:53.177 22871 INFO rally.task.runner [-] Task ac13de89-3612-4815-ab82-36a20944c6ea | ITER: 5 START
2019-07-02 20:26:53.179 22875 INFO rally.task.runner [-] Task ac13de89-3612-4815-ab82-36a20944c6ea | ITER: 8 START
2019-07-02 20:26:53.179 22882 INFO rally.task.runner [-] Task ac13de89-3612-4815-ab82-36a20944c6ea | ITER: 10 START
2019-07-02 20:26:53.181 22871 WARNING rally_openstack.scenarios.neutron.utils [-] Running this scenario without either the 'network' or 'existing_network' context is deprecated
2019-07-02 20:26:53.181 22875 WARNING rally_openstack.scenarios.neutron.utils [-] Running this scenario without either the 'network' or 'existing_network' context is deprecated
2019-07-02 20:26:53.181 22882 WARNING rally_openstack.scenarios.neutron.utils [-] Running this scenario without either the 'network' or 'existing_network' context is deprecated
2019-07-02 20:26:53.181 22872 INFO rally.task.runner [-] Task ac13de89-3612-4815-ab82-36a20944c6ea | ITER: 6 START
2019-07-02 20:26:53.181 22872 WARNING rally_openstack.scenarios.neutron.utils [-] Running this scenario without either the 'network' or 'existing_network' context is deprecated
2019-07-02 20:26:53.182 22879 INFO rally.task.runner [-] Task ac13de89-3612-4815-ab82-36a20944c6ea | ITER: 11 START
2019-07-02 20:26:53.184 22879 WARNING rally_openstack.scenarios.neutron.utils [-] Running this scenario without either the 'network' or 'existing_network' context is deprecated
2019-07-02 20:26:53.184 22891 RALLYDEBUG rally.task.runner [-] Starting a worker. concurrency: 1 args: {"network_create_args": {}, "port_create_args": {}, "ports_per_network": 5, "port_update_args": {"admin_state_up": false, "device_id": "dummy_id", "device_owner": "dummy_owner", "name": "_port_updated"}} times: 40 method_name: run timeout: 0 duration: None cls:
2019-07-02 20:26:53.184 22886 INFO rally.task.runner [-] Task ac13de89-3612-4815-ab82-36a20944c6ea | ITER: 12 START
2019-07-02 20:26:53.186 22873 INFO rally.task.runner [-] Task ac13de89-3612-4815-ab82-36a20944c6ea | ITER: 9 START
2019-07-02 20:26:53.186 22886 WARNING rally_openstack.scenarios.neutron.utils [-] Running this scenario without either the 'network' or 'existing_network' context is deprecated
2019-07-02 20:26:53.187 22873 WARNING rally_openstack.scenarios.neutron.utils [-] Running this scenario without either the 'network' or 'existing_network' context is deprecated
2019-07-02 20:26:53.190 22899 RALLYDEBUG rally.task.runner [-] Starting a worker. concurrency: 1 args: {"network_create_args": {}, "port_create_args": {}, "ports_per_network": 5, "port_update_args": {"admin_state_up": false, "device_id": "dummy_id", "device_owner": "dummy_owner", "name": "_port_updated"}} times: 40 method_name: run timeout: 0 duration: None cls:
2019-07-02 20:26:53.191 22891 INFO rally.task.runner [-] Task ac13de89-3612-4815-ab82-36a20944c6ea | ITER: 13 START
2019-07-02 20:26:53.193 22891 WARNING rally_openstack.scenarios.neutron.utils [-] Running this scenario without either the 'network' or 'existing_network' context is deprecated
2019-07-02 20:26:53.199 22899 INFO rally.task.runner [-] Task ac13de89-3612-4815-ab82-36a20944c6ea | ITER: 14 START
2019-07-02 20:26:53.200 22902 RALLYDEBUG rally.task.runner [-] Starting a worker. concurrency: 1 args: {"network_create_args": {}, "port_create_args": {}, "ports_per_network": 5, "port_update_args": {"admin_state_up": false, "device_id": "dummy_id", "device_owner": "dummy_owner", "name": "_port_updated"}} times: 40 method_name: run timeout: 0 duration: None cls:
2019-07-02 20:26:53.201 22899 WARNING rally_openstack.scenarios.neutron.utils [-] Running this scenario without either the 'network' or 'existing_network' context is deprecated
2019-07-02 20:26:53.206 22902 INFO rally.task.runner [-] Task ac13de89-3612-4815-ab82-36a20944c6ea | ITER: 15 START
2019-07-02 20:26:53.208 22902 WARNING rally_openstack.scenarios.neutron.utils [-] Running this scenario without either the 'network' or 'existing_network' context is deprecated
2019-07-02 20:26:53.208 22905 RALLYDEBUG rally.task.runner [-] Starting a worker. concurrency: 1 args: {"network_create_args": {}, "port_create_args": {}, "ports_per_network": 5, "port_update_args": {"admin_state_up": false, "device_id": "dummy_id", "device_owner": "dummy_owner", "name": "_port_updated"}} times: 40 method_name: run timeout: 0 duration: None cls:
2019-07-02 20:26:53.215 22905 INFO rally.task.runner [-] Task ac13de89-3612-4815-ab82-36a20944c6ea | ITER: 16 START
2019-07-02 20:26:53.214 22908 RALLYDEBUG rally.task.runner [-] Starting a worker. concurrency: 1 args: {"network_create_args": {}, "port_create_args": {}, "ports_per_network": 5, "port_update_args": {"admin_state_up": false, "device_id": "dummy_id", "device_owner": "dummy_owner", "name": "_port_updated"}} times: 40 method_name: run timeout: 0 duration: None cls:
2019-07-02 20:26:53.217 22905 WARNING rally_openstack.scenarios.neutron.utils [-] Running this scenario without either the 'network' or 'existing_network' context is deprecated
2019-07-02 20:26:53.220 22908 INFO rally.task.runner [-] Task ac13de89-3612-4815-ab82-36a20944c6ea | ITER: 17 START
2019-07-02 20:26:53.222 22908 WARNING rally_openstack.scenarios.neutron.utils [-] Running this scenario without either the 'network' or 'existing_network' context is deprecated
2019-07-02 20:26:53.222 22911 RALLYDEBUG rally.task.runner [-] Starting a worker. concurrency: 1 args: {"network_create_args": {}, "port_create_args": {}, "ports_per_network": 5, "port_update_args": {"admin_state_up": false, "device_id": "dummy_id", "device_owner": "dummy_owner", "name": "_port_updated"}} times: 40 method_name: run timeout: 0 duration: None cls:
2019-07-02 20:26:53.228 22911 INFO rally.task.runner [-] Task ac13de89-3612-4815-ab82-36a20944c6ea | ITER: 18 START
2019-07-02 20:26:53.230 22911 WARNING rally_openstack.scenarios.neutron.utils [-] Running this scenario without either the 'network' or 'existing_network' context is deprecated
2019-07-02 20:26:53.229 22914 RALLYDEBUG rally.task.runner [-] Starting a worker. concurrency: 1 args: {"network_create_args": {}, "port_create_args": {}, "ports_per_network": 5, "port_update_args": {"admin_state_up": false, "device_id": "dummy_id", "device_owner": "dummy_owner", "name": "_port_updated"}} times: 40 method_name: run timeout: 0 duration: None cls:
2019-07-02 20:26:53.232 22915 RALLYDEBUG rally.task.runner [-] Starting a worker. concurrency: 1 args: {"network_create_args": {}, "port_create_args": {}, "ports_per_network": 5, "port_update_args": {"admin_state_up": false, "device_id": "dummy_id", "device_owner": "dummy_owner", "name": "_port_updated"}} times: 40 method_name: run timeout: 0 duration: None cls:
2019-07-02 20:26:53.234 22914 INFO rally.task.runner [-] Task ac13de89-3612-4815-ab82-36a20944c6ea | ITER: 19 START
2019-07-02 20:26:53.235 22914 WARNING rally_openstack.scenarios.neutron.utils [-] Running this scenario without either the 'network' or 'existing_network' context is deprecated
2019-07-02 20:26:53.237 22915 INFO rally.task.runner [-] Task ac13de89-3612-4815-ab82-36a20944c6ea | ITER: 20 START
2019-07-02 20:26:53.238 22915 WARNING rally_openstack.scenarios.neutron.utils [-] Running this scenario without either the 'network' or 'existing_network' context is deprecated
2019-07-02 20:27:09.488 22879 INFO rally.task.runner [-] Task ac13de89-3612-4815-ab82-36a20944c6ea | ITER: 11 END: OK
2019-07-02 20:27:09.493 22879 INFO rally.task.runner [-] Task ac13de89-3612-4815-ab82-36a20944c6ea | ITER: 21 START
2019-07-02 20:27:09.494 22879 WARNING rally_openstack.scenarios.neutron.utils [-] Running this scenario without either the 'network' or 'existing_network' context is deprecated
2019-07-02 20:27:09.587 22875 INFO rally.task.runner [-] Task ac13de89-3612-4815-ab82-36a20944c6ea | ITER: 8 END: OK
2019-07-02 20:27:09.591 22875 INFO rally.task.runner [-] Task ac13de89-3612-4815-ab82-36a20944c6ea | ITER: 22 START
2019-07-02 20:27:09.592 22875 WARNING rally_openstack.scenarios.neutron.utils [-] Running this scenario without either the 'network' or 'existing_network' context is deprecated
2019-07-02 20:27:09.617 22870 INFO rally.task.runner [-] Task ac13de89-3612-4815-ab82-36a20944c6ea | ITER: 1 END: OK
2019-07-02 20:27:09.621 22870 INFO rally.task.runner [-] Task ac13de89-3612-4815-ab82-36a20944c6ea | ITER: 23 START
2019-07-02 20:27:09.622 22870 WARNING rally_openstack.scenarios.neutron.utils [-] Running this scenario without either the 'network' or 'existing_network' context is deprecated
2019-07-02 20:27:10.047 22899 INFO rally.task.runner [-] Task ac13de89-3612-4815-ab82-36a20944c6ea | ITER: 14 END: OK
2019-07-02 20:27:10.051 22899 INFO rally.task.runner [-] Task ac13de89-3612-4815-ab82-36a20944c6ea | ITER: 24 START
2019-07-02 20:27:10.052 22899 WARNING rally_openstack.scenarios.neutron.utils [-] Running this scenario without either the 'network' or 'existing_network' context is deprecated
2019-07-02 20:27:10.196 22886 INFO rally.task.runner [-] Task ac13de89-3612-4815-ab82-36a20944c6ea | ITER: 12 END: OK
2019-07-02 20:27:10.200 22886 INFO rally.task.runner [-] Task ac13de89-3612-4815-ab82-36a20944c6ea | ITER: 25 START
2019-07-02 20:27:10.201 22886 WARNING rally_openstack.scenarios.neutron.utils [-] Running this scenario without either the 'network' or 'existing_network' context is deprecated
2019-07-02 20:27:10.554 22902 INFO rally.task.runner [-] Task ac13de89-3612-4815-ab82-36a20944c6ea | ITER: 15 END: OK
2019-07-02 20:27:10.558 22902 INFO rally.task.runner [-] Task ac13de89-3612-4815-ab82-36a20944c6ea | ITER: 26 START
2019-07-02 20:27:10.559 22902 WARNING rally_openstack.scenarios.neutron.utils [-] Running this scenario without either the 'network' or 'existing_network' context is deprecated
2019-07-02 20:27:10.576 22915 INFO rally.task.runner [-] Task ac13de89-3612-4815-ab82-36a20944c6ea | ITER: 20 END: OK
2019-07-02 20:27:10.580 22915 INFO rally.task.runner [-] Task ac13de89-3612-4815-ab82-36a20944c6ea | ITER: 27 START
2019-07-02 20:27:10.580 22915 WARNING rally_openstack.scenarios.neutron.utils [-] Running this scenario without either the 'network' or 'existing_network' context is deprecated
2019-07-02 20:27:10.871 22914 INFO rally.task.runner [-] Task ac13de89-3612-4815-ab82-36a20944c6ea | ITER: 19 END: OK
2019-07-02 20:27:10.875 22914 INFO rally.task.runner [-] Task ac13de89-3612-4815-ab82-36a20944c6ea | ITER: 28 START
2019-07-02 20:27:10.876 22914 WARNING rally_openstack.scenarios.neutron.utils [-] Running this scenario without either the 'network' or 'existing_network' context is deprecated
2019-07-02 20:27:10.995 22891 INFO rally.task.runner [-] Task ac13de89-3612-4815-ab82-36a20944c6ea | ITER: 13 END: OK
2019-07-02 20:27:10.999 22891 INFO rally.task.runner [-] Task ac13de89-3612-4815-ab82-36a20944c6ea | ITER: 29 START
2019-07-02 20:27:11.000 22891 WARNING rally_openstack.scenarios.neutron.utils [-] Running this scenario without either the 'network' or 'existing_network' context is deprecated
2019-07-02 20:27:11.618 22882 INFO rally.task.runner [-] Task ac13de89-3612-4815-ab82-36a20944c6ea | ITER: 10 END: OK
2019-07-02 20:27:11.621 22882 INFO rally.task.runner [-] Task ac13de89-3612-4815-ab82-36a20944c6ea | ITER: 30 START
2019-07-02 20:27:11.621 22882 WARNING rally_openstack.scenarios.neutron.utils [-] Running this scenario without either the 'network' or 'existing_network' context is deprecated
2019-07-02 20:27:11.629 22872 INFO rally.task.runner [-] Task ac13de89-3612-4815-ab82-36a20944c6ea | ITER: 4 END: OK
2019-07-02 20:27:11.633 22872 INFO rally.task.runner [-] Task ac13de89-3612-4815-ab82-36a20944c6ea | ITER: 31 START
2019-07-02 20:27:11.634 22872 WARNING rally_openstack.scenarios.neutron.utils [-] Running this scenario without either the 'network' or 'existing_network' context is deprecated
2019-07-02 20:27:11.745 22873 INFO rally.task.runner [-] Task ac13de89-3612-4815-ab82-36a20944c6ea | ITER: 9 END: OK
2019-07-02 20:27:11.749 22873 INFO rally.task.runner [-] Task ac13de89-3612-4815-ab82-36a20944c6ea | ITER: 32 START
2019-07-02 20:27:11.750 22873 WARNING rally_openstack.scenarios.neutron.utils [-] Running this scenario without either the 'network' or 'existing_network' context is deprecated
2019-07-02 20:27:12.066 22911 INFO rally.task.runner [-] Task ac13de89-3612-4815-ab82-36a20944c6ea | ITER: 18 END: OK
2019-07-02 20:27:12.071 22911 INFO rally.task.runner [-] Task ac13de89-3612-4815-ab82-36a20944c6ea | ITER: 33 START
2019-07-02 20:27:12.071 22911 WARNING rally_openstack.scenarios.neutron.utils [-] Running this scenario without either the 'network' or 'existing_network' context is deprecated
2019-07-02 20:27:12.224 22873 INFO rally.task.runner [-] Task ac13de89-3612-4815-ab82-36a20944c6ea | ITER: 7 END: OK
2019-07-02 20:27:12.228 22873 INFO rally.task.runner [-] Task ac13de89-3612-4815-ab82-36a20944c6ea | ITER: 34 START
2019-07-02 20:27:12.228 22873 WARNING rally_openstack.scenarios.neutron.utils [-] Running this scenario without either the 'network' or 'existing_network' context is deprecated
2019-07-02 20:27:12.472 22871 INFO rally.task.runner [-] Task ac13de89-3612-4815-ab82-36a20944c6ea | ITER: 2 END: OK
2019-07-02 20:27:12.476 22871 INFO rally.task.runner [-] Task ac13de89-3612-4815-ab82-36a20944c6ea | ITER: 35 START
2019-07-02 20:27:12.477 22871 WARNING rally_openstack.scenarios.neutron.utils [-] Running this scenario without either the 'network' or 'existing_network' context is deprecated
2019-07-02 20:27:14.398 22870 INFO rally.task.runner [-] Task ac13de89-3612-4815-ab82-36a20944c6ea | ITER: 3 END: OK
2019-07-02 20:27:14.402 22870 INFO rally.task.runner [-] Task ac13de89-3612-4815-ab82-36a20944c6ea | ITER: 36 START
2019-07-02 20:27:14.403 22870 WARNING rally_openstack.scenarios.neutron.utils [-] Running this scenario without either the 'network' or 'existing_network' context is deprecated
2019-07-02 20:27:14.766 22908 INFO rally.task.runner [-] Task ac13de89-3612-4815-ab82-36a20944c6ea | ITER: 17 END: OK
2019-07-02 20:27:14.771 22908 INFO rally.task.runner [-] Task ac13de89-3612-4815-ab82-36a20944c6ea | ITER: 37 START
2019-07-02 20:27:14.772 22908 WARNING rally_openstack.scenarios.neutron.utils [-] Running this scenario without either the 'network' or 'existing_network' context is deprecated
2019-07-02 20:27:15.288 22872 INFO rally.task.runner [-] Task ac13de89-3612-4815-ab82-36a20944c6ea | ITER: 6 END: OK
2019-07-02 20:27:15.292 22872 INFO rally.task.runner [-] Task ac13de89-3612-4815-ab82-36a20944c6ea | ITER: 38 START
2019-07-02 20:27:15.293 22872 WARNING rally_openstack.scenarios.neutron.utils [-] Running this scenario without either the 'network' or 'existing_network' context is deprecated
2019-07-02 20:27:15.323 22905 INFO rally.task.runner [-] Task ac13de89-3612-4815-ab82-36a20944c6ea | ITER: 16 END: OK
2019-07-02 20:27:15.328 22905 INFO rally.task.runner [-] Task ac13de89-3612-4815-ab82-36a20944c6ea | ITER: 39 START
2019-07-02 20:27:15.329 22905 WARNING rally_openstack.scenarios.neutron.utils [-] Running this scenario without either the 'network' or 'existing_network' context is deprecated
2019-07-02 20:27:16.995 22871 INFO rally.task.runner [-] Task ac13de89-3612-4815-ab82-36a20944c6ea | ITER: 5 END: OK
2019-07-02 20:27:16.999 22871 INFO rally.task.runner [-] Task ac13de89-3612-4815-ab82-36a20944c6ea | ITER: 40 START
2019-07-02 20:27:17.000 22871 WARNING rally_openstack.scenarios.neutron.utils [-] Running this scenario without either the 'network' or 'existing_network' context is deprecated
2019-07-02 20:27:25.707 22879 INFO rally.task.runner [-] Task ac13de89-3612-4815-ab82-36a20944c6ea | ITER: 21 END: OK
2019-07-02 20:27:27.122 22891 INFO rally.task.runner [-] Task ac13de89-3612-4815-ab82-36a20944c6ea | ITER: 29 END: OK
2019-07-02 20:27:27.462 22914 INFO rally.task.runner [-] Task ac13de89-3612-4815-ab82-36a20944c6ea | ITER: 28 END: OK
2019-07-02 20:27:28.151 22899 INFO rally.task.runner [-] Task ac13de89-3612-4815-ab82-36a20944c6ea | ITER: 24 END: OK
2019-07-02 20:27:28.178 22870 INFO rally.task.runner [-] Task ac13de89-3612-4815-ab82-36a20944c6ea | ITER: 23 END: OK
2019-07-02 20:27:28.278 22886 INFO rally.task.runner [-] Task ac13de89-3612-4815-ab82-36a20944c6ea | ITER: 25 END: OK
2019-07-02 20:27:28.449 22871 INFO rally.task.runner [-] Task ac13de89-3612-4815-ab82-36a20944c6ea | ITER: 35 END: OK
2019-07-02 20:27:28.817 22875 INFO rally.task.runner [-] Task ac13de89-3612-4815-ab82-36a20944c6ea | ITER: 22 END: OK
2019-07-02 20:27:28.852 22882 INFO rally.task.runner [-] Task ac13de89-3612-4815-ab82-36a20944c6ea | ITER: 30 END: OK
2019-07-02 20:27:28.952 22873 INFO rally.task.runner [-] Task ac13de89-3612-4815-ab82-36a20944c6ea | ITER: 32 END: OK
2019-07-02 20:27:29.071 22872 INFO rally.task.runner [-] Task ac13de89-3612-4815-ab82-36a20944c6ea | ITER: 31 END: OK
2019-07-02 20:27:29.540 22902 INFO rally.task.runner [-] Task ac13de89-3612-4815-ab82-36a20944c6ea | ITER: 26 END: OK
2019-07-02 20:27:29.828 22915 INFO rally.task.runner [-] Task ac13de89-3612-4815-ab82-36a20944c6ea | ITER: 27 END: OK
2019-07-02 20:27:30.438 22911 INFO rally.task.runner [-] Task ac13de89-3612-4815-ab82-36a20944c6ea | ITER: 33 END: OK
2019-07-02 20:27:30.738 22873 INFO rally.task.runner [-] Task ac13de89-3612-4815-ab82-36a20944c6ea | ITER: 34 END: OK
2019-07-02 20:27:30.890 22908 INFO rally.task.runner [-] Task ac13de89-3612-4815-ab82-36a20944c6ea | ITER: 37 END: OK
2019-07-02 20:27:31.123 22905 INFO rally.task.runner [-] Task ac13de89-3612-4815-ab82-36a20944c6ea | ITER: 39 END: OK
2019-07-02 20:27:31.679 22870 INFO rally.task.runner [-] Task ac13de89-3612-4815-ab82-36a20944c6ea | ITER: 36 END: OK
2019-07-02 20:27:31.729 22872 INFO rally.task.runner [-] Task ac13de89-3612-4815-ab82-36a20944c6ea | ITER: 38 END: OK
2019-07-02 20:27:33.031 22871 INFO rally.task.runner [-] Task ac13de89-3612-4815-ab82-36a20944c6ea | ITER: 40 END: OK
2019-07-02 20:27:33.056 18994 INFO rally.task.context [-] Task ac13de89-3612-4815-ab82-36a20944c6ea | Context cleanup@openstack cleanup() started
2019-07-02 20:27:33.059 18994 RALLYDEBUG rally_openstack.cleanup.manager [-] Cleaning up neutron vip objects
2019-07-02 20:27:33.706 18994 RALLYDEBUG rally_openstack.cleanup.manager [-] Cleaning up neutron health_monitor objects
2019-07-02 20:27:34.443 18994 RALLYDEBUG rally_openstack.cleanup.manager [-] Cleaning up neutron pool objects
2019-07-02 20:27:35.214 18994 RALLYDEBUG rally_openstack.cleanup.manager [-] Cleaning up neutron loadbalancer objects
2019-07-02 20:27:35.940 18994 RALLYDEBUG rally_openstack.cleanup.manager [-] Cleaning up neutron floatingip objects
2019-07-02 20:27:36.712 18994 RALLYDEBUG rally_openstack.cleanup.manager [-] Cleaning up neutron port objects
2019-07-02 20:27:37.996 18994 RALLYDEBUG rally_openstack.cleanup.manager [-] Deleting neutron.port object s_rally_1ab621a7_TWdMN0h3 (0823c6e6-1b37-4904-a6d1-97ad5e687170)
2019-07-02 20:27:37.998 18994 RALLYDEBUG rally_openstack.cleanup.manager [-] Deleting neutron.port object s_rally_1ab621a7_plzt1T9n (007f2827-f34f-40b4-8fe3-4de839dd15f0)
2019-07-02 20:27:38.004 18994 RALLYDEBUG rally_openstack.cleanup.manager [-] Deleting neutron.port object s_rally_1ab621a7_1eteY9cZ (05034383-d023-4070-b938-0ebe868accf5)
2019-07-02 20:27:38.006 18994 RALLYDEBUG rally_openstack.cleanup.manager [-] Deleting neutron.port object s_rally_1ab621a7_iPYceGSx (0584d9ac-205c-4457-bf18-9ec240a15c73)
2019-07-02 20:27:38.006 18994 RALLYDEBUG rally_openstack.cleanup.manager [-] Deleting neutron.port object s_rally_1ab621a7_0TGOUnf4 (0203c385-990a-4260-9e40-bd888e3b21e4)
2019-07-02 20:27:38.012 18994 RALLYDEBUG rally_openstack.cleanup.manager [-] Deleting neutron.port object s_rally_1ab621a7_JVOETQKQ (0c9dd09c-bc49-4964-b872-b3736c42235a)
2019-07-02 20:27:38.015 18994 RALLYDEBUG rally_openstack.cleanup.manager [-] Deleting neutron.port object s_rally_1ab621a7_LPYh1xc0 (0b172165-5f5f-49bd-b31f-69767e3f304f)
2019-07-02 20:27:38.026 18994 RALLYDEBUG rally_openstack.cleanup.manager [-] Deleting neutron.port object s_rally_1ab621a7_MH20CCGj (0ce6e728-8689-4d79-a318-18880c5d2123)
2019-07-02 20:27:38.033 18994 RALLYDEBUG rally_openstack.cleanup.manager [-] Deleting neutron.port object s_rally_1ab621a7_nMAlzmVT (0db46616-025f-4941-85d1-7dd5b81d074f)
2019-07-02 20:27:38.037 18994 RALLYDEBUG rally_openstack.cleanup.manager [-] Deleting neutron.port object s_rally_1ab621a7_VtqcPxEF (0d667fb9-7574-48fd-9926-effecc65c641)
2019-07-02 20:27:38.037 18994 RALLYDEBUG rally_openstack.cleanup.manager [-] Deleting neutron.port object s_rally_1ab621a7_7SoR58IL (02b6495b-1361-4d5f-ba6e-8219fb1183f9)
2019-07-02 20:27:38.040 18994 RALLYDEBUG rally_openstack.cleanup.manager [-] Deleting neutron.port object s_rally_1ab621a7_xpvrZY2d (0c871c73-8cc5-481c-9261-79e3aabff623)
2019-07-02 20:27:38.060 18994 RALLYDEBUG rally_openstack.cleanup.manager [-] Deleting neutron.port object s_rally_1ab621a7_D9yMWWly (0f088d09-4d1a-4a0f-9091-0e499112d590)
2019-07-02 20:27:38.077 18994 RALLYDEBUG rally_openstack.cleanup.manager [-] Deleting neutron.port object s_rally_1ab621a7_tSygJHfv (12184e9d-ded9-419e-ab71-fabee82bd952)
2019-07-02 20:27:38.079 18994 RALLYDEBUG rally_openstack.cleanup.manager [-] Deleting neutron.port object s_rally_1ab621a7_8fzF6HX9 (116cf6e1-9102-4698-9efc-10dca1ecb309)
2019-07-02 20:27:38.088 18994 RALLYDEBUG rally_openstack.cleanup.manager [-] Deleting neutron.port object s_rally_1ab621a7_OXiMAxR0 (1260629c-50c3-4203-a853-5bf306e7e0b3)
2019-07-02 20:27:38.104 18994 RALLYDEBUG rally_openstack.cleanup.manager [-] Deleting neutron.port object s_rally_1ab621a7_tRDaa1ni (13682f88-6a0e-40b0-90e3-0de855a2d9cb)
2019-07-02 20:27:38.128 18994 RALLYDEBUG rally_openstack.cleanup.manager [-] Deleting neutron.port object s_rally_1ab621a7_pYmRro4u (14a03069-7ac5-4e0f-9221-9af17a292802)
2019-07-02 20:27:38.134 18994 RALLYDEBUG rally_openstack.cleanup.manager [-] Deleting neutron.port object s_rally_1ab621a7_QgFarat3 (16c6f1dc-6eea-4cf3-9d04-975364d4a799)
2019-07-02 20:27:38.137 18994 RALLYDEBUG rally_openstack.cleanup.manager [-] Deleting neutron.port object s_rally_1ab621a7_1bXAVknI (16508f54-ca34-47cc-8415-f193d870738a)
2019-07-02 20:27:40.658 18994 RALLYDEBUG rally_openstack.cleanup.manager [-] Deleting neutron.port object s_rally_1ab621a7_Z3cRIWo8 (18917325-038f-43a1-b688-71215dc14f9e)
2019-07-02 20:27:40.771 18994 RALLYDEBUG rally_openstack.cleanup.manager [-] Deleting neutron.port object s_rally_1ab621a7_IUicvdzb (196500e6-7e4e-4e20-bddc-2a37b52c5776)
2019-07-02 20:27:40.841 18994 RALLYDEBUG rally_openstack.cleanup.manager [-] Deleting neutron.port object s_rally_1ab621a7_kjoOzgEg (1a6a73b4-adbe-4224-b5c1-9aa38778b982)
2019-07-02 20:27:41.079 18994 RALLYDEBUG rally_openstack.cleanup.manager [-] Deleting neutron.port object s_rally_1ab621a7_t1q3ba09 (1ab7aeb2-4cf9-4901-87c2-4719299abe95)
2019-07-02 20:27:41.083 18994 RALLYDEBUG rally_openstack.cleanup.manager [-] Deleting neutron.port object s_rally_1ab621a7_vLN4z25O (1bea9b84-c501-4275-8617-7b5e496d686f)
2019-07-02 20:27:41.146 18994 RALLYDEBUG rally_openstack.cleanup.manager [-] Deleting neutron.port object s_rally_1ab621a7_gSVmaXxu (1f377349-c1f4-4b60-9309-bc52908371e8)
2019-07-02 20:27:41.171 18994 RALLYDEBUG rally_openstack.cleanup.manager [-] Deleting neutron.port object s_rally_1ab621a7_Ur1Y21B1 (1fd6cb5e-3e20-4ae0-9002-f432d591a5a1)
2019-07-02 20:27:41.231 18994 RALLYDEBUG rally_openstack.cleanup.manager [-] Deleting neutron.port object s_rally_1ab621a7_Ud0Nbrbw (205bc1d1-9ea6-4f73-97ce-b9be9a517035)
2019-07-02 20:27:41.316 18994 RALLYDEBUG rally_openstack.cleanup.manager [-] Deleting neutron.port object s_rally_1ab621a7_Hoo9o27e (2151d671-a2c9-4ab4-9ac3-357e8d0e1538)
2019-07-02 20:27:41.323 18994 RALLYDEBUG rally_openstack.cleanup.manager [-] Deleting neutron.port object s_rally_1ab621a7_XLbavFDB (228d82ae-18de-4264-95d3-c99979c85b23)
2019-07-02 20:27:41.353 18994 RALLYDEBUG rally_openstack.cleanup.manager [-] Deleting neutron.port object s_rally_1ab621a7_64eVY8tv (234f73ea-5d56-40fa-931e-2affcdb372c4)
2019-07-02 20:27:41.373 18994 RALLYDEBUG rally_openstack.cleanup.manager [-] Deleting neutron.port object s_rally_1ab621a7_om6bqPPc (235d6b20-1df7-4e26-a80d-3556d584d6b7)
2019-07-02 20:27:41.405 18994 RALLYDEBUG rally_openstack.cleanup.manager [-] Deleting neutron.port object s_rally_1ab621a7_51NvCyCM (28005c9a-bebf-4d02-822b-b7876800b42c)
2019-07-02 20:27:41.474 18994 RALLYDEBUG rally_openstack.cleanup.manager [-] Deleting neutron.port object s_rally_1ab621a7_KKO0QENt (282c7e36-3355-43ca-9cd5-aaed4fc1b02c)
2019-07-02 20:27:41.519 18994 RALLYDEBUG rally_openstack.cleanup.manager [-] Deleting neutron.port object s_rally_1ab621a7_vnDBEiD8 (2a1bf7c0-c20d-4d44-87a7-1085933e935b)
2019-07-02 20:27:41.545 18994 RALLYDEBUG rally_openstack.cleanup.manager [-] Deleting neutron.port object s_rally_1ab621a7_KmhkZxND (2a5439a6-2556-4aa6-9586-a48a2682c1d7)
2019-07-02 20:27:41.634 18994 RALLYDEBUG rally_openstack.cleanup.manager [-] Deleting neutron.port object s_rally_1ab621a7_jwXIET8n (2a6a9cba-6d5b-497f-a205-0ab49517f030)
2019-07-02 20:27:41.656 18994 RALLYDEBUG rally_openstack.cleanup.manager [-] Deleting neutron.port object s_rally_1ab621a7_KjfrMNBf (2bd299a6-568b-49d8-b61b-fcb27d36b3e2)
2019-07-02 20:27:41.675 18994 RALLYDEBUG rally_openstack.cleanup.manager [-] Deleting neutron.port object s_rally_1ab621a7_ZuW6jjrH (2e47d3f7-7273-471e-b518-010f7fd3ccb0)
2019-07-02 20:27:41.711 18994 RALLYDEBUG rally_openstack.cleanup.manager [-] Deleting neutron.port object s_rally_1ab621a7_lrwPKfIj (2e8a6c7d-5f92-49ee-8567-1e8b41cadd16)
2019-07-02 20:27:42.928 18994 RALLYDEBUG rally_openstack.cleanup.manager [-] Deleting neutron.port object s_rally_1ab621a7_7PzE36li (2f8e081e-d0a2-4fe0-9dec-da44d2603cc0)
2019-07-02 20:27:43.149 18994 RALLYDEBUG rally_openstack.cleanup.manager [-] Deleting neutron.port object s_rally_1ab621a7_2XLhL7l8 (2fc1ee8a-f262-427d-9dff-d9cf3323044e)
2019-07-02 20:27:43.521 18994 RALLYDEBUG rally_openstack.cleanup.manager [-] Deleting neutron.port object s_rally_1ab621a7_8VCDSNqT (308d6996-d6f0-4ced-8750-f7a5f0b2221a)
2019-07-02 20:27:43.649 18994 RALLYDEBUG rally_openstack.cleanup.manager [-] Deleting neutron.port object s_rally_1ab621a7_zqIn9ICB (33a1a8a6-4199-4b3e-ba88-3f9acce7f0ee)
2019-07-02 20:27:43.789 18994 RALLYDEBUG rally_openstack.cleanup.manager [-] Deleting neutron.port object s_rally_1ab621a7_ujYNm40t (34ead94a-c793-4463-bbe4-db5996c4d4ae)
2019-07-02 20:27:43.805 18994 RALLYDEBUG rally_openstack.cleanup.manager [-] Deleting neutron.port object s_rally_1ab621a7_f1XuamG4 (37a85b6a-b78e-46ed-b80e-9a23986578f7)
2019-07-02 20:27:43.944 18994 RALLYDEBUG rally_openstack.cleanup.manager [-] Deleting neutron.port object s_rally_1ab621a7_lxkGCKk5 (3862283d-b4db-4f8f-9249-3929f2cb02cd)
2019-07-02 20:27:44.069 18994 RALLYDEBUG rally_openstack.cleanup.manager [-] Deleting neutron.port object s_rally_1ab621a7_3dRr6V3B (3875dabd-aab6-43e7-9701-743aa65c4210)
2019-07-02 20:27:44.131 18994 RALLYDEBUG rally_openstack.cleanup.manager [-] Deleting neutron.port object s_rally_1ab621a7_mTjNp8TI (3943856f-e44a-4454-94ca-1e32df0e4d82)
2019-07-02 20:27:44.174 18994 RALLYDEBUG rally_openstack.cleanup.manager [-] Deleting neutron.port object s_rally_1ab621a7_bVx1IiiM (3b544ffe-cfe5-41d8-9734-cb9590c093fd)
2019-07-02 20:27:44.325 18994 RALLYDEBUG rally_openstack.cleanup.manager [-] Deleting neutron.port object s_rally_1ab621a7_oDzJXD0P (3bcf6ff9-73f0-4829-a3e8-44f75da80b46)
2019-07-02 20:27:44.372 18994 RALLYDEBUG rally_openstack.cleanup.manager [-] Deleting neutron.port object s_rally_1ab621a7_pbWMnic0 (3bdb8513-2a38-4598-b356-fdb3cb93446b)
2019-07-02 20:27:44.439 18994 RALLYDEBUG rally_openstack.cleanup.manager [-] Deleting neutron.port object s_rally_1ab621a7_UjyBvDdk (3c4cced1-7f22-4c78-976f-ec6c30f8f6af)
2019-07-02 20:27:44.440 18994 RALLYDEBUG rally_openstack.cleanup.manager [-] Deleting neutron.port object s_rally_1ab621a7_1eWGrXd1 (3e0fdbd3-1448-4e5e-a55d-ccc14b565972)
2019-07-02 20:27:44.449 18994 RALLYDEBUG rally_openstack.cleanup.manager [-] Deleting neutron.port object s_rally_1ab621a7_QEtOVvKL (3e48a6c4-94b0-43b2-bea0-58663fb8c96f)
2019-07-02 20:27:44.461 18994 RALLYDEBUG rally_openstack.cleanup.manager [-] Deleting neutron.port object s_rally_1ab621a7_qv4Qcy4J (40437f36-e374-426c-a553-1e0ad650f0e8)
2019-07-02 20:27:44.478 18994 RALLYDEBUG rally_openstack.cleanup.manager [-] Deleting neutron.port object s_rally_1ab621a7_4eR4imny (40cee8ba-6794-41d0-8c76-f0adc4b648b8)
2019-07-02 20:27:44.543 18994 RALLYDEBUG rally_openstack.cleanup.manager [-] Deleting neutron.port object s_rally_1ab621a7_anZJ7aPY (40f703a6-1d35-4344-a6f2-f21783a12ffa)
2019-07-02 20:27:44.815 18994 RALLYDEBUG rally_openstack.cleanup.manager [-] Deleting neutron.port object s_rally_1ab621a7_XeEMhAuf (41d8859d-996c-4d54-b7e5-edb5836bc2c9)
2019-07-02 20:27:44.976 18994 RALLYDEBUG rally_openstack.cleanup.manager [-] Deleting neutron.port object s_rally_1ab621a7_nKEd2LrC (441d0408-8ee0-4d50-aaa1-8a755ed0bcd5)
2019-07-02 20:27:45.255 18994 RALLYDEBUG rally_openstack.cleanup.manager [-] Deleting neutron.port object s_rally_1ab621a7_J5eZprxT (449c75df-8ce3-4ae2-b9c6-fc0754559a89)
2019-07-02 20:27:45.358 18994 RALLYDEBUG rally_openstack.cleanup.manager [-] Deleting neutron.port object s_rally_1ab621a7_KVynDMz1 (4567ce3f-1727-41a5-80c6-b18e83b4d492)
2019-07-02 20:27:45.991 18994 RALLYDEBUG rally_openstack.cleanup.manager [-] Deleting neutron.port object s_rally_1ab621a7_grc4pVqy (45cb4725-c828-44d6-9dfc-36a351ff175b)
2019-07-02 20:27:46.085 18994 RALLYDEBUG rally_openstack.cleanup.manager [-] Deleting neutron.port object s_rally_1ab621a7_yflcgsGQ (487b1b0d-bf74-416f-b721-c3e49073c330)
2019-07-02 20:27:46.102 18994 RALLYDEBUG rally_openstack.cleanup.manager [-] Deleting neutron.port object s_rally_1ab621a7_YPpQ6XAY (48fd4d96-919e-4339-815a-62c0ea58f20a)
2019-07-02 20:27:46.479 18994 RALLYDEBUG rally_openstack.cleanup.manager [-] Deleting neutron.port object s_rally_1ab621a7_cNizE31e (490f7116-0f25-424a-bbc9-e20705ccaa18)
2019-07-02 20:27:46.608 18994 RALLYDEBUG rally_openstack.cleanup.manager [-] Deleting neutron.port object s_rally_1ab621a7_BkLOGCtj (497a2b9f-54ac-4352-938d-5db06e5ca12f)
2019-07-02 20:27:46.646 18994 RALLYDEBUG rally_openstack.cleanup.manager [-] Deleting neutron.port object s_rally_1ab621a7_7BUxEXbm (4b24d71b-bb62-4cce-901e-18c8a3504871)
2019-07-02 20:27:46.752 18994 RALLYDEBUG rally_openstack.cleanup.manager [-] Deleting neutron.port object s_rally_1ab621a7_T7dOkYRB (4b3a295d-3c14-4846-9aa8-33bdfbf39600)
