2019-07-02 18:47:37.958 1842 RALLYDEBUG rally_openstack.cleanup.manager [-] Deleting cinder.volumes object s_rally_19030ab1_4rzMlBUs (de306974-02d7-4f67-9e96-28b0830e3b50)
2019-07-02 18:47:37.964 1842 RALLYDEBUG rally_openstack.cleanup.manager [-] Deleting cinder.volumes object s_rally_19030ab1_ly8LBHSe (a30da23a-9cf4-49c1-86d4-5f2ccd705ef4)
2019-07-02 18:47:37.966 1842 RALLYDEBUG rally_openstack.cleanup.manager [-] Deleting cinder.volumes object s_rally_19030ab1_L1XonC0v (f90ed598-2d29-41be-b348-dba561285795)
2019-07-02 18:47:37.973 1842 RALLYDEBUG rally_openstack.cleanup.manager [-] Deleting cinder.volumes object s_rally_19030ab1_lCTGWUs4 (658bfff3-5fcc-4e1c-8996-901cc295c078)
2019-07-02 18:47:37.975 1842 RALLYDEBUG rally_openstack.cleanup.manager [-] Deleting cinder.volumes object s_rally_19030ab1_VdTmBr1S (b069ab22-7ab4-4ac7-9459-cf6d3eeed2d9)
2019-07-02 18:47:37.976 1842 RALLYDEBUG rally_openstack.cleanup.manager [-] Deleting cinder.volumes object s_rally_19030ab1_1MVySjCw (35f395ab-09a8-4df0-bf9e-ce154fd404f0)
2019-07-02 18:47:37.987 1842 RALLYDEBUG rally_openstack.cleanup.manager [-] Deleting cinder.volumes object s_rally_19030ab1_d2r1dwr4 (8c03492f-ce32-4aa7-bc07-b5139e495410)
2019-07-02 18:47:37.995 1842 RALLYDEBUG rally_openstack.cleanup.manager [-] Deleting cinder.volumes object s_rally_19030ab1_uoIIaRrs (0299be48-23cc-497b-af24-6bd0effe2314)
2019-07-02 18:47:41.907 1842 INFO rally.task.context [-] Task c8ac11cf-6d5f-46f7-ab95-62de3e8e6144 | Context cleanup@openstack cleanup() finished in 12.90 sec
2019-07-02 18:47:41.907 1842 INFO rally.task.context [-] Task c8ac11cf-6d5f-46f7-ab95-62de3e8e6144 | Context api_versions@openstack cleanup() started
2019-07-02 18:47:41.908 1842 INFO rally.task.context [-] Task c8ac11cf-6d5f-46f7-ab95-62de3e8e6144 | Context api_versions@openstack cleanup() finished in 0.32 msec
2019-07-02 18:47:41.908 1842 INFO rally.task.context [-] Task c8ac11cf-6d5f-46f7-ab95-62de3e8e6144 | Context users@openstack cleanup() started
2019-07-02 18:47:50.160 1842 INFO rally.task.context [-] Task c8ac11cf-6d5f-46f7-ab95-62de3e8e6144 | Context users@openstack cleanup() finished in 8.25 sec
2019-07-02 18:47:50.784 1842 INFO rally.task.engine [-] Load duration is: 11.187355
2019-07-02 18:47:50.785 1842 INFO rally.task.engine [-] Full runner duration is: 11.237645
2019-07-02 18:47:50.785 1842 INFO rally.task.engine [-] Full duration is: 37.529358
2019-07-02 18:47:50.989 1842 INFO rally.task.engine [-] Running workload: position = 1 config = { "version": 2, "title": "A cropped version of a bigger task.", "description": "Auto-generated task from a single workload (uuid=0d988956-8a34-46c8-b574-df66b08048e3)", "subtasks": [ { "title": "CinderVolumes.create_volume", "description": "Create a volume.", "scenario": { "CinderVolumes.create_volume": { "size": { "min": 1, "max": 1 } } }, "contexts": { "users": { "tenants": 3, "users_per_tenant": 2 }, "quotas": { "cinder": { "gigabytes": -1, "snapshots": -1, "volumes": -1 } }, "api_versions": { "cinder": { "version": 3, "service_type": "volumev3" } } }, "runner": { "constant": { "concurrency": 4, "times": 10 } }, "hooks": [], "sla": { "failure_rate": { "max": 0 } } } ] }
2019-07-02 18:47:51.012 1842 RALLYDEBUG rally_openstack.contexts.keystone.users [-] Creating 3 tenants using 20 threads
2019-07-02 18:47:52.891 1842 RALLYDEBUG rally_openstack.contexts.keystone.users [-] Creating 6 users using 20 threads
2019-07-02 18:47:55.784 1842 INFO rally.task.context [-] Task c8ac11cf-6d5f-46f7-ab95-62de3e8e6144 | Context users@openstack setup() finished in 4.77 sec
2019-07-02 18:47:56.215 1842 INFO rally.task.context [-] Task c8ac11cf-6d5f-46f7-ab95-62de3e8e6144 | Context api_versions@openstack setup() finished in 0.43 sec
2019-07-02 18:47:57.888 1842 INFO rally.task.context [-] Task c8ac11cf-6d5f-46f7-ab95-62de3e8e6144 | Context quotas@openstack setup() finished in 1.67 sec
2019-07-02 18:47:57.888 1842 INFO rally.task.context [-] Task c8ac11cf-6d5f-46f7-ab95-62de3e8e6144 | Context cleanup@openstack setup() finished in 0.00 msec
2019-07-02 18:47:57.896 1842 RALLYDEBUG rally.task.runner [-] Starting the constant runner (task UUID: c8ac11cf-6d5f-46f7-ab95-62de3e8e6144). timeout: 0 concurrency: 4 concurrency_per_worker: 1 times: 10 concurrency_overhead: 0 processes_to_start: 4 max_cpu_used: 16
2019-07-02 18:47:57.910 3658 RALLYDEBUG rally.task.runner [-] Starting a worker. concurrency: 1 args: {"size": {"min": 1, "max": 1}} times: 10 method_name: run timeout: 0 duration: None cls:
2019-07-02 18:47:57.912 3659 RALLYDEBUG rally.task.runner [-] Starting a worker. concurrency: 1 args: {"size": {"min": 1, "max": 1}} times: 10 method_name: run timeout: 0 duration: None cls:
2019-07-02 18:47:57.915 3660 RALLYDEBUG rally.task.runner [-] Starting a worker. concurrency: 1 args: {"size": {"min": 1, "max": 1}} times: 10 method_name: run timeout: 0 duration: None cls:
2019-07-02 18:47:57.918 3658 INFO rally.task.runner [-] Task c8ac11cf-6d5f-46f7-ab95-62de3e8e6144 | ITER: 1 START
2019-07-02 18:47:57.918 3661 RALLYDEBUG rally.task.runner [-] Starting a worker. concurrency: 1 args: {"size": {"min": 1, "max": 1}} times: 10 method_name: run timeout: 0 duration: None cls:
2019-07-02 18:47:57.919 3659 INFO rally.task.runner [-] Task c8ac11cf-6d5f-46f7-ab95-62de3e8e6144 | ITER: 2 START
2019-07-02 18:47:57.923 3660 INFO rally.task.runner [-] Task c8ac11cf-6d5f-46f7-ab95-62de3e8e6144 | ITER: 3 START
2019-07-02 18:47:57.925 3661 INFO rally.task.runner [-] Task c8ac11cf-6d5f-46f7-ab95-62de3e8e6144 | ITER: 4 START
2019-07-02 18:48:01.486 3658 INFO rally.task.runner [-] Task c8ac11cf-6d5f-46f7-ab95-62de3e8e6144 | ITER: 1 END: OK
2019-07-02 18:48:01.491 3658 INFO rally.task.runner [-] Task c8ac11cf-6d5f-46f7-ab95-62de3e8e6144 | ITER: 5 START
2019-07-02 18:48:01.507 3660 INFO rally.task.runner [-] Task c8ac11cf-6d5f-46f7-ab95-62de3e8e6144 | ITER: 3 END: OK
2019-07-02 18:48:01.513 3660 INFO rally.task.runner [-] Task c8ac11cf-6d5f-46f7-ab95-62de3e8e6144 | ITER: 6 START
2019-07-02 18:48:01.696 3659 INFO rally.task.runner [-] Task c8ac11cf-6d5f-46f7-ab95-62de3e8e6144 | ITER: 2 END: OK
2019-07-02 18:48:01.701 3659 INFO rally.task.runner [-] Task c8ac11cf-6d5f-46f7-ab95-62de3e8e6144 | ITER: 7 START
2019-07-02 18:48:01.737 3661 INFO rally.task.runner [-] Task c8ac11cf-6d5f-46f7-ab95-62de3e8e6144 | ITER: 4 END: OK
2019-07-02 18:48:01.743 3661 INFO rally.task.runner [-] Task c8ac11cf-6d5f-46f7-ab95-62de3e8e6144 | ITER: 8 START
2019-07-02 18:48:05.134 3658 INFO rally.task.runner [-] Task c8ac11cf-6d5f-46f7-ab95-62de3e8e6144 | ITER: 5 END: OK
2019-07-02 18:48:05.140 3658 INFO rally.task.runner [-] Task c8ac11cf-6d5f-46f7-ab95-62de3e8e6144 | ITER: 9 START
2019-07-02 18:48:05.272 3660 INFO rally.task.runner [-] Task c8ac11cf-6d5f-46f7-ab95-62de3e8e6144 | ITER: 6 END: OK
2019-07-02 18:48:05.278 3660 INFO rally.task.runner [-] Task c8ac11cf-6d5f-46f7-ab95-62de3e8e6144 | ITER: 10 START
2019-07-02 18:48:05.409 3659 INFO rally.task.runner [-] Task c8ac11cf-6d5f-46f7-ab95-62de3e8e6144 | ITER: 7 END: OK
2019-07-02 18:48:05.419 3661 INFO rally.task.runner [-] Task c8ac11cf-6d5f-46f7-ab95-62de3e8e6144 | ITER: 8 END: OK
2019-07-02 18:48:08.743 3658 INFO rally.task.runner [-] Task c8ac11cf-6d5f-46f7-ab95-62de3e8e6144 | ITER: 9 END: OK
2019-07-02 18:48:08.773 3660 INFO rally.task.runner [-] Task c8ac11cf-6d5f-46f7-ab95-62de3e8e6144 | ITER: 10 END: OK
2019-07-02 18:48:08.796 1842 INFO rally.task.context [-] Task c8ac11cf-6d5f-46f7-ab95-62de3e8e6144 | Context cleanup@openstack cleanup() started
2019-07-02 18:48:08.799 1842 RALLYDEBUG rally_openstack.cleanup.manager [-] Cleaning up cinder backups objects
2019-07-02 18:48:11.027 1842 RALLYDEBUG rally_openstack.cleanup.manager [-] Cleaning up cinder volume_snapshots objects
2019-07-02 18:48:13.129 1842 RALLYDEBUG rally_openstack.cleanup.manager [-] Cleaning up cinder transfers objects
2019-07-02 18:48:15.197 1842 RALLYDEBUG rally_openstack.cleanup.manager [-] Cleaning up cinder volumes objects
2019-07-02 18:48:17.587 1842 RALLYDEBUG rally_openstack.cleanup.manager [-] Deleting cinder.volumes object s_rally_0d988956_0vd4e8dN (f1185662-e7b9-4513-acad-107bcb4160e5)
2019-07-02 18:48:17.591 1842 RALLYDEBUG rally_openstack.cleanup.manager [-] Deleting cinder.volumes object s_rally_0d988956_9rMcQC31 (5d2a4ac7-dede-456c-8c16-be297b733198)
2019-07-02 18:48:17.592 1842 RALLYDEBUG rally_openstack.cleanup.manager [-] Deleting cinder.volumes object s_rally_0d988956_8RfCoQl0 (436f55dd-a3e7-4b16-8fe9-151b29c9c8dc)
2019-07-02 18:48:17.597 1842 RALLYDEBUG rally_openstack.cleanup.manager [-] Deleting cinder.volumes object s_rally_0d988956_QTA8F20I (346d6cdd-52bc-4484-9658-559517ff2462)
2019-07-02 18:48:17.597 1842 RALLYDEBUG rally_openstack.cleanup.manager [-] Deleting cinder.volumes object s_rally_0d988956_K3mSxMX0 (6fc8506b-4ab5-4f45-a9cb-ea3640608ed6)
2019-07-02 18:48:17.600 1842 RALLYDEBUG rally_openstack.cleanup.manager [-] Deleting cinder.volumes object s_rally_0d988956_u728FHkf (9c65d230-326e-4aa4-be1b-2a8aa819a74c)
2019-07-02 18:48:17.603 1842 RALLYDEBUG rally_openstack.cleanup.manager [-] Deleting cinder.volumes object s_rally_0d988956_UNWRkZtc (3ceceb0a-b7a6-423d-ace9-b1893d2fc2e2)
2019-07-02 18:48:17.607 1842 RALLYDEBUG rally_openstack.cleanup.manager [-] Deleting cinder.volumes object s_rally_0d988956_MAsT3Ed2 (1db3c91e-6ec3-44d9-9ff2-a60e4767c30c)
2019-07-02 18:48:17.610 1842 RALLYDEBUG rally_openstack.cleanup.manager [-] Deleting cinder.volumes object s_rally_0d988956_Z3ufc5Bt (b7834b4c-abef-4502-91ad-153305a20b23)
2019-07-02 18:48:17.613 1842 RALLYDEBUG rally_openstack.cleanup.manager [-] Deleting cinder.volumes object s_rally_0d988956_tZv1hrij (e288bdbb-203f-4d67-8614-f554f609ffc8)
2019-07-02 18:48:22.831 1842 INFO rally.task.context [-] Task c8ac11cf-6d5f-46f7-ab95-62de3e8e6144 | Context cleanup@openstack cleanup() finished in 14.03 sec
2019-07-02 18:48:22.831 1842 INFO rally.task.context [-] Task c8ac11cf-6d5f-46f7-ab95-62de3e8e6144 | Context quotas@openstack cleanup() started
2019-07-02 18:48:23.404 1842 INFO rally.task.context [-] Task c8ac11cf-6d5f-46f7-ab95-62de3e8e6144 | Context quotas@openstack cleanup() finished in 0.57 sec
2019-07-02 18:48:23.405 1842 INFO rally.task.context [-] Task c8ac11cf-6d5f-46f7-ab95-62de3e8e6144 | Context api_versions@openstack cleanup() started
2019-07-02 18:48:23.405 1842 INFO rally.task.context [-] Task c8ac11cf-6d5f-46f7-ab95-62de3e8e6144 | Context api_versions@openstack cleanup() finished in 0.34 msec
2019-07-02 18:48:23.406 1842 INFO rally.task.context [-] Task c8ac11cf-6d5f-46f7-ab95-62de3e8e6144 | Context users@openstack cleanup() started
2019-07-02 18:48:31.517 1842 INFO rally.task.context [-] Task c8ac11cf-6d5f-46f7-ab95-62de3e8e6144 | Context users@openstack cleanup() finished in 8.11 sec
2019-07-02 18:48:33.184 1842 INFO rally.task.engine [-] Load duration is: 10.850535
2019-07-02 18:48:33.184 1842 INFO rally.task.engine [-] Full runner duration is: 10.90056
2019-07-02 18:48:33.185 1842 INFO rally.task.engine [-] Full duration is: 40.509068
2019-07-02 18:48:33.426 1842 INFO rally.task.engine [-] Running workload: position = 0 config = { "version": 2, "title": "A cropped version of a bigger task.", "description": "Auto-generated task from a single workload (uuid=d8554127-ff71-42e1-89e1-2e1ed9f6a965)", "subtasks": [ { "title": "CinderVolumes.list_volumes", "description": "List all volumes.", "scenario": { "CinderVolumes.list_volumes": { "detailed": true } }, "contexts": { "users": { "tenants": 3, "users_per_tenant": 2 }, "quotas": { "cinder": { "gigabytes": -1, "snapshots": -1, "volumes": -1 } }, "api_versions": { "cinder": { "version": 3, "service_type": "volumev3" } }, "volumes": { "size": 1, "volumes_per_tenant": 4 } }, "runner": { "constant": { "concurrency": 4, "times": 10 } }, "hooks": [], "sla": { "failure_rate": { "max": 0 } } } ] }
2019-07-02 18:48:33.450 1842 RALLYDEBUG rally_openstack.contexts.keystone.users [-] Creating 3 tenants using 20 threads
2019-07-02 18:48:35.401 1842 RALLYDEBUG rally_openstack.contexts.keystone.users [-] Creating 6 users using 20 threads
2019-07-02 18:48:38.255 1842 INFO rally.task.context [-] Task c8ac11cf-6d5f-46f7-ab95-62de3e8e6144 | Context users@openstack setup() finished in 4.80 sec
2019-07-02 18:48:38.682 1842 INFO rally.task.context [-] Task c8ac11cf-6d5f-46f7-ab95-62de3e8e6144 | Context api_versions@openstack setup() finished in 0.43 sec
2019-07-02 18:48:40.384 1842 INFO rally.task.context [-] Task c8ac11cf-6d5f-46f7-ab95-62de3e8e6144 | Context quotas@openstack setup() finished in 1.70 sec
2019-07-02 18:49:18.274 1842 INFO rally.task.context [-] Task c8ac11cf-6d5f-46f7-ab95-62de3e8e6144 | Context volumes@openstack setup() finished in 37.89 sec
2019-07-02 18:49:18.282 1842 RALLYDEBUG rally.task.runner [-] Starting the constant runner (task UUID: c8ac11cf-6d5f-46f7-ab95-62de3e8e6144). timeout: 0 concurrency: 4 concurrency_per_worker: 1 times: 10 concurrency_overhead: 0 processes_to_start: 4 max_cpu_used: 16
2019-07-02 18:49:18.294 3842 RALLYDEBUG rally.task.runner [-] Starting a worker. concurrency: 1 args: {"detailed": true} times: 10 method_name: run timeout: 0 duration: None cls:
2019-07-02 18:49:18.298 3843 RALLYDEBUG rally.task.runner [-] Starting a worker. concurrency: 1 args: {"detailed": true} times: 10 method_name: run timeout: 0 duration: None cls:
2019-07-02 18:49:18.300 3844 RALLYDEBUG rally.task.runner [-] Starting a worker. concurrency: 1 args: {"detailed": true} times: 10 method_name: run timeout: 0 duration: None cls:
2019-07-02 18:49:18.303 3845 RALLYDEBUG rally.task.runner [-] Starting a worker. concurrency: 1 args: {"detailed": true} times: 10 method_name: run timeout: 0 duration: None cls:
2019-07-02 18:49:18.305 3842 INFO rally.task.runner [-] Task c8ac11cf-6d5f-46f7-ab95-62de3e8e6144 | ITER: 1 START
2019-07-02 18:49:18.308 3843 INFO rally.task.runner [-] Task c8ac11cf-6d5f-46f7-ab95-62de3e8e6144 | ITER: 2 START
2019-07-02 18:49:18.311 3844 INFO rally.task.runner [-] Task c8ac11cf-6d5f-46f7-ab95-62de3e8e6144 | ITER: 3 START
2019-07-02 18:49:18.314 3845 INFO rally.task.runner [-] Task c8ac11cf-6d5f-46f7-ab95-62de3e8e6144 | ITER: 4 START
2019-07-02 18:49:19.103 3842 INFO rally.task.runner [-] Task c8ac11cf-6d5f-46f7-ab95-62de3e8e6144 | ITER: 1 END: OK
2019-07-02 18:49:19.109 3842 INFO rally.task.runner [-] Task c8ac11cf-6d5f-46f7-ab95-62de3e8e6144 | ITER: 5 START
2019-07-02 18:49:19.115 3843 INFO rally.task.runner [-] Task c8ac11cf-6d5f-46f7-ab95-62de3e8e6144 | ITER: 2 END: OK
2019-07-02 18:49:19.121 3843 INFO rally.task.runner [-] Task c8ac11cf-6d5f-46f7-ab95-62de3e8e6144 | ITER: 6 START
2019-07-02 18:49:19.133 3845 INFO rally.task.runner [-] Task c8ac11cf-6d5f-46f7-ab95-62de3e8e6144 | ITER: 4 END: OK
2019-07-02 18:49:19.134 3844 INFO rally.task.runner [-] Task c8ac11cf-6d5f-46f7-ab95-62de3e8e6144 | ITER: 3 END: OK
2019-07-02 18:49:19.142 3845 INFO rally.task.runner [-] Task c8ac11cf-6d5f-46f7-ab95-62de3e8e6144 | ITER: 7 START
2019-07-02 18:49:19.143 3844 INFO rally.task.runner [-] Task c8ac11cf-6d5f-46f7-ab95-62de3e8e6144 | ITER: 8 START
2019-07-02 18:49:19.938 3844 INFO rally.task.runner [-] Task c8ac11cf-6d5f-46f7-ab95-62de3e8e6144 | ITER: 8 END: OK
2019-07-02 18:49:19.943 3844 INFO rally.task.runner [-] Task c8ac11cf-6d5f-46f7-ab95-62de3e8e6144 | ITER: 9 START
2019-07-02 18:49:19.945 3843 INFO rally.task.runner [-] Task c8ac11cf-6d5f-46f7-ab95-62de3e8e6144 | ITER: 6 END: OK
2019-07-02 18:49:19.952 3843 INFO rally.task.runner [-] Task c8ac11cf-6d5f-46f7-ab95-62de3e8e6144 | ITER: 10 START
2019-07-02 18:49:19.953 3842 INFO rally.task.runner [-] Task c8ac11cf-6d5f-46f7-ab95-62de3e8e6144 | ITER: 5 END: OK
2019-07-02 18:49:20.067 3845 INFO rally.task.runner [-] Task c8ac11cf-6d5f-46f7-ab95-62de3e8e6144 | ITER: 7 END: OK
2019-07-02 18:49:20.746 3843 INFO rally.task.runner [-] Task c8ac11cf-6d5f-46f7-ab95-62de3e8e6144 | ITER: 10 END: OK
2019-07-02 18:49:20.746 3844 INFO rally.task.runner [-] Task c8ac11cf-6d5f-46f7-ab95-62de3e8e6144 | ITER: 9 END: OK
2019-07-02 18:49:20.776 1842 INFO rally.task.context [-] Task c8ac11cf-6d5f-46f7-ab95-62de3e8e6144 | Context volumes@openstack cleanup() started
2019-07-02 18:49:20.778 1842 RALLYDEBUG rally_openstack.cleanup.manager [-] Cleaning up cinder volumes objects
2019-07-02 18:49:23.074 1842 RALLYDEBUG rally_openstack.cleanup.manager [-] Deleting cinder.volumes object c_rally_d8554127_n9UxWMZx (9b33e3e1-553a-4932-955f-75bb228d07d8)
2019-07-02 18:49:23.075 1842 RALLYDEBUG rally_openstack.cleanup.manager [-] Deleting cinder.volumes object c_rally_d8554127_QrM3oz6z (3ba110cc-fa47-4b0f-9ef4-61792ee526b2)
2019-07-02 18:49:23.077 1842 RALLYDEBUG rally_openstack.cleanup.manager [-] Deleting cinder.volumes object c_rally_d8554127_0f9RJFbd (f18d3357-3011-45fd-9ec4-971bd4211fe2)
2019-07-02 18:49:23.078 1842 RALLYDEBUG rally_openstack.cleanup.manager [-] Deleting cinder.volumes object c_rally_d8554127_abpncjIk (33e64ecf-91c6-4302-b4a5-ecb292b58b3e)
2019-07-02 18:49:23.080 1842 RALLYDEBUG rally_openstack.cleanup.manager [-] Deleting cinder.volumes object c_rally_d8554127_LrKfTmGa (0977add4-7416-46b2-b098-394b44fd08c8)
2019-07-02 18:49:23.081 1842 RALLYDEBUG rally_openstack.cleanup.manager [-] Deleting cinder.volumes object c_rally_d8554127_ODzSyxjj (4bf9fb5d-5726-49cd-8ffb-589d6b27b229)
2019-07-02 18:49:23.088 1842 RALLYDEBUG rally_openstack.cleanup.manager [-] Deleting cinder.volumes object c_rally_d8554127_OwFaiUP9 (9188554d-e7c1-44cc-b457-3e56345ae7fd)
2019-07-02 18:49:23.093 1842 RALLYDEBUG rally_openstack.cleanup.manager [-] Deleting cinder.volumes object c_rally_d8554127_1NtBRrb9 (5e7aa26c-5c59-4306-abda-11d99fa30e6d)
2019-07-02 18:49:23.107 1842 RALLYDEBUG rally_openstack.cleanup.manager [-] Deleting cinder.volumes object c_rally_d8554127_Hwita9Hu (dcfc10a3-ee1c-446f-8656-0ce40c33fb9d)
2019-07-02 18:49:23.111 1842 RALLYDEBUG rally_openstack.cleanup.manager [-] Deleting cinder.volumes object c_rally_d8554127_hvvWLdOc (d08b8465-0be1-41b7-b7d2-5dc4c4418244)
2019-07-02 18:49:23.117 1842 RALLYDEBUG rally_openstack.cleanup.manager [-] Deleting cinder.volumes object c_rally_d8554127_7XgTj7Rz (8748ebd4-9b3b-4bcf-a794-d87cb88c96b7)
2019-07-02 18:49:23.120 1842 RALLYDEBUG rally_openstack.cleanup.manager [-] Deleting cinder.volumes object c_rally_d8554127_TNIzKfLy (9e7ee46d-85c5-4a9b-84a0-751bf859d7bb)
2019-07-02 18:49:28.307 1842 INFO rally.task.context [-] Task c8ac11cf-6d5f-46f7-ab95-62de3e8e6144 | Context volumes@openstack cleanup() finished in 7.53 sec
2019-07-02 18:49:28.308 1842 INFO rally.task.context [-] Task c8ac11cf-6d5f-46f7-ab95-62de3e8e6144 | Context quotas@openstack cleanup() started
2019-07-02 18:49:29.303 1842 INFO rally.task.context [-] Task c8ac11cf-6d5f-46f7-ab95-62de3e8e6144 | Context quotas@openstack cleanup() finished in 0.99 sec
2019-07-02 18:49:29.303 1842 INFO rally.task.context [-] Task c8ac11cf-6d5f-46f7-ab95-62de3e8e6144 | Context api_versions@openstack cleanup() started
2019-07-02 18:49:29.303 1842 INFO rally.task.context [-] Task c8ac11cf-6d5f-46f7-ab95-62de3e8e6144 | Context api_versions@openstack cleanup() finished in 0.32 msec
2019-07-02 18:49:29.304 1842 INFO rally.task.context [-] Task c8ac11cf-6d5f-46f7-ab95-62de3e8e6144 | Context users@openstack cleanup() started
2019-07-02 18:49:37.490 1842 INFO rally.task.context [-] Task c8ac11cf-6d5f-46f7-ab95-62de3e8e6144 | Context users@openstack cleanup() finished in 8.19 sec
2019-07-02 18:49:37.705 1842 INFO rally.task.engine [-] Load duration is: 2.436501
2019-07-02 18:49:37.706 1842 INFO rally.task.engine [-] Full runner duration is: 2.495622
2019-07-02 18:49:37.706 1842 INFO rally.task.engine [-] Full duration is: 64.043331
2019-07-02 18:49:37.903 1842 INFO rally.task.engine [-] Running workload: position = 0 config = { "version": 2, "title": "A cropped version of a bigger task.", "description": "Auto-generated task from a single workload (uuid=954e7207-f7b5-496c-917c-db6e2ef2c768)", "subtasks": [ { "title": "CinderVolumes.create_and_delete_snapshot", "description": "Create and then delete a volume-snapshot.", "scenario": { "CinderVolumes.create_and_delete_snapshot": { "force": false } }, "contexts": { "users": { "tenants": 3, "users_per_tenant": 2 }, "quotas": { "cinder": { "gigabytes": -1, "snapshots": -1, "volumes": -1 } }, "api_versions": { "cinder": { "version": 3, "service_type": "volumev3" } }, "volumes": { "size": 1, "volumes_per_tenant": 1 } }, "runner": { "constant": { "concurrency": 4, "times": 10 } }, "hooks": [], "sla": { "failure_rate": { "max": 0 } } } ] }
2019-07-02 18:49:37.929 1842 RALLYDEBUG rally_openstack.contexts.keystone.users [-] Creating 3 tenants using 20 threads
2019-07-02 18:49:39.826 1842 RALLYDEBUG rally_openstack.contexts.keystone.users [-] Creating 6 users using 20 threads
2019-07-02 18:49:42.548 1842 INFO rally.task.context [-] Task c8ac11cf-6d5f-46f7-ab95-62de3e8e6144 | Context users@openstack setup() finished in 4.62 sec
2019-07-02 18:49:43.076 1842 INFO rally.task.context [-] Task c8ac11cf-6d5f-46f7-ab95-62de3e8e6144 | Context api_versions@openstack setup() finished in 0.53 sec
2019-07-02 18:49:44.714 1842 INFO rally.task.context [-] Task c8ac11cf-6d5f-46f7-ab95-62de3e8e6144 | Context quotas@openstack setup() finished in 1.64 sec
2019-07-02 18:49:55.790 1842 INFO rally.task.context [-] Task c8ac11cf-6d5f-46f7-ab95-62de3e8e6144 | Context volumes@openstack setup() finished in 11.07 sec
2019-07-02 18:49:55.790 1842 INFO rally.task.context [-] Task c8ac11cf-6d5f-46f7-ab95-62de3e8e6144 | Context cleanup@openstack setup() finished in 0.01 msec
2019-07-02 18:49:55.798 1842 RALLYDEBUG rally.task.runner [-] Starting the constant runner (task UUID: c8ac11cf-6d5f-46f7-ab95-62de3e8e6144). timeout: 0 concurrency: 4 concurrency_per_worker: 1 times: 10 concurrency_overhead: 0 processes_to_start: 4 max_cpu_used: 16
2019-07-02 18:49:55.813 3966 RALLYDEBUG rally.task.runner [-] Starting a worker. concurrency: 1 args: {"force": false} times: 10 method_name: run timeout: 0 duration: None cls:
2019-07-02 18:49:55.814 3967 RALLYDEBUG rally.task.runner [-] Starting a worker. concurrency: 1 args: {"force": false} times: 10 method_name: run timeout: 0 duration: None cls:
2019-07-02 18:49:55.817 3968 RALLYDEBUG rally.task.runner [-] Starting a worker. concurrency: 1 args: {"force": false} times: 10 method_name: run timeout: 0 duration: None cls:
2019-07-02 18:49:55.823 3969 RALLYDEBUG rally.task.runner [-] Starting a worker. concurrency: 1 args: {"force": false} times: 10 method_name: run timeout: 0 duration: None cls:
2019-07-02 18:49:55.826 3966 INFO rally.task.runner [-] Task c8ac11cf-6d5f-46f7-ab95-62de3e8e6144 | ITER: 1 START
2019-07-02 18:49:55.827 3967 INFO rally.task.runner [-] Task c8ac11cf-6d5f-46f7-ab95-62de3e8e6144 | ITER: 2 START
2019-07-02 18:49:55.828 3968 INFO rally.task.runner [-] Task c8ac11cf-6d5f-46f7-ab95-62de3e8e6144 | ITER: 3 START
2019-07-02 18:49:55.832 3969 INFO rally.task.runner [-] Task c8ac11cf-6d5f-46f7-ab95-62de3e8e6144 | ITER: 4 START
2019-07-02 18:49:59.945 3967 RALLYDEBUG rally.task.utils [-] Waiting for resource s_rally_954e7207_kMXN692K. Status changed: AVAILABLE => DELETING in 0.230982065201
2019-07-02 18:49:59.986 3968 RALLYDEBUG rally.task.utils [-] Waiting for resource s_rally_954e7207_AaeiEgwL. Status changed: AVAILABLE => DELETING in 0.307478904724
2019-07-02 18:50:00.035 3966 RALLYDEBUG rally.task.utils [-] Waiting for resource s_rally_954e7207_ChAT2QEy. Status changed: AVAILABLE => DELETING in 0.312386989594
2019-07-02 18:50:00.152 3969 RALLYDEBUG rally.task.utils [-] Waiting for resource s_rally_954e7207_n33b0h5u. Status changed: AVAILABLE => DELETING in 0.318321943283
2019-07-02 18:50:02.172 3967 INFO rally.task.runner [-] Task c8ac11cf-6d5f-46f7-ab95-62de3e8e6144 | ITER: 2 END: OK
2019-07-02 18:50:02.177 3967 INFO rally.task.runner [-] Task c8ac11cf-6d5f-46f7-ab95-62de3e8e6144 | ITER: 5 START
2019-07-02 18:50:02.216 3968 INFO rally.task.runner [-] Task c8ac11cf-6d5f-46f7-ab95-62de3e8e6144 | ITER: 3 END: OK
2019-07-02 18:50:02.221 3968 INFO rally.task.runner [-] Task c8ac11cf-6d5f-46f7-ab95-62de3e8e6144 | ITER: 6 START
2019-07-02 18:50:02.249 3966 INFO rally.task.runner [-] Task c8ac11cf-6d5f-46f7-ab95-62de3e8e6144 | ITER: 1 END: OK
2019-07-02 18:50:02.255 3966 INFO rally.task.runner [-] Task c8ac11cf-6d5f-46f7-ab95-62de3e8e6144 | ITER: 7 START
2019-07-02 18:50:02.365 3969 INFO rally.task.runner [-] Task c8ac11cf-6d5f-46f7-ab95-62de3e8e6144 | ITER: 4 END: OK
2019-07-02 18:50:02.370 3969 INFO rally.task.runner [-] Task c8ac11cf-6d5f-46f7-ab95-62de3e8e6144 | ITER: 8 START
2019-07-02 18:50:06.220 3967 RALLYDEBUG rally.task.utils [-] Waiting for resource s_rally_954e7207_b3tlWXJM. Status changed: AVAILABLE => DELETING in 0.218900203705
2019-07-02 18:50:06.427 3966 RALLYDEBUG rally.task.utils [-] Waiting for resource s_rally_954e7207_ID3S49G0. Status changed: AVAILABLE => DELETING in 0.218267917633
2019-07-02 18:50:06.463 3968 RALLYDEBUG rally.task.utils [-] Waiting for resource s_rally_954e7207_Pnc4LYQP. Status changed: AVAILABLE => DELETING in 0.233067035675
2019-07-02 18:50:06.582 3969 RALLYDEBUG rally.task.utils [-] Waiting for resource s_rally_954e7207_npvNAzzx. Status changed: AVAILABLE => DELETING in 0.339797019958
2019-07-02 18:50:08.489 3968 INFO rally.task.runner [-] Task c8ac11cf-6d5f-46f7-ab95-62de3e8e6144 | ITER: 6 END: OK
2019-07-02 18:50:08.493 3968 INFO rally.task.runner [-] Task c8ac11cf-6d5f-46f7-ab95-62de3e8e6144 | ITER: 9 START
2019-07-02 18:50:08.523 3967 INFO rally.task.runner [-] Task c8ac11cf-6d5f-46f7-ab95-62de3e8e6144 | ITER: 5 END: OK
2019-07-02 18:50:08.527 3967 INFO rally.task.runner [-] Task c8ac11cf-6d5f-46f7-ab95-62de3e8e6144 | ITER: 10 START
2019-07-02 18:50:08.716 3966 INFO rally.task.runner [-] Task c8ac11cf-6d5f-46f7-ab95-62de3e8e6144 | ITER: 7 END: OK
2019-07-02 18:50:08.897 3969 INFO rally.task.runner [-] Task c8ac11cf-6d5f-46f7-ab95-62de3e8e6144 | ITER: 8 END: OK
2019-07-02 18:50:12.314 3968 RALLYDEBUG rally.task.utils [-] Waiting for resource s_rally_954e7207_sgF9srES. Status changed: AVAILABLE => DELETING in 0.217530965805
2019-07-02 18:50:12.478 3967 RALLYDEBUG rally.task.utils [-] Waiting for resource s_rally_954e7207_ZN2ReVzu. Status changed: AVAILABLE => DELETING in 0.302785158157
2019-07-02 18:50:14.621 3968 INFO rally.task.runner [-] Task c8ac11cf-6d5f-46f7-ab95-62de3e8e6144 | ITER: 9 END: OK
2019-07-02 18:50:14.701 3967 INFO rally.task.runner [-] Task c8ac11cf-6d5f-46f7-ab95-62de3e8e6144 | ITER: 10 END: OK
2019-07-02 18:50:14.728 1842 INFO rally.task.context [-] Task c8ac11cf-6d5f-46f7-ab95-62de3e8e6144 | Context cleanup@openstack cleanup() started
2019-07-02 18:50:14.731 1842 RALLYDEBUG rally_openstack.cleanup.manager [-] Cleaning up cinder backups objects
2019-07-02 18:50:16.858 1842 RALLYDEBUG rally_openstack.cleanup.manager [-] Cleaning up cinder volume_snapshots objects
2019-07-02 18:50:19.146 1842 RALLYDEBUG rally_openstack.cleanup.manager [-] Cleaning up cinder transfers objects
2019-07-02 18:50:21.305 1842 RALLYDEBUG rally_openstack.cleanup.manager [-] Cleaning up cinder volumes objects
2019-07-02 18:50:23.494 1842 INFO rally.task.context [-] Task c8ac11cf-6d5f-46f7-ab95-62de3e8e6144 | Context cleanup@openstack cleanup() finished in 8.77 sec
2019-07-02 18:50:23.495 1842 INFO rally.task.context [-] Task c8ac11cf-6d5f-46f7-ab95-62de3e8e6144 | Context volumes@openstack cleanup() started
2019-07-02 18:50:23.495 1842 RALLYDEBUG rally_openstack.cleanup.manager [-] Cleaning up cinder volumes objects
2019-07-02 18:50:25.661 1842 RALLYDEBUG rally_openstack.cleanup.manager [-] Deleting cinder.volumes object c_rally_954e7207_GIy6uKvf (4c411df2-8b43-4eb9-a463-48dbb23f5057)
2019-07-02 18:50:25.662 1842 RALLYDEBUG rally_openstack.cleanup.manager [-] Deleting cinder.volumes object c_rally_954e7207_FzMZd9Lf (6aa7cc6a-e758-4076-8ad7-f28b33a0be67)
2019-07-02 18:50:25.666 1842 RALLYDEBUG rally_openstack.cleanup.manager [-] Deleting cinder.volumes object c_rally_954e7207_c1ALt3f2 (302d9b4a-5b8b-4474-8125-4e4857644713)
2019-07-02 18:50:29.258 1842 INFO rally.task.context [-] Task c8ac11cf-6d5f-46f7-ab95-62de3e8e6144 | Context volumes@openstack cleanup() finished in 5.76 sec
2019-07-02 18:50:29.258 1842 INFO rally.task.context [-] Task c8ac11cf-6d5f-46f7-ab95-62de3e8e6144 | Context quotas@openstack cleanup() started
2019-07-02 18:50:30.100 1842 INFO rally.task.context [-] Task c8ac11cf-6d5f-46f7-ab95-62de3e8e6144 | Context quotas@openstack cleanup() finished in 0.84 sec
2019-07-02 18:50:30.100 1842 INFO rally.task.context [-] Task c8ac11cf-6d5f-46f7-ab95-62de3e8e6144 | Context api_versions@openstack cleanup() started
2019-07-02 18:50:30.100 1842 INFO rally.task.context [-] Task c8ac11cf-6d5f-46f7-ab95-62de3e8e6144 | Context api_versions@openstack cleanup() finished in 0.32 msec
2019-07-02 18:50:30.101 1842 INFO rally.task.context [-] Task c8ac11cf-6d5f-46f7-ab95-62de3e8e6144 | Context users@openstack cleanup() started
2019-07-02 18:50:38.054 1842 INFO rally.task.context [-] Task c8ac11cf-6d5f-46f7-ab95-62de3e8e6144 | Context users@openstack cleanup() finished in 7.95 sec
2019-07-02 18:50:38.207 1842 INFO rally.task.engine [-] Load duration is: 18.869027
2019-07-02 18:50:38.208 1842 INFO rally.task.engine [-] Full runner duration is: 18.931239
2019-07-02 18:50:38.208 1842 INFO rally.task.engine [-] Full duration is: 60.130922
2019-07-02 18:50:38.463 1842 INFO rally.task.engine [-] Running workload: position = 0 config = { "version": 2, "title": "A cropped version of a bigger task.", "description": "Auto-generated task from a single workload (uuid=445f8e79-784a-448b-8507-8e769135f86b)", "subtasks": [ { "title": "CinderVolumes.create_and_delete_volume", "description": "Create and then delete a volume.", "scenario": { "CinderVolumes.create_and_delete_volume": { "size": { "max": 1, "min": 1 } } }, "contexts": { "users": { "tenants": 3, "users_per_tenant": 2 }, "quotas": { "cinder": { "gigabytes": -1, "snapshots": -1, "volumes": -1 } }, "api_versions": { "cinder": { "version": 3, "service_type": "volumev3" } } }, "runner": { "constant": { "concurrency": 4, "times": 10 } }, "hooks": [], "sla": { "failure_rate": { "max": 0 } } } ] }
2019-07-02 18:50:38.494 1842 RALLYDEBUG rally_openstack.contexts.keystone.users [-] Creating 3 tenants using 20 threads
2019-07-02 18:50:40.407 1842 RALLYDEBUG rally_openstack.contexts.keystone.users [-] Creating 6 users using 20 threads
2019-07-02 18:50:43.212 1842 INFO rally.task.context [-] Task c8ac11cf-6d5f-46f7-ab95-62de3e8e6144 | Context users@openstack setup() finished in 4.72 sec
2019-07-02 18:50:43.640 1842 INFO rally.task.context [-] Task c8ac11cf-6d5f-46f7-ab95-62de3e8e6144 | Context api_versions@openstack setup() finished in 0.43 sec
2019-07-02 18:50:45.305 1842 INFO rally.task.context [-] Task c8ac11cf-6d5f-46f7-ab95-62de3e8e6144 | Context quotas@openstack setup() finished in 1.66 sec
2019-07-02 18:50:45.306 1842 INFO rally.task.context [-] Task c8ac11cf-6d5f-46f7-ab95-62de3e8e6144 | Context cleanup@openstack setup() finished in 0.01 msec
2019-07-02 18:50:45.314 1842 RALLYDEBUG rally.task.runner [-] Starting the constant runner (task UUID: c8ac11cf-6d5f-46f7-ab95-62de3e8e6144). timeout: 0 concurrency: 4 concurrency_per_worker: 1 times: 10 concurrency_overhead: 0 processes_to_start: 4 max_cpu_used: 16
2019-07-02 18:50:45.327 4170 RALLYDEBUG rally.task.runner [-] Starting a worker. concurrency: 1 args: {"size": {"max": 1, "min": 1}} times: 10 method_name: run timeout: 0 duration: None cls:
2019-07-02 18:50:45.330 4171 RALLYDEBUG rally.task.runner [-] Starting a worker. concurrency: 1 args: {"size": {"max": 1, "min": 1}} times: 10 method_name: run timeout: 0 duration: None cls:
2019-07-02 18:50:45.333 4172 RALLYDEBUG rally.task.runner [-] Starting a worker. concurrency: 1 args: {"size": {"max": 1, "min": 1}} times: 10 method_name: run timeout: 0 duration: None cls:
2019-07-02 18:50:45.334 4170 INFO rally.task.runner [-] Task c8ac11cf-6d5f-46f7-ab95-62de3e8e6144 | ITER: 1 START
2019-07-02 18:50:45.337 4173 RALLYDEBUG rally.task.runner [-] Starting a worker. concurrency: 1 args: {"size": {"max": 1, "min": 1}} times: 10 method_name: run timeout: 0 duration: None cls:
2019-07-02 18:50:45.339 4171 INFO rally.task.runner [-] Task c8ac11cf-6d5f-46f7-ab95-62de3e8e6144 | ITER: 2 START
2019-07-02 18:50:45.342 4172 INFO rally.task.runner [-] Task c8ac11cf-6d5f-46f7-ab95-62de3e8e6144 | ITER: 3 START
2019-07-02 18:50:45.346 4173 INFO rally.task.runner [-] Task c8ac11cf-6d5f-46f7-ab95-62de3e8e6144 | ITER: 4 START
2019-07-02 18:50:49.506 4172 INFO rally.task.runner [-] Task c8ac11cf-6d5f-46f7-ab95-62de3e8e6144 | ITER: 3 END: OK
2019-07-02 18:50:49.511 4172 INFO rally.task.runner [-] Task c8ac11cf-6d5f-46f7-ab95-62de3e8e6144 | ITER: 5 START
2019-07-02 18:50:49.723 4170 RALLYDEBUG rally.task.utils [-] Waiting for resource s_rally_445f8e79_SqgEhMot. Status changed: AVAILABLE => DELETING in 0.371390104294
2019-07-02 18:50:49.787 4171 RALLYDEBUG rally.task.utils [-] Waiting for resource s_rally_445f8e79_a224aZzG. Status changed: AVAILABLE => DELETING in 0.365503072739
2019-07-02 18:50:49.792 4173 RALLYDEBUG rally.task.utils [-] Waiting for resource s_rally_445f8e79_WGVX4h1L. Status changed: AVAILABLE => DELETING in 0.30416893959
2019-07-02 18:50:52.018 4171 INFO rally.task.runner [-] Task c8ac11cf-6d5f-46f7-ab95-62de3e8e6144 | ITER: 2 END: OK
2019-07-02 18:50:52.023 4171 INFO rally.task.runner [-] Task c8ac11cf-6d5f-46f7-ab95-62de3e8e6144 | ITER: 6 START
2019-07-02 18:50:52.047 4170 INFO rally.task.runner [-] Task c8ac11cf-6d5f-46f7-ab95-62de3e8e6144 | ITER: 1 END: OK
2019-07-02 18:50:52.052 4170 INFO rally.task.runner [-] Task c8ac11cf-6d5f-46f7-ab95-62de3e8e6144 | ITER: 7 START
2019-07-02 18:50:52.098 4173 INFO rally.task.runner [-] Task c8ac11cf-6d5f-46f7-ab95-62de3e8e6144 | ITER: 4 END: OK
2019-07-02 18:50:52.102 4173 INFO rally.task.runner [-] Task c8ac11cf-6d5f-46f7-ab95-62de3e8e6144 | ITER: 8 START
2019-07-02 18:50:54.302 4172 INFO rally.task.runner [-] Task c8ac11cf-6d5f-46f7-ab95-62de3e8e6144 | ITER: 5 END: OK
2019-07-02 18:50:54.307 4172 INFO rally.task.runner [-] Task c8ac11cf-6d5f-46f7-ab95-62de3e8e6144 | ITER: 9 START
2019-07-02 18:50:56.146 4171 RALLYDEBUG rally.task.utils [-] Waiting for resource s_rally_445f8e79_46NZD7FO. Status changed: AVAILABLE => DELETING in 0.0605418682098
2019-07-02 18:50:56.306 4173 INFO rally.task.runner [-] Task c8ac11cf-6d5f-46f7-ab95-62de3e8e6144 | ITER: 8 END: OK
2019-07-02 18:50:56.312 4173 INFO rally.task.runner [-] Task c8ac11cf-6d5f-46f7-ab95-62de3e8e6144 | ITER: 10 START
2019-07-02 18:50:56.529 4170 RALLYDEBUG rally.task.utils [-] Waiting for resource s_rally_445f8e79_T9ryDVIr. Status changed: AVAILABLE => DELETING in 0.346335172653
2019-07-02 18:50:58.334 4172 INFO rally.task.runner [-] Task c8ac11cf-6d5f-46f7-ab95-62de3e8e6144 | ITER: 9 END: OK
2019-07-02 18:50:58.454 4171 INFO rally.task.runner [-] Task c8ac11cf-6d5f-46f7-ab95-62de3e8e6144 | ITER: 6 END: OK
2019-07-02 18:50:58.770 4170 INFO rally.task.runner [-] Task c8ac11cf-6d5f-46f7-ab95-62de3e8e6144 | ITER: 7 END: OK
2019-07-02 18:51:00.631 4173 INFO rally.task.runner [-] Task c8ac11cf-6d5f-46f7-ab95-62de3e8e6144 | ITER: 10 END: OK
2019-07-02 18:51:00.654 1842 INFO rally.task.context [-] Task c8ac11cf-6d5f-46f7-ab95-62de3e8e6144 | Context cleanup@openstack cleanup() started
2019-07-02 18:51:00.656 1842 RALLYDEBUG rally_openstack.cleanup.manager [-] Cleaning up cinder backups objects
2019-07-02 18:51:02.846 1842 RALLYDEBUG rally_openstack.cleanup.manager [-] Cleaning up cinder volume_snapshots objects
2019-07-02 18:51:05.177 1842 RALLYDEBUG rally_openstack.cleanup.manager [-] Cleaning up cinder transfers objects
2019-07-02 18:51:07.359 1842 RALLYDEBUG rally_openstack.cleanup.manager [-] Cleaning up cinder volumes objects
2019-07-02 18:51:09.534 1842 INFO rally.task.context [-] Task c8ac11cf-6d5f-46f7-ab95-62de3e8e6144 | Context cleanup@openstack cleanup() finished in 8.88 sec
2019-07-02 18:51:09.535 1842 INFO rally.task.context [-] Task c8ac11cf-6d5f-46f7-ab95-62de3e8e6144 | Context quotas@openstack cleanup() started
2019-07-02 18:51:10.609 1842 INFO rally.task.context [-] Task c8ac11cf-6d5f-46f7-ab95-62de3e8e6144 | Context quotas@openstack cleanup() finished in 1.07 sec
2019-07-02 18:51:10.609 1842 INFO rally.task.context [-] Task c8ac11cf-6d5f-46f7-ab95-62de3e8e6144 | Context api_versions@openstack cleanup() started
2019-07-02 18:51:10.610 1842 INFO rally.task.context [-] Task c8ac11cf-6d5f-46f7-ab95-62de3e8e6144 | Context api_versions@openstack cleanup() finished in 0.31 msec
2019-07-02 18:51:10.610 1842 INFO rally.task.context [-] Task c8ac11cf-6d5f-46f7-ab95-62de3e8e6144 | Context users@openstack cleanup() started
2019-07-02 18:51:18.939 1842 INFO rally.task.context [-] Task c8ac11cf-6d5f-46f7-ab95-62de3e8e6144 | Context users@openstack cleanup() finished in 8.33 sec
2019-07-02 18:51:20.666 1842 INFO rally.task.engine [-] Load duration is: 15.291949
2019-07-02 18:51:20.666 1842 INFO rally.task.engine [-] Full runner duration is: 15.340648
2019-07-02 18:51:20.666 1842 INFO rally.task.engine [-] Full duration is: 40.450213
2019-07-02 18:51:20.830 1842 INFO rally.task.engine [-] Running workload: position = 1 config = { "version": 2, "title": "A cropped version of a bigger task.", "description": "Auto-generated task from a single workload (uuid=e8c50d03-42a2-49b4-9011-f893da34b0d1)", "subtasks": [ { "title": "CinderVolumes.create_and_delete_volume", "description": "Create and then delete a volume.", "scenario": { "CinderVolumes.create_and_delete_volume": { "image": { "name": "rally_full-img_1691d261-d67d-458c-a840-c71de462a194" }, "size": 1 } }, "contexts": { "users": { "tenants": 3, "users_per_tenant": 2 }, "quotas": { "cinder": { "gigabytes": -1, "snapshots": -1, "volumes": -1 } }, "api_versions": { "cinder": { "version": 3, "service_type": "volumev3" } } }, "runner": { "constant": { "concurrency": 4, "times": 10 } }, "hooks": [], "sla": { "failure_rate": { "max": 0 } } } ] }
2019-07-02 18:51:20.848 1842 RALLYDEBUG rally_openstack.contexts.keystone.users [-] Creating 3 tenants using 20 threads
2019-07-02 18:51:22.853 1842 RALLYDEBUG rally_openstack.contexts.keystone.users [-] Creating 6 users using 20 threads
2019-07-02 18:51:25.673 1842 INFO rally.task.context [-] Task c8ac11cf-6d5f-46f7-ab95-62de3e8e6144 | Context users@openstack setup() finished in 4.82 sec
2019-07-02 18:51:26.103 1842 INFO rally.task.context [-] Task c8ac11cf-6d5f-46f7-ab95-62de3e8e6144 | Context api_versions@openstack setup() finished in 0.43 sec
2019-07-02 18:51:27.787 1842 INFO rally.task.context [-] Task c8ac11cf-6d5f-46f7-ab95-62de3e8e6144 | Context quotas@openstack setup() finished in 1.68 sec
2019-07-02 18:51:27.788 1842 INFO rally.task.context [-] Task c8ac11cf-6d5f-46f7-ab95-62de3e8e6144 | Context cleanup@openstack setup() finished in 0.01 msec
2019-07-02 18:51:28.949 1842 RALLYDEBUG rally.task.runner [-] Starting the constant runner (task UUID: c8ac11cf-6d5f-46f7-ab95-62de3e8e6144). timeout: 0 concurrency: 4 concurrency_per_worker: 1 times: 10 concurrency_overhead: 0 processes_to_start: 4 max_cpu_used: 16
2019-07-02 18:51:28.962 4354 RALLYDEBUG rally.task.runner [-] Starting a worker. concurrency: 1 args: {"image": "2125a538-15cc-49c2-9a6f-fa15a48f66e8", "size": 1} times: 10 method_name: run timeout: 0 duration: None cls:
2019-07-02 18:51:28.964 4355 RALLYDEBUG rally.task.runner [-] Starting a worker. concurrency: 1 args: {"image": "2125a538-15cc-49c2-9a6f-fa15a48f66e8", "size": 1} times: 10 method_name: run timeout: 0 duration: None cls:
2019-07-02 18:51:28.968 4356 RALLYDEBUG rally.task.runner [-] Starting a worker. concurrency: 1 args: {"image": "2125a538-15cc-49c2-9a6f-fa15a48f66e8", "size": 1} times: 10 method_name: run timeout: 0 duration: None cls:
2019-07-02 18:51:28.971 4354 INFO rally.task.runner [-] Task c8ac11cf-6d5f-46f7-ab95-62de3e8e6144 | ITER: 1 START
2019-07-02 18:51:28.971 4357 RALLYDEBUG rally.task.runner [-] Starting a worker. concurrency: 1 args: {"image": "2125a538-15cc-49c2-9a6f-fa15a48f66e8", "size": 1} times: 10 method_name: run timeout: 0 duration: None cls:
2019-07-02 18:51:28.973 4355 INFO rally.task.runner [-] Task c8ac11cf-6d5f-46f7-ab95-62de3e8e6144 | ITER: 2 START
2019-07-02 18:51:28.976 4356 INFO rally.task.runner [-] Task c8ac11cf-6d5f-46f7-ab95-62de3e8e6144 | ITER: 3 START
2019-07-02 18:51:28.980 4357 INFO rally.task.runner [-] Task c8ac11cf-6d5f-46f7-ab95-62de3e8e6144 | ITER: 4 START
2019-07-02 18:51:36.320 4357 RALLYDEBUG rally.task.utils [-] Waiting for resource s_rally_e8c50d03_NqcGNc4E. Status changed: CREATING => DOWNLOADING in 2.63177013397
2019-07-02 18:51:36.607 4354 RALLYDEBUG rally.task.utils [-] Waiting for resource s_rally_e8c50d03_BdSPZGLb. Status changed: CREATING => DOWNLOADING in 3.00117683411
2019-07-02 18:51:39.149 4356 RALLYDEBUG rally.task.utils [-] Waiting for resource s_rally_e8c50d03_ikBd9tQg. Status changed: CREATING => DOWNLOADING in 5.21226191521
2019-07-02 18:51:45.366 4357 RALLYDEBUG rally.task.utils [-] Waiting for resource s_rally_e8c50d03_NqcGNc4E. Status changed: DOWNLOADING => AVAILABLE in 9.04663491249
2019-07-02 18:51:45.964 4355 RALLYDEBUG rally.task.utils [-] Waiting for resource s_rally_e8c50d03_r8yJ2iLe. Status changed: CREATING => DOWNLOADING in 11.7825670242
2019-07-02 18:51:45.974 4354 RALLYDEBUG rally.task.utils [-] Waiting for resource s_rally_e8c50d03_BdSPZGLb. Status changed: DOWNLOADING => AVAILABLE in 9.36748409271
2019-07-02 18:51:46.002 4356 RALLYDEBUG rally.task.utils [-] Waiting for resource s_rally_e8c50d03_ikBd9tQg. Status changed: DOWNLOADING => AVAILABLE in 6.85288095474
2019-07-02 18:51:46.051 4357 RALLYDEBUG rally.task.utils [-] Waiting for resource s_rally_e8c50d03_NqcGNc4E. Status changed: AVAILABLE => DELETING in 0.32705116272
2019-07-02 18:51:46.586 4354 RALLYDEBUG rally.task.utils [-] Waiting for resource s_rally_e8c50d03_BdSPZGLb. Status changed: AVAILABLE => DELETING in 0.2489798069
2019-07-02 18:51:46.634 4356 RALLYDEBUG rally.task.utils [-] Waiting for resource s_rally_e8c50d03_ikBd9tQg. Status changed: AVAILABLE => DELETING in 0.254804134369
2019-07-02 18:51:48.907 4354 INFO rally.task.runner [-] Task c8ac11cf-6d5f-46f7-ab95-62de3e8e6144 | ITER: 1 END: OK
2019-07-02 18:51:48.912 4354 INFO rally.task.runner [-] Task c8ac11cf-6d5f-46f7-ab95-62de3e8e6144 | ITER: 5 START
2019-07-02 18:51:48.963 4356 INFO rally.task.runner [-] Task c8ac11cf-6d5f-46f7-ab95-62de3e8e6144 | ITER: 3 END: OK
2019-07-02 18:51:48.969 4356 INFO rally.task.runner [-] Task c8ac11cf-6d5f-46f7-ab95-62de3e8e6144 | ITER: 6 START
2019-07-02 18:51:50.451 4357 INFO rally.task.runner [-] Task c8ac11cf-6d5f-46f7-ab95-62de3e8e6144 | ITER: 4 END: OK
2019-07-02 18:51:50.457 4357 INFO rally.task.runner [-] Task c8ac11cf-6d5f-46f7-ab95-62de3e8e6144 | ITER: 7 START
2019-07-02 18:51:50.643 4355 RALLYDEBUG rally.task.utils [-] Waiting for resource s_rally_e8c50d03_r8yJ2iLe. Status changed: DOWNLOADING => AVAILABLE in 4.67902207375
2019-07-02 18:51:50.991 4355 RALLYDEBUG rally.task.utils [-] Waiting for resource s_rally_e8c50d03_r8yJ2iLe. Status changed: AVAILABLE => DELETING in 0.247107028961
2019-07-02 18:51:53.031 4355 INFO rally.task.runner [-] Task c8ac11cf-6d5f-46f7-ab95-62de3e8e6144 | ITER: 2 END: OK
2019-07-02 18:51:53.036 4355 INFO rally.task.runner [-] Task c8ac11cf-6d5f-46f7-ab95-62de3e8e6144 | ITER: 8 START
2019-07-02 18:51:55.916 4356 RALLYDEBUG rally.task.utils [-] Waiting for resource s_rally_e8c50d03_XAwg0yPl. Status changed: CREATING => DOWNLOADING in 3.00646090508
2019-07-02 18:51:58.950 4354 RALLYDEBUG rally.task.utils [-] Waiting for resource s_rally_e8c50d03_2FLRdh8p. Status changed: CREATING => DOWNLOADING in 5.26910996437
2019-07-02 18:52:00.528 4356 RALLYDEBUG rally.task.utils [-] Waiting for resource s_rally_e8c50d03_XAwg0yPl. Status changed: DOWNLOADING => AVAILABLE in 4.61149096489
2019-07-02 18:52:01.244 4356 RALLYDEBUG rally.task.utils [-] Waiting for resource s_rally_e8c50d03_XAwg0yPl. Status changed: AVAILABLE => DELETING in 0.342969894409
2019-07-02 18:52:02.107 4357 RALLYDEBUG rally.task.utils [-] Waiting for resource s_rally_e8c50d03_7DEK3L3u. Status changed: CREATING => DOWNLOADING in 7.05265116692
2019-07-02 18:52:03.283 4354 RALLYDEBUG rally.task.utils [-] Waiting for resource s_rally_e8c50d03_2FLRdh8p. Status changed: DOWNLOADING => AVAILABLE in 4.33256411552
2019-07-02 18:52:03.566 4356 INFO rally.task.runner [-] Task c8ac11cf-6d5f-46f7-ab95-62de3e8e6144 | ITER: 6 END: OK
2019-07-02 18:52:03.571 4356 INFO rally.task.runner [-] Task c8ac11cf-6d5f-46f7-ab95-62de3e8e6144 | ITER: 9 START
2019-07-02 18:52:03.872 4354 RALLYDEBUG rally.task.utils [-] Waiting for resource s_rally_e8c50d03_2FLRdh8p. Status changed: AVAILABLE => DELETING in 0.253653049469
2019-07-02 18:52:07.578 4355 RALLYDEBUG rally.task.utils [-] Waiting for resource s_rally_e8c50d03_NSAJsR6r. Status changed: CREATING => DOWNLOADING in 9.99022889137
2019-07-02 18:52:08.532 4354 INFO rally.task.runner [-] Task c8ac11cf-6d5f-46f7-ab95-62de3e8e6144 | ITER: 5 END: OK
2019-07-02 18:52:08.538 4354 INFO rally.task.runner [-] Task c8ac11cf-6d5f-46f7-ab95-62de3e8e6144 | ITER: 10 START
2019-07-02 18:52:09.117 4357 RALLYDEBUG rally.task.utils [-] Waiting for resource s_rally_e8c50d03_7DEK3L3u. Status changed: DOWNLOADING => AVAILABLE in 7.00959396362
2019-07-02 18:52:09.748 4357 RALLYDEBUG rally.task.utils [-] Waiting for resource s_rally_e8c50d03_7DEK3L3u. Status changed: AVAILABLE => DELETING in 0.247776985168
2019-07-02 18:52:09.935 4355 RALLYDEBUG rally.task.utils [-] Waiting for resource s_rally_e8c50d03_NSAJsR6r. Status changed: DOWNLOADING => AVAILABLE in 2.35737109184
2019-07-02 18:52:10.358 4355 RALLYDEBUG rally.task.utils [-] Waiting for resource s_rally_e8c50d03_NSAJsR6r. Status changed: AVAILABLE => DELETING in 0.322499036789
2019-07-02 18:52:11.963 4356 RALLYDEBUG rally.task.utils [-] Waiting for resource s_rally_e8c50d03_i8maq5Qu. Status changed: CREATING => DOWNLOADING in 2.94712209702
2019-07-02 18:52:12.059 4357 INFO rally.task.runner [-] Task c8ac11cf-6d5f-46f7-ab95-62de3e8e6144 | ITER: 7 END: OK
2019-07-02 18:52:12.677 4355 INFO rally.task.runner [-] Task c8ac11cf-6d5f-46f7-ab95-62de3e8e6144 | ITER: 8 END: OK
2019-07-02 18:52:16.478 4356 RALLYDEBUG rally.task.utils [-] Waiting for resource s_rally_e8c50d03_i8maq5Qu. Status changed: DOWNLOADING => AVAILABLE in 4.51517391205
2019-07-02 18:52:17.278 4356 INFO rally.task.runner [-] Task c8ac11cf-6d5f-46f7-ab95-62de3e8e6144 | ITER: 9 END: OK
2019-07-02 18:52:18.499 4354 RALLYDEBUG rally.task.utils [-] Waiting for resource s_rally_e8c50d03_PODEXPUQ. Status changed: CREATING => DOWNLOADING in 5.07463502884
2019-07-02 18:52:20.845 4354 RALLYDEBUG rally.task.utils [-] Waiting for resource s_rally_e8c50d03_PODEXPUQ. Status changed: DOWNLOADING => AVAILABLE in 2.3464179039
2019-07-02 18:52:21.263 4354 RALLYDEBUG rally.task.utils [-] Waiting for resource s_rally_e8c50d03_PODEXPUQ. Status changed: AVAILABLE => DELETING in 0.339578151703
2019-07-02 18:52:23.573 4354 INFO rally.task.runner [-] Task c8ac11cf-6d5f-46f7-ab95-62de3e8e6144 | ITER: 10 END: OK
2019-07-02 18:52:23.596 1842 INFO rally.task.context [-] Task c8ac11cf-6d5f-46f7-ab95-62de3e8e6144 | Context cleanup@openstack cleanup() started
2019-07-02 18:52:23.599 1842 RALLYDEBUG rally_openstack.cleanup.manager [-] Cleaning up cinder backups objects
2019-07-02 18:52:25.888 1842 RALLYDEBUG rally_openstack.cleanup.manager [-] Cleaning up cinder volume_snapshots objects
2019-07-02 18:52:28.239 1842 RALLYDEBUG rally_openstack.cleanup.manager [-] Cleaning up cinder transfers objects
2019-07-02 18:52:30.440 1842 RALLYDEBUG rally_openstack.cleanup.manager [-] Cleaning up cinder volumes objects
2019-07-02 18:52:32.652 1842 INFO rally.task.context [-] Task c8ac11cf-6d5f-46f7-ab95-62de3e8e6144 | Context cleanup@openstack cleanup() finished in 9.06 sec
2019-07-02 18:52:32.653 1842 INFO rally.task.context [-] Task c8ac11cf-6d5f-46f7-ab95-62de3e8e6144 | Context quotas@openstack cleanup() started
2019-07-02 18:52:33.315 1842 INFO rally.task.context [-] Task c8ac11cf-6d5f-46f7-ab95-62de3e8e6144 | Context quotas@openstack cleanup() finished in 0.66 sec
2019-07-02 18:52:33.316 1842 INFO rally.task.context [-] Task c8ac11cf-6d5f-46f7-ab95-62de3e8e6144 | Context api_versions@openstack cleanup() started
2019-07-02 18:52:33.316 1842 INFO rally.task.context [-] Task c8ac11cf-6d5f-46f7-ab95-62de3e8e6144 | Context api_versions@openstack cleanup() finished in 0.32 msec
2019-07-02 18:52:33.317 1842 INFO rally.task.context [-] Task c8ac11cf-6d5f-46f7-ab95-62de3e8e6144 | Context users@openstack cleanup() started
2019-07-02 18:52:41.596 1842 INFO rally.task.context [-] Task c8ac11cf-6d5f-46f7-ab95-62de3e8e6144 | Context users@openstack cleanup() finished in 8.28 sec
2019-07-02 18:52:43.189 1842 INFO rally.task.engine [-] Load duration is: 54.597472
2019-07-02 18:52:43.189 1842 INFO rally.task.engine [-] Full runner duration is: 54.647452
2019-07-02 18:52:43.190 1842 INFO rally.task.engine [-] Full duration is: 80.749485
2019-07-02 18:52:43.334 1842 INFO rally.task.engine [-] Running workload: position = 2 config = { "version": 2, "title": "A cropped version of a bigger task.", "description": "Auto-generated task from a single workload (uuid=cc6f9d80-f98d-4052-960e-6d09dc16b5c4)", "subtasks": [ { "title": "CinderVolumes.create_and_delete_volume", "description": "Create and then delete a volume.", "scenario": { "CinderVolumes.create_and_delete_volume": { "size": 1 } }, "contexts": { "users": { "tenants": 3, "users_per_tenant": 2 }, "quotas": { "cinder": { "gigabytes": -1, "snapshots": -1, "volumes": -1 } }, "api_versions": { "cinder": { "version": 3, "service_type": "volumev3" } } }, "runner": { "constant": { "concurrency": 4, "times": 10 } }, "hooks": [], "sla": { "failure_rate": { "max": 0 } } } ] }
2019-07-02 18:52:43.355 1842 RALLYDEBUG rally_openstack.contexts.keystone.users [-] Creating 3 tenants using 20 threads
