2019-07-02 18:36:28.346 1842 RALLYDEBUG rally_openstack.cleanup.manager [-] Deleting cinder.volume_snapshots object s_rally_52394a92_ApFyPXlX (b07ac290-59a4-4cbb-91e9-e3a4f0fcc10c)
2019-07-02 18:36:28.349 1842 RALLYDEBUG rally_openstack.cleanup.manager [-] Deleting cinder.volume_snapshots object s_rally_52394a92_yOsJB56y (7507d14b-8bbf-41bb-8cb5-e5e6389950a6)
2019-07-02 18:36:28.350 1842 RALLYDEBUG rally_openstack.cleanup.manager [-] Deleting cinder.volume_snapshots object s_rally_52394a92_4fuigwxn (86c5b6be-945a-4cf2-b90f-8bb1603e219f)
2019-07-02 18:36:28.353 1842 RALLYDEBUG rally_openstack.cleanup.manager [-] Deleting cinder.volume_snapshots object s_rally_52394a92_M0y9X77F (5db122e2-7c70-4909-88bd-d8f04c57142f)
2019-07-02 18:36:28.354 1842 RALLYDEBUG rally_openstack.cleanup.manager [-] Deleting cinder.volume_snapshots object s_rally_52394a92_cGRKmI9x (c7f57f71-8648-4a3a-a496-230e8af65b5c)
2019-07-02 18:36:28.355 1842 RALLYDEBUG rally_openstack.cleanup.manager [-] Deleting cinder.volume_snapshots object s_rally_52394a92_NaisCxJB (8bd5d403-532d-4ece-8355-dca26764f75b)
2019-07-02 18:36:28.355 1842 RALLYDEBUG rally_openstack.cleanup.manager [-] Deleting cinder.volume_snapshots object s_rally_52394a92_SqKocplI (a4e2e650-1984-4d7b-ba9d-3159dd7b4000)
2019-07-02 18:36:28.356 1842 RALLYDEBUG rally_openstack.cleanup.manager [-] Deleting cinder.volume_snapshots object s_rally_52394a92_RwPiUN0s (e583ecfd-da16-4281-8e0e-dc9b41c501da)
2019-07-02 18:36:28.364 1842 RALLYDEBUG rally_openstack.cleanup.manager [-] Deleting cinder.volume_snapshots object s_rally_52394a92_FjWF7Nsw (e7991b87-fbe6-4b3a-9ad0-5da20834ed1b)
2019-07-02 18:36:33.440 1842 RALLYDEBUG rally_openstack.cleanup.manager [-] Cleaning up cinder transfers objects
2019-07-02 18:36:35.669 1842 RALLYDEBUG rally_openstack.cleanup.manager [-] Cleaning up cinder volumes objects
2019-07-02 18:36:37.849 1842 INFO rally.task.context [-] Task c8ac11cf-6d5f-46f7-ab95-62de3e8e6144 | Context cleanup@openstack cleanup() finished in 13.95 sec
2019-07-02 18:36:37.850 1842 INFO rally.task.context [-] Task c8ac11cf-6d5f-46f7-ab95-62de3e8e6144 | Context volumes@openstack cleanup() started
2019-07-02 18:36:37.850 1842 RALLYDEBUG rally_openstack.cleanup.manager [-] Cleaning up cinder volumes objects
2019-07-02 18:36:39.912 1842 RALLYDEBUG rally_openstack.cleanup.manager [-] Deleting cinder.volumes object c_rally_52394a92_hp7sTMTJ (63d7f40c-6abc-43ae-9f1b-66a5c77394dc)
2019-07-02 18:36:39.916 1842 RALLYDEBUG rally_openstack.cleanup.manager [-] Deleting cinder.volumes object c_rally_52394a92_ozPyKON5 (eba4c92a-3773-4a4a-a851-7ec7dabec363)
2019-07-02 18:36:39.917 1842 RALLYDEBUG rally_openstack.cleanup.manager [-] Deleting cinder.volumes object c_rally_52394a92_pr6OHNFR (ed583049-2744-46a7-b66c-247d846f247c)
2019-07-02 18:36:43.361 1842 INFO rally.task.context [-] Task c8ac11cf-6d5f-46f7-ab95-62de3e8e6144 | Context volumes@openstack cleanup() finished in 5.51 sec
2019-07-02 18:36:43.361 1842 INFO rally.task.context [-] Task c8ac11cf-6d5f-46f7-ab95-62de3e8e6144 | Context quotas@openstack cleanup() started
2019-07-02 18:36:43.739 1842 INFO rally.task.context [-] Task c8ac11cf-6d5f-46f7-ab95-62de3e8e6144 | Context quotas@openstack cleanup() finished in 0.38 sec
2019-07-02 18:36:43.740 1842 INFO rally.task.context [-] Task c8ac11cf-6d5f-46f7-ab95-62de3e8e6144 | Context api_versions@openstack cleanup() started
2019-07-02 18:36:43.740 1842 INFO rally.task.context [-] Task c8ac11cf-6d5f-46f7-ab95-62de3e8e6144 | Context api_versions@openstack cleanup() finished in 0.34 msec
2019-07-02 18:36:43.741 1842 INFO rally.task.context [-] Task c8ac11cf-6d5f-46f7-ab95-62de3e8e6144 | Context users@openstack cleanup() started
2019-07-02 18:36:52.438 1842 INFO rally.task.context [-] Task c8ac11cf-6d5f-46f7-ab95-62de3e8e6144 | Context users@openstack cleanup() finished in 8.70 sec
2019-07-02 18:36:52.782 1842 INFO rally.task.engine [-] Load duration is: 11.30455
2019-07-02 18:36:52.783 1842 INFO rally.task.engine [-] Full runner duration is: 11.351043
2019-07-02 18:36:52.783 1842 INFO rally.task.engine [-] Full duration is: 57.877799
2019-07-02 18:36:53.051 1842 INFO rally.task.engine [-] Running workload: position = 0 config = { "version": 2, "title": "A cropped version of a bigger task.", "description": "Auto-generated task from a single workload (uuid=9b34c902-3123-4593-a161-ebf38b0bb7bc)", "subtasks": [ { "title": "CinderVolumes.create_and_list_volume", "description": "Create a volume and list all volumes.", "scenario": { "CinderVolumes.create_and_list_volume": { "detailed": true, "image": { "name": "rally_full-img_1691d261-d67d-458c-a840-c71de462a194" }, "size": 1 } }, "contexts": { "users": { "tenants": 3, "users_per_tenant": 2 }, "quotas": { "cinder": { "gigabytes": -1, "snapshots": -1, "volumes": -1 } }, "api_versions": { "cinder": { "version": 3, "service_type": "volumev3" } } }, "runner": { "constant": { "concurrency": 4, "times": 10 } }, "hooks": [], "sla": { "failure_rate": { "max": 0 } } } ] }
2019-07-02 18:36:53.069 1842 RALLYDEBUG rally_openstack.contexts.keystone.users [-] Creating 3 tenants using 20 threads
2019-07-02 18:36:55.023 1842 RALLYDEBUG rally_openstack.contexts.keystone.users [-] Creating 6 users using 20 threads
2019-07-02 18:36:57.960 1842 INFO rally.task.context [-] Task c8ac11cf-6d5f-46f7-ab95-62de3e8e6144 | Context users@openstack setup() finished in 4.89 sec
2019-07-02 18:36:58.401 1842 INFO rally.task.context [-] Task c8ac11cf-6d5f-46f7-ab95-62de3e8e6144 | Context api_versions@openstack setup() finished in 0.44 sec
2019-07-02 18:37:00.157 1842 INFO rally.task.context [-] Task c8ac11cf-6d5f-46f7-ab95-62de3e8e6144 | Context quotas@openstack setup() finished in 1.75 sec
2019-07-02 18:37:00.158 1842 INFO rally.task.context [-] Task c8ac11cf-6d5f-46f7-ab95-62de3e8e6144 | Context cleanup@openstack setup() finished in 0.01 msec
2019-07-02 18:37:01.221 1842 RALLYDEBUG rally.task.runner [-] Starting the constant runner (task UUID: c8ac11cf-6d5f-46f7-ab95-62de3e8e6144). timeout: 0 concurrency: 4 concurrency_per_worker: 1 times: 10 concurrency_overhead: 0 processes_to_start: 4 max_cpu_used: 16
2019-07-02 18:37:01.233 2414 RALLYDEBUG rally.task.runner [-] Starting a worker. concurrency: 1 args: {"detailed": true, "image": "2125a538-15cc-49c2-9a6f-fa15a48f66e8", "size": 1} times: 10 method_name: run timeout: 0 duration: None cls:
2019-07-02 18:37:01.238 2415 RALLYDEBUG rally.task.runner [-] Starting a worker. concurrency: 1 args: {"detailed": true, "image": "2125a538-15cc-49c2-9a6f-fa15a48f66e8", "size": 1} times: 10 method_name: run timeout: 0 duration: None cls:
2019-07-02 18:37:01.239 2416 RALLYDEBUG rally.task.runner [-] Starting a worker. concurrency: 1 args: {"detailed": true, "image": "2125a538-15cc-49c2-9a6f-fa15a48f66e8", "size": 1} times: 10 method_name: run timeout: 0 duration: None cls:
2019-07-02 18:37:01.241 2414 INFO rally.task.runner [-] Task c8ac11cf-6d5f-46f7-ab95-62de3e8e6144 | ITER: 1 START
2019-07-02 18:37:01.244 2417 RALLYDEBUG rally.task.runner [-] Starting a worker. concurrency: 1 args: {"detailed": true, "image": "2125a538-15cc-49c2-9a6f-fa15a48f66e8", "size": 1} times: 10 method_name: run timeout: 0 duration: None cls:
2019-07-02 18:37:01.247 2416 INFO rally.task.runner [-] Task c8ac11cf-6d5f-46f7-ab95-62de3e8e6144 | ITER: 3 START
2019-07-02 18:37:01.248 2415 INFO rally.task.runner [-] Task c8ac11cf-6d5f-46f7-ab95-62de3e8e6144 | ITER: 2 START
2019-07-02 18:37:01.255 2417 INFO rally.task.runner [-] Task c8ac11cf-6d5f-46f7-ab95-62de3e8e6144 | ITER: 4 START
2019-07-02 18:37:08.872 2416 RALLYDEBUG rally.task.utils [-] Waiting for resource s_rally_9b34c902_htfvuGvE. Status changed: CREATING => DOWNLOADING in 2.96529006958
2019-07-02 18:37:11.299 2415 RALLYDEBUG rally.task.utils [-] Waiting for resource s_rally_9b34c902_YBMKCQGK. Status changed: CREATING => DOWNLOADING in 5.22800207138
2019-07-02 18:37:15.938 2416 RALLYDEBUG rally.task.utils [-] Waiting for resource s_rally_9b34c902_htfvuGvE. Status changed: DOWNLOADING => AVAILABLE in 7.06543898582
2019-07-02 18:37:15.980 2415 RALLYDEBUG rally.task.utils [-] Waiting for resource s_rally_9b34c902_YBMKCQGK. Status changed: DOWNLOADING => AVAILABLE in 4.68107104301
2019-07-02 18:37:16.183 2414 RALLYDEBUG rally.task.utils [-] Waiting for resource s_rally_9b34c902_6SvZImgH. Status changed: CREATING => DOWNLOADING in 9.78098297119
2019-07-02 18:37:16.206 2416 INFO rally.task.runner [-] Task c8ac11cf-6d5f-46f7-ab95-62de3e8e6144 | ITER: 3 END: OK
2019-07-02 18:37:16.211 2416 INFO rally.task.runner [-] Task c8ac11cf-6d5f-46f7-ab95-62de3e8e6144 | ITER: 5 START
2019-07-02 18:37:16.246 2415 INFO rally.task.runner [-] Task c8ac11cf-6d5f-46f7-ab95-62de3e8e6144 | ITER: 2 END: OK
2019-07-02 18:37:16.251 2415 INFO rally.task.runner [-] Task c8ac11cf-6d5f-46f7-ab95-62de3e8e6144 | ITER: 6 START
2019-07-02 18:37:16.301 2417 RALLYDEBUG rally.task.utils [-] Waiting for resource s_rally_9b34c902_5xRIBOCf. Status changed: CREATING => DOWNLOADING in 9.63186597824
2019-07-02 18:37:20.500 2414 RALLYDEBUG rally.task.utils [-] Waiting for resource s_rally_9b34c902_6SvZImgH. Status changed: DOWNLOADING => AVAILABLE in 4.31725406647
2019-07-02 18:37:20.644 2417 RALLYDEBUG rally.task.utils [-] Waiting for resource s_rally_9b34c902_5xRIBOCf. Status changed: DOWNLOADING => AVAILABLE in 4.34311389923
2019-07-02 18:37:20.894 2414 INFO rally.task.runner [-] Task c8ac11cf-6d5f-46f7-ab95-62de3e8e6144 | ITER: 1 END: OK
2019-07-02 18:37:20.900 2414 INFO rally.task.runner [-] Task c8ac11cf-6d5f-46f7-ab95-62de3e8e6144 | ITER: 7 START
2019-07-02 18:37:20.999 2417 INFO rally.task.runner [-] Task c8ac11cf-6d5f-46f7-ab95-62de3e8e6144 | ITER: 4 END: OK
2019-07-02 18:37:21.004 2417 INFO rally.task.runner [-] Task c8ac11cf-6d5f-46f7-ab95-62de3e8e6144 | ITER: 8 START
2019-07-02 18:37:25.960 2416 RALLYDEBUG rally.task.utils [-] Waiting for resource s_rally_9b34c902_VlhEwJ0Y. Status changed: CREATING => DOWNLOADING in 5.37726306915
2019-07-02 18:37:25.969 2415 RALLYDEBUG rally.task.utils [-] Waiting for resource s_rally_9b34c902_YQPFoPKQ. Status changed: CREATING => DOWNLOADING in 4.89578604698
2019-07-02 18:37:30.355 2415 RALLYDEBUG rally.task.utils [-] Waiting for resource s_rally_9b34c902_YQPFoPKQ. Status changed: DOWNLOADING => AVAILABLE in 4.3861989975
2019-07-02 18:37:30.523 2416 RALLYDEBUG rally.task.utils [-] Waiting for resource s_rally_9b34c902_VlhEwJ0Y. Status changed: DOWNLOADING => AVAILABLE in 4.56309008598
2019-07-02 18:37:30.690 2415 INFO rally.task.runner [-] Task c8ac11cf-6d5f-46f7-ab95-62de3e8e6144 | ITER: 6 END: OK
2019-07-02 18:37:30.695 2415 INFO rally.task.runner [-] Task c8ac11cf-6d5f-46f7-ab95-62de3e8e6144 | ITER: 9 START
2019-07-02 18:37:30.882 2416 INFO rally.task.runner [-] Task c8ac11cf-6d5f-46f7-ab95-62de3e8e6144 | ITER: 5 END: OK
2019-07-02 18:37:30.887 2416 INFO rally.task.runner [-] Task c8ac11cf-6d5f-46f7-ab95-62de3e8e6144 | ITER: 10 START
2019-07-02 18:37:33.482 2414 RALLYDEBUG rally.task.utils [-] Waiting for resource s_rally_9b34c902_DBWnuOcD. Status changed: CREATING => DOWNLOADING in 7.58508181572
2019-07-02 18:37:35.362 2417 RALLYDEBUG rally.task.utils [-] Waiting for resource s_rally_9b34c902_a79I4U5l. Status changed: CREATING => DOWNLOADING in 9.39862704277
2019-07-02 18:37:37.945 2414 RALLYDEBUG rally.task.utils [-] Waiting for resource s_rally_9b34c902_DBWnuOcD. Status changed: DOWNLOADING => AVAILABLE in 4.46291708946
2019-07-02 18:37:38.293 2414 INFO rally.task.runner [-] Task c8ac11cf-6d5f-46f7-ab95-62de3e8e6144 | ITER: 7 END: OK
2019-07-02 18:37:40.039 2417 RALLYDEBUG rally.task.utils [-] Waiting for resource s_rally_9b34c902_a79I4U5l. Status changed: DOWNLOADING => AVAILABLE in 4.67806196213
2019-07-02 18:37:40.410 2417 INFO rally.task.runner [-] Task c8ac11cf-6d5f-46f7-ab95-62de3e8e6144 | ITER: 8 END: OK
2019-07-02 18:37:42.613 2415 RALLYDEBUG rally.task.utils [-] Waiting for resource s_rally_9b34c902_yiBddAu8. Status changed: CREATING => DOWNLOADING in 7.50925993919
2019-07-02 18:37:42.672 2416 RALLYDEBUG rally.task.utils [-] Waiting for resource s_rally_9b34c902_v9hpLt5P. Status changed: CREATING => DOWNLOADING in 7.6490650177
2019-07-02 18:37:47.310 2415 RALLYDEBUG rally.task.utils [-] Waiting for resource s_rally_9b34c902_yiBddAu8. Status changed: DOWNLOADING => AVAILABLE in 4.69731712341
2019-07-02 18:37:47.508 2416 RALLYDEBUG rally.task.utils [-] Waiting for resource s_rally_9b34c902_v9hpLt5P. Status changed: DOWNLOADING => AVAILABLE in 4.83615088463
2019-07-02 18:37:47.664 2415 INFO rally.task.runner [-] Task c8ac11cf-6d5f-46f7-ab95-62de3e8e6144 | ITER: 9 END: OK
2019-07-02 18:37:47.898 2416 INFO rally.task.runner [-] Task c8ac11cf-6d5f-46f7-ab95-62de3e8e6144 | ITER: 10 END: OK
2019-07-02 18:37:47.925 1842 INFO rally.task.context [-] Task c8ac11cf-6d5f-46f7-ab95-62de3e8e6144 | Context cleanup@openstack cleanup() started
2019-07-02 18:37:47.928 1842 RALLYDEBUG rally_openstack.cleanup.manager [-] Cleaning up cinder backups objects
2019-07-02 18:37:50.116 1842 RALLYDEBUG rally_openstack.cleanup.manager [-] Cleaning up cinder volume_snapshots objects
2019-07-02 18:37:52.325 1842 RALLYDEBUG rally_openstack.cleanup.manager [-] Cleaning up cinder transfers objects
2019-07-02 18:37:54.625 1842 RALLYDEBUG rally_openstack.cleanup.manager [-] Cleaning up cinder volumes objects
2019-07-02 18:37:57.075 1842 RALLYDEBUG rally_openstack.cleanup.manager [-] Deleting cinder.volumes object s_rally_9b34c902_yiBddAu8 (9870bdcd-7a45-417e-b5a2-5e6b7a69d143)
2019-07-02 18:37:57.078 1842 RALLYDEBUG rally_openstack.cleanup.manager [-] Deleting cinder.volumes object s_rally_9b34c902_YQPFoPKQ (fec4a103-24de-42b9-af24-0c5a53b6947a)
2019-07-02 18:37:57.083 1842 RALLYDEBUG rally_openstack.cleanup.manager [-] Deleting cinder.volumes object s_rally_9b34c902_YBMKCQGK (643944c0-16e1-4520-9235-8ecc7ee9124f)
2019-07-02 18:37:57.085 1842 RALLYDEBUG rally_openstack.cleanup.manager [-] Deleting cinder.volumes object s_rally_9b34c902_v9hpLt5P (451433dc-e97a-4e54-b56d-d2629fb6555f)
2019-07-02 18:37:57.095 1842 RALLYDEBUG rally_openstack.cleanup.manager [-] Deleting cinder.volumes object s_rally_9b34c902_5xRIBOCf (ceb9f2b4-b4de-4a9e-9dff-1f6ed2adce76)
2019-07-02 18:37:57.095 1842 RALLYDEBUG rally_openstack.cleanup.manager [-] Deleting cinder.volumes object s_rally_9b34c902_6SvZImgH (fec3ffa8-e59a-4ea5-a63a-b076ed740e55)
2019-07-02 18:37:57.100 1842 RALLYDEBUG rally_openstack.cleanup.manager [-] Deleting cinder.volumes object s_rally_9b34c902_htfvuGvE (9ac32b4c-1aef-4dd4-92e4-b77469b182f8)
2019-07-02 18:37:57.101 1842 RALLYDEBUG rally_openstack.cleanup.manager [-] Deleting cinder.volumes object s_rally_9b34c902_DBWnuOcD (136a00d2-6e50-47bb-98ee-2e386192be18)
2019-07-02 18:37:57.116 1842 RALLYDEBUG rally_openstack.cleanup.manager [-] Deleting cinder.volumes object s_rally_9b34c902_a79I4U5l (ff1150e3-928e-4bd6-a38f-52f61403d08c)
2019-07-02 18:37:57.118 1842 RALLYDEBUG rally_openstack.cleanup.manager [-] Deleting cinder.volumes object s_rally_9b34c902_VlhEwJ0Y (b583f3b1-45cd-4178-b119-954b74ae6189)
2019-07-02 18:38:02.020 1842 INFO rally.task.context [-] Task c8ac11cf-6d5f-46f7-ab95-62de3e8e6144 | Context cleanup@openstack cleanup() finished in 14.09 sec
2019-07-02 18:38:02.020 1842 INFO rally.task.context [-] Task c8ac11cf-6d5f-46f7-ab95-62de3e8e6144 | Context quotas@openstack cleanup() started
2019-07-02 18:38:02.545 1842 INFO rally.task.context [-] Task c8ac11cf-6d5f-46f7-ab95-62de3e8e6144 | Context quotas@openstack cleanup() finished in 0.52 sec
2019-07-02 18:38:02.545 1842 INFO rally.task.context [-] Task c8ac11cf-6d5f-46f7-ab95-62de3e8e6144 | Context api_versions@openstack cleanup() started
2019-07-02 18:38:02.546 1842 INFO rally.task.context [-] Task c8ac11cf-6d5f-46f7-ab95-62de3e8e6144 | Context api_versions@openstack cleanup() finished in 0.32 msec
2019-07-02 18:38:02.546 1842 INFO rally.task.context [-] Task c8ac11cf-6d5f-46f7-ab95-62de3e8e6144 | Context users@openstack cleanup() started
2019-07-02 18:38:10.978 1842 INFO rally.task.context [-] Task c8ac11cf-6d5f-46f7-ab95-62de3e8e6144 | Context users@openstack cleanup() finished in 8.43 sec
2019-07-02 18:38:11.380 1842 INFO rally.task.engine [-] Load duration is: 46.652475
2019-07-02 18:38:11.380 1842 INFO rally.task.engine [-] Full runner duration is: 46.704719
2019-07-02 18:38:11.381 1842 INFO rally.task.engine [-] Full duration is: 77.912261
2019-07-02 18:38:11.518 1842 INFO rally.task.engine [-] Running workload: position = 1 config = { "version": 2, "title": "A cropped version of a bigger task.", "description": "Auto-generated task from a single workload (uuid=d3a0b970-66ca-450d-91ea-0fb354a5d1ff)", "subtasks": [ { "title": "CinderVolumes.create_and_list_volume", "description": "Create a volume and list all volumes.", "scenario": { "CinderVolumes.create_and_list_volume": { "detailed": true, "size": 1 } }, "contexts": { "users": { "tenants": 3, "users_per_tenant": 2 }, "quotas": { "cinder": { "gigabytes": -1, "snapshots": -1, "volumes": -1 } }, "api_versions": { "cinder": { "version": 3, "service_type": "volumev3" } } }, "runner": { "constant": { "concurrency": 4, "times": 10 } }, "hooks": [], "sla": { "failure_rate": { "max": 0 } } } ] }
2019-07-02 18:38:11.536 1842 RALLYDEBUG rally_openstack.contexts.keystone.users [-] Creating 3 tenants using 20 threads
2019-07-02 18:38:13.428 1842 RALLYDEBUG rally_openstack.contexts.keystone.users [-] Creating 6 users using 20 threads
2019-07-02 18:38:16.296 1842 INFO rally.task.context [-] Task c8ac11cf-6d5f-46f7-ab95-62de3e8e6144 | Context users@openstack setup() finished in 4.76 sec
2019-07-02 18:38:16.733 1842 INFO rally.task.context [-] Task c8ac11cf-6d5f-46f7-ab95-62de3e8e6144 | Context api_versions@openstack setup() finished in 0.44 sec
2019-07-02 18:38:18.536 1842 INFO rally.task.context [-] Task c8ac11cf-6d5f-46f7-ab95-62de3e8e6144 | Context quotas@openstack setup() finished in 1.80 sec
2019-07-02 18:38:18.537 1842 INFO rally.task.context [-] Task c8ac11cf-6d5f-46f7-ab95-62de3e8e6144 | Context cleanup@openstack setup() finished in 0.01 msec
2019-07-02 18:38:18.544 1842 RALLYDEBUG rally.task.runner [-] Starting the constant runner (task UUID: c8ac11cf-6d5f-46f7-ab95-62de3e8e6144). timeout: 0 concurrency: 4 concurrency_per_worker: 1 times: 10 concurrency_overhead: 0 processes_to_start: 4 max_cpu_used: 16
2019-07-02 18:38:18.557 2598 RALLYDEBUG rally.task.runner [-] Starting a worker. concurrency: 1 args: {"detailed": true, "size": 1} times: 10 method_name: run timeout: 0 duration: None cls:
2019-07-02 18:38:18.560 2599 RALLYDEBUG rally.task.runner [-] Starting a worker. concurrency: 1 args: {"detailed": true, "size": 1} times: 10 method_name: run timeout: 0 duration: None cls:
2019-07-02 18:38:18.563 2600 RALLYDEBUG rally.task.runner [-] Starting a worker. concurrency: 1 args: {"detailed": true, "size": 1} times: 10 method_name: run timeout: 0 duration: None cls:
2019-07-02 18:38:18.565 2598 INFO rally.task.runner [-] Task c8ac11cf-6d5f-46f7-ab95-62de3e8e6144 | ITER: 1 START
2019-07-02 18:38:18.566 2601 RALLYDEBUG rally.task.runner [-] Starting a worker. concurrency: 1 args: {"detailed": true, "size": 1} times: 10 method_name: run timeout: 0 duration: None cls:
2019-07-02 18:38:18.571 2600 INFO rally.task.runner [-] Task c8ac11cf-6d5f-46f7-ab95-62de3e8e6144 | ITER: 3 START
2019-07-02 18:38:18.572 2599 INFO rally.task.runner [-] Task c8ac11cf-6d5f-46f7-ab95-62de3e8e6144 | ITER: 2 START
2019-07-02 18:38:18.573 2601 INFO rally.task.runner [-] Task c8ac11cf-6d5f-46f7-ab95-62de3e8e6144 | ITER: 4 START
2019-07-02 18:38:22.500 2601 INFO rally.task.runner [-] Task c8ac11cf-6d5f-46f7-ab95-62de3e8e6144 | ITER: 4 END: OK
2019-07-02 18:38:22.505 2601 INFO rally.task.runner [-] Task c8ac11cf-6d5f-46f7-ab95-62de3e8e6144 | ITER: 5 START
2019-07-02 18:38:22.637 2598 INFO rally.task.runner [-] Task c8ac11cf-6d5f-46f7-ab95-62de3e8e6144 | ITER: 1 END: OK
2019-07-02 18:38:22.642 2598 INFO rally.task.runner [-] Task c8ac11cf-6d5f-46f7-ab95-62de3e8e6144 | ITER: 6 START
2019-07-02 18:38:22.702 2599 INFO rally.task.runner [-] Task c8ac11cf-6d5f-46f7-ab95-62de3e8e6144 | ITER: 2 END: OK
2019-07-02 18:38:22.708 2599 INFO rally.task.runner [-] Task c8ac11cf-6d5f-46f7-ab95-62de3e8e6144 | ITER: 7 START
2019-07-02 18:38:22.946 2600 INFO rally.task.runner [-] Task c8ac11cf-6d5f-46f7-ab95-62de3e8e6144 | ITER: 3 END: OK
2019-07-02 18:38:22.953 2600 INFO rally.task.runner [-] Task c8ac11cf-6d5f-46f7-ab95-62de3e8e6144 | ITER: 8 START
2019-07-02 18:38:26.327 2601 INFO rally.task.runner [-] Task c8ac11cf-6d5f-46f7-ab95-62de3e8e6144 | ITER: 5 END: OK
2019-07-02 18:38:26.332 2601 INFO rally.task.runner [-] Task c8ac11cf-6d5f-46f7-ab95-62de3e8e6144 | ITER: 9 START
2019-07-02 18:38:26.532 2598 INFO rally.task.runner [-] Task c8ac11cf-6d5f-46f7-ab95-62de3e8e6144 | ITER: 6 END: OK
2019-07-02 18:38:26.536 2598 INFO rally.task.runner [-] Task c8ac11cf-6d5f-46f7-ab95-62de3e8e6144 | ITER: 10 START
2019-07-02 18:38:26.761 2599 INFO rally.task.runner [-] Task c8ac11cf-6d5f-46f7-ab95-62de3e8e6144 | ITER: 7 END: OK
2019-07-02 18:38:27.108 2600 INFO rally.task.runner [-] Task c8ac11cf-6d5f-46f7-ab95-62de3e8e6144 | ITER: 8 END: OK
2019-07-02 18:38:30.233 2601 INFO rally.task.runner [-] Task c8ac11cf-6d5f-46f7-ab95-62de3e8e6144 | ITER: 9 END: OK
2019-07-02 18:38:30.902 2598 INFO rally.task.runner [-] Task c8ac11cf-6d5f-46f7-ab95-62de3e8e6144 | ITER: 10 END: OK
2019-07-02 18:38:30.924 1842 INFO rally.task.context [-] Task c8ac11cf-6d5f-46f7-ab95-62de3e8e6144 | Context cleanup@openstack cleanup() started
2019-07-02 18:38:30.926 1842 RALLYDEBUG rally_openstack.cleanup.manager [-] Cleaning up cinder backups objects
2019-07-02 18:38:33.161 1842 RALLYDEBUG rally_openstack.cleanup.manager [-] Cleaning up cinder volume_snapshots objects
2019-07-02 18:38:35.236 1842 RALLYDEBUG rally_openstack.cleanup.manager [-] Cleaning up cinder transfers objects
2019-07-02 18:38:37.486 1842 RALLYDEBUG rally_openstack.cleanup.manager [-] Cleaning up cinder volumes objects
2019-07-02 18:38:39.974 1842 RALLYDEBUG rally_openstack.cleanup.manager [-] Deleting cinder.volumes object s_rally_d3a0b970_WBIaWOrm (6bb9410f-f17b-48f0-ad68-3d354cc61ff2)
2019-07-02 18:38:39.974 1842 RALLYDEBUG rally_openstack.cleanup.manager [-] Deleting cinder.volumes object s_rally_d3a0b970_bTfgRmLE (b9deea2e-800c-4291-83d0-fd9d8462e12a)
2019-07-02 18:38:39.980 1842 RALLYDEBUG rally_openstack.cleanup.manager [-] Deleting cinder.volumes object s_rally_d3a0b970_tGxr1hLv (5a2cbb1d-b15f-4391-8a6e-b00c3c4bc29e)
2019-07-02 18:38:39.991 1842 RALLYDEBUG rally_openstack.cleanup.manager [-] Deleting cinder.volumes object s_rally_d3a0b970_6rOcv7Zd (aab7a026-8526-4d09-aa64-d4e0189ccd16)
2019-07-02 18:38:39.996 1842 RALLYDEBUG rally_openstack.cleanup.manager [-] Deleting cinder.volumes object s_rally_d3a0b970_2QPDZUQ8 (788794e3-4299-4617-8e3d-5fb40e57cbc3)
2019-07-02 18:38:39.997 1842 RALLYDEBUG rally_openstack.cleanup.manager [-] Deleting cinder.volumes object s_rally_d3a0b970_m9sn90sP (aad244c3-6014-470e-b675-44729abd88a1)
2019-07-02 18:38:39.999 1842 RALLYDEBUG rally_openstack.cleanup.manager [-] Deleting cinder.volumes object s_rally_d3a0b970_vHvraLmv (59407c50-d10a-418a-b779-388fb40c0987)
2019-07-02 18:38:39.999 1842 RALLYDEBUG rally_openstack.cleanup.manager [-] Deleting cinder.volumes object s_rally_d3a0b970_dYeoTQe6 (126d6223-6b75-445a-a524-0633ed8d1dcc)
2019-07-02 18:38:40.000 1842 RALLYDEBUG rally_openstack.cleanup.manager [-] Deleting cinder.volumes object s_rally_d3a0b970_CPq6utgN (69895085-9b89-4179-a06f-aad974c388df)
2019-07-02 18:38:40.009 1842 RALLYDEBUG rally_openstack.cleanup.manager [-] Deleting cinder.volumes object s_rally_d3a0b970_uDjRKVHs (9f2be281-44e4-4983-b524-b077022977c1)
2019-07-02 18:38:43.896 1842 INFO rally.task.context [-] Task c8ac11cf-6d5f-46f7-ab95-62de3e8e6144 | Context cleanup@openstack cleanup() finished in 12.97 sec
2019-07-02 18:38:43.897 1842 INFO rally.task.context [-] Task c8ac11cf-6d5f-46f7-ab95-62de3e8e6144 | Context quotas@openstack cleanup() started
2019-07-02 18:38:44.809 1842 INFO rally.task.context [-] Task c8ac11cf-6d5f-46f7-ab95-62de3e8e6144 | Context quotas@openstack cleanup() finished in 0.91 sec
2019-07-02 18:38:44.809 1842 INFO rally.task.context [-] Task c8ac11cf-6d5f-46f7-ab95-62de3e8e6144 | Context api_versions@openstack cleanup() started
2019-07-02 18:38:44.809 1842 INFO rally.task.context [-] Task c8ac11cf-6d5f-46f7-ab95-62de3e8e6144 | Context api_versions@openstack cleanup() finished in 0.31 msec
2019-07-02 18:38:44.810 1842 INFO rally.task.context [-] Task c8ac11cf-6d5f-46f7-ab95-62de3e8e6144 | Context users@openstack cleanup() started
2019-07-02 18:38:53.930 1842 INFO rally.task.context [-] Task c8ac11cf-6d5f-46f7-ab95-62de3e8e6144 | Context users@openstack cleanup() finished in 9.12 sec
2019-07-02 18:38:55.709 1842 INFO rally.task.engine [-] Load duration is: 12.332068
2019-07-02 18:38:55.710 1842 INFO rally.task.engine [-] Full runner duration is: 12.379925
2019-07-02 18:38:55.710 1842 INFO rally.task.engine [-] Full duration is: 42.396411
2019-07-02 18:38:55.915 1842 INFO rally.task.engine [-] Running workload: position = 0 config = { "version": 2, "title": "A cropped version of a bigger task.", "description": "Auto-generated task from a single workload (uuid=29851758-9763-40fe-92ee-d25d7dffa267)", "subtasks": [ { "title": "CinderVolumes.create_and_upload_volume_to_image", "description": "Create and upload a volume to image.", "scenario": { "CinderVolumes.create_and_upload_volume_to_image": { "container_format": "bare", "disk_format": "raw", "do_delete": true, "force": false, "size": 1 } }, "contexts": { "users": { "tenants": 3, "users_per_tenant": 2 }, "quotas": { "cinder": { "gigabytes": -1, "snapshots": -1, "volumes": -1 } }, "api_versions": { "cinder": { "version": 3, "service_type": "volumev3" } } }, "runner": { "constant": { "concurrency": 4, "times": 10 } }, "hooks": [], "sla": { "failure_rate": { "max": 0 } } } ] }
2019-07-02 18:38:55.936 1842 RALLYDEBUG rally_openstack.contexts.keystone.users [-] Creating 3 tenants using 20 threads
2019-07-02 18:38:57.873 1842 RALLYDEBUG rally_openstack.contexts.keystone.users [-] Creating 6 users using 20 threads
2019-07-02 18:39:00.851 1842 INFO rally.task.context [-] Task c8ac11cf-6d5f-46f7-ab95-62de3e8e6144 | Context users@openstack setup() finished in 4.92 sec
2019-07-02 18:39:01.285 1842 INFO rally.task.context [-] Task c8ac11cf-6d5f-46f7-ab95-62de3e8e6144 | Context api_versions@openstack setup() finished in 0.43 sec
2019-07-02 18:39:03.092 1842 INFO rally.task.context [-] Task c8ac11cf-6d5f-46f7-ab95-62de3e8e6144 | Context quotas@openstack setup() finished in 1.81 sec
2019-07-02 18:39:03.093 1842 INFO rally.task.context [-] Task c8ac11cf-6d5f-46f7-ab95-62de3e8e6144 | Context cleanup@openstack setup() finished in 0.00 msec
2019-07-02 18:39:03.100 1842 RALLYDEBUG rally.task.runner [-] Starting the constant runner (task UUID: c8ac11cf-6d5f-46f7-ab95-62de3e8e6144). timeout: 0 concurrency: 4 concurrency_per_worker: 1 times: 10 concurrency_overhead: 0 processes_to_start: 4 max_cpu_used: 16
2019-07-02 18:39:03.112 2782 RALLYDEBUG rally.task.runner [-] Starting a worker. concurrency: 1 args: {"container_format": "bare", "disk_format": "raw", "do_delete": true, "force": false, "size": 1} times: 10 method_name: run timeout: 0 duration: None cls:
2019-07-02 18:39:03.116 2783 RALLYDEBUG rally.task.runner [-] Starting a worker. concurrency: 1 args: {"container_format": "bare", "disk_format": "raw", "do_delete": true, "force": false, "size": 1} times: 10 method_name: run timeout: 0 duration: None cls:
2019-07-02 18:39:03.118 2784 RALLYDEBUG rally.task.runner [-] Starting a worker. concurrency: 1 args: {"container_format": "bare", "disk_format": "raw", "do_delete": true, "force": false, "size": 1} times: 10 method_name: run timeout: 0 duration: None cls:
2019-07-02 18:39:03.121 2782 INFO rally.task.runner [-] Task c8ac11cf-6d5f-46f7-ab95-62de3e8e6144 | ITER: 1 START
2019-07-02 18:39:03.123 2783 INFO rally.task.runner [-] Task c8ac11cf-6d5f-46f7-ab95-62de3e8e6144 | ITER: 2 START
2019-07-02 18:39:03.122 2785 RALLYDEBUG rally.task.runner [-] Starting a worker. concurrency: 1 args: {"container_format": "bare", "disk_format": "raw", "do_delete": true, "force": false, "size": 1} times: 10 method_name: run timeout: 0 duration: None cls:
2019-07-02 18:39:03.127 2784 INFO rally.task.runner [-] Task c8ac11cf-6d5f-46f7-ab95-62de3e8e6144 | ITER: 3 START
2019-07-02 18:39:03.130 2785 INFO rally.task.runner [-] Task c8ac11cf-6d5f-46f7-ab95-62de3e8e6144 | ITER: 4 START
2019-07-02 18:39:08.840 2784 RALLYDEBUG rally.task.utils [-] Waiting for resource s_rally_29851758_4HZNk9pI. Status changed: AVAILABLE => UPLOADING in 0.242370128632
2019-07-02 18:39:08.968 2782 RALLYDEBUG rally.task.utils [-] Waiting for resource s_rally_29851758_VrHLGDUg. Status changed: AVAILABLE => UPLOADING in 0.347126960754
2019-07-02 18:39:08.992 2785 RALLYDEBUG rally.task.utils [-] Waiting for resource s_rally_29851758_HrCkQGkH. Status changed: AVAILABLE => UPLOADING in 0.323875904083
2019-07-02 18:39:09.212 2783 RALLYDEBUG rally.task.utils [-] Waiting for resource s_rally_29851758_H7i0BRPA. Status changed: AVAILABLE => UPLOADING in 0.34209394455
2019-07-02 18:39:56.120 2784 RALLYDEBUG rally.task.utils [-] Waiting for resource s_rally_29851758_4HZNk9pI. Status changed: UPLOADING => AVAILABLE in 47.2794039249
2019-07-02 18:39:56.200 2782 RALLYDEBUG rally.task.utils [-] Waiting for resource s_rally_29851758_VrHLGDUg. Status changed: UPLOADING => AVAILABLE in 47.2311999798
2019-07-02 18:39:56.424 2783 RALLYDEBUG rally.task.utils [-] Waiting for resource s_rally_29851758_H7i0BRPA. Status changed: UPLOADING => AVAILABLE in 47.2127540112
2019-07-02 18:39:57.090 2782 RALLYDEBUG rally.task.utils [-] Waiting for resource s_rally_29851758_VrHLGDUg. Status changed: AVAILABLE => DELETING in 0.0525939464569
2019-07-02 18:39:57.157 2784 RALLYDEBUG rally.task.utils [-] Waiting for resource s_rally_29851758_4HZNk9pI. Status changed: AVAILABLE => DELETING in 0.056499004364
2019-07-02 18:39:57.440 2785 RALLYDEBUG rally.task.utils [-] Waiting for resource s_rally_29851758_HrCkQGkH. Status changed: UPLOADING => AVAILABLE in 48.4486179352
2019-07-02 18:39:58.266 2783 INFO rally.task.runner [-] Task c8ac11cf-6d5f-46f7-ab95-62de3e8e6144 | ITER: 2 END: OK
2019-07-02 18:39:58.274 2783 INFO rally.task.runner [-] Task c8ac11cf-6d5f-46f7-ab95-62de3e8e6144 | ITER: 5 START
2019-07-02 18:39:58.393 2785 RALLYDEBUG rally.task.utils [-] Waiting for resource s_rally_29851758_HrCkQGkH. Status changed: AVAILABLE => DELETING in 0.0549938678741
2019-07-02 18:40:00.452 2784 INFO rally.task.runner [-] Task c8ac11cf-6d5f-46f7-ab95-62de3e8e6144 | ITER: 3 END: OK
2019-07-02 18:40:00.460 2784 INFO rally.task.runner [-] Task c8ac11cf-6d5f-46f7-ab95-62de3e8e6144 | ITER: 6 START
2019-07-02 18:40:00.465 2782 INFO rally.task.runner [-] Task c8ac11cf-6d5f-46f7-ab95-62de3e8e6144 | ITER: 1 END: OK
2019-07-02 18:40:00.472 2782 INFO rally.task.runner [-] Task c8ac11cf-6d5f-46f7-ab95-62de3e8e6144 | ITER: 7 START
2019-07-02 18:40:01.524 2785 INFO rally.task.runner [-] Task c8ac11cf-6d5f-46f7-ab95-62de3e8e6144 | ITER: 4 END: OK
2019-07-02 18:40:01.532 2785 INFO rally.task.runner [-] Task c8ac11cf-6d5f-46f7-ab95-62de3e8e6144 | ITER: 8 START
2019-07-02 18:40:04.072 2783 RALLYDEBUG rally.task.utils [-] Waiting for resource s_rally_29851758_CQDUI6Bd. Status changed: AVAILABLE => UPLOADING in 0.335104942322
2019-07-02 18:40:06.175 2782 RALLYDEBUG rally.task.utils [-] Waiting for resource s_rally_29851758_N7QNyvAR. Status changed: AVAILABLE => UPLOADING in 0.237482070923
2019-07-02 18:40:06.184 2784 RALLYDEBUG rally.task.utils [-] Waiting for resource s_rally_29851758_cVRTqw8E. Status changed: AVAILABLE => UPLOADING in 0.353322982788
2019-07-02 18:40:07.135 2785 RALLYDEBUG rally.task.utils [-] Waiting for resource s_rally_29851758_aENmIiLs. Status changed: AVAILABLE => UPLOADING in 0.32545208931
2019-07-02 18:40:53.234 2783 RALLYDEBUG rally.task.utils [-] Waiting for resource s_rally_29851758_CQDUI6Bd. Status changed: UPLOADING => AVAILABLE in 49.1617000103
2019-07-02 18:40:55.155 2783 INFO rally.task.runner [-] Task c8ac11cf-6d5f-46f7-ab95-62de3e8e6144 | ITER: 5 END: OK
2019-07-02 18:40:55.161 2783 INFO rally.task.runner [-] Task c8ac11cf-6d5f-46f7-ab95-62de3e8e6144 | ITER: 9 START
2019-07-02 18:40:55.200 2782 RALLYDEBUG rally.task.utils [-] Waiting for resource s_rally_29851758_N7QNyvAR. Status changed: UPLOADING => AVAILABLE in 49.0245778561
2019-07-02 18:40:55.698 2784 RALLYDEBUG rally.task.utils [-] Waiting for resource s_rally_29851758_cVRTqw8E. Status changed: UPLOADING => AVAILABLE in 49.5136051178
2019-07-02 18:40:56.646 2784 RALLYDEBUG rally.task.utils [-] Waiting for resource s_rally_29851758_cVRTqw8E. Status changed: AVAILABLE => DELETING in 0.0555620193481
2019-07-02 18:40:56.666 2785 RALLYDEBUG rally.task.utils [-] Waiting for resource s_rally_29851758_aENmIiLs. Status changed: UPLOADING => AVAILABLE in 49.5310640335
2019-07-02 18:40:57.584 2782 INFO rally.task.runner [-] Task c8ac11cf-6d5f-46f7-ab95-62de3e8e6144 | ITER: 7 END: OK
2019-07-02 18:40:57.591 2782 INFO rally.task.runner [-] Task c8ac11cf-6d5f-46f7-ab95-62de3e8e6144 | ITER: 10 START
2019-07-02 18:40:58.159 2785 RALLYDEBUG rally.task.utils [-] Waiting for resource s_rally_29851758_aENmIiLs. Status changed: AVAILABLE => DELETING in 0.0530631542206
2019-07-02 18:41:00.465 2784 INFO rally.task.runner [-] Task c8ac11cf-6d5f-46f7-ab95-62de3e8e6144 | ITER: 6 END: OK
2019-07-02 18:41:00.690 2783 RALLYDEBUG rally.task.utils [-] Waiting for resource s_rally_29851758_WmbG5NWW. Status changed: AVAILABLE => UPLOADING in 0.347795963287
2019-07-02 18:41:01.590 2785 INFO rally.task.runner [-] Task c8ac11cf-6d5f-46f7-ab95-62de3e8e6144 | ITER: 8 END: OK
2019-07-02 18:41:03.677 2782 RALLYDEBUG rally.task.utils [-] Waiting for resource s_rally_29851758_G4iTcajm. Status changed: AVAILABLE => UPLOADING in 0.333266973495
2019-07-02 18:41:30.203 2783 RALLYDEBUG rally.task.utils [-] Waiting for resource s_rally_29851758_WmbG5NWW. Status changed: UPLOADING => AVAILABLE in 29.5130701065
2019-07-02 18:41:31.322 2783 RALLYDEBUG rally.task.utils [-] Waiting for resource s_rally_29851758_WmbG5NWW. Status changed: AVAILABLE => DELETING in 0.336055040359
2019-07-02 18:41:34.218 2783 INFO rally.task.runner [-] Task c8ac11cf-6d5f-46f7-ab95-62de3e8e6144 | ITER: 9 END: OK
2019-07-02 18:41:35.060 2782 RALLYDEBUG rally.task.utils [-] Waiting for resource s_rally_29851758_G4iTcajm. Status changed: UPLOADING => AVAILABLE in 31.3827738762
2019-07-02 18:41:38.087 2782 INFO rally.task.runner [-] Task c8ac11cf-6d5f-46f7-ab95-62de3e8e6144 | ITER: 10 END: OK
2019-07-02 18:41:38.111 1842 INFO rally.task.context [-] Task c8ac11cf-6d5f-46f7-ab95-62de3e8e6144 | Context cleanup@openstack cleanup() started
2019-07-02 18:41:38.113 1842 RALLYDEBUG rally_openstack.cleanup.manager [-] Cleaning up cinder backups objects
2019-07-02 18:41:40.504 1842 RALLYDEBUG rally_openstack.cleanup.manager [-] Cleaning up cinder volume_snapshots objects
2019-07-02 18:41:42.755 1842 RALLYDEBUG rally_openstack.cleanup.manager [-] Cleaning up cinder transfers objects
2019-07-02 18:41:45.172 1842 RALLYDEBUG rally_openstack.cleanup.manager [-] Cleaning up cinder volumes objects
2019-07-02 18:41:47.485 1842 RALLYDEBUG rally_openstack.cleanup.manager [-] Cleaning up glance images objects
2019-07-02 18:41:50.783 1842 INFO rally.task.context [-] Task c8ac11cf-6d5f-46f7-ab95-62de3e8e6144 | Context cleanup@openstack cleanup() finished in 12.67 sec
2019-07-02 18:41:50.784 1842 INFO rally.task.context [-] Task c8ac11cf-6d5f-46f7-ab95-62de3e8e6144 | Context quotas@openstack cleanup() started
2019-07-02 18:41:51.779 1842 INFO rally.task.context [-] Task c8ac11cf-6d5f-46f7-ab95-62de3e8e6144 | Context quotas@openstack cleanup() finished in 1.00 sec
2019-07-02 18:41:51.780 1842 INFO rally.task.context [-] Task c8ac11cf-6d5f-46f7-ab95-62de3e8e6144 | Context api_versions@openstack cleanup() started
2019-07-02 18:41:51.780 1842 INFO rally.task.context [-] Task c8ac11cf-6d5f-46f7-ab95-62de3e8e6144 | Context api_versions@openstack cleanup() finished in 0.32 msec
2019-07-02 18:41:51.781 1842 INFO rally.task.context [-] Task c8ac11cf-6d5f-46f7-ab95-62de3e8e6144 | Context users@openstack cleanup() started
2019-07-02 18:41:59.854 1842 INFO rally.task.context [-] Task c8ac11cf-6d5f-46f7-ab95-62de3e8e6144 | Context users@openstack cleanup() finished in 8.07 sec
2019-07-02 18:42:00.598 1842 INFO rally.task.engine [-] Load duration is: 154.09323
2019-07-02 18:42:00.599 1842 INFO rally.task.engine [-] Full runner duration is: 155.01097
2019-07-02 18:42:00.599 1842 INFO rally.task.engine [-] Full duration is: 183.92175
2019-07-02 18:42:00.893 1842 INFO rally.task.engine [-] Running workload: position = 0 config = { "version": 2, "title": "A cropped version of a bigger task.", "description": "Auto-generated task from a single workload (uuid=b85fe701-72d3-4623-8261-4142e4714a97)", "subtasks": [ { "title": "CinderVolumes.create_nested_snapshots_and_attach_volume", "description": "Create a volume from snapshot and attach/detach the volume", "scenario": { "CinderVolumes.create_nested_snapshots_and_attach_volume": { "flavor": { "name": "rally_full-flavor_1691d261-d67d-458c-a840-c71de462a194" }, "image": { "name": "rally_full-img_1691d261-d67d-458c-a840-c71de462a194" }, "nested_level": 1, "size": { "max": 1, "min": 1 }, "create_vm_params": { "nics": [ { "net-id": "9a2f0b17-002f-4598-8fa2-6d6290c43655" } ] } } }, "contexts": { "users": { "tenants": 3, "users_per_tenant": 2 }, "quotas": { "cinder": { "gigabytes": -1, "snapshots": -1, "volumes": -1 } }, "api_versions": { "cinder": { "version": 3, "service_type": "volumev3" } } }, "runner": { "constant": { "concurrency": 4, "times": 10 } }, "hooks": [], "sla": { "failure_rate": { "max": 0 } } } ] }
2019-07-02 18:42:00.917 1842 RALLYDEBUG rally_openstack.contexts.keystone.users [-] Creating 3 tenants using 20 threads
2019-07-02 18:42:02.908 1842 RALLYDEBUG rally_openstack.contexts.keystone.users [-] Creating 6 users using 20 threads
2019-07-02 18:42:05.909 1842 INFO rally.task.context [-] Task c8ac11cf-6d5f-46f7-ab95-62de3e8e6144 | Context users@openstack setup() finished in 4.99 sec
2019-07-02 18:42:06.339 1842 INFO rally.task.context [-] Task c8ac11cf-6d5f-46f7-ab95-62de3e8e6144 | Context api_versions@openstack setup() finished in 0.43 sec
2019-07-02 18:42:08.096 1842 INFO rally.task.context [-] Task c8ac11cf-6d5f-46f7-ab95-62de3e8e6144 | Context quotas@openstack setup() finished in 1.76 sec
2019-07-02 18:42:08.096 1842 INFO rally.task.context [-] Task c8ac11cf-6d5f-46f7-ab95-62de3e8e6144 | Context cleanup@openstack setup() finished in 0.00 msec
2019-07-02 18:42:09.557 1842 DEBUG novaclient.v2.client [-] REQ: curl -g -i -X GET http://172.30.9.21:8774/v2.1/flavors/detail -H "Accept: application/json" -H "User-Agent: python-novaclient" -H "X-Auth-Token: {SHA1}0a6b59405a082a101ec0c2c80659f699bc12d05d" _http_log_request /usr/lib/python2.7/site-packages/keystoneauth1/session.py:448
2019-07-02 18:42:09.930 1842 DEBUG novaclient.v2.client [-] RESP: [200] Content-Encoding: gzip Content-Length: 364 Content-Type: application/json Date: Tue, 02 Jul 2019 18:42:09 GMT OpenStack-API-Version: compute 2.1 Server: Apache Vary: OpenStack-API-Version,X-OpenStack-Nova-API-Version,Accept-Encoding X-OpenStack-Nova-API-Version: 2.1 x-compute-request-id: req-f8cfa7fe-74d4-447c-89eb-d0c4bb5d2205 x-openstack-request-id: req-f8cfa7fe-74d4-447c-89eb-d0c4bb5d2205 _http_log_response /usr/lib/python2.7/site-packages/keystoneauth1/session.py:479
2019-07-02 18:42:09.931 1842 DEBUG novaclient.v2.client [-] RESP BODY: {"flavors": [{"name": "rally_full-flavor_1691d261-d67d-458c-a840-c71de462a194", "links": [{"href": "http://172.30.9.21:8774/v2.1/flavors/133c17b8-1a9f-4869-9509-30957bd51d21", "rel": "self"}, {"href": "http://172.30.9.21:8774/flavors/133c17b8-1a9f-4869-9509-30957bd51d21", "rel": "bookmark"}], "ram": 512, "OS-FLV-DISABLED:disabled": false, "vcpus": 1, "swap": "", "os-flavor-access:is_public": true, "rxtx_factor": 1.0, "OS-FLV-EXT-DATA:ephemeral": 0, "disk": 1, "id": "133c17b8-1a9f-4869-9509-30957bd51d21"}, {"name": "rally_full-flavor_alt_1691d261-d67d-458c-a840-c71de462a194", "links": [{"href": "http://172.30.9.21:8774/v2.1/flavors/b8418710-19ce-4d4c-a055-63d54bb077da", "rel": "self"}, {"href": "http://172.30.9.21:8774/flavors/b8418710-19ce-4d4c-a055-63d54bb077da", "rel": "bookmark"}], "ram": 1024, "OS-FLV-DISABLED:disabled": false, "vcpus": 1, "swap": "", "os-flavor-access:is_public": true, "rxtx_factor": 1.0, "OS-FLV-EXT-DATA:ephemeral": 0, "disk": 1, "id": "b8418710-19ce-4d4c-a055-63d54bb077da"}]} _http_log_response /usr/lib/python2.7/site-packages/keystoneauth1/session.py:511
2019-07-02 18:42:09.931 1842 DEBUG novaclient.v2.client [-] GET call to compute for http://172.30.9.21:8774/v2.1/flavors/detail used request id req-f8cfa7fe-74d4-447c-89eb-d0c4bb5d2205 request /usr/lib/python2.7/site-packages/keystoneauth1/session.py:844
2019-07-02 18:42:09.933 1842 RALLYDEBUG rally.task.runner [-] Starting the constant runner (task UUID: c8ac11cf-6d5f-46f7-ab95-62de3e8e6144). timeout: 0 concurrency: 4 concurrency_per_worker: 1 times: 10 concurrency_overhead: 0 processes_to_start: 4 max_cpu_used: 16
2019-07-02 18:42:09.945 2986 RALLYDEBUG rally.task.runner [-] Starting a worker. concurrency: 1 args: {"flavor": "133c17b8-1a9f-4869-9509-30957bd51d21", "image": "2125a538-15cc-49c2-9a6f-fa15a48f66e8", "nested_level": 1, "size": {"max": 1, "min": 1}, "create_vm_params": {"nics": [{"net-id": "9a2f0b17-002f-4598-8fa2-6d6290c43655"}]}} times: 10 method_name: run timeout: 0 duration: None cls:
2019-07-02 18:42:09.949 2987 RALLYDEBUG rally.task.runner [-] Starting a worker. concurrency: 1 args: {"flavor": "133c17b8-1a9f-4869-9509-30957bd51d21", "image": "2125a538-15cc-49c2-9a6f-fa15a48f66e8", "nested_level": 1, "size": {"max": 1, "min": 1}, "create_vm_params": {"nics": [{"net-id": "9a2f0b17-002f-4598-8fa2-6d6290c43655"}]}} times: 10 method_name: run timeout: 0 duration: None cls:
2019-07-02 18:42:09.952 2988 RALLYDEBUG rally.task.runner [-] Starting a worker. concurrency: 1 args: {"flavor": "133c17b8-1a9f-4869-9509-30957bd51d21", "image": "2125a538-15cc-49c2-9a6f-fa15a48f66e8", "nested_level": 1, "size": {"max": 1, "min": 1}, "create_vm_params": {"nics": [{"net-id": "9a2f0b17-002f-4598-8fa2-6d6290c43655"}]}} times: 10 method_name: run timeout: 0 duration: None cls:
2019-07-02 18:42:09.953 2986 INFO rally.task.runner [-] Task c8ac11cf-6d5f-46f7-ab95-62de3e8e6144 | ITER: 1 START
2019-07-02 18:42:09.956 2989 RALLYDEBUG rally.task.runner [-] Starting a worker. concurrency: 1 args: {"flavor": "133c17b8-1a9f-4869-9509-30957bd51d21", "image": "2125a538-15cc-49c2-9a6f-fa15a48f66e8", "nested_level": 1, "size": {"max": 1, "min": 1}, "create_vm_params": {"nics": [{"net-id": "9a2f0b17-002f-4598-8fa2-6d6290c43655"}]}} times: 10 method_name: run timeout: 0 duration: None cls:
2019-07-02 18:42:09.958 2987 INFO rally.task.runner [-] Task c8ac11cf-6d5f-46f7-ab95-62de3e8e6144 | ITER: 2 START
2019-07-02 18:42:09.960 2988 INFO rally.task.runner [-] Task c8ac11cf-6d5f-46f7-ab95-62de3e8e6144 | ITER: 3 START
2019-07-02 18:42:09.964 2989 INFO rally.task.runner [-] Task c8ac11cf-6d5f-46f7-ab95-62de3e8e6144 | ITER: 4 START
2019-07-02 18:42:10.395 2988 DEBUG novaclient.v2.client [-] REQ: curl -g -i -X POST http://172.30.9.21:8774/v2.1/servers -H "Accept: application/json" -H "Content-Type: application/json" -H "User-Agent: python-novaclient" -H "X-Auth-Token: {SHA1}db50344a2616c57e20db359936ccf635322914ad" -d '{"server": {"name": "s_rally_b85fe701_HWMlDYwS", "imageRef": "2125a538-15cc-49c2-9a6f-fa15a48f66e8", "flavorRef": "133c17b8-1a9f-4869-9509-30957bd51d21", "max_count": 1, "min_count": 1, "networks": [{"uuid": "9a2f0b17-002f-4598-8fa2-6d6290c43655"}]}}' _http_log_request /usr/lib/python2.7/site-packages/keystoneauth1/session.py:448
2019-07-02 18:42:10.399 2987 DEBUG novaclient.v2.client [-] REQ: curl -g -i -X POST http://172.30.9.21:8774/v2.1/servers -H "Accept: application/json" -H "Content-Type: application/json" -H "User-Agent: python-novaclient" -H "X-Auth-Token: {SHA1}dc679e878270b2916b051e5b9ddf92465cf20424" -d '{"server": {"name": "s_rally_b85fe701_OtbeK4bk", "imageRef": "2125a538-15cc-49c2-9a6f-fa15a48f66e8", "flavorRef": "133c17b8-1a9f-4869-9509-30957bd51d21", "max_count": 1, "min_count": 1, "networks": [{"uuid": "9a2f0b17-002f-4598-8fa2-6d6290c43655"}]}}' _http_log_request /usr/lib/python2.7/site-packages/keystoneauth1/session.py:448
2019-07-02 18:42:10.400 2986 DEBUG novaclient.v2.client [-] REQ: curl -g -i -X POST http://172.30.9.21:8774/v2.1/servers -H "Accept: application/json" -H "Content-Type: application/json" -H "User-Agent: python-novaclient" -H "X-Auth-Token: {SHA1}15e19de3340ff13bded9dee23f861aa2d339e77f" -d '{"server": {"name": "s_rally_b85fe701_66F1KqZU", "imageRef": "2125a538-15cc-49c2-9a6f-fa15a48f66e8", "flavorRef": "133c17b8-1a9f-4869-9509-30957bd51d21", "max_count": 1, "min_count": 1, "networks": [{"uuid": "9a2f0b17-002f-4598-8fa2-6d6290c43655"}]}}' _http_log_request /usr/lib/python2.7/site-packages/keystoneauth1/session.py:448
2019-07-02 18:42:10.403 2989 DEBUG novaclient.v2.client [-] REQ: curl -g -i -X POST http://172.30.9.21:8774/v2.1/servers -H "Accept: application/json" -H "Content-Type: application/json" -H "User-Agent: python-novaclient" -H "X-Auth-Token: {SHA1}849d8fabbdcbbfaf46e3e91672d9d96c9035f366" -d '{"server": {"name": "s_rally_b85fe701_cebjsZGe", "imageRef": "2125a538-15cc-49c2-9a6f-fa15a48f66e8", "flavorRef": "133c17b8-1a9f-4869-9509-30957bd51d21", "max_count": 1, "min_count": 1, "networks": [{"uuid": "9a2f0b17-002f-4598-8fa2-6d6290c43655"}]}}' _http_log_request /usr/lib/python2.7/site-packages/keystoneauth1/session.py:448
2019-07-02 18:42:13.409 2986 DEBUG novaclient.v2.client [-] RESP: [202] Content-Length: 374 Content-Type: application/json Date: Tue, 02 Jul 2019 18:42:10 GMT OpenStack-API-Version: compute 2.1 Server: Apache Vary: OpenStack-API-Version,X-OpenStack-Nova-API-Version X-OpenStack-Nova-API-Version: 2.1 location: http://172.30.9.21:8774/v2.1/servers/87811b28-f671-4a68-ac73-08e1d61b5052 x-compute-request-id: req-1c0578a3-1099-4b62-810b-c2d653209e3e x-openstack-request-id: req-1c0578a3-1099-4b62-810b-c2d653209e3e _http_log_response /usr/lib/python2.7/site-packages/keystoneauth1/session.py:479
2019-07-02 18:42:13.410 2986 DEBUG novaclient.v2.client [-] RESP BODY: {"server": {"security_groups": [{"name": "default"}], "OS-DCF:diskConfig": "MANUAL", "id": "87811b28-f671-4a68-ac73-08e1d61b5052", "links": [{"href": "http://172.30.9.21:8774/v2.1/servers/87811b28-f671-4a68-ac73-08e1d61b5052", "rel": "self"}, {"href": "http://172.30.9.21:8774/servers/87811b28-f671-4a68-ac73-08e1d61b5052", "rel": "bookmark"}], "adminPass": "v7eHH9unKJqx"}} _http_log_response /usr/lib/python2.7/site-packages/keystoneauth1/session.py:511
2019-07-02 18:42:13.410 2986 DEBUG novaclient.v2.client [-] POST call to compute for http://172.30.9.21:8774/v2.1/servers used request id req-1c0578a3-1099-4b62-810b-c2d653209e3e request /usr/lib/python2.7/site-packages/keystoneauth1/session.py:844
2019-07-02 18:42:14.414 2986 DEBUG novaclient.v2.client [-] REQ: curl -g -i -X GET http://172.30.9.21:8774/v2.1/servers/87811b28-f671-4a68-ac73-08e1d61b5052 -H "Accept: application/json" -H "User-Agent: python-novaclient" -H "X-Auth-Token: {SHA1}15e19de3340ff13bded9dee23f861aa2d339e77f" _http_log_request /usr/lib/python2.7/site-packages/keystoneauth1/session.py:448
2019-07-02 18:42:14.571 2989 DEBUG novaclient.v2.client [-] RESP: [202] Content-Length: 374 Content-Type: application/json Date: Tue, 02 Jul 2019 18:42:10 GMT OpenStack-API-Version: compute 2.1 Server: Apache Vary: OpenStack-API-Version,X-OpenStack-Nova-API-Version X-OpenStack-Nova-API-Version: 2.1 location: http://172.30.9.21:8774/v2.1/servers/f5b8e7e1-2d7d-4537-a602-a629c2aab104 x-compute-request-id: req-31c2220f-3f32-43c9-8b26-bd97519c85a6 x-openstack-request-id: req-31c2220f-3f32-43c9-8b26-bd97519c85a6 _http_log_response /usr/lib/python2.7/site-packages/keystoneauth1/session.py:479
2019-07-02 18:42:14.572 2989 DEBUG novaclient.v2.client [-] RESP BODY: {"server": {"security_groups": [{"name": "default"}], "OS-DCF:diskConfig": "MANUAL", "id": "f5b8e7e1-2d7d-4537-a602-a629c2aab104", "links": [{"href": "http://172.30.9.21:8774/v2.1/servers/f5b8e7e1-2d7d-4537-a602-a629c2aab104", "rel": "self"}, {"href": "http://172.30.9.21:8774/servers/f5b8e7e1-2d7d-4537-a602-a629c2aab104", "rel": "bookmark"}], "adminPass": "XLSJ69vvNhrH"}} _http_log_response /usr/lib/python2.7/site-packages/keystoneauth1/session.py:511
2019-07-02 18:42:14.573 2989 DEBUG novaclient.v2.client [-] POST call to compute for http://172.30.9.21:8774/v2.1/servers used request id req-31c2220f-3f32-43c9-8b26-bd97519c85a6 request /usr/lib/python2.7/site-packages/keystoneauth1/session.py:844
2019-07-02 18:42:14.600 2987 DEBUG novaclient.v2.client [-] RESP: [202] Content-Length: 374 Content-Type: application/json Date: Tue, 02 Jul 2019 18:42:10 GMT OpenStack-API-Version: compute 2.1 Server: Apache Vary: OpenStack-API-Version,X-OpenStack-Nova-API-Version X-OpenStack-Nova-API-Version: 2.1 location: http://172.30.9.21:8774/v2.1/servers/4dee5508-9d98-44d3-a988-f119b8b9a694 x-compute-request-id: req-5fbb26ff-2593-4fbc-86c5-0b6265bf6aea x-openstack-request-id: req-5fbb26ff-2593-4fbc-86c5-0b6265bf6aea _http_log_response /usr/lib/python2.7/site-packages/keystoneauth1/session.py:479
