2019-07-02 18:52:45.276 1842 RALLYDEBUG rally_openstack.contexts.keystone.users [-] Creating 6 users using 20 threads
2019-07-02 18:52:48.187 1842 INFO rally.task.context [-] Task c8ac11cf-6d5f-46f7-ab95-62de3e8e6144 | Context users@openstack setup() finished in 4.83 sec
2019-07-02 18:52:48.619 1842 INFO rally.task.context [-] Task c8ac11cf-6d5f-46f7-ab95-62de3e8e6144 | Context api_versions@openstack setup() finished in 0.43 sec
2019-07-02 18:52:50.281 1842 INFO rally.task.context [-] Task c8ac11cf-6d5f-46f7-ab95-62de3e8e6144 | Context quotas@openstack setup() finished in 1.66 sec
2019-07-02 18:52:50.282 1842 INFO rally.task.context [-] Task c8ac11cf-6d5f-46f7-ab95-62de3e8e6144 | Context cleanup@openstack setup() finished in 0.01 msec
2019-07-02 18:52:50.291 1842 RALLYDEBUG rally.task.runner [-] Starting the constant runner (task UUID: c8ac11cf-6d5f-46f7-ab95-62de3e8e6144). timeout: 0 concurrency: 4 concurrency_per_worker: 1 times: 10 concurrency_overhead: 0 processes_to_start: 4 max_cpu_used: 16
2019-07-02 18:52:50.304 4538 RALLYDEBUG rally.task.runner [-] Starting a worker. concurrency: 1 args: {"size": 1} times: 10 method_name: run timeout: 0 duration: None cls:
2019-07-02 18:52:50.307 4539 RALLYDEBUG rally.task.runner [-] Starting a worker. concurrency: 1 args: {"size": 1} times: 10 method_name: run timeout: 0 duration: None cls:
2019-07-02 18:52:50.310 4540 RALLYDEBUG rally.task.runner [-] Starting a worker. concurrency: 1 args: {"size": 1} times: 10 method_name: run timeout: 0 duration: None cls:
2019-07-02 18:52:50.311 4538 INFO rally.task.runner [-] Task c8ac11cf-6d5f-46f7-ab95-62de3e8e6144 | ITER: 1 START
2019-07-02 18:52:50.313 4541 RALLYDEBUG rally.task.runner [-] Starting a worker. concurrency: 1 args: {"size": 1} times: 10 method_name: run timeout: 0 duration: None cls:
2019-07-02 18:52:50.314 4539 INFO rally.task.runner [-] Task c8ac11cf-6d5f-46f7-ab95-62de3e8e6144 | ITER: 2 START
2019-07-02 18:52:50.318 4540 INFO rally.task.runner [-] Task c8ac11cf-6d5f-46f7-ab95-62de3e8e6144 | ITER: 3 START
2019-07-02 18:52:50.321 4541 INFO rally.task.runner [-] Task c8ac11cf-6d5f-46f7-ab95-62de3e8e6144 | ITER: 4 START
2019-07-02 18:52:54.738 4538 RALLYDEBUG rally.task.utils [-] Waiting for resource s_rally_cc6f9d80_l970fwds. Status changed: AVAILABLE => DELETING in 0.3514149189
2019-07-02 18:52:54.854 4539 RALLYDEBUG rally.task.utils [-] Waiting for resource s_rally_cc6f9d80_QOP1ohWD. Status changed: AVAILABLE => DELETING in 0.397068977356
2019-07-02 18:52:54.903 4540 RALLYDEBUG rally.task.utils [-] Waiting for resource s_rally_cc6f9d80_Ev8qqSMP. Status changed: AVAILABLE => DELETING in 0.359123945236
2019-07-02 18:52:54.973 4541 RALLYDEBUG rally.task.utils [-] Waiting for resource s_rally_cc6f9d80_BgMIkzCS. Status changed: AVAILABLE => DELETING in 0.359789848328
2019-07-02 18:52:56.990 4538 INFO rally.task.runner [-] Task c8ac11cf-6d5f-46f7-ab95-62de3e8e6144 | ITER: 1 END: OK
2019-07-02 18:52:56.995 4538 INFO rally.task.runner [-] Task c8ac11cf-6d5f-46f7-ab95-62de3e8e6144 | ITER: 5 START
2019-07-02 18:52:57.186 4539 INFO rally.task.runner [-] Task c8ac11cf-6d5f-46f7-ab95-62de3e8e6144 | ITER: 2 END: OK
2019-07-02 18:52:57.192 4539 INFO rally.task.runner [-] Task c8ac11cf-6d5f-46f7-ab95-62de3e8e6144 | ITER: 6 START
2019-07-02 18:52:57.212 4540 INFO rally.task.runner [-] Task c8ac11cf-6d5f-46f7-ab95-62de3e8e6144 | ITER: 3 END: OK
2019-07-02 18:52:57.217 4540 INFO rally.task.runner [-] Task c8ac11cf-6d5f-46f7-ab95-62de3e8e6144 | ITER: 7 START
2019-07-02 18:52:57.289 4541 INFO rally.task.runner [-] Task c8ac11cf-6d5f-46f7-ab95-62de3e8e6144 | ITER: 4 END: OK
2019-07-02 18:52:57.295 4541 INFO rally.task.runner [-] Task c8ac11cf-6d5f-46f7-ab95-62de3e8e6144 | ITER: 8 START
2019-07-02 18:53:01.143 4538 INFO rally.task.runner [-] Task c8ac11cf-6d5f-46f7-ab95-62de3e8e6144 | ITER: 5 END: OK
2019-07-02 18:53:01.148 4538 INFO rally.task.runner [-] Task c8ac11cf-6d5f-46f7-ab95-62de3e8e6144 | ITER: 9 START
2019-07-02 18:53:01.393 4539 RALLYDEBUG rally.task.utils [-] Waiting for resource s_rally_cc6f9d80_83wKrKrC. Status changed: AVAILABLE => DELETING in 0.259663820267
2019-07-02 18:53:01.521 4540 RALLYDEBUG rally.task.utils [-] Waiting for resource s_rally_cc6f9d80_iswquIPg. Status changed: AVAILABLE => DELETING in 0.267755031586
2019-07-02 18:53:01.829 4541 RALLYDEBUG rally.task.utils [-] Waiting for resource s_rally_cc6f9d80_3idnhQ7F. Status changed: AVAILABLE => DELETING in 0.37673997879
2019-07-02 18:53:03.433 4539 INFO rally.task.runner [-] Task c8ac11cf-6d5f-46f7-ab95-62de3e8e6144 | ITER: 6 END: OK
2019-07-02 18:53:03.438 4539 INFO rally.task.runner [-] Task c8ac11cf-6d5f-46f7-ab95-62de3e8e6144 | ITER: 10 START
2019-07-02 18:53:03.763 4540 INFO rally.task.runner [-] Task c8ac11cf-6d5f-46f7-ab95-62de3e8e6144 | ITER: 7 END: OK
2019-07-02 18:53:04.059 4541 INFO rally.task.runner [-] Task c8ac11cf-6d5f-46f7-ab95-62de3e8e6144 | ITER: 8 END: OK
2019-07-02 18:53:05.401 4538 INFO rally.task.runner [-] Task c8ac11cf-6d5f-46f7-ab95-62de3e8e6144 | ITER: 9 END: OK
2019-07-02 18:53:07.583 4539 INFO rally.task.runner [-] Task c8ac11cf-6d5f-46f7-ab95-62de3e8e6144 | ITER: 10 END: OK
2019-07-02 18:53:07.607 1842 INFO rally.task.context [-] Task c8ac11cf-6d5f-46f7-ab95-62de3e8e6144 | Context cleanup@openstack cleanup() started
2019-07-02 18:53:07.610 1842 RALLYDEBUG rally_openstack.cleanup.manager [-] Cleaning up cinder backups objects
2019-07-02 18:53:09.750 1842 RALLYDEBUG rally_openstack.cleanup.manager [-] Cleaning up cinder volume_snapshots objects
2019-07-02 18:53:12.035 1842 RALLYDEBUG rally_openstack.cleanup.manager [-] Cleaning up cinder transfers objects
2019-07-02 18:53:14.219 1842 RALLYDEBUG rally_openstack.cleanup.manager [-] Cleaning up cinder volumes objects
2019-07-02 18:53:16.474 1842 INFO rally.task.context [-] Task c8ac11cf-6d5f-46f7-ab95-62de3e8e6144 | Context cleanup@openstack cleanup() finished in 8.87 sec
2019-07-02 18:53:16.475 1842 INFO rally.task.context [-] Task c8ac11cf-6d5f-46f7-ab95-62de3e8e6144 | Context quotas@openstack cleanup() started
2019-07-02 18:53:17.375 1842 INFO rally.task.context [-] Task c8ac11cf-6d5f-46f7-ab95-62de3e8e6144 | Context quotas@openstack cleanup() finished in 0.90 sec
2019-07-02 18:53:17.376 1842 INFO rally.task.context [-] Task c8ac11cf-6d5f-46f7-ab95-62de3e8e6144 | Context api_versions@openstack cleanup() started
2019-07-02 18:53:17.376 1842 INFO rally.task.context [-] Task c8ac11cf-6d5f-46f7-ab95-62de3e8e6144 | Context api_versions@openstack cleanup() finished in 0.29 msec
2019-07-02 18:53:17.377 1842 INFO rally.task.context [-] Task c8ac11cf-6d5f-46f7-ab95-62de3e8e6144 | Context users@openstack cleanup() started
2019-07-02 18:53:26.120 1842 INFO rally.task.context [-] Task c8ac11cf-6d5f-46f7-ab95-62de3e8e6144 | Context users@openstack cleanup() finished in 8.74 sec
2019-07-02 18:53:27.527 1842 INFO rally.task.engine [-] Load duration is: 17.267421
2019-07-02 18:53:27.528 1842 INFO rally.task.engine [-] Full runner duration is: 17.31824
2019-07-02 18:53:27.528 1842 INFO rally.task.engine [-] Full duration is: 42.767641
2019-07-02 18:53:27.768 1842 INFO rally.task.engine [-] Running workload: position = 0 config = { "version": 2, "title": "A cropped version of a bigger task.", "description": "Auto-generated task from a single workload (uuid=4b6810fb-3e14-4722-a7b8-1fa99ec02ade)", "subtasks": [ { "title": "CinderVolumes.create_and_extend_volume", "description": "Create and extend a volume and then delete it.", "scenario": { "CinderVolumes.create_and_extend_volume": { "new_size": 2, "size": 1 } }, "contexts": { "users": { "tenants": 3, "users_per_tenant": 2 }, "quotas": { "cinder": { "gigabytes": -1, "snapshots": -1, "volumes": -1 } }, "api_versions": { "cinder": { "version": 3, "service_type": "volumev3" } } }, "runner": { "constant": { "concurrency": 4, "times": 10 } }, "hooks": [], "sla": { "failure_rate": { "max": 0 } } } ] }
2019-07-02 18:53:27.793 1842 RALLYDEBUG rally_openstack.contexts.keystone.users [-] Creating 3 tenants using 20 threads
2019-07-02 18:53:29.672 1842 RALLYDEBUG rally_openstack.contexts.keystone.users [-] Creating 6 users using 20 threads
2019-07-02 18:53:32.504 1842 INFO rally.task.context [-] Task c8ac11cf-6d5f-46f7-ab95-62de3e8e6144 | Context users@openstack setup() finished in 4.71 sec
2019-07-02 18:53:32.955 1842 INFO rally.task.context [-] Task c8ac11cf-6d5f-46f7-ab95-62de3e8e6144 | Context api_versions@openstack setup() finished in 0.45 sec
2019-07-02 18:53:34.607 1842 INFO rally.task.context [-] Task c8ac11cf-6d5f-46f7-ab95-62de3e8e6144 | Context quotas@openstack setup() finished in 1.65 sec
2019-07-02 18:53:34.608 1842 INFO rally.task.context [-] Task c8ac11cf-6d5f-46f7-ab95-62de3e8e6144 | Context cleanup@openstack setup() finished in 0.01 msec
2019-07-02 18:53:34.615 1842 RALLYDEBUG rally.task.runner [-] Starting the constant runner (task UUID: c8ac11cf-6d5f-46f7-ab95-62de3e8e6144). timeout: 0 concurrency: 4 concurrency_per_worker: 1 times: 10 concurrency_overhead: 0 processes_to_start: 4 max_cpu_used: 16
2019-07-02 18:53:34.628 4722 RALLYDEBUG rally.task.runner [-] Starting a worker. concurrency: 1 args: {"new_size": 2, "size": 1} times: 10 method_name: run timeout: 0 duration: None cls:
2019-07-02 18:53:34.631 4723 RALLYDEBUG rally.task.runner [-] Starting a worker. concurrency: 1 args: {"new_size": 2, "size": 1} times: 10 method_name: run timeout: 0 duration: None cls:
2019-07-02 18:53:34.635 4722 INFO rally.task.runner [-] Task c8ac11cf-6d5f-46f7-ab95-62de3e8e6144 | ITER: 1 START
2019-07-02 18:53:34.635 4724 RALLYDEBUG rally.task.runner [-] Starting a worker. concurrency: 1 args: {"new_size": 2, "size": 1} times: 10 method_name: run timeout: 0 duration: None cls:
2019-07-02 18:53:34.637 4725 RALLYDEBUG rally.task.runner [-] Starting a worker. concurrency: 1 args: {"new_size": 2, "size": 1} times: 10 method_name: run timeout: 0 duration: None cls:
2019-07-02 18:53:34.639 4723 INFO rally.task.runner [-] Task c8ac11cf-6d5f-46f7-ab95-62de3e8e6144 | ITER: 2 START
2019-07-02 18:53:34.642 4724 INFO rally.task.runner [-] Task c8ac11cf-6d5f-46f7-ab95-62de3e8e6144 | ITER: 3 START
2019-07-02 18:53:34.644 4725 INFO rally.task.runner [-] Task c8ac11cf-6d5f-46f7-ab95-62de3e8e6144 | ITER: 4 START
2019-07-02 18:53:38.742 4722 RALLYDEBUG rally.task.utils [-] Waiting for resource s_rally_4b6810fb_iExfQlSQ. Status changed: AVAILABLE => EXTENDING in 0.054535150528
2019-07-02 18:53:39.191 4723 RALLYDEBUG rally.task.utils [-] Waiting for resource s_rally_4b6810fb_CEeSpjgO. Status changed: AVAILABLE => EXTENDING in 0.26603102684
2019-07-02 18:53:39.530 4725 INFO rally.task.runner [-] Task c8ac11cf-6d5f-46f7-ab95-62de3e8e6144 | ITER: 4 END: OK
2019-07-02 18:53:39.535 4725 INFO rally.task.runner [-] Task c8ac11cf-6d5f-46f7-ab95-62de3e8e6144 | ITER: 5 START
2019-07-02 18:53:39.650 4724 INFO rally.task.runner [-] Task c8ac11cf-6d5f-46f7-ab95-62de3e8e6144 | ITER: 3 END: OK
2019-07-02 18:53:39.656 4724 INFO rally.task.runner [-] Task c8ac11cf-6d5f-46f7-ab95-62de3e8e6144 | ITER: 6 START
2019-07-02 18:53:40.998 4722 RALLYDEBUG rally.task.utils [-] Waiting for resource s_rally_4b6810fb_iExfQlSQ. Status changed: EXTENDING => AVAILABLE in 2.25548005104
2019-07-02 18:53:41.439 4723 RALLYDEBUG rally.task.utils [-] Waiting for resource s_rally_4b6810fb_CEeSpjgO. Status changed: EXTENDING => AVAILABLE in 2.24864506721
2019-07-02 18:53:41.662 4722 INFO rally.task.runner [-] Task c8ac11cf-6d5f-46f7-ab95-62de3e8e6144 | ITER: 1 END: OK
2019-07-02 18:53:41.667 4722 INFO rally.task.runner [-] Task c8ac11cf-6d5f-46f7-ab95-62de3e8e6144 | ITER: 7 START
2019-07-02 18:53:42.044 4723 INFO rally.task.runner [-] Task c8ac11cf-6d5f-46f7-ab95-62de3e8e6144 | ITER: 2 END: OK
2019-07-02 18:53:42.049 4723 INFO rally.task.runner [-] Task c8ac11cf-6d5f-46f7-ab95-62de3e8e6144 | ITER: 8 START
2019-07-02 18:53:44.496 4725 INFO rally.task.runner [-] Task c8ac11cf-6d5f-46f7-ab95-62de3e8e6144 | ITER: 5 END: OK
2019-07-02 18:53:44.501 4725 INFO rally.task.runner [-] Task c8ac11cf-6d5f-46f7-ab95-62de3e8e6144 | ITER: 9 START
2019-07-02 18:53:44.532 4724 RALLYDEBUG rally.task.utils [-] Waiting for resource s_rally_4b6810fb_TYfzKmoY. Status changed: AVAILABLE => DELETING in 0.243181943893
2019-07-02 18:53:45.896 4722 RALLYDEBUG rally.task.utils [-] Waiting for resource s_rally_4b6810fb_dTYGxvKU. Status changed: AVAILABLE => EXTENDING in 0.232115983963
2019-07-02 18:53:46.177 4723 RALLYDEBUG rally.task.utils [-] Waiting for resource s_rally_4b6810fb_ufOo4YFu. Status changed: AVAILABLE => EXTENDING in 0.0571057796478
2019-07-02 18:53:46.854 4724 INFO rally.task.runner [-] Task c8ac11cf-6d5f-46f7-ab95-62de3e8e6144 | ITER: 6 END: OK
2019-07-02 18:53:46.858 4724 INFO rally.task.runner [-] Task c8ac11cf-6d5f-46f7-ab95-62de3e8e6144 | ITER: 10 START
2019-07-02 18:53:48.155 4722 RALLYDEBUG rally.task.utils [-] Waiting for resource s_rally_4b6810fb_dTYGxvKU. Status changed: EXTENDING => AVAILABLE in 2.25845694542
2019-07-02 18:53:48.514 4723 RALLYDEBUG rally.task.utils [-] Waiting for resource s_rally_4b6810fb_ufOo4YFu. Status changed: EXTENDING => AVAILABLE in 2.33666706085
2019-07-02 18:53:48.576 4722 RALLYDEBUG rally.task.utils [-] Waiting for resource s_rally_4b6810fb_dTYGxvKU. Status changed: AVAILABLE => DELETING in 0.0593900680542
2019-07-02 18:53:49.147 4723 RALLYDEBUG rally.task.utils [-] Waiting for resource s_rally_4b6810fb_ufOo4YFu. Status changed: AVAILABLE => DELETING in 0.253825902939
2019-07-02 18:53:49.609 4725 RALLYDEBUG rally.task.utils [-] Waiting for resource s_rally_4b6810fb_ZmPddqye. Status changed: AVAILABLE => DELETING in 0.317878961563
2019-07-02 18:53:50.811 4722 INFO rally.task.runner [-] Task c8ac11cf-6d5f-46f7-ab95-62de3e8e6144 | ITER: 7 END: OK
2019-07-02 18:53:51.559 4723 INFO rally.task.runner [-] Task c8ac11cf-6d5f-46f7-ab95-62de3e8e6144 | ITER: 8 END: OK
2019-07-02 18:53:51.847 4725 INFO rally.task.runner [-] Task c8ac11cf-6d5f-46f7-ab95-62de3e8e6144 | ITER: 9 END: OK
2019-07-02 18:53:51.938 4724 INFO rally.task.runner [-] Task c8ac11cf-6d5f-46f7-ab95-62de3e8e6144 | ITER: 10 END: OK
2019-07-02 18:53:51.963 1842 INFO rally.task.context [-] Task c8ac11cf-6d5f-46f7-ab95-62de3e8e6144 | Context cleanup@openstack cleanup() started
2019-07-02 18:53:51.965 1842 RALLYDEBUG rally_openstack.cleanup.manager [-] Cleaning up cinder backups objects
2019-07-02 18:53:54.311 1842 RALLYDEBUG rally_openstack.cleanup.manager [-] Cleaning up cinder volume_snapshots objects
2019-07-02 18:53:56.295 1842 RALLYDEBUG rally_openstack.cleanup.manager [-] Cleaning up cinder transfers objects
2019-07-02 18:53:58.384 1842 RALLYDEBUG rally_openstack.cleanup.manager [-] Cleaning up cinder volumes objects
2019-07-02 18:54:00.666 1842 INFO rally.task.context [-] Task c8ac11cf-6d5f-46f7-ab95-62de3e8e6144 | Context cleanup@openstack cleanup() finished in 8.70 sec
2019-07-02 18:54:00.666 1842 INFO rally.task.context [-] Task c8ac11cf-6d5f-46f7-ab95-62de3e8e6144 | Context quotas@openstack cleanup() started
2019-07-02 18:54:01.275 1842 INFO rally.task.context [-] Task c8ac11cf-6d5f-46f7-ab95-62de3e8e6144 | Context quotas@openstack cleanup() finished in 0.61 sec
2019-07-02 18:54:01.275 1842 INFO rally.task.context [-] Task c8ac11cf-6d5f-46f7-ab95-62de3e8e6144 | Context api_versions@openstack cleanup() started
2019-07-02 18:54:01.276 1842 INFO rally.task.context [-] Task c8ac11cf-6d5f-46f7-ab95-62de3e8e6144 | Context api_versions@openstack cleanup() finished in 0.32 msec
2019-07-02 18:54:01.276 1842 INFO rally.task.context [-] Task c8ac11cf-6d5f-46f7-ab95-62de3e8e6144 | Context users@openstack cleanup() started
2019-07-02 18:54:09.036 1842 INFO rally.task.context [-] Task c8ac11cf-6d5f-46f7-ab95-62de3e8e6144 | Context users@openstack cleanup() finished in 7.76 sec
2019-07-02 18:54:09.964 1842 INFO rally.task.engine [-] Load duration is: 17.29784
2019-07-02 18:54:09.964 1842 INFO rally.task.engine [-] Full runner duration is: 17.347615
2019-07-02 18:54:09.965 1842 INFO rally.task.engine [-] Full duration is: 41.247027
2019-07-02 18:54:10.227 1842 INFO rally.task.engine [-] Running workload: position = 0 config = { "version": 2, "title": "A cropped version of a bigger task.", "description": "Auto-generated task from a single workload (uuid=79e8dab4-2b55-4d78-b0bb-acda495a50e9)", "subtasks": [ { "title": "CinderVolumes.create_from_volume_and_delete_volume", "description": "Create volume from volume and then delete it.", "scenario": { "CinderVolumes.create_from_volume_and_delete_volume": { "size": 1 } }, "contexts": { "users": { "tenants": 3, "users_per_tenant": 2 }, "quotas": { "cinder": { "gigabytes": -1, "snapshots": -1, "volumes": -1 } }, "api_versions": { "cinder": { "version": 3, "service_type": "volumev3" } }, "volumes": { "size": 1, "volumes_per_tenant": 1 } }, "runner": { "constant": { "concurrency": 4, "times": 10 } }, "hooks": [], "sla": { "failure_rate": { "max": 0 } } } ] }
2019-07-02 18:54:10.251 1842 RALLYDEBUG rally_openstack.contexts.keystone.users [-] Creating 3 tenants using 20 threads
2019-07-02 18:54:12.156 1842 RALLYDEBUG rally_openstack.contexts.keystone.users [-] Creating 6 users using 20 threads
2019-07-02 18:54:15.194 1842 INFO rally.task.context [-] Task c8ac11cf-6d5f-46f7-ab95-62de3e8e6144 | Context users@openstack setup() finished in 4.94 sec
2019-07-02 18:54:15.628 1842 INFO rally.task.context [-] Task c8ac11cf-6d5f-46f7-ab95-62de3e8e6144 | Context api_versions@openstack setup() finished in 0.43 sec
2019-07-02 18:54:17.300 1842 INFO rally.task.context [-] Task c8ac11cf-6d5f-46f7-ab95-62de3e8e6144 | Context quotas@openstack setup() finished in 1.67 sec
2019-07-02 18:54:28.427 1842 INFO rally.task.context [-] Task c8ac11cf-6d5f-46f7-ab95-62de3e8e6144 | Context volumes@openstack setup() finished in 11.13 sec
2019-07-02 18:54:28.427 1842 INFO rally.task.context [-] Task c8ac11cf-6d5f-46f7-ab95-62de3e8e6144 | Context cleanup@openstack setup() finished in 0.01 msec
2019-07-02 18:54:28.435 1842 RALLYDEBUG rally.task.runner [-] Starting the constant runner (task UUID: c8ac11cf-6d5f-46f7-ab95-62de3e8e6144). timeout: 0 concurrency: 4 concurrency_per_worker: 1 times: 10 concurrency_overhead: 0 processes_to_start: 4 max_cpu_used: 16
2019-07-02 18:54:28.448 4906 RALLYDEBUG rally.task.runner [-] Starting a worker. concurrency: 1 args: {"size": 1} times: 10 method_name: run timeout: 0 duration: None cls:
2019-07-02 18:54:28.451 4907 RALLYDEBUG rally.task.runner [-] Starting a worker. concurrency: 1 args: {"size": 1} times: 10 method_name: run timeout: 0 duration: None cls:
2019-07-02 18:54:28.454 4908 RALLYDEBUG rally.task.runner [-] Starting a worker. concurrency: 1 args: {"size": 1} times: 10 method_name: run timeout: 0 duration: None cls:
2019-07-02 18:54:28.456 4906 INFO rally.task.runner [-] Task c8ac11cf-6d5f-46f7-ab95-62de3e8e6144 | ITER: 1 START
2019-07-02 18:54:28.457 4909 RALLYDEBUG rally.task.runner [-] Starting a worker. concurrency: 1 args: {"size": 1} times: 10 method_name: run timeout: 0 duration: None cls:
2019-07-02 18:54:28.459 4907 INFO rally.task.runner [-] Task c8ac11cf-6d5f-46f7-ab95-62de3e8e6144 | ITER: 2 START
2019-07-02 18:54:28.462 4908 INFO rally.task.runner [-] Task c8ac11cf-6d5f-46f7-ab95-62de3e8e6144 | ITER: 3 START
2019-07-02 18:54:28.465 4909 INFO rally.task.runner [-] Task c8ac11cf-6d5f-46f7-ab95-62de3e8e6144 | ITER: 4 START
2019-07-02 18:54:32.645 4907 RALLYDEBUG rally.task.utils [-] Waiting for resource s_rally_79e8dab4_Q5grCUgH. Status changed: CREATING => AVAILABLE in 0.822792053223
2019-07-02 18:54:32.915 4909 RALLYDEBUG rally.task.utils [-] Waiting for resource s_rally_79e8dab4_h9qNomlg. Status changed: AVAILABLE => DELETING in 0.415572881699
2019-07-02 18:54:33.344 4907 RALLYDEBUG rally.task.utils [-] Waiting for resource s_rally_79e8dab4_Q5grCUgH. Status changed: AVAILABLE => DELETING in 0.311625003815
2019-07-02 18:54:34.577 4906 RALLYDEBUG rally.task.utils [-] Waiting for resource s_rally_79e8dab4_19ZbEIba. Status changed: CREATING => AVAILABLE in 3.01112103462
2019-07-02 18:54:35.144 4909 INFO rally.task.runner [-] Task c8ac11cf-6d5f-46f7-ab95-62de3e8e6144 | ITER: 4 END: OK
2019-07-02 18:54:35.148 4909 INFO rally.task.runner [-] Task c8ac11cf-6d5f-46f7-ab95-62de3e8e6144 | ITER: 5 START
2019-07-02 18:54:35.176 4906 RALLYDEBUG rally.task.utils [-] Waiting for resource s_rally_79e8dab4_19ZbEIba. Status changed: AVAILABLE => DELETING in 0.32258105278
2019-07-02 18:54:36.994 4908 RALLYDEBUG rally.task.utils [-] Waiting for resource s_rally_79e8dab4_Nudjo6ho. Status changed: CREATING => AVAILABLE in 5.38937783241
2019-07-02 18:54:37.630 4907 INFO rally.task.runner [-] Task c8ac11cf-6d5f-46f7-ab95-62de3e8e6144 | ITER: 2 END: OK
2019-07-02 18:54:37.636 4908 RALLYDEBUG rally.task.utils [-] Waiting for resource s_rally_79e8dab4_Nudjo6ho. Status changed: AVAILABLE => DELETING in 0.351969003677
2019-07-02 18:54:37.636 4907 INFO rally.task.runner [-] Task c8ac11cf-6d5f-46f7-ab95-62de3e8e6144 | ITER: 6 START
2019-07-02 18:54:39.544 4906 INFO rally.task.runner [-] Task c8ac11cf-6d5f-46f7-ab95-62de3e8e6144 | ITER: 1 END: OK
2019-07-02 18:54:39.549 4906 INFO rally.task.runner [-] Task c8ac11cf-6d5f-46f7-ab95-62de3e8e6144 | ITER: 7 START
2019-07-02 18:54:39.584 4909 RALLYDEBUG rally.task.utils [-] Waiting for resource s_rally_79e8dab4_NiQJOZ7q. Status changed: AVAILABLE => DELETING in 0.348237037659
2019-07-02 18:54:41.585 4907 RALLYDEBUG rally.task.utils [-] Waiting for resource s_rally_79e8dab4_gAvI0Qt3. Status changed: CREATING => AVAILABLE in 0.799427986145
2019-07-02 18:54:41.892 4909 INFO rally.task.runner [-] Task c8ac11cf-6d5f-46f7-ab95-62de3e8e6144 | ITER: 5 END: OK
2019-07-02 18:54:41.897 4909 INFO rally.task.runner [-] Task c8ac11cf-6d5f-46f7-ab95-62de3e8e6144 | ITER: 8 START
2019-07-02 18:54:41.931 4908 INFO rally.task.runner [-] Task c8ac11cf-6d5f-46f7-ab95-62de3e8e6144 | ITER: 3 END: OK
2019-07-02 18:54:41.936 4908 INFO rally.task.runner [-] Task c8ac11cf-6d5f-46f7-ab95-62de3e8e6144 | ITER: 9 START
2019-07-02 18:54:42.122 4907 RALLYDEBUG rally.task.utils [-] Waiting for resource s_rally_79e8dab4_gAvI0Qt3. Status changed: AVAILABLE => DELETING in 0.256989955902
2019-07-02 18:54:43.623 4906 RALLYDEBUG rally.task.utils [-] Waiting for resource s_rally_79e8dab4_oYHUxWcO. Status changed: AVAILABLE => DELETING in 0.0512049198151
2019-07-02 18:54:46.787 4907 INFO rally.task.runner [-] Task c8ac11cf-6d5f-46f7-ab95-62de3e8e6144 | ITER: 6 END: OK
2019-07-02 18:54:46.792 4907 INFO rally.task.runner [-] Task c8ac11cf-6d5f-46f7-ab95-62de3e8e6144 | ITER: 10 START
2019-07-02 18:54:47.754 4908 RALLYDEBUG rally.task.utils [-] Waiting for resource s_rally_79e8dab4_FVlS3Weo. Status changed: CREATING => AVAILABLE in 2.65914297104
2019-07-02 18:54:47.764 4909 RALLYDEBUG rally.task.utils [-] Waiting for resource s_rally_79e8dab4_e1qop8AX. Status changed: CREATING => AVAILABLE in 2.74774098396
2019-07-02 18:54:48.130 4908 RALLYDEBUG rally.task.utils [-] Waiting for resource s_rally_79e8dab4_FVlS3Weo. Status changed: AVAILABLE => DELETING in 0.265861988068
2019-07-02 18:54:48.345 4906 INFO rally.task.runner [-] Task c8ac11cf-6d5f-46f7-ab95-62de3e8e6144 | ITER: 7 END: OK
2019-07-02 18:54:48.453 4909 RALLYDEBUG rally.task.utils [-] Waiting for resource s_rally_79e8dab4_e1qop8AX. Status changed: AVAILABLE => DELETING in 0.319072961807
2019-07-02 18:54:51.097 4907 RALLYDEBUG rally.task.utils [-] Waiting for resource s_rally_79e8dab4_JYU6T2uq. Status changed: AVAILABLE => DELETING in 0.250845193863
2019-07-02 18:54:52.755 4909 INFO rally.task.runner [-] Task c8ac11cf-6d5f-46f7-ab95-62de3e8e6144 | ITER: 8 END: OK
2019-07-02 18:54:52.799 4908 INFO rally.task.runner [-] Task c8ac11cf-6d5f-46f7-ab95-62de3e8e6144 | ITER: 9 END: OK
2019-07-02 18:54:53.418 4907 INFO rally.task.runner [-] Task c8ac11cf-6d5f-46f7-ab95-62de3e8e6144 | ITER: 10 END: OK
2019-07-02 18:54:53.448 1842 INFO rally.task.context [-] Task c8ac11cf-6d5f-46f7-ab95-62de3e8e6144 | Context cleanup@openstack cleanup() started
2019-07-02 18:54:53.450 1842 RALLYDEBUG rally_openstack.cleanup.manager [-] Cleaning up cinder backups objects
2019-07-02 18:54:55.520 1842 RALLYDEBUG rally_openstack.cleanup.manager [-] Cleaning up cinder volume_snapshots objects
2019-07-02 18:54:57.671 1842 RALLYDEBUG rally_openstack.cleanup.manager [-] Cleaning up cinder transfers objects
2019-07-02 18:54:59.914 1842 RALLYDEBUG rally_openstack.cleanup.manager [-] Cleaning up cinder volumes objects
2019-07-02 18:55:02.204 1842 INFO rally.task.context [-] Task c8ac11cf-6d5f-46f7-ab95-62de3e8e6144 | Context cleanup@openstack cleanup() finished in 8.76 sec
2019-07-02 18:55:02.204 1842 INFO rally.task.context [-] Task c8ac11cf-6d5f-46f7-ab95-62de3e8e6144 | Context volumes@openstack cleanup() started
2019-07-02 18:55:02.205 1842 RALLYDEBUG rally_openstack.cleanup.manager [-] Cleaning up cinder volumes objects
2019-07-02 18:55:04.396 1842 RALLYDEBUG rally_openstack.cleanup.manager [-] Deleting cinder.volumes object c_rally_79e8dab4_gFgClHOE (493eef2f-7e55-4b91-a739-1ac5147e9424)
2019-07-02 18:55:04.401 1842 RALLYDEBUG rally_openstack.cleanup.manager [-] Deleting cinder.volumes object c_rally_79e8dab4_zOEl0pGh (658681fd-41c0-471e-b27d-ef389cec2196)
2019-07-02 18:55:04.407 1842 RALLYDEBUG rally_openstack.cleanup.manager [-] Deleting cinder.volumes object c_rally_79e8dab4_fzlnFcS1 (fd0adf85-5008-4411-a1fc-6025ab3b5f85)
2019-07-02 18:55:07.900 1842 INFO rally.task.context [-] Task c8ac11cf-6d5f-46f7-ab95-62de3e8e6144 | Context volumes@openstack cleanup() finished in 5.70 sec
2019-07-02 18:55:07.901 1842 INFO rally.task.context [-] Task c8ac11cf-6d5f-46f7-ab95-62de3e8e6144 | Context quotas@openstack cleanup() started
2019-07-02 18:55:08.855 1842 INFO rally.task.context [-] Task c8ac11cf-6d5f-46f7-ab95-62de3e8e6144 | Context quotas@openstack cleanup() finished in 0.95 sec
2019-07-02 18:55:08.856 1842 INFO rally.task.context [-] Task c8ac11cf-6d5f-46f7-ab95-62de3e8e6144 | Context api_versions@openstack cleanup() started
2019-07-02 18:55:08.856 1842 INFO rally.task.context [-] Task c8ac11cf-6d5f-46f7-ab95-62de3e8e6144 | Context api_versions@openstack cleanup() finished in 0.34 msec
2019-07-02 18:55:08.856 1842 INFO rally.task.context [-] Task c8ac11cf-6d5f-46f7-ab95-62de3e8e6144 | Context users@openstack cleanup() started
2019-07-02 18:55:17.325 1842 INFO rally.task.context [-] Task c8ac11cf-6d5f-46f7-ab95-62de3e8e6144 | Context users@openstack cleanup() finished in 8.47 sec
2019-07-02 18:55:18.572 1842 INFO rally.task.engine [-] Load duration is: 24.957326
2019-07-02 18:55:18.573 1842 INFO rally.task.engine [-] Full runner duration is: 25.013044
2019-07-02 18:55:18.573 1842 INFO rally.task.engine [-] Full duration is: 67.077026
2019-07-02 18:55:18.829 1842 INFO rally.task.engine [-] Running workload: position = 0 config = { "version": 2, "title": "A cropped version of a bigger task.", "description": "Auto-generated task from a single workload (uuid=b536d5df-bc0b-4c51-875f-97864c1e2435)", "subtasks": [ { "title": "CinderQos.create_and_get_qos", "description": "Create a qos, then get details of the qos.", "scenario": { "CinderQos.create_and_get_qos": { "consumer": "both", "write_iops_sec": "10", "read_iops_sec": "1000" } }, "contexts": { "users": { "tenants": 3, "users_per_tenant": 2 }, "api_versions": { "cinder": { "version": 3, "service_type": "volumev3" } } }, "runner": { "constant": { "concurrency": 4, "times": 10 } }, "hooks": [], "sla": { "failure_rate": { "max": 0 } } } ] }
2019-07-02 18:55:18.852 1842 RALLYDEBUG rally_openstack.contexts.keystone.users [-] Creating 3 tenants using 20 threads
2019-07-02 18:55:20.794 1842 RALLYDEBUG rally_openstack.contexts.keystone.users [-] Creating 6 users using 20 threads
2019-07-02 18:55:23.921 1842 INFO rally.task.context [-] Task c8ac11cf-6d5f-46f7-ab95-62de3e8e6144 | Context users@openstack setup() finished in 5.07 sec
2019-07-02 18:55:24.364 1842 INFO rally.task.context [-] Task c8ac11cf-6d5f-46f7-ab95-62de3e8e6144 | Context api_versions@openstack setup() finished in 0.44 sec
2019-07-02 18:55:24.364 1842 INFO rally.task.context [-] Task c8ac11cf-6d5f-46f7-ab95-62de3e8e6144 | Context admin_cleanup@openstack setup() finished in 0.01 msec
2019-07-02 18:55:24.372 1842 RALLYDEBUG rally.task.runner [-] Starting the constant runner (task UUID: c8ac11cf-6d5f-46f7-ab95-62de3e8e6144). timeout: 0 concurrency: 4 concurrency_per_worker: 1 times: 10 concurrency_overhead: 0 processes_to_start: 4 max_cpu_used: 16
2019-07-02 18:55:24.386 5110 RALLYDEBUG rally.task.runner [-] Starting a worker. concurrency: 1 args: {"consumer": "both", "write_iops_sec": "10", "read_iops_sec": "1000"} times: 10 method_name: run timeout: 0 duration: None cls:
2019-07-02 18:55:24.390 5111 RALLYDEBUG rally.task.runner [-] Starting a worker. concurrency: 1 args: {"consumer": "both", "write_iops_sec": "10", "read_iops_sec": "1000"} times: 10 method_name: run timeout: 0 duration: None cls:
2019-07-02 18:55:24.392 5112 RALLYDEBUG rally.task.runner [-] Starting a worker. concurrency: 1 args: {"consumer": "both", "write_iops_sec": "10", "read_iops_sec": "1000"} times: 10 method_name: run timeout: 0 duration: None cls:
2019-07-02 18:55:24.394 5110 INFO rally.task.runner [-] Task c8ac11cf-6d5f-46f7-ab95-62de3e8e6144 | ITER: 1 START
2019-07-02 18:55:24.396 5113 RALLYDEBUG rally.task.runner [-] Starting a worker. concurrency: 1 args: {"consumer": "both", "write_iops_sec": "10", "read_iops_sec": "1000"} times: 10 method_name: run timeout: 0 duration: None cls:
2019-07-02 18:55:24.397 5111 INFO rally.task.runner [-] Task c8ac11cf-6d5f-46f7-ab95-62de3e8e6144 | ITER: 2 START
2019-07-02 18:55:24.399 5112 INFO rally.task.runner [-] Task c8ac11cf-6d5f-46f7-ab95-62de3e8e6144 | ITER: 3 START
2019-07-02 18:55:24.403 5113 INFO rally.task.runner [-] Task c8ac11cf-6d5f-46f7-ab95-62de3e8e6144 | ITER: 4 START
2019-07-02 18:55:25.497 5112 INFO rally.task.runner [-] Task c8ac11cf-6d5f-46f7-ab95-62de3e8e6144 | ITER: 3 END: OK
2019-07-02 18:55:25.499 5113 INFO rally.task.runner [-] Task c8ac11cf-6d5f-46f7-ab95-62de3e8e6144 | ITER: 4 END: OK
2019-07-02 18:55:25.500 5111 INFO rally.task.runner [-] Task c8ac11cf-6d5f-46f7-ab95-62de3e8e6144 | ITER: 2 END: OK
2019-07-02 18:55:25.502 5112 INFO rally.task.runner [-] Task c8ac11cf-6d5f-46f7-ab95-62de3e8e6144 | ITER: 5 START
2019-07-02 18:55:25.504 5113 INFO rally.task.runner [-] Task c8ac11cf-6d5f-46f7-ab95-62de3e8e6144 | ITER: 6 START
2019-07-02 18:55:25.505 5111 INFO rally.task.runner [-] Task c8ac11cf-6d5f-46f7-ab95-62de3e8e6144 | ITER: 7 START
2019-07-02 18:55:25.557 5110 INFO rally.task.runner [-] Task c8ac11cf-6d5f-46f7-ab95-62de3e8e6144 | ITER: 1 END: OK
2019-07-02 18:55:25.562 5110 INFO rally.task.runner [-] Task c8ac11cf-6d5f-46f7-ab95-62de3e8e6144 | ITER: 8 START
2019-07-02 18:55:26.396 5112 INFO rally.task.runner [-] Task c8ac11cf-6d5f-46f7-ab95-62de3e8e6144 | ITER: 5 END: OK
2019-07-02 18:55:26.401 5112 INFO rally.task.runner [-] Task c8ac11cf-6d5f-46f7-ab95-62de3e8e6144 | ITER: 9 START
2019-07-02 18:55:26.559 5111 INFO rally.task.runner [-] Task c8ac11cf-6d5f-46f7-ab95-62de3e8e6144 | ITER: 7 END: OK
2019-07-02 18:55:26.564 5111 INFO rally.task.runner [-] Task c8ac11cf-6d5f-46f7-ab95-62de3e8e6144 | ITER: 10 START
2019-07-02 18:55:26.564 5113 INFO rally.task.runner [-] Task c8ac11cf-6d5f-46f7-ab95-62de3e8e6144 | ITER: 6 END: OK
2019-07-02 18:55:26.709 5110 INFO rally.task.runner [-] Task c8ac11cf-6d5f-46f7-ab95-62de3e8e6144 | ITER: 8 END: OK
2019-07-02 18:55:27.478 5112 INFO rally.task.runner [-] Task c8ac11cf-6d5f-46f7-ab95-62de3e8e6144 | ITER: 9 END: OK
2019-07-02 18:55:27.628 5111 INFO rally.task.runner [-] Task c8ac11cf-6d5f-46f7-ab95-62de3e8e6144 | ITER: 10 END: OK
2019-07-02 18:55:27.655 1842 INFO rally.task.context [-] Task c8ac11cf-6d5f-46f7-ab95-62de3e8e6144 | Context admin_cleanup@openstack cleanup() started
2019-07-02 18:55:27.657 1842 RALLYDEBUG rally_openstack.cleanup.manager [-] Cleaning up cinder volume_types objects
2019-07-02 18:55:28.435 1842 RALLYDEBUG rally_openstack.cleanup.manager [-] Cleaning up cinder image_volumes_cache objects
2019-07-02 18:55:29.891 1842 RALLYDEBUG rally_openstack.cleanup.manager [-] Cleaning up cinder quotas objects
2019-07-02 18:55:31.857 1842 RALLYDEBUG rally_openstack.cleanup.manager [-] Cleaning up cinder qos_specs objects
2019-07-02 18:55:32.621 1842 RALLYDEBUG rally_openstack.cleanup.manager [-] Deleting cinder.qos_specs object s_rally_b536d5df_HaGS06q4 (c96f5356-2dd7-4006-ac4f-4c7684964a5e)
2019-07-02 18:55:32.629 1842 RALLYDEBUG rally_openstack.cleanup.manager [-] Deleting cinder.qos_specs object s_rally_b536d5df_Rc5XevtW (0d164fab-d12b-4cd0-8631-a0017b171a17)
2019-07-02 18:55:32.642 1842 RALLYDEBUG rally_openstack.cleanup.manager [-] Deleting cinder.qos_specs object s_rally_b536d5df_ySJpJris (74cbf6d9-a965-470d-a450-4741bd90ac36)
2019-07-02 18:55:32.649 1842 RALLYDEBUG rally_openstack.cleanup.manager [-] Deleting cinder.qos_specs object s_rally_b536d5df_zqk4vykx (a1ea1a15-70ae-4bed-b2b3-13b919150650)
2019-07-02 18:55:32.652 1842 RALLYDEBUG rally_openstack.cleanup.manager [-] Deleting cinder.qos_specs object s_rally_b536d5df_isDsfwyB (2e4770b5-b644-4d0c-8cfb-b7dec1b42f62)
2019-07-02 18:55:32.653 1842 RALLYDEBUG rally_openstack.cleanup.manager [-] Deleting cinder.qos_specs object s_rally_b536d5df_spUSUfSs (41287701-dbba-4b5f-a733-f4d5f9d796e2)
2019-07-02 18:55:32.661 1842 RALLYDEBUG rally_openstack.cleanup.manager [-] Deleting cinder.qos_specs object s_rally_b536d5df_lWAue5aH (f27e3f1c-4221-4310-8775-2d9d22542eb1)
2019-07-02 18:55:32.679 1842 RALLYDEBUG rally_openstack.cleanup.manager [-] Deleting cinder.qos_specs object s_rally_b536d5df_XcFkmoKq (ea0c17b9-116d-4331-be7e-7c8c71153e38)
2019-07-02 18:55:32.684 1842 RALLYDEBUG rally_openstack.cleanup.manager [-] Deleting cinder.qos_specs object s_rally_b536d5df_yjtpYj76 (cd46716c-c3e0-4d3d-95ff-811a9879f201)
2019-07-02 18:55:32.696 1842 RALLYDEBUG rally_openstack.cleanup.manager [-] Deleting cinder.qos_specs object s_rally_b536d5df_IoZ55DSM (9647fa61-5458-4106-904a-4a063816d5e9)
2019-07-02 18:55:35.027 1842 INFO rally.task.context [-] Task c8ac11cf-6d5f-46f7-ab95-62de3e8e6144 | Context admin_cleanup@openstack cleanup() finished in 7.37 sec
2019-07-02 18:55:35.028 1842 INFO rally.task.context [-] Task c8ac11cf-6d5f-46f7-ab95-62de3e8e6144 | Context api_versions@openstack cleanup() started
2019-07-02 18:55:35.028 1842 INFO rally.task.context [-] Task c8ac11cf-6d5f-46f7-ab95-62de3e8e6144 | Context api_versions@openstack cleanup() finished in 0.36 msec
2019-07-02 18:55:35.029 1842 INFO rally.task.context [-] Task c8ac11cf-6d5f-46f7-ab95-62de3e8e6144 | Context users@openstack cleanup() started
2019-07-02 18:55:43.564 1842 INFO rally.task.context [-] Task c8ac11cf-6d5f-46f7-ab95-62de3e8e6144 | Context users@openstack cleanup() finished in 8.54 sec
2019-07-02 18:55:45.079 1842 INFO rally.task.engine [-] Load duration is: 3.229154
2019-07-02 18:55:45.080 1842 INFO rally.task.engine [-] Full runner duration is: 3.282959
2019-07-02 18:55:45.080 1842 INFO rally.task.engine [-] Full duration is: 24.715018
2019-07-02 18:55:45.290 1842 INFO rally.task.engine [-] Running workload: position = 0 config = { "version": 2, "title": "A cropped version of a bigger task.", "description": "Auto-generated task from a single workload (uuid=510d88ed-6e63-4225-b762-35df4b16854f)", "subtasks": [ { "title": "CinderQos.create_and_list_qos", "description": "Create a qos, then list all qos.", "scenario": { "CinderQos.create_and_list_qos": { "consumer": "both", "write_iops_sec": "10", "read_iops_sec": "1000" } }, "contexts": { "users": { "tenants": 3, "users_per_tenant": 2 }, "api_versions": { "cinder": { "version": 3, "service_type": "volumev3" } } }, "runner": { "constant": { "concurrency": 4, "times": 10 } }, "hooks": [], "sla": { "failure_rate": { "max": 0 } } } ] }
2019-07-02 18:55:45.314 1842 RALLYDEBUG rally_openstack.contexts.keystone.users [-] Creating 3 tenants using 20 threads
2019-07-02 18:55:47.346 1842 RALLYDEBUG rally_openstack.contexts.keystone.users [-] Creating 6 users using 20 threads
2019-07-02 18:55:50.137 1842 INFO rally.task.context [-] Task c8ac11cf-6d5f-46f7-ab95-62de3e8e6144 | Context users@openstack setup() finished in 4.82 sec
2019-07-02 18:55:50.563 1842 INFO rally.task.context [-] Task c8ac11cf-6d5f-46f7-ab95-62de3e8e6144 | Context api_versions@openstack setup() finished in 0.43 sec
2019-07-02 18:55:50.564 1842 INFO rally.task.context [-] Task c8ac11cf-6d5f-46f7-ab95-62de3e8e6144 | Context admin_cleanup@openstack setup() finished in 0.01 msec
2019-07-02 18:55:50.571 1842 RALLYDEBUG rally.task.runner [-] Starting the constant runner (task UUID: c8ac11cf-6d5f-46f7-ab95-62de3e8e6144). timeout: 0 concurrency: 4 concurrency_per_worker: 1 times: 10 concurrency_overhead: 0 processes_to_start: 4 max_cpu_used: 16
2019-07-02 18:55:50.584 5294 RALLYDEBUG rally.task.runner [-] Starting a worker. concurrency: 1 args: {"consumer": "both", "write_iops_sec": "10", "read_iops_sec": "1000"} times: 10 method_name: run timeout: 0 duration: None cls:
2019-07-02 18:55:50.587 5295 RALLYDEBUG rally.task.runner [-] Starting a worker. concurrency: 1 args: {"consumer": "both", "write_iops_sec": "10", "read_iops_sec": "1000"} times: 10 method_name: run timeout: 0 duration: None cls:
2019-07-02 18:55:50.590 5296 RALLYDEBUG rally.task.runner [-] Starting a worker. concurrency: 1 args: {"consumer": "both", "write_iops_sec": "10", "read_iops_sec": "1000"} times: 10 method_name: run timeout: 0 duration: None cls:
2019-07-02 18:55:50.591 5294 INFO rally.task.runner [-] Task c8ac11cf-6d5f-46f7-ab95-62de3e8e6144 | ITER: 1 START
2019-07-02 18:55:50.593 5297 RALLYDEBUG rally.task.runner [-] Starting a worker. concurrency: 1 args: {"consumer": "both", "write_iops_sec": "10", "read_iops_sec": "1000"} times: 10 method_name: run timeout: 0 duration: None cls:
2019-07-02 18:55:50.594 5295 INFO rally.task.runner [-] Task c8ac11cf-6d5f-46f7-ab95-62de3e8e6144 | ITER: 2 START
2019-07-02 18:55:50.597 5296 INFO rally.task.runner [-] Task c8ac11cf-6d5f-46f7-ab95-62de3e8e6144 | ITER: 3 START
2019-07-02 18:55:50.600 5297 INFO rally.task.runner [-] Task c8ac11cf-6d5f-46f7-ab95-62de3e8e6144 | ITER: 4 START
2019-07-02 18:55:51.651 5295 INFO rally.task.runner [-] Task c8ac11cf-6d5f-46f7-ab95-62de3e8e6144 | ITER: 2 END: OK
2019-07-02 18:55:51.656 5295 INFO rally.task.runner [-] Task c8ac11cf-6d5f-46f7-ab95-62de3e8e6144 | ITER: 5 START
2019-07-02 18:55:51.661 5297 INFO rally.task.runner [-] Task c8ac11cf-6d5f-46f7-ab95-62de3e8e6144 | ITER: 4 END: OK
2019-07-02 18:55:51.664 5296 INFO rally.task.runner [-] Task c8ac11cf-6d5f-46f7-ab95-62de3e8e6144 | ITER: 3 END: OK
2019-07-02 18:55:51.666 5297 INFO rally.task.runner [-] Task c8ac11cf-6d5f-46f7-ab95-62de3e8e6144 | ITER: 6 START
2019-07-02 18:55:51.669 5296 INFO rally.task.runner [-] Task c8ac11cf-6d5f-46f7-ab95-62de3e8e6144 | ITER: 7 START
2019-07-02 18:55:51.703 5294 INFO rally.task.runner [-] Task c8ac11cf-6d5f-46f7-ab95-62de3e8e6144 | ITER: 1 END: OK
2019-07-02 18:55:51.707 5294 INFO rally.task.runner [-] Task c8ac11cf-6d5f-46f7-ab95-62de3e8e6144 | ITER: 8 START
2019-07-02 18:55:52.654 5297 INFO rally.task.runner [-] Task c8ac11cf-6d5f-46f7-ab95-62de3e8e6144 | ITER: 6 END: OK
2019-07-02 18:55:52.659 5297 INFO rally.task.runner [-] Task c8ac11cf-6d5f-46f7-ab95-62de3e8e6144 | ITER: 9 START
2019-07-02 18:55:52.697 5295 INFO rally.task.runner [-] Task c8ac11cf-6d5f-46f7-ab95-62de3e8e6144 | ITER: 5 END: OK
2019-07-02 18:55:52.701 5295 INFO rally.task.runner [-] Task c8ac11cf-6d5f-46f7-ab95-62de3e8e6144 | ITER: 10 START
2019-07-02 18:55:52.701 5296 INFO rally.task.runner [-] Task c8ac11cf-6d5f-46f7-ab95-62de3e8e6144 | ITER: 7 END: OK
2019-07-02 18:55:52.763 5294 INFO rally.task.runner [-] Task c8ac11cf-6d5f-46f7-ab95-62de3e8e6144 | ITER: 8 END: OK
2019-07-02 18:55:53.618 5297 INFO rally.task.runner [-] Task c8ac11cf-6d5f-46f7-ab95-62de3e8e6144 | ITER: 9 END: OK
2019-07-02 18:55:53.746 5295 INFO rally.task.runner [-] Task c8ac11cf-6d5f-46f7-ab95-62de3e8e6144 | ITER: 10 END: OK
2019-07-02 18:55:53.768 1842 INFO rally.task.context [-] Task c8ac11cf-6d5f-46f7-ab95-62de3e8e6144 | Context admin_cleanup@openstack cleanup() started
2019-07-02 18:55:53.771 1842 RALLYDEBUG rally_openstack.cleanup.manager [-] Cleaning up cinder volume_types objects
2019-07-02 18:55:54.536 1842 RALLYDEBUG rally_openstack.cleanup.manager [-] Cleaning up cinder image_volumes_cache objects
2019-07-02 18:55:55.947 1842 RALLYDEBUG rally_openstack.cleanup.manager [-] Cleaning up cinder quotas objects
2019-07-02 18:55:57.694 1842 RALLYDEBUG rally_openstack.cleanup.manager [-] Cleaning up cinder qos_specs objects
2019-07-02 18:55:58.433 1842 RALLYDEBUG rally_openstack.cleanup.manager [-] Deleting cinder.qos_specs object s_rally_510d88ed_PuNatWxf (b5c90418-0903-4d35-b04a-7acf9d8ea6dc)
2019-07-02 18:55:58.441 1842 RALLYDEBUG rally_openstack.cleanup.manager [-] Deleting cinder.qos_specs object s_rally_510d88ed_FRPX7696 (1d706380-d511-404f-aa31-c4eb16377cb6)
2019-07-02 18:55:58.449 1842 RALLYDEBUG rally_openstack.cleanup.manager [-] Deleting cinder.qos_specs object s_rally_510d88ed_qy1Kk59z (c6d3f993-f1e3-46c8-89d2-e160aa8b9079)
2019-07-02 18:55:58.453 1842 RALLYDEBUG rally_openstack.cleanup.manager [-] Deleting cinder.qos_specs object s_rally_510d88ed_BNmwpuWJ (9d3386e3-1494-457d-98c4-5103a7a00d8c)
2019-07-02 18:55:58.465 1842 RALLYDEBUG rally_openstack.cleanup.manager [-] Deleting cinder.qos_specs object s_rally_510d88ed_tGjDaoMu (58fd9a3c-93a9-4645-9c67-84da91694cb7)
2019-07-02 18:55:58.478 1842 RALLYDEBUG rally_openstack.cleanup.manager [-] Deleting cinder.qos_specs object s_rally_510d88ed_BOiMCV5h (49407bfd-7bcd-42f2-a8c7-ed46de02e494)
2019-07-02 18:55:58.488 1842 RALLYDEBUG rally_openstack.cleanup.manager [-] Deleting cinder.qos_specs object s_rally_510d88ed_S4KwZ5Hp (f5a41ae4-0db4-41bc-8cde-ad910952ba83)
2019-07-02 18:55:58.496 1842 RALLYDEBUG rally_openstack.cleanup.manager [-] Deleting cinder.qos_specs object s_rally_510d88ed_QqfiKYjz (d8bdfe6a-866a-4290-8b9f-614a18839b63)
2019-07-02 18:55:58.509 1842 RALLYDEBUG rally_openstack.cleanup.manager [-] Deleting cinder.qos_specs object s_rally_510d88ed_ygUdsW7G (98d0db72-f9ff-4b40-92bc-ae1ba6221bf7)
2019-07-02 18:55:58.522 1842 RALLYDEBUG rally_openstack.cleanup.manager [-] Deleting cinder.qos_specs object s_rally_510d88ed_Dn0A3T6W (44250288-4f1a-4f7e-8956-7915e75795a8)
2019-07-02 18:56:00.939 1842 INFO rally.task.context [-] Task c8ac11cf-6d5f-46f7-ab95-62de3e8e6144 | Context admin_cleanup@openstack cleanup() finished in 7.17 sec
2019-07-02 18:56:00.939 1842 INFO rally.task.context [-] Task c8ac11cf-6d5f-46f7-ab95-62de3e8e6144 | Context api_versions@openstack cleanup() started
2019-07-02 18:56:00.940 1842 INFO rally.task.context [-] Task c8ac11cf-6d5f-46f7-ab95-62de3e8e6144 | Context api_versions@openstack cleanup() finished in 0.32 msec
2019-07-02 18:56:00.940 1842 INFO rally.task.context [-] Task c8ac11cf-6d5f-46f7-ab95-62de3e8e6144 | Context users@openstack cleanup() started
2019-07-02 18:56:09.786 1842 INFO rally.task.context [-] Task c8ac11cf-6d5f-46f7-ab95-62de3e8e6144 | Context users@openstack cleanup() finished in 8.85 sec
2019-07-02 18:56:11.444 1842 INFO rally.task.engine [-] Load duration is: 3.150655
2019-07-02 18:56:11.444 1842 INFO rally.task.engine [-] Full runner duration is: 3.19775
2019-07-02 18:56:11.445 1842 INFO rally.task.engine [-] Full duration is: 24.474825
2019-07-02 18:56:11.691 1842 INFO rally.task.engine [-] Running workload: position = 0 config = { "version": 2, "title": "A cropped version of a bigger task.", "description": "Auto-generated task from a single workload (uuid=ceb3a867-9fa5-4754-91cc-7f21c39c5c75)", "subtasks": [ { "title": "CinderQos.create_and_set_qos", "description": "Create a qos, then Add/Update keys in qos specs.", "scenario": { "CinderQos.create_and_set_qos": { "consumer": "back-end", "write_iops_sec": "10", "read_iops_sec": "1000", "set_consumer": "both", "set_write_iops_sec": "11", "set_read_iops_sec": "1001" } }, "contexts": { "users": { "tenants": 3, "users_per_tenant": 2 }, "api_versions": { "cinder": { "version": 3, "service_type": "volumev3" } } }, "runner": { "constant": { "concurrency": 4, "times": 10 } }, "hooks": [], "sla": { "failure_rate": { "max": 0 } } } ] }
2019-07-02 18:56:11.712 1842 RALLYDEBUG rally_openstack.contexts.keystone.users [-] Creating 3 tenants using 20 threads
2019-07-02 18:56:13.540 1842 RALLYDEBUG rally_openstack.contexts.keystone.users [-] Creating 6 users using 20 threads
2019-07-02 18:56:16.398 1842 INFO rally.task.context [-] Task c8ac11cf-6d5f-46f7-ab95-62de3e8e6144 | Context users@openstack setup() finished in 4.69 sec
2019-07-02 18:56:16.828 1842 INFO rally.task.context [-] Task c8ac11cf-6d5f-46f7-ab95-62de3e8e6144 | Context api_versions@openstack setup() finished in 0.43 sec
2019-07-02 18:56:16.829 1842 INFO rally.task.context [-] Task c8ac11cf-6d5f-46f7-ab95-62de3e8e6144 | Context admin_cleanup@openstack setup() finished in 0.01 msec
2019-07-02 18:56:16.836 1842 RALLYDEBUG rally.task.runner [-] Starting the constant runner (task UUID: c8ac11cf-6d5f-46f7-ab95-62de3e8e6144). timeout: 0 concurrency: 4 concurrency_per_worker: 1 times: 10 concurrency_overhead: 0 processes_to_start: 4 max_cpu_used: 16
2019-07-02 18:56:16.849 5478 RALLYDEBUG rally.task.runner [-] Starting a worker. concurrency: 1 args: {"consumer": "back-end", "write_iops_sec": "10", "read_iops_sec": "1000", "set_consumer": "both", "set_write_iops_sec": "11", "set_read_iops_sec": "1001"} times: 10 method_name: run timeout: 0 duration: None cls:
2019-07-02 18:56:16.852 5479 RALLYDEBUG rally.task.runner [-] Starting a worker. concurrency: 1 args: {"consumer": "back-end", "write_iops_sec": "10", "read_iops_sec": "1000", "set_consumer": "both", "set_write_iops_sec": "11", "set_read_iops_sec": "1001"} times: 10 method_name: run timeout: 0 duration: None cls:
2019-07-02 18:56:16.855 5480 RALLYDEBUG rally.task.runner [-] Starting a worker. concurrency: 1 args: {"consumer": "back-end", "write_iops_sec": "10", "read_iops_sec": "1000", "set_consumer": "both", "set_write_iops_sec": "11", "set_read_iops_sec": "1001"} times: 10 method_name: run timeout: 0 duration: None cls:
2019-07-02 18:56:16.857 5478 INFO rally.task.runner [-] Task c8ac11cf-6d5f-46f7-ab95-62de3e8e6144 | ITER: 1 START
2019-07-02 18:56:16.858 5481 RALLYDEBUG rally.task.runner [-] Starting a worker. concurrency: 1 args: {"consumer": "back-end", "write_iops_sec": "10", "read_iops_sec": "1000", "set_consumer": "both", "set_write_iops_sec": "11", "set_read_iops_sec": "1001"} times: 10 method_name: run timeout: 0 duration: None cls:
2019-07-02 18:56:16.859 5479 INFO rally.task.runner [-] Task c8ac11cf-6d5f-46f7-ab95-62de3e8e6144 | ITER: 2 START
2019-07-02 18:56:16.862 5480 INFO rally.task.runner [-] Task c8ac11cf-6d5f-46f7-ab95-62de3e8e6144 | ITER: 3 START
2019-07-02 18:56:16.865 5481 INFO rally.task.runner [-] Task c8ac11cf-6d5f-46f7-ab95-62de3e8e6144 | ITER: 4 START
2019-07-02 18:56:17.942 5479 INFO rally.task.runner [-] Task c8ac11cf-6d5f-46f7-ab95-62de3e8e6144 | ITER: 2 END: OK
2019-07-02 18:56:17.948 5479 INFO rally.task.runner [-] Task c8ac11cf-6d5f-46f7-ab95-62de3e8e6144 | ITER: 5 START
2019-07-02 18:56:17.961 5480 INFO rally.task.runner [-] Task c8ac11cf-6d5f-46f7-ab95-62de3e8e6144 | ITER: 3 END: OK
2019-07-02 18:56:17.966 5480 INFO rally.task.runner [-] Task c8ac11cf-6d5f-46f7-ab95-62de3e8e6144 | ITER: 6 START
2019-07-02 18:56:17.974 5481 INFO rally.task.runner [-] Task c8ac11cf-6d5f-46f7-ab95-62de3e8e6144 | ITER: 4 END: OK
2019-07-02 18:56:17.979 5481 INFO rally.task.runner [-] Task c8ac11cf-6d5f-46f7-ab95-62de3e8e6144 | ITER: 7 START
2019-07-02 18:56:17.990 5478 INFO rally.task.runner [-] Task c8ac11cf-6d5f-46f7-ab95-62de3e8e6144 | ITER: 1 END: OK
2019-07-02 18:56:17.995 5478 INFO rally.task.runner [-] Task c8ac11cf-6d5f-46f7-ab95-62de3e8e6144 | ITER: 8 START
2019-07-02 18:56:19.014 5480 INFO rally.task.runner [-] Task c8ac11cf-6d5f-46f7-ab95-62de3e8e6144 | ITER: 6 END: OK
2019-07-02 18:56:19.018 5480 INFO rally.task.runner [-] Task c8ac11cf-6d5f-46f7-ab95-62de3e8e6144 | ITER: 9 START
2019-07-02 18:56:19.079 5478 INFO rally.task.runner [-] Task c8ac11cf-6d5f-46f7-ab95-62de3e8e6144 | ITER: 8 END: OK
2019-07-02 18:56:19.084 5478 INFO rally.task.runner [-] Task c8ac11cf-6d5f-46f7-ab95-62de3e8e6144 | ITER: 10 START
2019-07-02 18:56:19.104 5479 INFO rally.task.runner [-] Task c8ac11cf-6d5f-46f7-ab95-62de3e8e6144 | ITER: 5 END: OK
2019-07-02 18:56:19.176 5481 INFO rally.task.runner [-] Task c8ac11cf-6d5f-46f7-ab95-62de3e8e6144 | ITER: 7 END: OK
2019-07-02 18:56:20.002 5480 INFO rally.task.runner [-] Task c8ac11cf-6d5f-46f7-ab95-62de3e8e6144 | ITER: 9 END: OK
2019-07-02 18:56:20.062 5478 INFO rally.task.runner [-] Task c8ac11cf-6d5f-46f7-ab95-62de3e8e6144 | ITER: 10 END: OK
2019-07-02 18:56:20.087 1842 INFO rally.task.context [-] Task c8ac11cf-6d5f-46f7-ab95-62de3e8e6144 | Context admin_cleanup@openstack cleanup() started
2019-07-02 18:56:20.089 1842 RALLYDEBUG rally_openstack.cleanup.manager [-] Cleaning up cinder volume_types objects
2019-07-02 18:56:20.874 1842 RALLYDEBUG rally_openstack.cleanup.manager [-] Cleaning up cinder image_volumes_cache objects
2019-07-02 18:56:22.275 1842 RALLYDEBUG rally_openstack.cleanup.manager [-] Cleaning up cinder quotas objects
2019-07-02 18:56:24.184 1842 RALLYDEBUG rally_openstack.cleanup.manager [-] Cleaning up cinder qos_specs objects
2019-07-02 18:56:25.041 1842 RALLYDEBUG rally_openstack.cleanup.manager [-] Deleting cinder.qos_specs object s_rally_ceb3a867_BcokxCND (bf950f31-1185-4c26-99a6-a2517147a1dc)
2019-07-02 18:56:25.049 1842 RALLYDEBUG rally_openstack.cleanup.manager [-] Deleting cinder.qos_specs object s_rally_ceb3a867_CJT4S3Sq (2c50009d-4189-4f57-a139-227bbd8f8fef)
2019-07-02 18:56:25.058 1842 RALLYDEBUG rally_openstack.cleanup.manager [-] Deleting cinder.qos_specs object s_rally_ceb3a867_9dvNvVxa (dea6596e-e503-4237-8847-4e22b5f3ef33)
