2019-07-02 18:23:21.578 7 RALLYDEBUG rally.api [-] INFO logs from urllib3 and requests module are hide.
2019-07-02 18:23:21.578 7 RALLYDEBUG rally.api [-] urllib3 insecure warnings are hidden.
2019-07-02 18:23:21.578 7 RALLYDEBUG rally.api [-] ERROR log from boto module is hide.
2019-07-02 18:23:22.769 7 ERROR rally.cli.cliutils [-] Unexpected exception in CLI: DBRecordNotFound: Record for uuid or name is opnfv-rally not found in table envs
2019-07-02 18:23:22.769 7 ERROR rally.cli.cliutils
Traceback (most recent call last):
2019-07-02 18:23:22.769 7 ERROR rally.cli.cliutils
File "/usr/lib/python2.7/site-packages/rally/cli/cliutils.py", line 674, in run
2019-07-02 18:23:22.769 7 ERROR rally.cli.cliutils ret = fn(*fn_args, **fn_kwargs)
2019-07-02 18:23:22.769 7 ERROR rally.cli.cliutils File "", line 2, in destroy
2019-07-02 18:23:22.769 7 ERROR rally.cli.cliutils
File "/usr/lib/python2.7/site-packages/rally/cli/envutils.py", line 69, in default_from_global
2019-07-02 18:23:22.769 7 ERROR rally.cli.cliutils return f(*args, **kwargs)
2019-07-02 18:23:22.769 7 ERROR rally.cli.cliutils File "", line 2, in destroy
2019-07-02 18:23:22.769 7 ERROR rally.cli.cliutils
File "/usr/lib/python2.7/site-packages/rally/plugins/__init__.py", line 51, in ensure_plugins_are_loaded
2019-07-02 18:23:22.769 7 ERROR rally.cli.cliutils return f(*args, **kwargs)
2019-07-02 18:23:22.769 7 ERROR rally.cli.cliutils
File "/usr/lib/python2.7/site-packages/rally/cli/commands/deployment.py", line 140, in destroy
2019-07-02 18:23:22.769 7 ERROR rally.cli.cliutils api.deployment.destroy(deployment=deployment)
2019-07-02 18:23:22.769 7 ERROR rally.cli.cliutils
File "/usr/lib/python2.7/site-packages/rally/api.py", line 115, in destroy
2019-07-02 18:23:22.769 7 ERROR rally.cli.cliutils deploy = objects.Deployment.get(deployment)
2019-07-02 18:23:22.769 7 ERROR rally.cli.cliutils
File "/usr/lib/python2.7/site-packages/rally/common/objects/deploy.py", line 124, in get
2019-07-02 18:23:22.769 7 ERROR rally.cli.cliutils return Deployment(env_mgr.EnvManager.get(deploy))
2019-07-02 18:23:22.769 7 ERROR rally.cli.cliutils
File "/usr/lib/python2.7/site-packages/rally/env/env_mgr.py", line 212, in get
2019-07-02 18:23:22.769 7 ERROR rally.cli.cliutils return cls(db.env_get(uuid_or_name))
2019-07-02 18:23:22.769 7 ERROR rally.cli.cliutils
File "/usr/lib/python2.7/site-packages/rally/common/db/api.py", line 135, in wrapper
2019-07-02 18:23:22.769 7 ERROR rally.cli.cliutils result = f(session, *args, **kwargs)
2019-07-02 18:23:22.769 7 ERROR rally.cli.cliutils
File "/usr/lib/python2.7/site-packages/rally/common/db/api.py", line 521, in env_get
2019-07-02 18:23:22.769 7 ERROR rally.cli.cliutils criteria="uuid or name is %s" % uuid_or_name, table="envs")
2019-07-02 18:23:22.769 7 ERROR rally.cli.cliutils DBRecordNotFound: Record for uuid or name is opnfv-rally not found in table envs
2019-07-02 18:23:22.769 7 ERROR rally.cli.cliutils
2019-07-02 18:23:23.514 9 RALLYDEBUG rally.api [-] INFO logs from urllib3 and requests module are hide.
2019-07-02 18:23:23.515 9 RALLYDEBUG rally.api [-] urllib3 insecure warnings are hidden.
2019-07-02 18:23:23.515 9 RALLYDEBUG rally.api [-] ERROR log from boto module is hide.
2019-07-02 18:23:24.845 9 WARNING rally_openstack.platforms.existing [-] endpoint is deprecated and not used.
2019-07-02 18:23:25.924 11 RALLYDEBUG rally.api [-] INFO logs from urllib3 and requests module are hide.
2019-07-02 18:23:25.925 11 RALLYDEBUG rally.api [-] urllib3 insecure warnings are hidden.
2019-07-02 18:23:25.925 11 RALLYDEBUG rally.api [-] ERROR log from boto module is hide.
2019-07-02 18:23:29.434 14 RALLYDEBUG rally.api [-] INFO logs from urllib3 and requests module are hide.
2019-07-02 18:23:29.435 14 RALLYDEBUG rally.api [-] urllib3 insecure warnings are hidden.
2019-07-02 18:23:29.435 14 RALLYDEBUG rally.api [-] ERROR log from boto module is hide.
2019-07-02 18:23:31.192 16 RALLYDEBUG rally.api [-] INFO logs from urllib3 and requests module are hide.
2019-07-02 18:23:31.192 16 RALLYDEBUG rally.api [-] urllib3 insecure warnings are hidden.
2019-07-02 18:23:31.192 16 RALLYDEBUG rally.api [-] ERROR log from boto module is hide.
2019-07-02 18:23:32.520 16 INFO rally.task.engine [-] Task 248fd65a-935f-4a52-9fcc-cf41c310c396 | Starting: Task validation.
2019-07-02 18:23:32.557 16 INFO rally.task.engine [-] Task 248fd65a-935f-4a52-9fcc-cf41c310c396 | Starting: Task validation of syntax.
2019-07-02 18:23:32.636 16 INFO rally.task.engine [-] Task 248fd65a-935f-4a52-9fcc-cf41c310c396 | Completed: Task validation of syntax.
2019-07-02 18:23:32.637 16 INFO rally.task.engine [-] Task 248fd65a-935f-4a52-9fcc-cf41c310c396 | Starting: Task validation of required platforms.
2019-07-02 18:23:32.672 16 INFO rally.task.engine [-] Task 248fd65a-935f-4a52-9fcc-cf41c310c396 | Completed: Task validation of required platforms.
2019-07-02 18:23:32.672 16 INFO rally.task.engine [-] Task 248fd65a-935f-4a52-9fcc-cf41c310c396 | Starting: Task validation of semantic.
2019-07-02 18:23:32.672 16 INFO rally.task.engine [-] Check health of the environment '8c511ba3-5a3d-4ad5-8250-74af692c25db'.
2019-07-02 18:23:33.513 16 INFO rally.task.engine [-] Platform existing@openstack (available: True): OK!
2019-07-02 18:23:33.531 16 RALLYDEBUG rally_openstack.contexts.keystone.users [-] Creating 1 tenants using 20 threads
2019-07-02 18:23:35.459 16 RALLYDEBUG rally_openstack.contexts.keystone.users [-] Creating 1 users using 20 threads
2019-07-02 18:23:38.247 16 INFO rally.task.context [-] Task 248fd65a-935f-4a52-9fcc-cf41c310c396 | Context users@openstack setup() finished in 4.72 sec
2019-07-02 18:23:38.293 16 INFO rally.task.context [-] Task 248fd65a-935f-4a52-9fcc-cf41c310c396 | Context users@openstack cleanup() started
2019-07-02 18:23:44.334 16 INFO rally.task.context [-] Task 248fd65a-935f-4a52-9fcc-cf41c310c396 | Context users@openstack cleanup() finished in 6.04 sec
2019-07-02 18:23:44.334 16 INFO rally.task.engine [-] Task 248fd65a-935f-4a52-9fcc-cf41c310c396 | Completed: Task validation of semantic.
2019-07-02 18:23:44.335 16 INFO rally.task.engine [-] Task 248fd65a-935f-4a52-9fcc-cf41c310c396 | Completed: Task validation.
2019-07-02 18:23:44.335 16 INFO rally.api [-] Task 248fd65a-935f-4a52-9fcc-cf41c310c396 input file is valid.
2019-07-02 18:23:44.336 16 INFO rally.api [-] Run Task 248fd65a-935f-4a52-9fcc-cf41c310c396 against Deployment 8c511ba3-5a3d-4ad5-8250-74af692c25db
2019-07-02 18:23:44.336 16 INFO rally.task.engine [-] Task 248fd65a-935f-4a52-9fcc-cf41c310c396 | Starting: Running task.
2019-07-02 18:23:44.456 16 INFO rally.task.engine [-] Running workload: position = 0 config = { "version": 2, "title": "A cropped version of a bigger task.", "description": "Auto-generated task from a single workload (uuid=d66313a5-5afe-4841-b5b9-74d66b4254ee)", "subtasks": [ { "title": "Authenticate.keystone", "description": "Check Keystone Client.", "scenario": { "Authenticate.keystone": {} }, "contexts": { "users": { "tenants": 3, "users_per_tenant": 2 } }, "runner": { "constant": { "concurrency": 4, "times": 10 } }, "hooks": [], "sla": { "failure_rate": { "max": 0 } } } ] }
2019-07-02 18:23:44.477 16 RALLYDEBUG rally_openstack.contexts.keystone.users [-] Creating 3 tenants using 20 threads
2019-07-02 18:23:46.358 16 RALLYDEBUG rally_openstack.contexts.keystone.users [-] Creating 6 users using 20 threads
2019-07-02 18:23:49.282 16 INFO rally.task.context [-] Task 248fd65a-935f-4a52-9fcc-cf41c310c396 | Context users@openstack setup() finished in 4.80 sec
2019-07-02 18:23:49.290 16 RALLYDEBUG rally.task.runner [-] Starting the constant runner (task UUID: 248fd65a-935f-4a52-9fcc-cf41c310c396). timeout: 0 concurrency: 4 concurrency_per_worker: 1 times: 10 concurrency_overhead: 0 processes_to_start: 4 max_cpu_used: 16
2019-07-02 18:23:49.305 140 RALLYDEBUG rally.task.runner [-] Starting a worker. concurrency: 1 args: {} times: 10 method_name: run timeout: 0 duration: None cls:
2019-07-02 18:23:49.307 141 RALLYDEBUG rally.task.runner [-] Starting a worker. concurrency: 1 args: {} times: 10 method_name: run timeout: 0 duration: None cls:
2019-07-02 18:23:49.310 142 RALLYDEBUG rally.task.runner [-] Starting a worker. concurrency: 1 args: {} times: 10 method_name: run timeout: 0 duration: None cls:
2019-07-02 18:23:49.311 140 INFO rally.task.runner [-] Task 248fd65a-935f-4a52-9fcc-cf41c310c396 | ITER: 1 START
2019-07-02 18:23:49.313 141 INFO rally.task.runner [-] Task 248fd65a-935f-4a52-9fcc-cf41c310c396 | ITER: 2 START
2019-07-02 18:23:49.313 143 RALLYDEBUG rally.task.runner [-] Starting a worker. concurrency: 1 args: {} times: 10 method_name: run timeout: 0 duration: None cls:
2019-07-02 18:23:49.316 142 INFO rally.task.runner [-] Task 248fd65a-935f-4a52-9fcc-cf41c310c396 | ITER: 3 START
2019-07-02 18:23:49.318 143 INFO rally.task.runner [-] Task 248fd65a-935f-4a52-9fcc-cf41c310c396 | ITER: 4 START
2019-07-02 18:23:49.905 140 INFO rally.task.runner [-] Task 248fd65a-935f-4a52-9fcc-cf41c310c396 | ITER: 1 END: OK
2019-07-02 18:23:49.910 140 INFO rally.task.runner [-] Task 248fd65a-935f-4a52-9fcc-cf41c310c396 | ITER: 5 START
2019-07-02 18:23:49.913 142 INFO rally.task.runner [-] Task 248fd65a-935f-4a52-9fcc-cf41c310c396 | ITER: 3 END: OK
2019-07-02 18:23:49.917 142 INFO rally.task.runner [-] Task 248fd65a-935f-4a52-9fcc-cf41c310c396 | ITER: 6 START
2019-07-02 18:23:49.922 141 INFO rally.task.runner [-] Task 248fd65a-935f-4a52-9fcc-cf41c310c396 | ITER: 2 END: OK
2019-07-02 18:23:49.926 141 INFO rally.task.runner [-] Task 248fd65a-935f-4a52-9fcc-cf41c310c396 | ITER: 7 START
2019-07-02 18:23:49.930 143 INFO rally.task.runner [-] Task 248fd65a-935f-4a52-9fcc-cf41c310c396 | ITER: 4 END: OK
2019-07-02 18:23:49.934 143 INFO rally.task.runner [-] Task 248fd65a-935f-4a52-9fcc-cf41c310c396 | ITER: 8 START
2019-07-02 18:23:50.522 142 INFO rally.task.runner [-] Task 248fd65a-935f-4a52-9fcc-cf41c310c396 | ITER: 6 END: OK
2019-07-02 18:23:50.526 142 INFO rally.task.runner [-] Task 248fd65a-935f-4a52-9fcc-cf41c310c396 | ITER: 9 START
2019-07-02 18:23:50.528 140 INFO rally.task.runner [-] Task 248fd65a-935f-4a52-9fcc-cf41c310c396 | ITER: 5 END: OK
2019-07-02 18:23:50.531 140 INFO rally.task.runner [-] Task 248fd65a-935f-4a52-9fcc-cf41c310c396 | ITER: 10 START
2019-07-02 18:23:50.532 143 INFO rally.task.runner [-] Task 248fd65a-935f-4a52-9fcc-cf41c310c396 | ITER: 8 END: OK
2019-07-02 18:23:50.557 141 INFO rally.task.runner [-] Task 248fd65a-935f-4a52-9fcc-cf41c310c396 | ITER: 7 END: OK
2019-07-02 18:23:51.112 140 INFO rally.task.runner [-] Task 248fd65a-935f-4a52-9fcc-cf41c310c396 | ITER: 10 END: OK
2019-07-02 18:23:51.135 142 INFO rally.task.runner [-] Task 248fd65a-935f-4a52-9fcc-cf41c310c396 | ITER: 9 END: OK
2019-07-02 18:23:51.162 16 INFO rally.task.context [-] Task 248fd65a-935f-4a52-9fcc-cf41c310c396 | Context users@openstack cleanup() started
2019-07-02 18:24:00.699 16 INFO rally.task.context [-] Task 248fd65a-935f-4a52-9fcc-cf41c310c396 | Context users@openstack cleanup() finished in 9.54 sec
2019-07-02 18:24:02.558 16 INFO rally.task.engine [-] Load duration is: 1.822119
2019-07-02 18:24:02.559 16 INFO rally.task.engine [-] Full runner duration is: 1.87285
2019-07-02 18:24:02.559 16 INFO rally.task.engine [-] Full duration is: 16.223958
2019-07-02 18:24:02.785 16 INFO rally.task.engine [-] Running workload: position = 0 config = { "version": 2, "title": "A cropped version of a bigger task.", "description": "Auto-generated task from a single workload (uuid=94173dc5-b64e-40f6-a380-67d7ac643b9e)", "subtasks": [ { "title": "Authenticate.validate_cinder", "description": "Check Cinder Client to ensure validation of token.", "scenario": { "Authenticate.validate_cinder": { "repetitions": 2 } }, "contexts": { "users": { "tenants": 3, "users_per_tenant": 2 } }, "runner": { "constant": { "concurrency": 4, "times": 10 } }, "hooks": [], "sla": { "failure_rate": { "max": 0 } } } ] }
2019-07-02 18:24:02.806 16 RALLYDEBUG rally_openstack.contexts.keystone.users [-] Creating 3 tenants using 20 threads
2019-07-02 18:24:04.729 16 RALLYDEBUG rally_openstack.contexts.keystone.users [-] Creating 6 users using 20 threads
2019-07-02 18:24:07.599 16 INFO rally.task.context [-] Task 248fd65a-935f-4a52-9fcc-cf41c310c396 | Context users@openstack setup() finished in 4.79 sec
2019-07-02 18:24:07.606 16 RALLYDEBUG rally.task.runner [-] Starting the constant runner (task UUID: 248fd65a-935f-4a52-9fcc-cf41c310c396). timeout: 0 concurrency: 4 concurrency_per_worker: 1 times: 10 concurrency_overhead: 0 processes_to_start: 4 max_cpu_used: 16
2019-07-02 18:24:07.618 244 RALLYDEBUG rally.task.runner [-] Starting a worker. concurrency: 1 args: {"repetitions": 2} times: 10 method_name: run timeout: 0 duration: None cls:
2019-07-02 18:24:07.621 245 RALLYDEBUG rally.task.runner [-] Starting a worker. concurrency: 1 args: {"repetitions": 2} times: 10 method_name: run timeout: 0 duration: None cls:
2019-07-02 18:24:07.624 244 INFO rally.task.runner [-] Task 248fd65a-935f-4a52-9fcc-cf41c310c396 | ITER: 1 START
2019-07-02 18:24:07.624 246 RALLYDEBUG rally.task.runner [-] Starting a worker. concurrency: 1 args: {"repetitions": 2} times: 10 method_name: run timeout: 0 duration: None cls:
2019-07-02 18:24:07.626 245 INFO rally.task.runner [-] Task 248fd65a-935f-4a52-9fcc-cf41c310c396 | ITER: 2 START
2019-07-02 18:24:07.627 247 RALLYDEBUG rally.task.runner [-] Starting a worker. concurrency: 1 args: {"repetitions": 2} times: 10 method_name: run timeout: 0 duration: None cls:
2019-07-02 18:24:07.630 246 INFO rally.task.runner [-] Task 248fd65a-935f-4a52-9fcc-cf41c310c396 | ITER: 3 START
2019-07-02 18:24:07.633 247 INFO rally.task.runner [-] Task 248fd65a-935f-4a52-9fcc-cf41c310c396 | ITER: 4 START
2019-07-02 18:24:09.540 247 INFO rally.task.runner [-] Task 248fd65a-935f-4a52-9fcc-cf41c310c396 | ITER: 4 END: OK
2019-07-02 18:24:09.545 247 INFO rally.task.runner [-] Task 248fd65a-935f-4a52-9fcc-cf41c310c396 | ITER: 5 START
2019-07-02 18:24:09.546 244 INFO rally.task.runner [-] Task 248fd65a-935f-4a52-9fcc-cf41c310c396 | ITER: 1 END: OK
2019-07-02 18:24:09.546 245 INFO rally.task.runner [-] Task 248fd65a-935f-4a52-9fcc-cf41c310c396 | ITER: 2 END: OK
2019-07-02 18:24:09.550 244 INFO rally.task.runner [-] Task 248fd65a-935f-4a52-9fcc-cf41c310c396 | ITER: 7 START
2019-07-02 18:24:09.550 245 INFO rally.task.runner [-] Task 248fd65a-935f-4a52-9fcc-cf41c310c396 | ITER: 6 START
2019-07-02 18:24:09.638 246 INFO rally.task.runner [-] Task 248fd65a-935f-4a52-9fcc-cf41c310c396 | ITER: 3 END: OK
2019-07-02 18:24:09.642 246 INFO rally.task.runner [-] Task 248fd65a-935f-4a52-9fcc-cf41c310c396 | ITER: 8 START
2019-07-02 18:24:11.346 247 INFO rally.task.runner [-] Task 248fd65a-935f-4a52-9fcc-cf41c310c396 | ITER: 5 END: OK
2019-07-02 18:24:11.350 247 INFO rally.task.runner [-] Task 248fd65a-935f-4a52-9fcc-cf41c310c396 | ITER: 9 START
2019-07-02 18:24:11.360 244 INFO rally.task.runner [-] Task 248fd65a-935f-4a52-9fcc-cf41c310c396 | ITER: 7 END: OK
2019-07-02 18:24:11.365 244 INFO rally.task.runner [-] Task 248fd65a-935f-4a52-9fcc-cf41c310c396 | ITER: 10 START
2019-07-02 18:24:11.382 245 INFO rally.task.runner [-] Task 248fd65a-935f-4a52-9fcc-cf41c310c396 | ITER: 6 END: OK
2019-07-02 18:24:11.718 246 INFO rally.task.runner [-] Task 248fd65a-935f-4a52-9fcc-cf41c310c396 | ITER: 8 END: OK
2019-07-02 18:24:12.647 247 INFO rally.task.runner [-] Task 248fd65a-935f-4a52-9fcc-cf41c310c396 | ITER: 9 END: OK
2019-07-02 18:24:13.266 244 INFO rally.task.runner [-] Task 248fd65a-935f-4a52-9fcc-cf41c310c396 | ITER: 10 END: OK
2019-07-02 18:24:13.292 16 INFO rally.task.context [-] Task 248fd65a-935f-4a52-9fcc-cf41c310c396 | Context users@openstack cleanup() started
2019-07-02 18:24:21.860 16 INFO rally.task.context [-] Task 248fd65a-935f-4a52-9fcc-cf41c310c396 | Context users@openstack cleanup() finished in 8.57 sec
2019-07-02 18:24:22.914 16 INFO rally.task.engine [-] Load duration is: 5.639822
2019-07-02 18:24:22.915 16 INFO rally.task.engine [-] Full runner duration is: 5.686679
2019-07-02 18:24:22.915 16 INFO rally.task.engine [-] Full duration is: 19.05556
2019-07-02 18:24:23.162 16 INFO rally.task.engine [-] Running workload: position = 0 config = { "version": 2, "title": "A cropped version of a bigger task.", "description": "Auto-generated task from a single workload (uuid=7014b79e-aa14-463f-81cb-ed08d04a04c6)", "subtasks": [ { "title": "Authenticate.validate_glance", "description": "Check Glance Client to ensure validation of token.", "scenario": { "Authenticate.validate_glance": { "repetitions": 2 } }, "contexts": { "users": { "tenants": 3, "users_per_tenant": 2 } }, "runner": { "constant": { "concurrency": 4, "times": 10 } }, "hooks": [], "sla": { "failure_rate": { "max": 0 } } } ] }
2019-07-02 18:24:23.185 16 RALLYDEBUG rally_openstack.contexts.keystone.users [-] Creating 3 tenants using 20 threads
2019-07-02 18:24:25.044 16 RALLYDEBUG rally_openstack.contexts.keystone.users [-] Creating 6 users using 20 threads
2019-07-02 18:24:27.909 16 INFO rally.task.context [-] Task 248fd65a-935f-4a52-9fcc-cf41c310c396 | Context users@openstack setup() finished in 4.72 sec
2019-07-02 18:24:27.917 16 RALLYDEBUG rally.task.runner [-] Starting the constant runner (task UUID: 248fd65a-935f-4a52-9fcc-cf41c310c396). timeout: 0 concurrency: 4 concurrency_per_worker: 1 times: 10 concurrency_overhead: 0 processes_to_start: 4 max_cpu_used: 16
2019-07-02 18:24:27.929 348 RALLYDEBUG rally.task.runner [-] Starting a worker. concurrency: 1 args: {"repetitions": 2} times: 10 method_name: run timeout: 0 duration: None cls:
2019-07-02 18:24:27.932 349 RALLYDEBUG rally.task.runner [-] Starting a worker. concurrency: 1 args: {"repetitions": 2} times: 10 method_name: run timeout: 0 duration: None cls:
2019-07-02 18:24:27.935 348 INFO rally.task.runner [-] Task 248fd65a-935f-4a52-9fcc-cf41c310c396 | ITER: 1 START
2019-07-02 18:24:27.935 350 RALLYDEBUG rally.task.runner [-] Starting a worker. concurrency: 1 args: {"repetitions": 2} times: 10 method_name: run timeout: 0 duration: None cls:
2019-07-02 18:24:27.937 349 INFO rally.task.runner [-] Task 248fd65a-935f-4a52-9fcc-cf41c310c396 | ITER: 2 START
2019-07-02 18:24:27.937 351 RALLYDEBUG rally.task.runner [-] Starting a worker. concurrency: 1 args: {"repetitions": 2} times: 10 method_name: run timeout: 0 duration: None cls:
2019-07-02 18:24:27.943 351 INFO rally.task.runner [-] Task 248fd65a-935f-4a52-9fcc-cf41c310c396 | ITER: 4 START
2019-07-02 18:24:27.943 350 INFO rally.task.runner [-] Task 248fd65a-935f-4a52-9fcc-cf41c310c396 | ITER: 3 START
2019-07-02 18:24:29.030 351 INFO rally.task.runner [-] Task 248fd65a-935f-4a52-9fcc-cf41c310c396 | ITER: 4 END: OK
2019-07-02 18:24:29.034 351 INFO rally.task.runner [-] Task 248fd65a-935f-4a52-9fcc-cf41c310c396 | ITER: 5 START
2019-07-02 18:24:29.409 349 INFO rally.task.runner [-] Task 248fd65a-935f-4a52-9fcc-cf41c310c396 | ITER: 2 END: OK
2019-07-02 18:24:29.413 349 INFO rally.task.runner [-] Task 248fd65a-935f-4a52-9fcc-cf41c310c396 | ITER: 6 START
2019-07-02 18:24:29.450 350 INFO rally.task.runner [-] Task 248fd65a-935f-4a52-9fcc-cf41c310c396 | ITER: 3 END: OK
2019-07-02 18:24:29.454 350 INFO rally.task.runner [-] Task 248fd65a-935f-4a52-9fcc-cf41c310c396 | ITER: 7 START
2019-07-02 18:24:29.714 348 INFO rally.task.runner [-] Task 248fd65a-935f-4a52-9fcc-cf41c310c396 | ITER: 1 END: OK
2019-07-02 18:24:29.719 348 INFO rally.task.runner [-] Task 248fd65a-935f-4a52-9fcc-cf41c310c396 | ITER: 8 START
2019-07-02 18:24:30.513 349 INFO rally.task.runner [-] Task 248fd65a-935f-4a52-9fcc-cf41c310c396 | ITER: 6 END: OK
2019-07-02 18:24:30.517 349 INFO rally.task.runner [-] Task 248fd65a-935f-4a52-9fcc-cf41c310c396 | ITER: 9 START
2019-07-02 18:24:30.647 350 INFO rally.task.runner [-] Task 248fd65a-935f-4a52-9fcc-cf41c310c396 | ITER: 7 END: OK
2019-07-02 18:24:30.652 350 INFO rally.task.runner [-] Task 248fd65a-935f-4a52-9fcc-cf41c310c396 | ITER: 10 START
2019-07-02 18:24:30.735 348 INFO rally.task.runner [-] Task 248fd65a-935f-4a52-9fcc-cf41c310c396 | ITER: 8 END: OK
2019-07-02 18:24:31.178 351 INFO rally.task.runner [-] Task 248fd65a-935f-4a52-9fcc-cf41c310c396 | ITER: 5 END: OK
2019-07-02 18:24:31.926 349 INFO rally.task.runner [-] Task 248fd65a-935f-4a52-9fcc-cf41c310c396 | ITER: 9 END: OK
2019-07-02 18:24:32.463 350 INFO rally.task.runner [-] Task 248fd65a-935f-4a52-9fcc-cf41c310c396 | ITER: 10 END: OK
2019-07-02 18:24:32.493 16 INFO rally.task.context [-] Task 248fd65a-935f-4a52-9fcc-cf41c310c396 | Context users@openstack cleanup() started
2019-07-02 18:24:40.926 16 INFO rally.task.context [-] Task 248fd65a-935f-4a52-9fcc-cf41c310c396 | Context users@openstack cleanup() finished in 8.43 sec
2019-07-02 18:24:41.272 16 INFO rally.task.engine [-] Load duration is: 4.5265
2019-07-02 18:24:41.273 16 INFO rally.task.engine [-] Full runner duration is: 4.576664
2019-07-02 18:24:41.273 16 INFO rally.task.engine [-] Full duration is: 17.74248
2019-07-02 18:24:41.488 16 INFO rally.task.engine [-] Running workload: position = 0 config = { "version": 2, "title": "A cropped version of a bigger task.", "description": "Auto-generated task from a single workload (uuid=4155dc57-e527-4af0-91c8-0692a7c144f3)", "subtasks": [ { "title": "Authenticate.validate_heat", "description": "Check Heat Client to ensure validation of token.", "scenario": { "Authenticate.validate_heat": { "repetitions": 2 } }, "contexts": { "users": { "tenants": 3, "users_per_tenant": 2 } }, "runner": { "constant": { "concurrency": 4, "times": 10 } }, "hooks": [], "sla": { "failure_rate": { "max": 0 } } } ] }
2019-07-02 18:24:41.503 16 RALLYDEBUG rally_openstack.contexts.keystone.users [-] Creating 3 tenants using 20 threads
2019-07-02 18:24:43.399 16 RALLYDEBUG rally_openstack.contexts.keystone.users [-] Creating 6 users using 20 threads
2019-07-02 18:24:46.178 16 INFO rally.task.context [-] Task 248fd65a-935f-4a52-9fcc-cf41c310c396 | Context users@openstack setup() finished in 4.68 sec
2019-07-02 18:24:46.186 16 RALLYDEBUG rally.task.runner [-] Starting the constant runner (task UUID: 248fd65a-935f-4a52-9fcc-cf41c310c396). timeout: 0 concurrency: 4 concurrency_per_worker: 1 times: 10 concurrency_overhead: 0 processes_to_start: 4 max_cpu_used: 16
2019-07-02 18:24:46.199 452 RALLYDEBUG rally.task.runner [-] Starting a worker. concurrency: 1 args: {"repetitions": 2} times: 10 method_name: run timeout: 0 duration: None cls:
2019-07-02 18:24:46.200 453 RALLYDEBUG rally.task.runner [-] Starting a worker. concurrency: 1 args: {"repetitions": 2} times: 10 method_name: run timeout: 0 duration: None cls:
2019-07-02 18:24:46.204 454 RALLYDEBUG rally.task.runner [-] Starting a worker. concurrency: 1 args: {"repetitions": 2} times: 10 method_name: run timeout: 0 duration: None cls:
2019-07-02 18:24:46.205 452 INFO rally.task.runner [-] Task 248fd65a-935f-4a52-9fcc-cf41c310c396 | ITER: 1 START
2019-07-02 18:24:46.206 453 INFO rally.task.runner [-] Task 248fd65a-935f-4a52-9fcc-cf41c310c396 | ITER: 2 START
2019-07-02 18:24:46.207 455 RALLYDEBUG rally.task.runner [-] Starting a worker. concurrency: 1 args: {"repetitions": 2} times: 10 method_name: run timeout: 0 duration: None cls:
2019-07-02 18:24:46.210 454 INFO rally.task.runner [-] Task 248fd65a-935f-4a52-9fcc-cf41c310c396 | ITER: 3 START
2019-07-02 18:24:46.213 455 INFO rally.task.runner [-] Task 248fd65a-935f-4a52-9fcc-cf41c310c396 | ITER: 4 START
2019-07-02 18:24:48.124 454 INFO rally.task.runner [-] Task 248fd65a-935f-4a52-9fcc-cf41c310c396 | ITER: 3 END: OK
2019-07-02 18:24:48.128 454 INFO rally.task.runner [-] Task 248fd65a-935f-4a52-9fcc-cf41c310c396 | ITER: 5 START
2019-07-02 18:24:48.132 453 INFO rally.task.runner [-] Task 248fd65a-935f-4a52-9fcc-cf41c310c396 | ITER: 2 END: OK
2019-07-02 18:24:48.136 453 INFO rally.task.runner [-] Task 248fd65a-935f-4a52-9fcc-cf41c310c396 | ITER: 6 START
2019-07-02 18:24:48.189 452 INFO rally.task.runner [-] Task 248fd65a-935f-4a52-9fcc-cf41c310c396 | ITER: 1 END: OK
2019-07-02 18:24:48.192 452 INFO rally.task.runner [-] Task 248fd65a-935f-4a52-9fcc-cf41c310c396 | ITER: 7 START
2019-07-02 18:24:48.218 455 INFO rally.task.runner [-] Task 248fd65a-935f-4a52-9fcc-cf41c310c396 | ITER: 4 END: OK
2019-07-02 18:24:48.223 455 INFO rally.task.runner [-] Task 248fd65a-935f-4a52-9fcc-cf41c310c396 | ITER: 8 START
2019-07-02 18:24:49.830 455 INFO rally.task.runner [-] Task 248fd65a-935f-4a52-9fcc-cf41c310c396 | ITER: 8 END: OK
2019-07-02 18:24:49.834 455 INFO rally.task.runner [-] Task 248fd65a-935f-4a52-9fcc-cf41c310c396 | ITER: 9 START
2019-07-02 18:24:49.998 454 INFO rally.task.runner [-] Task 248fd65a-935f-4a52-9fcc-cf41c310c396 | ITER: 5 END: OK
2019-07-02 18:24:50.001 454 INFO rally.task.runner [-] Task 248fd65a-935f-4a52-9fcc-cf41c310c396 | ITER: 10 START
2019-07-02 18:24:50.058 453 INFO rally.task.runner [-] Task 248fd65a-935f-4a52-9fcc-cf41c310c396 | ITER: 6 END: OK
2019-07-02 18:24:50.351 452 INFO rally.task.runner [-] Task 248fd65a-935f-4a52-9fcc-cf41c310c396 | ITER: 7 END: OK
2019-07-02 18:24:51.354 455 INFO rally.task.runner [-] Task 248fd65a-935f-4a52-9fcc-cf41c310c396 | ITER: 9 END: OK
2019-07-02 18:24:52.112 454 INFO rally.task.runner [-] Task 248fd65a-935f-4a52-9fcc-cf41c310c396 | ITER: 10 END: OK
2019-07-02 18:24:52.138 16 INFO rally.task.context [-] Task 248fd65a-935f-4a52-9fcc-cf41c310c396 | Context users@openstack cleanup() started
2019-07-02 18:25:00.693 16 INFO rally.task.context [-] Task 248fd65a-935f-4a52-9fcc-cf41c310c396 | Context users@openstack cleanup() finished in 8.55 sec
2019-07-02 18:25:01.589 16 INFO rally.task.engine [-] Load duration is: 5.905522
2019-07-02 18:25:01.589 16 INFO rally.task.engine [-] Full runner duration is: 5.952235
2019-07-02 18:25:01.590 16 INFO rally.task.engine [-] Full duration is: 19.191099
2019-07-02 18:25:01.838 16 INFO rally.task.engine [-] Running workload: position = 0 config = { "version": 2, "title": "A cropped version of a bigger task.", "description": "Auto-generated task from a single workload (uuid=f048e409-56ac-485b-8bcc-eebdb8e9a4e0)", "subtasks": [ { "title": "Authenticate.validate_neutron", "description": "Check Neutron Client to ensure validation of token.", "scenario": { "Authenticate.validate_neutron": { "repetitions": 2 } }, "contexts": { "users": { "tenants": 3, "users_per_tenant": 2 } }, "runner": { "constant": { "concurrency": 4, "times": 10 } }, "hooks": [], "sla": { "failure_rate": { "max": 0 } } } ] }
2019-07-02 18:25:01.860 16 RALLYDEBUG rally_openstack.contexts.keystone.users [-] Creating 3 tenants using 20 threads
2019-07-02 18:25:03.716 16 RALLYDEBUG rally_openstack.contexts.keystone.users [-] Creating 6 users using 20 threads
2019-07-02 18:25:06.526 16 INFO rally.task.context [-] Task 248fd65a-935f-4a52-9fcc-cf41c310c396 | Context users@openstack setup() finished in 4.67 sec
2019-07-02 18:25:06.533 16 RALLYDEBUG rally.task.runner [-] Starting the constant runner (task UUID: 248fd65a-935f-4a52-9fcc-cf41c310c396). timeout: 0 concurrency: 4 concurrency_per_worker: 1 times: 10 concurrency_overhead: 0 processes_to_start: 4 max_cpu_used: 16
2019-07-02 18:25:06.545 556 RALLYDEBUG rally.task.runner [-] Starting a worker. concurrency: 1 args: {"repetitions": 2} times: 10 method_name: run timeout: 0 duration: None cls:
2019-07-02 18:25:06.547 557 RALLYDEBUG rally.task.runner [-] Starting a worker. concurrency: 1 args: {"repetitions": 2} times: 10 method_name: run timeout: 0 duration: None cls:
2019-07-02 18:25:06.551 558 RALLYDEBUG rally.task.runner [-] Starting a worker. concurrency: 1 args: {"repetitions": 2} times: 10 method_name: run timeout: 0 duration: None cls:
2019-07-02 18:25:06.552 556 INFO rally.task.runner [-] Task 248fd65a-935f-4a52-9fcc-cf41c310c396 | ITER: 1 START
2019-07-02 18:25:06.553 557 INFO rally.task.runner [-] Task 248fd65a-935f-4a52-9fcc-cf41c310c396 | ITER: 2 START
2019-07-02 18:25:06.555 559 RALLYDEBUG rally.task.runner [-] Starting a worker. concurrency: 1 args: {"repetitions": 2} times: 10 method_name: run timeout: 0 duration: None cls:
2019-07-02 18:25:06.556 558 INFO rally.task.runner [-] Task 248fd65a-935f-4a52-9fcc-cf41c310c396 | ITER: 3 START
2019-07-02 18:25:06.561 559 INFO rally.task.runner [-] Task 248fd65a-935f-4a52-9fcc-cf41c310c396 | ITER: 4 START
2019-07-02 18:25:07.447 556 INFO rally.task.runner [-] Task 248fd65a-935f-4a52-9fcc-cf41c310c396 | ITER: 1 END: OK
2019-07-02 18:25:07.452 556 INFO rally.task.runner [-] Task 248fd65a-935f-4a52-9fcc-cf41c310c396 | ITER: 5 START
2019-07-02 18:25:07.493 558 INFO rally.task.runner [-] Task 248fd65a-935f-4a52-9fcc-cf41c310c396 | ITER: 3 END: OK
2019-07-02 18:25:07.498 558 INFO rally.task.runner [-] Task 248fd65a-935f-4a52-9fcc-cf41c310c396 | ITER: 6 START
2019-07-02 18:25:07.705 559 INFO rally.task.runner [-] Task 248fd65a-935f-4a52-9fcc-cf41c310c396 | ITER: 4 END: OK
2019-07-02 18:25:07.710 559 INFO rally.task.runner [-] Task 248fd65a-935f-4a52-9fcc-cf41c310c396 | ITER: 7 START
2019-07-02 18:25:08.017 557 INFO rally.task.runner [-] Task 248fd65a-935f-4a52-9fcc-cf41c310c396 | ITER: 2 END: OK
2019-07-02 18:25:08.022 557 INFO rally.task.runner [-] Task 248fd65a-935f-4a52-9fcc-cf41c310c396 | ITER: 8 START
2019-07-02 18:25:08.654 559 INFO rally.task.runner [-] Task 248fd65a-935f-4a52-9fcc-cf41c310c396 | ITER: 7 END: OK
2019-07-02 18:25:08.658 559 INFO rally.task.runner [-] Task 248fd65a-935f-4a52-9fcc-cf41c310c396 | ITER: 9 START
2019-07-02 18:25:08.779 556 INFO rally.task.runner [-] Task 248fd65a-935f-4a52-9fcc-cf41c310c396 | ITER: 5 END: OK
2019-07-02 18:25:08.784 556 INFO rally.task.runner [-] Task 248fd65a-935f-4a52-9fcc-cf41c310c396 | ITER: 10 START
2019-07-02 18:25:08.933 557 INFO rally.task.runner [-] Task 248fd65a-935f-4a52-9fcc-cf41c310c396 | ITER: 8 END: OK
2019-07-02 18:25:09.118 558 INFO rally.task.runner [-] Task 248fd65a-935f-4a52-9fcc-cf41c310c396 | ITER: 6 END: OK
2019-07-02 18:25:09.893 556 INFO rally.task.runner [-] Task 248fd65a-935f-4a52-9fcc-cf41c310c396 | ITER: 10 END: OK
2019-07-02 18:25:09.915 559 INFO rally.task.runner [-] Task 248fd65a-935f-4a52-9fcc-cf41c310c396 | ITER: 9 END: OK
2019-07-02 18:25:09.936 16 INFO rally.task.context [-] Task 248fd65a-935f-4a52-9fcc-cf41c310c396 | Context users@openstack cleanup() started
2019-07-02 18:25:17.902 16 INFO rally.task.context [-] Task 248fd65a-935f-4a52-9fcc-cf41c310c396 | Context users@openstack cleanup() finished in 7.97 sec
2019-07-02 18:25:17.997 16 INFO rally.task.engine [-] Load duration is: 3.361116
2019-07-02 18:25:17.997 16 INFO rally.task.engine [-] Full runner duration is: 3.403906
2019-07-02 18:25:17.998 16 INFO rally.task.engine [-] Full duration is: 16.044369
2019-07-02 18:25:18.253 16 INFO rally.task.engine [-] Running workload: position = 0 config = { "version": 2, "title": "A cropped version of a bigger task.", "description": "Auto-generated task from a single workload (uuid=05c27d2e-90a7-4e03-95cf-b9c69666b8dc)", "subtasks": [ { "title": "Authenticate.validate_nova", "description": "Check Nova Client to ensure validation of token.", "scenario": { "Authenticate.validate_nova": { "repetitions": 2 } }, "contexts": { "users": { "tenants": 3, "users_per_tenant": 2 } }, "runner": { "constant": { "concurrency": 4, "times": 10 } }, "hooks": [], "sla": { "failure_rate": { "max": 0 } } } ] }
2019-07-02 18:25:18.275 16 RALLYDEBUG rally_openstack.contexts.keystone.users [-] Creating 3 tenants using 20 threads
2019-07-02 18:25:20.178 16 RALLYDEBUG rally_openstack.contexts.keystone.users [-] Creating 6 users using 20 threads
2019-07-02 18:25:22.917 16 INFO rally.task.context [-] Task 248fd65a-935f-4a52-9fcc-cf41c310c396 | Context users@openstack setup() finished in 4.64 sec
2019-07-02 18:25:22.925 16 RALLYDEBUG rally.task.runner [-] Starting the constant runner (task UUID: 248fd65a-935f-4a52-9fcc-cf41c310c396). timeout: 0 concurrency: 4 concurrency_per_worker: 1 times: 10 concurrency_overhead: 0 processes_to_start: 4 max_cpu_used: 16
2019-07-02 18:25:22.937 660 RALLYDEBUG rally.task.runner [-] Starting a worker. concurrency: 1 args: {"repetitions": 2} times: 10 method_name: run timeout: 0 duration: None cls:
2019-07-02 18:25:22.941 661 RALLYDEBUG rally.task.runner [-] Starting a worker. concurrency: 1 args: {"repetitions": 2} times: 10 method_name: run timeout: 0 duration: None cls:
2019-07-02 18:25:22.943 660 INFO rally.task.runner [-] Task 248fd65a-935f-4a52-9fcc-cf41c310c396 | ITER: 1 START
2019-07-02 18:25:22.944 662 RALLYDEBUG rally.task.runner [-] Starting a worker. concurrency: 1 args: {"repetitions": 2} times: 10 method_name: run timeout: 0 duration: None cls:
2019-07-02 18:25:22.947 661 INFO rally.task.runner [-] Task 248fd65a-935f-4a52-9fcc-cf41c310c396 | ITER: 2 START
2019-07-02 18:25:22.947 663 RALLYDEBUG rally.task.runner [-] Starting a worker. concurrency: 1 args: {"repetitions": 2} times: 10 method_name: run timeout: 0 duration: None cls:
2019-07-02 18:25:22.950 662 INFO rally.task.runner [-] Task 248fd65a-935f-4a52-9fcc-cf41c310c396 | ITER: 3 START
2019-07-02 18:25:22.953 663 INFO rally.task.runner [-] Task 248fd65a-935f-4a52-9fcc-cf41c310c396 | ITER: 4 START
2019-07-02 18:25:23.440 660 DEBUG novaclient.v2.client [-] REQ: curl -g -i -X GET http://172.30.9.21:8774/v2.1/flavors/detail -H "Accept: application/json" -H "User-Agent: python-novaclient" -H "X-Auth-Token: {SHA1}37db9960e57d1de2ee44cc1c9bcfc1041e178b4e" _http_log_request /usr/lib/python2.7/site-packages/keystoneauth1/session.py:448
2019-07-02 18:25:23.445 662 DEBUG novaclient.v2.client [-] REQ: curl -g -i -X GET http://172.30.9.21:8774/v2.1/flavors/detail -H "Accept: application/json" -H "User-Agent: python-novaclient" -H "X-Auth-Token: {SHA1}f35ac2ffbfbf5c71068644e11db928d7af7be272" _http_log_request /usr/lib/python2.7/site-packages/keystoneauth1/session.py:448
2019-07-02 18:25:23.452 661 DEBUG novaclient.v2.client [-] REQ: curl -g -i -X GET http://172.30.9.21:8774/v2.1/flavors/detail -H "Accept: application/json" -H "User-Agent: python-novaclient" -H "X-Auth-Token: {SHA1}69a9cfbc7167920ffe15bfe7a2ee5904bf75d0d5" _http_log_request /usr/lib/python2.7/site-packages/keystoneauth1/session.py:448
2019-07-02 18:25:23.570 663 DEBUG novaclient.v2.client [-] REQ: curl -g -i -X GET http://172.30.9.21:8774/v2.1/flavors/detail -H "Accept: application/json" -H "User-Agent: python-novaclient" -H "X-Auth-Token: {SHA1}e767cbd8fbf0871220c20b141df9167b2d8f6d19" _http_log_request /usr/lib/python2.7/site-packages/keystoneauth1/session.py:448
2019-07-02 18:25:23.752 660 DEBUG novaclient.v2.client [-] RESP: [200] Content-Encoding: gzip Content-Length: 364 Content-Type: application/json Date: Tue, 02 Jul 2019 18:25:23 GMT OpenStack-API-Version: compute 2.1 Server: Apache Vary: OpenStack-API-Version,X-OpenStack-Nova-API-Version,Accept-Encoding X-OpenStack-Nova-API-Version: 2.1 x-compute-request-id: req-e9ec7535-9b80-41cd-ab0f-4c10438f059e x-openstack-request-id: req-e9ec7535-9b80-41cd-ab0f-4c10438f059e _http_log_response /usr/lib/python2.7/site-packages/keystoneauth1/session.py:479
2019-07-02 18:25:23.753 660 DEBUG novaclient.v2.client [-] RESP BODY: {"flavors": [{"name": "rally_full-flavor_1691d261-d67d-458c-a840-c71de462a194", "links": [{"href": "http://172.30.9.21:8774/v2.1/flavors/133c17b8-1a9f-4869-9509-30957bd51d21", "rel": "self"}, {"href": "http://172.30.9.21:8774/flavors/133c17b8-1a9f-4869-9509-30957bd51d21", "rel": "bookmark"}], "ram": 512, "OS-FLV-DISABLED:disabled": false, "vcpus": 1, "swap": "", "os-flavor-access:is_public": true, "rxtx_factor": 1.0, "OS-FLV-EXT-DATA:ephemeral": 0, "disk": 1, "id": "133c17b8-1a9f-4869-9509-30957bd51d21"}, {"name": "rally_full-flavor_alt_1691d261-d67d-458c-a840-c71de462a194", "links": [{"href": "http://172.30.9.21:8774/v2.1/flavors/b8418710-19ce-4d4c-a055-63d54bb077da", "rel": "self"}, {"href": "http://172.30.9.21:8774/flavors/b8418710-19ce-4d4c-a055-63d54bb077da", "rel": "bookmark"}], "ram": 1024, "OS-FLV-DISABLED:disabled": false, "vcpus": 1, "swap": "", "os-flavor-access:is_public": true, "rxtx_factor": 1.0, "OS-FLV-EXT-DATA:ephemeral": 0, "disk": 1, "id": "b8418710-19ce-4d4c-a055-63d54bb077da"}]} _http_log_response /usr/lib/python2.7/site-packages/keystoneauth1/session.py:511
2019-07-02 18:25:23.754 660 DEBUG novaclient.v2.client [-] GET call to compute for http://172.30.9.21:8774/v2.1/flavors/detail used request id req-e9ec7535-9b80-41cd-ab0f-4c10438f059e request /usr/lib/python2.7/site-packages/keystoneauth1/session.py:844
2019-07-02 18:25:23.756 660 DEBUG novaclient.v2.client [-] REQ: curl -g -i -X GET http://172.30.9.21:8774/v2.1/flavors/detail -H "Accept: application/json" -H "User-Agent: python-novaclient" -H "X-Auth-Token: {SHA1}37db9960e57d1de2ee44cc1c9bcfc1041e178b4e" _http_log_request /usr/lib/python2.7/site-packages/keystoneauth1/session.py:448
2019-07-02 18:25:23.779 660 DEBUG novaclient.v2.client [-] RESP: [200] Content-Encoding: gzip Content-Length: 364 Content-Type: application/json Date: Tue, 02 Jul 2019 18:25:23 GMT OpenStack-API-Version: compute 2.1 Server: Apache Vary: OpenStack-API-Version,X-OpenStack-Nova-API-Version,Accept-Encoding X-OpenStack-Nova-API-Version: 2.1 x-compute-request-id: req-fa81f795-e3e7-4c7b-9bd9-400623a122cc x-openstack-request-id: req-fa81f795-e3e7-4c7b-9bd9-400623a122cc _http_log_response /usr/lib/python2.7/site-packages/keystoneauth1/session.py:479
2019-07-02 18:25:23.779 660 DEBUG novaclient.v2.client [-] RESP BODY: {"flavors": [{"name": "rally_full-flavor_1691d261-d67d-458c-a840-c71de462a194", "links": [{"href": "http://172.30.9.21:8774/v2.1/flavors/133c17b8-1a9f-4869-9509-30957bd51d21", "rel": "self"}, {"href": "http://172.30.9.21:8774/flavors/133c17b8-1a9f-4869-9509-30957bd51d21", "rel": "bookmark"}], "ram": 512, "OS-FLV-DISABLED:disabled": false, "vcpus": 1, "swap": "", "os-flavor-access:is_public": true, "rxtx_factor": 1.0, "OS-FLV-EXT-DATA:ephemeral": 0, "disk": 1, "id": "133c17b8-1a9f-4869-9509-30957bd51d21"}, {"name": "rally_full-flavor_alt_1691d261-d67d-458c-a840-c71de462a194", "links": [{"href": "http://172.30.9.21:8774/v2.1/flavors/b8418710-19ce-4d4c-a055-63d54bb077da", "rel": "self"}, {"href": "http://172.30.9.21:8774/flavors/b8418710-19ce-4d4c-a055-63d54bb077da", "rel": "bookmark"}], "ram": 1024, "OS-FLV-DISABLED:disabled": false, "vcpus": 1, "swap": "", "os-flavor-access:is_public": true, "rxtx_factor": 1.0, "OS-FLV-EXT-DATA:ephemeral": 0, "disk": 1, "id": "b8418710-19ce-4d4c-a055-63d54bb077da"}]} _http_log_response /usr/lib/python2.7/site-packages/keystoneauth1/session.py:511
2019-07-02 18:25:23.780 660 DEBUG novaclient.v2.client [-] GET call to compute for http://172.30.9.21:8774/v2.1/flavors/detail used request id req-fa81f795-e3e7-4c7b-9bd9-400623a122cc request /usr/lib/python2.7/site-packages/keystoneauth1/session.py:844
2019-07-02 18:25:23.781 660 INFO rally.task.runner [-] Task 248fd65a-935f-4a52-9fcc-cf41c310c396 | ITER: 1 END: OK
2019-07-02 18:25:23.785 660 INFO rally.task.runner [-] Task 248fd65a-935f-4a52-9fcc-cf41c310c396 | ITER: 5 START
2019-07-02 18:25:23.885 663 DEBUG novaclient.v2.client [-] RESP: [200] Content-Encoding: gzip Content-Length: 364 Content-Type: application/json Date: Tue, 02 Jul 2019 18:25:23 GMT OpenStack-API-Version: compute 2.1 Server: Apache Vary: OpenStack-API-Version,X-OpenStack-Nova-API-Version,Accept-Encoding X-OpenStack-Nova-API-Version: 2.1 x-compute-request-id: req-8e46e186-2c4c-4e24-9e66-881a02e868e9 x-openstack-request-id: req-8e46e186-2c4c-4e24-9e66-881a02e868e9 _http_log_response /usr/lib/python2.7/site-packages/keystoneauth1/session.py:479
2019-07-02 18:25:23.886 663 DEBUG novaclient.v2.client [-] RESP BODY: {"flavors": [{"name": "rally_full-flavor_1691d261-d67d-458c-a840-c71de462a194", "links": [{"href": "http://172.30.9.21:8774/v2.1/flavors/133c17b8-1a9f-4869-9509-30957bd51d21", "rel": "self"}, {"href": "http://172.30.9.21:8774/flavors/133c17b8-1a9f-4869-9509-30957bd51d21", "rel": "bookmark"}], "ram": 512, "OS-FLV-DISABLED:disabled": false, "vcpus": 1, "swap": "", "os-flavor-access:is_public": true, "rxtx_factor": 1.0, "OS-FLV-EXT-DATA:ephemeral": 0, "disk": 1, "id": "133c17b8-1a9f-4869-9509-30957bd51d21"}, {"name": "rally_full-flavor_alt_1691d261-d67d-458c-a840-c71de462a194", "links": [{"href": "http://172.30.9.21:8774/v2.1/flavors/b8418710-19ce-4d4c-a055-63d54bb077da", "rel": "self"}, {"href": "http://172.30.9.21:8774/flavors/b8418710-19ce-4d4c-a055-63d54bb077da", "rel": "bookmark"}], "ram": 1024, "OS-FLV-DISABLED:disabled": false, "vcpus": 1, "swap": "", "os-flavor-access:is_public": true, "rxtx_factor": 1.0, "OS-FLV-EXT-DATA:ephemeral": 0, "disk": 1, "id": "b8418710-19ce-4d4c-a055-63d54bb077da"}]} _http_log_response /usr/lib/python2.7/site-packages/keystoneauth1/session.py:511
2019-07-02 18:25:23.886 663 DEBUG novaclient.v2.client [-] GET call to compute for http://172.30.9.21:8774/v2.1/flavors/detail used request id req-8e46e186-2c4c-4e24-9e66-881a02e868e9 request /usr/lib/python2.7/site-packages/keystoneauth1/session.py:844
2019-07-02 18:25:23.888 663 DEBUG novaclient.v2.client [-] REQ: curl -g -i -X GET http://172.30.9.21:8774/v2.1/flavors/detail -H "Accept: application/json" -H "User-Agent: python-novaclient" -H "X-Auth-Token: {SHA1}e767cbd8fbf0871220c20b141df9167b2d8f6d19" _http_log_request /usr/lib/python2.7/site-packages/keystoneauth1/session.py:448
2019-07-02 18:25:23.908 663 DEBUG novaclient.v2.client [-] RESP: [200] Content-Encoding: gzip Content-Length: 364 Content-Type: application/json Date: Tue, 02 Jul 2019 18:25:23 GMT OpenStack-API-Version: compute 2.1 Server: Apache Vary: OpenStack-API-Version,X-OpenStack-Nova-API-Version,Accept-Encoding X-OpenStack-Nova-API-Version: 2.1 x-compute-request-id: req-4db9fff4-b064-46a0-a4e9-de96db144a64 x-openstack-request-id: req-4db9fff4-b064-46a0-a4e9-de96db144a64 _http_log_response /usr/lib/python2.7/site-packages/keystoneauth1/session.py:479
2019-07-02 18:25:23.909 663 DEBUG novaclient.v2.client [-] RESP BODY: {"flavors": [{"name": "rally_full-flavor_1691d261-d67d-458c-a840-c71de462a194", "links": [{"href": "http://172.30.9.21:8774/v2.1/flavors/133c17b8-1a9f-4869-9509-30957bd51d21", "rel": "self"}, {"href": "http://172.30.9.21:8774/flavors/133c17b8-1a9f-4869-9509-30957bd51d21", "rel": "bookmark"}], "ram": 512, "OS-FLV-DISABLED:disabled": false, "vcpus": 1, "swap": "", "os-flavor-access:is_public": true, "rxtx_factor": 1.0, "OS-FLV-EXT-DATA:ephemeral": 0, "disk": 1, "id": "133c17b8-1a9f-4869-9509-30957bd51d21"}, {"name": "rally_full-flavor_alt_1691d261-d67d-458c-a840-c71de462a194", "links": [{"href": "http://172.30.9.21:8774/v2.1/flavors/b8418710-19ce-4d4c-a055-63d54bb077da", "rel": "self"}, {"href": "http://172.30.9.21:8774/flavors/b8418710-19ce-4d4c-a055-63d54bb077da", "rel": "bookmark"}], "ram": 1024, "OS-FLV-DISABLED:disabled": false, "vcpus": 1, "swap": "", "os-flavor-access:is_public": true, "rxtx_factor": 1.0, "OS-FLV-EXT-DATA:ephemeral": 0, "disk": 1, "id": "b8418710-19ce-4d4c-a055-63d54bb077da"}]} _http_log_response /usr/lib/python2.7/site-packages/keystoneauth1/session.py:511
2019-07-02 18:25:23.909 663 DEBUG novaclient.v2.client [-] GET call to compute for http://172.30.9.21:8774/v2.1/flavors/detail used request id req-4db9fff4-b064-46a0-a4e9-de96db144a64 request /usr/lib/python2.7/site-packages/keystoneauth1/session.py:844
2019-07-02 18:25:23.910 663 INFO rally.task.runner [-] Task 248fd65a-935f-4a52-9fcc-cf41c310c396 | ITER: 4 END: OK
2019-07-02 18:25:23.914 663 INFO rally.task.runner [-] Task 248fd65a-935f-4a52-9fcc-cf41c310c396 | ITER: 6 START
2019-07-02 18:25:24.165 661 DEBUG novaclient.v2.client [-] RESP: [200] Content-Encoding: gzip Content-Length: 364 Content-Type: application/json Date: Tue, 02 Jul 2019 18:25:23 GMT OpenStack-API-Version: compute 2.1 Server: Apache Vary: OpenStack-API-Version,X-OpenStack-Nova-API-Version,Accept-Encoding X-OpenStack-Nova-API-Version: 2.1 x-compute-request-id: req-8fc9d043-a763-48c2-ae8e-e4d135833176 x-openstack-request-id: req-8fc9d043-a763-48c2-ae8e-e4d135833176 _http_log_response /usr/lib/python2.7/site-packages/keystoneauth1/session.py:479
2019-07-02 18:25:24.166 661 DEBUG novaclient.v2.client [-] RESP BODY: {"flavors": [{"name": "rally_full-flavor_1691d261-d67d-458c-a840-c71de462a194", "links": [{"href": "http://172.30.9.21:8774/v2.1/flavors/133c17b8-1a9f-4869-9509-30957bd51d21", "rel": "self"}, {"href": "http://172.30.9.21:8774/flavors/133c17b8-1a9f-4869-9509-30957bd51d21", "rel": "bookmark"}], "ram": 512, "OS-FLV-DISABLED:disabled": false, "vcpus": 1, "swap": "", "os-flavor-access:is_public": true, "rxtx_factor": 1.0, "OS-FLV-EXT-DATA:ephemeral": 0, "disk": 1, "id": "133c17b8-1a9f-4869-9509-30957bd51d21"}, {"name": "rally_full-flavor_alt_1691d261-d67d-458c-a840-c71de462a194", "links": [{"href": "http://172.30.9.21:8774/v2.1/flavors/b8418710-19ce-4d4c-a055-63d54bb077da", "rel": "self"}, {"href": "http://172.30.9.21:8774/flavors/b8418710-19ce-4d4c-a055-63d54bb077da", "rel": "bookmark"}], "ram": 1024, "OS-FLV-DISABLED:disabled": false, "vcpus": 1, "swap": "", "os-flavor-access:is_public": true, "rxtx_factor": 1.0, "OS-FLV-EXT-DATA:ephemeral": 0, "disk": 1, "id": "b8418710-19ce-4d4c-a055-63d54bb077da"}]} _http_log_response /usr/lib/python2.7/site-packages/keystoneauth1/session.py:511
2019-07-02 18:25:24.166 661 DEBUG novaclient.v2.client [-] GET call to compute for http://172.30.9.21:8774/v2.1/flavors/detail used request id req-8fc9d043-a763-48c2-ae8e-e4d135833176 request /usr/lib/python2.7/site-packages/keystoneauth1/session.py:844
2019-07-02 18:25:24.168 661 DEBUG novaclient.v2.client [-] REQ: curl -g -i -X GET http://172.30.9.21:8774/v2.1/flavors/detail -H "Accept: application/json" -H "User-Agent: python-novaclient" -H "X-Auth-Token: {SHA1}69a9cfbc7167920ffe15bfe7a2ee5904bf75d0d5" _http_log_request /usr/lib/python2.7/site-packages/keystoneauth1/session.py:448
2019-07-02 18:25:24.180 662 DEBUG novaclient.v2.client [-] RESP: [200] Content-Encoding: gzip Content-Length: 364 Content-Type: application/json Date: Tue, 02 Jul 2019 18:25:23 GMT OpenStack-API-Version: compute 2.1 Server: Apache Vary: OpenStack-API-Version,X-OpenStack-Nova-API-Version,Accept-Encoding X-OpenStack-Nova-API-Version: 2.1 x-compute-request-id: req-17c1d9b3-5619-43b4-9d62-49c0f3bbff41 x-openstack-request-id: req-17c1d9b3-5619-43b4-9d62-49c0f3bbff41 _http_log_response /usr/lib/python2.7/site-packages/keystoneauth1/session.py:479
2019-07-02 18:25:24.181 662 DEBUG novaclient.v2.client [-] RESP BODY: {"flavors": [{"name": "rally_full-flavor_1691d261-d67d-458c-a840-c71de462a194", "links": [{"href": "http://172.30.9.21:8774/v2.1/flavors/133c17b8-1a9f-4869-9509-30957bd51d21", "rel": "self"}, {"href": "http://172.30.9.21:8774/flavors/133c17b8-1a9f-4869-9509-30957bd51d21", "rel": "bookmark"}], "ram": 512, "OS-FLV-DISABLED:disabled": false, "vcpus": 1, "swap": "", "os-flavor-access:is_public": true, "rxtx_factor": 1.0, "OS-FLV-EXT-DATA:ephemeral": 0, "disk": 1, "id": "133c17b8-1a9f-4869-9509-30957bd51d21"}, {"name": "rally_full-flavor_alt_1691d261-d67d-458c-a840-c71de462a194", "links": [{"href": "http://172.30.9.21:8774/v2.1/flavors/b8418710-19ce-4d4c-a055-63d54bb077da", "rel": "self"}, {"href": "http://172.30.9.21:8774/flavors/b8418710-19ce-4d4c-a055-63d54bb077da", "rel": "bookmark"}], "ram": 1024, "OS-FLV-DISABLED:disabled": false, "vcpus": 1, "swap": "", "os-flavor-access:is_public": true, "rxtx_factor": 1.0, "OS-FLV-EXT-DATA:ephemeral": 0, "disk": 1, "id": "b8418710-19ce-4d4c-a055-63d54bb077da"}]} _http_log_response /usr/lib/python2.7/site-packages/keystoneauth1/session.py:511
2019-07-02 18:25:24.181 662 DEBUG novaclient.v2.client [-] GET call to compute for http://172.30.9.21:8774/v2.1/flavors/detail used request id req-17c1d9b3-5619-43b4-9d62-49c0f3bbff41 request /usr/lib/python2.7/site-packages/keystoneauth1/session.py:844
2019-07-02 18:25:24.183 662 DEBUG novaclient.v2.client [-] REQ: curl -g -i -X GET http://172.30.9.21:8774/v2.1/flavors/detail -H "Accept: application/json" -H "User-Agent: python-novaclient" -H "X-Auth-Token: {SHA1}f35ac2ffbfbf5c71068644e11db928d7af7be272" _http_log_request /usr/lib/python2.7/site-packages/keystoneauth1/session.py:448
2019-07-02 18:25:24.187 661 DEBUG novaclient.v2.client [-] RESP: [200] Content-Encoding: gzip Content-Length: 364 Content-Type: application/json Date: Tue, 02 Jul 2019 18:25:24 GMT OpenStack-API-Version: compute 2.1 Server: Apache Vary: OpenStack-API-Version,X-OpenStack-Nova-API-Version,Accept-Encoding X-OpenStack-Nova-API-Version: 2.1 x-compute-request-id: req-e07c14c2-94c3-44de-aafc-5e70351f645c x-openstack-request-id: req-e07c14c2-94c3-44de-aafc-5e70351f645c _http_log_response /usr/lib/python2.7/site-packages/keystoneauth1/session.py:479
2019-07-02 18:25:24.188 661 DEBUG novaclient.v2.client [-] RESP BODY: {"flavors": [{"name": "rally_full-flavor_1691d261-d67d-458c-a840-c71de462a194", "links": [{"href": "http://172.30.9.21:8774/v2.1/flavors/133c17b8-1a9f-4869-9509-30957bd51d21", "rel": "self"}, {"href": "http://172.30.9.21:8774/flavors/133c17b8-1a9f-4869-9509-30957bd51d21", "rel": "bookmark"}], "ram": 512, "OS-FLV-DISABLED:disabled": false, "vcpus": 1, "swap": "", "os-flavor-access:is_public": true, "rxtx_factor": 1.0, "OS-FLV-EXT-DATA:ephemeral": 0, "disk": 1, "id": "133c17b8-1a9f-4869-9509-30957bd51d21"}, {"name": "rally_full-flavor_alt_1691d261-d67d-458c-a840-c71de462a194", "links": [{"href": "http://172.30.9.21:8774/v2.1/flavors/b8418710-19ce-4d4c-a055-63d54bb077da", "rel": "self"}, {"href": "http://172.30.9.21:8774/flavors/b8418710-19ce-4d4c-a055-63d54bb077da", "rel": "bookmark"}], "ram": 1024, "OS-FLV-DISABLED:disabled": false, "vcpus": 1, "swap": "", "os-flavor-access:is_public": true, "rxtx_factor": 1.0, "OS-FLV-EXT-DATA:ephemeral": 0, "disk": 1, "id": "b8418710-19ce-4d4c-a055-63d54bb077da"}]} _http_log_response /usr/lib/python2.7/site-packages/keystoneauth1/session.py:511
2019-07-02 18:25:24.188 661 DEBUG novaclient.v2.client [-] GET call to compute for http://172.30.9.21:8774/v2.1/flavors/detail used request id req-e07c14c2-94c3-44de-aafc-5e70351f645c request /usr/lib/python2.7/site-packages/keystoneauth1/session.py:844
