2019-07-02 09:19:59.488 22696 RALLYDEBUG rally.api [-] INFO logs from urllib3 and requests module are hide.
2019-07-02 09:19:59.489 22696 RALLYDEBUG rally.api [-] urllib3 insecure warnings are hidden.
2019-07-02 09:19:59.489 22696 RALLYDEBUG rally.api [-] ERROR log from boto module is hide.
2019-07-02 09:20:01.853 22698 RALLYDEBUG rally.api [-] INFO logs from urllib3 and requests module are hide.
2019-07-02 09:20:01.853 22698 RALLYDEBUG rally.api [-] urllib3 insecure warnings are hidden.
2019-07-02 09:20:01.853 22698 RALLYDEBUG rally.api [-] ERROR log from boto module is hide.
2019-07-02 09:20:03.149 22698 WARNING rally_openstack.platforms.existing [-] endpoint is deprecated and not used.
2019-07-02 09:20:04.240 22700 RALLYDEBUG rally.api [-] INFO logs from urllib3 and requests module are hide.
2019-07-02 09:20:04.240 22700 RALLYDEBUG rally.api [-] urllib3 insecure warnings are hidden.
2019-07-02 09:20:04.240 22700 RALLYDEBUG rally.api [-] ERROR log from boto module is hide.
2019-07-02 09:20:07.346 22703 RALLYDEBUG rally.api [-] INFO logs from urllib3 and requests module are hide.
2019-07-02 09:20:07.346 22703 RALLYDEBUG rally.api [-] urllib3 insecure warnings are hidden.
2019-07-02 09:20:07.346 22703 RALLYDEBUG rally.api [-] ERROR log from boto module is hide.
2019-07-02 09:20:09.016 22705 RALLYDEBUG rally.api [-] INFO logs from urllib3 and requests module are hide.
2019-07-02 09:20:09.016 22705 RALLYDEBUG rally.api [-] urllib3 insecure warnings are hidden.
2019-07-02 09:20:09.016 22705 RALLYDEBUG rally.api [-] ERROR log from boto module is hide.
2019-07-02 09:20:10.177 22705 INFO rally.common.plugin.discover [-] Loading plugins from directories /root/.rally/plugins/*
2019-07-02 09:20:10.177 22705 INFO rally.common.plugin.discover [-] Loaded module with plugins: /root/.rally/plugins/__init__.py
2019-07-02 09:20:10.179 22705 INFO rally.common.plugin.discover [-] Loaded module with plugins: /root/.rally/plugins/trunk_scenario.py
2019-07-02 09:20:10.371 22705 INFO rally.task.engine [-] Task bbe6ddb0-7507-423d-bdad-f1b9af1fe341 | Starting: Task validation.
2019-07-02 09:20:10.410 22705 INFO rally.task.engine [-] Task bbe6ddb0-7507-423d-bdad-f1b9af1fe341 | Starting: Task validation of syntax.
2019-07-02 09:20:10.557 22705 INFO rally.task.engine [-] Task bbe6ddb0-7507-423d-bdad-f1b9af1fe341 | Completed: Task validation of syntax.
2019-07-02 09:20:10.558 22705 INFO rally.task.engine [-] Task bbe6ddb0-7507-423d-bdad-f1b9af1fe341 | Starting: Task validation of required platforms.
2019-07-02 09:20:10.622 22705 INFO rally.task.engine [-] Task bbe6ddb0-7507-423d-bdad-f1b9af1fe341 | Completed: Task validation of required platforms.
2019-07-02 09:20:10.622 22705 INFO rally.task.engine [-] Task bbe6ddb0-7507-423d-bdad-f1b9af1fe341 | Starting: Task validation of semantic.
2019-07-02 09:20:10.622 22705 INFO rally.task.engine [-] Check health of the environment '9833ff8a-f944-4738-88e0-0e9a9a5dfe52'.
2019-07-02 09:20:11.462 22705 INFO rally.task.engine [-] Platform existing@openstack (available: True): OK!
2019-07-02 09:20:11.480 22705 RALLYDEBUG rally_openstack.contexts.keystone.users [-] Creating 1 tenants using 20 threads
2019-07-02 09:20:13.413 22705 RALLYDEBUG rally_openstack.contexts.keystone.users [-] Creating 1 users using 20 threads
2019-07-02 09:20:16.061 22705 INFO rally.task.context [-] Task bbe6ddb0-7507-423d-bdad-f1b9af1fe341 | Context users@openstack setup() finished in 4.58 sec
2019-07-02 09:20:22.146 22705 INFO rally.task.context [-] Task bbe6ddb0-7507-423d-bdad-f1b9af1fe341 | Context users@openstack cleanup() started
2019-07-02 09:20:26.782 22705 INFO rally.task.context [-] Task bbe6ddb0-7507-423d-bdad-f1b9af1fe341 | Context users@openstack cleanup() finished in 4.64 sec
2019-07-02 09:20:26.782 22705 INFO rally.task.engine [-] Task bbe6ddb0-7507-423d-bdad-f1b9af1fe341 | Completed: Task validation of semantic.
2019-07-02 09:20:26.782 22705 INFO rally.task.engine [-] Task bbe6ddb0-7507-423d-bdad-f1b9af1fe341 | Completed: Task validation.
2019-07-02 09:20:26.783 22705 INFO rally.api [-] Task bbe6ddb0-7507-423d-bdad-f1b9af1fe341 input file is valid.
2019-07-02 09:20:26.783 22705 INFO rally.api [-] Run Task bbe6ddb0-7507-423d-bdad-f1b9af1fe341 against Deployment 9833ff8a-f944-4738-88e0-0e9a9a5dfe52
2019-07-02 09:20:26.783 22705 INFO rally.task.engine [-] Task bbe6ddb0-7507-423d-bdad-f1b9af1fe341 | Starting: Running task.
2019-07-02 09:20:26.946 22705 INFO rally.task.engine [-] Running workload: position = 0 config = { "version": 2, "title": "A cropped version of a bigger task.", "description": "Auto-generated task from a single workload (uuid=ab2ffbf9-5892-42f0-b825-4d7bf1e7aec4)", "subtasks": [ { "title": "NeutronNetworks.create_and_list_networks", "description": "Check performance of list_networks action and ensure > network quotas are not exceeded", "scenario": { "NeutronNetworks.create_and_list_networks": {} }, "contexts": { "users": { "tenants": 1, "users_per_tenant": 1 }, "quotas": { "neutron": { "network": 119 } } }, "runner": { "constant": { "times": 100, "concurrency": 20 } }, "hooks": [], "sla": { "max_avg_duration_per_atomic": { "neutron.list_networks": 15 }, "failure_rate": { "max": 0 } } } ] }
2019-07-02 09:20:26.969 22705 RALLYDEBUG rally_openstack.contexts.keystone.users [-] Creating 1 tenants using 20 threads
2019-07-02 09:20:28.684 22705 RALLYDEBUG rally_openstack.contexts.keystone.users [-] Creating 1 users using 20 threads
2019-07-02 09:20:31.123 22705 INFO rally.task.context [-] Task bbe6ddb0-7507-423d-bdad-f1b9af1fe341 | Context users@openstack setup() finished in 4.15 sec
2019-07-02 09:20:31.842 22705 INFO rally.task.context [-] Task bbe6ddb0-7507-423d-bdad-f1b9af1fe341 | Context quotas@openstack setup() finished in 0.72 sec
2019-07-02 09:20:31.842 22705 INFO rally.task.context [-] Task bbe6ddb0-7507-423d-bdad-f1b9af1fe341 | Context cleanup@openstack setup() finished in 0.03 msec
2019-07-02 09:20:31.849 22705 RALLYDEBUG rally.task.runner [-] Starting the constant runner (task UUID: bbe6ddb0-7507-423d-bdad-f1b9af1fe341). timeout: 0 concurrency: 20 concurrency_per_worker: 1 times: 100 concurrency_overhead: 4 processes_to_start: 16 max_cpu_used: 16
2019-07-02 09:20:31.862 22829 RALLYDEBUG rally.task.runner [-] Starting a worker. concurrency: 2 args: {} times: 100 method_name: run timeout: 0 duration: None cls:
2019-07-02 09:20:31.865 22830 RALLYDEBUG rally.task.runner [-] Starting a worker. concurrency: 2 args: {} times: 100 method_name: run timeout: 0 duration: None cls:
2019-07-02 09:20:31.868 22831 RALLYDEBUG rally.task.runner [-] Starting a worker. concurrency: 2 args: {} times: 100 method_name: run timeout: 0 duration: None cls:
2019-07-02 09:20:31.870 22832 RALLYDEBUG rally.task.runner [-] Starting a worker. concurrency: 2 args: {} times: 100 method_name: run timeout: 0 duration: None cls:
2019-07-02 09:20:31.871 22829 INFO rally.task.runner [-] Task bbe6ddb0-7507-423d-bdad-f1b9af1fe341 | ITER: 1 START
2019-07-02 09:20:31.873 22834 RALLYDEBUG rally.task.runner [-] Starting a worker. concurrency: 1 args: {} times: 100 method_name: run timeout: 0 duration: None cls:
2019-07-02 09:20:31.874 22830 INFO rally.task.runner [-] Task bbe6ddb0-7507-423d-bdad-f1b9af1fe341 | ITER: 2 START
2019-07-02 09:20:31.877 22830 INFO rally.task.runner [-] Task bbe6ddb0-7507-423d-bdad-f1b9af1fe341 | ITER: 4 START
2019-07-02 09:20:31.876 22838 RALLYDEBUG rally.task.runner [-] Starting a worker. concurrency: 1 args: {} times: 100 method_name: run timeout: 0 duration: None cls:
2019-07-02 09:20:31.877 22831 INFO rally.task.runner [-] Task bbe6ddb0-7507-423d-bdad-f1b9af1fe341 | ITER: 5 START
2019-07-02 09:20:31.877 22829 INFO rally.task.runner [-] Task bbe6ddb0-7507-423d-bdad-f1b9af1fe341 | ITER: 3 START
2019-07-02 09:20:31.881 22842 RALLYDEBUG rally.task.runner [-] Starting a worker. concurrency: 1 args: {} times: 100 method_name: run timeout: 0 duration: None cls:
2019-07-02 09:20:31.882 22832 INFO rally.task.runner [-] Task bbe6ddb0-7507-423d-bdad-f1b9af1fe341 | ITER: 7 START
2019-07-02 09:20:31.880 22834 INFO rally.task.runner [-] Task bbe6ddb0-7507-423d-bdad-f1b9af1fe341 | ITER: 8 START
2019-07-02 09:20:31.885 22838 INFO rally.task.runner [-] Task bbe6ddb0-7507-423d-bdad-f1b9af1fe341 | ITER: 10 START
2019-07-02 09:20:31.878 22831 INFO rally.task.runner [-] Task bbe6ddb0-7507-423d-bdad-f1b9af1fe341 | ITER: 6 START
2019-07-02 09:20:31.886 22846 RALLYDEBUG rally.task.runner [-] Starting a worker. concurrency: 1 args: {} times: 100 method_name: run timeout: 0 duration: None cls:
2019-07-02 09:20:31.887 22842 INFO rally.task.runner [-] Task bbe6ddb0-7507-423d-bdad-f1b9af1fe341 | ITER: 11 START
2019-07-02 09:20:31.888 22850 RALLYDEBUG rally.task.runner [-] Starting a worker. concurrency: 1 args: {} times: 100 method_name: run timeout: 0 duration: None cls:
2019-07-02 09:20:31.887 22832 INFO rally.task.runner [-] Task bbe6ddb0-7507-423d-bdad-f1b9af1fe341 | ITER: 9 START
2019-07-02 09:20:31.889 22854 RALLYDEBUG rally.task.runner [-] Starting a worker. concurrency: 1 args: {} times: 100 method_name: run timeout: 0 duration: None cls:
2019-07-02 09:20:31.892 22857 RALLYDEBUG rally.task.runner [-] Starting a worker. concurrency: 1 args: {} times: 100 method_name: run timeout: 0 duration: None cls:
2019-07-02 09:20:31.896 22850 INFO rally.task.runner [-] Task bbe6ddb0-7507-423d-bdad-f1b9af1fe341 | ITER: 13 START
2019-07-02 09:20:31.898 22859 RALLYDEBUG rally.task.runner [-] Starting a worker. concurrency: 1 args: {} times: 100 method_name: run timeout: 0 duration: None cls:
2019-07-02 09:20:31.898 22846 INFO rally.task.runner [-] Task bbe6ddb0-7507-423d-bdad-f1b9af1fe341 | ITER: 12 START
2019-07-02 09:20:31.900 22857 INFO rally.task.runner [-] Task bbe6ddb0-7507-423d-bdad-f1b9af1fe341 | ITER: 15 START
2019-07-02 09:20:31.901 22854 INFO rally.task.runner [-] Task bbe6ddb0-7507-423d-bdad-f1b9af1fe341 | ITER: 14 START
2019-07-02 09:20:31.905 22859 INFO rally.task.runner [-] Task bbe6ddb0-7507-423d-bdad-f1b9af1fe341 | ITER: 16 START
2019-07-02 09:20:31.917 22869 RALLYDEBUG rally.task.runner [-] Starting a worker. concurrency: 1 args: {} times: 100 method_name: run timeout: 0 duration: None cls:
2019-07-02 09:20:31.921 22870 RALLYDEBUG rally.task.runner [-] Starting a worker. concurrency: 1 args: {} times: 100 method_name: run timeout: 0 duration: None cls:
2019-07-02 09:20:31.925 22869 INFO rally.task.runner [-] Task bbe6ddb0-7507-423d-bdad-f1b9af1fe341 | ITER: 17 START
2019-07-02 09:20:31.925 22871 RALLYDEBUG rally.task.runner [-] Starting a worker. concurrency: 1 args: {} times: 100 method_name: run timeout: 0 duration: None cls:
2019-07-02 09:20:31.926 22870 INFO rally.task.runner [-] Task bbe6ddb0-7507-423d-bdad-f1b9af1fe341 | ITER: 18 START
2019-07-02 09:20:31.929 22874 RALLYDEBUG rally.task.runner [-] Starting a worker. concurrency: 1 args: {} times: 100 method_name: run timeout: 0 duration: None cls:
2019-07-02 09:20:31.931 22871 INFO rally.task.runner [-] Task bbe6ddb0-7507-423d-bdad-f1b9af1fe341 | ITER: 19 START
2019-07-02 09:20:31.934 22874 INFO rally.task.runner [-] Task bbe6ddb0-7507-423d-bdad-f1b9af1fe341 | ITER: 20 START
2019-07-02 09:20:33.248 22838 INFO rally.task.runner [-] Task bbe6ddb0-7507-423d-bdad-f1b9af1fe341 | ITER: 10 END: OK
2019-07-02 09:20:33.253 22838 INFO rally.task.runner [-] Task bbe6ddb0-7507-423d-bdad-f1b9af1fe341 | ITER: 21 START
2019-07-02 09:20:33.437 22831 INFO rally.task.runner [-] Task bbe6ddb0-7507-423d-bdad-f1b9af1fe341 | ITER: 6 END: OK
2019-07-02 09:20:33.440 22831 INFO rally.task.runner [-] Task bbe6ddb0-7507-423d-bdad-f1b9af1fe341 | ITER: 22 START
2019-07-02 09:20:33.758 22834 INFO rally.task.runner [-] Task bbe6ddb0-7507-423d-bdad-f1b9af1fe341 | ITER: 8 END: OK
2019-07-02 09:20:33.763 22834 INFO rally.task.runner [-] Task bbe6ddb0-7507-423d-bdad-f1b9af1fe341 | ITER: 23 START
2019-07-02 09:20:33.855 22846 INFO rally.task.runner [-] Task bbe6ddb0-7507-423d-bdad-f1b9af1fe341 | ITER: 12 END: OK
2019-07-02 09:20:33.859 22846 INFO rally.task.runner [-] Task bbe6ddb0-7507-423d-bdad-f1b9af1fe341 | ITER: 24 START
2019-07-02 09:20:33.952 22832 INFO rally.task.runner [-] Task bbe6ddb0-7507-423d-bdad-f1b9af1fe341 | ITER: 9 END: OK
2019-07-02 09:20:33.956 22832 INFO rally.task.runner [-] Task bbe6ddb0-7507-423d-bdad-f1b9af1fe341 | ITER: 25 START
2019-07-02 09:20:34.078 22830 INFO rally.task.runner [-] Task bbe6ddb0-7507-423d-bdad-f1b9af1fe341 | ITER: 2 END: OK
2019-07-02 09:20:34.082 22830 INFO rally.task.runner [-] Task bbe6ddb0-7507-423d-bdad-f1b9af1fe341 | ITER: 26 START
2019-07-02 09:20:34.344 22842 INFO rally.task.runner [-] Task bbe6ddb0-7507-423d-bdad-f1b9af1fe341 | ITER: 11 END: OK
2019-07-02 09:20:34.348 22842 INFO rally.task.runner [-] Task bbe6ddb0-7507-423d-bdad-f1b9af1fe341 | ITER: 27 START
2019-07-02 09:20:34.448 22832 INFO rally.task.runner [-] Task bbe6ddb0-7507-423d-bdad-f1b9af1fe341 | ITER: 7 END: OK
2019-07-02 09:20:34.451 22832 INFO rally.task.runner [-] Task bbe6ddb0-7507-423d-bdad-f1b9af1fe341 | ITER: 28 START
2019-07-02 09:20:34.549 22830 INFO rally.task.runner [-] Task bbe6ddb0-7507-423d-bdad-f1b9af1fe341 | ITER: 4 END: OK
2019-07-02 09:20:34.552 22830 INFO rally.task.runner [-] Task bbe6ddb0-7507-423d-bdad-f1b9af1fe341 | ITER: 29 START
2019-07-02 09:20:34.773 22829 INFO rally.task.runner [-] Task bbe6ddb0-7507-423d-bdad-f1b9af1fe341 | ITER: 1 END: OK
2019-07-02 09:20:34.778 22829 INFO rally.task.runner [-] Task bbe6ddb0-7507-423d-bdad-f1b9af1fe341 | ITER: 30 START
2019-07-02 09:20:34.785 22857 INFO rally.task.runner [-] Task bbe6ddb0-7507-423d-bdad-f1b9af1fe341 | ITER: 15 END: OK
2019-07-02 09:20:34.788 22857 INFO rally.task.runner [-] Task bbe6ddb0-7507-423d-bdad-f1b9af1fe341 | ITER: 31 START
2019-07-02 09:20:34.887 22831 INFO rally.task.runner [-] Task bbe6ddb0-7507-423d-bdad-f1b9af1fe341 | ITER: 5 END: OK
2019-07-02 09:20:34.890 22831 INFO rally.task.runner [-] Task bbe6ddb0-7507-423d-bdad-f1b9af1fe341 | ITER: 32 START
2019-07-02 09:20:34.908 22829 INFO rally.task.runner [-] Task bbe6ddb0-7507-423d-bdad-f1b9af1fe341 | ITER: 3 END: OK
2019-07-02 09:20:34.910 22829 INFO rally.task.runner [-] Task bbe6ddb0-7507-423d-bdad-f1b9af1fe341 | ITER: 33 START
2019-07-02 09:20:35.098 22850 INFO rally.task.runner [-] Task bbe6ddb0-7507-423d-bdad-f1b9af1fe341 | ITER: 13 END: OK
2019-07-02 09:20:35.102 22850 INFO rally.task.runner [-] Task bbe6ddb0-7507-423d-bdad-f1b9af1fe341 | ITER: 34 START
2019-07-02 09:20:35.211 22854 INFO rally.task.runner [-] Task bbe6ddb0-7507-423d-bdad-f1b9af1fe341 | ITER: 14 END: OK
2019-07-02 09:20:35.215 22854 INFO rally.task.runner [-] Task bbe6ddb0-7507-423d-bdad-f1b9af1fe341 | ITER: 35 START
2019-07-02 09:20:35.558 22871 INFO rally.task.runner [-] Task bbe6ddb0-7507-423d-bdad-f1b9af1fe341 | ITER: 19 END: OK
2019-07-02 09:20:35.562 22871 INFO rally.task.runner [-] Task bbe6ddb0-7507-423d-bdad-f1b9af1fe341 | ITER: 36 START
2019-07-02 09:20:35.567 22859 INFO rally.task.runner [-] Task bbe6ddb0-7507-423d-bdad-f1b9af1fe341 | ITER: 16 END: OK
2019-07-02 09:20:35.571 22859 INFO rally.task.runner [-] Task bbe6ddb0-7507-423d-bdad-f1b9af1fe341 | ITER: 37 START
2019-07-02 09:20:35.809 22870 INFO rally.task.runner [-] Task bbe6ddb0-7507-423d-bdad-f1b9af1fe341 | ITER: 18 END: OK
2019-07-02 09:20:35.812 22870 INFO rally.task.runner [-] Task bbe6ddb0-7507-423d-bdad-f1b9af1fe341 | ITER: 38 START
2019-07-02 09:20:35.892 22874 INFO rally.task.runner [-] Task bbe6ddb0-7507-423d-bdad-f1b9af1fe341 | ITER: 20 END: OK
2019-07-02 09:20:35.895 22874 INFO rally.task.runner [-] Task bbe6ddb0-7507-423d-bdad-f1b9af1fe341 | ITER: 39 START
2019-07-02 09:20:36.046 22869 INFO rally.task.runner [-] Task bbe6ddb0-7507-423d-bdad-f1b9af1fe341 | ITER: 17 END: OK
2019-07-02 09:20:36.049 22869 INFO rally.task.runner [-] Task bbe6ddb0-7507-423d-bdad-f1b9af1fe341 | ITER: 40 START
2019-07-02 09:20:36.256 22831 INFO rally.task.runner [-] Task bbe6ddb0-7507-423d-bdad-f1b9af1fe341 | ITER: 22 END: OK
2019-07-02 09:20:36.259 22831 INFO rally.task.runner [-] Task bbe6ddb0-7507-423d-bdad-f1b9af1fe341 | ITER: 41 START
2019-07-02 09:20:36.630 22838 INFO rally.task.runner [-] Task bbe6ddb0-7507-423d-bdad-f1b9af1fe341 | ITER: 21 END: OK
2019-07-02 09:20:36.633 22838 INFO rally.task.runner [-] Task bbe6ddb0-7507-423d-bdad-f1b9af1fe341 | ITER: 42 START
2019-07-02 09:20:36.969 22834 INFO rally.task.runner [-] Task bbe6ddb0-7507-423d-bdad-f1b9af1fe341 | ITER: 23 END: OK
2019-07-02 09:20:36.971 22834 INFO rally.task.runner [-] Task bbe6ddb0-7507-423d-bdad-f1b9af1fe341 | ITER: 43 START
2019-07-02 09:20:37.054 22830 INFO rally.task.runner [-] Task bbe6ddb0-7507-423d-bdad-f1b9af1fe341 | ITER: 29 END: OK
2019-07-02 09:20:37.057 22830 INFO rally.task.runner [-] Task bbe6ddb0-7507-423d-bdad-f1b9af1fe341 | ITER: 44 START
2019-07-02 09:20:37.213 22832 INFO rally.task.runner [-] Task bbe6ddb0-7507-423d-bdad-f1b9af1fe341 | ITER: 28 END: OK
2019-07-02 09:20:37.216 22832 INFO rally.task.runner [-] Task bbe6ddb0-7507-423d-bdad-f1b9af1fe341 | ITER: 45 START
2019-07-02 09:20:37.307 22846 INFO rally.task.runner [-] Task bbe6ddb0-7507-423d-bdad-f1b9af1fe341 | ITER: 24 END: OK
2019-07-02 09:20:37.310 22846 INFO rally.task.runner [-] Task bbe6ddb0-7507-423d-bdad-f1b9af1fe341 | ITER: 46 START
2019-07-02 09:20:37.693 22831 INFO rally.task.runner [-] Task bbe6ddb0-7507-423d-bdad-f1b9af1fe341 | ITER: 32 END: OK
2019-07-02 09:20:37.696 22831 INFO rally.task.runner [-] Task bbe6ddb0-7507-423d-bdad-f1b9af1fe341 | ITER: 47 START
2019-07-02 09:20:37.788 22854 INFO rally.task.runner [-] Task bbe6ddb0-7507-423d-bdad-f1b9af1fe341 | ITER: 35 END: OK
2019-07-02 09:20:37.791 22854 INFO rally.task.runner [-] Task bbe6ddb0-7507-423d-bdad-f1b9af1fe341 | ITER: 48 START
2019-07-02 09:20:37.819 22842 INFO rally.task.runner [-] Task bbe6ddb0-7507-423d-bdad-f1b9af1fe341 | ITER: 27 END: OK
2019-07-02 09:20:37.822 22842 INFO rally.task.runner [-] Task bbe6ddb0-7507-423d-bdad-f1b9af1fe341 | ITER: 49 START
2019-07-02 09:20:37.994 22850 INFO rally.task.runner [-] Task bbe6ddb0-7507-423d-bdad-f1b9af1fe341 | ITER: 34 END: OK
2019-07-02 09:20:37.997 22850 INFO rally.task.runner [-] Task bbe6ddb0-7507-423d-bdad-f1b9af1fe341 | ITER: 50 START
2019-07-02 09:20:38.095 22871 INFO rally.task.runner [-] Task bbe6ddb0-7507-423d-bdad-f1b9af1fe341 | ITER: 36 END: OK
2019-07-02 09:20:38.098 22871 INFO rally.task.runner [-] Task bbe6ddb0-7507-423d-bdad-f1b9af1fe341 | ITER: 51 START
2019-07-02 09:20:38.102 22829 INFO rally.task.runner [-] Task bbe6ddb0-7507-423d-bdad-f1b9af1fe341 | ITER: 30 END: OK
2019-07-02 09:20:38.106 22829 INFO rally.task.runner [-] Task bbe6ddb0-7507-423d-bdad-f1b9af1fe341 | ITER: 52 START
2019-07-02 09:20:38.196 22874 INFO rally.task.runner [-] Task bbe6ddb0-7507-423d-bdad-f1b9af1fe341 | ITER: 39 END: OK
2019-07-02 09:20:38.199 22874 INFO rally.task.runner [-] Task bbe6ddb0-7507-423d-bdad-f1b9af1fe341 | ITER: 53 START
2019-07-02 09:20:38.501 22832 INFO rally.task.runner [-] Task bbe6ddb0-7507-423d-bdad-f1b9af1fe341 | ITER: 25 END: OK
2019-07-02 09:20:38.504 22832 INFO rally.task.runner [-] Task bbe6ddb0-7507-423d-bdad-f1b9af1fe341 | ITER: 54 START
2019-07-02 09:20:38.540 22838 INFO rally.task.runner [-] Task bbe6ddb0-7507-423d-bdad-f1b9af1fe341 | ITER: 42 END: OK
2019-07-02 09:20:38.543 22838 INFO rally.task.runner [-] Task bbe6ddb0-7507-423d-bdad-f1b9af1fe341 | ITER: 55 START
2019-07-02 09:20:38.886 22829 INFO rally.task.runner [-] Task bbe6ddb0-7507-423d-bdad-f1b9af1fe341 | ITER: 33 END: OK
2019-07-02 09:20:38.890 22829 INFO rally.task.runner [-] Task bbe6ddb0-7507-423d-bdad-f1b9af1fe341 | ITER: 56 START
2019-07-02 09:20:38.894 22834 INFO rally.task.runner [-] Task bbe6ddb0-7507-423d-bdad-f1b9af1fe341 | ITER: 43 END: OK
2019-07-02 09:20:38.897 22834 INFO rally.task.runner [-] Task bbe6ddb0-7507-423d-bdad-f1b9af1fe341 | ITER: 57 START
2019-07-02 09:20:39.004 22869 INFO rally.task.runner [-] Task bbe6ddb0-7507-423d-bdad-f1b9af1fe341 | ITER: 40 END: OK
2019-07-02 09:20:39.007 22869 INFO rally.task.runner [-] Task bbe6ddb0-7507-423d-bdad-f1b9af1fe341 | ITER: 58 START
2019-07-02 09:20:39.016 22859 INFO rally.task.runner [-] Task bbe6ddb0-7507-423d-bdad-f1b9af1fe341 | ITER: 37 END: OK
2019-07-02 09:20:39.020 22859 INFO rally.task.runner [-] Task bbe6ddb0-7507-423d-bdad-f1b9af1fe341 | ITER: 59 START
2019-07-02 09:20:39.026 22870 INFO rally.task.runner [-] Task bbe6ddb0-7507-423d-bdad-f1b9af1fe341 | ITER: 38 END: OK
2019-07-02 09:20:39.029 22870 INFO rally.task.runner [-] Task bbe6ddb0-7507-423d-bdad-f1b9af1fe341 | ITER: 60 START
2019-07-02 09:20:39.080 22857 INFO rally.task.runner [-] Task bbe6ddb0-7507-423d-bdad-f1b9af1fe341 | ITER: 31 END: OK
2019-07-02 09:20:39.083 22857 INFO rally.task.runner [-] Task bbe6ddb0-7507-423d-bdad-f1b9af1fe341 | ITER: 61 START
2019-07-02 09:20:39.105 22831 INFO rally.task.runner [-] Task bbe6ddb0-7507-423d-bdad-f1b9af1fe341 | ITER: 41 END: OK
2019-07-02 09:20:39.108 22831 INFO rally.task.runner [-] Task bbe6ddb0-7507-423d-bdad-f1b9af1fe341 | ITER: 62 START
2019-07-02 09:20:39.312 22830 INFO rally.task.runner [-] Task bbe6ddb0-7507-423d-bdad-f1b9af1fe341 | ITER: 26 END: OK
2019-07-02 09:20:39.315 22830 INFO rally.task.runner [-] Task bbe6ddb0-7507-423d-bdad-f1b9af1fe341 | ITER: 63 START
2019-07-02 09:20:39.559 22831 INFO rally.task.runner [-] Task bbe6ddb0-7507-423d-bdad-f1b9af1fe341 | ITER: 47 END: OK
2019-07-02 09:20:39.559 22854 INFO rally.task.runner [-] Task bbe6ddb0-7507-423d-bdad-f1b9af1fe341 | ITER: 48 END: OK
2019-07-02 09:20:39.562 22831 INFO rally.task.runner [-] Task bbe6ddb0-7507-423d-bdad-f1b9af1fe341 | ITER: 64 START
2019-07-02 09:20:39.562 22854 INFO rally.task.runner [-] Task bbe6ddb0-7507-423d-bdad-f1b9af1fe341 | ITER: 65 START
2019-07-02 09:20:39.640 22846 INFO rally.task.runner [-] Task bbe6ddb0-7507-423d-bdad-f1b9af1fe341 | ITER: 46 END: OK
2019-07-02 09:20:39.643 22846 INFO rally.task.runner [-] Task bbe6ddb0-7507-423d-bdad-f1b9af1fe341 | ITER: 66 START
2019-07-02 09:20:39.843 22832 INFO rally.task.runner [-] Task bbe6ddb0-7507-423d-bdad-f1b9af1fe341 | ITER: 45 END: OK
2019-07-02 09:20:39.847 22832 INFO rally.task.runner [-] Task bbe6ddb0-7507-423d-bdad-f1b9af1fe341 | ITER: 67 START
2019-07-02 09:20:39.886 22830 INFO rally.task.runner [-] Task bbe6ddb0-7507-423d-bdad-f1b9af1fe341 | ITER: 44 END: OK
2019-07-02 09:20:39.889 22830 INFO rally.task.runner [-] Task bbe6ddb0-7507-423d-bdad-f1b9af1fe341 | ITER: 68 START
2019-07-02 09:20:39.989 22871 INFO rally.task.runner [-] Task bbe6ddb0-7507-423d-bdad-f1b9af1fe341 | ITER: 51 END: OK
2019-07-02 09:20:39.992 22871 INFO rally.task.runner [-] Task bbe6ddb0-7507-423d-bdad-f1b9af1fe341 | ITER: 69 START
2019-07-02 09:20:40.176 22829 INFO rally.task.runner [-] Task bbe6ddb0-7507-423d-bdad-f1b9af1fe341 | ITER: 52 END: OK
2019-07-02 09:20:40.179 22829 INFO rally.task.runner [-] Task bbe6ddb0-7507-423d-bdad-f1b9af1fe341 | ITER: 70 START
2019-07-02 09:20:40.347 22842 INFO rally.task.runner [-] Task bbe6ddb0-7507-423d-bdad-f1b9af1fe341 | ITER: 49 END: OK
2019-07-02 09:20:40.350 22842 INFO rally.task.runner [-] Task bbe6ddb0-7507-423d-bdad-f1b9af1fe341 | ITER: 71 START
2019-07-02 09:20:40.467 22850 INFO rally.task.runner [-] Task bbe6ddb0-7507-423d-bdad-f1b9af1fe341 | ITER: 50 END: OK
2019-07-02 09:20:40.470 22850 INFO rally.task.runner [-] Task bbe6ddb0-7507-423d-bdad-f1b9af1fe341 | ITER: 72 START
2019-07-02 09:20:40.474 22874 INFO rally.task.runner [-] Task bbe6ddb0-7507-423d-bdad-f1b9af1fe341 | ITER: 53 END: OK
2019-07-02 09:20:40.477 22874 INFO rally.task.runner [-] Task bbe6ddb0-7507-423d-bdad-f1b9af1fe341 | ITER: 73 START
2019-07-02 09:20:40.651 22832 INFO rally.task.runner [-] Task bbe6ddb0-7507-423d-bdad-f1b9af1fe341 | ITER: 54 END: OK
2019-07-02 09:20:40.654 22832 INFO rally.task.runner [-] Task bbe6ddb0-7507-423d-bdad-f1b9af1fe341 | ITER: 74 START
2019-07-02 09:20:41.100 22838 INFO rally.task.runner [-] Task bbe6ddb0-7507-423d-bdad-f1b9af1fe341 | ITER: 55 END: OK
2019-07-02 09:20:41.103 22838 INFO rally.task.runner [-] Task bbe6ddb0-7507-423d-bdad-f1b9af1fe341 | ITER: 75 START
2019-07-02 09:20:42.234 22859 INFO rally.task.runner [-] Task bbe6ddb0-7507-423d-bdad-f1b9af1fe341 | ITER: 59 END: OK
2019-07-02 09:20:42.234 22869 INFO rally.task.runner [-] Task bbe6ddb0-7507-423d-bdad-f1b9af1fe341 | ITER: 58 END: OK
2019-07-02 09:20:42.236 22834 INFO rally.task.runner [-] Task bbe6ddb0-7507-423d-bdad-f1b9af1fe341 | ITER: 57 END: OK
2019-07-02 09:20:42.238 22869 INFO rally.task.runner [-] Task bbe6ddb0-7507-423d-bdad-f1b9af1fe341 | ITER: 77 START
2019-07-02 09:20:42.238 22829 INFO rally.task.runner [-] Task bbe6ddb0-7507-423d-bdad-f1b9af1fe341 | ITER: 56 END: OK
2019-07-02 09:20:42.238 22859 INFO rally.task.runner [-] Task bbe6ddb0-7507-423d-bdad-f1b9af1fe341 | ITER: 76 START
2019-07-02 09:20:42.239 22834 INFO rally.task.runner [-] Task bbe6ddb0-7507-423d-bdad-f1b9af1fe341 | ITER: 78 START
2019-07-02 09:20:42.241 22829 INFO rally.task.runner [-] Task bbe6ddb0-7507-423d-bdad-f1b9af1fe341 | ITER: 79 START
2019-07-02 09:20:42.278 22870 INFO rally.task.runner [-] Task bbe6ddb0-7507-423d-bdad-f1b9af1fe341 | ITER: 60 END: OK
2019-07-02 09:20:42.281 22870 INFO rally.task.runner [-] Task bbe6ddb0-7507-423d-bdad-f1b9af1fe341 | ITER: 80 START
2019-07-02 09:20:42.443 22831 INFO rally.task.runner [-] Task bbe6ddb0-7507-423d-bdad-f1b9af1fe341 | ITER: 64 END: OK
2019-07-02 09:20:42.446 22831 INFO rally.task.runner [-] Task bbe6ddb0-7507-423d-bdad-f1b9af1fe341 | ITER: 81 START
2019-07-02 09:20:42.450 22857 INFO rally.task.runner [-] Task bbe6ddb0-7507-423d-bdad-f1b9af1fe341 | ITER: 61 END: OK
2019-07-02 09:20:42.453 22857 INFO rally.task.runner [-] Task bbe6ddb0-7507-423d-bdad-f1b9af1fe341 | ITER: 82 START
2019-07-02 09:20:42.456 22831 INFO rally.task.runner [-] Task bbe6ddb0-7507-423d-bdad-f1b9af1fe341 | ITER: 62 END: OK
2019-07-02 09:20:42.460 22831 INFO rally.task.runner [-] Task bbe6ddb0-7507-423d-bdad-f1b9af1fe341 | ITER: 83 START
2019-07-02 09:20:42.474 22829 INFO rally.task.runner [-] Task bbe6ddb0-7507-423d-bdad-f1b9af1fe341 | ITER: 70 END: OK
2019-07-02 09:20:42.477 22829 INFO rally.task.runner [-] Task bbe6ddb0-7507-423d-bdad-f1b9af1fe341 | ITER: 84 START
2019-07-02 09:20:42.504 22830 INFO rally.task.runner [-] Task bbe6ddb0-7507-423d-bdad-f1b9af1fe341 | ITER: 63 END: OK
2019-07-02 09:20:42.507 22830 INFO rally.task.runner [-] Task bbe6ddb0-7507-423d-bdad-f1b9af1fe341 | ITER: 85 START
2019-07-02 09:20:42.886 22854 INFO rally.task.runner [-] Task bbe6ddb0-7507-423d-bdad-f1b9af1fe341 | ITER: 65 END: OK
2019-07-02 09:20:42.889 22854 INFO rally.task.runner [-] Task bbe6ddb0-7507-423d-bdad-f1b9af1fe341 | ITER: 86 START
2019-07-02 09:20:42.900 22846 INFO rally.task.runner [-] Task bbe6ddb0-7507-423d-bdad-f1b9af1fe341 | ITER: 66 END: OK
2019-07-02 09:20:42.903 22846 INFO rally.task.runner [-] Task bbe6ddb0-7507-423d-bdad-f1b9af1fe341 | ITER: 87 START
2019-07-02 09:20:43.251 22842 INFO rally.task.runner [-] Task bbe6ddb0-7507-423d-bdad-f1b9af1fe341 | ITER: 71 END: OK
2019-07-02 09:20:43.254 22842 INFO rally.task.runner [-] Task bbe6ddb0-7507-423d-bdad-f1b9af1fe341 | ITER: 88 START
2019-07-02 09:20:43.258 22830 INFO rally.task.runner [-] Task bbe6ddb0-7507-423d-bdad-f1b9af1fe341 | ITER: 68 END: OK
2019-07-02 09:20:43.261 22830 INFO rally.task.runner [-] Task bbe6ddb0-7507-423d-bdad-f1b9af1fe341 | ITER: 89 START
2019-07-02 09:20:43.277 22874 INFO rally.task.runner [-] Task bbe6ddb0-7507-423d-bdad-f1b9af1fe341 | ITER: 73 END: OK
2019-07-02 09:20:43.280 22874 INFO rally.task.runner [-] Task bbe6ddb0-7507-423d-bdad-f1b9af1fe341 | ITER: 90 START
2019-07-02 09:20:43.288 22838 INFO rally.task.runner [-] Task bbe6ddb0-7507-423d-bdad-f1b9af1fe341 | ITER: 75 END: OK
2019-07-02 09:20:43.291 22838 INFO rally.task.runner [-] Task bbe6ddb0-7507-423d-bdad-f1b9af1fe341 | ITER: 91 START
2019-07-02 09:20:43.549 22832 INFO rally.task.runner [-] Task bbe6ddb0-7507-423d-bdad-f1b9af1fe341 | ITER: 67 END: OK
2019-07-02 09:20:43.553 22832 INFO rally.task.runner [-] Task bbe6ddb0-7507-423d-bdad-f1b9af1fe341 | ITER: 92 START
2019-07-02 09:20:43.682 22871 INFO rally.task.runner [-] Task bbe6ddb0-7507-423d-bdad-f1b9af1fe341 | ITER: 69 END: OK
2019-07-02 09:20:43.685 22871 INFO rally.task.runner [-] Task bbe6ddb0-7507-423d-bdad-f1b9af1fe341 | ITER: 93 START
2019-07-02 09:20:44.054 22832 INFO rally.task.runner [-] Task bbe6ddb0-7507-423d-bdad-f1b9af1fe341 | ITER: 74 END: OK
2019-07-02 09:20:44.057 22832 INFO rally.task.runner [-] Task bbe6ddb0-7507-423d-bdad-f1b9af1fe341 | ITER: 94 START
2019-07-02 09:20:44.249 22850 INFO rally.task.runner [-] Task bbe6ddb0-7507-423d-bdad-f1b9af1fe341 | ITER: 72 END: OK
2019-07-02 09:20:44.252 22850 INFO rally.task.runner [-] Task bbe6ddb0-7507-423d-bdad-f1b9af1fe341 | ITER: 95 START
2019-07-02 09:20:44.719 22869 INFO rally.task.runner [-] Task bbe6ddb0-7507-423d-bdad-f1b9af1fe341 | ITER: 77 END: OK
2019-07-02 09:20:44.722 22869 INFO rally.task.runner [-] Task bbe6ddb0-7507-423d-bdad-f1b9af1fe341 | ITER: 96 START
2019-07-02 09:20:45.194 22870 INFO rally.task.runner [-] Task bbe6ddb0-7507-423d-bdad-f1b9af1fe341 | ITER: 80 END: OK
2019-07-02 09:20:45.195 22831 INFO rally.task.runner [-] Task bbe6ddb0-7507-423d-bdad-f1b9af1fe341 | ITER: 83 END: OK
2019-07-02 09:20:45.198 22870 INFO rally.task.runner [-] Task bbe6ddb0-7507-423d-bdad-f1b9af1fe341 | ITER: 97 START
2019-07-02 09:20:45.198 22831 INFO rally.task.runner [-] Task bbe6ddb0-7507-423d-bdad-f1b9af1fe341 | ITER: 98 START
2019-07-02 09:20:45.421 22854 INFO rally.task.runner [-] Task bbe6ddb0-7507-423d-bdad-f1b9af1fe341 | ITER: 86 END: OK
2019-07-02 09:20:45.424 22854 INFO rally.task.runner [-] Task bbe6ddb0-7507-423d-bdad-f1b9af1fe341 | ITER: 99 START
2019-07-02 09:20:45.557 22846 INFO rally.task.runner [-] Task bbe6ddb0-7507-423d-bdad-f1b9af1fe341 | ITER: 87 END: OK
2019-07-02 09:20:45.560 22846 INFO rally.task.runner [-] Task bbe6ddb0-7507-423d-bdad-f1b9af1fe341 | ITER: 100 START
2019-07-02 09:20:45.771 22829 INFO rally.task.runner [-] Task bbe6ddb0-7507-423d-bdad-f1b9af1fe341 | ITER: 79 END: OK
2019-07-02 09:20:45.846 22859 INFO rally.task.runner [-] Task bbe6ddb0-7507-423d-bdad-f1b9af1fe341 | ITER: 76 END: OK
2019-07-02 09:20:45.853 22830 INFO rally.task.runner [-] Task bbe6ddb0-7507-423d-bdad-f1b9af1fe341 | ITER: 89 END: OK
2019-07-02 09:20:46.032 22874 INFO rally.task.runner [-] Task bbe6ddb0-7507-423d-bdad-f1b9af1fe341 | ITER: 90 END: OK
2019-07-02 09:20:46.151 22857 INFO rally.task.runner [-] Task bbe6ddb0-7507-423d-bdad-f1b9af1fe341 | ITER: 82 END: OK
2019-07-02 09:20:46.301 22842 INFO rally.task.runner [-] Task bbe6ddb0-7507-423d-bdad-f1b9af1fe341 | ITER: 88 END: OK
2019-07-02 09:20:46.450 22831 INFO rally.task.runner [-] Task bbe6ddb0-7507-423d-bdad-f1b9af1fe341 | ITER: 81 END: OK
2019-07-02 09:20:46.472 22838 INFO rally.task.runner [-] Task bbe6ddb0-7507-423d-bdad-f1b9af1fe341 | ITER: 91 END: OK
2019-07-02 09:20:46.537 22871 INFO rally.task.runner [-] Task bbe6ddb0-7507-423d-bdad-f1b9af1fe341 | ITER: 93 END: OK
2019-07-02 09:20:46.542 22832 INFO rally.task.runner [-] Task bbe6ddb0-7507-423d-bdad-f1b9af1fe341 | ITER: 92 END: OK
2019-07-02 09:20:46.697 22830 INFO rally.task.runner [-] Task bbe6ddb0-7507-423d-bdad-f1b9af1fe341 | ITER: 85 END: OK
2019-07-02 09:20:46.702 22834 INFO rally.task.runner [-] Task bbe6ddb0-7507-423d-bdad-f1b9af1fe341 | ITER: 78 END: OK
2019-07-02 09:20:46.906 22869 INFO rally.task.runner [-] Task bbe6ddb0-7507-423d-bdad-f1b9af1fe341 | ITER: 96 END: OK
2019-07-02 09:20:46.943 22832 INFO rally.task.runner [-] Task bbe6ddb0-7507-423d-bdad-f1b9af1fe341 | ITER: 94 END: OK
2019-07-02 09:20:46.993 22850 INFO rally.task.runner [-] Task bbe6ddb0-7507-423d-bdad-f1b9af1fe341 | ITER: 95 END: OK
2019-07-02 09:20:47.018 22846 INFO rally.task.runner [-] Task bbe6ddb0-7507-423d-bdad-f1b9af1fe341 | ITER: 100 END: OK
2019-07-02 09:20:47.042 22829 INFO rally.task.runner [-] Task bbe6ddb0-7507-423d-bdad-f1b9af1fe341 | ITER: 84 END: OK
2019-07-02 09:20:47.057 22854 INFO rally.task.runner [-] Task bbe6ddb0-7507-423d-bdad-f1b9af1fe341 | ITER: 99 END: OK
2019-07-02 09:20:47.345 22870 INFO rally.task.runner [-] Task bbe6ddb0-7507-423d-bdad-f1b9af1fe341 | ITER: 97 END: OK
2019-07-02 09:20:47.763 22831 INFO rally.task.runner [-] Task bbe6ddb0-7507-423d-bdad-f1b9af1fe341 | ITER: 98 END: OK
2019-07-02 09:20:47.784 22705 INFO rally.task.context [-] Task bbe6ddb0-7507-423d-bdad-f1b9af1fe341 | Context cleanup@openstack cleanup() started
2019-07-02 09:20:47.788 22705 RALLYDEBUG rally_openstack.cleanup.manager [-] Cleaning up neutron vip objects
2019-07-02 09:20:48.421 22705 RALLYDEBUG rally_openstack.cleanup.manager [-] Cleaning up neutron health_monitor objects
2019-07-02 09:20:49.041 22705 RALLYDEBUG rally_openstack.cleanup.manager [-] Cleaning up neutron pool objects
2019-07-02 09:20:49.680 22705 RALLYDEBUG rally_openstack.cleanup.manager [-] Cleaning up neutron loadbalancer objects
2019-07-02 09:20:50.297 22705 RALLYDEBUG rally_openstack.cleanup.manager [-] Cleaning up neutron floatingip objects
2019-07-02 09:20:50.967 22705 RALLYDEBUG rally_openstack.cleanup.manager [-] Cleaning up neutron port objects
2019-07-02 09:20:51.617 22705 RALLYDEBUG rally_openstack.cleanup.manager [-] Cleaning up neutron subnet objects
2019-07-02 09:20:52.339 22705 RALLYDEBUG rally_openstack.cleanup.manager [-] Cleaning up neutron network objects
2019-07-02 09:20:53.307 22705 RALLYDEBUG rally_openstack.cleanup.manager [-] Deleting neutron.network object s_rally_ab2ffbf9_vAdxXtpD (1eeefe14-6061-4421-b39a-94bfeba3be64)
2019-07-02 09:20:53.308 22705 RALLYDEBUG rally_openstack.cleanup.manager [-] Deleting neutron.network object s_rally_ab2ffbf9_tMrRtOvZ (11c8bfab-47ff-44e4-8a9d-fb236f8db2b1)
2019-07-02 09:20:53.308 22705 RALLYDEBUG rally_openstack.cleanup.manager [-] Deleting neutron.network object s_rally_ab2ffbf9_nyGlUIHI (05810636-dc72-415a-8b91-3b700cde9952)
2019-07-02 09:20:53.309 22705 RALLYDEBUG rally_openstack.cleanup.manager [-] Deleting neutron.network object s_rally_ab2ffbf9_wMCUNikO (29ba5ef9-3720-4d31-a500-ea33920f91bd)
2019-07-02 09:20:53.309 22705 RALLYDEBUG rally_openstack.cleanup.manager [-] Deleting neutron.network object s_rally_ab2ffbf9_FTrvL5GN (30e140cf-3dde-4e9a-b09d-c6f0d84b184e)
2019-07-02 09:20:53.310 22705 RALLYDEBUG rally_openstack.cleanup.manager [-] Deleting neutron.network object s_rally_ab2ffbf9_v59Yrbnq (0f0ac02e-32bc-4043-9567-265ab9d6cb46)
2019-07-02 09:20:53.311 22705 RALLYDEBUG rally_openstack.cleanup.manager [-] Deleting neutron.network object s_rally_ab2ffbf9_gDm7YFkf (1dad8368-9e07-4698-a64f-b5c2d4906cac)
2019-07-02 09:20:53.312 22705 RALLYDEBUG rally_openstack.cleanup.manager [-] Deleting neutron.network object s_rally_ab2ffbf9_vnlPYl2m (21310f46-385b-4dd9-b210-60da6246b9c6)
2019-07-02 09:20:53.313 22705 RALLYDEBUG rally_openstack.cleanup.manager [-] Deleting neutron.network object s_rally_ab2ffbf9_k0C9kr7Z (29a5d715-31b4-4734-b43c-f60341895981)
2019-07-02 09:20:53.317 22705 RALLYDEBUG rally_openstack.cleanup.manager [-] Deleting neutron.network object s_rally_ab2ffbf9_OcUuQrBM (11e2e61c-893d-454a-9017-8b8984bfa05a)
2019-07-02 09:20:53.326 22705 RALLYDEBUG rally_openstack.cleanup.manager [-] Deleting neutron.network object s_rally_ab2ffbf9_M297MV3m (0eac57d1-839a-4666-bfeb-d32d696bf093)
2019-07-02 09:20:53.335 22705 RALLYDEBUG rally_openstack.cleanup.manager [-] Deleting neutron.network object s_rally_ab2ffbf9_8MW4QzEw (26513682-4f9e-4178-8318-17903644e6e6)
2019-07-02 09:20:53.336 22705 RALLYDEBUG rally_openstack.cleanup.manager [-] Deleting neutron.network object s_rally_ab2ffbf9_ZdF8kdng (36160680-009d-41cf-8656-85c0935f946f)
2019-07-02 09:20:53.341 22705 RALLYDEBUG rally_openstack.cleanup.manager [-] Deleting neutron.network object s_rally_ab2ffbf9_I9fDf8m8 (1f265b98-cc4e-4482-a568-c5962ddd6970)
2019-07-02 09:20:53.346 22705 RALLYDEBUG rally_openstack.cleanup.manager [-] Deleting neutron.network object s_rally_ab2ffbf9_NLniL2NU (31d0f721-644e-4d23-af49-102bebce98b6)
2019-07-02 09:20:53.348 22705 RALLYDEBUG rally_openstack.cleanup.manager [-] Deleting neutron.network object s_rally_ab2ffbf9_GcS625jf (370db4eb-333b-405c-818d-8f455cd777f7)
2019-07-02 09:20:53.348 22705 RALLYDEBUG rally_openstack.cleanup.manager [-] Deleting neutron.network object s_rally_ab2ffbf9_qixUuKEW (3f22c310-2d63-4b0f-a730-f3a66e99fe7c)
2019-07-02 09:20:53.354 22705 RALLYDEBUG rally_openstack.cleanup.manager [-] Deleting neutron.network object s_rally_ab2ffbf9_sC4yANTd (3d221316-7f8f-434e-8d2d-465825682fd7)
2019-07-02 09:20:53.358 22705 RALLYDEBUG rally_openstack.cleanup.manager [-] Deleting neutron.network object s_rally_ab2ffbf9_wFHy6fVJ (2a9e5523-7efc-456c-8001-0bc8b805841b)
2019-07-02 09:20:53.359 22705 RALLYDEBUG rally_openstack.cleanup.manager [-] Deleting neutron.network object s_rally_ab2ffbf9_BNnBp0XM (3bff0f66-e4d9-4be7-a06c-0dab9346d385)
2019-07-02 09:20:56.992 22705 RALLYDEBUG rally_openstack.cleanup.manager [-] Deleting neutron.network object s_rally_ab2ffbf9_mNUBIHMN (4609dafd-e1b5-44e7-82f5-7353e2002ebb)
2019-07-02 09:20:57.084 22705 RALLYDEBUG rally_openstack.cleanup.manager [-] Deleting neutron.network object s_rally_ab2ffbf9_3d7ILaIB (49d8141a-1051-4daa-aaea-6d954a2711b3)
2019-07-02 09:20:57.374 22705 RALLYDEBUG rally_openstack.cleanup.manager [-] Deleting neutron.network object s_rally_ab2ffbf9_9YHNoJo5 (4e37637f-debb-4a9a-ab19-c9d3f685b1e5)
2019-07-02 09:20:57.385 22705 RALLYDEBUG rally_openstack.cleanup.manager [-] Deleting neutron.network object s_rally_ab2ffbf9_lxEXeWTB (537809a9-000f-43ef-8395-65f9e580be52)
2019-07-02 09:20:57.403 22705 RALLYDEBUG rally_openstack.cleanup.manager [-] Deleting neutron.network object s_rally_ab2ffbf9_Qgri9Mjv (58c8f8d8-c98a-4d1f-88c9-a5d6bf05701f)
2019-07-02 09:20:57.405 22705 RALLYDEBUG rally_openstack.cleanup.manager [-] Deleting neutron.network object s_rally_ab2ffbf9_sfiSgE7u (5a48b98a-3c30-44fc-9e77-bc29127cfef6)
2019-07-02 09:20:57.546 22705 RALLYDEBUG rally_openstack.cleanup.manager [-] Deleting neutron.network object s_rally_ab2ffbf9_HEI9Wrkm (5af043aa-1109-41a5-bb00-f944251a4478)
2019-07-02 09:20:57.682 22705 RALLYDEBUG rally_openstack.cleanup.manager [-] Deleting neutron.network object s_rally_ab2ffbf9_SgARq0V7 (5cf2eea8-cb20-4775-9ebe-f312628069db)
2019-07-02 09:20:57.863 22705 RALLYDEBUG rally_openstack.cleanup.manager [-] Deleting neutron.network object s_rally_ab2ffbf9_n4g9Gi2q (5f05d0a2-df19-4a46-ada9-c50457048e7e)
2019-07-02 09:20:57.902 22705 RALLYDEBUG rally_openstack.cleanup.manager [-] Deleting neutron.network object s_rally_ab2ffbf9_3G69TYZ0 (5f6eec78-42c2-4f81-997a-35b913e35232)
2019-07-02 09:20:57.991 22705 RALLYDEBUG rally_openstack.cleanup.manager [-] Deleting neutron.network object s_rally_ab2ffbf9_sdARXHjG (63152ba8-20f0-45a7-8fbc-bd1fb63a8722)
2019-07-02 09:20:58.302 22705 RALLYDEBUG rally_openstack.cleanup.manager [-] Deleting neutron.network object s_rally_ab2ffbf9_RUUUR2YZ (657cec15-419e-49af-a817-18e248b8ac16)
2019-07-02 09:20:58.315 22705 RALLYDEBUG rally_openstack.cleanup.manager [-] Deleting neutron.network object s_rally_ab2ffbf9_V7RoG4vK (665c8c92-a55d-4004-9af4-e59028fb8621)
2019-07-02 09:20:58.640 22705 RALLYDEBUG rally_openstack.cleanup.manager [-] Deleting neutron.network object s_rally_ab2ffbf9_60VDC9t3 (66e7d68a-e3e7-4326-8b46-5efd7fc23a8e)
2019-07-02 09:20:58.676 22705 RALLYDEBUG rally_openstack.cleanup.manager [-] Deleting neutron.network object s_rally_ab2ffbf9_VJtOEQwg (691cc0ca-95c1-4055-8103-f99edcc775dd)
2019-07-02 09:20:58.690 22705 RALLYDEBUG rally_openstack.cleanup.manager [-] Deleting neutron.network object s_rally_ab2ffbf9_MwsQ5AJc (6ec4be30-f6c5-42bd-a9cb-fa2fcd33273b)
2019-07-02 09:20:59.364 22705 RALLYDEBUG rally_openstack.cleanup.manager [-] Deleting neutron.network object s_rally_ab2ffbf9_hjRNYlao (716b5fcc-7bb3-4fb3-a650-958582b364ea)
2019-07-02 09:20:59.546 22705 RALLYDEBUG rally_openstack.cleanup.manager [-] Deleting neutron.network object s_rally_ab2ffbf9_mYtm2R2j (718fae5e-346a-46a6-beb6-7813facbd0bd)
2019-07-02 09:20:59.554 22705 RALLYDEBUG rally_openstack.cleanup.manager [-] Deleting neutron.network object s_rally_ab2ffbf9_vXDXFClb (7417b9d3-0953-4a4c-9ad4-8b6bd83a5dda)
2019-07-02 09:20:59.620 22705 RALLYDEBUG rally_openstack.cleanup.manager [-] Deleting neutron.network object s_rally_ab2ffbf9_N4fVbFyT (749635a0-80ce-4349-a4e6-0577423ac754)
2019-07-02 09:21:00.214 22705 RALLYDEBUG rally_openstack.cleanup.manager [-] Deleting neutron.network object s_rally_ab2ffbf9_eKBRXX0d (7ba9ba3d-bd1b-4693-8d90-eabb4c6146f2)
2019-07-02 09:21:00.281 22705 RALLYDEBUG rally_openstack.cleanup.manager [-] Deleting neutron.network object s_rally_ab2ffbf9_LVJtExXU (7c238ab8-92e0-4ca6-90ee-c255c905e021)
2019-07-02 09:21:00.356 22705 RALLYDEBUG rally_openstack.cleanup.manager [-] Deleting neutron.network object s_rally_ab2ffbf9_uY7pXj87 (7df2b085-dfca-46d3-a9b0-9abec40b4d50)
2019-07-02 09:21:00.496 22705 RALLYDEBUG rally_openstack.cleanup.manager [-] Deleting neutron.network object s_rally_ab2ffbf9_ajHbXsCk (80a14bce-d248-43b3-9eec-2e6d86dfd0cf)
2019-07-02 09:21:00.766 22705 RALLYDEBUG rally_openstack.cleanup.manager [-] Deleting neutron.network object s_rally_ab2ffbf9_CT3ipINl (8511f87a-e4be-4f89-9e00-86c37c985a9a)
2019-07-02 09:21:00.971 22705 RALLYDEBUG rally_openstack.cleanup.manager [-] Deleting neutron.network object s_rally_ab2ffbf9_n4wvbeLI (8777f0ce-a291-4ae0-bc6a-fe34c35a0695)
2019-07-02 09:21:01.124 22705 RALLYDEBUG rally_openstack.cleanup.manager [-] Deleting neutron.network object s_rally_ab2ffbf9_6H8eWGpR (8ae77272-ee7e-4ec4-93ed-c8ae2e812e69)
2019-07-02 09:21:01.390 22705 RALLYDEBUG rally_openstack.cleanup.manager [-] Deleting neutron.network object s_rally_ab2ffbf9_qtfgBPEw (8e111fc9-c6b7-4836-ad99-bd961d51d462)
2019-07-02 09:21:01.397 22705 RALLYDEBUG rally_openstack.cleanup.manager [-] Deleting neutron.network object s_rally_ab2ffbf9_MGrpv7O9 (911ba8c1-3243-458c-8517-268327cc496f)
2019-07-02 09:21:01.752 22705 RALLYDEBUG rally_openstack.cleanup.manager [-] Deleting neutron.network object s_rally_ab2ffbf9_4hHhT6Un (97109516-50fb-4343-8d91-b3d015729bcf)
2019-07-02 09:21:01.753 22705 RALLYDEBUG rally_openstack.cleanup.manager [-] Deleting neutron.network object s_rally_ab2ffbf9_IxKzsG8P (9308511e-ffe2-4e58-b076-96261a04eac1)
2019-07-02 09:21:01.830 22705 RALLYDEBUG rally_openstack.cleanup.manager [-] Deleting neutron.network object s_rally_ab2ffbf9_4mzz9Tbp (9b0a343f-0620-4ff2-8f2c-4d0d52f30f44)
2019-07-02 09:21:01.893 22705 RALLYDEBUG rally_openstack.cleanup.manager [-] Deleting neutron.network object s_rally_ab2ffbf9_B56Eibbh (9c9c47cc-4a29-4390-a626-1e8f98735fc9)
2019-07-02 09:21:02.185 22705 RALLYDEBUG rally_openstack.cleanup.manager [-] Deleting neutron.network object s_rally_ab2ffbf9_qPLKAII4 (a21f7eea-3966-46a0-a0b0-f0f5792246eb)
2019-07-02 09:21:02.537 22705 RALLYDEBUG rally_openstack.cleanup.manager [-] Deleting neutron.network object s_rally_ab2ffbf9_6IesR7r1 (a2306fe4-82d6-4625-b201-18fce0c4e035)
2019-07-02 09:21:02.626 22705 RALLYDEBUG rally_openstack.cleanup.manager [-] Deleting neutron.network object s_rally_ab2ffbf9_2pVOkwGJ (a62d2a5e-a960-450a-b1a7-9db3db06874d)
2019-07-02 09:21:02.650 22705 RALLYDEBUG rally_openstack.cleanup.manager [-] Deleting neutron.network object s_rally_ab2ffbf9_ap3ZfOJc (a7296c09-c9e2-4660-a5fe-36f67b14ca7a)
2019-07-02 09:21:03.143 22705 RALLYDEBUG rally_openstack.cleanup.manager [-] Deleting neutron.network object s_rally_ab2ffbf9_jKUI6Hz3 (ad93b53a-a36c-497b-a4c0-e278a1d42d53)
2019-07-02 09:21:04.023 22705 RALLYDEBUG rally_openstack.cleanup.manager [-] Deleting neutron.network object s_rally_ab2ffbf9_Jw82Gocd (af4af8fb-25fd-407d-8a9c-0dfd88224b38)
2019-07-02 09:21:04.030 22705 RALLYDEBUG rally_openstack.cleanup.manager [-] Deleting neutron.network object s_rally_ab2ffbf9_XmOYkm5p (afa334b9-6de6-4665-82ef-03a17610ff0c)
2019-07-02 09:21:04.038 22705 RALLYDEBUG rally_openstack.cleanup.manager [-] Deleting neutron.network object s_rally_ab2ffbf9_xjboIql2 (b0d52a61-a2dc-4936-a602-49bccbd1ca59)
2019-07-02 09:21:04.077 22705 RALLYDEBUG rally_openstack.cleanup.manager [-] Deleting neutron.network object s_rally_ab2ffbf9_W7JaxQl0 (b2b091f7-d329-4a03-83c1-59c9f592dbb2)
2019-07-02 09:21:04.167 22705 RALLYDEBUG rally_openstack.cleanup.manager [-] Deleting neutron.network object s_rally_ab2ffbf9_CzF9ZFlU (b4283705-c2f0-4a0a-bfd9-05557fad6e57)
2019-07-02 09:21:04.211 22705 RALLYDEBUG rally_openstack.cleanup.manager [-] Deleting neutron.network object s_rally_ab2ffbf9_ETm1by0L (b668eba8-5150-4cfc-8ce2-7f9240a03a4e)
2019-07-02 09:21:04.224 22705 RALLYDEBUG rally_openstack.cleanup.manager [-] Deleting neutron.network object s_rally_ab2ffbf9_hTeoV5xi (b6efee41-1b27-4adb-95a5-46e7ca3f5195)
2019-07-02 09:21:04.269 22705 RALLYDEBUG rally_openstack.cleanup.manager [-] Deleting neutron.network object s_rally_ab2ffbf9_zpsn8N1y (bea8004e-4cda-4ba6-99c7-2efb8c4ed85c)
2019-07-02 09:21:04.311 22705 RALLYDEBUG rally_openstack.cleanup.manager [-] Deleting neutron.network object s_rally_ab2ffbf9_xywhsk0d (bf6e8fc1-108d-4de3-8b71-d8890f65bce9)
2019-07-02 09:21:04.426 22705 RALLYDEBUG rally_openstack.cleanup.manager [-] Deleting neutron.network object s_rally_ab2ffbf9_0fiShINV (bffbe61f-e8be-4651-88ed-1ac29c40c07f)
2019-07-02 09:21:04.572 22705 RALLYDEBUG rally_openstack.cleanup.manager [-] Deleting neutron.network object s_rally_ab2ffbf9_BhN6LIv7 (c0adaa1f-596c-413d-a606-df67ecac704c)
2019-07-02 09:21:04.742 22705 RALLYDEBUG rally_openstack.cleanup.manager [-] Deleting neutron.network object s_rally_ab2ffbf9_m4tX4za3 (c2c72408-1899-4305-9d3a-2d2d0a2008ea)
2019-07-02 09:21:04.895 22705 RALLYDEBUG rally_openstack.cleanup.manager [-] Deleting neutron.network object s_rally_ab2ffbf9_SVW9hKHm (c2c94a69-cee9-4a18-8bee-c872551ae8cc)
2019-07-02 09:21:04.992 22705 RALLYDEBUG rally_openstack.cleanup.manager [-] Deleting neutron.network object s_rally_ab2ffbf9_wHIB0QOF (c5394f16-44c3-473f-b367-0dcec46ee50f)
2019-07-02 09:21:05.577 22705 RALLYDEBUG rally_openstack.cleanup.manager [-] Deleting neutron.network object s_rally_ab2ffbf9_tMLfNlq4 (c6442560-7325-45a3-81a3-6af812cfbf1c)
2019-07-02 09:21:05.597 22705 RALLYDEBUG rally_openstack.cleanup.manager [-] Deleting neutron.network object s_rally_ab2ffbf9_HDHuh04p (c939b6aa-253e-4d99-919e-bc31d1faec39)
2019-07-02 09:21:05.671 22705 RALLYDEBUG rally_openstack.cleanup.manager [-] Deleting neutron.network object s_rally_ab2ffbf9_ZLDcUK7S (c9554eea-7a8d-428c-885e-502181bd3bed)
2019-07-02 09:21:05.893 22705 RALLYDEBUG rally_openstack.cleanup.manager [-] Deleting neutron.network object s_rally_ab2ffbf9_PwaQv1mW (c9df3bd0-e935-446d-baad-7340ab754a2f)
2019-07-02 09:21:06.286 22705 RALLYDEBUG rally_openstack.cleanup.manager [-] Deleting neutron.network object s_rally_ab2ffbf9_DHGLOhrI (ca712076-f639-44f4-9234-5cc34427f007)
2019-07-02 09:21:06.337 22705 RALLYDEBUG rally_openstack.cleanup.manager [-] Deleting neutron.network object s_rally_ab2ffbf9_EyhkW5KN (cbe003f8-71d4-42e9-b5d9-c9475eb765c6)
2019-07-02 09:21:06.893 22705 RALLYDEBUG rally_openstack.cleanup.manager [-] Deleting neutron.network object s_rally_ab2ffbf9_gjUKvqLA (cd0450cc-1919-4184-aa01-9a7878f09476)
2019-07-02 09:21:07.070 22705 RALLYDEBUG rally_openstack.cleanup.manager [-] Deleting neutron.network object s_rally_ab2ffbf9_GrEW9tzX (ceb20ddc-dfb5-48d1-a4b6-152108849a10)
2019-07-02 09:21:07.274 22705 RALLYDEBUG rally_openstack.cleanup.manager [-] Deleting neutron.network object s_rally_ab2ffbf9_RRPwOi8V (ced55d71-8de6-4bbc-949c-4f06600ddfa7)
2019-07-02 09:21:07.819 22705 RALLYDEBUG rally_openstack.cleanup.manager [-] Deleting neutron.network object s_rally_ab2ffbf9_dEuylxn5 (cfce42fc-7daf-42b9-ba27-52a91832e66b)
2019-07-02 09:21:08.108 22705 RALLYDEBUG rally_openstack.cleanup.manager [-] Deleting neutron.network object s_rally_ab2ffbf9_5gvL3pNh (d38b07a6-783f-456b-abb7-5888357da990)
2019-07-02 09:21:08.341 22705 RALLYDEBUG rally_openstack.cleanup.manager [-] Deleting neutron.network object s_rally_ab2ffbf9_cw9s0mQV (d9be2b91-ce49-4882-89c2-0baa9102fc51)
2019-07-02 09:21:08.639 22705 RALLYDEBUG rally_openstack.cleanup.manager [-] Deleting neutron.network object s_rally_ab2ffbf9_hcBsKyIm (dad924bc-208e-42a5-8497-5c145dc184a7)
2019-07-02 09:21:08.759 22705 RALLYDEBUG rally_openstack.cleanup.manager [-] Deleting neutron.network object s_rally_ab2ffbf9_95MizfFu (dde20b14-507e-4513-aa9a-0daf107af90d)
2019-07-02 09:21:08.796 22705 RALLYDEBUG rally_openstack.cleanup.manager [-] Deleting neutron.network object s_rally_ab2ffbf9_P0I764Rn (e01d9b5d-6fa9-4622-8dd4-196fcf7061af)
2019-07-02 09:21:08.802 22705 RALLYDEBUG rally_openstack.cleanup.manager [-] Deleting neutron.network object s_rally_ab2ffbf9_nIslQ6an (e0519eae-7278-4aec-91a2-b82a6e810c33)
2019-07-02 09:21:08.902 22705 RALLYDEBUG rally_openstack.cleanup.manager [-] Deleting neutron.network object s_rally_ab2ffbf9_MqT7eYOe (e0606957-2c40-469d-86fc-2bdec27f487a)
2019-07-02 09:21:09.205 22705 RALLYDEBUG rally_openstack.cleanup.manager [-] Deleting neutron.network object s_rally_ab2ffbf9_Or67RrbW (e125b28b-7390-4f52-95b2-604279448d5a)
2019-07-02 09:21:09.393 22705 RALLYDEBUG rally_openstack.cleanup.manager [-] Deleting neutron.network object s_rally_ab2ffbf9_BKPGYl3T (e53cab7e-29ce-437e-b1fe-c44b64aef1ad)
2019-07-02 09:21:09.489 22705 RALLYDEBUG rally_openstack.cleanup.manager [-] Deleting neutron.network object s_rally_ab2ffbf9_pjdS4IbS (e6f91d19-09ed-4d74-8795-63adba5a9319)
2019-07-02 09:21:09.501 22705 RALLYDEBUG rally_openstack.cleanup.manager [-] Deleting neutron.network object s_rally_ab2ffbf9_O8Wl9dNe (e7a33c4e-c3fa-4509-8174-5dbdeaab16de)
2019-07-02 09:21:09.580 22705 RALLYDEBUG rally_openstack.cleanup.manager [-] Deleting neutron.network object s_rally_ab2ffbf9_SHAW8lFB (ea05a2ab-1457-4a01-9eaf-c42eee5b2687)
2019-07-02 09:21:09.597 22705 RALLYDEBUG rally_openstack.cleanup.manager [-] Deleting neutron.network object s_rally_ab2ffbf9_1G03WzPq (ec3d7f2e-c2b4-414d-acde-fea5d0db14af)
2019-07-02 09:21:09.771 22705 RALLYDEBUG rally_openstack.cleanup.manager [-] Deleting neutron.network object s_rally_ab2ffbf9_hfQiQDNE (ef46e460-a961-4fd6-b65e-55cbdf39aa5c)
