2019-07-02 09:39:23.564 22705 RALLYDEBUG rally_openstack.cleanup.manager [-] Deleting neutron.port object s_rally_9b0a24e7_NLvh9QxA (d9f872cc-4c3d-40c0-ab6c-7a7426f4b347)
2019-07-02 09:39:23.790 22705 RALLYDEBUG rally_openstack.cleanup.manager [-] Deleting neutron.port object s_rally_9b0a24e7_HcOArq7H (da4676c1-f99e-4de9-8b4f-f0ec568764d5)
2019-07-02 09:39:23.833 22705 RALLYDEBUG rally_openstack.cleanup.manager [-] Deleting neutron.port object s_rally_9b0a24e7_tlBfdy1m (da81dd2d-74ab-406a-bbfb-7edfacad7669)
2019-07-02 09:39:23.844 22705 RALLYDEBUG rally_openstack.cleanup.manager [-] Deleting neutron.port object s_rally_9b0a24e7_a8IEP6rY (dabae9f6-65f8-4a10-90d6-3953423ae5d4)
2019-07-02 09:39:23.885 22705 RALLYDEBUG rally_openstack.cleanup.manager [-] Deleting neutron.port object s_rally_9b0a24e7_TdRkB7eZ (db99fa8e-6c4e-4d4d-8362-11f918630671)
2019-07-02 09:39:23.900 22705 RALLYDEBUG rally_openstack.cleanup.manager [-] Deleting neutron.port object s_rally_9b0a24e7_fDtEDCtA (dba45480-456a-45a6-b5a7-2a2055c67bb4)
2019-07-02 09:39:24.093 22705 RALLYDEBUG rally_openstack.cleanup.manager [-] Deleting neutron.port object s_rally_9b0a24e7_GshgILUU (dbe81543-977b-4444-be54-662534591462)
2019-07-02 09:39:24.632 22705 RALLYDEBUG rally_openstack.cleanup.manager [-] Deleting neutron.port object s_rally_9b0a24e7_YYVYuSyz (dc5a8dc1-f5da-463e-afc7-1dfa2fbcc125)
2019-07-02 09:39:24.639 22705 RALLYDEBUG rally_openstack.cleanup.manager [-] Deleting neutron.port object s_rally_9b0a24e7_vaNpFK0r (dec12e5a-0f0c-4fdd-acc9-c28cddbc701f)
2019-07-02 09:39:25.225 22705 RALLYDEBUG rally_openstack.cleanup.manager [-] Deleting neutron.port object s_rally_9b0a24e7_aetMfxyD (df83d0c5-b36b-409c-814f-3cf376e40315)
2019-07-02 09:39:25.332 22705 RALLYDEBUG rally_openstack.cleanup.manager [-] Deleting neutron.port object s_rally_9b0a24e7_WrEaomkx (df882d43-6c53-4bef-8f2c-dfcd69d2cbeb)
2019-07-02 09:39:25.409 22705 RALLYDEBUG rally_openstack.cleanup.manager [-] Deleting neutron.port object s_rally_9b0a24e7_MkID19Jh (e03d653e-09bc-4626-b916-e58e15268e95)
2019-07-02 09:39:25.474 22705 RALLYDEBUG rally_openstack.cleanup.manager [-] Deleting neutron.port object s_rally_9b0a24e7_PXvTn8kf (e0cb9092-ef63-4837-9409-6e48737cd660)
2019-07-02 09:39:25.605 22705 RALLYDEBUG rally_openstack.cleanup.manager [-] Deleting neutron.port object s_rally_9b0a24e7_a7KwLpq3 (e25c1872-875c-48b4-ae38-eff2512c3866)
2019-07-02 09:39:25.681 22705 RALLYDEBUG rally_openstack.cleanup.manager [-] Deleting neutron.port object s_rally_9b0a24e7_iOCZQKaF (e2ccbd2e-6a0a-43dc-9ff5-e5f136b5092b)
2019-07-02 09:39:25.700 22705 RALLYDEBUG rally_openstack.cleanup.manager [-] Deleting neutron.port object s_rally_9b0a24e7_OAA5wwCq (e3410d9e-ff8e-4627-8bda-1115f41bc036)
2019-07-02 09:39:25.759 22705 RALLYDEBUG rally_openstack.cleanup.manager [-] Deleting neutron.port object s_rally_9b0a24e7_PTciqnvg (e3645237-54db-4d32-ab47-95405992d206)
2019-07-02 09:39:25.903 22705 RALLYDEBUG rally_openstack.cleanup.manager [-] Deleting neutron.port object s_rally_9b0a24e7_AAMcUGAf (e5474522-e3a5-46cf-b0c5-6bbd68b9101d)
2019-07-02 09:39:26.083 22705 RALLYDEBUG rally_openstack.cleanup.manager [-] Deleting neutron.port object s_rally_9b0a24e7_jfdIbJBZ (e58b1d48-bc95-400b-a701-76be459eed17)
2019-07-02 09:39:26.155 22705 RALLYDEBUG rally_openstack.cleanup.manager [-] Deleting neutron.port object s_rally_9b0a24e7_l4sYTLde (e5a20e38-c69d-4b26-a91d-fec78805ed33)
2019-07-02 09:39:26.469 22705 RALLYDEBUG rally_openstack.cleanup.manager [-] Deleting neutron.port object s_rally_9b0a24e7_nXa7bO6M (e704b453-6b5f-439d-aca1-15f4a096353e)
2019-07-02 09:39:26.520 22705 RALLYDEBUG rally_openstack.cleanup.manager [-] Deleting neutron.port object s_rally_9b0a24e7_vOTYHZjB (e725f87c-a03c-40c3-805a-9b813332c933)
2019-07-02 09:39:26.690 22705 RALLYDEBUG rally_openstack.cleanup.manager [-] Deleting neutron.port object s_rally_9b0a24e7_5FfFBhP1 (e84c9adb-b40d-4f11-9914-55d844d521da)
2019-07-02 09:39:26.841 22705 RALLYDEBUG rally_openstack.cleanup.manager [-] Deleting neutron.port object s_rally_9b0a24e7_XuCAvwoi (e9ef6f04-59d8-40b5-beb9-bd3f5b724d48)
2019-07-02 09:39:27.068 22705 RALLYDEBUG rally_openstack.cleanup.manager [-] Deleting neutron.port object s_rally_9b0a24e7_b73F9h7I (ea0efc42-5c51-4b4d-b7a6-0febca324eab)
2019-07-02 09:39:27.122 22705 RALLYDEBUG rally_openstack.cleanup.manager [-] Deleting neutron.port object s_rally_9b0a24e7_1Y2LdJXS (ed1d540f-302f-48b5-abbb-b56d427ac1f6)
2019-07-02 09:39:27.122 22705 RALLYDEBUG rally_openstack.cleanup.manager [-] Deleting neutron.port object s_rally_9b0a24e7_MErcrSqc (ec3e01e1-9ec6-4d3d-b946-9554bd7fb4c8)
2019-07-02 09:39:27.711 22705 RALLYDEBUG rally_openstack.cleanup.manager [-] Deleting neutron.port object s_rally_9b0a24e7_aqkBLLmv (ed8ae7df-c744-4286-8bd7-e5b4860b1587)
2019-07-02 09:39:27.755 22705 RALLYDEBUG rally_openstack.cleanup.manager [-] Deleting neutron.port object s_rally_9b0a24e7_6DLbftQJ (ee95e2df-bf4c-4e79-a026-28a4b23ce3d2)
2019-07-02 09:39:27.836 22705 RALLYDEBUG rally_openstack.cleanup.manager [-] Deleting neutron.port object s_rally_9b0a24e7_W56Q5orC (eed4267b-94a2-41bd-b043-31e75971a967)
2019-07-02 09:39:28.143 22705 RALLYDEBUG rally_openstack.cleanup.manager [-] Deleting neutron.port object s_rally_9b0a24e7_vuIni75Q (ef0b81af-ba59-453b-89ea-abfb52e88055)
2019-07-02 09:39:28.277 22705 RALLYDEBUG rally_openstack.cleanup.manager [-] Deleting neutron.port object s_rally_9b0a24e7_hsHNKZov (efb30000-0de6-4065-8503-2a4d3a257bf8)
2019-07-02 09:39:28.713 22705 RALLYDEBUG rally_openstack.cleanup.manager [-] Deleting neutron.port object s_rally_9b0a24e7_l4GVOvG9 (f007f585-f719-4feb-96c5-432d928face4)
2019-07-02 09:39:28.966 22705 RALLYDEBUG rally_openstack.cleanup.manager [-] Deleting neutron.port object s_rally_9b0a24e7_cWcXHQap (f0908e58-cc1a-4afa-99fd-02d452b3955c)
2019-07-02 09:39:29.016 22705 RALLYDEBUG rally_openstack.cleanup.manager [-] Deleting neutron.port object s_rally_9b0a24e7_0ebCQejN (f11511d4-acc5-429d-853d-8a0b6687133e)
2019-07-02 09:39:29.120 22705 RALLYDEBUG rally_openstack.cleanup.manager [-] Deleting neutron.port object s_rally_9b0a24e7_MAcZeFeh (f157be63-3253-4341-9d44-535cd8ff22d7)
2019-07-02 09:39:29.347 22705 RALLYDEBUG rally_openstack.cleanup.manager [-] Deleting neutron.port object s_rally_9b0a24e7_E5GdzhIO (f18def86-a6e8-4a3b-a2b1-c9de45f53fdc)
2019-07-02 09:39:29.398 22705 RALLYDEBUG rally_openstack.cleanup.manager [-] Deleting neutron.port object s_rally_9b0a24e7_uOEdsSI3 (f2685b9d-2615-4a30-8841-ceaee1c3edf4)
2019-07-02 09:39:29.487 22705 RALLYDEBUG rally_openstack.cleanup.manager [-] Deleting neutron.port object s_rally_9b0a24e7_PX2ZWnss (f35e302b-351b-4b4c-922d-0163b9fd30c9)
2019-07-02 09:39:29.531 22705 RALLYDEBUG rally_openstack.cleanup.manager [-] Deleting neutron.port object s_rally_9b0a24e7_82wLLpZN (f384ab78-1207-4f12-b157-b305884b6a91)
2019-07-02 09:39:29.607 22705 RALLYDEBUG rally_openstack.cleanup.manager [-] Deleting neutron.port object s_rally_9b0a24e7_VRhZUMAK (f40ce258-e7bc-44c7-ac0d-7c9ae23f6c2b)
2019-07-02 09:39:29.621 22705 RALLYDEBUG rally_openstack.cleanup.manager [-] Deleting neutron.port object s_rally_9b0a24e7_hEbOVIYT (f4483717-00a8-499c-97ea-ca13794f7062)
2019-07-02 09:39:29.729 22705 RALLYDEBUG rally_openstack.cleanup.manager [-] Deleting neutron.port object s_rally_9b0a24e7_TFUj4uIl (f58c0a0e-a824-41d5-b6fe-5f098a3a8bef)
2019-07-02 09:39:29.905 22705 RALLYDEBUG rally_openstack.cleanup.manager [-] Deleting neutron.port object s_rally_9b0a24e7_hW8RqYtv (f6562b8f-7f7a-4346-9db0-1e82ffcc0cf6)
2019-07-02 09:39:30.197 22705 RALLYDEBUG rally_openstack.cleanup.manager [-] Deleting neutron.port object s_rally_9b0a24e7_Yp7TodFl (f6935440-9f6b-494b-9095-142cd4339eff)
2019-07-02 09:39:30.261 22705 RALLYDEBUG rally_openstack.cleanup.manager [-] Deleting neutron.port object s_rally_9b0a24e7_JrTzjVL8 (f6b1df13-75b2-44aa-a932-124d1fdd8077)
2019-07-02 09:39:30.517 22705 RALLYDEBUG rally_openstack.cleanup.manager [-] Deleting neutron.port object s_rally_9b0a24e7_MfiLHAcd (f8c475c2-14a0-42ca-ae6b-4b592a1e5f5e)
2019-07-02 09:39:30.521 22705 RALLYDEBUG rally_openstack.cleanup.manager [-] Deleting neutron.port object s_rally_9b0a24e7_nFGJ9tVu (f9141084-3875-4349-af15-6cbc395f4cd1)
2019-07-02 09:39:30.522 22705 RALLYDEBUG rally_openstack.cleanup.manager [-] Deleting neutron.port object s_rally_9b0a24e7_lXtIIX0w (f6cc3aa3-f791-4630-9ccc-5c94cb9f1a08)
2019-07-02 09:39:30.697 22705 RALLYDEBUG rally_openstack.cleanup.manager [-] Deleting neutron.port object s_rally_9b0a24e7_4j1InXVn (f938af14-8cd1-4bff-9c62-625daf01fd28)
2019-07-02 09:39:30.949 22705 RALLYDEBUG rally_openstack.cleanup.manager [-] Deleting neutron.port object s_rally_9b0a24e7_i7WuSb1t (f997a971-da2e-4d9e-a389-b4f6270f945b)
2019-07-02 09:39:31.213 22705 RALLYDEBUG rally_openstack.cleanup.manager [-] Deleting neutron.port object s_rally_9b0a24e7_w9DHFrjX (fa69fb39-8f6f-4f48-a202-dae6568a5af5)
2019-07-02 09:39:31.338 22705 RALLYDEBUG rally_openstack.cleanup.manager [-] Deleting neutron.port object s_rally_9b0a24e7_I9SA5M2D (fb8e77d0-779e-478a-9d8c-93ad45b9cc94)
2019-07-02 09:39:31.674 22705 RALLYDEBUG rally_openstack.cleanup.manager [-] Deleting neutron.port object s_rally_9b0a24e7_rC1nS2LE (fba1fb25-2491-4e56-9109-5cb6b73e1371)
2019-07-02 09:39:31.692 22705 RALLYDEBUG rally_openstack.cleanup.manager [-] Deleting neutron.port object s_rally_9b0a24e7_XMJJeI1m (fbc2d045-2c0d-410b-8a0f-aa23a63a840f)
2019-07-02 09:39:31.739 22705 RALLYDEBUG rally_openstack.cleanup.manager [-] Deleting neutron.port object s_rally_9b0a24e7_NICbSz4D (fc276571-43ed-4476-a7ba-f3ff873db1e3)
2019-07-02 09:39:31.807 22705 RALLYDEBUG rally_openstack.cleanup.manager [-] Deleting neutron.port object s_rally_9b0a24e7_iK4hfiXM (fc3c2685-e3ff-49f2-95ba-2f1a02b4477e)
2019-07-02 09:39:31.849 22705 RALLYDEBUG rally_openstack.cleanup.manager [-] Deleting neutron.port object s_rally_9b0a24e7_hpxBoYJn (fce76645-4a2a-4545-ab32-3c01ff8dc53b)
2019-07-02 09:39:32.281 22705 RALLYDEBUG rally_openstack.cleanup.manager [-] Deleting neutron.port object s_rally_9b0a24e7_sSQgiFdl (fec5b91f-8721-42ff-a9fb-6986d25d5611)
2019-07-02 09:39:32.481 22705 RALLYDEBUG rally_openstack.cleanup.manager [-] Deleting neutron.port object s_rally_9b0a24e7_uD15QBnJ (ff74edf4-7d96-41e2-a6f9-545eae5bceb8)
2019-07-02 09:39:35.403 22705 RALLYDEBUG rally_openstack.cleanup.manager [-] Cleaning up neutron subnet objects
2019-07-02 09:39:36.043 22705 RALLYDEBUG rally_openstack.cleanup.manager [-] Cleaning up neutron network objects
2019-07-02 09:39:36.772 22705 RALLYDEBUG rally_openstack.cleanup.manager [-] Deleting neutron.network object s_rally_9b0a24e7_IPbI5LeI (13909cec-a430-45ea-8e86-849b09972d34)
2019-07-02 09:39:36.773 22705 RALLYDEBUG rally_openstack.cleanup.manager [-] Deleting neutron.network object s_rally_9b0a24e7_Ax54v49I (689532f7-f899-4fb9-b51d-358b517f52c9)
2019-07-02 09:39:36.785 22705 RALLYDEBUG rally_openstack.cleanup.manager [-] Deleting neutron.network object s_rally_9b0a24e7_8jBabY9t (95170712-94f5-4ede-8f4c-bc9ce3e0dc92)
2019-07-02 09:39:36.796 22705 RALLYDEBUG rally_openstack.cleanup.manager [-] Deleting neutron.network object s_rally_9b0a24e7_f9d3kM5Q (993ed61c-3d24-4562-bdde-b6d080e57d09)
2019-07-02 09:39:36.797 22705 RALLYDEBUG rally_openstack.cleanup.manager [-] Deleting neutron.network object s_rally_9b0a24e7_MBLTBxp3 (a69b9985-9918-46d9-849e-da83065d8972)
2019-07-02 09:39:36.812 22705 RALLYDEBUG rally_openstack.cleanup.manager [-] Deleting neutron.network object s_rally_9b0a24e7_dJshqHPq (e39c07ed-8e6c-4ded-b731-0dd98f7b9177)
2019-07-02 09:39:36.823 22705 RALLYDEBUG rally_openstack.cleanup.manager [-] Deleting neutron.network object s_rally_9b0a24e7_LBKzjqkI (e87743dd-8305-4c08-95ec-d94201c33720)
2019-07-02 09:39:36.835 22705 RALLYDEBUG rally_openstack.cleanup.manager [-] Deleting neutron.network object s_rally_9b0a24e7_cwvkLLlj (edaa0338-4602-4a97-b4ba-cb5a2ab29570)
2019-07-02 09:39:40.963 22705 RALLYDEBUG rally_openstack.cleanup.manager [-] Cleaning up neutron router objects
2019-07-02 09:39:41.646 22705 RALLYDEBUG rally_openstack.cleanup.manager [-] Cleaning up neutron security_group objects
2019-07-02 09:39:42.304 22705 INFO rally.task.context [-] Task bbe6ddb0-7507-423d-bdad-f1b9af1fe341 | Context cleanup@openstack cleanup() finished in 1.28 min
2019-07-02 09:39:42.305 22705 INFO rally.task.context [-] Task bbe6ddb0-7507-423d-bdad-f1b9af1fe341 | Context quotas@openstack cleanup() started
2019-07-02 09:39:42.538 22705 INFO rally.task.context [-] Task bbe6ddb0-7507-423d-bdad-f1b9af1fe341 | Context quotas@openstack cleanup() finished in 0.23 sec
2019-07-02 09:39:42.539 22705 INFO rally.task.context [-] Task bbe6ddb0-7507-423d-bdad-f1b9af1fe341 | Context users@openstack cleanup() started
2019-07-02 09:39:46.811 22705 INFO rally.task.context [-] Task bbe6ddb0-7507-423d-bdad-f1b9af1fe341 | Context users@openstack cleanup() finished in 4.27 sec
2019-07-02 09:39:47.800 22705 INFO rally.task.engine [-] Load duration is: 137.078241
2019-07-02 09:39:47.800 22705 INFO rally.task.engine [-] Full runner duration is: 137.12292
2019-07-02 09:39:47.801 22705 INFO rally.task.engine [-] Full duration is: 223.827149
2019-07-02 09:39:47.999 22705 INFO rally.task.engine [-] Running workload: position = 1 config = { "version": 2, "title": "A cropped version of a bigger task.", "description": "Auto-generated task from a single workload (uuid=cb5152b8-054b-4987-ab58-d955c3b9b118)", "subtasks": [ { "title": "NeutronNetworks.create_and_update_ports", "description": "Create and update a given number of ports.", "scenario": { "NeutronNetworks.create_and_update_ports": { "network_create_args": {}, "port_create_args": {}, "ports_per_network": 5, "port_update_args": { "admin_state_up": false, "device_id": "dummy_id", "device_owner": "dummy_owner", "name": "_port_updated" } } }, "contexts": { "users": { "tenants": 1, "users_per_tenant": 1 }, "quotas": { "neutron": { "network": -1, "port": -1 } } }, "runner": { "constant": { "times": 40, "concurrency": 20 } }, "hooks": [], "sla": { "failure_rate": { "max": 0 } } } ] }
2019-07-02 09:39:48.023 22705 RALLYDEBUG rally_openstack.contexts.keystone.users [-] Creating 1 tenants using 20 threads
2019-07-02 09:39:49.577 22705 RALLYDEBUG rally_openstack.contexts.keystone.users [-] Creating 1 users using 20 threads
2019-07-02 09:39:52.120 22705 INFO rally.task.context [-] Task bbe6ddb0-7507-423d-bdad-f1b9af1fe341 | Context users@openstack setup() finished in 4.10 sec
2019-07-02 09:39:52.853 22705 INFO rally.task.context [-] Task bbe6ddb0-7507-423d-bdad-f1b9af1fe341 | Context quotas@openstack setup() finished in 0.73 sec
2019-07-02 09:39:52.854 22705 INFO rally.task.context [-] Task bbe6ddb0-7507-423d-bdad-f1b9af1fe341 | Context cleanup@openstack setup() finished in 0.00 msec
2019-07-02 09:39:52.861 22705 RALLYDEBUG rally.task.runner [-] Starting the constant runner (task UUID: bbe6ddb0-7507-423d-bdad-f1b9af1fe341). timeout: 0 concurrency: 20 concurrency_per_worker: 1 times: 40 concurrency_overhead: 4 processes_to_start: 16 max_cpu_used: 16
2019-07-02 09:39:52.874 26581 RALLYDEBUG rally.task.runner [-] Starting a worker. concurrency: 2 args: {"network_create_args": {}, "port_create_args": {}, "ports_per_network": 5, "port_update_args": {"admin_state_up": false, "device_id": "dummy_id", "device_owner": "dummy_owner", "name": "_port_updated"}} times: 40 method_name: run timeout: 0 duration: None cls:
2019-07-02 09:39:52.877 26582 RALLYDEBUG rally.task.runner [-] Starting a worker. concurrency: 2 args: {"network_create_args": {}, "port_create_args": {}, "ports_per_network": 5, "port_update_args": {"admin_state_up": false, "device_id": "dummy_id", "device_owner": "dummy_owner", "name": "_port_updated"}} times: 40 method_name: run timeout: 0 duration: None cls:
2019-07-02 09:39:52.879 26583 RALLYDEBUG rally.task.runner [-] Starting a worker. concurrency: 2 args: {"network_create_args": {}, "port_create_args": {}, "ports_per_network": 5, "port_update_args": {"admin_state_up": false, "device_id": "dummy_id", "device_owner": "dummy_owner", "name": "_port_updated"}} times: 40 method_name: run timeout: 0 duration: None cls:
2019-07-02 09:39:52.883 26581 INFO rally.task.runner [-] Task bbe6ddb0-7507-423d-bdad-f1b9af1fe341 | ITER: 2 START
2019-07-02 09:39:52.883 26584 RALLYDEBUG rally.task.runner [-] Starting a worker. concurrency: 2 args: {"network_create_args": {}, "port_create_args": {}, "ports_per_network": 5, "port_update_args": {"admin_state_up": false, "device_id": "dummy_id", "device_owner": "dummy_owner", "name": "_port_updated"}} times: 40 method_name: run timeout: 0 duration: None cls:
2019-07-02 09:39:52.885 26581 WARNING rally_openstack.scenarios.neutron.utils [-] Running this scenario without either the 'network' or 'existing_network' context is deprecated
2019-07-02 09:39:52.886 26582 INFO rally.task.runner [-] Task bbe6ddb0-7507-423d-bdad-f1b9af1fe341 | ITER: 3 START
2019-07-02 09:39:52.884 26581 INFO rally.task.runner [-] Task bbe6ddb0-7507-423d-bdad-f1b9af1fe341 | ITER: 1 START
2019-07-02 09:39:52.888 26581 WARNING rally_openstack.scenarios.neutron.utils [-] Running this scenario without either the 'network' or 'existing_network' context is deprecated
2019-07-02 09:39:52.888 26586 RALLYDEBUG rally.task.runner [-] Starting a worker. concurrency: 1 args: {"network_create_args": {}, "port_create_args": {}, "ports_per_network": 5, "port_update_args": {"admin_state_up": false, "device_id": "dummy_id", "device_owner": "dummy_owner", "name": "_port_updated"}} times: 40 method_name: run timeout: 0 duration: None cls:
2019-07-02 09:39:52.890 26583 INFO rally.task.runner [-] Task bbe6ddb0-7507-423d-bdad-f1b9af1fe341 | ITER: 4 START
2019-07-02 09:39:52.891 26584 INFO rally.task.runner [-] Task bbe6ddb0-7507-423d-bdad-f1b9af1fe341 | ITER: 7 START
2019-07-02 09:39:52.892 26583 WARNING rally_openstack.scenarios.neutron.utils [-] Running this scenario without either the 'network' or 'existing_network' context is deprecated
2019-07-02 09:39:52.888 26582 WARNING rally_openstack.scenarios.neutron.utils [-] Running this scenario without either the 'network' or 'existing_network' context is deprecated
2019-07-02 09:39:52.892 26591 RALLYDEBUG rally.task.runner [-] Starting a worker. concurrency: 1 args: {"network_create_args": {}, "port_create_args": {}, "ports_per_network": 5, "port_update_args": {"admin_state_up": false, "device_id": "dummy_id", "device_owner": "dummy_owner", "name": "_port_updated"}} times: 40 method_name: run timeout: 0 duration: None cls:
2019-07-02 09:39:52.893 26584 WARNING rally_openstack.scenarios.neutron.utils [-] Running this scenario without either the 'network' or 'existing_network' context is deprecated
2019-07-02 09:39:52.897 26586 INFO rally.task.runner [-] Task bbe6ddb0-7507-423d-bdad-f1b9af1fe341 | ITER: 8 START
2019-07-02 09:39:52.896 26595 RALLYDEBUG rally.task.runner [-] Starting a worker. concurrency: 1 args: {"network_create_args": {}, "port_create_args": {}, "ports_per_network": 5, "port_update_args": {"admin_state_up": false, "device_id": "dummy_id", "device_owner": "dummy_owner", "name": "_port_updated"}} times: 40 method_name: run timeout: 0 duration: None cls:
2019-07-02 09:39:52.897 26598 RALLYDEBUG rally.task.runner [-] Starting a worker. concurrency: 1 args: {"network_create_args": {}, "port_create_args": {}, "ports_per_network": 5, "port_update_args": {"admin_state_up": false, "device_id": "dummy_id", "device_owner": "dummy_owner", "name": "_port_updated"}} times: 40 method_name: run timeout: 0 duration: None cls:
2019-07-02 09:39:52.899 26586 WARNING rally_openstack.scenarios.neutron.utils [-] Running this scenario without either the 'network' or 'existing_network' context is deprecated
2019-07-02 09:39:52.899 26600 RALLYDEBUG rally.task.runner [-] Starting a worker. concurrency: 1 args: {"network_create_args": {}, "port_create_args": {}, "ports_per_network": 5, "port_update_args": {"admin_state_up": false, "device_id": "dummy_id", "device_owner": "dummy_owner", "name": "_port_updated"}} times: 40 method_name: run timeout: 0 duration: None cls:
2019-07-02 09:39:52.900 26591 INFO rally.task.runner [-] Task bbe6ddb0-7507-423d-bdad-f1b9af1fe341 | ITER: 10 START
2019-07-02 09:39:52.902 26591 WARNING rally_openstack.scenarios.neutron.utils [-] Running this scenario without either the 'network' or 'existing_network' context is deprecated
2019-07-02 09:39:52.902 26582 INFO rally.task.runner [-] Task bbe6ddb0-7507-423d-bdad-f1b9af1fe341 | ITER: 5 START
2019-07-02 09:39:52.903 26582 WARNING rally_openstack.scenarios.neutron.utils [-] Running this scenario without either the 'network' or 'existing_network' context is deprecated
2019-07-02 09:39:52.904 26595 INFO rally.task.runner [-] Task bbe6ddb0-7507-423d-bdad-f1b9af1fe341 | ITER: 11 START
2019-07-02 09:39:52.902 26583 INFO rally.task.runner [-] Task bbe6ddb0-7507-423d-bdad-f1b9af1fe341 | ITER: 6 START
2019-07-02 09:39:52.906 26595 WARNING rally_openstack.scenarios.neutron.utils [-] Running this scenario without either the 'network' or 'existing_network' context is deprecated
2019-07-02 09:39:52.905 26584 INFO rally.task.runner [-] Task bbe6ddb0-7507-423d-bdad-f1b9af1fe341 | ITER: 9 START
2019-07-02 09:39:52.906 26600 INFO rally.task.runner [-] Task bbe6ddb0-7507-423d-bdad-f1b9af1fe341 | ITER: 13 START
2019-07-02 09:39:52.907 26583 WARNING rally_openstack.scenarios.neutron.utils [-] Running this scenario without either the 'network' or 'existing_network' context is deprecated
2019-07-02 09:39:52.907 26584 WARNING rally_openstack.scenarios.neutron.utils [-] Running this scenario without either the 'network' or 'existing_network' context is deprecated
2019-07-02 09:39:52.907 26603 RALLYDEBUG rally.task.runner [-] Starting a worker. concurrency: 1 args: {"network_create_args": {}, "port_create_args": {}, "ports_per_network": 5, "port_update_args": {"admin_state_up": false, "device_id": "dummy_id", "device_owner": "dummy_owner", "name": "_port_updated"}} times: 40 method_name: run timeout: 0 duration: None cls:
2019-07-02 09:39:52.908 26600 WARNING rally_openstack.scenarios.neutron.utils [-] Running this scenario without either the 'network' or 'existing_network' context is deprecated
2019-07-02 09:39:52.912 26612 RALLYDEBUG rally.task.runner [-] Starting a worker. concurrency: 1 args: {"network_create_args": {}, "port_create_args": {}, "ports_per_network": 5, "port_update_args": {"admin_state_up": false, "device_id": "dummy_id", "device_owner": "dummy_owner", "name": "_port_updated"}} times: 40 method_name: run timeout: 0 duration: None cls:
2019-07-02 09:39:52.912 26607 RALLYDEBUG rally.task.runner [-] Starting a worker. concurrency: 1 args: {"network_create_args": {}, "port_create_args": {}, "ports_per_network": 5, "port_update_args": {"admin_state_up": false, "device_id": "dummy_id", "device_owner": "dummy_owner", "name": "_port_updated"}} times: 40 method_name: run timeout: 0 duration: None cls:
2019-07-02 09:39:52.915 26615 RALLYDEBUG rally.task.runner [-] Starting a worker. concurrency: 1 args: {"network_create_args": {}, "port_create_args": {}, "ports_per_network": 5, "port_update_args": {"admin_state_up": false, "device_id": "dummy_id", "device_owner": "dummy_owner", "name": "_port_updated"}} times: 40 method_name: run timeout: 0 duration: None cls:
2019-07-02 09:39:52.916 26603 INFO rally.task.runner [-] Task bbe6ddb0-7507-423d-bdad-f1b9af1fe341 | ITER: 14 START
2019-07-02 09:39:52.918 26612 INFO rally.task.runner [-] Task bbe6ddb0-7507-423d-bdad-f1b9af1fe341 | ITER: 15 START
2019-07-02 09:39:52.919 26607 INFO rally.task.runner [-] Task bbe6ddb0-7507-423d-bdad-f1b9af1fe341 | ITER: 16 START
2019-07-02 09:39:52.918 26603 WARNING rally_openstack.scenarios.neutron.utils [-] Running this scenario without either the 'network' or 'existing_network' context is deprecated
2019-07-02 09:39:52.917 26598 INFO rally.task.runner [-] Task bbe6ddb0-7507-423d-bdad-f1b9af1fe341 | ITER: 12 START
2019-07-02 09:39:52.920 26607 WARNING rally_openstack.scenarios.neutron.utils [-] Running this scenario without either the 'network' or 'existing_network' context is deprecated
2019-07-02 09:39:52.920 26612 WARNING rally_openstack.scenarios.neutron.utils [-] Running this scenario without either the 'network' or 'existing_network' context is deprecated
2019-07-02 09:39:52.924 26598 WARNING rally_openstack.scenarios.neutron.utils [-] Running this scenario without either the 'network' or 'existing_network' context is deprecated
2019-07-02 09:39:52.925 26618 RALLYDEBUG rally.task.runner [-] Starting a worker. concurrency: 1 args: {"network_create_args": {}, "port_create_args": {}, "ports_per_network": 5, "port_update_args": {"admin_state_up": false, "device_id": "dummy_id", "device_owner": "dummy_owner", "name": "_port_updated"}} times: 40 method_name: run timeout: 0 duration: None cls:
2019-07-02 09:39:52.929 26625 RALLYDEBUG rally.task.runner [-] Starting a worker. concurrency: 1 args: {"network_create_args": {}, "port_create_args": {}, "ports_per_network": 5, "port_update_args": {"admin_state_up": false, "device_id": "dummy_id", "device_owner": "dummy_owner", "name": "_port_updated"}} times: 40 method_name: run timeout: 0 duration: None cls:
2019-07-02 09:39:52.929 26615 INFO rally.task.runner [-] Task bbe6ddb0-7507-423d-bdad-f1b9af1fe341 | ITER: 17 START
2019-07-02 09:39:52.933 26618 INFO rally.task.runner [-] Task bbe6ddb0-7507-423d-bdad-f1b9af1fe341 | ITER: 18 START
2019-07-02 09:39:52.933 26615 WARNING rally_openstack.scenarios.neutron.utils [-] Running this scenario without either the 'network' or 'existing_network' context is deprecated
2019-07-02 09:39:52.934 26618 WARNING rally_openstack.scenarios.neutron.utils [-] Running this scenario without either the 'network' or 'existing_network' context is deprecated
2019-07-02 09:39:52.934 26625 INFO rally.task.runner [-] Task bbe6ddb0-7507-423d-bdad-f1b9af1fe341 | ITER: 19 START
2019-07-02 09:39:52.936 26625 WARNING rally_openstack.scenarios.neutron.utils [-] Running this scenario without either the 'network' or 'existing_network' context is deprecated
2019-07-02 09:39:52.936 26627 RALLYDEBUG rally.task.runner [-] Starting a worker. concurrency: 1 args: {"network_create_args": {}, "port_create_args": {}, "ports_per_network": 5, "port_update_args": {"admin_state_up": false, "device_id": "dummy_id", "device_owner": "dummy_owner", "name": "_port_updated"}} times: 40 method_name: run timeout: 0 duration: None cls:
2019-07-02 09:39:52.941 26627 INFO rally.task.runner [-] Task bbe6ddb0-7507-423d-bdad-f1b9af1fe341 | ITER: 20 START
2019-07-02 09:39:52.943 26627 WARNING rally_openstack.scenarios.neutron.utils [-] Running this scenario without either the 'network' or 'existing_network' context is deprecated
2019-07-02 09:40:02.050 26581 INFO rally.task.runner [-] Task bbe6ddb0-7507-423d-bdad-f1b9af1fe341 | ITER: 2 END: OK
2019-07-02 09:40:02.055 26581 INFO rally.task.runner [-] Task bbe6ddb0-7507-423d-bdad-f1b9af1fe341 | ITER: 21 START
2019-07-02 09:40:02.056 26581 WARNING rally_openstack.scenarios.neutron.utils [-] Running this scenario without either the 'network' or 'existing_network' context is deprecated
2019-07-02 09:40:02.144 26582 INFO rally.task.runner [-] Task bbe6ddb0-7507-423d-bdad-f1b9af1fe341 | ITER: 3 END: OK
2019-07-02 09:40:02.148 26582 INFO rally.task.runner [-] Task bbe6ddb0-7507-423d-bdad-f1b9af1fe341 | ITER: 22 START
2019-07-02 09:40:02.149 26582 WARNING rally_openstack.scenarios.neutron.utils [-] Running this scenario without either the 'network' or 'existing_network' context is deprecated
2019-07-02 09:40:02.978 26586 INFO rally.task.runner [-] Task bbe6ddb0-7507-423d-bdad-f1b9af1fe341 | ITER: 8 END: OK
2019-07-02 09:40:02.983 26586 INFO rally.task.runner [-] Task bbe6ddb0-7507-423d-bdad-f1b9af1fe341 | ITER: 23 START
2019-07-02 09:40:02.983 26586 WARNING rally_openstack.scenarios.neutron.utils [-] Running this scenario without either the 'network' or 'existing_network' context is deprecated
2019-07-02 09:40:10.006 26581 INFO rally.task.runner [-] Task bbe6ddb0-7507-423d-bdad-f1b9af1fe341 | ITER: 1 END: OK
2019-07-02 09:40:10.012 26581 INFO rally.task.runner [-] Task bbe6ddb0-7507-423d-bdad-f1b9af1fe341 | ITER: 24 START
2019-07-02 09:40:10.012 26581 WARNING rally_openstack.scenarios.neutron.utils [-] Running this scenario without either the 'network' or 'existing_network' context is deprecated
2019-07-02 09:40:10.042 26584 INFO rally.task.runner [-] Task bbe6ddb0-7507-423d-bdad-f1b9af1fe341 | ITER: 9 END: OK
2019-07-02 09:40:10.047 26584 INFO rally.task.runner [-] Task bbe6ddb0-7507-423d-bdad-f1b9af1fe341 | ITER: 25 START
2019-07-02 09:40:10.047 26584 WARNING rally_openstack.scenarios.neutron.utils [-] Running this scenario without either the 'network' or 'existing_network' context is deprecated
2019-07-02 09:40:10.136 26618 INFO rally.task.runner [-] Task bbe6ddb0-7507-423d-bdad-f1b9af1fe341 | ITER: 18 END: OK
2019-07-02 09:40:10.142 26618 INFO rally.task.runner [-] Task bbe6ddb0-7507-423d-bdad-f1b9af1fe341 | ITER: 26 START
2019-07-02 09:40:10.142 26618 WARNING rally_openstack.scenarios.neutron.utils [-] Running this scenario without either the 'network' or 'existing_network' context is deprecated
2019-07-02 09:40:10.159 26625 INFO rally.task.runner [-] Task bbe6ddb0-7507-423d-bdad-f1b9af1fe341 | ITER: 19 END: OK
2019-07-02 09:40:10.162 26625 INFO rally.task.runner [-] Task bbe6ddb0-7507-423d-bdad-f1b9af1fe341 | ITER: 27 START
2019-07-02 09:40:10.163 26625 WARNING rally_openstack.scenarios.neutron.utils [-] Running this scenario without either the 'network' or 'existing_network' context is deprecated
2019-07-02 09:40:10.762 26582 INFO rally.task.runner [-] Task bbe6ddb0-7507-423d-bdad-f1b9af1fe341 | ITER: 22 END: OK
2019-07-02 09:40:10.766 26582 INFO rally.task.runner [-] Task bbe6ddb0-7507-423d-bdad-f1b9af1fe341 | ITER: 28 START
2019-07-02 09:40:10.767 26582 WARNING rally_openstack.scenarios.neutron.utils [-] Running this scenario without either the 'network' or 'existing_network' context is deprecated
2019-07-02 09:40:10.942 26581 INFO rally.task.runner [-] Task bbe6ddb0-7507-423d-bdad-f1b9af1fe341 | ITER: 21 END: OK
2019-07-02 09:40:10.946 26581 INFO rally.task.runner [-] Task bbe6ddb0-7507-423d-bdad-f1b9af1fe341 | ITER: 29 START
2019-07-02 09:40:10.947 26581 WARNING rally_openstack.scenarios.neutron.utils [-] Running this scenario without either the 'network' or 'existing_network' context is deprecated
2019-07-02 09:40:11.739 26586 INFO rally.task.runner [-] Task bbe6ddb0-7507-423d-bdad-f1b9af1fe341 | ITER: 23 END: OK
2019-07-02 09:40:11.743 26586 INFO rally.task.runner [-] Task bbe6ddb0-7507-423d-bdad-f1b9af1fe341 | ITER: 30 START
2019-07-02 09:40:11.744 26586 WARNING rally_openstack.scenarios.neutron.utils [-] Running this scenario without either the 'network' or 'existing_network' context is deprecated
2019-07-02 09:40:19.397 26625 INFO rally.task.runner [-] Task bbe6ddb0-7507-423d-bdad-f1b9af1fe341 | ITER: 27 END: OK
2019-07-02 09:40:19.401 26625 INFO rally.task.runner [-] Task bbe6ddb0-7507-423d-bdad-f1b9af1fe341 | ITER: 31 START
2019-07-02 09:40:19.402 26625 WARNING rally_openstack.scenarios.neutron.utils [-] Running this scenario without either the 'network' or 'existing_network' context is deprecated
2019-07-02 09:40:19.564 26607 INFO rally.task.runner [-] Task bbe6ddb0-7507-423d-bdad-f1b9af1fe341 | ITER: 16 END: OK
2019-07-02 09:40:19.569 26607 INFO rally.task.runner [-] Task bbe6ddb0-7507-423d-bdad-f1b9af1fe341 | ITER: 32 START
2019-07-02 09:40:19.569 26607 WARNING rally_openstack.scenarios.neutron.utils [-] Running this scenario without either the 'network' or 'existing_network' context is deprecated
2019-07-02 09:40:19.792 26603 INFO rally.task.runner [-] Task bbe6ddb0-7507-423d-bdad-f1b9af1fe341 | ITER: 14 END: OK
2019-07-02 09:40:19.795 26603 INFO rally.task.runner [-] Task bbe6ddb0-7507-423d-bdad-f1b9af1fe341 | ITER: 33 START
2019-07-02 09:40:19.796 26603 WARNING rally_openstack.scenarios.neutron.utils [-] Running this scenario without either the 'network' or 'existing_network' context is deprecated
2019-07-02 09:40:20.002 26582 INFO rally.task.runner [-] Task bbe6ddb0-7507-423d-bdad-f1b9af1fe341 | ITER: 28 END: OK
2019-07-02 09:40:20.006 26582 INFO rally.task.runner [-] Task bbe6ddb0-7507-423d-bdad-f1b9af1fe341 | ITER: 34 START
2019-07-02 09:40:20.007 26582 WARNING rally_openstack.scenarios.neutron.utils [-] Running this scenario without either the 'network' or 'existing_network' context is deprecated
2019-07-02 09:40:20.205 26598 INFO rally.task.runner [-] Task bbe6ddb0-7507-423d-bdad-f1b9af1fe341 | ITER: 12 END: OK
2019-07-02 09:40:20.209 26598 INFO rally.task.runner [-] Task bbe6ddb0-7507-423d-bdad-f1b9af1fe341 | ITER: 35 START
2019-07-02 09:40:20.210 26598 WARNING rally_openstack.scenarios.neutron.utils [-] Running this scenario without either the 'network' or 'existing_network' context is deprecated
2019-07-02 09:40:20.359 26615 INFO rally.task.runner [-] Task bbe6ddb0-7507-423d-bdad-f1b9af1fe341 | ITER: 17 END: OK
2019-07-02 09:40:20.364 26615 INFO rally.task.runner [-] Task bbe6ddb0-7507-423d-bdad-f1b9af1fe341 | ITER: 36 START
2019-07-02 09:40:20.365 26615 WARNING rally_openstack.scenarios.neutron.utils [-] Running this scenario without either the 'network' or 'existing_network' context is deprecated
2019-07-02 09:40:20.668 26586 INFO rally.task.runner [-] Task bbe6ddb0-7507-423d-bdad-f1b9af1fe341 | ITER: 30 END: OK
2019-07-02 09:40:20.673 26586 INFO rally.task.runner [-] Task bbe6ddb0-7507-423d-bdad-f1b9af1fe341 | ITER: 37 START
2019-07-02 09:40:20.674 26586 WARNING rally_openstack.scenarios.neutron.utils [-] Running this scenario without either the 'network' or 'existing_network' context is deprecated
2019-07-02 09:40:25.092 26600 INFO rally.task.runner [-] Task bbe6ddb0-7507-423d-bdad-f1b9af1fe341 | ITER: 13 END: OK
2019-07-02 09:40:25.101 26600 INFO rally.task.runner [-] Task bbe6ddb0-7507-423d-bdad-f1b9af1fe341 | ITER: 38 START
2019-07-02 09:40:25.102 26600 WARNING rally_openstack.scenarios.neutron.utils [-] Running this scenario without either the 'network' or 'existing_network' context is deprecated
2019-07-02 09:40:25.751 26581 INFO rally.task.runner [-] Task bbe6ddb0-7507-423d-bdad-f1b9af1fe341 | ITER: 24 END: OK
2019-07-02 09:40:25.758 26581 INFO rally.task.runner [-] Task bbe6ddb0-7507-423d-bdad-f1b9af1fe341 | ITER: 39 START
2019-07-02 09:40:25.759 26581 WARNING rally_openstack.scenarios.neutron.utils [-] Running this scenario without either the 'network' or 'existing_network' context is deprecated
2019-07-02 09:40:25.922 26591 INFO rally.task.runner [-] Task bbe6ddb0-7507-423d-bdad-f1b9af1fe341 | ITER: 10 END: OK
2019-07-02 09:40:25.926 26591 INFO rally.task.runner [-] Task bbe6ddb0-7507-423d-bdad-f1b9af1fe341 | ITER: 40 START
2019-07-02 09:40:25.927 26591 WARNING rally_openstack.scenarios.neutron.utils [-] Running this scenario without either the 'network' or 'existing_network' context is deprecated
2019-07-02 09:40:25.958 26583 INFO rally.task.runner [-] Task bbe6ddb0-7507-423d-bdad-f1b9af1fe341 | ITER: 4 END: OK
2019-07-02 09:40:25.977 26627 INFO rally.task.runner [-] Task bbe6ddb0-7507-423d-bdad-f1b9af1fe341 | ITER: 20 END: OK
2019-07-02 09:40:26.772 26581 INFO rally.task.runner [-] Task bbe6ddb0-7507-423d-bdad-f1b9af1fe341 | ITER: 29 END: OK
2019-07-02 09:40:27.065 26584 INFO rally.task.runner [-] Task bbe6ddb0-7507-423d-bdad-f1b9af1fe341 | ITER: 25 END: OK
2019-07-02 09:40:27.096 26618 INFO rally.task.runner [-] Task bbe6ddb0-7507-423d-bdad-f1b9af1fe341 | ITER: 26 END: OK
2019-07-02 09:40:27.847 26615 INFO rally.task.runner [-] Task bbe6ddb0-7507-423d-bdad-f1b9af1fe341 | ITER: 36 END: OK
2019-07-02 09:40:28.953 26582 INFO rally.task.runner [-] Task bbe6ddb0-7507-423d-bdad-f1b9af1fe341 | ITER: 34 END: OK
2019-07-02 09:40:29.292 26598 INFO rally.task.runner [-] Task bbe6ddb0-7507-423d-bdad-f1b9af1fe341 | ITER: 35 END: OK
2019-07-02 09:40:30.804 26586 INFO rally.task.runner [-] Task bbe6ddb0-7507-423d-bdad-f1b9af1fe341 | ITER: 37 END: OK
2019-07-02 09:40:31.930 26583 INFO rally.task.runner [-] Task bbe6ddb0-7507-423d-bdad-f1b9af1fe341 | ITER: 6 END: OK
2019-07-02 09:40:32.268 26582 INFO rally.task.runner [-] Task bbe6ddb0-7507-423d-bdad-f1b9af1fe341 | ITER: 5 END: OK
2019-07-02 09:40:32.909 26595 INFO rally.task.runner [-] Task bbe6ddb0-7507-423d-bdad-f1b9af1fe341 | ITER: 11 END: OK
2019-07-02 09:40:32.913 26612 INFO rally.task.runner [-] Task bbe6ddb0-7507-423d-bdad-f1b9af1fe341 | ITER: 15 END: OK
2019-07-02 09:40:33.054 26584 INFO rally.task.runner [-] Task bbe6ddb0-7507-423d-bdad-f1b9af1fe341 | ITER: 7 END: OK
2019-07-02 09:40:33.167 26600 INFO rally.task.runner [-] Task bbe6ddb0-7507-423d-bdad-f1b9af1fe341 | ITER: 38 END: OK
2019-07-02 09:40:33.332 26581 INFO rally.task.runner [-] Task bbe6ddb0-7507-423d-bdad-f1b9af1fe341 | ITER: 39 END: OK
2019-07-02 09:40:34.941 26591 INFO rally.task.runner [-] Task bbe6ddb0-7507-423d-bdad-f1b9af1fe341 | ITER: 40 END: OK
2019-07-02 09:40:40.476 26625 INFO rally.task.runner [-] Task bbe6ddb0-7507-423d-bdad-f1b9af1fe341 | ITER: 31 END: OK
2019-07-02 09:40:40.573 26607 INFO rally.task.runner [-] Task bbe6ddb0-7507-423d-bdad-f1b9af1fe341 | ITER: 32 END: OK
2019-07-02 09:40:40.819 26603 INFO rally.task.runner [-] Task bbe6ddb0-7507-423d-bdad-f1b9af1fe341 | ITER: 33 END: OK
2019-07-02 09:40:40.842 22705 INFO rally.task.context [-] Task bbe6ddb0-7507-423d-bdad-f1b9af1fe341 | Context cleanup@openstack cleanup() started
2019-07-02 09:40:40.844 22705 RALLYDEBUG rally_openstack.cleanup.manager [-] Cleaning up neutron vip objects
2019-07-02 09:40:41.564 22705 RALLYDEBUG rally_openstack.cleanup.manager [-] Cleaning up neutron health_monitor objects
2019-07-02 09:40:42.263 22705 RALLYDEBUG rally_openstack.cleanup.manager [-] Cleaning up neutron pool objects
2019-07-02 09:40:42.881 22705 RALLYDEBUG rally_openstack.cleanup.manager [-] Cleaning up neutron loadbalancer objects
2019-07-02 09:40:43.601 22705 RALLYDEBUG rally_openstack.cleanup.manager [-] Cleaning up neutron floatingip objects
2019-07-02 09:40:44.356 22705 RALLYDEBUG rally_openstack.cleanup.manager [-] Cleaning up neutron port objects
2019-07-02 09:40:45.548 22705 RALLYDEBUG rally_openstack.cleanup.manager [-] Deleting neutron.port object s_rally_cb5152b8_elXtbzzx (00dc8a82-0792-4b1f-b574-6b1dd5a42c34)
2019-07-02 09:40:45.550 22705 RALLYDEBUG rally_openstack.cleanup.manager [-] Deleting neutron.port object s_rally_cb5152b8_HZIVOhDt (04d8dccf-549c-4bd8-9185-5861cfc7c96e)
2019-07-02 09:40:45.551 22705 RALLYDEBUG rally_openstack.cleanup.manager [-] Deleting neutron.port object s_rally_cb5152b8_YN71YLZ7 (00590565-1c75-4cad-b778-a8bdc8a11236)
2019-07-02 09:40:45.558 22705 RALLYDEBUG rally_openstack.cleanup.manager [-] Deleting neutron.port object s_rally_cb5152b8_JHe7e4fW (02f2d6a9-3eab-4a32-955c-0b0241af3a5a)
2019-07-02 09:40:45.568 22705 RALLYDEBUG rally_openstack.cleanup.manager [-] Deleting neutron.port object s_rally_cb5152b8_tpJHkDn4 (023805ca-4750-4ddc-8d5d-a05b53ce74e8)
2019-07-02 09:40:45.572 22705 RALLYDEBUG rally_openstack.cleanup.manager [-] Deleting neutron.port object s_rally_cb5152b8_7QNkq6Z5 (0678d5a2-1da2-4a47-955c-0d0ff27d75d5)
2019-07-02 09:40:45.578 22705 RALLYDEBUG rally_openstack.cleanup.manager [-] Deleting neutron.port object s_rally_cb5152b8_BIWl9fjw (05031b82-1d51-4582-b3bf-0ded0af6990d)
2019-07-02 09:40:45.587 22705 RALLYDEBUG rally_openstack.cleanup.manager [-] Deleting neutron.port object s_rally_cb5152b8_NDsuon2U (0038f16e-7c9d-4124-87ff-b28810e33429)
2019-07-02 09:40:45.592 22705 RALLYDEBUG rally_openstack.cleanup.manager [-] Deleting neutron.port object s_rally_cb5152b8_71O96cTr (042f1682-9ce1-4bf1-b5a3-e82408943f27)
2019-07-02 09:40:45.596 22705 RALLYDEBUG rally_openstack.cleanup.manager [-] Deleting neutron.port object s_rally_cb5152b8_44Ye7HVo (07bfefb3-c0d3-4468-92e9-8a9807fe62cd)
2019-07-02 09:40:45.596 22705 RALLYDEBUG rally_openstack.cleanup.manager [-] Deleting neutron.port object s_rally_cb5152b8_ORXRrUkk (0c829da5-b568-44d5-8ba6-462c557e98b2)
2019-07-02 09:40:45.596 22705 RALLYDEBUG rally_openstack.cleanup.manager [-] Deleting neutron.port object s_rally_cb5152b8_TI7u2JgY (0db742d4-c480-439b-9521-d227ee63ab8b)
2019-07-02 09:40:45.607 22705 RALLYDEBUG rally_openstack.cleanup.manager [-] Deleting neutron.port object s_rally_cb5152b8_BWfdcPr4 (0b869eb1-20f7-43c3-981e-26e61e80740d)
2019-07-02 09:40:45.611 22705 RALLYDEBUG rally_openstack.cleanup.manager [-] Deleting neutron.port object s_rally_cb5152b8_xGeUvIze (0ffd0b9c-0db4-4c34-8e1c-4c9037d5f0e9)
2019-07-02 09:40:45.612 22705 RALLYDEBUG rally_openstack.cleanup.manager [-] Deleting neutron.port object s_rally_cb5152b8_L6zWQv8k (125703f6-818c-43fd-930e-115045773ca3)
2019-07-02 09:40:45.630 22705 RALLYDEBUG rally_openstack.cleanup.manager [-] Deleting neutron.port object s_rally_cb5152b8_FHR430xR (128a49c3-15c4-48cb-9cdf-a63bd1e31160)
2019-07-02 09:40:45.658 22705 RALLYDEBUG rally_openstack.cleanup.manager [-] Deleting neutron.port object s_rally_cb5152b8_pOUFk6Lr (1303dc6d-90f1-4adc-9029-7b71eb027fb4)
2019-07-02 09:40:45.662 22705 RALLYDEBUG rally_openstack.cleanup.manager [-] Deleting neutron.port object s_rally_cb5152b8_YNwprBlG (13183e9c-8956-451c-927d-c6173ee5ae52)
2019-07-02 09:40:45.673 22705 RALLYDEBUG rally_openstack.cleanup.manager [-] Deleting neutron.port object s_rally_cb5152b8_rlXDkiGK (15901d23-fcfc-4896-8661-df37db62aa0f)
2019-07-02 09:40:45.685 22705 RALLYDEBUG rally_openstack.cleanup.manager [-] Deleting neutron.port object s_rally_cb5152b8_qclCOsfT (16da5b30-4f42-4b17-9335-3013ae01323a)
2019-07-02 09:40:48.183 22705 RALLYDEBUG rally_openstack.cleanup.manager [-] Deleting neutron.port object s_rally_cb5152b8_D1aKaezw (19c57a55-50a5-436a-89b4-5b7f58f8b9a5)
2019-07-02 09:40:48.340 22705 RALLYDEBUG rally_openstack.cleanup.manager [-] Deleting neutron.port object s_rally_cb5152b8_JSMbBz4Z (1ad3aad9-45d2-469a-ad94-443f35e12d57)
2019-07-02 09:40:48.503 22705 RALLYDEBUG rally_openstack.cleanup.manager [-] Deleting neutron.port object s_rally_cb5152b8_1WYTgfvz (1c088cfc-a743-44e3-8995-8df8addcbaa8)
2019-07-02 09:40:48.970 22705 RALLYDEBUG rally_openstack.cleanup.manager [-] Deleting neutron.port object s_rally_cb5152b8_lY8rvdor (1c3984c3-df76-4cbb-ae6f-98648e5f4e3d)
2019-07-02 09:40:49.071 22705 RALLYDEBUG rally_openstack.cleanup.manager [-] Deleting neutron.port object s_rally_cb5152b8_mJ556UeG (1c93b8cc-8173-437c-81d7-5715beb7a70f)
2019-07-02 09:40:50.058 22705 RALLYDEBUG rally_openstack.cleanup.manager [-] Deleting neutron.port object s_rally_cb5152b8_xB026naP (1d66535f-a01f-405b-9f56-acf13f26ab02)
2019-07-02 09:40:50.137 22705 RALLYDEBUG rally_openstack.cleanup.manager [-] Deleting neutron.port object s_rally_cb5152b8_l7OmlH8S (232c0e1f-5c3d-4331-b204-f41383410d8a)
2019-07-02 09:40:50.225 22705 RALLYDEBUG rally_openstack.cleanup.manager [-] Deleting neutron.port object s_rally_cb5152b8_TInljHsE (246d1e08-c055-4867-8571-f144d5b0a5e5)
2019-07-02 09:40:51.172 22705 RALLYDEBUG rally_openstack.cleanup.manager [-] Deleting neutron.port object s_rally_cb5152b8_KoP05y2s (285d3135-9a8d-4494-afe9-0ce622d44e41)
2019-07-02 09:40:51.243 22705 RALLYDEBUG rally_openstack.cleanup.manager [-] Deleting neutron.port object s_rally_cb5152b8_Zpjpj8P5 (28a38c64-6fb3-48ab-8762-983d542b2e83)
2019-07-02 09:40:51.418 22705 RALLYDEBUG rally_openstack.cleanup.manager [-] Deleting neutron.port object s_rally_cb5152b8_BXjQh96r (295a0b03-551c-40a1-83ab-614971b88614)
2019-07-02 09:40:51.875 22705 RALLYDEBUG rally_openstack.cleanup.manager [-] Deleting neutron.port object s_rally_cb5152b8_OCwi33Wc (29d813bc-0b10-4aa8-a68e-47f28aeea203)
2019-07-02 09:40:51.940 22705 RALLYDEBUG rally_openstack.cleanup.manager [-] Deleting neutron.port object s_rally_cb5152b8_OPNpFXyZ (2a5bf5b9-2834-461e-8b87-56945f9207c0)
2019-07-02 09:40:51.954 22705 RALLYDEBUG rally_openstack.cleanup.manager [-] Deleting neutron.port object s_rally_cb5152b8_NU5fLQTa (2c55b9fc-5b61-45f6-871f-2eccd4c2f02e)
2019-07-02 09:40:52.035 22705 RALLYDEBUG rally_openstack.cleanup.manager [-] Deleting neutron.port object s_rally_cb5152b8_7faWTtI3 (2d506b34-c549-424a-9a41-e4e080d3150f)
2019-07-02 09:40:52.067 22705 RALLYDEBUG rally_openstack.cleanup.manager [-] Deleting neutron.port object s_rally_cb5152b8_2vL1Js8B (300f039b-bcc0-4c7b-8d31-dab27b2ab970)
2019-07-02 09:40:52.095 22705 RALLYDEBUG rally_openstack.cleanup.manager [-] Deleting neutron.port object s_rally_cb5152b8_qN1d1aKy (30cea20c-4493-4d32-8bcc-cef80dfd91e4)
2019-07-02 09:40:52.600 22705 RALLYDEBUG rally_openstack.cleanup.manager [-] Deleting neutron.port object s_rally_cb5152b8_7JGslwjz (30d66b2d-3ede-40bc-bbf5-3631920971fa)
2019-07-02 09:40:52.696 22705 RALLYDEBUG rally_openstack.cleanup.manager [-] Deleting neutron.port object s_rally_cb5152b8_R23o2I2S (310c0296-7aec-414e-ad1b-de55a6144c7c)
2019-07-02 09:40:52.745 22705 RALLYDEBUG rally_openstack.cleanup.manager [-] Deleting neutron.port object s_rally_cb5152b8_cNBFFilG (3388dc17-ac6e-4561-b8fa-03d2ae93140d)
2019-07-02 09:40:52.764 22705 RALLYDEBUG rally_openstack.cleanup.manager [-] Deleting neutron.port object s_rally_cb5152b8_dc2T8UFP (33c082d3-6af8-46d8-88c7-985bb79e1e66)
2019-07-02 09:40:52.768 22705 RALLYDEBUG rally_openstack.cleanup.manager [-] Deleting neutron.port object s_rally_cb5152b8_JvysTNUl (3494d3c6-06df-4068-bd21-27993bef09e1)
2019-07-02 09:40:52.829 22705 RALLYDEBUG rally_openstack.cleanup.manager [-] Deleting neutron.port object s_rally_cb5152b8_t5NNMEPF (357b52f4-95bf-418b-8e47-559eb70ec810)
2019-07-02 09:40:52.871 22705 RALLYDEBUG rally_openstack.cleanup.manager [-] Deleting neutron.port object s_rally_cb5152b8_fdu1z1iN (363afd4a-1ad4-4371-b674-69b380fd6d94)
2019-07-02 09:40:52.883 22705 RALLYDEBUG rally_openstack.cleanup.manager [-] Deleting neutron.port object s_rally_cb5152b8_nuWXmELx (367cbca2-c823-486e-a889-724151f91ec3)
2019-07-02 09:40:53.141 22705 RALLYDEBUG rally_openstack.cleanup.manager [-] Deleting neutron.port object s_rally_cb5152b8_NKrMzaC7 (383b539d-32e2-49ad-a40b-baeaeb3fbae2)
2019-07-02 09:40:53.381 22705 RALLYDEBUG rally_openstack.cleanup.manager [-] Deleting neutron.port object s_rally_cb5152b8_uio28PA2 (3a0dcb9a-92dc-4a1b-908a-d9af116c5392)
2019-07-02 09:40:53.438 22705 RALLYDEBUG rally_openstack.cleanup.manager [-] Deleting neutron.port object s_rally_cb5152b8_mxxWt9Eh (3b231c02-ed7b-4ba1-94d2-90ebb8928f52)
2019-07-02 09:40:53.825 22705 RALLYDEBUG rally_openstack.cleanup.manager [-] Deleting neutron.port object s_rally_cb5152b8_ljRA2h55 (3bcbc967-10db-49a9-95f6-280cea218ff7)
2019-07-02 09:40:54.099 22705 RALLYDEBUG rally_openstack.cleanup.manager [-] Deleting neutron.port object s_rally_cb5152b8_xuWVzisi (3cd31e94-ef68-47ff-9f3c-aa1b0e1fa427)
2019-07-02 09:40:54.209 22705 RALLYDEBUG rally_openstack.cleanup.manager [-] Deleting neutron.port object s_rally_cb5152b8_wM375OHj (3d80b0be-579b-4d55-976d-223a5c555800)
2019-07-02 09:40:54.268 22705 RALLYDEBUG rally_openstack.cleanup.manager [-] Deleting neutron.port object s_rally_cb5152b8_4pifgeQ3 (3db84215-0571-432b-9f55-3b3523495519)
2019-07-02 09:40:55.063 22705 RALLYDEBUG rally_openstack.cleanup.manager [-] Deleting neutron.port object s_rally_cb5152b8_a7kxJM01 (3de40857-565a-4480-9fab-4b9948fca5b1)
2019-07-02 09:40:55.106 22705 RALLYDEBUG rally_openstack.cleanup.manager [-] Deleting neutron.port object s_rally_cb5152b8_yZzxg2x0 (3e883096-e990-4c5b-a8b7-12e73a13a231)
2019-07-02 09:40:55.237 22705 RALLYDEBUG rally_openstack.cleanup.manager [-] Deleting neutron.port object s_rally_cb5152b8_NUZeRo4q (3efd8d60-dcb4-462a-b8e9-80d5834e8ed6)
2019-07-02 09:40:55.473 22705 RALLYDEBUG rally_openstack.cleanup.manager [-] Deleting neutron.port object s_rally_cb5152b8_c6Ns7tLt (40b2873b-77fa-490e-ade9-befb0af9652d)
2019-07-02 09:40:55.513 22705 RALLYDEBUG rally_openstack.cleanup.manager [-] Deleting neutron.port object s_rally_cb5152b8_cQ8KyMbF (4656eff9-3746-4cd0-b6f9-010de71a7332)
2019-07-02 09:40:55.530 22705 RALLYDEBUG rally_openstack.cleanup.manager [-] Deleting neutron.port object s_rally_cb5152b8_KSX98jQ8 (46bcf94c-4278-46bb-b2e0-76297a8e9db1)
2019-07-02 09:40:55.901 22705 RALLYDEBUG rally_openstack.cleanup.manager [-] Deleting neutron.port object s_rally_cb5152b8_QOR9Chm4 (48b911be-f993-413f-a692-7615e94a2598)
2019-07-02 09:40:55.988 22705 RALLYDEBUG rally_openstack.cleanup.manager [-] Deleting neutron.port object s_rally_cb5152b8_CqyPNINB (495a045e-bdc0-407e-a36f-dc46c44a17b4)
2019-07-02 09:40:56.011 22705 RALLYDEBUG rally_openstack.cleanup.manager [-] Deleting neutron.port object s_rally_cb5152b8_NArzgpVi (4a396370-a7c5-47b1-a9fd-b384812e5aa1)
2019-07-02 09:40:56.016 22705 RALLYDEBUG rally_openstack.cleanup.manager [-] Deleting neutron.port object s_rally_cb5152b8_S7yXD3Z4 (4c58d9ca-1255-47ee-94ea-3924959e3dfd)
2019-07-02 09:40:56.153 22705 RALLYDEBUG rally_openstack.cleanup.manager [-] Deleting neutron.port object s_rally_cb5152b8_hGe7XF26 (4c876236-1664-4f24-b7f1-d8c34eb17f80)
2019-07-02 09:40:56.208 22705 RALLYDEBUG rally_openstack.cleanup.manager [-] Deleting neutron.port object s_rally_cb5152b8_1KzLt62v (4cd35b8c-d341-4709-a6fc-d06ac299844d)
2019-07-02 09:40:56.299 22705 RALLYDEBUG rally_openstack.cleanup.manager [-] Deleting neutron.port object s_rally_cb5152b8_81JEltk9 (4dc7aa9d-b7d8-43c4-bba8-73591d826b0d)
2019-07-02 09:40:57.059 22705 RALLYDEBUG rally_openstack.cleanup.manager [-] Deleting neutron.port object s_rally_cb5152b8_mTMRTiA6 (4e131762-e295-48e6-89dc-8360fb3064bc)
2019-07-02 09:40:57.081 22705 RALLYDEBUG rally_openstack.cleanup.manager [-] Deleting neutron.port object s_rally_cb5152b8_0UkyOR93 (4eb75871-90f2-4516-8088-11921a16bf53)
2019-07-02 09:40:57.084 22705 RALLYDEBUG rally_openstack.cleanup.manager [-] Deleting neutron.port object s_rally_cb5152b8_DYcdAwze (4e541a81-3cef-49f5-9c0b-cb325a9b2a84)
2019-07-02 09:40:57.109 22705 RALLYDEBUG rally_openstack.cleanup.manager [-] Deleting neutron.port object s_rally_cb5152b8_an9rLOVD (52074142-a110-4036-b4a8-447ca0180212)
