2019-07-02 09:26:20.565 24815 RALLYDEBUG rally.task.runner [-] Starting a worker. concurrency: 1 args: {"network_create_args": {}, "subnet_create_args": {}, "subnet_cidr_start": "1.1.0.0/30", "subnets_per_network": 2} times: 40 method_name: run timeout: 0 duration: None cls:
2019-07-02 09:26:20.565 24806 RALLYDEBUG rally.task.runner [-] Starting a worker. concurrency: 1 args: {"network_create_args": {}, "subnet_create_args": {}, "subnet_cidr_start": "1.1.0.0/30", "subnets_per_network": 2} times: 40 method_name: run timeout: 0 duration: None cls:
2019-07-02 09:26:20.566 24811 WARNING rally_openstack.scenarios.neutron.utils [-] Running this scenario without either the 'network' or 'existing_network' context is deprecated
2019-07-02 09:26:20.565 24802 WARNING rally_openstack.scenarios.neutron.utils [-] Running this scenario without either the 'network' or 'existing_network' context is deprecated
2019-07-02 09:26:20.570 24815 INFO rally.task.runner [-] Task bbe6ddb0-7507-423d-bdad-f1b9af1fe341 | ITER: 10 START
2019-07-02 09:26:20.573 24806 INFO rally.task.runner [-] Task bbe6ddb0-7507-423d-bdad-f1b9af1fe341 | ITER: 11 START
2019-07-02 09:26:20.573 24799 INFO rally.task.runner [-] Task bbe6ddb0-7507-423d-bdad-f1b9af1fe341 | ITER: 2 START
2019-07-02 09:26:20.573 24818 RALLYDEBUG rally.task.runner [-] Starting a worker. concurrency: 1 args: {"network_create_args": {}, "subnet_create_args": {}, "subnet_cidr_start": "1.1.0.0/30", "subnets_per_network": 2} times: 40 method_name: run timeout: 0 duration: None cls:
2019-07-02 09:26:20.574 24823 RALLYDEBUG rally.task.runner [-] Starting a worker. concurrency: 1 args: {"network_create_args": {}, "subnet_create_args": {}, "subnet_cidr_start": "1.1.0.0/30", "subnets_per_network": 2} times: 40 method_name: run timeout: 0 duration: None cls:
2019-07-02 09:26:20.573 24815 WARNING rally_openstack.scenarios.neutron.utils [-] Running this scenario without either the 'network' or 'existing_network' context is deprecated
2019-07-02 09:26:20.574 24799 WARNING rally_openstack.scenarios.neutron.utils [-] Running this scenario without either the 'network' or 'existing_network' context is deprecated
2019-07-02 09:26:20.575 24806 WARNING rally_openstack.scenarios.neutron.utils [-] Running this scenario without either the 'network' or 'existing_network' context is deprecated
2019-07-02 09:26:20.578 24823 INFO rally.task.runner [-] Task bbe6ddb0-7507-423d-bdad-f1b9af1fe341 | ITER: 13 START
2019-07-02 09:26:20.579 24823 WARNING rally_openstack.scenarios.neutron.utils [-] Running this scenario without either the 'network' or 'existing_network' context is deprecated
2019-07-02 09:26:20.579 24818 INFO rally.task.runner [-] Task bbe6ddb0-7507-423d-bdad-f1b9af1fe341 | ITER: 12 START
2019-07-02 09:26:20.580 24818 WARNING rally_openstack.scenarios.neutron.utils [-] Running this scenario without either the 'network' or 'existing_network' context is deprecated
2019-07-02 09:26:20.586 24830 RALLYDEBUG rally.task.runner [-] Starting a worker. concurrency: 1 args: {"network_create_args": {}, "subnet_create_args": {}, "subnet_cidr_start": "1.1.0.0/30", "subnets_per_network": 2} times: 40 method_name: run timeout: 0 duration: None cls:
2019-07-02 09:26:20.594 24830 INFO rally.task.runner [-] Task bbe6ddb0-7507-423d-bdad-f1b9af1fe341 | ITER: 14 START
2019-07-02 09:26:20.597 24830 WARNING rally_openstack.scenarios.neutron.utils [-] Running this scenario without either the 'network' or 'existing_network' context is deprecated
2019-07-02 09:26:20.598 24831 RALLYDEBUG rally.task.runner [-] Starting a worker. concurrency: 1 args: {"network_create_args": {}, "subnet_create_args": {}, "subnet_cidr_start": "1.1.0.0/30", "subnets_per_network": 2} times: 40 method_name: run timeout: 0 duration: None cls:
2019-07-02 09:26:20.600 24834 RALLYDEBUG rally.task.runner [-] Starting a worker. concurrency: 1 args: {"network_create_args": {}, "subnet_create_args": {}, "subnet_cidr_start": "1.1.0.0/30", "subnets_per_network": 2} times: 40 method_name: run timeout: 0 duration: None cls:
2019-07-02 09:26:20.604 24834 INFO rally.task.runner [-] Task bbe6ddb0-7507-423d-bdad-f1b9af1fe341 | ITER: 16 START
2019-07-02 09:26:20.603 24831 INFO rally.task.runner [-] Task bbe6ddb0-7507-423d-bdad-f1b9af1fe341 | ITER: 15 START
2019-07-02 09:26:20.606 24834 WARNING rally_openstack.scenarios.neutron.utils [-] Running this scenario without either the 'network' or 'existing_network' context is deprecated
2019-07-02 09:26:20.607 24831 WARNING rally_openstack.scenarios.neutron.utils [-] Running this scenario without either the 'network' or 'existing_network' context is deprecated
2019-07-02 09:26:20.608 24836 RALLYDEBUG rally.task.runner [-] Starting a worker. concurrency: 1 args: {"network_create_args": {}, "subnet_create_args": {}, "subnet_cidr_start": "1.1.0.0/30", "subnets_per_network": 2} times: 40 method_name: run timeout: 0 duration: None cls:
2019-07-02 09:26:20.613 24836 INFO rally.task.runner [-] Task bbe6ddb0-7507-423d-bdad-f1b9af1fe341 | ITER: 17 START
2019-07-02 09:26:20.613 24840 RALLYDEBUG rally.task.runner [-] Starting a worker. concurrency: 1 args: {"network_create_args": {}, "subnet_create_args": {}, "subnet_cidr_start": "1.1.0.0/30", "subnets_per_network": 2} times: 40 method_name: run timeout: 0 duration: None cls:
2019-07-02 09:26:20.615 24836 WARNING rally_openstack.scenarios.neutron.utils [-] Running this scenario without either the 'network' or 'existing_network' context is deprecated
2019-07-02 09:26:20.617 24840 INFO rally.task.runner [-] Task bbe6ddb0-7507-423d-bdad-f1b9af1fe341 | ITER: 18 START
2019-07-02 09:26:20.617 24843 RALLYDEBUG rally.task.runner [-] Starting a worker. concurrency: 1 args: {"network_create_args": {}, "subnet_create_args": {}, "subnet_cidr_start": "1.1.0.0/30", "subnets_per_network": 2} times: 40 method_name: run timeout: 0 duration: None cls:
2019-07-02 09:26:20.621 24840 WARNING rally_openstack.scenarios.neutron.utils [-] Running this scenario without either the 'network' or 'existing_network' context is deprecated
2019-07-02 09:26:20.621 24843 INFO rally.task.runner [-] Task bbe6ddb0-7507-423d-bdad-f1b9af1fe341 | ITER: 19 START
2019-07-02 09:26:20.622 24845 RALLYDEBUG rally.task.runner [-] Starting a worker. concurrency: 1 args: {"network_create_args": {}, "subnet_create_args": {}, "subnet_cidr_start": "1.1.0.0/30", "subnets_per_network": 2} times: 40 method_name: run timeout: 0 duration: None cls:
2019-07-02 09:26:20.623 24843 WARNING rally_openstack.scenarios.neutron.utils [-] Running this scenario without either the 'network' or 'existing_network' context is deprecated
2019-07-02 09:26:20.627 24845 INFO rally.task.runner [-] Task bbe6ddb0-7507-423d-bdad-f1b9af1fe341 | ITER: 20 START
2019-07-02 09:26:20.629 24845 WARNING rally_openstack.scenarios.neutron.utils [-] Running this scenario without either the 'network' or 'existing_network' context is deprecated
2019-07-02 09:26:22.302 24823 RALLYDEBUG rally_openstack.wrappers.network [-] CIDR generated: 1.1.4.96/30
2019-07-02 09:26:22.345 24800 RALLYDEBUG rally_openstack.wrappers.network [-] CIDR generated: 1.1.4.100/30
2019-07-02 09:26:22.370 24818 RALLYDEBUG rally_openstack.wrappers.network [-] CIDR generated: 1.1.4.104/30
2019-07-02 09:26:22.423 24799 RALLYDEBUG rally_openstack.wrappers.network [-] CIDR generated: 1.1.4.108/30
2019-07-02 09:26:22.492 24806 RALLYDEBUG rally_openstack.wrappers.network [-] CIDR generated: 1.1.4.112/30
2019-07-02 09:26:22.525 24831 RALLYDEBUG rally_openstack.wrappers.network [-] CIDR generated: 1.1.4.116/30
2019-07-02 09:26:22.577 24843 RALLYDEBUG rally_openstack.wrappers.network [-] CIDR generated: 1.1.4.120/30
2019-07-02 09:26:22.615 24815 RALLYDEBUG rally_openstack.wrappers.network [-] CIDR generated: 1.1.4.124/30
2019-07-02 09:26:22.713 24800 RALLYDEBUG rally_openstack.wrappers.network [-] CIDR generated: 1.1.4.132/30
2019-07-02 09:26:22.713 24801 RALLYDEBUG rally_openstack.wrappers.network [-] CIDR generated: 1.1.4.128/30
2019-07-02 09:26:22.896 24799 RALLYDEBUG rally_openstack.wrappers.network [-] CIDR generated: 1.1.4.136/30
2019-07-02 09:26:22.944 24802 RALLYDEBUG rally_openstack.wrappers.network [-] CIDR generated: 1.1.4.140/30
2019-07-02 09:26:23.011 24840 RALLYDEBUG rally_openstack.wrappers.network [-] CIDR generated: 1.1.4.144/30
2019-07-02 09:26:23.123 24834 RALLYDEBUG rally_openstack.wrappers.network [-] CIDR generated: 1.1.4.148/30
2019-07-02 09:26:23.154 24845 RALLYDEBUG rally_openstack.wrappers.network [-] CIDR generated: 1.1.4.152/30
2019-07-02 09:26:23.160 24836 RALLYDEBUG rally_openstack.wrappers.network [-] CIDR generated: 1.1.4.156/30
2019-07-02 09:26:23.289 24802 RALLYDEBUG rally_openstack.wrappers.network [-] CIDR generated: 1.1.4.160/30
2019-07-02 09:26:23.376 24800 RALLYDEBUG rally_openstack.wrappers.network [-] CIDR generated: 1.1.4.164/30
2019-07-02 09:26:23.447 24830 RALLYDEBUG rally_openstack.wrappers.network [-] CIDR generated: 1.1.4.168/30
2019-07-02 09:26:23.489 24818 RALLYDEBUG rally_openstack.wrappers.network [-] CIDR generated: 1.1.4.172/30
2019-07-02 09:26:23.633 24801 RALLYDEBUG rally_openstack.wrappers.network [-] CIDR generated: 1.1.4.176/30
2019-07-02 09:26:23.673 24843 RALLYDEBUG rally_openstack.wrappers.network [-] CIDR generated: 1.1.4.180/30
2019-07-02 09:26:23.726 24831 RALLYDEBUG rally_openstack.wrappers.network [-] CIDR generated: 1.1.4.184/30
2019-07-02 09:26:24.147 24811 RALLYDEBUG rally_openstack.wrappers.network [-] CIDR generated: 1.1.4.188/30
2019-07-02 09:26:24.789 24830 RALLYDEBUG rally_openstack.wrappers.network [-] CIDR generated: 1.1.4.192/30
2019-07-02 09:26:26.067 24806 RALLYDEBUG rally_openstack.wrappers.network [-] CIDR generated: 1.1.4.196/30
2019-07-02 09:26:26.169 24823 RALLYDEBUG rally_openstack.wrappers.network [-] CIDR generated: 1.1.4.200/30
2019-07-02 09:26:26.556 24840 RALLYDEBUG rally_openstack.wrappers.network [-] CIDR generated: 1.1.4.204/30
2019-07-02 09:26:26.612 24834 RALLYDEBUG rally_openstack.wrappers.network [-] CIDR generated: 1.1.4.208/30
2019-07-02 09:26:27.475 24836 RALLYDEBUG rally_openstack.wrappers.network [-] CIDR generated: 1.1.4.212/30
2019-07-02 09:26:27.674 24845 RALLYDEBUG rally_openstack.wrappers.network [-] CIDR generated: 1.1.4.216/30
2019-07-02 09:26:28.084 24799 RALLYDEBUG rally_openstack.wrappers.network [-] CIDR generated: 1.1.4.220/30
2019-07-02 09:26:28.086 24802 RALLYDEBUG rally_openstack.wrappers.network [-] CIDR generated: 1.1.4.224/30
2019-07-02 09:26:28.089 24799 RALLYDEBUG rally_openstack.wrappers.network [-] CIDR generated: 1.1.4.228/30
2019-07-02 09:26:28.161 24800 INFO rally.task.runner [-] Task bbe6ddb0-7507-423d-bdad-f1b9af1fe341 | ITER: 7 END: OK
2019-07-02 09:26:28.165 24800 INFO rally.task.runner [-] Task bbe6ddb0-7507-423d-bdad-f1b9af1fe341 | ITER: 21 START
2019-07-02 09:26:28.166 24800 WARNING rally_openstack.scenarios.neutron.utils [-] Running this scenario without either the 'network' or 'existing_network' context is deprecated
2019-07-02 09:26:28.692 24831 INFO rally.task.runner [-] Task bbe6ddb0-7507-423d-bdad-f1b9af1fe341 | ITER: 15 END: OK
2019-07-02 09:26:28.696 24831 INFO rally.task.runner [-] Task bbe6ddb0-7507-423d-bdad-f1b9af1fe341 | ITER: 22 START
2019-07-02 09:26:28.697 24831 WARNING rally_openstack.scenarios.neutron.utils [-] Running this scenario without either the 'network' or 'existing_network' context is deprecated
2019-07-02 09:26:28.817 24818 INFO rally.task.runner [-] Task bbe6ddb0-7507-423d-bdad-f1b9af1fe341 | ITER: 12 END: OK
2019-07-02 09:26:28.822 24818 INFO rally.task.runner [-] Task bbe6ddb0-7507-423d-bdad-f1b9af1fe341 | ITER: 23 START
2019-07-02 09:26:28.823 24818 WARNING rally_openstack.scenarios.neutron.utils [-] Running this scenario without either the 'network' or 'existing_network' context is deprecated
2019-07-02 09:26:29.028 24843 INFO rally.task.runner [-] Task bbe6ddb0-7507-423d-bdad-f1b9af1fe341 | ITER: 19 END: OK
2019-07-02 09:26:29.032 24843 INFO rally.task.runner [-] Task bbe6ddb0-7507-423d-bdad-f1b9af1fe341 | ITER: 24 START
2019-07-02 09:26:29.033 24843 WARNING rally_openstack.scenarios.neutron.utils [-] Running this scenario without either the 'network' or 'existing_network' context is deprecated
2019-07-02 09:26:29.072 24830 INFO rally.task.runner [-] Task bbe6ddb0-7507-423d-bdad-f1b9af1fe341 | ITER: 14 END: OK
2019-07-02 09:26:29.075 24830 INFO rally.task.runner [-] Task bbe6ddb0-7507-423d-bdad-f1b9af1fe341 | ITER: 25 START
2019-07-02 09:26:29.076 24830 WARNING rally_openstack.scenarios.neutron.utils [-] Running this scenario without either the 'network' or 'existing_network' context is deprecated
2019-07-02 09:26:29.243 24815 RALLYDEBUG rally_openstack.wrappers.network [-] CIDR generated: 1.1.4.232/30
2019-07-02 09:26:29.256 24811 RALLYDEBUG rally_openstack.wrappers.network [-] CIDR generated: 1.1.4.236/30
2019-07-02 09:26:29.266 24801 RALLYDEBUG rally_openstack.wrappers.network [-] CIDR generated: 1.1.4.240/30
2019-07-02 09:26:29.325 24800 RALLYDEBUG rally_openstack.wrappers.network [-] CIDR generated: 1.1.4.244/30
2019-07-02 09:26:29.372 24800 RALLYDEBUG rally_openstack.wrappers.network [-] CIDR generated: 1.1.4.248/30
2019-07-02 09:26:29.584 24802 RALLYDEBUG rally_openstack.wrappers.network [-] CIDR generated: 1.1.4.252/30
2019-07-02 09:26:29.651 24801 RALLYDEBUG rally_openstack.wrappers.network [-] CIDR generated: 1.1.5.0/30
2019-07-02 09:26:30.044 24831 RALLYDEBUG rally_openstack.wrappers.network [-] CIDR generated: 1.1.5.4/30
2019-07-02 09:26:30.290 24818 RALLYDEBUG rally_openstack.wrappers.network [-] CIDR generated: 1.1.5.8/30
2019-07-02 09:26:30.377 24843 RALLYDEBUG rally_openstack.wrappers.network [-] CIDR generated: 1.1.5.12/30
2019-07-02 09:26:30.868 24830 RALLYDEBUG rally_openstack.wrappers.network [-] CIDR generated: 1.1.5.16/30
2019-07-02 09:26:30.983 24800 RALLYDEBUG rally_openstack.wrappers.network [-] CIDR generated: 1.1.5.20/30
2019-07-02 09:26:31.509 24818 RALLYDEBUG rally_openstack.wrappers.network [-] CIDR generated: 1.1.5.24/30
2019-07-02 09:26:31.545 24831 RALLYDEBUG rally_openstack.wrappers.network [-] CIDR generated: 1.1.5.28/30
2019-07-02 09:26:32.415 24843 RALLYDEBUG rally_openstack.wrappers.network [-] CIDR generated: 1.1.5.32/30
2019-07-02 09:26:32.699 24830 RALLYDEBUG rally_openstack.wrappers.network [-] CIDR generated: 1.1.5.36/30
2019-07-02 09:26:33.629 24800 INFO rally.task.runner [-] Task bbe6ddb0-7507-423d-bdad-f1b9af1fe341 | ITER: 21 END: OK
2019-07-02 09:26:33.633 24800 INFO rally.task.runner [-] Task bbe6ddb0-7507-423d-bdad-f1b9af1fe341 | ITER: 26 START
2019-07-02 09:26:33.634 24800 WARNING rally_openstack.scenarios.neutron.utils [-] Running this scenario without either the 'network' or 'existing_network' context is deprecated
2019-07-02 09:26:34.113 24831 INFO rally.task.runner [-] Task bbe6ddb0-7507-423d-bdad-f1b9af1fe341 | ITER: 22 END: OK
2019-07-02 09:26:34.117 24831 INFO rally.task.runner [-] Task bbe6ddb0-7507-423d-bdad-f1b9af1fe341 | ITER: 27 START
2019-07-02 09:26:34.118 24831 WARNING rally_openstack.scenarios.neutron.utils [-] Running this scenario without either the 'network' or 'existing_network' context is deprecated
2019-07-02 09:26:34.374 24818 INFO rally.task.runner [-] Task bbe6ddb0-7507-423d-bdad-f1b9af1fe341 | ITER: 23 END: OK
2019-07-02 09:26:34.378 24818 INFO rally.task.runner [-] Task bbe6ddb0-7507-423d-bdad-f1b9af1fe341 | ITER: 28 START
2019-07-02 09:26:34.379 24818 WARNING rally_openstack.scenarios.neutron.utils [-] Running this scenario without either the 'network' or 'existing_network' context is deprecated
2019-07-02 09:26:34.883 24800 RALLYDEBUG rally_openstack.wrappers.network [-] CIDR generated: 1.1.5.40/30
2019-07-02 09:26:35.266 24831 RALLYDEBUG rally_openstack.wrappers.network [-] CIDR generated: 1.1.5.44/30
2019-07-02 09:26:35.796 24836 INFO rally.task.runner [-] Task bbe6ddb0-7507-423d-bdad-f1b9af1fe341 | ITER: 17 END: OK
2019-07-02 09:26:35.799 24836 INFO rally.task.runner [-] Task bbe6ddb0-7507-423d-bdad-f1b9af1fe341 | ITER: 29 START
2019-07-02 09:26:35.799 24836 WARNING rally_openstack.scenarios.neutron.utils [-] Running this scenario without either the 'network' or 'existing_network' context is deprecated
2019-07-02 09:26:35.813 24845 INFO rally.task.runner [-] Task bbe6ddb0-7507-423d-bdad-f1b9af1fe341 | ITER: 20 END: OK
2019-07-02 09:26:35.817 24845 INFO rally.task.runner [-] Task bbe6ddb0-7507-423d-bdad-f1b9af1fe341 | ITER: 30 START
2019-07-02 09:26:35.817 24845 WARNING rally_openstack.scenarios.neutron.utils [-] Running this scenario without either the 'network' or 'existing_network' context is deprecated
2019-07-02 09:26:35.822 24818 RALLYDEBUG rally_openstack.wrappers.network [-] CIDR generated: 1.1.5.48/30
2019-07-02 09:26:36.019 24800 RALLYDEBUG rally_openstack.wrappers.network [-] CIDR generated: 1.1.5.52/30
2019-07-02 09:26:36.214 24823 INFO rally.task.runner [-] Task bbe6ddb0-7507-423d-bdad-f1b9af1fe341 | ITER: 13 END: OK
2019-07-02 09:26:36.218 24823 INFO rally.task.runner [-] Task bbe6ddb0-7507-423d-bdad-f1b9af1fe341 | ITER: 31 START
2019-07-02 09:26:36.218 24823 WARNING rally_openstack.scenarios.neutron.utils [-] Running this scenario without either the 'network' or 'existing_network' context is deprecated
2019-07-02 09:26:36.507 24806 INFO rally.task.runner [-] Task bbe6ddb0-7507-423d-bdad-f1b9af1fe341 | ITER: 11 END: OK
2019-07-02 09:26:36.510 24806 INFO rally.task.runner [-] Task bbe6ddb0-7507-423d-bdad-f1b9af1fe341 | ITER: 32 START
2019-07-02 09:26:36.510 24806 WARNING rally_openstack.scenarios.neutron.utils [-] Running this scenario without either the 'network' or 'existing_network' context is deprecated
2019-07-02 09:26:37.174 24843 INFO rally.task.runner [-] Task bbe6ddb0-7507-423d-bdad-f1b9af1fe341 | ITER: 24 END: OK
2019-07-02 09:26:37.177 24843 INFO rally.task.runner [-] Task bbe6ddb0-7507-423d-bdad-f1b9af1fe341 | ITER: 33 START
2019-07-02 09:26:37.178 24843 WARNING rally_openstack.scenarios.neutron.utils [-] Running this scenario without either the 'network' or 'existing_network' context is deprecated
2019-07-02 09:26:37.328 24836 RALLYDEBUG rally_openstack.wrappers.network [-] CIDR generated: 1.1.5.56/30
2019-07-02 09:26:37.445 24830 INFO rally.task.runner [-] Task bbe6ddb0-7507-423d-bdad-f1b9af1fe341 | ITER: 25 END: OK
2019-07-02 09:26:37.449 24830 INFO rally.task.runner [-] Task bbe6ddb0-7507-423d-bdad-f1b9af1fe341 | ITER: 34 START
2019-07-02 09:26:37.450 24830 WARNING rally_openstack.scenarios.neutron.utils [-] Running this scenario without either the 'network' or 'existing_network' context is deprecated
2019-07-02 09:26:37.488 24840 INFO rally.task.runner [-] Task bbe6ddb0-7507-423d-bdad-f1b9af1fe341 | ITER: 18 END: OK
2019-07-02 09:26:37.492 24840 INFO rally.task.runner [-] Task bbe6ddb0-7507-423d-bdad-f1b9af1fe341 | ITER: 35 START
2019-07-02 09:26:37.493 24840 WARNING rally_openstack.scenarios.neutron.utils [-] Running this scenario without either the 'network' or 'existing_network' context is deprecated
2019-07-02 09:26:37.806 24823 RALLYDEBUG rally_openstack.wrappers.network [-] CIDR generated: 1.1.5.60/30
2019-07-02 09:26:38.057 24831 RALLYDEBUG rally_openstack.wrappers.network [-] CIDR generated: 1.1.5.64/30
2019-07-02 09:26:38.087 24806 RALLYDEBUG rally_openstack.wrappers.network [-] CIDR generated: 1.1.5.68/30
2019-07-02 09:26:38.165 24845 RALLYDEBUG rally_openstack.wrappers.network [-] CIDR generated: 1.1.5.72/30
2019-07-02 09:26:38.940 24834 INFO rally.task.runner [-] Task bbe6ddb0-7507-423d-bdad-f1b9af1fe341 | ITER: 16 END: OK
2019-07-02 09:26:38.944 24834 INFO rally.task.runner [-] Task bbe6ddb0-7507-423d-bdad-f1b9af1fe341 | ITER: 36 START
2019-07-02 09:26:38.945 24834 WARNING rally_openstack.scenarios.neutron.utils [-] Running this scenario without either the 'network' or 'existing_network' context is deprecated
2019-07-02 09:26:39.318 24818 RALLYDEBUG rally_openstack.wrappers.network [-] CIDR generated: 1.1.5.76/30
2019-07-02 09:26:39.447 24843 RALLYDEBUG rally_openstack.wrappers.network [-] CIDR generated: 1.1.5.80/30
2019-07-02 09:26:39.506 24823 RALLYDEBUG rally_openstack.wrappers.network [-] CIDR generated: 1.1.5.84/30
2019-07-02 09:26:39.527 24830 RALLYDEBUG rally_openstack.wrappers.network [-] CIDR generated: 1.1.5.88/30
2019-07-02 09:26:39.579 24806 RALLYDEBUG rally_openstack.wrappers.network [-] CIDR generated: 1.1.5.92/30
2019-07-02 09:26:39.624 24840 RALLYDEBUG rally_openstack.wrappers.network [-] CIDR generated: 1.1.5.96/30
2019-07-02 09:26:39.927 24799 INFO rally.task.runner [-] Task bbe6ddb0-7507-423d-bdad-f1b9af1fe341 | ITER: 2 END: OK
2019-07-02 09:26:39.931 24799 INFO rally.task.runner [-] Task bbe6ddb0-7507-423d-bdad-f1b9af1fe341 | ITER: 37 START
2019-07-02 09:26:39.932 24799 WARNING rally_openstack.scenarios.neutron.utils [-] Running this scenario without either the 'network' or 'existing_network' context is deprecated
2019-07-02 09:26:40.320 24802 INFO rally.task.runner [-] Task bbe6ddb0-7507-423d-bdad-f1b9af1fe341 | ITER: 8 END: OK
2019-07-02 09:26:40.325 24802 INFO rally.task.runner [-] Task bbe6ddb0-7507-423d-bdad-f1b9af1fe341 | ITER: 38 START
2019-07-02 09:26:40.325 24802 WARNING rally_openstack.scenarios.neutron.utils [-] Running this scenario without either the 'network' or 'existing_network' context is deprecated
2019-07-02 09:26:40.328 24799 INFO rally.task.runner [-] Task bbe6ddb0-7507-423d-bdad-f1b9af1fe341 | ITER: 1 END: OK
2019-07-02 09:26:40.333 24799 INFO rally.task.runner [-] Task bbe6ddb0-7507-423d-bdad-f1b9af1fe341 | ITER: 39 START
2019-07-02 09:26:40.333 24799 WARNING rally_openstack.scenarios.neutron.utils [-] Running this scenario without either the 'network' or 'existing_network' context is deprecated
2019-07-02 09:26:40.442 24836 RALLYDEBUG rally_openstack.wrappers.network [-] CIDR generated: 1.1.5.100/30
2019-07-02 09:26:40.460 24811 INFO rally.task.runner [-] Task bbe6ddb0-7507-423d-bdad-f1b9af1fe341 | ITER: 9 END: OK
2019-07-02 09:26:40.465 24811 INFO rally.task.runner [-] Task bbe6ddb0-7507-423d-bdad-f1b9af1fe341 | ITER: 40 START
2019-07-02 09:26:40.466 24811 WARNING rally_openstack.scenarios.neutron.utils [-] Running this scenario without either the 'network' or 'existing_network' context is deprecated
2019-07-02 09:26:41.007 24845 RALLYDEBUG rally_openstack.wrappers.network [-] CIDR generated: 1.1.5.104/30
2019-07-02 09:26:41.384 24834 RALLYDEBUG rally_openstack.wrappers.network [-] CIDR generated: 1.1.5.108/30
2019-07-02 09:26:42.027 24800 INFO rally.task.runner [-] Task bbe6ddb0-7507-423d-bdad-f1b9af1fe341 | ITER: 26 END: OK
2019-07-02 09:26:42.381 24799 RALLYDEBUG rally_openstack.wrappers.network [-] CIDR generated: 1.1.5.112/30
2019-07-02 09:26:42.477 24811 RALLYDEBUG rally_openstack.wrappers.network [-] CIDR generated: 1.1.5.116/30
2019-07-02 09:26:42.479 24840 RALLYDEBUG rally_openstack.wrappers.network [-] CIDR generated: 1.1.5.120/30
2019-07-02 09:26:42.601 24799 RALLYDEBUG rally_openstack.wrappers.network [-] CIDR generated: 1.1.5.124/30
2019-07-02 09:26:42.645 24843 RALLYDEBUG rally_openstack.wrappers.network [-] CIDR generated: 1.1.5.128/30
2019-07-02 09:26:42.712 24830 RALLYDEBUG rally_openstack.wrappers.network [-] CIDR generated: 1.1.5.132/30
2019-07-02 09:26:43.214 24802 RALLYDEBUG rally_openstack.wrappers.network [-] CIDR generated: 1.1.5.136/30
2019-07-02 09:26:44.428 24799 RALLYDEBUG rally_openstack.wrappers.network [-] CIDR generated: 1.1.5.140/30
2019-07-02 09:26:44.446 24834 RALLYDEBUG rally_openstack.wrappers.network [-] CIDR generated: 1.1.5.144/30
2019-07-02 09:26:44.452 24801 INFO rally.task.runner [-] Task bbe6ddb0-7507-423d-bdad-f1b9af1fe341 | ITER: 5 END: OK
2019-07-02 09:26:44.586 24811 RALLYDEBUG rally_openstack.wrappers.network [-] CIDR generated: 1.1.5.148/30
2019-07-02 09:26:44.677 24823 INFO rally.task.runner [-] Task bbe6ddb0-7507-423d-bdad-f1b9af1fe341 | ITER: 31 END: OK
2019-07-02 09:26:45.052 24801 INFO rally.task.runner [-] Task bbe6ddb0-7507-423d-bdad-f1b9af1fe341 | ITER: 3 END: OK
2019-07-02 09:26:45.088 24831 INFO rally.task.runner [-] Task bbe6ddb0-7507-423d-bdad-f1b9af1fe341 | ITER: 27 END: OK
2019-07-02 09:26:45.671 24818 INFO rally.task.runner [-] Task bbe6ddb0-7507-423d-bdad-f1b9af1fe341 | ITER: 28 END: OK
2019-07-02 09:26:46.537 24830 INFO rally.task.runner [-] Task bbe6ddb0-7507-423d-bdad-f1b9af1fe341 | ITER: 34 END: OK
2019-07-02 09:26:46.595 24840 INFO rally.task.runner [-] Task bbe6ddb0-7507-423d-bdad-f1b9af1fe341 | ITER: 35 END: OK
2019-07-02 09:26:46.923 24836 INFO rally.task.runner [-] Task bbe6ddb0-7507-423d-bdad-f1b9af1fe341 | ITER: 29 END: OK
2019-07-02 09:26:46.971 24806 INFO rally.task.runner [-] Task bbe6ddb0-7507-423d-bdad-f1b9af1fe341 | ITER: 32 END: OK
2019-07-02 09:26:47.057 24799 RALLYDEBUG rally_openstack.wrappers.network [-] CIDR generated: 1.1.5.152/30
2019-07-02 09:26:47.161 24845 INFO rally.task.runner [-] Task bbe6ddb0-7507-423d-bdad-f1b9af1fe341 | ITER: 30 END: OK
2019-07-02 09:26:47.254 24802 RALLYDEBUG rally_openstack.wrappers.network [-] CIDR generated: 1.1.5.156/30
2019-07-02 09:26:47.400 24815 INFO rally.task.runner [-] Task bbe6ddb0-7507-423d-bdad-f1b9af1fe341 | ITER: 10 END: OK
2019-07-02 09:26:47.416 24802 INFO rally.task.runner [-] Task bbe6ddb0-7507-423d-bdad-f1b9af1fe341 | ITER: 6 END: OK
2019-07-02 09:26:47.577 24800 INFO rally.task.runner [-] Task bbe6ddb0-7507-423d-bdad-f1b9af1fe341 | ITER: 4 END: OK
2019-07-02 09:26:47.667 24799 INFO rally.task.runner [-] Task bbe6ddb0-7507-423d-bdad-f1b9af1fe341 | ITER: 39 END: OK
2019-07-02 09:26:47.746 24811 INFO rally.task.runner [-] Task bbe6ddb0-7507-423d-bdad-f1b9af1fe341 | ITER: 40 END: OK
2019-07-02 09:26:48.617 24843 INFO rally.task.runner [-] Task bbe6ddb0-7507-423d-bdad-f1b9af1fe341 | ITER: 33 END: OK
2019-07-02 09:26:49.085 24834 INFO rally.task.runner [-] Task bbe6ddb0-7507-423d-bdad-f1b9af1fe341 | ITER: 36 END: OK
2019-07-02 09:26:53.879 24799 INFO rally.task.runner [-] Task bbe6ddb0-7507-423d-bdad-f1b9af1fe341 | ITER: 37 END: OK
2019-07-02 09:26:54.341 24802 INFO rally.task.runner [-] Task bbe6ddb0-7507-423d-bdad-f1b9af1fe341 | ITER: 38 END: OK
2019-07-02 09:26:54.373 22705 INFO rally.task.context [-] Task bbe6ddb0-7507-423d-bdad-f1b9af1fe341 | Context cleanup@openstack cleanup() started
2019-07-02 09:26:54.377 22705 RALLYDEBUG rally_openstack.cleanup.manager [-] Cleaning up neutron vip objects
2019-07-02 09:26:55.073 22705 RALLYDEBUG rally_openstack.cleanup.manager [-] Cleaning up neutron health_monitor objects
2019-07-02 09:26:55.807 22705 RALLYDEBUG rally_openstack.cleanup.manager [-] Cleaning up neutron pool objects
2019-07-02 09:26:56.477 22705 RALLYDEBUG rally_openstack.cleanup.manager [-] Cleaning up neutron loadbalancer objects
2019-07-02 09:26:57.143 22705 RALLYDEBUG rally_openstack.cleanup.manager [-] Cleaning up neutron floatingip objects
2019-07-02 09:26:58.015 22705 RALLYDEBUG rally_openstack.cleanup.manager [-] Cleaning up neutron port objects
2019-07-02 09:26:58.796 22705 RALLYDEBUG rally_openstack.cleanup.manager [-] Cleaning up neutron subnet objects
2019-07-02 09:26:59.456 22705 RALLYDEBUG rally_openstack.cleanup.manager [-] Cleaning up neutron network objects
2019-07-02 09:27:00.243 22705 RALLYDEBUG rally_openstack.cleanup.manager [-] Deleting neutron.network object s_rally_b251c7da_45tNYSb2 (09b0e96f-af3d-41b8-a61d-7d9e933446ed)
2019-07-02 09:27:00.247 22705 RALLYDEBUG rally_openstack.cleanup.manager [-] Deleting neutron.network object s_rally_b251c7da_aOOgxPZ7 (0a087594-f412-435d-a258-595b92604a8d)
2019-07-02 09:27:00.257 22705 RALLYDEBUG rally_openstack.cleanup.manager [-] Deleting neutron.network object s_rally_b251c7da_5BkfGOQm (0f72c7ac-16d3-4206-a2e1-89a402205f16)
2019-07-02 09:27:00.264 22705 RALLYDEBUG rally_openstack.cleanup.manager [-] Deleting neutron.network object s_rally_b251c7da_mraE6qAC (107384f8-2ce2-4ee0-a395-0bccd224681b)
2019-07-02 09:27:00.274 22705 RALLYDEBUG rally_openstack.cleanup.manager [-] Deleting neutron.network object s_rally_b251c7da_H4YJbJqe (13c4762f-82c5-4709-88f8-f3f31eb24d8b)
2019-07-02 09:27:00.284 22705 RALLYDEBUG rally_openstack.cleanup.manager [-] Deleting neutron.network object s_rally_b251c7da_mNKUbByn (16b764aa-6bb7-4455-b874-757544a9fa03)
2019-07-02 09:27:00.297 22705 RALLYDEBUG rally_openstack.cleanup.manager [-] Deleting neutron.network object s_rally_b251c7da_qzbbwgdN (16e16193-2494-47fd-b732-bfdbd9802727)
2019-07-02 09:27:00.303 22705 RALLYDEBUG rally_openstack.cleanup.manager [-] Deleting neutron.network object s_rally_b251c7da_sLYsNIt3 (217073e2-7e57-4e43-9def-54effc47980d)
2019-07-02 09:27:00.313 22705 RALLYDEBUG rally_openstack.cleanup.manager [-] Deleting neutron.network object s_rally_b251c7da_aG0BlaWZ (25f11c38-d9b9-4214-bb85-3db1b9d88c39)
2019-07-02 09:27:00.328 22705 RALLYDEBUG rally_openstack.cleanup.manager [-] Deleting neutron.network object s_rally_b251c7da_q9xWOV5H (30864fe0-39bb-48bf-a303-9421918175ce)
2019-07-02 09:27:00.340 22705 RALLYDEBUG rally_openstack.cleanup.manager [-] Deleting neutron.network object s_rally_b251c7da_gISsK1Eg (35786abc-20df-48c8-b488-67f7b845f1bf)
2019-07-02 09:27:00.340 22705 RALLYDEBUG rally_openstack.cleanup.manager [-] Deleting neutron.network object s_rally_b251c7da_cTlIkWUH (28f9a09b-7d86-4948-a3fb-d1c2c5d717fd)
2019-07-02 09:27:00.355 22705 RALLYDEBUG rally_openstack.cleanup.manager [-] Deleting neutron.network object s_rally_b251c7da_s1nd5GaZ (413c6cc3-9df9-4084-a1e8-66099e612de8)
2019-07-02 09:27:00.362 22705 RALLYDEBUG rally_openstack.cleanup.manager [-] Deleting neutron.network object s_rally_b251c7da_BFhOiGir (3a4e6178-1359-4903-aa67-5184cf8acd6f)
2019-07-02 09:27:00.374 22705 RALLYDEBUG rally_openstack.cleanup.manager [-] Deleting neutron.network object s_rally_b251c7da_dkzjBdUz (4c55de66-1f01-4bab-bd52-e1cf0960d7be)
2019-07-02 09:27:00.387 22705 RALLYDEBUG rally_openstack.cleanup.manager [-] Deleting neutron.network object s_rally_b251c7da_VhilEW2h (4d2544ae-8e2a-4e82-a4bc-5cbd4d93b1ab)
2019-07-02 09:27:00.402 22705 RALLYDEBUG rally_openstack.cleanup.manager [-] Deleting neutron.network object s_rally_b251c7da_J3M4hoID (5348a778-b439-439e-a9bb-531870fea378)
2019-07-02 09:27:00.410 22705 RALLYDEBUG rally_openstack.cleanup.manager [-] Deleting neutron.network object s_rally_b251c7da_f31mZtO4 (56d8923f-1171-43b6-bc2a-f890951b56bf)
2019-07-02 09:27:00.423 22705 RALLYDEBUG rally_openstack.cleanup.manager [-] Deleting neutron.network object s_rally_b251c7da_8HBixs0X (5adce169-b3b7-4bfe-a131-adfe71edf7cb)
2019-07-02 09:27:00.430 22705 RALLYDEBUG rally_openstack.cleanup.manager [-] Deleting neutron.network object s_rally_b251c7da_cQd2jo3q (6119fbd4-0eae-4ba0-98b0-4ea30fc62aa2)
2019-07-02 09:27:03.175 22705 RALLYDEBUG rally_openstack.cleanup.manager [-] Deleting neutron.network object s_rally_b251c7da_ClqrIGvU (719c5d89-5d56-4b55-8e66-81156219a07d)
2019-07-02 09:27:03.257 22705 RALLYDEBUG rally_openstack.cleanup.manager [-] Deleting neutron.network object s_rally_b251c7da_wKfUDVSH (7235b265-2155-4c16-8487-940d9b39b681)
2019-07-02 09:27:03.427 22705 RALLYDEBUG rally_openstack.cleanup.manager [-] Deleting neutron.network object s_rally_b251c7da_fNMuARQ5 (74c50db2-1b71-4dd5-999a-86727fdbaa97)
2019-07-02 09:27:03.453 22705 RALLYDEBUG rally_openstack.cleanup.manager [-] Deleting neutron.network object s_rally_b251c7da_Lo5sWg8T (793f4cb6-24c2-40b3-90f5-804ffe246e76)
2019-07-02 09:27:03.752 22705 RALLYDEBUG rally_openstack.cleanup.manager [-] Deleting neutron.network object s_rally_b251c7da_LY8KLmaR (7b103433-9091-4a69-80d3-144fc09cba57)
2019-07-02 09:27:03.927 22705 RALLYDEBUG rally_openstack.cleanup.manager [-] Deleting neutron.network object s_rally_b251c7da_uTSaE2fn (7e322fa4-ba1c-4260-a381-7d35065cbe7e)
2019-07-02 09:27:04.166 22705 RALLYDEBUG rally_openstack.cleanup.manager [-] Deleting neutron.network object s_rally_b251c7da_AmN1Pv4f (7f45e2c6-11f3-4b3c-a147-e0c5f71cc2d8)
2019-07-02 09:27:04.191 22705 RALLYDEBUG rally_openstack.cleanup.manager [-] Deleting neutron.network object s_rally_b251c7da_IMVcNr5w (8d2eb815-ed45-47b5-b92a-597144fce37e)
2019-07-02 09:27:04.658 22705 RALLYDEBUG rally_openstack.cleanup.manager [-] Deleting neutron.network object s_rally_b251c7da_07A0YCeg (9ab9ecf9-4b9f-4fce-ad33-c4f2b57ef6eb)
2019-07-02 09:27:04.950 22705 RALLYDEBUG rally_openstack.cleanup.manager [-] Deleting neutron.network object s_rally_b251c7da_slrwMbcw (a6873c7b-5c2f-47cb-9040-3042f95ddb81)
2019-07-02 09:27:05.236 22705 RALLYDEBUG rally_openstack.cleanup.manager [-] Deleting neutron.network object s_rally_b251c7da_R1K66xUu (c4c1a4e8-3a10-4e47-8a6b-aae890ad3f7b)
2019-07-02 09:27:05.715 22705 RALLYDEBUG rally_openstack.cleanup.manager [-] Deleting neutron.network object s_rally_b251c7da_GMyYVNsF (c872116a-b19b-4a76-99a3-d3e31faee631)
2019-07-02 09:27:06.721 22705 RALLYDEBUG rally_openstack.cleanup.manager [-] Deleting neutron.network object s_rally_b251c7da_XhlHnomP (c93a3378-8c38-48bd-98b7-d303a5193334)
2019-07-02 09:27:06.748 22705 RALLYDEBUG rally_openstack.cleanup.manager [-] Deleting neutron.network object s_rally_b251c7da_qPMtcyeM (d5f6a59e-9d78-48bd-abac-063b6ba704b0)
2019-07-02 09:27:06.868 22705 RALLYDEBUG rally_openstack.cleanup.manager [-] Deleting neutron.network object s_rally_b251c7da_6JL1tJr1 (d6c32abb-f972-4066-939e-f2a73e017d2f)
2019-07-02 09:27:06.881 22705 RALLYDEBUG rally_openstack.cleanup.manager [-] Deleting neutron.network object s_rally_b251c7da_hshp23Zi (d7ec8358-a8a8-4cc8-9c2c-f3844dba225e)
2019-07-02 09:27:06.918 22705 RALLYDEBUG rally_openstack.cleanup.manager [-] Deleting neutron.network object s_rally_b251c7da_OlQ6gNqB (d928ba8e-0b2e-44a7-bb7f-005ed628fc49)
2019-07-02 09:27:06.992 22705 RALLYDEBUG rally_openstack.cleanup.manager [-] Deleting neutron.network object s_rally_b251c7da_XjSuUxgM (d95e9b8a-1b88-40d9-8e66-d7f87cb6c529)
2019-07-02 09:27:07.053 22705 RALLYDEBUG rally_openstack.cleanup.manager [-] Deleting neutron.network object s_rally_b251c7da_OGzXONxb (e445bb85-4314-411c-ac75-16099ef485ef)
2019-07-02 09:27:07.319 22705 RALLYDEBUG rally_openstack.cleanup.manager [-] Deleting neutron.network object s_rally_b251c7da_lwcyyZEY (fa7b4e82-5e23-4617-9409-1adcdcc052de)
2019-07-02 09:27:12.345 22705 RALLYDEBUG rally_openstack.cleanup.manager [-] Cleaning up neutron router objects
2019-07-02 09:27:13.311 22705 RALLYDEBUG rally_openstack.cleanup.manager [-] Cleaning up neutron security_group objects
2019-07-02 09:27:13.951 22705 INFO rally.task.context [-] Task bbe6ddb0-7507-423d-bdad-f1b9af1fe341 | Context cleanup@openstack cleanup() finished in 19.58 sec
2019-07-02 09:27:13.951 22705 INFO rally.task.context [-] Task bbe6ddb0-7507-423d-bdad-f1b9af1fe341 | Context quotas@openstack cleanup() started
2019-07-02 09:27:14.276 22705 INFO rally.task.context [-] Task bbe6ddb0-7507-423d-bdad-f1b9af1fe341 | Context quotas@openstack cleanup() finished in 0.32 sec
2019-07-02 09:27:14.277 22705 INFO rally.task.context [-] Task bbe6ddb0-7507-423d-bdad-f1b9af1fe341 | Context users@openstack cleanup() started
2019-07-02 09:27:18.579 22705 INFO rally.task.context [-] Task bbe6ddb0-7507-423d-bdad-f1b9af1fe341 | Context users@openstack cleanup() finished in 4.30 sec
2019-07-02 09:27:19.967 22705 INFO rally.task.engine [-] Load duration is: 33.784896
2019-07-02 09:27:19.967 22705 INFO rally.task.engine [-] Full runner duration is: 33.835086
2019-07-02 09:27:19.967 22705 INFO rally.task.engine [-] Full duration is: 62.872831
2019-07-02 09:27:20.214 22705 INFO rally.task.engine [-] Running workload: position = 0 config = { "version": 2, "title": "A cropped version of a bigger task.", "description": "Auto-generated task from a single workload (uuid=94ed22a7-2f6a-4d5e-91c0-a6b41eed1514)", "subtasks": [ { "title": "NeutronNetworks.create_and_list_routers", "description": "Create and a given number of routers and list all routers.", "scenario": { "NeutronNetworks.create_and_list_routers": { "network_create_args": null, "subnet_create_args": null, "subnet_cidr_start": "1.1.0.0/30", "subnets_per_network": 2, "router_create_args": null } }, "contexts": { "users": { "tenants": 1, "users_per_tenant": 1 }, "quotas": { "neutron": { "network": -1, "subnet": -1, "router": -1 } } }, "runner": { "constant": { "times": 40, "concurrency": 20 } }, "hooks": [], "sla": { "failure_rate": { "max": 0 } } } ] }
2019-07-02 09:27:20.234 22705 RALLYDEBUG rally_openstack.contexts.keystone.users [-] Creating 1 tenants using 20 threads
2019-07-02 09:27:21.864 22705 RALLYDEBUG rally_openstack.contexts.keystone.users [-] Creating 1 users using 20 threads
2019-07-02 09:27:24.449 22705 INFO rally.task.context [-] Task bbe6ddb0-7507-423d-bdad-f1b9af1fe341 | Context users@openstack setup() finished in 4.22 sec
2019-07-02 09:27:25.216 22705 INFO rally.task.context [-] Task bbe6ddb0-7507-423d-bdad-f1b9af1fe341 | Context quotas@openstack setup() finished in 0.77 sec
2019-07-02 09:27:25.216 22705 INFO rally.task.context [-] Task bbe6ddb0-7507-423d-bdad-f1b9af1fe341 | Context cleanup@openstack setup() finished in 0.01 msec
2019-07-02 09:27:25.222 22705 RALLYDEBUG rally.task.runner [-] Starting the constant runner (task UUID: bbe6ddb0-7507-423d-bdad-f1b9af1fe341). timeout: 0 concurrency: 20 concurrency_per_worker: 1 times: 40 concurrency_overhead: 4 processes_to_start: 16 max_cpu_used: 16
2019-07-02 09:27:25.234 25169 RALLYDEBUG rally.task.runner [-] Starting a worker. concurrency: 2 args: {"network_create_args": null, "subnet_create_args": null, "subnet_cidr_start": "1.1.0.0/30", "subnets_per_network": 2, "router_create_args": null} times: 40 method_name: run timeout: 0 duration: None cls:
2019-07-02 09:27:25.236 25170 RALLYDEBUG rally.task.runner [-] Starting a worker. concurrency: 2 args: {"network_create_args": null, "subnet_create_args": null, "subnet_cidr_start": "1.1.0.0/30", "subnets_per_network": 2, "router_create_args": null} times: 40 method_name: run timeout: 0 duration: None cls:
2019-07-02 09:27:25.239 25171 RALLYDEBUG rally.task.runner [-] Starting a worker. concurrency: 2 args: {"network_create_args": null, "subnet_create_args": null, "subnet_cidr_start": "1.1.0.0/30", "subnets_per_network": 2, "router_create_args": null} times: 40 method_name: run timeout: 0 duration: None cls:
2019-07-02 09:27:25.240 25169 INFO rally.task.runner [-] Task bbe6ddb0-7507-423d-bdad-f1b9af1fe341 | ITER: 1 START
2019-07-02 09:27:25.242 25172 RALLYDEBUG rally.task.runner [-] Starting a worker. concurrency: 2 args: {"network_create_args": null, "subnet_create_args": null, "subnet_cidr_start": "1.1.0.0/30", "subnets_per_network": 2, "router_create_args": null} times: 40 method_name: run timeout: 0 duration: None cls:
2019-07-02 09:27:25.245 25170 INFO rally.task.runner [-] Task bbe6ddb0-7507-423d-bdad-f1b9af1fe341 | ITER: 2 START
2019-07-02 09:27:25.244 25173 RALLYDEBUG rally.task.runner [-] Starting a worker. concurrency: 1 args: {"network_create_args": null, "subnet_create_args": null, "subnet_cidr_start": "1.1.0.0/30", "subnets_per_network": 2, "router_create_args": null} times: 40 method_name: run timeout: 0 duration: None cls:
2019-07-02 09:27:25.246 25175 RALLYDEBUG rally.task.runner [-] Starting a worker. concurrency: 1 args: {"network_create_args": null, "subnet_create_args": null, "subnet_cidr_start": "1.1.0.0/30", "subnets_per_network": 2, "router_create_args": null} times: 40 method_name: run timeout: 0 duration: None cls:
2019-07-02 09:27:25.245 25171 INFO rally.task.runner [-] Task bbe6ddb0-7507-423d-bdad-f1b9af1fe341 | ITER: 4 START
2019-07-02 09:27:25.251 25172 INFO rally.task.runner [-] Task bbe6ddb0-7507-423d-bdad-f1b9af1fe341 | ITER: 6 START
2019-07-02 09:27:25.251 25173 INFO rally.task.runner [-] Task bbe6ddb0-7507-423d-bdad-f1b9af1fe341 | ITER: 8 START
2019-07-02 09:27:25.252 25175 INFO rally.task.runner [-] Task bbe6ddb0-7507-423d-bdad-f1b9af1fe341 | ITER: 10 START
2019-07-02 09:27:25.252 25183 RALLYDEBUG rally.task.runner [-] Starting a worker. concurrency: 1 args: {"network_create_args": null, "subnet_create_args": null, "subnet_cidr_start": "1.1.0.0/30", "subnets_per_network": 2, "router_create_args": null} times: 40 method_name: run timeout: 0 duration: None cls:
2019-07-02 09:27:25.248 25171 INFO rally.task.runner [-] Task bbe6ddb0-7507-423d-bdad-f1b9af1fe341 | ITER: 7 START
2019-07-02 09:27:25.252 25179 RALLYDEBUG rally.task.runner [-] Starting a worker. concurrency: 1 args: {"network_create_args": null, "subnet_create_args": null, "subnet_cidr_start": "1.1.0.0/30", "subnets_per_network": 2, "router_create_args": null} times: 40 method_name: run timeout: 0 duration: None cls:
2019-07-02 09:27:25.256 25170 INFO rally.task.runner [-] Task bbe6ddb0-7507-423d-bdad-f1b9af1fe341 | ITER: 5 START
2019-07-02 09:27:25.257 25183 INFO rally.task.runner [-] Task bbe6ddb0-7507-423d-bdad-f1b9af1fe341 | ITER: 11 START
2019-07-02 09:27:25.261 25179 INFO rally.task.runner [-] Task bbe6ddb0-7507-423d-bdad-f1b9af1fe341 | ITER: 12 START
2019-07-02 09:27:25.261 25192 RALLYDEBUG rally.task.runner [-] Starting a worker. concurrency: 1 args: {"network_create_args": null, "subnet_create_args": null, "subnet_cidr_start": "1.1.0.0/30", "subnets_per_network": 2, "router_create_args": null} times: 40 method_name: run timeout: 0 duration: None cls:
2019-07-02 09:27:25.252 25172 INFO rally.task.runner [-] Task bbe6ddb0-7507-423d-bdad-f1b9af1fe341 | ITER: 9 START
2019-07-02 09:27:25.266 25196 RALLYDEBUG rally.task.runner [-] Starting a worker. concurrency: 1 args: {"network_create_args": null, "subnet_create_args": null, "subnet_cidr_start": "1.1.0.0/30", "subnets_per_network": 2, "router_create_args": null} times: 40 method_name: run timeout: 0 duration: None cls:
2019-07-02 09:27:25.268 25169 INFO rally.task.runner [-] Task bbe6ddb0-7507-423d-bdad-f1b9af1fe341 | ITER: 3 START
2019-07-02 09:27:25.269 25192 INFO rally.task.runner [-] Task bbe6ddb0-7507-423d-bdad-f1b9af1fe341 | ITER: 13 START
2019-07-02 09:27:25.271 25198 RALLYDEBUG rally.task.runner [-] Starting a worker. concurrency: 1 args: {"network_create_args": null, "subnet_create_args": null, "subnet_cidr_start": "1.1.0.0/30", "subnets_per_network": 2, "router_create_args": null} times: 40 method_name: run timeout: 0 duration: None cls:
2019-07-02 09:27:25.271 25200 RALLYDEBUG rally.task.runner [-] Starting a worker. concurrency: 1 args: {"network_create_args": null, "subnet_create_args": null, "subnet_cidr_start": "1.1.0.0/30", "subnets_per_network": 2, "router_create_args": null} times: 40 method_name: run timeout: 0 duration: None cls:
2019-07-02 09:27:25.272 25196 INFO rally.task.runner [-] Task bbe6ddb0-7507-423d-bdad-f1b9af1fe341 | ITER: 14 START
2019-07-02 09:27:25.275 25203 RALLYDEBUG rally.task.runner [-] Starting a worker. concurrency: 1 args: {"network_create_args": null, "subnet_create_args": null, "subnet_cidr_start": "1.1.0.0/30", "subnets_per_network": 2, "router_create_args": null} times: 40 method_name: run timeout: 0 duration: None cls:
2019-07-02 09:27:25.277 25200 INFO rally.task.runner [-] Task bbe6ddb0-7507-423d-bdad-f1b9af1fe341 | ITER: 16 START
2019-07-02 09:27:25.279 25198 INFO rally.task.runner [-] Task bbe6ddb0-7507-423d-bdad-f1b9af1fe341 | ITER: 15 START
2019-07-02 09:27:25.282 25203 INFO rally.task.runner [-] Task bbe6ddb0-7507-423d-bdad-f1b9af1fe341 | ITER: 17 START
2019-07-02 09:27:25.291 25212 RALLYDEBUG rally.task.runner [-] Starting a worker. concurrency: 1 args: {"network_create_args": null, "subnet_create_args": null, "subnet_cidr_start": "1.1.0.0/30", "subnets_per_network": 2, "router_create_args": null} times: 40 method_name: run timeout: 0 duration: None cls:
2019-07-02 09:27:25.294 25213 RALLYDEBUG rally.task.runner [-] Starting a worker. concurrency: 1 args: {"network_create_args": null, "subnet_create_args": null, "subnet_cidr_start": "1.1.0.0/30", "subnets_per_network": 2, "router_create_args": null} times: 40 method_name: run timeout: 0 duration: None cls:
2019-07-02 09:27:25.296 25212 INFO rally.task.runner [-] Task bbe6ddb0-7507-423d-bdad-f1b9af1fe341 | ITER: 18 START
2019-07-02 09:27:25.298 25213 INFO rally.task.runner [-] Task bbe6ddb0-7507-423d-bdad-f1b9af1fe341 | ITER: 19 START
2019-07-02 09:27:25.300 25216 RALLYDEBUG rally.task.runner [-] Starting a worker. concurrency: 1 args: {"network_create_args": null, "subnet_create_args": null, "subnet_cidr_start": "1.1.0.0/30", "subnets_per_network": 2, "router_create_args": null} times: 40 method_name: run timeout: 0 duration: None cls:
2019-07-02 09:27:25.305 25216 INFO rally.task.runner [-] Task bbe6ddb0-7507-423d-bdad-f1b9af1fe341 | ITER: 20 START
2019-07-02 09:27:26.972 25192 RALLYDEBUG rally_openstack.wrappers.network [-] CIDR generated: 1.1.5.160/30
2019-07-02 09:27:26.978 25169 RALLYDEBUG rally_openstack.wrappers.network [-] CIDR generated: 1.1.5.164/30
2019-07-02 09:27:27.030 25172 RALLYDEBUG rally_openstack.wrappers.network [-] CIDR generated: 1.1.5.168/30
2019-07-02 09:27:27.069 25175 RALLYDEBUG rally_openstack.wrappers.network [-] CIDR generated: 1.1.5.172/30
2019-07-02 09:27:27.103 25173 RALLYDEBUG rally_openstack.wrappers.network [-] CIDR generated: 1.1.5.176/30
2019-07-02 09:27:27.171 25169 RALLYDEBUG rally_openstack.wrappers.network [-] CIDR generated: 1.1.5.180/30
2019-07-02 09:27:27.219 25171 RALLYDEBUG rally_openstack.wrappers.network [-] CIDR generated: 1.1.5.184/30
2019-07-02 09:27:27.222 25170 RALLYDEBUG rally_openstack.wrappers.network [-] CIDR generated: 1.1.5.188/30
2019-07-02 09:27:27.223 25179 RALLYDEBUG rally_openstack.wrappers.network [-] CIDR generated: 1.1.5.192/30
2019-07-02 09:27:27.416 25198 RALLYDEBUG rally_openstack.wrappers.network [-] CIDR generated: 1.1.5.196/30
2019-07-02 09:27:27.467 25196 RALLYDEBUG rally_openstack.wrappers.network [-] CIDR generated: 1.1.5.200/30
2019-07-02 09:27:27.475 25171 RALLYDEBUG rally_openstack.wrappers.network [-] CIDR generated: 1.1.5.204/30
2019-07-02 09:27:27.490 25170 RALLYDEBUG rally_openstack.wrappers.network [-] CIDR generated: 1.1.5.208/30
2019-07-02 09:27:27.511 25203 RALLYDEBUG rally_openstack.wrappers.network [-] CIDR generated: 1.1.5.212/30
2019-07-02 09:27:27.512 25200 RALLYDEBUG rally_openstack.wrappers.network [-] CIDR generated: 1.1.5.216/30
2019-07-02 09:27:27.658 25183 RALLYDEBUG rally_openstack.wrappers.network [-] CIDR generated: 1.1.5.220/30
2019-07-02 09:27:27.913 25212 RALLYDEBUG rally_openstack.wrappers.network [-] CIDR generated: 1.1.5.224/30
2019-07-02 09:27:28.302 25213 RALLYDEBUG rally_openstack.wrappers.network [-] CIDR generated: 1.1.5.228/30
2019-07-02 09:27:28.386 25171 RALLYDEBUG rally_openstack.wrappers.network [-] CIDR generated: 1.1.5.232/30
2019-07-02 09:27:28.415 25172 RALLYDEBUG rally_openstack.wrappers.network [-] CIDR generated: 1.1.5.236/30
2019-07-02 09:27:29.045 25172 RALLYDEBUG rally_openstack.wrappers.network [-] CIDR generated: 1.1.5.240/30
2019-07-02 09:27:29.156 25175 RALLYDEBUG rally_openstack.wrappers.network [-] CIDR generated: 1.1.5.244/30
2019-07-02 09:27:29.186 25173 RALLYDEBUG rally_openstack.wrappers.network [-] CIDR generated: 1.1.5.248/30
2019-07-02 09:27:29.227 25216 RALLYDEBUG rally_openstack.wrappers.network [-] CIDR generated: 1.1.5.252/30
2019-07-02 09:27:29.417 25169 RALLYDEBUG rally_openstack.wrappers.network [-] CIDR generated: 1.1.6.0/30
2019-07-02 09:27:29.537 25192 RALLYDEBUG rally_openstack.wrappers.network [-] CIDR generated: 1.1.6.4/30
2019-07-02 09:27:29.681 25171 RALLYDEBUG rally_openstack.wrappers.network [-] CIDR generated: 1.1.6.8/30
2019-07-02 09:27:30.051 25203 RALLYDEBUG rally_openstack.wrappers.network [-] CIDR generated: 1.1.6.12/30
2019-07-02 09:27:30.834 25170 RALLYDEBUG rally_openstack.wrappers.network [-] CIDR generated: 1.1.6.16/30
2019-07-02 09:27:30.900 25179 RALLYDEBUG rally_openstack.wrappers.network [-] CIDR generated: 1.1.6.20/30
2019-07-02 09:27:31.063 25169 RALLYDEBUG rally_openstack.wrappers.network [-] CIDR generated: 1.1.6.24/30
2019-07-02 09:27:33.051 25200 RALLYDEBUG rally_openstack.wrappers.network [-] CIDR generated: 1.1.6.28/30
2019-07-02 09:27:33.156 25196 RALLYDEBUG rally_openstack.wrappers.network [-] CIDR generated: 1.1.6.32/30
2019-07-02 09:27:33.314 25213 RALLYDEBUG rally_openstack.wrappers.network [-] CIDR generated: 1.1.6.36/30
2019-07-02 09:27:33.521 25198 RALLYDEBUG rally_openstack.wrappers.network [-] CIDR generated: 1.1.6.40/30
2019-07-02 09:27:33.623 25183 RALLYDEBUG rally_openstack.wrappers.network [-] CIDR generated: 1.1.6.44/30
2019-07-02 09:27:34.264 25170 RALLYDEBUG rally_openstack.wrappers.network [-] CIDR generated: 1.1.6.48/30
2019-07-02 09:27:34.564 25212 RALLYDEBUG rally_openstack.wrappers.network [-] CIDR generated: 1.1.6.52/30
2019-07-02 09:27:34.629 25172 RALLYDEBUG rally_openstack.wrappers.network [-] CIDR generated: 1.1.6.56/30
2019-07-02 09:27:35.461 25216 RALLYDEBUG rally_openstack.wrappers.network [-] CIDR generated: 1.1.6.60/30
2019-07-02 09:27:39.031 25171 INFO rally.task.runner [-] Task bbe6ddb0-7507-423d-bdad-f1b9af1fe341 | ITER: 4 END: OK
2019-07-02 09:27:39.035 25171 INFO rally.task.runner [-] Task bbe6ddb0-7507-423d-bdad-f1b9af1fe341 | ITER: 21 START
2019-07-02 09:27:39.585 25172 INFO rally.task.runner [-] Task bbe6ddb0-7507-423d-bdad-f1b9af1fe341 | ITER: 6 END: OK
2019-07-02 09:27:39.589 25172 INFO rally.task.runner [-] Task bbe6ddb0-7507-423d-bdad-f1b9af1fe341 | ITER: 22 START
2019-07-02 09:27:40.597 25171 RALLYDEBUG rally_openstack.wrappers.network [-] CIDR generated: 1.1.6.64/30
2019-07-02 09:27:41.340 25172 RALLYDEBUG rally_openstack.wrappers.network [-] CIDR generated: 1.1.6.68/30
2019-07-02 09:27:42.495 25171 RALLYDEBUG rally_openstack.wrappers.network [-] CIDR generated: 1.1.6.72/30
2019-07-02 09:27:43.413 25172 RALLYDEBUG rally_openstack.wrappers.network [-] CIDR generated: 1.1.6.76/30
2019-07-02 09:27:48.123 25173 INFO rally.task.runner [-] Task bbe6ddb0-7507-423d-bdad-f1b9af1fe341 | ITER: 8 END: OK
2019-07-02 09:27:48.128 25173 INFO rally.task.runner [-] Task bbe6ddb0-7507-423d-bdad-f1b9af1fe341 | ITER: 23 START
2019-07-02 09:27:48.135 25175 INFO rally.task.runner [-] Task bbe6ddb0-7507-423d-bdad-f1b9af1fe341 | ITER: 10 END: OK
2019-07-02 09:27:48.139 25175 INFO rally.task.runner [-] Task bbe6ddb0-7507-423d-bdad-f1b9af1fe341 | ITER: 24 START
