2019-07-02 09:42:17.543 26952 WARNING rally_openstack.scenarios.neutron.utils [-] Running this scenario without either the 'network' or 'existing_network' context is deprecated
2019-07-02 09:42:17.849 26992 INFO rally.task.runner [-] Task bbe6ddb0-7507-423d-bdad-f1b9af1fe341 | ITER: 18 END: OK
2019-07-02 09:42:17.855 26992 INFO rally.task.runner [-] Task bbe6ddb0-7507-423d-bdad-f1b9af1fe341 | ITER: 40 START
2019-07-02 09:42:17.856 26992 WARNING rally_openstack.scenarios.neutron.utils [-] Running this scenario without either the 'network' or 'existing_network' context is deprecated
2019-07-02 09:42:18.446 26994 INFO rally.task.runner [-] Task bbe6ddb0-7507-423d-bdad-f1b9af1fe341 | ITER: 33 END: OK
2019-07-02 09:42:18.455 26993 INFO rally.task.runner [-] Task bbe6ddb0-7507-423d-bdad-f1b9af1fe341 | ITER: 19 END: OK
2019-07-02 09:42:18.513 26959 INFO rally.task.runner [-] Task bbe6ddb0-7507-423d-bdad-f1b9af1fe341 | ITER: 25 END: OK
2019-07-02 09:42:19.399 26953 INFO rally.task.runner [-] Task bbe6ddb0-7507-423d-bdad-f1b9af1fe341 | ITER: 26 END: OK
2019-07-02 09:42:19.701 26953 INFO rally.task.runner [-] Task bbe6ddb0-7507-423d-bdad-f1b9af1fe341 | ITER: 28 END: OK
2019-07-02 09:42:20.332 26951 INFO rally.task.runner [-] Task bbe6ddb0-7507-423d-bdad-f1b9af1fe341 | ITER: 34 END: OK
2019-07-02 09:42:21.280 26954 INFO rally.task.runner [-] Task bbe6ddb0-7507-423d-bdad-f1b9af1fe341 | ITER: 29 END: OK
2019-07-02 09:42:21.482 26954 INFO rally.task.runner [-] Task bbe6ddb0-7507-423d-bdad-f1b9af1fe341 | ITER: 32 END: OK
2019-07-02 09:42:21.681 26951 INFO rally.task.runner [-] Task bbe6ddb0-7507-423d-bdad-f1b9af1fe341 | ITER: 37 END: OK
2019-07-02 09:42:22.560 26970 INFO rally.task.runner [-] Task bbe6ddb0-7507-423d-bdad-f1b9af1fe341 | ITER: 30 END: OK
2019-07-02 09:42:24.548 26952 INFO rally.task.runner [-] Task bbe6ddb0-7507-423d-bdad-f1b9af1fe341 | ITER: 38 END: OK
2019-07-02 09:42:25.032 26962 INFO rally.task.runner [-] Task bbe6ddb0-7507-423d-bdad-f1b9af1fe341 | ITER: 11 END: OK
2019-07-02 09:42:25.181 26955 INFO rally.task.runner [-] Task bbe6ddb0-7507-423d-bdad-f1b9af1fe341 | ITER: 9 END: OK
2019-07-02 09:42:25.262 26974 INFO rally.task.runner [-] Task bbe6ddb0-7507-423d-bdad-f1b9af1fe341 | ITER: 14 END: OK
2019-07-02 09:42:25.859 26992 INFO rally.task.runner [-] Task bbe6ddb0-7507-423d-bdad-f1b9af1fe341 | ITER: 40 END: OK
2019-07-02 09:42:25.878 26987 INFO rally.task.runner [-] Task bbe6ddb0-7507-423d-bdad-f1b9af1fe341 | ITER: 35 END: OK
2019-07-02 09:42:26.206 26980 INFO rally.task.runner [-] Task bbe6ddb0-7507-423d-bdad-f1b9af1fe341 | ITER: 15 END: OK
2019-07-02 09:42:26.251 26966 INFO rally.task.runner [-] Task bbe6ddb0-7507-423d-bdad-f1b9af1fe341 | ITER: 12 END: OK
2019-07-02 09:42:26.436 26952 INFO rally.task.runner [-] Task bbe6ddb0-7507-423d-bdad-f1b9af1fe341 | ITER: 39 END: OK
2019-07-02 09:42:26.847 26986 INFO rally.task.runner [-] Task bbe6ddb0-7507-423d-bdad-f1b9af1fe341 | ITER: 36 END: OK
2019-07-02 09:42:26.869 22705 INFO rally.task.context [-] Task bbe6ddb0-7507-423d-bdad-f1b9af1fe341 | Context cleanup@openstack cleanup() started
2019-07-02 09:42:26.871 22705 RALLYDEBUG rally_openstack.cleanup.manager [-] Cleaning up neutron vip objects
2019-07-02 09:42:27.522 22705 RALLYDEBUG rally_openstack.cleanup.manager [-] Cleaning up neutron health_monitor objects
2019-07-02 09:42:28.138 22705 RALLYDEBUG rally_openstack.cleanup.manager [-] Cleaning up neutron pool objects
2019-07-02 09:42:28.868 22705 RALLYDEBUG rally_openstack.cleanup.manager [-] Cleaning up neutron loadbalancer objects
2019-07-02 09:42:29.491 22705 RALLYDEBUG rally_openstack.cleanup.manager [-] Cleaning up neutron floatingip objects
2019-07-02 09:42:30.538 22705 RALLYDEBUG rally_openstack.cleanup.manager [-] Cleaning up neutron port objects
2019-07-02 09:42:31.298 22705 RALLYDEBUG rally_openstack.cleanup.manager [-] Cleaning up neutron subnet objects
2019-07-02 09:42:32.135 22705 RALLYDEBUG rally_openstack.cleanup.manager [-] Cleaning up neutron network objects
2019-07-02 09:42:33.224 22705 RALLYDEBUG rally_openstack.cleanup.manager [-] Deleting neutron.network object s_rally_909a5207_bJsoBQYL (1f1bb093-0fe6-4ab1-a48f-f7f00c3c844d)
2019-07-02 09:42:33.227 22705 RALLYDEBUG rally_openstack.cleanup.manager [-] Deleting neutron.network object s_rally_909a5207_1HfXp2JI (1c57a264-7527-4f42-b37c-3e4c345acc2a)
2019-07-02 09:42:33.231 22705 RALLYDEBUG rally_openstack.cleanup.manager [-] Deleting neutron.network object s_rally_909a5207_w2ojoGDP (2147d412-48bf-460f-ac64-97e4064634ca)
2019-07-02 09:42:33.232 22705 RALLYDEBUG rally_openstack.cleanup.manager [-] Deleting neutron.network object s_rally_909a5207_hU7Ac5on (25f0f715-40f3-43fc-b288-669b4411c615)
2019-07-02 09:42:33.232 22705 RALLYDEBUG rally_openstack.cleanup.manager [-] Deleting neutron.network object s_rally_909a5207_oeSyf6jy (250453fb-db30-4328-bddb-071bcdfa34cd)
2019-07-02 09:42:33.241 22705 RALLYDEBUG rally_openstack.cleanup.manager [-] Deleting neutron.network object s_rally_909a5207_2d3HmKp6 (2d33909c-a001-4cbe-a787-9cbd112292c5)
2019-07-02 09:42:33.246 22705 RALLYDEBUG rally_openstack.cleanup.manager [-] Deleting neutron.network object s_rally_909a5207_GNVrXfkV (14ba07ef-ad54-4a18-bb1c-aed5bbd1d3f5)
2019-07-02 09:42:33.264 22705 RALLYDEBUG rally_openstack.cleanup.manager [-] Deleting neutron.network object s_rally_909a5207_veDDNCGv (2f84ebcb-79ba-40cc-93f5-29f7575ca5e1)
2019-07-02 09:42:33.271 22705 RALLYDEBUG rally_openstack.cleanup.manager [-] Deleting neutron.network object s_rally_909a5207_QfU7bSvW (3e15cea6-f4ab-4ae2-8736-65d8416e5b54)
2019-07-02 09:42:33.273 22705 RALLYDEBUG rally_openstack.cleanup.manager [-] Deleting neutron.network object s_rally_909a5207_vIAX1zky (4ba1bce8-778d-46f6-99eb-344185e4ffe2)
2019-07-02 09:42:33.274 22705 RALLYDEBUG rally_openstack.cleanup.manager [-] Deleting neutron.network object s_rally_909a5207_cMfxjJZO (14329985-7ce4-4126-a381-477c891c602b)
2019-07-02 09:42:33.284 22705 RALLYDEBUG rally_openstack.cleanup.manager [-] Deleting neutron.network object s_rally_909a5207_xVvDozrv (4c0de8b3-3c2f-40c6-a29e-42a37ccd7898)
2019-07-02 09:42:33.292 22705 RALLYDEBUG rally_openstack.cleanup.manager [-] Deleting neutron.network object s_rally_909a5207_WZ7VlZvn (52967025-9a53-421a-a1c2-003b8828f8eb)
2019-07-02 09:42:33.297 22705 RALLYDEBUG rally_openstack.cleanup.manager [-] Deleting neutron.network object s_rally_909a5207_BxpNi3W1 (54710acd-74d8-49ea-8c87-b934d1748887)
2019-07-02 09:42:33.308 22705 RALLYDEBUG rally_openstack.cleanup.manager [-] Deleting neutron.network object s_rally_909a5207_e3AV2CmW (66e05e3b-fc1d-4414-823a-945b292ae7f1)
2019-07-02 09:42:33.324 22705 RALLYDEBUG rally_openstack.cleanup.manager [-] Deleting neutron.network object s_rally_909a5207_hnDMfG7P (68308554-477b-49b6-a7a9-0615fc8ec80a)
2019-07-02 09:42:33.331 22705 RALLYDEBUG rally_openstack.cleanup.manager [-] Deleting neutron.network object s_rally_909a5207_lRoZMFCb (6fe1cfbe-2823-4803-b493-636b9af22b9d)
2019-07-02 09:42:33.344 22705 RALLYDEBUG rally_openstack.cleanup.manager [-] Deleting neutron.network object s_rally_909a5207_BQPM5qMF (8035232e-2470-450f-bc67-7c2927c48599)
2019-07-02 09:42:33.347 22705 RALLYDEBUG rally_openstack.cleanup.manager [-] Deleting neutron.network object s_rally_909a5207_10P0lp3W (7735ebc3-5e90-41bb-82bb-479d2a338d50)
2019-07-02 09:42:33.351 22705 RALLYDEBUG rally_openstack.cleanup.manager [-] Deleting neutron.network object s_rally_909a5207_0wmiM7oA (846f578e-2cc0-4098-9ffe-e3a2281ab225)
2019-07-02 09:42:36.272 22705 RALLYDEBUG rally_openstack.cleanup.manager [-] Deleting neutron.network object s_rally_909a5207_aqivn7rC (88614e60-c05c-4a3d-8d0d-e568dafa8302)
2019-07-02 09:42:36.401 22705 RALLYDEBUG rally_openstack.cleanup.manager [-] Deleting neutron.network object s_rally_909a5207_K2jguktc (9116138b-5098-4b28-901b-93afeaf8306e)
2019-07-02 09:42:36.479 22705 RALLYDEBUG rally_openstack.cleanup.manager [-] Deleting neutron.network object s_rally_909a5207_jomAZMPF (9868e18d-540f-4452-b2fb-7ca1321e7609)
2019-07-02 09:42:36.540 22705 RALLYDEBUG rally_openstack.cleanup.manager [-] Deleting neutron.network object s_rally_909a5207_gMARKRlS (9a712ed5-165a-4a9f-98f1-e463d6b24d8f)
2019-07-02 09:42:36.787 22705 RALLYDEBUG rally_openstack.cleanup.manager [-] Deleting neutron.network object s_rally_909a5207_PUmAm1ih (9a841325-7059-4908-b8b2-c0afaa7a04a2)
2019-07-02 09:42:36.863 22705 RALLYDEBUG rally_openstack.cleanup.manager [-] Deleting neutron.network object s_rally_909a5207_LT22bc6C (9d0c64bd-90ff-46b9-8e4b-6ca498e95554)
2019-07-02 09:42:37.454 22705 RALLYDEBUG rally_openstack.cleanup.manager [-] Deleting neutron.network object s_rally_909a5207_qnc3Fl8g (a065468c-4e49-4a31-91f1-f0e96e2f2d4d)
2019-07-02 09:42:39.078 22705 RALLYDEBUG rally_openstack.cleanup.manager [-] Deleting neutron.network object s_rally_909a5207_iDUY2V8K (a2677609-5bd4-485b-a6e9-a9b7456d9de1)
2019-07-02 09:42:39.530 22705 RALLYDEBUG rally_openstack.cleanup.manager [-] Deleting neutron.network object s_rally_909a5207_XwUz9M5S (a7003f76-86d4-40df-94b3-cb22c66e8a30)
2019-07-02 09:42:39.710 22705 RALLYDEBUG rally_openstack.cleanup.manager [-] Deleting neutron.network object s_rally_909a5207_Zf2x7TRT (adc67499-6a73-4b72-992d-ad3a1ed36f58)
2019-07-02 09:42:39.744 22705 RALLYDEBUG rally_openstack.cleanup.manager [-] Deleting neutron.network object s_rally_909a5207_w8Zh8tSC (ae9c57a3-328c-4be6-9842-9f67740e5022)
2019-07-02 09:42:39.757 22705 RALLYDEBUG rally_openstack.cleanup.manager [-] Deleting neutron.network object s_rally_909a5207_yS5UYx4I (aeac2937-7fff-43e3-b916-26c5493cee53)
2019-07-02 09:42:39.926 22705 RALLYDEBUG rally_openstack.cleanup.manager [-] Deleting neutron.network object s_rally_909a5207_SnxUHyul (c0a7e532-749b-4cc7-bee7-e2999306caf3)
2019-07-02 09:42:39.928 22705 RALLYDEBUG rally_openstack.cleanup.manager [-] Deleting neutron.network object s_rally_909a5207_OkMrFK5a (cac7ef23-b64d-4d8a-916d-f7419fd957e7)
2019-07-02 09:42:39.943 22705 RALLYDEBUG rally_openstack.cleanup.manager [-] Deleting neutron.network object s_rally_909a5207_J5Drp7x3 (cd7f28a4-bbd5-4cfe-8a85-ccef46ad54bf)
2019-07-02 09:42:40.203 22705 RALLYDEBUG rally_openstack.cleanup.manager [-] Deleting neutron.network object s_rally_909a5207_B3bEMEwX (ea65d1cf-ba8a-477d-accc-988cd2d62790)
2019-07-02 09:42:40.206 22705 RALLYDEBUG rally_openstack.cleanup.manager [-] Deleting neutron.network object s_rally_909a5207_ouopDYPD (ef0f4123-56a3-45d2-ba76-4a0ede962d2e)
2019-07-02 09:42:40.224 22705 RALLYDEBUG rally_openstack.cleanup.manager [-] Deleting neutron.network object s_rally_909a5207_nrSGwcfz (f0e63d1f-4e34-4a56-a300-8db61f2cfb7f)
2019-07-02 09:42:40.229 22705 RALLYDEBUG rally_openstack.cleanup.manager [-] Deleting neutron.network object s_rally_909a5207_lDHB0S4y (ffc2c1fb-4bff-4b45-bc2b-91b356c12f3f)
2019-07-02 09:42:40.267 22705 RALLYDEBUG rally_openstack.cleanup.manager [-] Deleting neutron.network object s_rally_909a5207_tb6KgW1n (ffd76124-73de-4351-939a-7e367ed9e043)
2019-07-02 09:42:44.096 22705 RALLYDEBUG rally_openstack.cleanup.manager [-] Cleaning up neutron router objects
2019-07-02 09:42:44.803 22705 RALLYDEBUG rally_openstack.cleanup.manager [-] Cleaning up neutron security_group objects
2019-07-02 09:42:45.457 22705 INFO rally.task.context [-] Task bbe6ddb0-7507-423d-bdad-f1b9af1fe341 | Context cleanup@openstack cleanup() finished in 18.59 sec
2019-07-02 09:42:45.458 22705 INFO rally.task.context [-] Task bbe6ddb0-7507-423d-bdad-f1b9af1fe341 | Context quotas@openstack cleanup() started
2019-07-02 09:42:45.801 22705 INFO rally.task.context [-] Task bbe6ddb0-7507-423d-bdad-f1b9af1fe341 | Context quotas@openstack cleanup() finished in 0.34 sec
2019-07-02 09:42:45.802 22705 INFO rally.task.context [-] Task bbe6ddb0-7507-423d-bdad-f1b9af1fe341 | Context users@openstack cleanup() started
2019-07-02 09:42:50.095 22705 INFO rally.task.context [-] Task bbe6ddb0-7507-423d-bdad-f1b9af1fe341 | Context users@openstack cleanup() finished in 4.29 sec
2019-07-02 09:42:50.982 22705 INFO rally.task.engine [-] Load duration is: 44.801418
2019-07-02 09:42:50.983 22705 INFO rally.task.engine [-] Full runner duration is: 44.852003
2019-07-02 09:42:50.983 22705 INFO rally.task.engine [-] Full duration is: 73.383066
2019-07-02 09:42:51.266 22705 INFO rally.task.engine [-] Running workload: position = 0 config = { "version": 2, "title": "A cropped version of a bigger task.", "description": "Auto-generated task from a single workload (uuid=a1309e23-36bc-45be-a8db-d3de80ed4626)", "subtasks": [ { "title": "Quotas.neutron_update", "description": "Update quotas for neutron.", "scenario": { "Quotas.neutron_update": { "max_quota": 1024 } }, "contexts": { "users": { "tenants": 20, "users_per_tenant": 1 } }, "runner": { "constant": { "times": 40, "concurrency": 20 } }, "hooks": [], "sla": { "failure_rate": { "max": 0 } } } ] }
2019-07-02 09:42:51.280 22705 RALLYDEBUG rally_openstack.contexts.keystone.users [-] Creating 20 tenants using 20 threads
2019-07-02 09:42:55.790 22705 RALLYDEBUG rally_openstack.contexts.keystone.users [-] Creating 20 users using 20 threads
2019-07-02 09:43:01.353 22705 INFO rally.task.context [-] Task bbe6ddb0-7507-423d-bdad-f1b9af1fe341 | Context users@openstack setup() finished in 10.07 sec
2019-07-02 09:43:01.354 22705 INFO rally.task.context [-] Task bbe6ddb0-7507-423d-bdad-f1b9af1fe341 | Context admin_cleanup@openstack setup() finished in 0.01 msec
2019-07-02 09:43:01.361 22705 RALLYDEBUG rally.task.runner [-] Starting the constant runner (task UUID: bbe6ddb0-7507-423d-bdad-f1b9af1fe341). timeout: 0 concurrency: 20 concurrency_per_worker: 1 times: 40 concurrency_overhead: 4 processes_to_start: 16 max_cpu_used: 16
2019-07-02 09:43:01.376 27321 RALLYDEBUG rally.task.runner [-] Starting a worker. concurrency: 2 args: {"max_quota": 1024} times: 40 method_name: run timeout: 0 duration: None cls:
2019-07-02 09:43:01.379 27322 RALLYDEBUG rally.task.runner [-] Starting a worker. concurrency: 2 args: {"max_quota": 1024} times: 40 method_name: run timeout: 0 duration: None cls:
2019-07-02 09:43:01.381 27323 RALLYDEBUG rally.task.runner [-] Starting a worker. concurrency: 2 args: {"max_quota": 1024} times: 40 method_name: run timeout: 0 duration: None cls:
2019-07-02 09:43:01.386 27321 INFO rally.task.runner [-] Task bbe6ddb0-7507-423d-bdad-f1b9af1fe341 | ITER: 1 START
2019-07-02 09:43:01.385 27324 RALLYDEBUG rally.task.runner [-] Starting a worker. concurrency: 2 args: {"max_quota": 1024} times: 40 method_name: run timeout: 0 duration: None cls:
2019-07-02 09:43:01.388 27325 RALLYDEBUG rally.task.runner [-] Starting a worker. concurrency: 1 args: {"max_quota": 1024} times: 40 method_name: run timeout: 0 duration: None cls:
2019-07-02 09:43:01.390 27323 INFO rally.task.runner [-] Task bbe6ddb0-7507-423d-bdad-f1b9af1fe341 | ITER: 3 START
2019-07-02 09:43:01.387 27322 INFO rally.task.runner [-] Task bbe6ddb0-7507-423d-bdad-f1b9af1fe341 | ITER: 2 START
2019-07-02 09:43:01.393 27327 RALLYDEBUG rally.task.runner [-] Starting a worker. concurrency: 1 args: {"max_quota": 1024} times: 40 method_name: run timeout: 0 duration: None cls:
2019-07-02 09:43:01.396 27331 RALLYDEBUG rally.task.runner [-] Starting a worker. concurrency: 1 args: {"max_quota": 1024} times: 40 method_name: run timeout: 0 duration: None cls:
2019-07-02 09:43:01.398 27325 INFO rally.task.runner [-] Task bbe6ddb0-7507-423d-bdad-f1b9af1fe341 | ITER: 8 START
2019-07-02 09:43:01.401 27324 INFO rally.task.runner [-] Task bbe6ddb0-7507-423d-bdad-f1b9af1fe341 | ITER: 6 START
2019-07-02 09:43:01.403 27335 RALLYDEBUG rally.task.runner [-] Starting a worker. concurrency: 1 args: {"max_quota": 1024} times: 40 method_name: run timeout: 0 duration: None cls:
2019-07-02 09:43:01.405 27321 INFO rally.task.runner [-] Task bbe6ddb0-7507-423d-bdad-f1b9af1fe341 | ITER: 4 START
2019-07-02 09:43:01.404 27322 INFO rally.task.runner [-] Task bbe6ddb0-7507-423d-bdad-f1b9af1fe341 | ITER: 5 START
2019-07-02 09:43:01.405 27327 INFO rally.task.runner [-] Task bbe6ddb0-7507-423d-bdad-f1b9af1fe341 | ITER: 9 START
2019-07-02 09:43:01.407 27323 INFO rally.task.runner [-] Task bbe6ddb0-7507-423d-bdad-f1b9af1fe341 | ITER: 7 START
2019-07-02 09:43:01.413 27331 INFO rally.task.runner [-] Task bbe6ddb0-7507-423d-bdad-f1b9af1fe341 | ITER: 11 START
2019-07-02 09:43:01.413 27324 INFO rally.task.runner [-] Task bbe6ddb0-7507-423d-bdad-f1b9af1fe341 | ITER: 10 START
2019-07-02 09:43:01.416 27335 INFO rally.task.runner [-] Task bbe6ddb0-7507-423d-bdad-f1b9af1fe341 | ITER: 12 START
2019-07-02 09:43:01.417 27345 RALLYDEBUG rally.task.runner [-] Starting a worker. concurrency: 1 args: {"max_quota": 1024} times: 40 method_name: run timeout: 0 duration: None cls:
2019-07-02 09:43:01.422 27347 RALLYDEBUG rally.task.runner [-] Starting a worker. concurrency: 1 args: {"max_quota": 1024} times: 40 method_name: run timeout: 0 duration: None cls:
2019-07-02 09:43:01.428 27351 RALLYDEBUG rally.task.runner [-] Starting a worker. concurrency: 1 args: {"max_quota": 1024} times: 40 method_name: run timeout: 0 duration: None cls:
2019-07-02 09:43:01.431 27345 INFO rally.task.runner [-] Task bbe6ddb0-7507-423d-bdad-f1b9af1fe341 | ITER: 13 START
2019-07-02 09:43:01.432 27347 INFO rally.task.runner [-] Task bbe6ddb0-7507-423d-bdad-f1b9af1fe341 | ITER: 14 START
2019-07-02 09:43:01.434 27352 RALLYDEBUG rally.task.runner [-] Starting a worker. concurrency: 1 args: {"max_quota": 1024} times: 40 method_name: run timeout: 0 duration: None cls:
2019-07-02 09:43:01.441 27357 RALLYDEBUG rally.task.runner [-] Starting a worker. concurrency: 1 args: {"max_quota": 1024} times: 40 method_name: run timeout: 0 duration: None cls:
2019-07-02 09:43:01.443 27351 INFO rally.task.runner [-] Task bbe6ddb0-7507-423d-bdad-f1b9af1fe341 | ITER: 15 START
2019-07-02 09:43:01.447 27352 INFO rally.task.runner [-] Task bbe6ddb0-7507-423d-bdad-f1b9af1fe341 | ITER: 16 START
2019-07-02 09:43:01.447 27359 RALLYDEBUG rally.task.runner [-] Starting a worker. concurrency: 1 args: {"max_quota": 1024} times: 40 method_name: run timeout: 0 duration: None cls:
2019-07-02 09:43:01.450 27357 INFO rally.task.runner [-] Task bbe6ddb0-7507-423d-bdad-f1b9af1fe341 | ITER: 17 START
2019-07-02 09:43:01.453 27363 RALLYDEBUG rally.task.runner [-] Starting a worker. concurrency: 1 args: {"max_quota": 1024} times: 40 method_name: run timeout: 0 duration: None cls:
2019-07-02 09:43:01.454 27359 INFO rally.task.runner [-] Task bbe6ddb0-7507-423d-bdad-f1b9af1fe341 | ITER: 18 START
2019-07-02 09:43:01.462 27363 INFO rally.task.runner [-] Task bbe6ddb0-7507-423d-bdad-f1b9af1fe341 | ITER: 19 START
2019-07-02 09:43:01.462 27368 RALLYDEBUG rally.task.runner [-] Starting a worker. concurrency: 1 args: {"max_quota": 1024} times: 40 method_name: run timeout: 0 duration: None cls:
2019-07-02 09:43:01.468 27368 INFO rally.task.runner [-] Task bbe6ddb0-7507-423d-bdad-f1b9af1fe341 | ITER: 20 START
2019-07-02 09:43:02.848 27331 INFO rally.task.runner [-] Task bbe6ddb0-7507-423d-bdad-f1b9af1fe341 | ITER: 11 END: OK
2019-07-02 09:43:02.855 27331 INFO rally.task.runner [-] Task bbe6ddb0-7507-423d-bdad-f1b9af1fe341 | ITER: 21 START
2019-07-02 09:43:02.944 27324 INFO rally.task.runner [-] Task bbe6ddb0-7507-423d-bdad-f1b9af1fe341 | ITER: 10 END: OK
2019-07-02 09:43:02.950 27324 INFO rally.task.runner [-] Task bbe6ddb0-7507-423d-bdad-f1b9af1fe341 | ITER: 22 START
2019-07-02 09:43:02.972 27335 INFO rally.task.runner [-] Task bbe6ddb0-7507-423d-bdad-f1b9af1fe341 | ITER: 12 END: OK
2019-07-02 09:43:02.975 27335 INFO rally.task.runner [-] Task bbe6ddb0-7507-423d-bdad-f1b9af1fe341 | ITER: 23 START
2019-07-02 09:43:03.002 27323 INFO rally.task.runner [-] Task bbe6ddb0-7507-423d-bdad-f1b9af1fe341 | ITER: 7 END: OK
2019-07-02 09:43:03.006 27323 INFO rally.task.runner [-] Task bbe6ddb0-7507-423d-bdad-f1b9af1fe341 | ITER: 24 START
2019-07-02 09:43:03.009 27323 INFO rally.task.runner [-] Task bbe6ddb0-7507-423d-bdad-f1b9af1fe341 | ITER: 3 END: OK
2019-07-02 09:43:03.014 27323 INFO rally.task.runner [-] Task bbe6ddb0-7507-423d-bdad-f1b9af1fe341 | ITER: 25 START
2019-07-02 09:43:03.040 27322 INFO rally.task.runner [-] Task bbe6ddb0-7507-423d-bdad-f1b9af1fe341 | ITER: 2 END: OK
2019-07-02 09:43:03.045 27322 INFO rally.task.runner [-] Task bbe6ddb0-7507-423d-bdad-f1b9af1fe341 | ITER: 26 START
2019-07-02 09:43:03.069 27325 INFO rally.task.runner [-] Task bbe6ddb0-7507-423d-bdad-f1b9af1fe341 | ITER: 8 END: OK
2019-07-02 09:43:03.074 27325 INFO rally.task.runner [-] Task bbe6ddb0-7507-423d-bdad-f1b9af1fe341 | ITER: 27 START
2019-07-02 09:43:03.125 27321 INFO rally.task.runner [-] Task bbe6ddb0-7507-423d-bdad-f1b9af1fe341 | ITER: 1 END: OK
2019-07-02 09:43:03.126 27347 INFO rally.task.runner [-] Task bbe6ddb0-7507-423d-bdad-f1b9af1fe341 | ITER: 14 END: OK
2019-07-02 09:43:03.133 27321 INFO rally.task.runner [-] Task bbe6ddb0-7507-423d-bdad-f1b9af1fe341 | ITER: 28 START
2019-07-02 09:43:03.134 27347 INFO rally.task.runner [-] Task bbe6ddb0-7507-423d-bdad-f1b9af1fe341 | ITER: 29 START
2019-07-02 09:43:03.140 27345 INFO rally.task.runner [-] Task bbe6ddb0-7507-423d-bdad-f1b9af1fe341 | ITER: 13 END: OK
2019-07-02 09:43:03.144 27345 INFO rally.task.runner [-] Task bbe6ddb0-7507-423d-bdad-f1b9af1fe341 | ITER: 30 START
2019-07-02 09:43:03.146 27327 INFO rally.task.runner [-] Task bbe6ddb0-7507-423d-bdad-f1b9af1fe341 | ITER: 9 END: OK
2019-07-02 09:43:03.153 27327 INFO rally.task.runner [-] Task bbe6ddb0-7507-423d-bdad-f1b9af1fe341 | ITER: 31 START
2019-07-02 09:43:03.177 27322 INFO rally.task.runner [-] Task bbe6ddb0-7507-423d-bdad-f1b9af1fe341 | ITER: 5 END: OK
2019-07-02 09:43:03.178 27321 INFO rally.task.runner [-] Task bbe6ddb0-7507-423d-bdad-f1b9af1fe341 | ITER: 4 END: OK
2019-07-02 09:43:03.180 27324 INFO rally.task.runner [-] Task bbe6ddb0-7507-423d-bdad-f1b9af1fe341 | ITER: 6 END: OK
2019-07-02 09:43:03.183 27321 INFO rally.task.runner [-] Task bbe6ddb0-7507-423d-bdad-f1b9af1fe341 | ITER: 33 START
2019-07-02 09:43:03.184 27322 INFO rally.task.runner [-] Task bbe6ddb0-7507-423d-bdad-f1b9af1fe341 | ITER: 32 START
2019-07-02 09:43:03.187 27324 INFO rally.task.runner [-] Task bbe6ddb0-7507-423d-bdad-f1b9af1fe341 | ITER: 34 START
2019-07-02 09:43:03.189 27352 INFO rally.task.runner [-] Task bbe6ddb0-7507-423d-bdad-f1b9af1fe341 | ITER: 16 END: OK
2019-07-02 09:43:03.194 27352 INFO rally.task.runner [-] Task bbe6ddb0-7507-423d-bdad-f1b9af1fe341 | ITER: 35 START
2019-07-02 09:43:03.209 27359 INFO rally.task.runner [-] Task bbe6ddb0-7507-423d-bdad-f1b9af1fe341 | ITER: 18 END: OK
2019-07-02 09:43:03.213 27359 INFO rally.task.runner [-] Task bbe6ddb0-7507-423d-bdad-f1b9af1fe341 | ITER: 36 START
2019-07-02 09:43:03.245 27368 INFO rally.task.runner [-] Task bbe6ddb0-7507-423d-bdad-f1b9af1fe341 | ITER: 20 END: OK
2019-07-02 09:43:03.250 27368 INFO rally.task.runner [-] Task bbe6ddb0-7507-423d-bdad-f1b9af1fe341 | ITER: 37 START
2019-07-02 09:43:03.484 27357 INFO rally.task.runner [-] Task bbe6ddb0-7507-423d-bdad-f1b9af1fe341 | ITER: 17 END: OK
2019-07-02 09:43:03.489 27357 INFO rally.task.runner [-] Task bbe6ddb0-7507-423d-bdad-f1b9af1fe341 | ITER: 38 START
2019-07-02 09:43:03.503 27351 INFO rally.task.runner [-] Task bbe6ddb0-7507-423d-bdad-f1b9af1fe341 | ITER: 15 END: OK
2019-07-02 09:43:03.509 27351 INFO rally.task.runner [-] Task bbe6ddb0-7507-423d-bdad-f1b9af1fe341 | ITER: 39 START
2019-07-02 09:43:03.546 27363 INFO rally.task.runner [-] Task bbe6ddb0-7507-423d-bdad-f1b9af1fe341 | ITER: 19 END: OK
2019-07-02 09:43:03.552 27363 INFO rally.task.runner [-] Task bbe6ddb0-7507-423d-bdad-f1b9af1fe341 | ITER: 40 START
2019-07-02 09:43:04.203 27331 INFO rally.task.runner [-] Task bbe6ddb0-7507-423d-bdad-f1b9af1fe341 | ITER: 21 END: OK
2019-07-02 09:43:04.311 27324 INFO rally.task.runner [-] Task bbe6ddb0-7507-423d-bdad-f1b9af1fe341 | ITER: 22 END: OK
2019-07-02 09:43:04.327 27335 INFO rally.task.runner [-] Task bbe6ddb0-7507-423d-bdad-f1b9af1fe341 | ITER: 23 END: OK
2019-07-02 09:43:04.367 27323 INFO rally.task.runner [-] Task bbe6ddb0-7507-423d-bdad-f1b9af1fe341 | ITER: 24 END: OK
2019-07-02 09:43:04.420 27323 INFO rally.task.runner [-] Task bbe6ddb0-7507-423d-bdad-f1b9af1fe341 | ITER: 25 END: OK
2019-07-02 09:43:04.433 27325 INFO rally.task.runner [-] Task bbe6ddb0-7507-423d-bdad-f1b9af1fe341 | ITER: 27 END: OK
2019-07-02 09:43:04.482 27322 INFO rally.task.runner [-] Task bbe6ddb0-7507-423d-bdad-f1b9af1fe341 | ITER: 26 END: OK
2019-07-02 09:43:04.506 27321 INFO rally.task.runner [-] Task bbe6ddb0-7507-423d-bdad-f1b9af1fe341 | ITER: 33 END: OK
2019-07-02 09:43:04.539 27345 INFO rally.task.runner [-] Task bbe6ddb0-7507-423d-bdad-f1b9af1fe341 | ITER: 30 END: OK
2019-07-02 09:43:04.646 27324 INFO rally.task.runner [-] Task bbe6ddb0-7507-423d-bdad-f1b9af1fe341 | ITER: 34 END: OK
2019-07-02 09:43:04.651 27327 INFO rally.task.runner [-] Task bbe6ddb0-7507-423d-bdad-f1b9af1fe341 | ITER: 31 END: OK
2019-07-02 09:43:04.653 27357 INFO rally.task.runner [-] Task bbe6ddb0-7507-423d-bdad-f1b9af1fe341 | ITER: 38 END: OK
2019-07-02 09:43:04.670 27352 INFO rally.task.runner [-] Task bbe6ddb0-7507-423d-bdad-f1b9af1fe341 | ITER: 35 END: OK
2019-07-02 09:43:04.675 27321 INFO rally.task.runner [-] Task bbe6ddb0-7507-423d-bdad-f1b9af1fe341 | ITER: 28 END: OK
2019-07-02 09:43:04.681 27322 INFO rally.task.runner [-] Task bbe6ddb0-7507-423d-bdad-f1b9af1fe341 | ITER: 32 END: OK
2019-07-02 09:43:04.691 27359 INFO rally.task.runner [-] Task bbe6ddb0-7507-423d-bdad-f1b9af1fe341 | ITER: 36 END: OK
2019-07-02 09:43:04.701 27368 INFO rally.task.runner [-] Task bbe6ddb0-7507-423d-bdad-f1b9af1fe341 | ITER: 37 END: OK
2019-07-02 09:43:04.809 27347 INFO rally.task.runner [-] Task bbe6ddb0-7507-423d-bdad-f1b9af1fe341 | ITER: 29 END: OK
2019-07-02 09:43:04.821 27351 INFO rally.task.runner [-] Task bbe6ddb0-7507-423d-bdad-f1b9af1fe341 | ITER: 39 END: OK
2019-07-02 09:43:04.822 27363 INFO rally.task.runner [-] Task bbe6ddb0-7507-423d-bdad-f1b9af1fe341 | ITER: 40 END: OK
2019-07-02 09:43:04.845 22705 INFO rally.task.context [-] Task bbe6ddb0-7507-423d-bdad-f1b9af1fe341 | Context admin_cleanup@openstack cleanup() started
2019-07-02 09:43:04.847 22705 RALLYDEBUG rally_openstack.cleanup.manager [-] Cleaning up neutron quota objects
2019-07-02 09:43:08.884 22705 INFO rally.task.context [-] Task bbe6ddb0-7507-423d-bdad-f1b9af1fe341 | Context admin_cleanup@openstack cleanup() finished in 4.04 sec
2019-07-02 09:43:08.884 22705 INFO rally.task.context [-] Task bbe6ddb0-7507-423d-bdad-f1b9af1fe341 | Context users@openstack cleanup() started
2019-07-02 09:43:36.973 22705 INFO rally.task.context [-] Task bbe6ddb0-7507-423d-bdad-f1b9af1fe341 | Context users@openstack cleanup() finished in 28.09 sec
2019-07-02 09:43:37.474 22705 INFO rally.task.engine [-] Load duration is: 3.433779
2019-07-02 09:43:37.474 22705 INFO rally.task.engine [-] Full runner duration is: 3.483559
2019-07-02 09:43:37.475 22705 INFO rally.task.engine [-] Full duration is: 45.694698
2019-07-02 09:43:37.700 22705 INFO rally.task.engine [-] Running workload: position = 0 config = { "version": 2, "title": "A cropped version of a bigger task.", "description": "Auto-generated task from a single workload (uuid=b637c9de-52a6-4f21-89c1-dd0a166fa795)", "subtasks": [ { "title": "NeutronTrunks.create_and_list_trunk_subports", "description": "", "scenario": { "NeutronTrunks.create_and_list_trunk_subports": { "subport_count": 125 } }, "contexts": { "users": { "tenants": 1, "users_per_tenant": 1 }, "quotas": { "neutron": { "network": -1, "port": 1000 } } }, "runner": { "constant": { "times": 4, "concurrency": 4 } }, "hooks": [], "sla": { "failure_rate": { "max": 0 } } } ] }
2019-07-02 09:43:37.721 22705 RALLYDEBUG rally_openstack.contexts.keystone.users [-] Creating 1 tenants using 20 threads
2019-07-02 09:43:39.216 22705 RALLYDEBUG rally_openstack.contexts.keystone.users [-] Creating 1 users using 20 threads
2019-07-02 09:43:41.697 22705 INFO rally.task.context [-] Task bbe6ddb0-7507-423d-bdad-f1b9af1fe341 | Context users@openstack setup() finished in 3.98 sec
2019-07-02 09:43:42.455 22705 INFO rally.task.context [-] Task bbe6ddb0-7507-423d-bdad-f1b9af1fe341 | Context quotas@openstack setup() finished in 0.76 sec
2019-07-02 09:43:42.455 22705 INFO rally.task.context [-] Task bbe6ddb0-7507-423d-bdad-f1b9af1fe341 | Context cleanup@openstack setup() finished in 0.00 msec
2019-07-02 09:43:42.463 22705 RALLYDEBUG rally.task.runner [-] Starting the constant runner (task UUID: bbe6ddb0-7507-423d-bdad-f1b9af1fe341). timeout: 0 concurrency: 4 concurrency_per_worker: 1 times: 4 concurrency_overhead: 0 processes_to_start: 4 max_cpu_used: 16
2019-07-02 09:43:42.476 27511 RALLYDEBUG rally.task.runner [-] Starting a worker. concurrency: 1 args: {"subport_count": 125} times: 4 method_name: run timeout: 0 duration: None cls:
2019-07-02 09:43:42.479 27512 RALLYDEBUG rally.task.runner [-] Starting a worker. concurrency: 1 args: {"subport_count": 125} times: 4 method_name: run timeout: 0 duration: None cls:
2019-07-02 09:43:42.481 27511 INFO rally.task.runner [-] Task bbe6ddb0-7507-423d-bdad-f1b9af1fe341 | ITER: 1 START
2019-07-02 09:43:42.482 27513 RALLYDEBUG rally.task.runner [-] Starting a worker. concurrency: 1 args: {"subport_count": 125} times: 4 method_name: run timeout: 0 duration: None cls:
2019-07-02 09:43:42.485 27512 INFO rally.task.runner [-] Task bbe6ddb0-7507-423d-bdad-f1b9af1fe341 | ITER: 2 START
2019-07-02 09:43:42.486 27514 RALLYDEBUG rally.task.runner [-] Starting a worker. concurrency: 1 args: {"subport_count": 125} times: 4 method_name: run timeout: 0 duration: None cls:
2019-07-02 09:43:42.488 27513 INFO rally.task.runner [-] Task bbe6ddb0-7507-423d-bdad-f1b9af1fe341 | ITER: 3 START
2019-07-02 09:43:42.491 27514 INFO rally.task.runner [-] Task bbe6ddb0-7507-423d-bdad-f1b9af1fe341 | ITER: 4 START
2019-07-02 09:45:58.096 27513 WARNING rally.task.atomic [-] 'optional_action_timer' is deprecated since rally v0.10.0.Please use action_timer instead, we have improved atomic actions, now do not need to explicitly close original action.
2019-07-02 09:45:58.135 27513 WARNING rally.task.atomic [-] 'optional_action_timer' is deprecated since rally v0.10.0.Please use action_timer instead, we have improved atomic actions, now do not need to explicitly close original action.
2019-07-02 09:45:58.942 27513 INFO rally.task.runner [-] Task bbe6ddb0-7507-423d-bdad-f1b9af1fe341 | ITER: 3 END: OK
2019-07-02 09:45:59.973 27511 WARNING rally.task.atomic [-] 'optional_action_timer' is deprecated since rally v0.10.0.Please use action_timer instead, we have improved atomic actions, now do not need to explicitly close original action.
2019-07-02 09:46:00.012 27511 WARNING rally.task.atomic [-] 'optional_action_timer' is deprecated since rally v0.10.0.Please use action_timer instead, we have improved atomic actions, now do not need to explicitly close original action.
2019-07-02 09:46:00.554 27511 INFO rally.task.runner [-] Task bbe6ddb0-7507-423d-bdad-f1b9af1fe341 | ITER: 1 END: OK
2019-07-02 09:47:52.165 27514 WARNING rally.task.atomic [-] 'optional_action_timer' is deprecated since rally v0.10.0.Please use action_timer instead, we have improved atomic actions, now do not need to explicitly close original action.
2019-07-02 09:47:52.185 27512 WARNING rally.task.atomic [-] 'optional_action_timer' is deprecated since rally v0.10.0.Please use action_timer instead, we have improved atomic actions, now do not need to explicitly close original action.
2019-07-02 09:47:52.243 27514 WARNING rally.task.atomic [-] 'optional_action_timer' is deprecated since rally v0.10.0.Please use action_timer instead, we have improved atomic actions, now do not need to explicitly close original action.
2019-07-02 09:47:52.252 27512 WARNING rally.task.atomic [-] 'optional_action_timer' is deprecated since rally v0.10.0.Please use action_timer instead, we have improved atomic actions, now do not need to explicitly close original action.
2019-07-02 09:47:53.643 27514 INFO rally.task.runner [-] Task bbe6ddb0-7507-423d-bdad-f1b9af1fe341 | ITER: 4 END: OK
2019-07-02 09:47:53.673 27512 INFO rally.task.runner [-] Task bbe6ddb0-7507-423d-bdad-f1b9af1fe341 | ITER: 2 END: OK
2019-07-02 09:47:53.701 22705 INFO rally.task.context [-] Task bbe6ddb0-7507-423d-bdad-f1b9af1fe341 | Context cleanup@openstack cleanup() started
2019-07-02 09:47:53.704 22705 RALLYDEBUG rally_openstack.cleanup.manager [-] Cleaning up neutron vip objects
2019-07-02 09:47:54.451 22705 RALLYDEBUG rally_openstack.cleanup.manager [-] Cleaning up neutron health_monitor objects
2019-07-02 09:47:55.193 22705 RALLYDEBUG rally_openstack.cleanup.manager [-] Cleaning up neutron pool objects
2019-07-02 09:47:56.306 22705 RALLYDEBUG rally_openstack.cleanup.manager [-] Cleaning up neutron loadbalancer objects
2019-07-02 09:47:57.027 22705 RALLYDEBUG rally_openstack.cleanup.manager [-] Cleaning up neutron floatingip objects
2019-07-02 09:47:57.982 22705 RALLYDEBUG rally_openstack.cleanup.manager [-] Cleaning up neutron port objects
2019-07-02 09:47:59.611 22705 RALLYDEBUG rally_openstack.cleanup.manager [-] Deleting neutron.port object s_rally_b637c9de_fCIH9ysz (00220589-0a9f-4ef3-a4f4-9c586a15b4cd)
2019-07-02 09:47:59.612 22705 RALLYDEBUG rally_openstack.cleanup.manager [-] Deleting neutron.port object s_rally_b637c9de_ZmwI3aHY (02099111-0a7b-4f4a-9b8f-f1e1a3f977e1)
2019-07-02 09:47:59.616 22705 RALLYDEBUG rally_openstack.cleanup.manager [-] Deleting neutron.port object s_rally_b637c9de_kAAn7mm2 (00d1d938-57bd-4704-8b98-628f6bb9464d)
2019-07-02 09:47:59.619 22705 RALLYDEBUG rally_openstack.cleanup.manager [-] Deleting neutron.port object s_rally_b637c9de_dPTVbu5h (02feb6c6-8632-4bbb-a1c5-574796247c42)
2019-07-02 09:47:59.621 22705 RALLYDEBUG rally_openstack.cleanup.manager [-] Deleting neutron.port object s_rally_b637c9de_2F9g56gR (004cc006-dc33-4c9c-a3e3-63287d06804e)
2019-07-02 09:47:59.629 22705 RALLYDEBUG rally_openstack.cleanup.manager [-] Deleting neutron.port object s_rally_b637c9de_JE4p2mYI (0024a458-253d-4da6-8a67-c5a1a9d5c10b)
2019-07-02 09:47:59.634 22705 RALLYDEBUG rally_openstack.cleanup.manager [-] Deleting neutron.port object s_rally_b637c9de_ugLajC3F (038bb31b-1331-4801-b7b6-65bc9fb11335)
2019-07-02 09:47:59.637 22705 RALLYDEBUG rally_openstack.cleanup.manager [-] Deleting neutron.port object s_rally_b637c9de_SiIp9qmd (0174dc19-2da6-472a-9e71-c0bf71f6b402)
2019-07-02 09:47:59.641 22705 RALLYDEBUG rally_openstack.cleanup.manager [-] Deleting neutron.port object s_rally_b637c9de_SrMCnlFI (015e8966-a762-4f63-a85a-3eac85ce1a75)
2019-07-02 09:47:59.646 22705 RALLYDEBUG rally_openstack.cleanup.manager [-] Deleting neutron.port object s_rally_b637c9de_FIyVobCy (01eccad7-51c7-4ee4-9abd-9a5fc720526a)
2019-07-02 09:47:59.654 22705 RALLYDEBUG rally_openstack.cleanup.manager [-] Deleting neutron.port object s_rally_b637c9de_6Vq5nbSG (0550b938-83d3-4d1f-8873-e0e2cd242b01)
2019-07-02 09:47:59.657 22705 RALLYDEBUG rally_openstack.cleanup.manager [-] Deleting neutron.port object s_rally_b637c9de_TqxV3iDT (0164814c-84e4-4239-bb76-714a1ff5cc88)
2019-07-02 09:47:59.658 22705 RALLYDEBUG rally_openstack.cleanup.manager [-] Deleting neutron.port object s_rally_b637c9de_627QhqaO (05809d07-37ed-4192-86e1-70c12dd8778f)
2019-07-02 09:47:59.682 22705 RALLYDEBUG rally_openstack.cleanup.manager [-] Deleting neutron.port object s_rally_b637c9de_taWjMH0O (06a47502-1257-41c6-ae6a-ca2e17625145)
2019-07-02 09:47:59.686 22705 RALLYDEBUG rally_openstack.cleanup.manager [-] Deleting neutron.port object s_rally_b637c9de_B6OTtH0u (064aa505-485e-4dfa-815f-dfa02c618cbc)
2019-07-02 09:47:59.699 22705 RALLYDEBUG rally_openstack.cleanup.manager [-] Deleting neutron.port object s_rally_b637c9de_6re08hfa (06b8a5e7-94c4-43a3-9b2e-a2915ee3b1fa)
2019-07-02 09:47:59.708 22705 RALLYDEBUG rally_openstack.cleanup.manager [-] Deleting neutron.port object s_rally_b637c9de_UmLnRlYo (06febf06-0d14-46b2-be2a-f8821acf2e6e)
2019-07-02 09:47:59.722 22705 RALLYDEBUG rally_openstack.cleanup.manager [-] Deleting neutron.port object s_rally_b637c9de_ih25BEFD (0718f33f-e155-4a01-b1c6-43f5da40d0fa)
2019-07-02 09:47:59.740 22705 RALLYDEBUG rally_openstack.cleanup.manager [-] Deleting neutron.port object s_rally_b637c9de_OriJahJm (07c6a088-11ad-4c7d-af51-8db05a469cac)
2019-07-02 09:47:59.764 22705 RALLYDEBUG rally_openstack.cleanup.manager [-] Deleting neutron.port object s_rally_b637c9de_IDfhP5F4 (08dadfec-598f-46af-b4ac-b0f9f3d73c00)
2019-07-02 09:48:02.059 22705 RALLYDEBUG rally_openstack.cleanup.manager [-] Deleting neutron.port object s_rally_b637c9de_bNRh2wP6 (091b1ac3-4534-4c77-9a7f-a9ed35650ea5)
2019-07-02 09:48:02.508 22705 RALLYDEBUG rally_openstack.cleanup.manager [-] Deleting neutron.port object s_rally_b637c9de_mQiddEdm (0930bfe1-9c00-48a0-b3cc-70ac79f7ecb8)
2019-07-02 09:48:04.217 22705 RALLYDEBUG rally_openstack.cleanup.manager [-] Deleting neutron.port object s_rally_b637c9de_URvMzSyo (098687a1-f0e9-4f96-897c-1e30e3f602cb)
2019-07-02 09:48:04.566 22705 RALLYDEBUG rally_openstack.cleanup.manager [-] Deleting neutron.port object s_rally_b637c9de_GsQClk5t (0a28ca04-ee65-477c-9bd8-8ecb8da83caa)
2019-07-02 09:48:04.797 22705 RALLYDEBUG rally_openstack.cleanup.manager [-] Deleting neutron.port object s_rally_b637c9de_Q9fnTqdO (0a67d46d-78fa-4c70-805e-e9afb9145461)
2019-07-02 09:48:05.010 22705 RALLYDEBUG rally_openstack.cleanup.manager [-] Deleting neutron.port object s_rally_b637c9de_9LgYoq7F (0abf18d0-fd9c-4d3c-98c2-467af38e957b)
2019-07-02 09:48:06.006 22705 RALLYDEBUG rally_openstack.cleanup.manager [-] Deleting neutron.port object s_rally_b637c9de_RWBfY6UI (0ada4d23-1c97-4fc3-8abe-83d219b59f60)
2019-07-02 09:48:06.710 22705 RALLYDEBUG rally_openstack.cleanup.manager [-] Deleting neutron.port object s_rally_b637c9de_L6vg72mQ (0b12e163-0154-4c32-86b5-b50f85d11c40)
2019-07-02 09:48:06.740 22705 RALLYDEBUG rally_openstack.cleanup.manager [-] Deleting neutron.port object s_rally_b637c9de_diydx12W (0b13913a-2d59-4f57-8631-7e703e85f9f8)
2019-07-02 09:48:06.875 22705 RALLYDEBUG rally_openstack.cleanup.manager [-] Deleting neutron.port object s_rally_b637c9de_w4qnBkv8 (0b1bced8-e95b-44fe-aebe-d46622341165)
2019-07-02 09:48:06.916 22705 RALLYDEBUG rally_openstack.cleanup.manager [-] Deleting neutron.port object s_rally_b637c9de_utkaCUmq (0c19445e-8a45-446a-b43c-d559ac25c7b7)
2019-07-02 09:48:06.923 22705 RALLYDEBUG rally_openstack.cleanup.manager [-] Deleting neutron.port object s_rally_b637c9de_SqYzGFsm (0ccfcd2d-061e-4830-aede-11d56c21bdff)
2019-07-02 09:48:07.699 22705 RALLYDEBUG rally_openstack.cleanup.manager [-] Deleting neutron.port object s_rally_b637c9de_xpLrexH0 (0d86b854-d78b-44d1-a3f1-da5e3cf2f64c)
2019-07-02 09:48:08.417 22705 RALLYDEBUG rally_openstack.cleanup.manager [-] Deleting neutron.port object s_rally_b637c9de_Nwl76oW8 (0dbe3267-c600-4a83-b426-b4fbbdacf482)
2019-07-02 09:48:08.495 22705 RALLYDEBUG rally_openstack.cleanup.manager [-] Deleting neutron.port object s_rally_b637c9de_dYNGOsY0 (0e793dfd-5b4e-41d1-a662-a0f5859654bc)
2019-07-02 09:48:08.783 22705 RALLYDEBUG rally_openstack.cleanup.manager [-] Deleting neutron.port object s_rally_b637c9de_MBpkSYY5 (0eb0e974-c704-4d00-a037-d38df93c824e)
2019-07-02 09:48:08.808 22705 RALLYDEBUG rally_openstack.cleanup.manager [-] Deleting neutron.port object s_rally_b637c9de_LmrljhFY (0ecd70fa-6c69-4d8d-8fe0-80ab066ead9f)
2019-07-02 09:48:08.881 22705 RALLYDEBUG rally_openstack.cleanup.manager [-] Deleting neutron.port object s_rally_b637c9de_qDzmr01I (0f1e0598-06ac-4ed4-9083-0da980b394af)
2019-07-02 09:48:08.910 22705 RALLYDEBUG rally_openstack.cleanup.manager [-] Deleting neutron.port object s_rally_b637c9de_S7YAPukS (0f4ed2b3-3226-443d-b2e4-a51a7ac29d8f)
2019-07-02 09:48:08.961 22705 RALLYDEBUG rally_openstack.cleanup.manager [-] Deleting neutron.port object s_rally_b637c9de_DO6XRX9j (0f8b3f60-aacc-494b-9a52-a8001866e6cc)
2019-07-02 09:48:08.973 22705 RALLYDEBUG rally_openstack.cleanup.manager [-] Deleting neutron.port object s_rally_b637c9de_JTacIKtY (0fb80fa8-b3fc-4fbe-8afa-429a4ad7044f)
2019-07-02 09:48:09.150 22705 RALLYDEBUG rally_openstack.cleanup.manager [-] Deleting neutron.port object s_rally_b637c9de_YPoAEQ6O (0fe0076d-68ea-4f01-8d75-e2767181bbc5)
2019-07-02 09:48:09.151 22705 RALLYDEBUG rally_openstack.cleanup.manager [-] Deleting neutron.port object s_rally_b637c9de_6kVqLhTh (0ff044e5-2d44-48d4-be84-f40ea62b3966)
2019-07-02 09:48:09.196 22705 RALLYDEBUG rally_openstack.cleanup.manager [-] Deleting neutron.port object s_rally_b637c9de_zMYIkb66 (1006c7c6-f939-4e4d-87ba-dd768c23d9cc)
2019-07-02 09:48:09.528 22705 RALLYDEBUG rally_openstack.cleanup.manager [-] Deleting neutron.port object s_rally_b637c9de_q6n78GCG (103388a2-f32a-48ba-82a2-61afe1ed56d4)
2019-07-02 09:48:09.563 22705 RALLYDEBUG rally_openstack.cleanup.manager [-] Deleting neutron.port object s_rally_b637c9de_0rfa5oYN (1063af0d-78b0-450d-8f43-f49f59b4df43)
2019-07-02 09:48:09.569 22705 RALLYDEBUG rally_openstack.cleanup.manager [-] Deleting neutron.port object s_rally_b637c9de_Bbndr4I3 (10ea3b05-eed8-44e8-b13e-03de99e916ad)
2019-07-02 09:48:09.672 22705 RALLYDEBUG rally_openstack.cleanup.manager [-] Deleting neutron.port object s_rally_b637c9de_GhykWtNL (11958def-7a8a-4b4d-9bc8-4db97b5f28d2)
2019-07-02 09:48:09.684 22705 RALLYDEBUG rally_openstack.cleanup.manager [-] Deleting neutron.port object s_rally_b637c9de_WpOmsFEk (149c3020-3525-49f4-9abd-9a8f476671f2)
2019-07-02 09:48:09.805 22705 RALLYDEBUG rally_openstack.cleanup.manager [-] Deleting neutron.port object s_rally_b637c9de_ev3Dxs9e (14d3b971-7990-4bd3-a2ea-bf103148d8e7)
2019-07-02 09:48:10.212 22705 RALLYDEBUG rally_openstack.cleanup.manager [-] Deleting neutron.port object s_rally_b637c9de_NW20mNsG (15247970-61df-4840-9e81-ab2df8d16951)
2019-07-02 09:48:10.235 22705 RALLYDEBUG rally_openstack.cleanup.manager [-] Deleting neutron.port object s_rally_b637c9de_6PhvtouK (1567309c-824d-4da3-ab3d-1a583a6026a7)
2019-07-02 09:48:10.246 22705 RALLYDEBUG rally_openstack.cleanup.manager [-] Deleting neutron.port object s_rally_b637c9de_Mf7c4DZF (15ae2b4f-bc48-4ff7-950c-0cd497d0a68d)
2019-07-02 09:48:11.138 22705 RALLYDEBUG rally_openstack.cleanup.manager [-] Deleting neutron.port object s_rally_b637c9de_1Z5MacXm (15b5bb05-daf6-45b3-ba66-e24ebe6f7aba)
2019-07-02 09:48:11.718 22705 RALLYDEBUG rally_openstack.cleanup.manager [-] Deleting neutron.port object s_rally_b637c9de_JxmSsTMw (15d176ea-7066-4b49-916d-3ea94a5186bd)
2019-07-02 09:48:11.921 22705 RALLYDEBUG rally_openstack.cleanup.manager [-] Deleting neutron.port object s_rally_b637c9de_lIuO4wDa (15d6702b-5c13-4dca-9f0d-61e8387e79e6)
2019-07-02 09:48:11.972 22705 RALLYDEBUG rally_openstack.cleanup.manager [-] Deleting neutron.port object s_rally_b637c9de_43Tql4cB (1683160a-42da-4b7f-8908-bb73f37dd2e6)
2019-07-02 09:48:12.613 22705 RALLYDEBUG rally_openstack.cleanup.manager [-] Deleting neutron.port object s_rally_b637c9de_aL1XPudI (179b74e1-e837-415d-b108-2a61438d176a)
2019-07-02 09:48:12.640 22705 RALLYDEBUG rally_openstack.cleanup.manager [-] Deleting neutron.port object s_rally_b637c9de_ZOxR89HQ (1976aafa-7d73-4378-8485-fe8309754dbb)
2019-07-02 09:48:12.757 22705 RALLYDEBUG rally_openstack.cleanup.manager [-] Deleting neutron.port object s_rally_b637c9de_PNom2Vbb (19948cea-221c-4826-b9d7-3f134fc4e35f)
2019-07-02 09:48:13.150 22705 RALLYDEBUG rally_openstack.cleanup.manager [-] Deleting neutron.port object s_rally_b637c9de_h5SFa4yu (1a21d59f-cd44-473c-bc55-a7122e2cce5e)
2019-07-02 09:48:13.150 22705 RALLYDEBUG rally_openstack.cleanup.manager [-] Deleting neutron.port object s_rally_b637c9de_QXYumcnL (19a60590-db92-49cd-beda-77f4ad388c85)
2019-07-02 09:48:13.253 22705 RALLYDEBUG rally_openstack.cleanup.manager [-] Deleting neutron.port object s_rally_b637c9de_1D3Vd3Im (1a6a3c18-39eb-4a77-aefe-d897175e07b0)
2019-07-02 09:48:13.320 22705 RALLYDEBUG rally_openstack.cleanup.manager [-] Deleting neutron.port object s_rally_b637c9de_hoWoin2H (1b117941-9ed6-47b0-86be-eb19d4e54cd5)
2019-07-02 09:48:13.342 22705 RALLYDEBUG rally_openstack.cleanup.manager [-] Deleting neutron.port object s_rally_b637c9de_kEkGHkDk (1c5a8c12-91b1-45d1-8b80-171d01abc5f0)
2019-07-02 09:48:13.355 22705 RALLYDEBUG rally_openstack.cleanup.manager [-] Deleting neutron.port object s_rally_b637c9de_Wfsz0wcR (1cbc5970-c017-4281-99b9-45fd87703f2a)
2019-07-02 09:48:13.457 22705 RALLYDEBUG rally_openstack.cleanup.manager [-] Deleting neutron.port object s_rally_b637c9de_2OGnAmtl (1cdefdba-4c2c-469f-b53d-2ea3be5ffa0e)
2019-07-02 09:48:13.492 22705 RALLYDEBUG rally_openstack.cleanup.manager [-] Deleting neutron.port object s_rally_b637c9de_G73KVvMS (1f9cd52f-0047-4ea0-9a34-3da83b6df880)
2019-07-02 09:48:13.818 22705 RALLYDEBUG rally_openstack.cleanup.manager [-] Deleting neutron.port object s_rally_b637c9de_ZeyRHwgE (1fa3280c-342a-4532-a3eb-516fdacc6867)
2019-07-02 09:48:13.941 22705 RALLYDEBUG rally_openstack.cleanup.manager [-] Deleting neutron.port object s_rally_b637c9de_YT9ZyfYu (200b5e08-44c9-453e-9bcb-8b4db0e87466)
2019-07-02 09:48:13.996 22705 RALLYDEBUG rally_openstack.cleanup.manager [-] Deleting neutron.port object s_rally_b637c9de_Vhy6B5wI (20b913ae-e918-4793-9164-a15076919fa0)
2019-07-02 09:48:14.236 22705 RALLYDEBUG rally_openstack.cleanup.manager [-] Deleting neutron.port object s_rally_b637c9de_EF4vn6rP (21862e4b-f24f-4b27-adea-03e6a0ee1ed1)
2019-07-02 09:48:14.529 22705 RALLYDEBUG rally_openstack.cleanup.manager [-] Deleting neutron.port object s_rally_b637c9de_QP8gkix2 (224f7489-dccc-40a1-ad05-dd44153334c6)
2019-07-02 09:48:14.657 22705 RALLYDEBUG rally_openstack.cleanup.manager [-] Deleting neutron.port object s_rally_b637c9de_K0fDCVe2 (22f7cec2-98d7-4c18-9075-ffeb3737a7cf)
2019-07-02 09:48:14.682 22705 RALLYDEBUG rally_openstack.cleanup.manager [-] Deleting neutron.port object s_rally_b637c9de_1FB8ANex (240cfb4f-9b99-4fd0-aa49-167bea539a70)
2019-07-02 09:48:14.716 22705 RALLYDEBUG rally_openstack.cleanup.manager [-] Deleting neutron.port object s_rally_b637c9de_dL71EYtm (24531c63-08f6-4979-9518-41b81ec5fe74)
2019-07-02 09:48:14.872 22705 RALLYDEBUG rally_openstack.cleanup.manager [-] Deleting neutron.port object s_rally_b637c9de_4aVxsHI0 (25463a15-7dbd-4831-8e5e-47a19b9c008b)
2019-07-02 09:48:16.004 22705 RALLYDEBUG rally_openstack.cleanup.manager [-] Deleting neutron.port object s_rally_b637c9de_RucfnUHO (2563aa5c-5ddd-405a-8b1c-1f2446ee558a)
2019-07-02 09:48:16.241 22705 RALLYDEBUG rally_openstack.cleanup.manager [-] Deleting neutron.port object s_rally_b637c9de_7KW3Pz1k (25874c55-54d0-4938-be4d-929a9fc1fb0f)
2019-07-02 09:48:16.260 22705 RALLYDEBUG rally_openstack.cleanup.manager [-] Deleting neutron.port object s_rally_b637c9de_Gdnut1bJ (2618dded-eb86-4198-a41c-d8443f04b8c9)
2019-07-02 09:48:16.300 22705 RALLYDEBUG rally_openstack.cleanup.manager [-] Deleting neutron.port object s_rally_b637c9de_o0VKvWkO (2666b1a5-15d4-42d9-95b2-495ca438bb0d)
2019-07-02 09:48:16.430 22705 RALLYDEBUG rally_openstack.cleanup.manager [-] Deleting neutron.port object s_rally_b637c9de_sXrMVfek (2714f815-b632-4dc1-af41-d133c710cfd1)
2019-07-02 09:48:16.484 22705 RALLYDEBUG rally_openstack.cleanup.manager [-] Deleting neutron.port object s_rally_b637c9de_A66HsoBD (2767124a-4bab-4f27-9a0f-e2be65506f81)
2019-07-02 09:48:17.294 22705 RALLYDEBUG rally_openstack.cleanup.manager [-] Deleting neutron.port object s_rally_b637c9de_P3sMqhGZ (276f18b5-f718-4379-a8da-ad37387f9b02)
2019-07-02 09:48:17.399 22705 RALLYDEBUG rally_openstack.cleanup.manager [-] Deleting neutron.port object s_rally_b637c9de_y1tKW1Fs (27af7c9a-292a-42c8-bc47-a1443db3c53a)
2019-07-02 09:48:17.570 22705 RALLYDEBUG rally_openstack.cleanup.manager [-] Deleting neutron.port object s_rally_b637c9de_UsI2zMRw (27e14b67-ec1a-4d8c-9b3f-0f767d235497)
2019-07-02 09:48:17.701 22705 RALLYDEBUG rally_openstack.cleanup.manager [-] Deleting neutron.port object s_rally_b637c9de_uGlZftVq (285972f5-1d93-4d33-b817-076bd84f810b)
2019-07-02 09:48:17.822 22705 RALLYDEBUG rally_openstack.cleanup.manager [-] Deleting neutron.port object s_rally_b637c9de_5lmYZMSF (293a7ae3-59c1-4499-9d5c-e881732a4cc3)
2019-07-02 09:48:17.883 22705 RALLYDEBUG rally_openstack.cleanup.manager [-] Deleting neutron.port object s_rally_b637c9de_wvAbQRXw (29b8495c-6800-4c14-bccb-202e90af2c7e)
2019-07-02 09:48:18.186 22705 RALLYDEBUG rally_openstack.cleanup.manager [-] Deleting neutron.port object s_rally_b637c9de_im09TbB0 (2a9d3115-624a-4217-8b77-d774a7778a49)
2019-07-02 09:48:18.196 22705 RALLYDEBUG rally_openstack.cleanup.manager [-] Deleting neutron.port object s_rally_b637c9de_BH8fSgFG (2b7d144c-6b71-4734-8917-3d4f12e45bfd)
2019-07-02 09:48:18.409 22705 RALLYDEBUG rally_openstack.cleanup.manager [-] Deleting neutron.port object s_rally_b637c9de_2r4TbFRS (2bca9c92-19bb-48dc-9e23-3d8ce70a0982)
2019-07-02 09:48:18.410 22705 RALLYDEBUG rally_openstack.cleanup.manager [-] Deleting neutron.port object s_rally_b637c9de_lZS19O6v (2b8299f0-1c82-4da9-b24a-d395e0ea111c)
2019-07-02 09:48:18.415 22705 RALLYDEBUG rally_openstack.cleanup.manager [-] Deleting neutron.port object s_rally_b637c9de_A2JkrKAW (2c66fd5a-20e7-4a87-9184-1235bed411bb)
2019-07-02 09:48:18.474 22705 RALLYDEBUG rally_openstack.cleanup.manager [-] Deleting neutron.port object s_rally_b637c9de_NbTpx6b9 (2d34ca65-3785-4245-8c1b-993d9b5869b0)
2019-07-02 09:48:18.482 22705 RALLYDEBUG rally_openstack.cleanup.manager [-] Deleting neutron.port object s_rally_b637c9de_dPjEnjfm (2d9caeed-cd5c-424b-b80d-223cc7d83005)
2019-07-02 09:48:18.486 22705 RALLYDEBUG rally_openstack.cleanup.manager [-] Deleting neutron.port object s_rally_b637c9de_KAU0fqRd (2da8885f-a5dc-46cf-b38d-0c5d7c6df30e)
2019-07-02 09:48:19.250 22705 RALLYDEBUG rally_openstack.cleanup.manager [-] Deleting neutron.port object s_rally_b637c9de_4KqqZ27w (2e0ac210-87b5-4404-b186-1b2dd87847aa)
2019-07-02 09:48:20.026 22705 RALLYDEBUG rally_openstack.cleanup.manager [-] Deleting neutron.port object s_rally_b637c9de_0dbGEkMV (2f5f402e-2ebb-4ff3-a967-f9e15f368eba)
