2019-07-02 09:40:57.309 22705 RALLYDEBUG rally_openstack.cleanup.manager [-] Deleting neutron.port object s_rally_cb5152b8_cKtUBAnv (52302da4-4821-4601-b068-1c8cc1e8f447)
2019-07-02 09:40:57.309 22705 RALLYDEBUG rally_openstack.cleanup.manager [-] Deleting neutron.port object s_rally_cb5152b8_mPNf5lEM (52a31ba0-7ca4-4f0b-b8b2-04b79abf14a5)
2019-07-02 09:40:57.373 22705 RALLYDEBUG rally_openstack.cleanup.manager [-] Deleting neutron.port object s_rally_cb5152b8_Z2J2e49r (5358ca1e-de37-46ff-9245-b35ad2bb6c4c)
2019-07-02 09:40:57.387 22705 RALLYDEBUG rally_openstack.cleanup.manager [-] Deleting neutron.port object s_rally_cb5152b8_u1pYuheY (53c53f49-5b25-40d3-a073-c0edea8e74cb)
2019-07-02 09:40:57.467 22705 RALLYDEBUG rally_openstack.cleanup.manager [-] Deleting neutron.port object s_rally_cb5152b8_WMW5jI2N (552d1960-4d08-42f6-ab3c-b272f2f57d1d)
2019-07-02 09:40:57.837 22705 RALLYDEBUG rally_openstack.cleanup.manager [-] Deleting neutron.port object s_rally_cb5152b8_jMoN2r8H (5ab55826-d9eb-4a0c-a9ff-d763fc334d31)
2019-07-02 09:40:57.872 22705 RALLYDEBUG rally_openstack.cleanup.manager [-] Deleting neutron.port object s_rally_cb5152b8_0d0kwaBT (5b050620-9732-4d2d-9687-bee4cb4f0fe7)
2019-07-02 09:40:58.525 22705 RALLYDEBUG rally_openstack.cleanup.manager [-] Deleting neutron.port object s_rally_cb5152b8_VY3LgIHv (5cc3fadc-60e5-4edd-921a-61bc550c0407)
2019-07-02 09:40:58.719 22705 RALLYDEBUG rally_openstack.cleanup.manager [-] Deleting neutron.port object s_rally_cb5152b8_aEHPrErY (5e4aefaf-0982-4672-8a48-478542096322)
2019-07-02 09:40:58.808 22705 RALLYDEBUG rally_openstack.cleanup.manager [-] Deleting neutron.port object s_rally_cb5152b8_5XtNabzZ (5f7bc402-8c04-4a55-a623-3935a2204aa3)
2019-07-02 09:40:58.838 22705 RALLYDEBUG rally_openstack.cleanup.manager [-] Deleting neutron.port object s_rally_cb5152b8_vfvBxFKH (5fdb2d04-bf95-4d3f-ab0a-1e57e47c9e33)
2019-07-02 09:40:58.851 22705 RALLYDEBUG rally_openstack.cleanup.manager [-] Deleting neutron.port object s_rally_cb5152b8_K3DC4w1t (6025ddf4-b6a7-4edd-b2b8-1e5ebf668dbf)
2019-07-02 09:40:59.083 22705 RALLYDEBUG rally_openstack.cleanup.manager [-] Deleting neutron.port object s_rally_cb5152b8_Kakqvony (61c990b5-ebb7-4e0f-b943-05c3a2f19b27)
2019-07-02 09:40:59.174 22705 RALLYDEBUG rally_openstack.cleanup.manager [-] Deleting neutron.port object s_rally_cb5152b8_aPMmpJKu (624840eb-4468-426d-a190-0725fb8863c7)
2019-07-02 09:40:59.261 22705 RALLYDEBUG rally_openstack.cleanup.manager [-] Deleting neutron.port object s_rally_cb5152b8_t7KMHBK0 (63b22793-4e16-41a6-9e4b-def59546750a)
2019-07-02 09:40:59.287 22705 RALLYDEBUG rally_openstack.cleanup.manager [-] Deleting neutron.port object s_rally_cb5152b8_S7kt6TIo (68f57b76-38c9-4617-b827-9d4b9cc3133f)
2019-07-02 09:40:59.623 22705 RALLYDEBUG rally_openstack.cleanup.manager [-] Deleting neutron.port object s_rally_cb5152b8_xdkSkZRH (69f617c7-193c-45fa-8744-d3029d23fc67)
2019-07-02 09:40:59.802 22705 RALLYDEBUG rally_openstack.cleanup.manager [-] Deleting neutron.port object s_rally_cb5152b8_MOGW1HvA (6ba2a5b2-680e-4f3c-9fb2-d9f3e7a0b083)
2019-07-02 09:41:00.141 22705 RALLYDEBUG rally_openstack.cleanup.manager [-] Deleting neutron.port object s_rally_cb5152b8_0EVZnySn (6d9e4c0c-4a51-44d9-9015-cad515079c68)
2019-07-02 09:41:00.201 22705 RALLYDEBUG rally_openstack.cleanup.manager [-] Deleting neutron.port object s_rally_cb5152b8_s4RDCFRb (6e7e10f6-3e1b-418f-a606-7ed740553c09)
2019-07-02 09:41:00.504 22705 RALLYDEBUG rally_openstack.cleanup.manager [-] Deleting neutron.port object s_rally_cb5152b8_9tZXADvv (6f0fc8fd-065a-4fc0-a6f8-221b65abf4c7)
2019-07-02 09:41:00.795 22705 RALLYDEBUG rally_openstack.cleanup.manager [-] Deleting neutron.port object s_rally_cb5152b8_EQ1TVtEs (6f665bc7-9e30-455e-aa46-1756294c074b)
2019-07-02 09:41:00.820 22705 RALLYDEBUG rally_openstack.cleanup.manager [-] Deleting neutron.port object s_rally_cb5152b8_S2ASFt9r (70bd917d-9052-4463-a2d8-00b6f884f30b)
2019-07-02 09:41:00.824 22705 RALLYDEBUG rally_openstack.cleanup.manager [-] Deleting neutron.port object s_rally_cb5152b8_KorIoP25 (70045ba2-09c1-4101-9ee7-0c2f043efec0)
2019-07-02 09:41:01.246 22705 RALLYDEBUG rally_openstack.cleanup.manager [-] Deleting neutron.port object s_rally_cb5152b8_nCQEXoD8 (711223d1-f3e0-40be-99a5-6113a258f041)
2019-07-02 09:41:01.308 22705 RALLYDEBUG rally_openstack.cleanup.manager [-] Deleting neutron.port object s_rally_cb5152b8_uzWNJcH0 (71b8bf3b-714b-40a7-85f4-5783d58329f5)
2019-07-02 09:41:01.384 22705 RALLYDEBUG rally_openstack.cleanup.manager [-] Deleting neutron.port object s_rally_cb5152b8_j2Xpas7t (727455f8-a641-4c0c-84e9-5d70da3eba96)
2019-07-02 09:41:01.431 22705 RALLYDEBUG rally_openstack.cleanup.manager [-] Deleting neutron.port object s_rally_cb5152b8_Ah7B5nHO (727687a1-d0c7-4908-8d73-22af7198df71)
2019-07-02 09:41:01.553 22705 RALLYDEBUG rally_openstack.cleanup.manager [-] Deleting neutron.port object s_rally_cb5152b8_WC3DCJdx (753b8183-11be-4e45-883a-ed9a95531a65)
2019-07-02 09:41:01.826 22705 RALLYDEBUG rally_openstack.cleanup.manager [-] Deleting neutron.port object s_rally_cb5152b8_pdLBWK3c (75de5cc9-32ed-445e-8aea-fc56978ce2e6)
2019-07-02 09:41:02.035 22705 RALLYDEBUG rally_openstack.cleanup.manager [-] Deleting neutron.port object s_rally_cb5152b8_W34XoDZc (760345c8-2290-47da-ac28-af29f9c15ced)
2019-07-02 09:41:02.165 22705 RALLYDEBUG rally_openstack.cleanup.manager [-] Deleting neutron.port object s_rally_cb5152b8_vCZJ6Pnc (765f47f3-22c2-4218-ac76-22f873227090)
2019-07-02 09:41:02.182 22705 RALLYDEBUG rally_openstack.cleanup.manager [-] Deleting neutron.port object s_rally_cb5152b8_oNXqdSFt (78e7e1c5-d26b-429d-80ce-90c276af9c89)
2019-07-02 09:41:02.285 22705 RALLYDEBUG rally_openstack.cleanup.manager [-] Deleting neutron.port object s_rally_cb5152b8_hciBtFnb (799bba04-2543-450a-9c44-0cc22ac47f8c)
2019-07-02 09:41:02.460 22705 RALLYDEBUG rally_openstack.cleanup.manager [-] Deleting neutron.port object s_rally_cb5152b8_6nL0LsWI (7adf3be9-31eb-4184-b1bb-fc3a1546d94a)
2019-07-02 09:41:02.495 22705 RALLYDEBUG rally_openstack.cleanup.manager [-] Deleting neutron.port object s_rally_cb5152b8_Rfnt7F7M (7ba12c59-7d84-40e9-903a-0bb4ec0143a7)
2019-07-02 09:41:02.503 22705 RALLYDEBUG rally_openstack.cleanup.manager [-] Deleting neutron.port object s_rally_cb5152b8_C4fBMMMp (7efd3ff8-270f-4d2c-942d-cc5d06740679)
2019-07-02 09:41:02.504 22705 RALLYDEBUG rally_openstack.cleanup.manager [-] Deleting neutron.port object s_rally_cb5152b8_fpNdczHz (7d362f10-4f7d-45ee-811b-f58ed6b3783a)
2019-07-02 09:41:02.829 22705 RALLYDEBUG rally_openstack.cleanup.manager [-] Deleting neutron.port object s_rally_cb5152b8_1lUHpkuL (7f0480c0-3251-43ca-ad76-e91e78fdc929)
2019-07-02 09:41:02.932 22705 RALLYDEBUG rally_openstack.cleanup.manager [-] Deleting neutron.port object s_rally_cb5152b8_aCfvHqTE (851a7f91-add8-4e29-b87c-4c8afd7604b8)
2019-07-02 09:41:02.932 22705 RALLYDEBUG rally_openstack.cleanup.manager [-] Deleting neutron.port object s_rally_cb5152b8_zS7x2j0B (839bd1f6-8b5e-43ff-8da7-5b33e5f8f86f)
2019-07-02 09:41:03.072 22705 RALLYDEBUG rally_openstack.cleanup.manager [-] Deleting neutron.port object s_rally_cb5152b8_SNoTzb0d (8554565c-34fc-4cb3-b2d3-801ccd628baf)
2019-07-02 09:41:03.157 22705 RALLYDEBUG rally_openstack.cleanup.manager [-] Deleting neutron.port object s_rally_cb5152b8_JxoACNPg (8636cfc0-5cd8-424c-85a5-4e1289df7258)
2019-07-02 09:41:03.465 22705 RALLYDEBUG rally_openstack.cleanup.manager [-] Deleting neutron.port object s_rally_cb5152b8_FksRU0R7 (87767d96-447b-479b-9e9b-149ba5cb48cd)
2019-07-02 09:41:03.721 22705 RALLYDEBUG rally_openstack.cleanup.manager [-] Deleting neutron.port object s_rally_cb5152b8_Z2JGKKCS (89119080-2c2d-499a-b269-39e674e772f3)
2019-07-02 09:41:03.795 22705 RALLYDEBUG rally_openstack.cleanup.manager [-] Deleting neutron.port object s_rally_cb5152b8_oXLpAI0w (89ace20b-fa66-4db7-b897-e1a68c38d1df)
2019-07-02 09:41:04.092 22705 RALLYDEBUG rally_openstack.cleanup.manager [-] Deleting neutron.port object s_rally_cb5152b8_ESk6pR6M (8ac58ed0-fc3d-4ed0-843c-2bfcf314554a)
2019-07-02 09:41:04.162 22705 RALLYDEBUG rally_openstack.cleanup.manager [-] Deleting neutron.port object s_rally_cb5152b8_u4yQLq6j (8ae6d000-3379-4812-a219-c30ae3b509cb)
2019-07-02 09:41:04.571 22705 RALLYDEBUG rally_openstack.cleanup.manager [-] Deleting neutron.port object s_rally_cb5152b8_oB0WJSYd (8b412d2c-848f-45c3-98ad-67d82037755d)
2019-07-02 09:41:04.579 22705 RALLYDEBUG rally_openstack.cleanup.manager [-] Deleting neutron.port object s_rally_cb5152b8_MEE09tdk (8b4a8f68-eb10-4120-b2b1-12becac05b03)
2019-07-02 09:41:04.660 22705 RALLYDEBUG rally_openstack.cleanup.manager [-] Deleting neutron.port object s_rally_cb5152b8_M9t2nxmv (8b9b3492-11bb-4ecc-af44-d41ea96f4f82)
2019-07-02 09:41:04.983 22705 RALLYDEBUG rally_openstack.cleanup.manager [-] Deleting neutron.port object s_rally_cb5152b8_eod0hOZs (8c0559f7-82be-4803-a8b5-2313048b27b7)
2019-07-02 09:41:05.053 22705 RALLYDEBUG rally_openstack.cleanup.manager [-] Deleting neutron.port object s_rally_cb5152b8_8Ae4qBKZ (8c16b086-8d7f-4127-8169-8892f995cbc8)
2019-07-02 09:41:05.109 22705 RALLYDEBUG rally_openstack.cleanup.manager [-] Deleting neutron.port object s_rally_cb5152b8_m979E7iQ (8d58bb5b-33d6-4f2b-884b-e4dc37ec60b8)
2019-07-02 09:41:05.236 22705 RALLYDEBUG rally_openstack.cleanup.manager [-] Deleting neutron.port object s_rally_cb5152b8_IdCR1mzr (8e7ddabb-64b4-40b3-9939-84a671e6ba62)
2019-07-02 09:41:05.530 22705 RALLYDEBUG rally_openstack.cleanup.manager [-] Deleting neutron.port object s_rally_cb5152b8_7MzKUDTJ (8f26707e-8c52-4cea-8d2c-4434d481eddb)
2019-07-02 09:41:05.544 22705 RALLYDEBUG rally_openstack.cleanup.manager [-] Deleting neutron.port object s_rally_cb5152b8_bV1petYe (910efe1f-6b40-4906-9aed-1935eea0399b)
2019-07-02 09:41:06.002 22705 RALLYDEBUG rally_openstack.cleanup.manager [-] Deleting neutron.port object s_rally_cb5152b8_Dpgp6AoI (914aff32-4b68-42e8-bed5-d8bd55708ca4)
2019-07-02 09:41:06.119 22705 RALLYDEBUG rally_openstack.cleanup.manager [-] Deleting neutron.port object s_rally_cb5152b8_so6z51Qr (919a31b0-49d2-4f78-814f-a6d47545a091)
2019-07-02 09:41:06.231 22705 RALLYDEBUG rally_openstack.cleanup.manager [-] Deleting neutron.port object s_rally_cb5152b8_9UcwwMbG (9217aca7-0c02-4779-8d2a-0ca6d89e7d2d)
2019-07-02 09:41:06.413 22705 RALLYDEBUG rally_openstack.cleanup.manager [-] Deleting neutron.port object s_rally_cb5152b8_hSQQyAay (927a66c2-67b5-472d-adeb-436c3340b230)
2019-07-02 09:41:06.567 22705 RALLYDEBUG rally_openstack.cleanup.manager [-] Deleting neutron.port object s_rally_cb5152b8_gUXWQasV (94db8567-f112-4e4c-9dd8-27d49cc03a2b)
2019-07-02 09:41:06.842 22705 RALLYDEBUG rally_openstack.cleanup.manager [-] Deleting neutron.port object s_rally_cb5152b8_lOBSN7uP (958a7de3-93bf-4c22-96bb-6d1af17b8694)
2019-07-02 09:41:07.086 22705 RALLYDEBUG rally_openstack.cleanup.manager [-] Deleting neutron.port object s_rally_cb5152b8_lT06cSzd (95c31f16-495d-4529-b4a5-621939b45464)
2019-07-02 09:41:07.093 22705 RALLYDEBUG rally_openstack.cleanup.manager [-] Deleting neutron.port object s_rally_cb5152b8_oQnsviea (977d7179-a441-4310-adeb-fa8ab5d92d70)
2019-07-02 09:41:07.097 22705 RALLYDEBUG rally_openstack.cleanup.manager [-] Deleting neutron.port object s_rally_cb5152b8_pNa3YYVj (991c91e5-a4c6-476e-87ad-bd6335e14fe0)
2019-07-02 09:41:07.114 22705 RALLYDEBUG rally_openstack.cleanup.manager [-] Deleting neutron.port object s_rally_cb5152b8_7McQDE0m (9de81938-4a3c-4141-a199-728a038f8a8b)
2019-07-02 09:41:07.385 22705 RALLYDEBUG rally_openstack.cleanup.manager [-] Deleting neutron.port object s_rally_cb5152b8_TgAYTI4I (a0cd274c-cc0d-4183-9276-88aa1488becd)
2019-07-02 09:41:07.385 22705 RALLYDEBUG rally_openstack.cleanup.manager [-] Deleting neutron.port object s_rally_cb5152b8_UurVY0yx (9e16ca0c-a7fa-47d5-8c0e-b2522f653f24)
2019-07-02 09:41:07.560 22705 RALLYDEBUG rally_openstack.cleanup.manager [-] Deleting neutron.port object s_rally_cb5152b8_GJ1LA3lS (a197af5c-4db3-43c3-904b-3a6aadafdf56)
2019-07-02 09:41:07.639 22705 RALLYDEBUG rally_openstack.cleanup.manager [-] Deleting neutron.port object s_rally_cb5152b8_6skW4ewm (a399390a-02d6-4b06-9537-42d874838905)
2019-07-02 09:41:07.664 22705 RALLYDEBUG rally_openstack.cleanup.manager [-] Deleting neutron.port object s_rally_cb5152b8_UOZVsMW6 (a4f55ebd-0324-4631-bbe6-67babaf5d1c9)
2019-07-02 09:41:07.775 22705 RALLYDEBUG rally_openstack.cleanup.manager [-] Deleting neutron.port object s_rally_cb5152b8_Ugfj38zW (a64b66cd-1a0f-41a7-a03b-1adee5367ddd)
2019-07-02 09:41:07.863 22705 RALLYDEBUG rally_openstack.cleanup.manager [-] Deleting neutron.port object s_rally_cb5152b8_zavGhgVK (a6a45d82-0070-4148-b27f-4713d8b4e82a)
2019-07-02 09:41:08.295 22705 RALLYDEBUG rally_openstack.cleanup.manager [-] Deleting neutron.port object s_rally_cb5152b8_l2mUdfg8 (a6be35ca-9b70-46db-b275-1febf6340618)
2019-07-02 09:41:08.375 22705 RALLYDEBUG rally_openstack.cleanup.manager [-] Deleting neutron.port object s_rally_cb5152b8_HyPn47lX (a8abe426-8c42-4f42-969b-65e802836e7f)
2019-07-02 09:41:08.428 22705 RALLYDEBUG rally_openstack.cleanup.manager [-] Deleting neutron.port object s_rally_cb5152b8_ZA46g7S8 (a995c468-e12a-4b07-a4c9-7079deb46427)
2019-07-02 09:41:08.482 22705 RALLYDEBUG rally_openstack.cleanup.manager [-] Deleting neutron.port object s_rally_cb5152b8_LrOBxT9v (aba19ed7-aef1-4196-a42a-395b42cfb317)
2019-07-02 09:41:08.827 22705 RALLYDEBUG rally_openstack.cleanup.manager [-] Deleting neutron.port object s_rally_cb5152b8_Yxx7QnsP (ae68bf6f-4632-4b5e-9881-ec51e2a2b7da)
2019-07-02 09:41:09.042 22705 RALLYDEBUG rally_openstack.cleanup.manager [-] Deleting neutron.port object s_rally_cb5152b8_fkr7nOM2 (af15f0d4-901b-40ca-9b41-be18692cbbae)
2019-07-02 09:41:09.381 22705 RALLYDEBUG rally_openstack.cleanup.manager [-] Deleting neutron.port object s_rally_cb5152b8_Kt0hFkxc (b3eebdd6-20a5-4c56-b943-a552d3b5d900)
2019-07-02 09:41:09.395 22705 RALLYDEBUG rally_openstack.cleanup.manager [-] Deleting neutron.port object s_rally_cb5152b8_ab9JbAgh (b42bd377-1776-4f2b-8ad3-819f9e995923)
2019-07-02 09:41:09.677 22705 RALLYDEBUG rally_openstack.cleanup.manager [-] Deleting neutron.port object s_rally_cb5152b8_qXF4VHW4 (b80190af-8cba-4be5-aec0-62fa59ce54ab)
2019-07-02 09:41:09.898 22705 RALLYDEBUG rally_openstack.cleanup.manager [-] Deleting neutron.port object s_rally_cb5152b8_rRJwhzCO (ba143951-ea0b-4090-9baa-68ecc69f8b12)
2019-07-02 09:41:09.977 22705 RALLYDEBUG rally_openstack.cleanup.manager [-] Deleting neutron.port object s_rally_cb5152b8_vYYVMUFW (ba8be0cf-d970-4e55-b8de-c3b8db4a96aa)
2019-07-02 09:41:10.054 22705 RALLYDEBUG rally_openstack.cleanup.manager [-] Deleting neutron.port object s_rally_cb5152b8_oQVO1zBq (bbc2ed3c-4f38-4d33-9407-a52e99580cb5)
2019-07-02 09:41:10.178 22705 RALLYDEBUG rally_openstack.cleanup.manager [-] Deleting neutron.port object s_rally_cb5152b8_onQq96Kb (bce12dc3-e263-4fa8-8ef6-1095f32a14eb)
2019-07-02 09:41:10.218 22705 RALLYDEBUG rally_openstack.cleanup.manager [-] Deleting neutron.port object s_rally_cb5152b8_1uNkWziL (bfe09fe7-af65-4ddd-bed1-587e1ba55996)
2019-07-02 09:41:10.353 22705 RALLYDEBUG rally_openstack.cleanup.manager [-] Deleting neutron.port object s_rally_cb5152b8_OKHIOxKH (c0148dac-2d8b-4a9b-85ba-c4ee9dfec849)
2019-07-02 09:41:10.459 22705 RALLYDEBUG rally_openstack.cleanup.manager [-] Deleting neutron.port object s_rally_cb5152b8_NK2NKtJK (c2c56faa-d5b1-49a3-9975-642bc7bdd500)
2019-07-02 09:41:10.741 22705 RALLYDEBUG rally_openstack.cleanup.manager [-] Deleting neutron.port object s_rally_cb5152b8_RicMV5tB (c495e64b-47f4-42fa-93f7-e65e6f513d47)
2019-07-02 09:41:10.799 22705 RALLYDEBUG rally_openstack.cleanup.manager [-] Deleting neutron.port object s_rally_cb5152b8_h4HlEHuv (c93b9abc-8453-4692-a607-534928442328)
2019-07-02 09:41:11.071 22705 RALLYDEBUG rally_openstack.cleanup.manager [-] Deleting neutron.port object s_rally_cb5152b8_tWIGjIT2 (c9e01eb3-1a80-471e-9321-547f55f937bc)
2019-07-02 09:41:11.378 22705 RALLYDEBUG rally_openstack.cleanup.manager [-] Deleting neutron.port object s_rally_cb5152b8_FCdwKmPB (ca02e4bd-aaf6-41b1-8049-24bac904d8f4)
2019-07-02 09:41:11.410 22705 RALLYDEBUG rally_openstack.cleanup.manager [-] Deleting neutron.port object s_rally_cb5152b8_LIlbGZnJ (cc296253-9632-48f2-8187-9cdd2f5562a7)
2019-07-02 09:41:11.601 22705 RALLYDEBUG rally_openstack.cleanup.manager [-] Deleting neutron.port object s_rally_cb5152b8_xNR5fs0Y (ccd27028-9b2c-4abc-9c5e-c7ebb2ca167d)
2019-07-02 09:41:11.788 22705 RALLYDEBUG rally_openstack.cleanup.manager [-] Deleting neutron.port object s_rally_cb5152b8_GSjR8BLh (cf388862-de8f-4962-a631-8e875163073d)
2019-07-02 09:41:11.802 22705 RALLYDEBUG rally_openstack.cleanup.manager [-] Deleting neutron.port object s_rally_cb5152b8_qenK0TX4 (d021b2ac-676b-4bd6-8dd2-e057f50963a1)
2019-07-02 09:41:11.841 22705 RALLYDEBUG rally_openstack.cleanup.manager [-] Deleting neutron.port object s_rally_cb5152b8_2sAO28kE (d0741f69-69f3-415f-8e44-f1def37e643d)
2019-07-02 09:41:11.978 22705 RALLYDEBUG rally_openstack.cleanup.manager [-] Deleting neutron.port object s_rally_cb5152b8_YYenWW0g (d0ea362c-61fb-474d-8198-83706414ec93)
2019-07-02 09:41:12.400 22705 RALLYDEBUG rally_openstack.cleanup.manager [-] Deleting neutron.port object s_rally_cb5152b8_seDE3dn5 (d433741c-e016-48e3-87dc-350a121e1659)
2019-07-02 09:41:12.509 22705 RALLYDEBUG rally_openstack.cleanup.manager [-] Deleting neutron.port object s_rally_cb5152b8_3OZOxnRe (d6d8990d-dc99-48af-ba23-d080259f5912)
2019-07-02 09:41:12.609 22705 RALLYDEBUG rally_openstack.cleanup.manager [-] Deleting neutron.port object s_rally_cb5152b8_tHYf3CdP (d749bce9-2498-4116-8c62-c9a97762981b)
2019-07-02 09:41:12.674 22705 RALLYDEBUG rally_openstack.cleanup.manager [-] Deleting neutron.port object s_rally_cb5152b8_CRgyfGyV (d7f32eb4-b6c6-451f-a303-8eef75a153fd)
2019-07-02 09:41:12.842 22705 RALLYDEBUG rally_openstack.cleanup.manager [-] Deleting neutron.port object s_rally_cb5152b8_VRoSZo6J (d82a51f9-d031-4ae1-9733-bbd1daa50369)
2019-07-02 09:41:12.998 22705 RALLYDEBUG rally_openstack.cleanup.manager [-] Deleting neutron.port object s_rally_cb5152b8_rWFapR1b (d9007019-e730-4794-b86e-fc7a0bed99bb)
2019-07-02 09:41:13.109 22705 RALLYDEBUG rally_openstack.cleanup.manager [-] Deleting neutron.port object s_rally_cb5152b8_BUur9DJ7 (db00f4e2-c8f0-453a-869c-59f7aa0f041c)
2019-07-02 09:41:13.328 22705 RALLYDEBUG rally_openstack.cleanup.manager [-] Deleting neutron.port object s_rally_cb5152b8_GmZXWa8P (dbd183c3-a907-4d19-861f-98bc7d67f288)
2019-07-02 09:41:13.517 22705 RALLYDEBUG rally_openstack.cleanup.manager [-] Deleting neutron.port object s_rally_cb5152b8_mMC43PSf (dc198e37-aed4-43d2-8acc-45278dd76ac2)
2019-07-02 09:41:13.556 22705 RALLYDEBUG rally_openstack.cleanup.manager [-] Deleting neutron.port object s_rally_cb5152b8_6ngbG3W3 (ddaf7f91-d889-4dc1-8bae-ad96da883edb)
2019-07-02 09:41:13.588 22705 RALLYDEBUG rally_openstack.cleanup.manager [-] Deleting neutron.port object s_rally_cb5152b8_rJlvoHwq (ddf7402f-b28f-4492-ae72-887cc5d5ad9a)
2019-07-02 09:41:13.623 22705 RALLYDEBUG rally_openstack.cleanup.manager [-] Deleting neutron.port object s_rally_cb5152b8_RYmpGoGk (dfc66239-eeb7-4d1e-9963-79897b384e0d)
2019-07-02 09:41:13.802 22705 RALLYDEBUG rally_openstack.cleanup.manager [-] Deleting neutron.port object s_rally_cb5152b8_mOazGrAj (e20cd277-0156-40fe-81e3-d71c20ceae41)
2019-07-02 09:41:14.116 22705 RALLYDEBUG rally_openstack.cleanup.manager [-] Deleting neutron.port object s_rally_cb5152b8_NKZiZHu0 (e2ec82ff-d3ed-44c9-a71a-3f5633c07b4a)
2019-07-02 09:41:14.271 22705 RALLYDEBUG rally_openstack.cleanup.manager [-] Deleting neutron.port object s_rally_cb5152b8_DQNxoj5f (e434b5c1-3cbf-4791-af2d-ed1a4b51e70b)
2019-07-02 09:41:14.388 22705 RALLYDEBUG rally_openstack.cleanup.manager [-] Deleting neutron.port object s_rally_cb5152b8_fSxvpAnN (eb18e385-526e-4c5d-a74e-40c42c131ee0)
2019-07-02 09:41:14.465 22705 RALLYDEBUG rally_openstack.cleanup.manager [-] Deleting neutron.port object s_rally_cb5152b8_ADiWsyYG (eb5e711a-d342-41d9-b25b-8bbee9b03de9)
2019-07-02 09:41:14.562 22705 RALLYDEBUG rally_openstack.cleanup.manager [-] Deleting neutron.port object s_rally_cb5152b8_V67rPZMz (eef6af9f-48be-4da8-8a77-378d9eaef2da)
2019-07-02 09:41:14.808 22705 RALLYDEBUG rally_openstack.cleanup.manager [-] Deleting neutron.port object s_rally_cb5152b8_HN2S7RCN (f0b4d36e-39c3-4875-bb2b-fba789e6e628)
2019-07-02 09:41:14.888 22705 RALLYDEBUG rally_openstack.cleanup.manager [-] Deleting neutron.port object s_rally_cb5152b8_XcZgpGZp (f334945e-1d02-45e0-8680-3dce812d44c2)
2019-07-02 09:41:15.108 22705 RALLYDEBUG rally_openstack.cleanup.manager [-] Deleting neutron.port object s_rally_cb5152b8_I2n33v7e (f5320a45-3296-4e7d-989d-37e5dfac79e5)
2019-07-02 09:41:15.115 22705 RALLYDEBUG rally_openstack.cleanup.manager [-] Deleting neutron.port object s_rally_cb5152b8_ofUBkhYc (f64c7519-535c-471d-b8f2-95297774de5a)
2019-07-02 09:41:15.117 22705 RALLYDEBUG rally_openstack.cleanup.manager [-] Deleting neutron.port object s_rally_cb5152b8_21w0DyhT (f643a156-35f6-4ff8-b0ce-90092cf15fe6)
2019-07-02 09:41:15.343 22705 RALLYDEBUG rally_openstack.cleanup.manager [-] Deleting neutron.port object s_rally_cb5152b8_UruYGSeF (f7972674-3bbf-49d5-8e08-c31aee8fd4bb)
2019-07-02 09:41:15.504 22705 RALLYDEBUG rally_openstack.cleanup.manager [-] Deleting neutron.port object s_rally_cb5152b8_5lnogJMx (fa88a2cf-ef16-46f1-8e5d-16f77dffcccc)
2019-07-02 09:41:15.657 22705 RALLYDEBUG rally_openstack.cleanup.manager [-] Deleting neutron.port object s_rally_cb5152b8_2f95r8Zk (fae65ece-234d-40ea-ae61-51a5f39be3ad)
2019-07-02 09:41:15.826 22705 RALLYDEBUG rally_openstack.cleanup.manager [-] Deleting neutron.port object s_rally_cb5152b8_dOJZruQG (fbb4cbd3-6a7c-4c5d-bddc-a9e974973c60)
2019-07-02 09:41:15.916 22705 RALLYDEBUG rally_openstack.cleanup.manager [-] Deleting neutron.port object s_rally_cb5152b8_zHkSozge (fc12df0a-400a-4ebf-93b8-325ec8a291d6)
2019-07-02 09:41:15.923 22705 RALLYDEBUG rally_openstack.cleanup.manager [-] Deleting neutron.port object s_rally_cb5152b8_IU7FNgcQ (fc4d5058-11ac-41b2-9922-7a034728f4de)
2019-07-02 09:41:16.031 22705 RALLYDEBUG rally_openstack.cleanup.manager [-] Deleting neutron.port object s_rally_cb5152b8_Hdn7okED (fd069cd4-8723-46b7-872e-604224c10d1c)
2019-07-02 09:41:16.432 22705 RALLYDEBUG rally_openstack.cleanup.manager [-] Deleting neutron.port object s_rally_cb5152b8_GJSfGqbp (ff2a241c-c93d-4a41-b616-236e0e0c838a)
2019-07-02 09:41:18.775 22705 RALLYDEBUG rally_openstack.cleanup.manager [-] Cleaning up neutron subnet objects
2019-07-02 09:41:19.426 22705 RALLYDEBUG rally_openstack.cleanup.manager [-] Cleaning up neutron network objects
2019-07-02 09:41:20.201 22705 RALLYDEBUG rally_openstack.cleanup.manager [-] Deleting neutron.network object s_rally_cb5152b8_FHwkhN8I (00c9bc6f-3120-419e-95a4-c55fc3c18435)
2019-07-02 09:41:20.208 22705 RALLYDEBUG rally_openstack.cleanup.manager [-] Deleting neutron.network object s_rally_cb5152b8_MtaOZnHe (073332af-06ba-4745-bd6c-66f55e47d091)
2019-07-02 09:41:20.216 22705 RALLYDEBUG rally_openstack.cleanup.manager [-] Deleting neutron.network object s_rally_cb5152b8_3tCBX5gM (0d5658e9-5a43-4d88-a693-0a0e1829ad00)
2019-07-02 09:41:20.223 22705 RALLYDEBUG rally_openstack.cleanup.manager [-] Deleting neutron.network object s_rally_cb5152b8_lf1TJStH (10a9a00e-704a-4d93-ba9f-68a8e7646cfb)
2019-07-02 09:41:20.231 22705 RALLYDEBUG rally_openstack.cleanup.manager [-] Deleting neutron.network object s_rally_cb5152b8_UhjxoF3u (10e239f3-f379-4db9-9934-e9a7ff72a8ec)
2019-07-02 09:41:20.239 22705 RALLYDEBUG rally_openstack.cleanup.manager [-] Deleting neutron.network object s_rally_cb5152b8_UNDyC1Lg (164f64f0-a2e0-4533-b724-6bd4029bb209)
2019-07-02 09:41:20.251 22705 RALLYDEBUG rally_openstack.cleanup.manager [-] Deleting neutron.network object s_rally_cb5152b8_Fc9xt5uw (182341bf-86e4-4de8-8a8c-dab34bee5954)
2019-07-02 09:41:20.256 22705 RALLYDEBUG rally_openstack.cleanup.manager [-] Deleting neutron.network object s_rally_cb5152b8_WP0VJz1b (1cf52abf-3f0f-40bd-ae17-14112260c9f2)
2019-07-02 09:41:20.264 22705 RALLYDEBUG rally_openstack.cleanup.manager [-] Deleting neutron.network object s_rally_cb5152b8_zYc5Rldg (1d88c87c-9f21-4821-9e2e-6f11b0e68d09)
2019-07-02 09:41:20.280 22705 RALLYDEBUG rally_openstack.cleanup.manager [-] Deleting neutron.network object s_rally_cb5152b8_lmD8qxhb (2549e1de-9318-4334-b5c1-6518b0262410)
2019-07-02 09:41:20.315 22705 RALLYDEBUG rally_openstack.cleanup.manager [-] Deleting neutron.network object s_rally_cb5152b8_CAukA9BQ (2654a674-14e1-45bb-9719-b58f438c9b18)
2019-07-02 09:41:20.323 22705 RALLYDEBUG rally_openstack.cleanup.manager [-] Deleting neutron.network object s_rally_cb5152b8_46L92nzm (257a6e05-9add-42fa-bd29-0e74460ab4f4)
2019-07-02 09:41:20.337 22705 RALLYDEBUG rally_openstack.cleanup.manager [-] Deleting neutron.network object s_rally_cb5152b8_sCaolv3k (3920c488-c183-4104-ad3b-28892b23a225)
2019-07-02 09:41:20.342 22705 RALLYDEBUG rally_openstack.cleanup.manager [-] Deleting neutron.network object s_rally_cb5152b8_Yi9zYI89 (35db29a7-3195-4ae9-9c1a-5609f9e24cbc)
2019-07-02 09:41:20.353 22705 RALLYDEBUG rally_openstack.cleanup.manager [-] Deleting neutron.network object s_rally_cb5152b8_iFyqFyra (2ebfe442-6905-4fcf-acc9-d14524d04c59)
2019-07-02 09:41:20.361 22705 RALLYDEBUG rally_openstack.cleanup.manager [-] Deleting neutron.network object s_rally_cb5152b8_vmYI3fyt (3c77c3ab-6223-497a-9745-64dc5ee217e1)
2019-07-02 09:41:20.386 22705 RALLYDEBUG rally_openstack.cleanup.manager [-] Deleting neutron.network object s_rally_cb5152b8_0pQpUDhd (49778016-ffb9-4989-bcfc-b358b28e8a95)
2019-07-02 09:41:20.387 22705 RALLYDEBUG rally_openstack.cleanup.manager [-] Deleting neutron.network object s_rally_cb5152b8_a9GHSVmO (469fc8f8-ee0f-48ce-afc1-332fbc44a51b)
2019-07-02 09:41:20.401 22705 RALLYDEBUG rally_openstack.cleanup.manager [-] Deleting neutron.network object s_rally_cb5152b8_hOQSkMYc (55992467-216e-4add-961e-d4c0575ad719)
2019-07-02 09:41:20.416 22705 RALLYDEBUG rally_openstack.cleanup.manager [-] Deleting neutron.network object s_rally_cb5152b8_LKqnTlXq (597b8dd7-83f5-4d9d-9f1b-44d4c7a99880)
2019-07-02 09:41:23.664 22705 RALLYDEBUG rally_openstack.cleanup.manager [-] Deleting neutron.network object s_rally_cb5152b8_naEN336v (6275cff5-e7d6-40ae-bdbf-e187c7e47b62)
2019-07-02 09:41:23.897 22705 RALLYDEBUG rally_openstack.cleanup.manager [-] Deleting neutron.network object s_rally_cb5152b8_MVCvQQn0 (66bb7f2c-15d1-4fa2-ac62-40e7ee428381)
2019-07-02 09:41:23.945 22705 RALLYDEBUG rally_openstack.cleanup.manager [-] Deleting neutron.network object s_rally_cb5152b8_varn7wVw (66c6d2d1-1cbc-4114-a49e-bbcb27d628b7)
2019-07-02 09:41:24.560 22705 RALLYDEBUG rally_openstack.cleanup.manager [-] Deleting neutron.network object s_rally_cb5152b8_14gLaiCO (79a92060-9ec0-4465-8833-9fe6807d9cc0)
2019-07-02 09:41:24.569 22705 RALLYDEBUG rally_openstack.cleanup.manager [-] Deleting neutron.network object s_rally_cb5152b8_090nxCwf (7ec131bf-ea1b-43f6-9fde-3d7e9b724d23)
2019-07-02 09:41:24.615 22705 RALLYDEBUG rally_openstack.cleanup.manager [-] Deleting neutron.network object s_rally_cb5152b8_uv2ducYF (8f631cce-2cec-4fdc-9337-7e4acd206067)
2019-07-02 09:41:24.678 22705 RALLYDEBUG rally_openstack.cleanup.manager [-] Deleting neutron.network object s_rally_cb5152b8_2bpotRz4 (934f1e16-7101-44af-8765-43b6704a63b7)
2019-07-02 09:41:24.742 22705 RALLYDEBUG rally_openstack.cleanup.manager [-] Deleting neutron.network object s_rally_cb5152b8_rGFupm2f (a19aad97-7c3d-4dd9-892c-752cfee0c157)
2019-07-02 09:41:24.764 22705 RALLYDEBUG rally_openstack.cleanup.manager [-] Deleting neutron.network object s_rally_cb5152b8_oKLKY5xX (a760c90b-c744-468b-a998-932f9be31d99)
2019-07-02 09:41:24.901 22705 RALLYDEBUG rally_openstack.cleanup.manager [-] Deleting neutron.network object s_rally_cb5152b8_KTLucMX5 (a942aadf-761d-4beb-b3ff-e173befa53c2)
2019-07-02 09:41:24.996 22705 RALLYDEBUG rally_openstack.cleanup.manager [-] Deleting neutron.network object s_rally_cb5152b8_S87weXPh (ac1e30a2-da41-4e9e-b896-287cfc4552ed)
2019-07-02 09:41:25.067 22705 RALLYDEBUG rally_openstack.cleanup.manager [-] Deleting neutron.network object s_rally_cb5152b8_RCEqexNA (b306045e-5367-46f2-ac52-002ddc283c84)
2019-07-02 09:41:25.499 22705 RALLYDEBUG rally_openstack.cleanup.manager [-] Deleting neutron.network object s_rally_cb5152b8_bx5bxYO9 (b9eb3bbc-43ee-41c5-a995-96bb259f45e1)
2019-07-02 09:41:25.553 22705 RALLYDEBUG rally_openstack.cleanup.manager [-] Deleting neutron.network object s_rally_cb5152b8_mPGSdfXb (bd48fe2a-5539-4063-9761-0bef4c3efe26)
2019-07-02 09:41:25.563 22705 RALLYDEBUG rally_openstack.cleanup.manager [-] Deleting neutron.network object s_rally_cb5152b8_D9LAQib7 (c36e4040-571d-41d5-a79d-c27bd211e587)
2019-07-02 09:41:25.659 22705 RALLYDEBUG rally_openstack.cleanup.manager [-] Deleting neutron.network object s_rally_cb5152b8_AfwoqdNN (eb76669b-9468-4959-a0d9-e631b447d460)
2019-07-02 09:41:25.773 22705 RALLYDEBUG rally_openstack.cleanup.manager [-] Deleting neutron.network object s_rally_cb5152b8_wvTI3wfb (f05ade39-8a26-4ad1-95a4-6ab7e82e1c16)
2019-07-02 09:41:26.158 22705 RALLYDEBUG rally_openstack.cleanup.manager [-] Deleting neutron.network object s_rally_cb5152b8_hq2eCkkx (f0c6ca57-477a-4516-9783-0b68e71e4b8b)
2019-07-02 09:41:26.195 22705 RALLYDEBUG rally_openstack.cleanup.manager [-] Deleting neutron.network object s_rally_cb5152b8_16r4GV9j (f43cddfd-85e4-4e54-995f-a3c3406907cb)
2019-07-02 09:41:26.337 22705 RALLYDEBUG rally_openstack.cleanup.manager [-] Deleting neutron.network object s_rally_cb5152b8_8SAU8TTA (fa3c081b-f7f5-4fa3-8ad4-9319e7910bbf)
2019-07-02 09:41:29.526 22705 RALLYDEBUG rally_openstack.cleanup.manager [-] Cleaning up neutron router objects
2019-07-02 09:41:30.192 22705 RALLYDEBUG rally_openstack.cleanup.manager [-] Cleaning up neutron security_group objects
2019-07-02 09:41:30.860 22705 INFO rally.task.context [-] Task bbe6ddb0-7507-423d-bdad-f1b9af1fe341 | Context cleanup@openstack cleanup() finished in 50.02 sec
2019-07-02 09:41:30.861 22705 INFO rally.task.context [-] Task bbe6ddb0-7507-423d-bdad-f1b9af1fe341 | Context quotas@openstack cleanup() started
2019-07-02 09:41:31.083 22705 INFO rally.task.context [-] Task bbe6ddb0-7507-423d-bdad-f1b9af1fe341 | Context quotas@openstack cleanup() finished in 0.22 sec
2019-07-02 09:41:31.083 22705 INFO rally.task.context [-] Task bbe6ddb0-7507-423d-bdad-f1b9af1fe341 | Context users@openstack cleanup() started
2019-07-02 09:41:35.220 22705 INFO rally.task.context [-] Task bbe6ddb0-7507-423d-bdad-f1b9af1fe341 | Context users@openstack cleanup() finished in 4.14 sec
2019-07-02 09:41:36.489 22705 INFO rally.task.engine [-] Load duration is: 47.933312
2019-07-02 09:41:36.489 22705 INFO rally.task.engine [-] Full runner duration is: 47.980985
2019-07-02 09:41:36.490 22705 INFO rally.task.engine [-] Full duration is: 107.201719
2019-07-02 09:41:36.691 22705 INFO rally.task.engine [-] Running workload: position = 2 config = { "version": 2, "title": "A cropped version of a bigger task.", "description": "Auto-generated task from a single workload (uuid=909a5207-e195-4227-9c56-e0c9433e0843)", "subtasks": [ { "title": "NeutronNetworks.create_and_delete_ports", "description": "Create and delete a port.", "scenario": { "NeutronNetworks.create_and_delete_ports": { "network_create_args": {}, "port_create_args": {}, "ports_per_network": 5 } }, "contexts": { "users": { "tenants": 1, "users_per_tenant": 1 }, "quotas": { "neutron": { "network": -1, "port": -1 } } }, "runner": { "constant": { "times": 40, "concurrency": 20 } }, "hooks": [], "sla": { "failure_rate": { "max": 0 } } } ] }
2019-07-02 09:41:36.714 22705 RALLYDEBUG rally_openstack.contexts.keystone.users [-] Creating 1 tenants using 20 threads
2019-07-02 09:41:38.559 22705 RALLYDEBUG rally_openstack.contexts.keystone.users [-] Creating 1 users using 20 threads
2019-07-02 09:41:41.251 22705 INFO rally.task.context [-] Task bbe6ddb0-7507-423d-bdad-f1b9af1fe341 | Context users@openstack setup() finished in 4.54 sec
2019-07-02 09:41:42.009 22705 INFO rally.task.context [-] Task bbe6ddb0-7507-423d-bdad-f1b9af1fe341 | Context quotas@openstack setup() finished in 0.76 sec
2019-07-02 09:41:42.010 22705 INFO rally.task.context [-] Task bbe6ddb0-7507-423d-bdad-f1b9af1fe341 | Context cleanup@openstack setup() finished in 0.01 msec
2019-07-02 09:41:42.018 22705 RALLYDEBUG rally.task.runner [-] Starting the constant runner (task UUID: bbe6ddb0-7507-423d-bdad-f1b9af1fe341). timeout: 0 concurrency: 20 concurrency_per_worker: 1 times: 40 concurrency_overhead: 4 processes_to_start: 16 max_cpu_used: 16
2019-07-02 09:41:42.032 26951 RALLYDEBUG rally.task.runner [-] Starting a worker. concurrency: 2 args: {"network_create_args": {}, "port_create_args": {}, "ports_per_network": 5} times: 40 method_name: run timeout: 0 duration: None cls:
2019-07-02 09:41:42.035 26952 RALLYDEBUG rally.task.runner [-] Starting a worker. concurrency: 2 args: {"network_create_args": {}, "port_create_args": {}, "ports_per_network": 5} times: 40 method_name: run timeout: 0 duration: None cls:
2019-07-02 09:41:42.038 26953 RALLYDEBUG rally.task.runner [-] Starting a worker. concurrency: 2 args: {"network_create_args": {}, "port_create_args": {}, "ports_per_network": 5} times: 40 method_name: run timeout: 0 duration: None cls:
2019-07-02 09:41:42.040 26954 RALLYDEBUG rally.task.runner [-] Starting a worker. concurrency: 2 args: {"network_create_args": {}, "port_create_args": {}, "ports_per_network": 5} times: 40 method_name: run timeout: 0 duration: None cls:
2019-07-02 09:41:42.042 26952 INFO rally.task.runner [-] Task bbe6ddb0-7507-423d-bdad-f1b9af1fe341 | ITER: 2 START
2019-07-02 09:41:42.042 26951 INFO rally.task.runner [-] Task bbe6ddb0-7507-423d-bdad-f1b9af1fe341 | ITER: 3 START
2019-07-02 09:41:42.045 26955 RALLYDEBUG rally.task.runner [-] Starting a worker. concurrency: 1 args: {"network_create_args": {}, "port_create_args": {}, "ports_per_network": 5} times: 40 method_name: run timeout: 0 duration: None cls:
2019-07-02 09:41:42.046 26952 WARNING rally_openstack.scenarios.neutron.utils [-] Running this scenario without either the 'network' or 'existing_network' context is deprecated
2019-07-02 09:41:42.043 26951 INFO rally.task.runner [-] Task bbe6ddb0-7507-423d-bdad-f1b9af1fe341 | ITER: 1 START
2019-07-02 09:41:42.046 26951 WARNING rally_openstack.scenarios.neutron.utils [-] Running this scenario without either the 'network' or 'existing_network' context is deprecated
2019-07-02 09:41:42.048 26953 INFO rally.task.runner [-] Task bbe6ddb0-7507-423d-bdad-f1b9af1fe341 | ITER: 7 START
2019-07-02 09:41:42.049 26959 RALLYDEBUG rally.task.runner [-] Starting a worker. concurrency: 1 args: {"network_create_args": {}, "port_create_args": {}, "ports_per_network": 5} times: 40 method_name: run timeout: 0 duration: None cls:
2019-07-02 09:41:42.050 26954 INFO rally.task.runner [-] Task bbe6ddb0-7507-423d-bdad-f1b9af1fe341 | ITER: 6 START
2019-07-02 09:41:42.051 26953 WARNING rally_openstack.scenarios.neutron.utils [-] Running this scenario without either the 'network' or 'existing_network' context is deprecated
2019-07-02 09:41:42.052 26962 RALLYDEBUG rally.task.runner [-] Starting a worker. concurrency: 1 args: {"network_create_args": {}, "port_create_args": {}, "ports_per_network": 5} times: 40 method_name: run timeout: 0 duration: None cls:
2019-07-02 09:41:42.053 26952 INFO rally.task.runner [-] Task bbe6ddb0-7507-423d-bdad-f1b9af1fe341 | ITER: 5 START
2019-07-02 09:41:42.053 26954 WARNING rally_openstack.scenarios.neutron.utils [-] Running this scenario without either the 'network' or 'existing_network' context is deprecated
2019-07-02 09:41:42.053 26966 RALLYDEBUG rally.task.runner [-] Starting a worker. concurrency: 1 args: {"network_create_args": {}, "port_create_args": {}, "ports_per_network": 5} times: 40 method_name: run timeout: 0 duration: None cls:
2019-07-02 09:41:42.047 26951 WARNING rally_openstack.scenarios.neutron.utils [-] Running this scenario without either the 'network' or 'existing_network' context is deprecated
2019-07-02 09:41:42.055 26955 INFO rally.task.runner [-] Task bbe6ddb0-7507-423d-bdad-f1b9af1fe341 | ITER: 9 START
2019-07-02 09:41:42.052 26953 INFO rally.task.runner [-] Task bbe6ddb0-7507-423d-bdad-f1b9af1fe341 | ITER: 4 START
2019-07-02 09:41:42.057 26955 WARNING rally_openstack.scenarios.neutron.utils [-] Running this scenario without either the 'network' or 'existing_network' context is deprecated
2019-07-02 09:41:42.055 26952 WARNING rally_openstack.scenarios.neutron.utils [-] Running this scenario without either the 'network' or 'existing_network' context is deprecated
2019-07-02 09:41:42.058 26953 WARNING rally_openstack.scenarios.neutron.utils [-] Running this scenario without either the 'network' or 'existing_network' context is deprecated
2019-07-02 09:41:42.059 26959 INFO rally.task.runner [-] Task bbe6ddb0-7507-423d-bdad-f1b9af1fe341 | ITER: 10 START
2019-07-02 09:41:42.059 26962 INFO rally.task.runner [-] Task bbe6ddb0-7507-423d-bdad-f1b9af1fe341 | ITER: 11 START
2019-07-02 09:41:42.059 26970 RALLYDEBUG rally.task.runner [-] Starting a worker. concurrency: 1 args: {"network_create_args": {}, "port_create_args": {}, "ports_per_network": 5} times: 40 method_name: run timeout: 0 duration: None cls:
2019-07-02 09:41:42.061 26962 WARNING rally_openstack.scenarios.neutron.utils [-] Running this scenario without either the 'network' or 'existing_network' context is deprecated
2019-07-02 09:41:42.061 26959 WARNING rally_openstack.scenarios.neutron.utils [-] Running this scenario without either the 'network' or 'existing_network' context is deprecated
2019-07-02 09:41:42.061 26974 RALLYDEBUG rally.task.runner [-] Starting a worker. concurrency: 1 args: {"network_create_args": {}, "port_create_args": {}, "ports_per_network": 5} times: 40 method_name: run timeout: 0 duration: None cls:
2019-07-02 09:41:42.062 26954 INFO rally.task.runner [-] Task bbe6ddb0-7507-423d-bdad-f1b9af1fe341 | ITER: 8 START
2019-07-02 09:41:42.063 26954 WARNING rally_openstack.scenarios.neutron.utils [-] Running this scenario without either the 'network' or 'existing_network' context is deprecated
2019-07-02 09:41:42.065 26966 INFO rally.task.runner [-] Task bbe6ddb0-7507-423d-bdad-f1b9af1fe341 | ITER: 12 START
2019-07-02 09:41:42.066 26974 INFO rally.task.runner [-] Task bbe6ddb0-7507-423d-bdad-f1b9af1fe341 | ITER: 14 START
2019-07-02 09:41:42.067 26966 WARNING rally_openstack.scenarios.neutron.utils [-] Running this scenario without either the 'network' or 'existing_network' context is deprecated
2019-07-02 09:41:42.067 26974 WARNING rally_openstack.scenarios.neutron.utils [-] Running this scenario without either the 'network' or 'existing_network' context is deprecated
2019-07-02 09:41:42.068 26970 INFO rally.task.runner [-] Task bbe6ddb0-7507-423d-bdad-f1b9af1fe341 | ITER: 13 START
2019-07-02 09:41:42.069 26970 WARNING rally_openstack.scenarios.neutron.utils [-] Running this scenario without either the 'network' or 'existing_network' context is deprecated
2019-07-02 09:41:42.070 26980 RALLYDEBUG rally.task.runner [-] Starting a worker. concurrency: 1 args: {"network_create_args": {}, "port_create_args": {}, "ports_per_network": 5} times: 40 method_name: run timeout: 0 duration: None cls:
2019-07-02 09:41:42.073 26986 RALLYDEBUG rally.task.runner [-] Starting a worker. concurrency: 1 args: {"network_create_args": {}, "port_create_args": {}, "ports_per_network": 5} times: 40 method_name: run timeout: 0 duration: None cls:
2019-07-02 09:41:42.077 26980 INFO rally.task.runner [-] Task bbe6ddb0-7507-423d-bdad-f1b9af1fe341 | ITER: 15 START
2019-07-02 09:41:42.078 26980 WARNING rally_openstack.scenarios.neutron.utils [-] Running this scenario without either the 'network' or 'existing_network' context is deprecated
2019-07-02 09:41:42.084 26986 INFO rally.task.runner [-] Task bbe6ddb0-7507-423d-bdad-f1b9af1fe341 | ITER: 16 START
2019-07-02 09:41:42.085 26986 WARNING rally_openstack.scenarios.neutron.utils [-] Running this scenario without either the 'network' or 'existing_network' context is deprecated
2019-07-02 09:41:42.093 26987 RALLYDEBUG rally.task.runner [-] Starting a worker. concurrency: 1 args: {"network_create_args": {}, "port_create_args": {}, "ports_per_network": 5} times: 40 method_name: run timeout: 0 duration: None cls:
2019-07-02 09:41:42.094 26992 RALLYDEBUG rally.task.runner [-] Starting a worker. concurrency: 1 args: {"network_create_args": {}, "port_create_args": {}, "ports_per_network": 5} times: 40 method_name: run timeout: 0 duration: None cls:
2019-07-02 09:41:42.097 26993 RALLYDEBUG rally.task.runner [-] Starting a worker. concurrency: 1 args: {"network_create_args": {}, "port_create_args": {}, "ports_per_network": 5} times: 40 method_name: run timeout: 0 duration: None cls:
2019-07-02 09:41:42.100 26987 INFO rally.task.runner [-] Task bbe6ddb0-7507-423d-bdad-f1b9af1fe341 | ITER: 17 START
2019-07-02 09:41:42.100 26992 INFO rally.task.runner [-] Task bbe6ddb0-7507-423d-bdad-f1b9af1fe341 | ITER: 18 START
2019-07-02 09:41:42.101 26987 WARNING rally_openstack.scenarios.neutron.utils [-] Running this scenario without either the 'network' or 'existing_network' context is deprecated
2019-07-02 09:41:42.100 26994 RALLYDEBUG rally.task.runner [-] Starting a worker. concurrency: 1 args: {"network_create_args": {}, "port_create_args": {}, "ports_per_network": 5} times: 40 method_name: run timeout: 0 duration: None cls:
2019-07-02 09:41:42.102 26993 INFO rally.task.runner [-] Task bbe6ddb0-7507-423d-bdad-f1b9af1fe341 | ITER: 19 START
2019-07-02 09:41:42.102 26992 WARNING rally_openstack.scenarios.neutron.utils [-] Running this scenario without either the 'network' or 'existing_network' context is deprecated
2019-07-02 09:41:42.103 26993 WARNING rally_openstack.scenarios.neutron.utils [-] Running this scenario without either the 'network' or 'existing_network' context is deprecated
2019-07-02 09:41:42.106 26994 INFO rally.task.runner [-] Task bbe6ddb0-7507-423d-bdad-f1b9af1fe341 | ITER: 20 START
2019-07-02 09:41:42.107 26994 WARNING rally_openstack.scenarios.neutron.utils [-] Running this scenario without either the 'network' or 'existing_network' context is deprecated
2019-07-02 09:41:53.245 26951 INFO rally.task.runner [-] Task bbe6ddb0-7507-423d-bdad-f1b9af1fe341 | ITER: 3 END: OK
2019-07-02 09:41:53.250 26951 INFO rally.task.runner [-] Task bbe6ddb0-7507-423d-bdad-f1b9af1fe341 | ITER: 21 START
2019-07-02 09:41:53.251 26951 WARNING rally_openstack.scenarios.neutron.utils [-] Running this scenario without either the 'network' or 'existing_network' context is deprecated
2019-07-02 09:41:53.277 26994 INFO rally.task.runner [-] Task bbe6ddb0-7507-423d-bdad-f1b9af1fe341 | ITER: 20 END: OK
2019-07-02 09:41:53.282 26994 INFO rally.task.runner [-] Task bbe6ddb0-7507-423d-bdad-f1b9af1fe341 | ITER: 22 START
2019-07-02 09:41:53.283 26994 WARNING rally_openstack.scenarios.neutron.utils [-] Running this scenario without either the 'network' or 'existing_network' context is deprecated
2019-07-02 09:41:53.388 26986 INFO rally.task.runner [-] Task bbe6ddb0-7507-423d-bdad-f1b9af1fe341 | ITER: 16 END: OK
2019-07-02 09:41:53.393 26986 INFO rally.task.runner [-] Task bbe6ddb0-7507-423d-bdad-f1b9af1fe341 | ITER: 23 START
2019-07-02 09:41:53.393 26986 WARNING rally_openstack.scenarios.neutron.utils [-] Running this scenario without either the 'network' or 'existing_network' context is deprecated
2019-07-02 09:41:53.587 26987 INFO rally.task.runner [-] Task bbe6ddb0-7507-423d-bdad-f1b9af1fe341 | ITER: 17 END: OK
2019-07-02 09:41:53.591 26987 INFO rally.task.runner [-] Task bbe6ddb0-7507-423d-bdad-f1b9af1fe341 | ITER: 24 START
2019-07-02 09:41:53.592 26987 WARNING rally_openstack.scenarios.neutron.utils [-] Running this scenario without either the 'network' or 'existing_network' context is deprecated
2019-07-02 09:42:01.212 26959 INFO rally.task.runner [-] Task bbe6ddb0-7507-423d-bdad-f1b9af1fe341 | ITER: 10 END: OK
2019-07-02 09:42:01.216 26959 INFO rally.task.runner [-] Task bbe6ddb0-7507-423d-bdad-f1b9af1fe341 | ITER: 25 START
2019-07-02 09:42:01.217 26959 WARNING rally_openstack.scenarios.neutron.utils [-] Running this scenario without either the 'network' or 'existing_network' context is deprecated
2019-07-02 09:42:01.220 26953 INFO rally.task.runner [-] Task bbe6ddb0-7507-423d-bdad-f1b9af1fe341 | ITER: 7 END: OK
2019-07-02 09:42:01.224 26953 INFO rally.task.runner [-] Task bbe6ddb0-7507-423d-bdad-f1b9af1fe341 | ITER: 26 START
2019-07-02 09:42:01.225 26953 WARNING rally_openstack.scenarios.neutron.utils [-] Running this scenario without either the 'network' or 'existing_network' context is deprecated
2019-07-02 09:42:02.523 26986 INFO rally.task.runner [-] Task bbe6ddb0-7507-423d-bdad-f1b9af1fe341 | ITER: 23 END: OK
2019-07-02 09:42:02.527 26986 INFO rally.task.runner [-] Task bbe6ddb0-7507-423d-bdad-f1b9af1fe341 | ITER: 27 START
2019-07-02 09:42:02.528 26986 WARNING rally_openstack.scenarios.neutron.utils [-] Running this scenario without either the 'network' or 'existing_network' context is deprecated
2019-07-02 09:42:02.925 26953 INFO rally.task.runner [-] Task bbe6ddb0-7507-423d-bdad-f1b9af1fe341 | ITER: 4 END: OK
2019-07-02 09:42:02.929 26953 INFO rally.task.runner [-] Task bbe6ddb0-7507-423d-bdad-f1b9af1fe341 | ITER: 28 START
2019-07-02 09:42:02.930 26953 WARNING rally_openstack.scenarios.neutron.utils [-] Running this scenario without either the 'network' or 'existing_network' context is deprecated
2019-07-02 09:42:03.108 26954 INFO rally.task.runner [-] Task bbe6ddb0-7507-423d-bdad-f1b9af1fe341 | ITER: 8 END: OK
2019-07-02 09:42:03.113 26954 INFO rally.task.runner [-] Task bbe6ddb0-7507-423d-bdad-f1b9af1fe341 | ITER: 29 START
2019-07-02 09:42:03.113 26954 WARNING rally_openstack.scenarios.neutron.utils [-] Running this scenario without either the 'network' or 'existing_network' context is deprecated
2019-07-02 09:42:03.686 26970 INFO rally.task.runner [-] Task bbe6ddb0-7507-423d-bdad-f1b9af1fe341 | ITER: 13 END: OK
2019-07-02 09:42:03.691 26970 INFO rally.task.runner [-] Task bbe6ddb0-7507-423d-bdad-f1b9af1fe341 | ITER: 30 START
2019-07-02 09:42:03.692 26970 WARNING rally_openstack.scenarios.neutron.utils [-] Running this scenario without either the 'network' or 'existing_network' context is deprecated
2019-07-02 09:42:03.773 26951 INFO rally.task.runner [-] Task bbe6ddb0-7507-423d-bdad-f1b9af1fe341 | ITER: 1 END: OK
2019-07-02 09:42:03.777 26951 INFO rally.task.runner [-] Task bbe6ddb0-7507-423d-bdad-f1b9af1fe341 | ITER: 31 START
2019-07-02 09:42:03.778 26951 WARNING rally_openstack.scenarios.neutron.utils [-] Running this scenario without either the 'network' or 'existing_network' context is deprecated
2019-07-02 09:42:04.504 26954 INFO rally.task.runner [-] Task bbe6ddb0-7507-423d-bdad-f1b9af1fe341 | ITER: 6 END: OK
2019-07-02 09:42:04.509 26954 INFO rally.task.runner [-] Task bbe6ddb0-7507-423d-bdad-f1b9af1fe341 | ITER: 32 START
2019-07-02 09:42:04.509 26954 WARNING rally_openstack.scenarios.neutron.utils [-] Running this scenario without either the 'network' or 'existing_network' context is deprecated
2019-07-02 09:42:08.907 26994 INFO rally.task.runner [-] Task bbe6ddb0-7507-423d-bdad-f1b9af1fe341 | ITER: 22 END: OK
2019-07-02 09:42:08.910 26994 INFO rally.task.runner [-] Task bbe6ddb0-7507-423d-bdad-f1b9af1fe341 | ITER: 33 START
2019-07-02 09:42:08.911 26994 WARNING rally_openstack.scenarios.neutron.utils [-] Running this scenario without either the 'network' or 'existing_network' context is deprecated
2019-07-02 09:42:09.870 26951 INFO rally.task.runner [-] Task bbe6ddb0-7507-423d-bdad-f1b9af1fe341 | ITER: 21 END: OK
2019-07-02 09:42:09.873 26951 INFO rally.task.runner [-] Task bbe6ddb0-7507-423d-bdad-f1b9af1fe341 | ITER: 34 START
2019-07-02 09:42:09.874 26951 WARNING rally_openstack.scenarios.neutron.utils [-] Running this scenario without either the 'network' or 'existing_network' context is deprecated
2019-07-02 09:42:10.997 26987 INFO rally.task.runner [-] Task bbe6ddb0-7507-423d-bdad-f1b9af1fe341 | ITER: 24 END: OK
2019-07-02 09:42:11.001 26987 INFO rally.task.runner [-] Task bbe6ddb0-7507-423d-bdad-f1b9af1fe341 | ITER: 35 START
2019-07-02 09:42:11.002 26987 WARNING rally_openstack.scenarios.neutron.utils [-] Running this scenario without either the 'network' or 'existing_network' context is deprecated
2019-07-02 09:42:12.253 26986 INFO rally.task.runner [-] Task bbe6ddb0-7507-423d-bdad-f1b9af1fe341 | ITER: 27 END: OK
2019-07-02 09:42:12.257 26986 INFO rally.task.runner [-] Task bbe6ddb0-7507-423d-bdad-f1b9af1fe341 | ITER: 36 START
2019-07-02 09:42:12.257 26986 WARNING rally_openstack.scenarios.neutron.utils [-] Running this scenario without either the 'network' or 'existing_network' context is deprecated
2019-07-02 09:42:13.685 26951 INFO rally.task.runner [-] Task bbe6ddb0-7507-423d-bdad-f1b9af1fe341 | ITER: 31 END: OK
2019-07-02 09:42:13.690 26951 INFO rally.task.runner [-] Task bbe6ddb0-7507-423d-bdad-f1b9af1fe341 | ITER: 37 START
2019-07-02 09:42:13.691 26951 WARNING rally_openstack.scenarios.neutron.utils [-] Running this scenario without either the 'network' or 'existing_network' context is deprecated
2019-07-02 09:42:15.502 26952 INFO rally.task.runner [-] Task bbe6ddb0-7507-423d-bdad-f1b9af1fe341 | ITER: 2 END: OK
2019-07-02 09:42:15.509 26952 INFO rally.task.runner [-] Task bbe6ddb0-7507-423d-bdad-f1b9af1fe341 | ITER: 38 START
2019-07-02 09:42:15.510 26952 WARNING rally_openstack.scenarios.neutron.utils [-] Running this scenario without either the 'network' or 'existing_network' context is deprecated
2019-07-02 09:42:17.538 26952 INFO rally.task.runner [-] Task bbe6ddb0-7507-423d-bdad-f1b9af1fe341 | ITER: 5 END: OK
2019-07-02 09:42:17.542 26952 INFO rally.task.runner [-] Task bbe6ddb0-7507-423d-bdad-f1b9af1fe341 | ITER: 39 START
