2019-07-02 07:32:34.986 7 RALLYDEBUG rally.api [-] INFO logs from urllib3 and requests module are hide.
2019-07-02 07:32:34.986 7 RALLYDEBUG rally.api [-] urllib3 insecure warnings are hidden.
2019-07-02 07:32:34.986 7 RALLYDEBUG rally.api [-] ERROR log from boto module is hide.
2019-07-02 07:32:36.256 7 ERROR rally.cli.cliutils [-] Unexpected exception in CLI: DBRecordNotFound: Record for uuid or name is opnfv-rally not found in table envs
2019-07-02 07:32:36.256 7 ERROR rally.cli.cliutils
Traceback (most recent call last):
2019-07-02 07:32:36.256 7 ERROR rally.cli.cliutils
File "/usr/lib/python2.7/site-packages/rally/cli/cliutils.py", line 674, in run
2019-07-02 07:32:36.256 7 ERROR rally.cli.cliutils ret = fn(*fn_args, **fn_kwargs)
2019-07-02 07:32:36.256 7 ERROR rally.cli.cliutils File "", line 2, in destroy
2019-07-02 07:32:36.256 7 ERROR rally.cli.cliutils
File "/usr/lib/python2.7/site-packages/rally/cli/envutils.py", line 69, in default_from_global
2019-07-02 07:32:36.256 7 ERROR rally.cli.cliutils return f(*args, **kwargs)
2019-07-02 07:32:36.256 7 ERROR rally.cli.cliutils File "", line 2, in destroy
2019-07-02 07:32:36.256 7 ERROR rally.cli.cliutils
File "/usr/lib/python2.7/site-packages/rally/plugins/__init__.py", line 51, in ensure_plugins_are_loaded
2019-07-02 07:32:36.256 7 ERROR rally.cli.cliutils return f(*args, **kwargs)
2019-07-02 07:32:36.256 7 ERROR rally.cli.cliutils
File "/usr/lib/python2.7/site-packages/rally/cli/commands/deployment.py", line 140, in destroy
2019-07-02 07:32:36.256 7 ERROR rally.cli.cliutils api.deployment.destroy(deployment=deployment)
2019-07-02 07:32:36.256 7 ERROR rally.cli.cliutils
File "/usr/lib/python2.7/site-packages/rally/api.py", line 115, in destroy
2019-07-02 07:32:36.256 7 ERROR rally.cli.cliutils deploy = objects.Deployment.get(deployment)
2019-07-02 07:32:36.256 7 ERROR rally.cli.cliutils
File "/usr/lib/python2.7/site-packages/rally/common/objects/deploy.py", line 124, in get
2019-07-02 07:32:36.256 7 ERROR rally.cli.cliutils return Deployment(env_mgr.EnvManager.get(deploy))
2019-07-02 07:32:36.256 7 ERROR rally.cli.cliutils
File "/usr/lib/python2.7/site-packages/rally/env/env_mgr.py", line 212, in get
2019-07-02 07:32:36.256 7 ERROR rally.cli.cliutils return cls(db.env_get(uuid_or_name))
2019-07-02 07:32:36.256 7 ERROR rally.cli.cliutils
File "/usr/lib/python2.7/site-packages/rally/common/db/api.py", line 135, in wrapper
2019-07-02 07:32:36.256 7 ERROR rally.cli.cliutils result = f(session, *args, **kwargs)
2019-07-02 07:32:36.256 7 ERROR rally.cli.cliutils
File "/usr/lib/python2.7/site-packages/rally/common/db/api.py", line 521, in env_get
2019-07-02 07:32:36.256 7 ERROR rally.cli.cliutils criteria="uuid or name is %s" % uuid_or_name, table="envs")
2019-07-02 07:32:36.256 7 ERROR rally.cli.cliutils DBRecordNotFound: Record for uuid or name is opnfv-rally not found in table envs
2019-07-02 07:32:36.256 7 ERROR rally.cli.cliutils
2019-07-02 07:32:37.022 9 RALLYDEBUG rally.api [-] INFO logs from urllib3 and requests module are hide.
2019-07-02 07:32:37.022 9 RALLYDEBUG rally.api [-] urllib3 insecure warnings are hidden.
2019-07-02 07:32:37.022 9 RALLYDEBUG rally.api [-] ERROR log from boto module is hide.
2019-07-02 07:32:38.154 9 WARNING rally_openstack.platforms.existing [-] endpoint is deprecated and not used.
2019-07-02 07:32:39.002 11 RALLYDEBUG rally.api [-] INFO logs from urllib3 and requests module are hide.
2019-07-02 07:32:39.002 11 RALLYDEBUG rally.api [-] urllib3 insecure warnings are hidden.
2019-07-02 07:32:39.002 11 RALLYDEBUG rally.api [-] ERROR log from boto module is hide.
2019-07-02 07:32:42.213 14 RALLYDEBUG rally.api [-] INFO logs from urllib3 and requests module are hide.
2019-07-02 07:32:42.214 14 RALLYDEBUG rally.api [-] urllib3 insecure warnings are hidden.
2019-07-02 07:32:42.214 14 RALLYDEBUG rally.api [-] ERROR log from boto module is hide.
2019-07-02 07:32:43.561 16 RALLYDEBUG rally.api [-] INFO logs from urllib3 and requests module are hide.
2019-07-02 07:32:43.561 16 RALLYDEBUG rally.api [-] urllib3 insecure warnings are hidden.
2019-07-02 07:32:43.561 16 RALLYDEBUG rally.api [-] ERROR log from boto module is hide.
2019-07-02 07:32:44.980 16 INFO rally.task.engine [-] Task 30f33770-e079-4dfa-a20d-1ce61a3e6c92 | Starting: Task validation.
2019-07-02 07:32:45.021 16 INFO rally.task.engine [-] Task 30f33770-e079-4dfa-a20d-1ce61a3e6c92 | Starting: Task validation of syntax.
2019-07-02 07:32:45.096 16 INFO rally.task.engine [-] Task 30f33770-e079-4dfa-a20d-1ce61a3e6c92 | Completed: Task validation of syntax.
2019-07-02 07:32:45.096 16 INFO rally.task.engine [-] Task 30f33770-e079-4dfa-a20d-1ce61a3e6c92 | Starting: Task validation of required platforms.
2019-07-02 07:32:45.131 16 INFO rally.task.engine [-] Task 30f33770-e079-4dfa-a20d-1ce61a3e6c92 | Completed: Task validation of required platforms.
2019-07-02 07:32:45.131 16 INFO rally.task.engine [-] Task 30f33770-e079-4dfa-a20d-1ce61a3e6c92 | Starting: Task validation of semantic.
2019-07-02 07:32:45.132 16 INFO rally.task.engine [-] Check health of the environment 'ea7da689-63b9-487a-8596-5d0f22a02420'.
2019-07-02 07:32:45.848 16 INFO rally.task.engine [-] Platform existing@openstack (available: True): OK!
2019-07-02 07:32:45.867 16 RALLYDEBUG rally_openstack.contexts.keystone.users [-] Creating 1 tenants using 20 threads
2019-07-02 07:32:47.546 16 RALLYDEBUG rally_openstack.contexts.keystone.users [-] Creating 1 users using 20 threads
2019-07-02 07:32:50.295 16 INFO rally.task.context [-] Task 30f33770-e079-4dfa-a20d-1ce61a3e6c92 | Context users@openstack setup() finished in 4.43 sec
2019-07-02 07:32:50.340 16 INFO rally.task.context [-] Task 30f33770-e079-4dfa-a20d-1ce61a3e6c92 | Context users@openstack cleanup() started
2019-07-02 07:32:54.687 16 INFO rally.task.context [-] Task 30f33770-e079-4dfa-a20d-1ce61a3e6c92 | Context users@openstack cleanup() finished in 4.35 sec
2019-07-02 07:32:54.688 16 INFO rally.task.engine [-] Task 30f33770-e079-4dfa-a20d-1ce61a3e6c92 | Completed: Task validation of semantic.
2019-07-02 07:32:54.688 16 INFO rally.task.engine [-] Task 30f33770-e079-4dfa-a20d-1ce61a3e6c92 | Completed: Task validation.
2019-07-02 07:32:54.688 16 INFO rally.api [-] Task 30f33770-e079-4dfa-a20d-1ce61a3e6c92 input file is valid.
2019-07-02 07:32:54.689 16 INFO rally.api [-] Run Task 30f33770-e079-4dfa-a20d-1ce61a3e6c92 against Deployment ea7da689-63b9-487a-8596-5d0f22a02420
2019-07-02 07:32:54.689 16 INFO rally.task.engine [-] Task 30f33770-e079-4dfa-a20d-1ce61a3e6c92 | Starting: Running task.
2019-07-02 07:32:54.843 16 INFO rally.task.engine [-] Running workload: position = 0 config = { "version": 2, "title": "A cropped version of a bigger task.", "description": "Auto-generated task from a single workload (uuid=3514c359-9d4a-4410-be5b-3a8c6d9e7456)", "subtasks": [ { "title": "Authenticate.keystone", "description": "Check Keystone Client.", "scenario": { "Authenticate.keystone": {} }, "contexts": { "users": { "tenants": 3, "users_per_tenant": 2 } }, "runner": { "constant": { "concurrency": 4, "times": 10 } }, "hooks": [], "sla": { "failure_rate": { "max": 0 } } } ] }
2019-07-02 07:32:54.864 16 RALLYDEBUG rally_openstack.contexts.keystone.users [-] Creating 3 tenants using 20 threads
2019-07-02 07:32:56.631 16 RALLYDEBUG rally_openstack.contexts.keystone.users [-] Creating 6 users using 20 threads
2019-07-02 07:32:59.580 16 INFO rally.task.context [-] Task 30f33770-e079-4dfa-a20d-1ce61a3e6c92 | Context users@openstack setup() finished in 4.72 sec
2019-07-02 07:32:59.587 16 RALLYDEBUG rally.task.runner [-] Starting the constant runner (task UUID: 30f33770-e079-4dfa-a20d-1ce61a3e6c92). timeout: 0 concurrency: 4 concurrency_per_worker: 1 times: 10 concurrency_overhead: 0 processes_to_start: 4 max_cpu_used: 16
2019-07-02 07:32:59.597 140 RALLYDEBUG rally.task.runner [-] Starting a worker. concurrency: 1 args: {} times: 10 method_name: run timeout: 0 duration: None cls:
2019-07-02 07:32:59.601 140 INFO rally.task.runner [-] Task 30f33770-e079-4dfa-a20d-1ce61a3e6c92 | ITER: 1 START
2019-07-02 07:32:59.601 141 RALLYDEBUG rally.task.runner [-] Starting a worker. concurrency: 1 args: {} times: 10 method_name: run timeout: 0 duration: None cls:
2019-07-02 07:32:59.604 142 RALLYDEBUG rally.task.runner [-] Starting a worker. concurrency: 1 args: {} times: 10 method_name: run timeout: 0 duration: None cls:
2019-07-02 07:32:59.606 144 RALLYDEBUG rally.task.runner [-] Starting a worker. concurrency: 1 args: {} times: 10 method_name: run timeout: 0 duration: None cls:
2019-07-02 07:32:59.607 141 INFO rally.task.runner [-] Task 30f33770-e079-4dfa-a20d-1ce61a3e6c92 | ITER: 2 START
2019-07-02 07:32:59.610 142 INFO rally.task.runner [-] Task 30f33770-e079-4dfa-a20d-1ce61a3e6c92 | ITER: 3 START
2019-07-02 07:32:59.611 144 INFO rally.task.runner [-] Task 30f33770-e079-4dfa-a20d-1ce61a3e6c92 | ITER: 4 START
2019-07-02 07:33:00.228 144 INFO rally.task.runner [-] Task 30f33770-e079-4dfa-a20d-1ce61a3e6c92 | ITER: 4 END: OK
2019-07-02 07:33:00.230 141 INFO rally.task.runner [-] Task 30f33770-e079-4dfa-a20d-1ce61a3e6c92 | ITER: 2 END: OK
2019-07-02 07:33:00.232 142 INFO rally.task.runner [-] Task 30f33770-e079-4dfa-a20d-1ce61a3e6c92 | ITER: 3 END: OK
2019-07-02 07:33:00.233 144 INFO rally.task.runner [-] Task 30f33770-e079-4dfa-a20d-1ce61a3e6c92 | ITER: 5 START
2019-07-02 07:33:00.235 141 INFO rally.task.runner [-] Task 30f33770-e079-4dfa-a20d-1ce61a3e6c92 | ITER: 6 START
2019-07-02 07:33:00.238 142 INFO rally.task.runner [-] Task 30f33770-e079-4dfa-a20d-1ce61a3e6c92 | ITER: 7 START
2019-07-02 07:33:00.238 140 INFO rally.task.runner [-] Task 30f33770-e079-4dfa-a20d-1ce61a3e6c92 | ITER: 1 END: OK
2019-07-02 07:33:00.241 140 INFO rally.task.runner [-] Task 30f33770-e079-4dfa-a20d-1ce61a3e6c92 | ITER: 8 START
2019-07-02 07:33:00.829 140 INFO rally.task.runner [-] Task 30f33770-e079-4dfa-a20d-1ce61a3e6c92 | ITER: 8 END: OK
2019-07-02 07:33:00.832 140 INFO rally.task.runner [-] Task 30f33770-e079-4dfa-a20d-1ce61a3e6c92 | ITER: 9 START
2019-07-02 07:33:00.836 142 INFO rally.task.runner [-] Task 30f33770-e079-4dfa-a20d-1ce61a3e6c92 | ITER: 7 END: OK
2019-07-02 07:33:00.836 144 INFO rally.task.runner [-] Task 30f33770-e079-4dfa-a20d-1ce61a3e6c92 | ITER: 5 END: OK
2019-07-02 07:33:00.839 142 INFO rally.task.runner [-] Task 30f33770-e079-4dfa-a20d-1ce61a3e6c92 | ITER: 10 START
2019-07-02 07:33:00.844 141 INFO rally.task.runner [-] Task 30f33770-e079-4dfa-a20d-1ce61a3e6c92 | ITER: 6 END: OK
2019-07-02 07:33:01.413 140 INFO rally.task.runner [-] Task 30f33770-e079-4dfa-a20d-1ce61a3e6c92 | ITER: 9 END: OK
2019-07-02 07:33:01.549 142 INFO rally.task.runner [-] Task 30f33770-e079-4dfa-a20d-1ce61a3e6c92 | ITER: 10 END: OK
2019-07-02 07:33:01.569 16 INFO rally.task.context [-] Task 30f33770-e079-4dfa-a20d-1ce61a3e6c92 | Context users@openstack cleanup() started
2019-07-02 07:33:08.187 16 INFO rally.task.context [-] Task 30f33770-e079-4dfa-a20d-1ce61a3e6c92 | Context users@openstack cleanup() finished in 6.62 sec
2019-07-02 07:33:08.936 16 INFO rally.task.engine [-] Load duration is: 1.946682
2019-07-02 07:33:08.936 16 INFO rally.task.engine [-] Full runner duration is: 1.982056
2019-07-02 07:33:08.936 16 INFO rally.task.engine [-] Full duration is: 13.328014
2019-07-02 07:33:09.160 16 INFO rally.task.engine [-] Running workload: position = 0 config = { "version": 2, "title": "A cropped version of a bigger task.", "description": "Auto-generated task from a single workload (uuid=6d0a53e5-890e-4c3b-925f-da70a767a84f)", "subtasks": [ { "title": "Authenticate.validate_cinder", "description": "Check Cinder Client to ensure validation of token.", "scenario": { "Authenticate.validate_cinder": { "repetitions": 2 } }, "contexts": { "users": { "tenants": 3, "users_per_tenant": 2 } }, "runner": { "constant": { "concurrency": 4, "times": 10 } }, "hooks": [], "sla": { "failure_rate": { "max": 0 } } } ] }
2019-07-02 07:33:09.182 16 RALLYDEBUG rally_openstack.contexts.keystone.users [-] Creating 3 tenants using 20 threads
2019-07-02 07:33:10.989 16 RALLYDEBUG rally_openstack.contexts.keystone.users [-] Creating 6 users using 20 threads
2019-07-02 07:33:13.845 16 INFO rally.task.context [-] Task 30f33770-e079-4dfa-a20d-1ce61a3e6c92 | Context users@openstack setup() finished in 4.66 sec
2019-07-02 07:33:13.855 16 RALLYDEBUG rally.task.runner [-] Starting the constant runner (task UUID: 30f33770-e079-4dfa-a20d-1ce61a3e6c92). timeout: 0 concurrency: 4 concurrency_per_worker: 1 times: 10 concurrency_overhead: 0 processes_to_start: 4 max_cpu_used: 16
2019-07-02 07:33:13.868 244 RALLYDEBUG rally.task.runner [-] Starting a worker. concurrency: 1 args: {"repetitions": 2} times: 10 method_name: run timeout: 0 duration: None cls:
2019-07-02 07:33:13.871 245 RALLYDEBUG rally.task.runner [-] Starting a worker. concurrency: 1 args: {"repetitions": 2} times: 10 method_name: run timeout: 0 duration: None cls:
2019-07-02 07:33:13.874 244 INFO rally.task.runner [-] Task 30f33770-e079-4dfa-a20d-1ce61a3e6c92 | ITER: 1 START
2019-07-02 07:33:13.874 246 RALLYDEBUG rally.task.runner [-] Starting a worker. concurrency: 1 args: {"repetitions": 2} times: 10 method_name: run timeout: 0 duration: None cls:
2019-07-02 07:33:13.877 245 INFO rally.task.runner [-] Task 30f33770-e079-4dfa-a20d-1ce61a3e6c92 | ITER: 2 START
2019-07-02 07:33:13.877 247 RALLYDEBUG rally.task.runner [-] Starting a worker. concurrency: 1 args: {"repetitions": 2} times: 10 method_name: run timeout: 0 duration: None cls:
2019-07-02 07:33:13.880 246 INFO rally.task.runner [-] Task 30f33770-e079-4dfa-a20d-1ce61a3e6c92 | ITER: 3 START
2019-07-02 07:33:13.883 247 INFO rally.task.runner [-] Task 30f33770-e079-4dfa-a20d-1ce61a3e6c92 | ITER: 4 START
2019-07-02 07:33:15.727 244 INFO rally.task.runner [-] Task 30f33770-e079-4dfa-a20d-1ce61a3e6c92 | ITER: 1 END: OK
2019-07-02 07:33:15.730 247 INFO rally.task.runner [-] Task 30f33770-e079-4dfa-a20d-1ce61a3e6c92 | ITER: 4 END: OK
2019-07-02 07:33:15.731 244 INFO rally.task.runner [-] Task 30f33770-e079-4dfa-a20d-1ce61a3e6c92 | ITER: 5 START
2019-07-02 07:33:15.733 247 INFO rally.task.runner [-] Task 30f33770-e079-4dfa-a20d-1ce61a3e6c92 | ITER: 6 START
2019-07-02 07:33:15.787 245 INFO rally.task.runner [-] Task 30f33770-e079-4dfa-a20d-1ce61a3e6c92 | ITER: 2 END: OK
2019-07-02 07:33:15.791 245 INFO rally.task.runner [-] Task 30f33770-e079-4dfa-a20d-1ce61a3e6c92 | ITER: 7 START
2019-07-02 07:33:15.861 246 INFO rally.task.runner [-] Task 30f33770-e079-4dfa-a20d-1ce61a3e6c92 | ITER: 3 END: OK
2019-07-02 07:33:15.865 246 INFO rally.task.runner [-] Task 30f33770-e079-4dfa-a20d-1ce61a3e6c92 | ITER: 8 START
2019-07-02 07:33:16.906 245 INFO rally.task.runner [-] Task 30f33770-e079-4dfa-a20d-1ce61a3e6c92 | ITER: 7 END: OK
2019-07-02 07:33:16.910 245 INFO rally.task.runner [-] Task 30f33770-e079-4dfa-a20d-1ce61a3e6c92 | ITER: 9 START
2019-07-02 07:33:17.874 246 INFO rally.task.runner [-] Task 30f33770-e079-4dfa-a20d-1ce61a3e6c92 | ITER: 8 END: OK
2019-07-02 07:33:17.878 246 INFO rally.task.runner [-] Task 30f33770-e079-4dfa-a20d-1ce61a3e6c92 | ITER: 10 START
2019-07-02 07:33:18.864 246 INFO rally.task.runner [-] Task 30f33770-e079-4dfa-a20d-1ce61a3e6c92 | ITER: 10 END: OK
2019-07-02 07:33:18.894 245 INFO rally.task.runner [-] Task 30f33770-e079-4dfa-a20d-1ce61a3e6c92 | ITER: 9 END: OK
2019-07-02 07:33:19.087 247 INFO rally.task.runner [-] Task 30f33770-e079-4dfa-a20d-1ce61a3e6c92 | ITER: 6 END: OK
2019-07-02 07:33:19.466 244 INFO rally.task.runner [-] Task 30f33770-e079-4dfa-a20d-1ce61a3e6c92 | ITER: 5 END: OK
2019-07-02 07:33:19.486 16 INFO rally.task.context [-] Task 30f33770-e079-4dfa-a20d-1ce61a3e6c92 | Context users@openstack cleanup() started
2019-07-02 07:33:26.559 16 INFO rally.task.context [-] Task 30f33770-e079-4dfa-a20d-1ce61a3e6c92 | Context users@openstack cleanup() finished in 7.07 sec
2019-07-02 07:33:27.272 16 INFO rally.task.engine [-] Load duration is: 5.590582
2019-07-02 07:33:27.272 16 INFO rally.task.engine [-] Full runner duration is: 5.633035
2019-07-02 07:33:27.272 16 INFO rally.task.engine [-] Full duration is: 17.379978
2019-07-02 07:33:27.484 16 INFO rally.task.engine [-] Running workload: position = 0 config = { "version": 2, "title": "A cropped version of a bigger task.", "description": "Auto-generated task from a single workload (uuid=259f9944-06ed-4f04-b3aa-04ab3af28a63)", "subtasks": [ { "title": "Authenticate.validate_glance", "description": "Check Glance Client to ensure validation of token.", "scenario": { "Authenticate.validate_glance": { "repetitions": 2 } }, "contexts": { "users": { "tenants": 3, "users_per_tenant": 2 } }, "runner": { "constant": { "concurrency": 4, "times": 10 } }, "hooks": [], "sla": { "failure_rate": { "max": 0 } } } ] }
2019-07-02 07:33:27.513 16 RALLYDEBUG rally_openstack.contexts.keystone.users [-] Creating 3 tenants using 20 threads
2019-07-02 07:33:29.320 16 RALLYDEBUG rally_openstack.contexts.keystone.users [-] Creating 6 users using 20 threads
2019-07-02 07:33:32.146 16 INFO rally.task.context [-] Task 30f33770-e079-4dfa-a20d-1ce61a3e6c92 | Context users@openstack setup() finished in 4.63 sec
2019-07-02 07:33:32.154 16 RALLYDEBUG rally.task.runner [-] Starting the constant runner (task UUID: 30f33770-e079-4dfa-a20d-1ce61a3e6c92). timeout: 0 concurrency: 4 concurrency_per_worker: 1 times: 10 concurrency_overhead: 0 processes_to_start: 4 max_cpu_used: 16
2019-07-02 07:33:32.166 348 RALLYDEBUG rally.task.runner [-] Starting a worker. concurrency: 1 args: {"repetitions": 2} times: 10 method_name: run timeout: 0 duration: None cls:
2019-07-02 07:33:32.168 349 RALLYDEBUG rally.task.runner [-] Starting a worker. concurrency: 1 args: {"repetitions": 2} times: 10 method_name: run timeout: 0 duration: None cls:
2019-07-02 07:33:32.172 350 RALLYDEBUG rally.task.runner [-] Starting a worker. concurrency: 1 args: {"repetitions": 2} times: 10 method_name: run timeout: 0 duration: None cls:
2019-07-02 07:33:32.172 348 INFO rally.task.runner [-] Task 30f33770-e079-4dfa-a20d-1ce61a3e6c92 | ITER: 1 START
2019-07-02 07:33:32.174 349 INFO rally.task.runner [-] Task 30f33770-e079-4dfa-a20d-1ce61a3e6c92 | ITER: 2 START
2019-07-02 07:33:32.175 351 RALLYDEBUG rally.task.runner [-] Starting a worker. concurrency: 1 args: {"repetitions": 2} times: 10 method_name: run timeout: 0 duration: None cls:
2019-07-02 07:33:32.178 350 INFO rally.task.runner [-] Task 30f33770-e079-4dfa-a20d-1ce61a3e6c92 | ITER: 3 START
2019-07-02 07:33:32.180 351 INFO rally.task.runner [-] Task 30f33770-e079-4dfa-a20d-1ce61a3e6c92 | ITER: 4 START
2019-07-02 07:33:33.036 348 INFO rally.task.runner [-] Task 30f33770-e079-4dfa-a20d-1ce61a3e6c92 | ITER: 1 END: OK
2019-07-02 07:33:33.040 348 INFO rally.task.runner [-] Task 30f33770-e079-4dfa-a20d-1ce61a3e6c92 | ITER: 5 START
2019-07-02 07:33:33.093 349 INFO rally.task.runner [-] Task 30f33770-e079-4dfa-a20d-1ce61a3e6c92 | ITER: 2 END: OK
2019-07-02 07:33:33.097 349 INFO rally.task.runner [-] Task 30f33770-e079-4dfa-a20d-1ce61a3e6c92 | ITER: 6 START
2019-07-02 07:33:33.106 350 INFO rally.task.runner [-] Task 30f33770-e079-4dfa-a20d-1ce61a3e6c92 | ITER: 3 END: OK
2019-07-02 07:33:33.110 350 INFO rally.task.runner [-] Task 30f33770-e079-4dfa-a20d-1ce61a3e6c92 | ITER: 7 START
2019-07-02 07:33:33.128 351 INFO rally.task.runner [-] Task 30f33770-e079-4dfa-a20d-1ce61a3e6c92 | ITER: 4 END: OK
2019-07-02 07:33:33.132 351 INFO rally.task.runner [-] Task 30f33770-e079-4dfa-a20d-1ce61a3e6c92 | ITER: 8 START
2019-07-02 07:33:33.822 348 INFO rally.task.runner [-] Task 30f33770-e079-4dfa-a20d-1ce61a3e6c92 | ITER: 5 END: OK
2019-07-02 07:33:33.826 348 INFO rally.task.runner [-] Task 30f33770-e079-4dfa-a20d-1ce61a3e6c92 | ITER: 9 START
2019-07-02 07:33:33.873 349 INFO rally.task.runner [-] Task 30f33770-e079-4dfa-a20d-1ce61a3e6c92 | ITER: 6 END: OK
2019-07-02 07:33:33.878 349 INFO rally.task.runner [-] Task 30f33770-e079-4dfa-a20d-1ce61a3e6c92 | ITER: 10 START
2019-07-02 07:33:34.031 350 INFO rally.task.runner [-] Task 30f33770-e079-4dfa-a20d-1ce61a3e6c92 | ITER: 7 END: OK
2019-07-02 07:33:34.033 351 INFO rally.task.runner [-] Task 30f33770-e079-4dfa-a20d-1ce61a3e6c92 | ITER: 8 END: OK
2019-07-02 07:33:34.754 348 INFO rally.task.runner [-] Task 30f33770-e079-4dfa-a20d-1ce61a3e6c92 | ITER: 9 END: OK
2019-07-02 07:33:34.756 349 INFO rally.task.runner [-] Task 30f33770-e079-4dfa-a20d-1ce61a3e6c92 | ITER: 10 END: OK
2019-07-02 07:33:34.777 16 INFO rally.task.context [-] Task 30f33770-e079-4dfa-a20d-1ce61a3e6c92 | Context users@openstack cleanup() started
2019-07-02 07:33:41.817 16 INFO rally.task.context [-] Task 30f33770-e079-4dfa-a20d-1ce61a3e6c92 | Context users@openstack cleanup() finished in 7.04 sec
2019-07-02 07:33:43.622 16 INFO rally.task.engine [-] Load duration is: 2.5815
2019-07-02 07:33:43.622 16 INFO rally.task.engine [-] Full runner duration is: 2.623453
2019-07-02 07:33:43.623 16 INFO rally.task.engine [-] Full duration is: 14.306417
2019-07-02 07:33:43.885 16 INFO rally.task.engine [-] Running workload: position = 0 config = { "version": 2, "title": "A cropped version of a bigger task.", "description": "Auto-generated task from a single workload (uuid=15775295-c0ed-4a70-b61f-12e8c4a2bffc)", "subtasks": [ { "title": "Authenticate.validate_heat", "description": "Check Heat Client to ensure validation of token.", "scenario": { "Authenticate.validate_heat": { "repetitions": 2 } }, "contexts": { "users": { "tenants": 3, "users_per_tenant": 2 } }, "runner": { "constant": { "concurrency": 4, "times": 10 } }, "hooks": [], "sla": { "failure_rate": { "max": 0 } } } ] }
2019-07-02 07:33:43.907 16 RALLYDEBUG rally_openstack.contexts.keystone.users [-] Creating 3 tenants using 20 threads
2019-07-02 07:33:45.816 16 RALLYDEBUG rally_openstack.contexts.keystone.users [-] Creating 6 users using 20 threads
2019-07-02 07:33:48.497 16 INFO rally.task.context [-] Task 30f33770-e079-4dfa-a20d-1ce61a3e6c92 | Context users@openstack setup() finished in 4.59 sec
2019-07-02 07:33:48.505 16 RALLYDEBUG rally.task.runner [-] Starting the constant runner (task UUID: 30f33770-e079-4dfa-a20d-1ce61a3e6c92). timeout: 0 concurrency: 4 concurrency_per_worker: 1 times: 10 concurrency_overhead: 0 processes_to_start: 4 max_cpu_used: 16
2019-07-02 07:33:48.518 452 RALLYDEBUG rally.task.runner [-] Starting a worker. concurrency: 1 args: {"repetitions": 2} times: 10 method_name: run timeout: 0 duration: None cls:
2019-07-02 07:33:48.520 453 RALLYDEBUG rally.task.runner [-] Starting a worker. concurrency: 1 args: {"repetitions": 2} times: 10 method_name: run timeout: 0 duration: None cls:
2019-07-02 07:33:48.524 452 INFO rally.task.runner [-] Task 30f33770-e079-4dfa-a20d-1ce61a3e6c92 | ITER: 1 START
2019-07-02 07:33:48.523 454 RALLYDEBUG rally.task.runner [-] Starting a worker. concurrency: 1 args: {"repetitions": 2} times: 10 method_name: run timeout: 0 duration: None cls:
2019-07-02 07:33:48.526 453 INFO rally.task.runner [-] Task 30f33770-e079-4dfa-a20d-1ce61a3e6c92 | ITER: 2 START
2019-07-02 07:33:48.527 455 RALLYDEBUG rally.task.runner [-] Starting a worker. concurrency: 1 args: {"repetitions": 2} times: 10 method_name: run timeout: 0 duration: None cls:
2019-07-02 07:33:48.530 454 INFO rally.task.runner [-] Task 30f33770-e079-4dfa-a20d-1ce61a3e6c92 | ITER: 3 START
2019-07-02 07:33:48.533 455 INFO rally.task.runner [-] Task 30f33770-e079-4dfa-a20d-1ce61a3e6c92 | ITER: 4 START
2019-07-02 07:33:50.087 454 INFO rally.task.runner [-] Task 30f33770-e079-4dfa-a20d-1ce61a3e6c92 | ITER: 3 END: OK
2019-07-02 07:33:50.091 454 INFO rally.task.runner [-] Task 30f33770-e079-4dfa-a20d-1ce61a3e6c92 | ITER: 5 START
2019-07-02 07:33:50.407 453 INFO rally.task.runner [-] Task 30f33770-e079-4dfa-a20d-1ce61a3e6c92 | ITER: 2 END: OK
2019-07-02 07:33:50.412 453 INFO rally.task.runner [-] Task 30f33770-e079-4dfa-a20d-1ce61a3e6c92 | ITER: 6 START
2019-07-02 07:33:50.415 452 INFO rally.task.runner [-] Task 30f33770-e079-4dfa-a20d-1ce61a3e6c92 | ITER: 1 END: OK
2019-07-02 07:33:50.419 452 INFO rally.task.runner [-] Task 30f33770-e079-4dfa-a20d-1ce61a3e6c92 | ITER: 7 START
2019-07-02 07:33:50.486 455 INFO rally.task.runner [-] Task 30f33770-e079-4dfa-a20d-1ce61a3e6c92 | ITER: 4 END: OK
2019-07-02 07:33:50.491 455 INFO rally.task.runner [-] Task 30f33770-e079-4dfa-a20d-1ce61a3e6c92 | ITER: 8 START
2019-07-02 07:33:51.270 453 INFO rally.task.runner [-] Task 30f33770-e079-4dfa-a20d-1ce61a3e6c92 | ITER: 6 END: OK
2019-07-02 07:33:51.274 453 INFO rally.task.runner [-] Task 30f33770-e079-4dfa-a20d-1ce61a3e6c92 | ITER: 9 START
2019-07-02 07:33:51.455 452 INFO rally.task.runner [-] Task 30f33770-e079-4dfa-a20d-1ce61a3e6c92 | ITER: 7 END: OK
2019-07-02 07:33:51.458 452 INFO rally.task.runner [-] Task 30f33770-e079-4dfa-a20d-1ce61a3e6c92 | ITER: 10 START
2019-07-02 07:33:51.464 454 INFO rally.task.runner [-] Task 30f33770-e079-4dfa-a20d-1ce61a3e6c92 | ITER: 5 END: OK
2019-07-02 07:33:51.789 455 INFO rally.task.runner [-] Task 30f33770-e079-4dfa-a20d-1ce61a3e6c92 | ITER: 8 END: OK
2019-07-02 07:33:52.500 453 INFO rally.task.runner [-] Task 30f33770-e079-4dfa-a20d-1ce61a3e6c92 | ITER: 9 END: OK
2019-07-02 07:33:53.136 452 INFO rally.task.runner [-] Task 30f33770-e079-4dfa-a20d-1ce61a3e6c92 | ITER: 10 END: OK
2019-07-02 07:33:53.162 16 INFO rally.task.context [-] Task 30f33770-e079-4dfa-a20d-1ce61a3e6c92 | Context users@openstack cleanup() started
2019-07-02 07:34:01.369 16 INFO rally.task.context [-] Task 30f33770-e079-4dfa-a20d-1ce61a3e6c92 | Context users@openstack cleanup() finished in 8.21 sec
2019-07-02 07:34:02.016 16 INFO rally.task.engine [-] Load duration is: 4.610523
2019-07-02 07:34:02.017 16 INFO rally.task.engine [-] Full runner duration is: 4.65704
2019-07-02 07:34:02.017 16 INFO rally.task.engine [-] Full duration is: 17.465076
2019-07-02 07:34:02.266 16 INFO rally.task.engine [-] Running workload: position = 0 config = { "version": 2, "title": "A cropped version of a bigger task.", "description": "Auto-generated task from a single workload (uuid=208e227d-d49e-44a7-89ab-65df95474afc)", "subtasks": [ { "title": "Authenticate.validate_neutron", "description": "Check Neutron Client to ensure validation of token.", "scenario": { "Authenticate.validate_neutron": { "repetitions": 2 } }, "contexts": { "users": { "tenants": 3, "users_per_tenant": 2 } }, "runner": { "constant": { "concurrency": 4, "times": 10 } }, "hooks": [], "sla": { "failure_rate": { "max": 0 } } } ] }
2019-07-02 07:34:02.289 16 RALLYDEBUG rally_openstack.contexts.keystone.users [-] Creating 3 tenants using 20 threads
2019-07-02 07:34:04.132 16 RALLYDEBUG rally_openstack.contexts.keystone.users [-] Creating 6 users using 20 threads
2019-07-02 07:34:06.717 16 INFO rally.task.context [-] Task 30f33770-e079-4dfa-a20d-1ce61a3e6c92 | Context users@openstack setup() finished in 4.43 sec
2019-07-02 07:34:06.724 16 RALLYDEBUG rally.task.runner [-] Starting the constant runner (task UUID: 30f33770-e079-4dfa-a20d-1ce61a3e6c92). timeout: 0 concurrency: 4 concurrency_per_worker: 1 times: 10 concurrency_overhead: 0 processes_to_start: 4 max_cpu_used: 16
2019-07-02 07:34:06.736 556 RALLYDEBUG rally.task.runner [-] Starting a worker. concurrency: 1 args: {"repetitions": 2} times: 10 method_name: run timeout: 0 duration: None cls:
2019-07-02 07:34:06.739 557 RALLYDEBUG rally.task.runner [-] Starting a worker. concurrency: 1 args: {"repetitions": 2} times: 10 method_name: run timeout: 0 duration: None cls:
2019-07-02 07:34:06.743 556 INFO rally.task.runner [-] Task 30f33770-e079-4dfa-a20d-1ce61a3e6c92 | ITER: 1 START
2019-07-02 07:34:06.743 558 RALLYDEBUG rally.task.runner [-] Starting a worker. concurrency: 1 args: {"repetitions": 2} times: 10 method_name: run timeout: 0 duration: None cls:
2019-07-02 07:34:06.746 557 INFO rally.task.runner [-] Task 30f33770-e079-4dfa-a20d-1ce61a3e6c92 | ITER: 2 START
2019-07-02 07:34:06.746 559 RALLYDEBUG rally.task.runner [-] Starting a worker. concurrency: 1 args: {"repetitions": 2} times: 10 method_name: run timeout: 0 duration: None cls:
2019-07-02 07:34:06.751 558 INFO rally.task.runner [-] Task 30f33770-e079-4dfa-a20d-1ce61a3e6c92 | ITER: 3 START
2019-07-02 07:34:06.752 559 INFO rally.task.runner [-] Task 30f33770-e079-4dfa-a20d-1ce61a3e6c92 | ITER: 4 START
2019-07-02 07:34:07.629 558 INFO rally.task.runner [-] Task 30f33770-e079-4dfa-a20d-1ce61a3e6c92 | ITER: 3 END: OK
2019-07-02 07:34:07.634 558 INFO rally.task.runner [-] Task 30f33770-e079-4dfa-a20d-1ce61a3e6c92 | ITER: 5 START
2019-07-02 07:34:07.652 556 INFO rally.task.runner [-] Task 30f33770-e079-4dfa-a20d-1ce61a3e6c92 | ITER: 1 END: OK
2019-07-02 07:34:07.656 556 INFO rally.task.runner [-] Task 30f33770-e079-4dfa-a20d-1ce61a3e6c92 | ITER: 6 START
2019-07-02 07:34:07.677 559 INFO rally.task.runner [-] Task 30f33770-e079-4dfa-a20d-1ce61a3e6c92 | ITER: 4 END: OK
2019-07-02 07:34:07.681 559 INFO rally.task.runner [-] Task 30f33770-e079-4dfa-a20d-1ce61a3e6c92 | ITER: 7 START
2019-07-02 07:34:07.896 557 INFO rally.task.runner [-] Task 30f33770-e079-4dfa-a20d-1ce61a3e6c92 | ITER: 2 END: OK
2019-07-02 07:34:07.901 557 INFO rally.task.runner [-] Task 30f33770-e079-4dfa-a20d-1ce61a3e6c92 | ITER: 8 START
2019-07-02 07:34:08.592 558 INFO rally.task.runner [-] Task 30f33770-e079-4dfa-a20d-1ce61a3e6c92 | ITER: 5 END: OK
2019-07-02 07:34:08.596 558 INFO rally.task.runner [-] Task 30f33770-e079-4dfa-a20d-1ce61a3e6c92 | ITER: 9 START
2019-07-02 07:34:08.653 556 INFO rally.task.runner [-] Task 30f33770-e079-4dfa-a20d-1ce61a3e6c92 | ITER: 6 END: OK
2019-07-02 07:34:08.657 556 INFO rally.task.runner [-] Task 30f33770-e079-4dfa-a20d-1ce61a3e6c92 | ITER: 10 START
2019-07-02 07:34:08.911 557 INFO rally.task.runner [-] Task 30f33770-e079-4dfa-a20d-1ce61a3e6c92 | ITER: 8 END: OK
2019-07-02 07:34:08.993 559 INFO rally.task.runner [-] Task 30f33770-e079-4dfa-a20d-1ce61a3e6c92 | ITER: 7 END: OK
2019-07-02 07:34:09.468 556 INFO rally.task.runner [-] Task 30f33770-e079-4dfa-a20d-1ce61a3e6c92 | ITER: 10 END: OK
2019-07-02 07:34:09.499 558 INFO rally.task.runner [-] Task 30f33770-e079-4dfa-a20d-1ce61a3e6c92 | ITER: 9 END: OK
2019-07-02 07:34:09.530 16 INFO rally.task.context [-] Task 30f33770-e079-4dfa-a20d-1ce61a3e6c92 | Context users@openstack cleanup() started
2019-07-02 07:34:16.295 16 INFO rally.task.context [-] Task 30f33770-e079-4dfa-a20d-1ce61a3e6c92 | Context users@openstack cleanup() finished in 6.77 sec
2019-07-02 07:34:16.357 16 INFO rally.task.engine [-] Load duration is: 2.754334
2019-07-02 07:34:16.358 16 INFO rally.task.engine [-] Full runner duration is: 2.805742
2019-07-02 07:34:16.358 16 INFO rally.task.engine [-] Full duration is: 14.009105
2019-07-02 07:34:16.592 16 INFO rally.task.engine [-] Running workload: position = 0 config = { "version": 2, "title": "A cropped version of a bigger task.", "description": "Auto-generated task from a single workload (uuid=c5433cc9-f480-410f-9ad0-948b7d0f8ee5)", "subtasks": [ { "title": "Authenticate.validate_nova", "description": "Check Nova Client to ensure validation of token.", "scenario": { "Authenticate.validate_nova": { "repetitions": 2 } }, "contexts": { "users": { "tenants": 3, "users_per_tenant": 2 } }, "runner": { "constant": { "concurrency": 4, "times": 10 } }, "hooks": [], "sla": { "failure_rate": { "max": 0 } } } ] }
2019-07-02 07:34:16.615 16 RALLYDEBUG rally_openstack.contexts.keystone.users [-] Creating 3 tenants using 20 threads
2019-07-02 07:34:18.413 16 RALLYDEBUG rally_openstack.contexts.keystone.users [-] Creating 6 users using 20 threads
2019-07-02 07:34:21.079 16 INFO rally.task.context [-] Task 30f33770-e079-4dfa-a20d-1ce61a3e6c92 | Context users@openstack setup() finished in 4.46 sec
2019-07-02 07:34:21.087 16 RALLYDEBUG rally.task.runner [-] Starting the constant runner (task UUID: 30f33770-e079-4dfa-a20d-1ce61a3e6c92). timeout: 0 concurrency: 4 concurrency_per_worker: 1 times: 10 concurrency_overhead: 0 processes_to_start: 4 max_cpu_used: 16
2019-07-02 07:34:21.099 660 RALLYDEBUG rally.task.runner [-] Starting a worker. concurrency: 1 args: {"repetitions": 2} times: 10 method_name: run timeout: 0 duration: None cls:
2019-07-02 07:34:21.102 661 RALLYDEBUG rally.task.runner [-] Starting a worker. concurrency: 1 args: {"repetitions": 2} times: 10 method_name: run timeout: 0 duration: None cls:
2019-07-02 07:34:21.104 662 RALLYDEBUG rally.task.runner [-] Starting a worker. concurrency: 1 args: {"repetitions": 2} times: 10 method_name: run timeout: 0 duration: None cls:
2019-07-02 07:34:21.106 660 INFO rally.task.runner [-] Task 30f33770-e079-4dfa-a20d-1ce61a3e6c92 | ITER: 1 START
2019-07-02 07:34:21.108 661 INFO rally.task.runner [-] Task 30f33770-e079-4dfa-a20d-1ce61a3e6c92 | ITER: 2 START
2019-07-02 07:34:21.108 663 RALLYDEBUG rally.task.runner [-] Starting a worker. concurrency: 1 args: {"repetitions": 2} times: 10 method_name: run timeout: 0 duration: None cls:
2019-07-02 07:34:21.110 662 INFO rally.task.runner [-] Task 30f33770-e079-4dfa-a20d-1ce61a3e6c92 | ITER: 3 START
2019-07-02 07:34:21.114 663 INFO rally.task.runner [-] Task 30f33770-e079-4dfa-a20d-1ce61a3e6c92 | ITER: 4 START
2019-07-02 07:34:21.592 662 DEBUG novaclient.v2.client [-] REQ: curl -g -i -X GET http://172.30.9.35:8774/v2.1/flavors/detail -H "Accept: application/json" -H "User-Agent: python-novaclient" -H "X-Auth-Token: {SHA1}dca17773c8e3bd8ec3c2d13e71fd437871ef8531" _http_log_request /usr/lib/python2.7/site-packages/keystoneauth1/session.py:448
2019-07-02 07:34:21.593 660 DEBUG novaclient.v2.client [-] REQ: curl -g -i -X GET http://172.30.9.35:8774/v2.1/flavors/detail -H "Accept: application/json" -H "User-Agent: python-novaclient" -H "X-Auth-Token: {SHA1}3d283b0947d50e8e79be371e3a290971e9de5dd2" _http_log_request /usr/lib/python2.7/site-packages/keystoneauth1/session.py:448
2019-07-02 07:34:21.599 661 DEBUG novaclient.v2.client [-] REQ: curl -g -i -X GET http://172.30.9.35:8774/v2.1/flavors/detail -H "Accept: application/json" -H "User-Agent: python-novaclient" -H "X-Auth-Token: {SHA1}42ea5e25dab4f21b1bcd7599a2cc8040431c7ffd" _http_log_request /usr/lib/python2.7/site-packages/keystoneauth1/session.py:448
2019-07-02 07:34:21.692 663 DEBUG novaclient.v2.client [-] REQ: curl -g -i -X GET http://172.30.9.35:8774/v2.1/flavors/detail -H "Accept: application/json" -H "User-Agent: python-novaclient" -H "X-Auth-Token: {SHA1}fea07d8c4dbdcfc6c68bef8dd8b0d5b6fc037563" _http_log_request /usr/lib/python2.7/site-packages/keystoneauth1/session.py:448
2019-07-02 07:34:21.874 662 DEBUG novaclient.v2.client [-] RESP: [200] Content-Encoding: gzip Content-Length: 364 Content-Type: application/json Date: Tue, 02 Jul 2019 07:34:21 GMT OpenStack-API-Version: compute 2.1 Server: Apache Vary: OpenStack-API-Version,X-OpenStack-Nova-API-Version,Accept-Encoding X-OpenStack-Nova-API-Version: 2.1 x-compute-request-id: req-73011e9f-ba8e-40bf-b40f-b7e86d2b38df x-openstack-request-id: req-73011e9f-ba8e-40bf-b40f-b7e86d2b38df _http_log_response /usr/lib/python2.7/site-packages/keystoneauth1/session.py:479
2019-07-02 07:34:21.875 662 DEBUG novaclient.v2.client [-] RESP BODY: {"flavors": [{"name": "rally_full-flavor_63446083-24ab-4947-ac1f-a2d54d575467", "links": [{"href": "http://172.30.9.35:8774/v2.1/flavors/3ff2360a-9732-487d-8ed0-5aff8b935094", "rel": "self"}, {"href": "http://172.30.9.35:8774/flavors/3ff2360a-9732-487d-8ed0-5aff8b935094", "rel": "bookmark"}], "ram": 512, "OS-FLV-DISABLED:disabled": false, "vcpus": 1, "swap": "", "os-flavor-access:is_public": true, "rxtx_factor": 1.0, "OS-FLV-EXT-DATA:ephemeral": 0, "disk": 1, "id": "3ff2360a-9732-487d-8ed0-5aff8b935094"}, {"name": "rally_full-flavor_alt_63446083-24ab-4947-ac1f-a2d54d575467", "links": [{"href": "http://172.30.9.35:8774/v2.1/flavors/73ae6143-d706-4120-b2cd-f9ca0149a3b9", "rel": "self"}, {"href": "http://172.30.9.35:8774/flavors/73ae6143-d706-4120-b2cd-f9ca0149a3b9", "rel": "bookmark"}], "ram": 1024, "OS-FLV-DISABLED:disabled": false, "vcpus": 1, "swap": "", "os-flavor-access:is_public": true, "rxtx_factor": 1.0, "OS-FLV-EXT-DATA:ephemeral": 0, "disk": 1, "id": "73ae6143-d706-4120-b2cd-f9ca0149a3b9"}]} _http_log_response /usr/lib/python2.7/site-packages/keystoneauth1/session.py:511
2019-07-02 07:34:21.875 662 DEBUG novaclient.v2.client [-] GET call to compute for http://172.30.9.35:8774/v2.1/flavors/detail used request id req-73011e9f-ba8e-40bf-b40f-b7e86d2b38df request /usr/lib/python2.7/site-packages/keystoneauth1/session.py:844
2019-07-02 07:34:21.877 662 DEBUG novaclient.v2.client [-] REQ: curl -g -i -X GET http://172.30.9.35:8774/v2.1/flavors/detail -H "Accept: application/json" -H "User-Agent: python-novaclient" -H "X-Auth-Token: {SHA1}dca17773c8e3bd8ec3c2d13e71fd437871ef8531" _http_log_request /usr/lib/python2.7/site-packages/keystoneauth1/session.py:448
2019-07-02 07:34:21.881 660 DEBUG novaclient.v2.client [-] RESP: [200] Content-Encoding: gzip Content-Length: 364 Content-Type: application/json Date: Tue, 02 Jul 2019 07:34:21 GMT OpenStack-API-Version: compute 2.1 Server: Apache Vary: OpenStack-API-Version,X-OpenStack-Nova-API-Version,Accept-Encoding X-OpenStack-Nova-API-Version: 2.1 x-compute-request-id: req-820b8228-e6db-4c98-93be-00f0ba961da7 x-openstack-request-id: req-820b8228-e6db-4c98-93be-00f0ba961da7 _http_log_response /usr/lib/python2.7/site-packages/keystoneauth1/session.py:479
2019-07-02 07:34:21.882 660 DEBUG novaclient.v2.client [-] RESP BODY: {"flavors": [{"name": "rally_full-flavor_63446083-24ab-4947-ac1f-a2d54d575467", "links": [{"href": "http://172.30.9.35:8774/v2.1/flavors/3ff2360a-9732-487d-8ed0-5aff8b935094", "rel": "self"}, {"href": "http://172.30.9.35:8774/flavors/3ff2360a-9732-487d-8ed0-5aff8b935094", "rel": "bookmark"}], "ram": 512, "OS-FLV-DISABLED:disabled": false, "vcpus": 1, "swap": "", "os-flavor-access:is_public": true, "rxtx_factor": 1.0, "OS-FLV-EXT-DATA:ephemeral": 0, "disk": 1, "id": "3ff2360a-9732-487d-8ed0-5aff8b935094"}, {"name": "rally_full-flavor_alt_63446083-24ab-4947-ac1f-a2d54d575467", "links": [{"href": "http://172.30.9.35:8774/v2.1/flavors/73ae6143-d706-4120-b2cd-f9ca0149a3b9", "rel": "self"}, {"href": "http://172.30.9.35:8774/flavors/73ae6143-d706-4120-b2cd-f9ca0149a3b9", "rel": "bookmark"}], "ram": 1024, "OS-FLV-DISABLED:disabled": false, "vcpus": 1, "swap": "", "os-flavor-access:is_public": true, "rxtx_factor": 1.0, "OS-FLV-EXT-DATA:ephemeral": 0, "disk": 1, "id": "73ae6143-d706-4120-b2cd-f9ca0149a3b9"}]} _http_log_response /usr/lib/python2.7/site-packages/keystoneauth1/session.py:511
2019-07-02 07:34:21.882 660 DEBUG novaclient.v2.client [-] GET call to compute for http://172.30.9.35:8774/v2.1/flavors/detail used request id req-820b8228-e6db-4c98-93be-00f0ba961da7 request /usr/lib/python2.7/site-packages/keystoneauth1/session.py:844
2019-07-02 07:34:21.884 660 DEBUG novaclient.v2.client [-] REQ: curl -g -i -X GET http://172.30.9.35:8774/v2.1/flavors/detail -H "Accept: application/json" -H "User-Agent: python-novaclient" -H "X-Auth-Token: {SHA1}3d283b0947d50e8e79be371e3a290971e9de5dd2" _http_log_request /usr/lib/python2.7/site-packages/keystoneauth1/session.py:448
2019-07-02 07:34:21.898 662 DEBUG novaclient.v2.client [-] RESP: [200] Content-Encoding: gzip Content-Length: 364 Content-Type: application/json Date: Tue, 02 Jul 2019 07:34:21 GMT OpenStack-API-Version: compute 2.1 Server: Apache Vary: OpenStack-API-Version,X-OpenStack-Nova-API-Version,Accept-Encoding X-OpenStack-Nova-API-Version: 2.1 x-compute-request-id: req-7c6eaf11-1693-4cd7-9def-25f8727b3dc7 x-openstack-request-id: req-7c6eaf11-1693-4cd7-9def-25f8727b3dc7 _http_log_response /usr/lib/python2.7/site-packages/keystoneauth1/session.py:479
2019-07-02 07:34:21.899 662 DEBUG novaclient.v2.client [-] RESP BODY: {"flavors": [{"name": "rally_full-flavor_63446083-24ab-4947-ac1f-a2d54d575467", "links": [{"href": "http://172.30.9.35:8774/v2.1/flavors/3ff2360a-9732-487d-8ed0-5aff8b935094", "rel": "self"}, {"href": "http://172.30.9.35:8774/flavors/3ff2360a-9732-487d-8ed0-5aff8b935094", "rel": "bookmark"}], "ram": 512, "OS-FLV-DISABLED:disabled": false, "vcpus": 1, "swap": "", "os-flavor-access:is_public": true, "rxtx_factor": 1.0, "OS-FLV-EXT-DATA:ephemeral": 0, "disk": 1, "id": "3ff2360a-9732-487d-8ed0-5aff8b935094"}, {"name": "rally_full-flavor_alt_63446083-24ab-4947-ac1f-a2d54d575467", "links": [{"href": "http://172.30.9.35:8774/v2.1/flavors/73ae6143-d706-4120-b2cd-f9ca0149a3b9", "rel": "self"}, {"href": "http://172.30.9.35:8774/flavors/73ae6143-d706-4120-b2cd-f9ca0149a3b9", "rel": "bookmark"}], "ram": 1024, "OS-FLV-DISABLED:disabled": false, "vcpus": 1, "swap": "", "os-flavor-access:is_public": true, "rxtx_factor": 1.0, "OS-FLV-EXT-DATA:ephemeral": 0, "disk": 1, "id": "73ae6143-d706-4120-b2cd-f9ca0149a3b9"}]} _http_log_response /usr/lib/python2.7/site-packages/keystoneauth1/session.py:511
2019-07-02 07:34:21.899 662 DEBUG novaclient.v2.client [-] GET call to compute for http://172.30.9.35:8774/v2.1/flavors/detail used request id req-7c6eaf11-1693-4cd7-9def-25f8727b3dc7 request /usr/lib/python2.7/site-packages/keystoneauth1/session.py:844
2019-07-02 07:34:21.900 662 INFO rally.task.runner [-] Task 30f33770-e079-4dfa-a20d-1ce61a3e6c92 | ITER: 3 END: OK
2019-07-02 07:34:21.901 661 DEBUG novaclient.v2.client [-] RESP: [200] Content-Encoding: gzip Content-Length: 364 Content-Type: application/json Date: Tue, 02 Jul 2019 07:34:21 GMT OpenStack-API-Version: compute 2.1 Server: Apache Vary: OpenStack-API-Version,X-OpenStack-Nova-API-Version,Accept-Encoding X-OpenStack-Nova-API-Version: 2.1 x-compute-request-id: req-28f3d7a3-19fa-4cf2-8f6b-ed1f9baada76 x-openstack-request-id: req-28f3d7a3-19fa-4cf2-8f6b-ed1f9baada76 _http_log_response /usr/lib/python2.7/site-packages/keystoneauth1/session.py:479
2019-07-02 07:34:21.902 661 DEBUG novaclient.v2.client [-] RESP BODY: {"flavors": [{"name": "rally_full-flavor_63446083-24ab-4947-ac1f-a2d54d575467", "links": [{"href": "http://172.30.9.35:8774/v2.1/flavors/3ff2360a-9732-487d-8ed0-5aff8b935094", "rel": "self"}, {"href": "http://172.30.9.35:8774/flavors/3ff2360a-9732-487d-8ed0-5aff8b935094", "rel": "bookmark"}], "ram": 512, "OS-FLV-DISABLED:disabled": false, "vcpus": 1, "swap": "", "os-flavor-access:is_public": true, "rxtx_factor": 1.0, "OS-FLV-EXT-DATA:ephemeral": 0, "disk": 1, "id": "3ff2360a-9732-487d-8ed0-5aff8b935094"}, {"name": "rally_full-flavor_alt_63446083-24ab-4947-ac1f-a2d54d575467", "links": [{"href": "http://172.30.9.35:8774/v2.1/flavors/73ae6143-d706-4120-b2cd-f9ca0149a3b9", "rel": "self"}, {"href": "http://172.30.9.35:8774/flavors/73ae6143-d706-4120-b2cd-f9ca0149a3b9", "rel": "bookmark"}], "ram": 1024, "OS-FLV-DISABLED:disabled": false, "vcpus": 1, "swap": "", "os-flavor-access:is_public": true, "rxtx_factor": 1.0, "OS-FLV-EXT-DATA:ephemeral": 0, "disk": 1, "id": "73ae6143-d706-4120-b2cd-f9ca0149a3b9"}]} _http_log_response /usr/lib/python2.7/site-packages/keystoneauth1/session.py:511
2019-07-02 07:34:21.902 661 DEBUG novaclient.v2.client [-] GET call to compute for http://172.30.9.35:8774/v2.1/flavors/detail used request id req-28f3d7a3-19fa-4cf2-8f6b-ed1f9baada76 request /usr/lib/python2.7/site-packages/keystoneauth1/session.py:844
2019-07-02 07:34:21.904 661 DEBUG novaclient.v2.client [-] REQ: curl -g -i -X GET http://172.30.9.35:8774/v2.1/flavors/detail -H "Accept: application/json" -H "User-Agent: python-novaclient" -H "X-Auth-Token: {SHA1}42ea5e25dab4f21b1bcd7599a2cc8040431c7ffd" _http_log_request /usr/lib/python2.7/site-packages/keystoneauth1/session.py:448
2019-07-02 07:34:21.904 660 DEBUG novaclient.v2.client [-] RESP: [200] Content-Encoding: gzip Content-Length: 364 Content-Type: application/json Date: Tue, 02 Jul 2019 07:34:21 GMT OpenStack-API-Version: compute 2.1 Server: Apache Vary: OpenStack-API-Version,X-OpenStack-Nova-API-Version,Accept-Encoding X-OpenStack-Nova-API-Version: 2.1 x-compute-request-id: req-4bc50225-5f2d-4386-a759-2ebef6a7b125 x-openstack-request-id: req-4bc50225-5f2d-4386-a759-2ebef6a7b125 _http_log_response /usr/lib/python2.7/site-packages/keystoneauth1/session.py:479
2019-07-02 07:34:21.905 660 DEBUG novaclient.v2.client [-] RESP BODY: {"flavors": [{"name": "rally_full-flavor_63446083-24ab-4947-ac1f-a2d54d575467", "links": [{"href": "http://172.30.9.35:8774/v2.1/flavors/3ff2360a-9732-487d-8ed0-5aff8b935094", "rel": "self"}, {"href": "http://172.30.9.35:8774/flavors/3ff2360a-9732-487d-8ed0-5aff8b935094", "rel": "bookmark"}], "ram": 512, "OS-FLV-DISABLED:disabled": false, "vcpus": 1, "swap": "", "os-flavor-access:is_public": true, "rxtx_factor": 1.0, "OS-FLV-EXT-DATA:ephemeral": 0, "disk": 1, "id": "3ff2360a-9732-487d-8ed0-5aff8b935094"}, {"name": "rally_full-flavor_alt_63446083-24ab-4947-ac1f-a2d54d575467", "links": [{"href": "http://172.30.9.35:8774/v2.1/flavors/73ae6143-d706-4120-b2cd-f9ca0149a3b9", "rel": "self"}, {"href": "http://172.30.9.35:8774/flavors/73ae6143-d706-4120-b2cd-f9ca0149a3b9", "rel": "bookmark"}], "ram": 1024, "OS-FLV-DISABLED:disabled": false, "vcpus": 1, "swap": "", "os-flavor-access:is_public": true, "rxtx_factor": 1.0, "OS-FLV-EXT-DATA:ephemeral": 0, "disk": 1, "id": "73ae6143-d706-4120-b2cd-f9ca0149a3b9"}]} _http_log_response /usr/lib/python2.7/site-packages/keystoneauth1/session.py:511
2019-07-02 07:34:21.905 660 DEBUG novaclient.v2.client [-] GET call to compute for http://172.30.9.35:8774/v2.1/flavors/detail used request id req-4bc50225-5f2d-4386-a759-2ebef6a7b125 request /usr/lib/python2.7/site-packages/keystoneauth1/session.py:844
2019-07-02 07:34:21.905 662 INFO rally.task.runner [-] Task 30f33770-e079-4dfa-a20d-1ce61a3e6c92 | ITER: 5 START
2019-07-02 07:34:21.906 660 INFO rally.task.runner [-] Task 30f33770-e079-4dfa-a20d-1ce61a3e6c92 | ITER: 1 END: OK
2019-07-02 07:34:21.910 660 INFO rally.task.runner [-] Task 30f33770-e079-4dfa-a20d-1ce61a3e6c92 | ITER: 6 START
2019-07-02 07:34:21.925 661 DEBUG novaclient.v2.client [-] RESP: [200] Content-Encoding: gzip Content-Length: 364 Content-Type: application/json Date: Tue, 02 Jul 2019 07:34:21 GMT OpenStack-API-Version: compute 2.1 Server: Apache Vary: OpenStack-API-Version,X-OpenStack-Nova-API-Version,Accept-Encoding X-OpenStack-Nova-API-Version: 2.1 x-compute-request-id: req-583de32c-3a22-435c-880a-7df2bd2d57b8 x-openstack-request-id: req-583de32c-3a22-435c-880a-7df2bd2d57b8 _http_log_response /usr/lib/python2.7/site-packages/keystoneauth1/session.py:479
2019-07-02 07:34:21.926 661 DEBUG novaclient.v2.client [-] RESP BODY: {"flavors": [{"name": "rally_full-flavor_63446083-24ab-4947-ac1f-a2d54d575467", "links": [{"href": "http://172.30.9.35:8774/v2.1/flavors/3ff2360a-9732-487d-8ed0-5aff8b935094", "rel": "self"}, {"href": "http://172.30.9.35:8774/flavors/3ff2360a-9732-487d-8ed0-5aff8b935094", "rel": "bookmark"}], "ram": 512, "OS-FLV-DISABLED:disabled": false, "vcpus": 1, "swap": "", "os-flavor-access:is_public": true, "rxtx_factor": 1.0, "OS-FLV-EXT-DATA:ephemeral": 0, "disk": 1, "id": "3ff2360a-9732-487d-8ed0-5aff8b935094"}, {"name": "rally_full-flavor_alt_63446083-24ab-4947-ac1f-a2d54d575467", "links": [{"href": "http://172.30.9.35:8774/v2.1/flavors/73ae6143-d706-4120-b2cd-f9ca0149a3b9", "rel": "self"}, {"href": "http://172.30.9.35:8774/flavors/73ae6143-d706-4120-b2cd-f9ca0149a3b9", "rel": "bookmark"}], "ram": 1024, "OS-FLV-DISABLED:disabled": false, "vcpus": 1, "swap": "", "os-flavor-access:is_public": true, "rxtx_factor": 1.0, "OS-FLV-EXT-DATA:ephemeral": 0, "disk": 1, "id": "73ae6143-d706-4120-b2cd-f9ca0149a3b9"}]} _http_log_response /usr/lib/python2.7/site-packages/keystoneauth1/session.py:511
2019-07-02 07:34:21.926 661 DEBUG novaclient.v2.client [-] GET call to compute for http://172.30.9.35:8774/v2.1/flavors/detail used request id req-583de32c-3a22-435c-880a-7df2bd2d57b8 request /usr/lib/python2.7/site-packages/keystoneauth1/session.py:844
2019-07-02 07:34:21.927 661 INFO rally.task.runner [-] Task 30f33770-e079-4dfa-a20d-1ce61a3e6c92 | ITER: 2 END: OK
2019-07-02 07:34:21.930 661 INFO rally.task.runner [-] Task 30f33770-e079-4dfa-a20d-1ce61a3e6c92 | ITER: 7 START
2019-07-02 07:34:21.978 663 DEBUG novaclient.v2.client [-] RESP: [200] Content-Encoding: gzip Content-Length: 364 Content-Type: application/json Date: Tue, 02 Jul 2019 07:34:21 GMT OpenStack-API-Version: compute 2.1 Server: Apache Vary: OpenStack-API-Version,X-OpenStack-Nova-API-Version,Accept-Encoding X-OpenStack-Nova-API-Version: 2.1 x-compute-request-id: req-21b4a9e9-2d5c-4357-b1d8-de79a735c534 x-openstack-request-id: req-21b4a9e9-2d5c-4357-b1d8-de79a735c534 _http_log_response /usr/lib/python2.7/site-packages/keystoneauth1/session.py:479
2019-07-02 07:34:21.979 663 DEBUG novaclient.v2.client [-] RESP BODY: {"flavors": [{"name": "rally_full-flavor_63446083-24ab-4947-ac1f-a2d54d575467", "links": [{"href": "http://172.30.9.35:8774/v2.1/flavors/3ff2360a-9732-487d-8ed0-5aff8b935094", "rel": "self"}, {"href": "http://172.30.9.35:8774/flavors/3ff2360a-9732-487d-8ed0-5aff8b935094", "rel": "bookmark"}], "ram": 512, "OS-FLV-DISABLED:disabled": false, "vcpus": 1, "swap": "", "os-flavor-access:is_public": true, "rxtx_factor": 1.0, "OS-FLV-EXT-DATA:ephemeral": 0, "disk": 1, "id": "3ff2360a-9732-487d-8ed0-5aff8b935094"}, {"name": "rally_full-flavor_alt_63446083-24ab-4947-ac1f-a2d54d575467", "links": [{"href": "http://172.30.9.35:8774/v2.1/flavors/73ae6143-d706-4120-b2cd-f9ca0149a3b9", "rel": "self"}, {"href": "http://172.30.9.35:8774/flavors/73ae6143-d706-4120-b2cd-f9ca0149a3b9", "rel": "bookmark"}], "ram": 1024, "OS-FLV-DISABLED:disabled": false, "vcpus": 1, "swap": "", "os-flavor-access:is_public": true, "rxtx_factor": 1.0, "OS-FLV-EXT-DATA:ephemeral": 0, "disk": 1, "id": "73ae6143-d706-4120-b2cd-f9ca0149a3b9"}]} _http_log_response /usr/lib/python2.7/site-packages/keystoneauth1/session.py:511
2019-07-02 07:34:21.980 663 DEBUG novaclient.v2.client [-] GET call to compute for http://172.30.9.35:8774/v2.1/flavors/detail used request id req-21b4a9e9-2d5c-4357-b1d8-de79a735c534 request /usr/lib/python2.7/site-packages/keystoneauth1/session.py:844
