2019-07-02 07:38:04.310 725 DEBUG novaclient.v2.client [-] REQ: curl -g -i -X GET http://172.30.9.35:8774/v2.1/os-keypairs -H "Accept: application/json" -H "User-Agent: python-novaclient" -H "X-Auth-Token: {SHA1}199b13dff9f5f4baddbc80d9368c3b49d2a1543e" _http_log_request /usr/lib/python2.7/site-packages/keystoneauth1/session.py:448
2019-07-02 07:38:04.579 725 DEBUG novaclient.v2.client [-] RESP: [200] Content-Length: 16 Content-Type: application/json Date: Tue, 02 Jul 2019 07:38:04 GMT OpenStack-API-Version: compute 2.1 Server: Apache Vary: OpenStack-API-Version,X-OpenStack-Nova-API-Version X-OpenStack-Nova-API-Version: 2.1 x-compute-request-id: req-c2034f13-43c1-4705-9288-16e87f81070f x-openstack-request-id: req-c2034f13-43c1-4705-9288-16e87f81070f _http_log_response /usr/lib/python2.7/site-packages/keystoneauth1/session.py:479
2019-07-02 07:38:04.579 725 DEBUG novaclient.v2.client [-] RESP BODY: {"keypairs": []} _http_log_response /usr/lib/python2.7/site-packages/keystoneauth1/session.py:511
2019-07-02 07:38:04.579 725 DEBUG novaclient.v2.client [-] GET call to compute for http://172.30.9.35:8774/v2.1/os-keypairs used request id req-c2034f13-43c1-4705-9288-16e87f81070f request /usr/lib/python2.7/site-packages/keystoneauth1/session.py:844
2019-07-02 07:38:04.998 725 DEBUG novaclient.v2.client [-] REQ: curl -g -i -X GET http://172.30.9.35:8774/v2.1/os-keypairs -H "Accept: application/json" -H "User-Agent: python-novaclient" -H "X-Auth-Token: {SHA1}92da3e633a8e6dc269d172a5974589d423ca9091" _http_log_request /usr/lib/python2.7/site-packages/keystoneauth1/session.py:448
2019-07-02 07:38:05.202 725 DEBUG novaclient.v2.client [-] RESP: [200] Content-Length: 16 Content-Type: application/json Date: Tue, 02 Jul 2019 07:38:05 GMT OpenStack-API-Version: compute 2.1 Server: Apache Vary: OpenStack-API-Version,X-OpenStack-Nova-API-Version X-OpenStack-Nova-API-Version: 2.1 x-compute-request-id: req-cb53a934-5b06-4224-9c35-4de82e205459 x-openstack-request-id: req-cb53a934-5b06-4224-9c35-4de82e205459 _http_log_response /usr/lib/python2.7/site-packages/keystoneauth1/session.py:479
2019-07-02 07:38:05.202 725 DEBUG novaclient.v2.client [-] RESP BODY: {"keypairs": []} _http_log_response /usr/lib/python2.7/site-packages/keystoneauth1/session.py:511
2019-07-02 07:38:05.203 725 DEBUG novaclient.v2.client [-] GET call to compute for http://172.30.9.35:8774/v2.1/os-keypairs used request id req-cb53a934-5b06-4224-9c35-4de82e205459 request /usr/lib/python2.7/site-packages/keystoneauth1/session.py:844
2019-07-02 07:38:05.210 725 RALLYDEBUG rally_openstack.cleanup.manager [-] Cleaning up glance images objects
2019-07-02 07:38:07.469 725 RALLYDEBUG rally_openstack.cleanup.manager [-] Deleting glance.images object s_rally_34416122_OIY2Dq7v (8379bbc2-d175-4b5e-af72-d3210f047ac7)
2019-07-02 07:38:07.480 725 RALLYDEBUG rally_openstack.cleanup.manager [-] Deleting glance.images object s_rally_34416122_JBPrFYnK (93f7ab1b-0f6f-4d76-9f17-bd9c46af0505)
2019-07-02 07:38:07.481 725 RALLYDEBUG rally_openstack.cleanup.manager [-] Deleting glance.images object s_rally_34416122_uAkaeI1f (66bc68bf-d61e-4de9-9b80-f80d095ef223)
2019-07-02 07:38:07.492 725 RALLYDEBUG rally_openstack.cleanup.manager [-] Deleting glance.images object s_rally_34416122_ESUKU59j (e96ab577-f2a8-4723-9926-60e56c404b7a)
2019-07-02 07:38:07.501 725 RALLYDEBUG rally_openstack.cleanup.manager [-] Deleting glance.images object s_rally_34416122_PmKILtYN (8048f60f-9bc2-4eec-ad00-e64f33b3e9e5)
2019-07-02 07:38:07.507 725 RALLYDEBUG rally_openstack.cleanup.manager [-] Deleting glance.images object s_rally_34416122_Rp3VMNEM (fecac9d6-c29e-48ca-b486-d674f82cfa61)
2019-07-02 07:38:07.521 725 RALLYDEBUG rally_openstack.cleanup.manager [-] Deleting glance.images object s_rally_34416122_7f16rvCg (bdb2421b-8bdc-4671-a252-00a70664111b)
2019-07-02 07:38:07.528 725 RALLYDEBUG rally_openstack.cleanup.manager [-] Deleting glance.images object s_rally_34416122_f2AelTkm (fc846002-e175-45b4-9cef-8d6b48e6873a)
2019-07-02 07:38:07.543 725 RALLYDEBUG rally_openstack.cleanup.manager [-] Deleting glance.images object s_rally_34416122_psby7YzA (73f1a11e-dd52-42e0-876d-24a52a4a029a)
2019-07-02 07:38:07.571 725 RALLYDEBUG rally_openstack.cleanup.manager [-] Deleting glance.images object s_rally_34416122_tkvedjee (f2c98c33-601a-4879-98ca-d6d5d44eb254)
2019-07-02 07:38:09.713 725 DEBUG glanceclient.common.http [-] Request returned failure status 404. _handle_response /usr/lib/python2.7/site-packages/glanceclient/common/http.py:125
2019-07-02 07:38:09.728 725 DEBUG glanceclient.common.http [-] Request returned failure status 404. _handle_response /usr/lib/python2.7/site-packages/glanceclient/common/http.py:125
2019-07-02 07:38:09.728 725 DEBUG glanceclient.common.http [-] Request returned failure status 404. _handle_response /usr/lib/python2.7/site-packages/glanceclient/common/http.py:125
2019-07-02 07:38:09.736 725 DEBUG glanceclient.common.http [-] Request returned failure status 404. _handle_response /usr/lib/python2.7/site-packages/glanceclient/common/http.py:125
2019-07-02 07:38:09.745 725 DEBUG glanceclient.common.http [-] Request returned failure status 404. _handle_response /usr/lib/python2.7/site-packages/glanceclient/common/http.py:125
2019-07-02 07:38:09.751 725 DEBUG glanceclient.common.http [-] Request returned failure status 404. _handle_response /usr/lib/python2.7/site-packages/glanceclient/common/http.py:125
2019-07-02 07:38:10.753 725 DEBUG glanceclient.common.http [-] Request returned failure status 404. _handle_response /usr/lib/python2.7/site-packages/glanceclient/common/http.py:125
2019-07-02 07:38:10.777 725 DEBUG glanceclient.common.http [-] Request returned failure status 404. _handle_response /usr/lib/python2.7/site-packages/glanceclient/common/http.py:125
2019-07-02 07:38:10.780 725 DEBUG glanceclient.common.http [-] Request returned failure status 404. _handle_response /usr/lib/python2.7/site-packages/glanceclient/common/http.py:125
2019-07-02 07:38:10.792 725 DEBUG glanceclient.common.http [-] Request returned failure status 404. _handle_response /usr/lib/python2.7/site-packages/glanceclient/common/http.py:125
2019-07-02 07:38:13.028 725 DEBUG glanceclient.common.http [-] Request returned failure status 404. _handle_response /usr/lib/python2.7/site-packages/glanceclient/common/http.py:125
2019-07-02 07:38:13.042 725 DEBUG glanceclient.common.http [-] Request returned failure status 404. _handle_response /usr/lib/python2.7/site-packages/glanceclient/common/http.py:125
2019-07-02 07:38:13.058 725 DEBUG glanceclient.common.http [-] Request returned failure status 404. _handle_response /usr/lib/python2.7/site-packages/glanceclient/common/http.py:125
2019-07-02 07:38:13.084 725 DEBUG glanceclient.common.http [-] Request returned failure status 404. _handle_response /usr/lib/python2.7/site-packages/glanceclient/common/http.py:125
2019-07-02 07:38:13.095 725 DEBUG glanceclient.common.http [-] Request returned failure status 404. _handle_response /usr/lib/python2.7/site-packages/glanceclient/common/http.py:125
2019-07-02 07:38:13.114 725 DEBUG glanceclient.common.http [-] Request returned failure status 404. _handle_response /usr/lib/python2.7/site-packages/glanceclient/common/http.py:125
2019-07-02 07:38:13.135 725 DEBUG glanceclient.common.http [-] Request returned failure status 404. _handle_response /usr/lib/python2.7/site-packages/glanceclient/common/http.py:125
2019-07-02 07:38:13.159 725 DEBUG glanceclient.common.http [-] Request returned failure status 404. _handle_response /usr/lib/python2.7/site-packages/glanceclient/common/http.py:125
2019-07-02 07:38:13.160 725 DEBUG glanceclient.common.http [-] Request returned failure status 404. _handle_response /usr/lib/python2.7/site-packages/glanceclient/common/http.py:125
2019-07-02 07:38:13.174 725 DEBUG glanceclient.common.http [-] Request returned failure status 404. _handle_response /usr/lib/python2.7/site-packages/glanceclient/common/http.py:125
2019-07-02 07:38:14.177 725 INFO rally.task.context [-] Task 7357a807-c843-484f-9fe9-fd0957be2bd1 | Context cleanup@openstack cleanup() finished in 34.53 sec
2019-07-02 07:38:14.177 725 INFO rally.task.context [-] Task 7357a807-c843-484f-9fe9-fd0957be2bd1 | Context quotas@openstack cleanup() started
2019-07-02 07:38:14.178 725 DEBUG novaclient.v2.client [-] REQ: curl -g -i -X DELETE http://172.30.9.35:8774/v2.1/os-quota-sets/d6f73a98a2f44c2d8eda138a80a227f7 -H "Accept: application/json" -H "User-Agent: python-novaclient" -H "X-Auth-Token: {SHA1}30c935e7608181865b657c7fdf04eea453473618" _http_log_request /usr/lib/python2.7/site-packages/keystoneauth1/session.py:448
2019-07-02 07:38:14.217 725 DEBUG novaclient.v2.client [-] RESP: [202] Content-Length: 0 Content-Type: application/json Date: Tue, 02 Jul 2019 07:38:14 GMT OpenStack-API-Version: compute 2.1 Server: Apache Vary: OpenStack-API-Version,X-OpenStack-Nova-API-Version X-OpenStack-Nova-API-Version: 2.1 x-compute-request-id: req-7eac1db2-f935-4976-9479-f20ffb336de7 x-openstack-request-id: req-7eac1db2-f935-4976-9479-f20ffb336de7 _http_log_response /usr/lib/python2.7/site-packages/keystoneauth1/session.py:479
2019-07-02 07:38:14.217 725 DEBUG novaclient.v2.client [-] DELETE call to compute for http://172.30.9.35:8774/v2.1/os-quota-sets/d6f73a98a2f44c2d8eda138a80a227f7 used request id req-7eac1db2-f935-4976-9479-f20ffb336de7 request /usr/lib/python2.7/site-packages/keystoneauth1/session.py:844
2019-07-02 07:38:14.218 725 DEBUG novaclient.v2.client [-] REQ: curl -g -i -X DELETE http://172.30.9.35:8774/v2.1/os-quota-sets/42f522c0835945b29e2d64ee33133dff -H "Accept: application/json" -H "User-Agent: python-novaclient" -H "X-Auth-Token: {SHA1}30c935e7608181865b657c7fdf04eea453473618" _http_log_request /usr/lib/python2.7/site-packages/keystoneauth1/session.py:448
2019-07-02 07:38:14.243 725 DEBUG novaclient.v2.client [-] RESP: [202] Content-Length: 0 Content-Type: application/json Date: Tue, 02 Jul 2019 07:38:14 GMT OpenStack-API-Version: compute 2.1 Server: Apache Vary: OpenStack-API-Version,X-OpenStack-Nova-API-Version X-OpenStack-Nova-API-Version: 2.1 x-compute-request-id: req-b3a006e1-03c9-4fdd-a602-ee3c9c93ead1 x-openstack-request-id: req-b3a006e1-03c9-4fdd-a602-ee3c9c93ead1 _http_log_response /usr/lib/python2.7/site-packages/keystoneauth1/session.py:479
2019-07-02 07:38:14.244 725 DEBUG novaclient.v2.client [-] DELETE call to compute for http://172.30.9.35:8774/v2.1/os-quota-sets/42f522c0835945b29e2d64ee33133dff used request id req-b3a006e1-03c9-4fdd-a602-ee3c9c93ead1 request /usr/lib/python2.7/site-packages/keystoneauth1/session.py:844
2019-07-02 07:38:14.245 725 DEBUG novaclient.v2.client [-] REQ: curl -g -i -X DELETE http://172.30.9.35:8774/v2.1/os-quota-sets/0a7ea1efe45c418bbae668f6ecc9ed03 -H "Accept: application/json" -H "User-Agent: python-novaclient" -H "X-Auth-Token: {SHA1}30c935e7608181865b657c7fdf04eea453473618" _http_log_request /usr/lib/python2.7/site-packages/keystoneauth1/session.py:448
2019-07-02 07:38:14.267 725 DEBUG novaclient.v2.client [-] RESP: [202] Content-Length: 0 Content-Type: application/json Date: Tue, 02 Jul 2019 07:38:14 GMT OpenStack-API-Version: compute 2.1 Server: Apache Vary: OpenStack-API-Version,X-OpenStack-Nova-API-Version X-OpenStack-Nova-API-Version: 2.1 x-compute-request-id: req-b5f6debe-a02b-4f10-8566-ea43b6efc04d x-openstack-request-id: req-b5f6debe-a02b-4f10-8566-ea43b6efc04d _http_log_response /usr/lib/python2.7/site-packages/keystoneauth1/session.py:479
2019-07-02 07:38:14.267 725 DEBUG novaclient.v2.client [-] DELETE call to compute for http://172.30.9.35:8774/v2.1/os-quota-sets/0a7ea1efe45c418bbae668f6ecc9ed03 used request id req-b5f6debe-a02b-4f10-8566-ea43b6efc04d request /usr/lib/python2.7/site-packages/keystoneauth1/session.py:844
2019-07-02 07:38:14.268 725 INFO rally.task.context [-] Task 7357a807-c843-484f-9fe9-fd0957be2bd1 | Context quotas@openstack cleanup() finished in 90.66 msec
2019-07-02 07:38:14.268 725 INFO rally.task.context [-] Task 7357a807-c843-484f-9fe9-fd0957be2bd1 | Context users@openstack cleanup() started
2019-07-02 07:38:21.135 725 INFO rally.task.context [-] Task 7357a807-c843-484f-9fe9-fd0957be2bd1 | Context users@openstack cleanup() finished in 6.87 sec
2019-07-02 07:38:22.627 725 INFO rally.task.engine [-] Load duration is: 78.671047
2019-07-02 07:38:22.627 725 INFO rally.task.engine [-] Full runner duration is: 80.575586
2019-07-02 07:38:22.627 725 INFO rally.task.engine [-] Full duration is: 129.036528
2019-07-02 07:38:22.892 725 INFO rally.task.engine [-] Running workload: position = 0 config = { "version": 2, "title": "A cropped version of a bigger task.", "description": "Auto-generated task from a single workload (uuid=fb5f1fc2-2950-4dc8-a070-a8372cea9fcf)", "subtasks": [ { "title": "GlanceImages.create_and_deactivate_image", "description": "Create an image, then deactivate it.", "scenario": { "GlanceImages.create_and_deactivate_image": { "container_format": "bare", "disk_format": "qcow2", "image_location": "/home/opnfv/functest/images/cirros-0.4.0-x86_64-disk.img" } }, "contexts": { "users": { "tenants": 3, "users_per_tenant": 2 } }, "runner": { "constant": { "concurrency": 4, "times": 10 } }, "hooks": [], "sla": { "failure_rate": { "max": 0 } } } ] }
2019-07-02 07:38:22.916 725 RALLYDEBUG rally_openstack.contexts.keystone.users [-] Creating 3 tenants using 20 threads
2019-07-02 07:38:24.674 725 RALLYDEBUG rally_openstack.contexts.keystone.users [-] Creating 6 users using 20 threads
2019-07-02 07:38:27.584 725 INFO rally.task.context [-] Task 7357a807-c843-484f-9fe9-fd0957be2bd1 | Context users@openstack setup() finished in 4.67 sec
2019-07-02 07:38:27.584 725 INFO rally.task.context [-] Task 7357a807-c843-484f-9fe9-fd0957be2bd1 | Context cleanup@openstack setup() finished in 0.03 msec
2019-07-02 07:38:27.592 725 RALLYDEBUG rally.task.runner [-] Starting the constant runner (task UUID: 7357a807-c843-484f-9fe9-fd0957be2bd1). timeout: 0 concurrency: 4 concurrency_per_worker: 1 times: 10 concurrency_overhead: 0 processes_to_start: 4 max_cpu_used: 16
2019-07-02 07:38:27.607 1385 RALLYDEBUG rally.task.runner [-] Starting a worker. concurrency: 1 args: {"container_format": "bare", "disk_format": "qcow2", "image_location": "/home/opnfv/functest/images/cirros-0.4.0-x86_64-disk.img"} times: 10 method_name: run timeout: 0 duration: None cls:
2019-07-02 07:38:27.610 1386 RALLYDEBUG rally.task.runner [-] Starting a worker. concurrency: 1 args: {"container_format": "bare", "disk_format": "qcow2", "image_location": "/home/opnfv/functest/images/cirros-0.4.0-x86_64-disk.img"} times: 10 method_name: run timeout: 0 duration: None cls:
2019-07-02 07:38:27.613 1385 INFO rally.task.runner [-] Task 7357a807-c843-484f-9fe9-fd0957be2bd1 | ITER: 1 START
2019-07-02 07:38:27.613 1387 RALLYDEBUG rally.task.runner [-] Starting a worker. concurrency: 1 args: {"container_format": "bare", "disk_format": "qcow2", "image_location": "/home/opnfv/functest/images/cirros-0.4.0-x86_64-disk.img"} times: 10 method_name: run timeout: 0 duration: None cls:
2019-07-02 07:38:27.616 1388 RALLYDEBUG rally.task.runner [-] Starting a worker. concurrency: 1 args: {"container_format": "bare", "disk_format": "qcow2", "image_location": "/home/opnfv/functest/images/cirros-0.4.0-x86_64-disk.img"} times: 10 method_name: run timeout: 0 duration: None cls:
2019-07-02 07:38:27.617 1386 INFO rally.task.runner [-] Task 7357a807-c843-484f-9fe9-fd0957be2bd1 | ITER: 2 START
2019-07-02 07:38:27.619 1387 INFO rally.task.runner [-] Task 7357a807-c843-484f-9fe9-fd0957be2bd1 | ITER: 3 START
2019-07-02 07:38:27.622 1388 INFO rally.task.runner [-] Task 7357a807-c843-484f-9fe9-fd0957be2bd1 | ITER: 4 START
2019-07-02 07:38:30.861 1385 RALLYDEBUG rally.task.utils [-] Waiting for resource u'ccd68bf9-c597-4342-912a-f65399b9b4b6'. Status changed: NONE => QUEUED in 0.032222032547
2019-07-02 07:38:30.938 1386 RALLYDEBUG rally.task.utils [-] Waiting for resource u'8ce7a094-90e3-4456-884d-574917a61232'. Status changed: NONE => QUEUED in 0.0381760597229
2019-07-02 07:38:30.941 1388 RALLYDEBUG rally.task.utils [-] Waiting for resource u'ef968bfc-97f9-436a-aebf-cec4de4c850b'. Status changed: NONE => QUEUED in 0.0350351333618
2019-07-02 07:38:31.040 1387 RALLYDEBUG rally.task.utils [-] Waiting for resource u'f4bac34c-789d-417c-9e3f-475a4d850ba8'. Status changed: NONE => QUEUED in 0.0617311000824
2019-07-02 07:38:32.157 1385 RALLYDEBUG rally.task.utils [-] Waiting for resource s_rally_fb5f1fc2_X1D0bw2K. Status changed: QUEUED => ACTIVE in 0.0180652141571
2019-07-02 07:38:32.239 1385 INFO rally.task.runner [-] Task 7357a807-c843-484f-9fe9-fd0957be2bd1 | ITER: 1 END: OK
2019-07-02 07:38:32.243 1385 INFO rally.task.runner [-] Task 7357a807-c843-484f-9fe9-fd0957be2bd1 | ITER: 5 START
2019-07-02 07:38:34.018 1388 RALLYDEBUG rally.task.utils [-] Waiting for resource s_rally_fb5f1fc2_FsGdVI4q. Status changed: QUEUED => ACTIVE in 0.0335249900818
2019-07-02 07:38:34.023 1386 RALLYDEBUG rally.task.utils [-] Waiting for resource s_rally_fb5f1fc2_1B94cXf9. Status changed: QUEUED => ACTIVE in 0.0284521579742
2019-07-02 07:38:34.091 1387 RALLYDEBUG rally.task.utils [-] Waiting for resource s_rally_fb5f1fc2_5DH8DmHL. Status changed: QUEUED => ACTIVE in 0.0441060066223
2019-07-02 07:38:34.149 1388 INFO rally.task.runner [-] Task 7357a807-c843-484f-9fe9-fd0957be2bd1 | ITER: 4 END: OK
2019-07-02 07:38:34.151 1386 INFO rally.task.runner [-] Task 7357a807-c843-484f-9fe9-fd0957be2bd1 | ITER: 2 END: OK
2019-07-02 07:38:34.153 1388 INFO rally.task.runner [-] Task 7357a807-c843-484f-9fe9-fd0957be2bd1 | ITER: 6 START
2019-07-02 07:38:34.156 1386 INFO rally.task.runner [-] Task 7357a807-c843-484f-9fe9-fd0957be2bd1 | ITER: 7 START
2019-07-02 07:38:34.166 1387 INFO rally.task.runner [-] Task 7357a807-c843-484f-9fe9-fd0957be2bd1 | ITER: 3 END: OK
2019-07-02 07:38:34.170 1387 INFO rally.task.runner [-] Task 7357a807-c843-484f-9fe9-fd0957be2bd1 | ITER: 8 START
2019-07-02 07:38:35.528 1385 RALLYDEBUG rally.task.utils [-] Waiting for resource u'af64b8d3-644f-4d9e-9f3f-fe05d68711c7'. Status changed: NONE => QUEUED in 0.0266880989075
2019-07-02 07:38:36.135 1385 RALLYDEBUG rally.task.utils [-] Waiting for resource s_rally_fb5f1fc2_R0QP6m4s. Status changed: QUEUED => ACTIVE in 0.0171239376068
2019-07-02 07:38:36.205 1385 INFO rally.task.runner [-] Task 7357a807-c843-484f-9fe9-fd0957be2bd1 | ITER: 5 END: OK
2019-07-02 07:38:36.209 1385 INFO rally.task.runner [-] Task 7357a807-c843-484f-9fe9-fd0957be2bd1 | ITER: 9 START
2019-07-02 07:38:37.334 1388 RALLYDEBUG rally.task.utils [-] Waiting for resource u'7e80110c-cc76-4235-8425-14fd73965609'. Status changed: NONE => QUEUED in 0.028048992157
2019-07-02 07:38:38.155 1387 RALLYDEBUG rally.task.utils [-] Waiting for resource u'82dc5f41-d3aa-4a03-aab7-619ae8d9753b'. Status changed: NONE => QUEUED in 0.736351013184
2019-07-02 07:38:38.161 1386 RALLYDEBUG rally.task.utils [-] Waiting for resource u'a0cbd84a-491f-4ac5-8bbb-415b2dc5324b'. Status changed: NONE => QUEUED in 0.750586986542
2019-07-02 07:38:38.301 1388 RALLYDEBUG rally.task.utils [-] Waiting for resource s_rally_fb5f1fc2_CePfE4JI. Status changed: QUEUED => ACTIVE in 0.0829439163208
2019-07-02 07:38:39.482 1385 RALLYDEBUG rally.task.utils [-] Waiting for resource u'0bead6c4-40cb-4644-bb26-6abfa4992e27'. Status changed: NONE => QUEUED in 0.0283629894257
2019-07-02 07:38:40.248 1388 INFO rally.task.runner [-] Task 7357a807-c843-484f-9fe9-fd0957be2bd1 | ITER: 6 END: OK
2019-07-02 07:38:40.253 1388 INFO rally.task.runner [-] Task 7357a807-c843-484f-9fe9-fd0957be2bd1 | ITER: 10 START
2019-07-02 07:38:40.274 1387 RALLYDEBUG rally.task.utils [-] Waiting for resource s_rally_fb5f1fc2_bkFeDsuG. Status changed: QUEUED => ACTIVE in 0.0227811336517
2019-07-02 07:38:40.291 1385 RALLYDEBUG rally.task.utils [-] Waiting for resource s_rally_fb5f1fc2_y4XUqnoo. Status changed: QUEUED => ACTIVE in 0.024374961853
2019-07-02 07:38:40.336 1386 RALLYDEBUG rally.task.utils [-] Waiting for resource s_rally_fb5f1fc2_pHQOCiP7. Status changed: QUEUED => ACTIVE in 0.0377740859985
2019-07-02 07:38:40.369 1385 INFO rally.task.runner [-] Task 7357a807-c843-484f-9fe9-fd0957be2bd1 | ITER: 9 END: OK
2019-07-02 07:38:40.396 1387 INFO rally.task.runner [-] Task 7357a807-c843-484f-9fe9-fd0957be2bd1 | ITER: 8 END: OK
2019-07-02 07:38:40.413 1386 INFO rally.task.runner [-] Task 7357a807-c843-484f-9fe9-fd0957be2bd1 | ITER: 7 END: OK
2019-07-02 07:38:43.533 1388 RALLYDEBUG rally.task.utils [-] Waiting for resource u'c1932f95-57f7-4bc7-b287-17792cd40dae'. Status changed: NONE => QUEUED in 0.0325000286102
2019-07-02 07:38:44.047 1388 RALLYDEBUG rally.task.utils [-] Waiting for resource s_rally_fb5f1fc2_stGOlMyE. Status changed: QUEUED => ACTIVE in 0.0201661586761
2019-07-02 07:38:44.130 1388 INFO rally.task.runner [-] Task 7357a807-c843-484f-9fe9-fd0957be2bd1 | ITER: 10 END: OK
2019-07-02 07:38:44.156 725 INFO rally.task.context [-] Task 7357a807-c843-484f-9fe9-fd0957be2bd1 | Context cleanup@openstack cleanup() started
2019-07-02 07:38:44.158 725 RALLYDEBUG rally_openstack.cleanup.manager [-] Cleaning up glance images objects
2019-07-02 07:38:46.607 725 RALLYDEBUG rally_openstack.cleanup.manager [-] Deleting glance.images object s_rally_fb5f1fc2_R0QP6m4s (af64b8d3-644f-4d9e-9f3f-fe05d68711c7)
2019-07-02 07:38:46.607 725 RALLYDEBUG rally_openstack.cleanup.manager [-] Deleting glance.images object s_rally_fb5f1fc2_FsGdVI4q (ef968bfc-97f9-436a-aebf-cec4de4c850b)
2019-07-02 07:38:46.610 725 RALLYDEBUG rally_openstack.cleanup.manager [-] Deleting glance.images object s_rally_fb5f1fc2_5DH8DmHL (f4bac34c-789d-417c-9e3f-475a4d850ba8)
2019-07-02 07:38:46.614 725 RALLYDEBUG rally_openstack.cleanup.manager [-] Deleting glance.images object s_rally_fb5f1fc2_bkFeDsuG (82dc5f41-d3aa-4a03-aab7-619ae8d9753b)
2019-07-02 07:38:46.614 725 RALLYDEBUG rally_openstack.cleanup.manager [-] Deleting glance.images object s_rally_fb5f1fc2_CePfE4JI (7e80110c-cc76-4235-8425-14fd73965609)
2019-07-02 07:38:46.616 725 RALLYDEBUG rally_openstack.cleanup.manager [-] Deleting glance.images object s_rally_fb5f1fc2_pHQOCiP7 (a0cbd84a-491f-4ac5-8bbb-415b2dc5324b)
2019-07-02 07:38:46.629 725 RALLYDEBUG rally_openstack.cleanup.manager [-] Deleting glance.images object s_rally_fb5f1fc2_1B94cXf9 (8ce7a094-90e3-4456-884d-574917a61232)
2019-07-02 07:38:46.631 725 RALLYDEBUG rally_openstack.cleanup.manager [-] Deleting glance.images object s_rally_fb5f1fc2_y4XUqnoo (0bead6c4-40cb-4644-bb26-6abfa4992e27)
2019-07-02 07:38:46.634 725 RALLYDEBUG rally_openstack.cleanup.manager [-] Deleting glance.images object s_rally_fb5f1fc2_stGOlMyE (c1932f95-57f7-4bc7-b287-17792cd40dae)
2019-07-02 07:38:46.639 725 RALLYDEBUG rally_openstack.cleanup.manager [-] Deleting glance.images object s_rally_fb5f1fc2_X1D0bw2K (ccd68bf9-c597-4342-912a-f65399b9b4b6)
2019-07-02 07:38:48.291 725 DEBUG glanceclient.common.http [-] Request returned failure status 404. _handle_response /usr/lib/python2.7/site-packages/glanceclient/common/http.py:125
2019-07-02 07:38:48.307 725 DEBUG glanceclient.common.http [-] Request returned failure status 404. _handle_response /usr/lib/python2.7/site-packages/glanceclient/common/http.py:125
2019-07-02 07:38:48.310 725 DEBUG glanceclient.common.http [-] Request returned failure status 404. _handle_response /usr/lib/python2.7/site-packages/glanceclient/common/http.py:125
2019-07-02 07:38:48.330 725 DEBUG glanceclient.common.http [-] Request returned failure status 404. _handle_response /usr/lib/python2.7/site-packages/glanceclient/common/http.py:125
2019-07-02 07:38:48.332 725 DEBUG glanceclient.common.http [-] Request returned failure status 404. _handle_response /usr/lib/python2.7/site-packages/glanceclient/common/http.py:125
2019-07-02 07:38:48.335 725 DEBUG glanceclient.common.http [-] Request returned failure status 404. _handle_response /usr/lib/python2.7/site-packages/glanceclient/common/http.py:125
2019-07-02 07:38:48.335 725 DEBUG glanceclient.common.http [-] Request returned failure status 404. _handle_response /usr/lib/python2.7/site-packages/glanceclient/common/http.py:125
2019-07-02 07:38:48.363 725 DEBUG glanceclient.common.http [-] Request returned failure status 404. _handle_response /usr/lib/python2.7/site-packages/glanceclient/common/http.py:125
2019-07-02 07:38:48.364 725 DEBUG glanceclient.common.http [-] Request returned failure status 404. _handle_response /usr/lib/python2.7/site-packages/glanceclient/common/http.py:125
2019-07-02 07:38:48.366 725 DEBUG glanceclient.common.http [-] Request returned failure status 404. _handle_response /usr/lib/python2.7/site-packages/glanceclient/common/http.py:125
2019-07-02 07:38:49.154 725 DEBUG glanceclient.common.http [-] Request returned failure status 404. _handle_response /usr/lib/python2.7/site-packages/glanceclient/common/http.py:125
2019-07-02 07:38:49.171 725 DEBUG glanceclient.common.http [-] Request returned failure status 404. _handle_response /usr/lib/python2.7/site-packages/glanceclient/common/http.py:125
2019-07-02 07:38:49.174 725 DEBUG glanceclient.common.http [-] Request returned failure status 404. _handle_response /usr/lib/python2.7/site-packages/glanceclient/common/http.py:125
2019-07-02 07:38:49.189 725 DEBUG glanceclient.common.http [-] Request returned failure status 404. _handle_response /usr/lib/python2.7/site-packages/glanceclient/common/http.py:125
2019-07-02 07:38:50.141 725 DEBUG glanceclient.common.http [-] Request returned failure status 404. _handle_response /usr/lib/python2.7/site-packages/glanceclient/common/http.py:125
2019-07-02 07:38:50.159 725 DEBUG glanceclient.common.http [-] Request returned failure status 404. _handle_response /usr/lib/python2.7/site-packages/glanceclient/common/http.py:125
2019-07-02 07:38:50.214 725 DEBUG glanceclient.common.http [-] Request returned failure status 404. _handle_response /usr/lib/python2.7/site-packages/glanceclient/common/http.py:125
2019-07-02 07:38:50.237 725 DEBUG glanceclient.common.http [-] Request returned failure status 404. _handle_response /usr/lib/python2.7/site-packages/glanceclient/common/http.py:125
2019-07-02 07:38:50.239 725 DEBUG glanceclient.common.http [-] Request returned failure status 404. _handle_response /usr/lib/python2.7/site-packages/glanceclient/common/http.py:125
2019-07-02 07:38:50.251 725 DEBUG glanceclient.common.http [-] Request returned failure status 404. _handle_response /usr/lib/python2.7/site-packages/glanceclient/common/http.py:125
2019-07-02 07:38:51.253 725 INFO rally.task.context [-] Task 7357a807-c843-484f-9fe9-fd0957be2bd1 | Context cleanup@openstack cleanup() finished in 7.10 sec
2019-07-02 07:38:51.254 725 INFO rally.task.context [-] Task 7357a807-c843-484f-9fe9-fd0957be2bd1 | Context users@openstack cleanup() started
2019-07-02 07:38:58.596 725 INFO rally.task.context [-] Task 7357a807-c843-484f-9fe9-fd0957be2bd1 | Context users@openstack cleanup() finished in 7.34 sec
2019-07-02 07:38:59.114 725 INFO rally.task.engine [-] Load duration is: 15.672555
2019-07-02 07:38:59.114 725 INFO rally.task.engine [-] Full runner duration is: 16.56426
2019-07-02 07:38:59.114 725 INFO rally.task.engine [-] Full duration is: 35.683695
2019-07-02 07:38:59.336 725 INFO rally.task.engine [-] Running workload: position = 0 config = { "version": 2, "title": "A cropped version of a bigger task.", "description": "Auto-generated task from a single workload (uuid=df15960e-551c-47e5-a619-9177066d52d1)", "subtasks": [ { "title": "GlanceImages.create_and_download_image", "description": "Create an image, then download data of the image.", "scenario": { "GlanceImages.create_and_download_image": { "container_format": "bare", "disk_format": "qcow2", "image_location": "/home/opnfv/functest/images/cirros-0.4.0-x86_64-disk.img" } }, "contexts": { "users": { "tenants": 3, "users_per_tenant": 2 } }, "runner": { "constant": { "concurrency": 4, "times": 10 } }, "hooks": [], "sla": { "failure_rate": { "max": 0 } } } ] }
2019-07-02 07:38:59.359 725 RALLYDEBUG rally_openstack.contexts.keystone.users [-] Creating 3 tenants using 20 threads
2019-07-02 07:39:01.144 725 RALLYDEBUG rally_openstack.contexts.keystone.users [-] Creating 6 users using 20 threads
2019-07-02 07:39:03.855 725 INFO rally.task.context [-] Task 7357a807-c843-484f-9fe9-fd0957be2bd1 | Context users@openstack setup() finished in 4.50 sec
2019-07-02 07:39:03.855 725 INFO rally.task.context [-] Task 7357a807-c843-484f-9fe9-fd0957be2bd1 | Context cleanup@openstack setup() finished in 0.01 msec
2019-07-02 07:39:03.862 725 RALLYDEBUG rally.task.runner [-] Starting the constant runner (task UUID: 7357a807-c843-484f-9fe9-fd0957be2bd1). timeout: 0 concurrency: 4 concurrency_per_worker: 1 times: 10 concurrency_overhead: 0 processes_to_start: 4 max_cpu_used: 16
2019-07-02 07:39:03.875 1509 RALLYDEBUG rally.task.runner [-] Starting a worker. concurrency: 1 args: {"container_format": "bare", "disk_format": "qcow2", "image_location": "/home/opnfv/functest/images/cirros-0.4.0-x86_64-disk.img"} times: 10 method_name: run timeout: 0 duration: None cls:
2019-07-02 07:39:03.880 1510 RALLYDEBUG rally.task.runner [-] Starting a worker. concurrency: 1 args: {"container_format": "bare", "disk_format": "qcow2", "image_location": "/home/opnfv/functest/images/cirros-0.4.0-x86_64-disk.img"} times: 10 method_name: run timeout: 0 duration: None cls:
2019-07-02 07:39:03.881 1509 INFO rally.task.runner [-] Task 7357a807-c843-484f-9fe9-fd0957be2bd1 | ITER: 1 START
2019-07-02 07:39:03.881 1511 RALLYDEBUG rally.task.runner [-] Starting a worker. concurrency: 1 args: {"container_format": "bare", "disk_format": "qcow2", "image_location": "/home/opnfv/functest/images/cirros-0.4.0-x86_64-disk.img"} times: 10 method_name: run timeout: 0 duration: None cls:
2019-07-02 07:39:03.884 1512 RALLYDEBUG rally.task.runner [-] Starting a worker. concurrency: 1 args: {"container_format": "bare", "disk_format": "qcow2", "image_location": "/home/opnfv/functest/images/cirros-0.4.0-x86_64-disk.img"} times: 10 method_name: run timeout: 0 duration: None cls:
2019-07-02 07:39:03.887 1511 INFO rally.task.runner [-] Task 7357a807-c843-484f-9fe9-fd0957be2bd1 | ITER: 3 START
2019-07-02 07:39:03.887 1510 INFO rally.task.runner [-] Task 7357a807-c843-484f-9fe9-fd0957be2bd1 | ITER: 2 START
2019-07-02 07:39:03.890 1512 INFO rally.task.runner [-] Task 7357a807-c843-484f-9fe9-fd0957be2bd1 | ITER: 4 START
2019-07-02 07:39:07.223 1509 RALLYDEBUG rally.task.utils [-] Waiting for resource u'61c6f3b6-084e-4736-ae47-7e5cff364f27'. Status changed: NONE => QUEUED in 0.0306949615479
2019-07-02 07:39:07.265 1512 RALLYDEBUG rally.task.utils [-] Waiting for resource u'63a1d4b9-b54a-4e8a-a231-16913aa74b59'. Status changed: NONE => QUEUED in 0.0514719486237
2019-07-02 07:39:07.269 1510 RALLYDEBUG rally.task.utils [-] Waiting for resource u'a9792163-0372-40d2-aff0-4878a857f926'. Status changed: NONE => QUEUED in 0.0529639720917
2019-07-02 07:39:07.273 1511 RALLYDEBUG rally.task.utils [-] Waiting for resource u'627b63f3-6460-4d11-8a0e-0d1709fa967e'. Status changed: NONE => QUEUED in 0.0568540096283
2019-07-02 07:39:07.956 1509 RALLYDEBUG rally.task.utils [-] Waiting for resource s_rally_df15960e_2hZrqTl9. Status changed: QUEUED => ACTIVE in 0.0195031166077
2019-07-02 07:39:08.116 1509 INFO rally.task.runner [-] Task 7357a807-c843-484f-9fe9-fd0957be2bd1 | ITER: 1 END: OK
2019-07-02 07:39:08.119 1509 INFO rally.task.runner [-] Task 7357a807-c843-484f-9fe9-fd0957be2bd1 | ITER: 5 START
2019-07-02 07:39:10.064 1511 RALLYDEBUG rally.task.utils [-] Waiting for resource s_rally_df15960e_JGaX26kK. Status changed: QUEUED => ACTIVE in 0.0257799625397
2019-07-02 07:39:10.120 1512 RALLYDEBUG rally.task.utils [-] Waiting for resource s_rally_df15960e_9DrSsOyk. Status changed: QUEUED => ACTIVE in 0.0581080913544
2019-07-02 07:39:10.273 1511 INFO rally.task.runner [-] Task 7357a807-c843-484f-9fe9-fd0957be2bd1 | ITER: 3 END: OK
2019-07-02 07:39:10.277 1511 INFO rally.task.runner [-] Task 7357a807-c843-484f-9fe9-fd0957be2bd1 | ITER: 6 START
2019-07-02 07:39:10.289 1510 RALLYDEBUG rally.task.utils [-] Waiting for resource s_rally_df15960e_qtQLVAKw. Status changed: QUEUED => ACTIVE in 0.146801948547
2019-07-02 07:39:10.416 1512 INFO rally.task.runner [-] Task 7357a807-c843-484f-9fe9-fd0957be2bd1 | ITER: 4 END: OK
2019-07-02 07:39:10.420 1512 INFO rally.task.runner [-] Task 7357a807-c843-484f-9fe9-fd0957be2bd1 | ITER: 7 START
2019-07-02 07:39:10.544 1510 INFO rally.task.runner [-] Task 7357a807-c843-484f-9fe9-fd0957be2bd1 | ITER: 2 END: OK
2019-07-02 07:39:10.549 1510 INFO rally.task.runner [-] Task 7357a807-c843-484f-9fe9-fd0957be2bd1 | ITER: 8 START
2019-07-02 07:39:11.452 1509 RALLYDEBUG rally.task.utils [-] Waiting for resource u'327d519a-b34f-4647-bb98-330021c4b6f7'. Status changed: NONE => QUEUED in 0.0278258323669
2019-07-02 07:39:12.174 1509 RALLYDEBUG rally.task.utils [-] Waiting for resource s_rally_df15960e_mcbkzP5k. Status changed: QUEUED => ACTIVE in 0.0274918079376
2019-07-02 07:39:12.318 1509 INFO rally.task.runner [-] Task 7357a807-c843-484f-9fe9-fd0957be2bd1 | ITER: 5 END: OK
2019-07-02 07:39:12.321 1509 INFO rally.task.runner [-] Task 7357a807-c843-484f-9fe9-fd0957be2bd1 | ITER: 9 START
2019-07-02 07:39:13.444 1511 RALLYDEBUG rally.task.utils [-] Waiting for resource u'454ee2db-63c5-4b5c-99a3-9c2be2ddce9f'. Status changed: NONE => QUEUED in 0.0351188182831
2019-07-02 07:39:13.604 1512 RALLYDEBUG rally.task.utils [-] Waiting for resource u'9fd04dd1-5207-4de9-88fd-b7ed1746812b'. Status changed: NONE => QUEUED in 0.0281670093536
2019-07-02 07:39:14.249 1510 RALLYDEBUG rally.task.utils [-] Waiting for resource u'1b0dcde0-8daf-4cb9-8940-202d1e86aba4'. Status changed: NONE => QUEUED in 0.0295250415802
2019-07-02 07:39:14.343 1511 RALLYDEBUG rally.task.utils [-] Waiting for resource s_rally_df15960e_NNaZGovM. Status changed: QUEUED => ACTIVE in 0.0175521373749
2019-07-02 07:39:14.667 1511 INFO rally.task.runner [-] Task 7357a807-c843-484f-9fe9-fd0957be2bd1 | ITER: 6 END: OK
2019-07-02 07:39:14.671 1511 INFO rally.task.runner [-] Task 7357a807-c843-484f-9fe9-fd0957be2bd1 | ITER: 10 START
2019-07-02 07:39:15.373 1512 RALLYDEBUG rally.task.utils [-] Waiting for resource s_rally_df15960e_B9GiPcvm. Status changed: QUEUED => ACTIVE in 0.0194082260132
2019-07-02 07:39:15.374 1510 RALLYDEBUG rally.task.utils [-] Waiting for resource s_rally_df15960e_A3OEraa5. Status changed: QUEUED => ACTIVE in 0.0205180644989
2019-07-02 07:39:15.545 1512 INFO rally.task.runner [-] Task 7357a807-c843-484f-9fe9-fd0957be2bd1 | ITER: 7 END: OK
2019-07-02 07:39:15.556 1510 INFO rally.task.runner [-] Task 7357a807-c843-484f-9fe9-fd0957be2bd1 | ITER: 8 END: OK
2019-07-02 07:39:15.676 1509 RALLYDEBUG rally.task.utils [-] Waiting for resource u'7c427897-e2c2-46d2-8c84-4b950bc32344'. Status changed: NONE => QUEUED in 0.027811050415
2019-07-02 07:39:16.408 1509 RALLYDEBUG rally.task.utils [-] Waiting for resource s_rally_df15960e_AZ52WBQQ. Status changed: QUEUED => ACTIVE in 0.0189218521118
2019-07-02 07:39:16.553 1509 INFO rally.task.runner [-] Task 7357a807-c843-484f-9fe9-fd0957be2bd1 | ITER: 9 END: OK
2019-07-02 07:39:17.927 1511 RALLYDEBUG rally.task.utils [-] Waiting for resource u'2c749358-f43d-4ccd-809b-6f8a3b826bfd'. Status changed: NONE => QUEUED in 0.0306940078735
2019-07-02 07:39:18.561 1511 RALLYDEBUG rally.task.utils [-] Waiting for resource s_rally_df15960e_kgKiIAn2. Status changed: QUEUED => ACTIVE in 0.0173239707947
2019-07-02 07:39:18.712 1511 INFO rally.task.runner [-] Task 7357a807-c843-484f-9fe9-fd0957be2bd1 | ITER: 10 END: OK
2019-07-02 07:39:18.736 725 INFO rally.task.context [-] Task 7357a807-c843-484f-9fe9-fd0957be2bd1 | Context cleanup@openstack cleanup() started
2019-07-02 07:39:18.738 725 RALLYDEBUG rally_openstack.cleanup.manager [-] Cleaning up glance images objects
2019-07-02 07:39:21.009 725 RALLYDEBUG rally_openstack.cleanup.manager [-] Deleting glance.images object s_rally_df15960e_kgKiIAn2 (2c749358-f43d-4ccd-809b-6f8a3b826bfd)
2019-07-02 07:39:21.012 725 RALLYDEBUG rally_openstack.cleanup.manager [-] Deleting glance.images object s_rally_df15960e_AZ52WBQQ (7c427897-e2c2-46d2-8c84-4b950bc32344)
2019-07-02 07:39:21.020 725 RALLYDEBUG rally_openstack.cleanup.manager [-] Deleting glance.images object s_rally_df15960e_JGaX26kK (627b63f3-6460-4d11-8a0e-0d1709fa967e)
2019-07-02 07:39:21.025 725 RALLYDEBUG rally_openstack.cleanup.manager [-] Deleting glance.images object s_rally_df15960e_2hZrqTl9 (61c6f3b6-084e-4736-ae47-7e5cff364f27)
2019-07-02 07:39:21.026 725 RALLYDEBUG rally_openstack.cleanup.manager [-] Deleting glance.images object s_rally_df15960e_NNaZGovM (454ee2db-63c5-4b5c-99a3-9c2be2ddce9f)
2019-07-02 07:39:21.027 725 RALLYDEBUG rally_openstack.cleanup.manager [-] Deleting glance.images object s_rally_df15960e_qtQLVAKw (a9792163-0372-40d2-aff0-4878a857f926)
2019-07-02 07:39:21.027 725 RALLYDEBUG rally_openstack.cleanup.manager [-] Deleting glance.images object s_rally_df15960e_A3OEraa5 (1b0dcde0-8daf-4cb9-8940-202d1e86aba4)
2019-07-02 07:39:21.030 725 RALLYDEBUG rally_openstack.cleanup.manager [-] Deleting glance.images object s_rally_df15960e_mcbkzP5k (327d519a-b34f-4647-bb98-330021c4b6f7)
2019-07-02 07:39:21.032 725 RALLYDEBUG rally_openstack.cleanup.manager [-] Deleting glance.images object s_rally_df15960e_B9GiPcvm (9fd04dd1-5207-4de9-88fd-b7ed1746812b)
2019-07-02 07:39:21.043 725 RALLYDEBUG rally_openstack.cleanup.manager [-] Deleting glance.images object s_rally_df15960e_9DrSsOyk (63a1d4b9-b54a-4e8a-a231-16913aa74b59)
2019-07-02 07:39:22.152 725 DEBUG glanceclient.common.http [-] Request returned failure status 404. _handle_response /usr/lib/python2.7/site-packages/glanceclient/common/http.py:125
2019-07-02 07:39:22.164 725 DEBUG glanceclient.common.http [-] Request returned failure status 404. _handle_response /usr/lib/python2.7/site-packages/glanceclient/common/http.py:125
2019-07-02 07:39:23.248 725 DEBUG glanceclient.common.http [-] Request returned failure status 404. _handle_response /usr/lib/python2.7/site-packages/glanceclient/common/http.py:125
2019-07-02 07:39:23.259 725 DEBUG glanceclient.common.http [-] Request returned failure status 404. _handle_response /usr/lib/python2.7/site-packages/glanceclient/common/http.py:125
2019-07-02 07:39:23.267 725 DEBUG glanceclient.common.http [-] Request returned failure status 404. _handle_response /usr/lib/python2.7/site-packages/glanceclient/common/http.py:125
2019-07-02 07:39:23.280 725 DEBUG glanceclient.common.http [-] Request returned failure status 404. _handle_response /usr/lib/python2.7/site-packages/glanceclient/common/http.py:125
2019-07-02 07:39:23.284 725 DEBUG glanceclient.common.http [-] Request returned failure status 404. _handle_response /usr/lib/python2.7/site-packages/glanceclient/common/http.py:125
2019-07-02 07:39:23.293 725 DEBUG glanceclient.common.http [-] Request returned failure status 404. _handle_response /usr/lib/python2.7/site-packages/glanceclient/common/http.py:125
2019-07-02 07:39:23.306 725 DEBUG glanceclient.common.http [-] Request returned failure status 404. _handle_response /usr/lib/python2.7/site-packages/glanceclient/common/http.py:125
2019-07-02 07:39:23.383 725 DEBUG glanceclient.common.http [-] Request returned failure status 404. _handle_response /usr/lib/python2.7/site-packages/glanceclient/common/http.py:125
2019-07-02 07:39:26.458 725 DEBUG glanceclient.common.http [-] Request returned failure status 404. _handle_response /usr/lib/python2.7/site-packages/glanceclient/common/http.py:125
2019-07-02 07:39:26.491 725 DEBUG glanceclient.common.http [-] Request returned failure status 404. _handle_response /usr/lib/python2.7/site-packages/glanceclient/common/http.py:125
2019-07-02 07:39:26.497 725 DEBUG glanceclient.common.http [-] Request returned failure status 404. _handle_response /usr/lib/python2.7/site-packages/glanceclient/common/http.py:125
2019-07-02 07:39:26.521 725 DEBUG glanceclient.common.http [-] Request returned failure status 404. _handle_response /usr/lib/python2.7/site-packages/glanceclient/common/http.py:125
2019-07-02 07:39:26.561 725 DEBUG glanceclient.common.http [-] Request returned failure status 404. _handle_response /usr/lib/python2.7/site-packages/glanceclient/common/http.py:125
2019-07-02 07:39:26.585 725 DEBUG glanceclient.common.http [-] Request returned failure status 404. _handle_response /usr/lib/python2.7/site-packages/glanceclient/common/http.py:125
2019-07-02 07:39:26.587 725 DEBUG glanceclient.common.http [-] Request returned failure status 404. _handle_response /usr/lib/python2.7/site-packages/glanceclient/common/http.py:125
2019-07-02 07:39:26.610 725 DEBUG glanceclient.common.http [-] Request returned failure status 404. _handle_response /usr/lib/python2.7/site-packages/glanceclient/common/http.py:125
2019-07-02 07:39:26.611 725 DEBUG glanceclient.common.http [-] Request returned failure status 404. _handle_response /usr/lib/python2.7/site-packages/glanceclient/common/http.py:125
2019-07-02 07:39:26.624 725 DEBUG glanceclient.common.http [-] Request returned failure status 404. _handle_response /usr/lib/python2.7/site-packages/glanceclient/common/http.py:125
2019-07-02 07:39:27.627 725 INFO rally.task.context [-] Task 7357a807-c843-484f-9fe9-fd0957be2bd1 | Context cleanup@openstack cleanup() finished in 8.89 sec
2019-07-02 07:39:27.628 725 INFO rally.task.context [-] Task 7357a807-c843-484f-9fe9-fd0957be2bd1 | Context users@openstack cleanup() started
2019-07-02 07:39:34.458 725 INFO rally.task.context [-] Task 7357a807-c843-484f-9fe9-fd0957be2bd1 | Context users@openstack cleanup() finished in 6.83 sec
2019-07-02 07:39:35.539 725 INFO rally.task.engine [-] Load duration is: 13.941091
2019-07-02 07:39:35.539 725 INFO rally.task.engine [-] Full runner duration is: 14.873616
2019-07-02 07:39:35.540 725 INFO rally.task.engine [-] Full duration is: 35.102108
2019-07-02 07:39:35.768 725 INFO rally.task.engine [-] Running workload: position = 0 config = { "version": 2, "title": "A cropped version of a bigger task.", "description": "Auto-generated task from a single workload (uuid=987410c5-8bac-4e52-b8cc-5b9665b3c32f)", "subtasks": [ { "title": "GlanceImages.create_and_get_image", "description": "Create and get detailed information of an image.", "scenario": { "GlanceImages.create_and_get_image": { "container_format": "bare", "disk_format": "qcow2", "image_location": "/home/opnfv/functest/images/cirros-0.4.0-x86_64-disk.img" } }, "contexts": { "users": { "tenants": 3, "users_per_tenant": 2 } }, "runner": { "constant": { "concurrency": 4, "times": 10 } }, "hooks": [], "sla": { "failure_rate": { "max": 0 } } } ] }
2019-07-02 07:39:35.791 725 RALLYDEBUG rally_openstack.contexts.keystone.users [-] Creating 3 tenants using 20 threads
2019-07-02 07:39:37.564 725 RALLYDEBUG rally_openstack.contexts.keystone.users [-] Creating 6 users using 20 threads
2019-07-02 07:39:40.419 725 INFO rally.task.context [-] Task 7357a807-c843-484f-9fe9-fd0957be2bd1 | Context users@openstack setup() finished in 4.63 sec
2019-07-02 07:39:40.419 725 INFO rally.task.context [-] Task 7357a807-c843-484f-9fe9-fd0957be2bd1 | Context cleanup@openstack setup() finished in 0.01 msec
2019-07-02 07:39:40.427 725 RALLYDEBUG rally.task.runner [-] Starting the constant runner (task UUID: 7357a807-c843-484f-9fe9-fd0957be2bd1). timeout: 0 concurrency: 4 concurrency_per_worker: 1 times: 10 concurrency_overhead: 0 processes_to_start: 4 max_cpu_used: 16
2019-07-02 07:39:40.441 1633 RALLYDEBUG rally.task.runner [-] Starting a worker. concurrency: 1 args: {"container_format": "bare", "disk_format": "qcow2", "image_location": "/home/opnfv/functest/images/cirros-0.4.0-x86_64-disk.img"} times: 10 method_name: run timeout: 0 duration: None cls:
2019-07-02 07:39:40.444 1634 RALLYDEBUG rally.task.runner [-] Starting a worker. concurrency: 1 args: {"container_format": "bare", "disk_format": "qcow2", "image_location": "/home/opnfv/functest/images/cirros-0.4.0-x86_64-disk.img"} times: 10 method_name: run timeout: 0 duration: None cls:
2019-07-02 07:39:40.447 1633 INFO rally.task.runner [-] Task 7357a807-c843-484f-9fe9-fd0957be2bd1 | ITER: 1 START
2019-07-02 07:39:40.447 1635 RALLYDEBUG rally.task.runner [-] Starting a worker. concurrency: 1 args: {"container_format": "bare", "disk_format": "qcow2", "image_location": "/home/opnfv/functest/images/cirros-0.4.0-x86_64-disk.img"} times: 10 method_name: run timeout: 0 duration: None cls:
2019-07-02 07:39:40.450 1634 INFO rally.task.runner [-] Task 7357a807-c843-484f-9fe9-fd0957be2bd1 | ITER: 2 START
2019-07-02 07:39:40.449 1636 RALLYDEBUG rally.task.runner [-] Starting a worker. concurrency: 1 args: {"container_format": "bare", "disk_format": "qcow2", "image_location": "/home/opnfv/functest/images/cirros-0.4.0-x86_64-disk.img"} times: 10 method_name: run timeout: 0 duration: None cls:
2019-07-02 07:39:40.453 1635 INFO rally.task.runner [-] Task 7357a807-c843-484f-9fe9-fd0957be2bd1 | ITER: 3 START
2019-07-02 07:39:40.455 1636 INFO rally.task.runner [-] Task 7357a807-c843-484f-9fe9-fd0957be2bd1 | ITER: 4 START
2019-07-02 07:39:43.681 1636 RALLYDEBUG rally.task.utils [-] Waiting for resource u'1f700c01-5aed-45ce-b5fe-73214aa4eec7'. Status changed: NONE => QUEUED in 0.0315089225769
2019-07-02 07:39:43.720 1633 RALLYDEBUG rally.task.utils [-] Waiting for resource u'ecdfebdb-73b8-41fb-a7ac-db8acebc1414'. Status changed: NONE => QUEUED in 0.0279760360718
2019-07-02 07:39:43.731 1634 RALLYDEBUG rally.task.utils [-] Waiting for resource u'f32381c1-38a0-4a7d-8f7c-d2a987d31620'. Status changed: NONE => QUEUED in 0.030277967453
2019-07-02 07:39:43.736 1635 RALLYDEBUG rally.task.utils [-] Waiting for resource u'80ca59f1-750c-43b3-861c-41f5b52aa4be'. Status changed: NONE => QUEUED in 0.031790971756
2019-07-02 07:39:44.458 1636 RALLYDEBUG rally.task.utils [-] Waiting for resource s_rally_987410c5_Cl7Qfe9W. Status changed: QUEUED => ACTIVE in 0.0166351795197
2019-07-02 07:39:44.474 1636 INFO rally.task.runner [-] Task 7357a807-c843-484f-9fe9-fd0957be2bd1 | ITER: 4 END: OK
2019-07-02 07:39:44.479 1636 INFO rally.task.runner [-] Task 7357a807-c843-484f-9fe9-fd0957be2bd1 | ITER: 5 START
2019-07-02 07:39:45.368 1635 RALLYDEBUG rally.task.utils [-] Waiting for resource s_rally_987410c5_UPSZm4Xj. Status changed: QUEUED => ACTIVE in 0.025927066803
2019-07-02 07:39:45.371 1633 RALLYDEBUG rally.task.utils [-] Waiting for resource s_rally_987410c5_PZx6KZt8. Status changed: QUEUED => ACTIVE in 0.0240859985352
2019-07-02 07:39:45.373 1634 RALLYDEBUG rally.task.utils [-] Waiting for resource s_rally_987410c5_uxMux89m. Status changed: QUEUED => ACTIVE in 0.0237081050873
2019-07-02 07:39:45.387 1635 INFO rally.task.runner [-] Task 7357a807-c843-484f-9fe9-fd0957be2bd1 | ITER: 3 END: OK
2019-07-02 07:39:45.391 1635 INFO rally.task.runner [-] Task 7357a807-c843-484f-9fe9-fd0957be2bd1 | ITER: 6 START
2019-07-02 07:39:45.392 1633 INFO rally.task.runner [-] Task 7357a807-c843-484f-9fe9-fd0957be2bd1 | ITER: 1 END: OK
2019-07-02 07:39:45.393 1634 INFO rally.task.runner [-] Task 7357a807-c843-484f-9fe9-fd0957be2bd1 | ITER: 2 END: OK
2019-07-02 07:39:45.395 1633 INFO rally.task.runner [-] Task 7357a807-c843-484f-9fe9-fd0957be2bd1 | ITER: 7 START
2019-07-02 07:39:45.397 1634 INFO rally.task.runner [-] Task 7357a807-c843-484f-9fe9-fd0957be2bd1 | ITER: 8 START
2019-07-02 07:39:47.775 1636 RALLYDEBUG rally.task.utils [-] Waiting for resource u'd7c1a9bc-c77e-4fb8-9086-800505db57a3'. Status changed: NONE => QUEUED in 0.0324289798737
2019-07-02 07:39:48.416 1636 RALLYDEBUG rally.task.utils [-] Waiting for resource s_rally_987410c5_PYIuL2VX. Status changed: QUEUED => ACTIVE in 0.0180659294128
2019-07-02 07:39:48.435 1636 INFO rally.task.runner [-] Task 7357a807-c843-484f-9fe9-fd0957be2bd1 | ITER: 5 END: OK
2019-07-02 07:39:48.438 1636 INFO rally.task.runner [-] Task 7357a807-c843-484f-9fe9-fd0957be2bd1 | ITER: 9 START
2019-07-02 07:39:48.642 1633 RALLYDEBUG rally.task.utils [-] Waiting for resource u'69838189-4c7c-437a-8f9d-ca65649b60ee'. Status changed: NONE => QUEUED in 0.0260808467865
2019-07-02 07:39:48.749 1635 RALLYDEBUG rally.task.utils [-] Waiting for resource u'b42e11c1-f25b-47e6-8d5c-10e6247274ea'. Status changed: NONE => QUEUED in 0.0434811115265
2019-07-02 07:39:48.754 1634 RALLYDEBUG rally.task.utils [-] Waiting for resource u'59322367-5e8d-4725-a93f-0a56d59a00ef'. Status changed: NONE => QUEUED in 0.0456259250641
2019-07-02 07:39:49.466 1633 RALLYDEBUG rally.task.utils [-] Waiting for resource s_rally_987410c5_tZXFjrSD. Status changed: QUEUED => ACTIVE in 0.0220279693604
2019-07-02 07:39:49.493 1633 INFO rally.task.runner [-] Task 7357a807-c843-484f-9fe9-fd0957be2bd1 | ITER: 7 END: OK
2019-07-02 07:39:49.497 1633 INFO rally.task.runner [-] Task 7357a807-c843-484f-9fe9-fd0957be2bd1 | ITER: 10 START
2019-07-02 07:39:50.487 1635 RALLYDEBUG rally.task.utils [-] Waiting for resource s_rally_987410c5_FMFU41Ma. Status changed: QUEUED => ACTIVE in 0.024307012558
2019-07-02 07:39:50.517 1635 INFO rally.task.runner [-] Task 7357a807-c843-484f-9fe9-fd0957be2bd1 | ITER: 6 END: OK
2019-07-02 07:39:50.519 1634 RALLYDEBUG rally.task.utils [-] Waiting for resource s_rally_987410c5_wfTRmbFO. Status changed: QUEUED => ACTIVE in 0.0262551307678
2019-07-02 07:39:50.537 1634 INFO rally.task.runner [-] Task 7357a807-c843-484f-9fe9-fd0957be2bd1 | ITER: 8 END: OK
2019-07-02 07:39:51.663 1636 RALLYDEBUG rally.task.utils [-] Waiting for resource u'9fc65843-7010-4b02-8826-85ac4d26b8f9'. Status changed: NONE => QUEUED in 0.0280010700226
2019-07-02 07:39:52.586 1636 RALLYDEBUG rally.task.utils [-] Waiting for resource s_rally_987410c5_mcxgQtL7. Status changed: QUEUED => ACTIVE in 0.0167009830475
2019-07-02 07:39:52.603 1636 INFO rally.task.runner [-] Task 7357a807-c843-484f-9fe9-fd0957be2bd1 | ITER: 9 END: OK
2019-07-02 07:39:52.760 1633 RALLYDEBUG rally.task.utils [-] Waiting for resource u'd41c0813-5895-4cec-a51c-c2a1ff194f9d'. Status changed: NONE => QUEUED in 0.0237250328064
