2019-07-02 07:58:47.508 4722 INFO rally.task.runner [-] Task 3e861066-b635-4799-96df-d62059ef8c4e | ITER: 1 END: OK
2019-07-02 07:58:47.514 4722 INFO rally.task.runner [-] Task 3e861066-b635-4799-96df-d62059ef8c4e | ITER: 7 START
2019-07-02 07:58:47.541 4724 INFO rally.task.runner [-] Task 3e861066-b635-4799-96df-d62059ef8c4e | ITER: 3 END: OK
2019-07-02 07:58:47.547 4724 INFO rally.task.runner [-] Task 3e861066-b635-4799-96df-d62059ef8c4e | ITER: 8 START
2019-07-02 07:58:47.639 4723 RALLYDEBUG rally.task.utils [-] Waiting for resource s_rally_c3b40350_Ae7NxMy2. Status changed: AVAILABLE => EXTENDING in 0.0556690692902
2019-07-02 07:58:49.204 4725 RALLYDEBUG rally.task.utils [-] Waiting for resource s_rally_c3b40350_6a6PQ1bL. Status changed: AVAILABLE => EXTENDING in 0.0544450283051
2019-07-02 07:58:49.692 4723 RALLYDEBUG rally.task.utils [-] Waiting for resource s_rally_c3b40350_Ae7NxMy2. Status changed: EXTENDING => AVAILABLE in 2.05361294746
2019-07-02 07:58:50.003 4723 RALLYDEBUG rally.task.utils [-] Waiting for resource s_rally_c3b40350_Ae7NxMy2. Status changed: AVAILABLE => DELETING in 0.0532641410828
2019-07-02 07:58:51.457 4725 RALLYDEBUG rally.task.utils [-] Waiting for resource s_rally_c3b40350_6a6PQ1bL. Status changed: EXTENDING => AVAILABLE in 2.25315785408
2019-07-02 07:58:51.481 4724 RALLYDEBUG rally.task.utils [-] Waiting for resource s_rally_c3b40350_d9Jsnr9i. Status changed: AVAILABLE => EXTENDING in 0.0586380958557
2019-07-02 07:58:51.909 4722 INFO rally.task.runner [-] Task 3e861066-b635-4799-96df-d62059ef8c4e | ITER: 7 END: OK
2019-07-02 07:58:51.913 4722 INFO rally.task.runner [-] Task 3e861066-b635-4799-96df-d62059ef8c4e | ITER: 9 START
2019-07-02 07:58:52.010 4725 RALLYDEBUG rally.task.utils [-] Waiting for resource s_rally_c3b40350_6a6PQ1bL. Status changed: AVAILABLE => DELETING in 0.267337799072
2019-07-02 07:58:52.039 4723 INFO rally.task.runner [-] Task 3e861066-b635-4799-96df-d62059ef8c4e | ITER: 5 END: OK
2019-07-02 07:58:52.045 4723 INFO rally.task.runner [-] Task 3e861066-b635-4799-96df-d62059ef8c4e | ITER: 10 START
2019-07-02 07:58:53.724 4724 RALLYDEBUG rally.task.utils [-] Waiting for resource s_rally_c3b40350_d9Jsnr9i. Status changed: EXTENDING => AVAILABLE in 2.24282288551
2019-07-02 07:58:54.032 4724 INFO rally.task.runner [-] Task 3e861066-b635-4799-96df-d62059ef8c4e | ITER: 8 END: OK
2019-07-02 07:58:54.250 4725 INFO rally.task.runner [-] Task 3e861066-b635-4799-96df-d62059ef8c4e | ITER: 6 END: OK
2019-07-02 07:58:56.395 4723 INFO rally.task.runner [-] Task 3e861066-b635-4799-96df-d62059ef8c4e | ITER: 10 END: OK
2019-07-02 07:58:56.546 4722 RALLYDEBUG rally.task.utils [-] Waiting for resource s_rally_c3b40350_rpYzt7yW. Status changed: AVAILABLE => DELETING in 0.0534951686859
2019-07-02 07:58:58.774 4722 INFO rally.task.runner [-] Task 3e861066-b635-4799-96df-d62059ef8c4e | ITER: 9 END: OK
2019-07-02 07:58:58.796 1842 INFO rally.task.context [-] Task 3e861066-b635-4799-96df-d62059ef8c4e | Context cleanup@openstack cleanup() started
2019-07-02 07:58:58.798 1842 RALLYDEBUG rally_openstack.cleanup.manager [-] Cleaning up cinder backups objects
2019-07-02 07:59:00.752 1842 RALLYDEBUG rally_openstack.cleanup.manager [-] Cleaning up cinder volume_snapshots objects
2019-07-02 07:59:02.625 1842 RALLYDEBUG rally_openstack.cleanup.manager [-] Cleaning up cinder transfers objects
2019-07-02 07:59:04.679 1842 RALLYDEBUG rally_openstack.cleanup.manager [-] Cleaning up cinder volumes objects
2019-07-02 07:59:06.612 1842 INFO rally.task.context [-] Task 3e861066-b635-4799-96df-d62059ef8c4e | Context cleanup@openstack cleanup() finished in 7.82 sec
2019-07-02 07:59:06.612 1842 INFO rally.task.context [-] Task 3e861066-b635-4799-96df-d62059ef8c4e | Context quotas@openstack cleanup() started
2019-07-02 07:59:07.069 1842 INFO rally.task.context [-] Task 3e861066-b635-4799-96df-d62059ef8c4e | Context quotas@openstack cleanup() finished in 0.46 sec
2019-07-02 07:59:07.069 1842 INFO rally.task.context [-] Task 3e861066-b635-4799-96df-d62059ef8c4e | Context api_versions@openstack cleanup() started
2019-07-02 07:59:07.069 1842 INFO rally.task.context [-] Task 3e861066-b635-4799-96df-d62059ef8c4e | Context api_versions@openstack cleanup() finished in 0.26 msec
2019-07-02 07:59:07.070 1842 INFO rally.task.context [-] Task 3e861066-b635-4799-96df-d62059ef8c4e | Context users@openstack cleanup() started
2019-07-02 07:59:13.882 1842 INFO rally.task.context [-] Task 3e861066-b635-4799-96df-d62059ef8c4e | Context users@openstack cleanup() finished in 6.81 sec
2019-07-02 07:59:14.393 1842 INFO rally.task.engine [-] Load duration is: 19.940099
2019-07-02 07:59:14.394 1842 INFO rally.task.engine [-] Full runner duration is: 19.988943
2019-07-02 07:59:14.394 1842 INFO rally.task.engine [-] Full duration is: 41.673567
2019-07-02 07:59:14.647 1842 INFO rally.task.engine [-] Running workload: position = 0 config = { "version": 2, "title": "A cropped version of a bigger task.", "description": "Auto-generated task from a single workload (uuid=bd7ae556-ebbc-44f4-a687-5a044bb4b661)", "subtasks": [ { "title": "CinderVolumes.create_from_volume_and_delete_volume", "description": "Create volume from volume and then delete it.", "scenario": { "CinderVolumes.create_from_volume_and_delete_volume": { "size": 1 } }, "contexts": { "users": { "tenants": 3, "users_per_tenant": 2 }, "quotas": { "cinder": { "gigabytes": -1, "snapshots": -1, "volumes": -1 } }, "api_versions": { "cinder": { "version": 3, "service_type": "volumev3" } }, "volumes": { "size": 1, "volumes_per_tenant": 1 } }, "runner": { "constant": { "concurrency": 4, "times": 10 } }, "hooks": [], "sla": { "failure_rate": { "max": 0 } } } ] }
2019-07-02 07:59:14.672 1842 RALLYDEBUG rally_openstack.contexts.keystone.users [-] Creating 3 tenants using 20 threads
2019-07-02 07:59:16.439 1842 RALLYDEBUG rally_openstack.contexts.keystone.users [-] Creating 6 users using 20 threads
2019-07-02 07:59:19.056 1842 INFO rally.task.context [-] Task 3e861066-b635-4799-96df-d62059ef8c4e | Context users@openstack setup() finished in 4.38 sec
2019-07-02 07:59:19.470 1842 INFO rally.task.context [-] Task 3e861066-b635-4799-96df-d62059ef8c4e | Context api_versions@openstack setup() finished in 0.41 sec
2019-07-02 07:59:21.120 1842 INFO rally.task.context [-] Task 3e861066-b635-4799-96df-d62059ef8c4e | Context quotas@openstack setup() finished in 1.65 sec
2019-07-02 07:59:31.862 1842 INFO rally.task.context [-] Task 3e861066-b635-4799-96df-d62059ef8c4e | Context volumes@openstack setup() finished in 10.74 sec
2019-07-02 07:59:31.863 1842 INFO rally.task.context [-] Task 3e861066-b635-4799-96df-d62059ef8c4e | Context cleanup@openstack setup() finished in 0.01 msec
2019-07-02 07:59:31.870 1842 RALLYDEBUG rally.task.runner [-] Starting the constant runner (task UUID: 3e861066-b635-4799-96df-d62059ef8c4e). timeout: 0 concurrency: 4 concurrency_per_worker: 1 times: 10 concurrency_overhead: 0 processes_to_start: 4 max_cpu_used: 16
2019-07-02 07:59:31.879 4906 RALLYDEBUG rally.task.runner [-] Starting a worker. concurrency: 1 args: {"size": 1} times: 10 method_name: run timeout: 0 duration: None cls:
2019-07-02 07:59:31.884 4906 INFO rally.task.runner [-] Task 3e861066-b635-4799-96df-d62059ef8c4e | ITER: 1 START
2019-07-02 07:59:31.886 4907 RALLYDEBUG rally.task.runner [-] Starting a worker. concurrency: 1 args: {"size": 1} times: 10 method_name: run timeout: 0 duration: None cls:
2019-07-02 07:59:31.890 4910 RALLYDEBUG rally.task.runner [-] Starting a worker. concurrency: 1 args: {"size": 1} times: 10 method_name: run timeout: 0 duration: None cls:
2019-07-02 07:59:31.894 4907 INFO rally.task.runner [-] Task 3e861066-b635-4799-96df-d62059ef8c4e | ITER: 2 START
2019-07-02 07:59:31.894 4911 RALLYDEBUG rally.task.runner [-] Starting a worker. concurrency: 1 args: {"size": 1} times: 10 method_name: run timeout: 0 duration: None cls:
2019-07-02 07:59:31.898 4910 INFO rally.task.runner [-] Task 3e861066-b635-4799-96df-d62059ef8c4e | ITER: 3 START
2019-07-02 07:59:31.901 4911 INFO rally.task.runner [-] Task 3e861066-b635-4799-96df-d62059ef8c4e | ITER: 4 START
2019-07-02 07:59:35.828 4907 RALLYDEBUG rally.task.utils [-] Waiting for resource s_rally_bd7ae556_6ArMZwpG. Status changed: AVAILABLE => DELETING in 0.0670781135559
2019-07-02 07:59:35.882 4910 RALLYDEBUG rally.task.utils [-] Waiting for resource s_rally_bd7ae556_Ue5idfqJ. Status changed: AVAILABLE => DELETING in 0.248725891113
2019-07-02 07:59:37.858 4911 RALLYDEBUG rally.task.utils [-] Waiting for resource s_rally_bd7ae556_ma6Popjm. Status changed: CREATING => AVAILABLE in 2.95033192635
2019-07-02 07:59:38.376 4911 RALLYDEBUG rally.task.utils [-] Waiting for resource s_rally_bd7ae556_ma6Popjm. Status changed: AVAILABLE => DELETING in 0.243448019028
2019-07-02 07:59:39.990 4910 INFO rally.task.runner [-] Task 3e861066-b635-4799-96df-d62059ef8c4e | ITER: 3 END: OK
2019-07-02 07:59:39.996 4910 INFO rally.task.runner [-] Task 3e861066-b635-4799-96df-d62059ef8c4e | ITER: 5 START
2019-07-02 07:59:40.000 4906 RALLYDEBUG rally.task.utils [-] Waiting for resource s_rally_bd7ae556_VN5Sr55V. Status changed: CREATING => AVAILABLE in 5.06083512306
2019-07-02 07:59:40.321 4907 INFO rally.task.runner [-] Task 3e861066-b635-4799-96df-d62059ef8c4e | ITER: 2 END: OK
2019-07-02 07:59:40.326 4907 INFO rally.task.runner [-] Task 3e861066-b635-4799-96df-d62059ef8c4e | ITER: 6 START
2019-07-02 07:59:40.363 4906 RALLYDEBUG rally.task.utils [-] Waiting for resource s_rally_bd7ae556_VN5Sr55V. Status changed: AVAILABLE => DELETING in 0.0615029335022
2019-07-02 07:59:40.428 4911 INFO rally.task.runner [-] Task 3e861066-b635-4799-96df-d62059ef8c4e | ITER: 4 END: OK
2019-07-02 07:59:40.433 4911 INFO rally.task.runner [-] Task 3e861066-b635-4799-96df-d62059ef8c4e | ITER: 7 START
2019-07-02 07:59:42.597 4906 INFO rally.task.runner [-] Task 3e861066-b635-4799-96df-d62059ef8c4e | ITER: 1 END: OK
2019-07-02 07:59:42.603 4906 INFO rally.task.runner [-] Task 3e861066-b635-4799-96df-d62059ef8c4e | ITER: 8 START
2019-07-02 07:59:43.923 4910 RALLYDEBUG rally.task.utils [-] Waiting for resource s_rally_bd7ae556_6DE6uaGR. Status changed: AVAILABLE => DELETING in 0.0547561645508
2019-07-02 07:59:44.485 4911 RALLYDEBUG rally.task.utils [-] Waiting for resource s_rally_bd7ae556_HeCPEzWy. Status changed: AVAILABLE => DELETING in 0.240020036697
2019-07-02 07:59:46.000 4907 RALLYDEBUG rally.task.utils [-] Waiting for resource s_rally_bd7ae556_Mg9yTt9G. Status changed: CREATING => AVAILABLE in 2.66578984261
2019-07-02 07:59:46.482 4907 RALLYDEBUG rally.task.utils [-] Waiting for resource s_rally_bd7ae556_Mg9yTt9G. Status changed: AVAILABLE => DELETING in 0.234960079193
2019-07-02 07:59:48.255 4910 INFO rally.task.runner [-] Task 3e861066-b635-4799-96df-d62059ef8c4e | ITER: 5 END: OK
2019-07-02 07:59:48.260 4910 INFO rally.task.runner [-] Task 3e861066-b635-4799-96df-d62059ef8c4e | ITER: 9 START
2019-07-02 07:59:48.291 4906 RALLYDEBUG rally.task.utils [-] Waiting for resource s_rally_bd7ae556_GPGsfmGE. Status changed: CREATING => AVAILABLE in 2.72726202011
2019-07-02 07:59:48.725 4907 INFO rally.task.runner [-] Task 3e861066-b635-4799-96df-d62059ef8c4e | ITER: 6 END: OK
2019-07-02 07:59:48.730 4907 INFO rally.task.runner [-] Task 3e861066-b635-4799-96df-d62059ef8c4e | ITER: 10 START
2019-07-02 07:59:48.888 4906 RALLYDEBUG rally.task.utils [-] Waiting for resource s_rally_bd7ae556_GPGsfmGE. Status changed: AVAILABLE => DELETING in 0.336207866669
2019-07-02 07:59:49.065 4911 INFO rally.task.runner [-] Task 3e861066-b635-4799-96df-d62059ef8c4e | ITER: 7 END: OK
2019-07-02 07:59:51.103 4906 INFO rally.task.runner [-] Task 3e861066-b635-4799-96df-d62059ef8c4e | ITER: 8 END: OK
2019-07-02 07:59:52.206 4910 RALLYDEBUG rally.task.utils [-] Waiting for resource s_rally_bd7ae556_Aft2snEt. Status changed: AVAILABLE => DELETING in 0.240363121033
2019-07-02 07:59:53.046 4907 RALLYDEBUG rally.task.utils [-] Waiting for resource s_rally_bd7ae556_jAQhCJ7M. Status changed: AVAILABLE => DELETING in 0.371400117874
2019-07-02 07:59:54.433 4910 INFO rally.task.runner [-] Task 3e861066-b635-4799-96df-d62059ef8c4e | ITER: 9 END: OK
2019-07-02 07:59:55.085 4907 INFO rally.task.runner [-] Task 3e861066-b635-4799-96df-d62059ef8c4e | ITER: 10 END: OK
2019-07-02 07:59:55.108 1842 INFO rally.task.context [-] Task 3e861066-b635-4799-96df-d62059ef8c4e | Context cleanup@openstack cleanup() started
2019-07-02 07:59:55.110 1842 RALLYDEBUG rally_openstack.cleanup.manager [-] Cleaning up cinder backups objects
2019-07-02 07:59:56.988 1842 RALLYDEBUG rally_openstack.cleanup.manager [-] Cleaning up cinder volume_snapshots objects
2019-07-02 07:59:58.865 1842 RALLYDEBUG rally_openstack.cleanup.manager [-] Cleaning up cinder transfers objects
2019-07-02 08:00:00.972 1842 RALLYDEBUG rally_openstack.cleanup.manager [-] Cleaning up cinder volumes objects
2019-07-02 08:00:03.112 1842 INFO rally.task.context [-] Task 3e861066-b635-4799-96df-d62059ef8c4e | Context cleanup@openstack cleanup() finished in 8.00 sec
2019-07-02 08:00:03.113 1842 INFO rally.task.context [-] Task 3e861066-b635-4799-96df-d62059ef8c4e | Context volumes@openstack cleanup() started
2019-07-02 08:00:03.113 1842 RALLYDEBUG rally_openstack.cleanup.manager [-] Cleaning up cinder volumes objects
2019-07-02 08:00:05.407 1842 RALLYDEBUG rally_openstack.cleanup.manager [-] Deleting cinder.volumes object c_rally_bd7ae556_as9pBsTc (415ce35a-9a9f-4636-88c2-a6a120675560)
2019-07-02 08:00:05.410 1842 RALLYDEBUG rally_openstack.cleanup.manager [-] Deleting cinder.volumes object c_rally_bd7ae556_PZbUp77e (467ea271-427d-4759-97ca-8a2f84aa92c1)
2019-07-02 08:00:05.412 1842 RALLYDEBUG rally_openstack.cleanup.manager [-] Deleting cinder.volumes object c_rally_bd7ae556_twfHeXC5 (3ee5adfc-5be3-4621-ab4e-3b9f80857763)
2019-07-02 08:00:08.840 1842 INFO rally.task.context [-] Task 3e861066-b635-4799-96df-d62059ef8c4e | Context volumes@openstack cleanup() finished in 5.73 sec
2019-07-02 08:00:08.840 1842 INFO rally.task.context [-] Task 3e861066-b635-4799-96df-d62059ef8c4e | Context quotas@openstack cleanup() started
2019-07-02 08:00:09.275 1842 INFO rally.task.context [-] Task 3e861066-b635-4799-96df-d62059ef8c4e | Context quotas@openstack cleanup() finished in 0.44 sec
2019-07-02 08:00:09.276 1842 INFO rally.task.context [-] Task 3e861066-b635-4799-96df-d62059ef8c4e | Context api_versions@openstack cleanup() started
2019-07-02 08:00:09.276 1842 INFO rally.task.context [-] Task 3e861066-b635-4799-96df-d62059ef8c4e | Context api_versions@openstack cleanup() finished in 0.34 msec
2019-07-02 08:00:09.277 1842 INFO rally.task.context [-] Task 3e861066-b635-4799-96df-d62059ef8c4e | Context users@openstack cleanup() started
2019-07-02 08:00:16.356 1842 INFO rally.task.context [-] Task 3e861066-b635-4799-96df-d62059ef8c4e | Context users@openstack cleanup() finished in 7.08 sec
2019-07-02 08:00:16.913 1842 INFO rally.task.engine [-] Load duration is: 23.197597
2019-07-02 08:00:16.913 1842 INFO rally.task.engine [-] Full runner duration is: 23.239123
2019-07-02 08:00:16.913 1842 INFO rally.task.engine [-] Full duration is: 61.687294
2019-07-02 08:00:17.130 1842 INFO rally.task.engine [-] Running workload: position = 0 config = { "version": 2, "title": "A cropped version of a bigger task.", "description": "Auto-generated task from a single workload (uuid=f08946af-01de-477e-b5b6-fd2e88b1c6fc)", "subtasks": [ { "title": "CinderQos.create_and_get_qos", "description": "Create a qos, then get details of the qos.", "scenario": { "CinderQos.create_and_get_qos": { "consumer": "both", "write_iops_sec": "10", "read_iops_sec": "1000" } }, "contexts": { "users": { "tenants": 3, "users_per_tenant": 2 }, "api_versions": { "cinder": { "version": 3, "service_type": "volumev3" } } }, "runner": { "constant": { "concurrency": 4, "times": 10 } }, "hooks": [], "sla": { "failure_rate": { "max": 0 } } } ] }
2019-07-02 08:00:17.152 1842 RALLYDEBUG rally_openstack.contexts.keystone.users [-] Creating 3 tenants using 20 threads
2019-07-02 08:00:19.048 1842 RALLYDEBUG rally_openstack.contexts.keystone.users [-] Creating 6 users using 20 threads
2019-07-02 08:00:22.117 1842 INFO rally.task.context [-] Task 3e861066-b635-4799-96df-d62059ef8c4e | Context users@openstack setup() finished in 4.96 sec
2019-07-02 08:00:22.526 1842 INFO rally.task.context [-] Task 3e861066-b635-4799-96df-d62059ef8c4e | Context api_versions@openstack setup() finished in 0.41 sec
2019-07-02 08:00:22.526 1842 INFO rally.task.context [-] Task 3e861066-b635-4799-96df-d62059ef8c4e | Context admin_cleanup@openstack setup() finished in 0.00 msec
2019-07-02 08:00:22.533 1842 RALLYDEBUG rally.task.runner [-] Starting the constant runner (task UUID: 3e861066-b635-4799-96df-d62059ef8c4e). timeout: 0 concurrency: 4 concurrency_per_worker: 1 times: 10 concurrency_overhead: 0 processes_to_start: 4 max_cpu_used: 16
2019-07-02 08:00:22.547 5110 RALLYDEBUG rally.task.runner [-] Starting a worker. concurrency: 1 args: {"consumer": "both", "write_iops_sec": "10", "read_iops_sec": "1000"} times: 10 method_name: run timeout: 0 duration: None cls:
2019-07-02 08:00:22.549 5111 RALLYDEBUG rally.task.runner [-] Starting a worker. concurrency: 1 args: {"consumer": "both", "write_iops_sec": "10", "read_iops_sec": "1000"} times: 10 method_name: run timeout: 0 duration: None cls:
2019-07-02 08:00:22.552 5112 RALLYDEBUG rally.task.runner [-] Starting a worker. concurrency: 1 args: {"consumer": "both", "write_iops_sec": "10", "read_iops_sec": "1000"} times: 10 method_name: run timeout: 0 duration: None cls:
2019-07-02 08:00:22.553 5113 RALLYDEBUG rally.task.runner [-] Starting a worker. concurrency: 1 args: {"consumer": "both", "write_iops_sec": "10", "read_iops_sec": "1000"} times: 10 method_name: run timeout: 0 duration: None cls:
2019-07-02 08:00:22.555 5110 INFO rally.task.runner [-] Task 3e861066-b635-4799-96df-d62059ef8c4e | ITER: 1 START
2019-07-02 08:00:22.557 5111 INFO rally.task.runner [-] Task 3e861066-b635-4799-96df-d62059ef8c4e | ITER: 2 START
2019-07-02 08:00:22.558 5113 INFO rally.task.runner [-] Task 3e861066-b635-4799-96df-d62059ef8c4e | ITER: 4 START
2019-07-02 08:00:22.559 5112 INFO rally.task.runner [-] Task 3e861066-b635-4799-96df-d62059ef8c4e | ITER: 3 START
2019-07-02 08:00:23.624 5111 INFO rally.task.runner [-] Task 3e861066-b635-4799-96df-d62059ef8c4e | ITER: 2 END: OK
2019-07-02 08:00:23.630 5111 INFO rally.task.runner [-] Task 3e861066-b635-4799-96df-d62059ef8c4e | ITER: 5 START
2019-07-02 08:00:23.630 5112 INFO rally.task.runner [-] Task 3e861066-b635-4799-96df-d62059ef8c4e | ITER: 3 END: OK
2019-07-02 08:00:23.636 5112 INFO rally.task.runner [-] Task 3e861066-b635-4799-96df-d62059ef8c4e | ITER: 6 START
2019-07-02 08:00:23.661 5110 INFO rally.task.runner [-] Task 3e861066-b635-4799-96df-d62059ef8c4e | ITER: 1 END: OK
2019-07-02 08:00:23.665 5110 INFO rally.task.runner [-] Task 3e861066-b635-4799-96df-d62059ef8c4e | ITER: 7 START
2019-07-02 08:00:23.684 5113 INFO rally.task.runner [-] Task 3e861066-b635-4799-96df-d62059ef8c4e | ITER: 4 END: OK
2019-07-02 08:00:23.689 5113 INFO rally.task.runner [-] Task 3e861066-b635-4799-96df-d62059ef8c4e | ITER: 8 START
2019-07-02 08:00:24.587 5112 INFO rally.task.runner [-] Task 3e861066-b635-4799-96df-d62059ef8c4e | ITER: 6 END: OK
2019-07-02 08:00:24.592 5112 INFO rally.task.runner [-] Task 3e861066-b635-4799-96df-d62059ef8c4e | ITER: 9 START
2019-07-02 08:00:24.665 5111 INFO rally.task.runner [-] Task 3e861066-b635-4799-96df-d62059ef8c4e | ITER: 5 END: OK
2019-07-02 08:00:24.668 5110 INFO rally.task.runner [-] Task 3e861066-b635-4799-96df-d62059ef8c4e | ITER: 7 END: OK
2019-07-02 08:00:24.669 5111 INFO rally.task.runner [-] Task 3e861066-b635-4799-96df-d62059ef8c4e | ITER: 10 START
2019-07-02 08:00:24.678 5113 INFO rally.task.runner [-] Task 3e861066-b635-4799-96df-d62059ef8c4e | ITER: 8 END: OK
2019-07-02 08:00:25.628 5112 INFO rally.task.runner [-] Task 3e861066-b635-4799-96df-d62059ef8c4e | ITER: 9 END: OK
2019-07-02 08:00:25.646 5111 INFO rally.task.runner [-] Task 3e861066-b635-4799-96df-d62059ef8c4e | ITER: 10 END: OK
2019-07-02 08:00:25.669 1842 INFO rally.task.context [-] Task 3e861066-b635-4799-96df-d62059ef8c4e | Context admin_cleanup@openstack cleanup() started
2019-07-02 08:00:25.672 1842 RALLYDEBUG rally_openstack.cleanup.manager [-] Cleaning up cinder volume_types objects
2019-07-02 08:00:26.341 1842 RALLYDEBUG rally_openstack.cleanup.manager [-] Cleaning up cinder image_volumes_cache objects
2019-07-02 08:00:27.283 1842 RALLYDEBUG rally_openstack.cleanup.manager [-] Cleaning up cinder quotas objects
2019-07-02 08:00:28.987 1842 RALLYDEBUG rally_openstack.cleanup.manager [-] Cleaning up cinder qos_specs objects
2019-07-02 08:00:29.680 1842 RALLYDEBUG rally_openstack.cleanup.manager [-] Deleting cinder.qos_specs object s_rally_f08946af_NW9OgKhy (9f87b37b-d374-409c-91ff-be38cd1c1d09)
2019-07-02 08:00:29.686 1842 RALLYDEBUG rally_openstack.cleanup.manager [-] Deleting cinder.qos_specs object s_rally_f08946af_9XBS41Rl (6d523ffe-aa8a-431c-80ec-0eb0a0d8cf08)
2019-07-02 08:00:29.696 1842 RALLYDEBUG rally_openstack.cleanup.manager [-] Deleting cinder.qos_specs object s_rally_f08946af_RytsPTOj (dc54b9df-f53a-472a-8f55-052eb14bf3a2)
2019-07-02 08:00:29.702 1842 RALLYDEBUG rally_openstack.cleanup.manager [-] Deleting cinder.qos_specs object s_rally_f08946af_SuyEfFyx (584c7287-b50f-46d7-b0d4-60fc037c4bea)
2019-07-02 08:00:29.710 1842 RALLYDEBUG rally_openstack.cleanup.manager [-] Deleting cinder.qos_specs object s_rally_f08946af_HVpjdti1 (2ab2e307-6699-4ffe-8936-1f8bd20eece7)
2019-07-02 08:00:29.718 1842 RALLYDEBUG rally_openstack.cleanup.manager [-] Deleting cinder.qos_specs object s_rally_f08946af_RL4jTuMm (057713e5-448d-4734-9490-1bb979bfe10d)
2019-07-02 08:00:29.731 1842 RALLYDEBUG rally_openstack.cleanup.manager [-] Deleting cinder.qos_specs object s_rally_f08946af_oWlkSkye (c5c01ad0-00f6-4a1d-b6ca-987186c0129c)
2019-07-02 08:00:29.745 1842 RALLYDEBUG rally_openstack.cleanup.manager [-] Deleting cinder.qos_specs object s_rally_f08946af_lVJKMB42 (59da38cc-74a1-4b6c-8f1a-92f486912b89)
2019-07-02 08:00:29.754 1842 RALLYDEBUG rally_openstack.cleanup.manager [-] Deleting cinder.qos_specs object s_rally_f08946af_SHjE94y5 (366bcddf-07c4-427c-9820-ef50dcacc87d)
2019-07-02 08:00:29.767 1842 RALLYDEBUG rally_openstack.cleanup.manager [-] Deleting cinder.qos_specs object s_rally_f08946af_0ZxAf9EY (2fcac873-a7e2-482b-972b-5db83ba5460b)
2019-07-02 08:00:32.161 1842 INFO rally.task.context [-] Task 3e861066-b635-4799-96df-d62059ef8c4e | Context admin_cleanup@openstack cleanup() finished in 6.49 sec
2019-07-02 08:00:32.162 1842 INFO rally.task.context [-] Task 3e861066-b635-4799-96df-d62059ef8c4e | Context api_versions@openstack cleanup() started
2019-07-02 08:00:32.162 1842 INFO rally.task.context [-] Task 3e861066-b635-4799-96df-d62059ef8c4e | Context api_versions@openstack cleanup() finished in 0.36 msec
2019-07-02 08:00:32.163 1842 INFO rally.task.context [-] Task 3e861066-b635-4799-96df-d62059ef8c4e | Context users@openstack cleanup() started
2019-07-02 08:00:39.260 1842 INFO rally.task.context [-] Task 3e861066-b635-4799-96df-d62059ef8c4e | Context users@openstack cleanup() finished in 7.10 sec
2019-07-02 08:00:41.254 1842 INFO rally.task.engine [-] Load duration is: 3.086797
2019-07-02 08:00:41.254 1842 INFO rally.task.engine [-] Full runner duration is: 3.136143
2019-07-02 08:00:41.254 1842 INFO rally.task.engine [-] Full duration is: 22.109673
2019-07-02 08:00:41.478 1842 INFO rally.task.engine [-] Running workload: position = 0 config = { "version": 2, "title": "A cropped version of a bigger task.", "description": "Auto-generated task from a single workload (uuid=38e0d00a-d28a-406f-85a5-e076f318ebd7)", "subtasks": [ { "title": "CinderQos.create_and_list_qos", "description": "Create a qos, then list all qos.", "scenario": { "CinderQos.create_and_list_qos": { "consumer": "both", "write_iops_sec": "10", "read_iops_sec": "1000" } }, "contexts": { "users": { "tenants": 3, "users_per_tenant": 2 }, "api_versions": { "cinder": { "version": 3, "service_type": "volumev3" } } }, "runner": { "constant": { "concurrency": 4, "times": 10 } }, "hooks": [], "sla": { "failure_rate": { "max": 0 } } } ] }
2019-07-02 08:00:41.500 1842 RALLYDEBUG rally_openstack.contexts.keystone.users [-] Creating 3 tenants using 20 threads
2019-07-02 08:00:43.251 1842 RALLYDEBUG rally_openstack.contexts.keystone.users [-] Creating 6 users using 20 threads
2019-07-02 08:00:45.924 1842 INFO rally.task.context [-] Task 3e861066-b635-4799-96df-d62059ef8c4e | Context users@openstack setup() finished in 4.42 sec
2019-07-02 08:00:46.364 1842 INFO rally.task.context [-] Task 3e861066-b635-4799-96df-d62059ef8c4e | Context api_versions@openstack setup() finished in 0.44 sec
2019-07-02 08:00:46.365 1842 INFO rally.task.context [-] Task 3e861066-b635-4799-96df-d62059ef8c4e | Context admin_cleanup@openstack setup() finished in 0.00 msec
2019-07-02 08:00:46.372 1842 RALLYDEBUG rally.task.runner [-] Starting the constant runner (task UUID: 3e861066-b635-4799-96df-d62059ef8c4e). timeout: 0 concurrency: 4 concurrency_per_worker: 1 times: 10 concurrency_overhead: 0 processes_to_start: 4 max_cpu_used: 16
2019-07-02 08:00:46.384 5294 RALLYDEBUG rally.task.runner [-] Starting a worker. concurrency: 1 args: {"consumer": "both", "write_iops_sec": "10", "read_iops_sec": "1000"} times: 10 method_name: run timeout: 0 duration: None cls:
2019-07-02 08:00:46.388 5295 RALLYDEBUG rally.task.runner [-] Starting a worker. concurrency: 1 args: {"consumer": "both", "write_iops_sec": "10", "read_iops_sec": "1000"} times: 10 method_name: run timeout: 0 duration: None cls:
2019-07-02 08:00:46.390 5296 RALLYDEBUG rally.task.runner [-] Starting a worker. concurrency: 1 args: {"consumer": "both", "write_iops_sec": "10", "read_iops_sec": "1000"} times: 10 method_name: run timeout: 0 duration: None cls:
2019-07-02 08:00:46.392 5294 INFO rally.task.runner [-] Task 3e861066-b635-4799-96df-d62059ef8c4e | ITER: 1 START
2019-07-02 08:00:46.394 5297 RALLYDEBUG rally.task.runner [-] Starting a worker. concurrency: 1 args: {"consumer": "both", "write_iops_sec": "10", "read_iops_sec": "1000"} times: 10 method_name: run timeout: 0 duration: None cls:
2019-07-02 08:00:46.396 5295 INFO rally.task.runner [-] Task 3e861066-b635-4799-96df-d62059ef8c4e | ITER: 2 START
2019-07-02 08:00:46.397 5296 INFO rally.task.runner [-] Task 3e861066-b635-4799-96df-d62059ef8c4e | ITER: 3 START
2019-07-02 08:00:46.401 5297 INFO rally.task.runner [-] Task 3e861066-b635-4799-96df-d62059ef8c4e | ITER: 4 START
2019-07-02 08:00:47.429 5295 INFO rally.task.runner [-] Task 3e861066-b635-4799-96df-d62059ef8c4e | ITER: 2 END: OK
2019-07-02 08:00:47.434 5295 INFO rally.task.runner [-] Task 3e861066-b635-4799-96df-d62059ef8c4e | ITER: 5 START
2019-07-02 08:00:47.437 5296 INFO rally.task.runner [-] Task 3e861066-b635-4799-96df-d62059ef8c4e | ITER: 3 END: OK
2019-07-02 08:00:47.442 5296 INFO rally.task.runner [-] Task 3e861066-b635-4799-96df-d62059ef8c4e | ITER: 6 START
2019-07-02 08:00:47.455 5297 INFO rally.task.runner [-] Task 3e861066-b635-4799-96df-d62059ef8c4e | ITER: 4 END: OK
2019-07-02 08:00:47.461 5297 INFO rally.task.runner [-] Task 3e861066-b635-4799-96df-d62059ef8c4e | ITER: 7 START
2019-07-02 08:00:47.600 5294 INFO rally.task.runner [-] Task 3e861066-b635-4799-96df-d62059ef8c4e | ITER: 1 END: OK
2019-07-02 08:00:47.605 5294 INFO rally.task.runner [-] Task 3e861066-b635-4799-96df-d62059ef8c4e | ITER: 8 START
2019-07-02 08:00:48.387 5296 INFO rally.task.runner [-] Task 3e861066-b635-4799-96df-d62059ef8c4e | ITER: 6 END: OK
2019-07-02 08:00:48.391 5296 INFO rally.task.runner [-] Task 3e861066-b635-4799-96df-d62059ef8c4e | ITER: 9 START
2019-07-02 08:00:48.415 5295 INFO rally.task.runner [-] Task 3e861066-b635-4799-96df-d62059ef8c4e | ITER: 5 END: OK
2019-07-02 08:00:48.419 5295 INFO rally.task.runner [-] Task 3e861066-b635-4799-96df-d62059ef8c4e | ITER: 10 START
2019-07-02 08:00:48.421 5297 INFO rally.task.runner [-] Task 3e861066-b635-4799-96df-d62059ef8c4e | ITER: 7 END: OK
2019-07-02 08:00:48.628 5294 INFO rally.task.runner [-] Task 3e861066-b635-4799-96df-d62059ef8c4e | ITER: 8 END: OK
2019-07-02 08:00:49.266 5296 INFO rally.task.runner [-] Task 3e861066-b635-4799-96df-d62059ef8c4e | ITER: 9 END: OK
2019-07-02 08:00:49.406 5295 INFO rally.task.runner [-] Task 3e861066-b635-4799-96df-d62059ef8c4e | ITER: 10 END: OK
2019-07-02 08:00:49.428 1842 INFO rally.task.context [-] Task 3e861066-b635-4799-96df-d62059ef8c4e | Context admin_cleanup@openstack cleanup() started
2019-07-02 08:00:49.430 1842 RALLYDEBUG rally_openstack.cleanup.manager [-] Cleaning up cinder volume_types objects
2019-07-02 08:00:50.062 1842 RALLYDEBUG rally_openstack.cleanup.manager [-] Cleaning up cinder image_volumes_cache objects
2019-07-02 08:00:51.004 1842 RALLYDEBUG rally_openstack.cleanup.manager [-] Cleaning up cinder quotas objects
2019-07-02 08:00:52.808 1842 RALLYDEBUG rally_openstack.cleanup.manager [-] Cleaning up cinder qos_specs objects
2019-07-02 08:00:53.504 1842 RALLYDEBUG rally_openstack.cleanup.manager [-] Deleting cinder.qos_specs object s_rally_38e0d00a_go43IeTN (847f91c6-9741-4cd9-aff7-cc0f1400de33)
2019-07-02 08:00:53.509 1842 RALLYDEBUG rally_openstack.cleanup.manager [-] Deleting cinder.qos_specs object s_rally_38e0d00a_n0kQo3UI (4a006b3a-d946-43d4-856b-39f655104282)
2019-07-02 08:00:53.517 1842 RALLYDEBUG rally_openstack.cleanup.manager [-] Deleting cinder.qos_specs object s_rally_38e0d00a_9fpvl1QK (b64513b3-8bf9-4e15-b251-3136c4dc531b)
2019-07-02 08:00:53.529 1842 RALLYDEBUG rally_openstack.cleanup.manager [-] Deleting cinder.qos_specs object s_rally_38e0d00a_Ft9fYAax (456655c7-4bd1-40f9-a9ec-2706feb359d6)
2019-07-02 08:00:53.542 1842 RALLYDEBUG rally_openstack.cleanup.manager [-] Deleting cinder.qos_specs object s_rally_38e0d00a_alVI0wV0 (373f7d8e-1e8a-4ae6-9bc3-116e975b8d29)
2019-07-02 08:00:53.547 1842 RALLYDEBUG rally_openstack.cleanup.manager [-] Deleting cinder.qos_specs object s_rally_38e0d00a_bpAe2UBq (1c7603fa-d296-4e65-ab78-0fd237d157c3)
2019-07-02 08:00:53.566 1842 RALLYDEBUG rally_openstack.cleanup.manager [-] Deleting cinder.qos_specs object s_rally_38e0d00a_iLJz3myG (b2873db6-5dc2-4f9f-a638-6807b97c77fd)
2019-07-02 08:00:53.574 1842 RALLYDEBUG rally_openstack.cleanup.manager [-] Deleting cinder.qos_specs object s_rally_38e0d00a_luNqVuEH (6712f80e-5bce-4b45-8d4c-c01d23fc431a)
2019-07-02 08:00:53.582 1842 RALLYDEBUG rally_openstack.cleanup.manager [-] Deleting cinder.qos_specs object s_rally_38e0d00a_ghG1AOS5 (8dbcfa26-c87b-461c-8a18-6b9571db194f)
2019-07-02 08:00:53.595 1842 RALLYDEBUG rally_openstack.cleanup.manager [-] Deleting cinder.qos_specs object s_rally_38e0d00a_t2xX0IWh (2ac5e9ab-69c4-4202-9efd-d5b069164331)
2019-07-02 08:00:56.000 1842 INFO rally.task.context [-] Task 3e861066-b635-4799-96df-d62059ef8c4e | Context admin_cleanup@openstack cleanup() finished in 6.57 sec
2019-07-02 08:00:56.000 1842 INFO rally.task.context [-] Task 3e861066-b635-4799-96df-d62059ef8c4e | Context api_versions@openstack cleanup() started
2019-07-02 08:00:56.000 1842 INFO rally.task.context [-] Task 3e861066-b635-4799-96df-d62059ef8c4e | Context api_versions@openstack cleanup() finished in 0.32 msec
2019-07-02 08:00:56.001 1842 INFO rally.task.context [-] Task 3e861066-b635-4799-96df-d62059ef8c4e | Context users@openstack cleanup() started
2019-07-02 08:01:04.158 1842 INFO rally.task.context [-] Task 3e861066-b635-4799-96df-d62059ef8c4e | Context users@openstack cleanup() finished in 8.16 sec
2019-07-02 08:01:05.700 1842 INFO rally.task.engine [-] Load duration is: 3.010268
2019-07-02 08:01:05.701 1842 INFO rally.task.engine [-] Full runner duration is: 3.056554
2019-07-02 08:01:05.701 1842 INFO rally.task.engine [-] Full duration is: 22.661015
2019-07-02 08:01:05.933 1842 INFO rally.task.engine [-] Running workload: position = 0 config = { "version": 2, "title": "A cropped version of a bigger task.", "description": "Auto-generated task from a single workload (uuid=2cbc9e91-cad0-403f-aae1-97aba3d6ecea)", "subtasks": [ { "title": "CinderQos.create_and_set_qos", "description": "Create a qos, then Add/Update keys in qos specs.", "scenario": { "CinderQos.create_and_set_qos": { "consumer": "back-end", "write_iops_sec": "10", "read_iops_sec": "1000", "set_consumer": "both", "set_write_iops_sec": "11", "set_read_iops_sec": "1001" } }, "contexts": { "users": { "tenants": 3, "users_per_tenant": 2 }, "api_versions": { "cinder": { "version": 3, "service_type": "volumev3" } } }, "runner": { "constant": { "concurrency": 4, "times": 10 } }, "hooks": [], "sla": { "failure_rate": { "max": 0 } } } ] }
2019-07-02 08:01:05.958 1842 RALLYDEBUG rally_openstack.contexts.keystone.users [-] Creating 3 tenants using 20 threads
2019-07-02 08:01:07.789 1842 RALLYDEBUG rally_openstack.contexts.keystone.users [-] Creating 6 users using 20 threads
2019-07-02 08:01:10.460 1842 INFO rally.task.context [-] Task 3e861066-b635-4799-96df-d62059ef8c4e | Context users@openstack setup() finished in 4.50 sec
2019-07-02 08:01:10.895 1842 INFO rally.task.context [-] Task 3e861066-b635-4799-96df-d62059ef8c4e | Context api_versions@openstack setup() finished in 0.43 sec
2019-07-02 08:01:10.896 1842 INFO rally.task.context [-] Task 3e861066-b635-4799-96df-d62059ef8c4e | Context admin_cleanup@openstack setup() finished in 0.00 msec
2019-07-02 08:01:10.902 1842 RALLYDEBUG rally.task.runner [-] Starting the constant runner (task UUID: 3e861066-b635-4799-96df-d62059ef8c4e). timeout: 0 concurrency: 4 concurrency_per_worker: 1 times: 10 concurrency_overhead: 0 processes_to_start: 4 max_cpu_used: 16
2019-07-02 08:01:10.914 5479 RALLYDEBUG rally.task.runner [-] Starting a worker. concurrency: 1 args: {"consumer": "back-end", "write_iops_sec": "10", "read_iops_sec": "1000", "set_consumer": "both", "set_write_iops_sec": "11", "set_read_iops_sec": "1001"} times: 10 method_name: run timeout: 0 duration: None cls:
2019-07-02 08:01:10.915 5478 RALLYDEBUG rally.task.runner [-] Starting a worker. concurrency: 1 args: {"consumer": "back-end", "write_iops_sec": "10", "read_iops_sec": "1000", "set_consumer": "both", "set_write_iops_sec": "11", "set_read_iops_sec": "1001"} times: 10 method_name: run timeout: 0 duration: None cls:
2019-07-02 08:01:10.918 5479 INFO rally.task.runner [-] Task 3e861066-b635-4799-96df-d62059ef8c4e | ITER: 1 START
2019-07-02 08:01:10.918 5480 RALLYDEBUG rally.task.runner [-] Starting a worker. concurrency: 1 args: {"consumer": "back-end", "write_iops_sec": "10", "read_iops_sec": "1000", "set_consumer": "both", "set_write_iops_sec": "11", "set_read_iops_sec": "1001"} times: 10 method_name: run timeout: 0 duration: None cls:
2019-07-02 08:01:10.923 5478 INFO rally.task.runner [-] Task 3e861066-b635-4799-96df-d62059ef8c4e | ITER: 2 START
2019-07-02 08:01:10.924 5480 INFO rally.task.runner [-] Task 3e861066-b635-4799-96df-d62059ef8c4e | ITER: 3 START
2019-07-02 08:01:10.923 5481 RALLYDEBUG rally.task.runner [-] Starting a worker. concurrency: 1 args: {"consumer": "back-end", "write_iops_sec": "10", "read_iops_sec": "1000", "set_consumer": "both", "set_write_iops_sec": "11", "set_read_iops_sec": "1001"} times: 10 method_name: run timeout: 0 duration: None cls:
2019-07-02 08:01:10.930 5481 INFO rally.task.runner [-] Task 3e861066-b635-4799-96df-d62059ef8c4e | ITER: 4 START
2019-07-02 08:01:11.943 5481 INFO rally.task.runner [-] Task 3e861066-b635-4799-96df-d62059ef8c4e | ITER: 4 END: OK
2019-07-02 08:01:11.948 5481 INFO rally.task.runner [-] Task 3e861066-b635-4799-96df-d62059ef8c4e | ITER: 5 START
2019-07-02 08:01:11.998 5480 INFO rally.task.runner [-] Task 3e861066-b635-4799-96df-d62059ef8c4e | ITER: 3 END: OK
2019-07-02 08:01:12.002 5480 INFO rally.task.runner [-] Task 3e861066-b635-4799-96df-d62059ef8c4e | ITER: 6 START
2019-07-02 08:01:12.010 5479 INFO rally.task.runner [-] Task 3e861066-b635-4799-96df-d62059ef8c4e | ITER: 1 END: OK
2019-07-02 08:01:12.015 5479 INFO rally.task.runner [-] Task 3e861066-b635-4799-96df-d62059ef8c4e | ITER: 7 START
2019-07-02 08:01:12.051 5478 INFO rally.task.runner [-] Task 3e861066-b635-4799-96df-d62059ef8c4e | ITER: 2 END: OK
2019-07-02 08:01:12.057 5478 INFO rally.task.runner [-] Task 3e861066-b635-4799-96df-d62059ef8c4e | ITER: 8 START
2019-07-02 08:01:12.932 5481 INFO rally.task.runner [-] Task 3e861066-b635-4799-96df-d62059ef8c4e | ITER: 5 END: OK
2019-07-02 08:01:12.938 5481 INFO rally.task.runner [-] Task 3e861066-b635-4799-96df-d62059ef8c4e | ITER: 9 START
2019-07-02 08:01:13.046 5479 INFO rally.task.runner [-] Task 3e861066-b635-4799-96df-d62059ef8c4e | ITER: 7 END: OK
2019-07-02 08:01:13.050 5479 INFO rally.task.runner [-] Task 3e861066-b635-4799-96df-d62059ef8c4e | ITER: 10 START
2019-07-02 08:01:13.070 5478 INFO rally.task.runner [-] Task 3e861066-b635-4799-96df-d62059ef8c4e | ITER: 8 END: OK
2019-07-02 08:01:13.094 5480 INFO rally.task.runner [-] Task 3e861066-b635-4799-96df-d62059ef8c4e | ITER: 6 END: OK
2019-07-02 08:01:13.831 5481 INFO rally.task.runner [-] Task 3e861066-b635-4799-96df-d62059ef8c4e | ITER: 9 END: OK
2019-07-02 08:01:13.931 5479 INFO rally.task.runner [-] Task 3e861066-b635-4799-96df-d62059ef8c4e | ITER: 10 END: OK
2019-07-02 08:01:13.958 1842 INFO rally.task.context [-] Task 3e861066-b635-4799-96df-d62059ef8c4e | Context admin_cleanup@openstack cleanup() started
2019-07-02 08:01:13.960 1842 RALLYDEBUG rally_openstack.cleanup.manager [-] Cleaning up cinder volume_types objects
2019-07-02 08:01:14.599 1842 RALLYDEBUG rally_openstack.cleanup.manager [-] Cleaning up cinder image_volumes_cache objects
2019-07-02 08:01:15.530 1842 RALLYDEBUG rally_openstack.cleanup.manager [-] Cleaning up cinder quotas objects
2019-07-02 08:01:17.171 1842 RALLYDEBUG rally_openstack.cleanup.manager [-] Cleaning up cinder qos_specs objects
2019-07-02 08:01:17.863 1842 RALLYDEBUG rally_openstack.cleanup.manager [-] Deleting cinder.qos_specs object s_rally_2cbc9e91_VRQWVct9 (d58c00fa-8503-4055-b9df-f56915501080)
2019-07-02 08:01:17.871 1842 RALLYDEBUG rally_openstack.cleanup.manager [-] Deleting cinder.qos_specs object s_rally_2cbc9e91_iGTcVGRs (02e9b1b4-609c-4094-a2d4-8d9e28ac90bf)
2019-07-02 08:01:17.879 1842 RALLYDEBUG rally_openstack.cleanup.manager [-] Deleting cinder.qos_specs object s_rally_2cbc9e91_VBZ3S7gp (ad34f1a3-26ae-42b6-8bd9-3355703b471d)
2019-07-02 08:01:17.886 1842 RALLYDEBUG rally_openstack.cleanup.manager [-] Deleting cinder.qos_specs object s_rally_2cbc9e91_LmjR3WOr (71cb6526-92a4-4c5f-b4cb-4e73826e4d15)
2019-07-02 08:01:17.892 1842 RALLYDEBUG rally_openstack.cleanup.manager [-] Deleting cinder.qos_specs object s_rally_2cbc9e91_8aYTsXSI (35878725-e887-4e5a-b5f7-73200949d97f)
2019-07-02 08:01:17.909 1842 RALLYDEBUG rally_openstack.cleanup.manager [-] Deleting cinder.qos_specs object s_rally_2cbc9e91_UTgnwnhF (211ff015-f23f-48b3-b91e-923c24387be9)
2019-07-02 08:01:17.912 1842 RALLYDEBUG rally_openstack.cleanup.manager [-] Deleting cinder.qos_specs object s_rally_2cbc9e91_eSYUTudN (fd0b758c-5f01-4b08-8ea7-ee3c2580c263)
2019-07-02 08:01:17.921 1842 RALLYDEBUG rally_openstack.cleanup.manager [-] Deleting cinder.qos_specs object s_rally_2cbc9e91_yq6wzvby (c2e6f8f1-89f3-4592-b671-abd92caffeaa)
2019-07-02 08:01:17.933 1842 RALLYDEBUG rally_openstack.cleanup.manager [-] Deleting cinder.qos_specs object s_rally_2cbc9e91_5LV9PvuL (6ed7d4b9-49f6-40a2-852b-a2c7abbd3016)
2019-07-02 08:01:17.947 1842 RALLYDEBUG rally_openstack.cleanup.manager [-] Deleting cinder.qos_specs object s_rally_2cbc9e91_O6r2mZqG (3765e180-8eb9-4d08-a806-831bbdecfabe)
2019-07-02 08:01:20.283 1842 INFO rally.task.context [-] Task 3e861066-b635-4799-96df-d62059ef8c4e | Context admin_cleanup@openstack cleanup() finished in 6.33 sec
2019-07-02 08:01:20.284 1842 INFO rally.task.context [-] Task 3e861066-b635-4799-96df-d62059ef8c4e | Context api_versions@openstack cleanup() started
2019-07-02 08:01:20.284 1842 INFO rally.task.context [-] Task 3e861066-b635-4799-96df-d62059ef8c4e | Context api_versions@openstack cleanup() finished in 0.32 msec
2019-07-02 08:01:20.284 1842 INFO rally.task.context [-] Task 3e861066-b635-4799-96df-d62059ef8c4e | Context users@openstack cleanup() started
2019-07-02 08:01:27.048 1842 INFO rally.task.context [-] Task 3e861066-b635-4799-96df-d62059ef8c4e | Context users@openstack cleanup() finished in 6.76 sec
2019-07-02 08:01:28.053 1842 INFO rally.task.engine [-] Load duration is: 3.008967
2019-07-02 08:01:28.053 1842 INFO rally.task.engine [-] Full runner duration is: 3.055604
2019-07-02 08:01:28.053 1842 INFO rally.task.engine [-] Full duration is: 21.093087
2019-07-02 08:01:28.286 1842 INFO rally.task.engine [-] Running workload: position = 0 config = { "version": 2, "title": "A cropped version of a bigger task.", "description": "Auto-generated task from a single workload (uuid=1adfe577-866b-4b0d-a986-7520831f9f36)", "subtasks": [ { "title": "CinderVolumeTypes.create_and_get_volume_type", "description": "Create a volume Type, then get the details of the type.", "scenario": { "CinderVolumeTypes.create_and_get_volume_type": { "description": "rally tests creating types" } }, "contexts": { "users": { "tenants": 3, "users_per_tenant": 2 }, "api_versions": { "cinder": { "version": 3, "service_type": "volumev3" } } }, "runner": { "constant": { "concurrency": 4, "times": 10 } }, "hooks": [], "sla": { "failure_rate": { "max": 0 } } } ] }
2019-07-02 08:01:28.308 1842 RALLYDEBUG rally_openstack.contexts.keystone.users [-] Creating 3 tenants using 20 threads
2019-07-02 08:01:30.294 1842 RALLYDEBUG rally_openstack.contexts.keystone.users [-] Creating 6 users using 20 threads
2019-07-02 08:01:32.958 1842 INFO rally.task.context [-] Task 3e861066-b635-4799-96df-d62059ef8c4e | Context users@openstack setup() finished in 4.65 sec
2019-07-02 08:01:33.379 1842 INFO rally.task.context [-] Task 3e861066-b635-4799-96df-d62059ef8c4e | Context api_versions@openstack setup() finished in 0.42 sec
2019-07-02 08:01:33.379 1842 INFO rally.task.context [-] Task 3e861066-b635-4799-96df-d62059ef8c4e | Context admin_cleanup@openstack setup() finished in 0.01 msec
2019-07-02 08:01:33.386 1842 RALLYDEBUG rally.task.runner [-] Starting the constant runner (task UUID: 3e861066-b635-4799-96df-d62059ef8c4e). timeout: 0 concurrency: 4 concurrency_per_worker: 1 times: 10 concurrency_overhead: 0 processes_to_start: 4 max_cpu_used: 16
2019-07-02 08:01:33.398 5662 RALLYDEBUG rally.task.runner [-] Starting a worker. concurrency: 1 args: {"description": "rally tests creating types"} times: 10 method_name: run timeout: 0 duration: None cls:
2019-07-02 08:01:33.399 5663 RALLYDEBUG rally.task.runner [-] Starting a worker. concurrency: 1 args: {"description": "rally tests creating types"} times: 10 method_name: run timeout: 0 duration: None cls:
2019-07-02 08:01:33.402 5664 RALLYDEBUG rally.task.runner [-] Starting a worker. concurrency: 1 args: {"description": "rally tests creating types"} times: 10 method_name: run timeout: 0 duration: None cls:
2019-07-02 08:01:33.404 5665 RALLYDEBUG rally.task.runner [-] Starting a worker. concurrency: 1 args: {"description": "rally tests creating types"} times: 10 method_name: run timeout: 0 duration: None cls:
2019-07-02 08:01:33.405 5663 INFO rally.task.runner [-] Task 3e861066-b635-4799-96df-d62059ef8c4e | ITER: 2 START
2019-07-02 08:01:33.406 5662 INFO rally.task.runner [-] Task 3e861066-b635-4799-96df-d62059ef8c4e | ITER: 1 START
2019-07-02 08:01:33.407 5664 INFO rally.task.runner [-] Task 3e861066-b635-4799-96df-d62059ef8c4e | ITER: 3 START
2019-07-02 08:01:33.408 5665 INFO rally.task.runner [-] Task 3e861066-b635-4799-96df-d62059ef8c4e | ITER: 4 START
2019-07-02 08:01:34.482 5664 INFO rally.task.runner [-] Task 3e861066-b635-4799-96df-d62059ef8c4e | ITER: 3 END: OK
2019-07-02 08:01:34.487 5664 INFO rally.task.runner [-] Task 3e861066-b635-4799-96df-d62059ef8c4e | ITER: 5 START
2019-07-02 08:01:34.504 5665 INFO rally.task.runner [-] Task 3e861066-b635-4799-96df-d62059ef8c4e | ITER: 4 END: OK
2019-07-02 08:01:34.509 5665 INFO rally.task.runner [-] Task 3e861066-b635-4799-96df-d62059ef8c4e | ITER: 6 START
2019-07-02 08:01:34.513 5662 INFO rally.task.runner [-] Task 3e861066-b635-4799-96df-d62059ef8c4e | ITER: 1 END: OK
2019-07-02 08:01:34.518 5662 INFO rally.task.runner [-] Task 3e861066-b635-4799-96df-d62059ef8c4e | ITER: 7 START
2019-07-02 08:01:34.668 5663 INFO rally.task.runner [-] Task 3e861066-b635-4799-96df-d62059ef8c4e | ITER: 2 END: OK
2019-07-02 08:01:34.672 5663 INFO rally.task.runner [-] Task 3e861066-b635-4799-96df-d62059ef8c4e | ITER: 8 START
2019-07-02 08:01:35.458 5662 INFO rally.task.runner [-] Task 3e861066-b635-4799-96df-d62059ef8c4e | ITER: 7 END: OK
2019-07-02 08:01:35.463 5662 INFO rally.task.runner [-] Task 3e861066-b635-4799-96df-d62059ef8c4e | ITER: 9 START
2019-07-02 08:01:35.515 5665 INFO rally.task.runner [-] Task 3e861066-b635-4799-96df-d62059ef8c4e | ITER: 6 END: OK
2019-07-02 08:01:35.519 5665 INFO rally.task.runner [-] Task 3e861066-b635-4799-96df-d62059ef8c4e | ITER: 10 START
2019-07-02 08:01:35.544 5664 INFO rally.task.runner [-] Task 3e861066-b635-4799-96df-d62059ef8c4e | ITER: 5 END: OK
2019-07-02 08:01:35.627 5663 INFO rally.task.runner [-] Task 3e861066-b635-4799-96df-d62059ef8c4e | ITER: 8 END: OK
2019-07-02 08:01:36.344 5662 INFO rally.task.runner [-] Task 3e861066-b635-4799-96df-d62059ef8c4e | ITER: 9 END: OK
2019-07-02 08:01:36.460 5665 INFO rally.task.runner [-] Task 3e861066-b635-4799-96df-d62059ef8c4e | ITER: 10 END: OK
2019-07-02 08:01:36.488 1842 INFO rally.task.context [-] Task 3e861066-b635-4799-96df-d62059ef8c4e | Context admin_cleanup@openstack cleanup() started
2019-07-02 08:01:36.490 1842 RALLYDEBUG rally_openstack.cleanup.manager [-] Cleaning up cinder volume_types objects
2019-07-02 08:01:37.163 1842 RALLYDEBUG rally_openstack.cleanup.manager [-] Deleting cinder.volume_types object s_rally_1adfe577_KFJIYtHn (e10d0176-5a3a-44c5-973b-7854d5e8718e)
2019-07-02 08:01:37.163 1842 RALLYDEBUG rally_openstack.cleanup.manager [-] Deleting cinder.volume_types object s_rally_1adfe577_YNqhLBqx (1a0c05bd-d7f6-475c-b0f1-7c5c0d3c46a2)
2019-07-02 08:01:37.163 1842 RALLYDEBUG rally_openstack.cleanup.manager [-] Deleting cinder.volume_types object s_rally_1adfe577_xENPffvd (bce15cbd-07d8-4470-af26-a6d2743a1016)
2019-07-02 08:01:37.165 1842 RALLYDEBUG rally_openstack.cleanup.manager [-] Deleting cinder.volume_types object s_rally_1adfe577_SpyXMqj2 (dbc3e4c5-0b51-4ce3-be08-15653f1182f9)
2019-07-02 08:01:37.167 1842 RALLYDEBUG rally_openstack.cleanup.manager [-] Deleting cinder.volume_types object s_rally_1adfe577_0yzlhSmk (72fd9371-dbf9-4d6c-9547-a78f5ed0441b)
2019-07-02 08:01:37.167 1842 RALLYDEBUG rally_openstack.cleanup.manager [-] Deleting cinder.volume_types object s_rally_1adfe577_LmBznXdL (8d062de7-b2fe-42da-b0e1-e200e817246d)
2019-07-02 08:01:37.168 1842 RALLYDEBUG rally_openstack.cleanup.manager [-] Deleting cinder.volume_types object s_rally_1adfe577_UDLxcNP0 (d33c546e-2cd1-4cd2-a230-1de1ae38525c)
2019-07-02 08:01:37.172 1842 RALLYDEBUG rally_openstack.cleanup.manager [-] Deleting cinder.volume_types object s_rally_1adfe577_TSyL6GcV (dd04e913-fa41-4fac-8f2a-331410ce65c2)
2019-07-02 08:01:37.176 1842 RALLYDEBUG rally_openstack.cleanup.manager [-] Deleting cinder.volume_types object s_rally_1adfe577_pO7pax5a (f0ed1223-0d52-40fe-aba7-06b5e46c664d)
2019-07-02 08:01:37.180 1842 RALLYDEBUG rally_openstack.cleanup.manager [-] Deleting cinder.volume_types object s_rally_1adfe577_dk7Movj9 (bb86dcd2-e991-467c-92fa-922e4d3a06c4)
2019-07-02 08:01:39.524 1842 RALLYDEBUG rally_openstack.cleanup.manager [-] Cleaning up cinder image_volumes_cache objects
2019-07-02 08:01:40.479 1842 RALLYDEBUG rally_openstack.cleanup.manager [-] Cleaning up cinder quotas objects
2019-07-02 08:01:41.946 1842 RALLYDEBUG rally_openstack.cleanup.manager [-] Cleaning up cinder qos_specs objects
2019-07-02 08:01:42.655 1842 INFO rally.task.context [-] Task 3e861066-b635-4799-96df-d62059ef8c4e | Context admin_cleanup@openstack cleanup() finished in 6.17 sec
2019-07-02 08:01:42.656 1842 INFO rally.task.context [-] Task 3e861066-b635-4799-96df-d62059ef8c4e | Context api_versions@openstack cleanup() started
2019-07-02 08:01:42.656 1842 INFO rally.task.context [-] Task 3e861066-b635-4799-96df-d62059ef8c4e | Context api_versions@openstack cleanup() finished in 0.26 msec
2019-07-02 08:01:42.656 1842 INFO rally.task.context [-] Task 3e861066-b635-4799-96df-d62059ef8c4e | Context users@openstack cleanup() started
2019-07-02 08:01:50.183 1842 INFO rally.task.context [-] Task 3e861066-b635-4799-96df-d62059ef8c4e | Context users@openstack cleanup() finished in 7.53 sec
2019-07-02 08:01:50.430 1842 INFO rally.task.engine [-] Load duration is: 3.050426
2019-07-02 08:01:50.430 1842 INFO rally.task.engine [-] Full runner duration is: 3.102421
2019-07-02 08:01:50.431 1842 INFO rally.task.engine [-] Full duration is: 21.877678
2019-07-02 08:01:50.658 1842 INFO rally.task.engine [-] Running workload: position = 0 config = { "version": 2, "title": "A cropped version of a bigger task.", "description": "Auto-generated task from a single workload (uuid=792c6483-a11a-4f6c-977b-4f82d3e557cb)", "subtasks": [ { "title": "CinderVolumeTypes.create_and_list_volume_types", "description": "Create a volume Type, then list all types.", "scenario": { "CinderVolumeTypes.create_and_list_volume_types": { "description": "rally tests creating types" } }, "contexts": { "users": { "tenants": 3, "users_per_tenant": 2 }, "api_versions": { "cinder": { "version": 3, "service_type": "volumev3" } } }, "runner": { "constant": { "concurrency": 4, "times": 10 } }, "hooks": [], "sla": { "failure_rate": { "max": 0 } } } ] }
2019-07-02 08:01:50.679 1842 RALLYDEBUG rally_openstack.contexts.keystone.users [-] Creating 3 tenants using 20 threads
2019-07-02 08:01:52.476 1842 RALLYDEBUG rally_openstack.contexts.keystone.users [-] Creating 6 users using 20 threads
