2019-07-02 07:44:47.068 1842 RALLYDEBUG rally_openstack.cleanup.manager [-] Deleting cinder.volumes object s_rally_0cfce704_6loeJ1BT (abfbf47e-a7dd-4904-a73b-ee03d3615736)
2019-07-02 07:44:47.073 1842 RALLYDEBUG rally_openstack.cleanup.manager [-] Deleting cinder.volumes object s_rally_0cfce704_69MmhW3L (f3cba4d3-f66a-4dd8-8305-379f14f5c8f7)
2019-07-02 07:44:47.074 1842 RALLYDEBUG rally_openstack.cleanup.manager [-] Deleting cinder.volumes object s_rally_0cfce704_ReBKtjct (321e8ced-db9c-4ec0-8d8e-fc3040c87185)
2019-07-02 07:44:47.081 1842 RALLYDEBUG rally_openstack.cleanup.manager [-] Deleting cinder.volumes object s_rally_0cfce704_RNr4i8AB (51b564b5-013e-43da-b421-5cc69bfae34f)
2019-07-02 07:44:47.085 1842 RALLYDEBUG rally_openstack.cleanup.manager [-] Deleting cinder.volumes object s_rally_0cfce704_r97sLllm (58380c9c-aaa6-48ae-824b-736e383c8f2d)
2019-07-02 07:44:47.090 1842 RALLYDEBUG rally_openstack.cleanup.manager [-] Deleting cinder.volumes object s_rally_0cfce704_aaXqcCJf (c79bf377-c1c9-4957-8f70-adffcfd4f850)
2019-07-02 07:44:51.603 1842 INFO rally.task.context [-] Task 3e861066-b635-4799-96df-d62059ef8c4e | Context cleanup@openstack cleanup() finished in 12.84 sec
2019-07-02 07:44:51.604 1842 INFO rally.task.context [-] Task 3e861066-b635-4799-96df-d62059ef8c4e | Context quotas@openstack cleanup() started
2019-07-02 07:44:52.246 1842 INFO rally.task.context [-] Task 3e861066-b635-4799-96df-d62059ef8c4e | Context quotas@openstack cleanup() finished in 0.64 sec
2019-07-02 07:44:52.246 1842 INFO rally.task.context [-] Task 3e861066-b635-4799-96df-d62059ef8c4e | Context api_versions@openstack cleanup() started
2019-07-02 07:44:52.247 1842 INFO rally.task.context [-] Task 3e861066-b635-4799-96df-d62059ef8c4e | Context api_versions@openstack cleanup() finished in 0.32 msec
2019-07-02 07:44:52.247 1842 INFO rally.task.context [-] Task 3e861066-b635-4799-96df-d62059ef8c4e | Context users@openstack cleanup() started
2019-07-02 07:44:59.703 1842 INFO rally.task.context [-] Task 3e861066-b635-4799-96df-d62059ef8c4e | Context users@openstack cleanup() finished in 7.46 sec
2019-07-02 07:45:00.092 1842 INFO rally.task.engine [-] Load duration is: 19.655836
2019-07-02 07:45:00.093 1842 INFO rally.task.engine [-] Full runner duration is: 19.702241
2019-07-02 07:45:00.093 1842 INFO rally.task.engine [-] Full duration is: 47.816668
2019-07-02 07:45:00.241 1842 INFO rally.task.engine [-] Running workload: position = 1 config = { "version": 2, "title": "A cropped version of a bigger task.", "description": "Auto-generated task from a single workload (uuid=1ac5fbc6-fdc2-4aab-a355-34581f02379e)", "subtasks": [ { "title": "CinderVolumes.create_and_list_volume", "description": "Create a volume and list all volumes.", "scenario": { "CinderVolumes.create_and_list_volume": { "detailed": true, "size": 1 } }, "contexts": { "users": { "tenants": 3, "users_per_tenant": 2 }, "quotas": { "cinder": { "gigabytes": -1, "snapshots": -1, "volumes": -1 } }, "api_versions": { "cinder": { "version": 3, "service_type": "volumev3" } } }, "runner": { "constant": { "concurrency": 4, "times": 10 } }, "hooks": [], "sla": { "failure_rate": { "max": 0 } } } ] }
2019-07-02 07:45:00.264 1842 RALLYDEBUG rally_openstack.contexts.keystone.users [-] Creating 3 tenants using 20 threads
2019-07-02 07:45:02.149 1842 RALLYDEBUG rally_openstack.contexts.keystone.users [-] Creating 6 users using 20 threads
2019-07-02 07:45:04.873 1842 INFO rally.task.context [-] Task 3e861066-b635-4799-96df-d62059ef8c4e | Context users@openstack setup() finished in 4.61 sec
2019-07-02 07:45:05.285 1842 INFO rally.task.context [-] Task 3e861066-b635-4799-96df-d62059ef8c4e | Context api_versions@openstack setup() finished in 0.41 sec
2019-07-02 07:45:06.858 1842 INFO rally.task.context [-] Task 3e861066-b635-4799-96df-d62059ef8c4e | Context quotas@openstack setup() finished in 1.57 sec
2019-07-02 07:45:06.859 1842 INFO rally.task.context [-] Task 3e861066-b635-4799-96df-d62059ef8c4e | Context cleanup@openstack setup() finished in 0.01 msec
2019-07-02 07:45:06.865 1842 RALLYDEBUG rally.task.runner [-] Starting the constant runner (task UUID: 3e861066-b635-4799-96df-d62059ef8c4e). timeout: 0 concurrency: 4 concurrency_per_worker: 1 times: 10 concurrency_overhead: 0 processes_to_start: 4 max_cpu_used: 16
2019-07-02 07:45:06.877 2598 RALLYDEBUG rally.task.runner [-] Starting a worker. concurrency: 1 args: {"detailed": true, "size": 1} times: 10 method_name: run timeout: 0 duration: None cls:
2019-07-02 07:45:06.880 2599 RALLYDEBUG rally.task.runner [-] Starting a worker. concurrency: 1 args: {"detailed": true, "size": 1} times: 10 method_name: run timeout: 0 duration: None cls:
2019-07-02 07:45:06.882 2600 RALLYDEBUG rally.task.runner [-] Starting a worker. concurrency: 1 args: {"detailed": true, "size": 1} times: 10 method_name: run timeout: 0 duration: None cls:
2019-07-02 07:45:06.885 2598 INFO rally.task.runner [-] Task 3e861066-b635-4799-96df-d62059ef8c4e | ITER: 1 START
2019-07-02 07:45:06.886 2601 RALLYDEBUG rally.task.runner [-] Starting a worker. concurrency: 1 args: {"detailed": true, "size": 1} times: 10 method_name: run timeout: 0 duration: None cls:
2019-07-02 07:45:06.887 2599 INFO rally.task.runner [-] Task 3e861066-b635-4799-96df-d62059ef8c4e | ITER: 2 START
2019-07-02 07:45:06.888 2600 INFO rally.task.runner [-] Task 3e861066-b635-4799-96df-d62059ef8c4e | ITER: 3 START
2019-07-02 07:45:06.893 2601 INFO rally.task.runner [-] Task 3e861066-b635-4799-96df-d62059ef8c4e | ITER: 4 START
2019-07-02 07:45:10.527 2599 INFO rally.task.runner [-] Task 3e861066-b635-4799-96df-d62059ef8c4e | ITER: 2 END: OK
2019-07-02 07:45:10.532 2599 INFO rally.task.runner [-] Task 3e861066-b635-4799-96df-d62059ef8c4e | ITER: 5 START
2019-07-02 07:45:10.660 2600 INFO rally.task.runner [-] Task 3e861066-b635-4799-96df-d62059ef8c4e | ITER: 3 END: OK
2019-07-02 07:45:10.667 2600 INFO rally.task.runner [-] Task 3e861066-b635-4799-96df-d62059ef8c4e | ITER: 6 START
2019-07-02 07:45:10.875 2601 INFO rally.task.runner [-] Task 3e861066-b635-4799-96df-d62059ef8c4e | ITER: 4 END: OK
2019-07-02 07:45:10.881 2601 INFO rally.task.runner [-] Task 3e861066-b635-4799-96df-d62059ef8c4e | ITER: 7 START
2019-07-02 07:45:10.941 2598 INFO rally.task.runner [-] Task 3e861066-b635-4799-96df-d62059ef8c4e | ITER: 1 END: OK
2019-07-02 07:45:10.945 2598 INFO rally.task.runner [-] Task 3e861066-b635-4799-96df-d62059ef8c4e | ITER: 8 START
2019-07-02 07:45:14.364 2599 INFO rally.task.runner [-] Task 3e861066-b635-4799-96df-d62059ef8c4e | ITER: 5 END: OK
2019-07-02 07:45:14.369 2599 INFO rally.task.runner [-] Task 3e861066-b635-4799-96df-d62059ef8c4e | ITER: 9 START
2019-07-02 07:45:14.597 2600 INFO rally.task.runner [-] Task 3e861066-b635-4799-96df-d62059ef8c4e | ITER: 6 END: OK
2019-07-02 07:45:14.603 2600 INFO rally.task.runner [-] Task 3e861066-b635-4799-96df-d62059ef8c4e | ITER: 10 START
2019-07-02 07:45:14.616 2601 INFO rally.task.runner [-] Task 3e861066-b635-4799-96df-d62059ef8c4e | ITER: 7 END: OK
2019-07-02 07:45:15.124 2598 INFO rally.task.runner [-] Task 3e861066-b635-4799-96df-d62059ef8c4e | ITER: 8 END: OK
2019-07-02 07:45:17.939 2599 INFO rally.task.runner [-] Task 3e861066-b635-4799-96df-d62059ef8c4e | ITER: 9 END: OK
2019-07-02 07:45:18.415 2600 INFO rally.task.runner [-] Task 3e861066-b635-4799-96df-d62059ef8c4e | ITER: 10 END: OK
2019-07-02 07:45:18.441 1842 INFO rally.task.context [-] Task 3e861066-b635-4799-96df-d62059ef8c4e | Context cleanup@openstack cleanup() started
2019-07-02 07:45:18.444 1842 RALLYDEBUG rally_openstack.cleanup.manager [-] Cleaning up cinder backups objects
2019-07-02 07:45:20.650 1842 RALLYDEBUG rally_openstack.cleanup.manager [-] Cleaning up cinder volume_snapshots objects
2019-07-02 07:45:22.711 1842 RALLYDEBUG rally_openstack.cleanup.manager [-] Cleaning up cinder transfers objects
2019-07-02 07:45:24.538 1842 RALLYDEBUG rally_openstack.cleanup.manager [-] Cleaning up cinder volumes objects
2019-07-02 07:45:26.908 1842 RALLYDEBUG rally_openstack.cleanup.manager [-] Deleting cinder.volumes object s_rally_1ac5fbc6_NtKh2F0J (86bc4c35-8c7b-4810-802b-6a5cde80c391)
2019-07-02 07:45:26.918 1842 RALLYDEBUG rally_openstack.cleanup.manager [-] Deleting cinder.volumes object s_rally_1ac5fbc6_eFoHJbcK (04fc0140-55ca-46e9-be1e-ff4cbe52bfe3)
2019-07-02 07:45:26.921 1842 RALLYDEBUG rally_openstack.cleanup.manager [-] Deleting cinder.volumes object s_rally_1ac5fbc6_18R6sYEi (3a77585f-4d8b-4ad1-97be-13c7bb69b66d)
2019-07-02 07:45:26.923 1842 RALLYDEBUG rally_openstack.cleanup.manager [-] Deleting cinder.volumes object s_rally_1ac5fbc6_QaLShWc1 (4e103de8-dbd7-4324-b771-77dc51a3c1b4)
2019-07-02 07:45:26.923 1842 RALLYDEBUG rally_openstack.cleanup.manager [-] Deleting cinder.volumes object s_rally_1ac5fbc6_0muqg00Q (e6cb31f0-1b79-400f-9aa1-1632dd7b2b10)
2019-07-02 07:45:26.927 1842 RALLYDEBUG rally_openstack.cleanup.manager [-] Deleting cinder.volumes object s_rally_1ac5fbc6_bDUADDJL (eb0ab480-69d6-437e-8f59-474d2dbb309c)
2019-07-02 07:45:26.929 1842 RALLYDEBUG rally_openstack.cleanup.manager [-] Deleting cinder.volumes object s_rally_1ac5fbc6_BRswMTyz (6efc5ff8-cf3d-472d-9680-310b1e5ae822)
2019-07-02 07:45:26.930 1842 RALLYDEBUG rally_openstack.cleanup.manager [-] Deleting cinder.volumes object s_rally_1ac5fbc6_J5kArLOQ (beaa0abd-f27b-48d7-ba20-f1ec309d7484)
2019-07-02 07:45:26.937 1842 RALLYDEBUG rally_openstack.cleanup.manager [-] Deleting cinder.volumes object s_rally_1ac5fbc6_gy9Tqhfg (cb3cae04-252a-4287-9c77-ab4c44e72b0c)
2019-07-02 07:45:26.940 1842 RALLYDEBUG rally_openstack.cleanup.manager [-] Deleting cinder.volumes object s_rally_1ac5fbc6_b96WjOwX (b820cb60-07f5-4fe5-903e-2ee2d22a7d4a)
2019-07-02 07:45:30.741 1842 INFO rally.task.context [-] Task 3e861066-b635-4799-96df-d62059ef8c4e | Context cleanup@openstack cleanup() finished in 12.30 sec
2019-07-02 07:45:30.742 1842 INFO rally.task.context [-] Task 3e861066-b635-4799-96df-d62059ef8c4e | Context quotas@openstack cleanup() started
2019-07-02 07:45:31.391 1842 INFO rally.task.context [-] Task 3e861066-b635-4799-96df-d62059ef8c4e | Context quotas@openstack cleanup() finished in 0.65 sec
2019-07-02 07:45:31.392 1842 INFO rally.task.context [-] Task 3e861066-b635-4799-96df-d62059ef8c4e | Context api_versions@openstack cleanup() started
2019-07-02 07:45:31.392 1842 INFO rally.task.context [-] Task 3e861066-b635-4799-96df-d62059ef8c4e | Context api_versions@openstack cleanup() finished in 0.34 msec
2019-07-02 07:45:31.392 1842 INFO rally.task.context [-] Task 3e861066-b635-4799-96df-d62059ef8c4e | Context users@openstack cleanup() started
2019-07-02 07:45:38.190 1842 INFO rally.task.context [-] Task 3e861066-b635-4799-96df-d62059ef8c4e | Context users@openstack cleanup() finished in 6.80 sec
2019-07-02 07:45:38.417 1842 INFO rally.task.engine [-] Load duration is: 11.525091
2019-07-02 07:45:38.418 1842 INFO rally.task.engine [-] Full runner duration is: 11.576107
2019-07-02 07:45:38.418 1842 INFO rally.task.engine [-] Full duration is: 37.930177
2019-07-02 07:45:38.765 1842 INFO rally.task.engine [-] Running workload: position = 0 config = { "version": 2, "title": "A cropped version of a bigger task.", "description": "Auto-generated task from a single workload (uuid=fdf1102c-9a46-4411-8c3d-55f0dd2942d7)", "subtasks": [ { "title": "CinderVolumes.create_and_upload_volume_to_image", "description": "Create and upload a volume to image.", "scenario": { "CinderVolumes.create_and_upload_volume_to_image": { "container_format": "bare", "disk_format": "raw", "do_delete": true, "force": false, "size": 1 } }, "contexts": { "users": { "tenants": 3, "users_per_tenant": 2 }, "quotas": { "cinder": { "gigabytes": -1, "snapshots": -1, "volumes": -1 } }, "api_versions": { "cinder": { "version": 3, "service_type": "volumev3" } } }, "runner": { "constant": { "concurrency": 4, "times": 10 } }, "hooks": [], "sla": { "failure_rate": { "max": 0 } } } ] }
2019-07-02 07:45:38.789 1842 RALLYDEBUG rally_openstack.contexts.keystone.users [-] Creating 3 tenants using 20 threads
2019-07-02 07:45:40.527 1842 RALLYDEBUG rally_openstack.contexts.keystone.users [-] Creating 6 users using 20 threads
2019-07-02 07:45:43.261 1842 INFO rally.task.context [-] Task 3e861066-b635-4799-96df-d62059ef8c4e | Context users@openstack setup() finished in 4.47 sec
2019-07-02 07:45:43.679 1842 INFO rally.task.context [-] Task 3e861066-b635-4799-96df-d62059ef8c4e | Context api_versions@openstack setup() finished in 0.42 sec
2019-07-02 07:45:45.261 1842 INFO rally.task.context [-] Task 3e861066-b635-4799-96df-d62059ef8c4e | Context quotas@openstack setup() finished in 1.58 sec
2019-07-02 07:45:45.261 1842 INFO rally.task.context [-] Task 3e861066-b635-4799-96df-d62059ef8c4e | Context cleanup@openstack setup() finished in 0.01 msec
2019-07-02 07:45:45.270 1842 RALLYDEBUG rally.task.runner [-] Starting the constant runner (task UUID: 3e861066-b635-4799-96df-d62059ef8c4e). timeout: 0 concurrency: 4 concurrency_per_worker: 1 times: 10 concurrency_overhead: 0 processes_to_start: 4 max_cpu_used: 16
2019-07-02 07:45:45.283 2782 RALLYDEBUG rally.task.runner [-] Starting a worker. concurrency: 1 args: {"container_format": "bare", "disk_format": "raw", "do_delete": true, "force": false, "size": 1} times: 10 method_name: run timeout: 0 duration: None cls:
2019-07-02 07:45:45.285 2783 RALLYDEBUG rally.task.runner [-] Starting a worker. concurrency: 1 args: {"container_format": "bare", "disk_format": "raw", "do_delete": true, "force": false, "size": 1} times: 10 method_name: run timeout: 0 duration: None cls:
2019-07-02 07:45:45.288 2784 RALLYDEBUG rally.task.runner [-] Starting a worker. concurrency: 1 args: {"container_format": "bare", "disk_format": "raw", "do_delete": true, "force": false, "size": 1} times: 10 method_name: run timeout: 0 duration: None cls:
2019-07-02 07:45:45.291 2782 INFO rally.task.runner [-] Task 3e861066-b635-4799-96df-d62059ef8c4e | ITER: 1 START
2019-07-02 07:45:45.291 2785 RALLYDEBUG rally.task.runner [-] Starting a worker. concurrency: 1 args: {"container_format": "bare", "disk_format": "raw", "do_delete": true, "force": false, "size": 1} times: 10 method_name: run timeout: 0 duration: None cls:
2019-07-02 07:45:45.293 2783 INFO rally.task.runner [-] Task 3e861066-b635-4799-96df-d62059ef8c4e | ITER: 2 START
2019-07-02 07:45:45.295 2784 INFO rally.task.runner [-] Task 3e861066-b635-4799-96df-d62059ef8c4e | ITER: 3 START
2019-07-02 07:45:45.299 2785 INFO rally.task.runner [-] Task 3e861066-b635-4799-96df-d62059ef8c4e | ITER: 4 START
2019-07-02 07:45:50.056 2782 RALLYDEBUG rally.task.utils [-] Waiting for resource s_rally_fdf1102c_Jy0YWKqZ. Status changed: AVAILABLE => UPLOADING in 0.366777896881
2019-07-02 07:45:50.091 2784 RALLYDEBUG rally.task.utils [-] Waiting for resource s_rally_fdf1102c_SxXykDny. Status changed: AVAILABLE => UPLOADING in 0.286003112793
2019-07-02 07:45:50.333 2785 RALLYDEBUG rally.task.utils [-] Waiting for resource s_rally_fdf1102c_a2G7kLYS. Status changed: AVAILABLE => UPLOADING in 0.258381843567
2019-07-02 07:45:51.341 2783 RALLYDEBUG rally.task.utils [-] Waiting for resource s_rally_fdf1102c_M4ktIRyF. Status changed: AVAILABLE => UPLOADING in 0.34290599823
2019-07-02 07:46:38.771 2785 RALLYDEBUG rally.task.utils [-] Waiting for resource s_rally_fdf1102c_a2G7kLYS. Status changed: UPLOADING => AVAILABLE in 48.437942028
2019-07-02 07:46:39.093 2782 RALLYDEBUG rally.task.utils [-] Waiting for resource s_rally_fdf1102c_Jy0YWKqZ. Status changed: UPLOADING => AVAILABLE in 49.0359261036
2019-07-02 07:46:39.245 2785 RALLYDEBUG rally.task.utils [-] Waiting for resource s_rally_fdf1102c_a2G7kLYS. Status changed: AVAILABLE => DELETING in 0.0558168888092
2019-07-02 07:46:39.497 2784 RALLYDEBUG rally.task.utils [-] Waiting for resource s_rally_fdf1102c_SxXykDny. Status changed: UPLOADING => AVAILABLE in 49.4062690735
2019-07-02 07:46:39.688 2784 RALLYDEBUG rally.task.utils [-] Waiting for resource s_rally_fdf1102c_SxXykDny. Status changed: AVAILABLE => DELETING in 0.0617530345917
2019-07-02 07:46:39.694 2782 RALLYDEBUG rally.task.utils [-] Waiting for resource s_rally_fdf1102c_Jy0YWKqZ. Status changed: AVAILABLE => DELETING in 0.0616772174835
2019-07-02 07:46:40.191 2783 RALLYDEBUG rally.task.utils [-] Waiting for resource s_rally_fdf1102c_M4ktIRyF. Status changed: UPLOADING => AVAILABLE in 48.8498411179
2019-07-02 07:46:40.635 2783 RALLYDEBUG rally.task.utils [-] Waiting for resource s_rally_fdf1102c_M4ktIRyF. Status changed: AVAILABLE => DELETING in 0.0557699203491
2019-07-02 07:46:42.217 2784 INFO rally.task.runner [-] Task 3e861066-b635-4799-96df-d62059ef8c4e | ITER: 3 END: OK
2019-07-02 07:46:42.224 2784 INFO rally.task.runner [-] Task 3e861066-b635-4799-96df-d62059ef8c4e | ITER: 5 START
2019-07-02 07:46:43.720 2783 INFO rally.task.runner [-] Task 3e861066-b635-4799-96df-d62059ef8c4e | ITER: 2 END: OK
2019-07-02 07:46:43.726 2783 INFO rally.task.runner [-] Task 3e861066-b635-4799-96df-d62059ef8c4e | ITER: 6 START
2019-07-02 07:46:43.743 2785 INFO rally.task.runner [-] Task 3e861066-b635-4799-96df-d62059ef8c4e | ITER: 4 END: OK
2019-07-02 07:46:43.748 2782 INFO rally.task.runner [-] Task 3e861066-b635-4799-96df-d62059ef8c4e | ITER: 1 END: OK
2019-07-02 07:46:43.749 2785 INFO rally.task.runner [-] Task 3e861066-b635-4799-96df-d62059ef8c4e | ITER: 7 START
2019-07-02 07:46:43.754 2782 INFO rally.task.runner [-] Task 3e861066-b635-4799-96df-d62059ef8c4e | ITER: 8 START
2019-07-02 07:46:47.006 2784 RALLYDEBUG rally.task.utils [-] Waiting for resource s_rally_fdf1102c_NdmJsm94. Status changed: AVAILABLE => UPLOADING in 0.310119867325
2019-07-02 07:46:47.984 2782 RALLYDEBUG rally.task.utils [-] Waiting for resource s_rally_fdf1102c_KxCA8iR7. Status changed: AVAILABLE => UPLOADING in 0.0641720294952
2019-07-02 07:46:48.442 2783 RALLYDEBUG rally.task.utils [-] Waiting for resource s_rally_fdf1102c_BpOtYdYz. Status changed: AVAILABLE => UPLOADING in 0.0519919395447
2019-07-02 07:46:48.654 2785 RALLYDEBUG rally.task.utils [-] Waiting for resource s_rally_fdf1102c_wx2gcS8K. Status changed: AVAILABLE => UPLOADING in 0.266556978226
2019-07-02 07:47:26.211 2784 RALLYDEBUG rally.task.utils [-] Waiting for resource s_rally_fdf1102c_NdmJsm94. Status changed: UPLOADING => AVAILABLE in 39.2052562237
2019-07-02 07:47:26.698 2784 RALLYDEBUG rally.task.utils [-] Waiting for resource s_rally_fdf1102c_NdmJsm94. Status changed: AVAILABLE => DELETING in 0.0635650157928
2019-07-02 07:47:26.843 2782 RALLYDEBUG rally.task.utils [-] Waiting for resource s_rally_fdf1102c_KxCA8iR7. Status changed: UPLOADING => AVAILABLE in 38.8584280014
2019-07-02 07:47:27.348 2782 RALLYDEBUG rally.task.utils [-] Waiting for resource s_rally_fdf1102c_KxCA8iR7. Status changed: AVAILABLE => DELETING in 0.0757949352264
2019-07-02 07:47:30.996 2784 INFO rally.task.runner [-] Task 3e861066-b635-4799-96df-d62059ef8c4e | ITER: 5 END: OK
2019-07-02 07:47:31.002 2784 INFO rally.task.runner [-] Task 3e861066-b635-4799-96df-d62059ef8c4e | ITER: 9 START
2019-07-02 07:47:31.004 2782 INFO rally.task.runner [-] Task 3e861066-b635-4799-96df-d62059ef8c4e | ITER: 8 END: OK
2019-07-02 07:47:31.010 2782 INFO rally.task.runner [-] Task 3e861066-b635-4799-96df-d62059ef8c4e | ITER: 10 START
2019-07-02 07:47:35.818 2782 RALLYDEBUG rally.task.utils [-] Waiting for resource s_rally_fdf1102c_LVt3O4zJ. Status changed: AVAILABLE => UPLOADING in 0.0682859420776
2019-07-02 07:47:36.257 2784 RALLYDEBUG rally.task.utils [-] Waiting for resource s_rally_fdf1102c_N8HgIbOk. Status changed: AVAILABLE => UPLOADING in 0.384799957275
2019-07-02 07:47:56.249 2783 RALLYDEBUG rally.task.utils [-] Waiting for resource s_rally_fdf1102c_BpOtYdYz. Status changed: UPLOADING => AVAILABLE in 67.8072209358
2019-07-02 07:47:56.376 2785 RALLYDEBUG rally.task.utils [-] Waiting for resource s_rally_fdf1102c_wx2gcS8K. Status changed: UPLOADING => AVAILABLE in 67.7215158939
2019-07-02 07:47:56.926 2785 RALLYDEBUG rally.task.utils [-] Waiting for resource s_rally_fdf1102c_wx2gcS8K. Status changed: AVAILABLE => DELETING in 0.0643241405487
2019-07-02 07:47:57.040 2783 RALLYDEBUG rally.task.utils [-] Waiting for resource s_rally_fdf1102c_BpOtYdYz. Status changed: AVAILABLE => DELETING in 0.477757930756
2019-07-02 07:48:02.843 2785 INFO rally.task.runner [-] Task 3e861066-b635-4799-96df-d62059ef8c4e | ITER: 7 END: OK
2019-07-02 07:48:02.847 2783 INFO rally.task.runner [-] Task 3e861066-b635-4799-96df-d62059ef8c4e | ITER: 6 END: OK
2019-07-02 07:48:12.433 2784 RALLYDEBUG rally.task.utils [-] Waiting for resource s_rally_fdf1102c_N8HgIbOk. Status changed: UPLOADING => AVAILABLE in 36.1760630608
2019-07-02 07:48:12.683 2782 RALLYDEBUG rally.task.utils [-] Waiting for resource s_rally_fdf1102c_LVt3O4zJ. Status changed: UPLOADING => AVAILABLE in 36.8643841743
2019-07-02 07:48:13.205 2782 RALLYDEBUG rally.task.utils [-] Waiting for resource s_rally_fdf1102c_LVt3O4zJ. Status changed: AVAILABLE => DELETING in 0.055083990097
2019-07-02 07:48:14.305 2784 INFO rally.task.runner [-] Task 3e861066-b635-4799-96df-d62059ef8c4e | ITER: 9 END: OK
2019-07-02 07:48:16.468 2782 INFO rally.task.runner [-] Task 3e861066-b635-4799-96df-d62059ef8c4e | ITER: 10 END: OK
2019-07-02 07:48:16.491 1842 INFO rally.task.context [-] Task 3e861066-b635-4799-96df-d62059ef8c4e | Context cleanup@openstack cleanup() started
2019-07-02 07:48:16.493 1842 RALLYDEBUG rally_openstack.cleanup.manager [-] Cleaning up cinder backups objects
2019-07-02 07:48:18.802 1842 RALLYDEBUG rally_openstack.cleanup.manager [-] Cleaning up cinder volume_snapshots objects
2019-07-02 07:48:20.814 1842 RALLYDEBUG rally_openstack.cleanup.manager [-] Cleaning up cinder transfers objects
2019-07-02 07:48:23.089 1842 RALLYDEBUG rally_openstack.cleanup.manager [-] Cleaning up cinder volumes objects
2019-07-02 07:48:25.267 1842 RALLYDEBUG rally_openstack.cleanup.manager [-] Cleaning up glance images objects
2019-07-02 07:48:28.322 1842 INFO rally.task.context [-] Task 3e861066-b635-4799-96df-d62059ef8c4e | Context cleanup@openstack cleanup() finished in 11.83 sec
2019-07-02 07:48:28.323 1842 INFO rally.task.context [-] Task 3e861066-b635-4799-96df-d62059ef8c4e | Context quotas@openstack cleanup() started
2019-07-02 07:48:28.758 1842 INFO rally.task.context [-] Task 3e861066-b635-4799-96df-d62059ef8c4e | Context quotas@openstack cleanup() finished in 0.44 sec
2019-07-02 07:48:28.759 1842 INFO rally.task.context [-] Task 3e861066-b635-4799-96df-d62059ef8c4e | Context api_versions@openstack cleanup() started
2019-07-02 07:48:28.759 1842 INFO rally.task.context [-] Task 3e861066-b635-4799-96df-d62059ef8c4e | Context api_versions@openstack cleanup() finished in 0.34 msec
2019-07-02 07:48:28.759 1842 INFO rally.task.context [-] Task 3e861066-b635-4799-96df-d62059ef8c4e | Context users@openstack cleanup() started
2019-07-02 07:48:37.102 1842 INFO rally.task.context [-] Task 3e861066-b635-4799-96df-d62059ef8c4e | Context users@openstack cleanup() finished in 8.34 sec
2019-07-02 07:48:37.425 1842 INFO rally.task.engine [-] Load duration is: 150.324748
2019-07-02 07:48:37.425 1842 INFO rally.task.engine [-] Full runner duration is: 151.221845
2019-07-02 07:48:37.426 1842 INFO rally.task.engine [-] Full duration is: 178.316439
2019-07-02 07:48:37.644 1842 INFO rally.task.engine [-] Running workload: position = 0 config = { "version": 2, "title": "A cropped version of a bigger task.", "description": "Auto-generated task from a single workload (uuid=4c56690a-5aa9-4a30-a460-fa5bbb214fa1)", "subtasks": [ { "title": "CinderVolumes.create_nested_snapshots_and_attach_volume", "description": "Create a volume from snapshot and attach/detach the volume", "scenario": { "CinderVolumes.create_nested_snapshots_and_attach_volume": { "flavor": { "name": "rally_full-flavor_63446083-24ab-4947-ac1f-a2d54d575467" }, "image": { "name": "rally_full-img_63446083-24ab-4947-ac1f-a2d54d575467" }, "nested_level": 1, "size": { "max": 1, "min": 1 }, "create_vm_params": { "nics": [ { "net-id": "95e116af-3319-4e87-9351-52725e9a2e81" } ] } } }, "contexts": { "users": { "tenants": 3, "users_per_tenant": 2 }, "quotas": { "cinder": { "gigabytes": -1, "snapshots": -1, "volumes": -1 } }, "api_versions": { "cinder": { "version": 3, "service_type": "volumev3" } } }, "runner": { "constant": { "concurrency": 4, "times": 10 } }, "hooks": [], "sla": { "failure_rate": { "max": 0 } } } ] }
2019-07-02 07:48:37.665 1842 RALLYDEBUG rally_openstack.contexts.keystone.users [-] Creating 3 tenants using 20 threads
2019-07-02 07:48:39.577 1842 RALLYDEBUG rally_openstack.contexts.keystone.users [-] Creating 6 users using 20 threads
2019-07-02 07:48:42.258 1842 INFO rally.task.context [-] Task 3e861066-b635-4799-96df-d62059ef8c4e | Context users@openstack setup() finished in 4.59 sec
2019-07-02 07:48:42.697 1842 INFO rally.task.context [-] Task 3e861066-b635-4799-96df-d62059ef8c4e | Context api_versions@openstack setup() finished in 0.44 sec
2019-07-02 07:48:44.341 1842 INFO rally.task.context [-] Task 3e861066-b635-4799-96df-d62059ef8c4e | Context quotas@openstack setup() finished in 1.64 sec
2019-07-02 07:48:44.341 1842 INFO rally.task.context [-] Task 3e861066-b635-4799-96df-d62059ef8c4e | Context cleanup@openstack setup() finished in 0.01 msec
2019-07-02 07:48:45.504 1842 DEBUG novaclient.v2.client [-] REQ: curl -g -i -X GET http://172.30.9.35:8774/v2.1/flavors/detail -H "Accept: application/json" -H "User-Agent: python-novaclient" -H "X-Auth-Token: {SHA1}73e32d9b9a5abc9eb96ed7e4a4f551d49fe4770c" _http_log_request /usr/lib/python2.7/site-packages/keystoneauth1/session.py:448
2019-07-02 07:48:46.218 1842 DEBUG novaclient.v2.client [-] RESP: [200] Content-Encoding: gzip Content-Length: 364 Content-Type: application/json Date: Tue, 02 Jul 2019 07:48:45 GMT OpenStack-API-Version: compute 2.1 Server: Apache Vary: OpenStack-API-Version,X-OpenStack-Nova-API-Version,Accept-Encoding X-OpenStack-Nova-API-Version: 2.1 x-compute-request-id: req-ff061b20-69e6-4970-ae42-4dfca3e49155 x-openstack-request-id: req-ff061b20-69e6-4970-ae42-4dfca3e49155 _http_log_response /usr/lib/python2.7/site-packages/keystoneauth1/session.py:479
2019-07-02 07:48:46.219 1842 DEBUG novaclient.v2.client [-] RESP BODY: {"flavors": [{"name": "rally_full-flavor_63446083-24ab-4947-ac1f-a2d54d575467", "links": [{"href": "http://172.30.9.35:8774/v2.1/flavors/3ff2360a-9732-487d-8ed0-5aff8b935094", "rel": "self"}, {"href": "http://172.30.9.35:8774/flavors/3ff2360a-9732-487d-8ed0-5aff8b935094", "rel": "bookmark"}], "ram": 512, "OS-FLV-DISABLED:disabled": false, "vcpus": 1, "swap": "", "os-flavor-access:is_public": true, "rxtx_factor": 1.0, "OS-FLV-EXT-DATA:ephemeral": 0, "disk": 1, "id": "3ff2360a-9732-487d-8ed0-5aff8b935094"}, {"name": "rally_full-flavor_alt_63446083-24ab-4947-ac1f-a2d54d575467", "links": [{"href": "http://172.30.9.35:8774/v2.1/flavors/73ae6143-d706-4120-b2cd-f9ca0149a3b9", "rel": "self"}, {"href": "http://172.30.9.35:8774/flavors/73ae6143-d706-4120-b2cd-f9ca0149a3b9", "rel": "bookmark"}], "ram": 1024, "OS-FLV-DISABLED:disabled": false, "vcpus": 1, "swap": "", "os-flavor-access:is_public": true, "rxtx_factor": 1.0, "OS-FLV-EXT-DATA:ephemeral": 0, "disk": 1, "id": "73ae6143-d706-4120-b2cd-f9ca0149a3b9"}]} _http_log_response /usr/lib/python2.7/site-packages/keystoneauth1/session.py:511
2019-07-02 07:48:46.219 1842 DEBUG novaclient.v2.client [-] GET call to compute for http://172.30.9.35:8774/v2.1/flavors/detail used request id req-ff061b20-69e6-4970-ae42-4dfca3e49155 request /usr/lib/python2.7/site-packages/keystoneauth1/session.py:844
2019-07-02 07:48:46.221 1842 RALLYDEBUG rally.task.runner [-] Starting the constant runner (task UUID: 3e861066-b635-4799-96df-d62059ef8c4e). timeout: 0 concurrency: 4 concurrency_per_worker: 1 times: 10 concurrency_overhead: 0 processes_to_start: 4 max_cpu_used: 16
2019-07-02 07:48:46.234 2986 RALLYDEBUG rally.task.runner [-] Starting a worker. concurrency: 1 args: {"flavor": "3ff2360a-9732-487d-8ed0-5aff8b935094", "image": "3d96f41a-6004-4e78-8c26-137912fcc33e", "nested_level": 1, "size": {"max": 1, "min": 1}, "create_vm_params": {"nics": [{"net-id": "95e116af-3319-4e87-9351-52725e9a2e81"}]}} times: 10 method_name: run timeout: 0 duration: None cls:
2019-07-02 07:48:46.237 2987 RALLYDEBUG rally.task.runner [-] Starting a worker. concurrency: 1 args: {"flavor": "3ff2360a-9732-487d-8ed0-5aff8b935094", "image": "3d96f41a-6004-4e78-8c26-137912fcc33e", "nested_level": 1, "size": {"max": 1, "min": 1}, "create_vm_params": {"nics": [{"net-id": "95e116af-3319-4e87-9351-52725e9a2e81"}]}} times: 10 method_name: run timeout: 0 duration: None cls:
2019-07-02 07:48:46.240 2988 RALLYDEBUG rally.task.runner [-] Starting a worker. concurrency: 1 args: {"flavor": "3ff2360a-9732-487d-8ed0-5aff8b935094", "image": "3d96f41a-6004-4e78-8c26-137912fcc33e", "nested_level": 1, "size": {"max": 1, "min": 1}, "create_vm_params": {"nics": [{"net-id": "95e116af-3319-4e87-9351-52725e9a2e81"}]}} times: 10 method_name: run timeout: 0 duration: None cls:
2019-07-02 07:48:46.244 2986 INFO rally.task.runner [-] Task 3e861066-b635-4799-96df-d62059ef8c4e | ITER: 1 START
2019-07-02 07:48:46.246 2987 INFO rally.task.runner [-] Task 3e861066-b635-4799-96df-d62059ef8c4e | ITER: 2 START
2019-07-02 07:48:46.246 2989 RALLYDEBUG rally.task.runner [-] Starting a worker. concurrency: 1 args: {"flavor": "3ff2360a-9732-487d-8ed0-5aff8b935094", "image": "3d96f41a-6004-4e78-8c26-137912fcc33e", "nested_level": 1, "size": {"max": 1, "min": 1}, "create_vm_params": {"nics": [{"net-id": "95e116af-3319-4e87-9351-52725e9a2e81"}]}} times: 10 method_name: run timeout: 0 duration: None cls:
2019-07-02 07:48:46.248 2988 INFO rally.task.runner [-] Task 3e861066-b635-4799-96df-d62059ef8c4e | ITER: 3 START
2019-07-02 07:48:46.253 2989 INFO rally.task.runner [-] Task 3e861066-b635-4799-96df-d62059ef8c4e | ITER: 4 START
2019-07-02 07:48:46.692 2988 DEBUG novaclient.v2.client [-] REQ: curl -g -i -X POST http://172.30.9.35:8774/v2.1/servers -H "Accept: application/json" -H "Content-Type: application/json" -H "User-Agent: python-novaclient" -H "X-Auth-Token: {SHA1}926ec9fbe9102737bd0a08370773acc96b316b14" -d '{"server": {"name": "s_rally_4c56690a_40Je1ppN", "imageRef": "3d96f41a-6004-4e78-8c26-137912fcc33e", "flavorRef": "3ff2360a-9732-487d-8ed0-5aff8b935094", "max_count": 1, "min_count": 1, "networks": [{"uuid": "95e116af-3319-4e87-9351-52725e9a2e81"}]}}' _http_log_request /usr/lib/python2.7/site-packages/keystoneauth1/session.py:448
2019-07-02 07:48:46.708 2986 DEBUG novaclient.v2.client [-] REQ: curl -g -i -X POST http://172.30.9.35:8774/v2.1/servers -H "Accept: application/json" -H "Content-Type: application/json" -H "User-Agent: python-novaclient" -H "X-Auth-Token: {SHA1}213a686670007f3e7f09b5c9af21b3b05914d8ab" -d '{"server": {"name": "s_rally_4c56690a_tkXnEe0e", "imageRef": "3d96f41a-6004-4e78-8c26-137912fcc33e", "flavorRef": "3ff2360a-9732-487d-8ed0-5aff8b935094", "max_count": 1, "min_count": 1, "networks": [{"uuid": "95e116af-3319-4e87-9351-52725e9a2e81"}]}}' _http_log_request /usr/lib/python2.7/site-packages/keystoneauth1/session.py:448
2019-07-02 07:48:46.711 2987 DEBUG novaclient.v2.client [-] REQ: curl -g -i -X POST http://172.30.9.35:8774/v2.1/servers -H "Accept: application/json" -H "Content-Type: application/json" -H "User-Agent: python-novaclient" -H "X-Auth-Token: {SHA1}4079c19e0c1d2f79e83dccf3439ebabf466626fd" -d '{"server": {"name": "s_rally_4c56690a_oE7bMkfh", "imageRef": "3d96f41a-6004-4e78-8c26-137912fcc33e", "flavorRef": "3ff2360a-9732-487d-8ed0-5aff8b935094", "max_count": 1, "min_count": 1, "networks": [{"uuid": "95e116af-3319-4e87-9351-52725e9a2e81"}]}}' _http_log_request /usr/lib/python2.7/site-packages/keystoneauth1/session.py:448
2019-07-02 07:48:46.714 2989 DEBUG novaclient.v2.client [-] REQ: curl -g -i -X POST http://172.30.9.35:8774/v2.1/servers -H "Accept: application/json" -H "Content-Type: application/json" -H "User-Agent: python-novaclient" -H "X-Auth-Token: {SHA1}670df334ad3b488bb96bc08bb8440c03bd945189" -d '{"server": {"name": "s_rally_4c56690a_JkCuOPcN", "imageRef": "3d96f41a-6004-4e78-8c26-137912fcc33e", "flavorRef": "3ff2360a-9732-487d-8ed0-5aff8b935094", "max_count": 1, "min_count": 1, "networks": [{"uuid": "95e116af-3319-4e87-9351-52725e9a2e81"}]}}' _http_log_request /usr/lib/python2.7/site-packages/keystoneauth1/session.py:448
2019-07-02 07:48:49.435 2989 DEBUG novaclient.v2.client [-] RESP: [202] Content-Length: 374 Content-Type: application/json Date: Tue, 02 Jul 2019 07:48:46 GMT OpenStack-API-Version: compute 2.1 Server: Apache Vary: OpenStack-API-Version,X-OpenStack-Nova-API-Version X-OpenStack-Nova-API-Version: 2.1 location: http://172.30.9.35:8774/v2.1/servers/1366871e-3483-47c6-af63-ca995dc055bf x-compute-request-id: req-c57a3c35-e022-4463-bdce-89244cf17bd3 x-openstack-request-id: req-c57a3c35-e022-4463-bdce-89244cf17bd3 _http_log_response /usr/lib/python2.7/site-packages/keystoneauth1/session.py:479
2019-07-02 07:48:49.436 2989 DEBUG novaclient.v2.client [-] RESP BODY: {"server": {"security_groups": [{"name": "default"}], "OS-DCF:diskConfig": "MANUAL", "id": "1366871e-3483-47c6-af63-ca995dc055bf", "links": [{"href": "http://172.30.9.35:8774/v2.1/servers/1366871e-3483-47c6-af63-ca995dc055bf", "rel": "self"}, {"href": "http://172.30.9.35:8774/servers/1366871e-3483-47c6-af63-ca995dc055bf", "rel": "bookmark"}], "adminPass": "Y8LJZyozY2KQ"}} _http_log_response /usr/lib/python2.7/site-packages/keystoneauth1/session.py:511
2019-07-02 07:48:49.437 2989 DEBUG novaclient.v2.client [-] POST call to compute for http://172.30.9.35:8774/v2.1/servers used request id req-c57a3c35-e022-4463-bdce-89244cf17bd3 request /usr/lib/python2.7/site-packages/keystoneauth1/session.py:844
2019-07-02 07:48:49.855 2988 DEBUG novaclient.v2.client [-] RESP: [202] Content-Length: 374 Content-Type: application/json Date: Tue, 02 Jul 2019 07:48:46 GMT OpenStack-API-Version: compute 2.1 Server: Apache Vary: OpenStack-API-Version,X-OpenStack-Nova-API-Version X-OpenStack-Nova-API-Version: 2.1 location: http://172.30.9.35:8774/v2.1/servers/038124d8-c733-4d76-bd66-b6c61cbd63ed x-compute-request-id: req-4980dc89-c289-4d1d-aa62-45aa72a81065 x-openstack-request-id: req-4980dc89-c289-4d1d-aa62-45aa72a81065 _http_log_response /usr/lib/python2.7/site-packages/keystoneauth1/session.py:479
2019-07-02 07:48:49.856 2988 DEBUG novaclient.v2.client [-] RESP BODY: {"server": {"security_groups": [{"name": "default"}], "OS-DCF:diskConfig": "MANUAL", "id": "038124d8-c733-4d76-bd66-b6c61cbd63ed", "links": [{"href": "http://172.30.9.35:8774/v2.1/servers/038124d8-c733-4d76-bd66-b6c61cbd63ed", "rel": "self"}, {"href": "http://172.30.9.35:8774/servers/038124d8-c733-4d76-bd66-b6c61cbd63ed", "rel": "bookmark"}], "adminPass": "z55P5Z9r6T8y"}} _http_log_response /usr/lib/python2.7/site-packages/keystoneauth1/session.py:511
2019-07-02 07:48:49.856 2988 DEBUG novaclient.v2.client [-] POST call to compute for http://172.30.9.35:8774/v2.1/servers used request id req-4980dc89-c289-4d1d-aa62-45aa72a81065 request /usr/lib/python2.7/site-packages/keystoneauth1/session.py:844
2019-07-02 07:48:49.925 2986 DEBUG novaclient.v2.client [-] RESP: [202] Content-Length: 374 Content-Type: application/json Date: Tue, 02 Jul 2019 07:48:46 GMT OpenStack-API-Version: compute 2.1 Server: Apache Vary: OpenStack-API-Version,X-OpenStack-Nova-API-Version X-OpenStack-Nova-API-Version: 2.1 location: http://172.30.9.35:8774/v2.1/servers/d997ff93-d5d0-42dc-89c0-ec98013f1878 x-compute-request-id: req-91172209-2824-4ef4-93f2-d703a8b4c244 x-openstack-request-id: req-91172209-2824-4ef4-93f2-d703a8b4c244 _http_log_response /usr/lib/python2.7/site-packages/keystoneauth1/session.py:479
2019-07-02 07:48:49.926 2986 DEBUG novaclient.v2.client [-] RESP BODY: {"server": {"security_groups": [{"name": "default"}], "OS-DCF:diskConfig": "MANUAL", "id": "d997ff93-d5d0-42dc-89c0-ec98013f1878", "links": [{"href": "http://172.30.9.35:8774/v2.1/servers/d997ff93-d5d0-42dc-89c0-ec98013f1878", "rel": "self"}, {"href": "http://172.30.9.35:8774/servers/d997ff93-d5d0-42dc-89c0-ec98013f1878", "rel": "bookmark"}], "adminPass": "wPW7mS3Dkpf4"}} _http_log_response /usr/lib/python2.7/site-packages/keystoneauth1/session.py:511
2019-07-02 07:48:49.926 2986 DEBUG novaclient.v2.client [-] POST call to compute for http://172.30.9.35:8774/v2.1/servers used request id req-91172209-2824-4ef4-93f2-d703a8b4c244 request /usr/lib/python2.7/site-packages/keystoneauth1/session.py:844
2019-07-02 07:48:50.441 2989 DEBUG novaclient.v2.client [-] REQ: curl -g -i -X GET http://172.30.9.35:8774/v2.1/servers/1366871e-3483-47c6-af63-ca995dc055bf -H "Accept: application/json" -H "User-Agent: python-novaclient" -H "X-Auth-Token: {SHA1}670df334ad3b488bb96bc08bb8440c03bd945189" _http_log_request /usr/lib/python2.7/site-packages/keystoneauth1/session.py:448
2019-07-02 07:48:50.860 2988 DEBUG novaclient.v2.client [-] REQ: curl -g -i -X GET http://172.30.9.35:8774/v2.1/servers/038124d8-c733-4d76-bd66-b6c61cbd63ed -H "Accept: application/json" -H "User-Agent: python-novaclient" -H "X-Auth-Token: {SHA1}926ec9fbe9102737bd0a08370773acc96b316b14" _http_log_request /usr/lib/python2.7/site-packages/keystoneauth1/session.py:448
2019-07-02 07:48:50.862 2987 DEBUG novaclient.v2.client [-] RESP: [202] Content-Length: 374 Content-Type: application/json Date: Tue, 02 Jul 2019 07:48:46 GMT OpenStack-API-Version: compute 2.1 Server: Apache Vary: OpenStack-API-Version,X-OpenStack-Nova-API-Version X-OpenStack-Nova-API-Version: 2.1 location: http://172.30.9.35:8774/v2.1/servers/8b9368ef-4818-49d6-95de-1a8868a9155a x-compute-request-id: req-3152f2a5-54c9-4288-abb3-9f7d46bf1edd x-openstack-request-id: req-3152f2a5-54c9-4288-abb3-9f7d46bf1edd _http_log_response /usr/lib/python2.7/site-packages/keystoneauth1/session.py:479
2019-07-02 07:48:50.863 2987 DEBUG novaclient.v2.client [-] RESP BODY: {"server": {"security_groups": [{"name": "default"}], "OS-DCF:diskConfig": "MANUAL", "id": "8b9368ef-4818-49d6-95de-1a8868a9155a", "links": [{"href": "http://172.30.9.35:8774/v2.1/servers/8b9368ef-4818-49d6-95de-1a8868a9155a", "rel": "self"}, {"href": "http://172.30.9.35:8774/servers/8b9368ef-4818-49d6-95de-1a8868a9155a", "rel": "bookmark"}], "adminPass": "a3QbYsiYX47c"}} _http_log_response /usr/lib/python2.7/site-packages/keystoneauth1/session.py:511
2019-07-02 07:48:50.863 2987 DEBUG novaclient.v2.client [-] POST call to compute for http://172.30.9.35:8774/v2.1/servers used request id req-3152f2a5-54c9-4288-abb3-9f7d46bf1edd request /usr/lib/python2.7/site-packages/keystoneauth1/session.py:844
2019-07-02 07:48:50.930 2986 DEBUG novaclient.v2.client [-] REQ: curl -g -i -X GET http://172.30.9.35:8774/v2.1/servers/d997ff93-d5d0-42dc-89c0-ec98013f1878 -H "Accept: application/json" -H "User-Agent: python-novaclient" -H "X-Auth-Token: {SHA1}213a686670007f3e7f09b5c9af21b3b05914d8ab" _http_log_request /usr/lib/python2.7/site-packages/keystoneauth1/session.py:448
2019-07-02 07:48:50.992 2986 DEBUG novaclient.v2.client [-] RESP: [200] Content-Encoding: gzip Content-Length: 590 Content-Type: application/json Date: Tue, 02 Jul 2019 07:48:50 GMT OpenStack-API-Version: compute 2.1 Server: Apache Vary: OpenStack-API-Version,X-OpenStack-Nova-API-Version,Accept-Encoding X-OpenStack-Nova-API-Version: 2.1 x-compute-request-id: req-15a32713-8b8c-430a-95ef-95bc799c7666 x-openstack-request-id: req-15a32713-8b8c-430a-95ef-95bc799c7666 _http_log_response /usr/lib/python2.7/site-packages/keystoneauth1/session.py:479
2019-07-02 07:48:50.993 2986 DEBUG novaclient.v2.client [-] RESP BODY: {"server": {"OS-EXT-STS:task_state": "scheduling", "addresses": {}, "links": [{"href": "http://172.30.9.35:8774/v2.1/servers/d997ff93-d5d0-42dc-89c0-ec98013f1878", "rel": "self"}, {"href": "http://172.30.9.35:8774/servers/d997ff93-d5d0-42dc-89c0-ec98013f1878", "rel": "bookmark"}], "image": {"id": "3d96f41a-6004-4e78-8c26-137912fcc33e", "links": [{"href": "http://172.30.9.35:8774/images/3d96f41a-6004-4e78-8c26-137912fcc33e", "rel": "bookmark"}]}, "OS-EXT-STS:vm_state": "building", "OS-SRV-USG:launched_at": null, "flavor": {"id": "3ff2360a-9732-487d-8ed0-5aff8b935094", "links": [{"href": "http://172.30.9.35:8774/flavors/3ff2360a-9732-487d-8ed0-5aff8b935094", "rel": "bookmark"}]}, "id": "d997ff93-d5d0-42dc-89c0-ec98013f1878", "user_id": "ab4b6dbf41044ee0a53a335df50c6f6f", "OS-DCF:diskConfig": "MANUAL", "accessIPv4": "", "accessIPv6": "", "progress": 0, "OS-EXT-STS:power_state": 0, "OS-EXT-AZ:availability_zone": "", "config_drive": "", "status": "BUILD", "updated": "2019-07-02T07:48:50Z", "hostId": "", "OS-SRV-USG:terminated_at": null, "key_name": null, "name": "s_rally_4c56690a_tkXnEe0e", "created": "2019-07-02T07:48:49Z", "tenant_id": "1db72968896a4586a14d265c1c90c568", "os-extended-volumes:volumes_attached": [], "metadata": {}}} _http_log_response /usr/lib/python2.7/site-packages/keystoneauth1/session.py:511
2019-07-02 07:48:50.994 2986 DEBUG novaclient.v2.client [-] GET call to compute for http://172.30.9.35:8774/v2.1/servers/d997ff93-d5d0-42dc-89c0-ec98013f1878 used request id req-15a32713-8b8c-430a-95ef-95bc799c7666 request /usr/lib/python2.7/site-packages/keystoneauth1/session.py:844
2019-07-02 07:48:50.995 2986 DEBUG novaclient.v2.client [-] REQ: curl -g -i -X GET http://172.30.9.35:8774/v2.1/servers/d997ff93-d5d0-42dc-89c0-ec98013f1878 -H "Accept: application/json" -H "User-Agent: python-novaclient" -H "X-Auth-Token: {SHA1}213a686670007f3e7f09b5c9af21b3b05914d8ab" _http_log_request /usr/lib/python2.7/site-packages/keystoneauth1/session.py:448
2019-07-02 07:48:51.052 2986 DEBUG novaclient.v2.client [-] RESP: [200] Content-Encoding: gzip Content-Length: 590 Content-Type: application/json Date: Tue, 02 Jul 2019 07:48:51 GMT OpenStack-API-Version: compute 2.1 Server: Apache Vary: OpenStack-API-Version,X-OpenStack-Nova-API-Version,Accept-Encoding X-OpenStack-Nova-API-Version: 2.1 x-compute-request-id: req-e7d86a20-2cfb-4f20-af34-5a45750921a9 x-openstack-request-id: req-e7d86a20-2cfb-4f20-af34-5a45750921a9 _http_log_response /usr/lib/python2.7/site-packages/keystoneauth1/session.py:479
2019-07-02 07:48:51.052 2986 DEBUG novaclient.v2.client [-] RESP BODY: {"server": {"OS-EXT-STS:task_state": "scheduling", "addresses": {}, "links": [{"href": "http://172.30.9.35:8774/v2.1/servers/d997ff93-d5d0-42dc-89c0-ec98013f1878", "rel": "self"}, {"href": "http://172.30.9.35:8774/servers/d997ff93-d5d0-42dc-89c0-ec98013f1878", "rel": "bookmark"}], "image": {"id": "3d96f41a-6004-4e78-8c26-137912fcc33e", "links": [{"href": "http://172.30.9.35:8774/images/3d96f41a-6004-4e78-8c26-137912fcc33e", "rel": "bookmark"}]}, "OS-EXT-STS:vm_state": "building", "OS-SRV-USG:launched_at": null, "flavor": {"id": "3ff2360a-9732-487d-8ed0-5aff8b935094", "links": [{"href": "http://172.30.9.35:8774/flavors/3ff2360a-9732-487d-8ed0-5aff8b935094", "rel": "bookmark"}]}, "id": "d997ff93-d5d0-42dc-89c0-ec98013f1878", "user_id": "ab4b6dbf41044ee0a53a335df50c6f6f", "OS-DCF:diskConfig": "MANUAL", "accessIPv4": "", "accessIPv6": "", "progress": 0, "OS-EXT-STS:power_state": 0, "OS-EXT-AZ:availability_zone": "", "config_drive": "", "status": "BUILD", "updated": "2019-07-02T07:48:51Z", "hostId": "", "OS-SRV-USG:terminated_at": null, "key_name": null, "name": "s_rally_4c56690a_tkXnEe0e", "created": "2019-07-02T07:48:49Z", "tenant_id": "1db72968896a4586a14d265c1c90c568", "os-extended-volumes:volumes_attached": [], "metadata": {}}} _http_log_response /usr/lib/python2.7/site-packages/keystoneauth1/session.py:511
2019-07-02 07:48:51.053 2986 DEBUG novaclient.v2.client [-] GET call to compute for http://172.30.9.35:8774/v2.1/servers/d997ff93-d5d0-42dc-89c0-ec98013f1878 used request id req-e7d86a20-2cfb-4f20-af34-5a45750921a9 request /usr/lib/python2.7/site-packages/keystoneauth1/session.py:844
2019-07-02 07:48:51.120 2988 DEBUG novaclient.v2.client [-] RESP: [200] Content-Encoding: gzip Content-Length: 590 Content-Type: application/json Date: Tue, 02 Jul 2019 07:48:50 GMT OpenStack-API-Version: compute 2.1 Server: Apache Vary: OpenStack-API-Version,X-OpenStack-Nova-API-Version,Accept-Encoding X-OpenStack-Nova-API-Version: 2.1 x-compute-request-id: req-93d5ddaf-4b79-4ac7-859b-8e2e28d69b4d x-openstack-request-id: req-93d5ddaf-4b79-4ac7-859b-8e2e28d69b4d _http_log_response /usr/lib/python2.7/site-packages/keystoneauth1/session.py:479
2019-07-02 07:48:51.121 2988 DEBUG novaclient.v2.client [-] RESP BODY: {"server": {"OS-EXT-STS:task_state": "scheduling", "addresses": {}, "links": [{"href": "http://172.30.9.35:8774/v2.1/servers/038124d8-c733-4d76-bd66-b6c61cbd63ed", "rel": "self"}, {"href": "http://172.30.9.35:8774/servers/038124d8-c733-4d76-bd66-b6c61cbd63ed", "rel": "bookmark"}], "image": {"id": "3d96f41a-6004-4e78-8c26-137912fcc33e", "links": [{"href": "http://172.30.9.35:8774/images/3d96f41a-6004-4e78-8c26-137912fcc33e", "rel": "bookmark"}]}, "OS-EXT-STS:vm_state": "building", "OS-SRV-USG:launched_at": null, "flavor": {"id": "3ff2360a-9732-487d-8ed0-5aff8b935094", "links": [{"href": "http://172.30.9.35:8774/flavors/3ff2360a-9732-487d-8ed0-5aff8b935094", "rel": "bookmark"}]}, "id": "038124d8-c733-4d76-bd66-b6c61cbd63ed", "user_id": "c4aefca07cad40858d32f583687881b7", "OS-DCF:diskConfig": "MANUAL", "accessIPv4": "", "accessIPv6": "", "progress": 0, "OS-EXT-STS:power_state": 0, "OS-EXT-AZ:availability_zone": "", "config_drive": "", "status": "BUILD", "updated": "2019-07-02T07:48:50Z", "hostId": "", "OS-SRV-USG:terminated_at": null, "key_name": null, "name": "s_rally_4c56690a_40Je1ppN", "created": "2019-07-02T07:48:49Z", "tenant_id": "d6343ff43e264852a97afbdbcfd53c85", "os-extended-volumes:volumes_attached": [], "metadata": {}}} _http_log_response /usr/lib/python2.7/site-packages/keystoneauth1/session.py:511
2019-07-02 07:48:51.122 2988 DEBUG novaclient.v2.client [-] GET call to compute for http://172.30.9.35:8774/v2.1/servers/038124d8-c733-4d76-bd66-b6c61cbd63ed used request id req-93d5ddaf-4b79-4ac7-859b-8e2e28d69b4d request /usr/lib/python2.7/site-packages/keystoneauth1/session.py:844
2019-07-02 07:48:51.123 2988 DEBUG novaclient.v2.client [-] REQ: curl -g -i -X GET http://172.30.9.35:8774/v2.1/servers/038124d8-c733-4d76-bd66-b6c61cbd63ed -H "Accept: application/json" -H "User-Agent: python-novaclient" -H "X-Auth-Token: {SHA1}926ec9fbe9102737bd0a08370773acc96b316b14" _http_log_request /usr/lib/python2.7/site-packages/keystoneauth1/session.py:448
2019-07-02 07:48:51.410 2988 DEBUG novaclient.v2.client [-] RESP: [200] Content-Encoding: gzip Content-Length: 590 Content-Type: application/json Date: Tue, 02 Jul 2019 07:48:51 GMT OpenStack-API-Version: compute 2.1 Server: Apache Vary: OpenStack-API-Version,X-OpenStack-Nova-API-Version,Accept-Encoding X-OpenStack-Nova-API-Version: 2.1 x-compute-request-id: req-bd6a20fe-b66a-47f5-8232-ed12a3ce959d x-openstack-request-id: req-bd6a20fe-b66a-47f5-8232-ed12a3ce959d _http_log_response /usr/lib/python2.7/site-packages/keystoneauth1/session.py:479
2019-07-02 07:48:51.411 2988 DEBUG novaclient.v2.client [-] RESP BODY: {"server": {"OS-EXT-STS:task_state": "scheduling", "addresses": {}, "links": [{"href": "http://172.30.9.35:8774/v2.1/servers/038124d8-c733-4d76-bd66-b6c61cbd63ed", "rel": "self"}, {"href": "http://172.30.9.35:8774/servers/038124d8-c733-4d76-bd66-b6c61cbd63ed", "rel": "bookmark"}], "image": {"id": "3d96f41a-6004-4e78-8c26-137912fcc33e", "links": [{"href": "http://172.30.9.35:8774/images/3d96f41a-6004-4e78-8c26-137912fcc33e", "rel": "bookmark"}]}, "OS-EXT-STS:vm_state": "building", "OS-SRV-USG:launched_at": null, "flavor": {"id": "3ff2360a-9732-487d-8ed0-5aff8b935094", "links": [{"href": "http://172.30.9.35:8774/flavors/3ff2360a-9732-487d-8ed0-5aff8b935094", "rel": "bookmark"}]}, "id": "038124d8-c733-4d76-bd66-b6c61cbd63ed", "user_id": "c4aefca07cad40858d32f583687881b7", "OS-DCF:diskConfig": "MANUAL", "accessIPv4": "", "accessIPv6": "", "progress": 0, "OS-EXT-STS:power_state": 0, "OS-EXT-AZ:availability_zone": "", "config_drive": "", "status": "BUILD", "updated": "2019-07-02T07:48:51Z", "hostId": "", "OS-SRV-USG:terminated_at": null, "key_name": null, "name": "s_rally_4c56690a_40Je1ppN", "created": "2019-07-02T07:48:49Z", "tenant_id": "d6343ff43e264852a97afbdbcfd53c85", "os-extended-volumes:volumes_attached": [], "metadata": {}}} _http_log_response /usr/lib/python2.7/site-packages/keystoneauth1/session.py:511
2019-07-02 07:48:51.411 2988 DEBUG novaclient.v2.client [-] GET call to compute for http://172.30.9.35:8774/v2.1/servers/038124d8-c733-4d76-bd66-b6c61cbd63ed used request id req-bd6a20fe-b66a-47f5-8232-ed12a3ce959d request /usr/lib/python2.7/site-packages/keystoneauth1/session.py:844
2019-07-02 07:48:51.866 2987 DEBUG novaclient.v2.client [-] REQ: curl -g -i -X GET http://172.30.9.35:8774/v2.1/servers/8b9368ef-4818-49d6-95de-1a8868a9155a -H "Accept: application/json" -H "User-Agent: python-novaclient" -H "X-Auth-Token: {SHA1}4079c19e0c1d2f79e83dccf3439ebabf466626fd" _http_log_request /usr/lib/python2.7/site-packages/keystoneauth1/session.py:448
2019-07-02 07:48:51.924 2989 DEBUG novaclient.v2.client [-] RESP: [200] Content-Encoding: gzip Content-Length: 591 Content-Type: application/json Date: Tue, 02 Jul 2019 07:48:50 GMT OpenStack-API-Version: compute 2.1 Server: Apache Vary: OpenStack-API-Version,X-OpenStack-Nova-API-Version,Accept-Encoding X-OpenStack-Nova-API-Version: 2.1 x-compute-request-id: req-db98fcf1-de4e-48a0-b552-4ce807c07b99 x-openstack-request-id: req-db98fcf1-de4e-48a0-b552-4ce807c07b99 _http_log_response /usr/lib/python2.7/site-packages/keystoneauth1/session.py:479
