2019-07-02 07:54:22.008 1842 INFO rally.task.engine [-] Running workload: position = 0 config = { "version": 2, "title": "A cropped version of a bigger task.", "description": "Auto-generated task from a single workload (uuid=82424112-11cf-49be-a353-fbd0d0a4d643)", "subtasks": [ { "title": "CinderVolumes.list_volumes", "description": "List all volumes.", "scenario": { "CinderVolumes.list_volumes": { "detailed": true } }, "contexts": { "users": { "tenants": 3, "users_per_tenant": 2 }, "quotas": { "cinder": { "gigabytes": -1, "snapshots": -1, "volumes": -1 } }, "api_versions": { "cinder": { "version": 3, "service_type": "volumev3" } }, "volumes": { "size": 1, "volumes_per_tenant": 4 } }, "runner": { "constant": { "concurrency": 4, "times": 10 } }, "hooks": [], "sla": { "failure_rate": { "max": 0 } } } ] }
2019-07-02 07:54:22.032 1842 RALLYDEBUG rally_openstack.contexts.keystone.users [-] Creating 3 tenants using 20 threads
2019-07-02 07:54:23.862 1842 RALLYDEBUG rally_openstack.contexts.keystone.users [-] Creating 6 users using 20 threads
2019-07-02 07:54:26.460 1842 INFO rally.task.context [-] Task 3e861066-b635-4799-96df-d62059ef8c4e | Context users@openstack setup() finished in 4.43 sec
2019-07-02 07:54:26.891 1842 INFO rally.task.context [-] Task 3e861066-b635-4799-96df-d62059ef8c4e | Context api_versions@openstack setup() finished in 0.43 sec
2019-07-02 07:54:28.435 1842 INFO rally.task.context [-] Task 3e861066-b635-4799-96df-d62059ef8c4e | Context quotas@openstack setup() finished in 1.54 sec
2019-07-02 07:55:04.284 1842 INFO rally.task.context [-] Task 3e861066-b635-4799-96df-d62059ef8c4e | Context volumes@openstack setup() finished in 35.85 sec
2019-07-02 07:55:04.293 1842 RALLYDEBUG rally.task.runner [-] Starting the constant runner (task UUID: 3e861066-b635-4799-96df-d62059ef8c4e). timeout: 0 concurrency: 4 concurrency_per_worker: 1 times: 10 concurrency_overhead: 0 processes_to_start: 4 max_cpu_used: 16
2019-07-02 07:55:04.305 3842 RALLYDEBUG rally.task.runner [-] Starting a worker. concurrency: 1 args: {"detailed": true} times: 10 method_name: run timeout: 0 duration: None cls:
2019-07-02 07:55:04.308 3843 RALLYDEBUG rally.task.runner [-] Starting a worker. concurrency: 1 args: {"detailed": true} times: 10 method_name: run timeout: 0 duration: None cls:
2019-07-02 07:55:04.310 3844 RALLYDEBUG rally.task.runner [-] Starting a worker. concurrency: 1 args: {"detailed": true} times: 10 method_name: run timeout: 0 duration: None cls:
2019-07-02 07:55:04.313 3845 RALLYDEBUG rally.task.runner [-] Starting a worker. concurrency: 1 args: {"detailed": true} times: 10 method_name: run timeout: 0 duration: None cls:
2019-07-02 07:55:04.316 3843 INFO rally.task.runner [-] Task 3e861066-b635-4799-96df-d62059ef8c4e | ITER: 2 START
2019-07-02 07:55:04.316 3842 INFO rally.task.runner [-] Task 3e861066-b635-4799-96df-d62059ef8c4e | ITER: 1 START
2019-07-02 07:55:04.317 3844 INFO rally.task.runner [-] Task 3e861066-b635-4799-96df-d62059ef8c4e | ITER: 3 START
2019-07-02 07:55:04.321 3845 INFO rally.task.runner [-] Task 3e861066-b635-4799-96df-d62059ef8c4e | ITER: 4 START
2019-07-02 07:55:05.054 3844 INFO rally.task.runner [-] Task 3e861066-b635-4799-96df-d62059ef8c4e | ITER: 3 END: OK
2019-07-02 07:55:05.060 3844 INFO rally.task.runner [-] Task 3e861066-b635-4799-96df-d62059ef8c4e | ITER: 5 START
2019-07-02 07:55:05.131 3842 INFO rally.task.runner [-] Task 3e861066-b635-4799-96df-d62059ef8c4e | ITER: 1 END: OK
2019-07-02 07:55:05.136 3842 INFO rally.task.runner [-] Task 3e861066-b635-4799-96df-d62059ef8c4e | ITER: 6 START
2019-07-02 07:55:05.149 3843 INFO rally.task.runner [-] Task 3e861066-b635-4799-96df-d62059ef8c4e | ITER: 2 END: OK
2019-07-02 07:55:05.155 3843 INFO rally.task.runner [-] Task 3e861066-b635-4799-96df-d62059ef8c4e | ITER: 7 START
2019-07-02 07:55:05.202 3845 INFO rally.task.runner [-] Task 3e861066-b635-4799-96df-d62059ef8c4e | ITER: 4 END: OK
2019-07-02 07:55:05.209 3845 INFO rally.task.runner [-] Task 3e861066-b635-4799-96df-d62059ef8c4e | ITER: 8 START
2019-07-02 07:55:05.848 3844 INFO rally.task.runner [-] Task 3e861066-b635-4799-96df-d62059ef8c4e | ITER: 5 END: OK
2019-07-02 07:55:05.853 3844 INFO rally.task.runner [-] Task 3e861066-b635-4799-96df-d62059ef8c4e | ITER: 9 START
2019-07-02 07:55:05.865 3843 INFO rally.task.runner [-] Task 3e861066-b635-4799-96df-d62059ef8c4e | ITER: 7 END: OK
2019-07-02 07:55:05.871 3843 INFO rally.task.runner [-] Task 3e861066-b635-4799-96df-d62059ef8c4e | ITER: 10 START
2019-07-02 07:55:05.931 3842 INFO rally.task.runner [-] Task 3e861066-b635-4799-96df-d62059ef8c4e | ITER: 6 END: OK
2019-07-02 07:55:05.940 3845 INFO rally.task.runner [-] Task 3e861066-b635-4799-96df-d62059ef8c4e | ITER: 8 END: OK
2019-07-02 07:55:06.537 3844 INFO rally.task.runner [-] Task 3e861066-b635-4799-96df-d62059ef8c4e | ITER: 9 END: OK
2019-07-02 07:55:06.716 3843 INFO rally.task.runner [-] Task 3e861066-b635-4799-96df-d62059ef8c4e | ITER: 10 END: OK
2019-07-02 07:55:06.738 1842 INFO rally.task.context [-] Task 3e861066-b635-4799-96df-d62059ef8c4e | Context volumes@openstack cleanup() started
2019-07-02 07:55:06.739 1842 RALLYDEBUG rally_openstack.cleanup.manager [-] Cleaning up cinder volumes objects
2019-07-02 07:55:08.910 1842 RALLYDEBUG rally_openstack.cleanup.manager [-] Deleting cinder.volumes object c_rally_82424112_TQoDZiyI (dc83c547-6848-4884-ab97-49ae802ee03b)
2019-07-02 07:55:08.912 1842 RALLYDEBUG rally_openstack.cleanup.manager [-] Deleting cinder.volumes object c_rally_82424112_QSXYtuYu (f68f4404-d067-486d-8a7f-0022a3bf396f)
2019-07-02 07:55:08.913 1842 RALLYDEBUG rally_openstack.cleanup.manager [-] Deleting cinder.volumes object c_rally_82424112_4lEPLvyQ (3e145dca-a9d0-4999-a4e8-bd7a8739a14d)
2019-07-02 07:55:08.913 1842 RALLYDEBUG rally_openstack.cleanup.manager [-] Deleting cinder.volumes object c_rally_82424112_uzcufkeO (05e572fb-a54c-431c-95d7-3e867e026fcd)
2019-07-02 07:55:08.918 1842 RALLYDEBUG rally_openstack.cleanup.manager [-] Deleting cinder.volumes object c_rally_82424112_Eh4LuRbG (b57cdb51-f59f-40f7-8682-26d38d28dfbe)
2019-07-02 07:55:08.922 1842 RALLYDEBUG rally_openstack.cleanup.manager [-] Deleting cinder.volumes object c_rally_82424112_CaK1zYeq (788f1c1a-9fb5-4d38-8203-6c61d38db7b0)
2019-07-02 07:55:08.923 1842 RALLYDEBUG rally_openstack.cleanup.manager [-] Deleting cinder.volumes object c_rally_82424112_KxTu8R8P (ba05dc41-e055-4393-aa70-11c3e4c7e7b0)
2019-07-02 07:55:08.928 1842 RALLYDEBUG rally_openstack.cleanup.manager [-] Deleting cinder.volumes object c_rally_82424112_qsVGNW6C (d8f0d1fc-58f2-4bbc-8502-eab5d473036a)
2019-07-02 07:55:08.930 1842 RALLYDEBUG rally_openstack.cleanup.manager [-] Deleting cinder.volumes object c_rally_82424112_1t2T8u1F (94118978-d87d-48c3-815c-66804dd781cd)
2019-07-02 07:55:08.938 1842 RALLYDEBUG rally_openstack.cleanup.manager [-] Deleting cinder.volumes object c_rally_82424112_GTpwX4G0 (2de0ea62-9f03-41e1-89f6-a774bee2d34f)
2019-07-02 07:55:08.944 1842 RALLYDEBUG rally_openstack.cleanup.manager [-] Deleting cinder.volumes object c_rally_82424112_VYtaYaAM (d617cdc7-4ef2-437c-b03d-9059c23c91ab)
2019-07-02 07:55:08.949 1842 RALLYDEBUG rally_openstack.cleanup.manager [-] Deleting cinder.volumes object c_rally_82424112_c2FoZaPx (799d5f15-e230-46df-ba03-38372405d5d8)
2019-07-02 07:55:13.726 1842 INFO rally.task.context [-] Task 3e861066-b635-4799-96df-d62059ef8c4e | Context volumes@openstack cleanup() finished in 6.99 sec
2019-07-02 07:55:13.727 1842 INFO rally.task.context [-] Task 3e861066-b635-4799-96df-d62059ef8c4e | Context quotas@openstack cleanup() started
2019-07-02 07:55:14.467 1842 INFO rally.task.context [-] Task 3e861066-b635-4799-96df-d62059ef8c4e | Context quotas@openstack cleanup() finished in 0.74 sec
2019-07-02 07:55:14.468 1842 INFO rally.task.context [-] Task 3e861066-b635-4799-96df-d62059ef8c4e | Context api_versions@openstack cleanup() started
2019-07-02 07:55:14.468 1842 INFO rally.task.context [-] Task 3e861066-b635-4799-96df-d62059ef8c4e | Context api_versions@openstack cleanup() finished in 0.33 msec
2019-07-02 07:55:14.468 1842 INFO rally.task.context [-] Task 3e861066-b635-4799-96df-d62059ef8c4e | Context users@openstack cleanup() started
2019-07-02 07:55:21.757 1842 INFO rally.task.context [-] Task 3e861066-b635-4799-96df-d62059ef8c4e | Context users@openstack cleanup() finished in 7.29 sec
2019-07-02 07:55:22.267 1842 INFO rally.task.engine [-] Load duration is: 2.395581
2019-07-02 07:55:22.268 1842 INFO rally.task.engine [-] Full runner duration is: 2.446714
2019-07-02 07:55:22.268 1842 INFO rally.task.engine [-] Full duration is: 59.729649
2019-07-02 07:55:22.536 1842 INFO rally.task.engine [-] Running workload: position = 0 config = { "version": 2, "title": "A cropped version of a bigger task.", "description": "Auto-generated task from a single workload (uuid=78eed89e-4408-4f5a-b616-13f6b605ccab)", "subtasks": [ { "title": "CinderVolumes.create_and_delete_snapshot", "description": "Create and then delete a volume-snapshot.", "scenario": { "CinderVolumes.create_and_delete_snapshot": { "force": false } }, "contexts": { "users": { "tenants": 3, "users_per_tenant": 2 }, "quotas": { "cinder": { "gigabytes": -1, "snapshots": -1, "volumes": -1 } }, "api_versions": { "cinder": { "version": 3, "service_type": "volumev3" } }, "volumes": { "size": 1, "volumes_per_tenant": 1 } }, "runner": { "constant": { "concurrency": 4, "times": 10 } }, "hooks": [], "sla": { "failure_rate": { "max": 0 } } } ] }
2019-07-02 07:55:22.555 1842 RALLYDEBUG rally_openstack.contexts.keystone.users [-] Creating 3 tenants using 20 threads
2019-07-02 07:55:24.375 1842 RALLYDEBUG rally_openstack.contexts.keystone.users [-] Creating 6 users using 20 threads
2019-07-02 07:55:27.036 1842 INFO rally.task.context [-] Task 3e861066-b635-4799-96df-d62059ef8c4e | Context users@openstack setup() finished in 4.48 sec
2019-07-02 07:55:27.464 1842 INFO rally.task.context [-] Task 3e861066-b635-4799-96df-d62059ef8c4e | Context api_versions@openstack setup() finished in 0.43 sec
2019-07-02 07:55:29.002 1842 INFO rally.task.context [-] Task 3e861066-b635-4799-96df-d62059ef8c4e | Context quotas@openstack setup() finished in 1.54 sec
2019-07-02 07:55:39.602 1842 INFO rally.task.context [-] Task 3e861066-b635-4799-96df-d62059ef8c4e | Context volumes@openstack setup() finished in 10.60 sec
2019-07-02 07:55:39.602 1842 INFO rally.task.context [-] Task 3e861066-b635-4799-96df-d62059ef8c4e | Context cleanup@openstack setup() finished in 0.01 msec
2019-07-02 07:55:39.610 1842 RALLYDEBUG rally.task.runner [-] Starting the constant runner (task UUID: 3e861066-b635-4799-96df-d62059ef8c4e). timeout: 0 concurrency: 4 concurrency_per_worker: 1 times: 10 concurrency_overhead: 0 processes_to_start: 4 max_cpu_used: 16
2019-07-02 07:55:39.623 3966 RALLYDEBUG rally.task.runner [-] Starting a worker. concurrency: 1 args: {"force": false} times: 10 method_name: run timeout: 0 duration: None cls:
2019-07-02 07:55:39.626 3967 RALLYDEBUG rally.task.runner [-] Starting a worker. concurrency: 1 args: {"force": false} times: 10 method_name: run timeout: 0 duration: None cls:
2019-07-02 07:55:39.629 3968 RALLYDEBUG rally.task.runner [-] Starting a worker. concurrency: 1 args: {"force": false} times: 10 method_name: run timeout: 0 duration: None cls:
2019-07-02 07:55:39.631 3966 INFO rally.task.runner [-] Task 3e861066-b635-4799-96df-d62059ef8c4e | ITER: 1 START
2019-07-02 07:55:39.632 3969 RALLYDEBUG rally.task.runner [-] Starting a worker. concurrency: 1 args: {"force": false} times: 10 method_name: run timeout: 0 duration: None cls:
2019-07-02 07:55:39.633 3967 INFO rally.task.runner [-] Task 3e861066-b635-4799-96df-d62059ef8c4e | ITER: 2 START
2019-07-02 07:55:39.636 3968 INFO rally.task.runner [-] Task 3e861066-b635-4799-96df-d62059ef8c4e | ITER: 3 START
2019-07-02 07:55:39.640 3969 INFO rally.task.runner [-] Task 3e861066-b635-4799-96df-d62059ef8c4e | ITER: 4 START
2019-07-02 07:55:43.256 3967 RALLYDEBUG rally.task.utils [-] Waiting for resource s_rally_78eed89e_fbwyrsUe. Status changed: AVAILABLE => DELETING in 0.224606990814
2019-07-02 07:55:43.549 3968 RALLYDEBUG rally.task.utils [-] Waiting for resource s_rally_78eed89e_aRyyyrT9. Status changed: AVAILABLE => DELETING in 0.253391027451
2019-07-02 07:55:43.597 3969 RALLYDEBUG rally.task.utils [-] Waiting for resource s_rally_78eed89e_JW8kFc4Q. Status changed: AVAILABLE => DELETING in 0.259924888611
2019-07-02 07:55:43.624 3966 RALLYDEBUG rally.task.utils [-] Waiting for resource s_rally_78eed89e_5twGkx6d. Status changed: AVAILABLE => DELETING in 0.252341985703
2019-07-02 07:55:45.585 3967 INFO rally.task.runner [-] Task 3e861066-b635-4799-96df-d62059ef8c4e | ITER: 2 END: OK
2019-07-02 07:55:45.591 3967 INFO rally.task.runner [-] Task 3e861066-b635-4799-96df-d62059ef8c4e | ITER: 5 START
2019-07-02 07:55:45.821 3969 INFO rally.task.runner [-] Task 3e861066-b635-4799-96df-d62059ef8c4e | ITER: 4 END: OK
2019-07-02 07:55:45.827 3969 INFO rally.task.runner [-] Task 3e861066-b635-4799-96df-d62059ef8c4e | ITER: 6 START
2019-07-02 07:55:45.842 3966 INFO rally.task.runner [-] Task 3e861066-b635-4799-96df-d62059ef8c4e | ITER: 1 END: OK
2019-07-02 07:55:45.848 3966 INFO rally.task.runner [-] Task 3e861066-b635-4799-96df-d62059ef8c4e | ITER: 7 START
2019-07-02 07:55:45.866 3968 INFO rally.task.runner [-] Task 3e861066-b635-4799-96df-d62059ef8c4e | ITER: 3 END: OK
2019-07-02 07:55:45.871 3968 INFO rally.task.runner [-] Task 3e861066-b635-4799-96df-d62059ef8c4e | ITER: 8 START
2019-07-02 07:55:49.133 3967 RALLYDEBUG rally.task.utils [-] Waiting for resource s_rally_78eed89e_Ys3otn58. Status changed: AVAILABLE => DELETING in 0.249967098236
2019-07-02 07:55:49.296 3969 RALLYDEBUG rally.task.utils [-] Waiting for resource s_rally_78eed89e_G9xsZMMN. Status changed: AVAILABLE => DELETING in 0.0302469730377
2019-07-02 07:55:49.827 3968 RALLYDEBUG rally.task.utils [-] Waiting for resource s_rally_78eed89e_EqJdH8yn. Status changed: AVAILABLE => DELETING in 0.214716911316
2019-07-02 07:55:50.018 3966 RALLYDEBUG rally.task.utils [-] Waiting for resource s_rally_78eed89e_bNJLqWta. Status changed: AVAILABLE => DELETING in 0.218813896179
2019-07-02 07:55:51.321 3969 INFO rally.task.runner [-] Task 3e861066-b635-4799-96df-d62059ef8c4e | ITER: 6 END: OK
2019-07-02 07:55:51.327 3969 INFO rally.task.runner [-] Task 3e861066-b635-4799-96df-d62059ef8c4e | ITER: 9 START
2019-07-02 07:55:51.363 3967 INFO rally.task.runner [-] Task 3e861066-b635-4799-96df-d62059ef8c4e | ITER: 5 END: OK
2019-07-02 07:55:51.368 3967 INFO rally.task.runner [-] Task 3e861066-b635-4799-96df-d62059ef8c4e | ITER: 10 START
2019-07-02 07:55:52.050 3966 INFO rally.task.runner [-] Task 3e861066-b635-4799-96df-d62059ef8c4e | ITER: 7 END: OK
2019-07-02 07:55:52.055 3968 INFO rally.task.runner [-] Task 3e861066-b635-4799-96df-d62059ef8c4e | ITER: 8 END: OK
2019-07-02 07:55:54.981 3969 RALLYDEBUG rally.task.utils [-] Waiting for resource s_rally_78eed89e_MJZAbS9J. Status changed: AVAILABLE => DELETING in 0.251493930817
2019-07-02 07:55:55.030 3967 RALLYDEBUG rally.task.utils [-] Waiting for resource s_rally_78eed89e_FyAnDsdW. Status changed: AVAILABLE => DELETING in 0.0334348678589
2019-07-02 07:55:57.284 3969 INFO rally.task.runner [-] Task 3e861066-b635-4799-96df-d62059ef8c4e | ITER: 9 END: OK
2019-07-02 07:55:57.326 3967 INFO rally.task.runner [-] Task 3e861066-b635-4799-96df-d62059ef8c4e | ITER: 10 END: OK
2019-07-02 07:55:57.350 1842 INFO rally.task.context [-] Task 3e861066-b635-4799-96df-d62059ef8c4e | Context cleanup@openstack cleanup() started
2019-07-02 07:55:57.353 1842 RALLYDEBUG rally_openstack.cleanup.manager [-] Cleaning up cinder backups objects
2019-07-02 07:55:59.252 1842 RALLYDEBUG rally_openstack.cleanup.manager [-] Cleaning up cinder volume_snapshots objects
2019-07-02 07:56:01.124 1842 RALLYDEBUG rally_openstack.cleanup.manager [-] Cleaning up cinder transfers objects
2019-07-02 07:56:03.013 1842 RALLYDEBUG rally_openstack.cleanup.manager [-] Cleaning up cinder volumes objects
2019-07-02 07:56:05.289 1842 INFO rally.task.context [-] Task 3e861066-b635-4799-96df-d62059ef8c4e | Context cleanup@openstack cleanup() finished in 7.94 sec
2019-07-02 07:56:05.289 1842 INFO rally.task.context [-] Task 3e861066-b635-4799-96df-d62059ef8c4e | Context volumes@openstack cleanup() started
2019-07-02 07:56:05.290 1842 RALLYDEBUG rally_openstack.cleanup.manager [-] Cleaning up cinder volumes objects
2019-07-02 07:56:07.416 1842 RALLYDEBUG rally_openstack.cleanup.manager [-] Deleting cinder.volumes object c_rally_78eed89e_FkqS43PV (767bff2f-66ee-4a51-8208-fe8eae7658f3)
2019-07-02 07:56:07.416 1842 RALLYDEBUG rally_openstack.cleanup.manager [-] Deleting cinder.volumes object c_rally_78eed89e_00fds3Z2 (da336e5f-c66d-43ab-91ff-ef2cdffd3708)
2019-07-02 07:56:07.421 1842 RALLYDEBUG rally_openstack.cleanup.manager [-] Deleting cinder.volumes object c_rally_78eed89e_y75Kbe9s (08de6333-b803-4f5b-b590-84fea3c4529b)
2019-07-02 07:56:10.861 1842 INFO rally.task.context [-] Task 3e861066-b635-4799-96df-d62059ef8c4e | Context volumes@openstack cleanup() finished in 5.57 sec
2019-07-02 07:56:10.862 1842 INFO rally.task.context [-] Task 3e861066-b635-4799-96df-d62059ef8c4e | Context quotas@openstack cleanup() started
2019-07-02 07:56:11.356 1842 INFO rally.task.context [-] Task 3e861066-b635-4799-96df-d62059ef8c4e | Context quotas@openstack cleanup() finished in 0.49 sec
2019-07-02 07:56:11.356 1842 INFO rally.task.context [-] Task 3e861066-b635-4799-96df-d62059ef8c4e | Context api_versions@openstack cleanup() started
2019-07-02 07:56:11.356 1842 INFO rally.task.context [-] Task 3e861066-b635-4799-96df-d62059ef8c4e | Context api_versions@openstack cleanup() finished in 0.34 msec
2019-07-02 07:56:11.357 1842 INFO rally.task.context [-] Task 3e861066-b635-4799-96df-d62059ef8c4e | Context users@openstack cleanup() started
2019-07-02 07:56:18.603 1842 INFO rally.task.context [-] Task 3e861066-b635-4799-96df-d62059ef8c4e | Context users@openstack cleanup() finished in 7.25 sec
2019-07-02 07:56:18.782 1842 INFO rally.task.engine [-] Load duration is: 17.68895
2019-07-02 07:56:18.782 1842 INFO rally.task.engine [-] Full runner duration is: 17.74092
2019-07-02 07:56:18.782 1842 INFO rally.task.engine [-] Full duration is: 56.051604
2019-07-02 07:56:19.027 1842 INFO rally.task.engine [-] Running workload: position = 0 config = { "version": 2, "title": "A cropped version of a bigger task.", "description": "Auto-generated task from a single workload (uuid=b3033812-41ed-4aac-a067-df28aef285ae)", "subtasks": [ { "title": "CinderVolumes.create_and_delete_volume", "description": "Create and then delete a volume.", "scenario": { "CinderVolumes.create_and_delete_volume": { "size": { "max": 1, "min": 1 } } }, "contexts": { "users": { "tenants": 3, "users_per_tenant": 2 }, "quotas": { "cinder": { "gigabytes": -1, "snapshots": -1, "volumes": -1 } }, "api_versions": { "cinder": { "version": 3, "service_type": "volumev3" } } }, "runner": { "constant": { "concurrency": 4, "times": 10 } }, "hooks": [], "sla": { "failure_rate": { "max": 0 } } } ] }
2019-07-02 07:56:19.052 1842 RALLYDEBUG rally_openstack.contexts.keystone.users [-] Creating 3 tenants using 20 threads
2019-07-02 07:56:20.862 1842 RALLYDEBUG rally_openstack.contexts.keystone.users [-] Creating 6 users using 20 threads
2019-07-02 07:56:23.483 1842 INFO rally.task.context [-] Task 3e861066-b635-4799-96df-d62059ef8c4e | Context users@openstack setup() finished in 4.43 sec
2019-07-02 07:56:23.912 1842 INFO rally.task.context [-] Task 3e861066-b635-4799-96df-d62059ef8c4e | Context api_versions@openstack setup() finished in 0.43 sec
2019-07-02 07:56:25.488 1842 INFO rally.task.context [-] Task 3e861066-b635-4799-96df-d62059ef8c4e | Context quotas@openstack setup() finished in 1.58 sec
2019-07-02 07:56:25.489 1842 INFO rally.task.context [-] Task 3e861066-b635-4799-96df-d62059ef8c4e | Context cleanup@openstack setup() finished in 0.01 msec
2019-07-02 07:56:25.496 1842 RALLYDEBUG rally.task.runner [-] Starting the constant runner (task UUID: 3e861066-b635-4799-96df-d62059ef8c4e). timeout: 0 concurrency: 4 concurrency_per_worker: 1 times: 10 concurrency_overhead: 0 processes_to_start: 4 max_cpu_used: 16
2019-07-02 07:56:25.510 4170 RALLYDEBUG rally.task.runner [-] Starting a worker. concurrency: 1 args: {"size": {"max": 1, "min": 1}} times: 10 method_name: run timeout: 0 duration: None cls:
2019-07-02 07:56:25.513 4171 RALLYDEBUG rally.task.runner [-] Starting a worker. concurrency: 1 args: {"size": {"max": 1, "min": 1}} times: 10 method_name: run timeout: 0 duration: None cls:
2019-07-02 07:56:25.515 4172 RALLYDEBUG rally.task.runner [-] Starting a worker. concurrency: 1 args: {"size": {"max": 1, "min": 1}} times: 10 method_name: run timeout: 0 duration: None cls:
2019-07-02 07:56:25.517 4170 INFO rally.task.runner [-] Task 3e861066-b635-4799-96df-d62059ef8c4e | ITER: 1 START
2019-07-02 07:56:25.519 4173 RALLYDEBUG rally.task.runner [-] Starting a worker. concurrency: 1 args: {"size": {"max": 1, "min": 1}} times: 10 method_name: run timeout: 0 duration: None cls:
2019-07-02 07:56:25.521 4171 INFO rally.task.runner [-] Task 3e861066-b635-4799-96df-d62059ef8c4e | ITER: 2 START
2019-07-02 07:56:25.523 4172 INFO rally.task.runner [-] Task 3e861066-b635-4799-96df-d62059ef8c4e | ITER: 3 START
2019-07-02 07:56:25.527 4173 INFO rally.task.runner [-] Task 3e861066-b635-4799-96df-d62059ef8c4e | ITER: 4 START
2019-07-02 07:56:29.507 4172 RALLYDEBUG rally.task.utils [-] Waiting for resource s_rally_b3033812_GX4kOI1n. Status changed: AVAILABLE => DELETING in 0.272463083267
2019-07-02 07:56:29.586 4171 RALLYDEBUG rally.task.utils [-] Waiting for resource s_rally_b3033812_YXAPZl8R. Status changed: AVAILABLE => DELETING in 0.274145126343
2019-07-02 07:56:29.657 4173 RALLYDEBUG rally.task.utils [-] Waiting for resource s_rally_b3033812_UpiiMz0B. Status changed: AVAILABLE => DELETING in 0.254476070404
2019-07-02 07:56:30.402 4170 INFO rally.task.runner [-] Task 3e861066-b635-4799-96df-d62059ef8c4e | ITER: 1 END: OK
2019-07-02 07:56:30.407 4170 INFO rally.task.runner [-] Task 3e861066-b635-4799-96df-d62059ef8c4e | ITER: 5 START
2019-07-02 07:56:31.546 4172 INFO rally.task.runner [-] Task 3e861066-b635-4799-96df-d62059ef8c4e | ITER: 3 END: OK
2019-07-02 07:56:31.552 4172 INFO rally.task.runner [-] Task 3e861066-b635-4799-96df-d62059ef8c4e | ITER: 6 START
2019-07-02 07:56:31.631 4171 INFO rally.task.runner [-] Task 3e861066-b635-4799-96df-d62059ef8c4e | ITER: 2 END: OK
2019-07-02 07:56:31.637 4171 INFO rally.task.runner [-] Task 3e861066-b635-4799-96df-d62059ef8c4e | ITER: 7 START
2019-07-02 07:56:31.961 4173 INFO rally.task.runner [-] Task 3e861066-b635-4799-96df-d62059ef8c4e | ITER: 4 END: OK
2019-07-02 07:56:31.966 4173 INFO rally.task.runner [-] Task 3e861066-b635-4799-96df-d62059ef8c4e | ITER: 8 START
2019-07-02 07:56:34.425 4170 INFO rally.task.runner [-] Task 3e861066-b635-4799-96df-d62059ef8c4e | ITER: 5 END: OK
2019-07-02 07:56:34.430 4170 INFO rally.task.runner [-] Task 3e861066-b635-4799-96df-d62059ef8c4e | ITER: 9 START
2019-07-02 07:56:35.586 4171 RALLYDEBUG rally.task.utils [-] Waiting for resource s_rally_b3033812_ddftYGSO. Status changed: AVAILABLE => DELETING in 0.107044935226
2019-07-02 07:56:35.844 4173 RALLYDEBUG rally.task.utils [-] Waiting for resource s_rally_b3033812_kzT5dRoF. Status changed: AVAILABLE => DELETING in 0.240643024445
2019-07-02 07:56:35.852 4172 RALLYDEBUG rally.task.utils [-] Waiting for resource s_rally_b3033812_MNoCzUNy. Status changed: AVAILABLE => DELETING in 0.425251960754
2019-07-02 07:56:37.813 4171 INFO rally.task.runner [-] Task 3e861066-b635-4799-96df-d62059ef8c4e | ITER: 7 END: OK
2019-07-02 07:56:37.819 4171 INFO rally.task.runner [-] Task 3e861066-b635-4799-96df-d62059ef8c4e | ITER: 10 START
2019-07-02 07:56:37.888 4173 INFO rally.task.runner [-] Task 3e861066-b635-4799-96df-d62059ef8c4e | ITER: 8 END: OK
2019-07-02 07:56:38.182 4172 INFO rally.task.runner [-] Task 3e861066-b635-4799-96df-d62059ef8c4e | ITER: 6 END: OK
2019-07-02 07:56:38.264 4170 INFO rally.task.runner [-] Task 3e861066-b635-4799-96df-d62059ef8c4e | ITER: 9 END: OK
2019-07-02 07:56:41.553 4171 INFO rally.task.runner [-] Task 3e861066-b635-4799-96df-d62059ef8c4e | ITER: 10 END: OK
2019-07-02 07:56:41.583 1842 INFO rally.task.context [-] Task 3e861066-b635-4799-96df-d62059ef8c4e | Context cleanup@openstack cleanup() started
2019-07-02 07:56:41.585 1842 RALLYDEBUG rally_openstack.cleanup.manager [-] Cleaning up cinder backups objects
2019-07-02 07:56:43.561 1842 RALLYDEBUG rally_openstack.cleanup.manager [-] Cleaning up cinder volume_snapshots objects
2019-07-02 07:56:45.546 1842 RALLYDEBUG rally_openstack.cleanup.manager [-] Cleaning up cinder transfers objects
2019-07-02 07:56:47.560 1842 RALLYDEBUG rally_openstack.cleanup.manager [-] Cleaning up cinder volumes objects
2019-07-02 07:56:49.568 1842 INFO rally.task.context [-] Task 3e861066-b635-4799-96df-d62059ef8c4e | Context cleanup@openstack cleanup() finished in 7.99 sec
2019-07-02 07:56:49.569 1842 INFO rally.task.context [-] Task 3e861066-b635-4799-96df-d62059ef8c4e | Context quotas@openstack cleanup() started
2019-07-02 07:56:50.015 1842 INFO rally.task.context [-] Task 3e861066-b635-4799-96df-d62059ef8c4e | Context quotas@openstack cleanup() finished in 0.45 sec
2019-07-02 07:56:50.016 1842 INFO rally.task.context [-] Task 3e861066-b635-4799-96df-d62059ef8c4e | Context api_versions@openstack cleanup() started
2019-07-02 07:56:50.016 1842 INFO rally.task.context [-] Task 3e861066-b635-4799-96df-d62059ef8c4e | Context api_versions@openstack cleanup() finished in 0.31 msec
2019-07-02 07:56:50.016 1842 INFO rally.task.context [-] Task 3e861066-b635-4799-96df-d62059ef8c4e | Context users@openstack cleanup() started
2019-07-02 07:56:56.845 1842 INFO rally.task.context [-] Task 3e861066-b635-4799-96df-d62059ef8c4e | Context users@openstack cleanup() finished in 6.83 sec
2019-07-02 07:56:57.223 1842 INFO rally.task.engine [-] Load duration is: 16.030466
2019-07-02 07:56:57.224 1842 INFO rally.task.engine [-] Full runner duration is: 16.086686
2019-07-02 07:56:57.224 1842 INFO rally.task.engine [-] Full duration is: 37.796485
2019-07-02 07:56:57.377 1842 INFO rally.task.engine [-] Running workload: position = 1 config = { "version": 2, "title": "A cropped version of a bigger task.", "description": "Auto-generated task from a single workload (uuid=d97031bd-3281-4dc0-93ad-3bf8033af02d)", "subtasks": [ { "title": "CinderVolumes.create_and_delete_volume", "description": "Create and then delete a volume.", "scenario": { "CinderVolumes.create_and_delete_volume": { "image": { "name": "rally_full-img_63446083-24ab-4947-ac1f-a2d54d575467" }, "size": 1 } }, "contexts": { "users": { "tenants": 3, "users_per_tenant": 2 }, "quotas": { "cinder": { "gigabytes": -1, "snapshots": -1, "volumes": -1 } }, "api_versions": { "cinder": { "version": 3, "service_type": "volumev3" } } }, "runner": { "constant": { "concurrency": 4, "times": 10 } }, "hooks": [], "sla": { "failure_rate": { "max": 0 } } } ] }
2019-07-02 07:56:57.404 1842 RALLYDEBUG rally_openstack.contexts.keystone.users [-] Creating 3 tenants using 20 threads
2019-07-02 07:56:59.244 1842 RALLYDEBUG rally_openstack.contexts.keystone.users [-] Creating 6 users using 20 threads
2019-07-02 07:57:02.129 1842 INFO rally.task.context [-] Task 3e861066-b635-4799-96df-d62059ef8c4e | Context users@openstack setup() finished in 4.72 sec
2019-07-02 07:57:02.547 1842 INFO rally.task.context [-] Task 3e861066-b635-4799-96df-d62059ef8c4e | Context api_versions@openstack setup() finished in 0.42 sec
2019-07-02 07:57:04.086 1842 INFO rally.task.context [-] Task 3e861066-b635-4799-96df-d62059ef8c4e | Context quotas@openstack setup() finished in 1.54 sec
2019-07-02 07:57:04.087 1842 INFO rally.task.context [-] Task 3e861066-b635-4799-96df-d62059ef8c4e | Context cleanup@openstack setup() finished in 0.01 msec
2019-07-02 07:57:05.198 1842 RALLYDEBUG rally.task.runner [-] Starting the constant runner (task UUID: 3e861066-b635-4799-96df-d62059ef8c4e). timeout: 0 concurrency: 4 concurrency_per_worker: 1 times: 10 concurrency_overhead: 0 processes_to_start: 4 max_cpu_used: 16
2019-07-02 07:57:05.212 4354 RALLYDEBUG rally.task.runner [-] Starting a worker. concurrency: 1 args: {"image": "3d96f41a-6004-4e78-8c26-137912fcc33e", "size": 1} times: 10 method_name: run timeout: 0 duration: None cls:
2019-07-02 07:57:05.214 4355 RALLYDEBUG rally.task.runner [-] Starting a worker. concurrency: 1 args: {"image": "3d96f41a-6004-4e78-8c26-137912fcc33e", "size": 1} times: 10 method_name: run timeout: 0 duration: None cls:
2019-07-02 07:57:05.217 4356 RALLYDEBUG rally.task.runner [-] Starting a worker. concurrency: 1 args: {"image": "3d96f41a-6004-4e78-8c26-137912fcc33e", "size": 1} times: 10 method_name: run timeout: 0 duration: None cls:
2019-07-02 07:57:05.220 4354 INFO rally.task.runner [-] Task 3e861066-b635-4799-96df-d62059ef8c4e | ITER: 1 START
2019-07-02 07:57:05.222 4355 INFO rally.task.runner [-] Task 3e861066-b635-4799-96df-d62059ef8c4e | ITER: 2 START
2019-07-02 07:57:05.222 4357 RALLYDEBUG rally.task.runner [-] Starting a worker. concurrency: 1 args: {"image": "3d96f41a-6004-4e78-8c26-137912fcc33e", "size": 1} times: 10 method_name: run timeout: 0 duration: None cls:
2019-07-02 07:57:05.225 4356 INFO rally.task.runner [-] Task 3e861066-b635-4799-96df-d62059ef8c4e | ITER: 3 START
2019-07-02 07:57:05.231 4357 INFO rally.task.runner [-] Task 3e861066-b635-4799-96df-d62059ef8c4e | ITER: 4 START
2019-07-02 07:57:10.070 4355 RALLYDEBUG rally.task.utils [-] Waiting for resource s_rally_d97031bd_Zzg9KQZs. Status changed: CREATING => DOWNLOADING in 0.374104976654
2019-07-02 07:57:11.618 4356 RALLYDEBUG rally.task.utils [-] Waiting for resource s_rally_d97031bd_E6v1iu0P. Status changed: DOWNLOADING => AVAILABLE in 2.91589808464
2019-07-02 07:57:11.643 4357 RALLYDEBUG rally.task.utils [-] Waiting for resource s_rally_d97031bd_xmnSb6xq. Status changed: DOWNLOADING => AVAILABLE in 2.79592895508
2019-07-02 07:57:11.855 4354 RALLYDEBUG rally.task.utils [-] Waiting for resource s_rally_d97031bd_YdRDXgEx. Status changed: DOWNLOADING => AVAILABLE in 3.19951105118
2019-07-02 07:57:12.192 4357 RALLYDEBUG rally.task.utils [-] Waiting for resource s_rally_d97031bd_xmnSb6xq. Status changed: AVAILABLE => DELETING in 0.271122932434
2019-07-02 07:57:12.244 4356 RALLYDEBUG rally.task.utils [-] Waiting for resource s_rally_d97031bd_E6v1iu0P. Status changed: AVAILABLE => DELETING in 0.347502946854
2019-07-02 07:57:12.489 4354 RALLYDEBUG rally.task.utils [-] Waiting for resource s_rally_d97031bd_YdRDXgEx. Status changed: AVAILABLE => DELETING in 0.343954801559
2019-07-02 07:57:14.419 4357 INFO rally.task.runner [-] Task 3e861066-b635-4799-96df-d62059ef8c4e | ITER: 4 END: OK
2019-07-02 07:57:14.425 4357 INFO rally.task.runner [-] Task 3e861066-b635-4799-96df-d62059ef8c4e | ITER: 5 START
2019-07-02 07:57:14.478 4356 INFO rally.task.runner [-] Task 3e861066-b635-4799-96df-d62059ef8c4e | ITER: 3 END: OK
2019-07-02 07:57:14.483 4356 INFO rally.task.runner [-] Task 3e861066-b635-4799-96df-d62059ef8c4e | ITER: 6 START
2019-07-02 07:57:14.526 4354 INFO rally.task.runner [-] Task 3e861066-b635-4799-96df-d62059ef8c4e | ITER: 1 END: OK
2019-07-02 07:57:14.530 4355 RALLYDEBUG rally.task.utils [-] Waiting for resource s_rally_d97031bd_Zzg9KQZs. Status changed: DOWNLOADING => AVAILABLE in 4.45955204964
2019-07-02 07:57:14.533 4354 INFO rally.task.runner [-] Task 3e861066-b635-4799-96df-d62059ef8c4e | ITER: 7 START
2019-07-02 07:57:15.175 4355 INFO rally.task.runner [-] Task 3e861066-b635-4799-96df-d62059ef8c4e | ITER: 2 END: OK
2019-07-02 07:57:15.181 4355 INFO rally.task.runner [-] Task 3e861066-b635-4799-96df-d62059ef8c4e | ITER: 8 START
2019-07-02 07:57:20.336 4357 RALLYDEBUG rally.task.utils [-] Waiting for resource s_rally_d97031bd_GRosGp6G. Status changed: DOWNLOADING => AVAILABLE in 2.63329005241
2019-07-02 07:57:20.385 4356 RALLYDEBUG rally.task.utils [-] Waiting for resource s_rally_d97031bd_eTwSTHLE. Status changed: CREATING => DOWNLOADING in 2.63977885246
2019-07-02 07:57:20.825 4357 RALLYDEBUG rally.task.utils [-] Waiting for resource s_rally_d97031bd_GRosGp6G. Status changed: AVAILABLE => DELETING in 0.246587991714
2019-07-02 07:57:21.044 4355 RALLYDEBUG rally.task.utils [-] Waiting for resource s_rally_d97031bd_ZcuqAd1U. Status changed: DOWNLOADING => AVAILABLE in 2.58292222023
2019-07-02 07:57:21.500 4355 RALLYDEBUG rally.task.utils [-] Waiting for resource s_rally_d97031bd_ZcuqAd1U. Status changed: AVAILABLE => DELETING in 0.392036914825
2019-07-02 07:57:22.699 4356 RALLYDEBUG rally.task.utils [-] Waiting for resource s_rally_d97031bd_eTwSTHLE. Status changed: DOWNLOADING => AVAILABLE in 2.31403923035
2019-07-02 07:57:22.863 4357 INFO rally.task.runner [-] Task 3e861066-b635-4799-96df-d62059ef8c4e | ITER: 5 END: OK
2019-07-02 07:57:22.868 4357 INFO rally.task.runner [-] Task 3e861066-b635-4799-96df-d62059ef8c4e | ITER: 9 START
2019-07-02 07:57:22.932 4354 RALLYDEBUG rally.task.utils [-] Waiting for resource s_rally_d97031bd_9HGzLVio. Status changed: DOWNLOADING => AVAILABLE in 5.13334012032
2019-07-02 07:57:23.065 4354 RALLYDEBUG rally.task.utils [-] Waiting for resource s_rally_d97031bd_9HGzLVio. Status changed: AVAILABLE => DELETING in 0.0631048679352
2019-07-02 07:57:23.096 4356 RALLYDEBUG rally.task.utils [-] Waiting for resource s_rally_d97031bd_eTwSTHLE. Status changed: AVAILABLE => DELETING in 0.0528070926666
2019-07-02 07:57:23.798 4355 INFO rally.task.runner [-] Task 3e861066-b635-4799-96df-d62059ef8c4e | ITER: 8 END: OK
2019-07-02 07:57:23.803 4355 INFO rally.task.runner [-] Task 3e861066-b635-4799-96df-d62059ef8c4e | ITER: 10 START
2019-07-02 07:57:25.105 4354 INFO rally.task.runner [-] Task 3e861066-b635-4799-96df-d62059ef8c4e | ITER: 7 END: OK
2019-07-02 07:57:25.135 4356 INFO rally.task.runner [-] Task 3e861066-b635-4799-96df-d62059ef8c4e | ITER: 6 END: OK
2019-07-02 07:57:29.107 4357 RALLYDEBUG rally.task.utils [-] Waiting for resource s_rally_d97031bd_n0bZQOGR. Status changed: DOWNLOADING => AVAILABLE in 2.90851402283
2019-07-02 07:57:29.675 4357 INFO rally.task.runner [-] Task 3e861066-b635-4799-96df-d62059ef8c4e | ITER: 9 END: OK
2019-07-02 07:57:30.325 4355 RALLYDEBUG rally.task.utils [-] Waiting for resource s_rally_d97031bd_jQnZNFrN. Status changed: DOWNLOADING => AVAILABLE in 2.9433529377
2019-07-02 07:57:30.733 4355 RALLYDEBUG rally.task.utils [-] Waiting for resource s_rally_d97031bd_jQnZNFrN. Status changed: AVAILABLE => DELETING in 0.0667362213135
2019-07-02 07:57:33.033 4355 INFO rally.task.runner [-] Task 3e861066-b635-4799-96df-d62059ef8c4e | ITER: 10 END: OK
2019-07-02 07:57:33.060 1842 INFO rally.task.context [-] Task 3e861066-b635-4799-96df-d62059ef8c4e | Context cleanup@openstack cleanup() started
2019-07-02 07:57:33.062 1842 RALLYDEBUG rally_openstack.cleanup.manager [-] Cleaning up cinder backups objects
2019-07-02 07:57:35.098 1842 RALLYDEBUG rally_openstack.cleanup.manager [-] Cleaning up cinder volume_snapshots objects
2019-07-02 07:57:37.067 1842 RALLYDEBUG rally_openstack.cleanup.manager [-] Cleaning up cinder transfers objects
2019-07-02 07:57:39.164 1842 RALLYDEBUG rally_openstack.cleanup.manager [-] Cleaning up cinder volumes objects
2019-07-02 07:57:41.109 1842 INFO rally.task.context [-] Task 3e861066-b635-4799-96df-d62059ef8c4e | Context cleanup@openstack cleanup() finished in 8.05 sec
2019-07-02 07:57:41.109 1842 INFO rally.task.context [-] Task 3e861066-b635-4799-96df-d62059ef8c4e | Context quotas@openstack cleanup() started
2019-07-02 07:57:41.367 1842 INFO rally.task.context [-] Task 3e861066-b635-4799-96df-d62059ef8c4e | Context quotas@openstack cleanup() finished in 0.26 sec
2019-07-02 07:57:41.367 1842 INFO rally.task.context [-] Task 3e861066-b635-4799-96df-d62059ef8c4e | Context api_versions@openstack cleanup() started
2019-07-02 07:57:41.368 1842 INFO rally.task.context [-] Task 3e861066-b635-4799-96df-d62059ef8c4e | Context api_versions@openstack cleanup() finished in 0.29 msec
2019-07-02 07:57:41.368 1842 INFO rally.task.context [-] Task 3e861066-b635-4799-96df-d62059ef8c4e | Context users@openstack cleanup() started
2019-07-02 07:57:48.184 1842 INFO rally.task.context [-] Task 3e861066-b635-4799-96df-d62059ef8c4e | Context users@openstack cleanup() finished in 6.82 sec
2019-07-02 07:57:49.612 1842 INFO rally.task.engine [-] Load duration is: 27.807897
2019-07-02 07:57:49.612 1842 INFO rally.task.engine [-] Full runner duration is: 27.862375
2019-07-02 07:57:49.612 1842 INFO rally.task.engine [-] Full duration is: 50.785377
2019-07-02 07:57:49.752 1842 INFO rally.task.engine [-] Running workload: position = 2 config = { "version": 2, "title": "A cropped version of a bigger task.", "description": "Auto-generated task from a single workload (uuid=8ce3e547-ae47-463e-b08f-13ba3af235b3)", "subtasks": [ { "title": "CinderVolumes.create_and_delete_volume", "description": "Create and then delete a volume.", "scenario": { "CinderVolumes.create_and_delete_volume": { "size": 1 } }, "contexts": { "users": { "tenants": 3, "users_per_tenant": 2 }, "quotas": { "cinder": { "gigabytes": -1, "snapshots": -1, "volumes": -1 } }, "api_versions": { "cinder": { "version": 3, "service_type": "volumev3" } } }, "runner": { "constant": { "concurrency": 4, "times": 10 } }, "hooks": [], "sla": { "failure_rate": { "max": 0 } } } ] }
2019-07-02 07:57:49.776 1842 RALLYDEBUG rally_openstack.contexts.keystone.users [-] Creating 3 tenants using 20 threads
2019-07-02 07:57:51.670 1842 RALLYDEBUG rally_openstack.contexts.keystone.users [-] Creating 6 users using 20 threads
2019-07-02 07:57:54.396 1842 INFO rally.task.context [-] Task 3e861066-b635-4799-96df-d62059ef8c4e | Context users@openstack setup() finished in 4.62 sec
2019-07-02 07:57:54.812 1842 INFO rally.task.context [-] Task 3e861066-b635-4799-96df-d62059ef8c4e | Context api_versions@openstack setup() finished in 0.41 sec
2019-07-02 07:57:56.308 1842 INFO rally.task.context [-] Task 3e861066-b635-4799-96df-d62059ef8c4e | Context quotas@openstack setup() finished in 1.50 sec
2019-07-02 07:57:56.308 1842 INFO rally.task.context [-] Task 3e861066-b635-4799-96df-d62059ef8c4e | Context cleanup@openstack setup() finished in 0.01 msec
2019-07-02 07:57:56.316 1842 RALLYDEBUG rally.task.runner [-] Starting the constant runner (task UUID: 3e861066-b635-4799-96df-d62059ef8c4e). timeout: 0 concurrency: 4 concurrency_per_worker: 1 times: 10 concurrency_overhead: 0 processes_to_start: 4 max_cpu_used: 16
2019-07-02 07:57:56.329 4538 RALLYDEBUG rally.task.runner [-] Starting a worker. concurrency: 1 args: {"size": 1} times: 10 method_name: run timeout: 0 duration: None cls:
2019-07-02 07:57:56.333 4539 RALLYDEBUG rally.task.runner [-] Starting a worker. concurrency: 1 args: {"size": 1} times: 10 method_name: run timeout: 0 duration: None cls:
2019-07-02 07:57:56.335 4540 RALLYDEBUG rally.task.runner [-] Starting a worker. concurrency: 1 args: {"size": 1} times: 10 method_name: run timeout: 0 duration: None cls:
2019-07-02 07:57:56.337 4538 INFO rally.task.runner [-] Task 3e861066-b635-4799-96df-d62059ef8c4e | ITER: 1 START
2019-07-02 07:57:56.338 4541 RALLYDEBUG rally.task.runner [-] Starting a worker. concurrency: 1 args: {"size": 1} times: 10 method_name: run timeout: 0 duration: None cls:
2019-07-02 07:57:56.342 4539 INFO rally.task.runner [-] Task 3e861066-b635-4799-96df-d62059ef8c4e | ITER: 2 START
2019-07-02 07:57:56.343 4540 INFO rally.task.runner [-] Task 3e861066-b635-4799-96df-d62059ef8c4e | ITER: 3 START
2019-07-02 07:57:56.346 4541 INFO rally.task.runner [-] Task 3e861066-b635-4799-96df-d62059ef8c4e | ITER: 4 START
2019-07-02 07:58:00.270 4540 RALLYDEBUG rally.task.utils [-] Waiting for resource s_rally_8ce3e547_b6Inx1x8. Status changed: AVAILABLE => DELETING in 0.256251096725
2019-07-02 07:58:00.415 4541 RALLYDEBUG rally.task.utils [-] Waiting for resource s_rally_8ce3e547_4LewDKPI. Status changed: AVAILABLE => DELETING in 0.334926843643
2019-07-02 07:58:00.445 4539 RALLYDEBUG rally.task.utils [-] Waiting for resource s_rally_8ce3e547_fRXO1wWf. Status changed: AVAILABLE => DELETING in 0.267844200134
2019-07-02 07:58:00.729 4538 RALLYDEBUG rally.task.utils [-] Waiting for resource s_rally_8ce3e547_oa28NSQj. Status changed: AVAILABLE => DELETING in 0.282156944275
2019-07-02 07:58:02.452 4541 INFO rally.task.runner [-] Task 3e861066-b635-4799-96df-d62059ef8c4e | ITER: 4 END: OK
2019-07-02 07:58:02.458 4541 INFO rally.task.runner [-] Task 3e861066-b635-4799-96df-d62059ef8c4e | ITER: 5 START
2019-07-02 07:58:02.491 4539 INFO rally.task.runner [-] Task 3e861066-b635-4799-96df-d62059ef8c4e | ITER: 2 END: OK
2019-07-02 07:58:02.497 4539 INFO rally.task.runner [-] Task 3e861066-b635-4799-96df-d62059ef8c4e | ITER: 6 START
2019-07-02 07:58:02.509 4540 INFO rally.task.runner [-] Task 3e861066-b635-4799-96df-d62059ef8c4e | ITER: 3 END: OK
2019-07-02 07:58:02.515 4540 INFO rally.task.runner [-] Task 3e861066-b635-4799-96df-d62059ef8c4e | ITER: 7 START
2019-07-02 07:58:02.775 4538 INFO rally.task.runner [-] Task 3e861066-b635-4799-96df-d62059ef8c4e | ITER: 1 END: OK
2019-07-02 07:58:02.780 4538 INFO rally.task.runner [-] Task 3e861066-b635-4799-96df-d62059ef8c4e | ITER: 8 START
2019-07-02 07:58:06.406 4541 RALLYDEBUG rally.task.utils [-] Waiting for resource s_rally_8ce3e547_YEAypX0s. Status changed: AVAILABLE => DELETING in 0.283103942871
2019-07-02 07:58:06.630 4539 RALLYDEBUG rally.task.utils [-] Waiting for resource s_rally_8ce3e547_JbCNKSIc. Status changed: AVAILABLE => DELETING in 0.267294883728
2019-07-02 07:58:06.743 4540 RALLYDEBUG rally.task.utils [-] Waiting for resource s_rally_8ce3e547_ZA8YlnMw. Status changed: AVAILABLE => DELETING in 0.242035150528
2019-07-02 07:58:06.798 4538 RALLYDEBUG rally.task.utils [-] Waiting for resource s_rally_8ce3e547_yoVWsBmc. Status changed: AVAILABLE => DELETING in 0.249335050583
2019-07-02 07:58:08.636 4541 INFO rally.task.runner [-] Task 3e861066-b635-4799-96df-d62059ef8c4e | ITER: 5 END: OK
2019-07-02 07:58:08.641 4541 INFO rally.task.runner [-] Task 3e861066-b635-4799-96df-d62059ef8c4e | ITER: 9 START
2019-07-02 07:58:08.877 4539 INFO rally.task.runner [-] Task 3e861066-b635-4799-96df-d62059ef8c4e | ITER: 6 END: OK
2019-07-02 07:58:08.883 4539 INFO rally.task.runner [-] Task 3e861066-b635-4799-96df-d62059ef8c4e | ITER: 10 START
2019-07-02 07:58:08.997 4540 INFO rally.task.runner [-] Task 3e861066-b635-4799-96df-d62059ef8c4e | ITER: 7 END: OK
2019-07-02 07:58:09.060 4538 INFO rally.task.runner [-] Task 3e861066-b635-4799-96df-d62059ef8c4e | ITER: 8 END: OK
2019-07-02 07:58:12.738 4539 RALLYDEBUG rally.task.utils [-] Waiting for resource s_rally_8ce3e547_w17kPRDu. Status changed: AVAILABLE => DELETING in 0.25452208519
2019-07-02 07:58:12.843 4541 RALLYDEBUG rally.task.utils [-] Waiting for resource s_rally_8ce3e547_CEvA0EGy. Status changed: AVAILABLE => DELETING in 0.274622917175
2019-07-02 07:58:14.782 4539 INFO rally.task.runner [-] Task 3e861066-b635-4799-96df-d62059ef8c4e | ITER: 10 END: OK
2019-07-02 07:58:15.074 4541 INFO rally.task.runner [-] Task 3e861066-b635-4799-96df-d62059ef8c4e | ITER: 9 END: OK
2019-07-02 07:58:15.094 1842 INFO rally.task.context [-] Task 3e861066-b635-4799-96df-d62059ef8c4e | Context cleanup@openstack cleanup() started
2019-07-02 07:58:15.097 1842 RALLYDEBUG rally_openstack.cleanup.manager [-] Cleaning up cinder backups objects
2019-07-02 07:58:17.110 1842 RALLYDEBUG rally_openstack.cleanup.manager [-] Cleaning up cinder volume_snapshots objects
2019-07-02 07:58:19.144 1842 RALLYDEBUG rally_openstack.cleanup.manager [-] Cleaning up cinder transfers objects
2019-07-02 07:58:21.158 1842 RALLYDEBUG rally_openstack.cleanup.manager [-] Cleaning up cinder volumes objects
2019-07-02 07:58:23.247 1842 INFO rally.task.context [-] Task 3e861066-b635-4799-96df-d62059ef8c4e | Context cleanup@openstack cleanup() finished in 8.15 sec
2019-07-02 07:58:23.247 1842 INFO rally.task.context [-] Task 3e861066-b635-4799-96df-d62059ef8c4e | Context quotas@openstack cleanup() started
2019-07-02 07:58:23.799 1842 INFO rally.task.context [-] Task 3e861066-b635-4799-96df-d62059ef8c4e | Context quotas@openstack cleanup() finished in 0.55 sec
2019-07-02 07:58:23.799 1842 INFO rally.task.context [-] Task 3e861066-b635-4799-96df-d62059ef8c4e | Context api_versions@openstack cleanup() started
2019-07-02 07:58:23.799 1842 INFO rally.task.context [-] Task 3e861066-b635-4799-96df-d62059ef8c4e | Context api_versions@openstack cleanup() finished in 0.30 msec
2019-07-02 07:58:23.800 1842 INFO rally.task.context [-] Task 3e861066-b635-4799-96df-d62059ef8c4e | Context users@openstack cleanup() started
2019-07-02 07:58:30.472 1842 INFO rally.task.context [-] Task 3e861066-b635-4799-96df-d62059ef8c4e | Context users@openstack cleanup() finished in 6.67 sec
2019-07-02 07:58:31.956 1842 INFO rally.task.engine [-] Load duration is: 18.732401
2019-07-02 07:58:31.956 1842 INFO rally.task.engine [-] Full runner duration is: 18.778507
2019-07-02 07:58:31.956 1842 INFO rally.task.engine [-] Full duration is: 40.699565
2019-07-02 07:58:32.189 1842 INFO rally.task.engine [-] Running workload: position = 0 config = { "version": 2, "title": "A cropped version of a bigger task.", "description": "Auto-generated task from a single workload (uuid=c3b40350-3f6d-4e83-a99d-9882df15e282)", "subtasks": [ { "title": "CinderVolumes.create_and_extend_volume", "description": "Create and extend a volume and then delete it.", "scenario": { "CinderVolumes.create_and_extend_volume": { "new_size": 2, "size": 1 } }, "contexts": { "users": { "tenants": 3, "users_per_tenant": 2 }, "quotas": { "cinder": { "gigabytes": -1, "snapshots": -1, "volumes": -1 } }, "api_versions": { "cinder": { "version": 3, "service_type": "volumev3" } } }, "runner": { "constant": { "concurrency": 4, "times": 10 } }, "hooks": [], "sla": { "failure_rate": { "max": 0 } } } ] }
2019-07-02 07:58:32.211 1842 RALLYDEBUG rally_openstack.contexts.keystone.users [-] Creating 3 tenants using 20 threads
2019-07-02 07:58:34.131 1842 RALLYDEBUG rally_openstack.contexts.keystone.users [-] Creating 6 users using 20 threads
2019-07-02 07:58:36.811 1842 INFO rally.task.context [-] Task 3e861066-b635-4799-96df-d62059ef8c4e | Context users@openstack setup() finished in 4.60 sec
2019-07-02 07:58:37.236 1842 INFO rally.task.context [-] Task 3e861066-b635-4799-96df-d62059ef8c4e | Context api_versions@openstack setup() finished in 0.42 sec
2019-07-02 07:58:38.799 1842 INFO rally.task.context [-] Task 3e861066-b635-4799-96df-d62059ef8c4e | Context quotas@openstack setup() finished in 1.56 sec
2019-07-02 07:58:38.800 1842 INFO rally.task.context [-] Task 3e861066-b635-4799-96df-d62059ef8c4e | Context cleanup@openstack setup() finished in 0.01 msec
2019-07-02 07:58:38.807 1842 RALLYDEBUG rally.task.runner [-] Starting the constant runner (task UUID: 3e861066-b635-4799-96df-d62059ef8c4e). timeout: 0 concurrency: 4 concurrency_per_worker: 1 times: 10 concurrency_overhead: 0 processes_to_start: 4 max_cpu_used: 16
2019-07-02 07:58:38.820 4722 RALLYDEBUG rally.task.runner [-] Starting a worker. concurrency: 1 args: {"new_size": 2, "size": 1} times: 10 method_name: run timeout: 0 duration: None cls:
2019-07-02 07:58:38.823 4723 RALLYDEBUG rally.task.runner [-] Starting a worker. concurrency: 1 args: {"new_size": 2, "size": 1} times: 10 method_name: run timeout: 0 duration: None cls:
2019-07-02 07:58:38.826 4724 RALLYDEBUG rally.task.runner [-] Starting a worker. concurrency: 1 args: {"new_size": 2, "size": 1} times: 10 method_name: run timeout: 0 duration: None cls:
2019-07-02 07:58:38.829 4722 INFO rally.task.runner [-] Task 3e861066-b635-4799-96df-d62059ef8c4e | ITER: 1 START
2019-07-02 07:58:38.829 4725 RALLYDEBUG rally.task.runner [-] Starting a worker. concurrency: 1 args: {"new_size": 2, "size": 1} times: 10 method_name: run timeout: 0 duration: None cls:
2019-07-02 07:58:38.831 4723 INFO rally.task.runner [-] Task 3e861066-b635-4799-96df-d62059ef8c4e | ITER: 2 START
2019-07-02 07:58:38.834 4724 INFO rally.task.runner [-] Task 3e861066-b635-4799-96df-d62059ef8c4e | ITER: 3 START
2019-07-02 07:58:38.837 4725 INFO rally.task.runner [-] Task 3e861066-b635-4799-96df-d62059ef8c4e | ITER: 4 START
2019-07-02 07:58:42.722 4722 RALLYDEBUG rally.task.utils [-] Waiting for resource s_rally_c3b40350_cqxPGHj1. Status changed: AVAILABLE => EXTENDING in 0.0578689575195
2019-07-02 07:58:42.931 4724 RALLYDEBUG rally.task.utils [-] Waiting for resource s_rally_c3b40350_otvhMRgW. Status changed: AVAILABLE => EXTENDING in 0.063472032547
2019-07-02 07:58:43.154 4725 RALLYDEBUG rally.task.utils [-] Waiting for resource s_rally_c3b40350_FTEagG3K. Status changed: AVAILABLE => DELETING in 0.0552220344543
2019-07-02 07:58:43.743 4723 INFO rally.task.runner [-] Task 3e861066-b635-4799-96df-d62059ef8c4e | ITER: 2 END: OK
2019-07-02 07:58:43.748 4723 INFO rally.task.runner [-] Task 3e861066-b635-4799-96df-d62059ef8c4e | ITER: 5 START
2019-07-02 07:58:44.973 4722 RALLYDEBUG rally.task.utils [-] Waiting for resource s_rally_c3b40350_cqxPGHj1. Status changed: EXTENDING => AVAILABLE in 2.25081110001
2019-07-02 07:58:45.179 4724 RALLYDEBUG rally.task.utils [-] Waiting for resource s_rally_c3b40350_otvhMRgW. Status changed: EXTENDING => AVAILABLE in 2.2474398613
2019-07-02 07:58:45.195 4725 INFO rally.task.runner [-] Task 3e861066-b635-4799-96df-d62059ef8c4e | ITER: 4 END: OK
2019-07-02 07:58:45.200 4725 INFO rally.task.runner [-] Task 3e861066-b635-4799-96df-d62059ef8c4e | ITER: 6 START
2019-07-02 07:58:45.289 4722 RALLYDEBUG rally.task.utils [-] Waiting for resource s_rally_c3b40350_cqxPGHj1. Status changed: AVAILABLE => DELETING in 0.0572428703308
2019-07-02 07:58:45.501 4724 RALLYDEBUG rally.task.utils [-] Waiting for resource s_rally_c3b40350_otvhMRgW. Status changed: AVAILABLE => DELETING in 0.0549108982086
