2019-07-02 08:02:35.370 1842 INFO rally.task.engine [-] Running workload: position = 0 config = { "version": 2, "title": "A cropped version of a bigger task.", "description": "Auto-generated task from a single workload (uuid=74427a10-8ecf-4f6e-8641-d57c2004c590)", "subtasks": [ { "title": "CinderVolumeTypes.create_volume_type_and_encryption_type", "description": "Create encryption type", "scenario": { "CinderVolumeTypes.create_volume_type_and_encryption_type": { "description": "rally tests creating types", "provider": "LuksEncryptor", "cipher": "aes-xts-plain64", "key_size": 512, "control_location": "front-end" } }, "contexts": { "users": { "tenants": 3, "users_per_tenant": 2 }, "api_versions": { "cinder": { "version": 3, "service_type": "volumev3" } } }, "runner": { "constant": { "concurrency": 4, "times": 10 } }, "hooks": [], "sla": { "failure_rate": { "max": 0 } } } ] }
2019-07-02 08:02:35.383 1842 RALLYDEBUG rally_openstack.contexts.keystone.users [-] Creating 3 tenants using 20 threads
2019-07-02 08:02:37.177 1842 RALLYDEBUG rally_openstack.contexts.keystone.users [-] Creating 6 users using 20 threads
2019-07-02 08:02:39.820 1842 INFO rally.task.context [-] Task 3e861066-b635-4799-96df-d62059ef8c4e | Context users@openstack setup() finished in 4.44 sec
2019-07-02 08:02:40.236 1842 INFO rally.task.context [-] Task 3e861066-b635-4799-96df-d62059ef8c4e | Context api_versions@openstack setup() finished in 0.42 sec
2019-07-02 08:02:40.237 1842 INFO rally.task.context [-] Task 3e861066-b635-4799-96df-d62059ef8c4e | Context admin_cleanup@openstack setup() finished in 0.00 msec
2019-07-02 08:02:40.243 1842 RALLYDEBUG rally.task.runner [-] Starting the constant runner (task UUID: 3e861066-b635-4799-96df-d62059ef8c4e). timeout: 0 concurrency: 4 concurrency_per_worker: 1 times: 10 concurrency_overhead: 0 processes_to_start: 4 max_cpu_used: 16
2019-07-02 08:02:40.251 6214 RALLYDEBUG rally.task.runner [-] Starting a worker. concurrency: 1 args: {"description": "rally tests creating types", "provider": "LuksEncryptor", "cipher": "aes-xts-plain64", "key_size": 512, "control_location": "front-end"} times: 10 method_name: run timeout: 0 duration: None cls:
2019-07-02 08:02:40.254 6214 INFO rally.task.runner [-] Task 3e861066-b635-4799-96df-d62059ef8c4e | ITER: 1 START
2019-07-02 08:02:40.256 6215 RALLYDEBUG rally.task.runner [-] Starting a worker. concurrency: 1 args: {"description": "rally tests creating types", "provider": "LuksEncryptor", "cipher": "aes-xts-plain64", "key_size": 512, "control_location": "front-end"} times: 10 method_name: run timeout: 0 duration: None cls:
2019-07-02 08:02:40.259 6219 RALLYDEBUG rally.task.runner [-] Starting a worker. concurrency: 1 args: {"description": "rally tests creating types", "provider": "LuksEncryptor", "cipher": "aes-xts-plain64", "key_size": 512, "control_location": "front-end"} times: 10 method_name: run timeout: 0 duration: None cls:
2019-07-02 08:02:40.259 6216 RALLYDEBUG rally.task.runner [-] Starting a worker. concurrency: 1 args: {"description": "rally tests creating types", "provider": "LuksEncryptor", "cipher": "aes-xts-plain64", "key_size": 512, "control_location": "front-end"} times: 10 method_name: run timeout: 0 duration: None cls:
2019-07-02 08:02:40.262 6219 INFO rally.task.runner [-] Task 3e861066-b635-4799-96df-d62059ef8c4e | ITER: 3 START
2019-07-02 08:02:40.263 6215 INFO rally.task.runner [-] Task 3e861066-b635-4799-96df-d62059ef8c4e | ITER: 2 START
2019-07-02 08:02:40.266 6216 INFO rally.task.runner [-] Task 3e861066-b635-4799-96df-d62059ef8c4e | ITER: 4 START
2019-07-02 08:02:41.388 6214 INFO rally.task.runner [-] Task 3e861066-b635-4799-96df-d62059ef8c4e | ITER: 1 END: OK
2019-07-02 08:02:41.394 6214 INFO rally.task.runner [-] Task 3e861066-b635-4799-96df-d62059ef8c4e | ITER: 5 START
2019-07-02 08:02:41.410 6216 INFO rally.task.runner [-] Task 3e861066-b635-4799-96df-d62059ef8c4e | ITER: 4 END: OK
2019-07-02 08:02:41.414 6216 INFO rally.task.runner [-] Task 3e861066-b635-4799-96df-d62059ef8c4e | ITER: 6 START
2019-07-02 08:02:41.556 6215 INFO rally.task.runner [-] Task 3e861066-b635-4799-96df-d62059ef8c4e | ITER: 2 END: OK
2019-07-02 08:02:41.561 6215 INFO rally.task.runner [-] Task 3e861066-b635-4799-96df-d62059ef8c4e | ITER: 7 START
2019-07-02 08:02:41.633 6219 INFO rally.task.runner [-] Task 3e861066-b635-4799-96df-d62059ef8c4e | ITER: 3 END: OK
2019-07-02 08:02:41.637 6219 INFO rally.task.runner [-] Task 3e861066-b635-4799-96df-d62059ef8c4e | ITER: 8 START
2019-07-02 08:02:42.363 6216 INFO rally.task.runner [-] Task 3e861066-b635-4799-96df-d62059ef8c4e | ITER: 6 END: OK
2019-07-02 08:02:42.366 6216 INFO rally.task.runner [-] Task 3e861066-b635-4799-96df-d62059ef8c4e | ITER: 9 START
2019-07-02 08:02:42.416 6214 INFO rally.task.runner [-] Task 3e861066-b635-4799-96df-d62059ef8c4e | ITER: 5 END: OK
2019-07-02 08:02:42.421 6214 INFO rally.task.runner [-] Task 3e861066-b635-4799-96df-d62059ef8c4e | ITER: 10 START
2019-07-02 08:02:42.566 6219 INFO rally.task.runner [-] Task 3e861066-b635-4799-96df-d62059ef8c4e | ITER: 8 END: OK
2019-07-02 08:02:42.583 6215 INFO rally.task.runner [-] Task 3e861066-b635-4799-96df-d62059ef8c4e | ITER: 7 END: OK
2019-07-02 08:02:43.269 6216 INFO rally.task.runner [-] Task 3e861066-b635-4799-96df-d62059ef8c4e | ITER: 9 END: OK
2019-07-02 08:02:43.340 6214 INFO rally.task.runner [-] Task 3e861066-b635-4799-96df-d62059ef8c4e | ITER: 10 END: OK
2019-07-02 08:02:43.368 1842 INFO rally.task.context [-] Task 3e861066-b635-4799-96df-d62059ef8c4e | Context admin_cleanup@openstack cleanup() started
2019-07-02 08:02:43.370 1842 RALLYDEBUG rally_openstack.cleanup.manager [-] Cleaning up cinder volume_types objects
2019-07-02 08:02:44.111 1842 RALLYDEBUG rally_openstack.cleanup.manager [-] Deleting cinder.volume_types object s_rally_74427a10_dSXqGZgW (82280899-ac0b-4ca1-95b2-2cec4da73fab)
2019-07-02 08:02:44.111 1842 RALLYDEBUG rally_openstack.cleanup.manager [-] Deleting cinder.volume_types object s_rally_74427a10_y9Erh8HP (06ad1034-f3b8-40b1-b39b-acc9f0fe774a)
2019-07-02 08:02:44.119 1842 RALLYDEBUG rally_openstack.cleanup.manager [-] Deleting cinder.volume_types object s_rally_74427a10_NV0sJP8H (851ddf03-53e0-4bdf-98bd-f61920260192)
2019-07-02 08:02:44.122 1842 RALLYDEBUG rally_openstack.cleanup.manager [-] Deleting cinder.volume_types object s_rally_74427a10_cNLDxP62 (3aab98dc-224b-4eaf-bdbc-9ae1339f925f)
2019-07-02 08:02:44.122 1842 RALLYDEBUG rally_openstack.cleanup.manager [-] Deleting cinder.volume_types object s_rally_74427a10_CCDEjHxk (273fcc71-52f7-49ce-b034-7d7f5497fa85)
2019-07-02 08:02:44.137 1842 RALLYDEBUG rally_openstack.cleanup.manager [-] Deleting cinder.volume_types object s_rally_74427a10_VHuhFiKv (f5bf7dd7-9b96-4069-97b9-5317c37ffd3b)
2019-07-02 08:02:44.142 1842 RALLYDEBUG rally_openstack.cleanup.manager [-] Deleting cinder.volume_types object s_rally_74427a10_jqD8rH1F (169465a4-69e4-45f5-8d32-714e076e11a0)
2019-07-02 08:02:44.143 1842 RALLYDEBUG rally_openstack.cleanup.manager [-] Deleting cinder.volume_types object s_rally_74427a10_rllZKUT9 (2ca804fa-cc12-4ac6-8426-f333a68ed361)
2019-07-02 08:02:44.153 1842 RALLYDEBUG rally_openstack.cleanup.manager [-] Deleting cinder.volume_types object s_rally_74427a10_e34zClv0 (cdf83ded-e62c-4b66-bf67-e0dac9e0198b)
2019-07-02 08:02:44.153 1842 RALLYDEBUG rally_openstack.cleanup.manager [-] Deleting cinder.volume_types object s_rally_74427a10_SvUT1kXu (8b3f411f-9bc7-48b1-8d24-faa05b0cfa12)
2019-07-02 08:02:46.470 1842 RALLYDEBUG rally_openstack.cleanup.manager [-] Cleaning up cinder image_volumes_cache objects
2019-07-02 08:02:47.839 1842 RALLYDEBUG rally_openstack.cleanup.manager [-] Cleaning up cinder quotas objects
2019-07-02 08:02:49.336 1842 RALLYDEBUG rally_openstack.cleanup.manager [-] Cleaning up cinder qos_specs objects
2019-07-02 08:02:49.968 1842 INFO rally.task.context [-] Task 3e861066-b635-4799-96df-d62059ef8c4e | Context admin_cleanup@openstack cleanup() finished in 6.60 sec
2019-07-02 08:02:49.969 1842 INFO rally.task.context [-] Task 3e861066-b635-4799-96df-d62059ef8c4e | Context api_versions@openstack cleanup() started
2019-07-02 08:02:49.969 1842 INFO rally.task.context [-] Task 3e861066-b635-4799-96df-d62059ef8c4e | Context api_versions@openstack cleanup() finished in 0.31 msec
2019-07-02 08:02:49.970 1842 INFO rally.task.context [-] Task 3e861066-b635-4799-96df-d62059ef8c4e | Context users@openstack cleanup() started
2019-07-02 08:02:57.130 1842 INFO rally.task.context [-] Task 3e861066-b635-4799-96df-d62059ef8c4e | Context users@openstack cleanup() finished in 7.16 sec
2019-07-02 08:02:57.469 1842 INFO rally.task.engine [-] Load duration is: 3.082819
2019-07-02 08:02:57.470 1842 INFO rally.task.engine [-] Full runner duration is: 3.125222
2019-07-02 08:02:57.470 1842 INFO rally.task.engine [-] Full duration is: 21.7522
2019-07-02 08:02:57.682 1842 INFO rally.task.engine [-] Running workload: position = 0 config = { "version": 2, "title": "A cropped version of a bigger task.", "description": "Auto-generated task from a single workload (uuid=d0c92bc4-ef87-4cf4-8912-cc7696d348d2)", "subtasks": [ { "title": "CinderVolumeTypes.create_volume_type_add_and_list_type_access", "description": "Add and list volume type access for the given project.", "scenario": { "CinderVolumeTypes.create_volume_type_add_and_list_type_access": { "description": "rally tests creating types" } }, "contexts": { "users": { "tenants": 3, "users_per_tenant": 2 }, "api_versions": { "cinder": { "version": 3, "service_type": "volumev3" } } }, "runner": { "constant": { "concurrency": 4, "times": 10 } }, "hooks": [], "sla": { "failure_rate": { "max": 0 } } } ] }
2019-07-02 08:02:57.702 1842 RALLYDEBUG rally_openstack.contexts.keystone.users [-] Creating 3 tenants using 20 threads
2019-07-02 08:02:59.540 1842 RALLYDEBUG rally_openstack.contexts.keystone.users [-] Creating 6 users using 20 threads
2019-07-02 08:03:02.222 1842 INFO rally.task.context [-] Task 3e861066-b635-4799-96df-d62059ef8c4e | Context users@openstack setup() finished in 4.52 sec
2019-07-02 08:03:02.646 1842 INFO rally.task.context [-] Task 3e861066-b635-4799-96df-d62059ef8c4e | Context api_versions@openstack setup() finished in 0.42 sec
2019-07-02 08:03:02.647 1842 INFO rally.task.context [-] Task 3e861066-b635-4799-96df-d62059ef8c4e | Context admin_cleanup@openstack setup() finished in 0.01 msec
2019-07-02 08:03:02.653 1842 RALLYDEBUG rally.task.runner [-] Starting the constant runner (task UUID: 3e861066-b635-4799-96df-d62059ef8c4e). timeout: 0 concurrency: 4 concurrency_per_worker: 1 times: 10 concurrency_overhead: 0 processes_to_start: 4 max_cpu_used: 16
2019-07-02 08:03:02.663 6398 RALLYDEBUG rally.task.runner [-] Starting a worker. concurrency: 1 args: {"description": "rally tests creating types"} times: 10 method_name: run timeout: 0 duration: None cls:
2019-07-02 08:03:02.666 6399 RALLYDEBUG rally.task.runner [-] Starting a worker. concurrency: 1 args: {"description": "rally tests creating types"} times: 10 method_name: run timeout: 0 duration: None cls:
2019-07-02 08:03:02.668 6400 RALLYDEBUG rally.task.runner [-] Starting a worker. concurrency: 1 args: {"description": "rally tests creating types"} times: 10 method_name: run timeout: 0 duration: None cls:
2019-07-02 08:03:02.669 6398 INFO rally.task.runner [-] Task 3e861066-b635-4799-96df-d62059ef8c4e | ITER: 1 START
2019-07-02 08:03:02.671 6399 INFO rally.task.runner [-] Task 3e861066-b635-4799-96df-d62059ef8c4e | ITER: 2 START
2019-07-02 08:03:02.673 6401 RALLYDEBUG rally.task.runner [-] Starting a worker. concurrency: 1 args: {"description": "rally tests creating types"} times: 10 method_name: run timeout: 0 duration: None cls:
2019-07-02 08:03:02.674 6400 INFO rally.task.runner [-] Task 3e861066-b635-4799-96df-d62059ef8c4e | ITER: 3 START
2019-07-02 08:03:02.680 6401 INFO rally.task.runner [-] Task 3e861066-b635-4799-96df-d62059ef8c4e | ITER: 4 START
2019-07-02 08:03:03.102 6400 DEBUG cinderclient.v2.client [-] REQ: curl -g -i -X POST http://172.30.9.35:8776/v3/cb14ba0ab1774495a0bbe7aab9529d87/types -H "Accept: application/json" -H "Content-Type: application/json" -H "User-Agent: python-cinderclient" -H "X-Auth-Token: {SHA1}fb697c5858f27a3ebe9e6bfca21487dee3bf3bde" -d '{"volume_type": {"os-volume-type-access:is_public": false, "name": "s_rally_d0c92bc4_4huRU1gb", "description": "rally tests creating types"}}' _http_log_request /usr/lib/python2.7/site-packages/keystoneauth1/session.py:448
2019-07-02 08:03:03.116 6399 DEBUG cinderclient.v2.client [-] REQ: curl -g -i -X POST http://172.30.9.35:8776/v3/cb14ba0ab1774495a0bbe7aab9529d87/types -H "Accept: application/json" -H "Content-Type: application/json" -H "User-Agent: python-cinderclient" -H "X-Auth-Token: {SHA1}f88395a986ab677a73131f26bd58be1b40fe89fd" -d '{"volume_type": {"os-volume-type-access:is_public": false, "name": "s_rally_d0c92bc4_Fp0LioOl", "description": "rally tests creating types"}}' _http_log_request /usr/lib/python2.7/site-packages/keystoneauth1/session.py:448
2019-07-02 08:03:03.125 6398 DEBUG cinderclient.v2.client [-] REQ: curl -g -i -X POST http://172.30.9.35:8776/v3/cb14ba0ab1774495a0bbe7aab9529d87/types -H "Accept: application/json" -H "Content-Type: application/json" -H "User-Agent: python-cinderclient" -H "X-Auth-Token: {SHA1}3b380b6399a627340673c7216e1207d4aa6fb32e" -d '{"volume_type": {"os-volume-type-access:is_public": false, "name": "s_rally_d0c92bc4_51HDxJ13", "description": "rally tests creating types"}}' _http_log_request /usr/lib/python2.7/site-packages/keystoneauth1/session.py:448
2019-07-02 08:03:03.129 6401 DEBUG cinderclient.v2.client [-] REQ: curl -g -i -X POST http://172.30.9.35:8776/v3/cb14ba0ab1774495a0bbe7aab9529d87/types -H "Accept: application/json" -H "Content-Type: application/json" -H "User-Agent: python-cinderclient" -H "X-Auth-Token: {SHA1}29a1dd47a873141f967cdf7ef846f56d0fc5530e" -d '{"volume_type": {"os-volume-type-access:is_public": false, "name": "s_rally_d0c92bc4_6lkHrXx6", "description": "rally tests creating types"}}' _http_log_request /usr/lib/python2.7/site-packages/keystoneauth1/session.py:448
2019-07-02 08:03:03.415 6400 DEBUG cinderclient.v2.client [-] RESP: [200] Content-Encoding: gzip Content-Length: 178 Content-Type: application/json Date: Tue, 02 Jul 2019 08:03:03 GMT OpenStack-API-Version: volume 3.0 Server: Apache Vary: OpenStack-API-Version,Accept-Encoding x-compute-request-id: req-52635173-b729-4673-a386-b5e58452aaea x-openstack-request-id: req-52635173-b729-4673-a386-b5e58452aaea _http_log_response /usr/lib/python2.7/site-packages/keystoneauth1/session.py:479
2019-07-02 08:03:03.415 6400 DEBUG cinderclient.v2.client [-] RESP BODY: {"volume_type": {"name": "s_rally_d0c92bc4_4huRU1gb", "extra_specs": {}, "os-volume-type-access:is_public": false, "is_public": false, "id": "8770e701-83a8-4fa7-b24d-b28dbb1210eb", "description": "rally tests creating types"}} _http_log_response /usr/lib/python2.7/site-packages/keystoneauth1/session.py:511
2019-07-02 08:03:03.416 6400 DEBUG cinderclient.v2.client [-] POST call to volumev2 for http://172.30.9.35:8776/v3/cb14ba0ab1774495a0bbe7aab9529d87/types used request id req-52635173-b729-4673-a386-b5e58452aaea request /usr/lib/python2.7/site-packages/keystoneauth1/session.py:844
2019-07-02 08:03:03.417 6400 DEBUG cinderclient.v2.client [-] REQ: curl -g -i -X POST http://172.30.9.35:8776/v3/cb14ba0ab1774495a0bbe7aab9529d87/types/8770e701-83a8-4fa7-b24d-b28dbb1210eb/action -H "Accept: application/json" -H "Content-Type: application/json" -H "User-Agent: python-cinderclient" -H "X-Auth-Token: {SHA1}fb697c5858f27a3ebe9e6bfca21487dee3bf3bde" -H "X-OpenStack-Request-ID: req-52635173-b729-4673-a386-b5e58452aaea" -d '{"addProjectAccess": {"project": "ae21425c0a244200a1264cee68b61dcf"}}' _http_log_request /usr/lib/python2.7/site-packages/keystoneauth1/session.py:448
2019-07-02 08:03:03.421 6399 DEBUG cinderclient.v2.client [-] RESP: [200] Content-Encoding: gzip Content-Length: 182 Content-Type: application/json Date: Tue, 02 Jul 2019 08:03:03 GMT OpenStack-API-Version: volume 3.0 Server: Apache Vary: OpenStack-API-Version,Accept-Encoding x-compute-request-id: req-0995bc47-3932-433b-8b53-9882bb8228d9 x-openstack-request-id: req-0995bc47-3932-433b-8b53-9882bb8228d9 _http_log_response /usr/lib/python2.7/site-packages/keystoneauth1/session.py:479
2019-07-02 08:03:03.421 6399 DEBUG cinderclient.v2.client [-] RESP BODY: {"volume_type": {"name": "s_rally_d0c92bc4_Fp0LioOl", "extra_specs": {}, "os-volume-type-access:is_public": false, "is_public": false, "id": "1680635d-c963-4dd0-86a3-050512a553a0", "description": "rally tests creating types"}} _http_log_response /usr/lib/python2.7/site-packages/keystoneauth1/session.py:511
2019-07-02 08:03:03.422 6399 DEBUG cinderclient.v2.client [-] POST call to volumev2 for http://172.30.9.35:8776/v3/cb14ba0ab1774495a0bbe7aab9529d87/types used request id req-0995bc47-3932-433b-8b53-9882bb8228d9 request /usr/lib/python2.7/site-packages/keystoneauth1/session.py:844
2019-07-02 08:03:03.424 6399 DEBUG cinderclient.v2.client [-] REQ: curl -g -i -X POST http://172.30.9.35:8776/v3/cb14ba0ab1774495a0bbe7aab9529d87/types/1680635d-c963-4dd0-86a3-050512a553a0/action -H "Accept: application/json" -H "Content-Type: application/json" -H "User-Agent: python-cinderclient" -H "X-Auth-Token: {SHA1}f88395a986ab677a73131f26bd58be1b40fe89fd" -H "X-OpenStack-Request-ID: req-0995bc47-3932-433b-8b53-9882bb8228d9" -d '{"addProjectAccess": {"project": "0047ae18bb674e7185b194795b0425b3"}}' _http_log_request /usr/lib/python2.7/site-packages/keystoneauth1/session.py:448
2019-07-02 08:03:03.428 6398 DEBUG cinderclient.v2.client [-] RESP: [200] Content-Encoding: gzip Content-Length: 182 Content-Type: application/json Date: Tue, 02 Jul 2019 08:03:03 GMT OpenStack-API-Version: volume 3.0 Server: Apache Vary: OpenStack-API-Version,Accept-Encoding x-compute-request-id: req-5072f58e-9e15-4f8f-b8ef-1dd7effea8bf x-openstack-request-id: req-5072f58e-9e15-4f8f-b8ef-1dd7effea8bf _http_log_response /usr/lib/python2.7/site-packages/keystoneauth1/session.py:479
2019-07-02 08:03:03.429 6398 DEBUG cinderclient.v2.client [-] RESP BODY: {"volume_type": {"name": "s_rally_d0c92bc4_51HDxJ13", "extra_specs": {}, "os-volume-type-access:is_public": false, "is_public": false, "id": "ef475329-3f17-4aa8-81c7-9b826e8b1dfe", "description": "rally tests creating types"}} _http_log_response /usr/lib/python2.7/site-packages/keystoneauth1/session.py:511
2019-07-02 08:03:03.429 6398 DEBUG cinderclient.v2.client [-] POST call to volumev2 for http://172.30.9.35:8776/v3/cb14ba0ab1774495a0bbe7aab9529d87/types used request id req-5072f58e-9e15-4f8f-b8ef-1dd7effea8bf request /usr/lib/python2.7/site-packages/keystoneauth1/session.py:844
2019-07-02 08:03:03.430 6398 DEBUG cinderclient.v2.client [-] REQ: curl -g -i -X POST http://172.30.9.35:8776/v3/cb14ba0ab1774495a0bbe7aab9529d87/types/ef475329-3f17-4aa8-81c7-9b826e8b1dfe/action -H "Accept: application/json" -H "Content-Type: application/json" -H "User-Agent: python-cinderclient" -H "X-Auth-Token: {SHA1}3b380b6399a627340673c7216e1207d4aa6fb32e" -H "X-OpenStack-Request-ID: req-5072f58e-9e15-4f8f-b8ef-1dd7effea8bf" -d '{"addProjectAccess": {"project": "0047ae18bb674e7185b194795b0425b3"}}' _http_log_request /usr/lib/python2.7/site-packages/keystoneauth1/session.py:448
2019-07-02 08:03:03.435 6401 DEBUG cinderclient.v2.client [-] RESP: [200] Content-Encoding: gzip Content-Length: 180 Content-Type: application/json Date: Tue, 02 Jul 2019 08:03:03 GMT OpenStack-API-Version: volume 3.0 Server: Apache Vary: OpenStack-API-Version,Accept-Encoding x-compute-request-id: req-9e006cd3-99fb-4019-a368-2e3c6ac5699a x-openstack-request-id: req-9e006cd3-99fb-4019-a368-2e3c6ac5699a _http_log_response /usr/lib/python2.7/site-packages/keystoneauth1/session.py:479
2019-07-02 08:03:03.436 6401 DEBUG cinderclient.v2.client [-] RESP BODY: {"volume_type": {"name": "s_rally_d0c92bc4_6lkHrXx6", "extra_specs": {}, "os-volume-type-access:is_public": false, "is_public": false, "id": "d646ebe4-8647-42b1-8241-fd4e42800e12", "description": "rally tests creating types"}} _http_log_response /usr/lib/python2.7/site-packages/keystoneauth1/session.py:511
2019-07-02 08:03:03.436 6401 DEBUG cinderclient.v2.client [-] POST call to volumev2 for http://172.30.9.35:8776/v3/cb14ba0ab1774495a0bbe7aab9529d87/types used request id req-9e006cd3-99fb-4019-a368-2e3c6ac5699a request /usr/lib/python2.7/site-packages/keystoneauth1/session.py:844
2019-07-02 08:03:03.437 6401 DEBUG cinderclient.v2.client [-] REQ: curl -g -i -X POST http://172.30.9.35:8776/v3/cb14ba0ab1774495a0bbe7aab9529d87/types/d646ebe4-8647-42b1-8241-fd4e42800e12/action -H "Accept: application/json" -H "Content-Type: application/json" -H "User-Agent: python-cinderclient" -H "X-Auth-Token: {SHA1}29a1dd47a873141f967cdf7ef846f56d0fc5530e" -H "X-OpenStack-Request-ID: req-9e006cd3-99fb-4019-a368-2e3c6ac5699a" -d '{"addProjectAccess": {"project": "0047ae18bb674e7185b194795b0425b3"}}' _http_log_request /usr/lib/python2.7/site-packages/keystoneauth1/session.py:448
2019-07-02 08:03:03.738 6398 DEBUG cinderclient.v2.client [-] RESP: [202] Content-Length: 0 Content-Type: text/html; charset=UTF-8 Date: Tue, 02 Jul 2019 08:03:03 GMT OpenStack-API-Version: volume 3.0 Server: Apache Vary: OpenStack-API-Version x-openstack-request-id: req-662abf51-b5dd-4b18-83cc-b49a97f81f9d _http_log_response /usr/lib/python2.7/site-packages/keystoneauth1/session.py:479
2019-07-02 08:03:03.738 6398 DEBUG cinderclient.v2.client [-] RESP BODY: Omitted, Content-Type is set to text/html; charset=UTF-8. Only application/json responses have their bodies logged. _http_log_response /usr/lib/python2.7/site-packages/keystoneauth1/session.py:511
2019-07-02 08:03:03.739 6398 DEBUG cinderclient.v2.client [-] POST call to volumev2 for http://172.30.9.35:8776/v3/cb14ba0ab1774495a0bbe7aab9529d87/types/ef475329-3f17-4aa8-81c7-9b826e8b1dfe/action used request 