2019-06-30 09:44:02.785 22705 RALLYDEBUG rally_openstack.cleanup.manager [-] Deleting neutron.port object s_rally_b5e22a3f_BYl1tZoa (cf244597-6694-4739-b912-12c037ace6e8)
2019-06-30 09:44:02.803 22705 RALLYDEBUG rally_openstack.cleanup.manager [-] Deleting neutron.port object s_rally_b5e22a3f_yYFshyIl (cf8f70ea-b930-4af5-af72-0357c488c754)
2019-06-30 09:44:02.834 22705 RALLYDEBUG rally_openstack.cleanup.manager [-] Deleting neutron.port object s_rally_b5e22a3f_7EWLRNMJ (d081bb34-0085-4f96-aeb2-a4cdeddc47c1)
2019-06-30 09:44:02.840 22705 RALLYDEBUG rally_openstack.cleanup.manager [-] Deleting neutron.port object s_rally_b5e22a3f_yDoIFNPC (d088356d-7913-4fd5-bc95-408aef41937f)
2019-06-30 09:44:02.945 22705 RALLYDEBUG rally_openstack.cleanup.manager [-] Deleting neutron.port object s_rally_b5e22a3f_1LBZmbGI (d185d0f6-65db-4ba5-8eb5-371776623f4b)
2019-06-30 09:44:03.151 22705 RALLYDEBUG rally_openstack.cleanup.manager [-] Deleting neutron.port object s_rally_b5e22a3f_YKUslm0T (d2a9de86-61bb-4e26-8f1e-561ceba5012e)
2019-06-30 09:44:03.161 22705 RALLYDEBUG rally_openstack.cleanup.manager [-] Deleting neutron.port object s_rally_b5e22a3f_YeOpSoPi (d3141610-b0f0-4e7e-bb5b-137aa970ff4b)
2019-06-30 09:44:03.327 22705 RALLYDEBUG rally_openstack.cleanup.manager [-] Deleting neutron.port object s_rally_b5e22a3f_kh5yoph6 (d536070f-1f48-47bc-988a-4e1ce4e38bd4)
2019-06-30 09:44:03.353 22705 RALLYDEBUG rally_openstack.cleanup.manager [-] Deleting neutron.port object s_rally_b5e22a3f_0NjEpnsn (d5d27591-1c4b-410f-a2cb-08e246c70d78)
2019-06-30 09:44:04.072 22705 RALLYDEBUG rally_openstack.cleanup.manager [-] Deleting neutron.port object s_rally_b5e22a3f_RAQTgHAj (d8530b8a-7987-43c8-8bdf-483464abf674)
2019-06-30 09:44:04.423 22705 RALLYDEBUG rally_openstack.cleanup.manager [-] Deleting neutron.port object s_rally_b5e22a3f_K8Ta9W87 (d856cf4b-b1f8-4be6-a247-77cb959c60cf)
2019-06-30 09:44:04.453 22705 RALLYDEBUG rally_openstack.cleanup.manager [-] Deleting neutron.port object s_rally_b5e22a3f_YmKSbpDq (d93a8f31-ec73-4dfe-b3b4-5fa85cc8a815)
2019-06-30 09:44:04.586 22705 RALLYDEBUG rally_openstack.cleanup.manager [-] Deleting neutron.port object s_rally_b5e22a3f_7wYfXdNW (d9a52a9f-bb42-46ed-aa3c-50d91e315847)
2019-06-30 09:44:04.589 22705 RALLYDEBUG rally_openstack.cleanup.manager [-] Deleting neutron.port object s_rally_b5e22a3f_YyBasPAP (da427154-a78c-4f1c-9344-11ea41aadb04)
2019-06-30 09:44:04.660 22705 RALLYDEBUG rally_openstack.cleanup.manager [-] Deleting neutron.port object s_rally_b5e22a3f_ZmHrCxIY (dc9badf5-1c0b-4d36-b866-fc779fa7ccf5)
2019-06-30 09:44:04.865 22705 RALLYDEBUG rally_openstack.cleanup.manager [-] Deleting neutron.port object s_rally_b5e22a3f_ao68RWep (dd14d9ab-f42a-4842-ab8a-39d8a43fab66)
2019-06-30 09:44:04.911 22705 RALLYDEBUG rally_openstack.cleanup.manager [-] Deleting neutron.port object s_rally_b5e22a3f_0g1VxKOh (dd6000c2-bc8d-4317-9230-5aa4457b0d6e)
2019-06-30 09:44:05.057 22705 RALLYDEBUG rally_openstack.cleanup.manager [-] Deleting neutron.port object s_rally_b5e22a3f_XVvZD3jA (df61b908-b849-42eb-a70c-f5e27c16419c)
2019-06-30 09:44:05.126 22705 RALLYDEBUG rally_openstack.cleanup.manager [-] Deleting neutron.port object s_rally_b5e22a3f_aCEgsyoE (df9e185a-74c0-47ee-b8c9-7ab3d54a2b56)
2019-06-30 09:44:05.362 22705 RALLYDEBUG rally_openstack.cleanup.manager [-] Deleting neutron.port object s_rally_b5e22a3f_z3G5yNrP (dfe4b71e-d8c6-4ef1-9413-1ef4deec6537)
2019-06-30 09:44:05.658 22705 RALLYDEBUG rally_openstack.cleanup.manager [-] Deleting neutron.port object s_rally_b5e22a3f_9KERRxQk (e2383228-3731-485b-95b7-4fb8412b51af)
2019-06-30 09:44:05.807 22705 RALLYDEBUG rally_openstack.cleanup.manager [-] Deleting neutron.port object s_rally_b5e22a3f_LtI2r4XD (e3b36974-dd42-45f2-9d57-40b7dba3bc09)
2019-06-30 09:44:05.824 22705 RALLYDEBUG rally_openstack.cleanup.manager [-] Deleting neutron.port object s_rally_b5e22a3f_4rMekA80 (e4627589-d626-4a4b-a5bc-7f27113dcbaa)
2019-06-30 09:44:05.972 22705 RALLYDEBUG rally_openstack.cleanup.manager [-] Deleting neutron.port object s_rally_b5e22a3f_S0ENO2gQ (e4c0c550-f379-4c38-8ae6-9611ad51210a)
2019-06-30 09:44:06.225 22705 RALLYDEBUG rally_openstack.cleanup.manager [-] Deleting neutron.port object s_rally_b5e22a3f_kd6LsyO4 (e5f2001b-8efb-4981-85fd-a67451e028b7)
2019-06-30 09:44:06.492 22705 RALLYDEBUG rally_openstack.cleanup.manager [-] Deleting neutron.port object s_rally_b5e22a3f_16N4qxj2 (e688cd3e-f54d-4319-9a52-7abdc93b0837)
2019-06-30 09:44:06.664 22705 RALLYDEBUG rally_openstack.cleanup.manager [-] Deleting neutron.port object s_rally_b5e22a3f_iKOj0wMp (e6a1c3fe-1c4c-49a3-9e7c-8e33fbb64edc)
2019-06-30 09:44:06.953 22705 RALLYDEBUG rally_openstack.cleanup.manager [-] Deleting neutron.port object s_rally_b5e22a3f_u4MeagQa (e8ca7c5b-dd15-4d9b-a69c-84d27b9a1827)
2019-06-30 09:44:07.038 22705 RALLYDEBUG rally_openstack.cleanup.manager [-] Deleting neutron.port object s_rally_b5e22a3f_dDa0O1TG (ea79a6f2-9cad-4afa-9a5d-ad9a9b1dafcd)
2019-06-30 09:44:07.038 22705 RALLYDEBUG rally_openstack.cleanup.manager [-] Deleting neutron.port object s_rally_b5e22a3f_KnCYKN6k (eb020a4b-15cc-43dc-8066-840608b442be)
2019-06-30 09:44:07.069 22705 RALLYDEBUG rally_openstack.cleanup.manager [-] Deleting neutron.port object s_rally_b5e22a3f_pyHUyJ17 (eb5c2f56-7086-4686-ba32-ebc0950dda15)
2019-06-30 09:44:07.077 22705 RALLYDEBUG rally_openstack.cleanup.manager [-] Deleting neutron.port object s_rally_b5e22a3f_bv4vzAaN (ebaab6da-95af-4ed5-819e-87019db03943)
2019-06-30 09:44:07.397 22705 RALLYDEBUG rally_openstack.cleanup.manager [-] Deleting neutron.port object s_rally_b5e22a3f_S9CZbeoy (ed4c2902-7838-46b7-809b-1be09327268d)
2019-06-30 09:44:07.668 22705 RALLYDEBUG rally_openstack.cleanup.manager [-] Deleting neutron.port object s_rally_b5e22a3f_NxYnKNPf (ee172682-0775-45d4-a413-b2adc80b453b)
2019-06-30 09:44:07.810 22705 RALLYDEBUG rally_openstack.cleanup.manager [-] Deleting neutron.port object s_rally_b5e22a3f_9FDxNeDX (f0da6a5a-7571-4aff-9da6-6caf8a1916e2)
2019-06-30 09:44:08.044 22705 RALLYDEBUG rally_openstack.cleanup.manager [-] Deleting neutron.port object s_rally_b5e22a3f_tieDLB9o (f0eee6be-4f9e-42ff-aa72-bb18ac3520fa)
2019-06-30 09:44:08.190 22705 RALLYDEBUG rally_openstack.cleanup.manager [-] Deleting neutron.port object s_rally_b5e22a3f_2txIp1oN (f18cb87a-dfc2-4fc9-a725-8527421d3a47)
2019-06-30 09:44:08.250 22705 RALLYDEBUG rally_openstack.cleanup.manager [-] Deleting neutron.port object s_rally_b5e22a3f_gdeH1EFb (f2604b7e-6040-4284-a5d6-091fea84c664)
2019-06-30 09:44:08.311 22705 RALLYDEBUG rally_openstack.cleanup.manager [-] Deleting neutron.port object s_rally_b5e22a3f_OTOYT8RF (f30a46af-540d-40a5-9d81-bfe928967327)
2019-06-30 09:44:08.394 22705 RALLYDEBUG rally_openstack.cleanup.manager [-] Deleting neutron.port object s_rally_b5e22a3f_jRR0QBja (f3a2efba-eaf2-47e1-a9d8-77961836ba7b)
2019-06-30 09:44:08.542 22705 RALLYDEBUG rally_openstack.cleanup.manager [-] Deleting neutron.port object s_rally_b5e22a3f_gKYfeZ8i (f3d51b7a-4ca7-4267-8e0f-e8e0dde33834)
2019-06-30 09:44:08.589 22705 RALLYDEBUG rally_openstack.cleanup.manager [-] Deleting neutron.port object s_rally_b5e22a3f_GS3dECEl (f6dc018d-3184-4daa-9511-8c84ea3951a0)
2019-06-30 09:44:08.614 22705 RALLYDEBUG rally_openstack.cleanup.manager [-] Deleting neutron.port object s_rally_b5e22a3f_5Imp5FtZ (f7160aa4-cf57-4353-a076-a596deb9a618)
2019-06-30 09:44:08.900 22705 RALLYDEBUG rally_openstack.cleanup.manager [-] Deleting neutron.port object s_rally_b5e22a3f_6Xy4wH4h (f71ac770-f886-48d8-b9a7-b69151c48472)
2019-06-30 09:44:08.980 22705 RALLYDEBUG rally_openstack.cleanup.manager [-] Deleting neutron.port object s_rally_b5e22a3f_x3TwIvqw (f7283c66-481c-4328-98dc-44ef0e477157)
2019-06-30 09:44:09.038 22705 RALLYDEBUG rally_openstack.cleanup.manager [-] Deleting neutron.port object s_rally_b5e22a3f_9DhlaT3w (f8082669-0b92-4c98-ab76-753f4ef8a56c)
2019-06-30 09:44:09.038 22705 RALLYDEBUG rally_openstack.cleanup.manager [-] Deleting neutron.port object s_rally_b5e22a3f_NcrHKHkF (f7aff094-44a7-455b-a92c-ced0ad473253)
2019-06-30 09:44:09.345 22705 RALLYDEBUG rally_openstack.cleanup.manager [-] Deleting neutron.port object s_rally_b5e22a3f_17IVOwgv (f8f88e25-1960-4736-a2eb-ffcd4d18bbef)
2019-06-30 09:44:09.526 22705 RALLYDEBUG rally_openstack.cleanup.manager [-] Deleting neutron.port object s_rally_b5e22a3f_8TPasKwq (f933ad24-edde-4128-9349-5fa31fa74f33)
2019-06-30 09:44:10.022 22705 RALLYDEBUG rally_openstack.cleanup.manager [-] Deleting neutron.port object s_rally_b5e22a3f_Iz4fU7Nc (f942f776-1551-4ab3-a153-e5766a6fe058)
2019-06-30 09:44:10.284 22705 RALLYDEBUG rally_openstack.cleanup.manager [-] Deleting neutron.port object s_rally_b5e22a3f_Qe3Xp3Th (f9bcaacf-0ac3-41ce-a478-240772f9a5c3)
2019-06-30 09:44:10.480 22705 RALLYDEBUG rally_openstack.cleanup.manager [-] Deleting neutron.port object s_rally_b5e22a3f_gjBtoanJ (faab34e0-09c3-44ea-966e-00dfcd708166)
2019-06-30 09:44:10.615 22705 RALLYDEBUG rally_openstack.cleanup.manager [-] Deleting neutron.port object s_rally_b5e22a3f_tZB0e2CE (fb6a3b48-30e6-4cca-9bc0-b3aaf57b1cb9)
2019-06-30 09:44:10.622 22705 RALLYDEBUG rally_openstack.cleanup.manager [-] Deleting neutron.port object s_rally_b5e22a3f_YZE9uJmj (fb7c30a5-8380-403a-84ee-b6cd3b9a3531)
2019-06-30 09:44:10.630 22705 RALLYDEBUG rally_openstack.cleanup.manager [-] Deleting neutron.port object s_rally_b5e22a3f_NWgfDtsv (fc2d9943-c185-44e8-bd10-93e73e055e3c)
2019-06-30 09:44:11.347 22705 RALLYDEBUG rally_openstack.cleanup.manager [-] Deleting neutron.port object s_rally_b5e22a3f_CUbz8Ghm (fe43d836-1171-481a-8b1b-cc6a1af5ab2a)
2019-06-30 09:44:11.476 22705 RALLYDEBUG rally_openstack.cleanup.manager [-] Deleting neutron.port object s_rally_b5e22a3f_vRDovR19 (fea6e001-e56a-4ffe-a7e5-28b07e9bb8b8)
2019-06-30 09:44:11.642 22705 RALLYDEBUG rally_openstack.cleanup.manager [-] Deleting neutron.port object s_rally_b5e22a3f_UceVjPpT (ffaae53c-d009-41c7-ad28-be76b6968110)
2019-06-30 09:44:11.643 22705 RALLYDEBUG rally_openstack.cleanup.manager [-] Deleting neutron.port object s_rally_b5e22a3f_2PjgoTxU (ff817a2c-6234-4b49-b8fb-686baf9a4f47)
2019-06-30 09:44:11.648 22705 RALLYDEBUG rally_openstack.cleanup.manager [-] Deleting neutron.port object s_rally_b5e22a3f_h2esMKru (ffdaf38c-994c-47f5-8514-96155099976e)
2019-06-30 09:44:14.690 22705 RALLYDEBUG rally_openstack.cleanup.manager [-] Cleaning up neutron subnet objects
2019-06-30 09:44:15.419 22705 RALLYDEBUG rally_openstack.cleanup.manager [-] Cleaning up neutron network objects
2019-06-30 09:44:16.354 22705 RALLYDEBUG rally_openstack.cleanup.manager [-] Deleting neutron.network object s_rally_b5e22a3f_UmgbiBzt (18e02111-4038-4881-a6c0-25faa20c5003)
2019-06-30 09:44:16.362 22705 RALLYDEBUG rally_openstack.cleanup.manager [-] Deleting neutron.network object s_rally_b5e22a3f_NsFei6lb (5625bd9b-bcec-4212-846b-04c38ca0a7b7)
2019-06-30 09:44:16.372 22705 RALLYDEBUG rally_openstack.cleanup.manager [-] Deleting neutron.network object s_rally_b5e22a3f_fCbOu2g2 (7cd38e06-7d20-4c78-af07-ffcb4568fc18)
2019-06-30 09:44:16.374 22705 RALLYDEBUG rally_openstack.cleanup.manager [-] Deleting neutron.network object s_rally_b5e22a3f_sA2FdhzD (93fa0596-259d-4f01-86e1-2cfa50c3302c)
2019-06-30 09:44:16.381 22705 RALLYDEBUG rally_openstack.cleanup.manager [-] Deleting neutron.network object s_rally_b5e22a3f_hzsS0wd6 (ae54bc5e-165d-4ef4-8d15-a5130b1d4a1e)
2019-06-30 09:44:16.388 22705 RALLYDEBUG rally_openstack.cleanup.manager [-] Deleting neutron.network object s_rally_b5e22a3f_aBE0H3Zj (b47b74df-cd91-4b45-9447-7b1e09b392f4)
2019-06-30 09:44:16.402 22705 RALLYDEBUG rally_openstack.cleanup.manager [-] Deleting neutron.network object s_rally_b5e22a3f_CWf8bIZo (be5d4299-1b56-46a8-b9d3-5e4db92a2712)
2019-06-30 09:44:16.417 22705 RALLYDEBUG rally_openstack.cleanup.manager [-] Deleting neutron.network object s_rally_b5e22a3f_3ZW26Q3n (d471cbeb-a11e-4fbb-91d0-883c0def2f8d)
2019-06-30 09:44:19.795 22705 RALLYDEBUG rally_openstack.cleanup.manager [-] Cleaning up neutron router objects
2019-06-30 09:44:20.474 22705 RALLYDEBUG rally_openstack.cleanup.manager [-] Cleaning up neutron security_group objects
2019-06-30 09:44:21.138 22705 INFO rally.task.context [-] Task 68a32721-3ad3-4eb7-9186-796c0ea95e96 | Context cleanup@openstack cleanup() finished in 1.29 min
2019-06-30 09:44:21.139 22705 INFO rally.task.context [-] Task 68a32721-3ad3-4eb7-9186-796c0ea95e96 | Context quotas@openstack cleanup() started
2019-06-30 09:44:21.363 22705 INFO rally.task.context [-] Task 68a32721-3ad3-4eb7-9186-796c0ea95e96 | Context quotas@openstack cleanup() finished in 0.22 sec
2019-06-30 09:44:21.364 22705 INFO rally.task.context [-] Task 68a32721-3ad3-4eb7-9186-796c0ea95e96 | Context users@openstack cleanup() started
2019-06-30 09:44:25.707 22705 INFO rally.task.context [-] Task 68a32721-3ad3-4eb7-9186-796c0ea95e96 | Context users@openstack cleanup() finished in 4.34 sec
2019-06-30 09:44:25.758 22705 INFO rally.task.engine [-] Load duration is: 105.376904
2019-06-30 09:44:25.759 22705 INFO rally.task.engine [-] Full runner duration is: 105.425932
2019-06-30 09:44:25.759 22705 INFO rally.task.engine [-] Full duration is: 192.72209
2019-06-30 09:44:25.971 22705 INFO rally.task.engine [-] Running workload: position = 1 config = { "version": 2, "title": "A cropped version of a bigger task.", "description": "Auto-generated task from a single workload (uuid=c867b608-7221-4e4b-bbcf-11daaf4815e5)", "subtasks": [ { "title": "NeutronNetworks.create_and_update_ports", "description": "Create and update a given number of ports.", "scenario": { "NeutronNetworks.create_and_update_ports": { "network_create_args": {}, "port_create_args": {}, "ports_per_network": 5, "port_update_args": { "admin_state_up": false, "device_id": "dummy_id", "device_owner": "dummy_owner", "name": "_port_updated" } } }, "contexts": { "users": { "tenants": 1, "users_per_tenant": 1 }, "quotas": { "neutron": { "network": -1, "port": -1 } } }, "runner": { "constant": { "times": 40, "concurrency": 20 } }, "hooks": [], "sla": { "failure_rate": { "max": 0 } } } ] }
2019-06-30 09:44:25.997 22705 RALLYDEBUG rally_openstack.contexts.keystone.users [-] Creating 1 tenants using 20 threads
2019-06-30 09:44:27.788 22705 RALLYDEBUG rally_openstack.contexts.keystone.users [-] Creating 1 users using 20 threads
2019-06-30 09:44:30.289 22705 INFO rally.task.context [-] Task 68a32721-3ad3-4eb7-9186-796c0ea95e96 | Context users@openstack setup() finished in 4.29 sec
2019-06-30 09:44:31.016 22705 INFO rally.task.context [-] Task 68a32721-3ad3-4eb7-9186-796c0ea95e96 | Context quotas@openstack setup() finished in 0.73 sec
2019-06-30 09:44:31.016 22705 INFO rally.task.context [-] Task 68a32721-3ad3-4eb7-9186-796c0ea95e96 | Context cleanup@openstack setup() finished in 0.00 msec
2019-06-30 09:44:31.023 22705 RALLYDEBUG rally.task.runner [-] Starting the constant runner (task UUID: 68a32721-3ad3-4eb7-9186-796c0ea95e96). timeout: 0 concurrency: 20 concurrency_per_worker: 1 times: 40 concurrency_overhead: 4 processes_to_start: 16 max_cpu_used: 16
2019-06-30 09:44:31.037 26581 RALLYDEBUG rally.task.runner [-] Starting a worker. concurrency: 2 args: {"network_create_args": {}, "port_create_args": {}, "ports_per_network": 5, "port_update_args": {"admin_state_up": false, "device_id": "dummy_id", "device_owner": "dummy_owner", "name": "_port_updated"}} times: 40 method_name: run timeout: 0 duration: None cls:
2019-06-30 09:44:31.039 26582 RALLYDEBUG rally.task.runner [-] Starting a worker. concurrency: 2 args: {"network_create_args": {}, "port_create_args": {}, "ports_per_network": 5, "port_update_args": {"admin_state_up": false, "device_id": "dummy_id", "device_owner": "dummy_owner", "name": "_port_updated"}} times: 40 method_name: run timeout: 0 duration: None cls:
2019-06-30 09:44:31.042 26583 RALLYDEBUG rally.task.runner [-] Starting a worker. concurrency: 2 args: {"network_create_args": {}, "port_create_args": {}, "ports_per_network": 5, "port_update_args": {"admin_state_up": false, "device_id": "dummy_id", "device_owner": "dummy_owner", "name": "_port_updated"}} times: 40 method_name: run timeout: 0 duration: None cls:
2019-06-30 09:44:31.045 26581 INFO rally.task.runner [-] Task 68a32721-3ad3-4eb7-9186-796c0ea95e96 | ITER: 1 START
2019-06-30 09:44:31.045 26584 RALLYDEBUG rally.task.runner [-] Starting a worker. concurrency: 2 args: {"network_create_args": {}, "port_create_args": {}, "ports_per_network": 5, "port_update_args": {"admin_state_up": false, "device_id": "dummy_id", "device_owner": "dummy_owner", "name": "_port_updated"}} times: 40 method_name: run timeout: 0 duration: None cls:
2019-06-30 09:44:31.047 26582 INFO rally.task.runner [-] Task 68a32721-3ad3-4eb7-9186-796c0ea95e96 | ITER: 2 START
2019-06-30 09:44:31.049 26586 RALLYDEBUG rally.task.runner [-] Starting a worker. concurrency: 1 args: {"network_create_args": {}, "port_create_args": {}, "ports_per_network": 5, "port_update_args": {"admin_state_up": false, "device_id": "dummy_id", "device_owner": "dummy_owner", "name": "_port_updated"}} times: 40 method_name: run timeout: 0 duration: None cls:
2019-06-30 09:44:31.047 26581 WARNING rally_openstack.scenarios.neutron.utils [-] Running this scenario without either the 'network' or 'existing_network' context is deprecated
2019-06-30 09:44:31.049 26583 INFO rally.task.runner [-] Task 68a32721-3ad3-4eb7-9186-796c0ea95e96 | ITER: 4 START
2019-06-30 09:44:31.053 26583 WARNING rally_openstack.scenarios.neutron.utils [-] Running this scenario without either the 'network' or 'existing_network' context is deprecated
2019-06-30 09:44:31.053 26592 RALLYDEBUG rally.task.runner [-] Starting a worker. concurrency: 1 args: {"network_create_args": {}, "port_create_args": {}, "ports_per_network": 5, "port_update_args": {"admin_state_up": false, "device_id": "dummy_id", "device_owner": "dummy_owner", "name": "_port_updated"}} times: 40 method_name: run timeout: 0 duration: None cls:
2019-06-30 09:44:31.049 26582 WARNING rally_openstack.scenarios.neutron.utils [-] Running this scenario without either the 'network' or 'existing_network' context is deprecated
2019-06-30 09:44:31.053 26584 INFO rally.task.runner [-] Task 68a32721-3ad3-4eb7-9186-796c0ea95e96 | ITER: 6 START
2019-06-30 09:44:31.052 26582 INFO rally.task.runner [-] Task 68a32721-3ad3-4eb7-9186-796c0ea95e96 | ITER: 5 START
2019-06-30 09:44:31.056 26582 WARNING rally_openstack.scenarios.neutron.utils [-] Running this scenario without either the 'network' or 'existing_network' context is deprecated
2019-06-30 09:44:31.055 26583 INFO rally.task.runner [-] Task 68a32721-3ad3-4eb7-9186-796c0ea95e96 | ITER: 7 START
2019-06-30 09:44:31.056 26586 INFO rally.task.runner [-] Task 68a32721-3ad3-4eb7-9186-796c0ea95e96 | ITER: 9 START
2019-06-30 09:44:31.056 26584 WARNING rally_openstack.scenarios.neutron.utils [-] Running this scenario without either the 'network' or 'existing_network' context is deprecated
2019-06-30 09:44:31.058 26586 WARNING rally_openstack.scenarios.neutron.utils [-] Running this scenario without either the 'network' or 'existing_network' context is deprecated
2019-06-30 09:44:31.058 26594 RALLYDEBUG rally.task.runner [-] Starting a worker. concurrency: 1 args: {"network_create_args": {}, "port_create_args": {}, "ports_per_network": 5, "port_update_args": {"admin_state_up": false, "device_id": "dummy_id", "device_owner": "dummy_owner", "name": "_port_updated"}} times: 40 method_name: run timeout: 0 duration: None cls:
2019-06-30 09:44:31.049 26581 INFO rally.task.runner [-] Task 68a32721-3ad3-4eb7-9186-796c0ea95e96 | ITER: 3 START
2019-06-30 09:44:31.061 26599 RALLYDEBUG rally.task.runner [-] Starting a worker. concurrency: 1 args: {"network_create_args": {}, "port_create_args": {}, "ports_per_network": 5, "port_update_args": {"admin_state_up": false, "device_id": "dummy_id", "device_owner": "dummy_owner", "name": "_port_updated"}} times: 40 method_name: run timeout: 0 duration: None cls:
2019-06-30 09:44:31.058 26583 WARNING rally_openstack.scenarios.neutron.utils [-] Running this scenario without either the 'network' or 'existing_network' context is deprecated
2019-06-30 09:44:31.063 26581 WARNING rally_openstack.scenarios.neutron.utils [-] Running this scenario without either the 'network' or 'existing_network' context is deprecated
2019-06-30 09:44:31.065 26592 INFO rally.task.runner [-] Task 68a32721-3ad3-4eb7-9186-796c0ea95e96 | ITER: 10 START
2019-06-30 09:44:31.066 26584 INFO rally.task.runner [-] Task 68a32721-3ad3-4eb7-9186-796c0ea95e96 | ITER: 8 START
2019-06-30 09:44:31.067 26594 INFO rally.task.runner [-] Task 68a32721-3ad3-4eb7-9186-796c0ea95e96 | ITER: 11 START
2019-06-30 09:44:31.067 26592 WARNING rally_openstack.scenarios.neutron.utils [-] Running this scenario without either the 'network' or 'existing_network' context is deprecated
2019-06-30 09:44:31.067 26584 WARNING rally_openstack.scenarios.neutron.utils [-] Running this scenario without either the 'network' or 'existing_network' context is deprecated
2019-06-30 09:44:31.067 26599 INFO rally.task.runner [-] Task 68a32721-3ad3-4eb7-9186-796c0ea95e96 | ITER: 12 START
2019-06-30 09:44:31.068 26594 WARNING rally_openstack.scenarios.neutron.utils [-] Running this scenario without either the 'network' or 'existing_network' context is deprecated
2019-06-30 09:44:31.069 26599 WARNING rally_openstack.scenarios.neutron.utils [-] Running this scenario without either the 'network' or 'existing_network' context is deprecated
2019-06-30 09:44:31.070 26605 RALLYDEBUG rally.task.runner [-] Starting a worker. concurrency: 1 args: {"network_create_args": {}, "port_create_args": {}, "ports_per_network": 5, "port_update_args": {"admin_state_up": false, "device_id": "dummy_id", "device_owner": "dummy_owner", "name": "_port_updated"}} times: 40 method_name: run timeout: 0 duration: None cls:
2019-06-30 09:44:31.077 26605 INFO rally.task.runner [-] Task 68a32721-3ad3-4eb7-9186-796c0ea95e96 | ITER: 13 START
2019-06-30 09:44:31.078 26605 WARNING rally_openstack.scenarios.neutron.utils [-] Running this scenario without either the 'network' or 'existing_network' context is deprecated
2019-06-30 09:44:31.078 26610 RALLYDEBUG rally.task.runner [-] Starting a worker. concurrency: 1 args: {"network_create_args": {}, "port_create_args": {}, "ports_per_network": 5, "port_update_args": {"admin_state_up": false, "device_id": "dummy_id", "device_owner": "dummy_owner", "name": "_port_updated"}} times: 40 method_name: run timeout: 0 duration: None cls:
2019-06-30 09:44:31.080 26611 RALLYDEBUG rally.task.runner [-] Starting a worker. concurrency: 1 args: {"network_create_args": {}, "port_create_args": {}, "ports_per_network": 5, "port_update_args": {"admin_state_up": false, "device_id": "dummy_id", "device_owner": "dummy_owner", "name": "_port_updated"}} times: 40 method_name: run timeout: 0 duration: None cls:
2019-06-30 09:44:31.085 26610 INFO rally.task.runner [-] Task 68a32721-3ad3-4eb7-9186-796c0ea95e96 | ITER: 14 START
2019-06-30 09:44:31.086 26611 INFO rally.task.runner [-] Task 68a32721-3ad3-4eb7-9186-796c0ea95e96 | ITER: 15 START
2019-06-30 09:44:31.087 26610 WARNING rally_openstack.scenarios.neutron.utils [-] Running this scenario without either the 'network' or 'existing_network' context is deprecated
2019-06-30 09:44:31.087 26611 WARNING rally_openstack.scenarios.neutron.utils [-] Running this scenario without either the 'network' or 'existing_network' context is deprecated
2019-06-30 09:44:31.087 26614 RALLYDEBUG rally.task.runner [-] Starting a worker. concurrency: 1 args: {"network_create_args": {}, "port_create_args": {}, "ports_per_network": 5, "port_update_args": {"admin_state_up": false, "device_id": "dummy_id", "device_owner": "dummy_owner", "name": "_port_updated"}} times: 40 method_name: run timeout: 0 duration: None cls:
2019-06-30 09:44:31.093 26619 RALLYDEBUG rally.task.runner [-] Starting a worker. concurrency: 1 args: {"network_create_args": {}, "port_create_args": {}, "ports_per_network": 5, "port_update_args": {"admin_state_up": false, "device_id": "dummy_id", "device_owner": "dummy_owner", "name": "_port_updated"}} times: 40 method_name: run timeout: 0 duration: None cls:
2019-06-30 09:44:31.099 26619 INFO rally.task.runner [-] Task 68a32721-3ad3-4eb7-9186-796c0ea95e96 | ITER: 17 START
2019-06-30 09:44:31.100 26614 INFO rally.task.runner [-] Task 68a32721-3ad3-4eb7-9186-796c0ea95e96 | ITER: 16 START
2019-06-30 09:44:31.101 26619 WARNING rally_openstack.scenarios.neutron.utils [-] Running this scenario without either the 'network' or 'existing_network' context is deprecated
2019-06-30 09:44:31.102 26614 WARNING rally_openstack.scenarios.neutron.utils [-] Running this scenario without either the 'network' or 'existing_network' context is deprecated
2019-06-30 09:44:31.107 26625 RALLYDEBUG rally.task.runner [-] Starting a worker. concurrency: 1 args: {"network_create_args": {}, "port_create_args": {}, "ports_per_network": 5, "port_update_args": {"admin_state_up": false, "device_id": "dummy_id", "device_owner": "dummy_owner", "name": "_port_updated"}} times: 40 method_name: run timeout: 0 duration: None cls:
2019-06-30 09:44:31.108 26622 RALLYDEBUG rally.task.runner [-] Starting a worker. concurrency: 1 args: {"network_create_args": {}, "port_create_args": {}, "ports_per_network": 5, "port_update_args": {"admin_state_up": false, "device_id": "dummy_id", "device_owner": "dummy_owner", "name": "_port_updated"}} times: 40 method_name: run timeout: 0 duration: None cls:
2019-06-30 09:44:31.111 26626 RALLYDEBUG rally.task.runner [-] Starting a worker. concurrency: 1 args: {"network_create_args": {}, "port_create_args": {}, "ports_per_network": 5, "port_update_args": {"admin_state_up": false, "device_id": "dummy_id", "device_owner": "dummy_owner", "name": "_port_updated"}} times: 40 method_name: run timeout: 0 duration: None cls:
2019-06-30 09:44:31.113 26622 INFO rally.task.runner [-] Task 68a32721-3ad3-4eb7-9186-796c0ea95e96 | ITER: 19 START
2019-06-30 09:44:31.113 26625 INFO rally.task.runner [-] Task 68a32721-3ad3-4eb7-9186-796c0ea95e96 | ITER: 18 START
2019-06-30 09:44:31.115 26625 WARNING rally_openstack.scenarios.neutron.utils [-] Running this scenario without either the 'network' or 'existing_network' context is deprecated
2019-06-30 09:44:31.115 26622 WARNING rally_openstack.scenarios.neutron.utils [-] Running this scenario without either the 'network' or 'existing_network' context is deprecated
2019-06-30 09:44:31.115 26626 INFO rally.task.runner [-] Task 68a32721-3ad3-4eb7-9186-796c0ea95e96 | ITER: 20 START
2019-06-30 09:44:31.117 26626 WARNING rally_openstack.scenarios.neutron.utils [-] Running this scenario without either the 'network' or 'existing_network' context is deprecated
2019-06-30 09:44:41.084 26619 INFO rally.task.runner [-] Task 68a32721-3ad3-4eb7-9186-796c0ea95e96 | ITER: 17 END: OK
2019-06-30 09:44:41.090 26619 INFO rally.task.runner [-] Task 68a32721-3ad3-4eb7-9186-796c0ea95e96 | ITER: 21 START
2019-06-30 09:44:41.090 26619 WARNING rally_openstack.scenarios.neutron.utils [-] Running this scenario without either the 'network' or 'existing_network' context is deprecated
2019-06-30 09:44:41.144 26594 INFO rally.task.runner [-] Task 68a32721-3ad3-4eb7-9186-796c0ea95e96 | ITER: 11 END: OK
2019-06-30 09:44:41.148 26594 INFO rally.task.runner [-] Task 68a32721-3ad3-4eb7-9186-796c0ea95e96 | ITER: 22 START
2019-06-30 09:44:41.149 26594 WARNING rally_openstack.scenarios.neutron.utils [-] Running this scenario without either the 'network' or 'existing_network' context is deprecated
2019-06-30 09:44:41.506 26626 INFO rally.task.runner [-] Task 68a32721-3ad3-4eb7-9186-796c0ea95e96 | ITER: 20 END: OK
2019-06-30 09:44:41.511 26626 INFO rally.task.runner [-] Task 68a32721-3ad3-4eb7-9186-796c0ea95e96 | ITER: 23 START
2019-06-30 09:44:41.512 26626 WARNING rally_openstack.scenarios.neutron.utils [-] Running this scenario without either the 'network' or 'existing_network' context is deprecated
2019-06-30 09:44:42.422 26625 INFO rally.task.runner [-] Task 68a32721-3ad3-4eb7-9186-796c0ea95e96 | ITER: 18 END: OK
2019-06-30 09:44:42.427 26625 INFO rally.task.runner [-] Task 68a32721-3ad3-4eb7-9186-796c0ea95e96 | ITER: 24 START
2019-06-30 09:44:42.427 26625 WARNING rally_openstack.scenarios.neutron.utils [-] Running this scenario without either the 'network' or 'existing_network' context is deprecated
2019-06-30 09:44:47.894 26584 INFO rally.task.runner [-] Task 68a32721-3ad3-4eb7-9186-796c0ea95e96 | ITER: 8 END: OK
2019-06-30 09:44:47.899 26584 INFO rally.task.runner [-] Task 68a32721-3ad3-4eb7-9186-796c0ea95e96 | ITER: 25 START
2019-06-30 09:44:47.900 26584 WARNING rally_openstack.scenarios.neutron.utils [-] Running this scenario without either the 'network' or 'existing_network' context is deprecated
2019-06-30 09:44:47.915 26592 INFO rally.task.runner [-] Task 68a32721-3ad3-4eb7-9186-796c0ea95e96 | ITER: 10 END: OK
2019-06-30 09:44:47.919 26592 INFO rally.task.runner [-] Task 68a32721-3ad3-4eb7-9186-796c0ea95e96 | ITER: 26 START
2019-06-30 09:44:47.920 26592 WARNING rally_openstack.scenarios.neutron.utils [-] Running this scenario without either the 'network' or 'existing_network' context is deprecated
2019-06-30 09:44:48.072 26582 INFO rally.task.runner [-] Task 68a32721-3ad3-4eb7-9186-796c0ea95e96 | ITER: 5 END: OK
2019-06-30 09:44:48.076 26582 INFO rally.task.runner [-] Task 68a32721-3ad3-4eb7-9186-796c0ea95e96 | ITER: 27 START
2019-06-30 09:44:48.076 26582 WARNING rally_openstack.scenarios.neutron.utils [-] Running this scenario without either the 'network' or 'existing_network' context is deprecated
2019-06-30 09:44:48.218 26599 INFO rally.task.runner [-] Task 68a32721-3ad3-4eb7-9186-796c0ea95e96 | ITER: 12 END: OK
2019-06-30 09:44:48.222 26599 INFO rally.task.runner [-] Task 68a32721-3ad3-4eb7-9186-796c0ea95e96 | ITER: 28 START
2019-06-30 09:44:48.223 26599 WARNING rally_openstack.scenarios.neutron.utils [-] Running this scenario without either the 'network' or 'existing_network' context is deprecated
2019-06-30 09:44:48.298 26582 INFO rally.task.runner [-] Task 68a32721-3ad3-4eb7-9186-796c0ea95e96 | ITER: 2 END: OK
2019-06-30 09:44:48.303 26582 INFO rally.task.runner [-] Task 68a32721-3ad3-4eb7-9186-796c0ea95e96 | ITER: 29 START
2019-06-30 09:44:48.304 26582 WARNING rally_openstack.scenarios.neutron.utils [-] Running this scenario without either the 'network' or 'existing_network' context is deprecated
2019-06-30 09:44:48.513 26581 INFO rally.task.runner [-] Task 68a32721-3ad3-4eb7-9186-796c0ea95e96 | ITER: 3 END: OK
2019-06-30 09:44:48.518 26581 INFO rally.task.runner [-] Task 68a32721-3ad3-4eb7-9186-796c0ea95e96 | ITER: 30 START
2019-06-30 09:44:48.519 26581 WARNING rally_openstack.scenarios.neutron.utils [-] Running this scenario without either the 'network' or 'existing_network' context is deprecated
2019-06-30 09:44:49.784 26619 INFO rally.task.runner [-] Task 68a32721-3ad3-4eb7-9186-796c0ea95e96 | ITER: 21 END: OK
2019-06-30 09:44:49.789 26619 INFO rally.task.runner [-] Task 68a32721-3ad3-4eb7-9186-796c0ea95e96 | ITER: 31 START
2019-06-30 09:44:49.790 26619 WARNING rally_openstack.scenarios.neutron.utils [-] Running this scenario without either the 'network' or 'existing_network' context is deprecated
2019-06-30 09:44:51.072 26625 INFO rally.task.runner [-] Task 68a32721-3ad3-4eb7-9186-796c0ea95e96 | ITER: 24 END: OK
2019-06-30 09:44:51.075 26625 INFO rally.task.runner [-] Task 68a32721-3ad3-4eb7-9186-796c0ea95e96 | ITER: 32 START
2019-06-30 09:44:51.076 26625 WARNING rally_openstack.scenarios.neutron.utils [-] Running this scenario without either the 'network' or 'existing_network' context is deprecated
2019-06-30 09:44:57.505 26599 INFO rally.task.runner [-] Task 68a32721-3ad3-4eb7-9186-796c0ea95e96 | ITER: 28 END: OK
2019-06-30 09:44:57.509 26599 INFO rally.task.runner [-] Task 68a32721-3ad3-4eb7-9186-796c0ea95e96 | ITER: 33 START
2019-06-30 09:44:57.510 26599 WARNING rally_openstack.scenarios.neutron.utils [-] Running this scenario without either the 'network' or 'existing_network' context is deprecated
2019-06-30 09:44:57.652 26594 INFO rally.task.runner [-] Task 68a32721-3ad3-4eb7-9186-796c0ea95e96 | ITER: 22 END: OK
2019-06-30 09:44:57.656 26594 INFO rally.task.runner [-] Task 68a32721-3ad3-4eb7-9186-796c0ea95e96 | ITER: 34 START
2019-06-30 09:44:57.656 26594 WARNING rally_openstack.scenarios.neutron.utils [-] Running this scenario without either the 'network' or 'existing_network' context is deprecated
2019-06-30 09:44:57.796 26581 INFO rally.task.runner [-] Task 68a32721-3ad3-4eb7-9186-796c0ea95e96 | ITER: 30 END: OK
2019-06-30 09:44:57.800 26581 INFO rally.task.runner [-] Task 68a32721-3ad3-4eb7-9186-796c0ea95e96 | ITER: 35 START
2019-06-30 09:44:57.800 26581 WARNING rally_openstack.scenarios.neutron.utils [-] Running this scenario without either the 'network' or 'existing_network' context is deprecated
2019-06-30 09:44:57.874 26626 INFO rally.task.runner [-] Task 68a32721-3ad3-4eb7-9186-796c0ea95e96 | ITER: 23 END: OK
2019-06-30 09:44:57.877 26626 INFO rally.task.runner [-] Task 68a32721-3ad3-4eb7-9186-796c0ea95e96 | ITER: 36 START
2019-06-30 09:44:57.878 26626 WARNING rally_openstack.scenarios.neutron.utils [-] Running this scenario without either the 'network' or 'existing_network' context is deprecated
2019-06-30 09:44:59.337 26619 INFO rally.task.runner [-] Task 68a32721-3ad3-4eb7-9186-796c0ea95e96 | ITER: 31 END: OK
2019-06-30 09:44:59.341 26619 INFO rally.task.runner [-] Task 68a32721-3ad3-4eb7-9186-796c0ea95e96 | ITER: 37 START
2019-06-30 09:44:59.341 26619 WARNING rally_openstack.scenarios.neutron.utils [-] Running this scenario without either the 'network' or 'existing_network' context is deprecated
2019-06-30 09:45:00.330 26625 INFO rally.task.runner [-] Task 68a32721-3ad3-4eb7-9186-796c0ea95e96 | ITER: 32 END: OK
2019-06-30 09:45:00.334 26625 INFO rally.task.runner [-] Task 68a32721-3ad3-4eb7-9186-796c0ea95e96 | ITER: 38 START
2019-06-30 09:45:00.335 26625 WARNING rally_openstack.scenarios.neutron.utils [-] Running this scenario without either the 'network' or 'existing_network' context is deprecated
2019-06-30 09:45:04.152 26582 INFO rally.task.runner [-] Task 68a32721-3ad3-4eb7-9186-796c0ea95e96 | ITER: 27 END: OK
2019-06-30 09:45:04.159 26582 INFO rally.task.runner [-] Task 68a32721-3ad3-4eb7-9186-796c0ea95e96 | ITER: 39 START
2019-06-30 09:45:04.160 26582 WARNING rally_openstack.scenarios.neutron.utils [-] Running this scenario without either the 'network' or 'existing_network' context is deprecated
2019-06-30 09:45:04.649 26582 INFO rally.task.runner [-] Task 68a32721-3ad3-4eb7-9186-796c0ea95e96 | ITER: 29 END: OK
2019-06-30 09:45:04.653 26582 INFO rally.task.runner [-] Task 68a32721-3ad3-4eb7-9186-796c0ea95e96 | ITER: 40 START
2019-06-30 09:45:04.653 26582 WARNING rally_openstack.scenarios.neutron.utils [-] Running this scenario without either the 'network' or 'existing_network' context is deprecated
2019-06-30 09:45:04.716 26584 INFO rally.task.runner [-] Task 68a32721-3ad3-4eb7-9186-796c0ea95e96 | ITER: 25 END: OK
2019-06-30 09:45:04.730 26592 INFO rally.task.runner [-] Task 68a32721-3ad3-4eb7-9186-796c0ea95e96 | ITER: 26 END: OK
2019-06-30 09:45:05.400 26584 INFO rally.task.runner [-] Task 68a32721-3ad3-4eb7-9186-796c0ea95e96 | ITER: 6 END: OK
2019-06-30 09:45:06.266 26622 INFO rally.task.runner [-] Task 68a32721-3ad3-4eb7-9186-796c0ea95e96 | ITER: 19 END: OK
2019-06-30 09:45:06.431 26611 INFO rally.task.runner [-] Task 68a32721-3ad3-4eb7-9186-796c0ea95e96 | ITER: 15 END: OK
2019-06-30 09:45:06.602 26583 INFO rally.task.runner [-] Task 68a32721-3ad3-4eb7-9186-796c0ea95e96 | ITER: 4 END: OK
2019-06-30 09:45:06.748 26614 INFO rally.task.runner [-] Task 68a32721-3ad3-4eb7-9186-796c0ea95e96 | ITER: 16 END: OK
2019-06-30 09:45:07.478 26599 INFO rally.task.runner [-] Task 68a32721-3ad3-4eb7-9186-796c0ea95e96 | ITER: 33 END: OK
2019-06-30 09:45:07.522 26626 INFO rally.task.runner [-] Task 68a32721-3ad3-4eb7-9186-796c0ea95e96 | ITER: 36 END: OK
2019-06-30 09:45:07.845 26586 INFO rally.task.runner [-] Task 68a32721-3ad3-4eb7-9186-796c0ea95e96 | ITER: 9 END: OK
2019-06-30 09:45:07.877 26583 INFO rally.task.runner [-] Task 68a32721-3ad3-4eb7-9186-796c0ea95e96 | ITER: 7 END: OK
2019-06-30 09:45:07.895 26581 INFO rally.task.runner [-] Task 68a32721-3ad3-4eb7-9186-796c0ea95e96 | ITER: 1 END: OK
2019-06-30 09:45:08.163 26605 INFO rally.task.runner [-] Task 68a32721-3ad3-4eb7-9186-796c0ea95e96 | ITER: 13 END: OK
2019-06-30 09:45:08.163 26610 INFO rally.task.runner [-] Task 68a32721-3ad3-4eb7-9186-796c0ea95e96 | ITER: 14 END: OK
2019-06-30 09:45:08.354 26619 INFO rally.task.runner [-] Task 68a32721-3ad3-4eb7-9186-796c0ea95e96 | ITER: 37 END: OK
2019-06-30 09:45:09.209 26625 INFO rally.task.runner [-] Task 68a32721-3ad3-4eb7-9186-796c0ea95e96 | ITER: 38 END: OK
2019-06-30 09:45:11.460 26582 INFO rally.task.runner [-] Task 68a32721-3ad3-4eb7-9186-796c0ea95e96 | ITER: 39 END: OK
2019-06-30 09:45:11.755 26582 INFO rally.task.runner [-] Task 68a32721-3ad3-4eb7-9186-796c0ea95e96 | ITER: 40 END: OK
2019-06-30 09:45:12.279 26594 INFO rally.task.runner [-] Task 68a32721-3ad3-4eb7-9186-796c0ea95e96 | ITER: 34 END: OK
2019-06-30 09:45:12.575 26581 INFO rally.task.runner [-] Task 68a32721-3ad3-4eb7-9186-796c0ea95e96 | ITER: 35 END: OK
2019-06-30 09:45:12.601 22705 INFO rally.task.context [-] Task 68a32721-3ad3-4eb7-9186-796c0ea95e96 | Context cleanup@openstack cleanup() started
2019-06-30 09:45:12.604 22705 RALLYDEBUG rally_openstack.cleanup.manager [-] Cleaning up neutron vip objects
2019-06-30 09:45:13.226 22705 RALLYDEBUG rally_openstack.cleanup.manager [-] Cleaning up neutron health_monitor objects
2019-06-30 09:45:13.925 22705 RALLYDEBUG rally_openstack.cleanup.manager [-] Cleaning up neutron pool objects
2019-06-30 09:45:14.629 22705 RALLYDEBUG rally_openstack.cleanup.manager [-] Cleaning up neutron loadbalancer objects
2019-06-30 09:45:15.327 22705 RALLYDEBUG rally_openstack.cleanup.manager [-] Cleaning up neutron floatingip objects
2019-06-30 09:45:15.987 22705 RALLYDEBUG rally_openstack.cleanup.manager [-] Cleaning up neutron port objects
2019-06-30 09:45:17.446 22705 RALLYDEBUG rally_openstack.cleanup.manager [-] Deleting neutron.port object s_rally_c867b608_AzCvlio2 (00ceff35-7686-4672-9978-4f3e26843c18)
2019-06-30 09:45:17.454 22705 RALLYDEBUG rally_openstack.cleanup.manager [-] Deleting neutron.port object s_rally_c867b608_DKJUMFky (051b4d1b-5723-401c-bd7e-ba2bae36567a)
2019-06-30 09:45:17.457 22705 RALLYDEBUG rally_openstack.cleanup.manager [-] Deleting neutron.port object s_rally_c867b608_kztp6zcM (0542268b-e5a5-4080-97bc-b000c8ed7e63)
2019-06-30 09:45:17.458 22705 RALLYDEBUG rally_openstack.cleanup.manager [-] Deleting neutron.port object s_rally_c867b608_i0wQezUU (00fab797-7917-4c0a-a32c-bbec3b93d2b6)
2019-06-30 09:45:17.465 22705 RALLYDEBUG rally_openstack.cleanup.manager [-] Deleting neutron.port object s_rally_c867b608_iiXTTUjy (038b2706-3de7-40a6-a3e7-97f0b4c33ae4)
2019-06-30 09:45:17.474 22705 RALLYDEBUG rally_openstack.cleanup.manager [-] Deleting neutron.port object s_rally_c867b608_h7ic8jiJ (0270c4db-71f2-4976-abe0-23c18203cbaa)
2019-06-30 09:45:17.478 22705 RALLYDEBUG rally_openstack.cleanup.manager [-] Deleting neutron.port object s_rally_c867b608_SNEKgcOD (038cdae0-cc5d-464d-b17f-7e62b768b347)
2019-06-30 09:45:17.480 22705 RALLYDEBUG rally_openstack.cleanup.manager [-] Deleting neutron.port object s_rally_c867b608_SMly2Zw9 (0c460ced-2680-4ce3-b427-7d10c6128447)
2019-06-30 09:45:17.481 22705 RALLYDEBUG rally_openstack.cleanup.manager [-] Deleting neutron.port object s_rally_c867b608_y6LVASfn (015c38eb-1d3e-4fe2-a922-da179f047489)
2019-06-30 09:45:17.485 22705 RALLYDEBUG rally_openstack.cleanup.manager [-] Deleting neutron.port object s_rally_c867b608_4RCH97YG (05bc7bb9-67c7-4b40-9daf-0d46d2ae5828)
2019-06-30 09:45:17.503 22705 RALLYDEBUG rally_openstack.cleanup.manager [-] Deleting neutron.port object s_rally_c867b608_ZnWNJzPJ (01a49be3-4da6-45d9-8ba2-ddd658bc95ce)
2019-06-30 09:45:17.517 22705 RALLYDEBUG rally_openstack.cleanup.manager [-] Deleting neutron.port object s_rally_c867b608_bACftR6r (150c45fc-8a13-410c-bb10-c36e550b8aac)
2019-06-30 09:45:17.542 22705 RALLYDEBUG rally_openstack.cleanup.manager [-] Deleting neutron.port object s_rally_c867b608_lqfGLrqV (1551fab5-7077-41d4-b0f2-ba7f5c49a73f)
2019-06-30 09:45:17.544 22705 RALLYDEBUG rally_openstack.cleanup.manager [-] Deleting neutron.port object s_rally_c867b608_kTURSI3u (13589bb5-03c4-45b7-aa47-af05637fcade)
2019-06-30 09:45:17.558 22705 RALLYDEBUG rally_openstack.cleanup.manager [-] Deleting neutron.port object s_rally_c867b608_oFBnxXa5 (17aa198b-c97e-462b-bd08-2b8d5fcebe21)
2019-06-30 09:45:17.568 22705 RALLYDEBUG rally_openstack.cleanup.manager [-] Deleting neutron.port object s_rally_c867b608_ko7FhssZ (17aac1a5-22c6-4b63-8882-816d9ffcbadd)
2019-06-30 09:45:17.568 22705 RALLYDEBUG rally_openstack.cleanup.manager [-] Deleting neutron.port object s_rally_c867b608_aRb1vjZN (1194be2d-c2f8-4203-adea-484c81f377f1)
2019-06-30 09:45:17.581 22705 RALLYDEBUG rally_openstack.cleanup.manager [-] Deleting neutron.port object s_rally_c867b608_3wrpXrtA (180cbbe6-64c7-4a64-8e09-5f27f1085d91)
2019-06-30 09:45:17.584 22705 RALLYDEBUG rally_openstack.cleanup.manager [-] Deleting neutron.port object s_rally_c867b608_Sx1e7rgw (191943c2-8353-43ca-81f0-c8d43378d942)
2019-06-30 09:45:17.602 22705 RALLYDEBUG rally_openstack.cleanup.manager [-] Deleting neutron.port object s_rally_c867b608_uMMOeWmp (1a7ea6c4-dd66-4c60-8282-8c20351e0f61)
2019-06-30 09:45:19.997 22705 RALLYDEBUG rally_openstack.cleanup.manager [-] Deleting neutron.port object s_rally_c867b608_aBJXNZuN (1cd3b86c-37ee-4b34-9323-d032ce4da6da)
2019-06-30 09:45:20.169 22705 RALLYDEBUG rally_openstack.cleanup.manager [-] Deleting neutron.port object s_rally_c867b608_1z11HhJ9 (1f0c455d-7298-4f64-9b23-102c7fb93480)
2019-06-30 09:45:20.329 22705 RALLYDEBUG rally_openstack.cleanup.manager [-] Deleting neutron.port object s_rally_c867b608_0HP0nmr2 (1f3ed496-90e8-4adb-96bf-75570ed883d7)
2019-06-30 09:45:20.534 22705 RALLYDEBUG rally_openstack.cleanup.manager [-] Deleting neutron.port object s_rally_c867b608_jpaZlMGl (2133c6fd-1cf1-4e7a-8aa0-d4c2ce9194ff)
2019-06-30 09:45:20.647 22705 RALLYDEBUG rally_openstack.cleanup.manager [-] Deleting neutron.port object s_rally_c867b608_stcrtiHB (214e5a43-fb00-4311-afd9-364efa33cfa5)
2019-06-30 09:45:20.647 22705 RALLYDEBUG rally_openstack.cleanup.manager [-] Deleting neutron.port object s_rally_c867b608_GedlYbwh (2148f774-9cb1-427f-9d52-c09a91ed44a9)
2019-06-30 09:45:21.457 22705 RALLYDEBUG rally_openstack.cleanup.manager [-] Deleting neutron.port object s_rally_c867b608_OTPZeZ5x (2609466a-867a-442e-a04c-f57d8729922c)
2019-06-30 09:45:21.645 22705 RALLYDEBUG rally_openstack.cleanup.manager [-] Deleting neutron.port object s_rally_c867b608_AbVXkJq1 (2672991b-9fce-479c-afcf-582298b600d2)
2019-06-30 09:45:21.649 22705 RALLYDEBUG rally_openstack.cleanup.manager [-] Deleting neutron.port object s_rally_c867b608_9tjFKA0r (271b61df-612b-43f5-9d08-d3db806eaecd)
2019-06-30 09:45:22.132 22705 RALLYDEBUG rally_openstack.cleanup.manager [-] Deleting neutron.port object s_rally_c867b608_WMCKGq7J (280daf96-363d-4622-866e-fac0be455867)
2019-06-30 09:45:22.675 22705 RALLYDEBUG rally_openstack.cleanup.manager [-] Deleting neutron.port object s_rally_c867b608_6jc3CBG7 (2863a08e-134e-437a-b02c-9efee763a53e)
2019-06-30 09:45:22.742 22705 RALLYDEBUG rally_openstack.cleanup.manager [-] Deleting neutron.port object s_rally_c867b608_ECGiQV40 (28fea3de-43de-463c-bff1-ed1f292fd38b)
2019-06-30 09:45:22.806 22705 RALLYDEBUG rally_openstack.cleanup.manager [-] Deleting neutron.port object s_rally_c867b608_KzJyUUz8 (296db90c-d1b6-463d-99e4-6573efa9d70e)
2019-06-30 09:45:22.814 22705 RALLYDEBUG rally_openstack.cleanup.manager [-] Deleting neutron.port object s_rally_c867b608_VP11U9GK (29cf7d5a-ff30-495d-81c7-81b2e19e444e)
2019-06-30 09:45:23.085 22705 RALLYDEBUG rally_openstack.cleanup.manager [-] Deleting neutron.port object s_rally_c867b608_d4OjaIpF (2c765263-1382-4e67-a755-1e32d1103ad9)
2019-06-30 09:45:23.414 22705 RALLYDEBUG rally_openstack.cleanup.manager [-] Deleting neutron.port object s_rally_c867b608_kMP8Yb8w (30845d57-2ef9-4e55-a02d-c764a6364b0d)
2019-06-30 09:45:23.421 22705 RALLYDEBUG rally_openstack.cleanup.manager [-] Deleting neutron.port object s_rally_c867b608_om7MQ1z6 (31ac2b25-28bc-4430-b661-bd4eb312be70)
2019-06-30 09:45:23.525 22705 RALLYDEBUG rally_openstack.cleanup.manager [-] Deleting neutron.port object s_rally_c867b608_Ome338qX (329bd083-26ed-4926-965d-daeed8922c2a)
2019-06-30 09:45:23.692 22705 RALLYDEBUG rally_openstack.cleanup.manager [-] Deleting neutron.port object s_rally_c867b608_lCiPrto4 (32bd1a76-e2e1-433c-bc5e-6d92f1b5bc9d)
2019-06-30 09:45:23.737 22705 RALLYDEBUG rally_openstack.cleanup.manager [-] Deleting neutron.port object s_rally_c867b608_LIGGRhvp (34fd4bd0-6ada-46ad-a9c1-30f756a24edb)
2019-06-30 09:45:23.740 22705 RALLYDEBUG rally_openstack.cleanup.manager [-] Deleting neutron.port object s_rally_c867b608_g5m8QrwM (361db33f-596b-440d-b6ab-c3b2110662c5)
2019-06-30 09:45:23.819 22705 RALLYDEBUG rally_openstack.cleanup.manager [-] Deleting neutron.port object s_rally_c867b608_qc2NibY4 (36558fd4-e05c-4ce6-88e0-2c93e2c003a7)
2019-06-30 09:45:24.205 22705 RALLYDEBUG rally_openstack.cleanup.manager [-] Deleting neutron.port object s_rally_c867b608_TaGbZZR8 (372fa532-0ac0-4a3b-bca4-5afa77f45b74)
2019-06-30 09:45:24.256 22705 RALLYDEBUG rally_openstack.cleanup.manager [-] Deleting neutron.port object s_rally_c867b608_530rlMT7 (37f74bd7-728b-45e4-825b-5efc588238f0)
2019-06-30 09:45:24.287 22705 RALLYDEBUG rally_openstack.cleanup.manager [-] Deleting neutron.port object s_rally_c867b608_ofDnDdcu (38130f42-dea2-4ac0-a56a-df741b533883)
2019-06-30 09:45:24.420 22705 RALLYDEBUG rally_openstack.cleanup.manager [-] Deleting neutron.port object s_rally_c867b608_zoKzvsSg (3b0412b9-d972-409b-98db-4eec7e6aa413)
2019-06-30 09:45:24.955 22705 RALLYDEBUG rally_openstack.cleanup.manager [-] Deleting neutron.port object s_rally_c867b608_JzNbk0GV (3b72116b-7597-4ca6-a245-b840aa341f4f)
2019-06-30 09:45:25.137 22705 RALLYDEBUG rally_openstack.cleanup.manager [-] Deleting neutron.port object s_rally_c867b608_HPihgAjF (3c7aee2b-e38e-4789-aeb5-3786bb6255db)
2019-06-30 09:45:25.428 22705 RALLYDEBUG rally_openstack.cleanup.manager [-] Deleting neutron.port object s_rally_c867b608_ZcwEX7RS (3eca4d76-6211-43e6-a045-c80ca464e780)
2019-06-30 09:45:25.648 22705 RALLYDEBUG rally_openstack.cleanup.manager [-] Deleting neutron.port object s_rally_c867b608_YOS2tmna (40ec3398-b1d0-41b2-8e98-16182259cf45)
2019-06-30 09:45:25.652 22705 RALLYDEBUG rally_openstack.cleanup.manager [-] Deleting neutron.port object s_rally_c867b608_NjLe7iSG (4179b657-2ef6-4da0-9634-1cdd9b9f44b8)
2019-06-30 09:45:25.986 22705 RALLYDEBUG rally_openstack.cleanup.manager [-] Deleting neutron.port object s_rally_c867b608_uvRpRsa3 (41f31f99-40fc-4c79-9038-54c760cce242)
2019-06-30 09:45:26.002 22705 RALLYDEBUG rally_openstack.cleanup.manager [-] Deleting neutron.port object s_rally_c867b608_T9ar0ipI (42158fa9-6fad-4d62-8088-19159ae4c280)
2019-06-30 09:45:26.032 22705 RALLYDEBUG rally_openstack.cleanup.manager [-] Deleting neutron.port object s_rally_c867b608_zMNN4owe (4340af82-2180-4ba8-90b9-73ed4c8d97b6)
2019-06-30 09:45:26.049 22705 RALLYDEBUG rally_openstack.cleanup.manager [-] Deleting neutron.port object s_rally_c867b608_iQsckp8V (43aa62e8-37db-416b-be2f-2478743f6c0e)
2019-06-30 09:45:26.058 22705 RALLYDEBUG rally_openstack.cleanup.manager [-] Deleting neutron.port object s_rally_c867b608_juMRuVtD (45086831-f8ff-4d4a-b115-4e30bc3b6bbe)
2019-06-30 09:45:26.064 22705 RALLYDEBUG rally_openstack.cleanup.manager [-] Deleting neutron.port object s_rally_c867b608_RAYKK2a1 (45b6d533-2894-48de-9eb1-f8ebaed3db4f)
2019-06-30 09:45:26.379 22705 RALLYDEBUG rally_openstack.cleanup.manager [-] Deleting neutron.port object s_rally_c867b608_ghQMyz8X (49ed3add-9980-43a5-9bd1-5b91c0d299fe)
2019-06-30 09:45:26.518 22705 RALLYDEBUG rally_openstack.cleanup.manager [-] Deleting neutron.port object s_rally_c867b608_ycdrVBL3 (4aa76b4e-6320-4c6b-b595-475266cc2ba5)
2019-06-30 09:45:26.599 22705 RALLYDEBUG rally_openstack.cleanup.manager [-] Deleting neutron.port object s_rally_c867b608_wlIbEpqS (5266b4e6-0927-4a63-8c50-0fad877a12f0)
2019-06-30 09:45:26.599 22705 RALLYDEBUG rally_openstack.cleanup.manager [-] Deleting neutron.port object s_rally_c867b608_BECl2bYa (4fff35fb-f844-46b4-bcc7-ff708c4ef803)
2019-06-30 09:45:26.837 22705 RALLYDEBUG rally_openstack.cleanup.manager [-] Deleting neutron.port object s_rally_c867b608_PQTngZ98 (52fdf0f0-31b6-478f-bae0-0d06f1206325)
2019-06-30 09:45:26.903 22705 RALLYDEBUG rally_openstack.cleanup.manager [-] Deleting neutron.port object s_rally_c867b608_8auSnGOv (53bad2db-7477-49ee-a9c0-0aafba9a606d)
2019-06-30 09:45:28.092 22705 RALLYDEBUG rally_openstack.cleanup.manager [-] Deleting neutron.port object s_rally_c867b608_N64MmXm7 (5404da77-0973-40e0-aff9-61b456ecf757)
2019-06-30 09:45:28.167 22705 RALLYDEBUG rally_openstack.cleanup.manager [-] Deleting neutron.port object s_rally_c867b608_EKoR6feK (54756aa0-8def-4446-9510-63be29d48a79)
2019-06-30 09:45:28.208 22705 RALLYDEBUG rally_openstack.cleanup.manager [-] Deleting neutron.port object s_rally_c867b608_7MV06RNw (548a1012-5b2b-4abd-ac4e-c375f49b9830)
2019-06-30 09:45:28.214 22705 RALLYDEBUG rally_openstack.cleanup.manager [-] Deleting neutron.port object s_rally_c867b608_tQrSpG6m (54c60814-9298-48f7-aad3-5b2850b9bd5b)
2019-06-30 09:45:28.287 22705 RALLYDEBUG rally_openstack.cleanup.manager [-] Deleting neutron.port object s_rally_c867b608_ccrzbdBL (56757ff0-33fe-4cea-830f-bb7a7196b706)
2019-06-30 09:45:28.307 22705 RALLYDEBUG rally_openstack.cleanup.manager [-] Deleting neutron.port object s_rally_c867b608_QZkrYfkT (56db4bb8-7c5b-41f9-82ad-df322e62b17a)
