2019-06-30 09:46:50.605 26953 WARNING rally_openstack.scenarios.neutron.utils [-] Running this scenario without either the 'network' or 'existing_network' context is deprecated
2019-06-30 09:46:50.825 26970 INFO rally.task.runner [-] Task 68a32721-3ad3-4eb7-9186-796c0ea95e96 | ITER: 11 END: OK
2019-06-30 09:46:50.832 26970 INFO rally.task.runner [-] Task 68a32721-3ad3-4eb7-9186-796c0ea95e96 | ITER: 40 START
2019-06-30 09:46:50.833 26970 WARNING rally_openstack.scenarios.neutron.utils [-] Running this scenario without either the 'network' or 'existing_network' context is deprecated
2019-06-30 09:46:50.875 26953 INFO rally.task.runner [-] Task 68a32721-3ad3-4eb7-9186-796c0ea95e96 | ITER: 4 END: OK
2019-06-30 09:46:50.955 26978 INFO rally.task.runner [-] Task 68a32721-3ad3-4eb7-9186-796c0ea95e96 | ITER: 14 END: OK
2019-06-30 09:46:51.000 26977 INFO rally.task.runner [-] Task 68a32721-3ad3-4eb7-9186-796c0ea95e96 | ITER: 13 END: OK
2019-06-30 09:46:51.278 26952 INFO rally.task.runner [-] Task 68a32721-3ad3-4eb7-9186-796c0ea95e96 | ITER: 3 END: OK
2019-06-30 09:46:51.407 26990 INFO rally.task.runner [-] Task 68a32721-3ad3-4eb7-9186-796c0ea95e96 | ITER: 18 END: OK
2019-06-30 09:46:51.445 26951 INFO rally.task.runner [-] Task 68a32721-3ad3-4eb7-9186-796c0ea95e96 | ITER: 28 END: OK
2019-06-30 09:46:52.538 26952 INFO rally.task.runner [-] Task 68a32721-3ad3-4eb7-9186-796c0ea95e96 | ITER: 30 END: OK
2019-06-30 09:46:53.417 26951 INFO rally.task.runner [-] Task 68a32721-3ad3-4eb7-9186-796c0ea95e96 | ITER: 24 END: OK
2019-06-30 09:46:53.515 26954 INFO rally.task.runner [-] Task 68a32721-3ad3-4eb7-9186-796c0ea95e96 | ITER: 34 END: OK
2019-06-30 09:46:54.125 26973 INFO rally.task.runner [-] Task 68a32721-3ad3-4eb7-9186-796c0ea95e96 | ITER: 25 END: OK
2019-06-30 09:46:54.195 26982 INFO rally.task.runner [-] Task 68a32721-3ad3-4eb7-9186-796c0ea95e96 | ITER: 35 END: OK
2019-06-30 09:46:55.888 26995 INFO rally.task.runner [-] Task 68a32721-3ad3-4eb7-9186-796c0ea95e96 | ITER: 36 END: OK
2019-06-30 09:46:56.393 26981 INFO rally.task.runner [-] Task 68a32721-3ad3-4eb7-9186-796c0ea95e96 | ITER: 37 END: OK
2019-06-30 09:46:57.537 26965 INFO rally.task.runner [-] Task 68a32721-3ad3-4eb7-9186-796c0ea95e96 | ITER: 29 END: OK
2019-06-30 09:46:58.676 26989 INFO rally.task.runner [-] Task 68a32721-3ad3-4eb7-9186-796c0ea95e96 | ITER: 33 END: OK
2019-06-30 09:46:59.019 26957 INFO rally.task.runner [-] Task 68a32721-3ad3-4eb7-9186-796c0ea95e96 | ITER: 31 END: OK
2019-06-30 09:46:59.350 26954 INFO rally.task.runner [-] Task 68a32721-3ad3-4eb7-9186-796c0ea95e96 | ITER: 38 END: OK
2019-06-30 09:46:59.537 26970 INFO rally.task.runner [-] Task 68a32721-3ad3-4eb7-9186-796c0ea95e96 | ITER: 40 END: OK
2019-06-30 09:46:59.570 26996 INFO rally.task.runner [-] Task 68a32721-3ad3-4eb7-9186-796c0ea95e96 | ITER: 32 END: OK
2019-06-30 09:47:00.068 26953 INFO rally.task.runner [-] Task 68a32721-3ad3-4eb7-9186-796c0ea95e96 | ITER: 39 END: OK
2019-06-30 09:47:00.096 22705 INFO rally.task.context [-] Task 68a32721-3ad3-4eb7-9186-796c0ea95e96 | Context cleanup@openstack cleanup() started
2019-06-30 09:47:00.098 22705 RALLYDEBUG rally_openstack.cleanup.manager [-] Cleaning up neutron vip objects
2019-06-30 09:47:00.721 22705 RALLYDEBUG rally_openstack.cleanup.manager [-] Cleaning up neutron health_monitor objects
2019-06-30 09:47:01.417 22705 RALLYDEBUG rally_openstack.cleanup.manager [-] Cleaning up neutron pool objects
2019-06-30 09:47:02.050 22705 RALLYDEBUG rally_openstack.cleanup.manager [-] Cleaning up neutron loadbalancer objects
2019-06-30 09:47:02.756 22705 RALLYDEBUG rally_openstack.cleanup.manager [-] Cleaning up neutron floatingip objects
2019-06-30 09:47:03.511 22705 RALLYDEBUG rally_openstack.cleanup.manager [-] Cleaning up neutron port objects
2019-06-30 09:47:04.489 22705 RALLYDEBUG rally_openstack.cleanup.manager [-] Cleaning up neutron subnet objects
2019-06-30 09:47:05.263 22705 RALLYDEBUG rally_openstack.cleanup.manager [-] Cleaning up neutron network objects
2019-06-30 09:47:06.261 22705 RALLYDEBUG rally_openstack.cleanup.manager [-] Deleting neutron.network object s_rally_92939dd4_g3MQ1mHz (34216649-c5ce-498e-b878-6859834d5029)
2019-06-30 09:47:06.267 22705 RALLYDEBUG rally_openstack.cleanup.manager [-] Deleting neutron.network object s_rally_92939dd4_iY0NUyjo (505d92de-f23a-422e-bfcb-4bd45c610427)
2019-06-30 09:47:06.270 22705 RALLYDEBUG rally_openstack.cleanup.manager [-] Deleting neutron.network object s_rally_92939dd4_HESutvGm (0a615c85-b637-4a7f-9380-7e2696770c1b)
2019-06-30 09:47:06.272 22705 RALLYDEBUG rally_openstack.cleanup.manager [-] Deleting neutron.network object s_rally_92939dd4_1AF87Nao (0b761a53-98bf-42ff-9d9b-a0e106d5a868)
2019-06-30 09:47:06.276 22705 RALLYDEBUG rally_openstack.cleanup.manager [-] Deleting neutron.network object s_rally_92939dd4_cxrK3vgX (349c85ee-b31d-4828-9f3e-eb3a79076f6e)
2019-06-30 09:47:06.276 22705 RALLYDEBUG rally_openstack.cleanup.manager [-] Deleting neutron.network object s_rally_92939dd4_mXouU7fl (4dd15d9c-8f7d-4b82-afb4-198e3a3c098c)
2019-06-30 09:47:06.278 22705 RALLYDEBUG rally_openstack.cleanup.manager [-] Deleting neutron.network object s_rally_92939dd4_nLDDHbUS (40a74e00-86cb-4d45-b29e-95cf5bcdacfb)
2019-06-30 09:47:06.284 22705 RALLYDEBUG rally_openstack.cleanup.manager [-] Deleting neutron.network object s_rally_92939dd4_0yGDXgDq (1833945e-b5ef-438b-984b-712b8337b628)
2019-06-30 09:47:06.287 22705 RALLYDEBUG rally_openstack.cleanup.manager [-] Deleting neutron.network object s_rally_92939dd4_hjl5QvIg (629398d1-e507-44c8-a0e4-2b01ed0f2c91)
2019-06-30 09:47:06.290 22705 RALLYDEBUG rally_openstack.cleanup.manager [-] Deleting neutron.network object s_rally_92939dd4_LB0O5lfw (54153e9a-dc3d-4990-9066-661e3c09d188)
2019-06-30 09:47:06.297 22705 RALLYDEBUG rally_openstack.cleanup.manager [-] Deleting neutron.network object s_rally_92939dd4_QXVjZd2J (6e9f4dbb-4723-45a2-989d-1e2cd0abad6e)
2019-06-30 09:47:06.299 22705 RALLYDEBUG rally_openstack.cleanup.manager [-] Deleting neutron.network object s_rally_92939dd4_anjiNzoi (699351dc-29b3-4611-9002-ac930aae88ee)
2019-06-30 09:47:06.332 22705 RALLYDEBUG rally_openstack.cleanup.manager [-] Deleting neutron.network object s_rally_92939dd4_lPQzltbC (71d8f9f0-4508-44c8-910a-c2998dbfa03a)
2019-06-30 09:47:06.351 22705 RALLYDEBUG rally_openstack.cleanup.manager [-] Deleting neutron.network object s_rally_92939dd4_8lF6UfK8 (737fcfa1-aca9-4fb8-be07-53ff479faa38)
2019-06-30 09:47:06.353 22705 RALLYDEBUG rally_openstack.cleanup.manager [-] Deleting neutron.network object s_rally_92939dd4_MBvqlRq5 (84a64238-0530-4a92-8e70-ceab861fae5f)
2019-06-30 09:47:06.359 22705 RALLYDEBUG rally_openstack.cleanup.manager [-] Deleting neutron.network object s_rally_92939dd4_S9XALCNj (84850309-f58e-4e8a-89f8-3d1f5c71a636)
2019-06-30 09:47:06.365 22705 RALLYDEBUG rally_openstack.cleanup.manager [-] Deleting neutron.network object s_rally_92939dd4_5QlQP3wX (816ad1ff-b166-4ee7-9f74-e67fa6487e8b)
2019-06-30 09:47:06.376 22705 RALLYDEBUG rally_openstack.cleanup.manager [-] Deleting neutron.network object s_rally_92939dd4_G7N7mfey (894f973a-cc2b-4485-95f6-123cf39419f3)
2019-06-30 09:47:06.388 22705 RALLYDEBUG rally_openstack.cleanup.manager [-] Deleting neutron.network object s_rally_92939dd4_8sKNU3aI (8e8e5a1a-23ee-442f-8c52-835330805b08)
2019-06-30 09:47:06.418 22705 RALLYDEBUG rally_openstack.cleanup.manager [-] Deleting neutron.network object s_rally_92939dd4_cKGetAz2 (8f2926c5-d980-40de-bc90-7ec51aa4ab3c)
2019-06-30 09:47:09.291 22705 RALLYDEBUG rally_openstack.cleanup.manager [-] Deleting neutron.network object s_rally_92939dd4_bPLkZ7X4 (9f6f2827-3b1c-4712-a0a2-404f48184607)
2019-06-30 09:47:09.340 22705 RALLYDEBUG rally_openstack.cleanup.manager [-] Deleting neutron.network object s_rally_92939dd4_aNZnrbUy (a34d6de1-bb40-4762-9388-760a6e1610c8)
2019-06-30 09:47:09.367 22705 RALLYDEBUG rally_openstack.cleanup.manager [-] Deleting neutron.network object s_rally_92939dd4_rfkLEKOZ (adf3a61b-a894-4316-bbdc-9ab143bf3718)
2019-06-30 09:47:09.480 22705 RALLYDEBUG rally_openstack.cleanup.manager [-] Deleting neutron.network object s_rally_92939dd4_yzXhSOjF (adff22e6-7291-4cf3-ba0e-f084fb1a12de)
2019-06-30 09:47:09.633 22705 RALLYDEBUG rally_openstack.cleanup.manager [-] Deleting neutron.network object s_rally_92939dd4_WUERdO8u (ae69be8d-2b4a-4460-aa79-44ee2e0ebe53)
2019-06-30 09:47:09.840 22705 RALLYDEBUG rally_openstack.cleanup.manager [-] Deleting neutron.network object s_rally_92939dd4_OszXf1uP (b4e7abc3-4343-4d22-801c-2d38f21c9fe7)
2019-06-30 09:47:09.915 22705 RALLYDEBUG rally_openstack.cleanup.manager [-] Deleting neutron.network object s_rally_92939dd4_DajCdESa (b5d829c6-0f8b-472f-8468-2872dfc98190)
2019-06-30 09:47:09.939 22705 RALLYDEBUG rally_openstack.cleanup.manager [-] Deleting neutron.network object s_rally_92939dd4_JYcmGeDv (bb5f71ca-10f4-4d12-b489-d2343f139aff)
2019-06-30 09:47:10.747 22705 RALLYDEBUG rally_openstack.cleanup.manager [-] Deleting neutron.network object s_rally_92939dd4_Rj9e8jZI (c77ee6d7-fd5d-4c73-9bab-dde10647feb9)
2019-06-30 09:47:11.368 22705 RALLYDEBUG rally_openstack.cleanup.manager [-] Deleting neutron.network object s_rally_92939dd4_KrossjaO (cc1a724c-7bb2-41a3-bc4f-a9184e2cb5df)
2019-06-30 09:47:11.579 22705 RALLYDEBUG rally_openstack.cleanup.manager [-] Deleting neutron.network object s_rally_92939dd4_O27LMkGZ (cc67ba1c-a7ff-47ba-a31b-aa6c19ffa272)
2019-06-30 09:47:11.998 22705 RALLYDEBUG rally_openstack.cleanup.manager [-] Deleting neutron.network object s_rally_92939dd4_8zw9nWnG (cf75d0e4-ff06-43c3-8462-bfab7057bb39)
2019-06-30 09:47:12.106 22705 RALLYDEBUG rally_openstack.cleanup.manager [-] Deleting neutron.network object s_rally_92939dd4_Td0pAAo7 (cfe6bbe6-103f-4358-8b0b-367ab69c7194)
2019-06-30 09:47:12.393 22705 RALLYDEBUG rally_openstack.cleanup.manager [-] Deleting neutron.network object s_rally_92939dd4_bt98UJMC (d102c418-4170-49d7-bd58-f5ab8cfd326f)
2019-06-30 09:47:12.414 22705 RALLYDEBUG rally_openstack.cleanup.manager [-] Deleting neutron.network object s_rally_92939dd4_TZA0Z2aP (d1d91412-d6d1-4414-adbd-1de45cb4a41c)
2019-06-30 09:47:12.427 22705 RALLYDEBUG rally_openstack.cleanup.manager [-] Deleting neutron.network object s_rally_92939dd4_bHXxlOZo (dbb83148-247c-4656-90d6-571f84b4cc41)
2019-06-30 09:47:12.638 22705 RALLYDEBUG rally_openstack.cleanup.manager [-] Deleting neutron.network object s_rally_92939dd4_SD1eFK4b (e882fb9f-d083-4543-aa65-deb12a3ae4a1)
2019-06-30 09:47:12.880 22705 RALLYDEBUG rally_openstack.cleanup.manager [-] Deleting neutron.network object s_rally_92939dd4_MKiqVhCx (e8b4ed21-9ee1-4d30-9726-9868c7641260)
2019-06-30 09:47:12.906 22705 RALLYDEBUG rally_openstack.cleanup.manager [-] Deleting neutron.network object s_rally_92939dd4_muBGA4oi (ecd24baf-406c-4715-bd90-9207d34885bf)
2019-06-30 09:47:13.062 22705 RALLYDEBUG rally_openstack.cleanup.manager [-] Deleting neutron.network object s_rally_92939dd4_hWrFIrH8 (f00a1715-c3d5-4b95-82a8-a49be794c832)
2019-06-30 09:47:15.974 22705 RALLYDEBUG rally_openstack.cleanup.manager [-] Cleaning up neutron router objects
2019-06-30 09:47:16.654 22705 RALLYDEBUG rally_openstack.cleanup.manager [-] Cleaning up neutron security_group objects
2019-06-30 09:47:17.339 22705 INFO rally.task.context [-] Task 68a32721-3ad3-4eb7-9186-796c0ea95e96 | Context cleanup@openstack cleanup() finished in 17.24 sec
2019-06-30 09:47:17.340 22705 INFO rally.task.context [-] Task 68a32721-3ad3-4eb7-9186-796c0ea95e96 | Context quotas@openstack cleanup() started
2019-06-30 09:47:17.563 22705 INFO rally.task.context [-] Task 68a32721-3ad3-4eb7-9186-796c0ea95e96 | Context quotas@openstack cleanup() finished in 0.22 sec
2019-06-30 09:47:17.563 22705 INFO rally.task.context [-] Task 68a32721-3ad3-4eb7-9186-796c0ea95e96 | Context users@openstack cleanup() started
2019-06-30 09:47:22.068 22705 INFO rally.task.context [-] Task 68a32721-3ad3-4eb7-9186-796c0ea95e96 | Context users@openstack cleanup() finished in 4.50 sec
2019-06-30 09:47:22.912 22705 INFO rally.task.engine [-] Load duration is: 44.495547
2019-06-30 09:47:22.912 22705 INFO rally.task.engine [-] Full runner duration is: 44.545857
2019-06-30 09:47:22.912 22705 INFO rally.task.engine [-] Full duration is: 71.425097
2019-06-30 09:47:23.217 22705 INFO rally.task.engine [-] Running workload: position = 0 config = { "version": 2, "title": "A cropped version of a bigger task.", "description": "Auto-generated task from a single workload (uuid=0066f844-ba79-428f-b02c-cc5d60f85903)", "subtasks": [ { "title": "Quotas.neutron_update", "description": "Update quotas for neutron.", "scenario": { "Quotas.neutron_update": { "max_quota": 1024 } }, "contexts": { "users": { "tenants": 20, "users_per_tenant": 1 } }, "runner": { "constant": { "times": 40, "concurrency": 20 } }, "hooks": [], "sla": { "failure_rate": { "max": 0 } } } ] }
2019-06-30 09:47:23.243 22705 RALLYDEBUG rally_openstack.contexts.keystone.users [-] Creating 20 tenants using 20 threads
2019-06-30 09:47:27.392 22705 RALLYDEBUG rally_openstack.contexts.keystone.users [-] Creating 20 users using 20 threads
2019-06-30 09:47:32.995 22705 INFO rally.task.context [-] Task 68a32721-3ad3-4eb7-9186-796c0ea95e96 | Context users@openstack setup() finished in 9.75 sec
2019-06-30 09:47:32.996 22705 INFO rally.task.context [-] Task 68a32721-3ad3-4eb7-9186-796c0ea95e96 | Context admin_cleanup@openstack setup() finished in 0.00 msec
2019-06-30 09:47:33.001 22705 RALLYDEBUG rally.task.runner [-] Starting the constant runner (task UUID: 68a32721-3ad3-4eb7-9186-796c0ea95e96). timeout: 0 concurrency: 20 concurrency_per_worker: 1 times: 40 concurrency_overhead: 4 processes_to_start: 16 max_cpu_used: 16
2019-06-30 09:47:33.014 27321 RALLYDEBUG rally.task.runner [-] Starting a worker. concurrency: 2 args: {"max_quota": 1024} times: 40 method_name: run timeout: 0 duration: None cls:
2019-06-30 09:47:33.015 27323 RALLYDEBUG rally.task.runner [-] Starting a worker. concurrency: 2 args: {"max_quota": 1024} times: 40 method_name: run timeout: 0 duration: None cls:
2019-06-30 09:47:33.017 27322 RALLYDEBUG rally.task.runner [-] Starting a worker. concurrency: 2 args: {"max_quota": 1024} times: 40 method_name: run timeout: 0 duration: None cls:
2019-06-30 09:47:33.021 27324 RALLYDEBUG rally.task.runner [-] Starting a worker. concurrency: 2 args: {"max_quota": 1024} times: 40 method_name: run timeout: 0 duration: None cls:
2019-06-30 09:47:33.023 27323 INFO rally.task.runner [-] Task 68a32721-3ad3-4eb7-9186-796c0ea95e96 | ITER: 2 START
2019-06-30 09:47:33.026 27328 RALLYDEBUG rally.task.runner [-] Starting a worker. concurrency: 1 args: {"max_quota": 1024} times: 40 method_name: run timeout: 0 duration: None cls:
2019-06-30 09:47:33.026 27325 RALLYDEBUG rally.task.runner [-] Starting a worker. concurrency: 1 args: {"max_quota": 1024} times: 40 method_name: run timeout: 0 duration: None cls:
2019-06-30 09:47:33.027 27321 INFO rally.task.runner [-] Task 68a32721-3ad3-4eb7-9186-796c0ea95e96 | ITER: 1 START
2019-06-30 09:47:33.032 27333 RALLYDEBUG rally.task.runner [-] Starting a worker. concurrency: 1 args: {"max_quota": 1024} times: 40 method_name: run timeout: 0 duration: None cls:
2019-06-30 09:47:33.035 27328 INFO rally.task.runner [-] Task 68a32721-3ad3-4eb7-9186-796c0ea95e96 | ITER: 8 START
2019-06-30 09:47:33.036 27322 INFO rally.task.runner [-] Task 68a32721-3ad3-4eb7-9186-796c0ea95e96 | ITER: 3 START
2019-06-30 09:47:33.035 27321 INFO rally.task.runner [-] Task 68a32721-3ad3-4eb7-9186-796c0ea95e96 | ITER: 4 START
2019-06-30 09:47:33.038 27339 RALLYDEBUG rally.task.runner [-] Starting a worker. concurrency: 1 args: {"max_quota": 1024} times: 40 method_name: run timeout: 0 duration: None cls:
2019-06-30 09:47:33.039 27325 INFO rally.task.runner [-] Task 68a32721-3ad3-4eb7-9186-796c0ea95e96 | ITER: 9 START
2019-06-30 09:47:33.039 27324 INFO rally.task.runner [-] Task 68a32721-3ad3-4eb7-9186-796c0ea95e96 | ITER: 6 START
2019-06-30 09:47:33.040 27333 INFO rally.task.runner [-] Task 68a32721-3ad3-4eb7-9186-796c0ea95e96 | ITER: 11 START
2019-06-30 09:47:33.040 27324 INFO rally.task.runner [-] Task 68a32721-3ad3-4eb7-9186-796c0ea95e96 | ITER: 10 START
2019-06-30 09:47:33.041 27323 INFO rally.task.runner [-] Task 68a32721-3ad3-4eb7-9186-796c0ea95e96 | ITER: 5 START
2019-06-30 09:47:33.044 27339 INFO rally.task.runner [-] Task 68a32721-3ad3-4eb7-9186-796c0ea95e96 | ITER: 12 START
2019-06-30 09:47:33.044 27322 INFO rally.task.runner [-] Task 68a32721-3ad3-4eb7-9186-796c0ea95e96 | ITER: 7 START
2019-06-30 09:47:33.047 27345 RALLYDEBUG rally.task.runner [-] Starting a worker. concurrency: 1 args: {"max_quota": 1024} times: 40 method_name: run timeout: 0 duration: None cls:
2019-06-30 09:47:33.054 27350 RALLYDEBUG rally.task.runner [-] Starting a worker. concurrency: 1 args: {"max_quota": 1024} times: 40 method_name: run timeout: 0 duration: None cls:
2019-06-30 09:47:33.058 27345 INFO rally.task.runner [-] Task 68a32721-3ad3-4eb7-9186-796c0ea95e96 | ITER: 13 START
2019-06-30 09:47:33.068 27350 INFO rally.task.runner [-] Task 68a32721-3ad3-4eb7-9186-796c0ea95e96 | ITER: 14 START
2019-06-30 09:47:33.069 27355 RALLYDEBUG rally.task.runner [-] Starting a worker. concurrency: 1 args: {"max_quota": 1024} times: 40 method_name: run timeout: 0 duration: None cls:
2019-06-30 09:47:33.069 27354 RALLYDEBUG rally.task.runner [-] Starting a worker. concurrency: 1 args: {"max_quota": 1024} times: 40 method_name: run timeout: 0 duration: None cls:
2019-06-30 09:47:33.070 27358 RALLYDEBUG rally.task.runner [-] Starting a worker. concurrency: 1 args: {"max_quota": 1024} times: 40 method_name: run timeout: 0 duration: None cls:
2019-06-30 09:47:33.072 27351 RALLYDEBUG rally.task.runner [-] Starting a worker. concurrency: 1 args: {"max_quota": 1024} times: 40 method_name: run timeout: 0 duration: None cls:
2019-06-30 09:47:33.077 27358 INFO rally.task.runner [-] Task 68a32721-3ad3-4eb7-9186-796c0ea95e96 | ITER: 17 START
2019-06-30 09:47:33.077 27354 INFO rally.task.runner [-] Task 68a32721-3ad3-4eb7-9186-796c0ea95e96 | ITER: 16 START
2019-06-30 09:47:33.078 27360 RALLYDEBUG rally.task.runner [-] Starting a worker. concurrency: 1 args: {"max_quota": 1024} times: 40 method_name: run timeout: 0 duration: None cls:
2019-06-30 09:47:33.081 27351 INFO rally.task.runner [-] Task 68a32721-3ad3-4eb7-9186-796c0ea95e96 | ITER: 18 START
2019-06-30 09:47:33.078 27355 INFO rally.task.runner [-] Task 68a32721-3ad3-4eb7-9186-796c0ea95e96 | ITER: 15 START
2019-06-30 09:47:33.081 27357 RALLYDEBUG rally.task.runner [-] Starting a worker. concurrency: 1 args: {"max_quota": 1024} times: 40 method_name: run timeout: 0 duration: None cls:
2019-06-30 09:47:33.086 27360 INFO rally.task.runner [-] Task 68a32721-3ad3-4eb7-9186-796c0ea95e96 | ITER: 19 START
2019-06-30 09:47:33.089 27357 INFO rally.task.runner [-] Task 68a32721-3ad3-4eb7-9186-796c0ea95e96 | ITER: 20 START
2019-06-30 09:47:34.676 27324 INFO rally.task.runner [-] Task 68a32721-3ad3-4eb7-9186-796c0ea95e96 | ITER: 6 END: OK
2019-06-30 09:47:34.684 27324 INFO rally.task.runner [-] Task 68a32721-3ad3-4eb7-9186-796c0ea95e96 | ITER: 21 START
2019-06-30 09:47:34.728 27325 INFO rally.task.runner [-] Task 68a32721-3ad3-4eb7-9186-796c0ea95e96 | ITER: 9 END: OK
2019-06-30 09:47:34.734 27325 INFO rally.task.runner [-] Task 68a32721-3ad3-4eb7-9186-796c0ea95e96 | ITER: 22 START
2019-06-30 09:47:34.738 27333 INFO rally.task.runner [-] Task 68a32721-3ad3-4eb7-9186-796c0ea95e96 | ITER: 11 END: OK
2019-06-30 09:47:34.746 27333 INFO rally.task.runner [-] Task 68a32721-3ad3-4eb7-9186-796c0ea95e96 | ITER: 23 START
2019-06-30 09:47:34.763 27328 INFO rally.task.runner [-] Task 68a32721-3ad3-4eb7-9186-796c0ea95e96 | ITER: 8 END: OK
2019-06-30 09:47:34.769 27328 INFO rally.task.runner [-] Task 68a32721-3ad3-4eb7-9186-796c0ea95e96 | ITER: 24 START
2019-06-30 09:47:34.806 27339 INFO rally.task.runner [-] Task 68a32721-3ad3-4eb7-9186-796c0ea95e96 | ITER: 12 END: OK
2019-06-30 09:47:34.808 27322 INFO rally.task.runner [-] Task 68a32721-3ad3-4eb7-9186-796c0ea95e96 | ITER: 7 END: OK
2019-06-30 09:47:34.811 27321 INFO rally.task.runner [-] Task 68a32721-3ad3-4eb7-9186-796c0ea95e96 | ITER: 4 END: OK
2019-06-30 09:47:34.813 27339 INFO rally.task.runner [-] Task 68a32721-3ad3-4eb7-9186-796c0ea95e96 | ITER: 25 START
2019-06-30 09:47:34.815 27322 INFO rally.task.runner [-] Task 68a32721-3ad3-4eb7-9186-796c0ea95e96 | ITER: 26 START
2019-06-30 09:47:34.817 27321 INFO rally.task.runner [-] Task 68a32721-3ad3-4eb7-9186-796c0ea95e96 | ITER: 27 START
2019-06-30 09:47:34.888 27324 INFO rally.task.runner [-] Task 68a32721-3ad3-4eb7-9186-796c0ea95e96 | ITER: 10 END: OK
2019-06-30 09:47:34.894 27324 INFO rally.task.runner [-] Task 68a32721-3ad3-4eb7-9186-796c0ea95e96 | ITER: 28 START
2019-06-30 09:47:35.037 27351 INFO rally.task.runner [-] Task 68a32721-3ad3-4eb7-9186-796c0ea95e96 | ITER: 18 END: OK
2019-06-30 09:47:35.044 27351 INFO rally.task.runner [-] Task 68a32721-3ad3-4eb7-9186-796c0ea95e96 | ITER: 29 START
2019-06-30 09:47:35.059 27358 INFO rally.task.runner [-] Task 68a32721-3ad3-4eb7-9186-796c0ea95e96 | ITER: 17 END: OK
2019-06-30 09:47:35.066 27358 INFO rally.task.runner [-] Task 68a32721-3ad3-4eb7-9186-796c0ea95e96 | ITER: 30 START
2019-06-30 09:47:35.121 27322 INFO rally.task.runner [-] Task 68a32721-3ad3-4eb7-9186-796c0ea95e96 | ITER: 3 END: OK
2019-06-30 09:47:35.126 27322 INFO rally.task.runner [-] Task 68a32721-3ad3-4eb7-9186-796c0ea95e96 | ITER: 31 START
2019-06-30 09:47:35.134 27350 INFO rally.task.runner [-] Task 68a32721-3ad3-4eb7-9186-796c0ea95e96 | ITER: 14 END: OK
2019-06-30 09:47:35.140 27350 INFO rally.task.runner [-] Task 68a32721-3ad3-4eb7-9186-796c0ea95e96 | ITER: 32 START
2019-06-30 09:47:35.143 27360 INFO rally.task.runner [-] Task 68a32721-3ad3-4eb7-9186-796c0ea95e96 | ITER: 19 END: OK
2019-06-30 09:47:35.152 27360 INFO rally.task.runner [-] Task 68a32721-3ad3-4eb7-9186-796c0ea95e96 | ITER: 33 START
2019-06-30 09:47:35.160 27355 INFO rally.task.runner [-] Task 68a32721-3ad3-4eb7-9186-796c0ea95e96 | ITER: 15 END: OK
2019-06-30 09:47:35.167 27355 INFO rally.task.runner [-] Task 68a32721-3ad3-4eb7-9186-796c0ea95e96 | ITER: 34 START
2019-06-30 09:47:35.173 27357 INFO rally.task.runner [-] Task 68a32721-3ad3-4eb7-9186-796c0ea95e96 | ITER: 20 END: OK
2019-06-30 09:47:35.179 27357 INFO rally.task.runner [-] Task 68a32721-3ad3-4eb7-9186-796c0ea95e96 | ITER: 35 START
2019-06-30 09:47:35.212 27323 INFO rally.task.runner [-] Task 68a32721-3ad3-4eb7-9186-796c0ea95e96 | ITER: 2 END: OK
2019-06-30 09:47:35.218 27323 INFO rally.task.runner [-] Task 68a32721-3ad3-4eb7-9186-796c0ea95e96 | ITER: 36 START
2019-06-30 09:47:35.255 27321 INFO rally.task.runner [-] Task 68a32721-3ad3-4eb7-9186-796c0ea95e96 | ITER: 1 END: OK
2019-06-30 09:47:35.261 27321 INFO rally.task.runner [-] Task 68a32721-3ad3-4eb7-9186-796c0ea95e96 | ITER: 37 START
2019-06-30 09:47:35.280 27345 INFO rally.task.runner [-] Task 68a32721-3ad3-4eb7-9186-796c0ea95e96 | ITER: 13 END: OK
2019-06-30 09:47:35.282 27323 INFO rally.task.runner [-] Task 68a32721-3ad3-4eb7-9186-796c0ea95e96 | ITER: 5 END: OK
2019-06-30 09:47:35.287 27345 INFO rally.task.runner [-] Task 68a32721-3ad3-4eb7-9186-796c0ea95e96 | ITER: 38 START
2019-06-30 09:47:35.291 27323 INFO rally.task.runner [-] Task 68a32721-3ad3-4eb7-9186-796c0ea95e96 | ITER: 39 START
2019-06-30 09:47:35.476 27354 INFO rally.task.runner [-] Task 68a32721-3ad3-4eb7-9186-796c0ea95e96 | ITER: 16 END: OK
2019-06-30 09:47:35.482 27354 INFO rally.task.runner [-] Task 68a32721-3ad3-4eb7-9186-796c0ea95e96 | ITER: 40 START
2019-06-30 09:47:35.975 27324 INFO rally.task.runner [-] Task 68a32721-3ad3-4eb7-9186-796c0ea95e96 | ITER: 21 END: OK
2019-06-30 09:47:36.084 27333 INFO rally.task.runner [-] Task 68a32721-3ad3-4eb7-9186-796c0ea95e96 | ITER: 23 END: OK
2019-06-30 09:47:36.124 27325 INFO rally.task.runner [-] Task 68a32721-3ad3-4eb7-9186-796c0ea95e96 | ITER: 22 END: OK
2019-06-30 09:47:36.191 27322 INFO rally.task.runner [-] Task 68a32721-3ad3-4eb7-9186-796c0ea95e96 | ITER: 26 END: OK
2019-06-30 09:47:36.233 27328 INFO rally.task.runner [-] Task 68a32721-3ad3-4eb7-9186-796c0ea95e96 | ITER: 24 END: OK
2019-06-30 09:47:36.346 27324 INFO rally.task.runner [-] Task 68a32721-3ad3-4eb7-9186-796c0ea95e96 | ITER: 28 END: OK
2019-06-30 09:47:36.353 27321 INFO rally.task.runner [-] Task 68a32721-3ad3-4eb7-9186-796c0ea95e96 | ITER: 27 END: OK
2019-06-30 09:47:36.373 27351 INFO rally.task.runner [-] Task 68a32721-3ad3-4eb7-9186-796c0ea95e96 | ITER: 29 END: OK
2019-06-30 09:47:36.420 27358 INFO rally.task.runner [-] Task 68a32721-3ad3-4eb7-9186-796c0ea95e96 | ITER: 30 END: OK
2019-06-30 09:47:36.441 27360 INFO rally.task.runner [-] Task 68a32721-3ad3-4eb7-9186-796c0ea95e96 | ITER: 33 END: OK
2019-06-30 09:47:36.447 27339 INFO rally.task.runner [-] Task 68a32721-3ad3-4eb7-9186-796c0ea95e96 | ITER: 25 END: OK
2019-06-30 09:47:36.474 27357 INFO rally.task.runner [-] Task 68a32721-3ad3-4eb7-9186-796c0ea95e96 | ITER: 35 END: OK
2019-06-30 09:47:36.488 27355 INFO rally.task.runner [-] Task 68a32721-3ad3-4eb7-9186-796c0ea95e96 | ITER: 34 END: OK
2019-06-30 09:47:36.513 27350 INFO rally.task.runner [-] Task 68a32721-3ad3-4eb7-9186-796c0ea95e96 | ITER: 32 END: OK
2019-06-30 09:47:36.514 27322 INFO rally.task.runner [-] Task 68a32721-3ad3-4eb7-9186-796c0ea95e96 | ITER: 31 END: OK
2019-06-30 09:47:36.521 27323 INFO rally.task.runner [-] Task 68a32721-3ad3-4eb7-9186-796c0ea95e96 | ITER: 36 END: OK
2019-06-30 09:47:36.772 27323 INFO rally.task.runner [-] Task 68a32721-3ad3-4eb7-9186-796c0ea95e96 | ITER: 39 END: OK
2019-06-30 09:47:36.803 27345 INFO rally.task.runner [-] Task 68a32721-3ad3-4eb7-9186-796c0ea95e96 | ITER: 38 END: OK
2019-06-30 09:47:36.815 27321 INFO rally.task.runner [-] Task 68a32721-3ad3-4eb7-9186-796c0ea95e96 | ITER: 37 END: OK
2019-06-30 09:47:36.845 27354 INFO rally.task.runner [-] Task 68a32721-3ad3-4eb7-9186-796c0ea95e96 | ITER: 40 END: OK
2019-06-30 09:47:36.868 22705 INFO rally.task.context [-] Task 68a32721-3ad3-4eb7-9186-796c0ea95e96 | Context admin_cleanup@openstack cleanup() started
2019-06-30 09:47:36.871 22705 RALLYDEBUG rally_openstack.cleanup.manager [-] Cleaning up neutron quota objects
2019-06-30 09:47:40.588 22705 INFO rally.task.context [-] Task 68a32721-3ad3-4eb7-9186-796c0ea95e96 | Context admin_cleanup@openstack cleanup() finished in 3.72 sec
2019-06-30 09:47:40.588 22705 INFO rally.task.context [-] Task 68a32721-3ad3-4eb7-9186-796c0ea95e96 | Context users@openstack cleanup() started
2019-06-30 09:48:08.155 22705 INFO rally.task.context [-] Task 68a32721-3ad3-4eb7-9186-796c0ea95e96 | Context users@openstack cleanup() finished in 27.57 sec
2019-06-30 09:48:09.469 22705 INFO rally.task.engine [-] Load duration is: 3.819609
2019-06-30 09:48:09.470 22705 INFO rally.task.engine [-] Full runner duration is: 3.86747
2019-06-30 09:48:09.470 22705 INFO rally.task.engine [-] Full duration is: 44.915496
2019-06-30 09:48:09.738 22705 INFO rally.task.engine [-] Running workload: position = 0 config = { "version": 2, "title": "A cropped version of a bigger task.", "description": "Auto-generated task from a single workload (uuid=3cac5f66-43e0-487d-8392-315977e8a713)", "subtasks": [ { "title": "NeutronTrunks.create_and_list_trunk_subports", "description": "", "scenario": { "NeutronTrunks.create_and_list_trunk_subports": { "subport_count": 125 } }, "contexts": { "users": { "tenants": 1, "users_per_tenant": 1 }, "quotas": { "neutron": { "network": -1, "port": 1000 } } }, "runner": { "constant": { "times": 4, "concurrency": 4 } }, "hooks": [], "sla": { "failure_rate": { "max": 0 } } } ] }
2019-06-30 09:48:09.760 22705 RALLYDEBUG rally_openstack.contexts.keystone.users [-] Creating 1 tenants using 20 threads
2019-06-30 09:48:11.373 22705 RALLYDEBUG rally_openstack.contexts.keystone.users [-] Creating 1 users using 20 threads
2019-06-30 09:48:13.709 22705 INFO rally.task.context [-] Task 68a32721-3ad3-4eb7-9186-796c0ea95e96 | Context users@openstack setup() finished in 3.95 sec
2019-06-30 09:48:14.453 22705 INFO rally.task.context [-] Task 68a32721-3ad3-4eb7-9186-796c0ea95e96 | Context quotas@openstack setup() finished in 0.74 sec
2019-06-30 09:48:14.453 22705 INFO rally.task.context [-] Task 68a32721-3ad3-4eb7-9186-796c0ea95e96 | Context cleanup@openstack setup() finished in 0.01 msec
2019-06-30 09:48:14.461 22705 RALLYDEBUG rally.task.runner [-] Starting the constant runner (task UUID: 68a32721-3ad3-4eb7-9186-796c0ea95e96). timeout: 0 concurrency: 4 concurrency_per_worker: 1 times: 4 concurrency_overhead: 0 processes_to_start: 4 max_cpu_used: 16
2019-06-30 09:48:14.475 27511 RALLYDEBUG rally.task.runner [-] Starting a worker. concurrency: 1 args: {"subport_count": 125} times: 4 method_name: run timeout: 0 duration: None cls:
2019-06-30 09:48:14.477 27512 RALLYDEBUG rally.task.runner [-] Starting a worker. concurrency: 1 args: {"subport_count": 125} times: 4 method_name: run timeout: 0 duration: None cls:
2019-06-30 09:48:14.480 27511 INFO rally.task.runner [-] Task 68a32721-3ad3-4eb7-9186-796c0ea95e96 | ITER: 1 START
2019-06-30 09:48:14.480 27513 RALLYDEBUG rally.task.runner [-] Starting a worker. concurrency: 1 args: {"subport_count": 125} times: 4 method_name: run timeout: 0 duration: None cls:
2019-06-30 09:48:14.483 27512 INFO rally.task.runner [-] Task 68a32721-3ad3-4eb7-9186-796c0ea95e96 | ITER: 2 START
2019-06-30 09:48:14.483 27514 RALLYDEBUG rally.task.runner [-] Starting a worker. concurrency: 1 args: {"subport_count": 125} times: 4 method_name: run timeout: 0 duration: None cls:
2019-06-30 09:48:14.485 27513 INFO rally.task.runner [-] Task 68a32721-3ad3-4eb7-9186-796c0ea95e96 | ITER: 3 START
2019-06-30 09:48:14.489 27514 INFO rally.task.runner [-] Task 68a32721-3ad3-4eb7-9186-796c0ea95e96 | ITER: 4 START
2019-06-30 09:50:29.855 27513 WARNING rally.task.atomic [-] 'optional_action_timer' is deprecated since rally v0.10.0.Please use action_timer instead, we have improved atomic actions, now do not need to explicitly close original action.
2019-06-30 09:50:29.891 27513 WARNING rally.task.atomic [-] 'optional_action_timer' is deprecated since rally v0.10.0.Please use action_timer instead, we have improved atomic actions, now do not need to explicitly close original action.
2019-06-30 09:50:30.141 27512 WARNING rally.task.atomic [-] 'optional_action_timer' is deprecated since rally v0.10.0.Please use action_timer instead, we have improved atomic actions, now do not need to explicitly close original action.
2019-06-30 09:50:30.175 27512 WARNING rally.task.atomic [-] 'optional_action_timer' is deprecated since rally v0.10.0.Please use action_timer instead, we have improved atomic actions, now do not need to explicitly close original action.
2019-06-30 09:50:30.809 27513 INFO rally.task.runner [-] Task 68a32721-3ad3-4eb7-9186-796c0ea95e96 | ITER: 3 END: OK
2019-06-30 09:50:31.226 27512 INFO rally.task.runner [-] Task 68a32721-3ad3-4eb7-9186-796c0ea95e96 | ITER: 2 END: OK
2019-06-30 09:52:21.781 27514 WARNING rally.task.atomic [-] 'optional_action_timer' is deprecated since rally v0.10.0.Please use action_timer instead, we have improved atomic actions, now do not need to explicitly close original action.
2019-06-30 09:52:21.861 27514 WARNING rally.task.atomic [-] 'optional_action_timer' is deprecated since rally v0.10.0.Please use action_timer instead, we have improved atomic actions, now do not need to explicitly close original action.
2019-06-30 09:52:21.908 27511 WARNING rally.task.atomic [-] 'optional_action_timer' is deprecated since rally v0.10.0.Please use action_timer instead, we have improved atomic actions, now do not need to explicitly close original action.
2019-06-30 09:52:21.950 27511 WARNING rally.task.atomic [-] 'optional_action_timer' is deprecated since rally v0.10.0.Please use action_timer instead, we have improved atomic actions, now do not need to explicitly close original action.
2019-06-30 09:52:23.217 27514 INFO rally.task.runner [-] Task 68a32721-3ad3-4eb7-9186-796c0ea95e96 | ITER: 4 END: OK
2019-06-30 09:52:23.252 27511 INFO rally.task.runner [-] Task 68a32721-3ad3-4eb7-9186-796c0ea95e96 | ITER: 1 END: OK
2019-06-30 09:52:23.285 22705 INFO rally.task.context [-] Task 68a32721-3ad3-4eb7-9186-796c0ea95e96 | Context cleanup@openstack cleanup() started
2019-06-30 09:52:23.288 22705 RALLYDEBUG rally_openstack.cleanup.manager [-] Cleaning up neutron vip objects
2019-06-30 09:52:24.004 22705 RALLYDEBUG rally_openstack.cleanup.manager [-] Cleaning up neutron health_monitor objects
2019-06-30 09:52:25.127 22705 RALLYDEBUG rally_openstack.cleanup.manager [-] Cleaning up neutron pool objects
2019-06-30 09:52:26.172 22705 RALLYDEBUG rally_openstack.cleanup.manager [-] Cleaning up neutron loadbalancer objects
2019-06-30 09:52:26.887 22705 RALLYDEBUG rally_openstack.cleanup.manager [-] Cleaning up neutron floatingip objects
2019-06-30 09:52:27.632 22705 RALLYDEBUG rally_openstack.cleanup.manager [-] Cleaning up neutron port objects
2019-06-30 09:52:29.482 22705 RALLYDEBUG rally_openstack.cleanup.manager [-] Deleting neutron.port object s_rally_3cac5f66_X3bk0UkP (005acb60-b7bb-4d73-9e14-953b8b630914)
2019-06-30 09:52:29.483 22705 RALLYDEBUG rally_openstack.cleanup.manager [-] Deleting neutron.port object s_rally_3cac5f66_ZT5ofOMb (01e16b03-cbf3-4955-b05b-b617d0081a02)
2019-06-30 09:52:29.484 22705 RALLYDEBUG rally_openstack.cleanup.manager [-] Deleting neutron.port object s_rally_3cac5f66_rYiUrD8V (01483ca0-b77c-4756-b579-c007d7e608d5)
2019-06-30 09:52:29.485 22705 RALLYDEBUG rally_openstack.cleanup.manager [-] Deleting neutron.port object s_rally_3cac5f66_R7dXJP6b (0144c555-7c76-43ae-b340-b458016b962d)
2019-06-30 09:52:29.489 22705 RALLYDEBUG rally_openstack.cleanup.manager [-] Deleting neutron.port object s_rally_3cac5f66_ih7oTOWg (0210ddd5-b54b-42f7-bb40-d94212bada7b)
2019-06-30 09:52:29.491 22705 RALLYDEBUG rally_openstack.cleanup.manager [-] Deleting neutron.port object s_rally_3cac5f66_7txKMBLk (0194d7a3-8a3d-4c7f-820e-3f5983054001)
2019-06-30 09:52:29.505 22705 RALLYDEBUG rally_openstack.cleanup.manager [-] Deleting neutron.port object s_rally_3cac5f66_WL0Ofe9R (00225b49-45ca-40dc-8487-3fa69855efdc)
2019-06-30 09:52:29.510 22705 RALLYDEBUG rally_openstack.cleanup.manager [-] Deleting neutron.port object s_rally_3cac5f66_rrFxxApe (026fcc82-f7ee-468b-a160-d03f01cdd0a0)
2019-06-30 09:52:29.511 22705 RALLYDEBUG rally_openstack.cleanup.manager [-] Deleting neutron.port object s_rally_3cac5f66_sBVcE1FI (028ef0ea-bf22-4fe3-a3bd-7ac75a9d3bff)
2019-06-30 09:52:29.515 22705 RALLYDEBUG rally_openstack.cleanup.manager [-] Deleting neutron.port object s_rally_3cac5f66_cbmZwQ9z (04b0f097-c252-4204-a463-3505ac17fd5f)
2019-06-30 09:52:29.521 22705 RALLYDEBUG rally_openstack.cleanup.manager [-] Deleting neutron.port object s_rally_3cac5f66_8g7k5T5j (04eaaa60-e21b-4f0f-bddc-8ce5a007351e)
2019-06-30 09:52:29.523 22705 RALLYDEBUG rally_openstack.cleanup.manager [-] Deleting neutron.port object s_rally_3cac5f66_9IKCzJ12 (0167a9db-1faa-4b11-b2d5-9091ceaa5650)
2019-06-30 09:52:29.534 22705 RALLYDEBUG rally_openstack.cleanup.manager [-] Deleting neutron.port object s_rally_3cac5f66_f0godd0U (04cbd01b-f300-4521-9381-53b3a2a9dc54)
2019-06-30 09:52:29.535 22705 RALLYDEBUG rally_openstack.cleanup.manager [-] Deleting neutron.port object s_rally_3cac5f66_hbn8plWk (05ef2ce3-4fee-4ace-9ccd-abbf0e838b09)
2019-06-30 09:52:29.553 22705 RALLYDEBUG rally_openstack.cleanup.manager [-] Deleting neutron.port object s_rally_3cac5f66_OWqN77n8 (0616e6a1-c39e-4d7e-9047-757d77cc40ce)
2019-06-30 09:52:29.554 22705 RALLYDEBUG rally_openstack.cleanup.manager [-] Deleting neutron.port object s_rally_3cac5f66_MhH7Ix3G (06330570-8805-4000-98d2-7e97779ecb64)
2019-06-30 09:52:29.572 22705 RALLYDEBUG rally_openstack.cleanup.manager [-] Deleting neutron.port object s_rally_3cac5f66_SZoDGfVb (067e9c0c-e79c-4267-b38c-b8633722852d)
2019-06-30 09:52:29.595 22705 RALLYDEBUG rally_openstack.cleanup.manager [-] Deleting neutron.port object s_rally_3cac5f66_XgsXt83k (06867620-d8f1-4cb7-81cc-24967f970fa3)
2019-06-30 09:52:29.599 22705 RALLYDEBUG rally_openstack.cleanup.manager [-] Deleting neutron.port object s_rally_3cac5f66_A8E0mXt9 (0717957f-d86c-48b3-83b4-5b6a9a7e175f)
2019-06-30 09:52:29.629 22705 RALLYDEBUG rally_openstack.cleanup.manager [-] Deleting neutron.port object s_rally_3cac5f66_1GT8qlsC (0723ed8c-36e3-43bd-b117-f98ad02502c5)
2019-06-30 09:52:32.024 22705 RALLYDEBUG rally_openstack.cleanup.manager [-] Deleting neutron.port object s_rally_3cac5f66_h7KMq68N (07d9bfc5-4045-44d1-b1b8-87d73a2eb7d4)
2019-06-30 09:52:32.161 22705 RALLYDEBUG rally_openstack.cleanup.manager [-] Deleting neutron.port object s_rally_3cac5f66_5Eew3iWM (083cbfed-09bd-4b11-a321-97fc04e9048a)
2019-06-30 09:52:33.396 22705 RALLYDEBUG rally_openstack.cleanup.manager [-] Deleting neutron.port object s_rally_3cac5f66_UY3KC9kT (08e2ed4c-4849-4f47-9c61-c5afff6d0fa6)
2019-06-30 09:52:34.512 22705 RALLYDEBUG rally_openstack.cleanup.manager [-] Deleting neutron.port object s_rally_3cac5f66_KTdE687Y (08fb6333-00bb-4812-aee8-2b492bb8f740)
2019-06-30 09:52:35.016 22705 RALLYDEBUG rally_openstack.cleanup.manager [-] Deleting neutron.port object s_rally_3cac5f66_uXwq4kiU (0af3a32e-1653-48c5-86da-521ab63f3865)
2019-06-30 09:52:35.037 22705 RALLYDEBUG rally_openstack.cleanup.manager [-] Deleting neutron.port object s_rally_3cac5f66_0DYAE4JP (0b585c4c-e333-403b-974e-3c817f47fa5a)
2019-06-30 09:52:35.051 22705 RALLYDEBUG rally_openstack.cleanup.manager [-] Deleting neutron.port object s_rally_3cac5f66_yVowofUH (0c533e54-2287-45b5-a68c-58817d63f0cc)
2019-06-30 09:52:35.053 22705 RALLYDEBUG rally_openstack.cleanup.manager [-] Deleting neutron.port object s_rally_3cac5f66_aicT7jJL (0c2bdf44-8373-4aee-b594-11e2caaf62f1)
2019-06-30 09:52:35.614 22705 RALLYDEBUG rally_openstack.cleanup.manager [-] Deleting neutron.port object s_rally_3cac5f66_qUJgqXSe (0c65dc4d-3f8d-4fd7-9a14-ca84c129a47e)
2019-06-30 09:52:35.639 22705 RALLYDEBUG rally_openstack.cleanup.manager [-] Deleting neutron.port object s_rally_3cac5f66_1AFWEbo8 (0cb4a098-5313-4dd2-98e2-1f3f1bbda02d)
2019-06-30 09:52:35.786 22705 RALLYDEBUG rally_openstack.cleanup.manager [-] Deleting neutron.port object s_rally_3cac5f66_D4Gfwq3e (0cfc2769-53d3-4da7-a80e-5f8132fb7f4e)
2019-06-30 09:52:35.811 22705 RALLYDEBUG rally_openstack.cleanup.manager [-] Deleting neutron.port object s_rally_3cac5f66_Hg7Hj25b (0d68c4fe-0967-42a1-8207-0f6fecc12ef4)
2019-06-30 09:52:36.263 22705 RALLYDEBUG rally_openstack.cleanup.manager [-] Deleting neutron.port object s_rally_3cac5f66_jQQHh4qN (0d6b5f0a-804a-424d-a03c-8bab26a14db1)
2019-06-30 09:52:36.540 22705 RALLYDEBUG rally_openstack.cleanup.manager [-] Deleting neutron.port object s_rally_3cac5f66_aPPEVuqP (0d74d8da-ea3e-46d0-862d-03d3f0126c8e)
2019-06-30 09:52:36.651 22705 RALLYDEBUG rally_openstack.cleanup.manager [-] Deleting neutron.port object s_rally_3cac5f66_wsbuFFZ6 (0ddb151f-3938-4ddf-aae4-15f57e149782)
2019-06-30 09:52:36.723 22705 RALLYDEBUG rally_openstack.cleanup.manager [-] Deleting neutron.port object s_rally_3cac5f66_0cgNakUQ (0eb51771-52a6-4812-95c3-57b81a11affe)
2019-06-30 09:52:36.817 22705 RALLYDEBUG rally_openstack.cleanup.manager [-] Deleting neutron.port object s_rally_3cac5f66_puYTrtFE (0f6ff4a2-d2ef-459c-8460-6ade5bf09990)
2019-06-30 09:52:37.182 22705 RALLYDEBUG rally_openstack.cleanup.manager [-] Deleting neutron.port object s_rally_3cac5f66_ne0GdBPR (0fa454d9-68df-4587-a0f6-3ace8c916c89)
2019-06-30 09:52:37.281 22705 RALLYDEBUG rally_openstack.cleanup.manager [-] Deleting neutron.port object s_rally_3cac5f66_D90lxcfU (0fb527af-f81c-4700-b145-faf1bce974b8)
2019-06-30 09:52:37.486 22705 RALLYDEBUG rally_openstack.cleanup.manager [-] Deleting neutron.port object s_rally_3cac5f66_fLMAAJHR (122b169e-5039-44f9-9e7e-785605419ebc)
2019-06-30 09:52:37.622 22705 RALLYDEBUG rally_openstack.cleanup.manager [-] Deleting neutron.port object s_rally_3cac5f66_hjhVrLk5 (1308772a-05cb-4910-a8c8-1c878a83a329)
2019-06-30 09:52:37.987 22705 RALLYDEBUG rally_openstack.cleanup.manager [-] Deleting neutron.port object s_rally_3cac5f66_qVjDvMNC (134d619b-a45e-4aae-9282-1041c2e47fad)
2019-06-30 09:52:38.106 22705 RALLYDEBUG rally_openstack.cleanup.manager [-] Deleting neutron.port object s_rally_3cac5f66_x0DxeCuZ (13e0b8af-0527-4126-8bbf-7adb243976b5)
2019-06-30 09:52:38.113 22705 RALLYDEBUG rally_openstack.cleanup.manager [-] Deleting neutron.port object s_rally_3cac5f66_axYZOJBe (13e441d9-eafe-4cea-b522-7b1e42f66b4d)
2019-06-30 09:52:38.406 22705 RALLYDEBUG rally_openstack.cleanup.manager [-] Deleting neutron.port object s_rally_3cac5f66_EIbMpDGc (1465c2ff-c303-463e-8fb9-185f136511b2)
2019-06-30 09:52:38.851 22705 RALLYDEBUG rally_openstack.cleanup.manager [-] Deleting neutron.port object s_rally_3cac5f66_LkgXZdiN (17273cfa-c2e8-4cef-93f2-10229cdc5a6a)
2019-06-30 09:52:38.916 22705 RALLYDEBUG rally_openstack.cleanup.manager [-] Deleting neutron.port object s_rally_3cac5f66_4FeRuMEP (17679ca9-57b0-4650-a631-6b1b078b85d9)
2019-06-30 09:52:39.065 22705 RALLYDEBUG rally_openstack.cleanup.manager [-] Deleting neutron.port object s_rally_3cac5f66_oMOTsdE6 (18ce798e-fb8c-4c33-b728-b0ddf4200291)
2019-06-30 09:52:39.067 22705 RALLYDEBUG rally_openstack.cleanup.manager [-] Deleting neutron.port object s_rally_3cac5f66_9RHnB648 (17db94e6-135d-48e3-91d8-0ffb9a06e841)
2019-06-30 09:52:39.443 22705 RALLYDEBUG rally_openstack.cleanup.manager [-] Deleting neutron.port object s_rally_3cac5f66_SRwBATqT (18e80d38-0698-43e6-8251-3bcc1738dc4b)
2019-06-30 09:52:39.615 22705 RALLYDEBUG rally_openstack.cleanup.manager [-] Deleting neutron.port object s_rally_3cac5f66_9DrdS5JZ (195a0aea-bbf6-4ce7-92fd-a4ccbc01441d)
2019-06-30 09:52:40.009 22705 RALLYDEBUG rally_openstack.cleanup.manager [-] Deleting neutron.port object s_rally_3cac5f66_5QnVh8iJ (1982fa2b-c123-4dfb-9d75-c68af4780c88)
2019-06-30 09:52:40.109 22705 RALLYDEBUG rally_openstack.cleanup.manager [-] Deleting neutron.port object s_rally_3cac5f66_0KvVvCWI (19c42937-f55e-4d85-9dc6-e3a57116f387)
2019-06-30 09:52:40.115 22705 RALLYDEBUG rally_openstack.cleanup.manager [-] Deleting neutron.port object s_rally_3cac5f66_4rl1ErGQ (1ba96426-266e-4caa-87e4-ef577d352f2e)
2019-06-30 09:52:40.320 22705 RALLYDEBUG rally_openstack.cleanup.manager [-] Deleting neutron.port object s_rally_3cac5f66_INZit1WM (1c46aa04-7f32-4e1b-ae50-5fc2e88049ed)
2019-06-30 09:52:40.511 22705 RALLYDEBUG rally_openstack.cleanup.manager [-] Deleting neutron.port object s_rally_3cac5f66_QsS4IPXj (1c61f30b-d808-4304-9ee0-61115a9f8d80)
2019-06-30 09:52:40.753 22705 RALLYDEBUG rally_openstack.cleanup.manager [-] Deleting neutron.port object s_rally_3cac5f66_puNWeJTh (1cb6c42a-caac-434e-822b-fd8b4edc285a)
2019-06-30 09:52:41.076 22705 RALLYDEBUG rally_openstack.cleanup.manager [-] Deleting neutron.port object s_rally_3cac5f66_mqGV64pv (1d75b124-4050-4dc4-a48d-adb6a0d0d06a)
2019-06-30 09:52:41.261 22705 RALLYDEBUG rally_openstack.cleanup.manager [-] Deleting neutron.port object s_rally_3cac5f66_Ew6aJJL7 (1eac4644-7a9f-4bdb-b571-f61df231a16b)
2019-06-30 09:52:41.690 22705 RALLYDEBUG rally_openstack.cleanup.manager [-] Deleting neutron.port object s_rally_3cac5f66_NgZnXFVc (1ebcb27f-7c81-4efc-bef1-1a8ed3bd566d)
2019-06-30 09:52:41.877 22705 RALLYDEBUG rally_openstack.cleanup.manager [-] Deleting neutron.port object s_rally_3cac5f66_eYIVj2KC (1ef9131d-27b3-4194-a3e9-cf309479f68a)
2019-06-30 09:52:41.898 22705 RALLYDEBUG rally_openstack.cleanup.manager [-] Deleting neutron.port object s_rally_3cac5f66_lMetwajB (1f9a2055-b5a2-4cd2-9c46-c7a3e047a000)
2019-06-30 09:52:41.906 22705 RALLYDEBUG rally_openstack.cleanup.manager [-] Deleting neutron.port object s_rally_3cac5f66_adXmi6Ug (1fe10a0f-8097-4005-b6ef-d12b4a959d15)
2019-06-30 09:52:41.956 22705 RALLYDEBUG rally_openstack.cleanup.manager [-] Deleting neutron.port object s_rally_3cac5f66_DAf1fPUk (20236464-8da6-4e2e-9c1d-18ba8569f15a)
2019-06-30 09:52:42.069 22705 RALLYDEBUG rally_openstack.cleanup.manager [-] Deleting neutron.port object s_rally_3cac5f66_frF4PLd6 (20384a0e-28b5-4e30-8637-941eaf2ee8da)
2019-06-30 09:52:42.155 22705 RALLYDEBUG rally_openstack.cleanup.manager [-] Deleting neutron.port object s_rally_3cac5f66_KS0K8EXG (208c9348-a9a9-4d55-aedd-a3fe71308b8a)
2019-06-30 09:52:42.155 22705 RALLYDEBUG rally_openstack.cleanup.manager [-] Deleting neutron.port object s_rally_3cac5f66_jdHQaRWL (20609838-a79b-4484-8737-b217d4d871aa)
2019-06-30 09:52:42.743 22705 RALLYDEBUG rally_openstack.cleanup.manager [-] Deleting neutron.port object s_rally_3cac5f66_YZSYM7GY (21373c93-3c85-45a6-9d60-40aed65f1b1d)
2019-06-30 09:52:42.879 22705 RALLYDEBUG rally_openstack.cleanup.manager [-] Deleting neutron.port object s_rally_3cac5f66_cWXC3bmr (21db63a4-d503-4920-87f8-8b93aa7d91a6)
2019-06-30 09:52:42.879 22705 RALLYDEBUG rally_openstack.cleanup.manager [-] Deleting neutron.port object s_rally_3cac5f66_TaJwc38Z (21432895-a68d-4c30-bc33-3c41c9e32984)
2019-06-30 09:52:42.930 22705 RALLYDEBUG rally_openstack.cleanup.manager [-] Deleting neutron.port object s_rally_3cac5f66_OBg9mjqH (21f2759b-4514-4c47-a300-18dbeaea693e)
2019-06-30 09:52:43.278 22705 RALLYDEBUG rally_openstack.cleanup.manager [-] Deleting neutron.port object s_rally_3cac5f66_xLHJeZ1O (2258f43d-9e85-41dd-acae-4bb51ec21fa9)
2019-06-30 09:52:43.291 22705 RALLYDEBUG rally_openstack.cleanup.manager [-] Deleting neutron.port object s_rally_3cac5f66_Keetgrxe (22d41a97-03ed-4aef-8570-ce936adc36c5)
2019-06-30 09:52:43.357 22705 RALLYDEBUG rally_openstack.cleanup.manager [-] Deleting neutron.port object s_rally_3cac5f66_FfeMrWv9 (230a5ff8-2675-4a6d-b91a-f597dfc8fca7)
2019-06-30 09:52:43.624 22705 RALLYDEBUG rally_openstack.cleanup.manager [-] Deleting neutron.port object s_rally_3cac5f66_Yo4AP3vZ (23905f35-5815-4371-b95d-3feb33997e71)
2019-06-30 09:52:43.762 22705 RALLYDEBUG rally_openstack.cleanup.manager [-] Deleting neutron.port object s_rally_3cac5f66_gTQJh5sl (2423b740-4aa4-4f14-a2cc-2bd6446f58fe)
2019-06-30 09:52:43.945 22705 RALLYDEBUG rally_openstack.cleanup.manager [-] Deleting neutron.port object s_rally_3cac5f66_VoeY16wr (24ae3a84-f19c-4307-8e10-45d044873c28)
2019-06-30 09:52:43.954 22705 RALLYDEBUG rally_openstack.cleanup.manager [-] Deleting neutron.port object s_rally_3cac5f66_7AYxt7CN (26202ad0-1fda-496d-8676-a1c0e3a95af4)
2019-06-30 09:52:44.196 22705 RALLYDEBUG rally_openstack.cleanup.manager [-] Deleting neutron.port object s_rally_3cac5f66_2nZqpIu2 (28a62edb-80ef-48b7-b7ad-792cd8952552)
2019-06-30 09:52:44.942 22705 RALLYDEBUG rally_openstack.cleanup.manager [-] Deleting neutron.port object s_rally_3cac5f66_MkDNqdGL (28fd92db-dcba-4100-b677-66a416c3706f)
2019-06-30 09:52:45.209 22705 RALLYDEBUG rally_openstack.cleanup.manager [-] Deleting neutron.port object s_rally_3cac5f66_0jSpZAy5 (296393a5-edb2-4094-a0a7-e9edc322aeb5)
2019-06-30 09:52:45.517 22705 RALLYDEBUG rally_openstack.cleanup.manager [-] Deleting neutron.port object s_rally_3cac5f66_UzvPrJpQ (29a081a8-b9f8-4d3a-9375-bdef2a85b2bc)
2019-06-30 09:52:45.539 22705 RALLYDEBUG rally_openstack.cleanup.manager [-] Deleting neutron.port object s_rally_3cac5f66_SDQzfwnq (29f66444-4c46-4791-954f-83ce1711b019)
2019-06-30 09:52:45.639 22705 RALLYDEBUG rally_openstack.cleanup.manager [-] Deleting neutron.port object s_rally_3cac5f66_zcG5VPwp (2a7a92bb-ab03-46bd-a133-b6105abc2e77)
2019-06-30 09:52:45.641 22705 RALLYDEBUG rally_openstack.cleanup.manager [-] Deleting neutron.port object s_rally_3cac5f66_hL42JJX6 (2ad0b68e-f821-4474-9fe8-9e03227c353a)
2019-06-30 09:52:45.673 22705 RALLYDEBUG rally_openstack.cleanup.manager [-] Deleting neutron.port object s_rally_3cac5f66_FuHMzOWn (2c229b0a-e410-4a8c-a2cf-9fc248423c32)
2019-06-30 09:52:45.742 22705 RALLYDEBUG rally_openstack.cleanup.manager [-] Deleting neutron.port object s_rally_3cac5f66_u8uxTddQ (2c6f9ce8-5cff-43ee-ab82-9f27aaff720e)
2019-06-30 09:52:46.081 22705 RALLYDEBUG rally_openstack.cleanup.manager [-] Deleting neutron.port object s_rally_3cac5f66_qB9ddTVN (2c8c411f-3609-460f-bbe6-9816a4f37a95)
2019-06-30 09:52:46.109 22705 RALLYDEBUG rally_openstack.cleanup.manager [-] Deleting neutron.port object s_rally_3cac5f66_oCThcCsH (2cb47b03-3201-4a14-bc89-95cd797d28c9)
2019-06-30 09:52:46.255 22705 RALLYDEBUG rally_openstack.cleanup.manager [-] Deleting neutron.port object s_rally_3cac5f66_MWZSZzoU (2ce4a5c8-b0ea-43b5-b289-13b912f7d56c)
2019-06-30 09:52:46.459 22705 RALLYDEBUG rally_openstack.cleanup.manager [-] Deleting neutron.port object s_rally_3cac5f66_7wTtXsic (2cf59817-a7a6-4a6c-b1ee-1b75f39f30a3)
2019-06-30 09:52:46.562 22705 RALLYDEBUG rally_openstack.cleanup.manager [-] Deleting neutron.port object s_rally_3cac5f66_6m65vaDI (2e1f629b-1cca-456d-8831-eec7f2ce5722)
2019-06-30 09:52:46.812 22705 RALLYDEBUG rally_openstack.cleanup.manager [-] Deleting neutron.port object s_rally_3cac5f66_2RosKCGL (2ee140ed-fc67-4474-9330-23ef204164e2)
2019-06-30 09:52:46.815 22705 RALLYDEBUG rally_openstack.cleanup.manager [-] Deleting neutron.port object s_rally_3cac5f66_QsW6PORG (2e622c35-1c43-4a0e-ac05-02e00548a864)
2019-06-30 09:52:46.874 22705 RALLYDEBUG rally_openstack.cleanup.manager [-] Deleting neutron.port object s_rally_3cac5f66_VdV5PBWp (2f259f0b-681f-4b4c-a425-d1d07cb4d9c9)
2019-06-30 09:52:47.340 22705 RALLYDEBUG rally_openstack.cleanup.manager [-] Deleting neutron.port object s_rally_3cac5f66_ooH5ZL2q (2f6f41c3-5b44-4642-8423-28383a68b196)
2019-06-30 09:52:47.520 22705 RALLYDEBUG rally_openstack.cleanup.manager [-] Deleting neutron.port object s_rally_3cac5f66_qkqNP6Ht (2fd50e82-9a44-4578-9db6-7f13321c7ec5)
2019-06-30 09:52:47.725 22705 RALLYDEBUG rally_openstack.cleanup.manager [-] Deleting neutron.port object s_rally_3cac5f66_8T6VS0Xp (30bb4c66-8588-4a08-bd54-64a4f135fd21)
2019-06-30 09:52:48.235 22705 RALLYDEBUG rally_openstack.cleanup.manager [-] Deleting neutron.port object s_rally_3cac5f66_jS2ZHLLy (311b4c11-780f-4a02-923c-efd2583cc9b3)
