2019-06-30 09:30:50.135 24809 INFO rally.task.runner [-] Task 68a32721-3ad3-4eb7-9186-796c0ea95e96 | ITER: 10 START
2019-06-30 09:30:50.134 24815 RALLYDEBUG rally.task.runner [-] Starting a worker. concurrency: 1 args: {"network_create_args": {}, "subnet_create_args": {}, "subnet_cidr_start": "1.1.0.0/30", "subnets_per_network": 2} times: 40 method_name: run timeout: 0 duration: None cls:
2019-06-30 09:30:50.136 24800 INFO rally.task.runner [-] Task 68a32721-3ad3-4eb7-9186-796c0ea95e96 | ITER: 4 START
2019-06-30 09:30:50.137 24809 WARNING rally_openstack.scenarios.neutron.utils [-] Running this scenario without either the 'network' or 'existing_network' context is deprecated
2019-06-30 09:30:50.137 24800 WARNING rally_openstack.scenarios.neutron.utils [-] Running this scenario without either the 'network' or 'existing_network' context is deprecated
2019-06-30 09:30:50.133 24802 INFO rally.task.runner [-] Task 68a32721-3ad3-4eb7-9186-796c0ea95e96 | ITER: 8 START
2019-06-30 09:30:50.139 24802 WARNING rally_openstack.scenarios.neutron.utils [-] Running this scenario without either the 'network' or 'existing_network' context is deprecated
2019-06-30 09:30:50.140 24815 INFO rally.task.runner [-] Task 68a32721-3ad3-4eb7-9186-796c0ea95e96 | ITER: 11 START
2019-06-30 09:30:50.140 24820 RALLYDEBUG rally.task.runner [-] Starting a worker. concurrency: 1 args: {"network_create_args": {}, "subnet_create_args": {}, "subnet_cidr_start": "1.1.0.0/30", "subnets_per_network": 2} times: 40 method_name: run timeout: 0 duration: None cls:
2019-06-30 09:30:50.137 24801 INFO rally.task.runner [-] Task 68a32721-3ad3-4eb7-9186-796c0ea95e96 | ITER: 7 START
2019-06-30 09:30:50.142 24815 WARNING rally_openstack.scenarios.neutron.utils [-] Running this scenario without either the 'network' or 'existing_network' context is deprecated
2019-06-30 09:30:50.143 24801 WARNING rally_openstack.scenarios.neutron.utils [-] Running this scenario without either the 'network' or 'existing_network' context is deprecated
2019-06-30 09:30:50.145 24824 RALLYDEBUG rally.task.runner [-] Starting a worker. concurrency: 1 args: {"network_create_args": {}, "subnet_create_args": {}, "subnet_cidr_start": "1.1.0.0/30", "subnets_per_network": 2} times: 40 method_name: run timeout: 0 duration: None cls:
2019-06-30 09:30:50.149 24820 INFO rally.task.runner [-] Task 68a32721-3ad3-4eb7-9186-796c0ea95e96 | ITER: 12 START
2019-06-30 09:30:50.150 24824 INFO rally.task.runner [-] Task 68a32721-3ad3-4eb7-9186-796c0ea95e96 | ITER: 13 START
2019-06-30 09:30:50.151 24824 WARNING rally_openstack.scenarios.neutron.utils [-] Running this scenario without either the 'network' or 'existing_network' context is deprecated
2019-06-30 09:30:50.151 24820 WARNING rally_openstack.scenarios.neutron.utils [-] Running this scenario without either the 'network' or 'existing_network' context is deprecated
2019-06-30 09:30:50.152 24827 RALLYDEBUG rally.task.runner [-] Starting a worker. concurrency: 1 args: {"network_create_args": {}, "subnet_create_args": {}, "subnet_cidr_start": "1.1.0.0/30", "subnets_per_network": 2} times: 40 method_name: run timeout: 0 duration: None cls:
2019-06-30 09:30:50.159 24827 INFO rally.task.runner [-] Task 68a32721-3ad3-4eb7-9186-796c0ea95e96 | ITER: 14 START
2019-06-30 09:30:50.162 24827 WARNING rally_openstack.scenarios.neutron.utils [-] Running this scenario without either the 'network' or 'existing_network' context is deprecated
2019-06-30 09:30:50.172 24833 RALLYDEBUG rally.task.runner [-] Starting a worker. concurrency: 1 args: {"network_create_args": {}, "subnet_create_args": {}, "subnet_cidr_start": "1.1.0.0/30", "subnets_per_network": 2} times: 40 method_name: run timeout: 0 duration: None cls:
2019-06-30 09:30:50.173 24834 RALLYDEBUG rally.task.runner [-] Starting a worker. concurrency: 1 args: {"network_create_args": {}, "subnet_create_args": {}, "subnet_cidr_start": "1.1.0.0/30", "subnets_per_network": 2} times: 40 method_name: run timeout: 0 duration: None cls:
2019-06-30 09:30:50.178 24833 INFO rally.task.runner [-] Task 68a32721-3ad3-4eb7-9186-796c0ea95e96 | ITER: 15 START
2019-06-30 09:30:50.178 24834 INFO rally.task.runner [-] Task 68a32721-3ad3-4eb7-9186-796c0ea95e96 | ITER: 16 START
2019-06-30 09:30:50.179 24833 WARNING rally_openstack.scenarios.neutron.utils [-] Running this scenario without either the 'network' or 'existing_network' context is deprecated
2019-06-30 09:30:50.180 24834 WARNING rally_openstack.scenarios.neutron.utils [-] Running this scenario without either the 'network' or 'existing_network' context is deprecated
2019-06-30 09:30:50.179 24835 RALLYDEBUG rally.task.runner [-] Starting a worker. concurrency: 1 args: {"network_create_args": {}, "subnet_create_args": {}, "subnet_cidr_start": "1.1.0.0/30", "subnets_per_network": 2} times: 40 method_name: run timeout: 0 duration: None cls:
2019-06-30 09:30:50.185 24835 INFO rally.task.runner [-] Task 68a32721-3ad3-4eb7-9186-796c0ea95e96 | ITER: 17 START
2019-06-30 09:30:50.185 24840 RALLYDEBUG rally.task.runner [-] Starting a worker. concurrency: 1 args: {"network_create_args": {}, "subnet_create_args": {}, "subnet_cidr_start": "1.1.0.0/30", "subnets_per_network": 2} times: 40 method_name: run timeout: 0 duration: None cls:
2019-06-30 09:30:50.186 24835 WARNING rally_openstack.scenarios.neutron.utils [-] Running this scenario without either the 'network' or 'existing_network' context is deprecated
2019-06-30 09:30:50.188 24841 RALLYDEBUG rally.task.runner [-] Starting a worker. concurrency: 1 args: {"network_create_args": {}, "subnet_create_args": {}, "subnet_cidr_start": "1.1.0.0/30", "subnets_per_network": 2} times: 40 method_name: run timeout: 0 duration: None cls:
2019-06-30 09:30:50.190 24840 INFO rally.task.runner [-] Task 68a32721-3ad3-4eb7-9186-796c0ea95e96 | ITER: 18 START
2019-06-30 09:30:50.190 24844 RALLYDEBUG rally.task.runner [-] Starting a worker. concurrency: 1 args: {"network_create_args": {}, "subnet_create_args": {}, "subnet_cidr_start": "1.1.0.0/30", "subnets_per_network": 2} times: 40 method_name: run timeout: 0 duration: None cls:
2019-06-30 09:30:50.191 24840 WARNING rally_openstack.scenarios.neutron.utils [-] Running this scenario without either the 'network' or 'existing_network' context is deprecated
2019-06-30 09:30:50.192 24841 INFO rally.task.runner [-] Task 68a32721-3ad3-4eb7-9186-796c0ea95e96 | ITER: 19 START
2019-06-30 09:30:50.194 24841 WARNING rally_openstack.scenarios.neutron.utils [-] Running this scenario without either the 'network' or 'existing_network' context is deprecated
2019-06-30 09:30:50.194 24844 INFO rally.task.runner [-] Task 68a32721-3ad3-4eb7-9186-796c0ea95e96 | ITER: 20 START
2019-06-30 09:30:50.195 24844 WARNING rally_openstack.scenarios.neutron.utils [-] Running this scenario without either the 'network' or 'existing_network' context is deprecated
2019-06-30 09:30:51.934 24820 RALLYDEBUG rally_openstack.wrappers.network [-] CIDR generated: 1.1.4.96/30
2019-06-30 09:30:51.957 24801 RALLYDEBUG rally_openstack.wrappers.network [-] CIDR generated: 1.1.4.100/30
2019-06-30 09:30:51.959 24804 RALLYDEBUG rally_openstack.wrappers.network [-] CIDR generated: 1.1.4.104/30
2019-06-30 09:30:52.026 24815 RALLYDEBUG rally_openstack.wrappers.network [-] CIDR generated: 1.1.4.108/30
2019-06-30 09:30:52.034 24833 RALLYDEBUG rally_openstack.wrappers.network [-] CIDR generated: 1.1.4.112/30
2019-06-30 09:30:52.062 24809 RALLYDEBUG rally_openstack.wrappers.network [-] CIDR generated: 1.1.4.116/30
2019-06-30 09:30:52.119 24841 RALLYDEBUG rally_openstack.wrappers.network [-] CIDR generated: 1.1.4.120/30
2019-06-30 09:30:52.288 24801 RALLYDEBUG rally_openstack.wrappers.network [-] CIDR generated: 1.1.4.124/30
2019-06-30 09:30:52.496 24800 RALLYDEBUG rally_openstack.wrappers.network [-] CIDR generated: 1.1.4.128/30
2019-06-30 09:30:52.536 24835 RALLYDEBUG rally_openstack.wrappers.network [-] CIDR generated: 1.1.4.132/30
2019-06-30 09:30:52.547 24802 RALLYDEBUG rally_openstack.wrappers.network [-] CIDR generated: 1.1.4.136/30
2019-06-30 09:30:52.589 24800 RALLYDEBUG rally_openstack.wrappers.network [-] CIDR generated: 1.1.4.140/30
2019-06-30 09:30:52.751 24824 RALLYDEBUG rally_openstack.wrappers.network [-] CIDR generated: 1.1.4.144/30
2019-06-30 09:30:52.940 24799 RALLYDEBUG rally_openstack.wrappers.network [-] CIDR generated: 1.1.4.148/30
2019-06-30 09:30:52.955 24844 RALLYDEBUG rally_openstack.wrappers.network [-] CIDR generated: 1.1.4.152/30
2019-06-30 09:30:52.979 24840 RALLYDEBUG rally_openstack.wrappers.network [-] CIDR generated: 1.1.4.156/30
2019-06-30 09:30:53.018 24833 RALLYDEBUG rally_openstack.wrappers.network [-] CIDR generated: 1.1.4.160/30
2019-06-30 09:30:53.060 24801 RALLYDEBUG rally_openstack.wrappers.network [-] CIDR generated: 1.1.4.164/30
2019-06-30 09:30:53.127 24799 RALLYDEBUG rally_openstack.wrappers.network [-] CIDR generated: 1.1.4.168/30
2019-06-30 09:30:53.263 24834 RALLYDEBUG rally_openstack.wrappers.network [-] CIDR generated: 1.1.4.172/30
2019-06-30 09:30:53.680 24827 RALLYDEBUG rally_openstack.wrappers.network [-] CIDR generated: 1.1.4.176/30
2019-06-30 09:30:54.324 24840 RALLYDEBUG rally_openstack.wrappers.network [-] CIDR generated: 1.1.4.180/30
2019-06-30 09:30:54.362 24804 RALLYDEBUG rally_openstack.wrappers.network [-] CIDR generated: 1.1.4.184/30
2019-06-30 09:30:54.414 24820 RALLYDEBUG rally_openstack.wrappers.network [-] CIDR generated: 1.1.4.188/30
2019-06-30 09:30:54.457 24844 RALLYDEBUG rally_openstack.wrappers.network [-] CIDR generated: 1.1.4.192/30
2019-06-30 09:30:55.389 24802 RALLYDEBUG rally_openstack.wrappers.network [-] CIDR generated: 1.1.4.196/30
2019-06-30 09:30:55.936 24841 RALLYDEBUG rally_openstack.wrappers.network [-] CIDR generated: 1.1.4.200/30
2019-06-30 09:30:56.093 24835 RALLYDEBUG rally_openstack.wrappers.network [-] CIDR generated: 1.1.4.204/30
2019-06-30 09:30:56.460 24824 RALLYDEBUG rally_openstack.wrappers.network [-] CIDR generated: 1.1.4.208/30
2019-06-30 09:30:56.818 24809 RALLYDEBUG rally_openstack.wrappers.network [-] CIDR generated: 1.1.4.212/30
2019-06-30 09:30:57.179 24833 INFO rally.task.runner [-] Task 68a32721-3ad3-4eb7-9186-796c0ea95e96 | ITER: 15 END: OK
2019-06-30 09:30:57.183 24833 INFO rally.task.runner [-] Task 68a32721-3ad3-4eb7-9186-796c0ea95e96 | ITER: 21 START
2019-06-30 09:30:57.183 24833 WARNING rally_openstack.scenarios.neutron.utils [-] Running this scenario without either the 'network' or 'existing_network' context is deprecated
2019-06-30 09:30:57.384 24801 RALLYDEBUG rally_openstack.wrappers.network [-] CIDR generated: 1.1.4.216/30
2019-06-30 09:30:57.396 24801 INFO rally.task.runner [-] Task 68a32721-3ad3-4eb7-9186-796c0ea95e96 | ITER: 5 END: OK
2019-06-30 09:30:57.400 24801 INFO rally.task.runner [-] Task 68a32721-3ad3-4eb7-9186-796c0ea95e96 | ITER: 22 START
2019-06-30 09:30:57.400 24801 WARNING rally_openstack.scenarios.neutron.utils [-] Running this scenario without either the 'network' or 'existing_network' context is deprecated
2019-06-30 09:30:57.493 24800 RALLYDEBUG rally_openstack.wrappers.network [-] CIDR generated: 1.1.4.220/30
2019-06-30 09:30:57.632 24802 RALLYDEBUG rally_openstack.wrappers.network [-] CIDR generated: 1.1.4.224/30
2019-06-30 09:30:58.532 24833 RALLYDEBUG rally_openstack.wrappers.network [-] CIDR generated: 1.1.4.228/30
2019-06-30 09:30:58.628 24840 INFO rally.task.runner [-] Task 68a32721-3ad3-4eb7-9186-796c0ea95e96 | ITER: 18 END: OK
2019-06-30 09:30:58.632 24840 INFO rally.task.runner [-] Task 68a32721-3ad3-4eb7-9186-796c0ea95e96 | ITER: 23 START
2019-06-30 09:30:58.633 24840 WARNING rally_openstack.scenarios.neutron.utils [-] Running this scenario without either the 'network' or 'existing_network' context is deprecated
2019-06-30 09:30:58.635 24844 INFO rally.task.runner [-] Task 68a32721-3ad3-4eb7-9186-796c0ea95e96 | ITER: 20 END: OK
2019-06-30 09:30:58.639 24844 INFO rally.task.runner [-] Task 68a32721-3ad3-4eb7-9186-796c0ea95e96 | ITER: 24 START
2019-06-30 09:30:58.639 24844 WARNING rally_openstack.scenarios.neutron.utils [-] Running this scenario without either the 'network' or 'existing_network' context is deprecated
2019-06-30 09:30:59.349 24801 RALLYDEBUG rally_openstack.wrappers.network [-] CIDR generated: 1.1.4.232/30
2019-06-30 09:30:59.632 24844 RALLYDEBUG rally_openstack.wrappers.network [-] CIDR generated: 1.1.4.236/30
2019-06-30 09:30:59.683 24840 RALLYDEBUG rally_openstack.wrappers.network [-] CIDR generated: 1.1.4.240/30
2019-06-30 09:31:00.113 24815 RALLYDEBUG rally_openstack.wrappers.network [-] CIDR generated: 1.1.4.244/30
2019-06-30 09:31:00.735 24800 RALLYDEBUG rally_openstack.wrappers.network [-] CIDR generated: 1.1.4.248/30
2019-06-30 09:31:00.820 24799 RALLYDEBUG rally_openstack.wrappers.network [-] CIDR generated: 1.1.4.252/30
2019-06-30 09:31:00.936 24834 RALLYDEBUG rally_openstack.wrappers.network [-] CIDR generated: 1.1.5.0/30
2019-06-30 09:31:01.034 24833 RALLYDEBUG rally_openstack.wrappers.network [-] CIDR generated: 1.1.5.4/30
2019-06-30 09:31:01.105 24844 RALLYDEBUG rally_openstack.wrappers.network [-] CIDR generated: 1.1.5.8/30
2019-06-30 09:31:01.211 24801 RALLYDEBUG rally_openstack.wrappers.network [-] CIDR generated: 1.1.5.12/30
2019-06-30 09:31:01.257 24840 RALLYDEBUG rally_openstack.wrappers.network [-] CIDR generated: 1.1.5.16/30
2019-06-30 09:31:01.389 24804 INFO rally.task.runner [-] Task 68a32721-3ad3-4eb7-9186-796c0ea95e96 | ITER: 9 END: OK
2019-06-30 09:31:01.393 24804 INFO rally.task.runner [-] Task 68a32721-3ad3-4eb7-9186-796c0ea95e96 | ITER: 25 START
2019-06-30 09:31:01.394 24804 WARNING rally_openstack.scenarios.neutron.utils [-] Running this scenario without either the 'network' or 'existing_network' context is deprecated
2019-06-30 09:31:01.478 24799 RALLYDEBUG rally_openstack.wrappers.network [-] CIDR generated: 1.1.5.20/30
2019-06-30 09:31:01.500 24820 INFO rally.task.runner [-] Task 68a32721-3ad3-4eb7-9186-796c0ea95e96 | ITER: 12 END: OK
2019-06-30 09:31:01.504 24820 INFO rally.task.runner [-] Task 68a32721-3ad3-4eb7-9186-796c0ea95e96 | ITER: 26 START
2019-06-30 09:31:01.505 24820 WARNING rally_openstack.scenarios.neutron.utils [-] Running this scenario without either the 'network' or 'existing_network' context is deprecated
2019-06-30 09:31:01.706 24827 RALLYDEBUG rally_openstack.wrappers.network [-] CIDR generated: 1.1.5.24/30
2019-06-30 09:31:02.687 24804 RALLYDEBUG rally_openstack.wrappers.network [-] CIDR generated: 1.1.5.28/30
2019-06-30 09:31:02.862 24802 RALLYDEBUG rally_openstack.wrappers.network [-] CIDR generated: 1.1.5.32/30
2019-06-30 09:31:03.133 24820 RALLYDEBUG rally_openstack.wrappers.network [-] CIDR generated: 1.1.5.36/30
2019-06-30 09:31:03.983 24844 INFO rally.task.runner [-] Task 68a32721-3ad3-4eb7-9186-796c0ea95e96 | ITER: 24 END: OK
2019-06-30 09:31:03.986 24844 INFO rally.task.runner [-] Task 68a32721-3ad3-4eb7-9186-796c0ea95e96 | ITER: 27 START
2019-06-30 09:31:03.987 24844 WARNING rally_openstack.scenarios.neutron.utils [-] Running this scenario without either the 'network' or 'existing_network' context is deprecated
2019-06-30 09:31:04.120 24840 INFO rally.task.runner [-] Task 68a32721-3ad3-4eb7-9186-796c0ea95e96 | ITER: 23 END: OK
2019-06-30 09:31:04.124 24840 INFO rally.task.runner [-] Task 68a32721-3ad3-4eb7-9186-796c0ea95e96 | ITER: 28 START
2019-06-30 09:31:04.124 24840 WARNING rally_openstack.scenarios.neutron.utils [-] Running this scenario without either the 'network' or 'existing_network' context is deprecated
2019-06-30 09:31:04.227 24804 RALLYDEBUG rally_openstack.wrappers.network [-] CIDR generated: 1.1.5.40/30
2019-06-30 09:31:05.547 24820 RALLYDEBUG rally_openstack.wrappers.network [-] CIDR generated: 1.1.5.44/30
2019-06-30 09:31:06.095 24840 RALLYDEBUG rally_openstack.wrappers.network [-] CIDR generated: 1.1.5.48/30
2019-06-30 09:31:06.108 24844 RALLYDEBUG rally_openstack.wrappers.network [-] CIDR generated: 1.1.5.52/30
2019-06-30 09:31:06.162 24835 INFO rally.task.runner [-] Task 68a32721-3ad3-4eb7-9186-796c0ea95e96 | ITER: 17 END: OK
2019-06-30 09:31:06.163 24841 INFO rally.task.runner [-] Task 68a32721-3ad3-4eb7-9186-796c0ea95e96 | ITER: 19 END: OK
2019-06-30 09:31:06.167 24841 INFO rally.task.runner [-] Task 68a32721-3ad3-4eb7-9186-796c0ea95e96 | ITER: 29 START
2019-06-30 09:31:06.168 24835 INFO rally.task.runner [-] Task 68a32721-3ad3-4eb7-9186-796c0ea95e96 | ITER: 30 START
2019-06-30 09:31:06.168 24841 WARNING rally_openstack.scenarios.neutron.utils [-] Running this scenario without either the 'network' or 'existing_network' context is deprecated
2019-06-30 09:31:06.168 24835 WARNING rally_openstack.scenarios.neutron.utils [-] Running this scenario without either the 'network' or 'existing_network' context is deprecated
2019-06-30 09:31:06.946 24824 INFO rally.task.runner [-] Task 68a32721-3ad3-4eb7-9186-796c0ea95e96 | ITER: 13 END: OK
2019-06-30 09:31:06.951 24824 INFO rally.task.runner [-] Task 68a32721-3ad3-4eb7-9186-796c0ea95e96 | ITER: 31 START
2019-06-30 09:31:06.951 24824 WARNING rally_openstack.scenarios.neutron.utils [-] Running this scenario without either the 'network' or 'existing_network' context is deprecated
2019-06-30 09:31:07.057 24802 INFO rally.task.runner [-] Task 68a32721-3ad3-4eb7-9186-796c0ea95e96 | ITER: 6 END: OK
2019-06-30 09:31:07.061 24802 INFO rally.task.runner [-] Task 68a32721-3ad3-4eb7-9186-796c0ea95e96 | ITER: 32 START
2019-06-30 09:31:07.062 24802 WARNING rally_openstack.scenarios.neutron.utils [-] Running this scenario without either the 'network' or 'existing_network' context is deprecated
2019-06-30 09:31:07.066 24800 INFO rally.task.runner [-] Task 68a32721-3ad3-4eb7-9186-796c0ea95e96 | ITER: 2 END: OK
2019-06-30 09:31:07.071 24800 INFO rally.task.runner [-] Task 68a32721-3ad3-4eb7-9186-796c0ea95e96 | ITER: 33 START
2019-06-30 09:31:07.071 24800 WARNING rally_openstack.scenarios.neutron.utils [-] Running this scenario without either the 'network' or 'existing_network' context is deprecated
2019-06-30 09:31:07.437 24835 RALLYDEBUG rally_openstack.wrappers.network [-] CIDR generated: 1.1.5.56/30
2019-06-30 09:31:07.544 24841 RALLYDEBUG rally_openstack.wrappers.network [-] CIDR generated: 1.1.5.60/30
2019-06-30 09:31:07.712 24801 INFO rally.task.runner [-] Task 68a32721-3ad3-4eb7-9186-796c0ea95e96 | ITER: 22 END: OK
2019-06-30 09:31:07.715 24833 INFO rally.task.runner [-] Task 68a32721-3ad3-4eb7-9186-796c0ea95e96 | ITER: 21 END: OK
2019-06-30 09:31:07.716 24801 INFO rally.task.runner [-] Task 68a32721-3ad3-4eb7-9186-796c0ea95e96 | ITER: 34 START
2019-06-30 09:31:07.716 24801 WARNING rally_openstack.scenarios.neutron.utils [-] Running this scenario without either the 'network' or 'existing_network' context is deprecated
2019-06-30 09:31:07.718 24833 INFO rally.task.runner [-] Task 68a32721-3ad3-4eb7-9186-796c0ea95e96 | ITER: 35 START
2019-06-30 09:31:07.719 24833 WARNING rally_openstack.scenarios.neutron.utils [-] Running this scenario without either the 'network' or 'existing_network' context is deprecated
2019-06-30 09:31:07.825 24844 RALLYDEBUG rally_openstack.wrappers.network [-] CIDR generated: 1.1.5.64/30
2019-06-30 09:31:07.832 24801 INFO rally.task.runner [-] Task 68a32721-3ad3-4eb7-9186-796c0ea95e96 | ITER: 7 END: OK
2019-06-30 09:31:07.836 24801 INFO rally.task.runner [-] Task 68a32721-3ad3-4eb7-9186-796c0ea95e96 | ITER: 36 START
2019-06-30 09:31:07.836 24801 WARNING rally_openstack.scenarios.neutron.utils [-] Running this scenario without either the 'network' or 'existing_network' context is deprecated
2019-06-30 09:31:07.909 24840 RALLYDEBUG rally_openstack.wrappers.network [-] CIDR generated: 1.1.5.68/30
2019-06-30 09:31:08.613 24804 INFO rally.task.runner [-] Task 68a32721-3ad3-4eb7-9186-796c0ea95e96 | ITER: 25 END: OK
2019-06-30 09:31:08.616 24804 INFO rally.task.runner [-] Task 68a32721-3ad3-4eb7-9186-796c0ea95e96 | ITER: 37 START
2019-06-30 09:31:08.617 24804 WARNING rally_openstack.scenarios.neutron.utils [-] Running this scenario without either the 'network' or 'existing_network' context is deprecated
2019-06-30 09:31:08.680 24802 RALLYDEBUG rally_openstack.wrappers.network [-] CIDR generated: 1.1.5.72/30
2019-06-30 09:31:08.922 24824 RALLYDEBUG rally_openstack.wrappers.network [-] CIDR generated: 1.1.5.76/30
2019-06-30 09:31:08.944 24809 INFO rally.task.runner [-] Task 68a32721-3ad3-4eb7-9186-796c0ea95e96 | ITER: 10 END: OK
2019-06-30 09:31:08.948 24809 INFO rally.task.runner [-] Task 68a32721-3ad3-4eb7-9186-796c0ea95e96 | ITER: 38 START
2019-06-30 09:31:08.949 24809 WARNING rally_openstack.scenarios.neutron.utils [-] Running this scenario without either the 'network' or 'existing_network' context is deprecated
2019-06-30 09:31:09.059 24820 INFO rally.task.runner [-] Task 68a32721-3ad3-4eb7-9186-796c0ea95e96 | ITER: 26 END: OK
2019-06-30 09:31:09.064 24820 INFO rally.task.runner [-] Task 68a32721-3ad3-4eb7-9186-796c0ea95e96 | ITER: 39 START
2019-06-30 09:31:09.064 24820 WARNING rally_openstack.scenarios.neutron.utils [-] Running this scenario without either the 'network' or 'existing_network' context is deprecated
2019-06-30 09:31:09.187 24800 RALLYDEBUG rally_openstack.wrappers.network [-] CIDR generated: 1.1.5.80/30
2019-06-30 09:31:09.553 24841 RALLYDEBUG rally_openstack.wrappers.network [-] CIDR generated: 1.1.5.84/30
2019-06-30 09:31:09.681 24801 RALLYDEBUG rally_openstack.wrappers.network [-] CIDR generated: 1.1.5.88/30
2019-06-30 09:31:09.775 24801 RALLYDEBUG rally_openstack.wrappers.network [-] CIDR generated: 1.1.5.92/30
2019-06-30 09:31:09.882 24833 RALLYDEBUG rally_openstack.wrappers.network [-] CIDR generated: 1.1.5.96/30
2019-06-30 09:31:10.064 24835 RALLYDEBUG rally_openstack.wrappers.network [-] CIDR generated: 1.1.5.100/30
2019-06-30 09:31:10.673 24804 RALLYDEBUG rally_openstack.wrappers.network [-] CIDR generated: 1.1.5.104/30
2019-06-30 09:31:10.681 24809 RALLYDEBUG rally_openstack.wrappers.network [-] CIDR generated: 1.1.5.108/30
2019-06-30 09:31:11.263 24820 RALLYDEBUG rally_openstack.wrappers.network [-] CIDR generated: 1.1.5.112/30
2019-06-30 09:31:12.529 24809 RALLYDEBUG rally_openstack.wrappers.network [-] CIDR generated: 1.1.5.116/30
2019-06-30 09:31:12.562 24801 RALLYDEBUG rally_openstack.wrappers.network [-] CIDR generated: 1.1.5.120/30
2019-06-30 09:31:12.645 24840 INFO rally.task.runner [-] Task 68a32721-3ad3-4eb7-9186-796c0ea95e96 | ITER: 28 END: OK
2019-06-30 09:31:12.647 24840 INFO rally.task.runner [-] Task 68a32721-3ad3-4eb7-9186-796c0ea95e96 | ITER: 40 START
2019-06-30 09:31:12.648 24840 WARNING rally_openstack.scenarios.neutron.utils [-] Running this scenario without either the 'network' or 'existing_network' context is deprecated
2019-06-30 09:31:13.260 24833 RALLYDEBUG rally_openstack.wrappers.network [-] CIDR generated: 1.1.5.124/30
2019-06-30 09:31:13.484 24804 RALLYDEBUG rally_openstack.wrappers.network [-] CIDR generated: 1.1.5.128/30
2019-06-30 09:31:13.484 24801 RALLYDEBUG rally_openstack.wrappers.network [-] CIDR generated: 1.1.5.132/30
2019-06-30 09:31:13.507 24800 RALLYDEBUG rally_openstack.wrappers.network [-] CIDR generated: 1.1.5.136/30
2019-06-30 09:31:13.538 24802 RALLYDEBUG rally_openstack.wrappers.network [-] CIDR generated: 1.1.5.140/30
2019-06-30 09:31:13.553 24824 RALLYDEBUG rally_openstack.wrappers.network [-] CIDR generated: 1.1.5.144/30
2019-06-30 09:31:13.804 24844 INFO rally.task.runner [-] Task 68a32721-3ad3-4eb7-9186-796c0ea95e96 | ITER: 27 END: OK
2019-06-30 09:31:13.964 24820 RALLYDEBUG rally_openstack.wrappers.network [-] CIDR generated: 1.1.5.148/30
2019-06-30 09:31:14.134 24841 INFO rally.task.runner [-] Task 68a32721-3ad3-4eb7-9186-796c0ea95e96 | ITER: 29 END: OK
2019-06-30 09:31:14.402 24840 RALLYDEBUG rally_openstack.wrappers.network [-] CIDR generated: 1.1.5.152/30
2019-06-30 09:31:16.008 24835 INFO rally.task.runner [-] Task 68a32721-3ad3-4eb7-9186-796c0ea95e96 | ITER: 30 END: OK
2019-06-30 09:31:16.167 24840 RALLYDEBUG rally_openstack.wrappers.network [-] CIDR generated: 1.1.5.156/30
2019-06-30 09:31:16.807 24804 INFO rally.task.runner [-] Task 68a32721-3ad3-4eb7-9186-796c0ea95e96 | ITER: 37 END: OK
2019-06-30 09:31:16.939 24801 INFO rally.task.runner [-] Task 68a32721-3ad3-4eb7-9186-796c0ea95e96 | ITER: 34 END: OK
2019-06-30 09:31:17.644 24809 INFO rally.task.runner [-] Task 68a32721-3ad3-4eb7-9186-796c0ea95e96 | ITER: 38 END: OK
2019-06-30 09:31:18.642 24840 INFO rally.task.runner [-] Task 68a32721-3ad3-4eb7-9186-796c0ea95e96 | ITER: 40 END: OK
2019-06-30 09:31:18.696 24833 INFO rally.task.runner [-] Task 68a32721-3ad3-4eb7-9186-796c0ea95e96 | ITER: 35 END: OK
2019-06-30 09:31:18.794 24800 INFO rally.task.runner [-] Task 68a32721-3ad3-4eb7-9186-796c0ea95e96 | ITER: 4 END: OK
2019-06-30 09:31:19.201 24820 INFO rally.task.runner [-] Task 68a32721-3ad3-4eb7-9186-796c0ea95e96 | ITER: 39 END: OK
2019-06-30 09:31:19.764 24801 INFO rally.task.runner [-] Task 68a32721-3ad3-4eb7-9186-796c0ea95e96 | ITER: 36 END: OK
2019-06-30 09:31:20.212 24800 INFO rally.task.runner [-] Task 68a32721-3ad3-4eb7-9186-796c0ea95e96 | ITER: 33 END: OK
2019-06-30 09:31:20.361 24802 INFO rally.task.runner [-] Task 68a32721-3ad3-4eb7-9186-796c0ea95e96 | ITER: 32 END: OK
2019-06-30 09:31:21.012 24824 INFO rally.task.runner [-] Task 68a32721-3ad3-4eb7-9186-796c0ea95e96 | ITER: 31 END: OK
2019-06-30 09:31:22.814 24815 INFO rally.task.runner [-] Task 68a32721-3ad3-4eb7-9186-796c0ea95e96 | ITER: 11 END: OK
2019-06-30 09:31:25.559 24802 INFO rally.task.runner [-] Task 68a32721-3ad3-4eb7-9186-796c0ea95e96 | ITER: 8 END: OK
2019-06-30 09:31:27.481 24834 INFO rally.task.runner [-] Task 68a32721-3ad3-4eb7-9186-796c0ea95e96 | ITER: 16 END: OK
2019-06-30 09:31:27.783 24799 INFO rally.task.runner [-] Task 68a32721-3ad3-4eb7-9186-796c0ea95e96 | ITER: 3 END: OK
2019-06-30 09:31:27.785 24799 INFO rally.task.runner [-] Task 68a32721-3ad3-4eb7-9186-796c0ea95e96 | ITER: 1 END: OK
2019-06-30 09:31:28.134 24827 INFO rally.task.runner [-] Task 68a32721-3ad3-4eb7-9186-796c0ea95e96 | ITER: 14 END: OK
2019-06-30 09:31:28.155 22705 INFO rally.task.context [-] Task 68a32721-3ad3-4eb7-9186-796c0ea95e96 | Context cleanup@openstack cleanup() started
2019-06-30 09:31:28.158 22705 RALLYDEBUG rally_openstack.cleanup.manager [-] Cleaning up neutron vip objects
2019-06-30 09:31:28.924 22705 RALLYDEBUG rally_openstack.cleanup.manager [-] Cleaning up neutron health_monitor objects
2019-06-30 09:31:29.630 22705 RALLYDEBUG rally_openstack.cleanup.manager [-] Cleaning up neutron pool objects
2019-06-30 09:31:30.302 22705 RALLYDEBUG rally_openstack.cleanup.manager [-] Cleaning up neutron loadbalancer objects
2019-06-30 09:31:31.134 22705 RALLYDEBUG rally_openstack.cleanup.manager [-] Cleaning up neutron floatingip objects
2019-06-30 09:31:31.819 22705 RALLYDEBUG rally_openstack.cleanup.manager [-] Cleaning up neutron port objects
2019-06-30 09:31:32.633 22705 RALLYDEBUG rally_openstack.cleanup.manager [-] Cleaning up neutron subnet objects
2019-06-30 09:31:33.309 22705 RALLYDEBUG rally_openstack.cleanup.manager [-] Cleaning up neutron network objects
2019-06-30 09:31:35.726 22705 RALLYDEBUG rally_openstack.cleanup.manager [-] Deleting neutron.network object s_rally_77060e67_bNUtvyqp (021ef08e-3188-4c51-91ec-5bab3956e3a8)
2019-06-30 09:31:35.732 22705 RALLYDEBUG rally_openstack.cleanup.manager [-] Deleting neutron.network object s_rally_77060e67_HrOw3Ag0 (0ebec143-467b-46d3-b081-7c8c34f3587d)
2019-06-30 09:31:35.744 22705 RALLYDEBUG rally_openstack.cleanup.manager [-] Deleting neutron.network object s_rally_77060e67_24SkrH43 (178308a1-96b5-4798-b805-d8f4a6898645)
2019-06-30 09:31:35.750 22705 RALLYDEBUG rally_openstack.cleanup.manager [-] Deleting neutron.network object s_rally_77060e67_LtheMJes (1c9f63ee-fefc-4878-a5da-58a6fb3fb455)
2019-06-30 09:31:35.751 22705 RALLYDEBUG rally_openstack.cleanup.manager [-] Deleting neutron.network object s_rally_77060e67_RytEdjrE (11bf07ca-8f88-4d9b-a2ce-6fe02e5507e9)
2019-06-30 09:31:35.762 22705 RALLYDEBUG rally_openstack.cleanup.manager [-] Deleting neutron.network object s_rally_77060e67_2FoSEacq (25337989-b479-4912-b326-d86b88380830)
2019-06-30 09:31:35.768 22705 RALLYDEBUG rally_openstack.cleanup.manager [-] Deleting neutron.network object s_rally_77060e67_NCrFfcB6 (2741b690-b874-4c76-b1bb-0eb203c1a41e)
2019-06-30 09:31:35.774 22705 RALLYDEBUG rally_openstack.cleanup.manager [-] Deleting neutron.network object s_rally_77060e67_QluzH310 (2ad09577-ea9f-41df-b5f4-efd97963deb1)
2019-06-30 09:31:35.793 22705 RALLYDEBUG rally_openstack.cleanup.manager [-] Deleting neutron.network object s_rally_77060e67_FL8JxceA (2a87e127-127c-4562-9b25-38ddd6258c7d)
2019-06-30 09:31:35.812 22705 RALLYDEBUG rally_openstack.cleanup.manager [-] Deleting neutron.network object s_rally_77060e67_k5uYizvs (329153c2-56a8-4957-8524-0cb9bbbd8286)
2019-06-30 09:31:35.842 22705 RALLYDEBUG rally_openstack.cleanup.manager [-] Deleting neutron.network object s_rally_77060e67_UhWtqjab (36f90951-6809-4b73-877d-ec4c311ede70)
2019-06-30 09:31:35.846 22705 RALLYDEBUG rally_openstack.cleanup.manager [-] Deleting neutron.network object s_rally_77060e67_A9iRrjdI (3bf355c1-69c9-4608-8faa-4753dc0f9c75)
2019-06-30 09:31:35.847 22705 RALLYDEBUG rally_openstack.cleanup.manager [-] Deleting neutron.network object s_rally_77060e67_PfZmAlur (366cc346-272d-4d7c-b99c-e36da29098ca)
2019-06-30 09:31:35.854 22705 RALLYDEBUG rally_openstack.cleanup.manager [-] Deleting neutron.network object s_rally_77060e67_RZ5RvNNQ (361972a7-e474-483e-ac5f-961d1d21a456)
2019-06-30 09:31:35.870 22705 RALLYDEBUG rally_openstack.cleanup.manager [-] Deleting neutron.network object s_rally_77060e67_G8E2crEC (44862ab2-06f1-4197-a9d1-9dbc7931374c)
2019-06-30 09:31:35.871 22705 RALLYDEBUG rally_openstack.cleanup.manager [-] Deleting neutron.network object s_rally_77060e67_tYsJxG0f (5aa0b56e-51d1-49e6-934c-1f0f5e4634d6)
2019-06-30 09:31:35.890 22705 RALLYDEBUG rally_openstack.cleanup.manager [-] Deleting neutron.network object s_rally_77060e67_sGokKGOm (5bb30343-15f1-43c3-8cf1-2fa28db2f56c)
2019-06-30 09:31:35.903 22705 RALLYDEBUG rally_openstack.cleanup.manager [-] Deleting neutron.network object s_rally_77060e67_mkuuBChG (828466e6-435a-44af-910e-6647ed7295c5)
2019-06-30 09:31:35.933 22705 RALLYDEBUG rally_openstack.cleanup.manager [-] Deleting neutron.network object s_rally_77060e67_uQaBgCXh (92161f5e-1107-4a04-a4f9-6ac0caa420c9)
2019-06-30 09:31:35.935 22705 RALLYDEBUG rally_openstack.cleanup.manager [-] Deleting neutron.network object s_rally_77060e67_TKQZdc6A (97475d7c-0862-4686-9ecf-402ce5a42753)
2019-06-30 09:31:38.899 22705 RALLYDEBUG rally_openstack.cleanup.manager [-] Deleting neutron.network object s_rally_77060e67_WKR2rWdr (9a01543e-a88b-4451-ba0f-1eaf0409fd85)
2019-06-30 09:31:39.141 22705 RALLYDEBUG rally_openstack.cleanup.manager [-] Deleting neutron.network object s_rally_77060e67_1h5Em7V8 (9efc3e8f-4325-4bd6-8703-f3ae59fd3a25)
2019-06-30 09:31:39.177 22705 RALLYDEBUG rally_openstack.cleanup.manager [-] Deleting neutron.network object s_rally_77060e67_gP2V3mVs (a7406af5-323f-447a-8e05-969bb4c6d8fa)
2019-06-30 09:31:39.280 22705 RALLYDEBUG rally_openstack.cleanup.manager [-] Deleting neutron.network object s_rally_77060e67_lL2p7huY (aec69998-6268-4e6b-9557-8d093c7e8c0b)
2019-06-30 09:31:39.343 22705 RALLYDEBUG rally_openstack.cleanup.manager [-] Deleting neutron.network object s_rally_77060e67_cyfdG0wd (b10447dd-f574-4e76-8475-d6815ba2b95d)
2019-06-30 09:31:39.454 22705 RALLYDEBUG rally_openstack.cleanup.manager [-] Deleting neutron.network object s_rally_77060e67_arnSRVzq (b5399a9f-5fe1-4e23-9d11-4fa45cb78226)
2019-06-30 09:31:39.563 22705 RALLYDEBUG rally_openstack.cleanup.manager [-] Deleting neutron.network object s_rally_77060e67_wUyqSGk0 (b7bdebc1-1826-4797-a756-62080f2bd91e)
2019-06-30 09:31:39.692 22705 RALLYDEBUG rally_openstack.cleanup.manager [-] Deleting neutron.network object s_rally_77060e67_Y8L9tAG1 (bea45418-04e9-4015-be78-8a395cdfd42d)
2019-06-30 09:31:39.728 22705 RALLYDEBUG rally_openstack.cleanup.manager [-] Deleting neutron.network object s_rally_77060e67_Qu5a5aei (c35eda04-542d-46f2-ba10-69b36ddeec29)
2019-06-30 09:31:39.903 22705 RALLYDEBUG rally_openstack.cleanup.manager [-] Deleting neutron.network object s_rally_77060e67_AGbaA1Vt (d216f56b-4ea7-4970-83bf-c19ddd1f7dfc)
2019-06-30 09:31:39.943 22705 RALLYDEBUG rally_openstack.cleanup.manager [-] Deleting neutron.network object s_rally_77060e67_vNqvxYox (d5f42d75-6d9b-471d-9f2c-32602f1a3f72)
2019-06-30 09:31:40.668 22705 RALLYDEBUG rally_openstack.cleanup.manager [-] Deleting neutron.network object s_rally_77060e67_PAWyVEME (df521469-2dc7-40e7-abab-a667aec4ea50)
2019-06-30 09:31:41.385 22705 RALLYDEBUG rally_openstack.cleanup.manager [-] Deleting neutron.network object s_rally_77060e67_E8MDxj7C (e1874015-a556-4f05-87e6-5cb353eff364)
2019-06-30 09:31:41.404 22705 RALLYDEBUG rally_openstack.cleanup.manager [-] Deleting neutron.network object s_rally_77060e67_uYsRXoes (e2fe0699-a2ec-4223-95ab-8045a2f4c294)
2019-06-30 09:31:41.420 22705 RALLYDEBUG rally_openstack.cleanup.manager [-] Deleting neutron.network object s_rally_77060e67_khTyOu9M (e88f23a0-7875-4eed-b0b7-68953e51fe58)
2019-06-30 09:31:41.626 22705 RALLYDEBUG rally_openstack.cleanup.manager [-] Deleting neutron.network object s_rally_77060e67_7YaDznQc (e8d5cef3-c618-4552-990f-e6ee7731654f)
2019-06-30 09:31:42.051 22705 RALLYDEBUG rally_openstack.cleanup.manager [-] Deleting neutron.network object s_rally_77060e67_QsWQ3JQA (eb5c087e-74d8-4b9b-aeb5-561f3e097112)
2019-06-30 09:31:42.354 22705 RALLYDEBUG rally_openstack.cleanup.manager [-] Deleting neutron.network object s_rally_77060e67_yMAnf51m (f0211a5b-e7d8-49c0-8401-068d0fc35d31)
2019-06-30 09:31:42.524 22705 RALLYDEBUG rally_openstack.cleanup.manager [-] Deleting neutron.network object s_rally_77060e67_2IvqoxLX (f2c1fd28-e0e8-446e-9f66-026252f19f55)
2019-06-30 09:31:42.572 22705 RALLYDEBUG rally_openstack.cleanup.manager [-] Deleting neutron.network object s_rally_77060e67_qYvOK4Yg (fd323f83-fd3e-49f3-a021-90aaf78171fd)
2019-06-30 09:31:46.354 22705 RALLYDEBUG rally_openstack.cleanup.manager [-] Cleaning up neutron router objects
2019-06-30 09:31:47.038 22705 RALLYDEBUG rally_openstack.cleanup.manager [-] Cleaning up neutron security_group objects
2019-06-30 09:31:47.693 22705 INFO rally.task.context [-] Task 68a32721-3ad3-4eb7-9186-796c0ea95e96 | Context cleanup@openstack cleanup() finished in 19.54 sec
2019-06-30 09:31:47.693 22705 INFO rally.task.context [-] Task 68a32721-3ad3-4eb7-9186-796c0ea95e96 | Context quotas@openstack cleanup() started
2019-06-30 09:31:47.977 22705 INFO rally.task.context [-] Task 68a32721-3ad3-4eb7-9186-796c0ea95e96 | Context quotas@openstack cleanup() finished in 0.28 sec
2019-06-30 09:31:47.977 22705 INFO rally.task.context [-] Task 68a32721-3ad3-4eb7-9186-796c0ea95e96 | Context users@openstack cleanup() started
2019-06-30 09:31:52.219 22705 INFO rally.task.context [-] Task 68a32721-3ad3-4eb7-9186-796c0ea95e96 | Context users@openstack cleanup() finished in 4.24 sec
2019-06-30 09:31:53.596 22705 INFO rally.task.engine [-] Load duration is: 38.007795
2019-06-30 09:31:53.596 22705 INFO rally.task.engine [-] Full runner duration is: 38.053714
2019-06-30 09:31:53.597 22705 INFO rally.task.engine [-] Full duration is: 66.889465
2019-06-30 09:31:53.977 22705 INFO rally.task.engine [-] Running workload: position = 0 config = { "version": 2, "title": "A cropped version of a bigger task.", "description": "Auto-generated task from a single workload (uuid=885336f3-ca6b-4ec9-909e-dcd4239490b1)", "subtasks": [ { "title": "NeutronNetworks.create_and_list_routers", "description": "Create and a given number of routers and list all routers.", "scenario": { "NeutronNetworks.create_and_list_routers": { "network_create_args": null, "subnet_create_args": null, "subnet_cidr_start": "1.1.0.0/30", "subnets_per_network": 2, "router_create_args": null } }, "contexts": { "users": { "tenants": 1, "users_per_tenant": 1 }, "quotas": { "neutron": { "network": -1, "subnet": -1, "router": -1 } } }, "runner": { "constant": { "times": 40, "concurrency": 20 } }, "hooks": [], "sla": { "failure_rate": { "max": 0 } } } ] }
2019-06-30 09:31:54.001 22705 RALLYDEBUG rally_openstack.contexts.keystone.users [-] Creating 1 tenants using 20 threads
2019-06-30 09:31:55.753 22705 RALLYDEBUG rally_openstack.contexts.keystone.users [-] Creating 1 users using 20 threads
2019-06-30 09:31:58.201 22705 INFO rally.task.context [-] Task 68a32721-3ad3-4eb7-9186-796c0ea95e96 | Context users@openstack setup() finished in 4.20 sec
2019-06-30 09:31:58.973 22705 INFO rally.task.context [-] Task 68a32721-3ad3-4eb7-9186-796c0ea95e96 | Context quotas@openstack setup() finished in 0.77 sec
2019-06-30 09:31:58.974 22705 INFO rally.task.context [-] Task 68a32721-3ad3-4eb7-9186-796c0ea95e96 | Context cleanup@openstack setup() finished in 0.01 msec
2019-06-30 09:31:58.981 22705 RALLYDEBUG rally.task.runner [-] Starting the constant runner (task UUID: 68a32721-3ad3-4eb7-9186-796c0ea95e96). timeout: 0 concurrency: 20 concurrency_per_worker: 1 times: 40 concurrency_overhead: 4 processes_to_start: 16 max_cpu_used: 16
2019-06-30 09:31:58.995 25169 RALLYDEBUG rally.task.runner [-] Starting a worker. concurrency: 2 args: {"network_create_args": null, "subnet_create_args": null, "subnet_cidr_start": "1.1.0.0/30", "subnets_per_network": 2, "router_create_args": null} times: 40 method_name: run timeout: 0 duration: None cls:
2019-06-30 09:31:58.998 25170 RALLYDEBUG rally.task.runner [-] Starting a worker. concurrency: 2 args: {"network_create_args": null, "subnet_create_args": null, "subnet_cidr_start": "1.1.0.0/30", "subnets_per_network": 2, "router_create_args": null} times: 40 method_name: run timeout: 0 duration: None cls:
2019-06-30 09:31:59.001 25171 RALLYDEBUG rally.task.runner [-] Starting a worker. concurrency: 2 args: {"network_create_args": null, "subnet_create_args": null, "subnet_cidr_start": "1.1.0.0/30", "subnets_per_network": 2, "router_create_args": null} times: 40 method_name: run timeout: 0 duration: None cls:
2019-06-30 09:31:59.003 25172 RALLYDEBUG rally.task.runner [-] Starting a worker. concurrency: 2 args: {"network_create_args": null, "subnet_create_args": null, "subnet_cidr_start": "1.1.0.0/30", "subnets_per_network": 2, "router_create_args": null} times: 40 method_name: run timeout: 0 duration: None cls:
2019-06-30 09:31:59.003 25169 INFO rally.task.runner [-] Task 68a32721-3ad3-4eb7-9186-796c0ea95e96 | ITER: 1 START
2019-06-30 09:31:59.007 25173 RALLYDEBUG rally.task.runner [-] Starting a worker. concurrency: 1 args: {"network_create_args": null, "subnet_create_args": null, "subnet_cidr_start": "1.1.0.0/30", "subnets_per_network": 2, "router_create_args": null} times: 40 method_name: run timeout: 0 duration: None cls:
2019-06-30 09:31:59.004 25169 INFO rally.task.runner [-] Task 68a32721-3ad3-4eb7-9186-796c0ea95e96 | ITER: 2 START
2019-06-30 09:31:59.008 25170 INFO rally.task.runner [-] Task 68a32721-3ad3-4eb7-9186-796c0ea95e96 | ITER: 5 START
2019-06-30 09:31:59.010 25171 INFO rally.task.runner [-] Task 68a32721-3ad3-4eb7-9186-796c0ea95e96 | ITER: 4 START
2019-06-30 09:31:59.011 25177 RALLYDEBUG rally.task.runner [-] Starting a worker. concurrency: 1 args: {"network_create_args": null, "subnet_create_args": null, "subnet_cidr_start": "1.1.0.0/30", "subnets_per_network": 2, "router_create_args": null} times: 40 method_name: run timeout: 0 duration: None cls:
2019-06-30 09:31:59.013 25173 INFO rally.task.runner [-] Task 68a32721-3ad3-4eb7-9186-796c0ea95e96 | ITER: 8 START
2019-06-30 09:31:59.013 25181 RALLYDEBUG rally.task.runner [-] Starting a worker. concurrency: 1 args: {"network_create_args": null, "subnet_create_args": null, "subnet_cidr_start": "1.1.0.0/30", "subnets_per_network": 2, "router_create_args": null} times: 40 method_name: run timeout: 0 duration: None cls:
2019-06-30 09:31:59.014 25172 INFO rally.task.runner [-] Task 68a32721-3ad3-4eb7-9186-796c0ea95e96 | ITER: 6 START
2019-06-30 09:31:59.009 25170 INFO rally.task.runner [-] Task 68a32721-3ad3-4eb7-9186-796c0ea95e96 | ITER: 3 START
2019-06-30 09:31:59.011 25171 INFO rally.task.runner [-] Task 68a32721-3ad3-4eb7-9186-796c0ea95e96 | ITER: 7 START
2019-06-30 09:31:59.017 25172 INFO rally.task.runner [-] Task 68a32721-3ad3-4eb7-9186-796c0ea95e96 | ITER: 9 START
2019-06-30 09:31:59.018 25177 INFO rally.task.runner [-] Task 68a32721-3ad3-4eb7-9186-796c0ea95e96 | ITER: 10 START
2019-06-30 09:31:59.019 25181 INFO rally.task.runner [-] Task 68a32721-3ad3-4eb7-9186-796c0ea95e96 | ITER: 11 START
2019-06-30 09:31:59.018 25188 RALLYDEBUG rally.task.runner [-] Starting a worker. concurrency: 1 args: {"network_create_args": null, "subnet_create_args": null, "subnet_cidr_start": "1.1.0.0/30", "subnets_per_network": 2, "router_create_args": null} times: 40 method_name: run timeout: 0 duration: None cls:
2019-06-30 09:31:59.025 25188 INFO rally.task.runner [-] Task 68a32721-3ad3-4eb7-9186-796c0ea95e96 | ITER: 12 START
2019-06-30 09:31:59.027 25195 RALLYDEBUG rally.task.runner [-] Starting a worker. concurrency: 1 args: {"network_create_args": null, "subnet_create_args": null, "subnet_cidr_start": "1.1.0.0/30", "subnets_per_network": 2, "router_create_args": null} times: 40 method_name: run timeout: 0 duration: None cls:
2019-06-30 09:31:59.033 25195 INFO rally.task.runner [-] Task 68a32721-3ad3-4eb7-9186-796c0ea95e96 | ITER: 13 START
2019-06-30 09:31:59.034 25198 RALLYDEBUG rally.task.runner [-] Starting a worker. concurrency: 1 args: {"network_create_args": null, "subnet_create_args": null, "subnet_cidr_start": "1.1.0.0/30", "subnets_per_network": 2, "router_create_args": null} times: 40 method_name: run timeout: 0 duration: None cls:
2019-06-30 09:31:59.039 25198 INFO rally.task.runner [-] Task 68a32721-3ad3-4eb7-9186-796c0ea95e96 | ITER: 14 START
2019-06-30 09:31:59.043 25201 RALLYDEBUG rally.task.runner [-] Starting a worker. concurrency: 1 args: {"network_create_args": null, "subnet_create_args": null, "subnet_cidr_start": "1.1.0.0/30", "subnets_per_network": 2, "router_create_args": null} times: 40 method_name: run timeout: 0 duration: None cls:
2019-06-30 09:31:59.044 25202 RALLYDEBUG rally.task.runner [-] Starting a worker. concurrency: 1 args: {"network_create_args": null, "subnet_create_args": null, "subnet_cidr_start": "1.1.0.0/30", "subnets_per_network": 2, "router_create_args": null} times: 40 method_name: run timeout: 0 duration: None cls:
2019-06-30 09:31:59.050 25205 RALLYDEBUG rally.task.runner [-] Starting a worker. concurrency: 1 args: {"network_create_args": null, "subnet_create_args": null, "subnet_cidr_start": "1.1.0.0/30", "subnets_per_network": 2, "router_create_args": null} times: 40 method_name: run timeout: 0 duration: None cls:
2019-06-30 09:31:59.051 25201 INFO rally.task.runner [-] Task 68a32721-3ad3-4eb7-9186-796c0ea95e96 | ITER: 15 START
2019-06-30 09:31:59.051 25202 INFO rally.task.runner [-] Task 68a32721-3ad3-4eb7-9186-796c0ea95e96 | ITER: 16 START
2019-06-30 09:31:59.054 25205 INFO rally.task.runner [-] Task 68a32721-3ad3-4eb7-9186-796c0ea95e96 | ITER: 17 START
2019-06-30 09:31:59.054 25206 RALLYDEBUG rally.task.runner [-] Starting a worker. concurrency: 1 args: {"network_create_args": null, "subnet_create_args": null, "subnet_cidr_start": "1.1.0.0/30", "subnets_per_network": 2, "router_create_args": null} times: 40 method_name: run timeout: 0 duration: None cls:
2019-06-30 09:31:59.061 25213 RALLYDEBUG rally.task.runner [-] Starting a worker. concurrency: 1 args: {"network_create_args": null, "subnet_create_args": null, "subnet_cidr_start": "1.1.0.0/30", "subnets_per_network": 2, "router_create_args": null} times: 40 method_name: run timeout: 0 duration: None cls:
2019-06-30 09:31:59.062 25206 INFO rally.task.runner [-] Task 68a32721-3ad3-4eb7-9186-796c0ea95e96 | ITER: 18 START
2019-06-30 09:31:59.065 25213 INFO rally.task.runner [-] Task 68a32721-3ad3-4eb7-9186-796c0ea95e96 | ITER: 19 START
2019-06-30 09:31:59.067 25216 RALLYDEBUG rally.task.runner [-] Starting a worker. concurrency: 1 args: {"network_create_args": null, "subnet_create_args": null, "subnet_cidr_start": "1.1.0.0/30", "subnets_per_network": 2, "router_create_args": null} times: 40 method_name: run timeout: 0 duration: None cls:
2019-06-30 09:31:59.071 25216 INFO rally.task.runner [-] Task 68a32721-3ad3-4eb7-9186-796c0ea95e96 | ITER: 20 START
2019-06-30 09:32:00.781 25170 RALLYDEBUG rally_openstack.wrappers.network [-] CIDR generated: 1.1.5.160/30
2019-06-30 09:32:00.797 25171 RALLYDEBUG rally_openstack.wrappers.network [-] CIDR generated: 1.1.5.164/30
2019-06-30 09:32:00.818 25177 RALLYDEBUG rally_openstack.wrappers.network [-] CIDR generated: 1.1.5.168/30
2019-06-30 09:32:00.854 25170 RALLYDEBUG rally_openstack.wrappers.network [-] CIDR generated: 1.1.5.172/30
2019-06-30 09:32:01.079 25172 RALLYDEBUG rally_openstack.wrappers.network [-] CIDR generated: 1.1.5.176/30
2019-06-30 09:32:01.180 25172 RALLYDEBUG rally_openstack.wrappers.network [-] CIDR generated: 1.1.5.180/30
2019-06-30 09:32:01.300 25195 RALLYDEBUG rally_openstack.wrappers.network [-] CIDR generated: 1.1.5.184/30
2019-06-30 09:32:01.498 25198 RALLYDEBUG rally_openstack.wrappers.network [-] CIDR generated: 1.1.5.188/30
2019-06-30 09:32:01.527 25202 RALLYDEBUG rally_openstack.wrappers.network [-] CIDR generated: 1.1.5.192/30
2019-06-30 09:32:01.528 25213 RALLYDEBUG rally_openstack.wrappers.network [-] CIDR generated: 1.1.5.196/30
2019-06-30 09:32:01.602 25205 RALLYDEBUG rally_openstack.wrappers.network [-] CIDR generated: 1.1.5.200/30
2019-06-30 09:32:01.613 25169 RALLYDEBUG rally_openstack.wrappers.network [-] CIDR generated: 1.1.5.204/30
2019-06-30 09:32:01.700 25173 RALLYDEBUG rally_openstack.wrappers.network [-] CIDR generated: 1.1.5.208/30
2019-06-30 09:32:01.718 25216 RALLYDEBUG rally_openstack.wrappers.network [-] CIDR generated: 1.1.5.212/30
2019-06-30 09:32:01.775 25169 RALLYDEBUG rally_openstack.wrappers.network [-] CIDR generated: 1.1.5.216/30
2019-06-30 09:32:01.836 25201 RALLYDEBUG rally_openstack.wrappers.network [-] CIDR generated: 1.1.5.220/30
2019-06-30 09:32:01.915 25171 RALLYDEBUG rally_openstack.wrappers.network [-] CIDR generated: 1.1.5.224/30
2019-06-30 09:32:01.981 25171 RALLYDEBUG rally_openstack.wrappers.network [-] CIDR generated: 1.1.5.228/30
2019-06-30 09:32:02.170 25177 RALLYDEBUG rally_openstack.wrappers.network [-] CIDR generated: 1.1.5.232/30
2019-06-30 09:32:02.209 25181 RALLYDEBUG rally_openstack.wrappers.network [-] CIDR generated: 1.1.5.236/30
2019-06-30 09:32:02.266 25170 RALLYDEBUG rally_openstack.wrappers.network [-] CIDR generated: 1.1.5.240/30
2019-06-30 09:32:02.468 25172 RALLYDEBUG rally_openstack.wrappers.network [-] CIDR generated: 1.1.5.244/30
2019-06-30 09:32:02.483 25188 RALLYDEBUG rally_openstack.wrappers.network [-] CIDR generated: 1.1.5.248/30
2019-06-30 09:32:03.659 25206 RALLYDEBUG rally_openstack.wrappers.network [-] CIDR generated: 1.1.5.252/30
2019-06-30 09:32:04.827 25170 RALLYDEBUG rally_openstack.wrappers.network [-] CIDR generated: 1.1.6.0/30
2019-06-30 09:32:05.121 25195 RALLYDEBUG rally_openstack.wrappers.network [-] CIDR generated: 1.1.6.4/30
2019-06-30 09:32:05.464 25205 RALLYDEBUG rally_openstack.wrappers.network [-] CIDR generated: 1.1.6.8/30
2019-06-30 09:32:05.464 25216 RALLYDEBUG rally_openstack.wrappers.network [-] CIDR generated: 1.1.6.12/30
2019-06-30 09:32:05.820 25213 RALLYDEBUG rally_openstack.wrappers.network [-] CIDR generated: 1.1.6.16/30
2019-06-30 09:32:06.365 25198 RALLYDEBUG rally_openstack.wrappers.network [-] CIDR generated: 1.1.6.20/30
2019-06-30 09:32:06.678 25181 RALLYDEBUG rally_openstack.wrappers.network [-] CIDR generated: 1.1.6.24/30
2019-06-30 09:32:07.101 25169 RALLYDEBUG rally_openstack.wrappers.network [-] CIDR generated: 1.1.6.28/30
2019-06-30 09:32:07.106 25169 RALLYDEBUG rally_openstack.wrappers.network [-] CIDR generated: 1.1.6.32/30
2019-06-30 09:32:07.764 25171 RALLYDEBUG rally_openstack.wrappers.network [-] CIDR generated: 1.1.6.36/30
2019-06-30 09:32:08.735 25172 RALLYDEBUG rally_openstack.wrappers.network [-] CIDR generated: 1.1.6.40/30
2019-06-30 09:32:09.124 25202 RALLYDEBUG rally_openstack.wrappers.network [-] CIDR generated: 1.1.6.44/30
2019-06-30 09:32:09.280 25173 RALLYDEBUG rally_openstack.wrappers.network [-] CIDR generated: 1.1.6.48/30
2019-06-30 09:32:09.351 25201 RALLYDEBUG rally_openstack.wrappers.network [-] CIDR generated: 1.1.6.52/30
2019-06-30 09:32:10.046 25188 RALLYDEBUG rally_openstack.wrappers.network [-] CIDR generated: 1.1.6.56/30
2019-06-30 09:32:10.577 25206 RALLYDEBUG rally_openstack.wrappers.network [-] CIDR generated: 1.1.6.60/30
2019-06-30 09:32:12.351 25177 INFO rally.task.runner [-] Task 68a32721-3ad3-4eb7-9186-796c0ea95e96 | ITER: 10 END: OK
2019-06-30 09:32:12.355 25177 INFO rally.task.runner [-] Task 68a32721-3ad3-4eb7-9186-796c0ea95e96 | ITER: 21 START
2019-06-30 09:32:12.499 25171 INFO rally.task.runner [-] Task 68a32721-3ad3-4eb7-9186-796c0ea95e96 | ITER: 4 END: OK
2019-06-30 09:32:12.504 25171 INFO rally.task.runner [-] Task 68a32721-3ad3-4eb7-9186-796c0ea95e96 | ITER: 22 START
2019-06-30 09:32:13.395 25172 INFO rally.task.runner [-] Task 68a32721-3ad3-4eb7-9186-796c0ea95e96 | ITER: 9 END: OK
2019-06-30 09:32:13.399 25172 INFO rally.task.runner [-] Task 68a32721-3ad3-4eb7-9186-796c0ea95e96 | ITER: 23 START
2019-06-30 09:32:13.678 25170 INFO rally.task.runner [-] Task 68a32721-3ad3-4eb7-9186-796c0ea95e96 | ITER: 3 END: OK
2019-06-30 09:32:13.683 25170 INFO rally.task.runner [-] Task 68a32721-3ad3-4eb7-9186-796c0ea95e96 | ITER: 24 START
2019-06-30 09:32:13.724 25177 RALLYDEBUG rally_openstack.wrappers.network [-] CIDR generated: 1.1.6.64/30
2019-06-30 09:32:13.852 25171 RALLYDEBUG rally_openstack.wrappers.network [-] CIDR generated: 1.1.6.68/30
2019-06-30 09:32:15.060 25172 RALLYDEBUG rally_openstack.wrappers.network [-] CIDR generated: 1.1.6.72/30
2019-06-30 09:32:15.421 25170 RALLYDEBUG rally_openstack.wrappers.network [-] CIDR generated: 1.1.6.76/30
