2019-06-30 09:45:28.571 22705 RALLYDEBUG rally_openstack.cleanup.manager [-] Deleting neutron.port object s_rally_c867b608_bFgpeeBU (57883923-4313-4e70-be63-809ec808d7e6)
2019-06-30 09:45:28.726 22705 RALLYDEBUG rally_openstack.cleanup.manager [-] Deleting neutron.port object s_rally_c867b608_Io4GmnHK (590be4c3-4a49-4b81-a868-4a0952e6bd58)
2019-06-30 09:45:28.774 22705 RALLYDEBUG rally_openstack.cleanup.manager [-] Deleting neutron.port object s_rally_c867b608_EpjfQ6eW (5a9c764f-4a7a-4cc3-8911-cbfa9f7468ed)
2019-06-30 09:45:28.803 22705 RALLYDEBUG rally_openstack.cleanup.manager [-] Deleting neutron.port object s_rally_c867b608_6C8hpGsV (5bd13985-7371-4af5-94b3-3c021cf30f1f)
2019-06-30 09:45:28.982 22705 RALLYDEBUG rally_openstack.cleanup.manager [-] Deleting neutron.port object s_rally_c867b608_yuzu9LKF (5c277ad1-78c9-4f0b-a47f-59ae09078711)
2019-06-30 09:45:29.003 22705 RALLYDEBUG rally_openstack.cleanup.manager [-] Deleting neutron.port object s_rally_c867b608_I7hjYhfg (5d80ce3e-ce08-4d20-a6af-243a9b0453fd)
2019-06-30 09:45:29.126 22705 RALLYDEBUG rally_openstack.cleanup.manager [-] Deleting neutron.port object s_rally_c867b608_mUF1dHBH (5e7951b7-a50e-40b6-bed4-b33e28aaaf40)
2019-06-30 09:45:29.184 22705 RALLYDEBUG rally_openstack.cleanup.manager [-] Deleting neutron.port object s_rally_c867b608_39l3KOzH (60865616-d1de-4c31-aa9b-88874adf300a)
2019-06-30 09:45:29.434 22705 RALLYDEBUG rally_openstack.cleanup.manager [-] Deleting neutron.port object s_rally_c867b608_LGfpXEFK (60ba4b29-cf23-483a-8097-861bf435b894)
2019-06-30 09:45:29.441 22705 RALLYDEBUG rally_openstack.cleanup.manager [-] Deleting neutron.port object s_rally_c867b608_SVoBWmQb (60e5ec8d-0f04-4822-b628-06c90782d92b)
2019-06-30 09:45:29.494 22705 RALLYDEBUG rally_openstack.cleanup.manager [-] Deleting neutron.port object s_rally_c867b608_IY0LJgDY (63aa1178-4be5-4c6e-bfbd-2773d7b91b63)
2019-06-30 09:45:29.553 22705 RALLYDEBUG rally_openstack.cleanup.manager [-] Deleting neutron.port object s_rally_c867b608_oQKlbEXk (645d919e-ad33-4e99-bac3-17fdbe59c60d)
2019-06-30 09:45:29.876 22705 RALLYDEBUG rally_openstack.cleanup.manager [-] Deleting neutron.port object s_rally_c867b608_Cr5d7Rxi (65103fef-7582-43f1-a16e-ce767f83cbca)
2019-06-30 09:45:29.882 22705 RALLYDEBUG rally_openstack.cleanup.manager [-] Deleting neutron.port object s_rally_c867b608_YdU7265b (67aae491-145b-4cf9-9083-04461b38c3da)
2019-06-30 09:45:30.678 22705 RALLYDEBUG rally_openstack.cleanup.manager [-] Deleting neutron.port object s_rally_c867b608_WGRw8rvt (6ac6eeb6-4d5c-497e-8d0d-505264ceaddc)
2019-06-30 09:45:30.889 22705 RALLYDEBUG rally_openstack.cleanup.manager [-] Deleting neutron.port object s_rally_c867b608_C1PK9Axi (6c3c1d0e-066a-46be-9473-ea5d0916fd40)
2019-06-30 09:45:31.126 22705 RALLYDEBUG rally_openstack.cleanup.manager [-] Deleting neutron.port object s_rally_c867b608_vpZCGYWH (6c4e8450-af0f-4053-a090-10c9d5b4a72d)
2019-06-30 09:45:31.589 22705 RALLYDEBUG rally_openstack.cleanup.manager [-] Deleting neutron.port object s_rally_c867b608_j9u2c69h (6ca22d96-85cc-40d5-8589-1e3e28b4bd58)
2019-06-30 09:45:31.625 22705 RALLYDEBUG rally_openstack.cleanup.manager [-] Deleting neutron.port object s_rally_c867b608_pqXt7BoA (70829736-1a63-4d14-8d3c-daa72db3c2e9)
2019-06-30 09:45:31.625 22705 RALLYDEBUG rally_openstack.cleanup.manager [-] Deleting neutron.port object s_rally_c867b608_sXxC3zpR (70035831-98a2-480c-a909-4332aac3aa55)
2019-06-30 09:45:31.880 22705 RALLYDEBUG rally_openstack.cleanup.manager [-] Deleting neutron.port object s_rally_c867b608_fRnpFQfc (711850c8-f73b-4893-abb7-fd19e17e8c83)
2019-06-30 09:45:31.956 22705 RALLYDEBUG rally_openstack.cleanup.manager [-] Deleting neutron.port object s_rally_c867b608_3FCLvAaA (7164ef62-f457-4f75-b92e-43a1d823c4a1)
2019-06-30 09:45:32.104 22705 RALLYDEBUG rally_openstack.cleanup.manager [-] Deleting neutron.port object s_rally_c867b608_3hMwoF4w (71878c1e-e6f0-494e-89c3-095ad01a9f0e)
2019-06-30 09:45:32.144 22705 RALLYDEBUG rally_openstack.cleanup.manager [-] Deleting neutron.port object s_rally_c867b608_KlcC7KOX (73aa3935-627a-4902-ac5b-7a5cc80e27f8)
2019-06-30 09:45:32.482 22705 RALLYDEBUG rally_openstack.cleanup.manager [-] Deleting neutron.port object s_rally_c867b608_LZlYPTMe (74215c4c-d760-43a9-b09d-94cbaaf3f4d9)
2019-06-30 09:45:32.589 22705 RALLYDEBUG rally_openstack.cleanup.manager [-] Deleting neutron.port object s_rally_c867b608_Jvlc6ttG (757c885d-6775-4cd3-b394-16c00626e656)
2019-06-30 09:45:32.637 22705 RALLYDEBUG rally_openstack.cleanup.manager [-] Deleting neutron.port object s_rally_c867b608_AiwjiiSt (75a2265b-6a29-4c1e-80a2-9e0f6df49856)
2019-06-30 09:45:32.640 22705 RALLYDEBUG rally_openstack.cleanup.manager [-] Deleting neutron.port object s_rally_c867b608_4QAHvjoe (75af1d96-e802-42c0-b137-53e102bfe673)
2019-06-30 09:45:32.649 22705 RALLYDEBUG rally_openstack.cleanup.manager [-] Deleting neutron.port object s_rally_c867b608_tTi3FuNQ (76c962dc-aecc-4163-996f-350e411cf453)
2019-06-30 09:45:32.655 22705 RALLYDEBUG rally_openstack.cleanup.manager [-] Deleting neutron.port object s_rally_c867b608_IUhaY9zu (76d3a524-78f9-49c4-8f0e-4a20099f1641)
2019-06-30 09:45:32.695 22705 RALLYDEBUG rally_openstack.cleanup.manager [-] Deleting neutron.port object s_rally_c867b608_hLM3aFxW (7954e365-2561-460a-8788-1a14144f33c9)
2019-06-30 09:45:32.715 22705 RALLYDEBUG rally_openstack.cleanup.manager [-] Deleting neutron.port object s_rally_c867b608_5KASr6o1 (79a721d2-55fb-44f4-8c58-daf95aa764c2)
2019-06-30 09:45:33.127 22705 RALLYDEBUG rally_openstack.cleanup.manager [-] Deleting neutron.port object s_rally_c867b608_oAVzRocO (7a5dd85d-e876-4144-be56-c45608d7c58e)
2019-06-30 09:45:33.199 22705 RALLYDEBUG rally_openstack.cleanup.manager [-] Deleting neutron.port object s_rally_c867b608_HY73ls3A (7a7364a2-9f88-423c-bbd6-356e0857da51)
2019-06-30 09:45:33.220 22705 RALLYDEBUG rally_openstack.cleanup.manager [-] Deleting neutron.port object s_rally_c867b608_V3UGaG0k (7c41146a-559c-459e-b88d-fed58f2ede39)
2019-06-30 09:45:33.351 22705 RALLYDEBUG rally_openstack.cleanup.manager [-] Deleting neutron.port object s_rally_c867b608_LwzS1WzZ (7dc98724-d5f0-40e9-8612-c3dbf6574761)
2019-06-30 09:45:33.418 22705 RALLYDEBUG rally_openstack.cleanup.manager [-] Deleting neutron.port object s_rally_c867b608_z0z0IJPU (7e3ad6ba-7606-46f6-a972-2e71012927c9)
2019-06-30 09:45:34.024 22705 RALLYDEBUG rally_openstack.cleanup.manager [-] Deleting neutron.port object s_rally_c867b608_kTNtb0Kn (7fc02f39-e885-43d2-9572-bf04cc6b45b4)
2019-06-30 09:45:34.096 22705 RALLYDEBUG rally_openstack.cleanup.manager [-] Deleting neutron.port object s_rally_c867b608_tT6heMZx (80cbe7c7-14a7-4d46-913b-3d34df15e2be)
2019-06-30 09:45:34.339 22705 RALLYDEBUG rally_openstack.cleanup.manager [-] Deleting neutron.port object s_rally_c867b608_HCTVuVZV (80fcb479-df06-481a-9de6-e814d104e097)
2019-06-30 09:45:34.371 22705 RALLYDEBUG rally_openstack.cleanup.manager [-] Deleting neutron.port object s_rally_c867b608_iyCVNJc5 (8265f588-7bd4-484c-b05c-5df959ae55d7)
2019-06-30 09:45:35.262 22705 RALLYDEBUG rally_openstack.cleanup.manager [-] Deleting neutron.port object s_rally_c867b608_wT6j8aDX (82ccfdac-d273-471d-a877-928c856ab6c6)
2019-06-30 09:45:35.336 22705 RALLYDEBUG rally_openstack.cleanup.manager [-] Deleting neutron.port object s_rally_c867b608_Z25X3g5A (840729df-42d0-4bfd-9cd2-56aa6e5f5725)
2019-06-30 09:45:35.385 22705 RALLYDEBUG rally_openstack.cleanup.manager [-] Deleting neutron.port object s_rally_c867b608_HFFPZSmD (85dd08a6-67c9-4ce1-aa43-846807566426)
2019-06-30 09:45:35.400 22705 RALLYDEBUG rally_openstack.cleanup.manager [-] Deleting neutron.port object s_rally_c867b608_4Dl2gH7y (86138295-356f-401f-9599-64d7c0868f45)
2019-06-30 09:45:35.598 22705 RALLYDEBUG rally_openstack.cleanup.manager [-] Deleting neutron.port object s_rally_c867b608_WE9oAOqb (86141a96-3d30-45e9-bace-42960cec0a61)
2019-06-30 09:45:35.612 22705 RALLYDEBUG rally_openstack.cleanup.manager [-] Deleting neutron.port object s_rally_c867b608_EFkaEote (86fa14c9-cbc5-40b7-8743-0879ddd92af5)
2019-06-30 09:45:35.831 22705 RALLYDEBUG rally_openstack.cleanup.manager [-] Deleting neutron.port object s_rally_c867b608_ft0w4Fyj (87597e78-d108-41b4-bfb8-025a2d99d0fa)
2019-06-30 09:45:35.859 22705 RALLYDEBUG rally_openstack.cleanup.manager [-] Deleting neutron.port object s_rally_c867b608_63lrMp96 (88c11645-2c8b-4458-b0db-06d3b51689f9)
2019-06-30 09:45:35.907 22705 RALLYDEBUG rally_openstack.cleanup.manager [-] Deleting neutron.port object s_rally_c867b608_FZCCvWCN (8a12c04c-2688-4d2d-a759-6d8f93787d45)
2019-06-30 09:45:35.908 22705 RALLYDEBUG rally_openstack.cleanup.manager [-] Deleting neutron.port object s_rally_c867b608_yxm7fEYv (896a1d81-3b51-4ae2-bc59-f34fd1b1c136)
2019-06-30 09:45:36.043 22705 RALLYDEBUG rally_openstack.cleanup.manager [-] Deleting neutron.port object s_rally_c867b608_vS7i7YLU (8a684175-e8aa-4b92-8c86-c6f9df7f2a9d)
2019-06-30 09:45:36.335 22705 RALLYDEBUG rally_openstack.cleanup.manager [-] Deleting neutron.port object s_rally_c867b608_Rad1lYcD (8badb333-0dc5-4535-9ee9-59b501bc17de)
2019-06-30 09:45:36.455 22705 RALLYDEBUG rally_openstack.cleanup.manager [-] Deleting neutron.port object s_rally_c867b608_R537sCtB (8c5fa131-8e44-45a6-8e82-697594523251)
2019-06-30 09:45:36.462 22705 RALLYDEBUG rally_openstack.cleanup.manager [-] Deleting neutron.port object s_rally_c867b608_r7Qd8XP8 (8c9d1d63-d4a4-4b6d-b0bc-bd31b2d14bdc)
2019-06-30 09:45:36.467 22705 RALLYDEBUG rally_openstack.cleanup.manager [-] Deleting neutron.port object s_rally_c867b608_7yWR9hRd (8e379c3a-2708-4d28-906e-40b24355bcfe)
2019-06-30 09:45:36.562 22705 RALLYDEBUG rally_openstack.cleanup.manager [-] Deleting neutron.port object s_rally_c867b608_bHepzjXR (9163466f-81f3-4185-a8e3-5b1c45ebb42d)
2019-06-30 09:45:36.629 22705 RALLYDEBUG rally_openstack.cleanup.manager [-] Deleting neutron.port object s_rally_c867b608_d0XJpz6q (9222a319-1637-4b48-a352-3678f42e4fa7)
2019-06-30 09:45:36.811 22705 RALLYDEBUG rally_openstack.cleanup.manager [-] Deleting neutron.port object s_rally_c867b608_Po789r0q (94d55206-ed65-436e-ad23-556bc20865d7)
2019-06-30 09:45:37.431 22705 RALLYDEBUG rally_openstack.cleanup.manager [-] Deleting neutron.port object s_rally_c867b608_ngNMA47v (95a2895d-2fa0-4593-8886-34f7a97fda97)
2019-06-30 09:45:37.431 22705 RALLYDEBUG rally_openstack.cleanup.manager [-] Deleting neutron.port object s_rally_c867b608_p3cabKRS (9578af4d-b926-48a6-ba63-4b530e1c17e3)
2019-06-30 09:45:37.571 22705 RALLYDEBUG rally_openstack.cleanup.manager [-] Deleting neutron.port object s_rally_c867b608_CF4nh9uI (9752c97d-9a0d-4f36-8b6d-4fa61a1b18d6)
2019-06-30 09:45:38.218 22705 RALLYDEBUG rally_openstack.cleanup.manager [-] Deleting neutron.port object s_rally_c867b608_7TLO9NsN (98e8a4ca-1da1-4059-8ab5-1f9591db9e69)
2019-06-30 09:45:38.387 22705 RALLYDEBUG rally_openstack.cleanup.manager [-] Deleting neutron.port object s_rally_c867b608_yI2t0es6 (9a3ac682-32da-42ae-8c3b-68d70721deb2)
2019-06-30 09:45:38.472 22705 RALLYDEBUG rally_openstack.cleanup.manager [-] Deleting neutron.port object s_rally_c867b608_uhykQgOe (9a3bdbbd-22cb-4118-a736-09611c77d7ff)
2019-06-30 09:45:38.572 22705 RALLYDEBUG rally_openstack.cleanup.manager [-] Deleting neutron.port object s_rally_c867b608_zLfdnR1A (9ae958bc-911b-4f88-8fed-3a27725a9dba)
2019-06-30 09:45:38.692 22705 RALLYDEBUG rally_openstack.cleanup.manager [-] Deleting neutron.port object s_rally_c867b608_fvOooqVQ (9cfd95e7-e068-47f1-8398-a5dadeec987e)
2019-06-30 09:45:38.877 22705 RALLYDEBUG rally_openstack.cleanup.manager [-] Deleting neutron.port object s_rally_c867b608_W275HFUy (9d3ac512-70d9-4232-911c-654b54ce5b90)
2019-06-30 09:45:38.923 22705 RALLYDEBUG rally_openstack.cleanup.manager [-] Deleting neutron.port object s_rally_c867b608_Tmb6yfLj (9eb2bcad-67d4-49ba-8e0f-54eb370100c9)
2019-06-30 09:45:39.132 22705 RALLYDEBUG rally_openstack.cleanup.manager [-] Deleting neutron.port object s_rally_c867b608_GqCfHuex (9fd62a69-4c21-4314-b161-28e1e2046cfa)
2019-06-30 09:45:39.237 22705 RALLYDEBUG rally_openstack.cleanup.manager [-] Deleting neutron.port object s_rally_c867b608_0fPb3CFG (a185efef-92c1-41d4-b824-9c573b96f035)
2019-06-30 09:45:39.605 22705 RALLYDEBUG rally_openstack.cleanup.manager [-] Deleting neutron.port object s_rally_c867b608_iQJrxhG6 (a283e29b-f09c-4efe-9c57-3df75258ed16)
2019-06-30 09:45:39.632 22705 RALLYDEBUG rally_openstack.cleanup.manager [-] Deleting neutron.port object s_rally_c867b608_G3UYbu0X (a442616f-4a92-43dc-a46e-ee349813324a)
2019-06-30 09:45:39.764 22705 RALLYDEBUG rally_openstack.cleanup.manager [-] Deleting neutron.port object s_rally_c867b608_OtnWWJUa (a4c268bd-a46c-4b94-8079-fc838a580c76)
2019-06-30 09:45:39.770 22705 RALLYDEBUG rally_openstack.cleanup.manager [-] Deleting neutron.port object s_rally_c867b608_C76zRuLL (a5fb2c32-4004-4e3f-84d9-85a174f0a080)
2019-06-30 09:45:39.779 22705 RALLYDEBUG rally_openstack.cleanup.manager [-] Deleting neutron.port object s_rally_c867b608_F2hh34vB (a6700d1e-f717-463c-b82f-0f60875e7637)
2019-06-30 09:45:39.795 22705 RALLYDEBUG rally_openstack.cleanup.manager [-] Deleting neutron.port object s_rally_c867b608_rtPP9cCX (a8342476-5fd3-46b6-9731-20f64f9e81c6)
2019-06-30 09:45:39.818 22705 RALLYDEBUG rally_openstack.cleanup.manager [-] Deleting neutron.port object s_rally_c867b608_abq76Buk (a985c721-a304-410b-8b3b-9c35970c7770)
2019-06-30 09:45:39.904 22705 RALLYDEBUG rally_openstack.cleanup.manager [-] Deleting neutron.port object s_rally_c867b608_VMSUveJ9 (ae500c0d-18a8-4dc6-b46a-f8af403274a7)
2019-06-30 09:45:40.007 22705 RALLYDEBUG rally_openstack.cleanup.manager [-] Deleting neutron.port object s_rally_c867b608_i4UsRVtd (aed22d26-9656-476a-9daa-139a94195719)
2019-06-30 09:45:40.334 22705 RALLYDEBUG rally_openstack.cleanup.manager [-] Deleting neutron.port object s_rally_c867b608_BWGKrUh1 (affe44a8-734c-4538-af00-6397f99d400f)
2019-06-30 09:45:40.334 22705 RALLYDEBUG rally_openstack.cleanup.manager [-] Deleting neutron.port object s_rally_c867b608_rqVVWAAS (af42cdb1-4c74-4b5e-891d-dde768d5d876)
2019-06-30 09:45:40.437 22705 RALLYDEBUG rally_openstack.cleanup.manager [-] Deleting neutron.port object s_rally_c867b608_IXxOFhY7 (b35501da-1e7a-4a29-9d08-8c4e14f5c50f)
2019-06-30 09:45:40.676 22705 RALLYDEBUG rally_openstack.cleanup.manager [-] Deleting neutron.port object s_rally_c867b608_iHEv4Pmh (b4f4a41b-3346-447b-bfb2-ad18268277b9)
2019-06-30 09:45:41.132 22705 RALLYDEBUG rally_openstack.cleanup.manager [-] Deleting neutron.port object s_rally_c867b608_0098cW7O (b506df3f-1e4d-4e18-b536-fff5bf30c9b2)
2019-06-30 09:45:41.203 22705 RALLYDEBUG rally_openstack.cleanup.manager [-] Deleting neutron.port object s_rally_c867b608_LabhWf6D (b5107d3a-5cc2-411a-92a4-19847038b1f4)
2019-06-30 09:45:41.408 22705 RALLYDEBUG rally_openstack.cleanup.manager [-] Deleting neutron.port object s_rally_c867b608_egPyTrgn (b84f8b1b-c94b-49bb-8057-74b1321402da)
2019-06-30 09:45:41.472 22705 RALLYDEBUG rally_openstack.cleanup.manager [-] Deleting neutron.port object s_rally_c867b608_PhkxgWDW (b95392ef-7b72-4e7d-be3c-c82e12114fab)
2019-06-30 09:45:41.680 22705 RALLYDEBUG rally_openstack.cleanup.manager [-] Deleting neutron.port object s_rally_c867b608_VmTplLve (ba34bf1d-d589-46dc-a8dc-ec5c7f905214)
2019-06-30 09:45:42.162 22705 RALLYDEBUG rally_openstack.cleanup.manager [-] Deleting neutron.port object s_rally_c867b608_kh8muin5 (bd06ed1f-b357-4ad9-98da-604178aad50a)
2019-06-30 09:45:42.279 22705 RALLYDEBUG rally_openstack.cleanup.manager [-] Deleting neutron.port object s_rally_c867b608_1iFzjiMt (bd623df0-0b4b-4119-9136-914e392c879d)
2019-06-30 09:45:42.314 22705 RALLYDEBUG rally_openstack.cleanup.manager [-] Deleting neutron.port object s_rally_c867b608_EAhfHy3p (bd86a5db-0075-475c-9c8d-099740b694df)
2019-06-30 09:45:42.735 22705 RALLYDEBUG rally_openstack.cleanup.manager [-] Deleting neutron.port object s_rally_c867b608_QjnnFgYE (bfee2e57-c7d6-45b2-b41c-02266636c767)
2019-06-30 09:45:42.808 22705 RALLYDEBUG rally_openstack.cleanup.manager [-] Deleting neutron.port object s_rally_c867b608_hJ7NOIMt (c50c20a8-92a6-4db7-a271-331f837bcb14)
2019-06-30 09:45:42.869 22705 RALLYDEBUG rally_openstack.cleanup.manager [-] Deleting neutron.port object s_rally_c867b608_JQvpbgI9 (c5607c61-da39-4e4f-9446-828ce4bd5c10)
2019-06-30 09:45:43.221 22705 RALLYDEBUG rally_openstack.cleanup.manager [-] Deleting neutron.port object s_rally_c867b608_9Bnvq9Ih (c56357de-5b05-41cd-8196-4153381db7b3)
2019-06-30 09:45:43.226 22705 RALLYDEBUG rally_openstack.cleanup.manager [-] Deleting neutron.port object s_rally_c867b608_lPzoKbuZ (cd54c231-1ae7-4e5f-936b-107fe072b085)
2019-06-30 09:45:43.630 22705 RALLYDEBUG rally_openstack.cleanup.manager [-] Deleting neutron.port object s_rally_c867b608_di7pkW41 (cf773a6f-62da-4e48-9efa-9e1ce6281d46)
2019-06-30 09:45:43.695 22705 RALLYDEBUG rally_openstack.cleanup.manager [-] Deleting neutron.port object s_rally_c867b608_yfPAck2C (d06e27db-dc95-41fc-ae14-da3c2215b679)
2019-06-30 09:45:43.744 22705 RALLYDEBUG rally_openstack.cleanup.manager [-] Deleting neutron.port object s_rally_c867b608_D4kXseOC (d1363206-1041-46bf-84e8-092568110eda)
2019-06-30 09:45:43.987 22705 RALLYDEBUG rally_openstack.cleanup.manager [-] Deleting neutron.port object s_rally_c867b608_AqdHkNVD (d14858e3-c140-4180-96f7-16d99609f843)
2019-06-30 09:45:44.023 22705 RALLYDEBUG rally_openstack.cleanup.manager [-] Deleting neutron.port object s_rally_c867b608_VZk6CCmr (d16a84a8-44cc-4a17-9c8a-8250df2ff4bc)
2019-06-30 09:45:44.048 22705 RALLYDEBUG rally_openstack.cleanup.manager [-] Deleting neutron.port object s_rally_c867b608_eKAUHNIi (d47f6b41-9ee3-49d5-9df3-538865a16779)
2019-06-30 09:45:44.052 22705 RALLYDEBUG rally_openstack.cleanup.manager [-] Deleting neutron.port object s_rally_c867b608_Mp2QvLgn (d5146a51-6022-4dae-9a58-2e948218267a)
2019-06-30 09:45:44.089 22705 RALLYDEBUG rally_openstack.cleanup.manager [-] Deleting neutron.port object s_rally_c867b608_aTpp1jrT (d611201e-cf74-4168-be4c-1003e1702567)
2019-06-30 09:45:44.251 22705 RALLYDEBUG rally_openstack.cleanup.manager [-] Deleting neutron.port object s_rally_c867b608_eyYA8rIG (d67dba4e-055e-429e-9951-642126103b38)
2019-06-30 09:45:44.255 22705 RALLYDEBUG rally_openstack.cleanup.manager [-] Deleting neutron.port object s_rally_c867b608_BCZe5Lew (d69126ed-c28e-49d9-a28e-1728089207f2)
2019-06-30 09:45:44.291 22705 RALLYDEBUG rally_openstack.cleanup.manager [-] Deleting neutron.port object s_rally_c867b608_NcP4IuEk (d72dad3e-a978-48ca-9ba9-7576a1f93c6b)
2019-06-30 09:45:44.317 22705 RALLYDEBUG rally_openstack.cleanup.manager [-] Deleting neutron.port object s_rally_c867b608_Pt8ZgZPQ (d828bfe5-9ced-4a7c-9442-45cf320b2908)
2019-06-30 09:45:45.116 22705 RALLYDEBUG rally_openstack.cleanup.manager [-] Deleting neutron.port object s_rally_c867b608_PpGMux6h (d8bd4922-7982-49e8-ae99-5ee4c1ffc8cc)
2019-06-30 09:45:45.199 22705 RALLYDEBUG rally_openstack.cleanup.manager [-] Deleting neutron.port object s_rally_c867b608_anMzsUHM (db21f714-8d50-4c42-9fa3-33be7f372d65)
2019-06-30 09:45:45.247 22705 RALLYDEBUG rally_openstack.cleanup.manager [-] Deleting neutron.port object s_rally_c867b608_zVYX78SD (de784314-1d0f-4dad-8bae-b56bb92ab1e9)
2019-06-30 09:45:45.533 22705 RALLYDEBUG rally_openstack.cleanup.manager [-] Deleting neutron.port object s_rally_c867b608_frrt9W5a (e0d56b6c-d587-454d-84e6-05637625fe14)
2019-06-30 09:45:45.706 22705 RALLYDEBUG rally_openstack.cleanup.manager [-] Deleting neutron.port object s_rally_c867b608_vfpeou31 (e7317ec0-1337-4845-9579-15fe227454da)
2019-06-30 09:45:45.711 22705 RALLYDEBUG rally_openstack.cleanup.manager [-] Deleting neutron.port object s_rally_c867b608_KHaYX3Ks (e65c4c54-1fdc-492f-9ee8-07f2b11c8500)
2019-06-30 09:45:45.865 22705 RALLYDEBUG rally_openstack.cleanup.manager [-] Deleting neutron.port object s_rally_c867b608_3qPgXBKF (e7db2558-63f1-45ae-8305-44a683ddb045)
2019-06-30 09:45:45.964 22705 RALLYDEBUG rally_openstack.cleanup.manager [-] Deleting neutron.port object s_rally_c867b608_L7y3SCEz (e85b740c-70b7-4c09-b7c6-4d6f5f4bdd9b)
2019-06-30 09:45:46.576 22705 RALLYDEBUG rally_openstack.cleanup.manager [-] Deleting neutron.port object s_rally_c867b608_t7KIzBvm (e8f66230-a1b2-4590-a54b-7bde8a4f22ec)
2019-06-30 09:45:46.584 22705 RALLYDEBUG rally_openstack.cleanup.manager [-] Deleting neutron.port object s_rally_c867b608_iMZGkEqM (e986673b-301e-4a14-81cc-92882e2c8537)
2019-06-30 09:45:46.838 22705 RALLYDEBUG rally_openstack.cleanup.manager [-] Deleting neutron.port object s_rally_c867b608_EfWbQvKf (ea4d13fc-eb36-4d75-a333-2a1df5535fcb)
2019-06-30 09:45:46.928 22705 RALLYDEBUG rally_openstack.cleanup.manager [-] Deleting neutron.port object s_rally_c867b608_rMM71LIv (ec4ab6ae-cd7e-4c9c-92f9-946a70daf0ca)
2019-06-30 09:45:47.435 22705 RALLYDEBUG rally_openstack.cleanup.manager [-] Deleting neutron.port object s_rally_c867b608_KPlqgwdU (ec9e70dc-f185-42e3-bab5-38a0ca6db712)
2019-06-30 09:45:47.438 22705 RALLYDEBUG rally_openstack.cleanup.manager [-] Deleting neutron.port object s_rally_c867b608_9CuoLe70 (efe75f46-02b1-401b-9a1c-2ee978230897)
2019-06-30 09:45:47.615 22705 RALLYDEBUG rally_openstack.cleanup.manager [-] Deleting neutron.port object s_rally_c867b608_SY1n0Gg9 (eff83b69-604a-4267-8798-39e7074d9d60)
2019-06-30 09:45:47.990 22705 RALLYDEBUG rally_openstack.cleanup.manager [-] Deleting neutron.port object s_rally_c867b608_KbhtFQ75 (f07244d7-dd39-49c0-808c-23d51bf8bf62)
2019-06-30 09:45:48.255 22705 RALLYDEBUG rally_openstack.cleanup.manager [-] Deleting neutron.port object s_rally_c867b608_0iw7hsi5 (f2560230-3539-451a-a461-760dfed22391)
2019-06-30 09:45:48.290 22705 RALLYDEBUG rally_openstack.cleanup.manager [-] Deleting neutron.port object s_rally_c867b608_kOvH8AsQ (f321b424-5ce3-493f-905b-45747712d102)
2019-06-30 09:45:48.360 22705 RALLYDEBUG rally_openstack.cleanup.manager [-] Deleting neutron.port object s_rally_c867b608_PyRkbEK8 (f9218e85-c28a-44b3-8e2f-64ad38ba0a3d)
2019-06-30 09:45:48.427 22705 RALLYDEBUG rally_openstack.cleanup.manager [-] Deleting neutron.port object s_rally_c867b608_JcdDuSoq (fd101f2f-2aeb-4e31-ad40-04aad5b8abea)
2019-06-30 09:45:48.506 22705 RALLYDEBUG rally_openstack.cleanup.manager [-] Deleting neutron.port object s_rally_c867b608_NS7TDHPJ (fd6ac617-ff3e-4dcf-b9af-0c6cf54543fe)
2019-06-30 09:45:48.627 22705 RALLYDEBUG rally_openstack.cleanup.manager [-] Deleting neutron.port object s_rally_c867b608_Pfvpc66P (feb14733-a581-46ff-b4b2-f12609aac1fa)
2019-06-30 09:45:51.140 22705 RALLYDEBUG rally_openstack.cleanup.manager [-] Cleaning up neutron subnet objects
2019-06-30 09:45:51.813 22705 RALLYDEBUG rally_openstack.cleanup.manager [-] Cleaning up neutron network objects
2019-06-30 09:45:52.615 22705 RALLYDEBUG rally_openstack.cleanup.manager [-] Deleting neutron.network object s_rally_c867b608_vn5WGwGe (0ca356be-a738-43ee-8e8d-cf8e288924bf)
2019-06-30 09:45:52.627 22705 RALLYDEBUG rally_openstack.cleanup.manager [-] Deleting neutron.network object s_rally_c867b608_PKTJ4Qjd (10251bf7-bcc5-4399-abf2-a1bc98061bee)
2019-06-30 09:45:52.627 22705 RALLYDEBUG rally_openstack.cleanup.manager [-] Deleting neutron.network object s_rally_c867b608_N3AKEarG (0da32e2f-1500-4be6-80c9-1e8942886268)
2019-06-30 09:45:52.638 22705 RALLYDEBUG rally_openstack.cleanup.manager [-] Deleting neutron.network object s_rally_c867b608_KAKQz6kK (17ae0996-516c-423a-9556-392dd9e4ee5d)
2019-06-30 09:45:52.787 22705 RALLYDEBUG rally_openstack.cleanup.manager [-] Deleting neutron.network object s_rally_c867b608_yyqrECbM (18488238-29de-4198-aa0d-cb55ebe4c68a)
2019-06-30 09:45:52.796 22705 RALLYDEBUG rally_openstack.cleanup.manager [-] Deleting neutron.network object s_rally_c867b608_DOrSbzGN (184a46e3-d1ba-44cd-ae33-e82c7b0a4ca8)
2019-06-30 09:45:52.806 22705 RALLYDEBUG rally_openstack.cleanup.manager [-] Deleting neutron.network object s_rally_c867b608_kIlBJRTM (1f49358a-9277-40bf-9818-12fd04dea92e)
2019-06-30 09:45:52.813 22705 RALLYDEBUG rally_openstack.cleanup.manager [-] Deleting neutron.network object s_rally_c867b608_W3K0giTw (1ec5ed5a-b58e-4649-b2f0-4bb1badeb455)
2019-06-30 09:45:52.827 22705 RALLYDEBUG rally_openstack.cleanup.manager [-] Deleting neutron.network object s_rally_c867b608_ussEqJ0I (297415cc-26f2-4e85-8a52-de919897b65b)
2019-06-30 09:45:52.827 22705 RALLYDEBUG rally_openstack.cleanup.manager [-] Deleting neutron.network object s_rally_c867b608_vqcpO5VH (29abd0e4-2049-4dc6-97ef-18efe2e842ed)
2019-06-30 09:45:52.836 22705 RALLYDEBUG rally_openstack.cleanup.manager [-] Deleting neutron.network object s_rally_c867b608_D8ANf21t (53719dd7-7139-4395-8f4c-46fbb7ca9c6f)
2019-06-30 09:45:52.862 22705 RALLYDEBUG rally_openstack.cleanup.manager [-] Deleting neutron.network object s_rally_c867b608_isHyaeUS (537247bf-bb79-4dd7-952d-40b2c5f1c56a)
2019-06-30 09:45:52.868 22705 RALLYDEBUG rally_openstack.cleanup.manager [-] Deleting neutron.network object s_rally_c867b608_xYfCVhOu (53ab2d2e-4c05-473f-ae30-b98181234665)
2019-06-30 09:45:52.871 22705 RALLYDEBUG rally_openstack.cleanup.manager [-] Deleting neutron.network object s_rally_c867b608_OkNKcdfA (62888285-3469-4f14-9e7a-b067074d050a)
2019-06-30 09:45:52.890 22705 RALLYDEBUG rally_openstack.cleanup.manager [-] Deleting neutron.network object s_rally_c867b608_dG6y7jue (665c731e-5f43-48df-bf46-dd99a019a83d)
2019-06-30 09:45:52.903 22705 RALLYDEBUG rally_openstack.cleanup.manager [-] Deleting neutron.network object s_rally_c867b608_bimCc3lx (6c237913-a4e1-47e9-aaef-d101473a6647)
2019-06-30 09:45:52.907 22705 RALLYDEBUG rally_openstack.cleanup.manager [-] Deleting neutron.network object s_rally_c867b608_ZEtneuid (641021d9-3f3b-4fb2-8508-8ccfbe98c1a7)
2019-06-30 09:45:52.931 22705 RALLYDEBUG rally_openstack.cleanup.manager [-] Deleting neutron.network object s_rally_c867b608_Mhs3LDMI (73343a13-6ed8-4f79-8507-04e92aa24682)
2019-06-30 09:45:52.930 22705 RALLYDEBUG rally_openstack.cleanup.manager [-] Deleting neutron.network object s_rally_c867b608_GbXaMudJ (7097c74d-94ff-46a2-b333-1f345d528e24)
2019-06-30 09:45:52.935 22705 RALLYDEBUG rally_openstack.cleanup.manager [-] Deleting neutron.network object s_rally_c867b608_sws7y6KZ (70ed1832-d4e1-4776-8cd2-d521e5b53f67)
2019-06-30 09:45:56.492 22705 RALLYDEBUG rally_openstack.cleanup.manager [-] Deleting neutron.network object s_rally_c867b608_jbdnzYFx (76b08dc8-53a7-4fa4-8cc4-f8cc15ee8c6c)
2019-06-30 09:45:56.532 22705 RALLYDEBUG rally_openstack.cleanup.manager [-] Deleting neutron.network object s_rally_c867b608_U64XDFOk (7e9df2c8-bce4-4f60-826e-5979ced0005d)
2019-06-30 09:45:57.004 22705 RALLYDEBUG rally_openstack.cleanup.manager [-] Deleting neutron.network object s_rally_c867b608_Vaj4fIAV (86576027-237a-4298-89e9-b6687c01de98)
2019-06-30 09:45:57.033 22705 RALLYDEBUG rally_openstack.cleanup.manager [-] Deleting neutron.network object s_rally_c867b608_6eof3IJA (8979c060-1d7d-4968-920d-4e30e576086d)
2019-06-30 09:45:57.174 22705 RALLYDEBUG rally_openstack.cleanup.manager [-] Deleting neutron.network object s_rally_c867b608_GAD71we9 (8b76b65b-a434-441e-9c71-9e3192291984)
2019-06-30 09:45:57.236 22705 RALLYDEBUG rally_openstack.cleanup.manager [-] Deleting neutron.network object s_rally_c867b608_sNN7TtN0 (94401c8a-3baf-4c2c-bc3e-551c7cb8cac8)
2019-06-30 09:45:57.311 22705 RALLYDEBUG rally_openstack.cleanup.manager [-] Deleting neutron.network object s_rally_c867b608_j4O17uZw (a756f8ce-a608-4fee-b060-5a6444fda7aa)
2019-06-30 09:45:57.319 22705 RALLYDEBUG rally_openstack.cleanup.manager [-] Deleting neutron.network object s_rally_c867b608_VsGuhnU7 (a79587fe-a201-4f31-a960-858583d79130)
2019-06-30 09:45:57.430 22705 RALLYDEBUG rally_openstack.cleanup.manager [-] Deleting neutron.network object s_rally_c867b608_ZtTYUr4G (ae504b0a-2ae5-40b6-a210-fa1871b62c4c)
2019-06-30 09:45:57.468 22705 RALLYDEBUG rally_openstack.cleanup.manager [-] Deleting neutron.network object s_rally_c867b608_C9eDxkr9 (bb2dff3f-427b-46a7-b346-d9130978792d)
2019-06-30 09:45:57.480 22705 RALLYDEBUG rally_openstack.cleanup.manager [-] Deleting neutron.network object s_rally_c867b608_nUhJSmme (beb96996-ec43-4a8b-9a33-252cd3a5fa92)
2019-06-30 09:45:57.818 22705 RALLYDEBUG rally_openstack.cleanup.manager [-] Deleting neutron.network object s_rally_c867b608_YUjLSlMr (c10a91a3-a6ad-4e01-8d66-16e8a32a2ef6)
2019-06-30 09:45:57.830 22705 RALLYDEBUG rally_openstack.cleanup.manager [-] Deleting neutron.network object s_rally_c867b608_ty5AXJ3J (c5e2908c-a61a-4c6d-b9eb-a83a8c88adca)
2019-06-30 09:45:58.095 22705 RALLYDEBUG rally_openstack.cleanup.manager [-] Deleting neutron.network object s_rally_c867b608_ri9nyR5r (c73f2b2e-c93c-44ca-955c-79f2a038733d)
2019-06-30 09:45:58.275 22705 RALLYDEBUG rally_openstack.cleanup.manager [-] Deleting neutron.network object s_rally_c867b608_B8ViecI3 (c7f93d57-bb99-42a1-95ba-233774a7c4a2)
2019-06-30 09:45:58.277 22705 RALLYDEBUG rally_openstack.cleanup.manager [-] Deleting neutron.network object s_rally_c867b608_Ahof5uYp (ca238231-914a-45ce-b150-34b3445f0384)
2019-06-30 09:45:58.362 22705 RALLYDEBUG rally_openstack.cleanup.manager [-] Deleting neutron.network object s_rally_c867b608_PJ96flTk (d4b2c26a-b1aa-4e80-9d05-d7bba5790ff5)
2019-06-30 09:45:59.027 22705 RALLYDEBUG rally_openstack.cleanup.manager [-] Deleting neutron.network object s_rally_c867b608_sSJw7rjn (ea9f4cda-9683-40d1-b3ed-d31a1390e6e6)
2019-06-30 09:45:59.113 22705 RALLYDEBUG rally_openstack.cleanup.manager [-] Deleting neutron.network object s_rally_c867b608_SeXZhada (ec35db12-d67c-44fa-8198-260488ffab14)
2019-06-30 09:45:59.132 22705 RALLYDEBUG rally_openstack.cleanup.manager [-] Deleting neutron.network object s_rally_c867b608_NpOi5xJz (fd3b85ed-3fc8-46fb-a879-002ac706f321)
2019-06-30 09:46:02.875 22705 RALLYDEBUG rally_openstack.cleanup.manager [-] Cleaning up neutron router objects
2019-06-30 09:46:03.571 22705 RALLYDEBUG rally_openstack.cleanup.manager [-] Cleaning up neutron security_group objects
2019-06-30 09:46:04.212 22705 INFO rally.task.context [-] Task 68a32721-3ad3-4eb7-9186-796c0ea95e96 | Context cleanup@openstack cleanup() finished in 51.61 sec
2019-06-30 09:46:04.213 22705 INFO rally.task.context [-] Task 68a32721-3ad3-4eb7-9186-796c0ea95e96 | Context quotas@openstack cleanup() started
2019-06-30 09:46:04.236 22705 INFO rally.task.context [-] Task 68a32721-3ad3-4eb7-9186-796c0ea95e96 | Context quotas@openstack cleanup() finished in 23.31 msec
2019-06-30 09:46:04.236 22705 INFO rally.task.context [-] Task 68a32721-3ad3-4eb7-9186-796c0ea95e96 | Context users@openstack cleanup() started
2019-06-30 09:46:08.778 22705 INFO rally.task.context [-] Task 68a32721-3ad3-4eb7-9186-796c0ea95e96 | Context users@openstack cleanup() finished in 4.54 sec
2019-06-30 09:46:10.436 22705 INFO rally.task.engine [-] Load duration is: 41.527709
2019-06-30 09:46:10.436 22705 INFO rally.task.engine [-] Full runner duration is: 41.578364
2019-06-30 09:46:10.437 22705 INFO rally.task.engine [-] Full duration is: 102.784163
2019-06-30 09:46:10.624 22705 INFO rally.task.engine [-] Running workload: position = 2 config = { "version": 2, "title": "A cropped version of a bigger task.", "description": "Auto-generated task from a single workload (uuid=92939dd4-e520-428d-ba00-069e091e8801)", "subtasks": [ { "title": "NeutronNetworks.create_and_delete_ports", "description": "Create and delete a port.", "scenario": { "NeutronNetworks.create_and_delete_ports": { "network_create_args": {}, "port_create_args": {}, "ports_per_network": 5 } }, "contexts": { "users": { "tenants": 1, "users_per_tenant": 1 }, "quotas": { "neutron": { "network": -1, "port": -1 } } }, "runner": { "constant": { "times": 40, "concurrency": 20 } }, "hooks": [], "sla": { "failure_rate": { "max": 0 } } } ] }
2019-06-30 09:46:10.647 22705 RALLYDEBUG rally_openstack.contexts.keystone.users [-] Creating 1 tenants using 20 threads
2019-06-30 09:46:12.276 22705 RALLYDEBUG rally_openstack.contexts.keystone.users [-] Creating 1 users using 20 threads
2019-06-30 09:46:14.801 22705 INFO rally.task.context [-] Task 68a32721-3ad3-4eb7-9186-796c0ea95e96 | Context users@openstack setup() finished in 4.15 sec
2019-06-30 09:46:15.542 22705 INFO rally.task.context [-] Task 68a32721-3ad3-4eb7-9186-796c0ea95e96 | Context quotas@openstack setup() finished in 0.74 sec
2019-06-30 09:46:15.543 22705 INFO rally.task.context [-] Task 68a32721-3ad3-4eb7-9186-796c0ea95e96 | Context cleanup@openstack setup() finished in 0.01 msec
2019-06-30 09:46:15.550 22705 RALLYDEBUG rally.task.runner [-] Starting the constant runner (task UUID: 68a32721-3ad3-4eb7-9186-796c0ea95e96). timeout: 0 concurrency: 20 concurrency_per_worker: 1 times: 40 concurrency_overhead: 4 processes_to_start: 16 max_cpu_used: 16
2019-06-30 09:46:15.563 26951 RALLYDEBUG rally.task.runner [-] Starting a worker. concurrency: 2 args: {"network_create_args": {}, "port_create_args": {}, "ports_per_network": 5} times: 40 method_name: run timeout: 0 duration: None cls:
2019-06-30 09:46:15.568 26952 RALLYDEBUG rally.task.runner [-] Starting a worker. concurrency: 2 args: {"network_create_args": {}, "port_create_args": {}, "ports_per_network": 5} times: 40 method_name: run timeout: 0 duration: None cls:
2019-06-30 09:46:15.570 26953 RALLYDEBUG rally.task.runner [-] Starting a worker. concurrency: 2 args: {"network_create_args": {}, "port_create_args": {}, "ports_per_network": 5} times: 40 method_name: run timeout: 0 duration: None cls:
2019-06-30 09:46:15.571 26951 INFO rally.task.runner [-] Task 68a32721-3ad3-4eb7-9186-796c0ea95e96 | ITER: 1 START
2019-06-30 09:46:15.571 26954 RALLYDEBUG rally.task.runner [-] Starting a worker. concurrency: 2 args: {"network_create_args": {}, "port_create_args": {}, "ports_per_network": 5} times: 40 method_name: run timeout: 0 duration: None cls:
2019-06-30 09:46:15.573 26951 WARNING rally_openstack.scenarios.neutron.utils [-] Running this scenario without either the 'network' or 'existing_network' context is deprecated
2019-06-30 09:46:15.576 26954 INFO rally.task.runner [-] Task 68a32721-3ad3-4eb7-9186-796c0ea95e96 | ITER: 5 START
2019-06-30 09:46:15.577 26952 INFO rally.task.runner [-] Task 68a32721-3ad3-4eb7-9186-796c0ea95e96 | ITER: 3 START
2019-06-30 09:46:15.576 26957 RALLYDEBUG rally.task.runner [-] Starting a worker. concurrency: 1 args: {"network_create_args": {}, "port_create_args": {}, "ports_per_network": 5} times: 40 method_name: run timeout: 0 duration: None cls:
2019-06-30 09:46:15.578 26954 WARNING rally_openstack.scenarios.neutron.utils [-] Running this scenario without either the 'network' or 'existing_network' context is deprecated
2019-06-30 09:46:15.578 26952 INFO rally.task.runner [-] Task 68a32721-3ad3-4eb7-9186-796c0ea95e96 | ITER: 6 START
2019-06-30 09:46:15.579 26952 WARNING rally_openstack.scenarios.neutron.utils [-] Running this scenario without either the 'network' or 'existing_network' context is deprecated
2019-06-30 09:46:15.580 26953 INFO rally.task.runner [-] Task 68a32721-3ad3-4eb7-9186-796c0ea95e96 | ITER: 8 START
2019-06-30 09:46:15.579 26953 INFO rally.task.runner [-] Task 68a32721-3ad3-4eb7-9186-796c0ea95e96 | ITER: 4 START
2019-06-30 09:46:15.582 26957 INFO rally.task.runner [-] Task 68a32721-3ad3-4eb7-9186-796c0ea95e96 | ITER: 9 START
2019-06-30 09:46:15.582 26953 WARNING rally_openstack.scenarios.neutron.utils [-] Running this scenario without either the 'network' or 'existing_network' context is deprecated
2019-06-30 09:46:15.583 26951 INFO rally.task.runner [-] Task 68a32721-3ad3-4eb7-9186-796c0ea95e96 | ITER: 2 START
2019-06-30 09:46:15.584 26951 WARNING rally_openstack.scenarios.neutron.utils [-] Running this scenario without either the 'network' or 'existing_network' context is deprecated
2019-06-30 09:46:15.584 26957 WARNING rally_openstack.scenarios.neutron.utils [-] Running this scenario without either the 'network' or 'existing_network' context is deprecated
2019-06-30 09:46:15.582 26953 WARNING rally_openstack.scenarios.neutron.utils [-] Running this scenario without either the 'network' or 'existing_network' context is deprecated
2019-06-30 09:46:15.585 26965 RALLYDEBUG rally.task.runner [-] Starting a worker. concurrency: 1 args: {"network_create_args": {}, "port_create_args": {}, "ports_per_network": 5} times: 40 method_name: run timeout: 0 duration: None cls:
2019-06-30 09:46:15.580 26952 WARNING rally_openstack.scenarios.neutron.utils [-] Running this scenario without either the 'network' or 'existing_network' context is deprecated
2019-06-30 09:46:15.588 26954 INFO rally.task.runner [-] Task 68a32721-3ad3-4eb7-9186-796c0ea95e96 | ITER: 7 START
2019-06-30 09:46:15.589 26954 WARNING rally_openstack.scenarios.neutron.utils [-] Running this scenario without either the 'network' or 'existing_network' context is deprecated
2019-06-30 09:46:15.592 26970 RALLYDEBUG rally.task.runner [-] Starting a worker. concurrency: 1 args: {"network_create_args": {}, "port_create_args": {}, "ports_per_network": 5} times: 40 method_name: run timeout: 0 duration: None cls:
2019-06-30 09:46:15.592 26965 INFO rally.task.runner [-] Task 68a32721-3ad3-4eb7-9186-796c0ea95e96 | ITER: 10 START
2019-06-30 09:46:15.594 26965 WARNING rally_openstack.scenarios.neutron.utils [-] Running this scenario without either the 'network' or 'existing_network' context is deprecated
2019-06-30 09:46:15.597 26970 INFO rally.task.runner [-] Task 68a32721-3ad3-4eb7-9186-796c0ea95e96 | ITER: 11 START
2019-06-30 09:46:15.597 26973 RALLYDEBUG rally.task.runner [-] Starting a worker. concurrency: 1 args: {"network_create_args": {}, "port_create_args": {}, "ports_per_network": 5} times: 40 method_name: run timeout: 0 duration: None cls:
2019-06-30 09:46:15.598 26970 WARNING rally_openstack.scenarios.neutron.utils [-] Running this scenario without either the 'network' or 'existing_network' context is deprecated
2019-06-30 09:46:15.603 26973 INFO rally.task.runner [-] Task 68a32721-3ad3-4eb7-9186-796c0ea95e96 | ITER: 12 START
2019-06-30 09:46:15.605 26973 WARNING rally_openstack.scenarios.neutron.utils [-] Running this scenario without either the 'network' or 'existing_network' context is deprecated
2019-06-30 09:46:15.605 26977 RALLYDEBUG rally.task.runner [-] Starting a worker. concurrency: 1 args: {"network_create_args": {}, "port_create_args": {}, "ports_per_network": 5} times: 40 method_name: run timeout: 0 duration: None cls:
2019-06-30 09:46:15.611 26978 RALLYDEBUG rally.task.runner [-] Starting a worker. concurrency: 1 args: {"network_create_args": {}, "port_create_args": {}, "ports_per_network": 5} times: 40 method_name: run timeout: 0 duration: None cls:
2019-06-30 09:46:15.613 26977 INFO rally.task.runner [-] Task 68a32721-3ad3-4eb7-9186-796c0ea95e96 | ITER: 13 START
2019-06-30 09:46:15.613 26981 RALLYDEBUG rally.task.runner [-] Starting a worker. concurrency: 1 args: {"network_create_args": {}, "port_create_args": {}, "ports_per_network": 5} times: 40 method_name: run timeout: 0 duration: None cls:
2019-06-30 09:46:15.615 26977 WARNING rally_openstack.scenarios.neutron.utils [-] Running this scenario without either the 'network' or 'existing_network' context is deprecated
2019-06-30 09:46:15.618 26978 INFO rally.task.runner [-] Task 68a32721-3ad3-4eb7-9186-796c0ea95e96 | ITER: 14 START
2019-06-30 09:46:15.619 26981 INFO rally.task.runner [-] Task 68a32721-3ad3-4eb7-9186-796c0ea95e96 | ITER: 15 START
2019-06-30 09:46:15.620 26978 WARNING rally_openstack.scenarios.neutron.utils [-] Running this scenario without either the 'network' or 'existing_network' context is deprecated
2019-06-30 09:46:15.623 26982 RALLYDEBUG rally.task.runner [-] Starting a worker. concurrency: 1 args: {"network_create_args": {}, "port_create_args": {}, "ports_per_network": 5} times: 40 method_name: run timeout: 0 duration: None cls:
2019-06-30 09:46:15.625 26981 WARNING rally_openstack.scenarios.neutron.utils [-] Running this scenario without either the 'network' or 'existing_network' context is deprecated
2019-06-30 09:46:15.626 26989 RALLYDEBUG rally.task.runner [-] Starting a worker. concurrency: 1 args: {"network_create_args": {}, "port_create_args": {}, "ports_per_network": 5} times: 40 method_name: run timeout: 0 duration: None cls:
2019-06-30 09:46:15.629 26982 INFO rally.task.runner [-] Task 68a32721-3ad3-4eb7-9186-796c0ea95e96 | ITER: 16 START
2019-06-30 09:46:15.631 26982 WARNING rally_openstack.scenarios.neutron.utils [-] Running this scenario without either the 'network' or 'existing_network' context is deprecated
2019-06-30 09:46:15.632 26989 INFO rally.task.runner [-] Task 68a32721-3ad3-4eb7-9186-796c0ea95e96 | ITER: 17 START
2019-06-30 09:46:15.633 26990 RALLYDEBUG rally.task.runner [-] Starting a worker. concurrency: 1 args: {"network_create_args": {}, "port_create_args": {}, "ports_per_network": 5} times: 40 method_name: run timeout: 0 duration: None cls:
2019-06-30 09:46:15.634 26989 WARNING rally_openstack.scenarios.neutron.utils [-] Running this scenario without either the 'network' or 'existing_network' context is deprecated
2019-06-30 09:46:15.637 26995 RALLYDEBUG rally.task.runner [-] Starting a worker. concurrency: 1 args: {"network_create_args": {}, "port_create_args": {}, "ports_per_network": 5} times: 40 method_name: run timeout: 0 duration: None cls:
2019-06-30 09:46:15.638 26990 INFO rally.task.runner [-] Task 68a32721-3ad3-4eb7-9186-796c0ea95e96 | ITER: 18 START
2019-06-30 09:46:15.639 26990 WARNING rally_openstack.scenarios.neutron.utils [-] Running this scenario without either the 'network' or 'existing_network' context is deprecated
2019-06-30 09:46:15.641 26995 INFO rally.task.runner [-] Task 68a32721-3ad3-4eb7-9186-796c0ea95e96 | ITER: 19 START
2019-06-30 09:46:15.641 26996 RALLYDEBUG rally.task.runner [-] Starting a worker. concurrency: 1 args: {"network_create_args": {}, "port_create_args": {}, "ports_per_network": 5} times: 40 method_name: run timeout: 0 duration: None cls:
2019-06-30 09:46:15.642 26995 WARNING rally_openstack.scenarios.neutron.utils [-] Running this scenario without either the 'network' or 'existing_network' context is deprecated
2019-06-30 09:46:15.645 26996 INFO rally.task.runner [-] Task 68a32721-3ad3-4eb7-9186-796c0ea95e96 | ITER: 20 START
2019-06-30 09:46:15.646 26996 WARNING rally_openstack.scenarios.neutron.utils [-] Running this scenario without either the 'network' or 'existing_network' context is deprecated
2019-06-30 09:46:25.924 26954 INFO rally.task.runner [-] Task 68a32721-3ad3-4eb7-9186-796c0ea95e96 | ITER: 7 END: OK
2019-06-30 09:46:25.927 26954 INFO rally.task.runner [-] Task 68a32721-3ad3-4eb7-9186-796c0ea95e96 | ITER: 21 START
2019-06-30 09:46:25.928 26954 WARNING rally_openstack.scenarios.neutron.utils [-] Running this scenario without either the 'network' or 'existing_network' context is deprecated
2019-06-30 09:46:26.136 26951 INFO rally.task.runner [-] Task 68a32721-3ad3-4eb7-9186-796c0ea95e96 | ITER: 2 END: OK
2019-06-30 09:46:26.141 26951 INFO rally.task.runner [-] Task 68a32721-3ad3-4eb7-9186-796c0ea95e96 | ITER: 22 START
2019-06-30 09:46:26.141 26951 WARNING rally_openstack.scenarios.neutron.utils [-] Running this scenario without either the 'network' or 'existing_network' context is deprecated
2019-06-30 09:46:26.412 26982 INFO rally.task.runner [-] Task 68a32721-3ad3-4eb7-9186-796c0ea95e96 | ITER: 16 END: OK
2019-06-30 09:46:26.416 26982 INFO rally.task.runner [-] Task 68a32721-3ad3-4eb7-9186-796c0ea95e96 | ITER: 23 START
2019-06-30 09:46:26.417 26982 WARNING rally_openstack.scenarios.neutron.utils [-] Running this scenario without either the 'network' or 'existing_network' context is deprecated
2019-06-30 09:46:35.589 26951 INFO rally.task.runner [-] Task 68a32721-3ad3-4eb7-9186-796c0ea95e96 | ITER: 22 END: OK
2019-06-30 09:46:35.594 26951 INFO rally.task.runner [-] Task 68a32721-3ad3-4eb7-9186-796c0ea95e96 | ITER: 24 START
2019-06-30 09:46:35.594 26951 WARNING rally_openstack.scenarios.neutron.utils [-] Running this scenario without either the 'network' or 'existing_network' context is deprecated
2019-06-30 09:46:35.996 26973 INFO rally.task.runner [-] Task 68a32721-3ad3-4eb7-9186-796c0ea95e96 | ITER: 12 END: OK
2019-06-30 09:46:36.001 26973 INFO rally.task.runner [-] Task 68a32721-3ad3-4eb7-9186-796c0ea95e96 | ITER: 25 START
2019-06-30 09:46:36.001 26973 WARNING rally_openstack.scenarios.neutron.utils [-] Running this scenario without either the 'network' or 'existing_network' context is deprecated
2019-06-30 09:46:36.603 26995 INFO rally.task.runner [-] Task 68a32721-3ad3-4eb7-9186-796c0ea95e96 | ITER: 19 END: OK
2019-06-30 09:46:36.607 26995 INFO rally.task.runner [-] Task 68a32721-3ad3-4eb7-9186-796c0ea95e96 | ITER: 26 START
2019-06-30 09:46:36.608 26995 WARNING rally_openstack.scenarios.neutron.utils [-] Running this scenario without either the 'network' or 'existing_network' context is deprecated
2019-06-30 09:46:37.030 26981 INFO rally.task.runner [-] Task 68a32721-3ad3-4eb7-9186-796c0ea95e96 | ITER: 15 END: OK
2019-06-30 09:46:37.034 26981 INFO rally.task.runner [-] Task 68a32721-3ad3-4eb7-9186-796c0ea95e96 | ITER: 27 START
2019-06-30 09:46:37.035 26981 WARNING rally_openstack.scenarios.neutron.utils [-] Running this scenario without either the 'network' or 'existing_network' context is deprecated
2019-06-30 09:46:40.380 26951 INFO rally.task.runner [-] Task 68a32721-3ad3-4eb7-9186-796c0ea95e96 | ITER: 1 END: OK
2019-06-30 09:46:40.382 26951 INFO rally.task.runner [-] Task 68a32721-3ad3-4eb7-9186-796c0ea95e96 | ITER: 28 START
2019-06-30 09:46:40.383 26951 WARNING rally_openstack.scenarios.neutron.utils [-] Running this scenario without either the 'network' or 'existing_network' context is deprecated
2019-06-30 09:46:41.001 26965 INFO rally.task.runner [-] Task 68a32721-3ad3-4eb7-9186-796c0ea95e96 | ITER: 10 END: OK
2019-06-30 09:46:41.006 26965 INFO rally.task.runner [-] Task 68a32721-3ad3-4eb7-9186-796c0ea95e96 | ITER: 29 START
2019-06-30 09:46:41.006 26965 WARNING rally_openstack.scenarios.neutron.utils [-] Running this scenario without either the 'network' or 'existing_network' context is deprecated
2019-06-30 09:46:41.428 26952 INFO rally.task.runner [-] Task 68a32721-3ad3-4eb7-9186-796c0ea95e96 | ITER: 6 END: OK
2019-06-30 09:46:41.432 26952 INFO rally.task.runner [-] Task 68a32721-3ad3-4eb7-9186-796c0ea95e96 | ITER: 30 START
2019-06-30 09:46:41.433 26952 WARNING rally_openstack.scenarios.neutron.utils [-] Running this scenario without either the 'network' or 'existing_network' context is deprecated
2019-06-30 09:46:41.581 26957 INFO rally.task.runner [-] Task 68a32721-3ad3-4eb7-9186-796c0ea95e96 | ITER: 9 END: OK
2019-06-30 09:46:41.585 26957 INFO rally.task.runner [-] Task 68a32721-3ad3-4eb7-9186-796c0ea95e96 | ITER: 31 START
2019-06-30 09:46:41.586 26957 WARNING rally_openstack.scenarios.neutron.utils [-] Running this scenario without either the 'network' or 'existing_network' context is deprecated
2019-06-30 09:46:41.688 26996 INFO rally.task.runner [-] Task 68a32721-3ad3-4eb7-9186-796c0ea95e96 | ITER: 20 END: OK
2019-06-30 09:46:41.692 26996 INFO rally.task.runner [-] Task 68a32721-3ad3-4eb7-9186-796c0ea95e96 | ITER: 32 START
2019-06-30 09:46:41.693 26996 WARNING rally_openstack.scenarios.neutron.utils [-] Running this scenario without either the 'network' or 'existing_network' context is deprecated
2019-06-30 09:46:41.810 26989 INFO rally.task.runner [-] Task 68a32721-3ad3-4eb7-9186-796c0ea95e96 | ITER: 17 END: OK
2019-06-30 09:46:41.814 26989 INFO rally.task.runner [-] Task 68a32721-3ad3-4eb7-9186-796c0ea95e96 | ITER: 33 START
2019-06-30 09:46:41.815 26989 WARNING rally_openstack.scenarios.neutron.utils [-] Running this scenario without either the 'network' or 'existing_network' context is deprecated
2019-06-30 09:46:42.315 26954 INFO rally.task.runner [-] Task 68a32721-3ad3-4eb7-9186-796c0ea95e96 | ITER: 21 END: OK
2019-06-30 09:46:42.319 26954 INFO rally.task.runner [-] Task 68a32721-3ad3-4eb7-9186-796c0ea95e96 | ITER: 34 START
2019-06-30 09:46:42.319 26954 WARNING rally_openstack.scenarios.neutron.utils [-] Running this scenario without either the 'network' or 'existing_network' context is deprecated
2019-06-30 09:46:43.186 26982 INFO rally.task.runner [-] Task 68a32721-3ad3-4eb7-9186-796c0ea95e96 | ITER: 23 END: OK
2019-06-30 09:46:43.190 26982 INFO rally.task.runner [-] Task 68a32721-3ad3-4eb7-9186-796c0ea95e96 | ITER: 35 START
2019-06-30 09:46:43.191 26982 WARNING rally_openstack.scenarios.neutron.utils [-] Running this scenario without either the 'network' or 'existing_network' context is deprecated
2019-06-30 09:46:44.930 26995 INFO rally.task.runner [-] Task 68a32721-3ad3-4eb7-9186-796c0ea95e96 | ITER: 26 END: OK
2019-06-30 09:46:44.934 26995 INFO rally.task.runner [-] Task 68a32721-3ad3-4eb7-9186-796c0ea95e96 | ITER: 36 START
2019-06-30 09:46:44.935 26995 WARNING rally_openstack.scenarios.neutron.utils [-] Running this scenario without either the 'network' or 'existing_network' context is deprecated
2019-06-30 09:46:47.128 26981 INFO rally.task.runner [-] Task 68a32721-3ad3-4eb7-9186-796c0ea95e96 | ITER: 27 END: OK
2019-06-30 09:46:47.134 26981 INFO rally.task.runner [-] Task 68a32721-3ad3-4eb7-9186-796c0ea95e96 | ITER: 37 START
2019-06-30 09:46:47.135 26981 WARNING rally_openstack.scenarios.neutron.utils [-] Running this scenario without either the 'network' or 'existing_network' context is deprecated
2019-06-30 09:46:50.586 26954 INFO rally.task.runner [-] Task 68a32721-3ad3-4eb7-9186-796c0ea95e96 | ITER: 5 END: OK
2019-06-30 09:46:50.592 26954 INFO rally.task.runner [-] Task 68a32721-3ad3-4eb7-9186-796c0ea95e96 | ITER: 38 START
2019-06-30 09:46:50.594 26954 WARNING rally_openstack.scenarios.neutron.utils [-] Running this scenario without either the 'network' or 'existing_network' context is deprecated
2019-06-30 09:46:50.596 26953 INFO rally.task.runner [-] Task 68a32721-3ad3-4eb7-9186-796c0ea95e96 | ITER: 8 END: OK
2019-06-30 09:46:50.604 26953 INFO rally.task.runner [-] Task 68a32721-3ad3-4eb7-9186-796c0ea95e96 | ITER: 39 START
