2019-06-30 09:24:32.800 22696 RALLYDEBUG rally.api [-] INFO logs from urllib3 and requests module are hide.
2019-06-30 09:24:32.800 22696 RALLYDEBUG rally.api [-] urllib3 insecure warnings are hidden.
2019-06-30 09:24:32.801 22696 RALLYDEBUG rally.api [-] ERROR log from boto module is hide.
2019-06-30 09:24:35.113 22698 RALLYDEBUG rally.api [-] INFO logs from urllib3 and requests module are hide.
2019-06-30 09:24:35.113 22698 RALLYDEBUG rally.api [-] urllib3 insecure warnings are hidden.
2019-06-30 09:24:35.114 22698 RALLYDEBUG rally.api [-] ERROR log from boto module is hide.
2019-06-30 09:24:36.502 22698 WARNING rally_openstack.platforms.existing [-] endpoint is deprecated and not used.
2019-06-30 09:24:37.400 22700 RALLYDEBUG rally.api [-] INFO logs from urllib3 and requests module are hide.
2019-06-30 09:24:37.400 22700 RALLYDEBUG rally.api [-] urllib3 insecure warnings are hidden.
2019-06-30 09:24:37.400 22700 RALLYDEBUG rally.api [-] ERROR log from boto module is hide.
2019-06-30 09:24:40.723 22703 RALLYDEBUG rally.api [-] INFO logs from urllib3 and requests module are hide.
2019-06-30 09:24:40.723 22703 RALLYDEBUG rally.api [-] urllib3 insecure warnings are hidden.
2019-06-30 09:24:40.723 22703 RALLYDEBUG rally.api [-] ERROR log from boto module is hide.
2019-06-30 09:24:42.638 22705 RALLYDEBUG rally.api [-] INFO logs from urllib3 and requests module are hide.
2019-06-30 09:24:42.638 22705 RALLYDEBUG rally.api [-] urllib3 insecure warnings are hidden.
2019-06-30 09:24:42.638 22705 RALLYDEBUG rally.api [-] ERROR log from boto module is hide.
2019-06-30 09:24:43.903 22705 INFO rally.common.plugin.discover [-] Loading plugins from directories /root/.rally/plugins/*
2019-06-30 09:24:43.903 22705 INFO rally.common.plugin.discover [-] Loaded module with plugins: /root/.rally/plugins/__init__.py
2019-06-30 09:24:43.906 22705 INFO rally.common.plugin.discover [-] Loaded module with plugins: /root/.rally/plugins/trunk_scenario.py
2019-06-30 09:24:44.098 22705 INFO rally.task.engine [-] Task 68a32721-3ad3-4eb7-9186-796c0ea95e96 | Starting: Task validation.
2019-06-30 09:24:44.147 22705 INFO rally.task.engine [-] Task 68a32721-3ad3-4eb7-9186-796c0ea95e96 | Starting: Task validation of syntax.
2019-06-30 09:24:44.341 22705 INFO rally.task.engine [-] Task 68a32721-3ad3-4eb7-9186-796c0ea95e96 | Completed: Task validation of syntax.
2019-06-30 09:24:44.341 22705 INFO rally.task.engine [-] Task 68a32721-3ad3-4eb7-9186-796c0ea95e96 | Starting: Task validation of required platforms.
2019-06-30 09:24:44.399 22705 INFO rally.task.engine [-] Task 68a32721-3ad3-4eb7-9186-796c0ea95e96 | Completed: Task validation of required platforms.
2019-06-30 09:24:44.400 22705 INFO rally.task.engine [-] Task 68a32721-3ad3-4eb7-9186-796c0ea95e96 | Starting: Task validation of semantic.
2019-06-30 09:24:44.400 22705 INFO rally.task.engine [-] Check health of the environment '47fbbf67-d022-45ef-b2be-52b02cd12cba'.
2019-06-30 09:24:45.188 22705 INFO rally.task.engine [-] Platform existing@openstack (available: True): OK!
2019-06-30 09:24:45.207 22705 RALLYDEBUG rally_openstack.contexts.keystone.users [-] Creating 1 tenants using 20 threads
2019-06-30 09:24:46.833 22705 RALLYDEBUG rally_openstack.contexts.keystone.users [-] Creating 1 users using 20 threads
2019-06-30 09:24:49.457 22705 INFO rally.task.context [-] Task 68a32721-3ad3-4eb7-9186-796c0ea95e96 | Context users@openstack setup() finished in 4.25 sec
2019-06-30 09:24:55.455 22705 INFO rally.task.context [-] Task 68a32721-3ad3-4eb7-9186-796c0ea95e96 | Context users@openstack cleanup() started
2019-06-30 09:24:59.817 22705 INFO rally.task.context [-] Task 68a32721-3ad3-4eb7-9186-796c0ea95e96 | Context users@openstack cleanup() finished in 4.36 sec
2019-06-30 09:24:59.817 22705 INFO rally.task.engine [-] Task 68a32721-3ad3-4eb7-9186-796c0ea95e96 | Completed: Task validation of semantic.
2019-06-30 09:24:59.817 22705 INFO rally.task.engine [-] Task 68a32721-3ad3-4eb7-9186-796c0ea95e96 | Completed: Task validation.
2019-06-30 09:24:59.818 22705 INFO rally.api [-] Task 68a32721-3ad3-4eb7-9186-796c0ea95e96 input file is valid.
2019-06-30 09:24:59.818 22705 INFO rally.api [-] Run Task 68a32721-3ad3-4eb7-9186-796c0ea95e96 against Deployment 47fbbf67-d022-45ef-b2be-52b02cd12cba
2019-06-30 09:24:59.818 22705 INFO rally.task.engine [-] Task 68a32721-3ad3-4eb7-9186-796c0ea95e96 | Starting: Running task.
2019-06-30 09:24:59.973 22705 INFO rally.task.engine [-] Running workload: position = 0 config = { "version": 2, "title": "A cropped version of a bigger task.", "description": "Auto-generated task from a single workload (uuid=0d990ee9-af08-41aa-8f8f-86907011fb97)", "subtasks": [ { "title": "NeutronNetworks.create_and_list_networks", "description": "Check performance of list_networks action and ensure > network quotas are not exceeded", "scenario": { "NeutronNetworks.create_and_list_networks": {} }, "contexts": { "users": { "tenants": 1, "users_per_tenant": 1 }, "quotas": { "neutron": { "network": 119 } } }, "runner": { "constant": { "times": 100, "concurrency": 20 } }, "hooks": [], "sla": { "max_avg_duration_per_atomic": { "neutron.list_networks": 15 }, "failure_rate": { "max": 0 } } } ] }
2019-06-30 09:24:59.997 22705 RALLYDEBUG rally_openstack.contexts.keystone.users [-] Creating 1 tenants using 20 threads
2019-06-30 09:25:01.645 22705 RALLYDEBUG rally_openstack.contexts.keystone.users [-] Creating 1 users using 20 threads
2019-06-30 09:25:04.010 22705 INFO rally.task.context [-] Task 68a32721-3ad3-4eb7-9186-796c0ea95e96 | Context users@openstack setup() finished in 4.01 sec
2019-06-30 09:25:04.886 22705 INFO rally.task.context [-] Task 68a32721-3ad3-4eb7-9186-796c0ea95e96 | Context quotas@openstack setup() finished in 0.87 sec
2019-06-30 09:25:04.886 22705 INFO rally.task.context [-] Task 68a32721-3ad3-4eb7-9186-796c0ea95e96 | Context cleanup@openstack setup() finished in 0.03 msec
2019-06-30 09:25:04.894 22705 RALLYDEBUG rally.task.runner [-] Starting the constant runner (task UUID: 68a32721-3ad3-4eb7-9186-796c0ea95e96). timeout: 0 concurrency: 20 concurrency_per_worker: 1 times: 100 concurrency_overhead: 4 processes_to_start: 16 max_cpu_used: 16
2019-06-30 09:25:04.910 22829 RALLYDEBUG rally.task.runner [-] Starting a worker. concurrency: 2 args: {} times: 100 method_name: run timeout: 0 duration: None cls:
2019-06-30 09:25:04.912 22830 RALLYDEBUG rally.task.runner [-] Starting a worker. concurrency: 2 args: {} times: 100 method_name: run timeout: 0 duration: None cls:
2019-06-30 09:25:04.915 22831 RALLYDEBUG rally.task.runner [-] Starting a worker. concurrency: 2 args: {} times: 100 method_name: run timeout: 0 duration: None cls:
2019-06-30 09:25:04.917 22832 RALLYDEBUG rally.task.runner [-] Starting a worker. concurrency: 2 args: {} times: 100 method_name: run timeout: 0 duration: None cls:
2019-06-30 09:25:04.917 22829 INFO rally.task.runner [-] Task 68a32721-3ad3-4eb7-9186-796c0ea95e96 | ITER: 1 START
2019-06-30 09:25:04.918 22829 INFO rally.task.runner [-] Task 68a32721-3ad3-4eb7-9186-796c0ea95e96 | ITER: 3 START
2019-06-30 09:25:04.920 22830 INFO rally.task.runner [-] Task 68a32721-3ad3-4eb7-9186-796c0ea95e96 | ITER: 2 START
2019-06-30 09:25:04.920 22831 INFO rally.task.runner [-] Task 68a32721-3ad3-4eb7-9186-796c0ea95e96 | ITER: 4 START
2019-06-30 09:25:04.922 22834 RALLYDEBUG rally.task.runner [-] Starting a worker. concurrency: 1 args: {} times: 100 method_name: run timeout: 0 duration: None cls:
2019-06-30 09:25:04.921 22830 INFO rally.task.runner [-] Task 68a32721-3ad3-4eb7-9186-796c0ea95e96 | ITER: 5 START
2019-06-30 09:25:04.925 22832 INFO rally.task.runner [-] Task 68a32721-3ad3-4eb7-9186-796c0ea95e96 | ITER: 6 START
2019-06-30 09:25:04.926 22841 RALLYDEBUG rally.task.runner [-] Starting a worker. concurrency: 1 args: {} times: 100 method_name: run timeout: 0 duration: None cls:
2019-06-30 09:25:04.928 22834 INFO rally.task.runner [-] Task 68a32721-3ad3-4eb7-9186-796c0ea95e96 | ITER: 9 START
2019-06-30 09:25:04.929 22831 INFO rally.task.runner [-] Task 68a32721-3ad3-4eb7-9186-796c0ea95e96 | ITER: 7 START
2019-06-30 09:25:04.930 22844 RALLYDEBUG rally.task.runner [-] Starting a worker. concurrency: 1 args: {} times: 100 method_name: run timeout: 0 duration: None cls:
2019-06-30 09:25:04.926 22832 INFO rally.task.runner [-] Task 68a32721-3ad3-4eb7-9186-796c0ea95e96 | ITER: 8 START
2019-06-30 09:25:04.931 22848 RALLYDEBUG rally.task.runner [-] Starting a worker. concurrency: 1 args: {} times: 100 method_name: run timeout: 0 duration: None cls:
2019-06-30 09:25:04.933 22841 INFO rally.task.runner [-] Task 68a32721-3ad3-4eb7-9186-796c0ea95e96 | ITER: 10 START
2019-06-30 09:25:04.936 22852 RALLYDEBUG rally.task.runner [-] Starting a worker. concurrency: 1 args: {} times: 100 method_name: run timeout: 0 duration: None cls:
2019-06-30 09:25:04.936 22850 RALLYDEBUG rally.task.runner [-] Starting a worker. concurrency: 1 args: {} times: 100 method_name: run timeout: 0 duration: None cls:
2019-06-30 09:25:04.937 22844 INFO rally.task.runner [-] Task 68a32721-3ad3-4eb7-9186-796c0ea95e96 | ITER: 11 START
2019-06-30 09:25:04.940 22848 INFO rally.task.runner [-] Task 68a32721-3ad3-4eb7-9186-796c0ea95e96 | ITER: 12 START
2019-06-30 09:25:04.943 22850 INFO rally.task.runner [-] Task 68a32721-3ad3-4eb7-9186-796c0ea95e96 | ITER: 14 START
2019-06-30 09:25:04.944 22852 INFO rally.task.runner [-] Task 68a32721-3ad3-4eb7-9186-796c0ea95e96 | ITER: 13 START
2019-06-30 09:25:04.943 22856 RALLYDEBUG rally.task.runner [-] Starting a worker. concurrency: 1 args: {} times: 100 method_name: run timeout: 0 duration: None cls:
2019-06-30 09:25:04.949 22864 RALLYDEBUG rally.task.runner [-] Starting a worker. concurrency: 1 args: {} times: 100 method_name: run timeout: 0 duration: None cls:
2019-06-30 09:25:04.952 22856 INFO rally.task.runner [-] Task 68a32721-3ad3-4eb7-9186-796c0ea95e96 | ITER: 15 START
2019-06-30 09:25:04.954 22864 INFO rally.task.runner [-] Task 68a32721-3ad3-4eb7-9186-796c0ea95e96 | ITER: 16 START
2019-06-30 09:25:04.956 22867 RALLYDEBUG rally.task.runner [-] Starting a worker. concurrency: 1 args: {} times: 100 method_name: run timeout: 0 duration: None cls:
2019-06-30 09:25:04.961 22867 INFO rally.task.runner [-] Task 68a32721-3ad3-4eb7-9186-796c0ea95e96 | ITER: 17 START
2019-06-30 09:25:04.966 22872 RALLYDEBUG rally.task.runner [-] Starting a worker. concurrency: 1 args: {} times: 100 method_name: run timeout: 0 duration: None cls:
2019-06-30 09:25:04.971 22872 INFO rally.task.runner [-] Task 68a32721-3ad3-4eb7-9186-796c0ea95e96 | ITER: 18 START
2019-06-30 09:25:04.971 22873 RALLYDEBUG rally.task.runner [-] Starting a worker. concurrency: 1 args: {} times: 100 method_name: run timeout: 0 duration: None cls:
2019-06-30 09:25:04.974 22874 RALLYDEBUG rally.task.runner [-] Starting a worker. concurrency: 1 args: {} times: 100 method_name: run timeout: 0 duration: None cls:
2019-06-30 09:25:04.975 22873 INFO rally.task.runner [-] Task 68a32721-3ad3-4eb7-9186-796c0ea95e96 | ITER: 19 START
2019-06-30 09:25:04.977 22874 INFO rally.task.runner [-] Task 68a32721-3ad3-4eb7-9186-796c0ea95e96 | ITER: 20 START
2019-06-30 09:25:06.369 22831 INFO rally.task.runner [-] Task 68a32721-3ad3-4eb7-9186-796c0ea95e96 | ITER: 7 END: OK
2019-06-30 09:25:06.373 22831 INFO rally.task.runner [-] Task 68a32721-3ad3-4eb7-9186-796c0ea95e96 | ITER: 21 START
2019-06-30 09:25:06.512 22829 INFO rally.task.runner [-] Task 68a32721-3ad3-4eb7-9186-796c0ea95e96 | ITER: 1 END: OK
2019-06-30 09:25:06.516 22829 INFO rally.task.runner [-] Task 68a32721-3ad3-4eb7-9186-796c0ea95e96 | ITER: 22 START
2019-06-30 09:25:06.747 22844 INFO rally.task.runner [-] Task 68a32721-3ad3-4eb7-9186-796c0ea95e96 | ITER: 11 END: OK
2019-06-30 09:25:06.750 22844 INFO rally.task.runner [-] Task 68a32721-3ad3-4eb7-9186-796c0ea95e96 | ITER: 23 START
2019-06-30 09:25:06.752 22830 INFO rally.task.runner [-] Task 68a32721-3ad3-4eb7-9186-796c0ea95e96 | ITER: 5 END: OK
2019-06-30 09:25:06.754 22830 INFO rally.task.runner [-] Task 68a32721-3ad3-4eb7-9186-796c0ea95e96 | ITER: 24 START
2019-06-30 09:25:07.068 22864 INFO rally.task.runner [-] Task 68a32721-3ad3-4eb7-9186-796c0ea95e96 | ITER: 16 END: OK
2019-06-30 09:25:07.073 22864 INFO rally.task.runner [-] Task 68a32721-3ad3-4eb7-9186-796c0ea95e96 | ITER: 25 START
2019-06-30 09:25:07.378 22829 INFO rally.task.runner [-] Task 68a32721-3ad3-4eb7-9186-796c0ea95e96 | ITER: 3 END: OK
2019-06-30 09:25:07.381 22829 INFO rally.task.runner [-] Task 68a32721-3ad3-4eb7-9186-796c0ea95e96 | ITER: 26 START
2019-06-30 09:25:07.388 22830 INFO rally.task.runner [-] Task 68a32721-3ad3-4eb7-9186-796c0ea95e96 | ITER: 2 END: OK
2019-06-30 09:25:07.390 22830 INFO rally.task.runner [-] Task 68a32721-3ad3-4eb7-9186-796c0ea95e96 | ITER: 27 START
2019-06-30 09:25:07.422 22848 INFO rally.task.runner [-] Task 68a32721-3ad3-4eb7-9186-796c0ea95e96 | ITER: 12 END: OK
2019-06-30 09:25:07.426 22848 INFO rally.task.runner [-] Task 68a32721-3ad3-4eb7-9186-796c0ea95e96 | ITER: 28 START
2019-06-30 09:25:07.733 22831 INFO rally.task.runner [-] Task 68a32721-3ad3-4eb7-9186-796c0ea95e96 | ITER: 4 END: OK
2019-06-30 09:25:07.736 22831 INFO rally.task.runner [-] Task 68a32721-3ad3-4eb7-9186-796c0ea95e96 | ITER: 29 START
2019-06-30 09:25:07.749 22832 INFO rally.task.runner [-] Task 68a32721-3ad3-4eb7-9186-796c0ea95e96 | ITER: 6 END: OK
2019-06-30 09:25:07.753 22832 INFO rally.task.runner [-] Task 68a32721-3ad3-4eb7-9186-796c0ea95e96 | ITER: 30 START
2019-06-30 09:25:07.788 22841 INFO rally.task.runner [-] Task 68a32721-3ad3-4eb7-9186-796c0ea95e96 | ITER: 10 END: OK
2019-06-30 09:25:07.790 22852 INFO rally.task.runner [-] Task 68a32721-3ad3-4eb7-9186-796c0ea95e96 | ITER: 13 END: OK
2019-06-30 09:25:07.791 22841 INFO rally.task.runner [-] Task 68a32721-3ad3-4eb7-9186-796c0ea95e96 | ITER: 31 START
2019-06-30 09:25:07.794 22852 INFO rally.task.runner [-] Task 68a32721-3ad3-4eb7-9186-796c0ea95e96 | ITER: 32 START
2019-06-30 09:25:08.113 22850 INFO rally.task.runner [-] Task 68a32721-3ad3-4eb7-9186-796c0ea95e96 | ITER: 14 END: OK
2019-06-30 09:25:08.116 22850 INFO rally.task.runner [-] Task 68a32721-3ad3-4eb7-9186-796c0ea95e96 | ITER: 33 START
2019-06-30 09:25:08.187 22834 INFO rally.task.runner [-] Task 68a32721-3ad3-4eb7-9186-796c0ea95e96 | ITER: 9 END: OK
2019-06-30 09:25:08.189 22834 INFO rally.task.runner [-] Task 68a32721-3ad3-4eb7-9186-796c0ea95e96 | ITER: 34 START
2019-06-30 09:25:08.476 22832 INFO rally.task.runner [-] Task 68a32721-3ad3-4eb7-9186-796c0ea95e96 | ITER: 8 END: OK
2019-06-30 09:25:08.479 22832 INFO rally.task.runner [-] Task 68a32721-3ad3-4eb7-9186-796c0ea95e96 | ITER: 35 START
2019-06-30 09:25:08.500 22856 INFO rally.task.runner [-] Task 68a32721-3ad3-4eb7-9186-796c0ea95e96 | ITER: 15 END: OK
2019-06-30 09:25:08.504 22856 INFO rally.task.runner [-] Task 68a32721-3ad3-4eb7-9186-796c0ea95e96 | ITER: 36 START
2019-06-30 09:25:08.882 22867 INFO rally.task.runner [-] Task 68a32721-3ad3-4eb7-9186-796c0ea95e96 | ITER: 17 END: OK
2019-06-30 09:25:08.886 22867 INFO rally.task.runner [-] Task 68a32721-3ad3-4eb7-9186-796c0ea95e96 | ITER: 37 START
2019-06-30 09:25:09.103 22831 INFO rally.task.runner [-] Task 68a32721-3ad3-4eb7-9186-796c0ea95e96 | ITER: 21 END: OK
2019-06-30 09:25:09.106 22831 INFO rally.task.runner [-] Task 68a32721-3ad3-4eb7-9186-796c0ea95e96 | ITER: 38 START
2019-06-30 09:25:09.110 22829 INFO rally.task.runner [-] Task 68a32721-3ad3-4eb7-9186-796c0ea95e96 | ITER: 22 END: OK
2019-06-30 09:25:09.115 22829 INFO rally.task.runner [-] Task 68a32721-3ad3-4eb7-9186-796c0ea95e96 | ITER: 39 START
2019-06-30 09:25:09.266 22873 INFO rally.task.runner [-] Task 68a32721-3ad3-4eb7-9186-796c0ea95e96 | ITER: 19 END: OK
2019-06-30 09:25:09.270 22873 INFO rally.task.runner [-] Task 68a32721-3ad3-4eb7-9186-796c0ea95e96 | ITER: 40 START
2019-06-30 09:25:09.350 22872 INFO rally.task.runner [-] Task 68a32721-3ad3-4eb7-9186-796c0ea95e96 | ITER: 18 END: OK
2019-06-30 09:25:09.353 22872 INFO rally.task.runner [-] Task 68a32721-3ad3-4eb7-9186-796c0ea95e96 | ITER: 41 START
2019-06-30 09:25:09.475 22844 INFO rally.task.runner [-] Task 68a32721-3ad3-4eb7-9186-796c0ea95e96 | ITER: 23 END: OK
2019-06-30 09:25:09.478 22844 INFO rally.task.runner [-] Task 68a32721-3ad3-4eb7-9186-796c0ea95e96 | ITER: 42 START
2019-06-30 09:25:09.889 22874 INFO rally.task.runner [-] Task 68a32721-3ad3-4eb7-9186-796c0ea95e96 | ITER: 20 END: OK
2019-06-30 09:25:09.894 22874 INFO rally.task.runner [-] Task 68a32721-3ad3-4eb7-9186-796c0ea95e96 | ITER: 43 START
2019-06-30 09:25:09.996 22830 INFO rally.task.runner [-] Task 68a32721-3ad3-4eb7-9186-796c0ea95e96 | ITER: 24 END: OK
2019-06-30 09:25:09.999 22830 INFO rally.task.runner [-] Task 68a32721-3ad3-4eb7-9186-796c0ea95e96 | ITER: 44 START
2019-06-30 09:25:10.253 22831 INFO rally.task.runner [-] Task 68a32721-3ad3-4eb7-9186-796c0ea95e96 | ITER: 29 END: OK
2019-06-30 09:25:10.256 22831 INFO rally.task.runner [-] Task 68a32721-3ad3-4eb7-9186-796c0ea95e96 | ITER: 45 START
2019-06-30 09:25:10.362 22832 INFO rally.task.runner [-] Task 68a32721-3ad3-4eb7-9186-796c0ea95e96 | ITER: 30 END: OK
2019-06-30 09:25:10.365 22832 INFO rally.task.runner [-] Task 68a32721-3ad3-4eb7-9186-796c0ea95e96 | ITER: 46 START
2019-06-30 09:25:10.381 22830 INFO rally.task.runner [-] Task 68a32721-3ad3-4eb7-9186-796c0ea95e96 | ITER: 27 END: OK
2019-06-30 09:25:10.385 22830 INFO rally.task.runner [-] Task 68a32721-3ad3-4eb7-9186-796c0ea95e96 | ITER: 47 START
2019-06-30 09:25:10.795 22850 INFO rally.task.runner [-] Task 68a32721-3ad3-4eb7-9186-796c0ea95e96 | ITER: 33 END: OK
2019-06-30 09:25:10.798 22850 INFO rally.task.runner [-] Task 68a32721-3ad3-4eb7-9186-796c0ea95e96 | ITER: 48 START
2019-06-30 09:25:10.829 22841 INFO rally.task.runner [-] Task 68a32721-3ad3-4eb7-9186-796c0ea95e96 | ITER: 31 END: OK
2019-06-30 09:25:10.833 22841 INFO rally.task.runner [-] Task 68a32721-3ad3-4eb7-9186-796c0ea95e96 | ITER: 49 START
2019-06-30 09:25:11.084 22852 INFO rally.task.runner [-] Task 68a32721-3ad3-4eb7-9186-796c0ea95e96 | ITER: 32 END: OK
2019-06-30 09:25:11.087 22852 INFO rally.task.runner [-] Task 68a32721-3ad3-4eb7-9186-796c0ea95e96 | ITER: 50 START
2019-06-30 09:25:11.218 22834 INFO rally.task.runner [-] Task 68a32721-3ad3-4eb7-9186-796c0ea95e96 | ITER: 34 END: OK
2019-06-30 09:25:11.221 22834 INFO rally.task.runner [-] Task 68a32721-3ad3-4eb7-9186-796c0ea95e96 | ITER: 51 START
2019-06-30 09:25:11.579 22832 INFO rally.task.runner [-] Task 68a32721-3ad3-4eb7-9186-796c0ea95e96 | ITER: 35 END: OK
2019-06-30 09:25:11.582 22832 INFO rally.task.runner [-] Task 68a32721-3ad3-4eb7-9186-796c0ea95e96 | ITER: 52 START
2019-06-30 09:25:11.628 22829 INFO rally.task.runner [-] Task 68a32721-3ad3-4eb7-9186-796c0ea95e96 | ITER: 26 END: OK
2019-06-30 09:25:11.632 22829 INFO rally.task.runner [-] Task 68a32721-3ad3-4eb7-9186-796c0ea95e96 | ITER: 53 START
2019-06-30 09:25:11.712 22864 INFO rally.task.runner [-] Task 68a32721-3ad3-4eb7-9186-796c0ea95e96 | ITER: 25 END: OK
2019-06-30 09:25:11.715 22864 INFO rally.task.runner [-] Task 68a32721-3ad3-4eb7-9186-796c0ea95e96 | ITER: 54 START
2019-06-30 09:25:11.726 22856 INFO rally.task.runner [-] Task 68a32721-3ad3-4eb7-9186-796c0ea95e96 | ITER: 36 END: OK
2019-06-30 09:25:11.729 22856 INFO rally.task.runner [-] Task 68a32721-3ad3-4eb7-9186-796c0ea95e96 | ITER: 55 START
2019-06-30 09:25:11.731 22848 INFO rally.task.runner [-] Task 68a32721-3ad3-4eb7-9186-796c0ea95e96 | ITER: 28 END: OK
2019-06-30 09:25:11.734 22848 INFO rally.task.runner [-] Task 68a32721-3ad3-4eb7-9186-796c0ea95e96 | ITER: 56 START
2019-06-30 09:25:11.750 22844 INFO rally.task.runner [-] Task 68a32721-3ad3-4eb7-9186-796c0ea95e96 | ITER: 42 END: OK
2019-06-30 09:25:11.752 22844 INFO rally.task.runner [-] Task 68a32721-3ad3-4eb7-9186-796c0ea95e96 | ITER: 57 START
2019-06-30 09:25:11.824 22829 INFO rally.task.runner [-] Task 68a32721-3ad3-4eb7-9186-796c0ea95e96 | ITER: 39 END: OK
2019-06-30 09:25:11.827 22829 INFO rally.task.runner [-] Task 68a32721-3ad3-4eb7-9186-796c0ea95e96 | ITER: 58 START
2019-06-30 09:25:12.355 22872 INFO rally.task.runner [-] Task 68a32721-3ad3-4eb7-9186-796c0ea95e96 | ITER: 41 END: OK
2019-06-30 09:25:12.359 22872 INFO rally.task.runner [-] Task 68a32721-3ad3-4eb7-9186-796c0ea95e96 | ITER: 59 START
2019-06-30 09:25:12.486 22832 INFO rally.task.runner [-] Task 68a32721-3ad3-4eb7-9186-796c0ea95e96 | ITER: 46 END: OK
2019-06-30 09:25:12.489 22832 INFO rally.task.runner [-] Task 68a32721-3ad3-4eb7-9186-796c0ea95e96 | ITER: 60 START
2019-06-30 09:25:12.540 22874 INFO rally.task.runner [-] Task 68a32721-3ad3-4eb7-9186-796c0ea95e96 | ITER: 43 END: OK
2019-06-30 09:25:12.543 22874 INFO rally.task.runner [-] Task 68a32721-3ad3-4eb7-9186-796c0ea95e96 | ITER: 61 START
2019-06-30 09:25:12.551 22830 INFO rally.task.runner [-] Task 68a32721-3ad3-4eb7-9186-796c0ea95e96 | ITER: 47 END: OK
2019-06-30 09:25:12.554 22830 INFO rally.task.runner [-] Task 68a32721-3ad3-4eb7-9186-796c0ea95e96 | ITER: 62 START
2019-06-30 09:25:12.656 22850 INFO rally.task.runner [-] Task 68a32721-3ad3-4eb7-9186-796c0ea95e96 | ITER: 48 END: OK
2019-06-30 09:25:12.659 22850 INFO rally.task.runner [-] Task 68a32721-3ad3-4eb7-9186-796c0ea95e96 | ITER: 63 START
2019-06-30 09:25:12.890 22867 INFO rally.task.runner [-] Task 68a32721-3ad3-4eb7-9186-796c0ea95e96 | ITER: 37 END: OK
2019-06-30 09:25:12.894 22867 INFO rally.task.runner [-] Task 68a32721-3ad3-4eb7-9186-796c0ea95e96 | ITER: 64 START
2019-06-30 09:25:12.895 22841 INFO rally.task.runner [-] Task 68a32721-3ad3-4eb7-9186-796c0ea95e96 | ITER: 49 END: OK
2019-06-30 09:25:12.899 22841 INFO rally.task.runner [-] Task 68a32721-3ad3-4eb7-9186-796c0ea95e96 | ITER: 65 START
2019-06-30 09:25:12.919 22831 INFO rally.task.runner [-] Task 68a32721-3ad3-4eb7-9186-796c0ea95e96 | ITER: 38 END: OK
2019-06-30 09:25:12.922 22831 INFO rally.task.runner [-] Task 68a32721-3ad3-4eb7-9186-796c0ea95e96 | ITER: 66 START
2019-06-30 09:25:13.149 22831 INFO rally.task.runner [-] Task 68a32721-3ad3-4eb7-9186-796c0ea95e96 | ITER: 45 END: OK
2019-06-30 09:25:13.152 22831 INFO rally.task.runner [-] Task 68a32721-3ad3-4eb7-9186-796c0ea95e96 | ITER: 67 START
2019-06-30 09:25:13.175 22830 INFO rally.task.runner [-] Task 68a32721-3ad3-4eb7-9186-796c0ea95e96 | ITER: 44 END: OK
2019-06-30 09:25:13.178 22830 INFO rally.task.runner [-] Task 68a32721-3ad3-4eb7-9186-796c0ea95e96 | ITER: 68 START
2019-06-30 09:25:13.459 22834 INFO rally.task.runner [-] Task 68a32721-3ad3-4eb7-9186-796c0ea95e96 | ITER: 51 END: OK
2019-06-30 09:25:13.462 22834 INFO rally.task.runner [-] Task 68a32721-3ad3-4eb7-9186-796c0ea95e96 | ITER: 69 START
2019-06-30 09:25:13.680 22852 INFO rally.task.runner [-] Task 68a32721-3ad3-4eb7-9186-796c0ea95e96 | ITER: 50 END: OK
2019-06-30 09:25:13.683 22852 INFO rally.task.runner [-] Task 68a32721-3ad3-4eb7-9186-796c0ea95e96 | ITER: 70 START
2019-06-30 09:25:13.693 22832 INFO rally.task.runner [-] Task 68a32721-3ad3-4eb7-9186-796c0ea95e96 | ITER: 52 END: OK
2019-06-30 09:25:13.697 22832 INFO rally.task.runner [-] Task 68a32721-3ad3-4eb7-9186-796c0ea95e96 | ITER: 71 START
2019-06-30 09:25:13.774 22873 INFO rally.task.runner [-] Task 68a32721-3ad3-4eb7-9186-796c0ea95e96 | ITER: 40 END: OK
2019-06-30 09:25:13.777 22873 INFO rally.task.runner [-] Task 68a32721-3ad3-4eb7-9186-796c0ea95e96 | ITER: 72 START
2019-06-30 09:25:14.048 22829 INFO rally.task.runner [-] Task 68a32721-3ad3-4eb7-9186-796c0ea95e96 | ITER: 53 END: OK
2019-06-30 09:25:14.051 22829 INFO rally.task.runner [-] Task 68a32721-3ad3-4eb7-9186-796c0ea95e96 | ITER: 73 START
2019-06-30 09:25:14.656 22856 INFO rally.task.runner [-] Task 68a32721-3ad3-4eb7-9186-796c0ea95e96 | ITER: 55 END: OK
2019-06-30 09:25:14.659 22856 INFO rally.task.runner [-] Task 68a32721-3ad3-4eb7-9186-796c0ea95e96 | ITER: 74 START
2019-06-30 09:25:14.819 22864 INFO rally.task.runner [-] Task 68a32721-3ad3-4eb7-9186-796c0ea95e96 | ITER: 54 END: OK
2019-06-30 09:25:14.823 22864 INFO rally.task.runner [-] Task 68a32721-3ad3-4eb7-9186-796c0ea95e96 | ITER: 75 START
2019-06-30 09:25:14.867 22848 INFO rally.task.runner [-] Task 68a32721-3ad3-4eb7-9186-796c0ea95e96 | ITER: 56 END: OK
2019-06-30 09:25:14.870 22848 INFO rally.task.runner [-] Task 68a32721-3ad3-4eb7-9186-796c0ea95e96 | ITER: 76 START
2019-06-30 09:25:14.880 22829 INFO rally.task.runner [-] Task 68a32721-3ad3-4eb7-9186-796c0ea95e96 | ITER: 58 END: OK
2019-06-30 09:25:14.881 22830 INFO rally.task.runner [-] Task 68a32721-3ad3-4eb7-9186-796c0ea95e96 | ITER: 62 END: OK
2019-06-30 09:25:14.884 22829 INFO rally.task.runner [-] Task 68a32721-3ad3-4eb7-9186-796c0ea95e96 | ITER: 77 START
2019-06-30 09:25:14.884 22830 INFO rally.task.runner [-] Task 68a32721-3ad3-4eb7-9186-796c0ea95e96 | ITER: 78 START
2019-06-30 09:25:14.885 22844 INFO rally.task.runner [-] Task 68a32721-3ad3-4eb7-9186-796c0ea95e96 | ITER: 57 END: OK
2019-06-30 09:25:14.889 22844 INFO rally.task.runner [-] Task 68a32721-3ad3-4eb7-9186-796c0ea95e96 | ITER: 79 START
2019-06-30 09:25:15.129 22841 INFO rally.task.runner [-] Task 68a32721-3ad3-4eb7-9186-796c0ea95e96 | ITER: 65 END: OK
2019-06-30 09:25:15.132 22841 INFO rally.task.runner [-] Task 68a32721-3ad3-4eb7-9186-796c0ea95e96 | ITER: 80 START
2019-06-30 09:25:15.146 22831 INFO rally.task.runner [-] Task 68a32721-3ad3-4eb7-9186-796c0ea95e96 | ITER: 67 END: OK
2019-06-30 09:25:15.150 22831 INFO rally.task.runner [-] Task 68a32721-3ad3-4eb7-9186-796c0ea95e96 | ITER: 81 START
2019-06-30 09:25:15.168 22872 INFO rally.task.runner [-] Task 68a32721-3ad3-4eb7-9186-796c0ea95e96 | ITER: 59 END: OK
2019-06-30 09:25:15.171 22872 INFO rally.task.runner [-] Task 68a32721-3ad3-4eb7-9186-796c0ea95e96 | ITER: 82 START
2019-06-30 09:25:15.182 22874 INFO rally.task.runner [-] Task 68a32721-3ad3-4eb7-9186-796c0ea95e96 | ITER: 61 END: OK
2019-06-30 09:25:15.185 22874 INFO rally.task.runner [-] Task 68a32721-3ad3-4eb7-9186-796c0ea95e96 | ITER: 83 START
2019-06-30 09:25:15.193 22850 INFO rally.task.runner [-] Task 68a32721-3ad3-4eb7-9186-796c0ea95e96 | ITER: 63 END: OK
2019-06-30 09:25:15.196 22850 INFO rally.task.runner [-] Task 68a32721-3ad3-4eb7-9186-796c0ea95e96 | ITER: 84 START
2019-06-30 09:25:15.404 22831 INFO rally.task.runner [-] Task 68a32721-3ad3-4eb7-9186-796c0ea95e96 | ITER: 66 END: OK
2019-06-30 09:25:15.407 22831 INFO rally.task.runner [-] Task 68a32721-3ad3-4eb7-9186-796c0ea95e96 | ITER: 85 START
2019-06-30 09:25:15.646 22873 INFO rally.task.runner [-] Task 68a32721-3ad3-4eb7-9186-796c0ea95e96 | ITER: 72 END: OK
2019-06-30 09:25:15.649 22830 INFO rally.task.runner [-] Task 68a32721-3ad3-4eb7-9186-796c0ea95e96 | ITER: 68 END: OK
2019-06-30 09:25:15.650 22873 INFO rally.task.runner [-] Task 68a32721-3ad3-4eb7-9186-796c0ea95e96 | ITER: 86 START
2019-06-30 09:25:15.652 22830 INFO rally.task.runner [-] Task 68a32721-3ad3-4eb7-9186-796c0ea95e96 | ITER: 87 START
2019-06-30 09:25:15.720 22832 INFO rally.task.runner [-] Task 68a32721-3ad3-4eb7-9186-796c0ea95e96 | ITER: 60 END: OK
2019-06-30 09:25:15.723 22832 INFO rally.task.runner [-] Task 68a32721-3ad3-4eb7-9186-796c0ea95e96 | ITER: 88 START
2019-06-30 09:25:15.806 22852 INFO rally.task.runner [-] Task 68a32721-3ad3-4eb7-9186-796c0ea95e96 | ITER: 70 END: OK
2019-06-30 09:25:15.809 22852 INFO rally.task.runner [-] Task 68a32721-3ad3-4eb7-9186-796c0ea95e96 | ITER: 89 START
2019-06-30 09:25:15.956 22834 INFO rally.task.runner [-] Task 68a32721-3ad3-4eb7-9186-796c0ea95e96 | ITER: 69 END: OK
2019-06-30 09:25:15.959 22834 INFO rally.task.runner [-] Task 68a32721-3ad3-4eb7-9186-796c0ea95e96 | ITER: 90 START
2019-06-30 09:25:15.970 22829 INFO rally.task.runner [-] Task 68a32721-3ad3-4eb7-9186-796c0ea95e96 | ITER: 73 END: OK
2019-06-30 09:25:15.973 22829 INFO rally.task.runner [-] Task 68a32721-3ad3-4eb7-9186-796c0ea95e96 | ITER: 91 START
2019-06-30 09:25:16.004 22832 INFO rally.task.runner [-] Task 68a32721-3ad3-4eb7-9186-796c0ea95e96 | ITER: 71 END: OK
2019-06-30 09:25:16.007 22832 INFO rally.task.runner [-] Task 68a32721-3ad3-4eb7-9186-796c0ea95e96 | ITER: 92 START
2019-06-30 09:25:16.504 22867 INFO rally.task.runner [-] Task 68a32721-3ad3-4eb7-9186-796c0ea95e96 | ITER: 64 END: OK
2019-06-30 09:25:16.507 22867 INFO rally.task.runner [-] Task 68a32721-3ad3-4eb7-9186-796c0ea95e96 | ITER: 93 START
2019-06-30 09:25:17.546 22848 INFO rally.task.runner [-] Task 68a32721-3ad3-4eb7-9186-796c0ea95e96 | ITER: 76 END: OK
2019-06-30 09:25:17.549 22848 INFO rally.task.runner [-] Task 68a32721-3ad3-4eb7-9186-796c0ea95e96 | ITER: 94 START
2019-06-30 09:25:17.712 22856 INFO rally.task.runner [-] Task 68a32721-3ad3-4eb7-9186-796c0ea95e96 | ITER: 74 END: OK
2019-06-30 09:25:17.715 22856 INFO rally.task.runner [-] Task 68a32721-3ad3-4eb7-9186-796c0ea95e96 | ITER: 95 START
2019-06-30 09:25:17.888 22864 INFO rally.task.runner [-] Task 68a32721-3ad3-4eb7-9186-796c0ea95e96 | ITER: 75 END: OK
2019-06-30 09:25:17.891 22864 INFO rally.task.runner [-] Task 68a32721-3ad3-4eb7-9186-796c0ea95e96 | ITER: 96 START
2019-06-30 09:25:17.941 22831 INFO rally.task.runner [-] Task 68a32721-3ad3-4eb7-9186-796c0ea95e96 | ITER: 81 END: OK
2019-06-30 09:25:17.944 22831 INFO rally.task.runner [-] Task 68a32721-3ad3-4eb7-9186-796c0ea95e96 | ITER: 97 START
2019-06-30 09:25:17.946 22872 INFO rally.task.runner [-] Task 68a32721-3ad3-4eb7-9186-796c0ea95e96 | ITER: 82 END: OK
2019-06-30 09:25:17.946 22844 INFO rally.task.runner [-] Task 68a32721-3ad3-4eb7-9186-796c0ea95e96 | ITER: 79 END: OK
2019-06-30 09:25:17.949 22872 INFO rally.task.runner [-] Task 68a32721-3ad3-4eb7-9186-796c0ea95e96 | ITER: 98 START
2019-06-30 09:25:17.950 22844 INFO rally.task.runner [-] Task 68a32721-3ad3-4eb7-9186-796c0ea95e96 | ITER: 99 START
2019-06-30 09:25:17.982 22850 INFO rally.task.runner [-] Task 68a32721-3ad3-4eb7-9186-796c0ea95e96 | ITER: 84 END: OK
2019-06-30 09:25:17.985 22850 INFO rally.task.runner [-] Task 68a32721-3ad3-4eb7-9186-796c0ea95e96 | ITER: 100 START
2019-06-30 09:25:18.002 22841 INFO rally.task.runner [-] Task 68a32721-3ad3-4eb7-9186-796c0ea95e96 | ITER: 80 END: OK
2019-06-30 09:25:18.006 22830 INFO rally.task.runner [-] Task 68a32721-3ad3-4eb7-9186-796c0ea95e96 | ITER: 78 END: OK
2019-06-30 09:25:18.008 22829 INFO rally.task.runner [-] Task 68a32721-3ad3-4eb7-9186-796c0ea95e96 | ITER: 77 END: OK
2019-06-30 09:25:18.096 22831 INFO rally.task.runner [-] Task 68a32721-3ad3-4eb7-9186-796c0ea95e96 | ITER: 85 END: OK
2019-06-30 09:25:18.363 22829 INFO rally.task.runner [-] Task 68a32721-3ad3-4eb7-9186-796c0ea95e96 | ITER: 91 END: OK
2019-06-30 09:25:18.441 22830 INFO rally.task.runner [-] Task 68a32721-3ad3-4eb7-9186-796c0ea95e96 | ITER: 87 END: OK
2019-06-30 09:25:18.620 22834 INFO rally.task.runner [-] Task 68a32721-3ad3-4eb7-9186-796c0ea95e96 | ITER: 90 END: OK
2019-06-30 09:25:18.795 22874 INFO rally.task.runner [-] Task 68a32721-3ad3-4eb7-9186-796c0ea95e96 | ITER: 83 END: OK
2019-06-30 09:25:18.806 22832 INFO rally.task.runner [-] Task 68a32721-3ad3-4eb7-9186-796c0ea95e96 | ITER: 92 END: OK
2019-06-30 09:25:18.866 22867 INFO rally.task.runner [-] Task 68a32721-3ad3-4eb7-9186-796c0ea95e96 | ITER: 93 END: OK
2019-06-30 09:25:19.344 22873 INFO rally.task.runner [-] Task 68a32721-3ad3-4eb7-9186-796c0ea95e96 | ITER: 86 END: OK
2019-06-30 09:25:19.423 22864 INFO rally.task.runner [-] Task 68a32721-3ad3-4eb7-9186-796c0ea95e96 | ITER: 96 END: OK
2019-06-30 09:25:19.461 22831 INFO rally.task.runner [-] Task 68a32721-3ad3-4eb7-9186-796c0ea95e96 | ITER: 97 END: OK
2019-06-30 09:25:19.463 22856 INFO rally.task.runner [-] Task 68a32721-3ad3-4eb7-9186-796c0ea95e96 | ITER: 95 END: OK
2019-06-30 09:25:19.464 22848 INFO rally.task.runner [-] Task 68a32721-3ad3-4eb7-9186-796c0ea95e96 | ITER: 94 END: OK
2019-06-30 09:25:19.774 22852 INFO rally.task.runner [-] Task 68a32721-3ad3-4eb7-9186-796c0ea95e96 | ITER: 89 END: OK
2019-06-30 09:25:19.850 22872 INFO rally.task.runner [-] Task 68a32721-3ad3-4eb7-9186-796c0ea95e96 | ITER: 98 END: OK
2019-06-30 09:25:20.027 22832 INFO rally.task.runner [-] Task 68a32721-3ad3-4eb7-9186-796c0ea95e96 | ITER: 88 END: OK
2019-06-30 09:25:20.266 22844 INFO rally.task.runner [-] Task 68a32721-3ad3-4eb7-9186-796c0ea95e96 | ITER: 99 END: OK
2019-06-30 09:25:20.313 22850 INFO rally.task.runner [-] Task 68a32721-3ad3-4eb7-9186-796c0ea95e96 | ITER: 100 END: OK
2019-06-30 09:25:20.336 22705 INFO rally.task.context [-] Task 68a32721-3ad3-4eb7-9186-796c0ea95e96 | Context cleanup@openstack cleanup() started
2019-06-30 09:25:20.338 22705 RALLYDEBUG rally_openstack.cleanup.manager [-] Cleaning up neutron vip objects
2019-06-30 09:25:20.955 22705 RALLYDEBUG rally_openstack.cleanup.manager [-] Cleaning up neutron health_monitor objects
2019-06-30 09:25:21.584 22705 RALLYDEBUG rally_openstack.cleanup.manager [-] Cleaning up neutron pool objects
2019-06-30 09:25:22.201 22705 RALLYDEBUG rally_openstack.cleanup.manager [-] Cleaning up neutron loadbalancer objects
2019-06-30 09:25:22.840 22705 RALLYDEBUG rally_openstack.cleanup.manager [-] Cleaning up neutron floatingip objects
2019-06-30 09:25:23.835 22705 RALLYDEBUG rally_openstack.cleanup.manager [-] Cleaning up neutron port objects
2019-06-30 09:25:24.489 22705 RALLYDEBUG rally_openstack.cleanup.manager [-] Cleaning up neutron subnet objects
2019-06-30 09:25:25.127 22705 RALLYDEBUG rally_openstack.cleanup.manager [-] Cleaning up neutron network objects
2019-06-30 09:25:26.065 22705 RALLYDEBUG rally_openstack.cleanup.manager [-] Deleting neutron.network object s_rally_0d990ee9_VgRv4pxQ (03b7aa77-bf3c-49f3-bbce-0eb6906f458a)
2019-06-30 09:25:26.066 22705 RALLYDEBUG rally_openstack.cleanup.manager [-] Deleting neutron.network object s_rally_0d990ee9_Ft2LB4Tl (11d837d8-e967-4bb5-b351-5494e6c870dd)
2019-06-30 09:25:26.076 22705 RALLYDEBUG rally_openstack.cleanup.manager [-] Deleting neutron.network object s_rally_0d990ee9_NGaLNmtB (1481bf6b-2ac5-404f-9634-02722c33ebff)
2019-06-30 09:25:26.078 22705 RALLYDEBUG rally_openstack.cleanup.manager [-] Deleting neutron.network object s_rally_0d990ee9_xh6uUs3T (04821948-447c-41b7-8263-8f2b32a0bd23)
2019-06-30 09:25:26.079 22705 RALLYDEBUG rally_openstack.cleanup.manager [-] Deleting neutron.network object s_rally_0d990ee9_iP5RGIzL (04442b1f-4d79-4db4-82a2-88e8be2dc49c)
2019-06-30 09:25:26.080 22705 RALLYDEBUG rally_openstack.cleanup.manager [-] Deleting neutron.network object s_rally_0d990ee9_rnp51Vdc (00328ecc-e092-4668-88fc-3fc14182236f)
2019-06-30 09:25:26.080 22705 RALLYDEBUG rally_openstack.cleanup.manager [-] Deleting neutron.network object s_rally_0d990ee9_WFFPbhaZ (122cec35-1e6b-469f-8376-2cd0886e39fc)
2019-06-30 09:25:26.083 22705 RALLYDEBUG rally_openstack.cleanup.manager [-] Deleting neutron.network object s_rally_0d990ee9_jsY4eRur (1229d5aa-9341-4979-8703-3a8af96f6746)
2019-06-30 09:25:26.089 22705 RALLYDEBUG rally_openstack.cleanup.manager [-] Deleting neutron.network object s_rally_0d990ee9_QvoGEBRg (12549a9f-9983-4f65-bfeb-958559140da7)
2019-06-30 09:25:26.089 22705 RALLYDEBUG rally_openstack.cleanup.manager [-] Deleting neutron.network object s_rally_0d990ee9_rNy7zJKM (1854d991-3ecd-46ca-8217-87bbf30bbed8)
2019-06-30 09:25:26.090 22705 RALLYDEBUG rally_openstack.cleanup.manager [-] Deleting neutron.network object s_rally_0d990ee9_cE4E4cEi (040287ff-5f57-4b74-aae8-5a2a5e39ec07)
2019-06-30 09:25:26.094 22705 RALLYDEBUG rally_openstack.cleanup.manager [-] Deleting neutron.network object s_rally_0d990ee9_UNF9BxeJ (07b639f1-cf3c-4002-a157-7d4c5492da02)
2019-06-30 09:25:26.094 22705 RALLYDEBUG rally_openstack.cleanup.manager [-] Deleting neutron.network object s_rally_0d990ee9_rZ5iICes (06cf21b8-8a1a-4ea6-9ef4-50fd3803671c)
2019-06-30 09:25:26.095 22705 RALLYDEBUG rally_openstack.cleanup.manager [-] Deleting neutron.network object s_rally_0d990ee9_VBupOyIo (02c093ad-5263-4219-841c-0d7f2e69cbbc)
2019-06-30 09:25:26.095 22705 RALLYDEBUG rally_openstack.cleanup.manager [-] Deleting neutron.network object s_rally_0d990ee9_2bxiOTeA (19608331-182e-48af-8092-ea8c75d46e7e)
2019-06-30 09:25:26.101 22705 RALLYDEBUG rally_openstack.cleanup.manager [-] Deleting neutron.network object s_rally_0d990ee9_VipT91i7 (01286470-fb5c-41c5-a564-1e7d1663f307)
2019-06-30 09:25:26.117 22705 RALLYDEBUG rally_openstack.cleanup.manager [-] Deleting neutron.network object s_rally_0d990ee9_U7afa9qf (1e3818b4-5c5c-462f-a5cc-c9223892820d)
2019-06-30 09:25:26.120 22705 RALLYDEBUG rally_openstack.cleanup.manager [-] Deleting neutron.network object s_rally_0d990ee9_YHP7K83m (1bf31c0b-38bf-48d4-8e20-b10528dfba58)
2019-06-30 09:25:26.127 22705 RALLYDEBUG rally_openstack.cleanup.manager [-] Deleting neutron.network object s_rally_0d990ee9_HNj6w75a (1e5ca643-0ff4-4251-ae1b-a29b0e429e52)
2019-06-30 09:25:26.136 22705 RALLYDEBUG rally_openstack.cleanup.manager [-] Deleting neutron.network object s_rally_0d990ee9_Wfygv9N3 (1f2f8434-7e59-46da-bd4e-0273d46d62ad)
2019-06-30 09:25:29.519 22705 RALLYDEBUG rally_openstack.cleanup.manager [-] Deleting neutron.network object s_rally_0d990ee9_vDyQozU2 (2319a8d9-9a61-41da-8f5b-0fb3d5d4c111)
2019-06-30 09:25:30.042 22705 RALLYDEBUG rally_openstack.cleanup.manager [-] Deleting neutron.network object s_rally_0d990ee9_RWq9Dwfp (232762b5-2d2d-454f-9a74-c770990532e6)
2019-06-30 09:25:30.099 22705 RALLYDEBUG rally_openstack.cleanup.manager [-] Deleting neutron.network object s_rally_0d990ee9_Uv4XIJXn (26e3f256-b6be-40eb-a739-47550e11cc9d)
2019-06-30 09:25:30.344 22705 RALLYDEBUG rally_openstack.cleanup.manager [-] Deleting neutron.network object s_rally_0d990ee9_X7OFQdpi (28e741d7-8fe7-41a6-96bd-6dc4fc0b345c)
2019-06-30 09:25:30.399 22705 RALLYDEBUG rally_openstack.cleanup.manager [-] Deleting neutron.network object s_rally_0d990ee9_41k15USP (2ce33818-6048-41ed-a147-2c65b8e2f1d3)
2019-06-30 09:25:30.412 22705 RALLYDEBUG rally_openstack.cleanup.manager [-] Deleting neutron.network object s_rally_0d990ee9_F5acS3Zl (33a72ab2-8d15-4067-a176-7b1f7546d742)
2019-06-30 09:25:30.605 22705 RALLYDEBUG rally_openstack.cleanup.manager [-] Deleting neutron.network object s_rally_0d990ee9_RvrjTckW (38672e71-1868-4c68-85d9-959854ef3957)
2019-06-30 09:25:30.617 22705 RALLYDEBUG rally_openstack.cleanup.manager [-] Deleting neutron.network object s_rally_0d990ee9_PjIgCin0 (3b57a29a-6b40-4d2e-81a6-3f320432d38b)
2019-06-30 09:25:30.696 22705 RALLYDEBUG rally_openstack.cleanup.manager [-] Deleting neutron.network object s_rally_0d990ee9_4cJNrNfk (403f43ff-143e-4a2e-896b-eba0d1e0503c)
2019-06-30 09:25:30.699 22705 RALLYDEBUG rally_openstack.cleanup.manager [-] Deleting neutron.network object s_rally_0d990ee9_4qBUdcEm (42b4778d-d946-4623-a2ac-52302c6c8c50)
2019-06-30 09:25:30.816 22705 RALLYDEBUG rally_openstack.cleanup.manager [-] Deleting neutron.network object s_rally_0d990ee9_TEyio8gU (46085908-0886-467f-9577-6140f3e2cb3b)
2019-06-30 09:25:31.033 22705 RALLYDEBUG rally_openstack.cleanup.manager [-] Deleting neutron.network object s_rally_0d990ee9_55R4wuef (46867ab1-2b43-457c-b6d2-c6c3088bfcb0)
2019-06-30 09:25:31.232 22705 RALLYDEBUG rally_openstack.cleanup.manager [-] Deleting neutron.network object s_rally_0d990ee9_b61O5LY8 (4bc9f9b1-7860-4b01-986b-b7c330aacfd5)
2019-06-30 09:25:31.268 22705 RALLYDEBUG rally_openstack.cleanup.manager [-] Deleting neutron.network object s_rally_0d990ee9_cKCeRvVm (4c9bf2fe-3e8f-4ef1-9861-2803502f385b)
2019-06-30 09:25:31.440 22705 RALLYDEBUG rally_openstack.cleanup.manager [-] Deleting neutron.network object s_rally_0d990ee9_MizvRU2n (4f628387-efc7-4314-a7ea-68b196403fff)
2019-06-30 09:25:31.467 22705 RALLYDEBUG rally_openstack.cleanup.manager [-] Deleting neutron.network object s_rally_0d990ee9_obxNnm2Q (52ced84a-1734-40d6-88c5-10166da3280a)
2019-06-30 09:25:31.814 22705 RALLYDEBUG rally_openstack.cleanup.manager [-] Deleting neutron.network object s_rally_0d990ee9_2Z3GC9Ah (52f6c63c-8c5d-43a8-bb90-1f84c939b48c)
2019-06-30 09:25:32.469 22705 RALLYDEBUG rally_openstack.cleanup.manager [-] Deleting neutron.network object s_rally_0d990ee9_53IBagF0 (59fcf1ff-a3c6-446f-9096-b74d15ec9936)
2019-06-30 09:25:32.506 22705 RALLYDEBUG rally_openstack.cleanup.manager [-] Deleting neutron.network object s_rally_0d990ee9_HBeMq8Li (5beaa5f3-5949-4764-8d04-260f9b9f15b5)
2019-06-30 09:25:32.600 22705 RALLYDEBUG rally_openstack.cleanup.manager [-] Deleting neutron.network object s_rally_0d990ee9_C2uVpKcE (5f2497b3-609c-4000-a104-6af745bcd75f)
2019-06-30 09:25:32.652 22705 RALLYDEBUG rally_openstack.cleanup.manager [-] Deleting neutron.network object s_rally_0d990ee9_WddDdRtg (624f1493-caef-4add-97ce-cbebee5cc7db)
2019-06-30 09:25:33.026 22705 RALLYDEBUG rally_openstack.cleanup.manager [-] Deleting neutron.network object s_rally_0d990ee9_8LZebEa7 (6271579b-13fb-46cf-a424-c536e4c56d81)
2019-06-30 09:25:33.515 22705 RALLYDEBUG rally_openstack.cleanup.manager [-] Deleting neutron.network object s_rally_0d990ee9_I8HpiKrE (665fc397-8e42-457c-a00a-9d60ed14faca)
2019-06-30 09:25:34.118 22705 RALLYDEBUG rally_openstack.cleanup.manager [-] Deleting neutron.network object s_rally_0d990ee9_NW5OsxZ7 (67dce11f-22c9-49f6-b030-5cb02bb36143)
2019-06-30 09:25:34.261 22705 RALLYDEBUG rally_openstack.cleanup.manager [-] Deleting neutron.network object s_rally_0d990ee9_df6HJSVO (68cf1f9d-a0de-4c16-8ac4-e7d2e277ef1f)
2019-06-30 09:25:34.261 22705 RALLYDEBUG rally_openstack.cleanup.manager [-] Deleting neutron.network object s_rally_0d990ee9_G2tPKZH3 (69585044-a1ad-4236-9ed9-252345897dd3)
2019-06-30 09:25:34.299 22705 RALLYDEBUG rally_openstack.cleanup.manager [-] Deleting neutron.network object s_rally_0d990ee9_cSO51JZj (6a2d937e-11fa-490e-9642-f8a316f5d660)
2019-06-30 09:25:34.306 22705 RALLYDEBUG rally_openstack.cleanup.manager [-] Deleting neutron.network object s_rally_0d990ee9_aRMQQ6mZ (6de9312b-f397-490e-aa7c-8bd0a7607768)
2019-06-30 09:25:34.488 22705 RALLYDEBUG rally_openstack.cleanup.manager [-] Deleting neutron.network object s_rally_0d990ee9_9e5z2GnA (6ec8e411-8502-4d66-9e4d-0c0fd84859f8)
2019-06-30 09:25:34.499 22705 RALLYDEBUG rally_openstack.cleanup.manager [-] Deleting neutron.network object s_rally_0d990ee9_07RBPSKf (74d7c455-21b9-43de-b725-375faa984479)
2019-06-30 09:25:34.570 22705 RALLYDEBUG rally_openstack.cleanup.manager [-] Deleting neutron.network object s_rally_0d990ee9_MOhg25G5 (75f8ad0d-7615-4867-b150-a51c6cc170ca)
2019-06-30 09:25:34.593 22705 RALLYDEBUG rally_openstack.cleanup.manager [-] Deleting neutron.network object s_rally_0d990ee9_pSbmNWFH (7765c830-a3f3-4586-9553-d4bcdf910ed5)
2019-06-30 09:25:34.766 22705 RALLYDEBUG rally_openstack.cleanup.manager [-] Deleting neutron.network object s_rally_0d990ee9_uxdOxSzw (7b0eb735-6a61-4a30-b2f5-2a8dd85275ae)
2019-06-30 09:25:34.965 22705 RALLYDEBUG rally_openstack.cleanup.manager [-] Deleting neutron.network object s_rally_0d990ee9_wxjS8MtK (7d105b6c-d55e-4054-817b-26de533040f9)
2019-06-30 09:25:35.143 22705 RALLYDEBUG rally_openstack.cleanup.manager [-] Deleting neutron.network object s_rally_0d990ee9_4kDp7Y4C (8449f1e5-9184-44d5-9d54-35e81d0a57e5)
2019-06-30 09:25:35.297 22705 RALLYDEBUG rally_openstack.cleanup.manager [-] Deleting neutron.network object s_rally_0d990ee9_Zt22Y3HG (84ad340b-833d-4a14-bb5a-e9f09cdfeefa)
2019-06-30 09:25:35.310 22705 RALLYDEBUG rally_openstack.cleanup.manager [-] Deleting neutron.network object s_rally_0d990ee9_ahRLNJsS (85598c19-dd92-4980-9133-eef83d27ca3b)
2019-06-30 09:25:35.384 22705 RALLYDEBUG rally_openstack.cleanup.manager [-] Deleting neutron.network object s_rally_0d990ee9_aSseqly3 (8562dd17-18f9-41e5-94b7-e44a7b512556)
2019-06-30 09:25:35.460 22705 RALLYDEBUG rally_openstack.cleanup.manager [-] Deleting neutron.network object s_rally_0d990ee9_02wdp7g9 (8900e475-ef9b-43a7-a957-9e45ee69d0d1)
2019-06-30 09:25:36.098 22705 RALLYDEBUG rally_openstack.cleanup.manager [-] Deleting neutron.network object s_rally_0d990ee9_eQ8WDQki (89959b76-4674-4819-a8ae-683e9479a645)
2019-06-30 09:25:36.163 22705 RALLYDEBUG rally_openstack.cleanup.manager [-] Deleting neutron.network object s_rally_0d990ee9_7vmBvbgx (8ade912d-1718-4952-b7f0-75cba46cdf01)
2019-06-30 09:25:36.829 22705 RALLYDEBUG rally_openstack.cleanup.manager [-] Deleting neutron.network object s_rally_0d990ee9_699w3m07 (9089f19b-127f-4d2d-a7fe-cf7d5baf7973)
2019-06-30 09:25:36.883 22705 RALLYDEBUG rally_openstack.cleanup.manager [-] Deleting neutron.network object s_rally_0d990ee9_aYcc0dCa (931b2b8c-a560-438d-8a64-c46d2f3e066f)
2019-06-30 09:25:37.361 22705 RALLYDEBUG rally_openstack.cleanup.manager [-] Deleting neutron.network object s_rally_0d990ee9_sUbkXoEr (936abfd4-28df-4dae-a1cf-0133c1c434c8)
2019-06-30 09:25:37.402 22705 RALLYDEBUG rally_openstack.cleanup.manager [-] Deleting neutron.network object s_rally_0d990ee9_KXJ2D2B4 (997be784-352a-425d-ab49-16611f02fd9b)
2019-06-30 09:25:37.675 22705 RALLYDEBUG rally_openstack.cleanup.manager [-] Deleting neutron.network object s_rally_0d990ee9_V1lRwfgE (9d442691-575d-43e7-9593-dc5fa23a1a99)
2019-06-30 09:25:38.025 22705 RALLYDEBUG rally_openstack.cleanup.manager [-] Deleting neutron.network object s_rally_0d990ee9_xZKHnhF7 (9d569639-c872-4c10-ad57-d8377493e20d)
2019-06-30 09:25:38.055 22705 RALLYDEBUG rally_openstack.cleanup.manager [-] Deleting neutron.network object s_rally_0d990ee9_U0KvcbJv (9efa4c04-9eb9-4b67-9ca4-0747ca016c7e)
2019-06-30 09:25:38.172 22705 RALLYDEBUG rally_openstack.cleanup.manager [-] Deleting neutron.network object s_rally_0d990ee9_jvtvQMgi (a3d0bc44-3f93-4eeb-a1c2-00e9759b820e)
2019-06-30 09:25:38.248 22705 RALLYDEBUG rally_openstack.cleanup.manager [-] Deleting neutron.network object s_rally_0d990ee9_yOxr9UFx (a4046126-10d0-47e0-85f6-027e5f432b9b)
2019-06-30 09:25:38.275 22705 RALLYDEBUG rally_openstack.cleanup.manager [-] Deleting neutron.network object s_rally_0d990ee9_GEkllhhd (a7ff8946-40bd-4a84-b4b1-7a27c574c31f)
2019-06-30 09:25:38.280 22705 RALLYDEBUG rally_openstack.cleanup.manager [-] Deleting neutron.network object s_rally_0d990ee9_gZsve0B7 (aefc863e-42c0-4564-b39d-95766de5c5c2)
2019-06-30 09:25:38.388 22705 RALLYDEBUG rally_openstack.cleanup.manager [-] Deleting neutron.network object s_rally_0d990ee9_NjfrIneh (afb77057-297b-4bb1-a5ff-006d8dc02eb8)
2019-06-30 09:25:39.211 22705 RALLYDEBUG rally_openstack.cleanup.manager [-] Deleting neutron.network object s_rally_0d990ee9_1hNlCDYW (b2e3ebb0-bb89-44e0-a9ab-7ac875a1aa02)
2019-06-30 09:25:39.226 22705 RALLYDEBUG rally_openstack.cleanup.manager [-] Deleting neutron.network object s_rally_0d990ee9_5uyq6Xa0 (b5088df6-2107-4579-a3cd-fadffa9483c1)
2019-06-30 09:25:39.432 22705 RALLYDEBUG rally_openstack.cleanup.manager [-] Deleting neutron.network object s_rally_0d990ee9_t53EDoOo (b65da13c-a117-4413-a8df-7f43e14f0e09)
2019-06-30 09:25:39.500 22705 RALLYDEBUG rally_openstack.cleanup.manager [-] Deleting neutron.network object s_rally_0d990ee9_dPteXKr6 (be14e68e-a73c-4cd8-bba6-b910703001aa)
2019-06-30 09:25:40.276 22705 RALLYDEBUG rally_openstack.cleanup.manager [-] Deleting neutron.network object s_rally_0d990ee9_gYsJDJTG (c2d53ea7-2d2a-4d52-af45-c873767689a0)
2019-06-30 09:25:40.390 22705 RALLYDEBUG rally_openstack.cleanup.manager [-] Deleting neutron.network object s_rally_0d990ee9_0lHiAeiD (c38975e0-8f52-44c1-8e5b-1ad270b2d23b)
2019-06-30 09:25:40.489 22705 RALLYDEBUG rally_openstack.cleanup.manager [-] Deleting neutron.network object s_rally_0d990ee9_5sKYt1l8 (c395e6fc-72c5-41ba-a034-88ec3af4fe1d)
2019-06-30 09:25:40.500 22705 RALLYDEBUG rally_openstack.cleanup.manager [-] Deleting neutron.network object s_rally_0d990ee9_iVOkoohu (c5b5ab8d-5da6-4ad0-b3a1-eebc2aed7e62)
2019-06-30 09:25:40.814 22705 RALLYDEBUG rally_openstack.cleanup.manager [-] Deleting neutron.network object s_rally_0d990ee9_BKJPkk1D (c5f8a5d0-206e-49fc-ab82-2c40c5b7067b)
2019-06-30 09:25:41.094 22705 RALLYDEBUG rally_openstack.cleanup.manager [-] Deleting neutron.network object s_rally_0d990ee9_y82FF3EJ (c6c6a5b8-2aa9-4d38-9e5f-ab088675bba1)
2019-06-30 09:25:41.292 22705 RALLYDEBUG rally_openstack.cleanup.manager [-] Deleting neutron.network object s_rally_0d990ee9_urRJxZEV (c76f13cd-cda6-405b-926f-adb832ca6157)
2019-06-30 09:25:41.486 22705 RALLYDEBUG rally_openstack.cleanup.manager [-] Deleting neutron.network object s_rally_0d990ee9_1lXLgf6M (c7e9bd1a-692d-49c1-adf4-74ba95554b44)
2019-06-30 09:25:41.494 22705 RALLYDEBUG rally_openstack.cleanup.manager [-] Deleting neutron.network object s_rally_0d990ee9_LHz7jjJF (d6bd1693-554e-4cf7-991a-375ef9ee6858)
2019-06-30 09:25:41.524 22705 RALLYDEBUG rally_openstack.cleanup.manager [-] Deleting neutron.network object s_rally_0d990ee9_mSSppGyE (d83036ac-3c8b-4f37-a1b1-a8399382a0ae)
2019-06-30 09:25:41.590 22705 RALLYDEBUG rally_openstack.cleanup.manager [-] Deleting neutron.network object s_rally_0d990ee9_rt0uluCo (da56351e-508c-42d3-903a-0f9c9a0fc47a)
2019-06-30 09:25:41.648 22705 RALLYDEBUG rally_openstack.cleanup.manager [-] Deleting neutron.network object s_rally_0d990ee9_aKDraqxz (db40755b-a2c2-4f05-bc49-8d109d3da452)
2019-06-30 09:25:41.825 22705 RALLYDEBUG rally_openstack.cleanup.manager [-] Deleting neutron.network object s_rally_0d990ee9_JKa1kNPU (dc3e58d5-f08c-49f3-b26d-847394623047)
2019-06-30 09:25:41.838 22705 RALLYDEBUG rally_openstack.cleanup.manager [-] Deleting neutron.network object s_rally_0d990ee9_xMeQJG75 (e1e71856-a383-4304-8636-0d2bb97320c9)
2019-06-30 09:25:41.916 22705 RALLYDEBUG rally_openstack.cleanup.manager [-] Deleting neutron.network object s_rally_0d990ee9_yvrUVSjm (e3118576-bccf-41ae-8ec4-dda101b99941)
2019-06-30 09:25:42.332 22705 RALLYDEBUG rally_openstack.cleanup.manager [-] Deleting neutron.network object s_rally_0d990ee9_APA3pOky (e40fe319-f040-4c33-8926-661fc3d33016)
2019-06-30 09:25:42.371 22705 RALLYDEBUG rally_openstack.cleanup.manager [-] Deleting neutron.network object s_rally_0d990ee9_SM2egmq2 (e5203192-85a9-479e-a521-3ad50a25f55c)
2019-06-30 09:25:42.879 22705 RALLYDEBUG rally_openstack.cleanup.manager [-] Deleting neutron.network object s_rally_0d990ee9_CpUpjS1v (e6853a75-4534-4dd1-a78b-5ea296f9f65d)
2019-06-30 09:25:43.282 22705 RALLYDEBUG rally_openstack.cleanup.manager [-] Deleting neutron.network object s_rally_0d990ee9_wFqxzJru (e8b20d74-c27b-41dc-a90b-929c2e4963b7)
