2019-06-30 07:58:40.385 1842 INFO rally.task.context [-] Task abb508a8-226a-4304-b29d-c50c66d62dcc | Context quotas@openstack setup() finished in 1.52 sec
2019-06-30 07:58:40.385 1842 INFO rally.task.context [-] Task abb508a8-226a-4304-b29d-c50c66d62dcc | Context cleanup@openstack setup() finished in 0.01 msec
2019-06-30 07:58:40.393 1842 RALLYDEBUG rally.task.runner [-] Starting the constant runner (task UUID: abb508a8-226a-4304-b29d-c50c66d62dcc). timeout: 0 concurrency: 4 concurrency_per_worker: 1 times: 10 concurrency_overhead: 0 processes_to_start: 4 max_cpu_used: 16
2019-06-30 07:58:40.405 3658 RALLYDEBUG rally.task.runner [-] Starting a worker. concurrency: 1 args: {"size": {"min": 1, "max": 1}} times: 10 method_name: run timeout: 0 duration: None cls:
2019-06-30 07:58:40.408 3659 RALLYDEBUG rally.task.runner [-] Starting a worker. concurrency: 1 args: {"size": {"min": 1, "max": 1}} times: 10 method_name: run timeout: 0 duration: None cls:
2019-06-30 07:58:40.410 3660 RALLYDEBUG rally.task.runner [-] Starting a worker. concurrency: 1 args: {"size": {"min": 1, "max": 1}} times: 10 method_name: run timeout: 0 duration: None cls:
2019-06-30 07:58:40.411 3661 RALLYDEBUG rally.task.runner [-] Starting a worker. concurrency: 1 args: {"size": {"min": 1, "max": 1}} times: 10 method_name: run timeout: 0 duration: None cls:
2019-06-30 07:58:40.413 3658 INFO rally.task.runner [-] Task abb508a8-226a-4304-b29d-c50c66d62dcc | ITER: 1 START
2019-06-30 07:58:40.416 3660 INFO rally.task.runner [-] Task abb508a8-226a-4304-b29d-c50c66d62dcc | ITER: 3 START
2019-06-30 07:58:40.416 3659 INFO rally.task.runner [-] Task abb508a8-226a-4304-b29d-c50c66d62dcc | ITER: 2 START
2019-06-30 07:58:40.417 3661 INFO rally.task.runner [-] Task abb508a8-226a-4304-b29d-c50c66d62dcc | ITER: 4 START
2019-06-30 07:58:43.833 3658 INFO rally.task.runner [-] Task abb508a8-226a-4304-b29d-c50c66d62dcc | ITER: 1 END: OK
2019-06-30 07:58:43.839 3658 INFO rally.task.runner [-] Task abb508a8-226a-4304-b29d-c50c66d62dcc | ITER: 5 START
2019-06-30 07:58:43.892 3659 INFO rally.task.runner [-] Task abb508a8-226a-4304-b29d-c50c66d62dcc | ITER: 2 END: OK
2019-06-30 07:58:43.898 3659 INFO rally.task.runner [-] Task abb508a8-226a-4304-b29d-c50c66d62dcc | ITER: 6 START
2019-06-30 07:58:43.968 3660 INFO rally.task.runner [-] Task abb508a8-226a-4304-b29d-c50c66d62dcc | ITER: 3 END: OK
2019-06-30 07:58:43.973 3660 INFO rally.task.runner [-] Task abb508a8-226a-4304-b29d-c50c66d62dcc | ITER: 7 START
2019-06-30 07:58:44.034 3661 INFO rally.task.runner [-] Task abb508a8-226a-4304-b29d-c50c66d62dcc | ITER: 4 END: OK
2019-06-30 07:58:44.039 3661 INFO rally.task.runner [-] Task abb508a8-226a-4304-b29d-c50c66d62dcc | ITER: 8 START
2019-06-30 07:58:47.457 3658 INFO rally.task.runner [-] Task abb508a8-226a-4304-b29d-c50c66d62dcc | ITER: 5 END: OK
2019-06-30 07:58:47.461 3658 INFO rally.task.runner [-] Task abb508a8-226a-4304-b29d-c50c66d62dcc | ITER: 9 START
2019-06-30 07:58:47.510 3661 INFO rally.task.runner [-] Task abb508a8-226a-4304-b29d-c50c66d62dcc | ITER: 8 END: OK
2019-06-30 07:58:47.515 3661 INFO rally.task.runner [-] Task abb508a8-226a-4304-b29d-c50c66d62dcc | ITER: 10 START
2019-06-30 07:58:47.551 3659 INFO rally.task.runner [-] Task abb508a8-226a-4304-b29d-c50c66d62dcc | ITER: 6 END: OK
2019-06-30 07:58:47.565 3660 INFO rally.task.runner [-] Task abb508a8-226a-4304-b29d-c50c66d62dcc | ITER: 7 END: OK
2019-06-30 07:58:50.779 3658 INFO rally.task.runner [-] Task abb508a8-226a-4304-b29d-c50c66d62dcc | ITER: 9 END: OK
2019-06-30 07:58:50.875 3661 INFO rally.task.runner [-] Task abb508a8-226a-4304-b29d-c50c66d62dcc | ITER: 10 END: OK
2019-06-30 07:58:50.900 1842 INFO rally.task.context [-] Task abb508a8-226a-4304-b29d-c50c66d62dcc | Context cleanup@openstack cleanup() started
2019-06-30 07:58:50.903 1842 RALLYDEBUG rally_openstack.cleanup.manager [-] Cleaning up cinder backups objects
2019-06-30 07:58:52.868 1842 RALLYDEBUG rally_openstack.cleanup.manager [-] Cleaning up cinder volume_snapshots objects
2019-06-30 07:58:54.833 1842 RALLYDEBUG rally_openstack.cleanup.manager [-] Cleaning up cinder transfers objects
2019-06-30 07:58:56.697 1842 RALLYDEBUG rally_openstack.cleanup.manager [-] Cleaning up cinder volumes objects
2019-06-30 07:58:58.931 1842 RALLYDEBUG rally_openstack.cleanup.manager [-] Deleting cinder.volumes object s_rally_c070d414_53YVAsbS (05a414b2-1a2b-446b-b491-4acad21176b0)
2019-06-30 07:58:58.939 1842 RALLYDEBUG rally_openstack.cleanup.manager [-] Deleting cinder.volumes object s_rally_c070d414_FOBEjXkQ (5d101eb4-2859-400f-b302-4241c133bdc3)
2019-06-30 07:58:58.940 1842 RALLYDEBUG rally_openstack.cleanup.manager [-] Deleting cinder.volumes object s_rally_c070d414_OMHMCbm1 (50960853-ca48-4aba-8991-b5cd19ca4746)
2019-06-30 07:58:58.941 1842 RALLYDEBUG rally_openstack.cleanup.manager [-] Deleting cinder.volumes object s_rally_c070d414_JIzC6vQM (1d5d7043-9745-45db-8cad-a047c42a121f)
2019-06-30 07:58:58.941 1842 RALLYDEBUG rally_openstack.cleanup.manager [-] Deleting cinder.volumes object s_rally_c070d414_gSWpc4FW (685ffbb6-83ba-4ed7-8678-585d1d1e0304)
2019-06-30 07:58:58.944 1842 RALLYDEBUG rally_openstack.cleanup.manager [-] Deleting cinder.volumes object s_rally_c070d414_mD1kVJSu (eb8f47d6-7ddb-4101-86da-2d9f0cdf8d8a)
2019-06-30 07:58:58.951 1842 RALLYDEBUG rally_openstack.cleanup.manager [-] Deleting cinder.volumes object s_rally_c070d414_ksPrWkTl (e8343645-4107-446e-b7e4-7902ad23ec6a)
2019-06-30 07:58:58.956 1842 RALLYDEBUG rally_openstack.cleanup.manager [-] Deleting cinder.volumes object s_rally_c070d414_hGdhBRwV (1967ee98-517b-49c6-9da4-50f74db476cd)
2019-06-30 07:58:58.961 1842 RALLYDEBUG rally_openstack.cleanup.manager [-] Deleting cinder.volumes object s_rally_c070d414_rhnKGm2l (8fd89502-a3cc-427a-91b3-9469a7c0c86f)
2019-06-30 07:58:58.962 1842 RALLYDEBUG rally_openstack.cleanup.manager [-] Deleting cinder.volumes object s_rally_c070d414_MjVcjLFl (7b9fa9fd-e140-4a2f-a38c-9b5bb5b1f442)
2019-06-30 07:59:02.766 1842 INFO rally.task.context [-] Task abb508a8-226a-4304-b29d-c50c66d62dcc | Context cleanup@openstack cleanup() finished in 11.87 sec
2019-06-30 07:59:02.766 1842 INFO rally.task.context [-] Task abb508a8-226a-4304-b29d-c50c66d62dcc | Context quotas@openstack cleanup() started
2019-06-30 07:59:03.232 1842 INFO rally.task.context [-] Task abb508a8-226a-4304-b29d-c50c66d62dcc | Context quotas@openstack cleanup() finished in 0.47 sec
2019-06-30 07:59:03.233 1842 INFO rally.task.context [-] Task abb508a8-226a-4304-b29d-c50c66d62dcc | Context api_versions@openstack cleanup() started
2019-06-30 07:59:03.233 1842 INFO rally.task.context [-] Task abb508a8-226a-4304-b29d-c50c66d62dcc | Context api_versions@openstack cleanup() finished in 0.31 msec
2019-06-30 07:59:03.233 1842 INFO rally.task.context [-] Task abb508a8-226a-4304-b29d-c50c66d62dcc | Context users@openstack cleanup() started
2019-06-30 07:59:10.001 1842 INFO rally.task.context [-] Task abb508a8-226a-4304-b29d-c50c66d62dcc | Context users@openstack cleanup() finished in 6.77 sec
2019-06-30 07:59:10.119 1842 INFO rally.task.engine [-] Load duration is: 10.457602
2019-06-30 07:59:10.120 1842 INFO rally.task.engine [-] Full runner duration is: 10.508079
2019-06-30 07:59:10.120 1842 INFO rally.task.engine [-] Full duration is: 36.069852
2019-06-30 07:59:10.402 1842 INFO rally.task.engine [-] Running workload: position = 0 config = { "version": 2, "title": "A cropped version of a bigger task.", "description": "Auto-generated task from a single workload (uuid=d6cee10a-e0d7-4cfc-84a2-d38eb64480c6)", "subtasks": [ { "title": "CinderVolumes.list_volumes", "description": "List all volumes.", "scenario": { "CinderVolumes.list_volumes": { "detailed": true } }, "contexts": { "users": { "tenants": 3, "users_per_tenant": 2 }, "quotas": { "cinder": { "gigabytes": -1, "snapshots": -1, "volumes": -1 } }, "api_versions": { "cinder": { "version": 3, "service_type": "volumev3" } }, "volumes": { "size": 1, "volumes_per_tenant": 4 } }, "runner": { "constant": { "concurrency": 4, "times": 10 } }, "hooks": [], "sla": { "failure_rate": { "max": 0 } } } ] }
2019-06-30 07:59:10.428 1842 RALLYDEBUG rally_openstack.contexts.keystone.users [-] Creating 3 tenants using 20 threads
2019-06-30 07:59:12.235 1842 RALLYDEBUG rally_openstack.contexts.keystone.users [-] Creating 6 users using 20 threads
2019-06-30 07:59:15.100 1842 INFO rally.task.context [-] Task abb508a8-226a-4304-b29d-c50c66d62dcc | Context users@openstack setup() finished in 4.67 sec
2019-06-30 07:59:15.523 1842 INFO rally.task.context [-] Task abb508a8-226a-4304-b29d-c50c66d62dcc | Context api_versions@openstack setup() finished in 0.42 sec
2019-06-30 07:59:17.041 1842 INFO rally.task.context [-] Task abb508a8-226a-4304-b29d-c50c66d62dcc | Context quotas@openstack setup() finished in 1.52 sec
2019-06-30 07:59:52.215 1842 INFO rally.task.context [-] Task abb508a8-226a-4304-b29d-c50c66d62dcc | Context volumes@openstack setup() finished in 35.17 sec
2019-06-30 07:59:52.223 1842 RALLYDEBUG rally.task.runner [-] Starting the constant runner (task UUID: abb508a8-226a-4304-b29d-c50c66d62dcc). timeout: 0 concurrency: 4 concurrency_per_worker: 1 times: 10 concurrency_overhead: 0 processes_to_start: 4 max_cpu_used: 16
2019-06-30 07:59:52.236 3842 RALLYDEBUG rally.task.runner [-] Starting a worker. concurrency: 1 args: {"detailed": true} times: 10 method_name: run timeout: 0 duration: None cls:
2019-06-30 07:59:52.239 3843 RALLYDEBUG rally.task.runner [-] Starting a worker. concurrency: 1 args: {"detailed": true} times: 10 method_name: run timeout: 0 duration: None cls:
2019-06-30 07:59:52.242 3844 RALLYDEBUG rally.task.runner [-] Starting a worker. concurrency: 1 args: {"detailed": true} times: 10 method_name: run timeout: 0 duration: None cls:
2019-06-30 07:59:52.244 3842 INFO rally.task.runner [-] Task abb508a8-226a-4304-b29d-c50c66d62dcc | ITER: 1 START
2019-06-30 07:59:52.245 3845 RALLYDEBUG rally.task.runner [-] Starting a worker. concurrency: 1 args: {"detailed": true} times: 10 method_name: run timeout: 0 duration: None cls:
2019-06-30 07:59:52.247 3843 INFO rally.task.runner [-] Task abb508a8-226a-4304-b29d-c50c66d62dcc | ITER: 2 START
2019-06-30 07:59:52.253 3845 INFO rally.task.runner [-] Task abb508a8-226a-4304-b29d-c50c66d62dcc | ITER: 4 START
2019-06-30 07:59:52.254 3844 INFO rally.task.runner [-] Task abb508a8-226a-4304-b29d-c50c66d62dcc | ITER: 3 START
2019-06-30 07:59:53.007 3844 INFO rally.task.runner [-] Task abb508a8-226a-4304-b29d-c50c66d62dcc | ITER: 3 END: OK
2019-06-30 07:59:53.013 3845 INFO rally.task.runner [-] Task abb508a8-226a-4304-b29d-c50c66d62dcc | ITER: 4 END: OK
2019-06-30 07:59:53.013 3844 INFO rally.task.runner [-] Task abb508a8-226a-4304-b29d-c50c66d62dcc | ITER: 5 START
2019-06-30 07:59:53.019 3845 INFO rally.task.runner [-] Task abb508a8-226a-4304-b29d-c50c66d62dcc | ITER: 6 START
2019-06-30 07:59:53.020 3842 INFO rally.task.runner [-] Task abb508a8-226a-4304-b29d-c50c66d62dcc | ITER: 1 END: OK
2019-06-30 07:59:53.029 3842 INFO rally.task.runner [-] Task abb508a8-226a-4304-b29d-c50c66d62dcc | ITER: 7 START
2019-06-30 07:59:53.055 3843 INFO rally.task.runner [-] Task abb508a8-226a-4304-b29d-c50c66d62dcc | ITER: 2 END: OK
2019-06-30 07:59:53.060 3843 INFO rally.task.runner [-] Task abb508a8-226a-4304-b29d-c50c66d62dcc | ITER: 8 START
2019-06-30 07:59:53.747 3845 INFO rally.task.runner [-] Task abb508a8-226a-4304-b29d-c50c66d62dcc | ITER: 6 END: OK
2019-06-30 07:59:53.752 3845 INFO rally.task.runner [-] Task abb508a8-226a-4304-b29d-c50c66d62dcc | ITER: 9 START
2019-06-30 07:59:53.867 3842 INFO rally.task.runner [-] Task abb508a8-226a-4304-b29d-c50c66d62dcc | ITER: 7 END: OK
2019-06-30 07:59:53.873 3842 INFO rally.task.runner [-] Task abb508a8-226a-4304-b29d-c50c66d62dcc | ITER: 10 START
2019-06-30 07:59:53.950 3844 INFO rally.task.runner [-] Task abb508a8-226a-4304-b29d-c50c66d62dcc | ITER: 5 END: OK
2019-06-30 07:59:53.985 3843 INFO rally.task.runner [-] Task abb508a8-226a-4304-b29d-c50c66d62dcc | ITER: 8 END: OK
2019-06-30 07:59:54.532 3845 INFO rally.task.runner [-] Task abb508a8-226a-4304-b29d-c50c66d62dcc | ITER: 9 END: OK
2019-06-30 07:59:54.566 3842 INFO rally.task.runner [-] Task abb508a8-226a-4304-b29d-c50c66d62dcc | ITER: 10 END: OK
2019-06-30 07:59:54.586 1842 INFO rally.task.context [-] Task abb508a8-226a-4304-b29d-c50c66d62dcc | Context volumes@openstack cleanup() started
2019-06-30 07:59:54.587 1842 RALLYDEBUG rally_openstack.cleanup.manager [-] Cleaning up cinder volumes objects
2019-06-30 07:59:56.661 1842 RALLYDEBUG rally_openstack.cleanup.manager [-] Deleting cinder.volumes object c_rally_d6cee10a_68h2FXJu (2860238d-5f69-4bd9-8416-bc71a7a97aaa)
2019-06-30 07:59:56.662 1842 RALLYDEBUG rally_openstack.cleanup.manager [-] Deleting cinder.volumes object c_rally_d6cee10a_3ShmHY56 (1f533787-136d-48d3-8d7f-021ca23afc8f)
2019-06-30 07:59:56.669 1842 RALLYDEBUG rally_openstack.cleanup.manager [-] Deleting cinder.volumes object c_rally_d6cee10a_Bf6cMe4u (821c18ea-087b-4ab1-a760-118e1193795b)
2019-06-30 07:59:56.671 1842 RALLYDEBUG rally_openstack.cleanup.manager [-] Deleting cinder.volumes object c_rally_d6cee10a_yFHx5zp6 (0b5c05d0-0b16-4fa5-b859-93633bfdc601)
2019-06-30 07:59:56.673 1842 RALLYDEBUG rally_openstack.cleanup.manager [-] Deleting cinder.volumes object c_rally_d6cee10a_ZqWVqNKu (b7c4d34b-848f-4879-abb6-2305074093c2)
2019-06-30 07:59:56.676 1842 RALLYDEBUG rally_openstack.cleanup.manager [-] Deleting cinder.volumes object c_rally_d6cee10a_4iJ4Y7uX (9d60eb2b-f394-4b7e-87aa-00431868a387)
2019-06-30 07:59:56.680 1842 RALLYDEBUG rally_openstack.cleanup.manager [-] Deleting cinder.volumes object c_rally_d6cee10a_Vyg8TyGU (6950f144-874b-439e-b56b-3507f542cc17)
2019-06-30 07:59:56.696 1842 RALLYDEBUG rally_openstack.cleanup.manager [-] Deleting cinder.volumes object c_rally_d6cee10a_ycSi9vND (3884affa-e79a-488d-8126-5a5eb92327ab)
2019-06-30 07:59:56.707 1842 RALLYDEBUG rally_openstack.cleanup.manager [-] Deleting cinder.volumes object c_rally_d6cee10a_l3FMxfSo (bef70c48-9ace-4f77-9cc6-fedbeff2d791)
2019-06-30 07:59:56.711 1842 RALLYDEBUG rally_openstack.cleanup.manager [-] Deleting cinder.volumes object c_rally_d6cee10a_YZKKVJJo (5292738d-2db8-4338-80ee-2dd5e4bb7df5)
2019-06-30 07:59:56.720 1842 RALLYDEBUG rally_openstack.cleanup.manager [-] Deleting cinder.volumes object c_rally_d6cee10a_QALwHrSJ (4cf041a7-f428-43fe-be66-0baa26dc2c70)
2019-06-30 07:59:56.747 1842 RALLYDEBUG rally_openstack.cleanup.manager [-] Deleting cinder.volumes object c_rally_d6cee10a_JlIueZvj (db3a3904-a72f-4f8b-b01e-dc1775606606)
2019-06-30 08:00:02.084 1842 INFO rally.task.context [-] Task abb508a8-226a-4304-b29d-c50c66d62dcc | Context volumes@openstack cleanup() finished in 7.50 sec
2019-06-30 08:00:02.085 1842 INFO rally.task.context [-] Task abb508a8-226a-4304-b29d-c50c66d62dcc | Context quotas@openstack cleanup() started
2019-06-30 08:00:02.395 1842 INFO rally.task.context [-] Task abb508a8-226a-4304-b29d-c50c66d62dcc | Context quotas@openstack cleanup() finished in 0.31 sec
2019-06-30 08:00:02.396 1842 INFO rally.task.context [-] Task abb508a8-226a-4304-b29d-c50c66d62dcc | Context api_versions@openstack cleanup() started
2019-06-30 08:00:02.396 1842 INFO rally.task.context [-] Task abb508a8-226a-4304-b29d-c50c66d62dcc | Context api_versions@openstack cleanup() finished in 0.34 msec
2019-06-30 08:00:02.397 1842 INFO rally.task.context [-] Task abb508a8-226a-4304-b29d-c50c66d62dcc | Context users@openstack cleanup() started
2019-06-30 08:00:09.619 1842 INFO rally.task.context [-] Task abb508a8-226a-4304-b29d-c50c66d62dcc | Context users@openstack cleanup() finished in 7.22 sec
2019-06-30 08:00:10.708 1842 INFO rally.task.engine [-] Load duration is: 2.317156
2019-06-30 08:00:10.708 1842 INFO rally.task.engine [-] Full runner duration is: 2.36422
2019-06-30 08:00:10.708 1842 INFO rally.task.engine [-] Full duration is: 59.196981
2019-06-30 08:00:10.971 1842 INFO rally.task.engine [-] Running workload: position = 0 config = { "version": 2, "title": "A cropped version of a bigger task.", "description": "Auto-generated task from a single workload (uuid=cf01a75d-358f-44c5-9cd4-0fd96f016d83)", "subtasks": [ { "title": "CinderVolumes.create_and_delete_snapshot", "description": "Create and then delete a volume-snapshot.", "scenario": { "CinderVolumes.create_and_delete_snapshot": { "force": false } }, "contexts": { "users": { "tenants": 3, "users_per_tenant": 2 }, "quotas": { "cinder": { "gigabytes": -1, "snapshots": -1, "volumes": -1 } }, "api_versions": { "cinder": { "version": 3, "service_type": "volumev3" } }, "volumes": { "size": 1, "volumes_per_tenant": 1 } }, "runner": { "constant": { "concurrency": 4, "times": 10 } }, "hooks": [], "sla": { "failure_rate": { "max": 0 } } } ] }
2019-06-30 08:00:10.997 1842 RALLYDEBUG rally_openstack.contexts.keystone.users [-] Creating 3 tenants using 20 threads
2019-06-30 08:00:12.735 1842 RALLYDEBUG rally_openstack.contexts.keystone.users [-] Creating 6 users using 20 threads
2019-06-30 08:00:15.455 1842 INFO rally.task.context [-] Task abb508a8-226a-4304-b29d-c50c66d62dcc | Context users@openstack setup() finished in 4.46 sec
2019-06-30 08:00:15.873 1842 INFO rally.task.context [-] Task abb508a8-226a-4304-b29d-c50c66d62dcc | Context api_versions@openstack setup() finished in 0.42 sec
2019-06-30 08:00:17.360 1842 INFO rally.task.context [-] Task abb508a8-226a-4304-b29d-c50c66d62dcc | Context quotas@openstack setup() finished in 1.49 sec
2019-06-30 08:00:27.839 1842 INFO rally.task.context [-] Task abb508a8-226a-4304-b29d-c50c66d62dcc | Context volumes@openstack setup() finished in 10.48 sec
2019-06-30 08:00:27.840 1842 INFO rally.task.context [-] Task abb508a8-226a-4304-b29d-c50c66d62dcc | Context cleanup@openstack setup() finished in 0.01 msec
2019-06-30 08:00:27.848 1842 RALLYDEBUG rally.task.runner [-] Starting the constant runner (task UUID: abb508a8-226a-4304-b29d-c50c66d62dcc). timeout: 0 concurrency: 4 concurrency_per_worker: 1 times: 10 concurrency_overhead: 0 processes_to_start: 4 max_cpu_used: 16
2019-06-30 08:00:27.862 3966 RALLYDEBUG rally.task.runner [-] Starting a worker. concurrency: 1 args: {"force": false} times: 10 method_name: run timeout: 0 duration: None cls:
2019-06-30 08:00:27.864 3967 RALLYDEBUG rally.task.runner [-] Starting a worker. concurrency: 1 args: {"force": false} times: 10 method_name: run timeout: 0 duration: None cls:
2019-06-30 08:00:27.867 3968 RALLYDEBUG rally.task.runner [-] Starting a worker. concurrency: 1 args: {"force": false} times: 10 method_name: run timeout: 0 duration: None cls:
2019-06-30 08:00:27.870 3969 RALLYDEBUG rally.task.runner [-] Starting a worker. concurrency: 1 args: {"force": false} times: 10 method_name: run timeout: 0 duration: None cls:
2019-06-30 08:00:27.873 3966 INFO rally.task.runner [-] Task abb508a8-226a-4304-b29d-c50c66d62dcc | ITER: 1 START
2019-06-30 08:00:27.875 3967 INFO rally.task.runner [-] Task abb508a8-226a-4304-b29d-c50c66d62dcc | ITER: 2 START
2019-06-30 08:00:27.877 3968 INFO rally.task.runner [-] Task abb508a8-226a-4304-b29d-c50c66d62dcc | ITER: 3 START
2019-06-30 08:00:27.881 3969 INFO rally.task.runner [-] Task abb508a8-226a-4304-b29d-c50c66d62dcc | ITER: 4 START
2019-06-30 08:00:31.684 3968 RALLYDEBUG rally.task.utils [-] Waiting for resource s_rally_cf01a75d_9iXybAJt. Status changed: AVAILABLE => DELETING in 0.237298965454
2019-06-30 08:00:31.716 3966 RALLYDEBUG rally.task.utils [-] Waiting for resource s_rally_cf01a75d_kWB4QUgu. Status changed: AVAILABLE => DELETING in 0.215097904205
2019-06-30 08:00:31.740 3967 RALLYDEBUG rally.task.utils [-] Waiting for resource s_rally_cf01a75d_00ZIkYvY. Status changed: AVAILABLE => DELETING in 0.22647690773
2019-06-30 08:00:31.889 3969 RALLYDEBUG rally.task.utils [-] Waiting for resource s_rally_cf01a75d_G3KGcbqW. Status changed: AVAILABLE => DELETING in 0.251979827881
2019-06-30 08:00:33.927 3969 INFO rally.task.runner [-] Task abb508a8-226a-4304-b29d-c50c66d62dcc | ITER: 4 END: OK
2019-06-30 08:00:33.932 3969 INFO rally.task.runner [-] Task abb508a8-226a-4304-b29d-c50c66d62dcc | ITER: 5 START
2019-06-30 08:00:33.953 3968 INFO rally.task.runner [-] Task abb508a8-226a-4304-b29d-c50c66d62dcc | ITER: 3 END: OK
2019-06-30 08:00:33.959 3968 INFO rally.task.runner [-] Task abb508a8-226a-4304-b29d-c50c66d62dcc | ITER: 6 START
2019-06-30 08:00:33.993 3966 INFO rally.task.runner [-] Task abb508a8-226a-4304-b29d-c50c66d62dcc | ITER: 1 END: OK
2019-06-30 08:00:33.998 3966 INFO rally.task.runner [-] Task abb508a8-226a-4304-b29d-c50c66d62dcc | ITER: 7 START
2019-06-30 08:00:34.016 3967 INFO rally.task.runner [-] Task abb508a8-226a-4304-b29d-c50c66d62dcc | ITER: 2 END: OK
2019-06-30 08:00:34.023 3967 INFO rally.task.runner [-] Task abb508a8-226a-4304-b29d-c50c66d62dcc | ITER: 8 START
2019-06-30 08:00:37.629 3969 RALLYDEBUG rally.task.utils [-] Waiting for resource s_rally_cf01a75d_VgtA1P5q. Status changed: AVAILABLE => DELETING in 0.0257298946381
2019-06-30 08:00:38.035 3966 RALLYDEBUG rally.task.utils [-] Waiting for resource s_rally_cf01a75d_TPqh1yWI. Status changed: AVAILABLE => DELETING in 0.317166090012
2019-06-30 08:00:38.097 3968 RALLYDEBUG rally.task.utils [-] Waiting for resource s_rally_cf01a75d_73VF6kiC. Status changed: AVAILABLE => DELETING in 0.219924926758
2019-06-30 08:00:38.283 3967 RALLYDEBUG rally.task.utils [-] Waiting for resource s_rally_cf01a75d_L7zkSn1u. Status changed: AVAILABLE => DELETING in 0.220412015915
2019-06-30 08:00:39.656 3969 INFO rally.task.runner [-] Task abb508a8-226a-4304-b29d-c50c66d62dcc | ITER: 5 END: OK
2019-06-30 08:00:39.662 3969 INFO rally.task.runner [-] Task abb508a8-226a-4304-b29d-c50c66d62dcc | ITER: 9 START
2019-06-30 08:00:40.248 3966 INFO rally.task.runner [-] Task abb508a8-226a-4304-b29d-c50c66d62dcc | ITER: 7 END: OK
2019-06-30 08:00:40.253 3966 INFO rally.task.runner [-] Task abb508a8-226a-4304-b29d-c50c66d62dcc | ITER: 10 START
2019-06-30 08:00:40.342 3968 INFO rally.task.runner [-] Task abb508a8-226a-4304-b29d-c50c66d62dcc | ITER: 6 END: OK
2019-06-30 08:00:40.601 3967 INFO rally.task.runner [-] Task abb508a8-226a-4304-b29d-c50c66d62dcc | ITER: 8 END: OK
2019-06-30 08:00:43.265 3969 RALLYDEBUG rally.task.utils [-] Waiting for resource s_rally_cf01a75d_ivCdD3zL. Status changed: AVAILABLE => DELETING in 0.0275321006775
2019-06-30 08:00:43.997 3966 RALLYDEBUG rally.task.utils [-] Waiting for resource s_rally_cf01a75d_WKgCswvQ. Status changed: AVAILABLE => DELETING in 0.209048032761
2019-06-30 08:00:45.291 3969 INFO rally.task.runner [-] Task abb508a8-226a-4304-b29d-c50c66d62dcc | ITER: 9 END: OK
2019-06-30 08:00:46.337 3966 INFO rally.task.runner [-] Task abb508a8-226a-4304-b29d-c50c66d62dcc | ITER: 10 END: OK
2019-06-30 08:00:46.364 1842 INFO rally.task.context [-] Task abb508a8-226a-4304-b29d-c50c66d62dcc | Context cleanup@openstack cleanup() started
2019-06-30 08:00:46.367 1842 RALLYDEBUG rally_openstack.cleanup.manager [-] Cleaning up cinder backups objects
2019-06-30 08:00:48.251 1842 RALLYDEBUG rally_openstack.cleanup.manager [-] Cleaning up cinder volume_snapshots objects
2019-06-30 08:00:50.187 1842 RALLYDEBUG rally_openstack.cleanup.manager [-] Cleaning up cinder transfers objects
2019-06-30 08:00:52.034 1842 RALLYDEBUG rally_openstack.cleanup.manager [-] Cleaning up cinder volumes objects
2019-06-30 08:00:54.091 1842 INFO rally.task.context [-] Task abb508a8-226a-4304-b29d-c50c66d62dcc | Context cleanup@openstack cleanup() finished in 7.73 sec
2019-06-30 08:00:54.092 1842 INFO rally.task.context [-] Task abb508a8-226a-4304-b29d-c50c66d62dcc | Context volumes@openstack cleanup() started
2019-06-30 08:00:54.092 1842 RALLYDEBUG rally_openstack.cleanup.manager [-] Cleaning up cinder volumes objects
2019-06-30 08:00:56.080 1842 RALLYDEBUG rally_openstack.cleanup.manager [-] Deleting cinder.volumes object c_rally_cf01a75d_MI2T60r7 (931fcfbd-fd20-451c-ac6e-c7dd18b79102)
2019-06-30 08:00:56.085 1842 RALLYDEBUG rally_openstack.cleanup.manager [-] Deleting cinder.volumes object c_rally_cf01a75d_dnX7QQBX (6df08c09-d699-44cb-840d-2411f3d8ddd3)
2019-06-30 08:00:56.086 1842 RALLYDEBUG rally_openstack.cleanup.manager [-] Deleting cinder.volumes object c_rally_cf01a75d_ROKDYlhR (ac7be7d5-a8e5-481a-be29-fd6c792cecdf)
2019-06-30 08:00:59.517 1842 INFO rally.task.context [-] Task abb508a8-226a-4304-b29d-c50c66d62dcc | Context volumes@openstack cleanup() finished in 5.43 sec
2019-06-30 08:00:59.517 1842 INFO rally.task.context [-] Task abb508a8-226a-4304-b29d-c50c66d62dcc | Context quotas@openstack cleanup() started
2019-06-30 08:00:59.972 1842 INFO rally.task.context [-] Task abb508a8-226a-4304-b29d-c50c66d62dcc | Context quotas@openstack cleanup() finished in 0.46 sec
2019-06-30 08:00:59.973 1842 INFO rally.task.context [-] Task abb508a8-226a-4304-b29d-c50c66d62dcc | Context api_versions@openstack cleanup() started
2019-06-30 08:00:59.973 1842 INFO rally.task.context [-] Task abb508a8-226a-4304-b29d-c50c66d62dcc | Context api_versions@openstack cleanup() finished in 0.35 msec
2019-06-30 08:00:59.974 1842 INFO rally.task.context [-] Task abb508a8-226a-4304-b29d-c50c66d62dcc | Context users@openstack cleanup() started
2019-06-30 08:01:06.898 1842 INFO rally.task.context [-] Task abb508a8-226a-4304-b29d-c50c66d62dcc | Context users@openstack cleanup() finished in 6.92 sec
2019-06-30 08:01:07.382 1842 INFO rally.task.engine [-] Load duration is: 18.460683
2019-06-30 08:01:07.382 1842 INFO rally.task.engine [-] Full runner duration is: 18.51753
2019-06-30 08:01:07.382 1842 INFO rally.task.engine [-] Full duration is: 55.905003
2019-06-30 08:01:07.654 1842 INFO rally.task.engine [-] Running workload: position = 0 config = { "version": 2, "title": "A cropped version of a bigger task.", "description": "Auto-generated task from a single workload (uuid=1231dbbc-d2b5-43ef-a0aa-dab2b44ac4ee)", "subtasks": [ { "title": "CinderVolumes.create_and_delete_volume", "description": "Create and then delete a volume.", "scenario": { "CinderVolumes.create_and_delete_volume": { "size": { "max": 1, "min": 1 } } }, "contexts": { "users": { "tenants": 3, "users_per_tenant": 2 }, "quotas": { "cinder": { "gigabytes": -1, "snapshots": -1, "volumes": -1 } }, "api_versions": { "cinder": { "version": 3, "service_type": "volumev3" } } }, "runner": { "constant": { "concurrency": 4, "times": 10 } }, "hooks": [], "sla": { "failure_rate": { "max": 0 } } } ] }
2019-06-30 08:01:07.677 1842 RALLYDEBUG rally_openstack.contexts.keystone.users [-] Creating 3 tenants using 20 threads
2019-06-30 08:01:09.528 1842 RALLYDEBUG rally_openstack.contexts.keystone.users [-] Creating 6 users using 20 threads
2019-06-30 08:01:12.277 1842 INFO rally.task.context [-] Task abb508a8-226a-4304-b29d-c50c66d62dcc | Context users@openstack setup() finished in 4.60 sec
2019-06-30 08:01:12.696 1842 INFO rally.task.context [-] Task abb508a8-226a-4304-b29d-c50c66d62dcc | Context api_versions@openstack setup() finished in 0.42 sec
2019-06-30 08:01:14.353 1842 INFO rally.task.context [-] Task abb508a8-226a-4304-b29d-c50c66d62dcc | Context quotas@openstack setup() finished in 1.66 sec
2019-06-30 08:01:14.353 1842 INFO rally.task.context [-] Task abb508a8-226a-4304-b29d-c50c66d62dcc | Context cleanup@openstack setup() finished in 0.01 msec
2019-06-30 08:01:14.361 1842 RALLYDEBUG rally.task.runner [-] Starting the constant runner (task UUID: abb508a8-226a-4304-b29d-c50c66d62dcc). timeout: 0 concurrency: 4 concurrency_per_worker: 1 times: 10 concurrency_overhead: 0 processes_to_start: 4 max_cpu_used: 16
2019-06-30 08:01:14.375 4170 RALLYDEBUG rally.task.runner [-] Starting a worker. concurrency: 1 args: {"size": {"max": 1, "min": 1}} times: 10 method_name: run timeout: 0 duration: None cls:
2019-06-30 08:01:14.378 4171 RALLYDEBUG rally.task.runner [-] Starting a worker. concurrency: 1 args: {"size": {"max": 1, "min": 1}} times: 10 method_name: run timeout: 0 duration: None cls:
2019-06-30 08:01:14.380 4172 RALLYDEBUG rally.task.runner [-] Starting a worker. concurrency: 1 args: {"size": {"max": 1, "min": 1}} times: 10 method_name: run timeout: 0 duration: None cls:
2019-06-30 08:01:14.382 4170 INFO rally.task.runner [-] Task abb508a8-226a-4304-b29d-c50c66d62dcc | ITER: 1 START
2019-06-30 08:01:14.383 4173 RALLYDEBUG rally.task.runner [-] Starting a worker. concurrency: 1 args: {"size": {"max": 1, "min": 1}} times: 10 method_name: run timeout: 0 duration: None cls:
2019-06-30 08:01:14.385 4171 INFO rally.task.runner [-] Task abb508a8-226a-4304-b29d-c50c66d62dcc | ITER: 2 START
2019-06-30 08:01:14.388 4172 INFO rally.task.runner [-] Task abb508a8-226a-4304-b29d-c50c66d62dcc | ITER: 3 START
2019-06-30 08:01:14.392 4173 INFO rally.task.runner [-] Task abb508a8-226a-4304-b29d-c50c66d62dcc | ITER: 4 START
2019-06-30 08:01:18.218 4171 INFO rally.task.runner [-] Task abb508a8-226a-4304-b29d-c50c66d62dcc | ITER: 2 END: OK
2019-06-30 08:01:18.224 4171 INFO rally.task.runner [-] Task abb508a8-226a-4304-b29d-c50c66d62dcc | ITER: 5 START
2019-06-30 08:01:18.667 4173 INFO rally.task.runner [-] Task abb508a8-226a-4304-b29d-c50c66d62dcc | ITER: 4 END: OK
2019-06-30 08:01:18.673 4173 INFO rally.task.runner [-] Task abb508a8-226a-4304-b29d-c50c66d62dcc | ITER: 6 START
2019-06-30 08:01:18.717 4170 RALLYDEBUG rally.task.utils [-] Waiting for resource s_rally_1231dbbc_U9MUb92U. Status changed: AVAILABLE => DELETING in 0.077624797821
2019-06-30 08:01:18.765 4172 INFO rally.task.runner [-] Task abb508a8-226a-4304-b29d-c50c66d62dcc | ITER: 3 END: OK
2019-06-30 08:01:18.770 4172 INFO rally.task.runner [-] Task abb508a8-226a-4304-b29d-c50c66d62dcc | ITER: 7 START
2019-06-30 08:01:20.927 4170 INFO rally.task.runner [-] Task abb508a8-226a-4304-b29d-c50c66d62dcc | ITER: 1 END: OK
2019-06-30 08:01:20.933 4170 INFO rally.task.runner [-] Task abb508a8-226a-4304-b29d-c50c66d62dcc | ITER: 8 START
2019-06-30 08:01:22.347 4171 INFO rally.task.runner [-] Task abb508a8-226a-4304-b29d-c50c66d62dcc | ITER: 5 END: OK
2019-06-30 08:01:22.353 4171 INFO rally.task.runner [-] Task abb508a8-226a-4304-b29d-c50c66d62dcc | ITER: 9 START
2019-06-30 08:01:22.504 4173 RALLYDEBUG rally.task.utils [-] Waiting for resource s_rally_1231dbbc_QdtH2ami. Status changed: AVAILABLE => DELETING in 0.0574691295624
2019-06-30 08:01:22.775 4172 RALLYDEBUG rally.task.utils [-] Waiting for resource s_rally_1231dbbc_wsV39v64. Status changed: AVAILABLE => DELETING in 0.066113948822
2019-06-30 08:01:24.661 4170 RALLYDEBUG rally.task.utils [-] Waiting for resource s_rally_1231dbbc_sL1jFoJA. Status changed: AVAILABLE => DELETING in 0.0579710006714
2019-06-30 08:01:24.725 4173 INFO rally.task.runner [-] Task abb508a8-226a-4304-b29d-c50c66d62dcc | ITER: 6 END: OK
2019-06-30 08:01:24.730 4173 INFO rally.task.runner [-] Task abb508a8-226a-4304-b29d-c50c66d62dcc | ITER: 10 START
2019-06-30 08:01:24.999 4172 INFO rally.task.runner [-] Task abb508a8-226a-4304-b29d-c50c66d62dcc | ITER: 7 END: OK
2019-06-30 08:01:26.445 4171 INFO rally.task.runner [-] Task abb508a8-226a-4304-b29d-c50c66d62dcc | ITER: 9 END: OK
2019-06-30 08:01:26.697 4170 INFO rally.task.runner [-] Task abb508a8-226a-4304-b29d-c50c66d62dcc | ITER: 8 END: OK
2019-06-30 08:01:28.517 4173 INFO rally.task.runner [-] Task abb508a8-226a-4304-b29d-c50c66d62dcc | ITER: 10 END: OK
2019-06-30 08:01:28.544 1842 INFO rally.task.context [-] Task abb508a8-226a-4304-b29d-c50c66d62dcc | Context cleanup@openstack cleanup() started
2019-06-30 08:01:28.546 1842 RALLYDEBUG rally_openstack.cleanup.manager [-] Cleaning up cinder backups objects
2019-06-30 08:01:30.463 1842 RALLYDEBUG rally_openstack.cleanup.manager [-] Cleaning up cinder volume_snapshots objects
2019-06-30 08:01:32.404 1842 RALLYDEBUG rally_openstack.cleanup.manager [-] Cleaning up cinder transfers objects
2019-06-30 08:01:34.360 1842 RALLYDEBUG rally_openstack.cleanup.manager [-] Cleaning up cinder volumes objects
2019-06-30 08:01:36.342 1842 INFO rally.task.context [-] Task abb508a8-226a-4304-b29d-c50c66d62dcc | Context cleanup@openstack cleanup() finished in 7.80 sec
2019-06-30 08:01:36.343 1842 INFO rally.task.context [-] Task abb508a8-226a-4304-b29d-c50c66d62dcc | Context quotas@openstack cleanup() started
2019-06-30 08:01:36.971 1842 INFO rally.task.context [-] Task abb508a8-226a-4304-b29d-c50c66d62dcc | Context quotas@openstack cleanup() finished in 0.63 sec
2019-06-30 08:01:36.972 1842 INFO rally.task.context [-] Task abb508a8-226a-4304-b29d-c50c66d62dcc | Context api_versions@openstack cleanup() started
2019-06-30 08:01:36.972 1842 INFO rally.task.context [-] Task abb508a8-226a-4304-b29d-c50c66d62dcc | Context api_versions@openstack cleanup() finished in 0.34 msec
2019-06-30 08:01:36.973 1842 INFO rally.task.context [-] Task abb508a8-226a-4304-b29d-c50c66d62dcc | Context users@openstack cleanup() started
2019-06-30 08:01:44.154 1842 INFO rally.task.context [-] Task abb508a8-226a-4304-b29d-c50c66d62dcc | Context users@openstack cleanup() finished in 7.18 sec
2019-06-30 08:01:45.838 1842 INFO rally.task.engine [-] Load duration is: 14.128085
2019-06-30 08:01:45.839 1842 INFO rally.task.engine [-] Full runner duration is: 14.183199
2019-06-30 08:01:45.839 1842 INFO rally.task.engine [-] Full duration is: 36.479941
2019-06-30 08:01:46.017 1842 INFO rally.task.engine [-] Running workload: position = 1 config = { "version": 2, "title": "A cropped version of a bigger task.", "description": "Auto-generated task from a single workload (uuid=379dd9b5-2f93-4f54-90ea-8d8149f90662)", "subtasks": [ { "title": "CinderVolumes.create_and_delete_volume", "description": "Create and then delete a volume.", "scenario": { "CinderVolumes.create_and_delete_volume": { "image": { "name": "rally_full-img_a6c8b7d3-e76f-4fbf-b821-4c9b91bb4770" }, "size": 1 } }, "contexts": { "users": { "tenants": 3, "users_per_tenant": 2 }, "quotas": { "cinder": { "gigabytes": -1, "snapshots": -1, "volumes": -1 } }, "api_versions": { "cinder": { "version": 3, "service_type": "volumev3" } } }, "runner": { "constant": { "concurrency": 4, "times": 10 } }, "hooks": [], "sla": { "failure_rate": { "max": 0 } } } ] }
2019-06-30 08:01:46.040 1842 RALLYDEBUG rally_openstack.contexts.keystone.users [-] Creating 3 tenants using 20 threads
2019-06-30 08:01:47.939 1842 RALLYDEBUG rally_openstack.contexts.keystone.users [-] Creating 6 users using 20 threads
2019-06-30 08:01:50.564 1842 INFO rally.task.context [-] Task abb508a8-226a-4304-b29d-c50c66d62dcc | Context users@openstack setup() finished in 4.52 sec
2019-06-30 08:01:50.976 1842 INFO rally.task.context [-] Task abb508a8-226a-4304-b29d-c50c66d62dcc | Context api_versions@openstack setup() finished in 0.41 sec
2019-06-30 08:01:52.702 1842 INFO rally.task.context [-] Task abb508a8-226a-4304-b29d-c50c66d62dcc | Context quotas@openstack setup() finished in 1.73 sec
2019-06-30 08:01:52.702 1842 INFO rally.task.context [-] Task abb508a8-226a-4304-b29d-c50c66d62dcc | Context cleanup@openstack setup() finished in 0.01 msec
2019-06-30 08:01:53.443 1842 RALLYDEBUG rally.task.runner [-] Starting the constant runner (task UUID: abb508a8-226a-4304-b29d-c50c66d62dcc). timeout: 0 concurrency: 4 concurrency_per_worker: 1 times: 10 concurrency_overhead: 0 processes_to_start: 4 max_cpu_used: 16
2019-06-30 08:01:53.456 4354 RALLYDEBUG rally.task.runner [-] Starting a worker. concurrency: 1 args: {"image": "b42462d8-4400-41e7-8a09-d02611ce2b77", "size": 1} times: 10 method_name: run timeout: 0 duration: None cls:
2019-06-30 08:01:53.459 4355 RALLYDEBUG rally.task.runner [-] Starting a worker. concurrency: 1 args: {"image": "b42462d8-4400-41e7-8a09-d02611ce2b77", "size": 1} times: 10 method_name: run timeout: 0 duration: None cls:
2019-06-30 08:01:53.461 4356 RALLYDEBUG rally.task.runner [-] Starting a worker. concurrency: 1 args: {"image": "b42462d8-4400-41e7-8a09-d02611ce2b77", "size": 1} times: 10 method_name: run timeout: 0 duration: None cls:
2019-06-30 08:01:53.464 4354 INFO rally.task.runner [-] Task abb508a8-226a-4304-b29d-c50c66d62dcc | ITER: 1 START
2019-06-30 08:01:53.465 4357 RALLYDEBUG rally.task.runner [-] Starting a worker. concurrency: 1 args: {"image": "b42462d8-4400-41e7-8a09-d02611ce2b77", "size": 1} times: 10 method_name: run timeout: 0 duration: None cls:
2019-06-30 08:01:53.468 4356 INFO rally.task.runner [-] Task abb508a8-226a-4304-b29d-c50c66d62dcc | ITER: 3 START
2019-06-30 08:01:53.469 4355 INFO rally.task.runner [-] Task abb508a8-226a-4304-b29d-c50c66d62dcc | ITER: 2 START
2019-06-30 08:01:53.473 4357 INFO rally.task.runner [-] Task abb508a8-226a-4304-b29d-c50c66d62dcc | ITER: 4 START
2019-06-30 08:01:59.464 4355 RALLYDEBUG rally.task.utils [-] Waiting for resource s_rally_379dd9b5_0VmszUAP. Status changed: CREATING => DOWNLOADING in 2.47415590286
2019-06-30 08:01:59.882 4354 RALLYDEBUG rally.task.utils [-] Waiting for resource s_rally_379dd9b5_7SbD5J4A. Status changed: DOWNLOADING => AVAILABLE in 2.92906093597
2019-06-30 08:02:00.076 4357 RALLYDEBUG rally.task.utils [-] Waiting for resource s_rally_379dd9b5_gAkEa5qz. Status changed: DOWNLOADING => AVAILABLE in 3.10168194771
2019-06-30 08:02:00.419 4357 RALLYDEBUG rally.task.utils [-] Waiting for resource s_rally_379dd9b5_gAkEa5qz. Status changed: AVAILABLE => DELETING in 0.255080938339
2019-06-30 08:02:00.465 4354 INFO rally.task.runner [-] Task abb508a8-226a-4304-b29d-c50c66d62dcc | ITER: 1 END: OK
2019-06-30 08:02:00.472 4354 INFO rally.task.runner [-] Task abb508a8-226a-4304-b29d-c50c66d62dcc | ITER: 5 START
2019-06-30 08:02:01.721 4355 RALLYDEBUG rally.task.utils [-] Waiting for resource s_rally_379dd9b5_0VmszUAP. Status changed: DOWNLOADING => AVAILABLE in 2.2576880455
2019-06-30 08:02:01.971 4356 RALLYDEBUG rally.task.utils [-] Waiting for resource s_rally_379dd9b5_evJzR532. Status changed: DOWNLOADING => AVAILABLE in 5.02617096901
2019-06-30 08:02:02.329 4356 RALLYDEBUG rally.task.utils [-] Waiting for resource s_rally_379dd9b5_evJzR532. Status changed: AVAILABLE => DELETING in 0.06098985672
2019-06-30 08:02:02.458 4357 INFO rally.task.runner [-] Task abb508a8-226a-4304-b29d-c50c66d62dcc | ITER: 4 END: OK
2019-06-30 08:02:02.463 4357 INFO rally.task.runner [-] Task abb508a8-226a-4304-b29d-c50c66d62dcc | ITER: 6 START
2019-06-30 08:02:02.565 4355 RALLYDEBUG rally.task.utils [-] Waiting for resource s_rally_379dd9b5_0VmszUAP. Status changed: AVAILABLE => DELETING in 0.460630893707
2019-06-30 08:02:04.365 4356 INFO rally.task.runner [-] Task abb508a8-226a-4304-b29d-c50c66d62dcc | ITER: 3 END: OK
2019-06-30 08:02:04.370 4356 INFO rally.task.runner [-] Task abb508a8-226a-4304-b29d-c50c66d62dcc | ITER: 7 START
2019-06-30 08:02:04.607 4355 INFO rally.task.runner [-] Task abb508a8-226a-4304-b29d-c50c66d62dcc | ITER: 2 END: OK
2019-06-30 08:02:04.613 4355 INFO rally.task.runner [-] Task abb508a8-226a-4304-b29d-c50c66d62dcc | ITER: 8 START
2019-06-30 08:02:06.562 4354 RALLYDEBUG rally.task.utils [-] Waiting for resource s_rally_379dd9b5_ZYbNBQKK. Status changed: DOWNLOADING => AVAILABLE in 2.8898999691
2019-06-30 08:02:06.979 4354 RALLYDEBUG rally.task.utils [-] Waiting for resource s_rally_379dd9b5_ZYbNBQKK. Status changed: AVAILABLE => DELETING in 0.0594599246979
2019-06-30 08:02:08.508 4357 RALLYDEBUG rally.task.utils [-] Waiting for resource s_rally_379dd9b5_FPubESIl. Status changed: DOWNLOADING => AVAILABLE in 2.85253715515
2019-06-30 08:02:08.862 4357 RALLYDEBUG rally.task.utils [-] Waiting for resource s_rally_379dd9b5_FPubESIl. Status changed: AVAILABLE => DELETING in 0.244332790375
2019-06-30 08:02:09.211 4354 INFO rally.task.runner [-] Task abb508a8-226a-4304-b29d-c50c66d62dcc | ITER: 5 END: OK
2019-06-30 08:02:09.216 4354 INFO rally.task.runner [-] Task abb508a8-226a-4304-b29d-c50c66d62dcc | ITER: 9 START
2019-06-30 08:02:10.101 4356 RALLYDEBUG rally.task.utils [-] Waiting for resource s_rally_379dd9b5_vZIQO7nB. Status changed: DOWNLOADING => AVAILABLE in 2.56099295616
2019-06-30 08:02:10.669 4355 RALLYDEBUG rally.task.utils [-] Waiting for resource s_rally_379dd9b5_JLDpmR9b. Status changed: DOWNLOADING => AVAILABLE in 2.628688097
2019-06-30 08:02:10.713 4356 INFO rally.task.runner [-] Task abb508a8-226a-4304-b29d-c50c66d62dcc | ITER: 7 END: OK
2019-06-30 08:02:10.717 4356 INFO rally.task.runner [-] Task abb508a8-226a-4304-b29d-c50c66d62dcc | ITER: 10 START
2019-06-30 08:02:10.902 4357 INFO rally.task.runner [-] Task abb508a8-226a-4304-b29d-c50c66d62dcc | ITER: 6 END: OK
2019-06-30 08:02:11.314 4355 RALLYDEBUG rally.task.utils [-] Waiting for resource s_rally_379dd9b5_JLDpmR9b. Status changed: AVAILABLE => DELETING in 0.368504047394
2019-06-30 08:02:13.351 4355 INFO rally.task.runner [-] Task abb508a8-226a-4304-b29d-c50c66d62dcc | ITER: 8 END: OK
2019-06-30 08:02:14.980 4354 RALLYDEBUG rally.task.utils [-] Waiting for resource s_rally_379dd9b5_3VxG7FlF. Status changed: DOWNLOADING => AVAILABLE in 2.55699491501
2019-06-30 08:02:15.540 4354 INFO rally.task.runner [-] Task abb508a8-226a-4304-b29d-c50c66d62dcc | ITER: 9 END: OK
2019-06-30 08:02:17.002 4356 RALLYDEBUG rally.task.utils [-] Waiting for resource s_rally_379dd9b5_JcWob1nC. Status changed: DOWNLOADING => AVAILABLE in 3.00033307076
2019-06-30 08:02:17.565 4356 INFO rally.task.runner [-] Task abb508a8-226a-4304-b29d-c50c66d62dcc | ITER: 10 END: OK
2019-06-30 08:02:17.595 1842 INFO rally.task.context [-] Task abb508a8-226a-4304-b29d-c50c66d62dcc | Context cleanup@openstack cleanup() started
2019-06-30 08:02:17.598 1842 RALLYDEBUG rally_openstack.cleanup.manager [-] Cleaning up cinder backups objects
2019-06-30 08:02:19.731 1842 RALLYDEBUG rally_openstack.cleanup.manager [-] Cleaning up cinder volume_snapshots objects
2019-06-30 08:02:21.692 1842 RALLYDEBUG rally_openstack.cleanup.manager [-] Cleaning up cinder transfers objects
2019-06-30 08:02:23.630 1842 RALLYDEBUG rally_openstack.cleanup.manager [-] Cleaning up cinder volumes objects
2019-06-30 08:02:25.584 1842 INFO rally.task.context [-] Task abb508a8-226a-4304-b29d-c50c66d62dcc | Context cleanup@openstack cleanup() finished in 7.99 sec
2019-06-30 08:02:25.585 1842 INFO rally.task.context [-] Task abb508a8-226a-4304-b29d-c50c66d62dcc | Context quotas@openstack cleanup() started
2019-06-30 08:02:26.388 1842 INFO rally.task.context [-] Task abb508a8-226a-4304-b29d-c50c66d62dcc | Context quotas@openstack cleanup() finished in 0.80 sec
2019-06-30 08:02:26.389 1842 INFO rally.task.context [-] Task abb508a8-226a-4304-b29d-c50c66d62dcc | Context api_versions@openstack cleanup() started
2019-06-30 08:02:26.389 1842 INFO rally.task.context [-] Task abb508a8-226a-4304-b29d-c50c66d62dcc | Context api_versions@openstack cleanup() finished in 0.30 msec
2019-06-30 08:02:26.389 1842 INFO rally.task.context [-] Task abb508a8-226a-4304-b29d-c50c66d62dcc | Context users@openstack cleanup() started
2019-06-30 08:02:33.266 1842 INFO rally.task.context [-] Task abb508a8-226a-4304-b29d-c50c66d62dcc | Context users@openstack cleanup() finished in 6.88 sec
2019-06-30 08:02:34.229 1842 INFO rally.task.engine [-] Load duration is: 24.096402
2019-06-30 08:02:34.229 1842 INFO rally.task.engine [-] Full runner duration is: 24.152461
2019-06-30 08:02:34.230 1842 INFO rally.task.engine [-] Full duration is: 47.22862
2019-06-30 08:02:34.397 1842 INFO rally.task.engine [-] Running workload: position = 2 config = { "version": 2, "title": "A cropped version of a bigger task.", "description": "Auto-generated task from a single workload (uuid=82026554-cf78-46eb-a9ff-92ba3cbfaa07)", "subtasks": [ { "title": "CinderVolumes.create_and_delete_volume", "description": "Create and then delete a volume.", "scenario": { "CinderVolumes.create_and_delete_volume": { "size": 1 } }, "contexts": { "users": { "tenants": 3, "users_per_tenant": 2 }, "quotas": { "cinder": { "gigabytes": -1, "snapshots": -1, "volumes": -1 } }, "api_versions": { "cinder": { "version": 3, "service_type": "volumev3" } } }, "runner": { "constant": { "concurrency": 4, "times": 10 } }, "hooks": [], "sla": { "failure_rate": { "max": 0 } } } ] }
2019-06-30 08:02:34.416 1842 RALLYDEBUG rally_openstack.contexts.keystone.users [-] Creating 3 tenants using 20 threads
2019-06-30 08:02:36.319 1842 RALLYDEBUG rally_openstack.contexts.keystone.users [-] Creating 6 users using 20 threads
2019-06-30 08:02:38.999 1842 INFO rally.task.context [-] Task abb508a8-226a-4304-b29d-c50c66d62dcc | Context users@openstack setup() finished in 4.58 sec
2019-06-30 08:02:39.423 1842 INFO rally.task.context [-] Task abb508a8-226a-4304-b29d-c50c66d62dcc | Context api_versions@openstack setup() finished in 0.42 sec
2019-06-30 08:02:40.983 1842 INFO rally.task.context [-] Task abb508a8-226a-4304-b29d-c50c66d62dcc | Context quotas@openstack setup() finished in 1.56 sec
2019-06-30 08:02:40.984 1842 INFO rally.task.context [-] Task abb508a8-226a-4304-b29d-c50c66d62dcc | Context cleanup@openstack setup() finished in 0.00 msec
2019-06-30 08:02:40.992 1842 RALLYDEBUG rally.task.runner [-] Starting the constant runner (task UUID: abb508a8-226a-4304-b29d-c50c66d62dcc). timeout: 0 concurrency: 4 concurrency_per_worker: 1 times: 10 concurrency_overhead: 0 processes_to_start: 4 max_cpu_used: 16
2019-06-30 08:02:41.003 4538 RALLYDEBUG rally.task.runner [-] Starting a worker. concurrency: 1 args: {"size": 1} times: 10 method_name: run timeout: 0 duration: None cls:
2019-06-30 08:02:41.006 4539 RALLYDEBUG rally.task.runner [-] Starting a worker. concurrency: 1 args: {"size": 1} times: 10 method_name: run timeout: 0 duration: None cls:
2019-06-30 08:02:41.008 4540 RALLYDEBUG rally.task.runner [-] Starting a worker. concurrency: 1 args: {"size": 1} times: 10 method_name: run timeout: 0 duration: None cls:
2019-06-30 08:02:41.011 4541 RALLYDEBUG rally.task.runner [-] Starting a worker. concurrency: 1 args: {"size": 1} times: 10 method_name: run timeout: 0 duration: None cls:
2019-06-30 08:02:41.011 4538 INFO rally.task.runner [-] Task abb508a8-226a-4304-b29d-c50c66d62dcc | ITER: 1 START
2019-06-30 08:02:41.013 4539 INFO rally.task.runner [-] Task abb508a8-226a-4304-b29d-c50c66d62dcc | ITER: 2 START
2019-06-30 08:02:41.016 4540 INFO rally.task.runner [-] Task abb508a8-226a-4304-b29d-c50c66d62dcc | ITER: 3 START
2019-06-30 08:02:41.019 4541 INFO rally.task.runner [-] Task abb508a8-226a-4304-b29d-c50c66d62dcc | ITER: 4 START
2019-06-30 08:02:44.826 4541 RALLYDEBUG rally.task.utils [-] Waiting for resource s_rally_82026554_I9RhMsnB. Status changed: AVAILABLE => DELETING in 0.0549130439758
2019-06-30 08:02:44.980 4540 RALLYDEBUG rally.task.utils [-] Waiting for resource s_rally_82026554_jrpW9Ul0. Status changed: AVAILABLE => DELETING in 0.0528748035431
2019-06-30 08:02:45.173 4539 RALLYDEBUG rally.task.utils [-] Waiting for resource s_rally_82026554_4VKjT9M4. Status changed: AVAILABLE => DELETING in 0.342422962189
2019-06-30 08:02:45.243 4538 RALLYDEBUG rally.task.utils [-] Waiting for resource s_rally_82026554_ANkhMUUS. Status changed: AVAILABLE => DELETING in 0.243534088135
2019-06-30 08:02:47.051 4541 INFO rally.task.runner [-] Task abb508a8-226a-4304-b29d-c50c66d62dcc | ITER: 4 END: OK
2019-06-30 08:02:47.054 4541 INFO rally.task.runner [-] Task abb508a8-226a-4304-b29d-c50c66d62dcc | ITER: 5 START
2019-06-30 08:02:47.234 4540 INFO rally.task.runner [-] Task abb508a8-226a-4304-b29d-c50c66d62dcc | ITER: 3 END: OK
2019-06-30 08:02:47.238 4540 INFO rally.task.runner [-] Task abb508a8-226a-4304-b29d-c50c66d62dcc | ITER: 6 START
2019-06-30 08:02:47.390 4539 INFO rally.task.runner [-] Task abb508a8-226a-4304-b29d-c50c66d62dcc | ITER: 2 END: OK
2019-06-30 08:02:47.394 4539 INFO rally.task.runner [-] Task abb508a8-226a-4304-b29d-c50c66d62dcc | ITER: 7 START
2019-06-30 08:02:47.459 4538 INFO rally.task.runner [-] Task abb508a8-226a-4304-b29d-c50c66d62dcc | ITER: 1 END: OK
2019-06-30 08:02:47.462 4538 INFO rally.task.runner [-] Task abb508a8-226a-4304-b29d-c50c66d62dcc | ITER: 8 START
2019-06-30 08:02:50.880 4540 RALLYDEBUG rally.task.utils [-] Waiting for resource s_rally_82026554_dAzsO2kd. Status changed: AVAILABLE => DELETING in 0.0607149600983
2019-06-30 08:02:51.090 4541 RALLYDEBUG rally.task.utils [-] Waiting for resource s_rally_82026554_Dpyd1JzX. Status changed: AVAILABLE => DELETING in 0.0579361915588
2019-06-30 08:02:51.399 4538 RALLYDEBUG rally.task.utils [-] Waiting for resource s_rally_82026554_sPMsR5g7. Status changed: AVAILABLE => DELETING in 0.242429018021
2019-06-30 08:02:51.412 4539 RALLYDEBUG rally.task.utils [-] Waiting for resource s_rally_82026554_BiUUzDyf. Status changed: AVAILABLE => DELETING in 0.250272035599
2019-06-30 08:02:53.105 4540 INFO rally.task.runner [-] Task abb508a8-226a-4304-b29d-c50c66d62dcc | ITER: 6 END: OK
2019-06-30 08:02:53.110 4540 INFO rally.task.runner [-] Task abb508a8-226a-4304-b29d-c50c66d62dcc | ITER: 9 START
2019-06-30 08:02:53.305 4541 INFO rally.task.runner [-] Task abb508a8-226a-4304-b29d-c50c66d62dcc | ITER: 5 END: OK
2019-06-30 08:02:53.311 4541 INFO rally.task.runner [-] Task abb508a8-226a-4304-b29d-c50c66d62dcc | ITER: 10 START
2019-06-30 08:02:53.629 4538 INFO rally.task.runner [-] Task abb508a8-226a-4304-b29d-c50c66d62dcc | ITER: 8 END: OK
2019-06-30 08:02:53.737 4539 INFO rally.task.runner [-] Task abb508a8-226a-4304-b29d-c50c66d62dcc | ITER: 7 END: OK
2019-06-30 08:02:57.049 4540 RALLYDEBUG rally.task.utils [-] Waiting for resource s_rally_82026554_cJqHZHDM. Status changed: AVAILABLE => DELETING in 0.239842891693
2019-06-30 08:02:57.061 4541 RALLYDEBUG rally.task.utils [-] Waiting for resource s_rally_82026554_Gn6XnBej. Status changed: AVAILABLE => DELETING in 0.24467086792
2019-06-30 08:02:59.288 4540 INFO rally.task.runner [-] Task abb508a8-226a-4304-b29d-c50c66d62dcc | ITER: 9 END: OK
2019-06-30 08:02:59.303 4541 INFO rally.task.runner [-] Task abb508a8-226a-4304-b29d-c50c66d62dcc | ITER: 10 END: OK
2019-06-30 08:02:59.328 1842 INFO rally.task.context [-] Task abb508a8-226a-4304-b29d-c50c66d62dcc | Context cleanup@openstack cleanup() started
2019-06-30 08:02:59.330 1842 RALLYDEBUG rally_openstack.cleanup.manager [-] Cleaning up cinder backups objects
