2019-06-30 07:37:26.347 7 RALLYDEBUG rally.api [-] INFO logs from urllib3 and requests module are hide.
2019-06-30 07:37:26.347 7 RALLYDEBUG rally.api [-] urllib3 insecure warnings are hidden.
2019-06-30 07:37:26.347 7 RALLYDEBUG rally.api [-] ERROR log from boto module is hide.
2019-06-30 07:37:27.656 7 ERROR rally.cli.cliutils [-] Unexpected exception in CLI: DBRecordNotFound: Record for uuid or name is opnfv-rally not found in table envs
2019-06-30 07:37:27.656 7 ERROR rally.cli.cliutils
Traceback (most recent call last):
2019-06-30 07:37:27.656 7 ERROR rally.cli.cliutils
File "/usr/lib/python2.7/site-packages/rally/cli/cliutils.py", line 674, in run
2019-06-30 07:37:27.656 7 ERROR rally.cli.cliutils ret = fn(*fn_args, **fn_kwargs)
2019-06-30 07:37:27.656 7 ERROR rally.cli.cliutils File "", line 2, in destroy
2019-06-30 07:37:27.656 7 ERROR rally.cli.cliutils
File "/usr/lib/python2.7/site-packages/rally/cli/envutils.py", line 69, in default_from_global
2019-06-30 07:37:27.656 7 ERROR rally.cli.cliutils return f(*args, **kwargs)
2019-06-30 07:37:27.656 7 ERROR rally.cli.cliutils File "", line 2, in destroy
2019-06-30 07:37:27.656 7 ERROR rally.cli.cliutils
File "/usr/lib/python2.7/site-packages/rally/plugins/__init__.py", line 51, in ensure_plugins_are_loaded
2019-06-30 07:37:27.656 7 ERROR rally.cli.cliutils return f(*args, **kwargs)
2019-06-30 07:37:27.656 7 ERROR rally.cli.cliutils
File "/usr/lib/python2.7/site-packages/rally/cli/commands/deployment.py", line 140, in destroy
2019-06-30 07:37:27.656 7 ERROR rally.cli.cliutils api.deployment.destroy(deployment=deployment)
2019-06-30 07:37:27.656 7 ERROR rally.cli.cliutils
File "/usr/lib/python2.7/site-packages/rally/api.py", line 115, in destroy
2019-06-30 07:37:27.656 7 ERROR rally.cli.cliutils deploy = objects.Deployment.get(deployment)
2019-06-30 07:37:27.656 7 ERROR rally.cli.cliutils
File "/usr/lib/python2.7/site-packages/rally/common/objects/deploy.py", line 124, in get
2019-06-30 07:37:27.656 7 ERROR rally.cli.cliutils return Deployment(env_mgr.EnvManager.get(deploy))
2019-06-30 07:37:27.656 7 ERROR rally.cli.cliutils
File "/usr/lib/python2.7/site-packages/rally/env/env_mgr.py", line 212, in get
2019-06-30 07:37:27.656 7 ERROR rally.cli.cliutils return cls(db.env_get(uuid_or_name))
2019-06-30 07:37:27.656 7 ERROR rally.cli.cliutils
File "/usr/lib/python2.7/site-packages/rally/common/db/api.py", line 135, in wrapper
2019-06-30 07:37:27.656 7 ERROR rally.cli.cliutils result = f(session, *args, **kwargs)
2019-06-30 07:37:27.656 7 ERROR rally.cli.cliutils
File "/usr/lib/python2.7/site-packages/rally/common/db/api.py", line 521, in env_get
2019-06-30 07:37:27.656 7 ERROR rally.cli.cliutils criteria="uuid or name is %s" % uuid_or_name, table="envs")
2019-06-30 07:37:27.656 7 ERROR rally.cli.cliutils DBRecordNotFound: Record for uuid or name is opnfv-rally not found in table envs
2019-06-30 07:37:27.656 7 ERROR rally.cli.cliutils
2019-06-30 07:37:28.486 9 RALLYDEBUG rally.api [-] INFO logs from urllib3 and requests module are hide.
2019-06-30 07:37:28.486 9 RALLYDEBUG rally.api [-] urllib3 insecure warnings are hidden.
2019-06-30 07:37:28.486 9 RALLYDEBUG rally.api [-] ERROR log from boto module is hide.
2019-06-30 07:37:29.662 9 WARNING rally_openstack.platforms.existing [-] endpoint is deprecated and not used.
2019-06-30 07:37:30.540 11 RALLYDEBUG rally.api [-] INFO logs from urllib3 and requests module are hide.
2019-06-30 07:37:30.541 11 RALLYDEBUG rally.api [-] urllib3 insecure warnings are hidden.
2019-06-30 07:37:30.541 11 RALLYDEBUG rally.api [-] ERROR log from boto module is hide.
2019-06-30 07:37:33.530 14 RALLYDEBUG rally.api [-] INFO logs from urllib3 and requests module are hide.
2019-06-30 07:37:33.530 14 RALLYDEBUG rally.api [-] urllib3 insecure warnings are hidden.
2019-06-30 07:37:33.530 14 RALLYDEBUG rally.api [-] ERROR log from boto module is hide.
2019-06-30 07:37:34.949 16 RALLYDEBUG rally.api [-] INFO logs from urllib3 and requests module are hide.
2019-06-30 07:37:34.949 16 RALLYDEBUG rally.api [-] urllib3 insecure warnings are hidden.
2019-06-30 07:37:34.949 16 RALLYDEBUG rally.api [-] ERROR log from boto module is hide.
2019-06-30 07:37:36.305 16 INFO rally.task.engine [-] Task 9ffdede9-b98d-4bc8-ac1c-861f1392dddf | Starting: Task validation.
2019-06-30 07:37:36.344 16 INFO rally.task.engine [-] Task 9ffdede9-b98d-4bc8-ac1c-861f1392dddf | Starting: Task validation of syntax.
2019-06-30 07:37:36.424 16 INFO rally.task.engine [-] Task 9ffdede9-b98d-4bc8-ac1c-861f1392dddf | Completed: Task validation of syntax.
2019-06-30 07:37:36.425 16 INFO rally.task.engine [-] Task 9ffdede9-b98d-4bc8-ac1c-861f1392dddf | Starting: Task validation of required platforms.
2019-06-30 07:37:36.461 16 INFO rally.task.engine [-] Task 9ffdede9-b98d-4bc8-ac1c-861f1392dddf | Completed: Task validation of required platforms.
2019-06-30 07:37:36.461 16 INFO rally.task.engine [-] Task 9ffdede9-b98d-4bc8-ac1c-861f1392dddf | Starting: Task validation of semantic.
2019-06-30 07:37:36.461 16 INFO rally.task.engine [-] Check health of the environment 'b2632680-876e-448b-9a45-2ba6307b4c7a'.
2019-06-30 07:37:37.266 16 INFO rally.task.engine [-] Platform existing@openstack (available: True): OK!
2019-06-30 07:37:37.284 16 RALLYDEBUG rally_openstack.contexts.keystone.users [-] Creating 1 tenants using 20 threads
2019-06-30 07:37:38.907 16 RALLYDEBUG rally_openstack.contexts.keystone.users [-] Creating 1 users using 20 threads
2019-06-30 07:37:41.436 16 INFO rally.task.context [-] Task 9ffdede9-b98d-4bc8-ac1c-861f1392dddf | Context users@openstack setup() finished in 4.15 sec
2019-06-30 07:37:41.483 16 INFO rally.task.context [-] Task 9ffdede9-b98d-4bc8-ac1c-861f1392dddf | Context users@openstack cleanup() started
2019-06-30 07:37:46.857 16 INFO rally.task.context [-] Task 9ffdede9-b98d-4bc8-ac1c-861f1392dddf | Context users@openstack cleanup() finished in 5.37 sec
2019-06-30 07:37:46.857 16 INFO rally.task.engine [-] Task 9ffdede9-b98d-4bc8-ac1c-861f1392dddf | Completed: Task validation of semantic.
2019-06-30 07:37:46.857 16 INFO rally.task.engine [-] Task 9ffdede9-b98d-4bc8-ac1c-861f1392dddf | Completed: Task validation.
2019-06-30 07:37:46.858 16 INFO rally.api [-] Task 9ffdede9-b98d-4bc8-ac1c-861f1392dddf input file is valid.
2019-06-30 07:37:46.858 16 INFO rally.api [-] Run Task 9ffdede9-b98d-4bc8-ac1c-861f1392dddf against Deployment b2632680-876e-448b-9a45-2ba6307b4c7a
2019-06-30 07:37:46.858 16 INFO rally.task.engine [-] Task 9ffdede9-b98d-4bc8-ac1c-861f1392dddf | Starting: Running task.
2019-06-30 07:37:47.003 16 INFO rally.task.engine [-] Running workload: position = 0 config = { "version": 2, "title": "A cropped version of a bigger task.", "description": "Auto-generated task from a single workload (uuid=dd922738-dd62-4bdd-a758-04f373a256d1)", "subtasks": [ { "title": "Authenticate.keystone", "description": "Check Keystone Client.", "scenario": { "Authenticate.keystone": {} }, "contexts": { "users": { "tenants": 3, "users_per_tenant": 2 } }, "runner": { "constant": { "concurrency": 4, "times": 10 } }, "hooks": [], "sla": { "failure_rate": { "max": 0 } } } ] }
2019-06-30 07:37:47.023 16 RALLYDEBUG rally_openstack.contexts.keystone.users [-] Creating 3 tenants using 20 threads
2019-06-30 07:37:48.791 16 RALLYDEBUG rally_openstack.contexts.keystone.users [-] Creating 6 users using 20 threads
2019-06-30 07:37:51.588 16 INFO rally.task.context [-] Task 9ffdede9-b98d-4bc8-ac1c-861f1392dddf | Context users@openstack setup() finished in 4.57 sec
2019-06-30 07:37:51.596 16 RALLYDEBUG rally.task.runner [-] Starting the constant runner (task UUID: 9ffdede9-b98d-4bc8-ac1c-861f1392dddf). timeout: 0 concurrency: 4 concurrency_per_worker: 1 times: 10 concurrency_overhead: 0 processes_to_start: 4 max_cpu_used: 16
2019-06-30 07:37:51.609 140 RALLYDEBUG rally.task.runner [-] Starting a worker. concurrency: 1 args: {} times: 10 method_name: run timeout: 0 duration: None cls:
2019-06-30 07:37:51.612 141 RALLYDEBUG rally.task.runner [-] Starting a worker. concurrency: 1 args: {} times: 10 method_name: run timeout: 0 duration: None cls:
2019-06-30 07:37:51.615 140 INFO rally.task.runner [-] Task 9ffdede9-b98d-4bc8-ac1c-861f1392dddf | ITER: 1 START
2019-06-30 07:37:51.615 142 RALLYDEBUG rally.task.runner [-] Starting a worker. concurrency: 1 args: {} times: 10 method_name: run timeout: 0 duration: None cls:
2019-06-30 07:37:51.618 141 INFO rally.task.runner [-] Task 9ffdede9-b98d-4bc8-ac1c-861f1392dddf | ITER: 2 START
2019-06-30 07:37:51.618 143 RALLYDEBUG rally.task.runner [-] Starting a worker. concurrency: 1 args: {} times: 10 method_name: run timeout: 0 duration: None cls:
2019-06-30 07:37:51.621 142 INFO rally.task.runner [-] Task 9ffdede9-b98d-4bc8-ac1c-861f1392dddf | ITER: 3 START
2019-06-30 07:37:51.625 143 INFO rally.task.runner [-] Task 9ffdede9-b98d-4bc8-ac1c-861f1392dddf | ITER: 4 START
2019-06-30 07:37:52.215 141 INFO rally.task.runner [-] Task 9ffdede9-b98d-4bc8-ac1c-861f1392dddf | ITER: 2 END: OK
2019-06-30 07:37:52.219 141 INFO rally.task.runner [-] Task 9ffdede9-b98d-4bc8-ac1c-861f1392dddf | ITER: 5 START
2019-06-30 07:37:52.226 140 INFO rally.task.runner [-] Task 9ffdede9-b98d-4bc8-ac1c-861f1392dddf | ITER: 1 END: OK
2019-06-30 07:37:52.230 140 INFO rally.task.runner [-] Task 9ffdede9-b98d-4bc8-ac1c-861f1392dddf | ITER: 6 START
2019-06-30 07:37:52.253 143 INFO rally.task.runner [-] Task 9ffdede9-b98d-4bc8-ac1c-861f1392dddf | ITER: 4 END: OK
2019-06-30 07:37:52.257 143 INFO rally.task.runner [-] Task 9ffdede9-b98d-4bc8-ac1c-861f1392dddf | ITER: 7 START
2019-06-30 07:37:52.270 142 INFO rally.task.runner [-] Task 9ffdede9-b98d-4bc8-ac1c-861f1392dddf | ITER: 3 END: OK
2019-06-30 07:37:52.274 142 INFO rally.task.runner [-] Task 9ffdede9-b98d-4bc8-ac1c-861f1392dddf | ITER: 8 START
2019-06-30 07:37:52.831 140 INFO rally.task.runner [-] Task 9ffdede9-b98d-4bc8-ac1c-861f1392dddf | ITER: 6 END: OK
2019-06-30 07:37:52.835 140 INFO rally.task.runner [-] Task 9ffdede9-b98d-4bc8-ac1c-861f1392dddf | ITER: 9 START
2019-06-30 07:37:52.840 141 INFO rally.task.runner [-] Task 9ffdede9-b98d-4bc8-ac1c-861f1392dddf | ITER: 5 END: OK
2019-06-30 07:37:52.844 141 INFO rally.task.runner [-] Task 9ffdede9-b98d-4bc8-ac1c-861f1392dddf | ITER: 10 START
2019-06-30 07:37:52.847 143 INFO rally.task.runner [-] Task 9ffdede9-b98d-4bc8-ac1c-861f1392dddf | ITER: 7 END: OK
2019-06-30 07:37:52.857 142 INFO rally.task.runner [-] Task 9ffdede9-b98d-4bc8-ac1c-861f1392dddf | ITER: 8 END: OK
2019-06-30 07:37:53.419 140 INFO rally.task.runner [-] Task 9ffdede9-b98d-4bc8-ac1c-861f1392dddf | ITER: 9 END: OK
2019-06-30 07:37:53.442 141 INFO rally.task.runner [-] Task 9ffdede9-b98d-4bc8-ac1c-861f1392dddf | ITER: 10 END: OK
2019-06-30 07:37:53.464 16 INFO rally.task.context [-] Task 9ffdede9-b98d-4bc8-ac1c-861f1392dddf | Context users@openstack cleanup() started
2019-06-30 07:38:00.270 16 INFO rally.task.context [-] Task 9ffdede9-b98d-4bc8-ac1c-861f1392dddf | Context users@openstack cleanup() finished in 6.81 sec
2019-06-30 07:38:01.112 16 INFO rally.task.engine [-] Load duration is: 1.825199
2019-06-30 07:38:01.113 16 INFO rally.task.engine [-] Full runner duration is: 1.868164
2019-06-30 07:38:01.113 16 INFO rally.task.engine [-] Full duration is: 13.24879
2019-06-30 07:38:01.344 16 INFO rally.task.engine [-] Running workload: position = 0 config = { "version": 2, "title": "A cropped version of a bigger task.", "description": "Auto-generated task from a single workload (uuid=9dcda0d0-6fb7-4ae7-8df7-35be7667196d)", "subtasks": [ { "title": "Authenticate.validate_cinder", "description": "Check Cinder Client to ensure validation of token.", "scenario": { "Authenticate.validate_cinder": { "repetitions": 2 } }, "contexts": { "users": { "tenants": 3, "users_per_tenant": 2 } }, "runner": { "constant": { "concurrency": 4, "times": 10 } }, "hooks": [], "sla": { "failure_rate": { "max": 0 } } } ] }
2019-06-30 07:38:01.359 16 RALLYDEBUG rally_openstack.contexts.keystone.users [-] Creating 3 tenants using 20 threads
2019-06-30 07:38:03.223 16 RALLYDEBUG rally_openstack.contexts.keystone.users [-] Creating 6 users using 20 threads
2019-06-30 07:38:05.879 16 INFO rally.task.context [-] Task 9ffdede9-b98d-4bc8-ac1c-861f1392dddf | Context users@openstack setup() finished in 4.52 sec
2019-06-30 07:38:05.886 16 RALLYDEBUG rally.task.runner [-] Starting the constant runner (task UUID: 9ffdede9-b98d-4bc8-ac1c-861f1392dddf). timeout: 0 concurrency: 4 concurrency_per_worker: 1 times: 10 concurrency_overhead: 0 processes_to_start: 4 max_cpu_used: 16
2019-06-30 07:38:05.898 244 RALLYDEBUG rally.task.runner [-] Starting a worker. concurrency: 1 args: {"repetitions": 2} times: 10 method_name: run timeout: 0 duration: None cls:
2019-06-30 07:38:05.901 245 RALLYDEBUG rally.task.runner [-] Starting a worker. concurrency: 1 args: {"repetitions": 2} times: 10 method_name: run timeout: 0 duration: None cls:
2019-06-30 07:38:05.904 244 INFO rally.task.runner [-] Task 9ffdede9-b98d-4bc8-ac1c-861f1392dddf | ITER: 1 START
2019-06-30 07:38:05.904 246 RALLYDEBUG rally.task.runner [-] Starting a worker. concurrency: 1 args: {"repetitions": 2} times: 10 method_name: run timeout: 0 duration: None cls:
2019-06-30 07:38:05.907 245 INFO rally.task.runner [-] Task 9ffdede9-b98d-4bc8-ac1c-861f1392dddf | ITER: 2 START
2019-06-30 07:38:05.908 247 RALLYDEBUG rally.task.runner [-] Starting a worker. concurrency: 1 args: {"repetitions": 2} times: 10 method_name: run timeout: 0 duration: None cls:
2019-06-30 07:38:05.909 246 INFO rally.task.runner [-] Task 9ffdede9-b98d-4bc8-ac1c-861f1392dddf | ITER: 3 START
2019-06-30 07:38:05.914 247 INFO rally.task.runner [-] Task 9ffdede9-b98d-4bc8-ac1c-861f1392dddf | ITER: 4 START
2019-06-30 07:38:07.783 245 INFO rally.task.runner [-] Task 9ffdede9-b98d-4bc8-ac1c-861f1392dddf | ITER: 2 END: OK
2019-06-30 07:38:07.783 247 INFO rally.task.runner [-] Task 9ffdede9-b98d-4bc8-ac1c-861f1392dddf | ITER: 4 END: OK
2019-06-30 07:38:07.787 247 INFO rally.task.runner [-] Task 9ffdede9-b98d-4bc8-ac1c-861f1392dddf | ITER: 5 START
2019-06-30 07:38:07.788 245 INFO rally.task.runner [-] Task 9ffdede9-b98d-4bc8-ac1c-861f1392dddf | ITER: 6 START
2019-06-30 07:38:07.802 244 INFO rally.task.runner [-] Task 9ffdede9-b98d-4bc8-ac1c-861f1392dddf | ITER: 1 END: OK
2019-06-30 07:38:07.806 244 INFO rally.task.runner [-] Task 9ffdede9-b98d-4bc8-ac1c-861f1392dddf | ITER: 7 START
2019-06-30 07:38:07.831 246 INFO rally.task.runner [-] Task 9ffdede9-b98d-4bc8-ac1c-861f1392dddf | ITER: 3 END: OK
2019-06-30 07:38:07.835 246 INFO rally.task.runner [-] Task 9ffdede9-b98d-4bc8-ac1c-861f1392dddf | ITER: 8 START
2019-06-30 07:38:08.682 245 INFO rally.task.runner [-] Task 9ffdede9-b98d-4bc8-ac1c-861f1392dddf | ITER: 6 END: OK
2019-06-30 07:38:08.686 245 INFO rally.task.runner [-] Task 9ffdede9-b98d-4bc8-ac1c-861f1392dddf | ITER: 9 START
2019-06-30 07:38:10.955 247 INFO rally.task.runner [-] Task 9ffdede9-b98d-4bc8-ac1c-861f1392dddf | ITER: 5 END: OK
2019-06-30 07:38:10.959 247 INFO rally.task.runner [-] Task 9ffdede9-b98d-4bc8-ac1c-861f1392dddf | ITER: 10 START
2019-06-30 07:38:10.992 244 INFO rally.task.runner [-] Task 9ffdede9-b98d-4bc8-ac1c-861f1392dddf | ITER: 7 END: OK
2019-06-30 07:38:11.366 245 INFO rally.task.runner [-] Task 9ffdede9-b98d-4bc8-ac1c-861f1392dddf | ITER: 9 END: OK
2019-06-30 07:38:11.859 247 INFO rally.task.runner [-] Task 9ffdede9-b98d-4bc8-ac1c-861f1392dddf | ITER: 10 END: OK
2019-06-30 07:38:11.993 246 INFO rally.task.runner [-] Task 9ffdede9-b98d-4bc8-ac1c-861f1392dddf | ITER: 8 END: OK
2019-06-30 07:38:12.020 16 INFO rally.task.context [-] Task 9ffdede9-b98d-4bc8-ac1c-861f1392dddf | Context users@openstack cleanup() started
2019-06-30 07:38:18.961 16 INFO rally.task.context [-] Task 9ffdede9-b98d-4bc8-ac1c-861f1392dddf | Context users@openstack cleanup() finished in 6.94 sec
2019-06-30 07:38:19.442 16 INFO rally.task.engine [-] Load duration is: 6.087389
2019-06-30 07:38:19.443 16 INFO rally.task.engine [-] Full runner duration is: 6.134404
2019-06-30 07:38:19.443 16 INFO rally.task.engine [-] Full duration is: 17.605153
2019-06-30 07:38:19.690 16 INFO rally.task.engine [-] Running workload: position = 0 config = { "version": 2, "title": "A cropped version of a bigger task.", "description": "Auto-generated task from a single workload (uuid=cd1d4fa6-4a1e-4e03-bff5-90329c3a706b)", "subtasks": [ { "title": "Authenticate.validate_glance", "description": "Check Glance Client to ensure validation of token.", "scenario": { "Authenticate.validate_glance": { "repetitions": 2 } }, "contexts": { "users": { "tenants": 3, "users_per_tenant": 2 } }, "runner": { "constant": { "concurrency": 4, "times": 10 } }, "hooks": [], "sla": { "failure_rate": { "max": 0 } } } ] }
2019-06-30 07:38:19.702 16 RALLYDEBUG rally_openstack.contexts.keystone.users [-] Creating 3 tenants using 20 threads
2019-06-30 07:38:21.590 16 RALLYDEBUG rally_openstack.contexts.keystone.users [-] Creating 6 users using 20 threads
2019-06-30 07:38:24.433 16 INFO rally.task.context [-] Task 9ffdede9-b98d-4bc8-ac1c-861f1392dddf | Context users@openstack setup() finished in 4.73 sec
2019-06-30 07:38:24.440 16 RALLYDEBUG rally.task.runner [-] Starting the constant runner (task UUID: 9ffdede9-b98d-4bc8-ac1c-861f1392dddf). timeout: 0 concurrency: 4 concurrency_per_worker: 1 times: 10 concurrency_overhead: 0 processes_to_start: 4 max_cpu_used: 16
2019-06-30 07:38:24.450 348 RALLYDEBUG rally.task.runner [-] Starting a worker. concurrency: 1 args: {"repetitions": 2} times: 10 method_name: run timeout: 0 duration: None cls:
2019-06-30 07:38:24.453 348 INFO rally.task.runner [-] Task 9ffdede9-b98d-4bc8-ac1c-861f1392dddf | ITER: 1 START
2019-06-30 07:38:24.455 349 RALLYDEBUG rally.task.runner [-] Starting a worker. concurrency: 1 args: {"repetitions": 2} times: 10 method_name: run timeout: 0 duration: None cls:
2019-06-30 07:38:24.458 350 RALLYDEBUG rally.task.runner [-] Starting a worker. concurrency: 1 args: {"repetitions": 2} times: 10 method_name: run timeout: 0 duration: None cls:
2019-06-30 07:38:24.460 353 RALLYDEBUG rally.task.runner [-] Starting a worker. concurrency: 1 args: {"repetitions": 2} times: 10 method_name: run timeout: 0 duration: None cls:
2019-06-30 07:38:24.461 349 INFO rally.task.runner [-] Task 9ffdede9-b98d-4bc8-ac1c-861f1392dddf | ITER: 2 START
2019-06-30 07:38:24.463 350 INFO rally.task.runner [-] Task 9ffdede9-b98d-4bc8-ac1c-861f1392dddf | ITER: 3 START
2019-06-30 07:38:24.467 353 INFO rally.task.runner [-] Task 9ffdede9-b98d-4bc8-ac1c-861f1392dddf | ITER: 4 START
2019-06-30 07:38:25.265 350 INFO rally.task.runner [-] Task 9ffdede9-b98d-4bc8-ac1c-861f1392dddf | ITER: 3 END: OK
2019-06-30 07:38:25.269 350 INFO rally.task.runner [-] Task 9ffdede9-b98d-4bc8-ac1c-861f1392dddf | ITER: 5 START
2019-06-30 07:38:25.272 348 INFO rally.task.runner [-] Task 9ffdede9-b98d-4bc8-ac1c-861f1392dddf | ITER: 1 END: OK
2019-06-30 07:38:25.277 348 INFO rally.task.runner [-] Task 9ffdede9-b98d-4bc8-ac1c-861f1392dddf | ITER: 6 START
2019-06-30 07:38:25.282 349 INFO rally.task.runner [-] Task 9ffdede9-b98d-4bc8-ac1c-861f1392dddf | ITER: 2 END: OK
2019-06-30 07:38:25.284 353 INFO rally.task.runner [-] Task 9ffdede9-b98d-4bc8-ac1c-861f1392dddf | ITER: 4 END: OK
2019-06-30 07:38:25.286 349 INFO rally.task.runner [-] Task 9ffdede9-b98d-4bc8-ac1c-861f1392dddf | ITER: 7 START
2019-06-30 07:38:25.290 353 INFO rally.task.runner [-] Task 9ffdede9-b98d-4bc8-ac1c-861f1392dddf | ITER: 8 START
2019-06-30 07:38:26.017 353 INFO rally.task.runner [-] Task 9ffdede9-b98d-4bc8-ac1c-861f1392dddf | ITER: 8 END: OK
2019-06-30 07:38:26.020 353 INFO rally.task.runner [-] Task 9ffdede9-b98d-4bc8-ac1c-861f1392dddf | ITER: 9 START
2019-06-30 07:38:26.059 348 INFO rally.task.runner [-] Task 9ffdede9-b98d-4bc8-ac1c-861f1392dddf | ITER: 6 END: OK
2019-06-30 07:38:26.062 348 INFO rally.task.runner [-] Task 9ffdede9-b98d-4bc8-ac1c-861f1392dddf | ITER: 10 START
2019-06-30 07:38:26.194 349 INFO rally.task.runner [-] Task 9ffdede9-b98d-4bc8-ac1c-861f1392dddf | ITER: 7 END: OK
2019-06-30 07:38:26.197 350 INFO rally.task.runner [-] Task 9ffdede9-b98d-4bc8-ac1c-861f1392dddf | ITER: 5 END: OK
2019-06-30 07:38:26.820 353 INFO rally.task.runner [-] Task 9ffdede9-b98d-4bc8-ac1c-861f1392dddf | ITER: 9 END: OK
2019-06-30 07:38:26.856 348 INFO rally.task.runner [-] Task 9ffdede9-b98d-4bc8-ac1c-861f1392dddf | ITER: 10 END: OK
2019-06-30 07:38:26.876 16 INFO rally.task.context [-] Task 9ffdede9-b98d-4bc8-ac1c-861f1392dddf | Context users@openstack cleanup() started
2019-06-30 07:38:33.861 16 INFO rally.task.context [-] Task 9ffdede9-b98d-4bc8-ac1c-861f1392dddf | Context users@openstack cleanup() finished in 6.98 sec
2019-06-30 07:38:35.780 16 INFO rally.task.engine [-] Load duration is: 2.40175
2019-06-30 07:38:35.781 16 INFO rally.task.engine [-] Full runner duration is: 2.435571
2019-06-30 07:38:35.781 16 INFO rally.task.engine [-] Full duration is: 14.161052
2019-06-30 07:38:36.028 16 INFO rally.task.engine [-] Running workload: position = 0 config = { "version": 2, "title": "A cropped version of a bigger task.", "description": "Auto-generated task from a single workload (uuid=fa3f359b-d0f4-47d1-b88d-c3059300be75)", "subtasks": [ { "title": "Authenticate.validate_heat", "description": "Check Heat Client to ensure validation of token.", "scenario": { "Authenticate.validate_heat": { "repetitions": 2 } }, "contexts": { "users": { "tenants": 3, "users_per_tenant": 2 } }, "runner": { "constant": { "concurrency": 4, "times": 10 } }, "hooks": [], "sla": { "failure_rate": { "max": 0 } } } ] }
2019-06-30 07:38:36.050 16 RALLYDEBUG rally_openstack.contexts.keystone.users [-] Creating 3 tenants using 20 threads
2019-06-30 07:38:37.850 16 RALLYDEBUG rally_openstack.contexts.keystone.users [-] Creating 6 users using 20 threads
2019-06-30 07:38:40.485 16 INFO rally.task.context [-] Task 9ffdede9-b98d-4bc8-ac1c-861f1392dddf | Context users@openstack setup() finished in 4.44 sec
2019-06-30 07:38:40.493 16 RALLYDEBUG rally.task.runner [-] Starting the constant runner (task UUID: 9ffdede9-b98d-4bc8-ac1c-861f1392dddf). timeout: 0 concurrency: 4 concurrency_per_worker: 1 times: 10 concurrency_overhead: 0 processes_to_start: 4 max_cpu_used: 16
2019-06-30 07:38:40.505 452 RALLYDEBUG rally.task.runner [-] Starting a worker. concurrency: 1 args: {"repetitions": 2} times: 10 method_name: run timeout: 0 duration: None cls:
2019-06-30 07:38:40.509 453 RALLYDEBUG rally.task.runner [-] Starting a worker. concurrency: 1 args: {"repetitions": 2} times: 10 method_name: run timeout: 0 duration: None cls:
2019-06-30 07:38:40.511 452 INFO rally.task.runner [-] Task 9ffdede9-b98d-4bc8-ac1c-861f1392dddf | ITER: 1 START
2019-06-30 07:38:40.511 454 RALLYDEBUG rally.task.runner [-] Starting a worker. concurrency: 1 args: {"repetitions": 2} times: 10 method_name: run timeout: 0 duration: None cls:
2019-06-30 07:38:40.516 453 INFO rally.task.runner [-] Task 9ffdede9-b98d-4bc8-ac1c-861f1392dddf | ITER: 2 START
2019-06-30 07:38:40.516 455 RALLYDEBUG rally.task.runner [-] Starting a worker. concurrency: 1 args: {"repetitions": 2} times: 10 method_name: run timeout: 0 duration: None cls:
2019-06-30 07:38:40.518 454 INFO rally.task.runner [-] Task 9ffdede9-b98d-4bc8-ac1c-861f1392dddf | ITER: 3 START
2019-06-30 07:38:40.522 455 INFO rally.task.runner [-] Task 9ffdede9-b98d-4bc8-ac1c-861f1392dddf | ITER: 4 START
2019-06-30 07:38:42.124 452 INFO rally.task.runner [-] Task 9ffdede9-b98d-4bc8-ac1c-861f1392dddf | ITER: 1 END: OK
2019-06-30 07:38:42.128 452 INFO rally.task.runner [-] Task 9ffdede9-b98d-4bc8-ac1c-861f1392dddf | ITER: 5 START
2019-06-30 07:38:42.424 454 INFO rally.task.runner [-] Task 9ffdede9-b98d-4bc8-ac1c-861f1392dddf | ITER: 3 END: OK
2019-06-30 07:38:42.429 454 INFO rally.task.runner [-] Task 9ffdede9-b98d-4bc8-ac1c-861f1392dddf | ITER: 6 START
2019-06-30 07:38:42.440 453 INFO rally.task.runner [-] Task 9ffdede9-b98d-4bc8-ac1c-861f1392dddf | ITER: 2 END: OK
2019-06-30 07:38:42.443 453 INFO rally.task.runner [-] Task 9ffdede9-b98d-4bc8-ac1c-861f1392dddf | ITER: 7 START
2019-06-30 07:38:42.570 455 INFO rally.task.runner [-] Task 9ffdede9-b98d-4bc8-ac1c-861f1392dddf | ITER: 4 END: OK
2019-06-30 07:38:42.573 455 INFO rally.task.runner [-] Task 9ffdede9-b98d-4bc8-ac1c-861f1392dddf | ITER: 8 START
2019-06-30 07:38:43.578 452 INFO rally.task.runner [-] Task 9ffdede9-b98d-4bc8-ac1c-861f1392dddf | ITER: 5 END: OK
2019-06-30 07:38:43.582 452 INFO rally.task.runner [-] Task 9ffdede9-b98d-4bc8-ac1c-861f1392dddf | ITER: 9 START
2019-06-30 07:38:43.811 454 INFO rally.task.runner [-] Task 9ffdede9-b98d-4bc8-ac1c-861f1392dddf | ITER: 6 END: OK
2019-06-30 07:38:43.814 454 INFO rally.task.runner [-] Task 9ffdede9-b98d-4bc8-ac1c-861f1392dddf | ITER: 10 START
2019-06-30 07:38:43.873 453 INFO rally.task.runner [-] Task 9ffdede9-b98d-4bc8-ac1c-861f1392dddf | ITER: 7 END: OK
2019-06-30 07:38:43.960 455 INFO rally.task.runner [-] Task 9ffdede9-b98d-4bc8-ac1c-861f1392dddf | ITER: 8 END: OK
2019-06-30 07:38:44.494 452 INFO rally.task.runner [-] Task 9ffdede9-b98d-4bc8-ac1c-861f1392dddf | ITER: 9 END: OK
2019-06-30 07:38:44.846 454 INFO rally.task.runner [-] Task 9ffdede9-b98d-4bc8-ac1c-861f1392dddf | ITER: 10 END: OK
2019-06-30 07:38:44.869 16 INFO rally.task.context [-] Task 9ffdede9-b98d-4bc8-ac1c-861f1392dddf | Context users@openstack cleanup() started
2019-06-30 07:38:51.360 16 INFO rally.task.context [-] Task 9ffdede9-b98d-4bc8-ac1c-861f1392dddf | Context users@openstack cleanup() finished in 6.49 sec
2019-06-30 07:38:52.123 16 INFO rally.task.engine [-] Load duration is: 4.333211
2019-06-30 07:38:52.124 16 INFO rally.task.engine [-] Full runner duration is: 4.376519
2019-06-30 07:38:52.124 16 INFO rally.task.engine [-] Full duration is: 15.311717
2019-06-30 07:38:52.403 16 INFO rally.task.engine [-] Running workload: position = 0 config = { "version": 2, "title": "A cropped version of a bigger task.", "description": "Auto-generated task from a single workload (uuid=becb225d-229d-4c8d-bd84-76cfae6da4f3)", "subtasks": [ { "title": "Authenticate.validate_neutron", "description": "Check Neutron Client to ensure validation of token.", "scenario": { "Authenticate.validate_neutron": { "repetitions": 2 } }, "contexts": { "users": { "tenants": 3, "users_per_tenant": 2 } }, "runner": { "constant": { "concurrency": 4, "times": 10 } }, "hooks": [], "sla": { "failure_rate": { "max": 0 } } } ] }
2019-06-30 07:38:52.425 16 RALLYDEBUG rally_openstack.contexts.keystone.users [-] Creating 3 tenants using 20 threads
2019-06-30 07:38:54.234 16 RALLYDEBUG rally_openstack.contexts.keystone.users [-] Creating 6 users using 20 threads
2019-06-30 07:38:56.826 16 INFO rally.task.context [-] Task 9ffdede9-b98d-4bc8-ac1c-861f1392dddf | Context users@openstack setup() finished in 4.40 sec
2019-06-30 07:38:56.833 16 RALLYDEBUG rally.task.runner [-] Starting the constant runner (task UUID: 9ffdede9-b98d-4bc8-ac1c-861f1392dddf). timeout: 0 concurrency: 4 concurrency_per_worker: 1 times: 10 concurrency_overhead: 0 processes_to_start: 4 max_cpu_used: 16
2019-06-30 07:38:56.845 556 RALLYDEBUG rally.task.runner [-] Starting a worker. concurrency: 1 args: {"repetitions": 2} times: 10 method_name: run timeout: 0 duration: None cls:
2019-06-30 07:38:56.847 557 RALLYDEBUG rally.task.runner [-] Starting a worker. concurrency: 1 args: {"repetitions": 2} times: 10 method_name: run timeout: 0 duration: None cls:
2019-06-30 07:38:56.848 558 RALLYDEBUG rally.task.runner [-] Starting a worker. concurrency: 1 args: {"repetitions": 2} times: 10 method_name: run timeout: 0 duration: None cls:
2019-06-30 07:38:56.851 556 INFO rally.task.runner [-] Task 9ffdede9-b98d-4bc8-ac1c-861f1392dddf | ITER: 1 START
2019-06-30 07:38:56.853 558 INFO rally.task.runner [-] Task 9ffdede9-b98d-4bc8-ac1c-861f1392dddf | ITER: 3 START
2019-06-30 07:38:56.854 557 INFO rally.task.runner [-] Task 9ffdede9-b98d-4bc8-ac1c-861f1392dddf | ITER: 2 START
2019-06-30 07:38:56.853 559 RALLYDEBUG rally.task.runner [-] Starting a worker. concurrency: 1 args: {"repetitions": 2} times: 10 method_name: run timeout: 0 duration: None cls:
2019-06-30 07:38:56.860 559 INFO rally.task.runner [-] Task 9ffdede9-b98d-4bc8-ac1c-861f1392dddf | ITER: 4 START
2019-06-30 07:38:57.906 556 INFO rally.task.runner [-] Task 9ffdede9-b98d-4bc8-ac1c-861f1392dddf | ITER: 1 END: OK
2019-06-30 07:38:57.911 556 INFO rally.task.runner [-] Task 9ffdede9-b98d-4bc8-ac1c-861f1392dddf | ITER: 5 START
2019-06-30 07:38:58.152 559 INFO rally.task.runner [-] Task 9ffdede9-b98d-4bc8-ac1c-861f1392dddf | ITER: 4 END: OK
2019-06-30 07:38:58.156 559 INFO rally.task.runner [-] Task 9ffdede9-b98d-4bc8-ac1c-861f1392dddf | ITER: 6 START
2019-06-30 07:38:58.169 558 INFO rally.task.runner [-] Task 9ffdede9-b98d-4bc8-ac1c-861f1392dddf | ITER: 3 END: OK
2019-06-30 07:38:58.174 558 INFO rally.task.runner [-] Task 9ffdede9-b98d-4bc8-ac1c-861f1392dddf | ITER: 7 START
2019-06-30 07:38:58.174 557 INFO rally.task.runner [-] Task 9ffdede9-b98d-4bc8-ac1c-861f1392dddf | ITER: 2 END: OK
2019-06-30 07:38:58.178 557 INFO rally.task.runner [-] Task 9ffdede9-b98d-4bc8-ac1c-861f1392dddf | ITER: 8 START
2019-06-30 07:38:58.803 556 INFO rally.task.runner [-] Task 9ffdede9-b98d-4bc8-ac1c-861f1392dddf | ITER: 5 END: OK
2019-06-30 07:38:58.808 556 INFO rally.task.runner [-] Task 9ffdede9-b98d-4bc8-ac1c-861f1392dddf | ITER: 9 START
2019-06-30 07:38:59.107 557 INFO rally.task.runner [-] Task 9ffdede9-b98d-4bc8-ac1c-861f1392dddf | ITER: 8 END: OK
2019-06-30 07:38:59.111 557 INFO rally.task.runner [-] Task 9ffdede9-b98d-4bc8-ac1c-861f1392dddf | ITER: 10 START
2019-06-30 07:38:59.141 558 INFO rally.task.runner [-] Task 9ffdede9-b98d-4bc8-ac1c-861f1392dddf | ITER: 7 END: OK
2019-06-30 07:38:59.351 559 INFO rally.task.runner [-] Task 9ffdede9-b98d-4bc8-ac1c-861f1392dddf | ITER: 6 END: OK
2019-06-30 07:38:59.638 556 INFO rally.task.runner [-] Task 9ffdede9-b98d-4bc8-ac1c-861f1392dddf | ITER: 9 END: OK
2019-06-30 07:38:59.940 557 INFO rally.task.runner [-] Task 9ffdede9-b98d-4bc8-ac1c-861f1392dddf | ITER: 10 END: OK
2019-06-30 07:38:59.962 16 INFO rally.task.context [-] Task 9ffdede9-b98d-4bc8-ac1c-861f1392dddf | Context users@openstack cleanup() started
2019-06-30 07:39:06.318 16 INFO rally.task.context [-] Task 9ffdede9-b98d-4bc8-ac1c-861f1392dddf | Context users@openstack cleanup() finished in 6.36 sec
2019-06-30 07:39:06.518 16 INFO rally.task.engine [-] Load duration is: 3.08716
2019-06-30 07:39:06.519 16 INFO rally.task.engine [-] Full runner duration is: 3.129948
2019-06-30 07:39:06.519 16 INFO rally.task.engine [-] Full duration is: 13.896701
2019-06-30 07:39:06.759 16 INFO rally.task.engine [-] Running workload: position = 0 config = { "version": 2, "title": "A cropped version of a bigger task.", "description": "Auto-generated task from a single workload (uuid=65f02a34-818d-4633-9534-c1cfb8553a85)", "subtasks": [ { "title": "Authenticate.validate_nova", "description": "Check Nova Client to ensure validation of token.", "scenario": { "Authenticate.validate_nova": { "repetitions": 2 } }, "contexts": { "users": { "tenants": 3, "users_per_tenant": 2 } }, "runner": { "constant": { "concurrency": 4, "times": 10 } }, "hooks": [], "sla": { "failure_rate": { "max": 0 } } } ] }
2019-06-30 07:39:06.782 16 RALLYDEBUG rally_openstack.contexts.keystone.users [-] Creating 3 tenants using 20 threads
2019-06-30 07:39:08.620 16 RALLYDEBUG rally_openstack.contexts.keystone.users [-] Creating 6 users using 20 threads
2019-06-30 07:39:11.554 16 INFO rally.task.context [-] Task 9ffdede9-b98d-4bc8-ac1c-861f1392dddf | Context users@openstack setup() finished in 4.77 sec
2019-06-30 07:39:11.561 16 RALLYDEBUG rally.task.runner [-] Starting the constant runner (task UUID: 9ffdede9-b98d-4bc8-ac1c-861f1392dddf). timeout: 0 concurrency: 4 concurrency_per_worker: 1 times: 10 concurrency_overhead: 0 processes_to_start: 4 max_cpu_used: 16
2019-06-30 07:39:11.573 660 RALLYDEBUG rally.task.runner [-] Starting a worker. concurrency: 1 args: {"repetitions": 2} times: 10 method_name: run timeout: 0 duration: None cls:
2019-06-30 07:39:11.576 661 RALLYDEBUG rally.task.runner [-] Starting a worker. concurrency: 1 args: {"repetitions": 2} times: 10 method_name: run timeout: 0 duration: None cls:
2019-06-30 07:39:11.579 662 RALLYDEBUG rally.task.runner [-] Starting a worker. concurrency: 1 args: {"repetitions": 2} times: 10 method_name: run timeout: 0 duration: None cls:
2019-06-30 07:39:11.580 660 INFO rally.task.runner [-] Task 9ffdede9-b98d-4bc8-ac1c-861f1392dddf | ITER: 1 START
2019-06-30 07:39:11.582 661 INFO rally.task.runner [-] Task 9ffdede9-b98d-4bc8-ac1c-861f1392dddf | ITER: 2 START
2019-06-30 07:39:11.582 663 RALLYDEBUG rally.task.runner [-] Starting a worker. concurrency: 1 args: {"repetitions": 2} times: 10 method_name: run timeout: 0 duration: None cls:
2019-06-30 07:39:11.585 662 INFO rally.task.runner [-] Task 9ffdede9-b98d-4bc8-ac1c-861f1392dddf | ITER: 3 START
2019-06-30 07:39:11.588 663 INFO rally.task.runner [-] Task 9ffdede9-b98d-4bc8-ac1c-861f1392dddf | ITER: 4 START
2019-06-30 07:39:12.074 661 DEBUG novaclient.v2.client [-] REQ: curl -g -i -X GET http://172.30.9.24:8774/v2.1/flavors/detail -H "Accept: application/json" -H "User-Agent: python-novaclient" -H "X-Auth-Token: {SHA1}ece02498f8ca36cab27c8332b1e9444bd3c66367" _http_log_request /usr/lib/python2.7/site-packages/keystoneauth1/session.py:448
2019-06-30 07:39:12.074 662 DEBUG novaclient.v2.client [-] REQ: curl -g -i -X GET http://172.30.9.24:8774/v2.1/flavors/detail -H "Accept: application/json" -H "User-Agent: python-novaclient" -H "X-Auth-Token: {SHA1}ad81052b73899c939d876b85d59f261aabd6897c" _http_log_request /usr/lib/python2.7/site-packages/keystoneauth1/session.py:448
2019-06-30 07:39:12.091 663 DEBUG novaclient.v2.client [-] REQ: curl -g -i -X GET http://172.30.9.24:8774/v2.1/flavors/detail -H "Accept: application/json" -H "User-Agent: python-novaclient" -H "X-Auth-Token: {SHA1}44157b44f4b61c26fc009b3f7b3f517d54e75066" _http_log_request /usr/lib/python2.7/site-packages/keystoneauth1/session.py:448
2019-06-30 07:39:12.094 660 DEBUG novaclient.v2.client [-] REQ: curl -g -i -X GET http://172.30.9.24:8774/v2.1/flavors/detail -H "Accept: application/json" -H "User-Agent: python-novaclient" -H "X-Auth-Token: {SHA1}8c9d98e9f0cf07329c7a89b1645488e1c281fe1e" _http_log_request /usr/lib/python2.7/site-packages/keystoneauth1/session.py:448
2019-06-30 07:39:12.375 661 DEBUG novaclient.v2.client [-] RESP: [200] Content-Encoding: gzip Content-Length: 364 Content-Type: application/json Date: Sun, 30 Jun 2019 07:39:12 GMT OpenStack-API-Version: compute 2.1 Server: Apache Vary: OpenStack-API-Version,X-OpenStack-Nova-API-Version,Accept-Encoding X-OpenStack-Nova-API-Version: 2.1 x-compute-request-id: req-ebd4c9b4-9a38-4e52-aca2-564195790845 x-openstack-request-id: req-ebd4c9b4-9a38-4e52-aca2-564195790845 _http_log_response /usr/lib/python2.7/site-packages/keystoneauth1/session.py:479
2019-06-30 07:39:12.376 661 DEBUG novaclient.v2.client [-] RESP BODY: {"flavors": [{"name": "rally_full-flavor_alt_a6c8b7d3-e76f-4fbf-b821-4c9b91bb4770", "links": [{"href": "http://172.30.9.24:8774/v2.1/flavors/30730bb6-52e2-4c5d-aad5-cf393a7de53b", "rel": "self"}, {"href": "http://172.30.9.24:8774/flavors/30730bb6-52e2-4c5d-aad5-cf393a7de53b", "rel": "bookmark"}], "ram": 1024, "OS-FLV-DISABLED:disabled": false, "vcpus": 1, "swap": "", "os-flavor-access:is_public": true, "rxtx_factor": 1.0, "OS-FLV-EXT-DATA:ephemeral": 0, "disk": 1, "id": "30730bb6-52e2-4c5d-aad5-cf393a7de53b"}, {"name": "rally_full-flavor_a6c8b7d3-e76f-4fbf-b821-4c9b91bb4770", "links": [{"href": "http://172.30.9.24:8774/v2.1/flavors/cb4648a7-ab7f-4875-9c43-0c018a68785b", "rel": "self"}, {"href": "http://172.30.9.24:8774/flavors/cb4648a7-ab7f-4875-9c43-0c018a68785b", "rel": "bookmark"}], "ram": 512, "OS-FLV-DISABLED:disabled": false, "vcpus": 1, "swap": "", "os-flavor-access:is_public": true, "rxtx_factor": 1.0, "OS-FLV-EXT-DATA:ephemeral": 0, "disk": 1, "id": "cb4648a7-ab7f-4875-9c43-0c018a68785b"}]} _http_log_response /usr/lib/python2.7/site-packages/keystoneauth1/session.py:511
2019-06-30 07:39:12.376 661 DEBUG novaclient.v2.client [-] GET call to compute for http://172.30.9.24:8774/v2.1/flavors/detail used request id req-ebd4c9b4-9a38-4e52-aca2-564195790845 request /usr/lib/python2.7/site-packages/keystoneauth1/session.py:844
2019-06-30 07:39:12.378 661 DEBUG novaclient.v2.client [-] REQ: curl -g -i -X GET http://172.30.9.24:8774/v2.1/flavors/detail -H "Accept: application/json" -H "User-Agent: python-novaclient" -H "X-Auth-Token: {SHA1}ece02498f8ca36cab27c8332b1e9444bd3c66367" _http_log_request /usr/lib/python2.7/site-packages/keystoneauth1/session.py:448
2019-06-30 07:39:12.390 663 DEBUG novaclient.v2.client [-] RESP: [200] Content-Encoding: gzip Content-Length: 364 Content-Type: application/json Date: Sun, 30 Jun 2019 07:39:12 GMT OpenStack-API-Version: compute 2.1 Server: Apache Vary: OpenStack-API-Version,X-OpenStack-Nova-API-Version,Accept-Encoding X-OpenStack-Nova-API-Version: 2.1 x-compute-request-id: req-69995c85-7cd1-433b-8c5e-fd4369107aa9 x-openstack-request-id: req-69995c85-7cd1-433b-8c5e-fd4369107aa9 _http_log_response /usr/lib/python2.7/site-packages/keystoneauth1/session.py:479
2019-06-30 07:39:12.391 663 DEBUG novaclient.v2.client [-] RESP BODY: {"flavors": [{"name": "rally_full-flavor_alt_a6c8b7d3-e76f-4fbf-b821-4c9b91bb4770", "links": [{"href": "http://172.30.9.24:8774/v2.1/flavors/30730bb6-52e2-4c5d-aad5-cf393a7de53b", "rel": "self"}, {"href": "http://172.30.9.24:8774/flavors/30730bb6-52e2-4c5d-aad5-cf393a7de53b", "rel": "bookmark"}], "ram": 1024, "OS-FLV-DISABLED:disabled": false, "vcpus": 1, "swap": "", "os-flavor-access:is_public": true, "rxtx_factor": 1.0, "OS-FLV-EXT-DATA:ephemeral": 0, "disk": 1, "id": "30730bb6-52e2-4c5d-aad5-cf393a7de53b"}, {"name": "rally_full-flavor_a6c8b7d3-e76f-4fbf-b821-4c9b91bb4770", "links": [{"href": "http://172.30.9.24:8774/v2.1/flavors/cb4648a7-ab7f-4875-9c43-0c018a68785b", "rel": "self"}, {"href": "http://172.30.9.24:8774/flavors/cb4648a7-ab7f-4875-9c43-0c018a68785b", "rel": "bookmark"}], "ram": 512, "OS-FLV-DISABLED:disabled": false, "vcpus": 1, "swap": "", "os-flavor-access:is_public": true, "rxtx_factor": 1.0, "OS-FLV-EXT-DATA:ephemeral": 0, "disk": 1, "id": "cb4648a7-ab7f-4875-9c43-0c018a68785b"}]} _http_log_response /usr/lib/python2.7/site-packages/keystoneauth1/session.py:511
2019-06-30 07:39:12.391 663 DEBUG novaclient.v2.client [-] GET call to compute for http://172.30.9.24:8774/v2.1/flavors/detail used request id req-69995c85-7cd1-433b-8c5e-fd4369107aa9 request /usr/lib/python2.7/site-packages/keystoneauth1/session.py:844
2019-06-30 07:39:12.392 663 DEBUG novaclient.v2.client [-] REQ: curl -g -i -X GET http://172.30.9.24:8774/v2.1/flavors/detail -H "Accept: application/json" -H "User-Agent: python-novaclient" -H "X-Auth-Token: {SHA1}44157b44f4b61c26fc009b3f7b3f517d54e75066" _http_log_request /usr/lib/python2.7/site-packages/keystoneauth1/session.py:448
2019-06-30 07:39:12.399 661 DEBUG novaclient.v2.client [-] RESP: [200] Content-Encoding: gzip Content-Length: 364 Content-Type: application/json Date: Sun, 30 Jun 2019 07:39:12 GMT OpenStack-API-Version: compute 2.1 Server: Apache Vary: OpenStack-API-Version,X-OpenStack-Nova-API-Version,Accept-Encoding X-OpenStack-Nova-API-Version: 2.1 x-compute-request-id: req-bc58adb9-9fc9-4744-b94a-892234c35e61 x-openstack-request-id: req-bc58adb9-9fc9-4744-b94a-892234c35e61 _http_log_response /usr/lib/python2.7/site-packages/keystoneauth1/session.py:479
2019-06-30 07:39:12.399 660 DEBUG novaclient.v2.client [-] RESP: [200] Content-Encoding: gzip Content-Length: 364 Content-Type: application/json Date: Sun, 30 Jun 2019 07:39:12 GMT OpenStack-API-Version: compute 2.1 Server: Apache Vary: OpenStack-API-Version,X-OpenStack-Nova-API-Version,Accept-Encoding X-OpenStack-Nova-API-Version: 2.1 x-compute-request-id: req-5e9e4ab0-dafa-48bd-9584-ea7d8f59c4c1 x-openstack-request-id: req-5e9e4ab0-dafa-48bd-9584-ea7d8f59c4c1 _http_log_response /usr/lib/python2.7/site-packages/keystoneauth1/session.py:479
2019-06-30 07:39:12.400 661 DEBUG novaclient.v2.client [-] RESP BODY: {"flavors": [{"name": "rally_full-flavor_alt_a6c8b7d3-e76f-4fbf-b821-4c9b91bb4770", "links": [{"href": "http://172.30.9.24:8774/v2.1/flavors/30730bb6-52e2-4c5d-aad5-cf393a7de53b", "rel": "self"}, {"href": "http://172.30.9.24:8774/flavors/30730bb6-52e2-4c5d-aad5-cf393a7de53b", "rel": "bookmark"}], "ram": 1024, "OS-FLV-DISABLED:disabled": false, "vcpus": 1, "swap": "", "os-flavor-access:is_public": true, "rxtx_factor": 1.0, "OS-FLV-EXT-DATA:ephemeral": 0, "disk": 1, "id": "30730bb6-52e2-4c5d-aad5-cf393a7de53b"}, {"name": "rally_full-flavor_a6c8b7d3-e76f-4fbf-b821-4c9b91bb4770", "links": [{"href": "http://172.30.9.24:8774/v2.1/flavors/cb4648a7-ab7f-4875-9c43-0c018a68785b", "rel": "self"}, {"href": "http://172.30.9.24:8774/flavors/cb4648a7-ab7f-4875-9c43-0c018a68785b", "rel": "bookmark"}], "ram": 512, "OS-FLV-DISABLED:disabled": false, "vcpus": 1, "swap": "", "os-flavor-access:is_public": true, "rxtx_factor": 1.0, "OS-FLV-EXT-DATA:ephemeral": 0, "disk": 1, "id": "cb4648a7-ab7f-4875-9c43-0c018a68785b"}]} _http_log_response /usr/lib/python2.7/site-packages/keystoneauth1/session.py:511
2019-06-30 07:39:12.400 660 DEBUG novaclient.v2.client [-] RESP BODY: {"flavors": [{"name": "rally_full-flavor_alt_a6c8b7d3-e76f-4fbf-b821-4c9b91bb4770", "links": [{"href": "http://172.30.9.24:8774/v2.1/flavors/30730bb6-52e2-4c5d-aad5-cf393a7de53b", "rel": "self"}, {"href": "http://172.30.9.24:8774/flavors/30730bb6-52e2-4c5d-aad5-cf393a7de53b", "rel": "bookmark"}], "ram": 1024, "OS-FLV-DISABLED:disabled": false, "vcpus": 1, "swap": "", "os-flavor-access:is_public": true, "rxtx_factor": 1.0, "OS-FLV-EXT-DATA:ephemeral": 0, "disk": 1, "id": "30730bb6-52e2-4c5d-aad5-cf393a7de53b"}, {"name": "rally_full-flavor_a6c8b7d3-e76f-4fbf-b821-4c9b91bb4770", "links": [{"href": "http://172.30.9.24:8774/v2.1/flavors/cb4648a7-ab7f-4875-9c43-0c018a68785b", "rel": "self"}, {"href": "http://172.30.9.24:8774/flavors/cb4648a7-ab7f-4875-9c43-0c018a68785b", "rel": "bookmark"}], "ram": 512, "OS-FLV-DISABLED:disabled": false, "vcpus": 1, "swap": "", "os-flavor-access:is_public": true, "rxtx_factor": 1.0, "OS-FLV-EXT-DATA:ephemeral": 0, "disk": 1, "id": "cb4648a7-ab7f-4875-9c43-0c018a68785b"}]} _http_log_response /usr/lib/python2.7/site-packages/keystoneauth1/session.py:511
2019-06-30 07:39:12.400 661 DEBUG novaclient.v2.client [-] GET call to compute for http://172.30.9.24:8774/v2.1/flavors/detail used request id req-bc58adb9-9fc9-4744-b94a-892234c35e61 request /usr/lib/python2.7/site-packages/keystoneauth1/session.py:844
2019-06-30 07:39:12.400 660 DEBUG novaclient.v2.client [-] GET call to compute for http://172.30.9.24:8774/v2.1/flavors/detail used request id req-5e9e4ab0-dafa-48bd-9584-ea7d8f59c4c1 request /usr/lib/python2.7/site-packages/keystoneauth1/session.py:844
2019-06-30 07:39:12.401 661 INFO rally.task.runner [-] Task 9ffdede9-b98d-4bc8-ac1c-861f1392dddf | ITER: 2 END: OK
2019-06-30 07:39:12.402 660 DEBUG novaclient.v2.client [-] REQ: curl -g -i -X GET http://172.30.9.24:8774/v2.1/flavors/detail -H "Accept: application/json" -H "User-Agent: python-novaclient" -H "X-Auth-Token: {SHA1}8c9d98e9f0cf07329c7a89b1645488e1c281fe1e" _http_log_request /usr/lib/python2.7/site-packages/keystoneauth1/session.py:448
2019-06-30 07:39:12.405 661 INFO rally.task.runner [-] Task 9ffdede9-b98d-4bc8-ac1c-861f1392dddf | ITER: 5 START
2019-06-30 07:39:12.406 662 DEBUG novaclient.v2.client [-] RESP: [200] Content-Encoding: gzip Content-Length: 364 Content-Type: application/json Date: Sun, 30 Jun 2019 07:39:12 GMT OpenStack-API-Version: compute 2.1 Server: Apache Vary: OpenStack-API-Version,X-OpenStack-Nova-API-Version,Accept-Encoding X-OpenStack-Nova-API-Version: 2.1 x-compute-request-id: req-97419b1f-6fec-4f8e-999a-fc8deb67268a x-openstack-request-id: req-97419b1f-6fec-4f8e-999a-fc8deb67268a _http_log_response /usr/lib/python2.7/site-packages/keystoneauth1/session.py:479
2019-06-30 07:39:12.407 662 DEBUG novaclient.v2.client [-] RESP BODY: {"flavors": [{"name": "rally_full-flavor_alt_a6c8b7d3-e76f-4fbf-b821-4c9b91bb4770", "links": [{"href": "http://172.30.9.24:8774/v2.1/flavors/30730bb6-52e2-4c5d-aad5-cf393a7de53b", "rel": "self"}, {"href": "http://172.30.9.24:8774/flavors/30730bb6-52e2-4c5d-aad5-cf393a7de53b", "rel": "bookmark"}], "ram": 1024, "OS-FLV-DISABLED:disabled": false, "vcpus": 1, "swap": "", "os-flavor-access:is_public": true, "rxtx_factor": 1.0, "OS-FLV-EXT-DATA:ephemeral": 0, "disk": 1, "id": "30730bb6-52e2-4c5d-aad5-cf393a7de53b"}, {"name": "rally_full-flavor_a6c8b7d3-e76f-4fbf-b821-4c9b91bb4770", "links": [{"href": "http://172.30.9.24:8774/v2.1/flavors/cb4648a7-ab7f-4875-9c43-0c018a68785b", "rel": "self"}, {"href": "http://172.30.9.24:8774/flavors/cb4648a7-ab7f-4875-9c43-0c018a68785b", "rel": "bookmark"}], "ram": 512, "OS-FLV-DISABLED:disabled": false, "vcpus": 1, "swap": "", "os-flavor-access:is_public": true, "rxtx_factor": 1.0, "OS-FLV-EXT-DATA:ephemeral": 0, "disk": 1, "id": "cb4648a7-ab7f-4875-9c43-0c018a68785b"}]} _http_log_response /usr/lib/python2.7/site-packages/keystoneauth1/session.py:511
2019-06-30 07:39:12.407 662 DEBUG novaclient.v2.client [-] GET call to compute for http://172.30.9.24:8774/v2.1/flavors/detail used request id req-97419b1f-6fec-4f8e-999a-fc8deb67268a request /usr/lib/python2.7/site-packages/keystoneauth1/session.py:844
2019-06-30 07:39:12.408 662 DEBUG novaclient.v2.client [-] REQ: curl -g -i -X GET http://172.30.9.24:8774/v2.1/flavors/detail -H "Accept: application/json" -H "User-Agent: python-novaclient" -H "X-Auth-Token: {SHA1}ad81052b73899c939d876b85d59f261aabd6897c" _http_log_request /usr/lib/python2.7/site-packages/keystoneauth1/session.py:448
2019-06-30 07:39:12.412 663 DEBUG novaclient.v2.client [-] RESP: [200] Content-Encoding: gzip Content-Length: 364 Content-Type: application/json Date: Sun, 30 Jun 2019 07:39:12 GMT OpenStack-API-Version: compute 2.1 Server: Apache Vary: OpenStack-API-Version,X-OpenStack-Nova-API-Version,Accept-Encoding X-OpenStack-Nova-API-Version: 2.1 x-compute-request-id: req-6ac496de-9806-4f8c-b4ed-9479a003f7eb x-openstack-request-id: req-6ac496de-9806-4f8c-b4ed-9479a003f7eb _http_log_response /usr/lib/python2.7/site-packages/keystoneauth1/session.py:479
2019-06-30 07:39:12.413 663 DEBUG novaclient.v2.client [-] RESP BODY: {"flavors": [{"name": "rally_full-flavor_alt_a6c8b7d3-e76f-4fbf-b821-4c9b91bb4770", "links": [{"href": "http://172.30.9.24:8774/v2.1/flavors/30730bb6-52e2-4c5d-aad5-cf393a7de53b", "rel": "self"}, {"href": "http://172.30.9.24:8774/flavors/30730bb6-52e2-4c5d-aad5-cf393a7de53b", "rel": "bookmark"}], "ram": 1024, "OS-FLV-DISABLED:disabled": false, "vcpus": 1, "swap": "", "os-flavor-access:is_public": true, "rxtx_factor": 1.0, "OS-FLV-EXT-DATA:ephemeral": 0, "disk": 1, "id": "30730bb6-52e2-4c5d-aad5-cf393a7de53b"}, {"name": "rally_full-flavor_a6c8b7d3-e76f-4fbf-b821-4c9b91bb4770", "links": [{"href": "http://172.30.9.24:8774/v2.1/flavors/cb4648a7-ab7f-4875-9c43-0c018a68785b", "rel": "self"}, {"href": "http://172.30.9.24:8774/flavors/cb4648a7-ab7f-4875-9c43-0c018a68785b", "rel": "bookmark"}], "ram": 512, "OS-FLV-DISABLED:disabled": false, "vcpus": 1, "swap": "", "os-flavor-access:is_public": true, "rxtx_factor": 1.0, "OS-FLV-EXT-DATA:ephemeral": 0, "disk": 1, "id": "cb4648a7-ab7f-4875-9c43-0c018a68785b"}]} _http_log_response /usr/lib/python2.7/site-packages/keystoneauth1/session.py:511
2019-06-30 07:39:12.413 663 DEBUG novaclient.v2.client [-] GET call to compute for http://172.30.9.24:8774/v2.1/flavors/detail used request id req-6ac496de-9806-4f8c-b4ed-9479a003f7eb request /usr/lib/python2.7/site-packages/keystoneauth1/session.py:844
2019-06-30 07:39:12.414 663 INFO rally.task.runner [-] Task 9ffdede9-b98d-4bc8-ac1c-861f1392dddf | ITER: 4 END: OK
2019-06-30 07:39:12.418 663 INFO rally.task.runner [-] Task 9ffdede9-b98d-4bc8-ac1c-861f1392dddf | ITER: 6 START
2019-06-30 07:39:12.427 660 DEBUG novaclient.v2.client [-] RESP: [200] Content-Encoding: gzip Content-Length: 364 Content-Type: application/json Date: Sun, 30 Jun 2019 07:39:12 GMT OpenStack-API-Version: compute 2.1 Server: Apache Vary: OpenStack-API-Version,X-OpenStack-Nova-API-Version,Accept-Encoding X-OpenStack-Nova-API-Version: 2.1 x-compute-request-id: req-e459afdf-4643-4fb7-a4af-36e469d40a55 x-openstack-request-id: req-e459afdf-4643-4fb7-a4af-36e469d40a55 _http_log_response /usr/lib/python2.7/site-packages/keystoneauth1/session.py:479
2019-06-30 07:39:12.427 662 DEBUG novaclient.v2.client [-] RESP: [200] Content-Encoding: gzip Content-Length: 364 Content-Type: application/json Date: Sun, 30 Jun 2019 07:39:12 GMT OpenStack-API-Version: compute 2.1 Server: Apache Vary: OpenStack-API-Version,X-OpenStack-Nova-API-Version,Accept-Encoding X-OpenStack-Nova-API-Version: 2.1 x-compute-request-id: req-8d466c6f-28bf-4f3a-b81f-57ad6522a3ed x-openstack-request-id: req-8d466c6f-28bf-4f3a-b81f-57ad6522a3ed _http_log_response /usr/lib/python2.7/site-packages/keystoneauth1/session.py:479
