2019-06-30 08:03:01.378 1842 RALLYDEBUG rally_openstack.cleanup.manager [-] Cleaning up cinder volume_snapshots objects
2019-06-30 08:03:03.352 1842 RALLYDEBUG rally_openstack.cleanup.manager [-] Cleaning up cinder transfers objects
2019-06-30 08:03:05.266 1842 RALLYDEBUG rally_openstack.cleanup.manager [-] Cleaning up cinder volumes objects
2019-06-30 08:03:07.310 1842 INFO rally.task.context [-] Task abb508a8-226a-4304-b29d-c50c66d62dcc | Context cleanup@openstack cleanup() finished in 7.98 sec
2019-06-30 08:03:07.311 1842 INFO rally.task.context [-] Task abb508a8-226a-4304-b29d-c50c66d62dcc | Context quotas@openstack cleanup() started
2019-06-30 08:03:08.016 1842 INFO rally.task.context [-] Task abb508a8-226a-4304-b29d-c50c66d62dcc | Context quotas@openstack cleanup() finished in 0.71 sec
2019-06-30 08:03:08.017 1842 INFO rally.task.context [-] Task abb508a8-226a-4304-b29d-c50c66d62dcc | Context api_versions@openstack cleanup() started
2019-06-30 08:03:08.017 1842 INFO rally.task.context [-] Task abb508a8-226a-4304-b29d-c50c66d62dcc | Context api_versions@openstack cleanup() finished in 0.30 msec
2019-06-30 08:03:08.017 1842 INFO rally.task.context [-] Task abb508a8-226a-4304-b29d-c50c66d62dcc | Context users@openstack cleanup() started
2019-06-30 08:03:14.864 1842 INFO rally.task.context [-] Task abb508a8-226a-4304-b29d-c50c66d62dcc | Context users@openstack cleanup() finished in 6.85 sec
2019-06-30 08:03:16.597 1842 INFO rally.task.engine [-] Load duration is: 18.2866
2019-06-30 08:03:16.598 1842 INFO rally.task.engine [-] Full runner duration is: 18.336827
2019-06-30 08:03:16.598 1842 INFO rally.task.engine [-] Full duration is: 40.450807
2019-06-30 08:03:16.871 1842 INFO rally.task.engine [-] Running workload: position = 0 config = { "version": 2, "title": "A cropped version of a bigger task.", "description": "Auto-generated task from a single workload (uuid=c950e1dc-281e-4d2d-8ecb-0337bdc2cbe8)", "subtasks": [ { "title": "CinderVolumes.create_and_extend_volume", "description": "Create and extend a volume and then delete it.", "scenario": { "CinderVolumes.create_and_extend_volume": { "new_size": 2, "size": 1 } }, "contexts": { "users": { "tenants": 3, "users_per_tenant": 2 }, "quotas": { "cinder": { "gigabytes": -1, "snapshots": -1, "volumes": -1 } }, "api_versions": { "cinder": { "version": 3, "service_type": "volumev3" } } }, "runner": { "constant": { "concurrency": 4, "times": 10 } }, "hooks": [], "sla": { "failure_rate": { "max": 0 } } } ] }
2019-06-30 08:03:16.893 1842 RALLYDEBUG rally_openstack.contexts.keystone.users [-] Creating 3 tenants using 20 threads
2019-06-30 08:03:18.818 1842 RALLYDEBUG rally_openstack.contexts.keystone.users [-] Creating 6 users using 20 threads
2019-06-30 08:03:21.587 1842 INFO rally.task.context [-] Task abb508a8-226a-4304-b29d-c50c66d62dcc | Context users@openstack setup() finished in 4.69 sec
2019-06-30 08:03:22.012 1842 INFO rally.task.context [-] Task abb508a8-226a-4304-b29d-c50c66d62dcc | Context api_versions@openstack setup() finished in 0.42 sec
2019-06-30 08:03:23.551 1842 INFO rally.task.context [-] Task abb508a8-226a-4304-b29d-c50c66d62dcc | Context quotas@openstack setup() finished in 1.54 sec
2019-06-30 08:03:23.551 1842 INFO rally.task.context [-] Task abb508a8-226a-4304-b29d-c50c66d62dcc | Context cleanup@openstack setup() finished in 0.00 msec
2019-06-30 08:03:23.558 1842 RALLYDEBUG rally.task.runner [-] Starting the constant runner (task UUID: abb508a8-226a-4304-b29d-c50c66d62dcc). timeout: 0 concurrency: 4 concurrency_per_worker: 1 times: 10 concurrency_overhead: 0 processes_to_start: 4 max_cpu_used: 16
2019-06-30 08:03:23.570 4722 RALLYDEBUG rally.task.runner [-] Starting a worker. concurrency: 1 args: {"new_size": 2, "size": 1} times: 10 method_name: run timeout: 0 duration: None cls:
2019-06-30 08:03:23.572 4723 RALLYDEBUG rally.task.runner [-] Starting a worker. concurrency: 1 args: {"new_size": 2, "size": 1} times: 10 method_name: run timeout: 0 duration: None cls:
2019-06-30 08:03:23.576 4724 RALLYDEBUG rally.task.runner [-] Starting a worker. concurrency: 1 args: {"new_size": 2, "size": 1} times: 10 method_name: run timeout: 0 duration: None cls:
2019-06-30 08:03:23.580 4723 INFO rally.task.runner [-] Task abb508a8-226a-4304-b29d-c50c66d62dcc | ITER: 2 START
2019-06-30 08:03:23.580 4722 INFO rally.task.runner [-] Task abb508a8-226a-4304-b29d-c50c66d62dcc | ITER: 1 START
2019-06-30 08:03:23.581 4725 RALLYDEBUG rally.task.runner [-] Starting a worker. concurrency: 1 args: {"new_size": 2, "size": 1} times: 10 method_name: run timeout: 0 duration: None cls:
2019-06-30 08:03:23.584 4724 INFO rally.task.runner [-] Task abb508a8-226a-4304-b29d-c50c66d62dcc | ITER: 3 START
2019-06-30 08:03:23.588 4725 INFO rally.task.runner [-] Task abb508a8-226a-4304-b29d-c50c66d62dcc | ITER: 4 START
2019-06-30 08:03:27.947 4724 RALLYDEBUG rally.task.utils [-] Waiting for resource s_rally_c950e1dc_s8p8srNO. Status changed: AVAILABLE => DELETING in 0.0595459938049
2019-06-30 08:03:28.096 4722 RALLYDEBUG rally.task.utils [-] Waiting for resource s_rally_c950e1dc_nH6bToTp. Status changed: AVAILABLE => DELETING in 0.252290964127
2019-06-30 08:03:28.219 4723 RALLYDEBUG rally.task.utils [-] Waiting for resource s_rally_c950e1dc_ncq6KBlE. Status changed: AVAILABLE => DELETING in 0.0533261299133
2019-06-30 08:03:28.377 4725 RALLYDEBUG rally.task.utils [-] Waiting for resource s_rally_c950e1dc_WP8gy33I. Status changed: AVAILABLE => DELETING in 0.336223125458
2019-06-30 08:03:29.988 4724 INFO rally.task.runner [-] Task abb508a8-226a-4304-b29d-c50c66d62dcc | ITER: 3 END: OK
2019-06-30 08:03:29.992 4724 INFO rally.task.runner [-] Task abb508a8-226a-4304-b29d-c50c66d62dcc | ITER: 5 START
2019-06-30 08:03:30.260 4723 INFO rally.task.runner [-] Task abb508a8-226a-4304-b29d-c50c66d62dcc | ITER: 2 END: OK
2019-06-30 08:03:30.265 4723 INFO rally.task.runner [-] Task abb508a8-226a-4304-b29d-c50c66d62dcc | ITER: 6 START
2019-06-30 08:03:30.322 4722 INFO rally.task.runner [-] Task abb508a8-226a-4304-b29d-c50c66d62dcc | ITER: 1 END: OK
2019-06-30 08:03:30.330 4722 INFO rally.task.runner [-] Task abb508a8-226a-4304-b29d-c50c66d62dcc | ITER: 7 START
2019-06-30 08:03:30.592 4725 INFO rally.task.runner [-] Task abb508a8-226a-4304-b29d-c50c66d62dcc | ITER: 4 END: OK
2019-06-30 08:03:30.598 4725 INFO rally.task.runner [-] Task abb508a8-226a-4304-b29d-c50c66d62dcc | ITER: 8 START
2019-06-30 08:03:34.257 4724 RALLYDEBUG rally.task.utils [-] Waiting for resource s_rally_c950e1dc_Z1T5K3R1. Status changed: AVAILABLE => DELETING in 0.0601270198822
2019-06-30 08:03:34.621 4723 RALLYDEBUG rally.task.utils [-] Waiting for resource s_rally_c950e1dc_bU6YMVO4. Status changed: AVAILABLE => DELETING in 0.248739957809
2019-06-30 08:03:34.626 4722 RALLYDEBUG rally.task.utils [-] Waiting for resource s_rally_c950e1dc_iq3bjbKI. Status changed: AVAILABLE => EXTENDING in 0.343422174454
2019-06-30 08:03:34.636 4725 RALLYDEBUG rally.task.utils [-] Waiting for resource s_rally_c950e1dc_qe5S8fcb. Status changed: AVAILABLE => EXTENDING in 0.241384029388
2019-06-30 08:03:36.486 4724 INFO rally.task.runner [-] Task abb508a8-226a-4304-b29d-c50c66d62dcc | ITER: 5 END: OK
2019-06-30 08:03:36.490 4724 INFO rally.task.runner [-] Task abb508a8-226a-4304-b29d-c50c66d62dcc | ITER: 9 START
2019-06-30 08:03:36.884 4725 RALLYDEBUG rally.task.utils [-] Waiting for resource s_rally_c950e1dc_qe5S8fcb. Status changed: EXTENDING => AVAILABLE in 2.24830412865
2019-06-30 08:03:36.930 4723 INFO rally.task.runner [-] Task abb508a8-226a-4304-b29d-c50c66d62dcc | ITER: 6 END: OK
2019-06-30 08:03:36.935 4723 INFO rally.task.runner [-] Task abb508a8-226a-4304-b29d-c50c66d62dcc | ITER: 10 START
2019-06-30 08:03:36.955 4722 RALLYDEBUG rally.task.utils [-] Waiting for resource s_rally_c950e1dc_iq3bjbKI. Status changed: EXTENDING => AVAILABLE in 2.32970380783
2019-06-30 08:03:37.089 4722 RALLYDEBUG rally.task.utils [-] Waiting for resource s_rally_c950e1dc_iq3bjbKI. Status changed: AVAILABLE => DELETING in 0.0599799156189
2019-06-30 08:03:37.563 4725 INFO rally.task.runner [-] Task abb508a8-226a-4304-b29d-c50c66d62dcc | ITER: 8 END: OK
2019-06-30 08:03:39.313 4722 INFO rally.task.runner [-] Task abb508a8-226a-4304-b29d-c50c66d62dcc | ITER: 7 END: OK
2019-06-30 08:03:40.917 4724 INFO rally.task.runner [-] Task abb508a8-226a-4304-b29d-c50c66d62dcc | ITER: 9 END: OK
2019-06-30 08:03:41.100 4723 RALLYDEBUG rally.task.utils [-] Waiting for resource s_rally_c950e1dc_RuMbFGIT. Status changed: AVAILABLE => EXTENDING in 0.240605115891
2019-06-30 08:03:43.157 4723 RALLYDEBUG rally.task.utils [-] Waiting for resource s_rally_c950e1dc_RuMbFGIT. Status changed: EXTENDING => AVAILABLE in 2.05712985992
2019-06-30 08:03:43.475 4723 RALLYDEBUG rally.task.utils [-] Waiting for resource s_rally_c950e1dc_RuMbFGIT. Status changed: AVAILABLE => DELETING in 0.0590779781342
2019-06-30 08:03:45.702 4723 INFO rally.task.runner [-] Task abb508a8-226a-4304-b29d-c50c66d62dcc | ITER: 10 END: OK
2019-06-30 08:03:45.729 1842 INFO rally.task.context [-] Task abb508a8-226a-4304-b29d-c50c66d62dcc | Context cleanup@openstack cleanup() started
2019-06-30 08:03:45.732 1842 RALLYDEBUG rally_openstack.cleanup.manager [-] Cleaning up cinder backups objects
2019-06-30 08:03:47.611 1842 RALLYDEBUG rally_openstack.cleanup.manager [-] Cleaning up cinder volume_snapshots objects
2019-06-30 08:03:49.682 1842 RALLYDEBUG rally_openstack.cleanup.manager [-] Cleaning up cinder transfers objects
2019-06-30 08:03:51.735 1842 RALLYDEBUG rally_openstack.cleanup.manager [-] Cleaning up cinder volumes objects
2019-06-30 08:03:53.892 1842 INFO rally.task.context [-] Task abb508a8-226a-4304-b29d-c50c66d62dcc | Context cleanup@openstack cleanup() finished in 8.16 sec
2019-06-30 08:03:53.892 1842 INFO rally.task.context [-] Task abb508a8-226a-4304-b29d-c50c66d62dcc | Context quotas@openstack cleanup() started
2019-06-30 08:03:54.514 1842 INFO rally.task.context [-] Task abb508a8-226a-4304-b29d-c50c66d62dcc | Context quotas@openstack cleanup() finished in 0.62 sec
2019-06-30 08:03:54.515 1842 INFO rally.task.context [-] Task abb508a8-226a-4304-b29d-c50c66d62dcc | Context api_versions@openstack cleanup() started
2019-06-30 08:03:54.515 1842 INFO rally.task.context [-] Task abb508a8-226a-4304-b29d-c50c66d62dcc | Context api_versions@openstack cleanup() finished in 0.31 msec
2019-06-30 08:03:54.515 1842 INFO rally.task.context [-] Task abb508a8-226a-4304-b29d-c50c66d62dcc | Context users@openstack cleanup() started
2019-06-30 08:04:01.834 1842 INFO rally.task.context [-] Task abb508a8-226a-4304-b29d-c50c66d62dcc | Context users@openstack cleanup() finished in 7.32 sec
2019-06-30 08:04:03.081 1842 INFO rally.task.engine [-] Load duration is: 22.117346
2019-06-30 08:04:03.082 1842 INFO rally.task.engine [-] Full runner duration is: 22.171257
2019-06-30 08:04:03.082 1842 INFO rally.task.engine [-] Full duration is: 44.944455
2019-06-30 08:04:03.401 1842 INFO rally.task.engine [-] Running workload: position = 0 config = { "version": 2, "title": "A cropped version of a bigger task.", "description": "Auto-generated task from a single workload (uuid=3500d90c-fb55-4fbe-8e5f-c618a888c54a)", "subtasks": [ { "title": "CinderVolumes.create_from_volume_and_delete_volume", "description": "Create volume from volume and then delete it.", "scenario": { "CinderVolumes.create_from_volume_and_delete_volume": { "size": 1 } }, "contexts": { "users": { "tenants": 3, "users_per_tenant": 2 }, "quotas": { "cinder": { "gigabytes": -1, "snapshots": -1, "volumes": -1 } }, "api_versions": { "cinder": { "version": 3, "service_type": "volumev3" } }, "volumes": { "size": 1, "volumes_per_tenant": 1 } }, "runner": { "constant": { "concurrency": 4, "times": 10 } }, "hooks": [], "sla": { "failure_rate": { "max": 0 } } } ] }
2019-06-30 08:04:03.417 1842 RALLYDEBUG rally_openstack.contexts.keystone.users [-] Creating 3 tenants using 20 threads
2019-06-30 08:04:05.294 1842 RALLYDEBUG rally_openstack.contexts.keystone.users [-] Creating 6 users using 20 threads
2019-06-30 08:04:07.986 1842 INFO rally.task.context [-] Task abb508a8-226a-4304-b29d-c50c66d62dcc | Context users@openstack setup() finished in 4.57 sec
2019-06-30 08:04:08.408 1842 INFO rally.task.context [-] Task abb508a8-226a-4304-b29d-c50c66d62dcc | Context api_versions@openstack setup() finished in 0.42 sec
2019-06-30 08:04:09.999 1842 INFO rally.task.context [-] Task abb508a8-226a-4304-b29d-c50c66d62dcc | Context quotas@openstack setup() finished in 1.59 sec
2019-06-30 08:04:20.481 1842 INFO rally.task.context [-] Task abb508a8-226a-4304-b29d-c50c66d62dcc | Context volumes@openstack setup() finished in 10.48 sec
2019-06-30 08:04:20.482 1842 INFO rally.task.context [-] Task abb508a8-226a-4304-b29d-c50c66d62dcc | Context cleanup@openstack setup() finished in 0.01 msec
2019-06-30 08:04:20.488 1842 RALLYDEBUG rally.task.runner [-] Starting the constant runner (task UUID: abb508a8-226a-4304-b29d-c50c66d62dcc). timeout: 0 concurrency: 4 concurrency_per_worker: 1 times: 10 concurrency_overhead: 0 processes_to_start: 4 max_cpu_used: 16
2019-06-30 08:04:20.500 4906 RALLYDEBUG rally.task.runner [-] Starting a worker. concurrency: 1 args: {"size": 1} times: 10 method_name: run timeout: 0 duration: None cls:
2019-06-30 08:04:20.501 4907 RALLYDEBUG rally.task.runner [-] Starting a worker. concurrency: 1 args: {"size": 1} times: 10 method_name: run timeout: 0 duration: None cls:
2019-06-30 08:04:20.504 4908 RALLYDEBUG rally.task.runner [-] Starting a worker. concurrency: 1 args: {"size": 1} times: 10 method_name: run timeout: 0 duration: None cls:
2019-06-30 08:04:20.507 4909 RALLYDEBUG rally.task.runner [-] Starting a worker. concurrency: 1 args: {"size": 1} times: 10 method_name: run timeout: 0 duration: None cls:
2019-06-30 08:04:20.512 4906 INFO rally.task.runner [-] Task abb508a8-226a-4304-b29d-c50c66d62dcc | ITER: 1 START
2019-06-30 08:04:20.512 4907 INFO rally.task.runner [-] Task abb508a8-226a-4304-b29d-c50c66d62dcc | ITER: 2 START
2019-06-30 08:04:20.516 4908 INFO rally.task.runner [-] Task abb508a8-226a-4304-b29d-c50c66d62dcc | ITER: 3 START
2019-06-30 08:04:20.517 4909 INFO rally.task.runner [-] Task abb508a8-226a-4304-b29d-c50c66d62dcc | ITER: 4 START
2019-06-30 08:04:24.616 4906 RALLYDEBUG rally.task.utils [-] Waiting for resource s_rally_3500d90c_4irOw1NY. Status changed: AVAILABLE => DELETING in 0.255998134613
2019-06-30 08:04:24.675 4908 RALLYDEBUG rally.task.utils [-] Waiting for resource s_rally_3500d90c_jwsH8soD. Status changed: AVAILABLE => DELETING in 0.17848777771
2019-06-30 08:04:26.220 4909 RALLYDEBUG rally.task.utils [-] Waiting for resource s_rally_3500d90c_LeQnWRpk. Status changed: CREATING => AVAILABLE in 2.6991071701
2019-06-30 08:04:26.497 4907 RALLYDEBUG rally.task.utils [-] Waiting for resource s_rally_3500d90c_M9n1es22. Status changed: CREATING => AVAILABLE in 2.86118578911
2019-06-30 08:04:26.745 4909 RALLYDEBUG rally.task.utils [-] Waiting for resource s_rally_3500d90c_LeQnWRpk. Status changed: AVAILABLE => DELETING in 0.261020898819
2019-06-30 08:04:26.848 4907 RALLYDEBUG rally.task.utils [-] Waiting for resource s_rally_3500d90c_M9n1es22. Status changed: AVAILABLE => DELETING in 0.261750936508
2019-06-30 08:04:28.917 4906 INFO rally.task.runner [-] Task abb508a8-226a-4304-b29d-c50c66d62dcc | ITER: 1 END: OK
2019-06-30 08:04:28.923 4906 INFO rally.task.runner [-] Task abb508a8-226a-4304-b29d-c50c66d62dcc | ITER: 5 START
2019-06-30 08:04:28.999 4908 INFO rally.task.runner [-] Task abb508a8-226a-4304-b29d-c50c66d62dcc | ITER: 3 END: OK
2019-06-30 08:04:29.005 4908 INFO rally.task.runner [-] Task abb508a8-226a-4304-b29d-c50c66d62dcc | ITER: 6 START
2019-06-30 08:04:31.226 4909 INFO rally.task.runner [-] Task abb508a8-226a-4304-b29d-c50c66d62dcc | ITER: 4 END: OK
2019-06-30 08:04:31.231 4909 INFO rally.task.runner [-] Task abb508a8-226a-4304-b29d-c50c66d62dcc | ITER: 7 START
2019-06-30 08:04:31.330 4907 INFO rally.task.runner [-] Task abb508a8-226a-4304-b29d-c50c66d62dcc | ITER: 2 END: OK
2019-06-30 08:04:31.335 4907 INFO rally.task.runner [-] Task abb508a8-226a-4304-b29d-c50c66d62dcc | ITER: 8 START
2019-06-30 08:04:32.775 4906 RALLYDEBUG rally.task.utils [-] Waiting for resource s_rally_3500d90c_pARZtWp6. Status changed: AVAILABLE => DELETING in 0.264668941498
2019-06-30 08:04:32.956 4908 RALLYDEBUG rally.task.utils [-] Waiting for resource s_rally_3500d90c_xGXaqZrV. Status changed: AVAILABLE => DELETING in 0.266475200653
2019-06-30 08:04:35.609 4909 RALLYDEBUG rally.task.utils [-] Waiting for resource s_rally_3500d90c_OKSHSi45. Status changed: AVAILABLE => DELETING in 0.34472489357
2019-06-30 08:04:36.934 4907 RALLYDEBUG rally.task.utils [-] Waiting for resource s_rally_3500d90c_ONJ9sVjG. Status changed: CREATING => AVAILABLE in 2.57353997231
2019-06-30 08:04:37.262 4906 INFO rally.task.runner [-] Task abb508a8-226a-4304-b29d-c50c66d62dcc | ITER: 5 END: OK
2019-06-30 08:04:37.267 4906 INFO rally.task.runner [-] Task abb508a8-226a-4304-b29d-c50c66d62dcc | ITER: 9 START
2019-06-30 08:04:37.473 4907 RALLYDEBUG rally.task.utils [-] Waiting for resource s_rally_3500d90c_ONJ9sVjG. Status changed: AVAILABLE => DELETING in 0.256367206573
2019-06-30 08:04:37.476 4908 INFO rally.task.runner [-] Task abb508a8-226a-4304-b29d-c50c66d62dcc | ITER: 6 END: OK
2019-06-30 08:04:37.480 4908 INFO rally.task.runner [-] Task abb508a8-226a-4304-b29d-c50c66d62dcc | ITER: 10 START
2019-06-30 08:04:37.652 4909 INFO rally.task.runner [-] Task abb508a8-226a-4304-b29d-c50c66d62dcc | ITER: 7 END: OK
2019-06-30 08:04:39.704 4907 INFO rally.task.runner [-] Task abb508a8-226a-4304-b29d-c50c66d62dcc | ITER: 8 END: OK
2019-06-30 08:04:41.173 4906 RALLYDEBUG rally.task.utils [-] Waiting for resource s_rally_3500d90c_SgUCrcA7. Status changed: AVAILABLE => DELETING in 0.0546410083771
2019-06-30 08:04:41.656 4908 RALLYDEBUG rally.task.utils [-] Waiting for resource s_rally_3500d90c_P8Nsre3T. Status changed: AVAILABLE => DELETING in 0.240823030472
2019-06-30 08:04:43.213 4906 INFO rally.task.runner [-] Task abb508a8-226a-4304-b29d-c50c66d62dcc | ITER: 9 END: OK
2019-06-30 08:04:43.878 4908 INFO rally.task.runner [-] Task abb508a8-226a-4304-b29d-c50c66d62dcc | ITER: 10 END: OK
2019-06-30 08:04:43.906 1842 INFO rally.task.context [-] Task abb508a8-226a-4304-b29d-c50c66d62dcc | Context cleanup@openstack cleanup() started
2019-06-30 08:04:43.909 1842 RALLYDEBUG rally_openstack.cleanup.manager [-] Cleaning up cinder backups objects
2019-06-30 08:04:45.781 1842 RALLYDEBUG rally_openstack.cleanup.manager [-] Cleaning up cinder volume_snapshots objects
2019-06-30 08:04:47.830 1842 RALLYDEBUG rally_openstack.cleanup.manager [-] Cleaning up cinder transfers objects
2019-06-30 08:04:49.809 1842 RALLYDEBUG rally_openstack.cleanup.manager [-] Cleaning up cinder volumes objects
2019-06-30 08:04:51.794 1842 INFO rally.task.context [-] Task abb508a8-226a-4304-b29d-c50c66d62dcc | Context cleanup@openstack cleanup() finished in 7.89 sec
2019-06-30 08:04:51.794 1842 INFO rally.task.context [-] Task abb508a8-226a-4304-b29d-c50c66d62dcc | Context volumes@openstack cleanup() started
2019-06-30 08:04:51.795 1842 RALLYDEBUG rally_openstack.cleanup.manager [-] Cleaning up cinder volumes objects
2019-06-30 08:04:54.005 1842 RALLYDEBUG rally_openstack.cleanup.manager [-] Deleting cinder.volumes object c_rally_3500d90c_J2OXllem (b6f9ac0c-f172-4480-a8c3-c5b30c2d0a5f)
2019-06-30 08:04:54.009 1842 RALLYDEBUG rally_openstack.cleanup.manager [-] Deleting cinder.volumes object c_rally_3500d90c_R6Mk3R0x (0d4117fb-e2cf-44a6-b829-6b1bcd706188)
2019-06-30 08:04:54.015 1842 RALLYDEBUG rally_openstack.cleanup.manager [-] Deleting cinder.volumes object c_rally_3500d90c_5IwgVAWf (a26d8ef8-0254-4af7-80bf-2130e41235f9)
2019-06-30 08:04:57.347 1842 INFO rally.task.context [-] Task abb508a8-226a-4304-b29d-c50c66d62dcc | Context volumes@openstack cleanup() finished in 5.55 sec
2019-06-30 08:04:57.348 1842 INFO rally.task.context [-] Task abb508a8-226a-4304-b29d-c50c66d62dcc | Context quotas@openstack cleanup() started
2019-06-30 08:04:57.810 1842 INFO rally.task.context [-] Task abb508a8-226a-4304-b29d-c50c66d62dcc | Context quotas@openstack cleanup() finished in 0.46 sec
2019-06-30 08:04:57.811 1842 INFO rally.task.context [-] Task abb508a8-226a-4304-b29d-c50c66d62dcc | Context api_versions@openstack cleanup() started
2019-06-30 08:04:57.811 1842 INFO rally.task.context [-] Task abb508a8-226a-4304-b29d-c50c66d62dcc | Context api_versions@openstack cleanup() finished in 0.30 msec
2019-06-30 08:04:57.811 1842 INFO rally.task.context [-] Task abb508a8-226a-4304-b29d-c50c66d62dcc | Context users@openstack cleanup() started
2019-06-30 08:05:04.705 1842 INFO rally.task.context [-] Task abb508a8-226a-4304-b29d-c50c66d62dcc | Context users@openstack cleanup() finished in 6.89 sec
2019-06-30 08:05:05.670 1842 INFO rally.task.engine [-] Load duration is: 23.361461
2019-06-30 08:05:05.670 1842 INFO rally.task.engine [-] Full runner duration is: 23.418119
2019-06-30 08:05:05.670 1842 INFO rally.task.engine [-] Full duration is: 61.289573
2019-06-30 08:05:05.941 1842 INFO rally.task.engine [-] Running workload: position = 0 config = { "version": 2, "title": "A cropped version of a bigger task.", "description": "Auto-generated task from a single workload (uuid=c0237463-4c4e-4ddb-8b5e-e96e05f613da)", "subtasks": [ { "title": "CinderQos.create_and_get_qos", "description": "Create a qos, then get details of the qos.", "scenario": { "CinderQos.create_and_get_qos": { "consumer": "both", "write_iops_sec": "10", "read_iops_sec": "1000" } }, "contexts": { "users": { "tenants": 3, "users_per_tenant": 2 }, "api_versions": { "cinder": { "version": 3, "service_type": "volumev3" } } }, "runner": { "constant": { "concurrency": 4, "times": 10 } }, "hooks": [], "sla": { "failure_rate": { "max": 0 } } } ] }
2019-06-30 08:05:05.961 1842 RALLYDEBUG rally_openstack.contexts.keystone.users [-] Creating 3 tenants using 20 threads
2019-06-30 08:05:07.861 1842 RALLYDEBUG rally_openstack.contexts.keystone.users [-] Creating 6 users using 20 threads
2019-06-30 08:05:10.556 1842 INFO rally.task.context [-] Task abb508a8-226a-4304-b29d-c50c66d62dcc | Context users@openstack setup() finished in 4.60 sec
2019-06-30 08:05:10.968 1842 INFO rally.task.context [-] Task abb508a8-226a-4304-b29d-c50c66d62dcc | Context api_versions@openstack setup() finished in 0.41 sec
2019-06-30 08:05:10.969 1842 INFO rally.task.context [-] Task abb508a8-226a-4304-b29d-c50c66d62dcc | Context admin_cleanup@openstack setup() finished in 0.01 msec
2019-06-30 08:05:10.976 1842 RALLYDEBUG rally.task.runner [-] Starting the constant runner (task UUID: abb508a8-226a-4304-b29d-c50c66d62dcc). timeout: 0 concurrency: 4 concurrency_per_worker: 1 times: 10 concurrency_overhead: 0 processes_to_start: 4 max_cpu_used: 16
2019-06-30 08:05:10.989 5110 RALLYDEBUG rally.task.runner [-] Starting a worker. concurrency: 1 args: {"consumer": "both", "write_iops_sec": "10", "read_iops_sec": "1000"} times: 10 method_name: run timeout: 0 duration: None cls:
2019-06-30 08:05:10.989 5111 RALLYDEBUG rally.task.runner [-] Starting a worker. concurrency: 1 args: {"consumer": "both", "write_iops_sec": "10", "read_iops_sec": "1000"} times: 10 method_name: run timeout: 0 duration: None cls:
2019-06-30 08:05:10.994 5111 INFO rally.task.runner [-] Task abb508a8-226a-4304-b29d-c50c66d62dcc | ITER: 2 START
2019-06-30 08:05:10.995 5110 INFO rally.task.runner [-] Task abb508a8-226a-4304-b29d-c50c66d62dcc | ITER: 1 START
2019-06-30 08:05:10.996 5112 RALLYDEBUG rally.task.runner [-] Starting a worker. concurrency: 1 args: {"consumer": "both", "write_iops_sec": "10", "read_iops_sec": "1000"} times: 10 method_name: run timeout: 0 duration: None cls:
2019-06-30 08:05:10.999 5113 RALLYDEBUG rally.task.runner [-] Starting a worker. concurrency: 1 args: {"consumer": "both", "write_iops_sec": "10", "read_iops_sec": "1000"} times: 10 method_name: run timeout: 0 duration: None cls:
2019-06-30 08:05:11.003 5112 INFO rally.task.runner [-] Task abb508a8-226a-4304-b29d-c50c66d62dcc | ITER: 3 START
2019-06-30 08:05:11.007 5113 INFO rally.task.runner [-] Task abb508a8-226a-4304-b29d-c50c66d62dcc | ITER: 4 START
2019-06-30 08:05:12.213 5111 INFO rally.task.runner [-] Task abb508a8-226a-4304-b29d-c50c66d62dcc | ITER: 2 END: OK
2019-06-30 08:05:12.217 5112 INFO rally.task.runner [-] Task abb508a8-226a-4304-b29d-c50c66d62dcc | ITER: 3 END: OK
2019-06-30 08:05:12.219 5111 INFO rally.task.runner [-] Task abb508a8-226a-4304-b29d-c50c66d62dcc | ITER: 5 START
2019-06-30 08:05:12.222 5112 INFO rally.task.runner [-] Task abb508a8-226a-4304-b29d-c50c66d62dcc | ITER: 6 START
2019-06-30 08:05:12.277 5113 INFO rally.task.runner [-] Task abb508a8-226a-4304-b29d-c50c66d62dcc | ITER: 4 END: OK
2019-06-30 08:05:12.282 5113 INFO rally.task.runner [-] Task abb508a8-226a-4304-b29d-c50c66d62dcc | ITER: 7 START
2019-06-30 08:05:12.341 5110 INFO rally.task.runner [-] Task abb508a8-226a-4304-b29d-c50c66d62dcc | ITER: 1 END: OK
2019-06-30 08:05:12.347 5110 INFO rally.task.runner [-] Task abb508a8-226a-4304-b29d-c50c66d62dcc | ITER: 8 START
2019-06-30 08:05:13.113 5111 INFO rally.task.runner [-] Task abb508a8-226a-4304-b29d-c50c66d62dcc | ITER: 5 END: OK
2019-06-30 08:05:13.118 5111 INFO rally.task.runner [-] Task abb508a8-226a-4304-b29d-c50c66d62dcc | ITER: 9 START
2019-06-30 08:05:13.185 5112 INFO rally.task.runner [-] Task abb508a8-226a-4304-b29d-c50c66d62dcc | ITER: 6 END: OK
2019-06-30 08:05:13.190 5112 INFO rally.task.runner [-] Task abb508a8-226a-4304-b29d-c50c66d62dcc | ITER: 10 START
2019-06-30 08:05:13.227 5113 INFO rally.task.runner [-] Task abb508a8-226a-4304-b29d-c50c66d62dcc | ITER: 7 END: OK
2019-06-30 08:05:13.429 5110 INFO rally.task.runner [-] Task abb508a8-226a-4304-b29d-c50c66d62dcc | ITER: 8 END: OK
2019-06-30 08:05:14.080 5112 INFO rally.task.runner [-] Task abb508a8-226a-4304-b29d-c50c66d62dcc | ITER: 10 END: OK
2019-06-30 08:05:14.159 5111 INFO rally.task.runner [-] Task abb508a8-226a-4304-b29d-c50c66d62dcc | ITER: 9 END: OK
2019-06-30 08:05:14.188 1842 INFO rally.task.context [-] Task abb508a8-226a-4304-b29d-c50c66d62dcc | Context admin_cleanup@openstack cleanup() started
2019-06-30 08:05:14.191 1842 RALLYDEBUG rally_openstack.cleanup.manager [-] Cleaning up cinder volume_types objects
2019-06-30 08:05:14.991 1842 RALLYDEBUG rally_openstack.cleanup.manager [-] Cleaning up cinder image_volumes_cache objects
2019-06-30 08:05:15.944 1842 RALLYDEBUG rally_openstack.cleanup.manager [-] Cleaning up cinder quotas objects
2019-06-30 08:05:17.409 1842 RALLYDEBUG rally_openstack.cleanup.manager [-] Cleaning up cinder qos_specs objects
2019-06-30 08:05:18.125 1842 RALLYDEBUG rally_openstack.cleanup.manager [-] Deleting cinder.qos_specs object s_rally_c0237463_YaJCUrEz (fed477b3-049e-45cd-8ad7-6ab83c6b1f76)
2019-06-30 08:05:18.133 1842 RALLYDEBUG rally_openstack.cleanup.manager [-] Deleting cinder.qos_specs object s_rally_c0237463_C5KbxHpX (99bf1daa-0081-4e86-865b-07189f4200e2)
2019-06-30 08:05:18.141 1842 RALLYDEBUG rally_openstack.cleanup.manager [-] Deleting cinder.qos_specs object s_rally_c0237463_dLB0BUr1 (235ebbff-7784-43d0-81b0-4124c4fa3ae2)
2019-06-30 08:05:18.148 1842 RALLYDEBUG rally_openstack.cleanup.manager [-] Deleting cinder.qos_specs object s_rally_c0237463_71JeHOV0 (ef0e1789-5962-4fcd-9227-416664ce5235)
2019-06-30 08:05:18.159 1842 RALLYDEBUG rally_openstack.cleanup.manager [-] Deleting cinder.qos_specs object s_rally_c0237463_LjqOLr1Z (d8cf3313-c918-43e6-bb74-cb00da425372)
2019-06-30 08:05:18.173 1842 RALLYDEBUG rally_openstack.cleanup.manager [-] Deleting cinder.qos_specs object s_rally_c0237463_ckApZHlZ (a815f9f9-5cb8-4968-9f69-0e5250af28c4)
2019-06-30 08:05:18.180 1842 RALLYDEBUG rally_openstack.cleanup.manager [-] Deleting cinder.qos_specs object s_rally_c0237463_NBTEoSs2 (9e55b800-b559-4a6b-bd7b-373fab679a12)
2019-06-30 08:05:18.197 1842 RALLYDEBUG rally_openstack.cleanup.manager [-] Deleting cinder.qos_specs object s_rally_c0237463_JkMTK8QB (1bd630cf-5565-4bc0-843d-3ac6161cb498)
2019-06-30 08:05:18.201 1842 RALLYDEBUG rally_openstack.cleanup.manager [-] Deleting cinder.qos_specs object s_rally_c0237463_Poq8Vgui (f027df43-1e8a-43ee-b053-4dec3e78d9b4)
2019-06-30 08:05:18.230 1842 RALLYDEBUG rally_openstack.cleanup.manager [-] Deleting cinder.qos_specs object s_rally_c0237463_AIqnrrhk (87e308ce-eeaa-44eb-b294-a00385f7fb5e)
2019-06-30 08:05:20.522 1842 INFO rally.task.context [-] Task abb508a8-226a-4304-b29d-c50c66d62dcc | Context admin_cleanup@openstack cleanup() finished in 6.33 sec
2019-06-30 08:05:20.522 1842 INFO rally.task.context [-] Task abb508a8-226a-4304-b29d-c50c66d62dcc | Context api_versions@openstack cleanup() started
2019-06-30 08:05:20.522 1842 INFO rally.task.context [-] Task abb508a8-226a-4304-b29d-c50c66d62dcc | Context api_versions@openstack cleanup() finished in 0.33 msec
2019-06-30 08:05:20.523 1842 INFO rally.task.context [-] Task abb508a8-226a-4304-b29d-c50c66d62dcc | Context users@openstack cleanup() started
2019-06-30 08:05:29.289 1842 INFO rally.task.context [-] Task abb508a8-226a-4304-b29d-c50c66d62dcc | Context users@openstack cleanup() finished in 8.77 sec
2019-06-30 08:05:30.064 1842 INFO rally.task.engine [-] Load duration is: 3.162808
2019-06-30 08:05:30.064 1842 INFO rally.task.engine [-] Full runner duration is: 3.21218
2019-06-30 08:05:30.064 1842 INFO rally.task.engine [-] Full duration is: 23.332287
2019-06-30 08:05:30.319 1842 INFO rally.task.engine [-] Running workload: position = 0 config = { "version": 2, "title": "A cropped version of a bigger task.", "description": "Auto-generated task from a single workload (uuid=7bed0ae7-1c15-4f4e-a29f-110d1ab6d68e)", "subtasks": [ { "title": "CinderQos.create_and_list_qos", "description": "Create a qos, then list all qos.", "scenario": { "CinderQos.create_and_list_qos": { "consumer": "both", "write_iops_sec": "10", "read_iops_sec": "1000" } }, "contexts": { "users": { "tenants": 3, "users_per_tenant": 2 }, "api_versions": { "cinder": { "version": 3, "service_type": "volumev3" } } }, "runner": { "constant": { "concurrency": 4, "times": 10 } }, "hooks": [], "sla": { "failure_rate": { "max": 0 } } } ] }
2019-06-30 08:05:30.341 1842 RALLYDEBUG rally_openstack.contexts.keystone.users [-] Creating 3 tenants using 20 threads
2019-06-30 08:05:32.180 1842 RALLYDEBUG rally_openstack.contexts.keystone.users [-] Creating 6 users using 20 threads
2019-06-30 08:05:34.919 1842 INFO rally.task.context [-] Task abb508a8-226a-4304-b29d-c50c66d62dcc | Context users@openstack setup() finished in 4.58 sec
2019-06-30 08:05:35.346 1842 INFO rally.task.context [-] Task abb508a8-226a-4304-b29d-c50c66d62dcc | Context api_versions@openstack setup() finished in 0.43 sec
2019-06-30 08:05:35.347 1842 INFO rally.task.context [-] Task abb508a8-226a-4304-b29d-c50c66d62dcc | Context admin_cleanup@openstack setup() finished in 0.00 msec
2019-06-30 08:05:35.354 1842 RALLYDEBUG rally.task.runner [-] Starting the constant runner (task UUID: abb508a8-226a-4304-b29d-c50c66d62dcc). timeout: 0 concurrency: 4 concurrency_per_worker: 1 times: 10 concurrency_overhead: 0 processes_to_start: 4 max_cpu_used: 16
2019-06-30 08:05:35.366 5294 RALLYDEBUG rally.task.runner [-] Starting a worker. concurrency: 1 args: {"consumer": "both", "write_iops_sec": "10", "read_iops_sec": "1000"} times: 10 method_name: run timeout: 0 duration: None cls:
2019-06-30 08:05:35.369 5295 RALLYDEBUG rally.task.runner [-] Starting a worker. concurrency: 1 args: {"consumer": "both", "write_iops_sec": "10", "read_iops_sec": "1000"} times: 10 method_name: run timeout: 0 duration: None cls:
2019-06-30 08:05:35.372 5296 RALLYDEBUG rally.task.runner [-] Starting a worker. concurrency: 1 args: {"consumer": "both", "write_iops_sec": "10", "read_iops_sec": "1000"} times: 10 method_name: run timeout: 0 duration: None cls:
2019-06-30 08:05:35.374 5294 INFO rally.task.runner [-] Task abb508a8-226a-4304-b29d-c50c66d62dcc | ITER: 1 START
2019-06-30 08:05:35.375 5297 RALLYDEBUG rally.task.runner [-] Starting a worker. concurrency: 1 args: {"consumer": "both", "write_iops_sec": "10", "read_iops_sec": "1000"} times: 10 method_name: run timeout: 0 duration: None cls:
2019-06-30 08:05:35.377 5295 INFO rally.task.runner [-] Task abb508a8-226a-4304-b29d-c50c66d62dcc | ITER: 2 START
2019-06-30 08:05:35.379 5296 INFO rally.task.runner [-] Task abb508a8-226a-4304-b29d-c50c66d62dcc | ITER: 3 START
2019-06-30 08:05:35.382 5297 INFO rally.task.runner [-] Task abb508a8-226a-4304-b29d-c50c66d62dcc | ITER: 4 START
2019-06-30 08:05:36.362 5295 INFO rally.task.runner [-] Task abb508a8-226a-4304-b29d-c50c66d62dcc | ITER: 2 END: OK
2019-06-30 08:05:36.367 5295 INFO rally.task.runner [-] Task abb508a8-226a-4304-b29d-c50c66d62dcc | ITER: 5 START
2019-06-30 08:05:36.409 5297 INFO rally.task.runner [-] Task abb508a8-226a-4304-b29d-c50c66d62dcc | ITER: 4 END: OK
2019-06-30 08:05:36.414 5297 INFO rally.task.runner [-] Task abb508a8-226a-4304-b29d-c50c66d62dcc | ITER: 6 START
2019-06-30 08:05:36.427 5294 INFO rally.task.runner [-] Task abb508a8-226a-4304-b29d-c50c66d62dcc | ITER: 1 END: OK
2019-06-30 08:05:36.432 5294 INFO rally.task.runner [-] Task abb508a8-226a-4304-b29d-c50c66d62dcc | ITER: 7 START
2019-06-30 08:05:36.459 5296 INFO rally.task.runner [-] Task abb508a8-226a-4304-b29d-c50c66d62dcc | ITER: 3 END: OK
2019-06-30 08:05:36.464 5296 INFO rally.task.runner [-] Task abb508a8-226a-4304-b29d-c50c66d62dcc | ITER: 8 START
2019-06-30 08:05:37.385 5294 INFO rally.task.runner [-] Task abb508a8-226a-4304-b29d-c50c66d62dcc | ITER: 7 END: OK
2019-06-30 08:05:37.390 5294 INFO rally.task.runner [-] Task abb508a8-226a-4304-b29d-c50c66d62dcc | ITER: 9 START
2019-06-30 08:05:37.438 5295 INFO rally.task.runner [-] Task abb508a8-226a-4304-b29d-c50c66d62dcc | ITER: 5 END: OK
2019-06-30 08:05:37.442 5295 INFO rally.task.runner [-] Task abb508a8-226a-4304-b29d-c50c66d62dcc | ITER: 10 START
2019-06-30 08:05:37.492 5296 INFO rally.task.runner [-] Task abb508a8-226a-4304-b29d-c50c66d62dcc | ITER: 8 END: OK
2019-06-30 08:05:37.541 5297 INFO rally.task.runner [-] Task abb508a8-226a-4304-b29d-c50c66d62dcc | ITER: 6 END: OK
2019-06-30 08:05:38.269 5294 INFO rally.task.runner [-] Task abb508a8-226a-4304-b29d-c50c66d62dcc | ITER: 9 END: OK
2019-06-30 08:05:38.314 5295 INFO rally.task.runner [-] Task abb508a8-226a-4304-b29d-c50c66d62dcc | ITER: 10 END: OK
2019-06-30 08:05:38.335 1842 INFO rally.task.context [-] Task abb508a8-226a-4304-b29d-c50c66d62dcc | Context admin_cleanup@openstack cleanup() started
2019-06-30 08:05:38.337 1842 RALLYDEBUG rally_openstack.cleanup.manager [-] Cleaning up cinder volume_types objects
2019-06-30 08:05:38.985 1842 RALLYDEBUG rally_openstack.cleanup.manager [-] Cleaning up cinder image_volumes_cache objects
2019-06-30 08:05:39.941 1842 RALLYDEBUG rally_openstack.cleanup.manager [-] Cleaning up cinder quotas objects
2019-06-30 08:05:41.409 1842 RALLYDEBUG rally_openstack.cleanup.manager [-] Cleaning up cinder qos_specs objects
2019-06-30 08:05:42.113 1842 RALLYDEBUG rally_openstack.cleanup.manager [-] Deleting cinder.qos_specs object s_rally_7bed0ae7_Clh2e4Dq (d65864bd-aa8a-4334-820f-59611b2138eb)
2019-06-30 08:05:42.120 1842 RALLYDEBUG rally_openstack.cleanup.manager [-] Deleting cinder.qos_specs object s_rally_7bed0ae7_ItWpbzVg (55346634-f999-441e-8f98-485628391cad)
2019-06-30 08:05:42.128 1842 RALLYDEBUG rally_openstack.cleanup.manager [-] Deleting cinder.qos_specs object s_rally_7bed0ae7_84vPH2fW (f8139726-9b65-4992-a1f2-af3c8caa54aa)
2019-06-30 08:05:42.136 1842 RALLYDEBUG rally_openstack.cleanup.manager [-] Deleting cinder.qos_specs object s_rally_7bed0ae7_RTQuGYcH (f302a13d-6da1-462e-a351-31d2285958e4)
2019-06-30 08:05:42.146 1842 RALLYDEBUG rally_openstack.cleanup.manager [-] Deleting cinder.qos_specs object s_rally_7bed0ae7_FluK30iX (d5420c0a-54a9-44a5-b42f-348ddf26f8a1)
2019-06-30 08:05:42.154 1842 RALLYDEBUG rally_openstack.cleanup.manager [-] Deleting cinder.qos_specs object s_rally_7bed0ae7_FQXdXwqX (c146d4ed-8a67-4753-934a-d7df4dadf062)
2019-06-30 08:05:42.164 1842 RALLYDEBUG rally_openstack.cleanup.manager [-] Deleting cinder.qos_specs object s_rally_7bed0ae7_mKqTzAue (f752e8ee-388f-4ccd-ae62-c61e308a530f)
2019-06-30 08:05:42.186 1842 RALLYDEBUG rally_openstack.cleanup.manager [-] Deleting cinder.qos_specs object s_rally_7bed0ae7_yHOJSAAv (d1bd8e12-c456-4093-a98e-600dd7ecd489)
2019-06-30 08:05:42.197 1842 RALLYDEBUG rally_openstack.cleanup.manager [-] Deleting cinder.qos_specs object s_rally_7bed0ae7_fJ62Dqm9 (c2f5008a-f2b7-449e-9c7b-92cdf92f438e)
2019-06-30 08:05:42.200 1842 RALLYDEBUG rally_openstack.cleanup.manager [-] Deleting cinder.qos_specs object s_rally_7bed0ae7_rNpJvDim (0c00aaa2-6b2b-4b67-8534-1fb2a5816026)
2019-06-30 08:05:44.492 1842 INFO rally.task.context [-] Task abb508a8-226a-4304-b29d-c50c66d62dcc | Context admin_cleanup@openstack cleanup() finished in 6.16 sec
2019-06-30 08:05:44.493 1842 INFO rally.task.context [-] Task abb508a8-226a-4304-b29d-c50c66d62dcc | Context api_versions@openstack cleanup() started
2019-06-30 08:05:44.493 1842 INFO rally.task.context [-] Task abb508a8-226a-4304-b29d-c50c66d62dcc | Context api_versions@openstack cleanup() finished in 0.32 msec
2019-06-30 08:05:44.493 1842 INFO rally.task.context [-] Task abb508a8-226a-4304-b29d-c50c66d62dcc | Context users@openstack cleanup() started
2019-06-30 08:05:51.291 1842 INFO rally.task.context [-] Task abb508a8-226a-4304-b29d-c50c66d62dcc | Context users@openstack cleanup() finished in 6.80 sec
2019-06-30 08:05:52.450 1842 INFO rally.task.engine [-] Load duration is: 2.936355
2019-06-30 08:05:52.451 1842 INFO rally.task.engine [-] Full runner duration is: 2.981039
2019-06-30 08:05:52.451 1842 INFO rally.task.engine [-] Full duration is: 20.955146
2019-06-30 08:05:52.715 1842 INFO rally.task.engine [-] Running workload: position = 0 config = { "version": 2, "title": "A cropped version of a bigger task.", "description": "Auto-generated task from a single workload (uuid=1f679eac-a3e6-41d7-a376-f3233f91596c)", "subtasks": [ { "title": "CinderQos.create_and_set_qos", "description": "Create a qos, then Add/Update keys in qos specs.", "scenario": { "CinderQos.create_and_set_qos": { "consumer": "back-end", "write_iops_sec": "10", "read_iops_sec": "1000", "set_consumer": "both", "set_write_iops_sec": "11", "set_read_iops_sec": "1001" } }, "contexts": { "users": { "tenants": 3, "users_per_tenant": 2 }, "api_versions": { "cinder": { "version": 3, "service_type": "volumev3" } } }, "runner": { "constant": { "concurrency": 4, "times": 10 } }, "hooks": [], "sla": { "failure_rate": { "max": 0 } } } ] }
2019-06-30 08:05:52.739 1842 RALLYDEBUG rally_openstack.contexts.keystone.users [-] Creating 3 tenants using 20 threads
2019-06-30 08:05:54.597 1842 RALLYDEBUG rally_openstack.contexts.keystone.users [-] Creating 6 users using 20 threads
2019-06-30 08:05:57.385 1842 INFO rally.task.context [-] Task abb508a8-226a-4304-b29d-c50c66d62dcc | Context users@openstack setup() finished in 4.65 sec
2019-06-30 08:05:57.893 1842 INFO rally.task.context [-] Task abb508a8-226a-4304-b29d-c50c66d62dcc | Context api_versions@openstack setup() finished in 0.51 sec
2019-06-30 08:05:57.893 1842 INFO rally.task.context [-] Task abb508a8-226a-4304-b29d-c50c66d62dcc | Context admin_cleanup@openstack setup() finished in 0.00 msec
2019-06-30 08:05:57.900 1842 RALLYDEBUG rally.task.runner [-] Starting the constant runner (task UUID: abb508a8-226a-4304-b29d-c50c66d62dcc). timeout: 0 concurrency: 4 concurrency_per_worker: 1 times: 10 concurrency_overhead: 0 processes_to_start: 4 max_cpu_used: 16
2019-06-30 08:05:57.912 5479 RALLYDEBUG rally.task.runner [-] Starting a worker. concurrency: 1 args: {"consumer": "back-end", "write_iops_sec": "10", "read_iops_sec": "1000", "set_consumer": "both", "set_write_iops_sec": "11", "set_read_iops_sec": "1001"} times: 10 method_name: run timeout: 0 duration: None cls:
2019-06-30 08:05:57.912 5478 RALLYDEBUG rally.task.runner [-] Starting a worker. concurrency: 1 args: {"consumer": "back-end", "write_iops_sec": "10", "read_iops_sec": "1000", "set_consumer": "both", "set_write_iops_sec": "11", "set_read_iops_sec": "1001"} times: 10 method_name: run timeout: 0 duration: None cls:
2019-06-30 08:05:57.915 5480 RALLYDEBUG rally.task.runner [-] Starting a worker. concurrency: 1 args: {"consumer": "back-end", "write_iops_sec": "10", "read_iops_sec": "1000", "set_consumer": "both", "set_write_iops_sec": "11", "set_read_iops_sec": "1001"} times: 10 method_name: run timeout: 0 duration: None cls:
2019-06-30 08:05:57.918 5479 INFO rally.task.runner [-] Task abb508a8-226a-4304-b29d-c50c66d62dcc | ITER: 1 START
2019-06-30 08:05:57.919 5478 INFO rally.task.runner [-] Task abb508a8-226a-4304-b29d-c50c66d62dcc | ITER: 2 START
2019-06-30 08:05:57.920 5480 INFO rally.task.runner [-] Task abb508a8-226a-4304-b29d-c50c66d62dcc | ITER: 3 START
2019-06-30 08:05:57.920 5481 RALLYDEBUG rally.task.runner [-] Starting a worker. concurrency: 1 args: {"consumer": "back-end", "write_iops_sec": "10", "read_iops_sec": "1000", "set_consumer": "both", "set_write_iops_sec": "11", "set_read_iops_sec": "1001"} times: 10 method_name: run timeout: 0 duration: None cls:
2019-06-30 08:05:57.929 5481 INFO rally.task.runner [-] Task abb508a8-226a-4304-b29d-c50c66d62dcc | ITER: 4 START
2019-06-30 08:05:58.963 5481 INFO rally.task.runner [-] Task abb508a8-226a-4304-b29d-c50c66d62dcc | ITER: 4 END: OK
2019-06-30 08:05:58.968 5481 INFO rally.task.runner [-] Task abb508a8-226a-4304-b29d-c50c66d62dcc | ITER: 5 START
2019-06-30 08:05:58.993 5480 INFO rally.task.runner [-] Task abb508a8-226a-4304-b29d-c50c66d62dcc | ITER: 3 END: OK
2019-06-30 08:05:58.998 5480 INFO rally.task.runner [-] Task abb508a8-226a-4304-b29d-c50c66d62dcc | ITER: 6 START
2019-06-30 08:05:59.001 5479 INFO rally.task.runner [-] Task abb508a8-226a-4304-b29d-c50c66d62dcc | ITER: 1 END: OK
2019-06-30 08:05:59.005 5479 INFO rally.task.runner [-] Task abb508a8-226a-4304-b29d-c50c66d62dcc | ITER: 7 START
2019-06-30 08:05:59.041 5478 INFO rally.task.runner [-] Task abb508a8-226a-4304-b29d-c50c66d62dcc | ITER: 2 END: OK
2019-06-30 08:05:59.044 5478 INFO rally.task.runner [-] Task abb508a8-226a-4304-b29d-c50c66d62dcc | ITER: 8 START
2019-06-30 08:05:59.963 5479 INFO rally.task.runner [-] Task abb508a8-226a-4304-b29d-c50c66d62dcc | ITER: 7 END: OK
2019-06-30 08:05:59.967 5479 INFO rally.task.runner [-] Task abb508a8-226a-4304-b29d-c50c66d62dcc | ITER: 9 START
2019-06-30 08:05:59.969 5481 INFO rally.task.runner [-] Task abb508a8-226a-4304-b29d-c50c66d62dcc | ITER: 5 END: OK
2019-06-30 08:05:59.975 5481 INFO rally.task.runner [-] Task abb508a8-226a-4304-b29d-c50c66d62dcc | ITER: 10 START
2019-06-30 08:06:00.023 5480 INFO rally.task.runner [-] Task abb508a8-226a-4304-b29d-c50c66d62dcc | ITER: 6 END: OK
2019-06-30 08:06:00.028 5478 INFO rally.task.runner [-] Task abb508a8-226a-4304-b29d-c50c66d62dcc | ITER: 8 END: OK
2019-06-30 08:06:00.940 5479 INFO rally.task.runner [-] Task abb508a8-226a-4304-b29d-c50c66d62dcc | ITER: 9 END: OK
2019-06-30 08:06:00.951 5481 INFO rally.task.runner [-] Task abb508a8-226a-4304-b29d-c50c66d62dcc | ITER: 10 END: OK
2019-06-30 08:06:00.976 1842 INFO rally.task.context [-] Task abb508a8-226a-4304-b29d-c50c66d62dcc | Context admin_cleanup@openstack cleanup() started
2019-06-30 08:06:00.979 1842 RALLYDEBUG rally_openstack.cleanup.manager [-] Cleaning up cinder volume_types objects
2019-06-30 08:06:01.636 1842 RALLYDEBUG rally_openstack.cleanup.manager [-] Cleaning up cinder image_volumes_cache objects
2019-06-30 08:06:03.011 1842 RALLYDEBUG rally_openstack.cleanup.manager [-] Cleaning up cinder quotas objects
2019-06-30 08:06:04.651 1842 RALLYDEBUG rally_openstack.cleanup.manager [-] Cleaning up cinder qos_specs objects
2019-06-30 08:06:05.379 1842 RALLYDEBUG rally_openstack.cleanup.manager [-] Deleting cinder.qos_specs object s_rally_1f679eac_yJ5bpaHJ (f0a8de67-61ba-4265-a234-e0b46fcd5a4b)
2019-06-30 08:06:05.392 1842 RALLYDEBUG rally_openstack.cleanup.manager [-] Deleting cinder.qos_specs object s_rally_1f679eac_hXXt38BU (dd2ed8fe-4c81-4f60-9536-06b7955e8ed3)
2019-06-30 08:06:05.393 1842 RALLYDEBUG rally_openstack.cleanup.manager [-] Deleting cinder.qos_specs object s_rally_1f679eac_z1k1hQva (7e30f62e-82c4-45a6-9eb4-9f528f770b65)
2019-06-30 08:06:05.401 1842 RALLYDEBUG rally_openstack.cleanup.manager [-] Deleting cinder.qos_specs object s_rally_1f679eac_UMx9VTY8 (bacd3ba8-0048-4dde-8c42-38721463069c)
2019-06-30 08:06:05.410 1842 RALLYDEBUG rally_openstack.cleanup.manager [-] Deleting cinder.qos_specs object s_rally_1f679eac_stCvkYkg (b39e7b55-4d81-4833-b174-48c40c69b157)
2019-06-30 08:06:05.422 1842 RALLYDEBUG rally_openstack.cleanup.manager [-] Deleting cinder.qos_specs object s_rally_1f679eac_xgM9Futz (4037947d-17d0-471c-bdfd-a45927f03056)
2019-06-30 08:06:05.434 1842 RALLYDEBUG rally_openstack.cleanup.manager [-] Deleting cinder.qos_specs object s_rally_1f679eac_rO3HRB2h (5641b0de-f738-49a1-85c8-00b8bdb3785d)
2019-06-30 08:06:05.438 1842 RALLYDEBUG rally_openstack.cleanup.manager [-] Deleting cinder.qos_specs object s_rally_1f679eac_oNYEEz9F (bfa8ed60-c695-426f-ac86-f183d4bdd76f)
2019-06-30 08:06:05.447 1842 RALLYDEBUG rally_openstack.cleanup.manager [-] Deleting cinder.qos_specs object s_rally_1f679eac_isvjPKRg (558949df-4214-4735-9e73-bf9d264b4000)
2019-06-30 08:06:05.465 1842 RALLYDEBUG rally_openstack.cleanup.manager [-] Deleting cinder.qos_specs object s_rally_1f679eac_bm9KbcC6 (129e0d19-0737-4761-a1d9-0da3f1a82ba1)
2019-06-30 08:06:07.723 1842 INFO rally.task.context [-] Task abb508a8-226a-4304-b29d-c50c66d62dcc | Context admin_cleanup@openstack cleanup() finished in 6.75 sec
2019-06-30 08:06:07.724 1842 INFO rally.task.context [-] Task abb508a8-226a-4304-b29d-c50c66d62dcc | Context api_versions@openstack cleanup() started
2019-06-30 08:06:07.724 1842 INFO rally.task.context [-] Task abb508a8-226a-4304-b29d-c50c66d62dcc | Context api_versions@openstack cleanup() finished in 0.34 msec
2019-06-30 08:06:07.725 1842 INFO rally.task.context [-] Task abb508a8-226a-4304-b29d-c50c66d62dcc | Context users@openstack cleanup() started
2019-06-30 08:06:14.772 1842 INFO rally.task.context [-] Task abb508a8-226a-4304-b29d-c50c66d62dcc | Context users@openstack cleanup() finished in 7.05 sec
2019-06-30 08:06:14.855 1842 INFO rally.task.engine [-] Load duration is: 3.029691
2019-06-30 08:06:14.855 1842 INFO rally.task.engine [-] Full runner duration is: 3.076873
2019-06-30 08:06:14.856 1842 INFO rally.task.engine [-] Full duration is: 22.036009
2019-06-30 08:06:15.128 1842 INFO rally.task.engine [-] Running workload: position = 0 config = { "version": 2, "title": "A cropped version of a bigger task.", "description": "Auto-generated task from a single workload (uuid=9a6405ed-a905-4600-9035-952062abbdbf)", "subtasks": [ { "title": "CinderVolumeTypes.create_and_get_volume_type", "description": "Create a volume Type, then get the details of the type.", "scenario": { "CinderVolumeTypes.create_and_get_volume_type": { "description": "rally tests creating types" } }, "contexts": { "users": { "tenants": 3, "users_per_tenant": 2 }, "api_versions": { "cinder": { "version": 3, "service_type": "volumev3" } } }, "runner": { "constant": { "concurrency": 4, "times": 10 } }, "hooks": [], "sla": { "failure_rate": { "max": 0 } } } ] }
2019-06-30 08:06:15.152 1842 RALLYDEBUG rally_openstack.contexts.keystone.users [-] Creating 3 tenants using 20 threads
2019-06-30 08:06:16.936 1842 RALLYDEBUG rally_openstack.contexts.keystone.users [-] Creating 6 users using 20 threads
2019-06-30 08:06:19.661 1842 INFO rally.task.context [-] Task abb508a8-226a-4304-b29d-c50c66d62dcc | Context users@openstack setup() finished in 4.51 sec
2019-06-30 08:06:20.092 1842 INFO rally.task.context [-] Task abb508a8-226a-4304-b29d-c50c66d62dcc | Context api_versions@openstack setup() finished in 0.43 sec
2019-06-30 08:06:20.093 1842 INFO rally.task.context [-] Task abb508a8-226a-4304-b29d-c50c66d62dcc | Context admin_cleanup@openstack setup() finished in 0.01 msec
2019-06-30 08:06:20.100 1842 RALLYDEBUG rally.task.runner [-] Starting the constant runner (task UUID: abb508a8-226a-4304-b29d-c50c66d62dcc). timeout: 0 concurrency: 4 concurrency_per_worker: 1 times: 10 concurrency_overhead: 0 processes_to_start: 4 max_cpu_used: 16
2019-06-30 08:06:20.113 5662 RALLYDEBUG rally.task.runner [-] Starting a worker. concurrency: 1 args: {"description": "rally tests creating types"} times: 10 method_name: run timeout: 0 duration: None cls:
2019-06-30 08:06:20.116 5663 RALLYDEBUG rally.task.runner [-] Starting a worker. concurrency: 1 args: {"description": "rally tests creating types"} times: 10 method_name: run timeout: 0 duration: None cls:
2019-06-30 08:06:20.119 5664 RALLYDEBUG rally.task.runner [-] Starting a worker. concurrency: 1 args: {"description": "rally tests creating types"} times: 10 method_name: run timeout: 0 duration: None cls:
2019-06-30 08:06:20.120 5662 INFO rally.task.runner [-] Task abb508a8-226a-4304-b29d-c50c66d62dcc | ITER: 1 START
2019-06-30 08:06:20.121 5665 RALLYDEBUG rally.task.runner [-] Starting a worker. concurrency: 1 args: {"description": "rally tests creating types"} times: 10 method_name: run timeout: 0 duration: None cls:
2019-06-30 08:06:20.123 5663 INFO rally.task.runner [-] Task abb508a8-226a-4304-b29d-c50c66d62dcc | ITER: 2 START
2019-06-30 08:06:20.126 5664 INFO rally.task.runner [-] Task abb508a8-226a-4304-b29d-c50c66d62dcc | ITER: 3 START
2019-06-30 08:06:20.128 5665 INFO rally.task.runner [-] Task abb508a8-226a-4304-b29d-c50c66d62dcc | ITER: 4 START
2019-06-30 08:06:21.166 5663 INFO rally.task.runner [-] Task abb508a8-226a-4304-b29d-c50c66d62dcc | ITER: 2 END: OK
2019-06-30 08:06:21.166 5662 INFO rally.task.runner [-] Task abb508a8-226a-4304-b29d-c50c66d62dcc | ITER: 1 END: OK
2019-06-30 08:06:21.171 5663 INFO rally.task.runner [-] Task abb508a8-226a-4304-b29d-c50c66d62dcc | ITER: 5 START
