2019-06-26 09:46:26.104 22705 RALLYDEBUG rally_openstack.cleanup.manager [-] Deleting neutron.port object s_rally_113305fb_mj9QOIpU (5f8dbb1d-fa78-4b22-82af-f022a4474b98)
2019-06-26 09:46:26.183 22705 RALLYDEBUG rally_openstack.cleanup.manager [-] Deleting neutron.port object s_rally_113305fb_lnxu5RvB (62c3ca48-defc-4b58-aa34-81e23ee117b8)
2019-06-26 09:46:26.187 22705 RALLYDEBUG rally_openstack.cleanup.manager [-] Deleting neutron.port object s_rally_113305fb_mCnYXBYR (63fdfb1c-65fa-4560-9360-7687e9c408ad)
2019-06-26 09:46:26.346 22705 RALLYDEBUG rally_openstack.cleanup.manager [-] Deleting neutron.port object s_rally_113305fb_1sYv6Qm0 (6404c5a1-e797-4af2-acaa-bc2be6364e49)
2019-06-26 09:46:26.475 22705 RALLYDEBUG rally_openstack.cleanup.manager [-] Deleting neutron.port object s_rally_113305fb_rZQc6sCR (68ca27b0-a75a-41e5-b952-15de978c6ef7)
2019-06-26 09:46:26.688 22705 RALLYDEBUG rally_openstack.cleanup.manager [-] Deleting neutron.port object s_rally_113305fb_lgXXX7Hn (69a25d75-4fcf-4d93-a93a-fa4561e297e1)
2019-06-26 09:46:27.182 22705 RALLYDEBUG rally_openstack.cleanup.manager [-] Deleting neutron.port object s_rally_113305fb_jo4w1wEQ (6a4cce2e-6d09-4d21-aff5-902071fca096)
2019-06-26 09:46:27.842 22705 RALLYDEBUG rally_openstack.cleanup.manager [-] Deleting neutron.port object s_rally_113305fb_TmssIAjK (6a516de5-78be-4941-b7b7-e7b0945a947f)
2019-06-26 09:46:27.864 22705 RALLYDEBUG rally_openstack.cleanup.manager [-] Deleting neutron.port object s_rally_113305fb_40e35cg4 (6b33be87-9622-4b39-8ab6-dbbb4c88d744)
2019-06-26 09:46:28.021 22705 RALLYDEBUG rally_openstack.cleanup.manager [-] Deleting neutron.port object s_rally_113305fb_AEc2vYrp (6b52d88f-ce09-4c41-a2ed-1a10eb343945)
2019-06-26 09:46:28.090 22705 RALLYDEBUG rally_openstack.cleanup.manager [-] Deleting neutron.port object s_rally_113305fb_xa6gVNtZ (6e3ccd67-f011-4164-9161-77ce996b350b)
2019-06-26 09:46:28.104 22705 RALLYDEBUG rally_openstack.cleanup.manager [-] Deleting neutron.port object s_rally_113305fb_alTiIo6Z (701162b8-2358-4b84-831a-e08e50d1c714)
2019-06-26 09:46:28.189 22705 RALLYDEBUG rally_openstack.cleanup.manager [-] Deleting neutron.port object s_rally_113305fb_p2ewDwvY (704026bf-463f-4459-aed0-d33afcdf6076)
2019-06-26 09:46:28.235 22705 RALLYDEBUG rally_openstack.cleanup.manager [-] Deleting neutron.port object s_rally_113305fb_E5JjlZQB (70ff81c3-f13b-4c7f-89b0-14f5ec32778f)
2019-06-26 09:46:28.395 22705 RALLYDEBUG rally_openstack.cleanup.manager [-] Deleting neutron.port object s_rally_113305fb_OkG5nTuE (711115cb-e0ec-402d-8b34-c330087293c8)
2019-06-26 09:46:28.513 22705 RALLYDEBUG rally_openstack.cleanup.manager [-] Deleting neutron.port object s_rally_113305fb_AxUzcRYm (7254775a-b75f-4878-bbc1-83b510946c6d)
2019-06-26 09:46:28.670 22705 RALLYDEBUG rally_openstack.cleanup.manager [-] Deleting neutron.port object s_rally_113305fb_8ZAoJyW5 (7265d6c6-b033-4cdb-afc4-6d7ee96ec90f)
2019-06-26 09:46:28.977 22705 RALLYDEBUG rally_openstack.cleanup.manager [-] Deleting neutron.port object s_rally_113305fb_bq2e3J4u (7348a7a4-9240-48ab-a7ee-6064cdc91474)
2019-06-26 09:46:28.997 22705 RALLYDEBUG rally_openstack.cleanup.manager [-] Deleting neutron.port object s_rally_113305fb_I5CYr3h8 (75a1ec4a-07d7-4fd8-a001-89e169ca2282)
2019-06-26 09:46:29.181 22705 RALLYDEBUG rally_openstack.cleanup.manager [-] Deleting neutron.port object s_rally_113305fb_W9L3z959 (7688a50d-e2f6-4283-99c1-7eb296c878e6)
2019-06-26 09:46:29.211 22705 RALLYDEBUG rally_openstack.cleanup.manager [-] Deleting neutron.port object s_rally_113305fb_1Pr11ZaT (7707c443-2aa4-4a13-b9fe-5bc76b567f79)
2019-06-26 09:46:29.254 22705 RALLYDEBUG rally_openstack.cleanup.manager [-] Deleting neutron.port object s_rally_113305fb_NKtc7FUq (774a0055-6511-4835-858b-ff936f81923d)
2019-06-26 09:46:29.479 22705 RALLYDEBUG rally_openstack.cleanup.manager [-] Deleting neutron.port object s_rally_113305fb_2Ooqulp9 (7845695f-0a45-456a-a0a0-4138349fe651)
2019-06-26 09:46:29.479 22705 RALLYDEBUG rally_openstack.cleanup.manager [-] Deleting neutron.port object s_rally_113305fb_ULUoG9ps (7768703f-5ac3-4e5d-9ed9-1f4dd6c12527)
2019-06-26 09:46:29.653 22705 RALLYDEBUG rally_openstack.cleanup.manager [-] Deleting neutron.port object s_rally_113305fb_tP65h6qk (7a481637-5a8a-425b-9a45-ed75dff7d845)
2019-06-26 09:46:29.670 22705 RALLYDEBUG rally_openstack.cleanup.manager [-] Deleting neutron.port object s_rally_113305fb_z0xJjboV (7b01da5d-6079-4d7d-9973-68ec1269fc93)
2019-06-26 09:46:29.845 22705 RALLYDEBUG rally_openstack.cleanup.manager [-] Deleting neutron.port object s_rally_113305fb_hLNLSil6 (7c6176d6-85fc-42ac-96da-2a1f50f9facd)
2019-06-26 09:46:30.739 22705 RALLYDEBUG rally_openstack.cleanup.manager [-] Deleting neutron.port object s_rally_113305fb_rnzSB0kN (7ce10ce0-d4df-4fb5-956f-89008927d65c)
2019-06-26 09:46:30.746 22705 RALLYDEBUG rally_openstack.cleanup.manager [-] Deleting neutron.port object s_rally_113305fb_VntZ0mFC (7d3e52f4-5def-4a46-aab2-59d7d76c4154)
2019-06-26 09:46:30.810 22705 RALLYDEBUG rally_openstack.cleanup.manager [-] Deleting neutron.port object s_rally_113305fb_rFZJ33wN (7ec45066-08d2-4de3-9383-9e1882095e23)
2019-06-26 09:46:30.946 22705 RALLYDEBUG rally_openstack.cleanup.manager [-] Deleting neutron.port object s_rally_113305fb_vazGy6vS (7f77a60c-8c06-4b9d-b0ab-b0239466da55)
2019-06-26 09:46:30.947 22705 RALLYDEBUG rally_openstack.cleanup.manager [-] Deleting neutron.port object s_rally_113305fb_aq4ySVeH (7ed42686-cb5b-4078-a3d5-9aa8ddd711d3)
2019-06-26 09:46:30.966 22705 RALLYDEBUG rally_openstack.cleanup.manager [-] Deleting neutron.port object s_rally_113305fb_f9Z3HjWD (7f85d57d-e729-434a-bf96-1f9fc066cc84)
2019-06-26 09:46:31.023 22705 RALLYDEBUG rally_openstack.cleanup.manager [-] Deleting neutron.port object s_rally_113305fb_eihS8y5J (813f7894-0c90-4b3e-a74b-a2109e925168)
2019-06-26 09:46:31.751 22705 RALLYDEBUG rally_openstack.cleanup.manager [-] Deleting neutron.port object s_rally_113305fb_d2wusI94 (831332be-526b-4664-99e8-0d3ac025b7e8)
2019-06-26 09:46:31.810 22705 RALLYDEBUG rally_openstack.cleanup.manager [-] Deleting neutron.port object s_rally_113305fb_yitB1eON (83aab13f-42a5-423a-831b-41ced86e15b9)
2019-06-26 09:46:31.826 22705 RALLYDEBUG rally_openstack.cleanup.manager [-] Deleting neutron.port object s_rally_113305fb_NjoQ5l8M (84b3822c-af5d-4fdc-a53b-c3575a0e33a2)
2019-06-26 09:46:31.830 22705 RALLYDEBUG rally_openstack.cleanup.manager [-] Deleting neutron.port object s_rally_113305fb_mGLzLh9L (8426826d-39fd-4247-8173-1e1298ed8041)
2019-06-26 09:46:31.902 22705 RALLYDEBUG rally_openstack.cleanup.manager [-] Deleting neutron.port object s_rally_113305fb_hWhLMUxz (84de12c4-08ac-4ef9-97d7-e65610972b9e)
2019-06-26 09:46:32.256 22705 RALLYDEBUG rally_openstack.cleanup.manager [-] Deleting neutron.port object s_rally_113305fb_4TQsXWR9 (896810fa-09eb-4b40-b5ec-e976cf17114b)
2019-06-26 09:46:32.266 22705 RALLYDEBUG rally_openstack.cleanup.manager [-] Deleting neutron.port object s_rally_113305fb_ClsJ3wOg (8a0ce90b-11e7-45df-94dc-2fa96febeaab)
2019-06-26 09:46:32.452 22705 RALLYDEBUG rally_openstack.cleanup.manager [-] Deleting neutron.port object s_rally_113305fb_HTa0NCGW (8a20fb2e-4119-435d-83ee-d46d9399774d)
2019-06-26 09:46:32.602 22705 RALLYDEBUG rally_openstack.cleanup.manager [-] Deleting neutron.port object s_rally_113305fb_Hh8IByQy (8b641010-2259-43ef-90e9-04b25dedff7e)
2019-06-26 09:46:32.726 22705 RALLYDEBUG rally_openstack.cleanup.manager [-] Deleting neutron.port object s_rally_113305fb_gJxQfdb9 (8be03320-d0fe-4a5b-a8bf-f640ab2f4445)
2019-06-26 09:46:32.884 22705 RALLYDEBUG rally_openstack.cleanup.manager [-] Deleting neutron.port object s_rally_113305fb_qFi83Eyv (8c1f85ff-8061-45b2-b287-1bee6f3271ba)
2019-06-26 09:46:33.049 22705 RALLYDEBUG rally_openstack.cleanup.manager [-] Deleting neutron.port object s_rally_113305fb_OqSpmNmu (8cc7d8b7-1e43-422d-92c7-18ea6b67dc9e)
2019-06-26 09:46:33.053 22705 RALLYDEBUG rally_openstack.cleanup.manager [-] Deleting neutron.port object s_rally_113305fb_NXcImKTo (8ea33773-bf4b-4f1c-9e51-eb508c7ec4d1)
2019-06-26 09:46:33.064 22705 RALLYDEBUG rally_openstack.cleanup.manager [-] Deleting neutron.port object s_rally_113305fb_XwZzQCNE (8f65253b-19d3-4fe4-b014-8388af9371a7)
2019-06-26 09:46:33.157 22705 RALLYDEBUG rally_openstack.cleanup.manager [-] Deleting neutron.port object s_rally_113305fb_mQMJ9ATD (90b1bc24-a476-49f0-bd1f-14e89fe6f479)
2019-06-26 09:46:33.502 22705 RALLYDEBUG rally_openstack.cleanup.manager [-] Deleting neutron.port object s_rally_113305fb_4ItKxdVN (945142e7-665a-445c-84d6-8c0c8ea2f5fd)
2019-06-26 09:46:33.670 22705 RALLYDEBUG rally_openstack.cleanup.manager [-] Deleting neutron.port object s_rally_113305fb_zubSOnMS (954d4028-4f51-4723-a9e4-383ec6c9746e)
2019-06-26 09:46:33.687 22705 RALLYDEBUG rally_openstack.cleanup.manager [-] Deleting neutron.port object s_rally_113305fb_g7pRkNq8 (9570b0c0-9b6f-435e-9f54-d953fab90a07)
2019-06-26 09:46:33.769 22705 RALLYDEBUG rally_openstack.cleanup.manager [-] Deleting neutron.port object s_rally_113305fb_vL7jYcr9 (97b010ca-0369-4cb8-9a12-81e67416738a)
2019-06-26 09:46:33.895 22705 RALLYDEBUG rally_openstack.cleanup.manager [-] Deleting neutron.port object s_rally_113305fb_niVEEgBm (97c62d84-0883-4150-b8cb-0d4cada339b5)
2019-06-26 09:46:34.204 22705 RALLYDEBUG rally_openstack.cleanup.manager [-] Deleting neutron.port object s_rally_113305fb_D3P1YzLv (98d0ac6f-8690-4150-8c95-a015ae24f771)
2019-06-26 09:46:34.502 22705 RALLYDEBUG rally_openstack.cleanup.manager [-] Deleting neutron.port object s_rally_113305fb_dKNjHRAN (994c4d16-7c23-4ad3-957b-35a73455292f)
2019-06-26 09:46:34.561 22705 RALLYDEBUG rally_openstack.cleanup.manager [-] Deleting neutron.port object s_rally_113305fb_iHHv4xz2 (9957ac53-90f5-4c2c-9a26-923ae8849574)
2019-06-26 09:46:34.655 22705 RALLYDEBUG rally_openstack.cleanup.manager [-] Deleting neutron.port object s_rally_113305fb_gY0Sjuhg (9b502e54-4172-40ca-a913-22862fcc26d8)
2019-06-26 09:46:34.674 22705 RALLYDEBUG rally_openstack.cleanup.manager [-] Deleting neutron.port object s_rally_113305fb_Crr4J9u6 (9be2719e-a205-46da-8798-b5622ea11fdd)
2019-06-26 09:46:35.070 22705 RALLYDEBUG rally_openstack.cleanup.manager [-] Deleting neutron.port object s_rally_113305fb_OGF3mJNB (9ef7d4a5-12e8-4bfb-ac3a-9bbc0c30046d)
2019-06-26 09:46:35.082 22705 RALLYDEBUG rally_openstack.cleanup.manager [-] Deleting neutron.port object s_rally_113305fb_3rz2jO9f (a097bb82-476b-4815-a443-82f73f5c5b24)
2019-06-26 09:46:35.160 22705 RALLYDEBUG rally_openstack.cleanup.manager [-] Deleting neutron.port object s_rally_113305fb_fTOsSYhj (a1109499-1158-4568-9c2e-266c655397f1)
2019-06-26 09:46:35.703 22705 RALLYDEBUG rally_openstack.cleanup.manager [-] Deleting neutron.port object s_rally_113305fb_BtdKweaE (a17748d0-0f50-4dcb-878f-da4d405ea60f)
2019-06-26 09:46:35.902 22705 RALLYDEBUG rally_openstack.cleanup.manager [-] Deleting neutron.port object s_rally_113305fb_l23xonMj (a2f72205-ed73-48c8-b623-568351d8fa3b)
2019-06-26 09:46:35.909 22705 RALLYDEBUG rally_openstack.cleanup.manager [-] Deleting neutron.port object s_rally_113305fb_Bj8BvcJa (a4006ec2-1f4d-4651-996d-24ec1f50a6f2)
2019-06-26 09:46:35.972 22705 RALLYDEBUG rally_openstack.cleanup.manager [-] Deleting neutron.port object s_rally_113305fb_STmznuzR (a596ba41-c157-468b-b887-c7ac4c562064)
2019-06-26 09:46:36.158 22705 RALLYDEBUG rally_openstack.cleanup.manager [-] Deleting neutron.port object s_rally_113305fb_As40BSdC (a5e3aebc-d80c-4888-bd75-9178835f3067)
2019-06-26 09:46:36.173 22705 RALLYDEBUG rally_openstack.cleanup.manager [-] Deleting neutron.port object s_rally_113305fb_zqShjJUg (a7033e97-7926-4a82-9f97-fc8f50d038ec)
2019-06-26 09:46:36.205 22705 RALLYDEBUG rally_openstack.cleanup.manager [-] Deleting neutron.port object s_rally_113305fb_7IuP9jWF (a76eae62-0dab-4dc8-a117-0c5c88000046)
2019-06-26 09:46:36.267 22705 RALLYDEBUG rally_openstack.cleanup.manager [-] Deleting neutron.port object s_rally_113305fb_xP2LmerA (a79abe5c-4705-4862-ac4f-0948312fce74)
2019-06-26 09:46:36.463 22705 RALLYDEBUG rally_openstack.cleanup.manager [-] Deleting neutron.port object s_rally_113305fb_BaJ7H25q (acb2a3fb-9220-4456-aaaf-d1d825501c5e)
2019-06-26 09:46:36.616 22705 RALLYDEBUG rally_openstack.cleanup.manager [-] Deleting neutron.port object s_rally_113305fb_7bKvzUDy (ad7e1e7d-66a4-40b3-ab79-39eb8233bc3b)
2019-06-26 09:46:36.922 22705 RALLYDEBUG rally_openstack.cleanup.manager [-] Deleting neutron.port object s_rally_113305fb_8ArIVR1f (ae6ae050-bf25-4a3a-a26e-32f010fff552)
2019-06-26 09:46:37.025 22705 RALLYDEBUG rally_openstack.cleanup.manager [-] Deleting neutron.port object s_rally_113305fb_a7bSice5 (ae71582e-de68-4a88-8dd4-1d5ef2d5d7c0)
2019-06-26 09:46:37.036 22705 RALLYDEBUG rally_openstack.cleanup.manager [-] Deleting neutron.port object s_rally_113305fb_meB8ryVP (ae9c7d36-5621-4754-9614-ab032bad0b1a)
2019-06-26 09:46:37.086 22705 RALLYDEBUG rally_openstack.cleanup.manager [-] Deleting neutron.port object s_rally_113305fb_qZON880r (aecb6771-3570-4afd-8c2e-0fd21e64afa0)
2019-06-26 09:46:37.225 22705 RALLYDEBUG rally_openstack.cleanup.manager [-] Deleting neutron.port object s_rally_113305fb_J5PAPoMX (b06c7272-190e-42cf-9d49-81ee6aa0ebc3)
2019-06-26 09:46:37.436 22705 RALLYDEBUG rally_openstack.cleanup.manager [-] Deleting neutron.port object s_rally_113305fb_esUoafIo (b0922260-07bd-41de-914f-becfd1509bfc)
2019-06-26 09:46:37.564 22705 RALLYDEBUG rally_openstack.cleanup.manager [-] Deleting neutron.port object s_rally_113305fb_YNgQdIU6 (b1bec167-cc5c-4a68-94e7-5e2c00ed42c2)
2019-06-26 09:46:37.768 22705 RALLYDEBUG rally_openstack.cleanup.manager [-] Deleting neutron.port object s_rally_113305fb_xJz9NVEL (b2232599-a163-4a0d-a625-d852e5ef1f08)
2019-06-26 09:46:37.786 22705 RALLYDEBUG rally_openstack.cleanup.manager [-] Deleting neutron.port object s_rally_113305fb_EasAsKUc (b8bed319-a725-4599-abe6-6dacb5a940bf)
2019-06-26 09:46:37.792 22705 RALLYDEBUG rally_openstack.cleanup.manager [-] Deleting neutron.port object s_rally_113305fb_9k5nHH0Y (b55608ad-8f86-4b80-baf9-9b603caca56c)
2019-06-26 09:46:37.912 22705 RALLYDEBUG rally_openstack.cleanup.manager [-] Deleting neutron.port object s_rally_113305fb_GyVXs2B8 (b8cf8118-f057-496e-8bc6-297d3ea2453c)
2019-06-26 09:46:38.304 22705 RALLYDEBUG rally_openstack.cleanup.manager [-] Deleting neutron.port object s_rally_113305fb_37GxaVNM (ba902ff1-377e-4ecd-b69a-522037231126)
2019-06-26 09:46:38.395 22705 RALLYDEBUG rally_openstack.cleanup.manager [-] Deleting neutron.port object s_rally_113305fb_Vx0COEIC (bda4b1b0-7d62-4d5a-b2b7-04e1fcc82c20)
2019-06-26 09:46:38.722 22705 RALLYDEBUG rally_openstack.cleanup.manager [-] Deleting neutron.port object s_rally_113305fb_J0jnQynQ (bfe07ede-ce13-4f28-b272-9941dd552032)
2019-06-26 09:46:38.729 22705 RALLYDEBUG rally_openstack.cleanup.manager [-] Deleting neutron.port object s_rally_113305fb_5ckr1YMF (c07cbd5c-ad04-452a-82de-51764276549d)
2019-06-26 09:46:38.808 22705 RALLYDEBUG rally_openstack.cleanup.manager [-] Deleting neutron.port object s_rally_113305fb_ZIoqqw8q (c0f6a20e-c896-4e9a-b9f7-c55bba9a85fc)
2019-06-26 09:46:39.280 22705 RALLYDEBUG rally_openstack.cleanup.manager [-] Deleting neutron.port object s_rally_113305fb_OBIl2hVn (c3086f5f-7c8d-45dd-a73d-765e817cc8c2)
2019-06-26 09:46:39.333 22705 RALLYDEBUG rally_openstack.cleanup.manager [-] Deleting neutron.port object s_rally_113305fb_m8T8Ttnv (c33732fc-db1b-4b3d-b2cf-786cd950538a)
2019-06-26 09:46:39.511 22705 RALLYDEBUG rally_openstack.cleanup.manager [-] Deleting neutron.port object s_rally_113305fb_wRvKHKGA (c42dd63b-b438-4704-9daa-814c478f7318)
2019-06-26 09:46:39.614 22705 RALLYDEBUG rally_openstack.cleanup.manager [-] Deleting neutron.port object s_rally_113305fb_5mBoeDW2 (c43d56a9-c753-4c8a-9f3b-360a5bad78b1)
2019-06-26 09:46:39.668 22705 RALLYDEBUG rally_openstack.cleanup.manager [-] Deleting neutron.port object s_rally_113305fb_OgnsXW3y (c67e697e-f1e4-4ff8-9b90-d9a915adeed4)
2019-06-26 09:46:39.830 22705 RALLYDEBUG rally_openstack.cleanup.manager [-] Deleting neutron.port object s_rally_113305fb_11M2hqMe (c6d4b87b-5fc8-48da-ab42-e086a8b22db5)
2019-06-26 09:46:40.049 22705 RALLYDEBUG rally_openstack.cleanup.manager [-] Deleting neutron.port object s_rally_113305fb_vsEG4Eak (c9a4c0c5-4333-4ae8-9179-9e1d7de349df)
2019-06-26 09:46:40.121 22705 RALLYDEBUG rally_openstack.cleanup.manager [-] Deleting neutron.port object s_rally_113305fb_eHdHCbkY (ca5ca12d-5528-4699-8fed-5f31c8cd7ea8)
2019-06-26 09:46:40.208 22705 RALLYDEBUG rally_openstack.cleanup.manager [-] Deleting neutron.port object s_rally_113305fb_fbkERJhw (cbc917d4-8cb3-454f-903b-999b85206fec)
2019-06-26 09:46:40.263 22705 RALLYDEBUG rally_openstack.cleanup.manager [-] Deleting neutron.port object s_rally_113305fb_XmvDCYJV (cbd87a00-dc9e-4af2-b894-43ce2c123863)
2019-06-26 09:46:40.274 22705 RALLYDEBUG rally_openstack.cleanup.manager [-] Deleting neutron.port object s_rally_113305fb_qVjdVhNY (cc205690-94df-4b1e-a942-f6def2bc308b)
2019-06-26 09:46:40.298 22705 RALLYDEBUG rally_openstack.cleanup.manager [-] Deleting neutron.port object s_rally_113305fb_s83nVcBK (cd686c21-a836-4848-af05-6b8ae794a3b7)
2019-06-26 09:46:40.443 22705 RALLYDEBUG rally_openstack.cleanup.manager [-] Deleting neutron.port object s_rally_113305fb_WxkXGBrj (cf464b15-5e11-4c59-bf3f-8866a5bacb05)
2019-06-26 09:46:40.637 22705 RALLYDEBUG rally_openstack.cleanup.manager [-] Deleting neutron.port object s_rally_113305fb_4M4Vftrj (d0f174ba-4b4f-42f0-9061-61acc96c1404)
2019-06-26 09:46:40.684 22705 RALLYDEBUG rally_openstack.cleanup.manager [-] Deleting neutron.port object s_rally_113305fb_voIPCinF (d26df2d6-9455-41e6-ab39-9d2325cd7529)
2019-06-26 09:46:40.949 22705 RALLYDEBUG rally_openstack.cleanup.manager [-] Deleting neutron.port object s_rally_113305fb_Rz5IQks5 (d3b1dc68-3da3-44a8-9d5f-ee21a032aac1)
2019-06-26 09:46:41.082 22705 RALLYDEBUG rally_openstack.cleanup.manager [-] Deleting neutron.port object s_rally_113305fb_DvOzcYcb (d454b8a5-cf19-47d4-85e3-5cab0d04caf0)
2019-06-26 09:46:41.357 22705 RALLYDEBUG rally_openstack.cleanup.manager [-] Deleting neutron.port object s_rally_113305fb_FG99qMf3 (d5556bbe-24c8-4617-b318-49ade140b590)
2019-06-26 09:46:41.398 22705 RALLYDEBUG rally_openstack.cleanup.manager [-] Deleting neutron.port object s_rally_113305fb_sRsnrlrY (d97b840e-6be3-4f3f-89c6-cf09d42bf089)
2019-06-26 09:46:41.451 22705 RALLYDEBUG rally_openstack.cleanup.manager [-] Deleting neutron.port object s_rally_113305fb_U5I9OIRH (dc88fa22-a47a-487f-bcca-512ab745781a)
2019-06-26 09:46:41.620 22705 RALLYDEBUG rally_openstack.cleanup.manager [-] Deleting neutron.port object s_rally_113305fb_AtQe6Oo4 (ddc55a91-3b4e-4128-8a05-2c88d87f0216)
2019-06-26 09:46:41.762 22705 RALLYDEBUG rally_openstack.cleanup.manager [-] Deleting neutron.port object s_rally_113305fb_PSdmyAYO (dfe5124e-5123-4917-952d-fbc11f173022)
2019-06-26 09:46:42.600 22705 RALLYDEBUG rally_openstack.cleanup.manager [-] Deleting neutron.port object s_rally_113305fb_ulopAzXA (dff8bbef-7340-47c6-aca7-a4cf7009b593)
2019-06-26 09:46:42.683 22705 RALLYDEBUG rally_openstack.cleanup.manager [-] Deleting neutron.port object s_rally_113305fb_PgQx6ZTK (e0b6097c-9458-43a4-b396-0c120731be86)
2019-06-26 09:46:42.711 22705 RALLYDEBUG rally_openstack.cleanup.manager [-] Deleting neutron.port object s_rally_113305fb_Ko9TRaVH (e3f80155-386e-42de-bd69-cc1e2f6ddf5e)
2019-06-26 09:46:43.152 22705 RALLYDEBUG rally_openstack.cleanup.manager [-] Deleting neutron.port object s_rally_113305fb_TatxkRNO (e5193d9a-cfa1-4704-8c01-53dad3d82724)
2019-06-26 09:46:43.429 22705 RALLYDEBUG rally_openstack.cleanup.manager [-] Deleting neutron.port object s_rally_113305fb_Zjo7Auyh (e8958bb7-352f-42f7-aa12-dd4d93de751a)
2019-06-26 09:46:43.820 22705 RALLYDEBUG rally_openstack.cleanup.manager [-] Deleting neutron.port object s_rally_113305fb_mELTdqDF (e946fce0-ef10-4aed-a5d0-8ec37bb4e09a)
2019-06-26 09:46:43.830 22705 RALLYDEBUG rally_openstack.cleanup.manager [-] Deleting neutron.port object s_rally_113305fb_UysotyBK (eb7d1c97-4cbd-4439-9081-47dfd7a6f5a3)
2019-06-26 09:46:44.026 22705 RALLYDEBUG rally_openstack.cleanup.manager [-] Deleting neutron.port object s_rally_113305fb_hPmvYFdX (eb80b810-0ad8-43da-844a-9e687103acae)
2019-06-26 09:46:44.176 22705 RALLYDEBUG rally_openstack.cleanup.manager [-] Deleting neutron.port object s_rally_113305fb_Bkd1A9Ze (ec8d74d9-e07a-4ba2-b086-001532b9c72a)
2019-06-26 09:46:44.390 22705 RALLYDEBUG rally_openstack.cleanup.manager [-] Deleting neutron.port object s_rally_113305fb_Pra7XuLL (ee38d41a-faf5-4606-936c-86fdfae03568)
2019-06-26 09:46:44.515 22705 RALLYDEBUG rally_openstack.cleanup.manager [-] Deleting neutron.port object s_rally_113305fb_3AGBf16K (f02232d1-e08f-462f-aba8-8ab8c4b1d7f7)
2019-06-26 09:46:44.696 22705 RALLYDEBUG rally_openstack.cleanup.manager [-] Deleting neutron.port object s_rally_113305fb_c5VlCNI2 (f1170270-3156-4ead-8b45-c3d1395dfb8d)
2019-06-26 09:46:44.731 22705 RALLYDEBUG rally_openstack.cleanup.manager [-] Deleting neutron.port object s_rally_113305fb_RFLO4eyA (f30b1906-d298-453d-bf0a-397926a974a0)
2019-06-26 09:46:44.737 22705 RALLYDEBUG rally_openstack.cleanup.manager [-] Deleting neutron.port object s_rally_113305fb_NWZL23MB (f523ed43-bdf3-4966-9925-5ac652d0a966)
2019-06-26 09:46:44.808 22705 RALLYDEBUG rally_openstack.cleanup.manager [-] Deleting neutron.port object s_rally_113305fb_G0s39gPK (f68ce469-288f-49c2-8a54-fd2c3f1cc94d)
2019-06-26 09:46:44.811 22705 RALLYDEBUG rally_openstack.cleanup.manager [-] Deleting neutron.port object s_rally_113305fb_k4bdknY9 (f6b829e7-c749-40c8-94ea-559c53b09fcc)
2019-06-26 09:46:44.930 22705 RALLYDEBUG rally_openstack.cleanup.manager [-] Deleting neutron.port object s_rally_113305fb_mIF6V87R (f711ee50-6771-4352-b43d-a853b2655edc)
2019-06-26 09:46:45.024 22705 RALLYDEBUG rally_openstack.cleanup.manager [-] Deleting neutron.port object s_rally_113305fb_lgGvRxbt (f9c530c7-3801-439f-9fa9-bb1ea82942da)
2019-06-26 09:46:45.211 22705 RALLYDEBUG rally_openstack.cleanup.manager [-] Deleting neutron.port object s_rally_113305fb_7EXcMBZn (fa8deafa-1617-49e1-8a6a-f60ed16609d1)
2019-06-26 09:46:45.272 22705 RALLYDEBUG rally_openstack.cleanup.manager [-] Deleting neutron.port object s_rally_113305fb_xBEuoLg8 (ff7ffdc3-7f06-43e1-8ae8-900c296d9dda)
2019-06-26 09:46:45.286 22705 RALLYDEBUG rally_openstack.cleanup.manager [-] Deleting neutron.port object s_rally_113305fb_1TpSiIGJ (ffbdccae-f8c0-4732-ae0b-5c390605253e)
2019-06-26 09:46:49.948 22705 RALLYDEBUG rally_openstack.cleanup.manager [-] Cleaning up neutron subnet objects
2019-06-26 09:46:50.595 22705 RALLYDEBUG rally_openstack.cleanup.manager [-] Cleaning up neutron network objects
2019-06-26 09:46:51.397 22705 RALLYDEBUG rally_openstack.cleanup.manager [-] Deleting neutron.network object s_rally_113305fb_kw5UaCQ6 (00af3994-5742-4dac-b40d-070bd6252f6a)
2019-06-26 09:46:51.408 22705 RALLYDEBUG rally_openstack.cleanup.manager [-] Deleting neutron.network object s_rally_113305fb_VHD513xe (07269bc2-210e-4ab6-b622-6b769c6bea8d)
2019-06-26 09:46:51.413 22705 RALLYDEBUG rally_openstack.cleanup.manager [-] Deleting neutron.network object s_rally_113305fb_NnRhPo3D (1f7c836f-a176-44a3-a2a1-10ea7ebe8f2f)
2019-06-26 09:46:51.419 22705 RALLYDEBUG rally_openstack.cleanup.manager [-] Deleting neutron.network object s_rally_113305fb_6yoBBOnC (12ae9b3e-1dd4-4049-a7b8-13f4e692e330)
2019-06-26 09:46:51.427 22705 RALLYDEBUG rally_openstack.cleanup.manager [-] Deleting neutron.network object s_rally_113305fb_Ixe8qTOs (2c61145d-6f01-4e38-8e4b-406b77d4f253)
2019-06-26 09:46:51.429 22705 RALLYDEBUG rally_openstack.cleanup.manager [-] Deleting neutron.network object s_rally_113305fb_9SXtGLoc (26431187-4ac0-48ce-9088-e263a7c9a780)
2019-06-26 09:46:51.437 22705 RALLYDEBUG rally_openstack.cleanup.manager [-] Deleting neutron.network object s_rally_113305fb_rFhRZ9VH (2d8207f8-e6ba-4068-bd4d-cb47b75a6caa)
2019-06-26 09:46:51.447 22705 RALLYDEBUG rally_openstack.cleanup.manager [-] Deleting neutron.network object s_rally_113305fb_qe8RSp1Y (308d9d17-afad-4367-b553-29368abeef0b)
2019-06-26 09:46:51.458 22705 RALLYDEBUG rally_openstack.cleanup.manager [-] Deleting neutron.network object s_rally_113305fb_wZSxI0Vc (31f6a3be-97d8-435c-9000-6f8fa2336328)
2019-06-26 09:46:51.470 22705 RALLYDEBUG rally_openstack.cleanup.manager [-] Deleting neutron.network object s_rally_113305fb_hHm6E25k (467befd3-f81d-46d7-b966-f2463d73627e)
2019-06-26 09:46:51.477 22705 RALLYDEBUG rally_openstack.cleanup.manager [-] Deleting neutron.network object s_rally_113305fb_spLUj2Wq (498ab3a0-cbeb-490d-89b1-8ade0ba81769)
2019-06-26 09:46:51.492 22705 RALLYDEBUG rally_openstack.cleanup.manager [-] Deleting neutron.network object s_rally_113305fb_J8ISOYHd (4d0d3fdc-5cfc-44c6-85c5-451093a1b26b)
2019-06-26 09:46:51.501 22705 RALLYDEBUG rally_openstack.cleanup.manager [-] Deleting neutron.network object s_rally_113305fb_GWavzM1Q (4eaf8ca9-e4be-4915-b074-67f03d5b4ae3)
2019-06-26 09:46:51.514 22705 RALLYDEBUG rally_openstack.cleanup.manager [-] Deleting neutron.network object s_rally_113305fb_pGwnn3no (5ab4ecd4-d636-4fa1-a3ee-33a4f249e152)
2019-06-26 09:46:51.530 22705 RALLYDEBUG rally_openstack.cleanup.manager [-] Deleting neutron.network object s_rally_113305fb_mtCXz8fU (5dd1d9e2-8e39-4cb2-bba4-3c4db6528052)
2019-06-26 09:46:51.551 22705 RALLYDEBUG rally_openstack.cleanup.manager [-] Deleting neutron.network object s_rally_113305fb_SoEcFEW1 (6e86de50-844f-47fc-af49-6be888ba697d)
2019-06-26 09:46:51.556 22705 RALLYDEBUG rally_openstack.cleanup.manager [-] Deleting neutron.network object s_rally_113305fb_vsgUneX1 (6f549bd1-7a95-4b7f-ae0a-c23d0c11abaa)
2019-06-26 09:46:51.555 22705 RALLYDEBUG rally_openstack.cleanup.manager [-] Deleting neutron.network object s_rally_113305fb_6SfOC1l9 (716e3f08-e03b-4556-9a72-9e4f6f794ded)
2019-06-26 09:46:51.566 22705 RALLYDEBUG rally_openstack.cleanup.manager [-] Deleting neutron.network object s_rally_113305fb_i8LcxLdt (7809eaae-a340-481d-8096-119b8fa1140e)
2019-06-26 09:46:51.577 22705 RALLYDEBUG rally_openstack.cleanup.manager [-] Deleting neutron.network object s_rally_113305fb_eY8mIQYT (7c8685cd-bc9c-4f21-b0d0-418cae537835)
2019-06-26 09:46:55.227 22705 RALLYDEBUG rally_openstack.cleanup.manager [-] Deleting neutron.network object s_rally_113305fb_DDNwNc8l (7d0f2af1-b392-4478-a234-44e2227337c9)
2019-06-26 09:46:55.323 22705 RALLYDEBUG rally_openstack.cleanup.manager [-] Deleting neutron.network object s_rally_113305fb_K3jmvXF2 (80033a63-54c1-44f7-a14d-a144892d5c2c)
2019-06-26 09:46:55.403 22705 RALLYDEBUG rally_openstack.cleanup.manager [-] Deleting neutron.network object s_rally_113305fb_Gzjkw17W (80388946-f939-4197-b8b6-767864359062)
2019-06-26 09:46:55.442 22705 RALLYDEBUG rally_openstack.cleanup.manager [-] Deleting neutron.network object s_rally_113305fb_AHv9Ab6I (823c1bbf-4e8e-42ab-9f56-2db7883e0e43)
2019-06-26 09:46:55.673 22705 RALLYDEBUG rally_openstack.cleanup.manager [-] Deleting neutron.network object s_rally_113305fb_S5WW60Fh (85067fc1-ba5b-4987-a0c8-8b91b5b968cd)
2019-06-26 09:46:55.692 22705 RALLYDEBUG rally_openstack.cleanup.manager [-] Deleting neutron.network object s_rally_113305fb_KLpajOWn (8f597a18-e1d4-4a64-a3e5-039edf1135d4)
2019-06-26 09:46:55.767 22705 RALLYDEBUG rally_openstack.cleanup.manager [-] Deleting neutron.network object s_rally_113305fb_rAykv3sX (8fb46378-4477-42c0-ba13-82e6b7b03896)
2019-06-26 09:46:56.134 22705 RALLYDEBUG rally_openstack.cleanup.manager [-] Deleting neutron.network object s_rally_113305fb_OfumxIEV (9ce3ee15-37d6-4bdc-a5b2-1a3a53c9cb5c)
2019-06-26 09:46:56.138 22705 RALLYDEBUG rally_openstack.cleanup.manager [-] Deleting neutron.network object s_rally_113305fb_1BkluShw (99b23023-e2c4-438e-8754-df782d184cc0)
2019-06-26 09:46:56.399 22705 RALLYDEBUG rally_openstack.cleanup.manager [-] Deleting neutron.network object s_rally_113305fb_h0v0kJp0 (9d573593-d1b6-474b-90e1-08c16596204c)
2019-06-26 09:46:56.537 22705 RALLYDEBUG rally_openstack.cleanup.manager [-] Deleting neutron.network object s_rally_113305fb_tlKfJGFr (a94900a0-2a48-4e44-b488-89e8bab8e1dd)
2019-06-26 09:46:56.751 22705 RALLYDEBUG rally_openstack.cleanup.manager [-] Deleting neutron.network object s_rally_113305fb_Jxe2jgUx (ac96f233-a7dd-4647-8448-3602f0b270e1)
2019-06-26 09:46:56.783 22705 RALLYDEBUG rally_openstack.cleanup.manager [-] Deleting neutron.network object s_rally_113305fb_mKQlbu61 (bd8011da-4974-43ea-8891-72ab8f0f99e9)
2019-06-26 09:46:56.882 22705 RALLYDEBUG rally_openstack.cleanup.manager [-] Deleting neutron.network object s_rally_113305fb_BssSs7ll (cbee2e6f-80a5-4361-ae1b-9816a76e136d)
2019-06-26 09:46:56.931 22705 RALLYDEBUG rally_openstack.cleanup.manager [-] Deleting neutron.network object s_rally_113305fb_u81oXU3l (cc412197-ed99-45a8-ba72-189fc5148c48)
2019-06-26 09:46:57.846 22705 RALLYDEBUG rally_openstack.cleanup.manager [-] Deleting neutron.network object s_rally_113305fb_fX4uVIJA (d7e43042-afe9-4702-9707-844fc1b1d7e4)
2019-06-26 09:46:58.224 22705 RALLYDEBUG rally_openstack.cleanup.manager [-] Deleting neutron.network object s_rally_113305fb_86MBbWGp (ebd16a01-2ff2-42d4-bace-39b6f3bbce06)
2019-06-26 09:46:58.346 22705 RALLYDEBUG rally_openstack.cleanup.manager [-] Deleting neutron.network object s_rally_113305fb_n8nAknTm (edc9d73f-3a9a-4d0d-8fe7-3797343f5376)
2019-06-26 09:46:58.628 22705 RALLYDEBUG rally_openstack.cleanup.manager [-] Deleting neutron.network object s_rally_113305fb_Maig7w7g (f37f3396-1081-4daa-9dce-5c0cf46a1c0b)
2019-06-26 09:46:58.819 22705 RALLYDEBUG rally_openstack.cleanup.manager [-] Deleting neutron.network object s_rally_113305fb_gQ2kwTB9 (f7e876a5-96f4-44d9-ad60-b6f76b1ab9cd)
2019-06-26 09:47:01.259 22705 RALLYDEBUG rally_openstack.cleanup.manager [-] Cleaning up neutron router objects
2019-06-26 09:47:01.921 22705 RALLYDEBUG rally_openstack.cleanup.manager [-] Cleaning up neutron security_group objects
2019-06-26 09:47:02.651 22705 INFO rally.task.context [-] Task 4533918e-6360-4037-8179-fae913ec2080 | Context cleanup@openstack cleanup() finished in 51.43 sec
2019-06-26 09:47:02.652 22705 INFO rally.task.context [-] Task 4533918e-6360-4037-8179-fae913ec2080 | Context quotas@openstack cleanup() started
2019-06-26 09:47:02.962 22705 INFO rally.task.context [-] Task 4533918e-6360-4037-8179-fae913ec2080 | Context quotas@openstack cleanup() finished in 0.31 sec
2019-06-26 09:47:02.962 22705 INFO rally.task.context [-] Task 4533918e-6360-4037-8179-fae913ec2080 | Context users@openstack cleanup() started
2019-06-26 09:47:07.368 22705 INFO rally.task.context [-] Task 4533918e-6360-4037-8179-fae913ec2080 | Context users@openstack cleanup() finished in 4.41 sec
2019-06-26 09:47:08.156 22705 INFO rally.task.engine [-] Load duration is: 40.106654
2019-06-26 09:47:08.156 22705 INFO rally.task.engine [-] Full runner duration is: 40.150384
2019-06-26 09:47:08.156 22705 INFO rally.task.engine [-] Full duration is: 101.590553
2019-06-26 09:47:08.462 22705 INFO rally.task.engine [-] Running workload: position = 2 config = { "version": 2, "title": "A cropped version of a bigger task.", "description": "Auto-generated task from a single workload (uuid=ac14fde5-1338-4e1c-a5fe-a0b437db1518)", "subtasks": [ { "title": "NeutronNetworks.create_and_delete_ports", "description": "Create and delete a port.", "scenario": { "NeutronNetworks.create_and_delete_ports": { "network_create_args": {}, "port_create_args": {}, "ports_per_network": 5 } }, "contexts": { "users": { "tenants": 1, "users_per_tenant": 1 }, "quotas": { "neutron": { "network": -1, "port": -1 } } }, "runner": { "constant": { "times": 40, "concurrency": 20 } }, "hooks": [], "sla": { "failure_rate": { "max": 0 } } } ] }
2019-06-26 09:47:08.483 22705 RALLYDEBUG rally_openstack.contexts.keystone.users [-] Creating 1 tenants using 20 threads
2019-06-26 09:47:10.199 22705 RALLYDEBUG rally_openstack.contexts.keystone.users [-] Creating 1 users using 20 threads
2019-06-26 09:47:12.539 22705 INFO rally.task.context [-] Task 4533918e-6360-4037-8179-fae913ec2080 | Context users@openstack setup() finished in 4.06 sec
2019-06-26 09:47:13.287 22705 INFO rally.task.context [-] Task 4533918e-6360-4037-8179-fae913ec2080 | Context quotas@openstack setup() finished in 0.75 sec
2019-06-26 09:47:13.288 22705 INFO rally.task.context [-] Task 4533918e-6360-4037-8179-fae913ec2080 | Context cleanup@openstack setup() finished in 0.03 msec
2019-06-26 09:47:13.299 22705 RALLYDEBUG rally.task.runner [-] Starting the constant runner (task UUID: 4533918e-6360-4037-8179-fae913ec2080). timeout: 0 concurrency: 20 concurrency_per_worker: 1 times: 40 concurrency_overhead: 4 processes_to_start: 16 max_cpu_used: 16
2019-06-26 09:47:13.314 26951 RALLYDEBUG rally.task.runner [-] Starting a worker. concurrency: 2 args: {"network_create_args": {}, "port_create_args": {}, "ports_per_network": 5} times: 40 method_name: run timeout: 0 duration: None cls:
2019-06-26 09:47:13.315 26952 RALLYDEBUG rally.task.runner [-] Starting a worker. concurrency: 2 args: {"network_create_args": {}, "port_create_args": {}, "ports_per_network": 5} times: 40 method_name: run timeout: 0 duration: None cls:
2019-06-26 09:47:13.321 26953 RALLYDEBUG rally.task.runner [-] Starting a worker. concurrency: 2 args: {"network_create_args": {}, "port_create_args": {}, "ports_per_network": 5} times: 40 method_name: run timeout: 0 duration: None cls:
2019-06-26 09:47:13.322 26952 INFO rally.task.runner [-] Task 4533918e-6360-4037-8179-fae913ec2080 | ITER: 2 START
2019-06-26 09:47:13.322 26954 RALLYDEBUG rally.task.runner [-] Starting a worker. concurrency: 2 args: {"network_create_args": {}, "port_create_args": {}, "ports_per_network": 5} times: 40 method_name: run timeout: 0 duration: None cls:
2019-06-26 09:47:13.320 26951 INFO rally.task.runner [-] Task 4533918e-6360-4037-8179-fae913ec2080 | ITER: 1 START
2019-06-26 09:47:13.325 26952 WARNING rally_openstack.scenarios.neutron.utils [-] Running this scenario without either the 'network' or 'existing_network' context is deprecated
2019-06-26 09:47:13.325 26951 WARNING rally_openstack.scenarios.neutron.utils [-] Running this scenario without either the 'network' or 'existing_network' context is deprecated
2019-06-26 09:47:13.325 26956 RALLYDEBUG rally.task.runner [-] Starting a worker. concurrency: 1 args: {"network_create_args": {}, "port_create_args": {}, "ports_per_network": 5} times: 40 method_name: run timeout: 0 duration: None cls:
2019-06-26 09:47:13.327 26952 INFO rally.task.runner [-] Task 4533918e-6360-4037-8179-fae913ec2080 | ITER: 4 START
2019-06-26 09:47:13.329 26962 RALLYDEBUG rally.task.runner [-] Starting a worker. concurrency: 1 args: {"network_create_args": {}, "port_create_args": {}, "ports_per_network": 5} times: 40 method_name: run timeout: 0 duration: None cls:
2019-06-26 09:47:13.331 26956 INFO rally.task.runner [-] Task 4533918e-6360-4037-8179-fae913ec2080 | ITER: 8 START
2019-06-26 09:47:13.331 26953 INFO rally.task.runner [-] Task 4533918e-6360-4037-8179-fae913ec2080 | ITER: 7 START
2019-06-26 09:47:13.332 26954 INFO rally.task.runner [-] Task 4533918e-6360-4037-8179-fae913ec2080 | ITER: 9 START
2019-06-26 09:47:13.334 26962 INFO rally.task.runner [-] Task 4533918e-6360-4037-8179-fae913ec2080 | ITER: 10 START
2019-06-26 09:47:13.334 26956 WARNING rally_openstack.scenarios.neutron.utils [-] Running this scenario without either the 'network' or 'existing_network' context is deprecated
2019-06-26 09:47:13.334 26954 WARNING rally_openstack.scenarios.neutron.utils [-] Running this scenario without either the 'network' or 'existing_network' context is deprecated
2019-06-26 09:47:13.334 26953 WARNING rally_openstack.scenarios.neutron.utils [-] Running this scenario without either the 'network' or 'existing_network' context is deprecated
2019-06-26 09:47:13.335 26962 WARNING rally_openstack.scenarios.neutron.utils [-] Running this scenario without either the 'network' or 'existing_network' context is deprecated
2019-06-26 09:47:13.336 26968 RALLYDEBUG rally.task.runner [-] Starting a worker. concurrency: 1 args: {"network_create_args": {}, "port_create_args": {}, "ports_per_network": 5} times: 40 method_name: run timeout: 0 duration: None cls:
2019-06-26 09:47:13.338 26952 WARNING rally_openstack.scenarios.neutron.utils [-] Running this scenario without either the 'network' or 'existing_network' context is deprecated
2019-06-26 09:47:13.338 26951 INFO rally.task.runner [-] Task 4533918e-6360-4037-8179-fae913ec2080 | ITER: 3 START
2019-06-26 09:47:13.341 26951 WARNING rally_openstack.scenarios.neutron.utils [-] Running this scenario without either the 'network' or 'existing_network' context is deprecated
2019-06-26 09:47:13.343 26968 INFO rally.task.runner [-] Task 4533918e-6360-4037-8179-fae913ec2080 | ITER: 11 START
2019-06-26 09:47:13.343 26974 RALLYDEBUG rally.task.runner [-] Starting a worker. concurrency: 1 args: {"network_create_args": {}, "port_create_args": {}, "ports_per_network": 5} times: 40 method_name: run timeout: 0 duration: None cls:
2019-06-26 09:47:13.334 26953 INFO rally.task.runner [-] Task 4533918e-6360-4037-8179-fae913ec2080 | ITER: 5 START
2019-06-26 09:47:13.345 26968 WARNING rally_openstack.scenarios.neutron.utils [-] Running this scenario without either the 'network' or 'existing_network' context is deprecated
2019-06-26 09:47:13.345 26953 WARNING rally_openstack.scenarios.neutron.utils [-] Running this scenario without either the 'network' or 'existing_network' context is deprecated
2019-06-26 09:47:13.347 26954 INFO rally.task.runner [-] Task 4533918e-6360-4037-8179-fae913ec2080 | ITER: 6 START
2019-06-26 09:47:13.349 26974 INFO rally.task.runner [-] Task 4533918e-6360-4037-8179-fae913ec2080 | ITER: 12 START
2019-06-26 09:47:13.351 26974 WARNING rally_openstack.scenarios.neutron.utils [-] Running this scenario without either the 'network' or 'existing_network' context is deprecated
2019-06-26 09:47:13.348 26954 WARNING rally_openstack.scenarios.neutron.utils [-] Running this scenario without either the 'network' or 'existing_network' context is deprecated
2019-06-26 09:47:13.352 26977 RALLYDEBUG rally.task.runner [-] Starting a worker. concurrency: 1 args: {"network_create_args": {}, "port_create_args": {}, "ports_per_network": 5} times: 40 method_name: run timeout: 0 duration: None cls:
2019-06-26 09:47:13.358 26977 INFO rally.task.runner [-] Task 4533918e-6360-4037-8179-fae913ec2080 | ITER: 13 START
2019-06-26 09:47:13.360 26977 WARNING rally_openstack.scenarios.neutron.utils [-] Running this scenario without either the 'network' or 'existing_network' context is deprecated
2019-06-26 09:47:13.361 26980 RALLYDEBUG rally.task.runner [-] Starting a worker. concurrency: 1 args: {"network_create_args": {}, "port_create_args": {}, "ports_per_network": 5} times: 40 method_name: run timeout: 0 duration: None cls:
2019-06-26 09:47:13.369 26980 INFO rally.task.runner [-] Task 4533918e-6360-4037-8179-fae913ec2080 | ITER: 14 START
2019-06-26 09:47:13.368 26983 RALLYDEBUG rally.task.runner [-] Starting a worker. concurrency: 1 args: {"network_create_args": {}, "port_create_args": {}, "ports_per_network": 5} times: 40 method_name: run timeout: 0 duration: None cls:
2019-06-26 09:47:13.370 26980 WARNING rally_openstack.scenarios.neutron.utils [-] Running this scenario without either the 'network' or 'existing_network' context is deprecated
2019-06-26 09:47:13.374 26983 INFO rally.task.runner [-] Task 4533918e-6360-4037-8179-fae913ec2080 | ITER: 15 START
2019-06-26 09:47:13.375 26983 WARNING rally_openstack.scenarios.neutron.utils [-] Running this scenario without either the 'network' or 'existing_network' context is deprecated
2019-06-26 09:47:13.379 26986 RALLYDEBUG rally.task.runner [-] Starting a worker. concurrency: 1 args: {"network_create_args": {}, "port_create_args": {}, "ports_per_network": 5} times: 40 method_name: run timeout: 0 duration: None cls:
2019-06-26 09:47:13.380 26989 RALLYDEBUG rally.task.runner [-] Starting a worker. concurrency: 1 args: {"network_create_args": {}, "port_create_args": {}, "ports_per_network": 5} times: 40 method_name: run timeout: 0 duration: None cls:
2019-06-26 09:47:13.384 26989 INFO rally.task.runner [-] Task 4533918e-6360-4037-8179-fae913ec2080 | ITER: 17 START
2019-06-26 09:47:13.384 26986 INFO rally.task.runner [-] Task 4533918e-6360-4037-8179-fae913ec2080 | ITER: 16 START
2019-06-26 09:47:13.386 26990 RALLYDEBUG rally.task.runner [-] Starting a worker. concurrency: 1 args: {"network_create_args": {}, "port_create_args": {}, "ports_per_network": 5} times: 40 method_name: run timeout: 0 duration: None cls:
2019-06-26 09:47:13.388 26989 WARNING rally_openstack.scenarios.neutron.utils [-] Running this scenario without either the 'network' or 'existing_network' context is deprecated
2019-06-26 09:47:13.388 26986 WARNING rally_openstack.scenarios.neutron.utils [-] Running this scenario without either the 'network' or 'existing_network' context is deprecated
2019-06-26 09:47:13.390 26995 RALLYDEBUG rally.task.runner [-] Starting a worker. concurrency: 1 args: {"network_create_args": {}, "port_create_args": {}, "ports_per_network": 5} times: 40 method_name: run timeout: 0 duration: None cls:
2019-06-26 09:47:13.391 26990 INFO rally.task.runner [-] Task 4533918e-6360-4037-8179-fae913ec2080 | ITER: 18 START
2019-06-26 09:47:13.393 26990 WARNING rally_openstack.scenarios.neutron.utils [-] Running this scenario without either the 'network' or 'existing_network' context is deprecated
2019-06-26 09:47:13.393 26996 RALLYDEBUG rally.task.runner [-] Starting a worker. concurrency: 1 args: {"network_create_args": {}, "port_create_args": {}, "ports_per_network": 5} times: 40 method_name: run timeout: 0 duration: None cls:
2019-06-26 09:47:13.394 26995 INFO rally.task.runner [-] Task 4533918e-6360-4037-8179-fae913ec2080 | ITER: 19 START
2019-06-26 09:47:13.395 26995 WARNING rally_openstack.scenarios.neutron.utils [-] Running this scenario without either the 'network' or 'existing_network' context is deprecated
2019-06-26 09:47:13.397 26996 INFO rally.task.runner [-] Task 4533918e-6360-4037-8179-fae913ec2080 | ITER: 20 START
2019-06-26 09:47:13.398 26996 WARNING rally_openstack.scenarios.neutron.utils [-] Running this scenario without either the 'network' or 'existing_network' context is deprecated
2019-06-26 09:47:23.054 26990 INFO rally.task.runner [-] Task 4533918e-6360-4037-8179-fae913ec2080 | ITER: 18 END: OK
2019-06-26 09:47:23.059 26990 INFO rally.task.runner [-] Task 4533918e-6360-4037-8179-fae913ec2080 | ITER: 21 START
2019-06-26 09:47:23.059 26990 WARNING rally_openstack.scenarios.neutron.utils [-] Running this scenario without either the 'network' or 'existing_network' context is deprecated
2019-06-26 09:47:23.275 26952 INFO rally.task.runner [-] Task 4533918e-6360-4037-8179-fae913ec2080 | ITER: 4 END: OK
2019-06-26 09:47:23.280 26952 INFO rally.task.runner [-] Task 4533918e-6360-4037-8179-fae913ec2080 | ITER: 22 START
2019-06-26 09:47:23.281 26952 WARNING rally_openstack.scenarios.neutron.utils [-] Running this scenario without either the 'network' or 'existing_network' context is deprecated
2019-06-26 09:47:23.745 26980 INFO rally.task.runner [-] Task 4533918e-6360-4037-8179-fae913ec2080 | ITER: 14 END: OK
2019-06-26 09:47:23.749 26980 INFO rally.task.runner [-] Task 4533918e-6360-4037-8179-fae913ec2080 | ITER: 23 START
2019-06-26 09:47:23.750 26980 WARNING rally_openstack.scenarios.neutron.utils [-] Running this scenario without either the 'network' or 'existing_network' context is deprecated
2019-06-26 09:47:23.790 26983 INFO rally.task.runner [-] Task 4533918e-6360-4037-8179-fae913ec2080 | ITER: 15 END: OK
2019-06-26 09:47:23.794 26983 INFO rally.task.runner [-] Task 4533918e-6360-4037-8179-fae913ec2080 | ITER: 24 START
2019-06-26 09:47:23.795 26983 WARNING rally_openstack.scenarios.neutron.utils [-] Running this scenario without either the 'network' or 'existing_network' context is deprecated
2019-06-26 09:47:30.124 26952 INFO rally.task.runner [-] Task 4533918e-6360-4037-8179-fae913ec2080 | ITER: 2 END: OK
2019-06-26 09:47:30.128 26952 INFO rally.task.runner [-] Task 4533918e-6360-4037-8179-fae913ec2080 | ITER: 25 START
2019-06-26 09:47:30.129 26952 WARNING rally_openstack.scenarios.neutron.utils [-] Running this scenario without either the 'network' or 'existing_network' context is deprecated
2019-06-26 09:47:30.268 26951 INFO rally.task.runner [-] Task 4533918e-6360-4037-8179-fae913ec2080 | ITER: 3 END: OK
2019-06-26 09:47:30.271 26951 INFO rally.task.runner [-] Task 4533918e-6360-4037-8179-fae913ec2080 | ITER: 26 START
2019-06-26 09:47:30.272 26951 WARNING rally_openstack.scenarios.neutron.utils [-] Running this scenario without either the 'network' or 'existing_network' context is deprecated
2019-06-26 09:47:31.638 26956 INFO rally.task.runner [-] Task 4533918e-6360-4037-8179-fae913ec2080 | ITER: 8 END: OK
2019-06-26 09:47:31.638 26951 INFO rally.task.runner [-] Task 4533918e-6360-4037-8179-fae913ec2080 | ITER: 1 END: OK
2019-06-26 09:47:31.642 26951 INFO rally.task.runner [-] Task 4533918e-6360-4037-8179-fae913ec2080 | ITER: 27 START
2019-06-26 09:47:31.642 26956 INFO rally.task.runner [-] Task 4533918e-6360-4037-8179-fae913ec2080 | ITER: 28 START
2019-06-26 09:47:31.643 26951 WARNING rally_openstack.scenarios.neutron.utils [-] Running this scenario without either the 'network' or 'existing_network' context is deprecated
2019-06-26 09:47:31.643 26956 WARNING rally_openstack.scenarios.neutron.utils [-] Running this scenario without either the 'network' or 'existing_network' context is deprecated
2019-06-26 09:47:32.147 26990 INFO rally.task.runner [-] Task 4533918e-6360-4037-8179-fae913ec2080 | ITER: 21 END: OK
2019-06-26 09:47:32.151 26990 INFO rally.task.runner [-] Task 4533918e-6360-4037-8179-fae913ec2080 | ITER: 29 START
2019-06-26 09:47:32.152 26990 WARNING rally_openstack.scenarios.neutron.utils [-] Running this scenario without either the 'network' or 'existing_network' context is deprecated
2019-06-26 09:47:33.461 26952 INFO rally.task.runner [-] Task 4533918e-6360-4037-8179-fae913ec2080 | ITER: 22 END: OK
2019-06-26 09:47:33.465 26952 INFO rally.task.runner [-] Task 4533918e-6360-4037-8179-fae913ec2080 | ITER: 30 START
2019-06-26 09:47:33.466 26952 WARNING rally_openstack.scenarios.neutron.utils [-] Running this scenario without either the 'network' or 'existing_network' context is deprecated
2019-06-26 09:47:34.002 26980 INFO rally.task.runner [-] Task 4533918e-6360-4037-8179-fae913ec2080 | ITER: 23 END: OK
2019-06-26 09:47:34.006 26980 INFO rally.task.runner [-] Task 4533918e-6360-4037-8179-fae913ec2080 | ITER: 31 START
2019-06-26 09:47:34.007 26980 WARNING rally_openstack.scenarios.neutron.utils [-] Running this scenario without either the 'network' or 'existing_network' context is deprecated
2019-06-26 09:47:34.177 26983 INFO rally.task.runner [-] Task 4533918e-6360-4037-8179-fae913ec2080 | ITER: 24 END: OK
2019-06-26 09:47:34.182 26983 INFO rally.task.runner [-] Task 4533918e-6360-4037-8179-fae913ec2080 | ITER: 32 START
2019-06-26 09:47:34.182 26983 WARNING rally_openstack.scenarios.neutron.utils [-] Running this scenario without either the 'network' or 'existing_network' context is deprecated
2019-06-26 09:47:40.124 26989 INFO rally.task.runner [-] Task 4533918e-6360-4037-8179-fae913ec2080 | ITER: 17 END: OK
2019-06-26 09:47:40.128 26989 INFO rally.task.runner [-] Task 4533918e-6360-4037-8179-fae913ec2080 | ITER: 33 START
2019-06-26 09:47:40.129 26989 WARNING rally_openstack.scenarios.neutron.utils [-] Running this scenario without either the 'network' or 'existing_network' context is deprecated
2019-06-26 09:47:40.931 26951 INFO rally.task.runner [-] Task 4533918e-6360-4037-8179-fae913ec2080 | ITER: 27 END: OK
2019-06-26 09:47:40.935 26951 INFO rally.task.runner [-] Task 4533918e-6360-4037-8179-fae913ec2080 | ITER: 34 START
2019-06-26 09:47:40.936 26951 WARNING rally_openstack.scenarios.neutron.utils [-] Running this scenario without either the 'network' or 'existing_network' context is deprecated
2019-06-26 09:47:40.957 26954 INFO rally.task.runner [-] Task 4533918e-6360-4037-8179-fae913ec2080 | ITER: 6 END: OK
2019-06-26 09:47:40.960 26954 INFO rally.task.runner [-] Task 4533918e-6360-4037-8179-fae913ec2080 | ITER: 35 START
2019-06-26 09:47:40.961 26954 WARNING rally_openstack.scenarios.neutron.utils [-] Running this scenario without either the 'network' or 'existing_network' context is deprecated
2019-06-26 09:47:41.127 26995 INFO rally.task.runner [-] Task 4533918e-6360-4037-8179-fae913ec2080 | ITER: 19 END: OK
2019-06-26 09:47:41.131 26995 INFO rally.task.runner [-] Task 4533918e-6360-4037-8179-fae913ec2080 | ITER: 36 START
2019-06-26 09:47:41.132 26995 WARNING rally_openstack.scenarios.neutron.utils [-] Running this scenario without either the 'network' or 'existing_network' context is deprecated
2019-06-26 09:47:41.832 26990 INFO rally.task.runner [-] Task 4533918e-6360-4037-8179-fae913ec2080 | ITER: 29 END: OK
2019-06-26 09:47:41.835 26990 INFO rally.task.runner [-] Task 4533918e-6360-4037-8179-fae913ec2080 | ITER: 37 START
2019-06-26 09:47:41.836 26990 WARNING rally_openstack.scenarios.neutron.utils [-] Running this scenario without either the 'network' or 'existing_network' context is deprecated
2019-06-26 09:47:41.892 26956 INFO rally.task.runner [-] Task 4533918e-6360-4037-8179-fae913ec2080 | ITER: 28 END: OK
2019-06-26 09:47:41.895 26956 INFO rally.task.runner [-] Task 4533918e-6360-4037-8179-fae913ec2080 | ITER: 38 START
2019-06-26 09:47:41.896 26956 WARNING rally_openstack.scenarios.neutron.utils [-] Running this scenario without either the 'network' or 'existing_network' context is deprecated
2019-06-26 09:47:43.073 26952 INFO rally.task.runner [-] Task 4533918e-6360-4037-8179-fae913ec2080 | ITER: 30 END: OK
2019-06-26 09:47:43.081 26952 INFO rally.task.runner [-] Task 4533918e-6360-4037-8179-fae913ec2080 | ITER: 39 START
