2019-06-26 09:45:01.345 22705 RALLYDEBUG rally_openstack.cleanup.manager [-] Deleting neutron.port object s_rally_785eecac_xKWtQnWb (cdd3dc0e-093e-4537-a20c-200fb489738d)
2019-06-26 09:45:01.353 22705 RALLYDEBUG rally_openstack.cleanup.manager [-] Deleting neutron.port object s_rally_785eecac_YcxPAZCk (cea4dbdf-2dc1-4e41-8860-13bcc76ddbeb)
2019-06-26 09:45:01.355 22705 RALLYDEBUG rally_openstack.cleanup.manager [-] Deleting neutron.port object s_rally_785eecac_T2YxgNP8 (ce15a4ba-f93c-4ced-ac06-3ed371d0cbc5)
2019-06-26 09:45:01.473 22705 RALLYDEBUG rally_openstack.cleanup.manager [-] Deleting neutron.port object s_rally_785eecac_q0lgwsUZ (d0bbd760-f4bd-4bdf-8ec8-ffa2d38d6146)
2019-06-26 09:45:01.584 22705 RALLYDEBUG rally_openstack.cleanup.manager [-] Deleting neutron.port object s_rally_785eecac_I28x7Y2Z (d1607a21-520f-4c80-9a3d-195ebd51cf16)
2019-06-26 09:45:01.631 22705 RALLYDEBUG rally_openstack.cleanup.manager [-] Deleting neutron.port object s_rally_785eecac_pcJtrqwS (d25e6469-ddf3-40e1-a820-9c97a8aaf259)
2019-06-26 09:45:02.021 22705 RALLYDEBUG rally_openstack.cleanup.manager [-] Deleting neutron.port object s_rally_785eecac_lbEURCgx (d2b87185-f8bb-4ead-9430-8de46282df0e)
2019-06-26 09:45:02.394 22705 RALLYDEBUG rally_openstack.cleanup.manager [-] Deleting neutron.port object s_rally_785eecac_SLrxZdlA (d486ddad-e927-4067-b9f4-709493283d48)
2019-06-26 09:45:02.405 22705 RALLYDEBUG rally_openstack.cleanup.manager [-] Deleting neutron.port object s_rally_785eecac_zq7gDuSQ (d499f316-83e9-44f3-9a60-aff51f57c6c7)
2019-06-26 09:45:03.010 22705 RALLYDEBUG rally_openstack.cleanup.manager [-] Deleting neutron.port object s_rally_785eecac_f2nQBz5b (d55c4984-4b34-4e35-a57f-7d97cae9e9e4)
2019-06-26 09:45:03.117 22705 RALLYDEBUG rally_openstack.cleanup.manager [-] Deleting neutron.port object s_rally_785eecac_LPNZgzMz (d615583c-2746-4bf9-988d-f3d55f27d4e6)
2019-06-26 09:45:03.123 22705 RALLYDEBUG rally_openstack.cleanup.manager [-] Deleting neutron.port object s_rally_785eecac_UpkHKLRT (d6ab0e04-aeb6-4af5-9cce-65ceb5f206cf)
2019-06-26 09:45:03.214 22705 RALLYDEBUG rally_openstack.cleanup.manager [-] Deleting neutron.port object s_rally_785eecac_c7Dk7DkY (d7352d5d-232c-4085-bbbe-7362c3041f84)
2019-06-26 09:45:03.218 22705 RALLYDEBUG rally_openstack.cleanup.manager [-] Deleting neutron.port object s_rally_785eecac_94RxdUGb (d7c5d9fa-1b33-4226-a937-6a6bf1a07c10)
2019-06-26 09:45:03.315 22705 RALLYDEBUG rally_openstack.cleanup.manager [-] Deleting neutron.port object s_rally_785eecac_PWMHN2rG (d86b6528-4bf5-4164-a364-75a5a79ed217)
2019-06-26 09:45:03.410 22705 RALLYDEBUG rally_openstack.cleanup.manager [-] Deleting neutron.port object s_rally_785eecac_E90Xv0fW (d9215f65-da1a-4ed6-8b46-a361f860e19e)
2019-06-26 09:45:03.418 22705 RALLYDEBUG rally_openstack.cleanup.manager [-] Deleting neutron.port object s_rally_785eecac_il0cTcA5 (dcf24645-b5d4-40dc-812a-f5d63f09042b)
2019-06-26 09:45:03.424 22705 RALLYDEBUG rally_openstack.cleanup.manager [-] Deleting neutron.port object s_rally_785eecac_D7as4BlW (dd130b1f-41b9-46e3-9ba5-96166d3ab0b6)
2019-06-26 09:45:03.810 22705 RALLYDEBUG rally_openstack.cleanup.manager [-] Deleting neutron.port object s_rally_785eecac_NZDjzThK (dd1fc40d-4f72-4aaf-98fc-e345c8d7063c)
2019-06-26 09:45:04.017 22705 RALLYDEBUG rally_openstack.cleanup.manager [-] Deleting neutron.port object s_rally_785eecac_xqYDx5tA (de23a22b-f239-4eb5-a6ff-29376f5ab90d)
2019-06-26 09:45:04.117 22705 RALLYDEBUG rally_openstack.cleanup.manager [-] Deleting neutron.port object s_rally_785eecac_kkN4ycv9 (e032fb9c-f02a-4333-9710-6beedcf46698)
2019-06-26 09:45:04.291 22705 RALLYDEBUG rally_openstack.cleanup.manager [-] Deleting neutron.port object s_rally_785eecac_by8vJIhU (e15c1433-7e93-4e2d-9862-a60c03de620c)
2019-06-26 09:45:04.462 22705 RALLYDEBUG rally_openstack.cleanup.manager [-] Deleting neutron.port object s_rally_785eecac_H6t4AE9m (e44753d0-2c7e-46fb-92d2-49a4e5ae8132)
2019-06-26 09:45:04.532 22705 RALLYDEBUG rally_openstack.cleanup.manager [-] Deleting neutron.port object s_rally_785eecac_N9jjvYOf (e4565552-e65d-4dd4-97d0-b8e817d9981b)
2019-06-26 09:45:04.660 22705 RALLYDEBUG rally_openstack.cleanup.manager [-] Deleting neutron.port object s_rally_785eecac_dNy8V2hN (e55431a5-1d8d-42c7-90aa-c62416d91649)
2019-06-26 09:45:04.681 22705 RALLYDEBUG rally_openstack.cleanup.manager [-] Deleting neutron.port object s_rally_785eecac_FZNBnhaO (e5ab92c9-f52f-418d-a48d-20977fc3f40b)
2019-06-26 09:45:04.684 22705 RALLYDEBUG rally_openstack.cleanup.manager [-] Deleting neutron.port object s_rally_785eecac_5Nc1i6Bj (e5da95bc-4fb6-4ff6-9848-dfc06e185f60)
2019-06-26 09:45:04.901 22705 RALLYDEBUG rally_openstack.cleanup.manager [-] Deleting neutron.port object s_rally_785eecac_qMyJkWsb (e5ed8667-22ba-4e5a-bac3-97d746d0916b)
2019-06-26 09:45:04.919 22705 RALLYDEBUG rally_openstack.cleanup.manager [-] Deleting neutron.port object s_rally_785eecac_JL2ChQry (e61b7d7a-68ae-4999-9f5e-db94b08d37ae)
2019-06-26 09:45:05.471 22705 RALLYDEBUG rally_openstack.cleanup.manager [-] Deleting neutron.port object s_rally_785eecac_C8zxAI7v (e62779bd-495d-4e2f-b7a2-2cf37bd92a15)
2019-06-26 09:45:05.679 22705 RALLYDEBUG rally_openstack.cleanup.manager [-] Deleting neutron.port object s_rally_785eecac_fLO9mGt6 (e64f0e1c-cae3-4295-8536-98c38dab9c0c)
2019-06-26 09:45:05.807 22705 RALLYDEBUG rally_openstack.cleanup.manager [-] Deleting neutron.port object s_rally_785eecac_LtVux92q (e680ecfd-42f1-4dfd-9ac4-847490b0849e)
2019-06-26 09:45:06.114 22705 RALLYDEBUG rally_openstack.cleanup.manager [-] Deleting neutron.port object s_rally_785eecac_nZBE7uuV (e6d0c0fd-2103-49a9-bbd5-5e2993f3db1e)
2019-06-26 09:45:06.165 22705 RALLYDEBUG rally_openstack.cleanup.manager [-] Deleting neutron.port object s_rally_785eecac_rdIqb7Cb (e755d4ea-d0ee-43be-989c-c720540d53de)
2019-06-26 09:45:06.351 22705 RALLYDEBUG rally_openstack.cleanup.manager [-] Deleting neutron.port object s_rally_785eecac_18UlkEMC (e97b47c3-3dd1-4629-99ed-79c8deb62cc3)
2019-06-26 09:45:06.739 22705 RALLYDEBUG rally_openstack.cleanup.manager [-] Deleting neutron.port object s_rally_785eecac_vXMBo4vk (ea88ce1b-a80b-48a9-94ee-453604a5f37e)
2019-06-26 09:45:06.849 22705 RALLYDEBUG rally_openstack.cleanup.manager [-] Deleting neutron.port object s_rally_785eecac_hFzW7xV2 (eb83ff5e-07b3-4dc2-81f7-6199ae3c7ea2)
2019-06-26 09:45:07.280 22705 RALLYDEBUG rally_openstack.cleanup.manager [-] Deleting neutron.port object s_rally_785eecac_jvIFGkVR (ebd35539-8d2a-437c-a065-cfa6f502cf26)
2019-06-26 09:45:07.298 22705 RALLYDEBUG rally_openstack.cleanup.manager [-] Deleting neutron.port object s_rally_785eecac_MqornxYt (ed177310-8a45-4cfc-bd60-b0948074fc93)
2019-06-26 09:45:07.303 22705 RALLYDEBUG rally_openstack.cleanup.manager [-] Deleting neutron.port object s_rally_785eecac_mwIs6tqI (ec0f48aa-7bf6-4d60-bd35-c59720a5ff2a)
2019-06-26 09:45:07.404 22705 RALLYDEBUG rally_openstack.cleanup.manager [-] Deleting neutron.port object s_rally_785eecac_Yd9lJVY3 (edfd5c07-1d4d-4f08-915d-3a07085c0fb0)
2019-06-26 09:45:07.411 22705 RALLYDEBUG rally_openstack.cleanup.manager [-] Deleting neutron.port object s_rally_785eecac_00MEsKbd (ee59d25c-52b3-40e8-9493-aa45d96dc9b6)
2019-06-26 09:45:07.419 22705 RALLYDEBUG rally_openstack.cleanup.manager [-] Deleting neutron.port object s_rally_785eecac_utKNPrAp (ef1b1429-7cc6-4cca-92e0-66235da0125f)
2019-06-26 09:45:07.433 22705 RALLYDEBUG rally_openstack.cleanup.manager [-] Deleting neutron.port object s_rally_785eecac_xx7PpHcJ (ef32254f-d7e3-4240-835e-1c3896a8ecb8)
2019-06-26 09:45:07.447 22705 RALLYDEBUG rally_openstack.cleanup.manager [-] Deleting neutron.port object s_rally_785eecac_Yh9hlfqQ (ef83b91b-aea0-4705-af3a-f88c772c62ff)
2019-06-26 09:45:07.772 22705 RALLYDEBUG rally_openstack.cleanup.manager [-] Deleting neutron.port object s_rally_785eecac_hzhx0Bw7 (f116b3de-9815-49f1-be49-0191ef9c0dd7)
2019-06-26 09:45:07.960 22705 RALLYDEBUG rally_openstack.cleanup.manager [-] Deleting neutron.port object s_rally_785eecac_XVjsP2hT (f21c8a39-2716-4534-aef7-bc97c8834b67)
2019-06-26 09:45:07.992 22705 RALLYDEBUG rally_openstack.cleanup.manager [-] Deleting neutron.port object s_rally_785eecac_R0ARw9dw (f4ef2670-acb4-4de5-8cca-625c25463c3e)
2019-06-26 09:45:08.107 22705 RALLYDEBUG rally_openstack.cleanup.manager [-] Deleting neutron.port object s_rally_785eecac_MlkzdWFF (f526b791-7820-4842-91ce-e40a080f873d)
2019-06-26 09:45:08.111 22705 RALLYDEBUG rally_openstack.cleanup.manager [-] Deleting neutron.port object s_rally_785eecac_QvCQN4uO (f687c172-cfeb-4394-b8ce-927494928006)
2019-06-26 09:45:08.113 22705 RALLYDEBUG rally_openstack.cleanup.manager [-] Deleting neutron.port object s_rally_785eecac_veQughIP (f5438083-c49e-4607-848c-bd033dd83797)
2019-06-26 09:45:08.254 22705 RALLYDEBUG rally_openstack.cleanup.manager [-] Deleting neutron.port object s_rally_785eecac_ZP7QdYFk (f7e2310a-1592-45a6-b88f-a363bd9f18bb)
2019-06-26 09:45:08.455 22705 RALLYDEBUG rally_openstack.cleanup.manager [-] Deleting neutron.port object s_rally_785eecac_uTF0bYRj (f8c5de4b-d6ea-4103-b612-57a83f9d859d)
2019-06-26 09:45:08.851 22705 RALLYDEBUG rally_openstack.cleanup.manager [-] Deleting neutron.port object s_rally_785eecac_UHwRSX8U (f92f7b27-4ae9-4528-99d0-70edbdd502d8)
2019-06-26 09:45:08.928 22705 RALLYDEBUG rally_openstack.cleanup.manager [-] Deleting neutron.port object s_rally_785eecac_XxSBKS7F (fa8a2552-1c39-4b6b-a493-7d5d387ae857)
2019-06-26 09:45:09.090 22705 RALLYDEBUG rally_openstack.cleanup.manager [-] Deleting neutron.port object s_rally_785eecac_tX4LLmXA (fb30eb77-abe2-4e8f-abd1-dbb55353ea99)
2019-06-26 09:45:09.365 22705 RALLYDEBUG rally_openstack.cleanup.manager [-] Deleting neutron.port object s_rally_785eecac_RzX2958d (fd99c5c9-5b51-4d9f-8647-8b067f3b4385)
2019-06-26 09:45:10.007 22705 RALLYDEBUG rally_openstack.cleanup.manager [-] Deleting neutron.port object s_rally_785eecac_ZFMkCoMs (fdb3524b-32ef-4a95-87aa-76bf0d2f4368)
2019-06-26 09:45:10.027 22705 RALLYDEBUG rally_openstack.cleanup.manager [-] Deleting neutron.port object s_rally_785eecac_aO67xT0D (ff8e89db-5923-48f2-9732-487e4857b4f6)
2019-06-26 09:45:10.056 22705 RALLYDEBUG rally_openstack.cleanup.manager [-] Deleting neutron.port object s_rally_785eecac_Fnwt1VZE (ff9acc10-0aca-4b29-8c93-dc54e243bd5e)
2019-06-26 09:45:12.882 22705 RALLYDEBUG rally_openstack.cleanup.manager [-] Cleaning up neutron subnet objects
2019-06-26 09:45:13.549 22705 RALLYDEBUG rally_openstack.cleanup.manager [-] Cleaning up neutron network objects
2019-06-26 09:45:14.292 22705 RALLYDEBUG rally_openstack.cleanup.manager [-] Deleting neutron.network object s_rally_785eecac_pmyqVNA0 (048e8c30-29c8-47c2-83b7-ee9ff6a717b6)
2019-06-26 09:45:14.296 22705 RALLYDEBUG rally_openstack.cleanup.manager [-] Deleting neutron.network object s_rally_785eecac_BHYSKFQN (2d3400b3-0f06-44e1-a23b-8f80f0d79d8b)
2019-06-26 09:45:14.305 22705 RALLYDEBUG rally_openstack.cleanup.manager [-] Deleting neutron.network object s_rally_785eecac_LdK7rxpI (3bdc9d5d-cfc1-4355-ba3b-f399f63f65c5)
2019-06-26 09:45:14.311 22705 RALLYDEBUG rally_openstack.cleanup.manager [-] Deleting neutron.network object s_rally_785eecac_vGi2eYWJ (4732c4fd-265e-4a72-9bcf-0872b46602f0)
2019-06-26 09:45:14.318 22705 RALLYDEBUG rally_openstack.cleanup.manager [-] Deleting neutron.network object s_rally_785eecac_aE9W3QhI (670dc961-8e45-4277-84a2-99f84ff43710)
2019-06-26 09:45:14.325 22705 RALLYDEBUG rally_openstack.cleanup.manager [-] Deleting neutron.network object s_rally_785eecac_LrMTd7Ia (bacb6c74-9346-4045-97c7-15623cf3e018)
2019-06-26 09:45:14.326 22705 RALLYDEBUG rally_openstack.cleanup.manager [-] Deleting neutron.network object s_rally_785eecac_VHhRYWgd (e5948e16-5579-44f0-81b7-974f57ccd88c)
2019-06-26 09:45:14.340 22705 RALLYDEBUG rally_openstack.cleanup.manager [-] Deleting neutron.network object s_rally_785eecac_DL2WjqTm (ed585def-dbf9-457c-879b-809c450531bd)
2019-06-26 09:45:17.704 22705 RALLYDEBUG rally_openstack.cleanup.manager [-] Cleaning up neutron router objects
2019-06-26 09:45:18.398 22705 RALLYDEBUG rally_openstack.cleanup.manager [-] Cleaning up neutron security_group objects
2019-06-26 09:45:19.072 22705 INFO rally.task.context [-] Task 4533918e-6360-4037-8179-fae913ec2080 | Context cleanup@openstack cleanup() finished in 1.32 min
2019-06-26 09:45:19.073 22705 INFO rally.task.context [-] Task 4533918e-6360-4037-8179-fae913ec2080 | Context quotas@openstack cleanup() started
2019-06-26 09:45:19.323 22705 INFO rally.task.context [-] Task 4533918e-6360-4037-8179-fae913ec2080 | Context quotas@openstack cleanup() finished in 0.25 sec
2019-06-26 09:45:19.324 22705 INFO rally.task.context [-] Task 4533918e-6360-4037-8179-fae913ec2080 | Context users@openstack cleanup() started
2019-06-26 09:45:23.661 22705 INFO rally.task.context [-] Task 4533918e-6360-4037-8179-fae913ec2080 | Context users@openstack cleanup() finished in 4.34 sec
2019-06-26 09:45:25.566 22705 INFO rally.task.engine [-] Load duration is: 100.101009
2019-06-26 09:45:25.566 22705 INFO rally.task.engine [-] Full runner duration is: 100.140257
2019-06-26 09:45:25.566 22705 INFO rally.task.engine [-] Full duration is: 188.827948
2019-06-26 09:45:25.766 22705 INFO rally.task.engine [-] Running workload: position = 1 config = { "version": 2, "title": "A cropped version of a bigger task.", "description": "Auto-generated task from a single workload (uuid=113305fb-cd0f-4f41-a7c5-d85734dc9ab6)", "subtasks": [ { "title": "NeutronNetworks.create_and_update_ports", "description": "Create and update a given number of ports.", "scenario": { "NeutronNetworks.create_and_update_ports": { "network_create_args": {}, "port_create_args": {}, "ports_per_network": 5, "port_update_args": { "admin_state_up": false, "device_id": "dummy_id", "device_owner": "dummy_owner", "name": "_port_updated" } } }, "contexts": { "users": { "tenants": 1, "users_per_tenant": 1 }, "quotas": { "neutron": { "network": -1, "port": -1 } } }, "runner": { "constant": { "times": 40, "concurrency": 20 } }, "hooks": [], "sla": { "failure_rate": { "max": 0 } } } ] }
2019-06-26 09:45:25.783 22705 RALLYDEBUG rally_openstack.contexts.keystone.users [-] Creating 1 tenants using 20 threads
2019-06-26 09:45:27.482 22705 RALLYDEBUG rally_openstack.contexts.keystone.users [-] Creating 1 users using 20 threads
2019-06-26 09:45:30.329 22705 INFO rally.task.context [-] Task 4533918e-6360-4037-8179-fae913ec2080 | Context users@openstack setup() finished in 4.55 sec
2019-06-26 09:45:31.059 22705 INFO rally.task.context [-] Task 4533918e-6360-4037-8179-fae913ec2080 | Context quotas@openstack setup() finished in 0.73 sec
2019-06-26 09:45:31.060 22705 INFO rally.task.context [-] Task 4533918e-6360-4037-8179-fae913ec2080 | Context cleanup@openstack setup() finished in 0.00 msec
2019-06-26 09:45:31.067 22705 RALLYDEBUG rally.task.runner [-] Starting the constant runner (task UUID: 4533918e-6360-4037-8179-fae913ec2080). timeout: 0 concurrency: 20 concurrency_per_worker: 1 times: 40 concurrency_overhead: 4 processes_to_start: 16 max_cpu_used: 16
2019-06-26 09:45:31.077 26581 RALLYDEBUG rally.task.runner [-] Starting a worker. concurrency: 2 args: {"network_create_args": {}, "port_create_args": {}, "ports_per_network": 5, "port_update_args": {"admin_state_up": false, "device_id": "dummy_id", "device_owner": "dummy_owner", "name": "_port_updated"}} times: 40 method_name: run timeout: 0 duration: None cls:
2019-06-26 09:45:31.080 26583 RALLYDEBUG rally.task.runner [-] Starting a worker. concurrency: 2 args: {"network_create_args": {}, "port_create_args": {}, "ports_per_network": 5, "port_update_args": {"admin_state_up": false, "device_id": "dummy_id", "device_owner": "dummy_owner", "name": "_port_updated"}} times: 40 method_name: run timeout: 0 duration: None cls:
2019-06-26 09:45:31.080 26582 RALLYDEBUG rally.task.runner [-] Starting a worker. concurrency: 2 args: {"network_create_args": {}, "port_create_args": {}, "ports_per_network": 5, "port_update_args": {"admin_state_up": false, "device_id": "dummy_id", "device_owner": "dummy_owner", "name": "_port_updated"}} times: 40 method_name: run timeout: 0 duration: None cls:
2019-06-26 09:45:31.082 26581 INFO rally.task.runner [-] Task 4533918e-6360-4037-8179-fae913ec2080 | ITER: 1 START
2019-06-26 09:45:31.084 26583 INFO rally.task.runner [-] Task 4533918e-6360-4037-8179-fae913ec2080 | ITER: 2 START
2019-06-26 09:45:31.084 26583 INFO rally.task.runner [-] Task 4533918e-6360-4037-8179-fae913ec2080 | ITER: 5 START
2019-06-26 09:45:31.085 26583 WARNING rally_openstack.scenarios.neutron.utils [-] Running this scenario without either the 'network' or 'existing_network' context is deprecated
2019-06-26 09:45:31.085 26581 WARNING rally_openstack.scenarios.neutron.utils [-] Running this scenario without either the 'network' or 'existing_network' context is deprecated
2019-06-26 09:45:31.087 26584 RALLYDEBUG rally.task.runner [-] Starting a worker. concurrency: 2 args: {"network_create_args": {}, "port_create_args": {}, "ports_per_network": 5, "port_update_args": {"admin_state_up": false, "device_id": "dummy_id", "device_owner": "dummy_owner", "name": "_port_updated"}} times: 40 method_name: run timeout: 0 duration: None cls:
2019-06-26 09:45:31.088 26582 INFO rally.task.runner [-] Task 4533918e-6360-4037-8179-fae913ec2080 | ITER: 4 START
2019-06-26 09:45:31.085 26583 WARNING rally_openstack.scenarios.neutron.utils [-] Running this scenario without either the 'network' or 'existing_network' context is deprecated
2019-06-26 09:45:31.089 26582 WARNING rally_openstack.scenarios.neutron.utils [-] Running this scenario without either the 'network' or 'existing_network' context is deprecated
2019-06-26 09:45:31.090 26588 RALLYDEBUG rally.task.runner [-] Starting a worker. concurrency: 1 args: {"network_create_args": {}, "port_create_args": {}, "ports_per_network": 5, "port_update_args": {"admin_state_up": false, "device_id": "dummy_id", "device_owner": "dummy_owner", "name": "_port_updated"}} times: 40 method_name: run timeout: 0 duration: None cls:
2019-06-26 09:45:31.091 26581 INFO rally.task.runner [-] Task 4533918e-6360-4037-8179-fae913ec2080 | ITER: 3 START
2019-06-26 09:45:31.090 26582 INFO rally.task.runner [-] Task 4533918e-6360-4037-8179-fae913ec2080 | ITER: 6 START
2019-06-26 09:45:31.091 26593 RALLYDEBUG rally.task.runner [-] Starting a worker. concurrency: 1 args: {"network_create_args": {}, "port_create_args": {}, "ports_per_network": 5, "port_update_args": {"admin_state_up": false, "device_id": "dummy_id", "device_owner": "dummy_owner", "name": "_port_updated"}} times: 40 method_name: run timeout: 0 duration: None cls:
2019-06-26 09:45:31.092 26581 WARNING rally_openstack.scenarios.neutron.utils [-] Running this scenario without either the 'network' or 'existing_network' context is deprecated
2019-06-26 09:45:31.097 26584 INFO rally.task.runner [-] Task 4533918e-6360-4037-8179-fae913ec2080 | ITER: 10 START
2019-06-26 09:45:31.096 26600 RALLYDEBUG rally.task.runner [-] Starting a worker. concurrency: 1 args: {"network_create_args": {}, "port_create_args": {}, "ports_per_network": 5, "port_update_args": {"admin_state_up": false, "device_id": "dummy_id", "device_owner": "dummy_owner", "name": "_port_updated"}} times: 40 method_name: run timeout: 0 duration: None cls:
2019-06-26 09:45:31.097 26588 INFO rally.task.runner [-] Task 4533918e-6360-4037-8179-fae913ec2080 | ITER: 8 START
2019-06-26 09:45:31.097 26593 INFO rally.task.runner [-] Task 4533918e-6360-4037-8179-fae913ec2080 | ITER: 9 START
2019-06-26 09:45:31.097 26596 RALLYDEBUG rally.task.runner [-] Starting a worker. concurrency: 1 args: {"network_create_args": {}, "port_create_args": {}, "ports_per_network": 5, "port_update_args": {"admin_state_up": false, "device_id": "dummy_id", "device_owner": "dummy_owner", "name": "_port_updated"}} times: 40 method_name: run timeout: 0 duration: None cls:
2019-06-26 09:45:31.097 26584 WARNING rally_openstack.scenarios.neutron.utils [-] Running this scenario without either the 'network' or 'existing_network' context is deprecated
2019-06-26 09:45:31.097 26582 WARNING rally_openstack.scenarios.neutron.utils [-] Running this scenario without either the 'network' or 'existing_network' context is deprecated
2019-06-26 09:45:31.098 26588 WARNING rally_openstack.scenarios.neutron.utils [-] Running this scenario without either the 'network' or 'existing_network' context is deprecated
2019-06-26 09:45:31.098 26593 WARNING rally_openstack.scenarios.neutron.utils [-] Running this scenario without either the 'network' or 'existing_network' context is deprecated
2019-06-26 09:45:31.098 26597 RALLYDEBUG rally.task.runner [-] Starting a worker. concurrency: 1 args: {"network_create_args": {}, "port_create_args": {}, "ports_per_network": 5, "port_update_args": {"admin_state_up": false, "device_id": "dummy_id", "device_owner": "dummy_owner", "name": "_port_updated"}} times: 40 method_name: run timeout: 0 duration: None cls:
2019-06-26 09:45:31.100 26600 INFO rally.task.runner [-] Task 4533918e-6360-4037-8179-fae913ec2080 | ITER: 11 START
2019-06-26 09:45:31.100 26600 WARNING rally_openstack.scenarios.neutron.utils [-] Running this scenario without either the 'network' or 'existing_network' context is deprecated
2019-06-26 09:45:31.103 26584 INFO rally.task.runner [-] Task 4533918e-6360-4037-8179-fae913ec2080 | ITER: 7 START
2019-06-26 09:45:31.104 26596 INFO rally.task.runner [-] Task 4533918e-6360-4037-8179-fae913ec2080 | ITER: 12 START
2019-06-26 09:45:31.104 26584 WARNING rally_openstack.scenarios.neutron.utils [-] Running this scenario without either the 'network' or 'existing_network' context is deprecated
2019-06-26 09:45:31.105 26597 INFO rally.task.runner [-] Task 4533918e-6360-4037-8179-fae913ec2080 | ITER: 13 START
2019-06-26 09:45:31.105 26596 WARNING rally_openstack.scenarios.neutron.utils [-] Running this scenario without either the 'network' or 'existing_network' context is deprecated
2019-06-26 09:45:31.106 26597 WARNING rally_openstack.scenarios.neutron.utils [-] Running this scenario without either the 'network' or 'existing_network' context is deprecated
2019-06-26 09:45:31.107 26606 RALLYDEBUG rally.task.runner [-] Starting a worker. concurrency: 1 args: {"network_create_args": {}, "port_create_args": {}, "ports_per_network": 5, "port_update_args": {"admin_state_up": false, "device_id": "dummy_id", "device_owner": "dummy_owner", "name": "_port_updated"}} times: 40 method_name: run timeout: 0 duration: None cls:
2019-06-26 09:45:31.109 26609 RALLYDEBUG rally.task.runner [-] Starting a worker. concurrency: 1 args: {"network_create_args": {}, "port_create_args": {}, "ports_per_network": 5, "port_update_args": {"admin_state_up": false, "device_id": "dummy_id", "device_owner": "dummy_owner", "name": "_port_updated"}} times: 40 method_name: run timeout: 0 duration: None cls:
2019-06-26 09:45:31.114 26614 RALLYDEBUG rally.task.runner [-] Starting a worker. concurrency: 1 args: {"network_create_args": {}, "port_create_args": {}, "ports_per_network": 5, "port_update_args": {"admin_state_up": false, "device_id": "dummy_id", "device_owner": "dummy_owner", "name": "_port_updated"}} times: 40 method_name: run timeout: 0 duration: None cls:
2019-06-26 09:45:31.115 26615 RALLYDEBUG rally.task.runner [-] Starting a worker. concurrency: 1 args: {"network_create_args": {}, "port_create_args": {}, "ports_per_network": 5, "port_update_args": {"admin_state_up": false, "device_id": "dummy_id", "device_owner": "dummy_owner", "name": "_port_updated"}} times: 40 method_name: run timeout: 0 duration: None cls:
2019-06-26 09:45:31.116 26606 INFO rally.task.runner [-] Task 4533918e-6360-4037-8179-fae913ec2080 | ITER: 14 START
2019-06-26 09:45:31.117 26606 WARNING rally_openstack.scenarios.neutron.utils [-] Running this scenario without either the 'network' or 'existing_network' context is deprecated
2019-06-26 09:45:31.121 26609 INFO rally.task.runner [-] Task 4533918e-6360-4037-8179-fae913ec2080 | ITER: 15 START
2019-06-26 09:45:31.122 26609 WARNING rally_openstack.scenarios.neutron.utils [-] Running this scenario without either the 'network' or 'existing_network' context is deprecated
2019-06-26 09:45:31.123 26614 INFO rally.task.runner [-] Task 4533918e-6360-4037-8179-fae913ec2080 | ITER: 16 START
2019-06-26 09:45:31.124 26614 WARNING rally_openstack.scenarios.neutron.utils [-] Running this scenario without either the 'network' or 'existing_network' context is deprecated
2019-06-26 09:45:31.123 26620 RALLYDEBUG rally.task.runner [-] Starting a worker. concurrency: 1 args: {"network_create_args": {}, "port_create_args": {}, "ports_per_network": 5, "port_update_args": {"admin_state_up": false, "device_id": "dummy_id", "device_owner": "dummy_owner", "name": "_port_updated"}} times: 40 method_name: run timeout: 0 duration: None cls:
2019-06-26 09:45:31.126 26618 RALLYDEBUG rally.task.runner [-] Starting a worker. concurrency: 1 args: {"network_create_args": {}, "port_create_args": {}, "ports_per_network": 5, "port_update_args": {"admin_state_up": false, "device_id": "dummy_id", "device_owner": "dummy_owner", "name": "_port_updated"}} times: 40 method_name: run timeout: 0 duration: None cls:
2019-06-26 09:45:31.127 26615 INFO rally.task.runner [-] Task 4533918e-6360-4037-8179-fae913ec2080 | ITER: 17 START
2019-06-26 09:45:31.128 26615 WARNING rally_openstack.scenarios.neutron.utils [-] Running this scenario without either the 'network' or 'existing_network' context is deprecated
2019-06-26 09:45:31.129 26620 INFO rally.task.runner [-] Task 4533918e-6360-4037-8179-fae913ec2080 | ITER: 18 START
2019-06-26 09:45:31.130 26620 WARNING rally_openstack.scenarios.neutron.utils [-] Running this scenario without either the 'network' or 'existing_network' context is deprecated
2019-06-26 09:45:31.130 26618 INFO rally.task.runner [-] Task 4533918e-6360-4037-8179-fae913ec2080 | ITER: 19 START
2019-06-26 09:45:31.131 26618 WARNING rally_openstack.scenarios.neutron.utils [-] Running this scenario without either the 'network' or 'existing_network' context is deprecated
2019-06-26 09:45:31.130 26623 RALLYDEBUG rally.task.runner [-] Starting a worker. concurrency: 1 args: {"network_create_args": {}, "port_create_args": {}, "ports_per_network": 5, "port_update_args": {"admin_state_up": false, "device_id": "dummy_id", "device_owner": "dummy_owner", "name": "_port_updated"}} times: 40 method_name: run timeout: 0 duration: None cls:
2019-06-26 09:45:31.135 26623 INFO rally.task.runner [-] Task 4533918e-6360-4037-8179-fae913ec2080 | ITER: 20 START
2019-06-26 09:45:31.136 26623 WARNING rally_openstack.scenarios.neutron.utils [-] Running this scenario without either the 'network' or 'existing_network' context is deprecated
2019-06-26 09:45:41.759 26609 INFO rally.task.runner [-] Task 4533918e-6360-4037-8179-fae913ec2080 | ITER: 15 END: OK
2019-06-26 09:45:41.763 26581 INFO rally.task.runner [-] Task 4533918e-6360-4037-8179-fae913ec2080 | ITER: 1 END: OK
2019-06-26 09:45:41.764 26609 INFO rally.task.runner [-] Task 4533918e-6360-4037-8179-fae913ec2080 | ITER: 21 START
2019-06-26 09:45:41.764 26609 WARNING rally_openstack.scenarios.neutron.utils [-] Running this scenario without either the 'network' or 'existing_network' context is deprecated
2019-06-26 09:45:41.768 26581 INFO rally.task.runner [-] Task 4533918e-6360-4037-8179-fae913ec2080 | ITER: 22 START
2019-06-26 09:45:41.768 26581 WARNING rally_openstack.scenarios.neutron.utils [-] Running this scenario without either the 'network' or 'existing_network' context is deprecated
2019-06-26 09:45:42.343 26583 INFO rally.task.runner [-] Task 4533918e-6360-4037-8179-fae913ec2080 | ITER: 5 END: OK
2019-06-26 09:45:42.348 26583 INFO rally.task.runner [-] Task 4533918e-6360-4037-8179-fae913ec2080 | ITER: 23 START
2019-06-26 09:45:42.348 26583 WARNING rally_openstack.scenarios.neutron.utils [-] Running this scenario without either the 'network' or 'existing_network' context is deprecated
2019-06-26 09:45:42.358 26620 INFO rally.task.runner [-] Task 4533918e-6360-4037-8179-fae913ec2080 | ITER: 18 END: OK
2019-06-26 09:45:42.362 26620 INFO rally.task.runner [-] Task 4533918e-6360-4037-8179-fae913ec2080 | ITER: 24 START
2019-06-26 09:45:42.363 26620 WARNING rally_openstack.scenarios.neutron.utils [-] Running this scenario without either the 'network' or 'existing_network' context is deprecated
2019-06-26 09:45:42.575 26581 INFO rally.task.runner [-] Task 4533918e-6360-4037-8179-fae913ec2080 | ITER: 3 END: OK
2019-06-26 09:45:42.579 26581 INFO rally.task.runner [-] Task 4533918e-6360-4037-8179-fae913ec2080 | ITER: 25 START
2019-06-26 09:45:42.579 26581 WARNING rally_openstack.scenarios.neutron.utils [-] Running this scenario without either the 'network' or 'existing_network' context is deprecated
2019-06-26 09:45:45.371 26618 INFO rally.task.runner [-] Task 4533918e-6360-4037-8179-fae913ec2080 | ITER: 19 END: OK
2019-06-26 09:45:45.375 26618 INFO rally.task.runner [-] Task 4533918e-6360-4037-8179-fae913ec2080 | ITER: 26 START
2019-06-26 09:45:45.375 26618 WARNING rally_openstack.scenarios.neutron.utils [-] Running this scenario without either the 'network' or 'existing_network' context is deprecated
2019-06-26 09:45:46.610 26584 INFO rally.task.runner [-] Task 4533918e-6360-4037-8179-fae913ec2080 | ITER: 10 END: OK
2019-06-26 09:45:46.613 26584 INFO rally.task.runner [-] Task 4533918e-6360-4037-8179-fae913ec2080 | ITER: 27 START
2019-06-26 09:45:46.613 26584 WARNING rally_openstack.scenarios.neutron.utils [-] Running this scenario without either the 'network' or 'existing_network' context is deprecated
2019-06-26 09:45:47.270 26615 INFO rally.task.runner [-] Task 4533918e-6360-4037-8179-fae913ec2080 | ITER: 17 END: OK
2019-06-26 09:45:47.274 26615 INFO rally.task.runner [-] Task 4533918e-6360-4037-8179-fae913ec2080 | ITER: 28 START
2019-06-26 09:45:47.275 26615 WARNING rally_openstack.scenarios.neutron.utils [-] Running this scenario without either the 'network' or 'existing_network' context is deprecated
2019-06-26 09:45:48.936 26597 INFO rally.task.runner [-] Task 4533918e-6360-4037-8179-fae913ec2080 | ITER: 13 END: OK
2019-06-26 09:45:48.940 26597 INFO rally.task.runner [-] Task 4533918e-6360-4037-8179-fae913ec2080 | ITER: 29 START
2019-06-26 09:45:48.941 26597 WARNING rally_openstack.scenarios.neutron.utils [-] Running this scenario without either the 'network' or 'existing_network' context is deprecated
2019-06-26 09:45:49.159 26596 INFO rally.task.runner [-] Task 4533918e-6360-4037-8179-fae913ec2080 | ITER: 12 END: OK
2019-06-26 09:45:49.164 26596 INFO rally.task.runner [-] Task 4533918e-6360-4037-8179-fae913ec2080 | ITER: 30 START
2019-06-26 09:45:49.164 26596 WARNING rally_openstack.scenarios.neutron.utils [-] Running this scenario without either the 'network' or 'existing_network' context is deprecated
2019-06-26 09:45:50.727 26581 INFO rally.task.runner [-] Task 4533918e-6360-4037-8179-fae913ec2080 | ITER: 22 END: OK
2019-06-26 09:45:50.731 26581 INFO rally.task.runner [-] Task 4533918e-6360-4037-8179-fae913ec2080 | ITER: 31 START
2019-06-26 09:45:50.732 26581 WARNING rally_openstack.scenarios.neutron.utils [-] Running this scenario without either the 'network' or 'existing_network' context is deprecated
2019-06-26 09:45:53.240 26609 INFO rally.task.runner [-] Task 4533918e-6360-4037-8179-fae913ec2080 | ITER: 21 END: OK
2019-06-26 09:45:53.243 26609 INFO rally.task.runner [-] Task 4533918e-6360-4037-8179-fae913ec2080 | ITER: 32 START
2019-06-26 09:45:53.243 26609 WARNING rally_openstack.scenarios.neutron.utils [-] Running this scenario without either the 'network' or 'existing_network' context is deprecated
2019-06-26 09:45:54.745 26618 INFO rally.task.runner [-] Task 4533918e-6360-4037-8179-fae913ec2080 | ITER: 26 END: OK
2019-06-26 09:45:54.749 26618 INFO rally.task.runner [-] Task 4533918e-6360-4037-8179-fae913ec2080 | ITER: 33 START
2019-06-26 09:45:54.750 26618 WARNING rally_openstack.scenarios.neutron.utils [-] Running this scenario without either the 'network' or 'existing_network' context is deprecated
2019-06-26 09:45:56.591 26584 INFO rally.task.runner [-] Task 4533918e-6360-4037-8179-fae913ec2080 | ITER: 27 END: OK
2019-06-26 09:45:56.596 26584 INFO rally.task.runner [-] Task 4533918e-6360-4037-8179-fae913ec2080 | ITER: 34 START
2019-06-26 09:45:56.596 26584 WARNING rally_openstack.scenarios.neutron.utils [-] Running this scenario without either the 'network' or 'existing_network' context is deprecated
2019-06-26 09:45:56.614 26600 INFO rally.task.runner [-] Task 4533918e-6360-4037-8179-fae913ec2080 | ITER: 11 END: OK
2019-06-26 09:45:56.618 26600 INFO rally.task.runner [-] Task 4533918e-6360-4037-8179-fae913ec2080 | ITER: 35 START
2019-06-26 09:45:56.619 26600 WARNING rally_openstack.scenarios.neutron.utils [-] Running this scenario without either the 'network' or 'existing_network' context is deprecated
2019-06-26 09:45:57.173 26615 INFO rally.task.runner [-] Task 4533918e-6360-4037-8179-fae913ec2080 | ITER: 28 END: OK
2019-06-26 09:45:57.178 26615 INFO rally.task.runner [-] Task 4533918e-6360-4037-8179-fae913ec2080 | ITER: 36 START
2019-06-26 09:45:57.179 26615 WARNING rally_openstack.scenarios.neutron.utils [-] Running this scenario without either the 'network' or 'existing_network' context is deprecated
2019-06-26 09:45:57.236 26588 INFO rally.task.runner [-] Task 4533918e-6360-4037-8179-fae913ec2080 | ITER: 8 END: OK
2019-06-26 09:45:57.240 26588 INFO rally.task.runner [-] Task 4533918e-6360-4037-8179-fae913ec2080 | ITER: 37 START
2019-06-26 09:45:57.240 26588 WARNING rally_openstack.scenarios.neutron.utils [-] Running this scenario without either the 'network' or 'existing_network' context is deprecated
2019-06-26 09:45:57.324 26582 INFO rally.task.runner [-] Task 4533918e-6360-4037-8179-fae913ec2080 | ITER: 6 END: OK
2019-06-26 09:45:57.327 26582 INFO rally.task.runner [-] Task 4533918e-6360-4037-8179-fae913ec2080 | ITER: 38 START
2019-06-26 09:45:57.328 26582 WARNING rally_openstack.scenarios.neutron.utils [-] Running this scenario without either the 'network' or 'existing_network' context is deprecated
2019-06-26 09:45:57.446 26593 INFO rally.task.runner [-] Task 4533918e-6360-4037-8179-fae913ec2080 | ITER: 9 END: OK
2019-06-26 09:45:57.450 26593 INFO rally.task.runner [-] Task 4533918e-6360-4037-8179-fae913ec2080 | ITER: 39 START
2019-06-26 09:45:57.451 26593 WARNING rally_openstack.scenarios.neutron.utils [-] Running this scenario without either the 'network' or 'existing_network' context is deprecated
2019-06-26 09:45:57.932 26583 INFO rally.task.runner [-] Task 4533918e-6360-4037-8179-fae913ec2080 | ITER: 2 END: OK
2019-06-26 09:45:57.936 26583 INFO rally.task.runner [-] Task 4533918e-6360-4037-8179-fae913ec2080 | ITER: 40 START
2019-06-26 09:45:57.936 26583 WARNING rally_openstack.scenarios.neutron.utils [-] Running this scenario without either the 'network' or 'existing_network' context is deprecated
2019-06-26 09:45:58.151 26614 INFO rally.task.runner [-] Task 4533918e-6360-4037-8179-fae913ec2080 | ITER: 16 END: OK
2019-06-26 09:46:01.969 26596 INFO rally.task.runner [-] Task 4533918e-6360-4037-8179-fae913ec2080 | ITER: 30 END: OK
2019-06-26 09:46:03.078 26582 INFO rally.task.runner [-] Task 4533918e-6360-4037-8179-fae913ec2080 | ITER: 4 END: OK
2019-06-26 09:46:03.137 26584 INFO rally.task.runner [-] Task 4533918e-6360-4037-8179-fae913ec2080 | ITER: 7 END: OK
2019-06-26 09:46:03.138 26606 INFO rally.task.runner [-] Task 4533918e-6360-4037-8179-fae913ec2080 | ITER: 14 END: OK
2019-06-26 09:46:03.196 26623 INFO rally.task.runner [-] Task 4533918e-6360-4037-8179-fae913ec2080 | ITER: 20 END: OK
2019-06-26 09:46:04.240 26597 INFO rally.task.runner [-] Task 4533918e-6360-4037-8179-fae913ec2080 | ITER: 29 END: OK
2019-06-26 09:46:05.400 26620 INFO rally.task.runner [-] Task 4533918e-6360-4037-8179-fae913ec2080 | ITER: 24 END: OK
2019-06-26 09:46:05.403 26600 INFO rally.task.runner [-] Task 4533918e-6360-4037-8179-fae913ec2080 | ITER: 35 END: OK
2019-06-26 09:46:05.671 26583 INFO rally.task.runner [-] Task 4533918e-6360-4037-8179-fae913ec2080 | ITER: 23 END: OK
2019-06-26 09:46:05.852 26581 INFO rally.task.runner [-] Task 4533918e-6360-4037-8179-fae913ec2080 | ITER: 25 END: OK
2019-06-26 09:46:05.912 26581 INFO rally.task.runner [-] Task 4533918e-6360-4037-8179-fae913ec2080 | ITER: 31 END: OK
2019-06-26 09:46:06.587 26609 INFO rally.task.runner [-] Task 4533918e-6360-4037-8179-fae913ec2080 | ITER: 32 END: OK
2019-06-26 09:46:06.738 26618 INFO rally.task.runner [-] Task 4533918e-6360-4037-8179-fae913ec2080 | ITER: 33 END: OK
2019-06-26 09:46:06.742 26583 INFO rally.task.runner [-] Task 4533918e-6360-4037-8179-fae913ec2080 | ITER: 40 END: OK
2019-06-26 09:46:08.733 26615 INFO rally.task.runner [-] Task 4533918e-6360-4037-8179-fae913ec2080 | ITER: 36 END: OK
2019-06-26 09:46:10.069 26584 INFO rally.task.runner [-] Task 4533918e-6360-4037-8179-fae913ec2080 | ITER: 34 END: OK
2019-06-26 09:46:10.469 26593 INFO rally.task.runner [-] Task 4533918e-6360-4037-8179-fae913ec2080 | ITER: 39 END: OK
2019-06-26 09:46:11.189 26588 INFO rally.task.runner [-] Task 4533918e-6360-4037-8179-fae913ec2080 | ITER: 37 END: OK
2019-06-26 09:46:11.191 26582 INFO rally.task.runner [-] Task 4533918e-6360-4037-8179-fae913ec2080 | ITER: 38 END: OK
2019-06-26 09:46:11.217 22705 INFO rally.task.context [-] Task 4533918e-6360-4037-8179-fae913ec2080 | Context cleanup@openstack cleanup() started
2019-06-26 09:46:11.220 22705 RALLYDEBUG rally_openstack.cleanup.manager [-] Cleaning up neutron vip objects
2019-06-26 09:46:11.866 22705 RALLYDEBUG rally_openstack.cleanup.manager [-] Cleaning up neutron health_monitor objects
2019-06-26 09:46:12.559 22705 RALLYDEBUG rally_openstack.cleanup.manager [-] Cleaning up neutron pool objects
2019-06-26 09:46:13.171 22705 RALLYDEBUG rally_openstack.cleanup.manager [-] Cleaning up neutron loadbalancer objects
2019-06-26 09:46:13.807 22705 RALLYDEBUG rally_openstack.cleanup.manager [-] Cleaning up neutron floatingip objects
2019-06-26 09:46:14.548 22705 RALLYDEBUG rally_openstack.cleanup.manager [-] Cleaning up neutron port objects
2019-06-26 09:46:15.597 22705 RALLYDEBUG rally_openstack.cleanup.manager [-] Deleting neutron.port object s_rally_113305fb_tlt81mOl (0957bce5-2ed3-4bf6-bb43-1a668cf142ef)
2019-06-26 09:46:15.599 22705 RALLYDEBUG rally_openstack.cleanup.manager [-] Deleting neutron.port object s_rally_113305fb_TwPF5sd3 (04d64879-9b9a-447c-bbc0-814a2b223595)
2019-06-26 09:46:15.601 22705 RALLYDEBUG rally_openstack.cleanup.manager [-] Deleting neutron.port object s_rally_113305fb_PS8f1ZWh (02064be1-22eb-42cf-9bfc-74f26a632e23)
2019-06-26 09:46:15.602 22705 RALLYDEBUG rally_openstack.cleanup.manager [-] Deleting neutron.port object s_rally_113305fb_09kEtIlj (0cd9f549-52b2-483a-a013-e11e3740fd92)
2019-06-26 09:46:15.603 22705 RALLYDEBUG rally_openstack.cleanup.manager [-] Deleting neutron.port object s_rally_113305fb_hn31xaPA (0649efd1-f14c-4369-b1ec-e793ea6c33e8)
2019-06-26 09:46:15.612 22705 RALLYDEBUG rally_openstack.cleanup.manager [-] Deleting neutron.port object s_rally_113305fb_nQWggP6E (0bee7f91-cb65-4831-9a81-4e9d1f489341)
2019-06-26 09:46:15.613 22705 RALLYDEBUG rally_openstack.cleanup.manager [-] Deleting neutron.port object s_rally_113305fb_P2WEISul (08320746-9a74-4f4a-8ba4-2a0d694278ec)
2019-06-26 09:46:15.613 22705 RALLYDEBUG rally_openstack.cleanup.manager [-] Deleting neutron.port object s_rally_113305fb_J4oKU5Co (00890066-402b-4ec0-a722-a7a583b634b9)
2019-06-26 09:46:15.616 22705 RALLYDEBUG rally_openstack.cleanup.manager [-] Deleting neutron.port object s_rally_113305fb_pCd6kmbY (0dfc5d54-bfff-4523-b042-1fe3e152898f)
2019-06-26 09:46:15.624 22705 RALLYDEBUG rally_openstack.cleanup.manager [-] Deleting neutron.port object s_rally_113305fb_XzTkiJgj (04bf55c4-ebb8-4683-b5c2-e6d8b53c9379)
2019-06-26 09:46:15.625 22705 RALLYDEBUG rally_openstack.cleanup.manager [-] Deleting neutron.port object s_rally_113305fb_eliNQo7a (0ec995be-af70-443d-99da-2a718fb9bcb6)
2019-06-26 09:46:15.627 22705 RALLYDEBUG rally_openstack.cleanup.manager [-] Deleting neutron.port object s_rally_113305fb_lfjTGCyn (0e72abce-ae2f-4b2f-9bf9-551802a3d6c1)
2019-06-26 09:46:15.632 22705 RALLYDEBUG rally_openstack.cleanup.manager [-] Deleting neutron.port object s_rally_113305fb_8NqfQbHw (0f91a23c-a583-4954-bdc1-7749bf936991)
2019-06-26 09:46:15.640 22705 RALLYDEBUG rally_openstack.cleanup.manager [-] Deleting neutron.port object s_rally_113305fb_RtdxayqH (105b45cc-f533-43b6-9fe2-f8ddd7dcc587)
2019-06-26 09:46:15.644 22705 RALLYDEBUG rally_openstack.cleanup.manager [-] Deleting neutron.port object s_rally_113305fb_DLmH8mPJ (0df983e3-cc3f-4b14-9c75-90fc20fef2df)
2019-06-26 09:46:15.659 22705 RALLYDEBUG rally_openstack.cleanup.manager [-] Deleting neutron.port object s_rally_113305fb_2fu4WHmY (11b96752-0e4e-4755-97db-4cb4869c84c1)
2019-06-26 09:46:15.699 22705 RALLYDEBUG rally_openstack.cleanup.manager [-] Deleting neutron.port object s_rally_113305fb_6EDbPRlo (159c0b49-b748-40de-84f2-319515437a72)
2019-06-26 09:46:15.722 22705 RALLYDEBUG rally_openstack.cleanup.manager [-] Deleting neutron.port object s_rally_113305fb_qrBAu6Ii (16d38456-1a66-4d56-a124-d32b46e5b095)
2019-06-26 09:46:15.733 22705 RALLYDEBUG rally_openstack.cleanup.manager [-] Deleting neutron.port object s_rally_113305fb_4BzJ4FOw (16d7d0fb-93be-4b64-a795-0e44b8924bc7)
2019-06-26 09:46:15.738 22705 RALLYDEBUG rally_openstack.cleanup.manager [-] Deleting neutron.port object s_rally_113305fb_oQK3XopN (1386095d-358d-42e9-8c75-1aa8bb508b05)
2019-06-26 09:46:18.220 22705 RALLYDEBUG rally_openstack.cleanup.manager [-] Deleting neutron.port object s_rally_113305fb_kg3KJ44k (1737b32d-b7b0-45dc-9fc6-0a636e1469f0)
2019-06-26 09:46:18.548 22705 RALLYDEBUG rally_openstack.cleanup.manager [-] Deleting neutron.port object s_rally_113305fb_k85BWiQg (17ad945d-4987-44b5-9c0d-5412d2275366)
2019-06-26 09:46:18.640 22705 RALLYDEBUG rally_openstack.cleanup.manager [-] Deleting neutron.port object s_rally_113305fb_r1cd3UTa (18e9464e-d563-4730-badf-725ca856dee9)
2019-06-26 09:46:18.709 22705 RALLYDEBUG rally_openstack.cleanup.manager [-] Deleting neutron.port object s_rally_113305fb_bcOCo3Me (1adad1f1-8532-4ef3-a15e-83bc09cd9177)
2019-06-26 09:46:18.762 22705 RALLYDEBUG rally_openstack.cleanup.manager [-] Deleting neutron.port object s_rally_113305fb_AjmDRR0h (1d1d3997-0c47-4fe6-b330-2f762da81071)
2019-06-26 09:46:19.573 22705 RALLYDEBUG rally_openstack.cleanup.manager [-] Deleting neutron.port object s_rally_113305fb_5vBpnhHQ (1ea78d52-bc3b-46b0-b6a1-2ab1a739690c)
2019-06-26 09:46:19.577 22705 RALLYDEBUG rally_openstack.cleanup.manager [-] Deleting neutron.port object s_rally_113305fb_zAqixZ45 (2065bce0-d549-45bc-8705-2a0bfd7c5c5c)
2019-06-26 09:46:19.683 22705 RALLYDEBUG rally_openstack.cleanup.manager [-] Deleting neutron.port object s_rally_113305fb_Y7aqn6iQ (21f698f9-1ad0-4c11-85e5-d8d967550ae9)
2019-06-26 09:46:19.776 22705 RALLYDEBUG rally_openstack.cleanup.manager [-] Deleting neutron.port object s_rally_113305fb_sWcmH0wQ (226b0bf9-9343-4579-938b-b8ec7578e641)
2019-06-26 09:46:19.941 22705 RALLYDEBUG rally_openstack.cleanup.manager [-] Deleting neutron.port object s_rally_113305fb_J6VthzdF (23dc728e-e560-41ba-8669-9441fd8ebc54)
2019-06-26 09:46:19.953 22705 RALLYDEBUG rally_openstack.cleanup.manager [-] Deleting neutron.port object s_rally_113305fb_Atp1SqBe (2414b354-aa67-4c22-997b-f0c45597061f)
2019-06-26 09:46:20.209 22705 RALLYDEBUG rally_openstack.cleanup.manager [-] Deleting neutron.port object s_rally_113305fb_PhHtHlKq (25c9c16e-eb85-43e7-b9ec-60d72ee917a1)
2019-06-26 09:46:20.593 22705 RALLYDEBUG rally_openstack.cleanup.manager [-] Deleting neutron.port object s_rally_113305fb_nifCokKE (25e92418-57e1-4291-b17a-8e71782d74a2)
2019-06-26 09:46:20.713 22705 RALLYDEBUG rally_openstack.cleanup.manager [-] Deleting neutron.port object s_rally_113305fb_QDQzRoGx (277454e3-8df7-47f0-a2f8-1a1d59137ac7)
2019-06-26 09:46:20.802 22705 RALLYDEBUG rally_openstack.cleanup.manager [-] Deleting neutron.port object s_rally_113305fb_whLMbeUE (2a2a858c-8286-46d4-8fbd-c625c1483124)
2019-06-26 09:46:21.279 22705 RALLYDEBUG rally_openstack.cleanup.manager [-] Deleting neutron.port object s_rally_113305fb_6EM8JWpQ (2f31fcc2-fd7b-404f-9748-0e568b36536e)
2019-06-26 09:46:21.288 22705 RALLYDEBUG rally_openstack.cleanup.manager [-] Deleting neutron.port object s_rally_113305fb_r9UFDgbJ (308267ed-43aa-401f-9b46-1b4b0061c640)
2019-06-26 09:46:21.549 22705 RALLYDEBUG rally_openstack.cleanup.manager [-] Deleting neutron.port object s_rally_113305fb_DmQRGqT7 (34b36e41-e9ce-4269-913e-ea8ca3b65e69)
2019-06-26 09:46:21.746 22705 RALLYDEBUG rally_openstack.cleanup.manager [-] Deleting neutron.port object s_rally_113305fb_9RQB0Cy1 (360005cb-3226-43ae-84da-3c9319382298)
2019-06-26 09:46:21.757 22705 RALLYDEBUG rally_openstack.cleanup.manager [-] Deleting neutron.port object s_rally_113305fb_subQDXmB (36428eeb-8af1-43c5-9f5b-5332690ef97d)
2019-06-26 09:46:22.255 22705 RALLYDEBUG rally_openstack.cleanup.manager [-] Deleting neutron.port object s_rally_113305fb_a8sjSYAp (3a2ccd20-61f9-43ac-aa1a-b303d4f8f56b)
2019-06-26 09:46:22.286 22705 RALLYDEBUG rally_openstack.cleanup.manager [-] Deleting neutron.port object s_rally_113305fb_sxClOEaz (3b79c807-90fb-48ed-b882-06a1a7cd29d2)
2019-06-26 09:46:22.299 22705 RALLYDEBUG rally_openstack.cleanup.manager [-] Deleting neutron.port object s_rally_113305fb_DloV3umA (3d3b051e-5125-4d35-a016-d76846e03a11)
2019-06-26 09:46:22.355 22705 RALLYDEBUG rally_openstack.cleanup.manager [-] Deleting neutron.port object s_rally_113305fb_2tG6BKU6 (3f1280d0-d2d8-405f-ac52-96678f4f75d8)
2019-06-26 09:46:22.364 22705 RALLYDEBUG rally_openstack.cleanup.manager [-] Deleting neutron.port object s_rally_113305fb_Q6kC52If (3fb130b6-0826-48c2-b98c-8c55a666860b)
2019-06-26 09:46:22.502 22705 RALLYDEBUG rally_openstack.cleanup.manager [-] Deleting neutron.port object s_rally_113305fb_LmaB1iye (442bda68-2878-4b24-ab47-a4080150111b)
2019-06-26 09:46:22.772 22705 RALLYDEBUG rally_openstack.cleanup.manager [-] Deleting neutron.port object s_rally_113305fb_1Qo8pqVQ (46143580-2c2c-401f-9f8d-2b46a87f999a)
2019-06-26 09:46:22.785 22705 RALLYDEBUG rally_openstack.cleanup.manager [-] Deleting neutron.port object s_rally_113305fb_3ZaZXsGL (48f3b3ce-58f0-44b3-9b68-3d8232c4e6df)
2019-06-26 09:46:22.944 22705 RALLYDEBUG rally_openstack.cleanup.manager [-] Deleting neutron.port object s_rally_113305fb_BI5NvzkZ (4a57b5d3-f6d3-4758-953d-35ff88db5e2c)
2019-06-26 09:46:23.192 22705 RALLYDEBUG rally_openstack.cleanup.manager [-] Deleting neutron.port object s_rally_113305fb_tEq8kSnK (4c0e2900-6e9f-4ff1-91ab-91f008215156)
2019-06-26 09:46:23.238 22705 RALLYDEBUG rally_openstack.cleanup.manager [-] Deleting neutron.port object s_rally_113305fb_ZaxeF6lE (4c459285-5064-4fcc-843f-6ffc3cc2e34c)
2019-06-26 09:46:23.271 22705 RALLYDEBUG rally_openstack.cleanup.manager [-] Deleting neutron.port object s_rally_113305fb_a5nDElGM (4c60a19b-8545-42b4-baf2-322ae1f8f38e)
2019-06-26 09:46:23.623 22705 RALLYDEBUG rally_openstack.cleanup.manager [-] Deleting neutron.port object s_rally_113305fb_SA0K9vcF (4caae35f-de1c-49d8-b331-fd77e1959f3e)
2019-06-26 09:46:23.624 22705 RALLYDEBUG rally_openstack.cleanup.manager [-] Deleting neutron.port object s_rally_113305fb_R3HOnzoM (4fe71bf8-1b72-4354-be8e-31b2ab4caf1b)
2019-06-26 09:46:23.798 22705 RALLYDEBUG rally_openstack.cleanup.manager [-] Deleting neutron.port object s_rally_113305fb_SOo2sJ3W (52a611d6-cf22-441e-88f6-cfeedf4bcf51)
2019-06-26 09:46:23.961 22705 RALLYDEBUG rally_openstack.cleanup.manager [-] Deleting neutron.port object s_rally_113305fb_reBkxrzD (536ffb79-6dde-4f0e-8b16-7521094fb834)
2019-06-26 09:46:23.999 22705 RALLYDEBUG rally_openstack.cleanup.manager [-] Deleting neutron.port object s_rally_113305fb_fqpySdgI (53715902-c01d-4dfd-986b-e86a728a967c)
2019-06-26 09:46:24.068 22705 RALLYDEBUG rally_openstack.cleanup.manager [-] Deleting neutron.port object s_rally_113305fb_l7iADDaX (550a276e-1efb-4613-9f22-5fb477dd5fb5)
2019-06-26 09:46:24.388 22705 RALLYDEBUG rally_openstack.cleanup.manager [-] Deleting neutron.port object s_rally_113305fb_nfXlv07a (5b267e36-7bdb-4ab8-ae9b-8ed99ed24c6d)
2019-06-26 09:46:24.884 22705 RALLYDEBUG rally_openstack.cleanup.manager [-] Deleting neutron.port object s_rally_113305fb_OhmJNSg4 (5bb03edc-1b2f-47ba-b8b8-3a078a798c8e)
2019-06-26 09:46:25.073 22705 RALLYDEBUG rally_openstack.cleanup.manager [-] Deleting neutron.port object s_rally_113305fb_LbZ4OcIH (5bd5fc31-5f93-49fa-a93e-62312e830864)
2019-06-26 09:46:25.080 22705 RALLYDEBUG rally_openstack.cleanup.manager [-] Deleting neutron.port object s_rally_113305fb_bQrufGk4 (5c1689db-d4dd-436b-b6e8-e6d4ddb0c0e6)
2019-06-26 09:46:25.405 22705 RALLYDEBUG rally_openstack.cleanup.manager [-] Deleting neutron.port object s_rally_113305fb_LRThR7eh (5c95c222-b2db-4bca-9a64-8e63a4995fba)
2019-06-26 09:46:25.609 22705 RALLYDEBUG rally_openstack.cleanup.manager [-] Deleting neutron.port object s_rally_113305fb_nxMqmq0w (5d1b1c70-a999-44c3-abfc-29b982fb2855)
2019-06-26 09:46:25.696 22705 RALLYDEBUG rally_openstack.cleanup.manager [-] Deleting neutron.port object s_rally_113305fb_yIgKpCob (5e26bf68-6ede-423b-8532-6f8eacb0eff7)
2019-06-26 09:46:25.757 22705 RALLYDEBUG rally_openstack.cleanup.manager [-] Deleting neutron.port object s_rally_113305fb_D6XKQPr5 (5e691c94-7255-4f7d-bc01-aa03df3e6733)
2019-06-26 09:46:25.764 22705 RALLYDEBUG rally_openstack.cleanup.manager [-] Deleting neutron.port object s_rally_113305fb_BbczrAJ7 (5ec7570d-5c14-45e9-9043-992af3d6306c)
2019-06-26 09:46:26.054 22705 RALLYDEBUG rally_openstack.cleanup.manager [-] Deleting neutron.port object s_rally_113305fb_UQS7xINE (5ed2d791-57c9-4ef4-8bf4-fe7ba5855e4b)
2019-06-26 09:46:26.099 22705 RALLYDEBUG rally_openstack.cleanup.manager [-] Deleting neutron.port object s_rally_113305fb_NIU8u4ol (5ee074ff-c40b-4a88-8cb7-2300435e5520)
