2019-06-26 09:47:43.082 26952 WARNING rally_openstack.scenarios.neutron.utils [-] Running this scenario without either the 'network' or 'existing_network' context is deprecated
2019-06-26 09:47:47.295 26951 INFO rally.task.runner [-] Task 4533918e-6360-4037-8179-fae913ec2080 | ITER: 26 END: OK
2019-06-26 09:47:47.300 26951 INFO rally.task.runner [-] Task 4533918e-6360-4037-8179-fae913ec2080 | ITER: 40 START
2019-06-26 09:47:47.301 26951 WARNING rally_openstack.scenarios.neutron.utils [-] Running this scenario without either the 'network' or 'existing_network' context is deprecated
2019-06-26 09:47:47.315 26952 INFO rally.task.runner [-] Task 4533918e-6360-4037-8179-fae913ec2080 | ITER: 25 END: OK
2019-06-26 09:47:48.084 26954 INFO rally.task.runner [-] Task 4533918e-6360-4037-8179-fae913ec2080 | ITER: 9 END: OK
2019-06-26 09:47:48.100 26953 INFO rally.task.runner [-] Task 4533918e-6360-4037-8179-fae913ec2080 | ITER: 7 END: OK
2019-06-26 09:47:48.369 26953 INFO rally.task.runner [-] Task 4533918e-6360-4037-8179-fae913ec2080 | ITER: 5 END: OK
2019-06-26 09:47:48.564 26986 INFO rally.task.runner [-] Task 4533918e-6360-4037-8179-fae913ec2080 | ITER: 16 END: OK
2019-06-26 09:47:49.282 26954 INFO rally.task.runner [-] Task 4533918e-6360-4037-8179-fae913ec2080 | ITER: 35 END: OK
2019-06-26 09:47:49.758 26989 INFO rally.task.runner [-] Task 4533918e-6360-4037-8179-fae913ec2080 | ITER: 33 END: OK
2019-06-26 09:47:50.823 26951 INFO rally.task.runner [-] Task 4533918e-6360-4037-8179-fae913ec2080 | ITER: 34 END: OK
2019-06-26 09:47:50.888 26956 INFO rally.task.runner [-] Task 4533918e-6360-4037-8179-fae913ec2080 | ITER: 38 END: OK
2019-06-26 09:47:51.388 26952 INFO rally.task.runner [-] Task 4533918e-6360-4037-8179-fae913ec2080 | ITER: 39 END: OK
2019-06-26 09:47:53.422 26980 INFO rally.task.runner [-] Task 4533918e-6360-4037-8179-fae913ec2080 | ITER: 31 END: OK
2019-06-26 09:47:53.961 26983 INFO rally.task.runner [-] Task 4533918e-6360-4037-8179-fae913ec2080 | ITER: 32 END: OK
2019-06-26 09:47:53.983 26974 INFO rally.task.runner [-] Task 4533918e-6360-4037-8179-fae913ec2080 | ITER: 12 END: OK
2019-06-26 09:47:55.211 26962 INFO rally.task.runner [-] Task 4533918e-6360-4037-8179-fae913ec2080 | ITER: 10 END: OK
2019-06-26 09:47:55.522 26968 INFO rally.task.runner [-] Task 4533918e-6360-4037-8179-fae913ec2080 | ITER: 11 END: OK
2019-06-26 09:47:55.622 26977 INFO rally.task.runner [-] Task 4533918e-6360-4037-8179-fae913ec2080 | ITER: 13 END: OK
2019-06-26 09:47:55.624 26996 INFO rally.task.runner [-] Task 4533918e-6360-4037-8179-fae913ec2080 | ITER: 20 END: OK
2019-06-26 09:47:55.986 26995 INFO rally.task.runner [-] Task 4533918e-6360-4037-8179-fae913ec2080 | ITER: 36 END: OK
2019-06-26 09:47:56.838 26990 INFO rally.task.runner [-] Task 4533918e-6360-4037-8179-fae913ec2080 | ITER: 37 END: OK
2019-06-26 09:47:58.220 26951 INFO rally.task.runner [-] Task 4533918e-6360-4037-8179-fae913ec2080 | ITER: 40 END: OK
2019-06-26 09:47:58.246 22705 INFO rally.task.context [-] Task 4533918e-6360-4037-8179-fae913ec2080 | Context cleanup@openstack cleanup() started
2019-06-26 09:47:58.249 22705 RALLYDEBUG rally_openstack.cleanup.manager [-] Cleaning up neutron vip objects
2019-06-26 09:47:58.959 22705 RALLYDEBUG rally_openstack.cleanup.manager [-] Cleaning up neutron health_monitor objects
2019-06-26 09:47:59.654 22705 RALLYDEBUG rally_openstack.cleanup.manager [-] Cleaning up neutron pool objects
2019-06-26 09:48:00.293 22705 RALLYDEBUG rally_openstack.cleanup.manager [-] Cleaning up neutron loadbalancer objects
2019-06-26 09:48:00.939 22705 RALLYDEBUG rally_openstack.cleanup.manager [-] Cleaning up neutron floatingip objects
2019-06-26 09:48:01.693 22705 RALLYDEBUG rally_openstack.cleanup.manager [-] Cleaning up neutron port objects
2019-06-26 09:48:02.361 22705 RALLYDEBUG rally_openstack.cleanup.manager [-] Cleaning up neutron subnet objects
2019-06-26 09:48:03.098 22705 RALLYDEBUG rally_openstack.cleanup.manager [-] Cleaning up neutron network objects
2019-06-26 09:48:04.166 22705 RALLYDEBUG rally_openstack.cleanup.manager [-] Deleting neutron.network object s_rally_ac14fde5_k8Ls6f69 (0ce8e085-e0d4-496f-acb8-62beda528522)
2019-06-26 09:48:04.167 22705 RALLYDEBUG rally_openstack.cleanup.manager [-] Deleting neutron.network object s_rally_ac14fde5_NwwEGE2R (2d52da09-2e12-4f54-a033-32431d40bf0f)
2019-06-26 09:48:04.174 22705 RALLYDEBUG rally_openstack.cleanup.manager [-] Deleting neutron.network object s_rally_ac14fde5_v88kzeTQ (101f7c00-e6cf-4e94-a49b-69a0e358515b)
2019-06-26 09:48:04.174 22705 RALLYDEBUG rally_openstack.cleanup.manager [-] Deleting neutron.network object s_rally_ac14fde5_qCcdCkmg (2c90a8fb-7e7b-4b48-9e8a-da333e9568a2)
2019-06-26 09:48:04.179 22705 RALLYDEBUG rally_openstack.cleanup.manager [-] Deleting neutron.network object s_rally_ac14fde5_k1Uay3Um (4063cf50-dd23-4412-bd38-9e28eed08192)
2019-06-26 09:48:04.180 22705 RALLYDEBUG rally_openstack.cleanup.manager [-] Deleting neutron.network object s_rally_ac14fde5_tiJIBjZs (11eec472-2598-4a39-ac42-0b7206afa787)
2019-06-26 09:48:04.180 22705 RALLYDEBUG rally_openstack.cleanup.manager [-] Deleting neutron.network object s_rally_ac14fde5_seVjvuMC (178638a2-c457-4c10-95d5-18c708c58967)
2019-06-26 09:48:04.184 22705 RALLYDEBUG rally_openstack.cleanup.manager [-] Deleting neutron.network object s_rally_ac14fde5_jVYKbEYT (2d248d4e-9f4d-4fe6-a0d2-fba655fc4dd4)
2019-06-26 09:48:04.187 22705 RALLYDEBUG rally_openstack.cleanup.manager [-] Deleting neutron.network object s_rally_ac14fde5_mEnDTXde (0ae0025f-2ad9-440c-91ae-c3e04c802074)
2019-06-26 09:48:04.187 22705 RALLYDEBUG rally_openstack.cleanup.manager [-] Deleting neutron.network object s_rally_ac14fde5_M8IgDZSQ (368119da-60e4-48af-aef9-846758b0bed5)
2019-06-26 09:48:04.195 22705 RALLYDEBUG rally_openstack.cleanup.manager [-] Deleting neutron.network object s_rally_ac14fde5_xCWizcs0 (2bc2d72e-d201-401f-8bb1-70113940ab84)
2019-06-26 09:48:04.197 22705 RALLYDEBUG rally_openstack.cleanup.manager [-] Deleting neutron.network object s_rally_ac14fde5_U0BX4Akj (4354d892-6378-4a5c-905a-717af8d0560f)
2019-06-26 09:48:04.207 22705 RALLYDEBUG rally_openstack.cleanup.manager [-] Deleting neutron.network object s_rally_ac14fde5_KrKbmC26 (4a736545-5991-4a34-824a-6f6e7c2058a9)
2019-06-26 09:48:04.221 22705 RALLYDEBUG rally_openstack.cleanup.manager [-] Deleting neutron.network object s_rally_ac14fde5_sMAmiBc6 (4bc612ab-7fd7-4aad-9021-c9bb60155837)
2019-06-26 09:48:04.233 22705 RALLYDEBUG rally_openstack.cleanup.manager [-] Deleting neutron.network object s_rally_ac14fde5_71A3ppWc (54ec028a-7333-4b16-a794-21bff0f4c8b6)
2019-06-26 09:48:04.240 22705 RALLYDEBUG rally_openstack.cleanup.manager [-] Deleting neutron.network object s_rally_ac14fde5_zSI42x2Z (57b126b2-4f94-4da4-ba36-16bdfc387f33)
2019-06-26 09:48:04.244 22705 RALLYDEBUG rally_openstack.cleanup.manager [-] Deleting neutron.network object s_rally_ac14fde5_6hDPqyVe (58b0628e-4927-4ba7-8f2b-5ca8d0d53f92)
2019-06-26 09:48:04.265 22705 RALLYDEBUG rally_openstack.cleanup.manager [-] Deleting neutron.network object s_rally_ac14fde5_CWD4AYTc (64c99b6c-aa15-4009-8bc2-7d4fbc8e6e82)
2019-06-26 09:48:04.297 22705 RALLYDEBUG rally_openstack.cleanup.manager [-] Deleting neutron.network object s_rally_ac14fde5_TXz2ocFf (7ccbbf1a-731e-465c-a2e9-9bc576ef1597)
2019-06-26 09:48:04.319 22705 RALLYDEBUG rally_openstack.cleanup.manager [-] Deleting neutron.network object s_rally_ac14fde5_ljL9jxaJ (84024d7c-0ea3-44a7-90c5-8b8253b3c77c)
2019-06-26 09:48:07.156 22705 RALLYDEBUG rally_openstack.cleanup.manager [-] Deleting neutron.network object s_rally_ac14fde5_NT5A89JG (88244d58-9c99-46b2-aa32-0ccd81106b89)
2019-06-26 09:48:07.244 22705 RALLYDEBUG rally_openstack.cleanup.manager [-] Deleting neutron.network object s_rally_ac14fde5_0moKOPP5 (93bf3668-d875-426a-b5a6-6d4c44e79125)
2019-06-26 09:48:07.347 22705 RALLYDEBUG rally_openstack.cleanup.manager [-] Deleting neutron.network object s_rally_ac14fde5_rh6VGw2I (97eb5c09-2740-45e8-9e57-ad7e069d0ba3)
2019-06-26 09:48:07.368 22705 RALLYDEBUG rally_openstack.cleanup.manager [-] Deleting neutron.network object s_rally_ac14fde5_6RwtL56H (9d340e06-4896-49a0-b562-34ff45e0d36e)
2019-06-26 09:48:07.608 22705 RALLYDEBUG rally_openstack.cleanup.manager [-] Deleting neutron.network object s_rally_ac14fde5_j53Gg26K (a28d0d0b-cad9-44d2-ad80-fe5b746d95dc)
2019-06-26 09:48:08.074 22705 RALLYDEBUG rally_openstack.cleanup.manager [-] Deleting neutron.network object s_rally_ac14fde5_ZLegMwIG (a939d203-ff33-4c6e-bbac-2d21eb3f8f24)
2019-06-26 09:48:08.489 22705 RALLYDEBUG rally_openstack.cleanup.manager [-] Deleting neutron.network object s_rally_ac14fde5_M0Xmwhel (ac5fa2c2-f5fe-446c-84ce-ae5ee0e2feee)
2019-06-26 09:48:08.770 22705 RALLYDEBUG rally_openstack.cleanup.manager [-] Deleting neutron.network object s_rally_ac14fde5_GtbqcDcx (bb54bd56-48bf-42b6-99f9-4c76f4e3c97a)
2019-06-26 09:48:09.203 22705 RALLYDEBUG rally_openstack.cleanup.manager [-] Deleting neutron.network object s_rally_ac14fde5_Fgcmsg8a (bf2cd493-bcef-40d0-a631-18e8a7926c12)
2019-06-26 09:48:09.489 22705 RALLYDEBUG rally_openstack.cleanup.manager [-] Deleting neutron.network object s_rally_ac14fde5_9MzRvZ0T (c1dd2199-5577-4cbc-b8fc-f0f5750f832e)
2019-06-26 09:48:10.224 22705 RALLYDEBUG rally_openstack.cleanup.manager [-] Deleting neutron.network object s_rally_ac14fde5_SirA5Ts0 (c5b3c965-9b40-4d2f-ac47-b9a36ab37239)
2019-06-26 09:48:10.658 22705 RALLYDEBUG rally_openstack.cleanup.manager [-] Deleting neutron.network object s_rally_ac14fde5_Ajs98Xfo (dc44db1f-9bf0-4fb1-a5e8-1e0145b0aaec)
2019-06-26 09:48:10.781 22705 RALLYDEBUG rally_openstack.cleanup.manager [-] Deleting neutron.network object s_rally_ac14fde5_GSfjvfC6 (e0e9aea7-f771-4c0b-8982-42bf5cfa4d6d)
2019-06-26 09:48:10.901 22705 RALLYDEBUG rally_openstack.cleanup.manager [-] Deleting neutron.network object s_rally_ac14fde5_J9JMD2hF (e98680a9-38a4-4155-806c-c810d049aa67)
2019-06-26 09:48:10.992 22705 RALLYDEBUG rally_openstack.cleanup.manager [-] Deleting neutron.network object s_rally_ac14fde5_e9E20NR1 (ec27663a-a0a6-4bd4-ad80-a4e014f45fe3)
2019-06-26 09:48:10.992 22705 RALLYDEBUG rally_openstack.cleanup.manager [-] Deleting neutron.network object s_rally_ac14fde5_ejEAaIt9 (f42c6a36-2ef7-43d2-b5d1-de11ceb5c870)
2019-06-26 09:48:10.993 22705 RALLYDEBUG rally_openstack.cleanup.manager [-] Deleting neutron.network object s_rally_ac14fde5_tf1Bk5ql (ea92d0b0-454b-462c-82dc-b4185ec1f139)
2019-06-26 09:48:11.048 22705 RALLYDEBUG rally_openstack.cleanup.manager [-] Deleting neutron.network object s_rally_ac14fde5_GHC5dGuk (f6a29f52-233e-4a4b-b54e-ded5abb935a2)
2019-06-26 09:48:11.317 22705 RALLYDEBUG rally_openstack.cleanup.manager [-] Deleting neutron.network object s_rally_ac14fde5_cZRnlMVu (f8d031a4-2471-453d-b608-52e561dcebfa)
2019-06-26 09:48:11.385 22705 RALLYDEBUG rally_openstack.cleanup.manager [-] Deleting neutron.network object s_rally_ac14fde5_ZEx7zVBK (fc866aae-cb7e-4176-834e-772f2d0bded9)
2019-06-26 09:48:14.545 22705 RALLYDEBUG rally_openstack.cleanup.manager [-] Cleaning up neutron router objects
2019-06-26 09:48:15.603 22705 RALLYDEBUG rally_openstack.cleanup.manager [-] Cleaning up neutron security_group objects
2019-06-26 09:48:16.248 22705 INFO rally.task.context [-] Task 4533918e-6360-4037-8179-fae913ec2080 | Context cleanup@openstack cleanup() finished in 18.00 sec
2019-06-26 09:48:16.248 22705 INFO rally.task.context [-] Task 4533918e-6360-4037-8179-fae913ec2080 | Context quotas@openstack cleanup() started
2019-06-26 09:48:16.467 22705 INFO rally.task.context [-] Task 4533918e-6360-4037-8179-fae913ec2080 | Context quotas@openstack cleanup() finished in 0.22 sec
2019-06-26 09:48:16.467 22705 INFO rally.task.context [-] Task 4533918e-6360-4037-8179-fae913ec2080 | Context users@openstack cleanup() started
2019-06-26 09:48:20.953 22705 INFO rally.task.context [-] Task 4533918e-6360-4037-8179-fae913ec2080 | Context users@openstack cleanup() finished in 4.49 sec
2019-06-26 09:48:22.788 22705 INFO rally.task.engine [-] Load duration is: 44.895274
2019-06-26 09:48:22.788 22705 INFO rally.task.engine [-] Full runner duration is: 44.948017
2019-06-26 09:48:22.788 22705 INFO rally.task.engine [-] Full duration is: 72.471855
2019-06-26 09:48:23.091 22705 INFO rally.task.engine [-] Running workload: position = 0 config = { "version": 2, "title": "A cropped version of a bigger task.", "description": "Auto-generated task from a single workload (uuid=82198875-9f63-402a-868a-37b44b9653e5)", "subtasks": [ { "title": "Quotas.neutron_update", "description": "Update quotas for neutron.", "scenario": { "Quotas.neutron_update": { "max_quota": 1024 } }, "contexts": { "users": { "tenants": 20, "users_per_tenant": 1 } }, "runner": { "constant": { "times": 40, "concurrency": 20 } }, "hooks": [], "sla": { "failure_rate": { "max": 0 } } } ] }
2019-06-26 09:48:23.112 22705 RALLYDEBUG rally_openstack.contexts.keystone.users [-] Creating 20 tenants using 20 threads
2019-06-26 09:48:27.192 22705 RALLYDEBUG rally_openstack.contexts.keystone.users [-] Creating 20 users using 20 threads
2019-06-26 09:48:32.899 22705 INFO rally.task.context [-] Task 4533918e-6360-4037-8179-fae913ec2080 | Context users@openstack setup() finished in 9.79 sec
2019-06-26 09:48:32.900 22705 INFO rally.task.context [-] Task 4533918e-6360-4037-8179-fae913ec2080 | Context admin_cleanup@openstack setup() finished in 0.00 msec
2019-06-26 09:48:32.907 22705 RALLYDEBUG rally.task.runner [-] Starting the constant runner (task UUID: 4533918e-6360-4037-8179-fae913ec2080). timeout: 0 concurrency: 20 concurrency_per_worker: 1 times: 40 concurrency_overhead: 4 processes_to_start: 16 max_cpu_used: 16
2019-06-26 09:48:32.916 27321 RALLYDEBUG rally.task.runner [-] Starting a worker. concurrency: 2 args: {"max_quota": 1024} times: 40 method_name: run timeout: 0 duration: None cls:
2019-06-26 09:48:32.922 27321 INFO rally.task.runner [-] Task 4533918e-6360-4037-8179-fae913ec2080 | ITER: 1 START
2019-06-26 09:48:32.922 27322 RALLYDEBUG rally.task.runner [-] Starting a worker. concurrency: 2 args: {"max_quota": 1024} times: 40 method_name: run timeout: 0 duration: None cls:
2019-06-26 09:48:32.924 27323 RALLYDEBUG rally.task.runner [-] Starting a worker. concurrency: 2 args: {"max_quota": 1024} times: 40 method_name: run timeout: 0 duration: None cls:
2019-06-26 09:48:32.928 27321 INFO rally.task.runner [-] Task 4533918e-6360-4037-8179-fae913ec2080 | ITER: 2 START
2019-06-26 09:48:32.928 27327 RALLYDEBUG rally.task.runner [-] Starting a worker. concurrency: 1 args: {"max_quota": 1024} times: 40 method_name: run timeout: 0 duration: None cls:
2019-06-26 09:48:32.928 27324 RALLYDEBUG rally.task.runner [-] Starting a worker. concurrency: 2 args: {"max_quota": 1024} times: 40 method_name: run timeout: 0 duration: None cls:
2019-06-26 09:48:32.932 27329 RALLYDEBUG rally.task.runner [-] Starting a worker. concurrency: 1 args: {"max_quota": 1024} times: 40 method_name: run timeout: 0 duration: None cls:
2019-06-26 09:48:32.934 27323 INFO rally.task.runner [-] Task 4533918e-6360-4037-8179-fae913ec2080 | ITER: 4 START
2019-06-26 09:48:32.936 27327 INFO rally.task.runner [-] Task 4533918e-6360-4037-8179-fae913ec2080 | ITER: 5 START
2019-06-26 09:48:32.938 27322 INFO rally.task.runner [-] Task 4533918e-6360-4037-8179-fae913ec2080 | ITER: 3 START
2019-06-26 09:48:32.938 27332 RALLYDEBUG rally.task.runner [-] Starting a worker. concurrency: 1 args: {"max_quota": 1024} times: 40 method_name: run timeout: 0 duration: None cls:
2019-06-26 09:48:32.938 27322 INFO rally.task.runner [-] Task 4533918e-6360-4037-8179-fae913ec2080 | ITER: 7 START
2019-06-26 09:48:32.939 27329 INFO rally.task.runner [-] Task 4533918e-6360-4037-8179-fae913ec2080 | ITER: 9 START
2019-06-26 09:48:32.939 27324 INFO rally.task.runner [-] Task 4533918e-6360-4037-8179-fae913ec2080 | ITER: 6 START
2019-06-26 09:48:32.943 27337 RALLYDEBUG rally.task.runner [-] Starting a worker. concurrency: 1 args: {"max_quota": 1024} times: 40 method_name: run timeout: 0 duration: None cls:
2019-06-26 09:48:32.946 27343 RALLYDEBUG rally.task.runner [-] Starting a worker. concurrency: 1 args: {"max_quota": 1024} times: 40 method_name: run timeout: 0 duration: None cls:
2019-06-26 09:48:32.947 27323 INFO rally.task.runner [-] Task 4533918e-6360-4037-8179-fae913ec2080 | ITER: 8 START
2019-06-26 09:48:32.951 27332 INFO rally.task.runner [-] Task 4533918e-6360-4037-8179-fae913ec2080 | ITER: 11 START
2019-06-26 09:48:32.951 27347 RALLYDEBUG rally.task.runner [-] Starting a worker. concurrency: 1 args: {"max_quota": 1024} times: 40 method_name: run timeout: 0 duration: None cls:
2019-06-26 09:48:32.953 27337 INFO rally.task.runner [-] Task 4533918e-6360-4037-8179-fae913ec2080 | ITER: 12 START
2019-06-26 09:48:32.954 27343 INFO rally.task.runner [-] Task 4533918e-6360-4037-8179-fae913ec2080 | ITER: 13 START
2019-06-26 09:48:32.955 27349 RALLYDEBUG rally.task.runner [-] Starting a worker. concurrency: 1 args: {"max_quota": 1024} times: 40 method_name: run timeout: 0 duration: None cls:
2019-06-26 09:48:32.957 27324 INFO rally.task.runner [-] Task 4533918e-6360-4037-8179-fae913ec2080 | ITER: 10 START
2019-06-26 09:48:32.958 27347 INFO rally.task.runner [-] Task 4533918e-6360-4037-8179-fae913ec2080 | ITER: 14 START
2019-06-26 09:48:32.960 27349 INFO rally.task.runner [-] Task 4533918e-6360-4037-8179-fae913ec2080 | ITER: 15 START
2019-06-26 09:48:32.964 27354 RALLYDEBUG rally.task.runner [-] Starting a worker. concurrency: 1 args: {"max_quota": 1024} times: 40 method_name: run timeout: 0 duration: None cls:
2019-06-26 09:48:32.970 27357 RALLYDEBUG rally.task.runner [-] Starting a worker. concurrency: 1 args: {"max_quota": 1024} times: 40 method_name: run timeout: 0 duration: None cls:
2019-06-26 09:48:32.971 27360 RALLYDEBUG rally.task.runner [-] Starting a worker. concurrency: 1 args: {"max_quota": 1024} times: 40 method_name: run timeout: 0 duration: None cls:
2019-06-26 09:48:32.974 27354 INFO rally.task.runner [-] Task 4533918e-6360-4037-8179-fae913ec2080 | ITER: 16 START
2019-06-26 09:48:32.976 27361 RALLYDEBUG rally.task.runner [-] Starting a worker. concurrency: 1 args: {"max_quota": 1024} times: 40 method_name: run timeout: 0 duration: None cls:
2019-06-26 09:48:32.979 27357 INFO rally.task.runner [-] Task 4533918e-6360-4037-8179-fae913ec2080 | ITER: 17 START
2019-06-26 09:48:32.980 27360 INFO rally.task.runner [-] Task 4533918e-6360-4037-8179-fae913ec2080 | ITER: 18 START
2019-06-26 09:48:32.980 27364 RALLYDEBUG rally.task.runner [-] Starting a worker. concurrency: 1 args: {"max_quota": 1024} times: 40 method_name: run timeout: 0 duration: None cls:
2019-06-26 09:48:32.981 27361 INFO rally.task.runner [-] Task 4533918e-6360-4037-8179-fae913ec2080 | ITER: 19 START
2019-06-26 09:48:32.984 27364 INFO rally.task.runner [-] Task 4533918e-6360-4037-8179-fae913ec2080 | ITER: 20 START
2019-06-26 09:48:34.413 27343 INFO rally.task.runner [-] Task 4533918e-6360-4037-8179-fae913ec2080 | ITER: 13 END: OK
2019-06-26 09:48:34.418 27343 INFO rally.task.runner [-] Task 4533918e-6360-4037-8179-fae913ec2080 | ITER: 21 START
2019-06-26 09:48:34.446 27321 INFO rally.task.runner [-] Task 4533918e-6360-4037-8179-fae913ec2080 | ITER: 1 END: OK
2019-06-26 09:48:34.447 27347 INFO rally.task.runner [-] Task 4533918e-6360-4037-8179-fae913ec2080 | ITER: 14 END: OK
2019-06-26 09:48:34.453 27321 INFO rally.task.runner [-] Task 4533918e-6360-4037-8179-fae913ec2080 | ITER: 22 START
2019-06-26 09:48:34.453 27347 INFO rally.task.runner [-] Task 4533918e-6360-4037-8179-fae913ec2080 | ITER: 23 START
2019-06-26 09:48:34.475 27322 INFO rally.task.runner [-] Task 4533918e-6360-4037-8179-fae913ec2080 | ITER: 3 END: OK
2019-06-26 09:48:34.478 27327 INFO rally.task.runner [-] Task 4533918e-6360-4037-8179-fae913ec2080 | ITER: 5 END: OK
2019-06-26 09:48:34.480 27322 INFO rally.task.runner [-] Task 4533918e-6360-4037-8179-fae913ec2080 | ITER: 24 START
2019-06-26 09:48:34.483 27327 INFO rally.task.runner [-] Task 4533918e-6360-4037-8179-fae913ec2080 | ITER: 25 START
2019-06-26 09:48:34.565 27332 INFO rally.task.runner [-] Task 4533918e-6360-4037-8179-fae913ec2080 | ITER: 11 END: OK
2019-06-26 09:48:34.571 27332 INFO rally.task.runner [-] Task 4533918e-6360-4037-8179-fae913ec2080 | ITER: 26 START
2019-06-26 09:48:34.596 27337 INFO rally.task.runner [-] Task 4533918e-6360-4037-8179-fae913ec2080 | ITER: 12 END: OK
2019-06-26 09:48:34.602 27337 INFO rally.task.runner [-] Task 4533918e-6360-4037-8179-fae913ec2080 | ITER: 27 START
2019-06-26 09:48:34.630 27322 INFO rally.task.runner [-] Task 4533918e-6360-4037-8179-fae913ec2080 | ITER: 7 END: OK
2019-06-26 09:48:34.631 27321 INFO rally.task.runner [-] Task 4533918e-6360-4037-8179-fae913ec2080 | ITER: 2 END: OK
2019-06-26 09:48:34.637 27322 INFO rally.task.runner [-] Task 4533918e-6360-4037-8179-fae913ec2080 | ITER: 28 START
2019-06-26 09:48:34.637 27321 INFO rally.task.runner [-] Task 4533918e-6360-4037-8179-fae913ec2080 | ITER: 29 START
2019-06-26 09:48:34.648 27323 INFO rally.task.runner [-] Task 4533918e-6360-4037-8179-fae913ec2080 | ITER: 8 END: OK
2019-06-26 09:48:34.654 27323 INFO rally.task.runner [-] Task 4533918e-6360-4037-8179-fae913ec2080 | ITER: 30 START
2019-06-26 09:48:34.691 27329 INFO rally.task.runner [-] Task 4533918e-6360-4037-8179-fae913ec2080 | ITER: 9 END: OK
2019-06-26 09:48:34.697 27329 INFO rally.task.runner [-] Task 4533918e-6360-4037-8179-fae913ec2080 | ITER: 31 START
2019-06-26 09:48:34.744 27349 INFO rally.task.runner [-] Task 4533918e-6360-4037-8179-fae913ec2080 | ITER: 15 END: OK
2019-06-26 09:48:34.750 27349 INFO rally.task.runner [-] Task 4533918e-6360-4037-8179-fae913ec2080 | ITER: 32 START
2019-06-26 09:48:34.797 27361 INFO rally.task.runner [-] Task 4533918e-6360-4037-8179-fae913ec2080 | ITER: 19 END: OK
2019-06-26 09:48:34.807 27361 INFO rally.task.runner [-] Task 4533918e-6360-4037-8179-fae913ec2080 | ITER: 33 START
2019-06-26 09:48:34.813 27354 INFO rally.task.runner [-] Task 4533918e-6360-4037-8179-fae913ec2080 | ITER: 16 END: OK
2019-06-26 09:48:34.817 27360 INFO rally.task.runner [-] Task 4533918e-6360-4037-8179-fae913ec2080 | ITER: 18 END: OK
2019-06-26 09:48:34.818 27354 INFO rally.task.runner [-] Task 4533918e-6360-4037-8179-fae913ec2080 | ITER: 34 START
2019-06-26 09:48:34.819 27357 INFO rally.task.runner [-] Task 4533918e-6360-4037-8179-fae913ec2080 | ITER: 17 END: OK
2019-06-26 09:48:34.823 27360 INFO rally.task.runner [-] Task 4533918e-6360-4037-8179-fae913ec2080 | ITER: 35 START
2019-06-26 09:48:34.826 27357 INFO rally.task.runner [-] Task 4533918e-6360-4037-8179-fae913ec2080 | ITER: 36 START
2019-06-26 09:48:34.833 27323 INFO rally.task.runner [-] Task 4533918e-6360-4037-8179-fae913ec2080 | ITER: 4 END: OK
2019-06-26 09:48:34.838 27323 INFO rally.task.runner [-] Task 4533918e-6360-4037-8179-fae913ec2080 | ITER: 37 START
2019-06-26 09:48:34.859 27324 INFO rally.task.runner [-] Task 4533918e-6360-4037-8179-fae913ec2080 | ITER: 10 END: OK
2019-06-26 09:48:34.859 27364 INFO rally.task.runner [-] Task 4533918e-6360-4037-8179-fae913ec2080 | ITER: 20 END: OK
2019-06-26 09:48:34.864 27324 INFO rally.task.runner [-] Task 4533918e-6360-4037-8179-fae913ec2080 | ITER: 38 START
2019-06-26 09:48:34.865 27364 INFO rally.task.runner [-] Task 4533918e-6360-4037-8179-fae913ec2080 | ITER: 39 START
2019-06-26 09:48:34.869 27324 INFO rally.task.runner [-] Task 4533918e-6360-4037-8179-fae913ec2080 | ITER: 6 END: OK
2019-06-26 09:48:34.874 27324 INFO rally.task.runner [-] Task 4533918e-6360-4037-8179-fae913ec2080 | ITER: 40 START
2019-06-26 09:48:35.752 27343 INFO rally.task.runner [-] Task 4533918e-6360-4037-8179-fae913ec2080 | ITER: 21 END: OK
2019-06-26 09:48:35.760 27347 INFO rally.task.runner [-] Task 4533918e-6360-4037-8179-fae913ec2080 | ITER: 23 END: OK
2019-06-26 09:48:35.779 27322 INFO rally.task.runner [-] Task 4533918e-6360-4037-8179-fae913ec2080 | ITER: 24 END: OK
2019-06-26 09:48:35.827 27327 INFO rally.task.runner [-] Task 4533918e-6360-4037-8179-fae913ec2080 | ITER: 25 END: OK
2019-06-26 09:48:35.886 27321 INFO rally.task.runner [-] Task 4533918e-6360-4037-8179-fae913ec2080 | ITER: 22 END: OK
2019-06-26 09:48:36.003 27322 INFO rally.task.runner [-] Task 4533918e-6360-4037-8179-fae913ec2080 | ITER: 28 END: OK
2019-06-26 09:48:36.013 27337 INFO rally.task.runner [-] Task 4533918e-6360-4037-8179-fae913ec2080 | ITER: 27 END: OK
2019-06-26 09:48:36.105 27329 INFO rally.task.runner [-] Task 4533918e-6360-4037-8179-fae913ec2080 | ITER: 31 END: OK
2019-06-26 09:48:36.115 27349 INFO rally.task.runner [-] Task 4533918e-6360-4037-8179-fae913ec2080 | ITER: 32 END: OK
2019-06-26 09:48:36.124 27323 INFO rally.task.runner [-] Task 4533918e-6360-4037-8179-fae913ec2080 | ITER: 30 END: OK
2019-06-26 09:48:36.133 27332 INFO rally.task.runner [-] Task 4533918e-6360-4037-8179-fae913ec2080 | ITER: 26 END: OK
2019-06-26 09:48:36.145 27361 INFO rally.task.runner [-] Task 4533918e-6360-4037-8179-fae913ec2080 | ITER: 33 END: OK
2019-06-26 09:48:36.157 27321 INFO rally.task.runner [-] Task 4533918e-6360-4037-8179-fae913ec2080 | ITER: 29 END: OK
2019-06-26 09:48:36.189 27354 INFO rally.task.runner [-] Task 4533918e-6360-4037-8179-fae913ec2080 | ITER: 34 END: OK
2019-06-26 09:48:36.201 27360 INFO rally.task.runner [-] Task 4533918e-6360-4037-8179-fae913ec2080 | ITER: 35 END: OK
2019-06-26 09:48:36.201 27357 INFO rally.task.runner [-] Task 4533918e-6360-4037-8179-fae913ec2080 | ITER: 36 END: OK
2019-06-26 09:48:36.242 27364 INFO rally.task.runner [-] Task 4533918e-6360-4037-8179-fae913ec2080 | ITER: 39 END: OK
2019-06-26 09:48:36.268 27323 INFO rally.task.runner [-] Task 4533918e-6360-4037-8179-fae913ec2080 | ITER: 37 END: OK
2019-06-26 09:48:36.285 27324 INFO rally.task.runner [-] Task 4533918e-6360-4037-8179-fae913ec2080 | ITER: 40 END: OK
2019-06-26 09:48:36.288 27324 INFO rally.task.runner [-] Task 4533918e-6360-4037-8179-fae913ec2080 | ITER: 38 END: OK
2019-06-26 09:48:36.313 22705 INFO rally.task.context [-] Task 4533918e-6360-4037-8179-fae913ec2080 | Context admin_cleanup@openstack cleanup() started
2019-06-26 09:48:36.315 22705 RALLYDEBUG rally_openstack.cleanup.manager [-] Cleaning up neutron quota objects
2019-06-26 09:48:39.860 22705 INFO rally.task.context [-] Task 4533918e-6360-4037-8179-fae913ec2080 | Context admin_cleanup@openstack cleanup() finished in 3.55 sec
2019-06-26 09:48:39.861 22705 INFO rally.task.context [-] Task 4533918e-6360-4037-8179-fae913ec2080 | Context users@openstack cleanup() started
2019-06-26 09:49:07.240 22705 INFO rally.task.context [-] Task 4533918e-6360-4037-8179-fae913ec2080 | Context users@openstack cleanup() finished in 27.38 sec
2019-06-26 09:49:07.335 22705 INFO rally.task.engine [-] Load duration is: 3.362403
2019-06-26 09:49:07.335 22705 INFO rally.task.engine [-] Full runner duration is: 3.406325
2019-06-26 09:49:07.336 22705 INFO rally.task.engine [-] Full duration is: 44.129932
2019-06-26 09:49:07.601 22705 INFO rally.task.engine [-] Running workload: position = 0 config = { "version": 2, "title": "A cropped version of a bigger task.", "description": "Auto-generated task from a single workload (uuid=ab775a98-fde4-4674-bfc3-03cedc0957d6)", "subtasks": [ { "title": "NeutronTrunks.create_and_list_trunk_subports", "description": "", "scenario": { "NeutronTrunks.create_and_list_trunk_subports": { "subport_count": 125 } }, "contexts": { "users": { "tenants": 1, "users_per_tenant": 1 }, "quotas": { "neutron": { "network": -1, "port": 1000 } } }, "runner": { "constant": { "times": 4, "concurrency": 4 } }, "hooks": [], "sla": { "failure_rate": { "max": 0 } } } ] }
2019-06-26 09:49:07.621 22705 RALLYDEBUG rally_openstack.contexts.keystone.users [-] Creating 1 tenants using 20 threads
2019-06-26 09:49:09.400 22705 RALLYDEBUG rally_openstack.contexts.keystone.users [-] Creating 1 users using 20 threads
2019-06-26 09:49:11.718 22705 INFO rally.task.context [-] Task 4533918e-6360-4037-8179-fae913ec2080 | Context users@openstack setup() finished in 4.10 sec
2019-06-26 09:49:12.807 22705 INFO rally.task.context [-] Task 4533918e-6360-4037-8179-fae913ec2080 | Context quotas@openstack setup() finished in 1.09 sec
2019-06-26 09:49:12.807 22705 INFO rally.task.context [-] Task 4533918e-6360-4037-8179-fae913ec2080 | Context cleanup@openstack setup() finished in 0.01 msec
2019-06-26 09:49:12.814 22705 RALLYDEBUG rally.task.runner [-] Starting the constant runner (task UUID: 4533918e-6360-4037-8179-fae913ec2080). timeout: 0 concurrency: 4 concurrency_per_worker: 1 times: 4 concurrency_overhead: 0 processes_to_start: 4 max_cpu_used: 16
2019-06-26 09:49:12.828 27511 RALLYDEBUG rally.task.runner [-] Starting a worker. concurrency: 1 args: {"subport_count": 125} times: 4 method_name: run timeout: 0 duration: None cls:
2019-06-26 09:49:12.831 27512 RALLYDEBUG rally.task.runner [-] Starting a worker. concurrency: 1 args: {"subport_count": 125} times: 4 method_name: run timeout: 0 duration: None cls:
2019-06-26 09:49:12.833 27511 INFO rally.task.runner [-] Task 4533918e-6360-4037-8179-fae913ec2080 | ITER: 1 START
2019-06-26 09:49:12.833 27514 RALLYDEBUG rally.task.runner [-] Starting a worker. concurrency: 1 args: {"subport_count": 125} times: 4 method_name: run timeout: 0 duration: None cls:
2019-06-26 09:49:12.833 27513 RALLYDEBUG rally.task.runner [-] Starting a worker. concurrency: 1 args: {"subport_count": 125} times: 4 method_name: run timeout: 0 duration: None cls:
2019-06-26 09:49:12.836 27512 INFO rally.task.runner [-] Task 4533918e-6360-4037-8179-fae913ec2080 | ITER: 2 START
2019-06-26 09:49:12.837 27514 INFO rally.task.runner [-] Task 4533918e-6360-4037-8179-fae913ec2080 | ITER: 3 START
2019-06-26 09:49:12.838 27513 INFO rally.task.runner [-] Task 4533918e-6360-4037-8179-fae913ec2080 | ITER: 4 START
2019-06-26 09:51:42.393 27513 WARNING rally.task.atomic [-] 'optional_action_timer' is deprecated since rally v0.10.0.Please use action_timer instead, we have improved atomic actions, now do not need to explicitly close original action.
2019-06-26 09:51:42.432 27513 WARNING rally.task.atomic [-] 'optional_action_timer' is deprecated since rally v0.10.0.Please use action_timer instead, we have improved atomic actions, now do not need to explicitly close original action.
2019-06-26 09:51:43.435 27513 INFO rally.task.runner [-] Task 4533918e-6360-4037-8179-fae913ec2080 | ITER: 4 END: OK
2019-06-26 09:51:44.551 27512 WARNING rally.task.atomic [-] 'optional_action_timer' is deprecated since rally v0.10.0.Please use action_timer instead, we have improved atomic actions, now do not need to explicitly close original action.
2019-06-26 09:51:44.589 27512 WARNING rally.task.atomic [-] 'optional_action_timer' is deprecated since rally v0.10.0.Please use action_timer instead, we have improved atomic actions, now do not need to explicitly close original action.
2019-06-26 09:51:45.488 27512 INFO rally.task.runner [-] Task 4533918e-6360-4037-8179-fae913ec2080 | ITER: 2 END: OK
2019-06-26 09:51:45.944 27514 WARNING rally.task.atomic [-] 'optional_action_timer' is deprecated since rally v0.10.0.Please use action_timer instead, we have improved atomic actions, now do not need to explicitly close original action.
2019-06-26 09:51:45.981 27514 WARNING rally.task.atomic [-] 'optional_action_timer' is deprecated since rally v0.10.0.Please use action_timer instead, we have improved atomic actions, now do not need to explicitly close original action.
2019-06-26 09:51:48.142 27514 INFO rally.task.runner [-] Task 4533918e-6360-4037-8179-fae913ec2080 | ITER: 3 END: OK
2019-06-26 09:51:48.536 27511 WARNING rally.task.atomic [-] 'optional_action_timer' is deprecated since rally v0.10.0.Please use action_timer instead, we have improved atomic actions, now do not need to explicitly close original action.
2019-06-26 09:51:48.572 27511 WARNING rally.task.atomic [-] 'optional_action_timer' is deprecated since rally v0.10.0.Please use action_timer instead, we have improved atomic actions, now do not need to explicitly close original action.
2019-06-26 09:51:49.337 27511 INFO rally.task.runner [-] Task 4533918e-6360-4037-8179-fae913ec2080 | ITER: 1 END: OK
2019-06-26 09:51:49.368 22705 INFO rally.task.context [-] Task 4533918e-6360-4037-8179-fae913ec2080 | Context cleanup@openstack cleanup() started
2019-06-26 09:51:49.370 22705 RALLYDEBUG rally_openstack.cleanup.manager [-] Cleaning up neutron vip objects
2019-06-26 09:51:50.100 22705 RALLYDEBUG rally_openstack.cleanup.manager [-] Cleaning up neutron health_monitor objects
2019-06-26 09:51:50.811 22705 RALLYDEBUG rally_openstack.cleanup.manager [-] Cleaning up neutron pool objects
2019-06-26 09:51:51.979 22705 RALLYDEBUG rally_openstack.cleanup.manager [-] Cleaning up neutron loadbalancer objects
2019-06-26 09:51:52.703 22705 RALLYDEBUG rally_openstack.cleanup.manager [-] Cleaning up neutron floatingip objects
2019-06-26 09:51:53.895 22705 RALLYDEBUG rally_openstack.cleanup.manager [-] Cleaning up neutron port objects
2019-06-26 09:51:55.849 22705 RALLYDEBUG rally_openstack.cleanup.manager [-] Deleting neutron.port object s_rally_ab775a98_f2ZQoYK8 (061027af-d62a-47a8-b38f-1c1d5665fa1e)
2019-06-26 09:51:55.852 22705 RALLYDEBUG rally_openstack.cleanup.manager [-] Deleting neutron.port object s_rally_ab775a98_3xODwnWk (0043f6e3-61e4-464f-b801-aa5f0a19743a)
2019-06-26 09:51:55.853 22705 RALLYDEBUG rally_openstack.cleanup.manager [-] Deleting neutron.port object s_rally_ab775a98_7PuNgd6Z (058bb011-c996-4907-87b3-df13fa18b28b)
2019-06-26 09:51:55.853 22705 RALLYDEBUG rally_openstack.cleanup.manager [-] Deleting neutron.port object s_rally_ab775a98_mDGHpKSq (03833c23-5cd8-4baf-bde6-46554968e87d)
2019-06-26 09:51:55.853 22705 RALLYDEBUG rally_openstack.cleanup.manager [-] Deleting neutron.port object s_rally_ab775a98_IxJ3sjBF (021241c5-b79e-4415-b4d6-0bfc6ed1451e)
2019-06-26 09:51:55.861 22705 RALLYDEBUG rally_openstack.cleanup.manager [-] Deleting neutron.port object s_rally_ab775a98_Xzmtt9bc (081091ae-35bd-4594-8d6f-112c4b91e919)
2019-06-26 09:51:55.863 22705 RALLYDEBUG rally_openstack.cleanup.manager [-] Deleting neutron.port object s_rally_ab775a98_Awebfzt9 (087ba30a-c72e-4aa4-a45b-41f96f3c18ed)
2019-06-26 09:51:55.869 22705 RALLYDEBUG rally_openstack.cleanup.manager [-] Deleting neutron.port object s_rally_ab775a98_w3DjWzze (039a1e00-4bc1-4862-8843-832bea42a0da)
2019-06-26 09:51:55.872 22705 RALLYDEBUG rally_openstack.cleanup.manager [-] Deleting neutron.port object s_rally_ab775a98_HA9X8mBF (069810bc-79c6-4e3b-bb2e-ddcc425ba779)
2019-06-26 09:51:55.881 22705 RALLYDEBUG rally_openstack.cleanup.manager [-] Deleting neutron.port object s_rally_ab775a98_aqfH8ujI (08950ab9-b702-485c-8051-b0fb1c3fffc7)
2019-06-26 09:51:55.886 22705 RALLYDEBUG rally_openstack.cleanup.manager [-] Deleting neutron.port object s_rally_ab775a98_pdHRvtDR (00dd93d4-036a-438b-9f0a-359ad0aa71db)
2019-06-26 09:51:55.891 22705 RALLYDEBUG rally_openstack.cleanup.manager [-] Deleting neutron.port object s_rally_ab775a98_2p4dn8zZ (023d82ce-426d-430b-b985-e44dce040a58)
2019-06-26 09:51:55.898 22705 RALLYDEBUG rally_openstack.cleanup.manager [-] Deleting neutron.port object s_rally_ab775a98_mlot7ZED (095f6485-88d8-4081-aed0-8f3eee2f3ee6)
2019-06-26 09:51:55.901 22705 RALLYDEBUG rally_openstack.cleanup.manager [-] Deleting neutron.port object s_rally_ab775a98_1IrpHmlq (06bb3595-f1b7-40d3-bd98-a4f3caf4ad8d)
2019-06-26 09:51:55.912 22705 RALLYDEBUG rally_openstack.cleanup.manager [-] Deleting neutron.port object s_rally_ab775a98_ObYe8SIY (095a1c19-1536-424f-a614-fb571c32f249)
2019-06-26 09:51:55.927 22705 RALLYDEBUG rally_openstack.cleanup.manager [-] Deleting neutron.port object s_rally_ab775a98_30urrlxj (09b0cbd6-22ad-4853-9f24-934815fcb96d)
2019-06-26 09:51:55.941 22705 RALLYDEBUG rally_openstack.cleanup.manager [-] Deleting neutron.port object s_rally_ab775a98_TFqVHDcg (0a8de2bd-89ea-48c2-9a70-ed34876dc762)
2019-06-26 09:51:55.944 22705 RALLYDEBUG rally_openstack.cleanup.manager [-] Deleting neutron.port object s_rally_ab775a98_gnj3L7fd (0a5f185a-d8b4-490e-9300-782aae28e1c4)
2019-06-26 09:51:55.975 22705 RALLYDEBUG rally_openstack.cleanup.manager [-] Deleting neutron.port object s_rally_ab775a98_2lkQ1JuU (0aec1b4f-a27e-4e38-89ac-8d12b2ff7ffc)
2019-06-26 09:51:55.986 22705 RALLYDEBUG rally_openstack.cleanup.manager [-] Deleting neutron.port object s_rally_ab775a98_eZzJwaFN (0b1c61ec-db2a-42de-b4f4-a73aa16ae924)
2019-06-26 09:51:58.781 22705 RALLYDEBUG rally_openstack.cleanup.manager [-] Deleting neutron.port object s_rally_ab775a98_u1tkEJls (0b2bc4d4-c2e8-410f-b65f-8bb6e7e9ebb3)
2019-06-26 09:51:58.793 22705 RALLYDEBUG rally_openstack.cleanup.manager [-] Deleting neutron.port object s_rally_ab775a98_BmEulIaP (0bc1d46f-2401-4368-975a-f759d01e5737)
2019-06-26 09:52:00.606 22705 RALLYDEBUG rally_openstack.cleanup.manager [-] Deleting neutron.port object s_rally_ab775a98_E5k2P5dX (0c906845-466c-44b3-9cc9-f1376e260b8c)
2019-06-26 09:52:01.002 22705 RALLYDEBUG rally_openstack.cleanup.manager [-] Deleting neutron.port object s_rally_ab775a98_E2RK7FJb (0cb0c178-18f4-4d23-9d72-262215e374ee)
2019-06-26 09:52:01.384 22705 RALLYDEBUG rally_openstack.cleanup.manager [-] Deleting neutron.port object s_rally_ab775a98_XrnGx84b (0d0c6639-3f75-4695-9a49-aa97c229ce48)
2019-06-26 09:52:01.514 22705 RALLYDEBUG rally_openstack.cleanup.manager [-] Deleting neutron.port object s_rally_ab775a98_zxAEQqL9 (0d7791f1-ffe3-46bf-b5dd-781dcf7b3e9e)
2019-06-26 09:52:02.923 22705 RALLYDEBUG rally_openstack.cleanup.manager [-] Deleting neutron.port object s_rally_ab775a98_jCveAP0G (0defb24d-4435-478a-a604-97ee83030456)
2019-06-26 09:52:02.956 22705 RALLYDEBUG rally_openstack.cleanup.manager [-] Deleting neutron.port object s_rally_ab775a98_yti9jTZC (0e7d24a0-0eea-42b6-baeb-e83f16ba32cc)
2019-06-26 09:52:03.131 22705 RALLYDEBUG rally_openstack.cleanup.manager [-] Deleting neutron.port object s_rally_ab775a98_1nYr3U9X (0eb592e2-6b73-4295-88f1-6ca0679c2897)
2019-06-26 09:52:03.167 22705 RALLYDEBUG rally_openstack.cleanup.manager [-] Deleting neutron.port object s_rally_ab775a98_dBJjwJwz (0eba5392-09a5-435d-82fd-e186bac46305)
2019-06-26 09:52:03.217 22705 RALLYDEBUG rally_openstack.cleanup.manager [-] Deleting neutron.port object s_rally_ab775a98_RZaLI0XA (0ed588b1-dda2-4d49-b15f-15932386249f)
2019-06-26 09:52:03.327 22705 RALLYDEBUG rally_openstack.cleanup.manager [-] Deleting neutron.port object s_rally_ab775a98_lgiB3RHA (0f694f1c-2654-4b65-8003-89c96c3d72f1)
2019-06-26 09:52:03.337 22705 RALLYDEBUG rally_openstack.cleanup.manager [-] Deleting neutron.port object s_rally_ab775a98_fGsOzgnB (0f93c152-d733-4693-b410-3127fb620a8e)
2019-06-26 09:52:03.337 22705 RALLYDEBUG rally_openstack.cleanup.manager [-] Deleting neutron.port object s_rally_ab775a98_sFfiZPFa (0fb013ff-315a-4445-8762-72c264cf8aa2)
2019-06-26 09:52:03.710 22705 RALLYDEBUG rally_openstack.cleanup.manager [-] Deleting neutron.port object s_rally_ab775a98_S0DVrxFc (0fe9775a-77ad-4ccf-bd5a-0adf2984f1a4)
2019-06-26 09:52:04.101 22705 RALLYDEBUG rally_openstack.cleanup.manager [-] Deleting neutron.port object s_rally_ab775a98_lJYqrPON (0ff3f0e3-6334-43d4-8565-75cd1cf6aa99)
2019-06-26 09:52:04.343 22705 RALLYDEBUG rally_openstack.cleanup.manager [-] Deleting neutron.port object s_rally_ab775a98_ZfGXxsXQ (12154df6-17d1-4aa7-aeeb-10726497f4d6)
2019-06-26 09:52:04.868 22705 RALLYDEBUG rally_openstack.cleanup.manager [-] Deleting neutron.port object s_rally_ab775a98_xJhXhRvh (130dfe8d-4c9c-42e0-8f1f-a91337b755b7)
2019-06-26 09:52:04.911 22705 RALLYDEBUG rally_openstack.cleanup.manager [-] Deleting neutron.port object s_rally_ab775a98_Q4SDsky1 (13407bfa-1429-48d1-be2a-bae12c7f0802)
2019-06-26 09:52:04.916 22705 RALLYDEBUG rally_openstack.cleanup.manager [-] Deleting neutron.port object s_rally_ab775a98_VJvq9JfO (13b61522-060f-4fc3-8a42-3347f8d71a55)
2019-06-26 09:52:05.473 22705 RALLYDEBUG rally_openstack.cleanup.manager [-] Deleting neutron.port object s_rally_ab775a98_Y6MdpfmK (13b7b4e7-cd3d-494c-b65f-9d639d2646f2)
2019-06-26 09:52:05.475 22705 RALLYDEBUG rally_openstack.cleanup.manager [-] Deleting neutron.port object s_rally_ab775a98_CeJWBdNt (13c54c5b-0691-4a49-81e8-2440efda59b1)
2019-06-26 09:52:06.039 22705 RALLYDEBUG rally_openstack.cleanup.manager [-] Deleting neutron.port object s_rally_ab775a98_fSQG7DGp (13df723b-c343-45bb-9d21-1e117d0f3484)
2019-06-26 09:52:06.347 22705 RALLYDEBUG rally_openstack.cleanup.manager [-] Deleting neutron.port object s_rally_ab775a98_0Kp03efJ (141fb8a4-e7d4-437f-839c-c9f0752e0363)
2019-06-26 09:52:06.599 22705 RALLYDEBUG rally_openstack.cleanup.manager [-] Deleting neutron.port object s_rally_ab775a98_cL0RCf8e (14aa5dab-8823-43d1-9997-fc689bda23ac)
2019-06-26 09:52:06.701 22705 RALLYDEBUG rally_openstack.cleanup.manager [-] Deleting neutron.port object s_rally_ab775a98_xj4rXaHh (15c3805e-314a-4b1c-8b0b-e1e7df649fb6)
2019-06-26 09:52:06.733 22705 RALLYDEBUG rally_openstack.cleanup.manager [-] Deleting neutron.port object s_rally_ab775a98_lDLSxvwg (175978d2-ed53-4ea2-a26f-83339ca1da2f)
2019-06-26 09:52:06.759 22705 RALLYDEBUG rally_openstack.cleanup.manager [-] Deleting neutron.port object s_rally_ab775a98_AoGCtfXQ (1a55e650-4570-4abd-ac71-7d0df7fb65c1)
2019-06-26 09:52:06.760 22705 RALLYDEBUG rally_openstack.cleanup.manager [-] Deleting neutron.port object s_rally_ab775a98_iTPKLFsX (17767d84-c51b-4458-a735-72f1b06590ce)
2019-06-26 09:52:06.763 22705 RALLYDEBUG rally_openstack.cleanup.manager [-] Deleting neutron.port object s_rally_ab775a98_MYgbqZYY (1a0526d1-e294-4956-b321-4ea36be9b4e1)
2019-06-26 09:52:06.769 22705 RALLYDEBUG rally_openstack.cleanup.manager [-] Deleting neutron.port object s_rally_ab775a98_r6p3l4yD (1bba912e-e2e1-4aa7-8145-9c4afad3cb24)
2019-06-26 09:52:06.770 22705 RALLYDEBUG rally_openstack.cleanup.manager [-] Deleting neutron.port object s_rally_ab775a98_RQBodoSz (1bb210bf-b228-4a82-959c-3949cde79917)
2019-06-26 09:52:06.876 22705 RALLYDEBUG rally_openstack.cleanup.manager [-] Deleting neutron.port object s_rally_ab775a98_yyWK8QWV (1c06c2d9-9d4d-42d5-b838-92cb251b9cf0)
2019-06-26 09:52:07.978 22705 RALLYDEBUG rally_openstack.cleanup.manager [-] Deleting neutron.port object s_rally_ab775a98_GnInFxvS (1c35550a-79f3-4342-a63c-bd6ac11179b4)
2019-06-26 09:52:07.983 22705 RALLYDEBUG rally_openstack.cleanup.manager [-] Deleting neutron.port object s_rally_ab775a98_Cs623s1r (1cdd6f62-fda5-4bc4-a605-e8df1625318c)
2019-06-26 09:52:07.990 22705 RALLYDEBUG rally_openstack.cleanup.manager [-] Deleting neutron.port object s_rally_ab775a98_bj56lkl2 (1d4ca231-d906-44cc-afa7-b50f600f6691)
2019-06-26 09:52:08.022 22705 RALLYDEBUG rally_openstack.cleanup.manager [-] Deleting neutron.port object s_rally_ab775a98_edcz3AVk (1e34410d-735f-4c9d-bd21-9f5a21d748b3)
2019-06-26 09:52:08.031 22705 RALLYDEBUG rally_openstack.cleanup.manager [-] Deleting neutron.port object s_rally_ab775a98_XmrZsTf2 (1f60370c-06d8-45b4-b513-c18f4356e1d6)
2019-06-26 09:52:08.344 22705 RALLYDEBUG rally_openstack.cleanup.manager [-] Deleting neutron.port object s_rally_ab775a98_xSJUjlTQ (204d283e-58e4-4b5e-b52c-4f28b87bed0c)
2019-06-26 09:52:08.940 22705 RALLYDEBUG rally_openstack.cleanup.manager [-] Deleting neutron.port object s_rally_ab775a98_L9chL1BP (20bdc9b1-6266-4275-8b18-0ebf08170d58)
2019-06-26 09:52:09.003 22705 RALLYDEBUG rally_openstack.cleanup.manager [-] Deleting neutron.port object s_rally_ab775a98_joNJcKnj (21a56551-19df-4347-886e-c4fb41abafa8)
2019-06-26 09:52:09.003 22705 RALLYDEBUG rally_openstack.cleanup.manager [-] Deleting neutron.port object s_rally_ab775a98_5AERe13L (2330b13b-a21c-4df4-8c1f-1184c08411df)
2019-06-26 09:52:09.022 22705 RALLYDEBUG rally_openstack.cleanup.manager [-] Deleting neutron.port object s_rally_ab775a98_EiE2NzNa (2339b489-0c34-4b9e-af49-67be925a5186)
2019-06-26 09:52:09.128 22705 RALLYDEBUG rally_openstack.cleanup.manager [-] Deleting neutron.port object s_rally_ab775a98_axtLjhek (2372dc26-761c-4139-86d4-f6a14181a087)
2019-06-26 09:52:09.372 22705 RALLYDEBUG rally_openstack.cleanup.manager [-] Deleting neutron.port object s_rally_ab775a98_itNRlrC5 (247510a6-17fc-400f-90b8-208386b2bc54)
2019-06-26 09:52:09.601 22705 RALLYDEBUG rally_openstack.cleanup.manager [-] Deleting neutron.port object s_rally_ab775a98_EdgknqVe (24b91830-5d51-4905-838b-9ab4df6040e1)
2019-06-26 09:52:10.138 22705 RALLYDEBUG rally_openstack.cleanup.manager [-] Deleting neutron.port object s_rally_ab775a98_r7GH3Ejy (24eea89b-1f03-4bbb-a654-099391337999)
2019-06-26 09:52:10.917 22705 RALLYDEBUG rally_openstack.cleanup.manager [-] Deleting neutron.port object s_rally_ab775a98_P1rZvCrS (261a913d-f86e-4c24-aedd-be720aad391c)
2019-06-26 09:52:11.044 22705 RALLYDEBUG rally_openstack.cleanup.manager [-] Deleting neutron.port object s_rally_ab775a98_5KJGksbr (271051e1-81b7-47b6-8569-5cd204c783f9)
2019-06-26 09:52:11.356 22705 RALLYDEBUG rally_openstack.cleanup.manager [-] Deleting neutron.port object s_rally_ab775a98_5E1DcCne (272cf48f-6424-4160-9035-2f2a61534e58)
2019-06-26 09:52:11.602 22705 RALLYDEBUG rally_openstack.cleanup.manager [-] Deleting neutron.port object s_rally_ab775a98_7DAfLstM (289dfe55-7659-46eb-b1b1-e76de0af98f5)
2019-06-26 09:52:11.617 22705 RALLYDEBUG rally_openstack.cleanup.manager [-] Deleting neutron.port object s_rally_ab775a98_03YNHQa3 (298a59b4-c85c-4ed8-95b3-1b3ce9dc8832)
2019-06-26 09:52:11.640 22705 RALLYDEBUG rally_openstack.cleanup.manager [-] Deleting neutron.port object s_rally_ab775a98_adcv0FeE (2a0bb683-b929-4274-8b57-9a3ee669dabb)
2019-06-26 09:52:11.832 22705 RALLYDEBUG rally_openstack.cleanup.manager [-] Deleting neutron.port object s_rally_ab775a98_nqnjuSNo (2c103ea0-a4c4-440c-822c-cc2da6757bc6)
2019-06-26 09:52:11.837 22705 RALLYDEBUG rally_openstack.cleanup.manager [-] Deleting neutron.port object s_rally_ab775a98_80DkizSD (2ccb2a2b-7e4d-4dd2-b05b-3a406f3d4d05)
2019-06-26 09:52:11.842 22705 RALLYDEBUG rally_openstack.cleanup.manager [-] Deleting neutron.port object s_rally_ab775a98_BT68EVvh (2c8a94df-2572-4301-85fc-1838de8cc6f3)
2019-06-26 09:52:12.048 22705 RALLYDEBUG rally_openstack.cleanup.manager [-] Deleting neutron.port object s_rally_ab775a98_buy4ToXD (2ce5ce47-efb0-4dda-871a-fa7a00bd64f6)
2019-06-26 09:52:12.228 22705 RALLYDEBUG rally_openstack.cleanup.manager [-] Deleting neutron.port object s_rally_ab775a98_NellKOvv (2e41873f-2b61-4a8c-bbcf-f2133d4dfa84)
2019-06-26 09:52:12.369 22705 RALLYDEBUG rally_openstack.cleanup.manager [-] Deleting neutron.port object s_rally_ab775a98_XjuNrQ4E (2e63dba3-6473-4c15-b12d-472d86a78535)
2019-06-26 09:52:12.689 22705 RALLYDEBUG rally_openstack.cleanup.manager [-] Deleting neutron.port object s_rally_ab775a98_iuv7AGu9 (2e9397a3-aad8-4b3a-9707-88a5f66691a8)
2019-06-26 09:52:12.703 22705 RALLYDEBUG rally_openstack.cleanup.manager [-] Deleting neutron.port object s_rally_ab775a98_Zmzd5OaC (2ecfe919-254f-4445-9b40-453e58f3082e)
2019-06-26 09:52:12.721 22705 RALLYDEBUG rally_openstack.cleanup.manager [-] Deleting neutron.port object s_rally_ab775a98_tjeVMxdh (2ed0b19f-1664-404d-8d5b-cb5f72c21223)
2019-06-26 09:52:12.959 22705 RALLYDEBUG rally_openstack.cleanup.manager [-] Deleting neutron.port object s_rally_ab775a98_hMbz1wFk (2f7f124a-cc68-4d2f-b6b8-211c1651f2e0)
2019-06-26 09:52:12.992 22705 RALLYDEBUG rally_openstack.cleanup.manager [-] Deleting neutron.port object s_rally_ab775a98_6za5uGkw (2f8b3b6c-91a4-400c-bd43-d73c40044e5e)
2019-06-26 09:52:13.278 22705 RALLYDEBUG rally_openstack.cleanup.manager [-] Deleting neutron.port object s_rally_ab775a98_1pkpboaO (31407642-38b2-4b25-8ec5-f2445823af9b)
2019-06-26 09:52:13.557 22705 RALLYDEBUG rally_openstack.cleanup.manager [-] Deleting neutron.port object s_rally_ab775a98_4Qzbz4dF (323ea2bf-d318-4eba-b87f-686cfcee084e)
2019-06-26 09:52:13.622 22705 RALLYDEBUG rally_openstack.cleanup.manager [-] Deleting neutron.port object s_rally_ab775a98_8HRsT495 (324640ba-8786-44be-8fa0-2b4acad7599b)
2019-06-26 09:52:13.622 22705 RALLYDEBUG rally_openstack.cleanup.manager [-] Deleting neutron.port object s_rally_ab775a98_y0zAZlkL (333b4659-4dd0-4245-acd1-305a0c41a72e)
2019-06-26 09:52:13.858 22705 RALLYDEBUG rally_openstack.cleanup.manager [-] Deleting neutron.port object s_rally_ab775a98_VDDbTV4K (33bc5c80-8b47-428b-84af-c64d1d17dd3b)
2019-06-26 09:52:14.662 22705 RALLYDEBUG rally_openstack.cleanup.manager [-] Deleting neutron.port object s_rally_ab775a98_wzP6Oep6 (33bdf77e-952a-4884-bf4f-d1aac634aeb0)
2019-06-26 09:52:15.116 22705 RALLYDEBUG rally_openstack.cleanup.manager [-] Deleting neutron.port object s_rally_ab775a98_CKGKRK4U (33eb0508-d451-4735-ac72-c7b5c0707866)
2019-06-26 09:52:15.144 22705 RALLYDEBUG rally_openstack.cleanup.manager [-] Deleting neutron.port object s_rally_ab775a98_KeGBXBpz (34166e9f-2940-4e4b-bcb2-2b819632af6f)
2019-06-26 09:52:15.300 22705 RALLYDEBUG rally_openstack.cleanup.manager [-] Deleting neutron.port object s_rally_ab775a98_SkrR0eJb (343f500d-6040-4ebc-8786-622089d8fef7)
2019-06-26 09:52:15.347 22705 RALLYDEBUG rally_openstack.cleanup.manager [-] Deleting neutron.port object s_rally_ab775a98_Q2GAvVZd (34d8053b-66ff-4b74-bb87-ef19408ef8f4)
2019-06-26 09:52:15.377 22705 RALLYDEBUG rally_openstack.cleanup.manager [-] Deleting neutron.port object s_rally_ab775a98_0xvkpoIk (34f21243-2f18-4ade-9ccf-fa22653ef056)
2019-06-26 09:52:15.479 22705 RALLYDEBUG rally_openstack.cleanup.manager [-] Deleting neutron.port object s_rally_ab775a98_v3aKoTnj (352deb22-3264-466b-be93-6aa14cc9356c)
2019-06-26 09:52:15.498 22705 RALLYDEBUG rally_openstack.cleanup.manager [-] Deleting neutron.port object s_rally_ab775a98_1Eo860TN (3545486e-56ea-42ff-8bd0-18067c1989fa)
2019-06-26 09:52:15.520 22705 RALLYDEBUG rally_openstack.cleanup.manager [-] Deleting neutron.port object s_rally_ab775a98_A1gbGdcM (355a1063-cd1d-4409-8536-f012865bd699)
2019-06-26 09:52:15.535 22705 RALLYDEBUG rally_openstack.cleanup.manager [-] Deleting neutron.port object s_rally_ab775a98_dy2SOIaX (376a3af7-a237-4770-b5f1-b0311a649090)
