2019-06-26 09:25:42.035 22696 RALLYDEBUG rally.api [-] INFO logs from urllib3 and requests module are hide.
2019-06-26 09:25:42.035 22696 RALLYDEBUG rally.api [-] urllib3 insecure warnings are hidden.
2019-06-26 09:25:42.035 22696 RALLYDEBUG rally.api [-] ERROR log from boto module is hide.
2019-06-26 09:25:44.050 22698 RALLYDEBUG rally.api [-] INFO logs from urllib3 and requests module are hide.
2019-06-26 09:25:44.050 22698 RALLYDEBUG rally.api [-] urllib3 insecure warnings are hidden.
2019-06-26 09:25:44.050 22698 RALLYDEBUG rally.api [-] ERROR log from boto module is hide.
2019-06-26 09:25:45.286 22698 WARNING rally_openstack.platforms.existing [-] endpoint is deprecated and not used.
2019-06-26 09:25:46.176 22700 RALLYDEBUG rally.api [-] INFO logs from urllib3 and requests module are hide.
2019-06-26 09:25:46.176 22700 RALLYDEBUG rally.api [-] urllib3 insecure warnings are hidden.
2019-06-26 09:25:46.177 22700 RALLYDEBUG rally.api [-] ERROR log from boto module is hide.
2019-06-26 09:25:49.119 22703 RALLYDEBUG rally.api [-] INFO logs from urllib3 and requests module are hide.
2019-06-26 09:25:49.120 22703 RALLYDEBUG rally.api [-] urllib3 insecure warnings are hidden.
2019-06-26 09:25:49.120 22703 RALLYDEBUG rally.api [-] ERROR log from boto module is hide.
2019-06-26 09:25:50.742 22705 RALLYDEBUG rally.api [-] INFO logs from urllib3 and requests module are hide.
2019-06-26 09:25:50.743 22705 RALLYDEBUG rally.api [-] urllib3 insecure warnings are hidden.
2019-06-26 09:25:50.743 22705 RALLYDEBUG rally.api [-] ERROR log from boto module is hide.
2019-06-26 09:25:51.840 22705 INFO rally.common.plugin.discover [-] Loading plugins from directories /root/.rally/plugins/*
2019-06-26 09:25:51.840 22705 INFO rally.common.plugin.discover [-] Loaded module with plugins: /root/.rally/plugins/__init__.py
2019-06-26 09:25:51.842 22705 INFO rally.common.plugin.discover [-] Loaded module with plugins: /root/.rally/plugins/trunk_scenario.py
2019-06-26 09:25:51.998 22705 INFO rally.task.engine [-] Task 4533918e-6360-4037-8179-fae913ec2080 | Starting: Task validation.
2019-06-26 09:25:52.029 22705 INFO rally.task.engine [-] Task 4533918e-6360-4037-8179-fae913ec2080 | Starting: Task validation of syntax.
2019-06-26 09:25:52.239 22705 INFO rally.task.engine [-] Task 4533918e-6360-4037-8179-fae913ec2080 | Completed: Task validation of syntax.
2019-06-26 09:25:52.239 22705 INFO rally.task.engine [-] Task 4533918e-6360-4037-8179-fae913ec2080 | Starting: Task validation of required platforms.
2019-06-26 09:25:52.298 22705 INFO rally.task.engine [-] Task 4533918e-6360-4037-8179-fae913ec2080 | Completed: Task validation of required platforms.
2019-06-26 09:25:52.298 22705 INFO rally.task.engine [-] Task 4533918e-6360-4037-8179-fae913ec2080 | Starting: Task validation of semantic.
2019-06-26 09:25:52.298 22705 INFO rally.task.engine [-] Check health of the environment '5f8ec15d-e9ba-4610-9670-6edd487b7aae'.
2019-06-26 09:25:53.098 22705 INFO rally.task.engine [-] Platform existing@openstack (available: True): OK!
2019-06-26 09:25:53.115 22705 RALLYDEBUG rally_openstack.contexts.keystone.users [-] Creating 1 tenants using 20 threads
2019-06-26 09:25:54.844 22705 RALLYDEBUG rally_openstack.contexts.keystone.users [-] Creating 1 users using 20 threads
2019-06-26 09:25:57.389 22705 INFO rally.task.context [-] Task 4533918e-6360-4037-8179-fae913ec2080 | Context users@openstack setup() finished in 4.27 sec
2019-06-26 09:26:03.540 22705 INFO rally.task.context [-] Task 4533918e-6360-4037-8179-fae913ec2080 | Context users@openstack cleanup() started
2019-06-26 09:26:08.175 22705 INFO rally.task.context [-] Task 4533918e-6360-4037-8179-fae913ec2080 | Context users@openstack cleanup() finished in 4.63 sec
2019-06-26 09:26:08.175 22705 INFO rally.task.engine [-] Task 4533918e-6360-4037-8179-fae913ec2080 | Completed: Task validation of semantic.
2019-06-26 09:26:08.175 22705 INFO rally.task.engine [-] Task 4533918e-6360-4037-8179-fae913ec2080 | Completed: Task validation.
2019-06-26 09:26:08.176 22705 INFO rally.api [-] Task 4533918e-6360-4037-8179-fae913ec2080 input file is valid.
2019-06-26 09:26:08.176 22705 INFO rally.api [-] Run Task 4533918e-6360-4037-8179-fae913ec2080 against Deployment 5f8ec15d-e9ba-4610-9670-6edd487b7aae
2019-06-26 09:26:08.176 22705 INFO rally.task.engine [-] Task 4533918e-6360-4037-8179-fae913ec2080 | Starting: Running task.
2019-06-26 09:26:08.299 22705 INFO rally.task.engine [-] Running workload: position = 0 config = { "version": 2, "title": "A cropped version of a bigger task.", "description": "Auto-generated task from a single workload (uuid=988d28b8-f21c-4c13-99bb-2f769b26cec9)", "subtasks": [ { "title": "NeutronNetworks.create_and_list_networks", "description": "Check performance of list_networks action and ensure > network quotas are not exceeded", "scenario": { "NeutronNetworks.create_and_list_networks": {} }, "contexts": { "users": { "tenants": 1, "users_per_tenant": 1 }, "quotas": { "neutron": { "network": 119 } } }, "runner": { "constant": { "times": 100, "concurrency": 20 } }, "hooks": [], "sla": { "max_avg_duration_per_atomic": { "neutron.list_networks": 15 }, "failure_rate": { "max": 0 } } } ] }
2019-06-26 09:26:08.319 22705 RALLYDEBUG rally_openstack.contexts.keystone.users [-] Creating 1 tenants using 20 threads
2019-06-26 09:26:10.205 22705 RALLYDEBUG rally_openstack.contexts.keystone.users [-] Creating 1 users using 20 threads
2019-06-26 09:26:12.894 22705 INFO rally.task.context [-] Task 4533918e-6360-4037-8179-fae913ec2080 | Context users@openstack setup() finished in 4.57 sec
2019-06-26 09:26:13.615 22705 INFO rally.task.context [-] Task 4533918e-6360-4037-8179-fae913ec2080 | Context quotas@openstack setup() finished in 0.72 sec
2019-06-26 09:26:13.616 22705 INFO rally.task.context [-] Task 4533918e-6360-4037-8179-fae913ec2080 | Context cleanup@openstack setup() finished in 0.01 msec
2019-06-26 09:26:13.623 22705 RALLYDEBUG rally.task.runner [-] Starting the constant runner (task UUID: 4533918e-6360-4037-8179-fae913ec2080). timeout: 0 concurrency: 20 concurrency_per_worker: 1 times: 100 concurrency_overhead: 4 processes_to_start: 16 max_cpu_used: 16
2019-06-26 09:26:13.633 22829 RALLYDEBUG rally.task.runner [-] Starting a worker. concurrency: 2 args: {} times: 100 method_name: run timeout: 0 duration: None cls:
2019-06-26 09:26:13.636 22830 RALLYDEBUG rally.task.runner [-] Starting a worker. concurrency: 2 args: {} times: 100 method_name: run timeout: 0 duration: None cls:
2019-06-26 09:26:13.637 22831 RALLYDEBUG rally.task.runner [-] Starting a worker. concurrency: 2 args: {} times: 100 method_name: run timeout: 0 duration: None cls:
2019-06-26 09:26:13.640 22832 RALLYDEBUG rally.task.runner [-] Starting a worker. concurrency: 2 args: {} times: 100 method_name: run timeout: 0 duration: None cls:
2019-06-26 09:26:13.640 22831 INFO rally.task.runner [-] Task 4533918e-6360-4037-8179-fae913ec2080 | ITER: 4 START
2019-06-26 09:26:13.642 22834 RALLYDEBUG rally.task.runner [-] Starting a worker. concurrency: 1 args: {} times: 100 method_name: run timeout: 0 duration: None cls:
2019-06-26 09:26:13.642 22829 INFO rally.task.runner [-] Task 4533918e-6360-4037-8179-fae913ec2080 | ITER: 1 START
2019-06-26 09:26:13.644 22830 INFO rally.task.runner [-] Task 4533918e-6360-4037-8179-fae913ec2080 | ITER: 2 START
2019-06-26 09:26:13.646 22838 RALLYDEBUG rally.task.runner [-] Starting a worker. concurrency: 1 args: {} times: 100 method_name: run timeout: 0 duration: None cls:
2019-06-26 09:26:13.647 22832 INFO rally.task.runner [-] Task 4533918e-6360-4037-8179-fae913ec2080 | ITER: 6 START
2019-06-26 09:26:13.643 22829 INFO rally.task.runner [-] Task 4533918e-6360-4037-8179-fae913ec2080 | ITER: 3 START
2019-06-26 09:26:13.648 22830 INFO rally.task.runner [-] Task 4533918e-6360-4037-8179-fae913ec2080 | ITER: 5 START
2019-06-26 09:26:13.652 22844 RALLYDEBUG rally.task.runner [-] Starting a worker. concurrency: 1 args: {} times: 100 method_name: run timeout: 0 duration: None cls:
2019-06-26 09:26:13.654 22834 INFO rally.task.runner [-] Task 4533918e-6360-4037-8179-fae913ec2080 | ITER: 7 START
2019-06-26 09:26:13.654 22838 INFO rally.task.runner [-] Task 4533918e-6360-4037-8179-fae913ec2080 | ITER: 10 START
2019-06-26 09:26:13.655 22832 INFO rally.task.runner [-] Task 4533918e-6360-4037-8179-fae913ec2080 | ITER: 8 START
2019-06-26 09:26:13.657 22853 RALLYDEBUG rally.task.runner [-] Starting a worker. concurrency: 1 args: {} times: 100 method_name: run timeout: 0 duration: None cls:
2019-06-26 09:26:13.662 22853 INFO rally.task.runner [-] Task 4533918e-6360-4037-8179-fae913ec2080 | ITER: 12 START
2019-06-26 09:26:13.662 22844 INFO rally.task.runner [-] Task 4533918e-6360-4037-8179-fae913ec2080 | ITER: 11 START
2019-06-26 09:26:13.664 22854 RALLYDEBUG rally.task.runner [-] Starting a worker. concurrency: 1 args: {} times: 100 method_name: run timeout: 0 duration: None cls:
2019-06-26 09:26:13.665 22831 INFO rally.task.runner [-] Task 4533918e-6360-4037-8179-fae913ec2080 | ITER: 9 START
2019-06-26 09:26:13.666 22858 RALLYDEBUG rally.task.runner [-] Starting a worker. concurrency: 1 args: {} times: 100 method_name: run timeout: 0 duration: None cls:
2019-06-26 09:26:13.670 22854 INFO rally.task.runner [-] Task 4533918e-6360-4037-8179-fae913ec2080 | ITER: 13 START
2019-06-26 09:26:13.670 22858 INFO rally.task.runner [-] Task 4533918e-6360-4037-8179-fae913ec2080 | ITER: 14 START
2019-06-26 09:26:13.673 22849 RALLYDEBUG rally.task.runner [-] Starting a worker. concurrency: 1 args: {} times: 100 method_name: run timeout: 0 duration: None cls:
2019-06-26 09:26:13.671 22860 RALLYDEBUG rally.task.runner [-] Starting a worker. concurrency: 1 args: {} times: 100 method_name: run timeout: 0 duration: None cls:
2019-06-26 09:26:13.682 22860 INFO rally.task.runner [-] Task 4533918e-6360-4037-8179-fae913ec2080 | ITER: 16 START
2019-06-26 09:26:13.682 22866 RALLYDEBUG rally.task.runner [-] Starting a worker. concurrency: 1 args: {} times: 100 method_name: run timeout: 0 duration: None cls:
2019-06-26 09:26:13.689 22849 INFO rally.task.runner [-] Task 4533918e-6360-4037-8179-fae913ec2080 | ITER: 15 START
2019-06-26 09:26:13.689 22869 RALLYDEBUG rally.task.runner [-] Starting a worker. concurrency: 1 args: {} times: 100 method_name: run timeout: 0 duration: None cls:
2019-06-26 09:26:13.689 22866 INFO rally.task.runner [-] Task 4533918e-6360-4037-8179-fae913ec2080 | ITER: 17 START
2019-06-26 09:26:13.691 22870 RALLYDEBUG rally.task.runner [-] Starting a worker. concurrency: 1 args: {} times: 100 method_name: run timeout: 0 duration: None cls:
2019-06-26 09:26:13.693 22869 INFO rally.task.runner [-] Task 4533918e-6360-4037-8179-fae913ec2080 | ITER: 18 START
2019-06-26 09:26:13.693 22873 RALLYDEBUG rally.task.runner [-] Starting a worker. concurrency: 1 args: {} times: 100 method_name: run timeout: 0 duration: None cls:
2019-06-26 09:26:13.696 22870 INFO rally.task.runner [-] Task 4533918e-6360-4037-8179-fae913ec2080 | ITER: 19 START
2019-06-26 09:26:13.697 22873 INFO rally.task.runner [-] Task 4533918e-6360-4037-8179-fae913ec2080 | ITER: 20 START
2019-06-26 09:26:14.981 22829 INFO rally.task.runner [-] Task 4533918e-6360-4037-8179-fae913ec2080 | ITER: 3 END: OK
2019-06-26 09:26:14.985 22829 INFO rally.task.runner [-] Task 4533918e-6360-4037-8179-fae913ec2080 | ITER: 21 START
2019-06-26 09:26:15.024 22844 INFO rally.task.runner [-] Task 4533918e-6360-4037-8179-fae913ec2080 | ITER: 11 END: OK
2019-06-26 09:26:15.027 22844 INFO rally.task.runner [-] Task 4533918e-6360-4037-8179-fae913ec2080 | ITER: 22 START
2019-06-26 09:26:15.510 22832 INFO rally.task.runner [-] Task 4533918e-6360-4037-8179-fae913ec2080 | ITER: 8 END: OK
2019-06-26 09:26:15.513 22832 INFO rally.task.runner [-] Task 4533918e-6360-4037-8179-fae913ec2080 | ITER: 23 START
2019-06-26 09:26:15.604 22860 INFO rally.task.runner [-] Task 4533918e-6360-4037-8179-fae913ec2080 | ITER: 16 END: OK
2019-06-26 09:26:15.608 22860 INFO rally.task.runner [-] Task 4533918e-6360-4037-8179-fae913ec2080 | ITER: 24 START
2019-06-26 09:26:15.741 22858 INFO rally.task.runner [-] Task 4533918e-6360-4037-8179-fae913ec2080 | ITER: 14 END: OK
2019-06-26 09:26:15.744 22858 INFO rally.task.runner [-] Task 4533918e-6360-4037-8179-fae913ec2080 | ITER: 25 START
2019-06-26 09:26:15.977 22830 INFO rally.task.runner [-] Task 4533918e-6360-4037-8179-fae913ec2080 | ITER: 5 END: OK
2019-06-26 09:26:15.980 22830 INFO rally.task.runner [-] Task 4533918e-6360-4037-8179-fae913ec2080 | ITER: 26 START
2019-06-26 09:26:16.043 22849 INFO rally.task.runner [-] Task 4533918e-6360-4037-8179-fae913ec2080 | ITER: 15 END: OK
2019-06-26 09:26:16.046 22849 INFO rally.task.runner [-] Task 4533918e-6360-4037-8179-fae913ec2080 | ITER: 27 START
2019-06-26 09:26:16.267 22830 INFO rally.task.runner [-] Task 4533918e-6360-4037-8179-fae913ec2080 | ITER: 2 END: OK
2019-06-26 09:26:16.270 22830 INFO rally.task.runner [-] Task 4533918e-6360-4037-8179-fae913ec2080 | ITER: 28 START
2019-06-26 09:26:16.541 22838 INFO rally.task.runner [-] Task 4533918e-6360-4037-8179-fae913ec2080 | ITER: 10 END: OK
2019-06-26 09:26:16.544 22838 INFO rally.task.runner [-] Task 4533918e-6360-4037-8179-fae913ec2080 | ITER: 29 START
2019-06-26 09:26:16.670 22832 INFO rally.task.runner [-] Task 4533918e-6360-4037-8179-fae913ec2080 | ITER: 6 END: OK
2019-06-26 09:26:16.673 22832 INFO rally.task.runner [-] Task 4533918e-6360-4037-8179-fae913ec2080 | ITER: 30 START
2019-06-26 09:26:16.792 22831 INFO rally.task.runner [-] Task 4533918e-6360-4037-8179-fae913ec2080 | ITER: 4 END: OK
2019-06-26 09:26:16.795 22831 INFO rally.task.runner [-] Task 4533918e-6360-4037-8179-fae913ec2080 | ITER: 31 START
2019-06-26 09:26:16.811 22834 INFO rally.task.runner [-] Task 4533918e-6360-4037-8179-fae913ec2080 | ITER: 7 END: OK
2019-06-26 09:26:16.814 22834 INFO rally.task.runner [-] Task 4533918e-6360-4037-8179-fae913ec2080 | ITER: 32 START
2019-06-26 09:26:16.928 22829 INFO rally.task.runner [-] Task 4533918e-6360-4037-8179-fae913ec2080 | ITER: 1 END: OK
2019-06-26 09:26:16.931 22829 INFO rally.task.runner [-] Task 4533918e-6360-4037-8179-fae913ec2080 | ITER: 33 START
2019-06-26 09:26:16.948 22854 INFO rally.task.runner [-] Task 4533918e-6360-4037-8179-fae913ec2080 | ITER: 13 END: OK
2019-06-26 09:26:16.951 22854 INFO rally.task.runner [-] Task 4533918e-6360-4037-8179-fae913ec2080 | ITER: 34 START
2019-06-26 09:26:16.970 22853 INFO rally.task.runner [-] Task 4533918e-6360-4037-8179-fae913ec2080 | ITER: 12 END: OK
2019-06-26 09:26:16.972 22853 INFO rally.task.runner [-] Task 4533918e-6360-4037-8179-fae913ec2080 | ITER: 35 START
2019-06-26 09:26:17.472 22831 INFO rally.task.runner [-] Task 4533918e-6360-4037-8179-fae913ec2080 | ITER: 9 END: OK
2019-06-26 09:26:17.474 22831 INFO rally.task.runner [-] Task 4533918e-6360-4037-8179-fae913ec2080 | ITER: 36 START
2019-06-26 09:26:17.883 22873 INFO rally.task.runner [-] Task 4533918e-6360-4037-8179-fae913ec2080 | ITER: 20 END: OK
2019-06-26 09:26:17.886 22873 INFO rally.task.runner [-] Task 4533918e-6360-4037-8179-fae913ec2080 | ITER: 37 START
2019-06-26 09:26:17.975 22869 INFO rally.task.runner [-] Task 4533918e-6360-4037-8179-fae913ec2080 | ITER: 18 END: OK
2019-06-26 09:26:17.978 22869 INFO rally.task.runner [-] Task 4533918e-6360-4037-8179-fae913ec2080 | ITER: 38 START
2019-06-26 09:26:18.075 22866 INFO rally.task.runner [-] Task 4533918e-6360-4037-8179-fae913ec2080 | ITER: 17 END: OK
2019-06-26 09:26:18.078 22866 INFO rally.task.runner [-] Task 4533918e-6360-4037-8179-fae913ec2080 | ITER: 39 START
2019-06-26 09:26:18.242 22870 INFO rally.task.runner [-] Task 4533918e-6360-4037-8179-fae913ec2080 | ITER: 19 END: OK
2019-06-26 09:26:18.245 22870 INFO rally.task.runner [-] Task 4533918e-6360-4037-8179-fae913ec2080 | ITER: 40 START
2019-06-26 09:26:18.877 22849 INFO rally.task.runner [-] Task 4533918e-6360-4037-8179-fae913ec2080 | ITER: 27 END: OK
2019-06-26 09:26:18.880 22849 INFO rally.task.runner [-] Task 4533918e-6360-4037-8179-fae913ec2080 | ITER: 41 START
2019-06-26 09:26:18.887 22829 INFO rally.task.runner [-] Task 4533918e-6360-4037-8179-fae913ec2080 | ITER: 21 END: OK
2019-06-26 09:26:18.888 22830 INFO rally.task.runner [-] Task 4533918e-6360-4037-8179-fae913ec2080 | ITER: 28 END: OK
2019-06-26 09:26:18.890 22829 INFO rally.task.runner [-] Task 4533918e-6360-4037-8179-fae913ec2080 | ITER: 42 START
2019-06-26 09:26:18.892 22830 INFO rally.task.runner [-] Task 4533918e-6360-4037-8179-fae913ec2080 | ITER: 43 START
2019-06-26 09:26:19.190 22858 INFO rally.task.runner [-] Task 4533918e-6360-4037-8179-fae913ec2080 | ITER: 25 END: OK
2019-06-26 09:26:19.193 22858 INFO rally.task.runner [-] Task 4533918e-6360-4037-8179-fae913ec2080 | ITER: 44 START
2019-06-26 09:26:19.234 22832 INFO rally.task.runner [-] Task 4533918e-6360-4037-8179-fae913ec2080 | ITER: 23 END: OK
2019-06-26 09:26:19.236 22832 INFO rally.task.runner [-] Task 4533918e-6360-4037-8179-fae913ec2080 | ITER: 45 START
2019-06-26 09:26:19.535 22860 INFO rally.task.runner [-] Task 4533918e-6360-4037-8179-fae913ec2080 | ITER: 24 END: OK
2019-06-26 09:26:19.538 22860 INFO rally.task.runner [-] Task 4533918e-6360-4037-8179-fae913ec2080 | ITER: 46 START
2019-06-26 09:26:19.543 22838 INFO rally.task.runner [-] Task 4533918e-6360-4037-8179-fae913ec2080 | ITER: 29 END: OK
2019-06-26 09:26:19.546 22838 INFO rally.task.runner [-] Task 4533918e-6360-4037-8179-fae913ec2080 | ITER: 47 START
2019-06-26 09:26:19.776 22830 INFO rally.task.runner [-] Task 4533918e-6360-4037-8179-fae913ec2080 | ITER: 26 END: OK
2019-06-26 09:26:19.778 22830 INFO rally.task.runner [-] Task 4533918e-6360-4037-8179-fae913ec2080 | ITER: 48 START
2019-06-26 09:26:19.778 22832 INFO rally.task.runner [-] Task 4533918e-6360-4037-8179-fae913ec2080 | ITER: 30 END: OK
2019-06-26 09:26:19.781 22832 INFO rally.task.runner [-] Task 4533918e-6360-4037-8179-fae913ec2080 | ITER: 49 START
2019-06-26 09:26:19.782 22844 INFO rally.task.runner [-] Task 4533918e-6360-4037-8179-fae913ec2080 | ITER: 22 END: OK
2019-06-26 09:26:19.784 22844 INFO rally.task.runner [-] Task 4533918e-6360-4037-8179-fae913ec2080 | ITER: 50 START
2019-06-26 09:26:20.153 22829 INFO rally.task.runner [-] Task 4533918e-6360-4037-8179-fae913ec2080 | ITER: 33 END: OK
2019-06-26 09:26:20.155 22829 INFO rally.task.runner [-] Task 4533918e-6360-4037-8179-fae913ec2080 | ITER: 51 START
2019-06-26 09:26:20.156 22854 INFO rally.task.runner [-] Task 4533918e-6360-4037-8179-fae913ec2080 | ITER: 34 END: OK
2019-06-26 09:26:20.158 22854 INFO rally.task.runner [-] Task 4533918e-6360-4037-8179-fae913ec2080 | ITER: 52 START
2019-06-26 09:26:20.182 22831 INFO rally.task.runner [-] Task 4533918e-6360-4037-8179-fae913ec2080 | ITER: 31 END: OK
2019-06-26 09:26:20.184 22831 INFO rally.task.runner [-] Task 4533918e-6360-4037-8179-fae913ec2080 | ITER: 53 START
2019-06-26 09:26:20.317 22870 INFO rally.task.runner [-] Task 4533918e-6360-4037-8179-fae913ec2080 | ITER: 40 END: OK
2019-06-26 09:26:20.321 22870 INFO rally.task.runner [-] Task 4533918e-6360-4037-8179-fae913ec2080 | ITER: 54 START
2019-06-26 09:26:20.591 22829 INFO rally.task.runner [-] Task 4533918e-6360-4037-8179-fae913ec2080 | ITER: 42 END: OK
2019-06-26 09:26:20.594 22829 INFO rally.task.runner [-] Task 4533918e-6360-4037-8179-fae913ec2080 | ITER: 55 START
2019-06-26 09:26:21.058 22832 INFO rally.task.runner [-] Task 4533918e-6360-4037-8179-fae913ec2080 | ITER: 45 END: OK
2019-06-26 09:26:21.061 22832 INFO rally.task.runner [-] Task 4533918e-6360-4037-8179-fae913ec2080 | ITER: 56 START
2019-06-26 09:26:21.159 22849 INFO rally.task.runner [-] Task 4533918e-6360-4037-8179-fae913ec2080 | ITER: 41 END: OK
2019-06-26 09:26:21.162 22849 INFO rally.task.runner [-] Task 4533918e-6360-4037-8179-fae913ec2080 | ITER: 57 START
2019-06-26 09:26:21.293 22838 INFO rally.task.runner [-] Task 4533918e-6360-4037-8179-fae913ec2080 | ITER: 47 END: OK
2019-06-26 09:26:21.296 22838 INFO rally.task.runner [-] Task 4533918e-6360-4037-8179-fae913ec2080 | ITER: 58 START
2019-06-26 09:26:21.339 22830 INFO rally.task.runner [-] Task 4533918e-6360-4037-8179-fae913ec2080 | ITER: 43 END: OK
2019-06-26 09:26:21.342 22830 INFO rally.task.runner [-] Task 4533918e-6360-4037-8179-fae913ec2080 | ITER: 59 START
2019-06-26 09:26:21.473 22858 INFO rally.task.runner [-] Task 4533918e-6360-4037-8179-fae913ec2080 | ITER: 44 END: OK
2019-06-26 09:26:21.476 22858 INFO rally.task.runner [-] Task 4533918e-6360-4037-8179-fae913ec2080 | ITER: 60 START
2019-06-26 09:26:21.737 22830 INFO rally.task.runner [-] Task 4533918e-6360-4037-8179-fae913ec2080 | ITER: 48 END: OK
2019-06-26 09:26:21.738 22831 INFO rally.task.runner [-] Task 4533918e-6360-4037-8179-fae913ec2080 | ITER: 53 END: OK
2019-06-26 09:26:21.739 22830 INFO rally.task.runner [-] Task 4533918e-6360-4037-8179-fae913ec2080 | ITER: 61 START
2019-06-26 09:26:21.741 22831 INFO rally.task.runner [-] Task 4533918e-6360-4037-8179-fae913ec2080 | ITER: 62 START
2019-06-26 09:26:21.742 22832 INFO rally.task.runner [-] Task 4533918e-6360-4037-8179-fae913ec2080 | ITER: 49 END: OK
2019-06-26 09:26:21.743 22834 INFO rally.task.runner [-] Task 4533918e-6360-4037-8179-fae913ec2080 | ITER: 32 END: OK
2019-06-26 09:26:21.745 22832 INFO rally.task.runner [-] Task 4533918e-6360-4037-8179-fae913ec2080 | ITER: 63 START
2019-06-26 09:26:21.746 22834 INFO rally.task.runner [-] Task 4533918e-6360-4037-8179-fae913ec2080 | ITER: 64 START
2019-06-26 09:26:21.758 22860 INFO rally.task.runner [-] Task 4533918e-6360-4037-8179-fae913ec2080 | ITER: 46 END: OK
2019-06-26 09:26:21.761 22860 INFO rally.task.runner [-] Task 4533918e-6360-4037-8179-fae913ec2080 | ITER: 65 START
2019-06-26 09:26:21.908 22844 INFO rally.task.runner [-] Task 4533918e-6360-4037-8179-fae913ec2080 | ITER: 50 END: OK
2019-06-26 09:26:21.911 22844 INFO rally.task.runner [-] Task 4533918e-6360-4037-8179-fae913ec2080 | ITER: 66 START
2019-06-26 09:26:21.926 22869 INFO rally.task.runner [-] Task 4533918e-6360-4037-8179-fae913ec2080 | ITER: 38 END: OK
2019-06-26 09:26:21.929 22869 INFO rally.task.runner [-] Task 4533918e-6360-4037-8179-fae913ec2080 | ITER: 67 START
2019-06-26 09:26:22.012 22831 INFO rally.task.runner [-] Task 4533918e-6360-4037-8179-fae913ec2080 | ITER: 36 END: OK
2019-06-26 09:26:22.015 22831 INFO rally.task.runner [-] Task 4533918e-6360-4037-8179-fae913ec2080 | ITER: 68 START
2019-06-26 09:26:22.060 22853 INFO rally.task.runner [-] Task 4533918e-6360-4037-8179-fae913ec2080 | ITER: 35 END: OK
2019-06-26 09:26:22.063 22853 INFO rally.task.runner [-] Task 4533918e-6360-4037-8179-fae913ec2080 | ITER: 69 START
2019-06-26 09:26:22.181 22866 INFO rally.task.runner [-] Task 4533918e-6360-4037-8179-fae913ec2080 | ITER: 39 END: OK
2019-06-26 09:26:22.184 22866 INFO rally.task.runner [-] Task 4533918e-6360-4037-8179-fae913ec2080 | ITER: 70 START
2019-06-26 09:26:22.377 22829 INFO rally.task.runner [-] Task 4533918e-6360-4037-8179-fae913ec2080 | ITER: 55 END: OK
2019-06-26 09:26:22.379 22829 INFO rally.task.runner [-] Task 4533918e-6360-4037-8179-fae913ec2080 | ITER: 71 START
2019-06-26 09:26:22.415 22873 INFO rally.task.runner [-] Task 4533918e-6360-4037-8179-fae913ec2080 | ITER: 37 END: OK
2019-06-26 09:26:22.418 22873 INFO rally.task.runner [-] Task 4533918e-6360-4037-8179-fae913ec2080 | ITER: 72 START
2019-06-26 09:26:22.457 22829 INFO rally.task.runner [-] Task 4533918e-6360-4037-8179-fae913ec2080 | ITER: 51 END: OK
2019-06-26 09:26:22.459 22829 INFO rally.task.runner [-] Task 4533918e-6360-4037-8179-fae913ec2080 | ITER: 73 START
2019-06-26 09:26:22.795 22832 INFO rally.task.runner [-] Task 4533918e-6360-4037-8179-fae913ec2080 | ITER: 56 END: OK
2019-06-26 09:26:22.797 22832 INFO rally.task.runner [-] Task 4533918e-6360-4037-8179-fae913ec2080 | ITER: 74 START
2019-06-26 09:26:22.806 22854 INFO rally.task.runner [-] Task 4533918e-6360-4037-8179-fae913ec2080 | ITER: 52 END: OK
2019-06-26 09:26:22.808 22854 INFO rally.task.runner [-] Task 4533918e-6360-4037-8179-fae913ec2080 | ITER: 75 START
2019-06-26 09:26:22.835 22870 INFO rally.task.runner [-] Task 4533918e-6360-4037-8179-fae913ec2080 | ITER: 54 END: OK
2019-06-26 09:26:22.839 22870 INFO rally.task.runner [-] Task 4533918e-6360-4037-8179-fae913ec2080 | ITER: 76 START
2019-06-26 09:26:23.376 22849 INFO rally.task.runner [-] Task 4533918e-6360-4037-8179-fae913ec2080 | ITER: 57 END: OK
2019-06-26 09:26:23.379 22849 INFO rally.task.runner [-] Task 4533918e-6360-4037-8179-fae913ec2080 | ITER: 77 START
2019-06-26 09:26:23.422 22830 INFO rally.task.runner [-] Task 4533918e-6360-4037-8179-fae913ec2080 | ITER: 59 END: OK
2019-06-26 09:26:23.425 22830 INFO rally.task.runner [-] Task 4533918e-6360-4037-8179-fae913ec2080 | ITER: 78 START
2019-06-26 09:26:23.443 22838 INFO rally.task.runner [-] Task 4533918e-6360-4037-8179-fae913ec2080 | ITER: 58 END: OK
2019-06-26 09:26:23.446 22838 INFO rally.task.runner [-] Task 4533918e-6360-4037-8179-fae913ec2080 | ITER: 79 START
2019-06-26 09:26:23.904 22858 INFO rally.task.runner [-] Task 4533918e-6360-4037-8179-fae913ec2080 | ITER: 60 END: OK
2019-06-26 09:26:23.907 22858 INFO rally.task.runner [-] Task 4533918e-6360-4037-8179-fae913ec2080 | ITER: 80 START
2019-06-26 09:26:24.915 22860 INFO rally.task.runner [-] Task 4533918e-6360-4037-8179-fae913ec2080 | ITER: 65 END: OK
2019-06-26 09:26:24.918 22860 INFO rally.task.runner [-] Task 4533918e-6360-4037-8179-fae913ec2080 | ITER: 81 START
2019-06-26 09:26:24.958 22844 INFO rally.task.runner [-] Task 4533918e-6360-4037-8179-fae913ec2080 | ITER: 66 END: OK
2019-06-26 09:26:24.961 22834 INFO rally.task.runner [-] Task 4533918e-6360-4037-8179-fae913ec2080 | ITER: 64 END: OK
2019-06-26 09:26:24.962 22844 INFO rally.task.runner [-] Task 4533918e-6360-4037-8179-fae913ec2080 | ITER: 82 START
2019-06-26 09:26:24.964 22834 INFO rally.task.runner [-] Task 4533918e-6360-4037-8179-fae913ec2080 | ITER: 83 START
2019-06-26 09:26:24.964 22832 INFO rally.task.runner [-] Task 4533918e-6360-4037-8179-fae913ec2080 | ITER: 63 END: OK
2019-06-26 09:26:24.967 22832 INFO rally.task.runner [-] Task 4533918e-6360-4037-8179-fae913ec2080 | ITER: 84 START
2019-06-26 09:26:24.968 22830 INFO rally.task.runner [-] Task 4533918e-6360-4037-8179-fae913ec2080 | ITER: 61 END: OK
2019-06-26 09:26:24.971 22830 INFO rally.task.runner [-] Task 4533918e-6360-4037-8179-fae913ec2080 | ITER: 85 START
2019-06-26 09:26:24.990 22831 INFO rally.task.runner [-] Task 4533918e-6360-4037-8179-fae913ec2080 | ITER: 68 END: OK
2019-06-26 09:26:24.993 22831 INFO rally.task.runner [-] Task 4533918e-6360-4037-8179-fae913ec2080 | ITER: 86 START
2019-06-26 09:26:24.995 22853 INFO rally.task.runner [-] Task 4533918e-6360-4037-8179-fae913ec2080 | ITER: 69 END: OK
2019-06-26 09:26:24.998 22853 INFO rally.task.runner [-] Task 4533918e-6360-4037-8179-fae913ec2080 | ITER: 87 START
2019-06-26 09:26:25.007 22831 INFO rally.task.runner [-] Task 4533918e-6360-4037-8179-fae913ec2080 | ITER: 62 END: OK
2019-06-26 09:26:25.012 22831 INFO rally.task.runner [-] Task 4533918e-6360-4037-8179-fae913ec2080 | ITER: 88 START
2019-06-26 09:26:25.395 22829 INFO rally.task.runner [-] Task 4533918e-6360-4037-8179-fae913ec2080 | ITER: 71 END: OK
2019-06-26 09:26:25.399 22829 INFO rally.task.runner [-] Task 4533918e-6360-4037-8179-fae913ec2080 | ITER: 89 START
2019-06-26 09:26:25.416 22829 INFO rally.task.runner [-] Task 4533918e-6360-4037-8179-fae913ec2080 | ITER: 73 END: OK
2019-06-26 09:26:25.420 22829 INFO rally.task.runner [-] Task 4533918e-6360-4037-8179-fae913ec2080 | ITER: 90 START
2019-06-26 09:26:25.457 22869 INFO rally.task.runner [-] Task 4533918e-6360-4037-8179-fae913ec2080 | ITER: 67 END: OK
2019-06-26 09:26:25.460 22869 INFO rally.task.runner [-] Task 4533918e-6360-4037-8179-fae913ec2080 | ITER: 91 START
2019-06-26 09:26:25.591 22858 INFO rally.task.runner [-] Task 4533918e-6360-4037-8179-fae913ec2080 | ITER: 80 END: OK
2019-06-26 09:26:25.593 22858 INFO rally.task.runner [-] Task 4533918e-6360-4037-8179-fae913ec2080 | ITER: 92 START
2019-06-26 09:26:25.720 22866 INFO rally.task.runner [-] Task 4533918e-6360-4037-8179-fae913ec2080 | ITER: 70 END: OK
2019-06-26 09:26:25.723 22866 INFO rally.task.runner [-] Task 4533918e-6360-4037-8179-fae913ec2080 | ITER: 93 START
2019-06-26 09:26:26.378 22873 INFO rally.task.runner [-] Task 4533918e-6360-4037-8179-fae913ec2080 | ITER: 72 END: OK
2019-06-26 09:26:26.380 22873 INFO rally.task.runner [-] Task 4533918e-6360-4037-8179-fae913ec2080 | ITER: 94 START
2019-06-26 09:26:26.464 22832 INFO rally.task.runner [-] Task 4533918e-6360-4037-8179-fae913ec2080 | ITER: 74 END: OK
2019-06-26 09:26:26.467 22832 INFO rally.task.runner [-] Task 4533918e-6360-4037-8179-fae913ec2080 | ITER: 95 START
2019-06-26 09:26:26.580 22830 INFO rally.task.runner [-] Task 4533918e-6360-4037-8179-fae913ec2080 | ITER: 78 END: OK
2019-06-26 09:26:26.583 22830 INFO rally.task.runner [-] Task 4533918e-6360-4037-8179-fae913ec2080 | ITER: 96 START
2019-06-26 09:26:26.739 22870 INFO rally.task.runner [-] Task 4533918e-6360-4037-8179-fae913ec2080 | ITER: 76 END: OK
2019-06-26 09:26:26.742 22870 INFO rally.task.runner [-] Task 4533918e-6360-4037-8179-fae913ec2080 | ITER: 97 START
2019-06-26 09:26:26.744 22854 INFO rally.task.runner [-] Task 4533918e-6360-4037-8179-fae913ec2080 | ITER: 75 END: OK
2019-06-26 09:26:26.747 22854 INFO rally.task.runner [-] Task 4533918e-6360-4037-8179-fae913ec2080 | ITER: 98 START
2019-06-26 09:26:26.780 22838 INFO rally.task.runner [-] Task 4533918e-6360-4037-8179-fae913ec2080 | ITER: 79 END: OK
2019-06-26 09:26:26.783 22838 INFO rally.task.runner [-] Task 4533918e-6360-4037-8179-fae913ec2080 | ITER: 99 START
2019-06-26 09:26:26.784 22831 INFO rally.task.runner [-] Task 4533918e-6360-4037-8179-fae913ec2080 | ITER: 88 END: OK
2019-06-26 09:26:26.785 22834 INFO rally.task.runner [-] Task 4533918e-6360-4037-8179-fae913ec2080 | ITER: 83 END: OK
2019-06-26 09:26:26.787 22831 INFO rally.task.runner [-] Task 4533918e-6360-4037-8179-fae913ec2080 | ITER: 100 START
2019-06-26 09:26:26.949 22849 INFO rally.task.runner [-] Task 4533918e-6360-4037-8179-fae913ec2080 | ITER: 77 END: OK
2019-06-26 09:26:27.073 22860 INFO rally.task.runner [-] Task 4533918e-6360-4037-8179-fae913ec2080 | ITER: 81 END: OK
2019-06-26 09:26:27.334 22866 INFO rally.task.runner [-] Task 4533918e-6360-4037-8179-fae913ec2080 | ITER: 93 END: OK
2019-06-26 09:26:27.655 22830 INFO rally.task.runner [-] Task 4533918e-6360-4037-8179-fae913ec2080 | ITER: 85 END: OK
2019-06-26 09:26:27.987 22844 INFO rally.task.runner [-] Task 4533918e-6360-4037-8179-fae913ec2080 | ITER: 82 END: OK
2019-06-26 09:26:28.211 22853 INFO rally.task.runner [-] Task 4533918e-6360-4037-8179-fae913ec2080 | ITER: 87 END: OK
2019-06-26 09:26:28.212 22829 INFO rally.task.runner [-] Task 4533918e-6360-4037-8179-fae913ec2080 | ITER: 90 END: OK
2019-06-26 09:26:28.232 22832 INFO rally.task.runner [-] Task 4533918e-6360-4037-8179-fae913ec2080 | ITER: 84 END: OK
2019-06-26 09:26:28.270 22831 INFO rally.task.runner [-] Task 4533918e-6360-4037-8179-fae913ec2080 | ITER: 86 END: OK
2019-06-26 09:26:28.273 22830 INFO rally.task.runner [-] Task 4533918e-6360-4037-8179-fae913ec2080 | ITER: 96 END: OK
2019-06-26 09:26:28.275 22873 INFO rally.task.runner [-] Task 4533918e-6360-4037-8179-fae913ec2080 | ITER: 94 END: OK
2019-06-26 09:26:28.334 22869 INFO rally.task.runner [-] Task 4533918e-6360-4037-8179-fae913ec2080 | ITER: 91 END: OK
2019-06-26 09:26:28.377 22831 INFO rally.task.runner [-] Task 4533918e-6360-4037-8179-fae913ec2080 | ITER: 100 END: OK
2019-06-26 09:26:28.399 22829 INFO rally.task.runner [-] Task 4533918e-6360-4037-8179-fae913ec2080 | ITER: 89 END: OK
2019-06-26 09:26:28.426 22832 INFO rally.task.runner [-] Task 4533918e-6360-4037-8179-fae913ec2080 | ITER: 95 END: OK
2019-06-26 09:26:28.476 22858 INFO rally.task.runner [-] Task 4533918e-6360-4037-8179-fae913ec2080 | ITER: 92 END: OK
2019-06-26 09:26:28.972 22870 INFO rally.task.runner [-] Task 4533918e-6360-4037-8179-fae913ec2080 | ITER: 97 END: OK
2019-06-26 09:26:29.049 22838 INFO rally.task.runner [-] Task 4533918e-6360-4037-8179-fae913ec2080 | ITER: 99 END: OK
2019-06-26 09:26:29.159 22854 INFO rally.task.runner [-] Task 4533918e-6360-4037-8179-fae913ec2080 | ITER: 98 END: OK
2019-06-26 09:26:29.188 22705 INFO rally.task.context [-] Task 4533918e-6360-4037-8179-fae913ec2080 | Context cleanup@openstack cleanup() started
2019-06-26 09:26:29.191 22705 RALLYDEBUG rally_openstack.cleanup.manager [-] Cleaning up neutron vip objects
2019-06-26 09:26:29.816 22705 RALLYDEBUG rally_openstack.cleanup.manager [-] Cleaning up neutron health_monitor objects
2019-06-26 09:26:30.444 22705 RALLYDEBUG rally_openstack.cleanup.manager [-] Cleaning up neutron pool objects
2019-06-26 09:26:31.066 22705 RALLYDEBUG rally_openstack.cleanup.manager [-] Cleaning up neutron loadbalancer objects
2019-06-26 09:26:31.761 22705 RALLYDEBUG rally_openstack.cleanup.manager [-] Cleaning up neutron floatingip objects
2019-06-26 09:26:32.410 22705 RALLYDEBUG rally_openstack.cleanup.manager [-] Cleaning up neutron port objects
2019-06-26 09:26:33.060 22705 RALLYDEBUG rally_openstack.cleanup.manager [-] Cleaning up neutron subnet objects
2019-06-26 09:26:33.722 22705 RALLYDEBUG rally_openstack.cleanup.manager [-] Cleaning up neutron network objects
2019-06-26 09:26:35.067 22705 RALLYDEBUG rally_openstack.cleanup.manager [-] Deleting neutron.network object s_rally_988d28b8_QOXh4csR (01442011-66f4-4ed7-be6d-fc29e202bfda)
2019-06-26 09:26:35.069 22705 RALLYDEBUG rally_openstack.cleanup.manager [-] Deleting neutron.network object s_rally_988d28b8_BUFpIjWV (04e1b7df-e278-408a-ab34-487459b38a40)
2019-06-26 09:26:35.075 22705 RALLYDEBUG rally_openstack.cleanup.manager [-] Deleting neutron.network object s_rally_988d28b8_JYI0A1Cx (0bdd7c1c-31b9-4d8b-8ed5-4f58d2ceb5cb)
2019-06-26 09:26:35.079 22705 RALLYDEBUG rally_openstack.cleanup.manager [-] Deleting neutron.network object s_rally_988d28b8_YpaoddXD (16c2c916-48bf-4755-8f7d-61b24b22e73f)
2019-06-26 09:26:35.081 22705 RALLYDEBUG rally_openstack.cleanup.manager [-] Deleting neutron.network object s_rally_988d28b8_Kzhcdxlu (0e6212d5-9d09-4ac8-9cb4-5a1dbd75af24)
2019-06-26 09:26:35.082 22705 RALLYDEBUG rally_openstack.cleanup.manager [-] Deleting neutron.network object s_rally_988d28b8_sDH8E9wI (0ed1fde3-68df-4d9c-bd30-56aa1abeaada)
2019-06-26 09:26:35.083 22705 RALLYDEBUG rally_openstack.cleanup.manager [-] Deleting neutron.network object s_rally_988d28b8_ZeeGgnzP (0740f81a-4ef4-467c-9cd8-a749cb0f23b4)
2019-06-26 09:26:35.088 22705 RALLYDEBUG rally_openstack.cleanup.manager [-] Deleting neutron.network object s_rally_988d28b8_eCzUBO24 (0003e5f1-6dbd-4b19-abc0-857e26ab2fdf)
2019-06-26 09:26:35.089 22705 RALLYDEBUG rally_openstack.cleanup.manager [-] Deleting neutron.network object s_rally_988d28b8_evQkamu7 (18ffd01d-c3d9-496e-9a32-9da8373abbad)
2019-06-26 09:26:35.094 22705 RALLYDEBUG rally_openstack.cleanup.manager [-] Deleting neutron.network object s_rally_988d28b8_L5lGuOVi (1f2d9c3c-971a-4a61-8a55-e00db19b53dc)
2019-06-26 09:26:35.105 22705 RALLYDEBUG rally_openstack.cleanup.manager [-] Deleting neutron.network object s_rally_988d28b8_yM6e804q (0103666a-9ed5-492e-8cda-0520318f70ac)
2019-06-26 09:26:35.106 22705 RALLYDEBUG rally_openstack.cleanup.manager [-] Deleting neutron.network object s_rally_988d28b8_Y7Oo3tb9 (21fa2d72-9a7a-44dd-b290-f5eb115fdf7b)
2019-06-26 09:26:35.123 22705 RALLYDEBUG rally_openstack.cleanup.manager [-] Deleting neutron.network object s_rally_988d28b8_1BNZP8Qt (2335a69e-ea9b-49cd-911d-38c7c37dec15)
2019-06-26 09:26:35.124 22705 RALLYDEBUG rally_openstack.cleanup.manager [-] Deleting neutron.network object s_rally_988d28b8_ilnzI5n5 (0cfb3cf6-b34f-4dc3-9b8d-2d25d9421919)
2019-06-26 09:26:35.144 22705 RALLYDEBUG rally_openstack.cleanup.manager [-] Deleting neutron.network object s_rally_988d28b8_q7xUz58j (23456230-7613-4a7c-94e2-4feb872723e6)
2019-06-26 09:26:35.146 22705 RALLYDEBUG rally_openstack.cleanup.manager [-] Deleting neutron.network object s_rally_988d28b8_fkHuvgHf (235c4301-0e6a-44b7-8b7b-a8b5b026bbfb)
2019-06-26 09:26:35.161 22705 RALLYDEBUG rally_openstack.cleanup.manager [-] Deleting neutron.network object s_rally_988d28b8_YbrRxtCf (235e5608-c9e4-4385-9fda-cd18b7c8c887)
2019-06-26 09:26:35.182 22705 RALLYDEBUG rally_openstack.cleanup.manager [-] Deleting neutron.network object s_rally_988d28b8_e0vM2ZyG (27c62289-62d4-4793-9596-a34d4d1a46af)
2019-06-26 09:26:35.191 22705 RALLYDEBUG rally_openstack.cleanup.manager [-] Deleting neutron.network object s_rally_988d28b8_6SBsfpSU (28df8db5-e38d-453b-9fe8-2a36bf4e148b)
2019-06-26 09:26:35.209 22705 RALLYDEBUG rally_openstack.cleanup.manager [-] Deleting neutron.network object s_rally_988d28b8_AH4qC27i (29433ebe-6607-415a-9c2c-08b22730091e)
2019-06-26 09:26:38.802 22705 RALLYDEBUG rally_openstack.cleanup.manager [-] Deleting neutron.network object s_rally_988d28b8_N5VuTuHx (300d43e4-9cb5-4941-9411-5cdef60cec3e)
2019-06-26 09:26:38.864 22705 RALLYDEBUG rally_openstack.cleanup.manager [-] Deleting neutron.network object s_rally_988d28b8_v0xlB8uW (317b1b5c-2efe-4644-99dd-6f8f235d4a12)
2019-06-26 09:26:39.544 22705 RALLYDEBUG rally_openstack.cleanup.manager [-] Deleting neutron.network object s_rally_988d28b8_hEmG0iNI (3405f90d-c4fe-493a-a9cd-ad427fd6816d)
2019-06-26 09:26:39.545 22705 RALLYDEBUG rally_openstack.cleanup.manager [-] Deleting neutron.network object s_rally_988d28b8_QTdvNNgC (359990ea-d86d-4144-a38b-c97f86e906f6)
2019-06-26 09:26:39.709 22705 RALLYDEBUG rally_openstack.cleanup.manager [-] Deleting neutron.network object s_rally_988d28b8_yHLK9Ngv (38d06ba7-5544-43cc-aa3e-f6877a4ef074)
2019-06-26 09:26:39.736 22705 RALLYDEBUG rally_openstack.cleanup.manager [-] Deleting neutron.network object s_rally_988d28b8_qGmCT27t (39739e2c-2364-4e8c-b2e9-bd3fd9fa2f6f)
2019-06-26 09:26:39.791 22705 RALLYDEBUG rally_openstack.cleanup.manager [-] Deleting neutron.network object s_rally_988d28b8_13bqq5yW (3d0022c4-a969-42f4-892b-67c6cd7ba2d3)
2019-06-26 09:26:39.886 22705 RALLYDEBUG rally_openstack.cleanup.manager [-] Deleting neutron.network object s_rally_988d28b8_jIfbUuKV (4442b91b-b1e1-4b58-9158-c1e6d9d37aed)
2019-06-26 09:26:39.887 22705 RALLYDEBUG rally_openstack.cleanup.manager [-] Deleting neutron.network object s_rally_988d28b8_FsCN4byT (424732ae-4f6c-45dc-aab0-c3b6386e36e5)
2019-06-26 09:26:40.135 22705 RALLYDEBUG rally_openstack.cleanup.manager [-] Deleting neutron.network object s_rally_988d28b8_LaC1jCSG (4a65f8b1-12fe-4237-8011-1d4e6f3405d2)
2019-06-26 09:26:40.195 22705 RALLYDEBUG rally_openstack.cleanup.manager [-] Deleting neutron.network object s_rally_988d28b8_r44Llbqi (4c54f42f-0bf3-432c-bc90-fc93a02ec111)
2019-06-26 09:26:40.305 22705 RALLYDEBUG rally_openstack.cleanup.manager [-] Deleting neutron.network object s_rally_988d28b8_m8TeDbu5 (4df336bf-1f95-425e-bd8a-62dae0456202)
2019-06-26 09:26:40.313 22705 RALLYDEBUG rally_openstack.cleanup.manager [-] Deleting neutron.network object s_rally_988d28b8_1LtVnVcZ (4f7fc03f-ef5f-41c3-b8eb-868b717339c6)
2019-06-26 09:26:40.445 22705 RALLYDEBUG rally_openstack.cleanup.manager [-] Deleting neutron.network object s_rally_988d28b8_vJOLndm2 (5032251a-331c-416c-9843-3aba99ecd578)
2019-06-26 09:26:40.558 22705 RALLYDEBUG rally_openstack.cleanup.manager [-] Deleting neutron.network object s_rally_988d28b8_jDbYJ2gE (509f2c33-c018-45cf-8592-ca8e59126fb6)
2019-06-26 09:26:41.223 22705 RALLYDEBUG rally_openstack.cleanup.manager [-] Deleting neutron.network object s_rally_988d28b8_XO27FGOQ (5240f5f1-0a22-46bb-9732-47efb9f44697)
2019-06-26 09:26:41.235 22705 RALLYDEBUG rally_openstack.cleanup.manager [-] Deleting neutron.network object s_rally_988d28b8_e4RufyK7 (54f6ac64-bb53-49da-ac86-e5759ea12c7b)
2019-06-26 09:26:42.115 22705 RALLYDEBUG rally_openstack.cleanup.manager [-] Deleting neutron.network object s_rally_988d28b8_3xjmmICq (5a057443-3363-4b66-a2e6-e02b436b2c19)
2019-06-26 09:26:42.166 22705 RALLYDEBUG rally_openstack.cleanup.manager [-] Deleting neutron.network object s_rally_988d28b8_McsFotAq (5c8bb5f0-9700-42fa-84a0-3b7888b27c0e)
2019-06-26 09:26:42.181 22705 RALLYDEBUG rally_openstack.cleanup.manager [-] Deleting neutron.network object s_rally_988d28b8_H0U8NU1K (5e67afb6-35ec-44b6-b015-79a115d4c109)
2019-06-26 09:26:42.316 22705 RALLYDEBUG rally_openstack.cleanup.manager [-] Deleting neutron.network object s_rally_988d28b8_Vr04bKAa (5f6d10be-389f-4856-a83a-1750a26d0fdb)
2019-06-26 09:26:42.355 22705 RALLYDEBUG rally_openstack.cleanup.manager [-] Deleting neutron.network object s_rally_988d28b8_Lrc69Edv (622e003b-669b-43df-860d-ac4049264386)
2019-06-26 09:26:43.266 22705 RALLYDEBUG rally_openstack.cleanup.manager [-] Deleting neutron.network object s_rally_988d28b8_6OKNQMeX (647c88a4-e287-44fd-8291-4fb18c280ec8)
2019-06-26 09:26:43.272 22705 RALLYDEBUG rally_openstack.cleanup.manager [-] Deleting neutron.network object s_rally_988d28b8_tHttpXcA (67a079b1-7418-482f-ad98-1222e82de298)
2019-06-26 09:26:43.359 22705 RALLYDEBUG rally_openstack.cleanup.manager [-] Deleting neutron.network object s_rally_988d28b8_AA9Vc3qG (6889e8ff-1462-45ee-8435-6b42e35cc962)
2019-06-26 09:26:43.604 22705 RALLYDEBUG rally_openstack.cleanup.manager [-] Deleting neutron.network object s_rally_988d28b8_1RZsJ49d (6c894f45-fcd9-400b-a13c-31a64a873a26)
2019-06-26 09:26:43.690 22705 RALLYDEBUG rally_openstack.cleanup.manager [-] Deleting neutron.network object s_rally_988d28b8_3WNzA6g7 (6dfb1017-9739-4a39-ab08-d7cf11b1c7d2)
2019-06-26 09:26:43.866 22705 RALLYDEBUG rally_openstack.cleanup.manager [-] Deleting neutron.network object s_rally_988d28b8_oXHEXcCQ (6e56e09b-1ee1-4482-b76a-b937dd5c16e3)
2019-06-26 09:26:43.939 22705 RALLYDEBUG rally_openstack.cleanup.manager [-] Deleting neutron.network object s_rally_988d28b8_CzwvkLCr (6f6acc1b-5280-4e37-8ba1-2fc05053923a)
2019-06-26 09:26:43.979 22705 RALLYDEBUG rally_openstack.cleanup.manager [-] Deleting neutron.network object s_rally_988d28b8_KDiGZSq4 (70d88816-22a3-4e7f-a0d3-55c5e4eac860)
2019-06-26 09:26:44.078 22705 RALLYDEBUG rally_openstack.cleanup.manager [-] Deleting neutron.network object s_rally_988d28b8_94f6RHf0 (72f2d801-62fb-4055-b063-6d72eb458a7e)
2019-06-26 09:26:44.647 22705 RALLYDEBUG rally_openstack.cleanup.manager [-] Deleting neutron.network object s_rally_988d28b8_f9lhm0Jq (75cbdcb3-8825-42ab-8561-7e0c814ae666)
2019-06-26 09:26:44.717 22705 RALLYDEBUG rally_openstack.cleanup.manager [-] Deleting neutron.network object s_rally_988d28b8_1RD8IzLT (7858814f-e7d4-4cfc-98ef-d269a96531d9)
2019-06-26 09:26:44.813 22705 RALLYDEBUG rally_openstack.cleanup.manager [-] Deleting neutron.network object s_rally_988d28b8_6FaeIzy1 (78ec439c-9e67-4c94-a207-d855ca42558f)
2019-06-26 09:26:44.851 22705 RALLYDEBUG rally_openstack.cleanup.manager [-] Deleting neutron.network object s_rally_988d28b8_DnjwRn9U (7b73d2f7-7572-4c23-aed2-dd43f0da5b29)
2019-06-26 09:26:44.870 22705 RALLYDEBUG rally_openstack.cleanup.manager [-] Deleting neutron.network object s_rally_988d28b8_uQUEVY18 (7cd29425-1b07-461c-b317-c1cb351dc536)
2019-06-26 09:26:44.911 22705 RALLYDEBUG rally_openstack.cleanup.manager [-] Deleting neutron.network object s_rally_988d28b8_vE6cXVpU (8797bc57-c095-4c29-bae7-d60b499f8581)
2019-06-26 09:26:45.228 22705 RALLYDEBUG rally_openstack.cleanup.manager [-] Deleting neutron.network object s_rally_988d28b8_akXZIydn (8c453cda-3256-4a8f-928c-cea049a810b6)
2019-06-26 09:26:45.704 22705 RALLYDEBUG rally_openstack.cleanup.manager [-] Deleting neutron.network object s_rally_988d28b8_AY2BK9wa (930f197a-c23b-4fdf-aaaf-8dc237bf9472)
2019-06-26 09:26:46.051 22705 RALLYDEBUG rally_openstack.cleanup.manager [-] Deleting neutron.network object s_rally_988d28b8_LpeQ9cuX (963ad6ad-978c-40f5-8355-4417a4069296)
2019-06-26 09:26:46.136 22705 RALLYDEBUG rally_openstack.cleanup.manager [-] Deleting neutron.network object s_rally_988d28b8_ounHRZbX (982ae823-1a64-4f63-bd2e-6c27b9e55a6a)
2019-06-26 09:26:46.203 22705 RALLYDEBUG rally_openstack.cleanup.manager [-] Deleting neutron.network object s_rally_988d28b8_WSaAPzqw (9981376f-ec7b-4348-bac1-c2b14542050c)
2019-06-26 09:26:46.883 22705 RALLYDEBUG rally_openstack.cleanup.manager [-] Deleting neutron.network object s_rally_988d28b8_vSbDyOzE (9f367380-e28a-451f-bb98-904d0931ae63)
2019-06-26 09:26:47.638 22705 RALLYDEBUG rally_openstack.cleanup.manager [-] Deleting neutron.network object s_rally_988d28b8_ZCTDXk42 (a5731bbd-54b7-426b-9b8e-4113d4bc7245)
2019-06-26 09:26:47.713 22705 RALLYDEBUG rally_openstack.cleanup.manager [-] Deleting neutron.network object s_rally_988d28b8_KhqvoNia (a614f6c2-9d3f-4eb3-95c1-18900c6cfc96)
2019-06-26 09:26:47.747 22705 RALLYDEBUG rally_openstack.cleanup.manager [-] Deleting neutron.network object s_rally_988d28b8_bMLQyIeF (a923609c-c41b-4025-8a54-2cbac2bf6a7a)
2019-06-26 09:26:47.859 22705 RALLYDEBUG rally_openstack.cleanup.manager [-] Deleting neutron.network object s_rally_988d28b8_Ai6GxCT1 (aa49cc8c-ac09-4c18-b006-775caf9a044c)
2019-06-26 09:26:47.868 22705 RALLYDEBUG rally_openstack.cleanup.manager [-] Deleting neutron.network object s_rally_988d28b8_je2woRXs (acc2ede1-9c00-4c73-9d96-cadc63d383c4)
2019-06-26 09:26:47.929 22705 RALLYDEBUG rally_openstack.cleanup.manager [-] Deleting neutron.network object s_rally_988d28b8_jVSMgQXl (ad4b0f74-5f3a-4190-abf8-231064bfb7a2)
2019-06-26 09:26:48.012 22705 RALLYDEBUG rally_openstack.cleanup.manager [-] Deleting neutron.network object s_rally_988d28b8_n7H9szRg (b1be46d9-e3c5-4193-87fc-77dbb09ff7d3)
2019-06-26 09:26:48.070 22705 RALLYDEBUG rally_openstack.cleanup.manager [-] Deleting neutron.network object s_rally_988d28b8_nmqpomSf (b8389863-a432-411e-9971-ec7a965e77e4)
2019-06-26 09:26:48.071 22705 RALLYDEBUG rally_openstack.cleanup.manager [-] Deleting neutron.network object s_rally_988d28b8_PGZF4j3j (b2e155fc-5464-4922-9353-9a985124f77f)
2019-06-26 09:26:48.732 22705 RALLYDEBUG rally_openstack.cleanup.manager [-] Deleting neutron.network object s_rally_988d28b8_jlMl4Jjp (bd4243b3-3a5e-447c-91bb-2ed432e881d9)
2019-06-26 09:26:48.734 22705 RALLYDEBUG rally_openstack.cleanup.manager [-] Deleting neutron.network object s_rally_988d28b8_i5JPX28e (c0250620-021a-402d-8182-91b60d81db1e)
2019-06-26 09:26:48.743 22705 RALLYDEBUG rally_openstack.cleanup.manager [-] Deleting neutron.network object s_rally_988d28b8_E4gv66Ek (c03469e1-771c-4258-bf20-b64200a54195)
2019-06-26 09:26:48.765 22705 RALLYDEBUG rally_openstack.cleanup.manager [-] Deleting neutron.network object s_rally_988d28b8_bP4T3wAN (c3028da7-94fa-4703-9b10-0c27553ab994)
2019-06-26 09:26:49.256 22705 RALLYDEBUG rally_openstack.cleanup.manager [-] Deleting neutron.network object s_rally_988d28b8_jixTbgqk (c87642c5-44e8-44fb-852a-f1b4d77996c1)
2019-06-26 09:26:49.362 22705 RALLYDEBUG rally_openstack.cleanup.manager [-] Deleting neutron.network object s_rally_988d28b8_Wx9IOWw8 (ca9c3fae-cfcf-4396-835a-8f9c74cc763b)
2019-06-26 09:26:49.518 22705 RALLYDEBUG rally_openstack.cleanup.manager [-] Deleting neutron.network object s_rally_988d28b8_Mj4ynNn3 (cc05c495-6d20-4943-9802-cd312314e3ab)
2019-06-26 09:26:49.787 22705 RALLYDEBUG rally_openstack.cleanup.manager [-] Deleting neutron.network object s_rally_988d28b8_o4LoUBZA (ccdffa59-e1ad-4222-b66d-a123a121e5c2)
2019-06-26 09:26:50.610 22705 RALLYDEBUG rally_openstack.cleanup.manager [-] Deleting neutron.network object s_rally_988d28b8_f27ULmOU (cf026e06-9c5c-468d-ae58-5ce53770c17d)
2019-06-26 09:26:50.757 22705 RALLYDEBUG rally_openstack.cleanup.manager [-] Deleting neutron.network object s_rally_988d28b8_PDxY8nfA (cf8afe92-6cda-4278-8bda-7bd04ce9305c)
2019-06-26 09:26:50.824 22705 RALLYDEBUG rally_openstack.cleanup.manager [-] Deleting neutron.network object s_rally_988d28b8_e8OB82HC (d35b975c-46f1-43e8-a097-27af099cd93d)
2019-06-26 09:26:50.893 22705 RALLYDEBUG rally_openstack.cleanup.manager [-] Deleting neutron.network object s_rally_988d28b8_9zxADPFY (d3a21e68-7feb-403f-8946-e6766e24ba82)
2019-06-26 09:26:51.620 22705 RALLYDEBUG rally_openstack.cleanup.manager [-] Deleting neutron.network object s_rally_988d28b8_N65M5dB4 (d566d756-b4da-47ad-96f9-b9d95db4e10e)
2019-06-26 09:26:51.626 22705 RALLYDEBUG rally_openstack.cleanup.manager [-] Deleting neutron.network object s_rally_988d28b8_jqoNu00d (d78d793b-87a2-4ced-b6ea-323f402d646f)
2019-06-26 09:26:51.790 22705 RALLYDEBUG rally_openstack.cleanup.manager [-] Deleting neutron.network object s_rally_988d28b8_Dt3t3Nhh (d7d487c9-ea98-41fb-aa17-3656b1c53ea4)
2019-06-26 09:26:51.815 22705 RALLYDEBUG rally_openstack.cleanup.manager [-] Deleting neutron.network object s_rally_988d28b8_fJd2DhCQ (d8e75194-fa5c-447a-aa9a-2ad5cf4eaef7)
2019-06-26 09:26:51.940 22705 RALLYDEBUG rally_openstack.cleanup.manager [-] Deleting neutron.network object s_rally_988d28b8_A2hUjyGM (da3efb4a-5419-4bd1-bf2d-d495a1aa097c)
2019-06-26 09:26:52.092 22705 RALLYDEBUG rally_openstack.cleanup.manager [-] Deleting neutron.network object s_rally_988d28b8_u575zzTg (db2e5dec-31fc-4464-aaf3-1dc0d3a83a53)
2019-06-26 09:26:52.134 22705 RALLYDEBUG rally_openstack.cleanup.manager [-] Deleting neutron.network object s_rally_988d28b8_uPP7mCej (e831b7ca-5bf6-4ea9-9311-b0bc7c766b39)
2019-06-26 09:26:52.191 22705 RALLYDEBUG rally_openstack.cleanup.manager [-] Deleting neutron.network object s_rally_988d28b8_ihzApXQn (e849a492-d604-4968-9bd3-ef31d0a5d0c7)
2019-06-26 09:26:52.279 22705 RALLYDEBUG rally_openstack.cleanup.manager [-] Deleting neutron.network object s_rally_988d28b8_6nPKSaAO (ea0ad28f-2708-4a3e-92a5-2660d52653ea)
2019-06-26 09:26:52.378 22705 RALLYDEBUG rally_openstack.cleanup.manager [-] Deleting neutron.network object s_rally_988d28b8_noC9iMyy (ed84a747-a8cd-49ec-9d29-32a96d97e2fc)
2019-06-26 09:26:52.471 22705 RALLYDEBUG rally_openstack.cleanup.manager [-] Deleting neutron.network object s_rally_988d28b8_1NqT07M2 (f89e0c34-2337-4aff-be67-1747a2829251)
2019-06-26 09:26:52.687 22705 RALLYDEBUG rally_openstack.cleanup.manager [-] Deleting neutron.network object s_rally_988d28b8_Ku0lF7jN (f91ca479-6fba-4613-9646-ec62a4ba0d3b)
