2019-06-26 09:32:04.143 24804 WARNING rally_openstack.scenarios.neutron.utils [-] Running this scenario without either the 'network' or 'existing_network' context is deprecated
2019-06-26 09:32:04.135 24801 INFO rally.task.runner [-] Task 4533918e-6360-4037-8179-fae913ec2080 | ITER: 5 START
2019-06-26 09:32:04.143 24817 RALLYDEBUG rally.task.runner [-] Starting a worker. concurrency: 1 args: {"network_create_args": {}, "subnet_create_args": {}, "subnet_cidr_start": "1.1.0.0/30", "subnets_per_network": 2} times: 40 method_name: run timeout: 0 duration: None cls:
2019-06-26 09:32:04.144 24802 WARNING rally_openstack.scenarios.neutron.utils [-] Running this scenario without either the 'network' or 'existing_network' context is deprecated
2019-06-26 09:32:04.144 24799 WARNING rally_openstack.scenarios.neutron.utils [-] Running this scenario without either the 'network' or 'existing_network' context is deprecated
2019-06-26 09:32:04.144 24801 WARNING rally_openstack.scenarios.neutron.utils [-] Running this scenario without either the 'network' or 'existing_network' context is deprecated
2019-06-26 09:32:04.144 24818 RALLYDEBUG rally.task.runner [-] Starting a worker. concurrency: 1 args: {"network_create_args": {}, "subnet_create_args": {}, "subnet_cidr_start": "1.1.0.0/30", "subnets_per_network": 2} times: 40 method_name: run timeout: 0 duration: None cls:
2019-06-26 09:32:04.144 24800 INFO rally.task.runner [-] Task 4533918e-6360-4037-8179-fae913ec2080 | ITER: 6 START
2019-06-26 09:32:04.147 24813 INFO rally.task.runner [-] Task 4533918e-6360-4037-8179-fae913ec2080 | ITER: 11 START
2019-06-26 09:32:04.148 24813 WARNING rally_openstack.scenarios.neutron.utils [-] Running this scenario without either the 'network' or 'existing_network' context is deprecated
2019-06-26 09:32:04.148 24817 INFO rally.task.runner [-] Task 4533918e-6360-4037-8179-fae913ec2080 | ITER: 12 START
2019-06-26 09:32:04.149 24822 RALLYDEBUG rally.task.runner [-] Starting a worker. concurrency: 1 args: {"network_create_args": {}, "subnet_create_args": {}, "subnet_cidr_start": "1.1.0.0/30", "subnets_per_network": 2} times: 40 method_name: run timeout: 0 duration: None cls:
2019-06-26 09:32:04.146 24800 WARNING rally_openstack.scenarios.neutron.utils [-] Running this scenario without either the 'network' or 'existing_network' context is deprecated
2019-06-26 09:32:04.151 24817 WARNING rally_openstack.scenarios.neutron.utils [-] Running this scenario without either the 'network' or 'existing_network' context is deprecated
2019-06-26 09:32:04.152 24809 INFO rally.task.runner [-] Task 4533918e-6360-4037-8179-fae913ec2080 | ITER: 10 START
2019-06-26 09:32:04.154 24829 RALLYDEBUG rally.task.runner [-] Starting a worker. concurrency: 1 args: {"network_create_args": {}, "subnet_create_args": {}, "subnet_cidr_start": "1.1.0.0/30", "subnets_per_network": 2} times: 40 method_name: run timeout: 0 duration: None cls:
2019-06-26 09:32:04.154 24809 WARNING rally_openstack.scenarios.neutron.utils [-] Running this scenario without either the 'network' or 'existing_network' context is deprecated
2019-06-26 09:32:04.155 24822 INFO rally.task.runner [-] Task 4533918e-6360-4037-8179-fae913ec2080 | ITER: 14 START
2019-06-26 09:32:04.155 24818 INFO rally.task.runner [-] Task 4533918e-6360-4037-8179-fae913ec2080 | ITER: 13 START
2019-06-26 09:32:04.157 24818 WARNING rally_openstack.scenarios.neutron.utils [-] Running this scenario without either the 'network' or 'existing_network' context is deprecated
2019-06-26 09:32:04.159 24829 INFO rally.task.runner [-] Task 4533918e-6360-4037-8179-fae913ec2080 | ITER: 15 START
2019-06-26 09:32:04.158 24826 RALLYDEBUG rally.task.runner [-] Starting a worker. concurrency: 1 args: {"network_create_args": {}, "subnet_create_args": {}, "subnet_cidr_start": "1.1.0.0/30", "subnets_per_network": 2} times: 40 method_name: run timeout: 0 duration: None cls:
2019-06-26 09:32:04.158 24832 RALLYDEBUG rally.task.runner [-] Starting a worker. concurrency: 1 args: {"network_create_args": {}, "subnet_create_args": {}, "subnet_cidr_start": "1.1.0.0/30", "subnets_per_network": 2} times: 40 method_name: run timeout: 0 duration: None cls:
2019-06-26 09:32:04.160 24829 WARNING rally_openstack.scenarios.neutron.utils [-] Running this scenario without either the 'network' or 'existing_network' context is deprecated
2019-06-26 09:32:04.161 24822 WARNING rally_openstack.scenarios.neutron.utils [-] Running this scenario without either the 'network' or 'existing_network' context is deprecated
2019-06-26 09:32:04.164 24826 INFO rally.task.runner [-] Task 4533918e-6360-4037-8179-fae913ec2080 | ITER: 16 START
2019-06-26 09:32:04.163 24836 RALLYDEBUG rally.task.runner [-] Starting a worker. concurrency: 1 args: {"network_create_args": {}, "subnet_create_args": {}, "subnet_cidr_start": "1.1.0.0/30", "subnets_per_network": 2} times: 40 method_name: run timeout: 0 duration: None cls:
2019-06-26 09:32:04.166 24826 WARNING rally_openstack.scenarios.neutron.utils [-] Running this scenario without either the 'network' or 'existing_network' context is deprecated
2019-06-26 09:32:04.166 24832 INFO rally.task.runner [-] Task 4533918e-6360-4037-8179-fae913ec2080 | ITER: 17 START
2019-06-26 09:32:04.167 24832 WARNING rally_openstack.scenarios.neutron.utils [-] Running this scenario without either the 'network' or 'existing_network' context is deprecated
2019-06-26 09:32:04.171 24839 RALLYDEBUG rally.task.runner [-] Starting a worker. concurrency: 1 args: {"network_create_args": {}, "subnet_create_args": {}, "subnet_cidr_start": "1.1.0.0/30", "subnets_per_network": 2} times: 40 method_name: run timeout: 0 duration: None cls:
2019-06-26 09:32:04.175 24836 INFO rally.task.runner [-] Task 4533918e-6360-4037-8179-fae913ec2080 | ITER: 18 START
2019-06-26 09:32:04.176 24845 RALLYDEBUG rally.task.runner [-] Starting a worker. concurrency: 1 args: {"network_create_args": {}, "subnet_create_args": {}, "subnet_cidr_start": "1.1.0.0/30", "subnets_per_network": 2} times: 40 method_name: run timeout: 0 duration: None cls:
2019-06-26 09:32:04.177 24836 WARNING rally_openstack.scenarios.neutron.utils [-] Running this scenario without either the 'network' or 'existing_network' context is deprecated
2019-06-26 09:32:04.179 24839 INFO rally.task.runner [-] Task 4533918e-6360-4037-8179-fae913ec2080 | ITER: 19 START
2019-06-26 09:32:04.180 24845 INFO rally.task.runner [-] Task 4533918e-6360-4037-8179-fae913ec2080 | ITER: 20 START
2019-06-26 09:32:04.180 24839 WARNING rally_openstack.scenarios.neutron.utils [-] Running this scenario without either the 'network' or 'existing_network' context is deprecated
2019-06-26 09:32:04.181 24845 WARNING rally_openstack.scenarios.neutron.utils [-] Running this scenario without either the 'network' or 'existing_network' context is deprecated
2019-06-26 09:32:05.943 24802 RALLYDEBUG rally_openstack.wrappers.network [-] CIDR generated: 1.1.4.96/30
2019-06-26 09:32:05.964 24801 RALLYDEBUG rally_openstack.wrappers.network [-] CIDR generated: 1.1.4.104/30
2019-06-26 09:32:05.964 24799 RALLYDEBUG rally_openstack.wrappers.network [-] CIDR generated: 1.1.4.100/30
2019-06-26 09:32:05.974 24818 RALLYDEBUG rally_openstack.wrappers.network [-] CIDR generated: 1.1.4.108/30
2019-06-26 09:32:05.990 24804 RALLYDEBUG rally_openstack.wrappers.network [-] CIDR generated: 1.1.4.112/30
2019-06-26 09:32:06.015 24809 RALLYDEBUG rally_openstack.wrappers.network [-] CIDR generated: 1.1.4.116/30
2019-06-26 09:32:06.083 24802 RALLYDEBUG rally_openstack.wrappers.network [-] CIDR generated: 1.1.4.120/30
2019-06-26 09:32:06.100 24800 RALLYDEBUG rally_openstack.wrappers.network [-] CIDR generated: 1.1.4.124/30
2019-06-26 09:32:06.172 24800 RALLYDEBUG rally_openstack.wrappers.network [-] CIDR generated: 1.1.4.128/30
2019-06-26 09:32:06.217 24822 RALLYDEBUG rally_openstack.wrappers.network [-] CIDR generated: 1.1.4.132/30
2019-06-26 09:32:06.221 24839 RALLYDEBUG rally_openstack.wrappers.network [-] CIDR generated: 1.1.4.136/30
2019-06-26 09:32:06.524 24826 RALLYDEBUG rally_openstack.wrappers.network [-] CIDR generated: 1.1.4.140/30
2019-06-26 09:32:06.572 24829 RALLYDEBUG rally_openstack.wrappers.network [-] CIDR generated: 1.1.4.144/30
2019-06-26 09:32:06.663 24817 RALLYDEBUG rally_openstack.wrappers.network [-] CIDR generated: 1.1.4.148/30
2019-06-26 09:32:06.884 24813 RALLYDEBUG rally_openstack.wrappers.network [-] CIDR generated: 1.1.4.152/30
2019-06-26 09:32:06.896 24799 RALLYDEBUG rally_openstack.wrappers.network [-] CIDR generated: 1.1.4.156/30
2019-06-26 09:32:07.209 24801 RALLYDEBUG rally_openstack.wrappers.network [-] CIDR generated: 1.1.4.160/30
2019-06-26 09:32:07.437 24801 RALLYDEBUG rally_openstack.wrappers.network [-] CIDR generated: 1.1.4.164/30
2019-06-26 09:32:07.485 24799 RALLYDEBUG rally_openstack.wrappers.network [-] CIDR generated: 1.1.4.168/30
2019-06-26 09:32:07.584 24804 RALLYDEBUG rally_openstack.wrappers.network [-] CIDR generated: 1.1.4.172/30
2019-06-26 09:32:07.629 24832 RALLYDEBUG rally_openstack.wrappers.network [-] CIDR generated: 1.1.4.176/30
2019-06-26 09:32:07.787 24809 RALLYDEBUG rally_openstack.wrappers.network [-] CIDR generated: 1.1.4.180/30
2019-06-26 09:32:07.827 24839 RALLYDEBUG rally_openstack.wrappers.network [-] CIDR generated: 1.1.4.184/30
2019-06-26 09:32:08.129 24836 RALLYDEBUG rally_openstack.wrappers.network [-] CIDR generated: 1.1.4.188/30
2019-06-26 09:32:08.883 24818 RALLYDEBUG rally_openstack.wrappers.network [-] CIDR generated: 1.1.4.192/30
2019-06-26 09:32:08.943 24845 RALLYDEBUG rally_openstack.wrappers.network [-] CIDR generated: 1.1.4.196/30
2019-06-26 09:32:09.109 24817 RALLYDEBUG rally_openstack.wrappers.network [-] CIDR generated: 1.1.4.200/30
2019-06-26 09:32:10.071 24800 RALLYDEBUG rally_openstack.wrappers.network [-] CIDR generated: 1.1.4.204/30
2019-06-26 09:32:10.129 24822 RALLYDEBUG rally_openstack.wrappers.network [-] CIDR generated: 1.1.4.208/30
2019-06-26 09:32:10.417 24826 RALLYDEBUG rally_openstack.wrappers.network [-] CIDR generated: 1.1.4.212/30
2019-06-26 09:32:10.780 24802 RALLYDEBUG rally_openstack.wrappers.network [-] CIDR generated: 1.1.4.216/30
2019-06-26 09:32:10.984 24802 RALLYDEBUG rally_openstack.wrappers.network [-] CIDR generated: 1.1.4.220/30
2019-06-26 09:32:11.276 24800 RALLYDEBUG rally_openstack.wrappers.network [-] CIDR generated: 1.1.4.224/30
2019-06-26 09:32:11.337 24829 RALLYDEBUG rally_openstack.wrappers.network [-] CIDR generated: 1.1.4.228/30
2019-06-26 09:32:11.423 24832 RALLYDEBUG rally_openstack.wrappers.network [-] CIDR generated: 1.1.4.232/30
2019-06-26 09:32:11.697 24799 RALLYDEBUG rally_openstack.wrappers.network [-] CIDR generated: 1.1.4.236/30
2019-06-26 09:32:11.757 24801 RALLYDEBUG rally_openstack.wrappers.network [-] CIDR generated: 1.1.4.240/30
2019-06-26 09:32:11.786 24813 RALLYDEBUG rally_openstack.wrappers.network [-] CIDR generated: 1.1.4.244/30
2019-06-26 09:32:12.278 24799 INFO rally.task.runner [-] Task 4533918e-6360-4037-8179-fae913ec2080 | ITER: 1 END: OK
2019-06-26 09:32:12.283 24799 INFO rally.task.runner [-] Task 4533918e-6360-4037-8179-fae913ec2080 | ITER: 21 START
2019-06-26 09:32:12.283 24799 WARNING rally_openstack.scenarios.neutron.utils [-] Running this scenario without either the 'network' or 'existing_network' context is deprecated
2019-06-26 09:32:12.298 24801 INFO rally.task.runner [-] Task 4533918e-6360-4037-8179-fae913ec2080 | ITER: 5 END: OK
2019-06-26 09:32:12.302 24801 INFO rally.task.runner [-] Task 4533918e-6360-4037-8179-fae913ec2080 | ITER: 22 START
2019-06-26 09:32:12.303 24801 WARNING rally_openstack.scenarios.neutron.utils [-] Running this scenario without either the 'network' or 'existing_network' context is deprecated
2019-06-26 09:32:12.462 24804 INFO rally.task.runner [-] Task 4533918e-6360-4037-8179-fae913ec2080 | ITER: 9 END: OK
2019-06-26 09:32:12.466 24804 INFO rally.task.runner [-] Task 4533918e-6360-4037-8179-fae913ec2080 | ITER: 23 START
2019-06-26 09:32:12.467 24804 WARNING rally_openstack.scenarios.neutron.utils [-] Running this scenario without either the 'network' or 'existing_network' context is deprecated
2019-06-26 09:32:12.490 24839 INFO rally.task.runner [-] Task 4533918e-6360-4037-8179-fae913ec2080 | ITER: 19 END: OK
2019-06-26 09:32:12.494 24839 INFO rally.task.runner [-] Task 4533918e-6360-4037-8179-fae913ec2080 | ITER: 24 START
2019-06-26 09:32:12.494 24839 WARNING rally_openstack.scenarios.neutron.utils [-] Running this scenario without either the 'network' or 'existing_network' context is deprecated
2019-06-26 09:32:12.987 24836 RALLYDEBUG rally_openstack.wrappers.network [-] CIDR generated: 1.1.4.248/30
2019-06-26 09:32:13.291 24845 RALLYDEBUG rally_openstack.wrappers.network [-] CIDR generated: 1.1.4.252/30
2019-06-26 09:32:13.734 24799 RALLYDEBUG rally_openstack.wrappers.network [-] CIDR generated: 1.1.5.0/30
2019-06-26 09:32:13.777 24804 RALLYDEBUG rally_openstack.wrappers.network [-] CIDR generated: 1.1.5.4/30
2019-06-26 09:32:13.791 24801 RALLYDEBUG rally_openstack.wrappers.network [-] CIDR generated: 1.1.5.8/30
2019-06-26 09:32:13.869 24839 RALLYDEBUG rally_openstack.wrappers.network [-] CIDR generated: 1.1.5.12/30
2019-06-26 09:32:14.936 24799 RALLYDEBUG rally_openstack.wrappers.network [-] CIDR generated: 1.1.5.16/30
2019-06-26 09:32:15.238 24801 RALLYDEBUG rally_openstack.wrappers.network [-] CIDR generated: 1.1.5.20/30
2019-06-26 09:32:15.255 24804 RALLYDEBUG rally_openstack.wrappers.network [-] CIDR generated: 1.1.5.24/30
2019-06-26 09:32:15.380 24839 RALLYDEBUG rally_openstack.wrappers.network [-] CIDR generated: 1.1.5.28/30
2019-06-26 09:32:16.347 24818 INFO rally.task.runner [-] Task 4533918e-6360-4037-8179-fae913ec2080 | ITER: 13 END: OK
2019-06-26 09:32:16.352 24818 INFO rally.task.runner [-] Task 4533918e-6360-4037-8179-fae913ec2080 | ITER: 25 START
2019-06-26 09:32:16.353 24818 WARNING rally_openstack.scenarios.neutron.utils [-] Running this scenario without either the 'network' or 'existing_network' context is deprecated
2019-06-26 09:32:16.752 24817 INFO rally.task.runner [-] Task 4533918e-6360-4037-8179-fae913ec2080 | ITER: 12 END: OK
2019-06-26 09:32:16.757 24817 INFO rally.task.runner [-] Task 4533918e-6360-4037-8179-fae913ec2080 | ITER: 26 START
2019-06-26 09:32:16.757 24817 WARNING rally_openstack.scenarios.neutron.utils [-] Running this scenario without either the 'network' or 'existing_network' context is deprecated
2019-06-26 09:32:17.901 24818 RALLYDEBUG rally_openstack.wrappers.network [-] CIDR generated: 1.1.5.32/30
2019-06-26 09:32:18.197 24817 RALLYDEBUG rally_openstack.wrappers.network [-] CIDR generated: 1.1.5.36/30
2019-06-26 09:32:18.378 24809 INFO rally.task.runner [-] Task 4533918e-6360-4037-8179-fae913ec2080 | ITER: 10 END: OK
2019-06-26 09:32:18.382 24809 INFO rally.task.runner [-] Task 4533918e-6360-4037-8179-fae913ec2080 | ITER: 27 START
2019-06-26 09:32:18.383 24809 WARNING rally_openstack.scenarios.neutron.utils [-] Running this scenario without either the 'network' or 'existing_network' context is deprecated
2019-06-26 09:32:18.430 24799 INFO rally.task.runner [-] Task 4533918e-6360-4037-8179-fae913ec2080 | ITER: 21 END: OK
2019-06-26 09:32:18.434 24799 INFO rally.task.runner [-] Task 4533918e-6360-4037-8179-fae913ec2080 | ITER: 28 START
2019-06-26 09:32:18.435 24799 WARNING rally_openstack.scenarios.neutron.utils [-] Running this scenario without either the 'network' or 'existing_network' context is deprecated
2019-06-26 09:32:18.696 24801 INFO rally.task.runner [-] Task 4533918e-6360-4037-8179-fae913ec2080 | ITER: 22 END: OK
2019-06-26 09:32:18.700 24801 INFO rally.task.runner [-] Task 4533918e-6360-4037-8179-fae913ec2080 | ITER: 29 START
2019-06-26 09:32:18.701 24801 WARNING rally_openstack.scenarios.neutron.utils [-] Running this scenario without either the 'network' or 'existing_network' context is deprecated
2019-06-26 09:32:18.782 24804 INFO rally.task.runner [-] Task 4533918e-6360-4037-8179-fae913ec2080 | ITER: 23 END: OK
2019-06-26 09:32:18.786 24804 INFO rally.task.runner [-] Task 4533918e-6360-4037-8179-fae913ec2080 | ITER: 30 START
2019-06-26 09:32:18.786 24804 WARNING rally_openstack.scenarios.neutron.utils [-] Running this scenario without either the 'network' or 'existing_network' context is deprecated
2019-06-26 09:32:18.979 24826 INFO rally.task.runner [-] Task 4533918e-6360-4037-8179-fae913ec2080 | ITER: 16 END: OK
2019-06-26 09:32:18.984 24826 INFO rally.task.runner [-] Task 4533918e-6360-4037-8179-fae913ec2080 | ITER: 31 START
2019-06-26 09:32:18.984 24826 WARNING rally_openstack.scenarios.neutron.utils [-] Running this scenario without either the 'network' or 'existing_network' context is deprecated
2019-06-26 09:32:18.992 24822 INFO rally.task.runner [-] Task 4533918e-6360-4037-8179-fae913ec2080 | ITER: 14 END: OK
2019-06-26 09:32:18.996 24822 INFO rally.task.runner [-] Task 4533918e-6360-4037-8179-fae913ec2080 | ITER: 32 START
2019-06-26 09:32:18.997 24822 WARNING rally_openstack.scenarios.neutron.utils [-] Running this scenario without either the 'network' or 'existing_network' context is deprecated
2019-06-26 09:32:19.429 24839 INFO rally.task.runner [-] Task 4533918e-6360-4037-8179-fae913ec2080 | ITER: 24 END: OK
2019-06-26 09:32:19.433 24839 INFO rally.task.runner [-] Task 4533918e-6360-4037-8179-fae913ec2080 | ITER: 33 START
2019-06-26 09:32:19.434 24839 WARNING rally_openstack.scenarios.neutron.utils [-] Running this scenario without either the 'network' or 'existing_network' context is deprecated
2019-06-26 09:32:19.818 24832 INFO rally.task.runner [-] Task 4533918e-6360-4037-8179-fae913ec2080 | ITER: 17 END: OK
2019-06-26 09:32:19.823 24832 INFO rally.task.runner [-] Task 4533918e-6360-4037-8179-fae913ec2080 | ITER: 34 START
2019-06-26 09:32:19.823 24832 WARNING rally_openstack.scenarios.neutron.utils [-] Running this scenario without either the 'network' or 'existing_network' context is deprecated
2019-06-26 09:32:20.066 24818 RALLYDEBUG rally_openstack.wrappers.network [-] CIDR generated: 1.1.5.40/30
2019-06-26 09:32:20.224 24817 RALLYDEBUG rally_openstack.wrappers.network [-] CIDR generated: 1.1.5.44/30
2019-06-26 09:32:20.243 24809 RALLYDEBUG rally_openstack.wrappers.network [-] CIDR generated: 1.1.5.48/30
2019-06-26 09:32:20.447 24800 INFO rally.task.runner [-] Task 4533918e-6360-4037-8179-fae913ec2080 | ITER: 3 END: OK
2019-06-26 09:32:20.451 24800 INFO rally.task.runner [-] Task 4533918e-6360-4037-8179-fae913ec2080 | ITER: 35 START
2019-06-26 09:32:20.452 24800 WARNING rally_openstack.scenarios.neutron.utils [-] Running this scenario without either the 'network' or 'existing_network' context is deprecated
2019-06-26 09:32:20.774 24799 RALLYDEBUG rally_openstack.wrappers.network [-] CIDR generated: 1.1.5.52/30
2019-06-26 09:32:21.139 24804 RALLYDEBUG rally_openstack.wrappers.network [-] CIDR generated: 1.1.5.56/30
2019-06-26 09:32:21.224 24845 INFO rally.task.runner [-] Task 4533918e-6360-4037-8179-fae913ec2080 | ITER: 20 END: OK
2019-06-26 09:32:21.229 24845 INFO rally.task.runner [-] Task 4533918e-6360-4037-8179-fae913ec2080 | ITER: 36 START
2019-06-26 09:32:21.229 24845 WARNING rally_openstack.scenarios.neutron.utils [-] Running this scenario without either the 'network' or 'existing_network' context is deprecated
2019-06-26 09:32:21.368 24801 RALLYDEBUG rally_openstack.wrappers.network [-] CIDR generated: 1.1.5.60/30
2019-06-26 09:32:21.659 24826 RALLYDEBUG rally_openstack.wrappers.network [-] CIDR generated: 1.1.5.64/30
2019-06-26 09:32:21.842 24832 RALLYDEBUG rally_openstack.wrappers.network [-] CIDR generated: 1.1.5.68/30
2019-06-26 09:32:21.948 24822 RALLYDEBUG rally_openstack.wrappers.network [-] CIDR generated: 1.1.5.72/30
2019-06-26 09:32:22.015 24839 RALLYDEBUG rally_openstack.wrappers.network [-] CIDR generated: 1.1.5.76/30
2019-06-26 09:32:22.165 24802 INFO rally.task.runner [-] Task 4533918e-6360-4037-8179-fae913ec2080 | ITER: 8 END: OK
2019-06-26 09:32:22.170 24802 INFO rally.task.runner [-] Task 4533918e-6360-4037-8179-fae913ec2080 | ITER: 37 START
2019-06-26 09:32:22.170 24802 WARNING rally_openstack.scenarios.neutron.utils [-] Running this scenario without either the 'network' or 'existing_network' context is deprecated
2019-06-26 09:32:22.309 24802 INFO rally.task.runner [-] Task 4533918e-6360-4037-8179-fae913ec2080 | ITER: 7 END: OK
2019-06-26 09:32:22.312 24802 INFO rally.task.runner [-] Task 4533918e-6360-4037-8179-fae913ec2080 | ITER: 38 START
2019-06-26 09:32:22.313 24802 WARNING rally_openstack.scenarios.neutron.utils [-] Running this scenario without either the 'network' or 'existing_network' context is deprecated
2019-06-26 09:32:22.336 24800 RALLYDEBUG rally_openstack.wrappers.network [-] CIDR generated: 1.1.5.80/30
2019-06-26 09:32:22.390 24800 INFO rally.task.runner [-] Task 4533918e-6360-4037-8179-fae913ec2080 | ITER: 6 END: OK
2019-06-26 09:32:22.394 24800 INFO rally.task.runner [-] Task 4533918e-6360-4037-8179-fae913ec2080 | ITER: 39 START
2019-06-26 09:32:22.395 24800 WARNING rally_openstack.scenarios.neutron.utils [-] Running this scenario without either the 'network' or 'existing_network' context is deprecated
2019-06-26 09:32:22.507 24829 INFO rally.task.runner [-] Task 4533918e-6360-4037-8179-fae913ec2080 | ITER: 15 END: OK
2019-06-26 09:32:22.511 24829 INFO rally.task.runner [-] Task 4533918e-6360-4037-8179-fae913ec2080 | ITER: 40 START
2019-06-26 09:32:22.512 24829 WARNING rally_openstack.scenarios.neutron.utils [-] Running this scenario without either the 'network' or 'existing_network' context is deprecated
2019-06-26 09:32:22.550 24813 INFO rally.task.runner [-] Task 4533918e-6360-4037-8179-fae913ec2080 | ITER: 11 END: OK
2019-06-26 09:32:23.013 24845 RALLYDEBUG rally_openstack.wrappers.network [-] CIDR generated: 1.1.5.84/30
2019-06-26 09:32:23.084 24799 RALLYDEBUG rally_openstack.wrappers.network [-] CIDR generated: 1.1.5.88/30
2019-06-26 09:32:23.232 24799 INFO rally.task.runner [-] Task 4533918e-6360-4037-8179-fae913ec2080 | ITER: 4 END: OK
2019-06-26 09:32:23.506 24801 INFO rally.task.runner [-] Task 4533918e-6360-4037-8179-fae913ec2080 | ITER: 2 END: OK
2019-06-26 09:32:23.615 24801 RALLYDEBUG rally_openstack.wrappers.network [-] CIDR generated: 1.1.5.92/30
2019-06-26 09:32:23.784 24836 INFO rally.task.runner [-] Task 4533918e-6360-4037-8179-fae913ec2080 | ITER: 18 END: OK
2019-06-26 09:32:24.379 24809 RALLYDEBUG rally_openstack.wrappers.network [-] CIDR generated: 1.1.5.96/30
2019-06-26 09:32:24.598 24800 RALLYDEBUG rally_openstack.wrappers.network [-] CIDR generated: 1.1.5.100/30
2019-06-26 09:32:24.617 24800 RALLYDEBUG rally_openstack.wrappers.network [-] CIDR generated: 1.1.5.104/30
2019-06-26 09:32:24.691 24802 RALLYDEBUG rally_openstack.wrappers.network [-] CIDR generated: 1.1.5.108/30
2019-06-26 09:32:24.745 24829 RALLYDEBUG rally_openstack.wrappers.network [-] CIDR generated: 1.1.5.112/30
2019-06-26 09:32:24.816 24804 RALLYDEBUG rally_openstack.wrappers.network [-] CIDR generated: 1.1.5.116/30
2019-06-26 09:32:25.083 24832 RALLYDEBUG rally_openstack.wrappers.network [-] CIDR generated: 1.1.5.120/30
2019-06-26 09:32:25.181 24802 RALLYDEBUG rally_openstack.wrappers.network [-] CIDR generated: 1.1.5.124/30
2019-06-26 09:32:25.202 24845 RALLYDEBUG rally_openstack.wrappers.network [-] CIDR generated: 1.1.5.128/30
2019-06-26 09:32:25.728 24839 RALLYDEBUG rally_openstack.wrappers.network [-] CIDR generated: 1.1.5.132/30
2019-06-26 09:32:26.146 24826 RALLYDEBUG rally_openstack.wrappers.network [-] CIDR generated: 1.1.5.136/30
2019-06-26 09:32:26.387 24822 RALLYDEBUG rally_openstack.wrappers.network [-] CIDR generated: 1.1.5.140/30
2019-06-26 09:32:26.442 24818 INFO rally.task.runner [-] Task 4533918e-6360-4037-8179-fae913ec2080 | ITER: 25 END: OK
2019-06-26 09:32:26.463 24817 INFO rally.task.runner [-] Task 4533918e-6360-4037-8179-fae913ec2080 | ITER: 26 END: OK
2019-06-26 09:32:26.776 24800 RALLYDEBUG rally_openstack.wrappers.network [-] CIDR generated: 1.1.5.144/30
2019-06-26 09:32:27.175 24802 RALLYDEBUG rally_openstack.wrappers.network [-] CIDR generated: 1.1.5.148/30
2019-06-26 09:32:27.651 24829 RALLYDEBUG rally_openstack.wrappers.network [-] CIDR generated: 1.1.5.152/30
2019-06-26 09:32:27.938 24802 RALLYDEBUG rally_openstack.wrappers.network [-] CIDR generated: 1.1.5.156/30
2019-06-26 09:32:31.065 24800 INFO rally.task.runner [-] Task 4533918e-6360-4037-8179-fae913ec2080 | ITER: 39 END: OK
2019-06-26 09:32:31.284 24800 INFO rally.task.runner [-] Task 4533918e-6360-4037-8179-fae913ec2080 | ITER: 35 END: OK
2019-06-26 09:32:31.589 24845 INFO rally.task.runner [-] Task 4533918e-6360-4037-8179-fae913ec2080 | ITER: 36 END: OK
2019-06-26 09:32:31.711 24801 INFO rally.task.runner [-] Task 4533918e-6360-4037-8179-fae913ec2080 | ITER: 29 END: OK
2019-06-26 09:32:31.825 24802 INFO rally.task.runner [-] Task 4533918e-6360-4037-8179-fae913ec2080 | ITER: 37 END: OK
2019-06-26 09:32:32.126 24832 INFO rally.task.runner [-] Task 4533918e-6360-4037-8179-fae913ec2080 | ITER: 34 END: OK
2019-06-26 09:32:32.148 24799 INFO rally.task.runner [-] Task 4533918e-6360-4037-8179-fae913ec2080 | ITER: 28 END: OK
2019-06-26 09:32:32.153 24829 INFO rally.task.runner [-] Task 4533918e-6360-4037-8179-fae913ec2080 | ITER: 40 END: OK
2019-06-26 09:32:32.297 24802 INFO rally.task.runner [-] Task 4533918e-6360-4037-8179-fae913ec2080 | ITER: 38 END: OK
2019-06-26 09:32:35.207 24809 INFO rally.task.runner [-] Task 4533918e-6360-4037-8179-fae913ec2080 | ITER: 27 END: OK
2019-06-26 09:32:35.353 24804 INFO rally.task.runner [-] Task 4533918e-6360-4037-8179-fae913ec2080 | ITER: 30 END: OK
2019-06-26 09:32:35.354 24839 INFO rally.task.runner [-] Task 4533918e-6360-4037-8179-fae913ec2080 | ITER: 33 END: OK
2019-06-26 09:32:37.497 24826 INFO rally.task.runner [-] Task 4533918e-6360-4037-8179-fae913ec2080 | ITER: 31 END: OK
2019-06-26 09:32:37.520 24822 INFO rally.task.runner [-] Task 4533918e-6360-4037-8179-fae913ec2080 | ITER: 32 END: OK
2019-06-26 09:32:37.546 22705 INFO rally.task.context [-] Task 4533918e-6360-4037-8179-fae913ec2080 | Context cleanup@openstack cleanup() started
2019-06-26 09:32:37.548 22705 RALLYDEBUG rally_openstack.cleanup.manager [-] Cleaning up neutron vip objects
2019-06-26 09:32:38.189 22705 RALLYDEBUG rally_openstack.cleanup.manager [-] Cleaning up neutron health_monitor objects
2019-06-26 09:32:38.937 22705 RALLYDEBUG rally_openstack.cleanup.manager [-] Cleaning up neutron pool objects
2019-06-26 09:32:39.645 22705 RALLYDEBUG rally_openstack.cleanup.manager [-] Cleaning up neutron loadbalancer objects
2019-06-26 09:32:40.362 22705 RALLYDEBUG rally_openstack.cleanup.manager [-] Cleaning up neutron floatingip objects
2019-06-26 09:32:41.108 22705 RALLYDEBUG rally_openstack.cleanup.manager [-] Cleaning up neutron port objects
2019-06-26 09:32:41.926 22705 RALLYDEBUG rally_openstack.cleanup.manager [-] Cleaning up neutron subnet objects
2019-06-26 09:32:42.582 22705 RALLYDEBUG rally_openstack.cleanup.manager [-] Cleaning up neutron network objects
2019-06-26 09:32:44.254 22705 RALLYDEBUG rally_openstack.cleanup.manager [-] Deleting neutron.network object s_rally_73e2fc41_Y63poz9B (029b181a-dacd-4b1d-b0d2-1a8cc131ad52)
2019-06-26 09:32:44.260 22705 RALLYDEBUG rally_openstack.cleanup.manager [-] Deleting neutron.network object s_rally_73e2fc41_EoYaL459 (0a082d6c-96b7-4e9b-a2d1-b651781a1f79)
2019-06-26 09:32:44.264 22705 RALLYDEBUG rally_openstack.cleanup.manager [-] Deleting neutron.network object s_rally_73e2fc41_6oK7YLQm (16938970-1489-49df-bdf3-251f5331b2e0)
2019-06-26 09:32:44.270 22705 RALLYDEBUG rally_openstack.cleanup.manager [-] Deleting neutron.network object s_rally_73e2fc41_0igYwipZ (18da1c37-1591-40f7-8c9d-fd68d8ddcfce)
2019-06-26 09:32:44.288 22705 RALLYDEBUG rally_openstack.cleanup.manager [-] Deleting neutron.network object s_rally_73e2fc41_xCcQxkOJ (1a59e255-30d8-46bb-8690-363addf3eb11)
2019-06-26 09:32:44.289 22705 RALLYDEBUG rally_openstack.cleanup.manager [-] Deleting neutron.network object s_rally_73e2fc41_iAvrnMBn (19705ce6-ca00-48f4-ac77-526fdd99870f)
2019-06-26 09:32:44.293 22705 RALLYDEBUG rally_openstack.cleanup.manager [-] Deleting neutron.network object s_rally_73e2fc41_aOTqjcvf (1f1b6ff0-2579-412a-9900-17f190444c7e)
2019-06-26 09:32:44.299 22705 RALLYDEBUG rally_openstack.cleanup.manager [-] Deleting neutron.network object s_rally_73e2fc41_HZQstGQb (33458a0e-e2bf-4787-8639-4f239b398a73)
2019-06-26 09:32:44.306 22705 RALLYDEBUG rally_openstack.cleanup.manager [-] Deleting neutron.network object s_rally_73e2fc41_o9Rb975C (3c485267-a1c0-4e21-8a58-72d091368c73)
2019-06-26 09:32:44.318 22705 RALLYDEBUG rally_openstack.cleanup.manager [-] Deleting neutron.network object s_rally_73e2fc41_2qYOfjmT (402505d4-45f5-4dc2-a845-00c9ce23b597)
2019-06-26 09:32:44.334 22705 RALLYDEBUG rally_openstack.cleanup.manager [-] Deleting neutron.network object s_rally_73e2fc41_pmfu9BCf (418d12d6-3e66-42ab-95ca-b73949b1cebd)
2019-06-26 09:32:44.354 22705 RALLYDEBUG rally_openstack.cleanup.manager [-] Deleting neutron.network object s_rally_73e2fc41_KPVFtMEw (4fb04434-f82c-4761-91c2-47a37378dffb)
2019-06-26 09:32:44.370 22705 RALLYDEBUG rally_openstack.cleanup.manager [-] Deleting neutron.network object s_rally_73e2fc41_XzjJGdkd (521f3ca6-fd3b-419c-802f-73b2ef7eb1f1)
2019-06-26 09:32:44.395 22705 RALLYDEBUG rally_openstack.cleanup.manager [-] Deleting neutron.network object s_rally_73e2fc41_ZcbZBkNI (58f41c8e-a83f-4f08-b12f-34af15f30faa)
2019-06-26 09:32:44.401 22705 RALLYDEBUG rally_openstack.cleanup.manager [-] Deleting neutron.network object s_rally_73e2fc41_iuQNsvME (53cbebdc-a37d-4463-8db5-1c2f15d151d9)
2019-06-26 09:32:44.415 22705 RALLYDEBUG rally_openstack.cleanup.manager [-] Deleting neutron.network object s_rally_73e2fc41_8wLt2GKz (60d2a413-f9d3-44ca-a755-b50f3747427a)
2019-06-26 09:32:44.423 22705 RALLYDEBUG rally_openstack.cleanup.manager [-] Deleting neutron.network object s_rally_73e2fc41_iJEb05XV (72bdacb8-c314-409e-a17a-cc1e0a880526)
2019-06-26 09:32:44.443 22705 RALLYDEBUG rally_openstack.cleanup.manager [-] Deleting neutron.network object s_rally_73e2fc41_kNj9h9vH (76097a4b-3d79-493b-a1c9-c4fe202e6fd2)
2019-06-26 09:32:44.453 22705 RALLYDEBUG rally_openstack.cleanup.manager [-] Deleting neutron.network object s_rally_73e2fc41_rDQprL8b (82e190ea-229e-49bb-91f9-52cefa648c49)
2019-06-26 09:32:44.458 22705 RALLYDEBUG rally_openstack.cleanup.manager [-] Deleting neutron.network object s_rally_73e2fc41_MaTBBHSx (87169989-999a-4ec2-ae44-c92841bde608)
2019-06-26 09:32:47.667 22705 RALLYDEBUG rally_openstack.cleanup.manager [-] Deleting neutron.network object s_rally_73e2fc41_Ji7Z23pQ (8843310e-68a9-4b63-8809-776152b39bb6)
2019-06-26 09:32:47.682 22705 RALLYDEBUG rally_openstack.cleanup.manager [-] Deleting neutron.network object s_rally_73e2fc41_1V0mX67P (99c399d2-512b-45c4-97f8-d6f480a84a6f)
2019-06-26 09:32:47.924 22705 RALLYDEBUG rally_openstack.cleanup.manager [-] Deleting neutron.network object s_rally_73e2fc41_L6lZRnnY (a226b024-16e3-4404-a219-c05ae4c1f94c)
2019-06-26 09:32:47.982 22705 RALLYDEBUG rally_openstack.cleanup.manager [-] Deleting neutron.network object s_rally_73e2fc41_WupXiLPo (a32ed446-4a2e-440e-99de-dc7155a56273)
2019-06-26 09:32:48.346 22705 RALLYDEBUG rally_openstack.cleanup.manager [-] Deleting neutron.network object s_rally_73e2fc41_m2VY5yPa (a40444f5-b58f-4b9e-bf2c-304586b6a2d0)
2019-06-26 09:32:48.565 22705 RALLYDEBUG rally_openstack.cleanup.manager [-] Deleting neutron.network object s_rally_73e2fc41_ihVU7n5F (a7480e20-e420-460c-946b-ca7dd26d0ed2)
2019-06-26 09:32:48.596 22705 RALLYDEBUG rally_openstack.cleanup.manager [-] Deleting neutron.network object s_rally_73e2fc41_r4c6sBtO (a7846881-055e-4be6-aa1c-37e9ff02dbfe)
2019-06-26 09:32:48.605 22705 RALLYDEBUG rally_openstack.cleanup.manager [-] Deleting neutron.network object s_rally_73e2fc41_59N8d8He (b3476d92-18a5-4df6-bf5c-ac6cc4f68f0f)
2019-06-26 09:32:48.621 22705 RALLYDEBUG rally_openstack.cleanup.manager [-] Deleting neutron.network object s_rally_73e2fc41_tg9zcdco (c1abf15c-9db2-45d6-ad49-e8cda967579a)
2019-06-26 09:32:48.819 22705 RALLYDEBUG rally_openstack.cleanup.manager [-] Deleting neutron.network object s_rally_73e2fc41_uuMSPpFu (c5f1a6a4-42a7-439c-99e9-6065b993cea0)
2019-06-26 09:32:48.958 22705 RALLYDEBUG rally_openstack.cleanup.manager [-] Deleting neutron.network object s_rally_73e2fc41_0KM9k8yh (c60b8175-de48-4a2d-93e4-74a82556c799)
2019-06-26 09:32:49.280 22705 RALLYDEBUG rally_openstack.cleanup.manager [-] Deleting neutron.network object s_rally_73e2fc41_vhF6BB11 (d3b87eb7-316b-42ac-8030-4015180fea66)
2019-06-26 09:32:49.685 22705 RALLYDEBUG rally_openstack.cleanup.manager [-] Deleting neutron.network object s_rally_73e2fc41_KdxvJzhR (d67bcd99-e5c5-4026-8c2d-b11c124bb67f)
2019-06-26 09:32:49.787 22705 RALLYDEBUG rally_openstack.cleanup.manager [-] Deleting neutron.network object s_rally_73e2fc41_l1eafRTw (dedb9901-a185-4f88-9a46-c79f3ee806e3)
2019-06-26 09:32:49.843 22705 RALLYDEBUG rally_openstack.cleanup.manager [-] Deleting neutron.network object s_rally_73e2fc41_YTdNaA71 (e04fd840-1c6a-4119-b7fa-6d545cbb0c6d)
2019-06-26 09:32:49.946 22705 RALLYDEBUG rally_openstack.cleanup.manager [-] Deleting neutron.network object s_rally_73e2fc41_j9SiTpMP (e802fc16-bd1c-4da2-b8e2-5816330fe812)
2019-06-26 09:32:50.222 22705 RALLYDEBUG rally_openstack.cleanup.manager [-] Deleting neutron.network object s_rally_73e2fc41_7HOvFLYp (f4848b5f-c27e-44e4-8b00-9829e52f8c44)
2019-06-26 09:32:50.586 22705 RALLYDEBUG rally_openstack.cleanup.manager [-] Deleting neutron.network object s_rally_73e2fc41_lO9LpBMb (f7583f86-2ac7-4384-bbfb-a59d42a5331f)
2019-06-26 09:32:51.126 22705 RALLYDEBUG rally_openstack.cleanup.manager [-] Deleting neutron.network object s_rally_73e2fc41_WVISwzlm (fd1cbbb1-0f40-439b-a4f4-5020bce4aaab)
2019-06-26 09:32:51.684 22705 RALLYDEBUG rally_openstack.cleanup.manager [-] Deleting neutron.network object s_rally_73e2fc41_Afh2Doli (ff159cdc-5855-4be4-a9df-0773b19076c5)
2019-06-26 09:32:54.833 22705 RALLYDEBUG rally_openstack.cleanup.manager [-] Cleaning up neutron router objects
2019-06-26 09:32:55.616 22705 RALLYDEBUG rally_openstack.cleanup.manager [-] Cleaning up neutron security_group objects
2019-06-26 09:32:56.304 22705 INFO rally.task.context [-] Task 4533918e-6360-4037-8179-fae913ec2080 | Context cleanup@openstack cleanup() finished in 18.76 sec
2019-06-26 09:32:56.305 22705 INFO rally.task.context [-] Task 4533918e-6360-4037-8179-fae913ec2080 | Context quotas@openstack cleanup() started
2019-06-26 09:32:56.632 22705 INFO rally.task.context [-] Task 4533918e-6360-4037-8179-fae913ec2080 | Context quotas@openstack cleanup() finished in 0.33 sec
2019-06-26 09:32:56.632 22705 INFO rally.task.context [-] Task 4533918e-6360-4037-8179-fae913ec2080 | Context users@openstack cleanup() started
2019-06-26 09:33:00.858 22705 INFO rally.task.context [-] Task 4533918e-6360-4037-8179-fae913ec2080 | Context users@openstack cleanup() finished in 4.23 sec
2019-06-26 09:33:01.420 22705 INFO rally.task.engine [-] Load duration is: 33.386901
2019-06-26 09:33:01.420 22705 INFO rally.task.engine [-] Full runner duration is: 33.437494
2019-06-26 09:33:01.421 22705 INFO rally.task.engine [-] Full duration is: 61.678323
2019-06-26 09:33:01.695 22705 INFO rally.task.engine [-] Running workload: position = 0 config = { "version": 2, "title": "A cropped version of a bigger task.", "description": "Auto-generated task from a single workload (uuid=39bf6ed1-7831-41a2-ac24-089e44c8ec34)", "subtasks": [ { "title": "NeutronNetworks.create_and_list_routers", "description": "Create and a given number of routers and list all routers.", "scenario": { "NeutronNetworks.create_and_list_routers": { "network_create_args": null, "subnet_create_args": null, "subnet_cidr_start": "1.1.0.0/30", "subnets_per_network": 2, "router_create_args": null } }, "contexts": { "users": { "tenants": 1, "users_per_tenant": 1 }, "quotas": { "neutron": { "network": -1, "subnet": -1, "router": -1 } } }, "runner": { "constant": { "times": 40, "concurrency": 20 } }, "hooks": [], "sla": { "failure_rate": { "max": 0 } } } ] }
2019-06-26 09:33:01.712 22705 RALLYDEBUG rally_openstack.contexts.keystone.users [-] Creating 1 tenants using 20 threads
2019-06-26 09:33:03.306 22705 RALLYDEBUG rally_openstack.contexts.keystone.users [-] Creating 1 users using 20 threads
2019-06-26 09:33:05.923 22705 INFO rally.task.context [-] Task 4533918e-6360-4037-8179-fae913ec2080 | Context users@openstack setup() finished in 4.21 sec
2019-06-26 09:33:06.713 22705 INFO rally.task.context [-] Task 4533918e-6360-4037-8179-fae913ec2080 | Context quotas@openstack setup() finished in 0.79 sec
2019-06-26 09:33:06.714 22705 INFO rally.task.context [-] Task 4533918e-6360-4037-8179-fae913ec2080 | Context cleanup@openstack setup() finished in 0.00 msec
2019-06-26 09:33:06.721 22705 RALLYDEBUG rally.task.runner [-] Starting the constant runner (task UUID: 4533918e-6360-4037-8179-fae913ec2080). timeout: 0 concurrency: 20 concurrency_per_worker: 1 times: 40 concurrency_overhead: 4 processes_to_start: 16 max_cpu_used: 16
2019-06-26 09:33:06.734 25169 RALLYDEBUG rally.task.runner [-] Starting a worker. concurrency: 2 args: {"network_create_args": null, "subnet_create_args": null, "subnet_cidr_start": "1.1.0.0/30", "subnets_per_network": 2, "router_create_args": null} times: 40 method_name: run timeout: 0 duration: None cls:
2019-06-26 09:33:06.736 25171 RALLYDEBUG rally.task.runner [-] Starting a worker. concurrency: 2 args: {"network_create_args": null, "subnet_create_args": null, "subnet_cidr_start": "1.1.0.0/30", "subnets_per_network": 2, "router_create_args": null} times: 40 method_name: run timeout: 0 duration: None cls:
2019-06-26 09:33:06.737 25170 RALLYDEBUG rally.task.runner [-] Starting a worker. concurrency: 2 args: {"network_create_args": null, "subnet_create_args": null, "subnet_cidr_start": "1.1.0.0/30", "subnets_per_network": 2, "router_create_args": null} times: 40 method_name: run timeout: 0 duration: None cls:
2019-06-26 09:33:06.741 25171 INFO rally.task.runner [-] Task 4533918e-6360-4037-8179-fae913ec2080 | ITER: 2 START
2019-06-26 09:33:06.742 25172 RALLYDEBUG rally.task.runner [-] Starting a worker. concurrency: 2 args: {"network_create_args": null, "subnet_create_args": null, "subnet_cidr_start": "1.1.0.0/30", "subnets_per_network": 2, "router_create_args": null} times: 40 method_name: run timeout: 0 duration: None cls:
2019-06-26 09:33:06.743 25169 INFO rally.task.runner [-] Task 4533918e-6360-4037-8179-fae913ec2080 | ITER: 1 START
2019-06-26 09:33:06.744 25170 INFO rally.task.runner [-] Task 4533918e-6360-4037-8179-fae913ec2080 | ITER: 3 START
2019-06-26 09:33:06.746 25179 RALLYDEBUG rally.task.runner [-] Starting a worker. concurrency: 1 args: {"network_create_args": null, "subnet_create_args": null, "subnet_cidr_start": "1.1.0.0/30", "subnets_per_network": 2, "router_create_args": null} times: 40 method_name: run timeout: 0 duration: None cls:
2019-06-26 09:33:06.746 25173 RALLYDEBUG rally.task.runner [-] Starting a worker. concurrency: 1 args: {"network_create_args": null, "subnet_create_args": null, "subnet_cidr_start": "1.1.0.0/30", "subnets_per_network": 2, "router_create_args": null} times: 40 method_name: run timeout: 0 duration: None cls:
2019-06-26 09:33:06.744 25169 INFO rally.task.runner [-] Task 4533918e-6360-4037-8179-fae913ec2080 | ITER: 5 START
2019-06-26 09:33:06.748 25172 INFO rally.task.runner [-] Task 4533918e-6360-4037-8179-fae913ec2080 | ITER: 7 START
2019-06-26 09:33:06.750 25179 INFO rally.task.runner [-] Task 4533918e-6360-4037-8179-fae913ec2080 | ITER: 9 START
2019-06-26 09:33:06.743 25171 INFO rally.task.runner [-] Task 4533918e-6360-4037-8179-fae913ec2080 | ITER: 4 START
2019-06-26 09:33:06.752 25173 INFO rally.task.runner [-] Task 4533918e-6360-4037-8179-fae913ec2080 | ITER: 10 START
2019-06-26 09:33:06.753 25184 RALLYDEBUG rally.task.runner [-] Starting a worker. concurrency: 1 args: {"network_create_args": null, "subnet_create_args": null, "subnet_cidr_start": "1.1.0.0/30", "subnets_per_network": 2, "router_create_args": null} times: 40 method_name: run timeout: 0 duration: None cls:
2019-06-26 09:33:06.755 25170 INFO rally.task.runner [-] Task 4533918e-6360-4037-8179-fae913ec2080 | ITER: 6 START
2019-06-26 09:33:06.759 25184 INFO rally.task.runner [-] Task 4533918e-6360-4037-8179-fae913ec2080 | ITER: 11 START
2019-06-26 09:33:06.759 25189 RALLYDEBUG rally.task.runner [-] Starting a worker. concurrency: 1 args: {"network_create_args": null, "subnet_create_args": null, "subnet_cidr_start": "1.1.0.0/30", "subnets_per_network": 2, "router_create_args": null} times: 40 method_name: run timeout: 0 duration: None cls:
2019-06-26 09:33:06.761 25172 INFO rally.task.runner [-] Task 4533918e-6360-4037-8179-fae913ec2080 | ITER: 8 START
2019-06-26 09:33:06.765 25189 INFO rally.task.runner [-] Task 4533918e-6360-4037-8179-fae913ec2080 | ITER: 12 START
2019-06-26 09:33:06.765 25192 RALLYDEBUG rally.task.runner [-] Starting a worker. concurrency: 1 args: {"network_create_args": null, "subnet_create_args": null, "subnet_cidr_start": "1.1.0.0/30", "subnets_per_network": 2, "router_create_args": null} times: 40 method_name: run timeout: 0 duration: None cls:
2019-06-26 09:33:06.769 25192 INFO rally.task.runner [-] Task 4533918e-6360-4037-8179-fae913ec2080 | ITER: 13 START
2019-06-26 09:33:06.771 25196 RALLYDEBUG rally.task.runner [-] Starting a worker. concurrency: 1 args: {"network_create_args": null, "subnet_create_args": null, "subnet_cidr_start": "1.1.0.0/30", "subnets_per_network": 2, "router_create_args": null} times: 40 method_name: run timeout: 0 duration: None cls:
2019-06-26 09:33:06.777 25196 INFO rally.task.runner [-] Task 4533918e-6360-4037-8179-fae913ec2080 | ITER: 14 START
2019-06-26 09:33:06.779 25201 RALLYDEBUG rally.task.runner [-] Starting a worker. concurrency: 1 args: {"network_create_args": null, "subnet_create_args": null, "subnet_cidr_start": "1.1.0.0/30", "subnets_per_network": 2, "router_create_args": null} times: 40 method_name: run timeout: 0 duration: None cls:
2019-06-26 09:33:06.784 25201 INFO rally.task.runner [-] Task 4533918e-6360-4037-8179-fae913ec2080 | ITER: 15 START
2019-06-26 09:33:06.784 25204 RALLYDEBUG rally.task.runner [-] Starting a worker. concurrency: 1 args: {"network_create_args": null, "subnet_create_args": null, "subnet_cidr_start": "1.1.0.0/30", "subnets_per_network": 2, "router_create_args": null} times: 40 method_name: run timeout: 0 duration: None cls:
2019-06-26 09:33:06.789 25204 INFO rally.task.runner [-] Task 4533918e-6360-4037-8179-fae913ec2080 | ITER: 16 START
2019-06-26 09:33:06.788 25205 RALLYDEBUG rally.task.runner [-] Starting a worker. concurrency: 1 args: {"network_create_args": null, "subnet_create_args": null, "subnet_cidr_start": "1.1.0.0/30", "subnets_per_network": 2, "router_create_args": null} times: 40 method_name: run timeout: 0 duration: None cls:
2019-06-26 09:33:06.790 25208 RALLYDEBUG rally.task.runner [-] Starting a worker. concurrency: 1 args: {"network_create_args": null, "subnet_create_args": null, "subnet_cidr_start": "1.1.0.0/30", "subnets_per_network": 2, "router_create_args": null} times: 40 method_name: run timeout: 0 duration: None cls:
2019-06-26 09:33:06.792 25205 INFO rally.task.runner [-] Task 4533918e-6360-4037-8179-fae913ec2080 | ITER: 17 START
2019-06-26 09:33:06.794 25208 INFO rally.task.runner [-] Task 4533918e-6360-4037-8179-fae913ec2080 | ITER: 18 START
2019-06-26 09:33:06.795 25211 RALLYDEBUG rally.task.runner [-] Starting a worker. concurrency: 1 args: {"network_create_args": null, "subnet_create_args": null, "subnet_cidr_start": "1.1.0.0/30", "subnets_per_network": 2, "router_create_args": null} times: 40 method_name: run timeout: 0 duration: None cls:
2019-06-26 09:33:06.798 25211 INFO rally.task.runner [-] Task 4533918e-6360-4037-8179-fae913ec2080 | ITER: 19 START
2019-06-26 09:33:06.798 25216 RALLYDEBUG rally.task.runner [-] Starting a worker. concurrency: 1 args: {"network_create_args": null, "subnet_create_args": null, "subnet_cidr_start": "1.1.0.0/30", "subnets_per_network": 2, "router_create_args": null} times: 40 method_name: run timeout: 0 duration: None cls:
2019-06-26 09:33:06.803 25216 INFO rally.task.runner [-] Task 4533918e-6360-4037-8179-fae913ec2080 | ITER: 20 START
2019-06-26 09:33:08.460 25171 RALLYDEBUG rally_openstack.wrappers.network [-] CIDR generated: 1.1.5.160/30
2019-06-26 09:33:08.478 25170 RALLYDEBUG rally_openstack.wrappers.network [-] CIDR generated: 1.1.5.164/30
2019-06-26 09:33:08.499 25184 RALLYDEBUG rally_openstack.wrappers.network [-] CIDR generated: 1.1.5.168/30
2019-06-26 09:33:08.507 25169 RALLYDEBUG rally_openstack.wrappers.network [-] CIDR generated: 1.1.5.172/30
2019-06-26 09:33:08.600 25171 RALLYDEBUG rally_openstack.wrappers.network [-] CIDR generated: 1.1.5.176/30
2019-06-26 09:33:08.607 25172 RALLYDEBUG rally_openstack.wrappers.network [-] CIDR generated: 1.1.5.180/30
2019-06-26 09:33:08.706 25179 RALLYDEBUG rally_openstack.wrappers.network [-] CIDR generated: 1.1.5.184/30
2019-06-26 09:33:08.872 25216 RALLYDEBUG rally_openstack.wrappers.network [-] CIDR generated: 1.1.5.188/30
2019-06-26 09:33:08.923 25170 RALLYDEBUG rally_openstack.wrappers.network [-] CIDR generated: 1.1.5.192/30
2019-06-26 09:33:08.949 25205 RALLYDEBUG rally_openstack.wrappers.network [-] CIDR generated: 1.1.5.196/30
2019-06-26 09:33:09.009 25169 RALLYDEBUG rally_openstack.wrappers.network [-] CIDR generated: 1.1.5.200/30
2019-06-26 09:33:09.089 25189 RALLYDEBUG rally_openstack.wrappers.network [-] CIDR generated: 1.1.5.204/30
2019-06-26 09:33:09.518 25192 RALLYDEBUG rally_openstack.wrappers.network [-] CIDR generated: 1.1.5.208/30
2019-06-26 09:33:09.608 25208 RALLYDEBUG rally_openstack.wrappers.network [-] CIDR generated: 1.1.5.212/30
2019-06-26 09:33:09.656 25201 RALLYDEBUG rally_openstack.wrappers.network [-] CIDR generated: 1.1.5.216/30
2019-06-26 09:33:09.670 25204 RALLYDEBUG rally_openstack.wrappers.network [-] CIDR generated: 1.1.5.220/30
2019-06-26 09:33:09.711 25173 RALLYDEBUG rally_openstack.wrappers.network [-] CIDR generated: 1.1.5.224/30
2019-06-26 09:33:09.882 25171 RALLYDEBUG rally_openstack.wrappers.network [-] CIDR generated: 1.1.5.228/30
2019-06-26 09:33:09.918 25169 RALLYDEBUG rally_openstack.wrappers.network [-] CIDR generated: 1.1.5.232/30
2019-06-26 09:33:09.960 25171 RALLYDEBUG rally_openstack.wrappers.network [-] CIDR generated: 1.1.5.236/30
2019-06-26 09:33:10.106 25205 RALLYDEBUG rally_openstack.wrappers.network [-] CIDR generated: 1.1.5.240/30
2019-06-26 09:33:10.113 25211 RALLYDEBUG rally_openstack.wrappers.network [-] CIDR generated: 1.1.5.244/30
2019-06-26 09:33:10.116 25172 RALLYDEBUG rally_openstack.wrappers.network [-] CIDR generated: 1.1.5.248/30
2019-06-26 09:33:10.608 25216 RALLYDEBUG rally_openstack.wrappers.network [-] CIDR generated: 1.1.5.252/30
2019-06-26 09:33:11.177 25170 RALLYDEBUG rally_openstack.wrappers.network [-] CIDR generated: 1.1.6.0/30
2019-06-26 09:33:11.580 25170 RALLYDEBUG rally_openstack.wrappers.network [-] CIDR generated: 1.1.6.4/30
2019-06-26 09:33:11.813 25196 RALLYDEBUG rally_openstack.wrappers.network [-] CIDR generated: 1.1.6.8/30
2019-06-26 09:33:13.297 25184 RALLYDEBUG rally_openstack.wrappers.network [-] CIDR generated: 1.1.6.12/30
2019-06-26 09:33:13.588 25201 RALLYDEBUG rally_openstack.wrappers.network [-] CIDR generated: 1.1.6.16/30
2019-06-26 09:33:13.596 25208 RALLYDEBUG rally_openstack.wrappers.network [-] CIDR generated: 1.1.6.20/30
2019-06-26 09:33:13.684 25204 RALLYDEBUG rally_openstack.wrappers.network [-] CIDR generated: 1.1.6.24/30
2019-06-26 09:33:13.965 25179 RALLYDEBUG rally_openstack.wrappers.network [-] CIDR generated: 1.1.6.28/30
2019-06-26 09:33:14.106 25169 RALLYDEBUG rally_openstack.wrappers.network [-] CIDR generated: 1.1.6.32/30
2019-06-26 09:33:14.176 25189 RALLYDEBUG rally_openstack.wrappers.network [-] CIDR generated: 1.1.6.36/30
2019-06-26 09:33:14.868 25211 RALLYDEBUG rally_openstack.wrappers.network [-] CIDR generated: 1.1.6.40/30
2019-06-26 09:33:15.393 25172 RALLYDEBUG rally_openstack.wrappers.network [-] CIDR generated: 1.1.6.44/30
2019-06-26 09:33:15.816 25173 RALLYDEBUG rally_openstack.wrappers.network [-] CIDR generated: 1.1.6.48/30
2019-06-26 09:33:15.878 25192 RALLYDEBUG rally_openstack.wrappers.network [-] CIDR generated: 1.1.6.52/30
2019-06-26 09:33:16.370 25172 RALLYDEBUG rally_openstack.wrappers.network [-] CIDR generated: 1.1.6.56/30
2019-06-26 09:33:18.366 25196 RALLYDEBUG rally_openstack.wrappers.network [-] CIDR generated: 1.1.6.60/30
2019-06-26 09:33:21.103 25171 INFO rally.task.runner [-] Task 4533918e-6360-4037-8179-fae913ec2080 | ITER: 4 END: OK
2019-06-26 09:33:21.108 25171 INFO rally.task.runner [-] Task 4533918e-6360-4037-8179-fae913ec2080 | ITER: 21 START
2019-06-26 09:33:21.670 25169 INFO rally.task.runner [-] Task 4533918e-6360-4037-8179-fae913ec2080 | ITER: 1 END: OK
2019-06-26 09:33:21.674 25169 INFO rally.task.runner [-] Task 4533918e-6360-4037-8179-fae913ec2080 | ITER: 22 START
2019-06-26 09:33:21.972 25171 INFO rally.task.runner [-] Task 4533918e-6360-4037-8179-fae913ec2080 | ITER: 2 END: OK
2019-06-26 09:33:21.976 25171 INFO rally.task.runner [-] Task 4533918e-6360-4037-8179-fae913ec2080 | ITER: 23 START
2019-06-26 09:33:22.502 25205 INFO rally.task.runner [-] Task 4533918e-6360-4037-8179-fae913ec2080 | ITER: 17 END: OK
2019-06-26 09:33:22.506 25205 INFO rally.task.runner [-] Task 4533918e-6360-4037-8179-fae913ec2080 | ITER: 24 START
2019-06-26 09:33:22.616 25171 RALLYDEBUG rally_openstack.wrappers.network [-] CIDR generated: 1.1.6.64/30
2019-06-26 09:33:22.640 25216 INFO rally.task.runner [-] Task 4533918e-6360-4037-8179-fae913ec2080 | ITER: 20 END: OK
2019-06-26 09:33:22.644 25216 INFO rally.task.runner [-] Task 4533918e-6360-4037-8179-fae913ec2080 | ITER: 25 START
2019-06-26 09:33:23.096 25169 RALLYDEBUG rally_openstack.wrappers.network [-] CIDR generated: 1.1.6.68/30
