2019-06-26 07:44:30.529 1509 INFO rally.task.runner [-] Task b7d9d9e4-0609-4e96-ac5d-9c8f6b1a2740 | ITER: 1 END: OK
2019-06-26 07:44:30.532 1509 INFO rally.task.runner [-] Task b7d9d9e4-0609-4e96-ac5d-9c8f6b1a2740 | ITER: 5 START
2019-06-26 07:44:30.551 1511 INFO rally.task.runner [-] Task b7d9d9e4-0609-4e96-ac5d-9c8f6b1a2740 | ITER: 3 END: OK
2019-06-26 07:44:30.554 1511 INFO rally.task.runner [-] Task b7d9d9e4-0609-4e96-ac5d-9c8f6b1a2740 | ITER: 6 START
2019-06-26 07:44:30.710 1512 INFO rally.task.runner [-] Task b7d9d9e4-0609-4e96-ac5d-9c8f6b1a2740 | ITER: 4 END: OK
2019-06-26 07:44:30.710 1510 INFO rally.task.runner [-] Task b7d9d9e4-0609-4e96-ac5d-9c8f6b1a2740 | ITER: 2 END: OK
2019-06-26 07:44:30.713 1512 INFO rally.task.runner [-] Task b7d9d9e4-0609-4e96-ac5d-9c8f6b1a2740 | ITER: 7 START
2019-06-26 07:44:30.714 1510 INFO rally.task.runner [-] Task b7d9d9e4-0609-4e96-ac5d-9c8f6b1a2740 | ITER: 8 START
2019-06-26 07:44:33.811 1509 RALLYDEBUG rally.task.utils [-] Waiting for resource u'38090e30-b6fc-495b-b495-ee42302954d4'. Status changed: NONE => QUEUED in 0.0288019180298
2019-06-26 07:44:33.838 1511 RALLYDEBUG rally.task.utils [-] Waiting for resource u'add2bc04-936b-4505-b209-2a2d425aa3fb'. Status changed: NONE => QUEUED in 0.0276498794556
2019-06-26 07:44:34.206 1512 RALLYDEBUG rally.task.utils [-] Waiting for resource u'b9cef3e9-68ac-40e9-bbfb-7a74194ba169'. Status changed: NONE => QUEUED in 0.242640018463
2019-06-26 07:44:34.213 1510 RALLYDEBUG rally.task.utils [-] Waiting for resource u'06a7ce6c-3393-43d5-a099-c868f49961a7'. Status changed: NONE => QUEUED in 0.14367890358
2019-06-26 07:44:34.246 1509 RALLYDEBUG rally.task.utils [-] Waiting for resource s_rally_284797cf_GV8WAVjd. Status changed: QUEUED => ACTIVE in 0.0170629024506
2019-06-26 07:44:34.390 1509 INFO rally.task.runner [-] Task b7d9d9e4-0609-4e96-ac5d-9c8f6b1a2740 | ITER: 5 END: OK
2019-06-26 07:44:34.394 1509 INFO rally.task.runner [-] Task b7d9d9e4-0609-4e96-ac5d-9c8f6b1a2740 | ITER: 9 START
2019-06-26 07:44:35.278 1511 RALLYDEBUG rally.task.utils [-] Waiting for resource s_rally_284797cf_UO5XiZmY. Status changed: QUEUED => ACTIVE in 0.994014024734
2019-06-26 07:44:36.429 1511 INFO rally.task.runner [-] Task b7d9d9e4-0609-4e96-ac5d-9c8f6b1a2740 | ITER: 6 END: OK
2019-06-26 07:44:36.432 1511 INFO rally.task.runner [-] Task b7d9d9e4-0609-4e96-ac5d-9c8f6b1a2740 | ITER: 10 START
2019-06-26 07:44:36.473 1512 RALLYDEBUG rally.task.utils [-] Waiting for resource s_rally_284797cf_7LnKJ0nP. Status changed: QUEUED => ACTIVE in 0.0232589244843
2019-06-26 07:44:36.506 1510 RALLYDEBUG rally.task.utils [-] Waiting for resource s_rally_284797cf_4EP6CWkv. Status changed: QUEUED => ACTIVE in 0.0217578411102
2019-06-26 07:44:36.637 1512 INFO rally.task.runner [-] Task b7d9d9e4-0609-4e96-ac5d-9c8f6b1a2740 | ITER: 7 END: OK
2019-06-26 07:44:36.780 1510 INFO rally.task.runner [-] Task b7d9d9e4-0609-4e96-ac5d-9c8f6b1a2740 | ITER: 8 END: OK
2019-06-26 07:44:37.584 1509 RALLYDEBUG rally.task.utils [-] Waiting for resource u'b5ea008a-e6d2-47e8-89fb-15e58894da2c'. Status changed: NONE => QUEUED in 0.0284168720245
2019-06-26 07:44:38.573 1509 RALLYDEBUG rally.task.utils [-] Waiting for resource s_rally_284797cf_HiWAINEc. Status changed: QUEUED => ACTIVE in 0.0186359882355
2019-06-26 07:44:38.771 1509 INFO rally.task.runner [-] Task b7d9d9e4-0609-4e96-ac5d-9c8f6b1a2740 | ITER: 9 END: OK
2019-06-26 07:44:40.563 1511 RALLYDEBUG rally.task.utils [-] Waiting for resource u'ad72ab8d-3ee0-4504-9841-d2ec8f025660'. Status changed: NONE => QUEUED in 0.030424118042
2019-06-26 07:44:41.534 1511 RALLYDEBUG rally.task.utils [-] Waiting for resource s_rally_284797cf_wtkXJ2u8. Status changed: QUEUED => ACTIVE in 0.017678976059
2019-06-26 07:44:41.680 1511 INFO rally.task.runner [-] Task b7d9d9e4-0609-4e96-ac5d-9c8f6b1a2740 | ITER: 10 END: OK
2019-06-26 07:44:41.710 725 INFO rally.task.context [-] Task b7d9d9e4-0609-4e96-ac5d-9c8f6b1a2740 | Context cleanup@openstack cleanup() started
2019-06-26 07:44:41.713 725 RALLYDEBUG rally_openstack.cleanup.manager [-] Cleaning up glance images objects
2019-06-26 07:44:44.011 725 RALLYDEBUG rally_openstack.cleanup.manager [-] Deleting glance.images object s_rally_284797cf_wtkXJ2u8 (ad72ab8d-3ee0-4504-9841-d2ec8f025660)
2019-06-26 07:44:44.017 725 RALLYDEBUG rally_openstack.cleanup.manager [-] Deleting glance.images object s_rally_284797cf_7LnKJ0nP (b9cef3e9-68ac-40e9-bbfb-7a74194ba169)
2019-06-26 07:44:44.026 725 RALLYDEBUG rally_openstack.cleanup.manager [-] Deleting glance.images object s_rally_284797cf_VzmWu66V (36169a47-2db1-4234-8c67-2fd181dc705a)
2019-06-26 07:44:44.029 725 RALLYDEBUG rally_openstack.cleanup.manager [-] Deleting glance.images object s_rally_284797cf_ZreV6PIq (48c77bb1-a162-428c-90d2-79af76f710ee)
2019-06-26 07:44:44.031 725 RALLYDEBUG rally_openstack.cleanup.manager [-] Deleting glance.images object s_rally_284797cf_4EP6CWkv (06a7ce6c-3393-43d5-a099-c868f49961a7)
2019-06-26 07:44:44.034 725 RALLYDEBUG rally_openstack.cleanup.manager [-] Deleting glance.images object s_rally_284797cf_GV8WAVjd (38090e30-b6fc-495b-b495-ee42302954d4)
2019-06-26 07:44:44.034 725 RALLYDEBUG rally_openstack.cleanup.manager [-] Deleting glance.images object s_rally_284797cf_HiWAINEc (b5ea008a-e6d2-47e8-89fb-15e58894da2c)
2019-06-26 07:44:44.036 725 RALLYDEBUG rally_openstack.cleanup.manager [-] Deleting glance.images object s_rally_284797cf_UO5XiZmY (add2bc04-936b-4505-b209-2a2d425aa3fb)
2019-06-26 07:44:44.042 725 RALLYDEBUG rally_openstack.cleanup.manager [-] Deleting glance.images object s_rally_284797cf_V0wmOGd0 (c8fb124e-1332-48f4-bef9-71a00d256e1e)
2019-06-26 07:44:44.059 725 RALLYDEBUG rally_openstack.cleanup.manager [-] Deleting glance.images object s_rally_284797cf_rWGq9cRX (dceeedd5-9c2b-4556-83af-e26ba061b012)
2019-06-26 07:44:45.410 725 DEBUG glanceclient.common.http [-] Request returned failure status 404. _handle_response /usr/lib/python2.7/site-packages/glanceclient/common/http.py:125
2019-06-26 07:44:45.433 725 DEBUG glanceclient.common.http [-] Request returned failure status 404. _handle_response /usr/lib/python2.7/site-packages/glanceclient/common/http.py:125
2019-06-26 07:44:45.439 725 DEBUG glanceclient.common.http [-] Request returned failure status 404. _handle_response /usr/lib/python2.7/site-packages/glanceclient/common/http.py:125
2019-06-26 07:44:45.441 725 DEBUG glanceclient.common.http [-] Request returned failure status 404. _handle_response /usr/lib/python2.7/site-packages/glanceclient/common/http.py:125
2019-06-26 07:44:45.450 725 DEBUG glanceclient.common.http [-] Request returned failure status 404. _handle_response /usr/lib/python2.7/site-packages/glanceclient/common/http.py:125
2019-06-26 07:44:45.455 725 DEBUG glanceclient.common.http [-] Request returned failure status 404. _handle_response /usr/lib/python2.7/site-packages/glanceclient/common/http.py:125
2019-06-26 07:44:45.460 725 DEBUG glanceclient.common.http [-] Request returned failure status 404. _handle_response /usr/lib/python2.7/site-packages/glanceclient/common/http.py:125
2019-06-26 07:44:45.461 725 DEBUG glanceclient.common.http [-] Request returned failure status 404. _handle_response /usr/lib/python2.7/site-packages/glanceclient/common/http.py:125
2019-06-26 07:44:45.465 725 DEBUG glanceclient.common.http [-] Request returned failure status 404. _handle_response /usr/lib/python2.7/site-packages/glanceclient/common/http.py:125
2019-06-26 07:44:45.470 725 DEBUG glanceclient.common.http [-] Request returned failure status 404. _handle_response /usr/lib/python2.7/site-packages/glanceclient/common/http.py:125
2019-06-26 07:44:45.470 725 DEBUG glanceclient.common.http [-] Request returned failure status 404. _handle_response /usr/lib/python2.7/site-packages/glanceclient/common/http.py:125
2019-06-26 07:44:45.477 725 DEBUG glanceclient.common.http [-] Request returned failure status 404. _handle_response /usr/lib/python2.7/site-packages/glanceclient/common/http.py:125
2019-06-26 07:44:45.482 725 DEBUG glanceclient.common.http [-] Request returned failure status 404. _handle_response /usr/lib/python2.7/site-packages/glanceclient/common/http.py:125
2019-06-26 07:44:45.484 725 DEBUG glanceclient.common.http [-] Request returned failure status 404. _handle_response /usr/lib/python2.7/site-packages/glanceclient/common/http.py:125
2019-06-26 07:44:47.525 725 DEBUG glanceclient.common.http [-] Request returned failure status 404. _handle_response /usr/lib/python2.7/site-packages/glanceclient/common/http.py:125
2019-06-26 07:44:47.547 725 DEBUG glanceclient.common.http [-] Request returned failure status 404. _handle_response /usr/lib/python2.7/site-packages/glanceclient/common/http.py:125
2019-06-26 07:44:47.549 725 DEBUG glanceclient.common.http [-] Request returned failure status 404. _handle_response /usr/lib/python2.7/site-packages/glanceclient/common/http.py:125
2019-06-26 07:44:47.572 725 DEBUG glanceclient.common.http [-] Request returned failure status 404. _handle_response /usr/lib/python2.7/site-packages/glanceclient/common/http.py:125
2019-06-26 07:44:47.574 725 DEBUG glanceclient.common.http [-] Request returned failure status 404. _handle_response /usr/lib/python2.7/site-packages/glanceclient/common/http.py:125
2019-06-26 07:44:47.587 725 DEBUG glanceclient.common.http [-] Request returned failure status 404. _handle_response /usr/lib/python2.7/site-packages/glanceclient/common/http.py:125
2019-06-26 07:44:48.589 725 INFO rally.task.context [-] Task b7d9d9e4-0609-4e96-ac5d-9c8f6b1a2740 | Context cleanup@openstack cleanup() finished in 6.88 sec
2019-06-26 07:44:48.590 725 INFO rally.task.context [-] Task b7d9d9e4-0609-4e96-ac5d-9c8f6b1a2740 | Context users@openstack cleanup() started
2019-06-26 07:44:55.586 725 INFO rally.task.context [-] Task b7d9d9e4-0609-4e96-ac5d-9c8f6b1a2740 | Context users@openstack cleanup() finished in 7.00 sec
2019-06-26 07:44:56.587 725 INFO rally.task.engine [-] Load duration is: 15.864381
2019-06-26 07:44:56.588 725 INFO rally.task.engine [-] Full runner duration is: 16.762555
2019-06-26 07:44:56.588 725 INFO rally.task.engine [-] Full duration is: 35.153933
2019-06-26 07:44:56.797 725 INFO rally.task.engine [-] Running workload: position = 0 config = { "version": 2, "title": "A cropped version of a bigger task.", "description": "Auto-generated task from a single workload (uuid=0e01bca8-4e28-415a-b3db-d555310356ab)", "subtasks": [ { "title": "GlanceImages.create_and_get_image", "description": "Create and get detailed information of an image.", "scenario": { "GlanceImages.create_and_get_image": { "container_format": "bare", "disk_format": "qcow2", "image_location": "/home/opnfv/functest/images/cirros-0.4.0-x86_64-disk.img" } }, "contexts": { "users": { "tenants": 3, "users_per_tenant": 2 } }, "runner": { "constant": { "concurrency": 4, "times": 10 } }, "hooks": [], "sla": { "failure_rate": { "max": 0 } } } ] }
2019-06-26 07:44:56.817 725 RALLYDEBUG rally_openstack.contexts.keystone.users [-] Creating 3 tenants using 20 threads
2019-06-26 07:44:58.635 725 RALLYDEBUG rally_openstack.contexts.keystone.users [-] Creating 6 users using 20 threads
2019-06-26 07:45:01.475 725 INFO rally.task.context [-] Task b7d9d9e4-0609-4e96-ac5d-9c8f6b1a2740 | Context users@openstack setup() finished in 4.66 sec
2019-06-26 07:45:01.476 725 INFO rally.task.context [-] Task b7d9d9e4-0609-4e96-ac5d-9c8f6b1a2740 | Context cleanup@openstack setup() finished in 0.00 msec
2019-06-26 07:45:01.484 725 RALLYDEBUG rally.task.runner [-] Starting the constant runner (task UUID: b7d9d9e4-0609-4e96-ac5d-9c8f6b1a2740). timeout: 0 concurrency: 4 concurrency_per_worker: 1 times: 10 concurrency_overhead: 0 processes_to_start: 4 max_cpu_used: 16
2019-06-26 07:45:01.497 1633 RALLYDEBUG rally.task.runner [-] Starting a worker. concurrency: 1 args: {"container_format": "bare", "disk_format": "qcow2", "image_location": "/home/opnfv/functest/images/cirros-0.4.0-x86_64-disk.img"} times: 10 method_name: run timeout: 0 duration: None cls:
2019-06-26 07:45:01.499 1634 RALLYDEBUG rally.task.runner [-] Starting a worker. concurrency: 1 args: {"container_format": "bare", "disk_format": "qcow2", "image_location": "/home/opnfv/functest/images/cirros-0.4.0-x86_64-disk.img"} times: 10 method_name: run timeout: 0 duration: None cls:
2019-06-26 07:45:01.503 1635 RALLYDEBUG rally.task.runner [-] Starting a worker. concurrency: 1 args: {"container_format": "bare", "disk_format": "qcow2", "image_location": "/home/opnfv/functest/images/cirros-0.4.0-x86_64-disk.img"} times: 10 method_name: run timeout: 0 duration: None cls:
2019-06-26 07:45:01.504 1633 INFO rally.task.runner [-] Task b7d9d9e4-0609-4e96-ac5d-9c8f6b1a2740 | ITER: 1 START
2019-06-26 07:45:01.505 1634 INFO rally.task.runner [-] Task b7d9d9e4-0609-4e96-ac5d-9c8f6b1a2740 | ITER: 2 START
2019-06-26 07:45:01.505 1636 RALLYDEBUG rally.task.runner [-] Starting a worker. concurrency: 1 args: {"container_format": "bare", "disk_format": "qcow2", "image_location": "/home/opnfv/functest/images/cirros-0.4.0-x86_64-disk.img"} times: 10 method_name: run timeout: 0 duration: None cls:
2019-06-26 07:45:01.509 1635 INFO rally.task.runner [-] Task b7d9d9e4-0609-4e96-ac5d-9c8f6b1a2740 | ITER: 3 START
2019-06-26 07:45:01.511 1636 INFO rally.task.runner [-] Task b7d9d9e4-0609-4e96-ac5d-9c8f6b1a2740 | ITER: 4 START
2019-06-26 07:45:04.807 1636 RALLYDEBUG rally.task.utils [-] Waiting for resource u'08f8d49a-b15f-4dba-9195-b323037f6d88'. Status changed: NONE => QUEUED in 0.0283029079437
2019-06-26 07:45:04.820 1634 RALLYDEBUG rally.task.utils [-] Waiting for resource u'56c7a576-0c76-4fd3-aeda-3f652f11fbcb'. Status changed: NONE => QUEUED in 0.0328888893127
2019-06-26 07:45:04.830 1633 RALLYDEBUG rally.task.utils [-] Waiting for resource u'0149b63b-5527-4ad8-9411-4c451b3e7cc5'. Status changed: NONE => QUEUED in 0.0274760723114
2019-06-26 07:45:05.082 1635 RALLYDEBUG rally.task.utils [-] Waiting for resource u'a65af739-a475-42ab-9955-92ca06253951'. Status changed: NONE => QUEUED in 0.199654817581
2019-06-26 07:45:05.326 1636 RALLYDEBUG rally.task.utils [-] Waiting for resource s_rally_0e01bca8_1C0HO2hm. Status changed: QUEUED => ACTIVE in 0.0194330215454
2019-06-26 07:45:05.327 1633 RALLYDEBUG rally.task.utils [-] Waiting for resource s_rally_0e01bca8_Qow0N4qm. Status changed: QUEUED => ACTIVE in 0.0215299129486
2019-06-26 07:45:05.344 1636 INFO rally.task.runner [-] Task b7d9d9e4-0609-4e96-ac5d-9c8f6b1a2740 | ITER: 4 END: OK
2019-06-26 07:45:05.349 1636 INFO rally.task.runner [-] Task b7d9d9e4-0609-4e96-ac5d-9c8f6b1a2740 | ITER: 5 START
2019-06-26 07:45:05.351 1633 INFO rally.task.runner [-] Task b7d9d9e4-0609-4e96-ac5d-9c8f6b1a2740 | ITER: 1 END: OK
2019-06-26 07:45:05.355 1633 INFO rally.task.runner [-] Task b7d9d9e4-0609-4e96-ac5d-9c8f6b1a2740 | ITER: 6 START
2019-06-26 07:45:05.405 1634 RALLYDEBUG rally.task.utils [-] Waiting for resource s_rally_0e01bca8_iTyeVtGj. Status changed: QUEUED => ACTIVE in 0.0809679031372
2019-06-26 07:45:06.330 1634 INFO rally.task.runner [-] Task b7d9d9e4-0609-4e96-ac5d-9c8f6b1a2740 | ITER: 2 END: OK
2019-06-26 07:45:06.334 1634 INFO rally.task.runner [-] Task b7d9d9e4-0609-4e96-ac5d-9c8f6b1a2740 | ITER: 7 START
2019-06-26 07:45:06.383 1635 RALLYDEBUG rally.task.utils [-] Waiting for resource s_rally_0e01bca8_SG0By1W0. Status changed: QUEUED => ACTIVE in 0.0181801319122
2019-06-26 07:45:06.401 1635 INFO rally.task.runner [-] Task b7d9d9e4-0609-4e96-ac5d-9c8f6b1a2740 | ITER: 3 END: OK
2019-06-26 07:45:06.406 1635 INFO rally.task.runner [-] Task b7d9d9e4-0609-4e96-ac5d-9c8f6b1a2740 | ITER: 8 START
2019-06-26 07:45:08.792 1633 RALLYDEBUG rally.task.utils [-] Waiting for resource u'9c11814a-e765-4e12-b0c8-e1d0e93aea35'. Status changed: NONE => QUEUED in 0.0300159454346
2019-06-26 07:45:08.809 1636 RALLYDEBUG rally.task.utils [-] Waiting for resource u'91255194-6abd-4af2-ba78-5bab353a7b01'. Status changed: NONE => QUEUED in 0.027174949646
2019-06-26 07:45:09.600 1636 RALLYDEBUG rally.task.utils [-] Waiting for resource s_rally_0e01bca8_XmS4tNDM. Status changed: QUEUED => ACTIVE in 0.018159866333
2019-06-26 07:45:09.602 1633 RALLYDEBUG rally.task.utils [-] Waiting for resource s_rally_0e01bca8_OEbKOm1t. Status changed: QUEUED => ACTIVE in 0.0205230712891
2019-06-26 07:45:09.619 1636 INFO rally.task.runner [-] Task b7d9d9e4-0609-4e96-ac5d-9c8f6b1a2740 | ITER: 5 END: OK
2019-06-26 07:45:09.621 1633 INFO rally.task.runner [-] Task b7d9d9e4-0609-4e96-ac5d-9c8f6b1a2740 | ITER: 6 END: OK
2019-06-26 07:45:09.623 1636 INFO rally.task.runner [-] Task b7d9d9e4-0609-4e96-ac5d-9c8f6b1a2740 | ITER: 9 START
2019-06-26 07:45:09.625 1633 INFO rally.task.runner [-] Task b7d9d9e4-0609-4e96-ac5d-9c8f6b1a2740 | ITER: 10 START
2019-06-26 07:45:09.778 1635 RALLYDEBUG rally.task.utils [-] Waiting for resource u'894aab68-5d11-48ce-bc3b-9961b8c198d6'. Status changed: NONE => QUEUED in 0.0270159244537
2019-06-26 07:45:10.068 1634 RALLYDEBUG rally.task.utils [-] Waiting for resource u'd9bf8951-7e00-4cb5-9d1c-f0e220fc5e84'. Status changed: NONE => QUEUED in 0.0348520278931
2019-06-26 07:45:10.567 1635 RALLYDEBUG rally.task.utils [-] Waiting for resource s_rally_0e01bca8_hIi5SwBS. Status changed: QUEUED => ACTIVE in 0.0177400112152
2019-06-26 07:45:10.585 1635 INFO rally.task.runner [-] Task b7d9d9e4-0609-4e96-ac5d-9c8f6b1a2740 | ITER: 8 END: OK
2019-06-26 07:45:11.631 1634 RALLYDEBUG rally.task.utils [-] Waiting for resource s_rally_0e01bca8_J2AIgj2P. Status changed: QUEUED => ACTIVE in 0.0188879966736
2019-06-26 07:45:11.650 1634 INFO rally.task.runner [-] Task b7d9d9e4-0609-4e96-ac5d-9c8f6b1a2740 | ITER: 7 END: OK
2019-06-26 07:45:12.906 1636 RALLYDEBUG rally.task.utils [-] Waiting for resource u'16782430-7421-4326-b04e-05c551e5072b'. Status changed: NONE => QUEUED in 0.0303571224213
2019-06-26 07:45:12.925 1633 RALLYDEBUG rally.task.utils [-] Waiting for resource u'2e72863c-c0d3-4409-9c48-d25adffa7812'. Status changed: NONE => QUEUED in 0.0291931629181
2019-06-26 07:45:13.751 1636 RALLYDEBUG rally.task.utils [-] Waiting for resource s_rally_0e01bca8_Gc9mjqM6. Status changed: QUEUED => ACTIVE in 0.0181159973145
2019-06-26 07:45:13.753 1633 RALLYDEBUG rally.task.utils [-] Waiting for resource s_rally_0e01bca8_yHX6qYc5. Status changed: QUEUED => ACTIVE in 0.0200729370117
2019-06-26 07:45:13.768 1636 INFO rally.task.runner [-] Task b7d9d9e4-0609-4e96-ac5d-9c8f6b1a2740 | ITER: 9 END: OK
2019-06-26 07:45:13.771 1633 INFO rally.task.runner [-] Task b7d9d9e4-0609-4e96-ac5d-9c8f6b1a2740 | ITER: 10 END: OK
2019-06-26 07:45:13.801 725 INFO rally.task.context [-] Task b7d9d9e4-0609-4e96-ac5d-9c8f6b1a2740 | Context cleanup@openstack cleanup() started
2019-06-26 07:45:13.804 725 RALLYDEBUG rally_openstack.cleanup.manager [-] Cleaning up glance images objects
2019-06-26 07:45:16.101 725 RALLYDEBUG rally_openstack.cleanup.manager [-] Deleting glance.images object s_rally_0e01bca8_1C0HO2hm (08f8d49a-b15f-4dba-9195-b323037f6d88)
2019-06-26 07:45:16.102 725 RALLYDEBUG rally_openstack.cleanup.manager [-] Deleting glance.images object s_rally_0e01bca8_SG0By1W0 (a65af739-a475-42ab-9955-92ca06253951)
2019-06-26 07:45:16.104 725 RALLYDEBUG rally_openstack.cleanup.manager [-] Deleting glance.images object s_rally_0e01bca8_OEbKOm1t (9c11814a-e765-4e12-b0c8-e1d0e93aea35)
2019-06-26 07:45:16.104 725 RALLYDEBUG rally_openstack.cleanup.manager [-] Deleting glance.images object s_rally_0e01bca8_yHX6qYc5 (2e72863c-c0d3-4409-9c48-d25adffa7812)
2019-06-26 07:45:16.108 725 RALLYDEBUG rally_openstack.cleanup.manager [-] Deleting glance.images object s_rally_0e01bca8_Qow0N4qm (0149b63b-5527-4ad8-9411-4c451b3e7cc5)
2019-06-26 07:45:16.111 725 RALLYDEBUG rally_openstack.cleanup.manager [-] Deleting glance.images object s_rally_0e01bca8_J2AIgj2P (d9bf8951-7e00-4cb5-9d1c-f0e220fc5e84)
2019-06-26 07:45:16.113 725 RALLYDEBUG rally_openstack.cleanup.manager [-] Deleting glance.images object s_rally_0e01bca8_iTyeVtGj (56c7a576-0c76-4fd3-aeda-3f652f11fbcb)
2019-06-26 07:45:16.124 725 RALLYDEBUG rally_openstack.cleanup.manager [-] Deleting glance.images object s_rally_0e01bca8_hIi5SwBS (894aab68-5d11-48ce-bc3b-9961b8c198d6)
2019-06-26 07:45:16.124 725 RALLYDEBUG rally_openstack.cleanup.manager [-] Deleting glance.images object s_rally_0e01bca8_XmS4tNDM (91255194-6abd-4af2-ba78-5bab353a7b01)
2019-06-26 07:45:16.125 725 RALLYDEBUG rally_openstack.cleanup.manager [-] Deleting glance.images object s_rally_0e01bca8_Gc9mjqM6 (16782430-7421-4326-b04e-05c551e5072b)
2019-06-26 07:45:17.522 725 DEBUG glanceclient.common.http [-] Request returned failure status 404. _handle_response /usr/lib/python2.7/site-packages/glanceclient/common/http.py:125
2019-06-26 07:45:17.533 725 DEBUG glanceclient.common.http [-] Request returned failure status 404. _handle_response /usr/lib/python2.7/site-packages/glanceclient/common/http.py:125
2019-06-26 07:45:17.537 725 DEBUG glanceclient.common.http [-] Request returned failure status 404. _handle_response /usr/lib/python2.7/site-packages/glanceclient/common/http.py:125
2019-06-26 07:45:17.545 725 DEBUG glanceclient.common.http [-] Request returned failure status 404. _handle_response /usr/lib/python2.7/site-packages/glanceclient/common/http.py:125
2019-06-26 07:45:17.550 725 DEBUG glanceclient.common.http [-] Request returned failure status 404. _handle_response /usr/lib/python2.7/site-packages/glanceclient/common/http.py:125
2019-06-26 07:45:17.563 725 DEBUG glanceclient.common.http [-] Request returned failure status 404. _handle_response /usr/lib/python2.7/site-packages/glanceclient/common/http.py:125
2019-06-26 07:45:18.498 725 DEBUG glanceclient.common.http [-] Request returned failure status 404. _handle_response /usr/lib/python2.7/site-packages/glanceclient/common/http.py:125
2019-06-26 07:45:18.505 725 DEBUG glanceclient.common.http [-] Request returned failure status 404. _handle_response /usr/lib/python2.7/site-packages/glanceclient/common/http.py:125
2019-06-26 07:45:18.521 725 DEBUG glanceclient.common.http [-] Request returned failure status 404. _handle_response /usr/lib/python2.7/site-packages/glanceclient/common/http.py:125
2019-06-26 07:45:18.522 725 DEBUG glanceclient.common.http [-] Request returned failure status 404. _handle_response /usr/lib/python2.7/site-packages/glanceclient/common/http.py:125
2019-06-26 07:45:18.528 725 DEBUG glanceclient.common.http [-] Request returned failure status 404. _handle_response /usr/lib/python2.7/site-packages/glanceclient/common/http.py:125
2019-06-26 07:45:18.552 725 DEBUG glanceclient.common.http [-] Request returned failure status 404. _handle_response /usr/lib/python2.7/site-packages/glanceclient/common/http.py:125
2019-06-26 07:45:18.554 725 DEBUG glanceclient.common.http [-] Request returned failure status 404. _handle_response /usr/lib/python2.7/site-packages/glanceclient/common/http.py:125
2019-06-26 07:45:18.555 725 DEBUG glanceclient.common.http [-] Request returned failure status 404. _handle_response /usr/lib/python2.7/site-packages/glanceclient/common/http.py:125
2019-06-26 07:45:18.556 725 DEBUG glanceclient.common.http [-] Request returned failure status 404. _handle_response /usr/lib/python2.7/site-packages/glanceclient/common/http.py:125
2019-06-26 07:45:18.557 725 DEBUG glanceclient.common.http [-] Request returned failure status 404. _handle_response /usr/lib/python2.7/site-packages/glanceclient/common/http.py:125
2019-06-26 07:45:18.559 725 DEBUG glanceclient.common.http [-] Request returned failure status 404. _handle_response /usr/lib/python2.7/site-packages/glanceclient/common/http.py:125
2019-06-26 07:45:18.560 725 DEBUG glanceclient.common.http [-] Request returned failure status 404. _handle_response /usr/lib/python2.7/site-packages/glanceclient/common/http.py:125
2019-06-26 07:45:18.575 725 DEBUG glanceclient.common.http [-] Request returned failure status 404. _handle_response /usr/lib/python2.7/site-packages/glanceclient/common/http.py:125
2019-06-26 07:45:18.580 725 DEBUG glanceclient.common.http [-] Request returned failure status 404. _handle_response /usr/lib/python2.7/site-packages/glanceclient/common/http.py:125
2019-06-26 07:45:19.583 725 INFO rally.task.context [-] Task b7d9d9e4-0609-4e96-ac5d-9c8f6b1a2740 | Context cleanup@openstack cleanup() finished in 5.78 sec
2019-06-26 07:45:19.583 725 INFO rally.task.context [-] Task b7d9d9e4-0609-4e96-ac5d-9c8f6b1a2740 | Context users@openstack cleanup() started
2019-06-26 07:45:26.572 725 INFO rally.task.context [-] Task b7d9d9e4-0609-4e96-ac5d-9c8f6b1a2740 | Context users@openstack cleanup() finished in 6.99 sec
2019-06-26 07:45:26.949 725 INFO rally.task.engine [-] Load duration is: 11.389787
2019-06-26 07:45:26.949 725 INFO rally.task.engine [-] Full runner duration is: 12.318149
2019-06-26 07:45:26.949 725 INFO rally.task.engine [-] Full duration is: 29.756659
2019-06-26 07:45:27.180 725 INFO rally.task.engine [-] Running workload: position = 0 config = { "version": 2, "title": "A cropped version of a bigger task.", "description": "Auto-generated task from a single workload (uuid=cd2243d5-b3d3-44f2-9a70-6fbcf18eddd6)", "subtasks": [ { "title": "GlanceImages.create_and_update_image", "description": "Create an image then update it.", "scenario": { "GlanceImages.create_and_update_image": { "container_format": "bare", "disk_format": "qcow2", "image_location": "/home/opnfv/functest/images/cirros-0.4.0-x86_64-disk.img" } }, "contexts": { "users": { "tenants": 3, "users_per_tenant": 2 } }, "runner": { "constant": { "concurrency": 4, "times": 10 } }, "hooks": [], "sla": { "failure_rate": { "max": 0 } } } ] }
2019-06-26 07:45:27.199 725 RALLYDEBUG rally_openstack.contexts.keystone.users [-] Creating 3 tenants using 20 threads
2019-06-26 07:45:28.999 725 RALLYDEBUG rally_openstack.contexts.keystone.users [-] Creating 6 users using 20 threads
2019-06-26 07:45:31.617 725 INFO rally.task.context [-] Task b7d9d9e4-0609-4e96-ac5d-9c8f6b1a2740 | Context users@openstack setup() finished in 4.42 sec
2019-06-26 07:45:31.618 725 INFO rally.task.context [-] Task b7d9d9e4-0609-4e96-ac5d-9c8f6b1a2740 | Context cleanup@openstack setup() finished in 0.00 msec
2019-06-26 07:45:31.623 725 RALLYDEBUG rally.task.runner [-] Starting the constant runner (task UUID: b7d9d9e4-0609-4e96-ac5d-9c8f6b1a2740). timeout: 0 concurrency: 4 concurrency_per_worker: 1 times: 10 concurrency_overhead: 0 processes_to_start: 4 max_cpu_used: 16
2019-06-26 07:45:31.635 1757 RALLYDEBUG rally.task.runner [-] Starting a worker. concurrency: 1 args: {"container_format": "bare", "disk_format": "qcow2", "image_location": "/home/opnfv/functest/images/cirros-0.4.0-x86_64-disk.img"} times: 10 method_name: run timeout: 0 duration: None cls:
2019-06-26 07:45:31.637 1758 RALLYDEBUG rally.task.runner [-] Starting a worker. concurrency: 1 args: {"container_format": "bare", "disk_format": "qcow2", "image_location": "/home/opnfv/functest/images/cirros-0.4.0-x86_64-disk.img"} times: 10 method_name: run timeout: 0 duration: None cls:
2019-06-26 07:45:31.640 1757 INFO rally.task.runner [-] Task b7d9d9e4-0609-4e96-ac5d-9c8f6b1a2740 | ITER: 1 START
2019-06-26 07:45:31.640 1760 RALLYDEBUG rally.task.runner [-] Starting a worker. concurrency: 1 args: {"container_format": "bare", "disk_format": "qcow2", "image_location": "/home/opnfv/functest/images/cirros-0.4.0-x86_64-disk.img"} times: 10 method_name: run timeout: 0 duration: None cls:
2019-06-26 07:45:31.641 1759 RALLYDEBUG rally.task.runner [-] Starting a worker. concurrency: 1 args: {"container_format": "bare", "disk_format": "qcow2", "image_location": "/home/opnfv/functest/images/cirros-0.4.0-x86_64-disk.img"} times: 10 method_name: run timeout: 0 duration: None cls:
2019-06-26 07:45:31.643 1758 INFO rally.task.runner [-] Task b7d9d9e4-0609-4e96-ac5d-9c8f6b1a2740 | ITER: 2 START
2019-06-26 07:45:31.644 1760 INFO rally.task.runner [-] Task b7d9d9e4-0609-4e96-ac5d-9c8f6b1a2740 | ITER: 3 START
2019-06-26 07:45:31.646 1759 INFO rally.task.runner [-] Task b7d9d9e4-0609-4e96-ac5d-9c8f6b1a2740 | ITER: 4 START
2019-06-26 07:45:34.983 1757 RALLYDEBUG rally.task.utils [-] Waiting for resource u'67231edf-ee5a-491c-863f-7fdd63bc89b2'. Status changed: NONE => QUEUED in 0.0374228954315
2019-06-26 07:45:34.987 1760 RALLYDEBUG rally.task.utils [-] Waiting for resource u'b711b16b-6781-4441-9ce3-9691846b1154'. Status changed: NONE => QUEUED in 0.0301289558411
2019-06-26 07:45:35.002 1759 RALLYDEBUG rally.task.utils [-] Waiting for resource u'3fe86e14-127b-48ae-9d11-ea3d84d1edf5'. Status changed: NONE => QUEUED in 0.0311660766602
2019-06-26 07:45:35.019 1758 RALLYDEBUG rally.task.utils [-] Waiting for resource u'bddee612-f0ac-4a7b-b5de-84f859e35bc0'. Status changed: NONE => QUEUED in 0.0352318286896
2019-06-26 07:45:36.460 1757 RALLYDEBUG rally.task.utils [-] Waiting for resource s_rally_cd2243d5_eFnvt7ry. Status changed: QUEUED => ACTIVE in 0.0190880298615
2019-06-26 07:45:36.479 1759 RALLYDEBUG rally.task.utils [-] Waiting for resource s_rally_cd2243d5_lmzq1Izg. Status changed: QUEUED => ACTIVE in 0.0322299003601
2019-06-26 07:45:36.514 1758 RALLYDEBUG rally.task.utils [-] Waiting for resource s_rally_cd2243d5_opAqDE7S. Status changed: QUEUED => ACTIVE in 0.0291798114777
2019-06-26 07:45:36.515 1760 RALLYDEBUG rally.task.utils [-] Waiting for resource s_rally_cd2243d5_QZqKYqud. Status changed: QUEUED => ACTIVE in 0.0208261013031
2019-06-26 07:45:36.714 1759 INFO rally.task.runner [-] Task b7d9d9e4-0609-4e96-ac5d-9c8f6b1a2740 | ITER: 4 END: OK
2019-06-26 07:45:36.718 1759 INFO rally.task.runner [-] Task b7d9d9e4-0609-4e96-ac5d-9c8f6b1a2740 | ITER: 5 START
2019-06-26 07:45:36.722 1758 INFO rally.task.runner [-] Task b7d9d9e4-0609-4e96-ac5d-9c8f6b1a2740 | ITER: 2 END: OK
2019-06-26 07:45:36.726 1758 INFO rally.task.runner [-] Task b7d9d9e4-0609-4e96-ac5d-9c8f6b1a2740 | ITER: 6 START
2019-06-26 07:45:36.816 1757 INFO rally.task.runner [-] Task b7d9d9e4-0609-4e96-ac5d-9c8f6b1a2740 | ITER: 1 END: OK
2019-06-26 07:45:36.820 1757 INFO rally.task.runner [-] Task b7d9d9e4-0609-4e96-ac5d-9c8f6b1a2740 | ITER: 7 START
2019-06-26 07:45:36.843 1760 INFO rally.task.runner [-] Task b7d9d9e4-0609-4e96-ac5d-9c8f6b1a2740 | ITER: 3 END: OK
2019-06-26 07:45:36.846 1760 INFO rally.task.runner [-] Task b7d9d9e4-0609-4e96-ac5d-9c8f6b1a2740 | ITER: 8 START
2019-06-26 07:45:41.650 1758 RALLYDEBUG rally.task.utils [-] Waiting for resource u'2bd2e8b5-4fd9-4e15-89ad-fbf97f04008d'. Status changed: NONE => QUEUED in 0.0279591083527
2019-06-26 07:45:41.660 1759 RALLYDEBUG rally.task.utils [-] Waiting for resource u'480d37da-ad2f-4f52-970a-d00fcf5c817c'. Status changed: NONE => QUEUED in 0.0294659137726
2019-06-26 07:45:42.042 1758 RALLYDEBUG rally.task.utils [-] Waiting for resource s_rally_cd2243d5_6EZ2xEEA. Status changed: QUEUED => ACTIVE in 0.0182240009308
2019-06-26 07:45:42.051 1759 RALLYDEBUG rally.task.utils [-] Waiting for resource s_rally_cd2243d5_xptHeRey. Status changed: QUEUED => ACTIVE in 0.0199010372162
2019-06-26 07:45:42.162 1757 RALLYDEBUG rally.task.utils [-] Waiting for resource u'af495061-54fc-4650-afe8-f42bcb2cbea4'. Status changed: NONE => QUEUED in 0.0460200309753
2019-06-26 07:45:42.188 1758 INFO rally.task.runner [-] Task b7d9d9e4-0609-4e96-ac5d-9c8f6b1a2740 | ITER: 6 END: OK
2019-06-26 07:45:42.192 1758 INFO rally.task.runner [-] Task b7d9d9e4-0609-4e96-ac5d-9c8f6b1a2740 | ITER: 9 START
2019-06-26 07:45:42.229 1759 INFO rally.task.runner [-] Task b7d9d9e4-0609-4e96-ac5d-9c8f6b1a2740 | ITER: 5 END: OK
2019-06-26 07:45:42.232 1759 INFO rally.task.runner [-] Task b7d9d9e4-0609-4e96-ac5d-9c8f6b1a2740 | ITER: 10 START
2019-06-26 07:45:43.078 1760 RALLYDEBUG rally.task.utils [-] Waiting for resource u'395b8cc0-49fa-45ea-950c-7e9519993b98'. Status changed: NONE => QUEUED in 0.405488014221
2019-06-26 07:45:43.147 1757 RALLYDEBUG rally.task.utils [-] Waiting for resource s_rally_cd2243d5_ddxKbVxm. Status changed: QUEUED => ACTIVE in 0.0255630016327
2019-06-26 07:45:44.175 1760 RALLYDEBUG rally.task.utils [-] Waiting for resource s_rally_cd2243d5_IqeGVdS3. Status changed: QUEUED => ACTIVE in 0.0380809307098
2019-06-26 07:45:44.252 1757 INFO rally.task.runner [-] Task b7d9d9e4-0609-4e96-ac5d-9c8f6b1a2740 | ITER: 7 END: OK
2019-06-26 07:45:44.317 1760 INFO rally.task.runner [-] Task b7d9d9e4-0609-4e96-ac5d-9c8f6b1a2740 | ITER: 8 END: OK
2019-06-26 07:45:45.480 1758 RALLYDEBUG rally.task.utils [-] Waiting for resource u'8cc25ea7-b30f-46cf-89ce-aea647e46cee'. Status changed: NONE => QUEUED in 0.0333771705627
2019-06-26 07:45:45.622 1759 RALLYDEBUG rally.task.utils [-] Waiting for resource u'f43e8ac7-4a5e-43e2-a63e-75a50bf96ac7'. Status changed: NONE => QUEUED in 0.0319530963898
2019-06-26 07:45:46.254 1759 RALLYDEBUG rally.task.utils [-] Waiting for resource s_rally_cd2243d5_SyoObQek. Status changed: QUEUED => ACTIVE in 0.0182631015778
2019-06-26 07:45:46.255 1758 RALLYDEBUG rally.task.utils [-] Waiting for resource s_rally_cd2243d5_LsSACTlN. Status changed: QUEUED => ACTIVE in 0.0178520679474
2019-06-26 07:45:46.386 1758 INFO rally.task.runner [-] Task b7d9d9e4-0609-4e96-ac5d-9c8f6b1a2740 | ITER: 9 END: OK
2019-06-26 07:45:46.390 1759 INFO rally.task.runner [-] Task b7d9d9e4-0609-4e96-ac5d-9c8f6b1a2740 | ITER: 10 END: OK
2019-06-26 07:45:46.411 725 INFO rally.task.context [-] Task b7d9d9e4-0609-4e96-ac5d-9c8f6b1a2740 | Context cleanup@openstack cleanup() started
2019-06-26 07:45:46.414 725 RALLYDEBUG rally_openstack.cleanup.manager [-] Cleaning up glance images objects
2019-06-26 07:45:48.674 725 RALLYDEBUG rally_openstack.cleanup.manager [-] Deleting glance.images object s_rally_cd2243d5_3qAZJBYs (395b8cc0-49fa-45ea-950c-7e9519993b98)
2019-06-26 07:45:48.675 725 RALLYDEBUG rally_openstack.cleanup.manager [-] Deleting glance.images object s_rally_cd2243d5_DhRrr3iA (8cc25ea7-b30f-46cf-89ce-aea647e46cee)
2019-06-26 07:45:48.679 725 RALLYDEBUG rally_openstack.cleanup.manager [-] Deleting glance.images object s_rally_cd2243d5_ogYncPTZ (bddee612-f0ac-4a7b-b5de-84f859e35bc0)
2019-06-26 07:45:48.680 725 RALLYDEBUG rally_openstack.cleanup.manager [-] Deleting glance.images object s_rally_cd2243d5_vABbIIkB (67231edf-ee5a-491c-863f-7fdd63bc89b2)
2019-06-26 07:45:48.683 725 RALLYDEBUG rally_openstack.cleanup.manager [-] Deleting glance.images object s_rally_cd2243d5_GX9eXHE8 (af495061-54fc-4650-afe8-f42bcb2cbea4)
2019-06-26 07:45:48.684 725 RALLYDEBUG rally_openstack.cleanup.manager [-] Deleting glance.images object s_rally_cd2243d5_tzlgLJmA (3fe86e14-127b-48ae-9d11-ea3d84d1edf5)
2019-06-26 07:45:48.686 725 RALLYDEBUG rally_openstack.cleanup.manager [-] Deleting glance.images object s_rally_cd2243d5_aJCbZZzh (2bd2e8b5-4fd9-4e15-89ad-fbf97f04008d)
2019-06-26 07:45:48.695 725 RALLYDEBUG rally_openstack.cleanup.manager [-] Deleting glance.images object s_rally_cd2243d5_TSNBOnVl (f43e8ac7-4a5e-43e2-a63e-75a50bf96ac7)
2019-06-26 07:45:48.701 725 RALLYDEBUG rally_openstack.cleanup.manager [-] Deleting glance.images object s_rally_cd2243d5_mGX62Xh1 (b711b16b-6781-4441-9ce3-9691846b1154)
2019-06-26 07:45:48.704 725 RALLYDEBUG rally_openstack.cleanup.manager [-] Deleting glance.images object s_rally_cd2243d5_X36hUMbY (480d37da-ad2f-4f52-970a-d00fcf5c817c)
2019-06-26 07:45:50.879 725 DEBUG glanceclient.common.http [-] Request returned failure status 404. _handle_response /usr/lib/python2.7/site-packages/glanceclient/common/http.py:125
2019-06-26 07:45:50.893 725 DEBUG glanceclient.common.http [-] Request returned failure status 404. _handle_response /usr/lib/python2.7/site-packages/glanceclient/common/http.py:125
2019-06-26 07:45:50.906 725 DEBUG glanceclient.common.http [-] Request returned failure status 404. _handle_response /usr/lib/python2.7/site-packages/glanceclient/common/http.py:125
2019-06-26 07:45:50.909 725 DEBUG glanceclient.common.http [-] Request returned failure status 404. _handle_response /usr/lib/python2.7/site-packages/glanceclient/common/http.py:125
2019-06-26 07:45:50.923 725 DEBUG glanceclient.common.http [-] Request returned failure status 404. _handle_response /usr/lib/python2.7/site-packages/glanceclient/common/http.py:125
2019-06-26 07:45:50.924 725 DEBUG glanceclient.common.http [-] Request returned failure status 404. _handle_response /usr/lib/python2.7/site-packages/glanceclient/common/http.py:125
2019-06-26 07:45:50.926 725 DEBUG glanceclient.common.http [-] Request returned failure status 404. _handle_response /usr/lib/python2.7/site-packages/glanceclient/common/http.py:125
2019-06-26 07:45:50.927 725 DEBUG glanceclient.common.http [-] Request returned failure status 404. _handle_response /usr/lib/python2.7/site-packages/glanceclient/common/http.py:125
2019-06-26 07:45:50.949 725 DEBUG glanceclient.common.http [-] Request returned failure status 404. _handle_response /usr/lib/python2.7/site-packages/glanceclient/common/http.py:125
2019-06-26 07:45:50.950 725 DEBUG glanceclient.common.http [-] Request returned failure status 404. _handle_response /usr/lib/python2.7/site-packages/glanceclient/common/http.py:125
2019-06-26 07:45:51.914 725 DEBUG glanceclient.common.http [-] Request returned failure status 404. _handle_response /usr/lib/python2.7/site-packages/glanceclient/common/http.py:125
2019-06-26 07:45:51.931 725 DEBUG glanceclient.common.http [-] Request returned failure status 404. _handle_response /usr/lib/python2.7/site-packages/glanceclient/common/http.py:125
2019-06-26 07:45:51.944 725 DEBUG glanceclient.common.http [-] Request returned failure status 404. _handle_response /usr/lib/python2.7/site-packages/glanceclient/common/http.py:125
2019-06-26 07:45:51.956 725 DEBUG glanceclient.common.http [-] Request returned failure status 404. _handle_response /usr/lib/python2.7/site-packages/glanceclient/common/http.py:125
2019-06-26 07:45:52.988 725 DEBUG glanceclient.common.http [-] Request returned failure status 404. _handle_response /usr/lib/python2.7/site-packages/glanceclient/common/http.py:125
2019-06-26 07:45:53.011 725 DEBUG glanceclient.common.http [-] Request returned failure status 404. _handle_response /usr/lib/python2.7/site-packages/glanceclient/common/http.py:125
2019-06-26 07:45:53.014 725 DEBUG glanceclient.common.http [-] Request returned failure status 404. _handle_response /usr/lib/python2.7/site-packages/glanceclient/common/http.py:125
2019-06-26 07:45:53.030 725 DEBUG glanceclient.common.http [-] Request returned failure status 404. _handle_response /usr/lib/python2.7/site-packages/glanceclient/common/http.py:125
2019-06-26 07:45:53.042 725 DEBUG glanceclient.common.http [-] Request returned failure status 404. _handle_response /usr/lib/python2.7/site-packages/glanceclient/common/http.py:125
2019-06-26 07:45:53.060 725 DEBUG glanceclient.common.http [-] Request returned failure status 404. _handle_response /usr/lib/python2.7/site-packages/glanceclient/common/http.py:125
2019-06-26 07:45:54.062 725 INFO rally.task.context [-] Task b7d9d9e4-0609-4e96-ac5d-9c8f6b1a2740 | Context cleanup@openstack cleanup() finished in 7.65 sec
2019-06-26 07:45:54.063 725 INFO rally.task.context [-] Task b7d9d9e4-0609-4e96-ac5d-9c8f6b1a2740 | Context users@openstack cleanup() started
2019-06-26 07:46:01.230 725 INFO rally.task.context [-] Task b7d9d9e4-0609-4e96-ac5d-9c8f6b1a2740 | Context users@openstack cleanup() finished in 7.17 sec
2019-06-26 07:46:01.377 725 INFO rally.task.engine [-] Load duration is: 13.880064
2019-06-26 07:46:01.377 725 INFO rally.task.engine [-] Full runner duration is: 14.788152
2019-06-26 07:46:01.377 725 INFO rally.task.engine [-] Full duration is: 34.032577
2019-06-26 07:46:01.586 725 INFO rally.task.engine [-] Task b7d9d9e4-0609-4e96-ac5d-9c8f6b1a2740 | Completed: Running task.
2019-06-26 07:46:02.564 1839 RALLYDEBUG rally.api [-] INFO logs from urllib3 and requests module are hide.
2019-06-26 07:46:02.564 1839 RALLYDEBUG rally.api [-] urllib3 insecure warnings are hidden.
2019-06-26 07:46:02.564 1839 RALLYDEBUG rally.api [-] ERROR log from boto module is hide.
2019-06-26 07:46:03.412 1840 RALLYDEBUG rally.api [-] INFO logs from urllib3 and requests module are hide.
2019-06-26 07:46:03.413 1840 RALLYDEBUG rally.api [-] urllib3 insecure warnings are hidden.
2019-06-26 07:46:03.413 1840 RALLYDEBUG rally.api [-] ERROR log from boto module is hide.
2019-06-26 07:46:04.690 1840 INFO rally.api [-] Building 'json' report for the following task(s): 'b7d9d9e4-0609-4e96-ac5d-9c8f6b1a2740'.
2019-06-26 07:46:04.708 1840 INFO rally.api [-] The report has been successfully built.
2019-06-26 07:46:05.558 1842 RALLYDEBUG rally.api [-] INFO logs from urllib3 and requests module are hide.
2019-06-26 07:46:05.558 1842 RALLYDEBUG rally.api [-] urllib3 insecure warnings are hidden.
2019-06-26 07:46:05.559 1842 RALLYDEBUG rally.api [-] ERROR log from boto module is hide.
2019-06-26 07:46:06.864 1842 INFO rally.task.engine [-] Task ed8fa575-41e6-4017-a6d2-8fda5f7fbfb7 | Starting: Task validation.
2019-06-26 07:46:06.897 1842 INFO rally.task.engine [-] Task ed8fa575-41e6-4017-a6d2-8fda5f7fbfb7 | Starting: Task validation of syntax.
2019-06-26 07:46:07.212 1842 INFO rally.task.engine [-] Task ed8fa575-41e6-4017-a6d2-8fda5f7fbfb7 | Completed: Task validation of syntax.
2019-06-26 07:46:07.212 1842 INFO rally.task.engine [-] Task ed8fa575-41e6-4017-a6d2-8fda5f7fbfb7 | Starting: Task validation of required platforms.
2019-06-26 07:46:07.309 1842 INFO rally.task.engine [-] Task ed8fa575-41e6-4017-a6d2-8fda5f7fbfb7 | Completed: Task validation of required platforms.
2019-06-26 07:46:07.309 1842 INFO rally.task.engine [-] Task ed8fa575-41e6-4017-a6d2-8fda5f7fbfb7 | Starting: Task validation of semantic.
2019-06-26 07:46:07.309 1842 INFO rally.task.engine [-] Check health of the environment 'af4cd5f6-990c-49a0-86ea-e55db1e9f258'.
2019-06-26 07:46:08.052 1842 INFO rally.task.engine [-] Platform existing@openstack (available: True): OK!
2019-06-26 07:46:08.070 1842 RALLYDEBUG rally_openstack.contexts.keystone.users [-] Creating 1 tenants using 20 threads
2019-06-26 07:46:09.805 1842 RALLYDEBUG rally_openstack.contexts.keystone.users [-] Creating 1 users using 20 threads
2019-06-26 07:46:12.329 1842 INFO rally.task.context [-] Task ed8fa575-41e6-4017-a6d2-8fda5f7fbfb7 | Context users@openstack setup() finished in 4.26 sec
2019-06-26 07:46:13.217 1842 DEBUG novaclient.v2.client [-] REQ: curl -g -i -X GET http://172.30.9.37:8774/v2.1/flavors/detail -H "Accept: application/json" -H "User-Agent: python-novaclient" -H "X-Auth-Token: {SHA1}d75e3ea6a602b08bab7767e7c323460850645daf" _http_log_request /usr/lib/python2.7/site-packages/keystoneauth1/session.py:448
2019-06-26 07:46:13.494 1842 DEBUG novaclient.v2.client [-] RESP: [200] Content-Encoding: gzip Content-Length: 364 Content-Type: application/json Date: Wed, 26 Jun 2019 07:46:13 GMT OpenStack-API-Version: compute 2.1 Server: Apache Vary: OpenStack-API-Version,X-OpenStack-Nova-API-Version,Accept-Encoding X-OpenStack-Nova-API-Version: 2.1 x-compute-request-id: req-12d2156e-e23a-44ec-9a46-6630431df4bb x-openstack-request-id: req-12d2156e-e23a-44ec-9a46-6630431df4bb _http_log_response /usr/lib/python2.7/site-packages/keystoneauth1/session.py:479
2019-06-26 07:46:13.495 1842 DEBUG novaclient.v2.client [-] RESP BODY: {"flavors": [{"name": "rally_full-flavor_2df67114-a03f-46c9-81f2-02fd0674c5e2", "links": [{"href": "http://172.30.9.37:8774/v2.1/flavors/164ea00c-8dc4-45e8-90dd-49b316c1587e", "rel": "self"}, {"href": "http://172.30.9.37:8774/flavors/164ea00c-8dc4-45e8-90dd-49b316c1587e", "rel": "bookmark"}], "ram": 512, "OS-FLV-DISABLED:disabled": false, "vcpus": 1, "swap": "", "os-flavor-access:is_public": true, "rxtx_factor": 1.0, "OS-FLV-EXT-DATA:ephemeral": 0, "disk": 1, "id": "164ea00c-8dc4-45e8-90dd-49b316c1587e"}, {"name": "rally_full-flavor_alt_2df67114-a03f-46c9-81f2-02fd0674c5e2", "links": [{"href": "http://172.30.9.37:8774/v2.1/flavors/2e64561e-0994-4416-b71e-4e9cd56d92fc", "rel": "self"}, {"href": "http://172.30.9.37:8774/flavors/2e64561e-0994-4416-b71e-4e9cd56d92fc", "rel": "bookmark"}], "ram": 1024, "OS-FLV-DISABLED:disabled": false, "vcpus": 1, "swap": "", "os-flavor-access:is_public": true, "rxtx_factor": 1.0, "OS-FLV-EXT-DATA:ephemeral": 0, "disk": 1, "id": "2e64561e-0994-4416-b71e-4e9cd56d92fc"}]} _http_log_response /usr/lib/python2.7/site-packages/keystoneauth1/session.py:511
2019-06-26 07:46:13.495 1842 DEBUG novaclient.v2.client [-] GET call to compute for http://172.30.9.37:8774/v2.1/flavors/detail used request id req-12d2156e-e23a-44ec-9a46-6630431df4bb request /usr/lib/python2.7/site-packages/keystoneauth1/session.py:844
2019-06-26 07:46:13.907 1842 DEBUG novaclient.v2.client [-] REQ: curl -g -i -X GET http://172.30.9.37:8774/v2.1/flavors/164ea00c-8dc4-45e8-90dd-49b316c1587e -H "Accept: application/json" -H "User-Agent: python-novaclient" -H "X-Auth-Token: {SHA1}ffe88c4851aac2a5da6fa7788ac505cd1628e18c" _http_log_request /usr/lib/python2.7/site-packages/keystoneauth1/session.py:448
2019-06-26 07:46:14.574 1842 DEBUG novaclient.v2.client [-] RESP: [200] Content-Encoding: gzip Content-Length: 312 Content-Type: application/json Date: Wed, 26 Jun 2019 07:46:13 GMT OpenStack-API-Version: compute 2.1 Server: Apache Vary: OpenStack-API-Version,X-OpenStack-Nova-API-Version,Accept-Encoding X-OpenStack-Nova-API-Version: 2.1 x-compute-request-id: req-cdd27c68-491d-47a8-9285-0b2c18700cd0 x-openstack-request-id: req-cdd27c68-491d-47a8-9285-0b2c18700cd0 _http_log_response /usr/lib/python2.7/site-packages/keystoneauth1/session.py:479
2019-06-26 07:46:14.575 1842 DEBUG novaclient.v2.client [-] RESP BODY: {"flavor": {"name": "rally_full-flavor_2df67114-a03f-46c9-81f2-02fd0674c5e2", "links": [{"href": "http://172.30.9.37:8774/v2.1/flavors/164ea00c-8dc4-45e8-90dd-49b316c1587e", "rel": "self"}, {"href": "http://172.30.9.37:8774/flavors/164ea00c-8dc4-45e8-90dd-49b316c1587e", "rel": "bookmark"}], "ram": 512, "OS-FLV-DISABLED:disabled": false, "vcpus": 1, "swap": "", "os-flavor-access:is_public": true, "rxtx_factor": 1.0, "OS-FLV-EXT-DATA:ephemeral": 0, "disk": 1, "id": "164ea00c-8dc4-45e8-90dd-49b316c1587e"}} _http_log_response /usr/lib/python2.7/site-packages/keystoneauth1/session.py:511
2019-06-26 07:46:14.575 1842 DEBUG novaclient.v2.client [-] GET call to compute for http://172.30.9.37:8774/v2.1/flavors/164ea00c-8dc4-45e8-90dd-49b316c1587e used request id req-cdd27c68-491d-47a8-9285-0b2c18700cd0 request /usr/lib/python2.7/site-packages/keystoneauth1/session.py:844
2019-06-26 07:46:19.638 1842 DEBUG novaclient.v2.client [-] REQ: curl -g -i -X GET http://172.30.9.37:8774/v2.1/flavors/detail -H "Accept: application/json" -H "User-Agent: python-novaclient" -H "X-Auth-Token: {SHA1}94a1640dd215fcdf1e8dbb8950e4e227ff514a7e" _http_log_request /usr/lib/python2.7/site-packages/keystoneauth1/session.py:448
2019-06-26 07:46:19.924 1842 DEBUG novaclient.v2.client [-] RESP: [200] Content-Encoding: gzip Content-Length: 364 Content-Type: application/json Date: Wed, 26 Jun 2019 07:46:19 GMT OpenStack-API-Version: compute 2.1 Server: Apache Vary: OpenStack-API-Version,X-OpenStack-Nova-API-Version,Accept-Encoding X-OpenStack-Nova-API-Version: 2.1 x-compute-request-id: req-fb838781-55be-4f93-8622-ef60407b687b x-openstack-request-id: req-fb838781-55be-4f93-8622-ef60407b687b _http_log_response /usr/lib/python2.7/site-packages/keystoneauth1/session.py:479
2019-06-26 07:46:19.925 1842 DEBUG novaclient.v2.client [-] RESP BODY: {"flavors": [{"name": "rally_full-flavor_2df67114-a03f-46c9-81f2-02fd0674c5e2", "links": [{"href": "http://172.30.9.37:8774/v2.1/flavors/164ea00c-8dc4-45e8-90dd-49b316c1587e", "rel": "self"}, {"href": "http://172.30.9.37:8774/flavors/164ea00c-8dc4-45e8-90dd-49b316c1587e", "rel": "bookmark"}], "ram": 512, "OS-FLV-DISABLED:disabled": false, "vcpus": 1, "swap": "", "os-flavor-access:is_public": true, "rxtx_factor": 1.0, "OS-FLV-EXT-DATA:ephemeral": 0, "disk": 1, "id": "164ea00c-8dc4-45e8-90dd-49b316c1587e"}, {"name": "rally_full-flavor_alt_2df67114-a03f-46c9-81f2-02fd0674c5e2", "links": [{"href": "http://172.30.9.37:8774/v2.1/flavors/2e64561e-0994-4416-b71e-4e9cd56d92fc", "rel": "self"}, {"href": "http://172.30.9.37:8774/flavors/2e64561e-0994-4416-b71e-4e9cd56d92fc", "rel": "bookmark"}], "ram": 1024, "OS-FLV-DISABLED:disabled": false, "vcpus": 1, "swap": "", "os-flavor-access:is_public": true, "rxtx_factor": 1.0, "OS-FLV-EXT-DATA:ephemeral": 0, "disk": 1, "id": "2e64561e-0994-4416-b71e-4e9cd56d92fc"}]} _http_log_response /usr/lib/python2.7/site-packages/keystoneauth1/session.py:511
2019-06-26 07:46:19.925 1842 DEBUG novaclient.v2.client [-] GET call to compute for http://172.30.9.37:8774/v2.1/flavors/detail used request id req-fb838781-55be-4f93-8622-ef60407b687b request /usr/lib/python2.7/site-packages/keystoneauth1/session.py:844
2019-06-26 07:46:20.336 1842 DEBUG novaclient.v2.client [-] REQ: curl -g -i -X GET http://172.30.9.37:8774/v2.1/flavors/164ea00c-8dc4-45e8-90dd-49b316c1587e -H "Accept: application/json" -H "User-Agent: python-novaclient" -H "X-Auth-Token: {SHA1}c09f67e79b238c325784d86b0874a12d53a6fa36" _http_log_request /usr/lib/python2.7/site-packages/keystoneauth1/session.py:448
2019-06-26 07:46:20.542 1842 DEBUG novaclient.v2.client [-] RESP: [200] Content-Encoding: gzip Content-Length: 312 Content-Type: application/json Date: Wed, 26 Jun 2019 07:46:20 GMT OpenStack-API-Version: compute 2.1 Server: Apache Vary: OpenStack-API-Version,X-OpenStack-Nova-API-Version,Accept-Encoding X-OpenStack-Nova-API-Version: 2.1 x-compute-request-id: req-1b4229ca-a26b-4f5d-b7bb-a67a7796dc57 x-openstack-request-id: req-1b4229ca-a26b-4f5d-b7bb-a67a7796dc57 _http_log_response /usr/lib/python2.7/site-packages/keystoneauth1/session.py:479
