2019-06-26 07:58:10.952 1842 DEBUG novaclient.v2.client [-] RESP: [200] Content-Length: 16 Content-Type: application/json Date: Wed, 26 Jun 2019 07:58:10 GMT OpenStack-API-Version: compute 2.1 Server: Apache Vary: OpenStack-API-Version,X-OpenStack-Nova-API-Version X-OpenStack-Nova-API-Version: 2.1 x-compute-request-id: req-e6c3a036-53ae-40be-b575-65c8eb54e64c x-openstack-request-id: req-e6c3a036-53ae-40be-b575-65c8eb54e64c _http_log_response /usr/lib/python2.7/site-packages/keystoneauth1/session.py:479
2019-06-26 07:58:10.952 1842 DEBUG novaclient.v2.client [-] RESP BODY: {"keypairs": []} _http_log_response /usr/lib/python2.7/site-packages/keystoneauth1/session.py:511
2019-06-26 07:58:10.953 1842 DEBUG novaclient.v2.client [-] GET call to compute for http://172.30.9.37:8774/v2.1/os-keypairs used request id req-e6c3a036-53ae-40be-b575-65c8eb54e64c request /usr/lib/python2.7/site-packages/keystoneauth1/session.py:844
2019-06-26 07:58:11.364 1842 DEBUG novaclient.v2.client [-] REQ: curl -g -i -X GET http://172.30.9.37:8774/v2.1/os-keypairs -H "Accept: application/json" -H "User-Agent: python-novaclient" -H "X-Auth-Token: {SHA1}c2c3e652fa9fbbbf6e5e0a01c163df2d349a49dc" _http_log_request /usr/lib/python2.7/site-packages/keystoneauth1/session.py:448
2019-06-26 07:58:11.554 1842 DEBUG novaclient.v2.client [-] RESP: [200] Content-Length: 16 Content-Type: application/json Date: Wed, 26 Jun 2019 07:58:11 GMT OpenStack-API-Version: compute 2.1 Server: Apache Vary: OpenStack-API-Version,X-OpenStack-Nova-API-Version X-OpenStack-Nova-API-Version: 2.1 x-compute-request-id: req-bf0b5c40-9e3c-42e8-9785-4152d4b21214 x-openstack-request-id: req-bf0b5c40-9e3c-42e8-9785-4152d4b21214 _http_log_response /usr/lib/python2.7/site-packages/keystoneauth1/session.py:479
2019-06-26 07:58:11.555 1842 DEBUG novaclient.v2.client [-] RESP BODY: {"keypairs": []} _http_log_response /usr/lib/python2.7/site-packages/keystoneauth1/session.py:511
2019-06-26 07:58:11.555 1842 DEBUG novaclient.v2.client [-] GET call to compute for http://172.30.9.37:8774/v2.1/os-keypairs used request id req-bf0b5c40-9e3c-42e8-9785-4152d4b21214 request /usr/lib/python2.7/site-packages/keystoneauth1/session.py:844
2019-06-26 07:58:11.562 1842 RALLYDEBUG rally_openstack.cleanup.manager [-] Cleaning up cinder backups objects
2019-06-26 07:58:13.713 1842 RALLYDEBUG rally_openstack.cleanup.manager [-] Cleaning up cinder volume_snapshots objects
2019-06-26 07:58:15.832 1842 RALLYDEBUG rally_openstack.cleanup.manager [-] Cleaning up cinder transfers objects
2019-06-26 07:58:17.877 1842 RALLYDEBUG rally_openstack.cleanup.manager [-] Cleaning up cinder volumes objects
2019-06-26 07:58:20.088 1842 INFO rally.task.context [-] Task ed8fa575-41e6-4017-a6d2-8fda5f7fbfb7 | Context cleanup@openstack cleanup() finished in 16.96 sec
2019-06-26 07:58:20.089 1842 INFO rally.task.context [-] Task ed8fa575-41e6-4017-a6d2-8fda5f7fbfb7 | Context quotas@openstack cleanup() started
2019-06-26 07:58:20.698 1842 INFO rally.task.context [-] Task ed8fa575-41e6-4017-a6d2-8fda5f7fbfb7 | Context quotas@openstack cleanup() finished in 0.61 sec
2019-06-26 07:58:20.699 1842 INFO rally.task.context [-] Task ed8fa575-41e6-4017-a6d2-8fda5f7fbfb7 | Context api_versions@openstack cleanup() started
2019-06-26 07:58:20.699 1842 INFO rally.task.context [-] Task ed8fa575-41e6-4017-a6d2-8fda5f7fbfb7 | Context api_versions@openstack cleanup() finished in 0.34 msec
2019-06-26 07:58:20.699 1842 INFO rally.task.context [-] Task ed8fa575-41e6-4017-a6d2-8fda5f7fbfb7 | Context users@openstack cleanup() started
2019-06-26 07:58:27.347 1842 INFO rally.task.context [-] Task ed8fa575-41e6-4017-a6d2-8fda5f7fbfb7 | Context users@openstack cleanup() finished in 6.65 sec
2019-06-26 07:58:27.915 1842 INFO rally.task.engine [-] Load duration is: 98.372188
2019-06-26 07:58:27.916 1842 INFO rally.task.engine [-] Full runner duration is: 99.424582
2019-06-26 07:58:27.916 1842 INFO rally.task.engine [-] Full duration is: 131.916906
2019-06-26 07:58:28.158 1842 INFO rally.task.engine [-] Running workload: position = 0 config = { "version": 2, "title": "A cropped version of a bigger task.", "description": "Auto-generated task from a single workload (uuid=c5d61680-c3a6-4d72-95ba-003b46fdef78)", "subtasks": [ { "title": "CinderVolumes.create_volume", "description": "Create a volume.", "scenario": { "CinderVolumes.create_volume": { "size": 1 } }, "contexts": { "users": { "tenants": 3, "users_per_tenant": 2 }, "api_versions": { "cinder": { "version": 3, "service_type": "volumev3" } } }, "runner": { "constant": { "concurrency": 4, "times": 10 } }, "hooks": [], "sla": { "failure_rate": { "max": 0 } } } ] }
2019-06-26 07:58:28.181 1842 RALLYDEBUG rally_openstack.contexts.keystone.users [-] Creating 3 tenants using 20 threads
2019-06-26 07:58:30.181 1842 RALLYDEBUG rally_openstack.contexts.keystone.users [-] Creating 6 users using 20 threads
2019-06-26 07:58:32.834 1842 INFO rally.task.context [-] Task ed8fa575-41e6-4017-a6d2-8fda5f7fbfb7 | Context users@openstack setup() finished in 4.65 sec
2019-06-26 07:58:33.261 1842 INFO rally.task.context [-] Task ed8fa575-41e6-4017-a6d2-8fda5f7fbfb7 | Context api_versions@openstack setup() finished in 0.43 sec
2019-06-26 07:58:33.261 1842 INFO rally.task.context [-] Task ed8fa575-41e6-4017-a6d2-8fda5f7fbfb7 | Context cleanup@openstack setup() finished in 0.00 msec
2019-06-26 07:58:33.269 1842 RALLYDEBUG rally.task.runner [-] Starting the constant runner (task UUID: ed8fa575-41e6-4017-a6d2-8fda5f7fbfb7). timeout: 0 concurrency: 4 concurrency_per_worker: 1 times: 10 concurrency_overhead: 0 processes_to_start: 4 max_cpu_used: 16
2019-06-26 07:58:33.282 3474 RALLYDEBUG rally.task.runner [-] Starting a worker. concurrency: 1 args: {"size": 1} times: 10 method_name: run timeout: 0 duration: None cls:
2019-06-26 07:58:33.283 3475 RALLYDEBUG rally.task.runner [-] Starting a worker. concurrency: 1 args: {"size": 1} times: 10 method_name: run timeout: 0 duration: None cls:
2019-06-26 07:58:33.287 3476 RALLYDEBUG rally.task.runner [-] Starting a worker. concurrency: 1 args: {"size": 1} times: 10 method_name: run timeout: 0 duration: None cls:
2019-06-26 07:58:33.288 3474 INFO rally.task.runner [-] Task ed8fa575-41e6-4017-a6d2-8fda5f7fbfb7 | ITER: 1 START
2019-06-26 07:58:33.289 3475 INFO rally.task.runner [-] Task ed8fa575-41e6-4017-a6d2-8fda5f7fbfb7 | ITER: 2 START
2019-06-26 07:58:33.290 3477 RALLYDEBUG rally.task.runner [-] Starting a worker. concurrency: 1 args: {"size": 1} times: 10 method_name: run timeout: 0 duration: None cls:
2019-06-26 07:58:33.294 3476 INFO rally.task.runner [-] Task ed8fa575-41e6-4017-a6d2-8fda5f7fbfb7 | ITER: 3 START
2019-06-26 07:58:33.297 3477 INFO rally.task.runner [-] Task ed8fa575-41e6-4017-a6d2-8fda5f7fbfb7 | ITER: 4 START
2019-06-26 07:58:37.004 3475 INFO rally.task.runner [-] Task ed8fa575-41e6-4017-a6d2-8fda5f7fbfb7 | ITER: 2 END: OK
2019-06-26 07:58:37.009 3475 INFO rally.task.runner [-] Task ed8fa575-41e6-4017-a6d2-8fda5f7fbfb7 | ITER: 5 START
2019-06-26 07:58:37.032 3474 INFO rally.task.runner [-] Task ed8fa575-41e6-4017-a6d2-8fda5f7fbfb7 | ITER: 1 END: OK
2019-06-26 07:58:37.037 3474 INFO rally.task.runner [-] Task ed8fa575-41e6-4017-a6d2-8fda5f7fbfb7 | ITER: 6 START
2019-06-26 07:58:37.110 3477 INFO rally.task.runner [-] Task ed8fa575-41e6-4017-a6d2-8fda5f7fbfb7 | ITER: 4 END: OK
2019-06-26 07:58:37.115 3477 INFO rally.task.runner [-] Task ed8fa575-41e6-4017-a6d2-8fda5f7fbfb7 | ITER: 7 START
2019-06-26 07:58:37.117 3476 INFO rally.task.runner [-] Task ed8fa575-41e6-4017-a6d2-8fda5f7fbfb7 | ITER: 3 END: OK
2019-06-26 07:58:37.122 3476 INFO rally.task.runner [-] Task ed8fa575-41e6-4017-a6d2-8fda5f7fbfb7 | ITER: 8 START
2019-06-26 07:58:40.427 3477 INFO rally.task.runner [-] Task ed8fa575-41e6-4017-a6d2-8fda5f7fbfb7 | ITER: 7 END: OK
2019-06-26 07:58:40.431 3477 INFO rally.task.runner [-] Task ed8fa575-41e6-4017-a6d2-8fda5f7fbfb7 | ITER: 9 START
2019-06-26 07:58:40.587 3475 INFO rally.task.runner [-] Task ed8fa575-41e6-4017-a6d2-8fda5f7fbfb7 | ITER: 5 END: OK
2019-06-26 07:58:40.592 3475 INFO rally.task.runner [-] Task ed8fa575-41e6-4017-a6d2-8fda5f7fbfb7 | ITER: 10 START
2019-06-26 07:58:40.619 3474 INFO rally.task.runner [-] Task ed8fa575-41e6-4017-a6d2-8fda5f7fbfb7 | ITER: 6 END: OK
2019-06-26 07:58:40.679 3476 INFO rally.task.runner [-] Task ed8fa575-41e6-4017-a6d2-8fda5f7fbfb7 | ITER: 8 END: OK
2019-06-26 07:58:43.793 3477 INFO rally.task.runner [-] Task ed8fa575-41e6-4017-a6d2-8fda5f7fbfb7 | ITER: 9 END: OK
2019-06-26 07:58:43.819 3475 INFO rally.task.runner [-] Task ed8fa575-41e6-4017-a6d2-8fda5f7fbfb7 | ITER: 10 END: OK
2019-06-26 07:58:43.842 1842 INFO rally.task.context [-] Task ed8fa575-41e6-4017-a6d2-8fda5f7fbfb7 | Context cleanup@openstack cleanup() started
2019-06-26 07:58:43.845 1842 RALLYDEBUG rally_openstack.cleanup.manager [-] Cleaning up cinder backups objects
2019-06-26 07:58:45.826 1842 RALLYDEBUG rally_openstack.cleanup.manager [-] Cleaning up cinder volume_snapshots objects
2019-06-26 07:58:47.892 1842 RALLYDEBUG rally_openstack.cleanup.manager [-] Cleaning up cinder transfers objects
2019-06-26 07:58:49.834 1842 RALLYDEBUG rally_openstack.cleanup.manager [-] Cleaning up cinder volumes objects
2019-06-26 07:58:51.998 1842 RALLYDEBUG rally_openstack.cleanup.manager [-] Deleting cinder.volumes object s_rally_c5d61680_XxSwwbrg (7433c522-301d-4e6d-9887-ebac1acd57e9)
2019-06-26 07:58:51.999 1842 RALLYDEBUG rally_openstack.cleanup.manager [-] Deleting cinder.volumes object s_rally_c5d61680_esCJO27j (864f0ac1-25d2-4e8c-8e2a-2279051cc6a6)
2019-06-26 07:58:52.004 1842 RALLYDEBUG rally_openstack.cleanup.manager [-] Deleting cinder.volumes object s_rally_c5d61680_tai4aZWL (7c6bf8ea-0b1a-471e-9e9d-419687deeca2)
2019-06-26 07:58:52.006 1842 RALLYDEBUG rally_openstack.cleanup.manager [-] Deleting cinder.volumes object s_rally_c5d61680_YZhKYfAC (913991cd-8a49-40d4-82c8-90aaef64a0a5)
2019-06-26 07:58:52.006 1842 RALLYDEBUG rally_openstack.cleanup.manager [-] Deleting cinder.volumes object s_rally_c5d61680_EQzwkrhg (80ad8742-2f8b-4761-a39d-7e65f654a733)
2019-06-26 07:58:52.009 1842 RALLYDEBUG rally_openstack.cleanup.manager [-] Deleting cinder.volumes object s_rally_c5d61680_rrVvBvCa (b057ddfb-ebd9-44a9-b0de-ae07e6370e2b)
2019-06-26 07:58:52.020 1842 RALLYDEBUG rally_openstack.cleanup.manager [-] Deleting cinder.volumes object s_rally_c5d61680_8mOOrFRS (23bd5786-9375-49d3-a254-519291d11ad6)
2019-06-26 07:58:52.032 1842 RALLYDEBUG rally_openstack.cleanup.manager [-] Deleting cinder.volumes object s_rally_c5d61680_kniHTkPS (593f8528-ac8f-4d13-9c81-c9b658c02d0a)
2019-06-26 07:58:52.032 1842 RALLYDEBUG rally_openstack.cleanup.manager [-] Deleting cinder.volumes object s_rally_c5d61680_EdhsaUsM (cf013cfc-4bba-46ec-ae8b-7a57a97e515e)
2019-06-26 07:58:52.034 1842 RALLYDEBUG rally_openstack.cleanup.manager [-] Deleting cinder.volumes object s_rally_c5d61680_sT2ELvpa (4fa13709-7d45-4a40-b0cc-b9b656e66ffe)
2019-06-26 07:58:57.065 1842 INFO rally.task.context [-] Task ed8fa575-41e6-4017-a6d2-8fda5f7fbfb7 | Context cleanup@openstack cleanup() finished in 13.22 sec
2019-06-26 07:58:57.065 1842 INFO rally.task.context [-] Task ed8fa575-41e6-4017-a6d2-8fda5f7fbfb7 | Context api_versions@openstack cleanup() started
2019-06-26 07:58:57.066 1842 INFO rally.task.context [-] Task ed8fa575-41e6-4017-a6d2-8fda5f7fbfb7 | Context api_versions@openstack cleanup() finished in 0.30 msec
2019-06-26 07:58:57.066 1842 INFO rally.task.context [-] Task ed8fa575-41e6-4017-a6d2-8fda5f7fbfb7 | Context users@openstack cleanup() started
2019-06-26 07:59:03.523 1842 INFO rally.task.context [-] Task ed8fa575-41e6-4017-a6d2-8fda5f7fbfb7 | Context users@openstack cleanup() finished in 6.46 sec
2019-06-26 07:59:04.349 1842 INFO rally.task.engine [-] Load duration is: 10.527371
2019-06-26 07:59:04.349 1842 INFO rally.task.engine [-] Full runner duration is: 10.573703
2019-06-26 07:59:04.350 1842 INFO rally.task.engine [-] Full duration is: 35.345997
2019-06-26 07:59:04.529 1842 INFO rally.task.engine [-] Running workload: position = 1 config = { "version": 2, "title": "A cropped version of a bigger task.", "description": "Auto-generated task from a single workload (uuid=627f851c-d62a-48fb-b57a-02ada26109a1)", "subtasks": [ { "title": "CinderVolumes.create_volume", "description": "Create a volume.", "scenario": { "CinderVolumes.create_volume": { "size": { "min": 1, "max": 1 } } }, "contexts": { "users": { "tenants": 3, "users_per_tenant": 2 }, "quotas": { "cinder": { "gigabytes": -1, "snapshots": -1, "volumes": -1 } }, "api_versions": { "cinder": { "version": 3, "service_type": "volumev3" } } }, "runner": { "constant": { "concurrency": 4, "times": 10 } }, "hooks": [], "sla": { "failure_rate": { "max": 0 } } } ] }
2019-06-26 07:59:04.552 1842 RALLYDEBUG rally_openstack.contexts.keystone.users [-] Creating 3 tenants using 20 threads
2019-06-26 07:59:06.304 1842 RALLYDEBUG rally_openstack.contexts.keystone.users [-] Creating 6 users using 20 threads
2019-06-26 07:59:08.865 1842 INFO rally.task.context [-] Task ed8fa575-41e6-4017-a6d2-8fda5f7fbfb7 | Context users@openstack setup() finished in 4.31 sec
2019-06-26 07:59:09.294 1842 INFO rally.task.context [-] Task ed8fa575-41e6-4017-a6d2-8fda5f7fbfb7 | Context api_versions@openstack setup() finished in 0.43 sec
2019-06-26 07:59:10.804 1842 INFO rally.task.context [-] Task ed8fa575-41e6-4017-a6d2-8fda5f7fbfb7 | Context quotas@openstack setup() finished in 1.51 sec
2019-06-26 07:59:10.805 1842 INFO rally.task.context [-] Task ed8fa575-41e6-4017-a6d2-8fda5f7fbfb7 | Context cleanup@openstack setup() finished in 0.01 msec
2019-06-26 07:59:10.812 1842 RALLYDEBUG rally.task.runner [-] Starting the constant runner (task UUID: ed8fa575-41e6-4017-a6d2-8fda5f7fbfb7). timeout: 0 concurrency: 4 concurrency_per_worker: 1 times: 10 concurrency_overhead: 0 processes_to_start: 4 max_cpu_used: 16
2019-06-26 07:59:10.823 3658 RALLYDEBUG rally.task.runner [-] Starting a worker. concurrency: 1 args: {"size": {"min": 1, "max": 1}} times: 10 method_name: run timeout: 0 duration: None cls:
2019-06-26 07:59:10.827 3659 RALLYDEBUG rally.task.runner [-] Starting a worker. concurrency: 1 args: {"size": {"min": 1, "max": 1}} times: 10 method_name: run timeout: 0 duration: None cls:
2019-06-26 07:59:10.828 3658 INFO rally.task.runner [-] Task ed8fa575-41e6-4017-a6d2-8fda5f7fbfb7 | ITER: 1 START
2019-06-26 07:59:10.830 3660 RALLYDEBUG rally.task.runner [-] Starting a worker. concurrency: 1 args: {"size": {"min": 1, "max": 1}} times: 10 method_name: run timeout: 0 duration: None cls:
2019-06-26 07:59:10.832 3661 RALLYDEBUG rally.task.runner [-] Starting a worker. concurrency: 1 args: {"size": {"min": 1, "max": 1}} times: 10 method_name: run timeout: 0 duration: None cls:
2019-06-26 07:59:10.834 3659 INFO rally.task.runner [-] Task ed8fa575-41e6-4017-a6d2-8fda5f7fbfb7 | ITER: 2 START
2019-06-26 07:59:10.837 3660 INFO rally.task.runner [-] Task ed8fa575-41e6-4017-a6d2-8fda5f7fbfb7 | ITER: 3 START
2019-06-26 07:59:10.838 3661 INFO rally.task.runner [-] Task ed8fa575-41e6-4017-a6d2-8fda5f7fbfb7 | ITER: 4 START
2019-06-26 07:59:14.151 3659 INFO rally.task.runner [-] Task ed8fa575-41e6-4017-a6d2-8fda5f7fbfb7 | ITER: 2 END: OK
2019-06-26 07:59:14.156 3659 INFO rally.task.runner [-] Task ed8fa575-41e6-4017-a6d2-8fda5f7fbfb7 | ITER: 5 START
2019-06-26 07:59:14.344 3660 INFO rally.task.runner [-] Task ed8fa575-41e6-4017-a6d2-8fda5f7fbfb7 | ITER: 3 END: OK
2019-06-26 07:59:14.350 3660 INFO rally.task.runner [-] Task ed8fa575-41e6-4017-a6d2-8fda5f7fbfb7 | ITER: 6 START
2019-06-26 07:59:14.503 3658 INFO rally.task.runner [-] Task ed8fa575-41e6-4017-a6d2-8fda5f7fbfb7 | ITER: 1 END: OK
2019-06-26 07:59:14.508 3658 INFO rally.task.runner [-] Task ed8fa575-41e6-4017-a6d2-8fda5f7fbfb7 | ITER: 7 START
2019-06-26 07:59:15.463 3661 INFO rally.task.runner [-] Task ed8fa575-41e6-4017-a6d2-8fda5f7fbfb7 | ITER: 4 END: OK
2019-06-26 07:59:15.470 3661 INFO rally.task.runner [-] Task ed8fa575-41e6-4017-a6d2-8fda5f7fbfb7 | ITER: 8 START
2019-06-26 07:59:17.410 3659 INFO rally.task.runner [-] Task ed8fa575-41e6-4017-a6d2-8fda5f7fbfb7 | ITER: 5 END: OK
2019-06-26 07:59:17.415 3659 INFO rally.task.runner [-] Task ed8fa575-41e6-4017-a6d2-8fda5f7fbfb7 | ITER: 9 START
2019-06-26 07:59:17.988 3660 INFO rally.task.runner [-] Task ed8fa575-41e6-4017-a6d2-8fda5f7fbfb7 | ITER: 6 END: OK
2019-06-26 07:59:17.994 3660 INFO rally.task.runner [-] Task ed8fa575-41e6-4017-a6d2-8fda5f7fbfb7 | ITER: 10 START
2019-06-26 07:59:18.119 3658 INFO rally.task.runner [-] Task ed8fa575-41e6-4017-a6d2-8fda5f7fbfb7 | ITER: 7 END: OK
2019-06-26 07:59:18.804 3661 INFO rally.task.runner [-] Task ed8fa575-41e6-4017-a6d2-8fda5f7fbfb7 | ITER: 8 END: OK
2019-06-26 07:59:20.585 3659 INFO rally.task.runner [-] Task ed8fa575-41e6-4017-a6d2-8fda5f7fbfb7 | ITER: 9 END: OK
2019-06-26 07:59:21.495 3660 INFO rally.task.runner [-] Task ed8fa575-41e6-4017-a6d2-8fda5f7fbfb7 | ITER: 10 END: OK
2019-06-26 07:59:21.521 1842 INFO rally.task.context [-] Task ed8fa575-41e6-4017-a6d2-8fda5f7fbfb7 | Context cleanup@openstack cleanup() started
2019-06-26 07:59:21.524 1842 RALLYDEBUG rally_openstack.cleanup.manager [-] Cleaning up cinder backups objects
2019-06-26 07:59:23.504 1842 RALLYDEBUG rally_openstack.cleanup.manager [-] Cleaning up cinder volume_snapshots objects
2019-06-26 07:59:25.457 1842 RALLYDEBUG rally_openstack.cleanup.manager [-] Cleaning up cinder transfers objects
2019-06-26 07:59:27.426 1842 RALLYDEBUG rally_openstack.cleanup.manager [-] Cleaning up cinder volumes objects
2019-06-26 07:59:29.642 1842 RALLYDEBUG rally_openstack.cleanup.manager [-] Deleting cinder.volumes object s_rally_627f851c_sxi2Y72K (4fd181dd-3497-42f5-906f-c5a734ee19a6)
2019-06-26 07:59:29.642 1842 RALLYDEBUG rally_openstack.cleanup.manager [-] Deleting cinder.volumes object s_rally_627f851c_P9UxGrOV (8890f2b9-f105-4228-b225-d48193cdd1fc)
2019-06-26 07:59:29.646 1842 RALLYDEBUG rally_openstack.cleanup.manager [-] Deleting cinder.volumes object s_rally_627f851c_4Jh1UhuS (cd2d4169-48a8-4009-aad7-721402c4de6a)
2019-06-26 07:59:29.647 1842 RALLYDEBUG rally_openstack.cleanup.manager [-] Deleting cinder.volumes object s_rally_627f851c_niYGAkfL (67d73379-e04e-42a0-ab73-4e65d40ea378)
2019-06-26 07:59:29.655 1842 RALLYDEBUG rally_openstack.cleanup.manager [-] Deleting cinder.volumes object s_rally_627f851c_0ZVFHVXJ (199b77d2-da15-4bcd-9d36-e39de9e822bd)
2019-06-26 07:59:29.655 1842 RALLYDEBUG rally_openstack.cleanup.manager [-] Deleting cinder.volumes object s_rally_627f851c_NEtqEIbS (e679a35e-810e-4c4a-8c11-c8dce9d6f7f0)
2019-06-26 07:59:29.656 1842 RALLYDEBUG rally_openstack.cleanup.manager [-] Deleting cinder.volumes object s_rally_627f851c_7psqgSHI (b0219ef5-628b-418c-ac51-0d051b868f4f)
2019-06-26 07:59:29.680 1842 RALLYDEBUG rally_openstack.cleanup.manager [-] Deleting cinder.volumes object s_rally_627f851c_MfmEAtW3 (2a4d09d4-dd42-4a90-a2a0-6a4133c40c16)
2019-06-26 07:59:29.680 1842 RALLYDEBUG rally_openstack.cleanup.manager [-] Deleting cinder.volumes object s_rally_627f851c_TbxNeK0c (9d8282d7-ef12-4869-86e5-284ef0a0eb39)
2019-06-26 07:59:29.681 1842 RALLYDEBUG rally_openstack.cleanup.manager [-] Deleting cinder.volumes object s_rally_627f851c_Wi1eqXGh (42fe82cc-21ab-4e6d-902d-4e230ede6f6a)
2019-06-26 07:59:33.685 1842 INFO rally.task.context [-] Task ed8fa575-41e6-4017-a6d2-8fda5f7fbfb7 | Context cleanup@openstack cleanup() finished in 12.16 sec
2019-06-26 07:59:33.686 1842 INFO rally.task.context [-] Task ed8fa575-41e6-4017-a6d2-8fda5f7fbfb7 | Context quotas@openstack cleanup() started
2019-06-26 07:59:34.037 1842 INFO rally.task.context [-] Task ed8fa575-41e6-4017-a6d2-8fda5f7fbfb7 | Context quotas@openstack cleanup() finished in 0.35 sec
2019-06-26 07:59:34.037 1842 INFO rally.task.context [-] Task ed8fa575-41e6-4017-a6d2-8fda5f7fbfb7 | Context api_versions@openstack cleanup() started
2019-06-26 07:59:34.038 1842 INFO rally.task.context [-] Task ed8fa575-41e6-4017-a6d2-8fda5f7fbfb7 | Context api_versions@openstack cleanup() finished in 0.31 msec
2019-06-26 07:59:34.038 1842 INFO rally.task.context [-] Task ed8fa575-41e6-4017-a6d2-8fda5f7fbfb7 | Context users@openstack cleanup() started
2019-06-26 07:59:41.040 1842 INFO rally.task.context [-] Task ed8fa575-41e6-4017-a6d2-8fda5f7fbfb7 | Context users@openstack cleanup() finished in 7.00 sec
2019-06-26 07:59:42.712 1842 INFO rally.task.engine [-] Load duration is: 10.66396
2019-06-26 07:59:42.712 1842 INFO rally.task.engine [-] Full runner duration is: 10.709379
2019-06-26 07:59:42.713 1842 INFO rally.task.engine [-] Full duration is: 36.49292
2019-06-26 07:59:42.990 1842 INFO rally.task.engine [-] Running workload: position = 0 config = { "version": 2, "title": "A cropped version of a bigger task.", "description": "Auto-generated task from a single workload (uuid=f184dd7f-90a5-438d-9361-351c28f3caa1)", "subtasks": [ { "title": "CinderVolumes.list_volumes", "description": "List all volumes.", "scenario": { "CinderVolumes.list_volumes": { "detailed": true } }, "contexts": { "users": { "tenants": 3, "users_per_tenant": 2 }, "quotas": { "cinder": { "gigabytes": -1, "snapshots": -1, "volumes": -1 } }, "api_versions": { "cinder": { "version": 3, "service_type": "volumev3" } }, "volumes": { "size": 1, "volumes_per_tenant": 4 } }, "runner": { "constant": { "concurrency": 4, "times": 10 } }, "hooks": [], "sla": { "failure_rate": { "max": 0 } } } ] }
2019-06-26 07:59:43.013 1842 RALLYDEBUG rally_openstack.contexts.keystone.users [-] Creating 3 tenants using 20 threads
2019-06-26 07:59:45.070 1842 RALLYDEBUG rally_openstack.contexts.keystone.users [-] Creating 6 users using 20 threads
2019-06-26 07:59:47.858 1842 INFO rally.task.context [-] Task ed8fa575-41e6-4017-a6d2-8fda5f7fbfb7 | Context users@openstack setup() finished in 4.84 sec
2019-06-26 07:59:48.273 1842 INFO rally.task.context [-] Task ed8fa575-41e6-4017-a6d2-8fda5f7fbfb7 | Context api_versions@openstack setup() finished in 0.41 sec
2019-06-26 07:59:50.063 1842 INFO rally.task.context [-] Task ed8fa575-41e6-4017-a6d2-8fda5f7fbfb7 | Context quotas@openstack setup() finished in 1.79 sec
2019-06-26 08:00:26.307 1842 INFO rally.task.context [-] Task ed8fa575-41e6-4017-a6d2-8fda5f7fbfb7 | Context volumes@openstack setup() finished in 36.24 sec
2019-06-26 08:00:26.317 1842 RALLYDEBUG rally.task.runner [-] Starting the constant runner (task UUID: ed8fa575-41e6-4017-a6d2-8fda5f7fbfb7). timeout: 0 concurrency: 4 concurrency_per_worker: 1 times: 10 concurrency_overhead: 0 processes_to_start: 4 max_cpu_used: 16
2019-06-26 08:00:26.329 3842 RALLYDEBUG rally.task.runner [-] Starting a worker. concurrency: 1 args: {"detailed": true} times: 10 method_name: run timeout: 0 duration: None cls:
2019-06-26 08:00:26.332 3843 RALLYDEBUG rally.task.runner [-] Starting a worker. concurrency: 1 args: {"detailed": true} times: 10 method_name: run timeout: 0 duration: None cls:
2019-06-26 08:00:26.334 3844 RALLYDEBUG rally.task.runner [-] Starting a worker. concurrency: 1 args: {"detailed": true} times: 10 method_name: run timeout: 0 duration: None cls:
2019-06-26 08:00:26.337 3842 INFO rally.task.runner [-] Task ed8fa575-41e6-4017-a6d2-8fda5f7fbfb7 | ITER: 1 START
2019-06-26 08:00:26.338 3845 RALLYDEBUG rally.task.runner [-] Starting a worker. concurrency: 1 args: {"detailed": true} times: 10 method_name: run timeout: 0 duration: None cls:
2019-06-26 08:00:26.340 3843 INFO rally.task.runner [-] Task ed8fa575-41e6-4017-a6d2-8fda5f7fbfb7 | ITER: 2 START
2019-06-26 08:00:26.341 3844 INFO rally.task.runner [-] Task ed8fa575-41e6-4017-a6d2-8fda5f7fbfb7 | ITER: 3 START
2019-06-26 08:00:26.347 3845 INFO rally.task.runner [-] Task ed8fa575-41e6-4017-a6d2-8fda5f7fbfb7 | ITER: 4 START
2019-06-26 08:00:27.045 3842 INFO rally.task.runner [-] Task ed8fa575-41e6-4017-a6d2-8fda5f7fbfb7 | ITER: 1 END: OK
2019-06-26 08:00:27.052 3842 INFO rally.task.runner [-] Task ed8fa575-41e6-4017-a6d2-8fda5f7fbfb7 | ITER: 5 START
2019-06-26 08:00:27.065 3845 INFO rally.task.runner [-] Task ed8fa575-41e6-4017-a6d2-8fda5f7fbfb7 | ITER: 4 END: OK
2019-06-26 08:00:27.071 3845 INFO rally.task.runner [-] Task ed8fa575-41e6-4017-a6d2-8fda5f7fbfb7 | ITER: 6 START
2019-06-26 08:00:27.074 3843 INFO rally.task.runner [-] Task ed8fa575-41e6-4017-a6d2-8fda5f7fbfb7 | ITER: 2 END: OK
2019-06-26 08:00:27.079 3843 INFO rally.task.runner [-] Task ed8fa575-41e6-4017-a6d2-8fda5f7fbfb7 | ITER: 7 START
2019-06-26 08:00:27.081 3844 INFO rally.task.runner [-] Task ed8fa575-41e6-4017-a6d2-8fda5f7fbfb7 | ITER: 3 END: OK
2019-06-26 08:00:27.086 3844 INFO rally.task.runner [-] Task ed8fa575-41e6-4017-a6d2-8fda5f7fbfb7 | ITER: 8 START
2019-06-26 08:00:27.758 3842 INFO rally.task.runner [-] Task ed8fa575-41e6-4017-a6d2-8fda5f7fbfb7 | ITER: 5 END: OK
2019-06-26 08:00:27.763 3842 INFO rally.task.runner [-] Task ed8fa575-41e6-4017-a6d2-8fda5f7fbfb7 | ITER: 9 START
2019-06-26 08:00:27.803 3844 INFO rally.task.runner [-] Task ed8fa575-41e6-4017-a6d2-8fda5f7fbfb7 | ITER: 8 END: OK
2019-06-26 08:00:27.806 3844 INFO rally.task.runner [-] Task ed8fa575-41e6-4017-a6d2-8fda5f7fbfb7 | ITER: 10 START
2019-06-26 08:00:27.830 3843 INFO rally.task.runner [-] Task ed8fa575-41e6-4017-a6d2-8fda5f7fbfb7 | ITER: 7 END: OK
2019-06-26 08:00:27.835 3845 INFO rally.task.runner [-] Task ed8fa575-41e6-4017-a6d2-8fda5f7fbfb7 | ITER: 6 END: OK
2019-06-26 08:00:28.458 3842 INFO rally.task.runner [-] Task ed8fa575-41e6-4017-a6d2-8fda5f7fbfb7 | ITER: 9 END: OK
2019-06-26 08:00:28.488 3844 INFO rally.task.runner [-] Task ed8fa575-41e6-4017-a6d2-8fda5f7fbfb7 | ITER: 10 END: OK
2019-06-26 08:00:28.511 1842 INFO rally.task.context [-] Task ed8fa575-41e6-4017-a6d2-8fda5f7fbfb7 | Context volumes@openstack cleanup() started
2019-06-26 08:00:28.512 1842 RALLYDEBUG rally_openstack.cleanup.manager [-] Cleaning up cinder volumes objects
2019-06-26 08:00:30.691 1842 RALLYDEBUG rally_openstack.cleanup.manager [-] Deleting cinder.volumes object c_rally_f184dd7f_JDG8aurX (ba91698a-beff-4e07-aa6b-0200bae5b77f)
2019-06-26 08:00:30.693 1842 RALLYDEBUG rally_openstack.cleanup.manager [-] Deleting cinder.volumes object c_rally_f184dd7f_jCSy59j2 (b8bc3893-fc24-41b1-a99a-66cdc23e6259)
2019-06-26 08:00:30.695 1842 RALLYDEBUG rally_openstack.cleanup.manager [-] Deleting cinder.volumes object c_rally_f184dd7f_by8XCE6n (9d0f775a-5614-4763-a714-6d3fbff6b811)
2019-06-26 08:00:30.695 1842 RALLYDEBUG rally_openstack.cleanup.manager [-] Deleting cinder.volumes object c_rally_f184dd7f_bymxxCfi (02386bad-59f5-4825-9a2b-8f6689089a18)
2019-06-26 08:00:30.697 1842 RALLYDEBUG rally_openstack.cleanup.manager [-] Deleting cinder.volumes object c_rally_f184dd7f_TIJcocTZ (ee258ef8-bc21-4fdd-aa36-97735bdc8544)
2019-06-26 08:00:30.700 1842 RALLYDEBUG rally_openstack.cleanup.manager [-] Deleting cinder.volumes object c_rally_f184dd7f_Jl0YOAGR (27094ea6-23b0-4191-8488-85f403ff9242)
2019-06-26 08:00:30.702 1842 RALLYDEBUG rally_openstack.cleanup.manager [-] Deleting cinder.volumes object c_rally_f184dd7f_6YhBkEm7 (3844dfea-29e9-4849-b096-34b01d30ecbd)
2019-06-26 08:00:30.703 1842 RALLYDEBUG rally_openstack.cleanup.manager [-] Deleting cinder.volumes object c_rally_f184dd7f_ocaDR9yC (8c5db8e1-d1ca-432c-a809-e05674f70266)
2019-06-26 08:00:30.704 1842 RALLYDEBUG rally_openstack.cleanup.manager [-] Deleting cinder.volumes object c_rally_f184dd7f_qxC2opS3 (bc236728-a752-47e8-b2cf-eb1f2df1079d)
2019-06-26 08:00:30.704 1842 RALLYDEBUG rally_openstack.cleanup.manager [-] Deleting cinder.volumes object c_rally_f184dd7f_QTMQ7fPX (995e430a-519c-4531-82f2-59aa3389763d)
2019-06-26 08:00:30.712 1842 RALLYDEBUG rally_openstack.cleanup.manager [-] Deleting cinder.volumes object c_rally_f184dd7f_n90s2Lhv (fcfd4857-2ab1-450e-87c8-a285514158e4)
2019-06-26 08:00:30.717 1842 RALLYDEBUG rally_openstack.cleanup.manager [-] Deleting cinder.volumes object c_rally_f184dd7f_AYKY67hI (657cb7e6-8b69-40c3-bd53-79de8e1d0a7c)
2019-06-26 08:00:35.967 1842 INFO rally.task.context [-] Task ed8fa575-41e6-4017-a6d2-8fda5f7fbfb7 | Context volumes@openstack cleanup() finished in 7.46 sec
2019-06-26 08:00:35.967 1842 INFO rally.task.context [-] Task ed8fa575-41e6-4017-a6d2-8fda5f7fbfb7 | Context quotas@openstack cleanup() started
2019-06-26 08:00:36.242 1842 INFO rally.task.context [-] Task ed8fa575-41e6-4017-a6d2-8fda5f7fbfb7 | Context quotas@openstack cleanup() finished in 0.27 sec
2019-06-26 08:00:36.242 1842 INFO rally.task.context [-] Task ed8fa575-41e6-4017-a6d2-8fda5f7fbfb7 | Context api_versions@openstack cleanup() started
2019-06-26 08:00:36.243 1842 INFO rally.task.context [-] Task ed8fa575-41e6-4017-a6d2-8fda5f7fbfb7 | Context api_versions@openstack cleanup() finished in 0.29 msec
2019-06-26 08:00:36.243 1842 INFO rally.task.context [-] Task ed8fa575-41e6-4017-a6d2-8fda5f7fbfb7 | Context users@openstack cleanup() started
2019-06-26 08:00:43.619 1842 INFO rally.task.context [-] Task ed8fa575-41e6-4017-a6d2-8fda5f7fbfb7 | Context users@openstack cleanup() finished in 7.38 sec
2019-06-26 08:00:45.256 1842 INFO rally.task.engine [-] Load duration is: 2.146414
2019-06-26 08:00:45.256 1842 INFO rally.task.engine [-] Full runner duration is: 2.195805
2019-06-26 08:00:45.256 1842 INFO rally.task.engine [-] Full duration is: 60.608606
2019-06-26 08:00:45.509 1842 INFO rally.task.engine [-] Running workload: position = 0 config = { "version": 2, "title": "A cropped version of a bigger task.", "description": "Auto-generated task from a single workload (uuid=268b0dd2-792c-473b-8c94-0b7e1c6c724e)", "subtasks": [ { "title": "CinderVolumes.create_and_delete_snapshot", "description": "Create and then delete a volume-snapshot.", "scenario": { "CinderVolumes.create_and_delete_snapshot": { "force": false } }, "contexts": { "users": { "tenants": 3, "users_per_tenant": 2 }, "quotas": { "cinder": { "gigabytes": -1, "snapshots": -1, "volumes": -1 } }, "api_versions": { "cinder": { "version": 3, "service_type": "volumev3" } }, "volumes": { "size": 1, "volumes_per_tenant": 1 } }, "runner": { "constant": { "concurrency": 4, "times": 10 } }, "hooks": [], "sla": { "failure_rate": { "max": 0 } } } ] }
2019-06-26 08:00:45.532 1842 RALLYDEBUG rally_openstack.contexts.keystone.users [-] Creating 3 tenants using 20 threads
2019-06-26 08:00:47.386 1842 RALLYDEBUG rally_openstack.contexts.keystone.users [-] Creating 6 users using 20 threads
2019-06-26 08:00:50.142 1842 INFO rally.task.context [-] Task ed8fa575-41e6-4017-a6d2-8fda5f7fbfb7 | Context users@openstack setup() finished in 4.61 sec
2019-06-26 08:00:50.570 1842 INFO rally.task.context [-] Task ed8fa575-41e6-4017-a6d2-8fda5f7fbfb7 | Context api_versions@openstack setup() finished in 0.43 sec
2019-06-26 08:00:52.087 1842 INFO rally.task.context [-] Task ed8fa575-41e6-4017-a6d2-8fda5f7fbfb7 | Context quotas@openstack setup() finished in 1.52 sec
2019-06-26 08:01:02.585 1842 INFO rally.task.context [-] Task ed8fa575-41e6-4017-a6d2-8fda5f7fbfb7 | Context volumes@openstack setup() finished in 10.50 sec
2019-06-26 08:01:02.585 1842 INFO rally.task.context [-] Task ed8fa575-41e6-4017-a6d2-8fda5f7fbfb7 | Context cleanup@openstack setup() finished in 0.01 msec
2019-06-26 08:01:02.594 1842 RALLYDEBUG rally.task.runner [-] Starting the constant runner (task UUID: ed8fa575-41e6-4017-a6d2-8fda5f7fbfb7). timeout: 0 concurrency: 4 concurrency_per_worker: 1 times: 10 concurrency_overhead: 0 processes_to_start: 4 max_cpu_used: 16
2019-06-26 08:01:02.607 3966 RALLYDEBUG rally.task.runner [-] Starting a worker. concurrency: 1 args: {"force": false} times: 10 method_name: run timeout: 0 duration: None cls:
2019-06-26 08:01:02.609 3967 RALLYDEBUG rally.task.runner [-] Starting a worker. concurrency: 1 args: {"force": false} times: 10 method_name: run timeout: 0 duration: None cls:
2019-06-26 08:01:02.613 3968 RALLYDEBUG rally.task.runner [-] Starting a worker. concurrency: 1 args: {"force": false} times: 10 method_name: run timeout: 0 duration: None cls:
2019-06-26 08:01:02.614 3966 INFO rally.task.runner [-] Task ed8fa575-41e6-4017-a6d2-8fda5f7fbfb7 | ITER: 1 START
2019-06-26 08:01:02.616 3969 RALLYDEBUG rally.task.runner [-] Starting a worker. concurrency: 1 args: {"force": false} times: 10 method_name: run timeout: 0 duration: None cls:
2019-06-26 08:01:02.616 3967 INFO rally.task.runner [-] Task ed8fa575-41e6-4017-a6d2-8fda5f7fbfb7 | ITER: 2 START
2019-06-26 08:01:02.621 3968 INFO rally.task.runner [-] Task ed8fa575-41e6-4017-a6d2-8fda5f7fbfb7 | ITER: 3 START
2019-06-26 08:01:02.623 3969 INFO rally.task.runner [-] Task ed8fa575-41e6-4017-a6d2-8fda5f7fbfb7 | ITER: 4 START
2019-06-26 08:01:06.069 3968 RALLYDEBUG rally.task.utils [-] Waiting for resource s_rally_268b0dd2_fLVv2ice. Status changed: CREATING => AVAILABLE in 0.461802959442
2019-06-26 08:01:06.221 3969 RALLYDEBUG rally.task.utils [-] Waiting for resource s_rally_268b0dd2_o3xNs1Qm. Status changed: AVAILABLE => DELETING in 0.0238969326019
2019-06-26 08:01:06.370 3967 RALLYDEBUG rally.task.utils [-] Waiting for resource s_rally_268b0dd2_bVdw1fnU. Status changed: AVAILABLE => DELETING in 0.213999032974
2019-06-26 08:01:06.680 3968 RALLYDEBUG rally.task.utils [-] Waiting for resource s_rally_268b0dd2_fLVv2ice. Status changed: AVAILABLE => DELETING in 0.314733028412
2019-06-26 08:01:06.744 3966 RALLYDEBUG rally.task.utils [-] Waiting for resource s_rally_268b0dd2_Cq8QhI7R. Status changed: AVAILABLE => DELETING in 0.230015039444
2019-06-26 08:01:08.397 3967 INFO rally.task.runner [-] Task ed8fa575-41e6-4017-a6d2-8fda5f7fbfb7 | ITER: 2 END: OK
2019-06-26 08:01:08.403 3967 INFO rally.task.runner [-] Task ed8fa575-41e6-4017-a6d2-8fda5f7fbfb7 | ITER: 5 START
2019-06-26 08:01:08.452 3969 INFO rally.task.runner [-] Task ed8fa575-41e6-4017-a6d2-8fda5f7fbfb7 | ITER: 4 END: OK
2019-06-26 08:01:08.458 3969 INFO rally.task.runner [-] Task ed8fa575-41e6-4017-a6d2-8fda5f7fbfb7 | ITER: 6 START
2019-06-26 08:01:08.781 3966 INFO rally.task.runner [-] Task ed8fa575-41e6-4017-a6d2-8fda5f7fbfb7 | ITER: 1 END: OK
2019-06-26 08:01:08.786 3966 INFO rally.task.runner [-] Task ed8fa575-41e6-4017-a6d2-8fda5f7fbfb7 | ITER: 7 START
2019-06-26 08:01:09.021 3968 INFO rally.task.runner [-] Task ed8fa575-41e6-4017-a6d2-8fda5f7fbfb7 | ITER: 3 END: OK
2019-06-26 08:01:09.027 3968 INFO rally.task.runner [-] Task ed8fa575-41e6-4017-a6d2-8fda5f7fbfb7 | ITER: 8 START
2019-06-26 08:01:12.292 3969 RALLYDEBUG rally.task.utils [-] Waiting for resource s_rally_268b0dd2_tvZMCbq6. Status changed: AVAILABLE => DELETING in 0.237493038177
2019-06-26 08:01:12.302 3967 RALLYDEBUG rally.task.utils [-] Waiting for resource s_rally_268b0dd2_rRNOafJk. Status changed: AVAILABLE => DELETING in 0.229604959488
2019-06-26 08:01:12.642 3966 RALLYDEBUG rally.task.utils [-] Waiting for resource s_rally_268b0dd2_Y4Cmw2bK. Status changed: AVAILABLE => DELETING in 0.216193914413
2019-06-26 08:01:12.707 3968 RALLYDEBUG rally.task.utils [-] Waiting for resource s_rally_268b0dd2_ksYj8U7j. Status changed: AVAILABLE => DELETING in 0.0242240428925
2019-06-26 08:01:14.317 3969 INFO rally.task.runner [-] Task ed8fa575-41e6-4017-a6d2-8fda5f7fbfb7 | ITER: 6 END: OK
2019-06-26 08:01:14.320 3969 INFO rally.task.runner [-] Task ed8fa575-41e6-4017-a6d2-8fda5f7fbfb7 | ITER: 9 START
2019-06-26 08:01:14.327 3967 INFO rally.task.runner [-] Task ed8fa575-41e6-4017-a6d2-8fda5f7fbfb7 | ITER: 5 END: OK
2019-06-26 08:01:14.331 3967 INFO rally.task.runner [-] Task ed8fa575-41e6-4017-a6d2-8fda5f7fbfb7 | ITER: 10 START
2019-06-26 08:01:14.855 3966 INFO rally.task.runner [-] Task ed8fa575-41e6-4017-a6d2-8fda5f7fbfb7 | ITER: 7 END: OK
2019-06-26 08:01:14.923 3968 INFO rally.task.runner [-] Task ed8fa575-41e6-4017-a6d2-8fda5f7fbfb7 | ITER: 8 END: OK
2019-06-26 08:01:17.935 3969 RALLYDEBUG rally.task.utils [-] Waiting for resource s_rally_268b0dd2_EzvJFLgU. Status changed: AVAILABLE => DELETING in 0.0241417884827
2019-06-26 08:01:18.196 3967 RALLYDEBUG rally.task.utils [-] Waiting for resource s_rally_268b0dd2_kU5fIO8B. Status changed: AVAILABLE => DELETING in 0.207360029221
2019-06-26 08:01:20.166 3969 INFO rally.task.runner [-] Task ed8fa575-41e6-4017-a6d2-8fda5f7fbfb7 | ITER: 9 END: OK
2019-06-26 08:01:20.411 3967 INFO rally.task.runner [-] Task ed8fa575-41e6-4017-a6d2-8fda5f7fbfb7 | ITER: 10 END: OK
2019-06-26 08:01:20.442 1842 INFO rally.task.context [-] Task ed8fa575-41e6-4017-a6d2-8fda5f7fbfb7 | Context cleanup@openstack cleanup() started
2019-06-26 08:01:20.444 1842 RALLYDEBUG rally_openstack.cleanup.manager [-] Cleaning up cinder backups objects
2019-06-26 08:01:22.424 1842 RALLYDEBUG rally_openstack.cleanup.manager [-] Cleaning up cinder volume_snapshots objects
2019-06-26 08:01:24.359 1842 RALLYDEBUG rally_openstack.cleanup.manager [-] Cleaning up cinder transfers objects
2019-06-26 08:01:26.261 1842 RALLYDEBUG rally_openstack.cleanup.manager [-] Cleaning up cinder volumes objects
2019-06-26 08:01:28.479 1842 INFO rally.task.context [-] Task ed8fa575-41e6-4017-a6d2-8fda5f7fbfb7 | Context cleanup@openstack cleanup() finished in 8.04 sec
2019-06-26 08:01:28.479 1842 INFO rally.task.context [-] Task ed8fa575-41e6-4017-a6d2-8fda5f7fbfb7 | Context volumes@openstack cleanup() started
2019-06-26 08:01:28.480 1842 RALLYDEBUG rally_openstack.cleanup.manager [-] Cleaning up cinder volumes objects
2019-06-26 08:01:30.721 1842 RALLYDEBUG rally_openstack.cleanup.manager [-] Deleting cinder.volumes object c_rally_268b0dd2_s1jaqNin (bb100547-426b-4c36-9d86-eb45bfad2ddf)
2019-06-26 08:01:30.727 1842 RALLYDEBUG rally_openstack.cleanup.manager [-] Deleting cinder.volumes object c_rally_268b0dd2_kc1zl1ma (20907f05-4a02-4ed2-b5ca-c0f2677d355f)
2019-06-26 08:01:30.734 1842 RALLYDEBUG rally_openstack.cleanup.manager [-] Deleting cinder.volumes object c_rally_268b0dd2_TaZLsMLc (ab97a73b-224e-48ac-8e56-db10e86201c4)
2019-06-26 08:01:34.011 1842 INFO rally.task.context [-] Task ed8fa575-41e6-4017-a6d2-8fda5f7fbfb7 | Context volumes@openstack cleanup() finished in 5.53 sec
2019-06-26 08:01:34.011 1842 INFO rally.task.context [-] Task ed8fa575-41e6-4017-a6d2-8fda5f7fbfb7 | Context quotas@openstack cleanup() started
2019-06-26 08:01:34.688 1842 INFO rally.task.context [-] Task ed8fa575-41e6-4017-a6d2-8fda5f7fbfb7 | Context quotas@openstack cleanup() finished in 0.68 sec
2019-06-26 08:01:34.689 1842 INFO rally.task.context [-] Task ed8fa575-41e6-4017-a6d2-8fda5f7fbfb7 | Context api_versions@openstack cleanup() started
2019-06-26 08:01:34.689 1842 INFO rally.task.context [-] Task ed8fa575-41e6-4017-a6d2-8fda5f7fbfb7 | Context api_versions@openstack cleanup() finished in 0.33 msec
2019-06-26 08:01:34.689 1842 INFO rally.task.context [-] Task ed8fa575-41e6-4017-a6d2-8fda5f7fbfb7 | Context users@openstack cleanup() started
2019-06-26 08:01:41.871 1842 INFO rally.task.context [-] Task ed8fa575-41e6-4017-a6d2-8fda5f7fbfb7 | Context users@openstack cleanup() finished in 7.18 sec
2019-06-26 08:01:43.768 1842 INFO rally.task.engine [-] Load duration is: 17.792941
2019-06-26 08:01:43.768 1842 INFO rally.task.engine [-] Full runner duration is: 17.849076
2019-06-26 08:01:43.768 1842 INFO rally.task.engine [-] Full duration is: 56.343806
2019-06-26 08:01:44.002 1842 INFO rally.task.engine [-] Running workload: position = 0 config = { "version": 2, "title": "A cropped version of a bigger task.", "description": "Auto-generated task from a single workload (uuid=7597de7d-ed13-4cbc-b973-b3af4a6febf5)", "subtasks": [ { "title": "CinderVolumes.create_and_delete_volume", "description": "Create and then delete a volume.", "scenario": { "CinderVolumes.create_and_delete_volume": { "size": { "max": 1, "min": 1 } } }, "contexts": { "users": { "tenants": 3, "users_per_tenant": 2 }, "quotas": { "cinder": { "gigabytes": -1, "snapshots": -1, "volumes": -1 } }, "api_versions": { "cinder": { "version": 3, "service_type": "volumev3" } } }, "runner": { "constant": { "concurrency": 4, "times": 10 } }, "hooks": [], "sla": { "failure_rate": { "max": 0 } } } ] }
2019-06-26 08:01:44.021 1842 RALLYDEBUG rally_openstack.contexts.keystone.users [-] Creating 3 tenants using 20 threads
2019-06-26 08:01:45.787 1842 RALLYDEBUG rally_openstack.contexts.keystone.users [-] Creating 6 users using 20 threads
2019-06-26 08:01:48.493 1842 INFO rally.task.context [-] Task ed8fa575-41e6-4017-a6d2-8fda5f7fbfb7 | Context users@openstack setup() finished in 4.47 sec
2019-06-26 08:01:48.920 1842 INFO rally.task.context [-] Task ed8fa575-41e6-4017-a6d2-8fda5f7fbfb7 | Context api_versions@openstack setup() finished in 0.43 sec
2019-06-26 08:01:50.503 1842 INFO rally.task.context [-] Task ed8fa575-41e6-4017-a6d2-8fda5f7fbfb7 | Context quotas@openstack setup() finished in 1.58 sec
2019-06-26 08:01:50.504 1842 INFO rally.task.context [-] Task ed8fa575-41e6-4017-a6d2-8fda5f7fbfb7 | Context cleanup@openstack setup() finished in 0.01 msec
2019-06-26 08:01:50.513 1842 RALLYDEBUG rally.task.runner [-] Starting the constant runner (task UUID: ed8fa575-41e6-4017-a6d2-8fda5f7fbfb7). timeout: 0 concurrency: 4 concurrency_per_worker: 1 times: 10 concurrency_overhead: 0 processes_to_start: 4 max_cpu_used: 16
2019-06-26 08:01:50.526 4170 RALLYDEBUG rally.task.runner [-] Starting a worker. concurrency: 1 args: {"size": {"max": 1, "min": 1}} times: 10 method_name: run timeout: 0 duration: None cls:
2019-06-26 08:01:50.530 4171 RALLYDEBUG rally.task.runner [-] Starting a worker. concurrency: 1 args: {"size": {"max": 1, "min": 1}} times: 10 method_name: run timeout: 0 duration: None cls:
2019-06-26 08:01:50.531 4172 RALLYDEBUG rally.task.runner [-] Starting a worker. concurrency: 1 args: {"size": {"max": 1, "min": 1}} times: 10 method_name: run timeout: 0 duration: None cls:
2019-06-26 08:01:50.535 4170 INFO rally.task.runner [-] Task ed8fa575-41e6-4017-a6d2-8fda5f7fbfb7 | ITER: 1 START
2019-06-26 08:01:50.535 4173 RALLYDEBUG rally.task.runner [-] Starting a worker. concurrency: 1 args: {"size": {"max": 1, "min": 1}} times: 10 method_name: run timeout: 0 duration: None cls:
2019-06-26 08:01:50.538 4171 INFO rally.task.runner [-] Task ed8fa575-41e6-4017-a6d2-8fda5f7fbfb7 | ITER: 2 START
2019-06-26 08:01:50.539 4172 INFO rally.task.runner [-] Task ed8fa575-41e6-4017-a6d2-8fda5f7fbfb7 | ITER: 3 START
2019-06-26 08:01:50.543 4173 INFO rally.task.runner [-] Task ed8fa575-41e6-4017-a6d2-8fda5f7fbfb7 | ITER: 4 START
2019-06-26 08:01:54.695 4170 RALLYDEBUG rally.task.utils [-] Waiting for resource s_rally_7597de7d_hsQ6lVlf. Status changed: AVAILABLE => DELETING in 0.337257862091
2019-06-26 08:01:54.734 4171 RALLYDEBUG rally.task.utils [-] Waiting for resource s_rally_7597de7d_9oVLteKX. Status changed: AVAILABLE => DELETING in 0.268067836761
2019-06-26 08:01:55.448 4172 RALLYDEBUG rally.task.utils [-] Waiting for resource s_rally_7597de7d_8jr1nh3g. Status changed: AVAILABLE => DELETING in 0.0526769161224
2019-06-26 08:01:55.870 4173 RALLYDEBUG rally.task.utils [-] Waiting for resource s_rally_7597de7d_d9cSvcDp. Status changed: AVAILABLE => DELETING in 0.254399061203
2019-06-26 08:01:56.927 4170 INFO rally.task.runner [-] Task ed8fa575-41e6-4017-a6d2-8fda5f7fbfb7 | ITER: 1 END: OK
2019-06-26 08:01:56.932 4170 INFO rally.task.runner [-] Task ed8fa575-41e6-4017-a6d2-8fda5f7fbfb7 | ITER: 5 START
2019-06-26 08:01:56.956 4171 INFO rally.task.runner [-] Task ed8fa575-41e6-4017-a6d2-8fda5f7fbfb7 | ITER: 2 END: OK
2019-06-26 08:01:56.960 4171 INFO rally.task.runner [-] Task ed8fa575-41e6-4017-a6d2-8fda5f7fbfb7 | ITER: 6 START
2019-06-26 08:01:57.489 4172 INFO rally.task.runner [-] Task ed8fa575-41e6-4017-a6d2-8fda5f7fbfb7 | ITER: 3 END: OK
2019-06-26 08:01:57.495 4172 INFO rally.task.runner [-] Task ed8fa575-41e6-4017-a6d2-8fda5f7fbfb7 | ITER: 7 START
2019-06-26 08:01:58.099 4173 INFO rally.task.runner [-] Task ed8fa575-41e6-4017-a6d2-8fda5f7fbfb7 | ITER: 4 END: OK
2019-06-26 08:01:58.104 4173 INFO rally.task.runner [-] Task ed8fa575-41e6-4017-a6d2-8fda5f7fbfb7 | ITER: 8 START
2019-06-26 08:02:00.688 4170 RALLYDEBUG rally.task.utils [-] Waiting for resource s_rally_7597de7d_fPbWui2r. Status changed: AVAILABLE => DELETING in 0.0555608272552
2019-06-26 08:02:00.753 4171 INFO rally.task.runner [-] Task ed8fa575-41e6-4017-a6d2-8fda5f7fbfb7 | ITER: 6 END: OK
2019-06-26 08:02:00.756 4171 INFO rally.task.runner [-] Task ed8fa575-41e6-4017-a6d2-8fda5f7fbfb7 | ITER: 9 START
2019-06-26 08:02:01.260 4172 RALLYDEBUG rally.task.utils [-] Waiting for resource s_rally_7597de7d_RUIH5UyA. Status changed: AVAILABLE => DELETING in 0.0535869598389
2019-06-26 08:02:02.119 4173 INFO rally.task.runner [-] Task ed8fa575-41e6-4017-a6d2-8fda5f7fbfb7 | ITER: 8 END: OK
2019-06-26 08:02:02.124 4173 INFO rally.task.runner [-] Task ed8fa575-41e6-4017-a6d2-8fda5f7fbfb7 | ITER: 10 START
2019-06-26 08:02:02.727 4170 INFO rally.task.runner [-] Task ed8fa575-41e6-4017-a6d2-8fda5f7fbfb7 | ITER: 5 END: OK
2019-06-26 08:02:03.493 4172 INFO rally.task.runner [-] Task ed8fa575-41e6-4017-a6d2-8fda5f7fbfb7 | ITER: 7 END: OK
2019-06-26 08:02:04.477 4171 INFO rally.task.runner [-] Task ed8fa575-41e6-4017-a6d2-8fda5f7fbfb7 | ITER: 9 END: OK
2019-06-26 08:02:05.645 4173 RALLYDEBUG rally.task.utils [-] Waiting for resource s_rally_7597de7d_pCBdPlo2. Status changed: AVAILABLE => DELETING in 0.0514371395111
2019-06-26 08:02:07.887 4173 INFO rally.task.runner [-] Task ed8fa575-41e6-4017-a6d2-8fda5f7fbfb7 | ITER: 10 END: OK
2019-06-26 08:02:07.916 1842 INFO rally.task.context [-] Task ed8fa575-41e6-4017-a6d2-8fda5f7fbfb7 | Context cleanup@openstack cleanup() started
2019-06-26 08:02:07.919 1842 RALLYDEBUG rally_openstack.cleanup.manager [-] Cleaning up cinder backups objects
2019-06-26 08:02:09.887 1842 RALLYDEBUG rally_openstack.cleanup.manager [-] Cleaning up cinder volume_snapshots objects
2019-06-26 08:02:11.846 1842 RALLYDEBUG rally_openstack.cleanup.manager [-] Cleaning up cinder transfers objects
2019-06-26 08:02:13.771 1842 RALLYDEBUG rally_openstack.cleanup.manager [-] Cleaning up cinder volumes objects
2019-06-26 08:02:15.880 1842 INFO rally.task.context [-] Task ed8fa575-41e6-4017-a6d2-8fda5f7fbfb7 | Context cleanup@openstack cleanup() finished in 7.96 sec
2019-06-26 08:02:15.881 1842 INFO rally.task.context [-] Task ed8fa575-41e6-4017-a6d2-8fda5f7fbfb7 | Context quotas@openstack cleanup() started
2019-06-26 08:02:16.409 1842 INFO rally.task.context [-] Task ed8fa575-41e6-4017-a6d2-8fda5f7fbfb7 | Context quotas@openstack cleanup() finished in 0.53 sec
2019-06-26 08:02:16.410 1842 INFO rally.task.context [-] Task ed8fa575-41e6-4017-a6d2-8fda5f7fbfb7 | Context api_versions@openstack cleanup() started
2019-06-26 08:02:16.410 1842 INFO rally.task.context [-] Task ed8fa575-41e6-4017-a6d2-8fda5f7fbfb7 | Context api_versions@openstack cleanup() finished in 0.34 msec
2019-06-26 08:02:16.411 1842 INFO rally.task.context [-] Task ed8fa575-41e6-4017-a6d2-8fda5f7fbfb7 | Context users@openstack cleanup() started
2019-06-26 08:02:23.443 1842 INFO rally.task.context [-] Task ed8fa575-41e6-4017-a6d2-8fda5f7fbfb7 | Context users@openstack cleanup() finished in 7.03 sec
2019-06-26 08:02:24.206 1842 INFO rally.task.engine [-] Load duration is: 17.345747
2019-06-26 08:02:24.207 1842 INFO rally.task.engine [-] Full runner duration is: 17.403343
2019-06-26 08:02:24.207 1842 INFO rally.task.engine [-] Full duration is: 39.427424
2019-06-26 08:02:24.390 1842 INFO rally.task.engine [-] Running workload: position = 1 config = { "version": 2, "title": "A cropped version of a bigger task.", "description": "Auto-generated task from a single workload (uuid=5e123dd1-d832-46fc-8af3-6d0152e8dad5)", "subtasks": [ { "title": "CinderVolumes.create_and_delete_volume", "description": "Create and then delete a volume.", "scenario": { "CinderVolumes.create_and_delete_volume": { "image": { "name": "rally_full-img_2df67114-a03f-46c9-81f2-02fd0674c5e2" }, "size": 1 } }, "contexts": { "users": { "tenants": 3, "users_per_tenant": 2 }, "quotas": { "cinder": { "gigabytes": -1, "snapshots": -1, "volumes": -1 } }, "api_versions": { "cinder": { "version": 3, "service_type": "volumev3" } } }, "runner": { "constant": { "concurrency": 4, "times": 10 } }, "hooks": [], "sla": { "failure_rate": { "max": 0 } } } ] }
2019-06-26 08:02:24.413 1842 RALLYDEBUG rally_openstack.contexts.keystone.users [-] Creating 3 tenants using 20 threads
2019-06-26 08:02:26.206 1842 RALLYDEBUG rally_openstack.contexts.keystone.users [-] Creating 6 users using 20 threads
2019-06-26 08:02:28.957 1842 INFO rally.task.context [-] Task ed8fa575-41e6-4017-a6d2-8fda5f7fbfb7 | Context users@openstack setup() finished in 4.54 sec
2019-06-26 08:02:29.380 1842 INFO rally.task.context [-] Task ed8fa575-41e6-4017-a6d2-8fda5f7fbfb7 | Context api_versions@openstack setup() finished in 0.42 sec
2019-06-26 08:02:30.898 1842 INFO rally.task.context [-] Task ed8fa575-41e6-4017-a6d2-8fda5f7fbfb7 | Context quotas@openstack setup() finished in 1.52 sec
2019-06-26 08:02:30.898 1842 INFO rally.task.context [-] Task ed8fa575-41e6-4017-a6d2-8fda5f7fbfb7 | Context cleanup@openstack setup() finished in 0.01 msec
2019-06-26 08:02:31.636 1842 RALLYDEBUG rally.task.runner [-] Starting the constant runner (task UUID: ed8fa575-41e6-4017-a6d2-8fda5f7fbfb7). timeout: 0 concurrency: 4 concurrency_per_worker: 1 times: 10 concurrency_overhead: 0 processes_to_start: 4 max_cpu_used: 16
2019-06-26 08:02:31.649 4354 RALLYDEBUG rally.task.runner [-] Starting a worker. concurrency: 1 args: {"image": "aae30a42-74bc-4418-8d32-8135f91b768a", "size": 1} times: 10 method_name: run timeout: 0 duration: None cls:
2019-06-26 08:02:31.652 4355 RALLYDEBUG rally.task.runner [-] Starting a worker. concurrency: 1 args: {"image": "aae30a42-74bc-4418-8d32-8135f91b768a", "size": 1} times: 10 method_name: run timeout: 0 duration: None cls:
2019-06-26 08:02:31.653 4356 RALLYDEBUG rally.task.runner [-] Starting a worker. concurrency: 1 args: {"image": "aae30a42-74bc-4418-8d32-8135f91b768a", "size": 1} times: 10 method_name: run timeout: 0 duration: None cls:
2019-06-26 08:02:31.655 4354 INFO rally.task.runner [-] Task ed8fa575-41e6-4017-a6d2-8fda5f7fbfb7 | ITER: 1 START
