2019-06-26 08:02:31.658 4357 RALLYDEBUG rally.task.runner [-] Starting a worker. concurrency: 1 args: {"image": "aae30a42-74bc-4418-8d32-8135f91b768a", "size": 1} times: 10 method_name: run timeout: 0 duration: None cls:
2019-06-26 08:02:31.659 4356 INFO rally.task.runner [-] Task ed8fa575-41e6-4017-a6d2-8fda5f7fbfb7 | ITER: 3 START
2019-06-26 08:02:31.661 4355 INFO rally.task.runner [-] Task ed8fa575-41e6-4017-a6d2-8fda5f7fbfb7 | ITER: 2 START
2019-06-26 08:02:31.665 4357 INFO rally.task.runner [-] Task ed8fa575-41e6-4017-a6d2-8fda5f7fbfb7 | ITER: 4 START
2019-06-26 08:02:35.737 4355 RALLYDEBUG rally.task.utils [-] Waiting for resource s_rally_5e123dd1_VMYPAICU. Status changed: CREATING => DOWNLOADING in 0.614362001419
2019-06-26 08:02:37.968 4356 RALLYDEBUG rally.task.utils [-] Waiting for resource s_rally_5e123dd1_Mji1KkcA. Status changed: DOWNLOADING => AVAILABLE in 2.92017602921
2019-06-26 08:02:38.211 4354 RALLYDEBUG rally.task.utils [-] Waiting for resource s_rally_5e123dd1_7hvvHi1V. Status changed: DOWNLOADING => AVAILABLE in 3.15372014046
2019-06-26 08:02:38.227 4357 RALLYDEBUG rally.task.utils [-] Waiting for resource s_rally_5e123dd1_KqQ1Gi0b. Status changed: DOWNLOADING => AVAILABLE in 3.13842487335
2019-06-26 08:02:38.607 4357 RALLYDEBUG rally.task.utils [-] Waiting for resource s_rally_5e123dd1_KqQ1Gi0b. Status changed: AVAILABLE => DELETING in 0.292864084244
2019-06-26 08:02:38.643 4356 RALLYDEBUG rally.task.utils [-] Waiting for resource s_rally_5e123dd1_Mji1KkcA. Status changed: AVAILABLE => DELETING in 0.322782039642
2019-06-26 08:02:38.743 4354 RALLYDEBUG rally.task.utils [-] Waiting for resource s_rally_5e123dd1_7hvvHi1V. Status changed: AVAILABLE => DELETING in 0.254992961884
2019-06-26 08:02:40.264 4355 RALLYDEBUG rally.task.utils [-] Waiting for resource s_rally_5e123dd1_VMYPAICU. Status changed: DOWNLOADING => AVAILABLE in 4.52737188339
2019-06-26 08:02:40.409 4355 RALLYDEBUG rally.task.utils [-] Waiting for resource s_rally_5e123dd1_VMYPAICU. Status changed: AVAILABLE => DELETING in 0.0620958805084
2019-06-26 08:02:40.647 4357 INFO rally.task.runner [-] Task ed8fa575-41e6-4017-a6d2-8fda5f7fbfb7 | ITER: 4 END: OK
2019-06-26 08:02:40.653 4357 INFO rally.task.runner [-] Task ed8fa575-41e6-4017-a6d2-8fda5f7fbfb7 | ITER: 5 START
2019-06-26 08:02:40.681 4356 INFO rally.task.runner [-] Task ed8fa575-41e6-4017-a6d2-8fda5f7fbfb7 | ITER: 3 END: OK
2019-06-26 08:02:40.686 4356 INFO rally.task.runner [-] Task ed8fa575-41e6-4017-a6d2-8fda5f7fbfb7 | ITER: 6 START
2019-06-26 08:02:40.789 4354 INFO rally.task.runner [-] Task ed8fa575-41e6-4017-a6d2-8fda5f7fbfb7 | ITER: 1 END: OK
2019-06-26 08:02:40.794 4354 INFO rally.task.runner [-] Task ed8fa575-41e6-4017-a6d2-8fda5f7fbfb7 | ITER: 7 START
2019-06-26 08:02:42.651 4355 INFO rally.task.runner [-] Task ed8fa575-41e6-4017-a6d2-8fda5f7fbfb7 | ITER: 2 END: OK
2019-06-26 08:02:42.656 4355 INFO rally.task.runner [-] Task ed8fa575-41e6-4017-a6d2-8fda5f7fbfb7 | ITER: 8 START
2019-06-26 08:02:46.714 4356 RALLYDEBUG rally.task.utils [-] Waiting for resource s_rally_5e123dd1_nz4rqCDE. Status changed: DOWNLOADING => AVAILABLE in 2.77617287636
2019-06-26 08:02:46.756 4357 RALLYDEBUG rally.task.utils [-] Waiting for resource s_rally_5e123dd1_PneBCX5a. Status changed: DOWNLOADING => AVAILABLE in 2.7989590168
2019-06-26 08:02:46.791 4354 RALLYDEBUG rally.task.utils [-] Waiting for resource s_rally_5e123dd1_g2d9LZMc. Status changed: DOWNLOADING => AVAILABLE in 2.69342803955
2019-06-26 08:02:47.054 4356 RALLYDEBUG rally.task.utils [-] Waiting for resource s_rally_5e123dd1_nz4rqCDE. Status changed: AVAILABLE => DELETING in 0.0540039539337
2019-06-26 08:02:47.152 4357 RALLYDEBUG rally.task.utils [-] Waiting for resource s_rally_5e123dd1_PneBCX5a. Status changed: AVAILABLE => DELETING in 0.0553181171417
2019-06-26 08:02:47.207 4354 RALLYDEBUG rally.task.utils [-] Waiting for resource s_rally_5e123dd1_g2d9LZMc. Status changed: AVAILABLE => DELETING in 0.0672650337219
2019-06-26 08:02:48.850 4355 RALLYDEBUG rally.task.utils [-] Waiting for resource s_rally_5e123dd1_DIJ13rYd. Status changed: DOWNLOADING => AVAILABLE in 2.83482003212
2019-06-26 08:02:49.149 4355 INFO rally.task.runner [-] Task ed8fa575-41e6-4017-a6d2-8fda5f7fbfb7 | ITER: 8 END: OK
2019-06-26 08:02:49.153 4355 INFO rally.task.runner [-] Task ed8fa575-41e6-4017-a6d2-8fda5f7fbfb7 | ITER: 9 START
2019-06-26 08:02:49.198 4357 INFO rally.task.runner [-] Task ed8fa575-41e6-4017-a6d2-8fda5f7fbfb7 | ITER: 5 END: OK
2019-06-26 08:02:49.204 4357 INFO rally.task.runner [-] Task ed8fa575-41e6-4017-a6d2-8fda5f7fbfb7 | ITER: 10 START
2019-06-26 08:02:49.244 4354 INFO rally.task.runner [-] Task ed8fa575-41e6-4017-a6d2-8fda5f7fbfb7 | ITER: 7 END: OK
2019-06-26 08:02:49.354 4356 INFO rally.task.runner [-] Task ed8fa575-41e6-4017-a6d2-8fda5f7fbfb7 | ITER: 6 END: OK
2019-06-26 08:02:55.171 4357 RALLYDEBUG rally.task.utils [-] Waiting for resource s_rally_5e123dd1_FPKwoyAd. Status changed: DOWNLOADING => AVAILABLE in 2.68997192383
2019-06-26 08:02:55.259 4355 RALLYDEBUG rally.task.utils [-] Waiting for resource s_rally_5e123dd1_3DxkuI5c. Status changed: DOWNLOADING => AVAILABLE in 2.8801908493
2019-06-26 08:02:55.397 4355 RALLYDEBUG rally.task.utils [-] Waiting for resource s_rally_5e123dd1_3DxkuI5c. Status changed: AVAILABLE => DELETING in 0.0608849525452
2019-06-26 08:02:55.676 4357 RALLYDEBUG rally.task.utils [-] Waiting for resource s_rally_5e123dd1_FPKwoyAd. Status changed: AVAILABLE => DELETING in 0.0641717910767
2019-06-26 08:02:57.630 4355 INFO rally.task.runner [-] Task ed8fa575-41e6-4017-a6d2-8fda5f7fbfb7 | ITER: 9 END: OK
2019-06-26 08:02:58.130 4357 INFO rally.task.runner [-] Task ed8fa575-41e6-4017-a6d2-8fda5f7fbfb7 | ITER: 10 END: OK
2019-06-26 08:02:58.151 1842 INFO rally.task.context [-] Task ed8fa575-41e6-4017-a6d2-8fda5f7fbfb7 | Context cleanup@openstack cleanup() started
2019-06-26 08:02:58.153 1842 RALLYDEBUG rally_openstack.cleanup.manager [-] Cleaning up cinder backups objects
2019-06-26 08:03:00.035 1842 RALLYDEBUG rally_openstack.cleanup.manager [-] Cleaning up cinder volume_snapshots objects
2019-06-26 08:03:02.004 1842 RALLYDEBUG rally_openstack.cleanup.manager [-] Cleaning up cinder transfers objects
2019-06-26 08:03:03.898 1842 RALLYDEBUG rally_openstack.cleanup.manager [-] Cleaning up cinder volumes objects
2019-06-26 08:03:05.840 1842 INFO rally.task.context [-] Task ed8fa575-41e6-4017-a6d2-8fda5f7fbfb7 | Context cleanup@openstack cleanup() finished in 7.69 sec
2019-06-26 08:03:05.840 1842 INFO rally.task.context [-] Task ed8fa575-41e6-4017-a6d2-8fda5f7fbfb7 | Context quotas@openstack cleanup() started
2019-06-26 08:03:06.414 1842 INFO rally.task.context [-] Task ed8fa575-41e6-4017-a6d2-8fda5f7fbfb7 | Context quotas@openstack cleanup() finished in 0.57 sec
2019-06-26 08:03:06.414 1842 INFO rally.task.context [-] Task ed8fa575-41e6-4017-a6d2-8fda5f7fbfb7 | Context api_versions@openstack cleanup() started
2019-06-26 08:03:06.414 1842 INFO rally.task.context [-] Task ed8fa575-41e6-4017-a6d2-8fda5f7fbfb7 | Context api_versions@openstack cleanup() finished in 0.32 msec
2019-06-26 08:03:06.415 1842 INFO rally.task.context [-] Task ed8fa575-41e6-4017-a6d2-8fda5f7fbfb7 | Context users@openstack cleanup() started
2019-06-26 08:03:13.333 1842 INFO rally.task.context [-] Task ed8fa575-41e6-4017-a6d2-8fda5f7fbfb7 | Context users@openstack cleanup() finished in 6.92 sec
2019-06-26 08:03:14.603 1842 INFO rally.task.engine [-] Load duration is: 26.470926
2019-06-26 08:03:14.604 1842 INFO rally.task.engine [-] Full runner duration is: 26.514895
2019-06-26 08:03:14.604 1842 INFO rally.task.engine [-] Full duration is: 48.923138
2019-06-26 08:03:14.769 1842 INFO rally.task.engine [-] Running workload: position = 2 config = { "version": 2, "title": "A cropped version of a bigger task.", "description": "Auto-generated task from a single workload (uuid=9c9e3af0-97e7-4887-b4e8-5cdf26dcd83f)", "subtasks": [ { "title": "CinderVolumes.create_and_delete_volume", "description": "Create and then delete a volume.", "scenario": { "CinderVolumes.create_and_delete_volume": { "size": 1 } }, "contexts": { "users": { "tenants": 3, "users_per_tenant": 2 }, "quotas": { "cinder": { "gigabytes": -1, "snapshots": -1, "volumes": -1 } }, "api_versions": { "cinder": { "version": 3, "service_type": "volumev3" } } }, "runner": { "constant": { "concurrency": 4, "times": 10 } }, "hooks": [], "sla": { "failure_rate": { "max": 0 } } } ] }
2019-06-26 08:03:14.788 1842 RALLYDEBUG rally_openstack.contexts.keystone.users [-] Creating 3 tenants using 20 threads
2019-06-26 08:03:16.555 1842 RALLYDEBUG rally_openstack.contexts.keystone.users [-] Creating 6 users using 20 threads
2019-06-26 08:03:19.238 1842 INFO rally.task.context [-] Task ed8fa575-41e6-4017-a6d2-8fda5f7fbfb7 | Context users@openstack setup() finished in 4.45 sec
2019-06-26 08:03:19.652 1842 INFO rally.task.context [-] Task ed8fa575-41e6-4017-a6d2-8fda5f7fbfb7 | Context api_versions@openstack setup() finished in 0.41 sec
2019-06-26 08:03:21.184 1842 INFO rally.task.context [-] Task ed8fa575-41e6-4017-a6d2-8fda5f7fbfb7 | Context quotas@openstack setup() finished in 1.53 sec
2019-06-26 08:03:21.185 1842 INFO rally.task.context [-] Task ed8fa575-41e6-4017-a6d2-8fda5f7fbfb7 | Context cleanup@openstack setup() finished in 0.02 msec
2019-06-26 08:03:21.193 1842 RALLYDEBUG rally.task.runner [-] Starting the constant runner (task UUID: ed8fa575-41e6-4017-a6d2-8fda5f7fbfb7). timeout: 0 concurrency: 4 concurrency_per_worker: 1 times: 10 concurrency_overhead: 0 processes_to_start: 4 max_cpu_used: 16
2019-06-26 08:03:21.205 4538 RALLYDEBUG rally.task.runner [-] Starting a worker. concurrency: 1 args: {"size": 1} times: 10 method_name: run timeout: 0 duration: None cls:
2019-06-26 08:03:21.208 4539 RALLYDEBUG rally.task.runner [-] Starting a worker. concurrency: 1 args: {"size": 1} times: 10 method_name: run timeout: 0 duration: None cls:
2019-06-26 08:03:21.211 4541 RALLYDEBUG rally.task.runner [-] Starting a worker. concurrency: 1 args: {"size": 1} times: 10 method_name: run timeout: 0 duration: None cls:
2019-06-26 08:03:21.211 4540 RALLYDEBUG rally.task.runner [-] Starting a worker. concurrency: 1 args: {"size": 1} times: 10 method_name: run timeout: 0 duration: None cls:
2019-06-26 08:03:21.213 4538 INFO rally.task.runner [-] Task ed8fa575-41e6-4017-a6d2-8fda5f7fbfb7 | ITER: 1 START
2019-06-26 08:03:21.216 4539 INFO rally.task.runner [-] Task ed8fa575-41e6-4017-a6d2-8fda5f7fbfb7 | ITER: 2 START
2019-06-26 08:03:21.216 4541 INFO rally.task.runner [-] Task ed8fa575-41e6-4017-a6d2-8fda5f7fbfb7 | ITER: 3 START
2019-06-26 08:03:21.219 4540 INFO rally.task.runner [-] Task ed8fa575-41e6-4017-a6d2-8fda5f7fbfb7 | ITER: 4 START
2019-06-26 08:03:25.267 4541 RALLYDEBUG rally.task.utils [-] Waiting for resource s_rally_9c9e3af0_B85iZXzI. Status changed: AVAILABLE => DELETING in 0.0787980556488
2019-06-26 08:03:25.303 4539 RALLYDEBUG rally.task.utils [-] Waiting for resource s_rally_9c9e3af0_SB3jgcKZ. Status changed: AVAILABLE => DELETING in 0.0555789470673
2019-06-26 08:03:25.324 4538 RALLYDEBUG rally.task.utils [-] Waiting for resource s_rally_9c9e3af0_bDBoZRrt. Status changed: AVAILABLE => DELETING in 0.263736009598
2019-06-26 08:03:25.664 4540 RALLYDEBUG rally.task.utils [-] Waiting for resource s_rally_9c9e3af0_KNaEQFTy. Status changed: AVAILABLE => DELETING in 0.255821943283
2019-06-26 08:03:27.304 4541 INFO rally.task.runner [-] Task ed8fa575-41e6-4017-a6d2-8fda5f7fbfb7 | ITER: 3 END: OK
2019-06-26 08:03:27.310 4541 INFO rally.task.runner [-] Task ed8fa575-41e6-4017-a6d2-8fda5f7fbfb7 | ITER: 5 START
2019-06-26 08:03:27.554 4538 INFO rally.task.runner [-] Task ed8fa575-41e6-4017-a6d2-8fda5f7fbfb7 | ITER: 1 END: OK
2019-06-26 08:03:27.560 4538 INFO rally.task.runner [-] Task ed8fa575-41e6-4017-a6d2-8fda5f7fbfb7 | ITER: 6 START
2019-06-26 08:03:27.602 4539 INFO rally.task.runner [-] Task ed8fa575-41e6-4017-a6d2-8fda5f7fbfb7 | ITER: 2 END: OK
2019-06-26 08:03:27.608 4539 INFO rally.task.runner [-] Task ed8fa575-41e6-4017-a6d2-8fda5f7fbfb7 | ITER: 7 START
2019-06-26 08:03:27.952 4540 INFO rally.task.runner [-] Task ed8fa575-41e6-4017-a6d2-8fda5f7fbfb7 | ITER: 4 END: OK
2019-06-26 08:03:27.956 4540 INFO rally.task.runner [-] Task ed8fa575-41e6-4017-a6d2-8fda5f7fbfb7 | ITER: 8 START
2019-06-26 08:03:31.070 4541 RALLYDEBUG rally.task.utils [-] Waiting for resource s_rally_9c9e3af0_QsYkuRX9. Status changed: AVAILABLE => DELETING in 0.0565378665924
2019-06-26 08:03:31.472 4538 RALLYDEBUG rally.task.utils [-] Waiting for resource s_rally_9c9e3af0_iR7FfUW8. Status changed: AVAILABLE => DELETING in 0.290252923965
2019-06-26 08:03:31.591 4539 RALLYDEBUG rally.task.utils [-] Waiting for resource s_rally_9c9e3af0_UIZLL0qJ. Status changed: AVAILABLE => DELETING in 0.284052848816
2019-06-26 08:03:31.958 4540 RALLYDEBUG rally.task.utils [-] Waiting for resource s_rally_9c9e3af0_UC0g9Wq0. Status changed: AVAILABLE => DELETING in 0.255486011505
2019-06-26 08:03:33.286 4541 INFO rally.task.runner [-] Task ed8fa575-41e6-4017-a6d2-8fda5f7fbfb7 | ITER: 5 END: OK
2019-06-26 08:03:33.292 4541 INFO rally.task.runner [-] Task ed8fa575-41e6-4017-a6d2-8fda5f7fbfb7 | ITER: 9 START
2019-06-26 08:03:33.779 4538 INFO rally.task.runner [-] Task ed8fa575-41e6-4017-a6d2-8fda5f7fbfb7 | ITER: 6 END: OK
2019-06-26 08:03:33.784 4538 INFO rally.task.runner [-] Task ed8fa575-41e6-4017-a6d2-8fda5f7fbfb7 | ITER: 10 START
2019-06-26 08:03:33.815 4539 INFO rally.task.runner [-] Task ed8fa575-41e6-4017-a6d2-8fda5f7fbfb7 | ITER: 7 END: OK
2019-06-26 08:03:34.177 4540 INFO rally.task.runner [-] Task ed8fa575-41e6-4017-a6d2-8fda5f7fbfb7 | ITER: 8 END: OK
2019-06-26 08:03:36.950 4541 INFO rally.task.runner [-] Task ed8fa575-41e6-4017-a6d2-8fda5f7fbfb7 | ITER: 9 END: OK
2019-06-26 08:03:37.842 4538 INFO rally.task.runner [-] Task ed8fa575-41e6-4017-a6d2-8fda5f7fbfb7 | ITER: 10 END: OK
2019-06-26 08:03:37.866 1842 INFO rally.task.context [-] Task ed8fa575-41e6-4017-a6d2-8fda5f7fbfb7 | Context cleanup@openstack cleanup() started
2019-06-26 08:03:37.869 1842 RALLYDEBUG rally_openstack.cleanup.manager [-] Cleaning up cinder backups objects
2019-06-26 08:03:39.961 1842 RALLYDEBUG rally_openstack.cleanup.manager [-] Cleaning up cinder volume_snapshots objects
2019-06-26 08:03:41.912 1842 RALLYDEBUG rally_openstack.cleanup.manager [-] Cleaning up cinder transfers objects
2019-06-26 08:03:43.930 1842 RALLYDEBUG rally_openstack.cleanup.manager [-] Cleaning up cinder volumes objects
2019-06-26 08:03:45.960 1842 INFO rally.task.context [-] Task ed8fa575-41e6-4017-a6d2-8fda5f7fbfb7 | Context cleanup@openstack cleanup() finished in 8.09 sec
2019-06-26 08:03:45.960 1842 INFO rally.task.context [-] Task ed8fa575-41e6-4017-a6d2-8fda5f7fbfb7 | Context quotas@openstack cleanup() started
2019-06-26 08:03:46.599 1842 INFO rally.task.context [-] Task ed8fa575-41e6-4017-a6d2-8fda5f7fbfb7 | Context quotas@openstack cleanup() finished in 0.64 sec
2019-06-26 08:03:46.600 1842 INFO rally.task.context [-] Task ed8fa575-41e6-4017-a6d2-8fda5f7fbfb7 | Context api_versions@openstack cleanup() started
2019-06-26 08:03:46.600 1842 INFO rally.task.context [-] Task ed8fa575-41e6-4017-a6d2-8fda5f7fbfb7 | Context api_versions@openstack cleanup() finished in 0.31 msec
2019-06-26 08:03:46.600 1842 INFO rally.task.context [-] Task ed8fa575-41e6-4017-a6d2-8fda5f7fbfb7 | Context users@openstack cleanup() started
2019-06-26 08:03:53.577 1842 INFO rally.task.context [-] Task ed8fa575-41e6-4017-a6d2-8fda5f7fbfb7 | Context users@openstack cleanup() finished in 6.98 sec
2019-06-26 08:03:54.944 1842 INFO rally.task.engine [-] Load duration is: 16.624841
2019-06-26 08:03:54.944 1842 INFO rally.task.engine [-] Full runner duration is: 16.674182
2019-06-26 08:03:54.944 1842 INFO rally.task.engine [-] Full duration is: 38.795582
2019-06-26 08:03:55.207 1842 INFO rally.task.engine [-] Running workload: position = 0 config = { "version": 2, "title": "A cropped version of a bigger task.", "description": "Auto-generated task from a single workload (uuid=4fdb7e14-884e-45d5-8cf8-62fadb5c890a)", "subtasks": [ { "title": "CinderVolumes.create_and_extend_volume", "description": "Create and extend a volume and then delete it.", "scenario": { "CinderVolumes.create_and_extend_volume": { "new_size": 2, "size": 1 } }, "contexts": { "users": { "tenants": 3, "users_per_tenant": 2 }, "quotas": { "cinder": { "gigabytes": -1, "snapshots": -1, "volumes": -1 } }, "api_versions": { "cinder": { "version": 3, "service_type": "volumev3" } } }, "runner": { "constant": { "concurrency": 4, "times": 10 } }, "hooks": [], "sla": { "failure_rate": { "max": 0 } } } ] }
2019-06-26 08:03:55.230 1842 RALLYDEBUG rally_openstack.contexts.keystone.users [-] Creating 3 tenants using 20 threads
2019-06-26 08:03:56.962 1842 RALLYDEBUG rally_openstack.contexts.keystone.users [-] Creating 6 users using 20 threads
2019-06-26 08:03:59.528 1842 INFO rally.task.context [-] Task ed8fa575-41e6-4017-a6d2-8fda5f7fbfb7 | Context users@openstack setup() finished in 4.30 sec
2019-06-26 08:03:59.965 1842 INFO rally.task.context [-] Task ed8fa575-41e6-4017-a6d2-8fda5f7fbfb7 | Context api_versions@openstack setup() finished in 0.44 sec
2019-06-26 08:04:01.619 1842 INFO rally.task.context [-] Task ed8fa575-41e6-4017-a6d2-8fda5f7fbfb7 | Context quotas@openstack setup() finished in 1.65 sec
2019-06-26 08:04:01.619 1842 INFO rally.task.context [-] Task ed8fa575-41e6-4017-a6d2-8fda5f7fbfb7 | Context cleanup@openstack setup() finished in 0.01 msec
2019-06-26 08:04:01.626 1842 RALLYDEBUG rally.task.runner [-] Starting the constant runner (task UUID: ed8fa575-41e6-4017-a6d2-8fda5f7fbfb7). timeout: 0 concurrency: 4 concurrency_per_worker: 1 times: 10 concurrency_overhead: 0 processes_to_start: 4 max_cpu_used: 16
2019-06-26 08:04:01.639 4722 RALLYDEBUG rally.task.runner [-] Starting a worker. concurrency: 1 args: {"new_size": 2, "size": 1} times: 10 method_name: run timeout: 0 duration: None cls:
2019-06-26 08:04:01.642 4723 RALLYDEBUG rally.task.runner [-] Starting a worker. concurrency: 1 args: {"new_size": 2, "size": 1} times: 10 method_name: run timeout: 0 duration: None cls:
2019-06-26 08:04:01.645 4724 RALLYDEBUG rally.task.runner [-] Starting a worker. concurrency: 1 args: {"new_size": 2, "size": 1} times: 10 method_name: run timeout: 0 duration: None cls:
2019-06-26 08:04:01.646 4725 RALLYDEBUG rally.task.runner [-] Starting a worker. concurrency: 1 args: {"new_size": 2, "size": 1} times: 10 method_name: run timeout: 0 duration: None cls:
2019-06-26 08:04:01.647 4722 INFO rally.task.runner [-] Task ed8fa575-41e6-4017-a6d2-8fda5f7fbfb7 | ITER: 1 START
2019-06-26 08:04:01.649 4723 INFO rally.task.runner [-] Task ed8fa575-41e6-4017-a6d2-8fda5f7fbfb7 | ITER: 2 START
2019-06-26 08:04:01.651 4725 INFO rally.task.runner [-] Task ed8fa575-41e6-4017-a6d2-8fda5f7fbfb7 | ITER: 4 START
2019-06-26 08:04:01.653 4724 INFO rally.task.runner [-] Task ed8fa575-41e6-4017-a6d2-8fda5f7fbfb7 | ITER: 3 START
2019-06-26 08:04:05.838 4723 RALLYDEBUG rally.task.utils [-] Waiting for resource s_rally_4fdb7e14_rRSvLyi9. Status changed: AVAILABLE => EXTENDING in 0.0557520389557
2019-06-26 08:04:06.543 4724 RALLYDEBUG rally.task.utils [-] Waiting for resource s_rally_4fdb7e14_wqs6YdGx. Status changed: AVAILABLE => DELETING in 0.23748588562
2019-06-26 08:04:06.578 4725 RALLYDEBUG rally.task.utils [-] Waiting for resource s_rally_4fdb7e14_JDFBSpMW. Status changed: AVAILABLE => DELETING in 0.260672092438
2019-06-26 08:04:06.600 4722 RALLYDEBUG rally.task.utils [-] Waiting for resource s_rally_4fdb7e14_WxZp5W4R. Status changed: AVAILABLE => DELETING in 0.0533101558685
2019-06-26 08:04:08.076 4723 RALLYDEBUG rally.task.utils [-] Waiting for resource s_rally_4fdb7e14_rRSvLyi9. Status changed: EXTENDING => AVAILABLE in 2.23842096329
2019-06-26 08:04:08.381 4723 RALLYDEBUG rally.task.utils [-] Waiting for resource s_rally_4fdb7e14_rRSvLyi9. Status changed: AVAILABLE => DELETING in 0.0517461299896
2019-06-26 08:04:08.583 4724 INFO rally.task.runner [-] Task ed8fa575-41e6-4017-a6d2-8fda5f7fbfb7 | ITER: 3 END: OK
2019-06-26 08:04:08.589 4724 INFO rally.task.runner [-] Task ed8fa575-41e6-4017-a6d2-8fda5f7fbfb7 | ITER: 5 START
2019-06-26 08:04:08.619 4725 INFO rally.task.runner [-] Task ed8fa575-41e6-4017-a6d2-8fda5f7fbfb7 | ITER: 4 END: OK
2019-06-26 08:04:08.624 4725 INFO rally.task.runner [-] Task ed8fa575-41e6-4017-a6d2-8fda5f7fbfb7 | ITER: 6 START
2019-06-26 08:04:08.825 4722 INFO rally.task.runner [-] Task ed8fa575-41e6-4017-a6d2-8fda5f7fbfb7 | ITER: 1 END: OK
2019-06-26 08:04:08.831 4722 INFO rally.task.runner [-] Task ed8fa575-41e6-4017-a6d2-8fda5f7fbfb7 | ITER: 7 START
2019-06-26 08:04:10.607 4723 INFO rally.task.runner [-] Task ed8fa575-41e6-4017-a6d2-8fda5f7fbfb7 | ITER: 2 END: OK
2019-06-26 08:04:10.611 4723 INFO rally.task.runner [-] Task ed8fa575-41e6-4017-a6d2-8fda5f7fbfb7 | ITER: 8 START
2019-06-26 08:04:12.959 4725 INFO rally.task.runner [-] Task ed8fa575-41e6-4017-a6d2-8fda5f7fbfb7 | ITER: 6 END: OK
2019-06-26 08:04:12.963 4725 INFO rally.task.runner [-] Task ed8fa575-41e6-4017-a6d2-8fda5f7fbfb7 | ITER: 9 START
2019-06-26 08:04:13.196 4722 RALLYDEBUG rally.task.utils [-] Waiting for resource s_rally_4fdb7e14_d1qbkukc. Status changed: AVAILABLE => DELETING in 0.264715194702
2019-06-26 08:04:13.493 4724 RALLYDEBUG rally.task.utils [-] Waiting for resource s_rally_4fdb7e14_zoaZWnyx. Status changed: AVAILABLE => DELETING in 0.257956027985
2019-06-26 08:04:15.032 4723 INFO rally.task.runner [-] Task ed8fa575-41e6-4017-a6d2-8fda5f7fbfb7 | ITER: 8 END: OK
2019-06-26 08:04:15.037 4723 INFO rally.task.runner [-] Task ed8fa575-41e6-4017-a6d2-8fda5f7fbfb7 | ITER: 10 START
2019-06-26 08:04:15.232 4722 INFO rally.task.runner [-] Task ed8fa575-41e6-4017-a6d2-8fda5f7fbfb7 | ITER: 7 END: OK
2019-06-26 08:04:15.719 4724 INFO rally.task.runner [-] Task ed8fa575-41e6-4017-a6d2-8fda5f7fbfb7 | ITER: 5 END: OK
2019-06-26 08:04:17.299 4725 INFO rally.task.runner [-] Task ed8fa575-41e6-4017-a6d2-8fda5f7fbfb7 | ITER: 9 END: OK
2019-06-26 08:04:19.217 4723 RALLYDEBUG rally.task.utils [-] Waiting for resource s_rally_4fdb7e14_fgpIG5Fb. Status changed: AVAILABLE => DELETING in 0.0518488883972
2019-06-26 08:04:21.547 4723 INFO rally.task.runner [-] Task ed8fa575-41e6-4017-a6d2-8fda5f7fbfb7 | ITER: 10 END: OK
2019-06-26 08:04:21.575 1842 INFO rally.task.context [-] Task ed8fa575-41e6-4017-a6d2-8fda5f7fbfb7 | Context cleanup@openstack cleanup() started
2019-06-26 08:04:21.578 1842 RALLYDEBUG rally_openstack.cleanup.manager [-] Cleaning up cinder backups objects
2019-06-26 08:04:23.585 1842 RALLYDEBUG rally_openstack.cleanup.manager [-] Cleaning up cinder volume_snapshots objects
2019-06-26 08:04:25.862 1842 RALLYDEBUG rally_openstack.cleanup.manager [-] Cleaning up cinder transfers objects
2019-06-26 08:04:27.744 1842 RALLYDEBUG rally_openstack.cleanup.manager [-] Cleaning up cinder volumes objects
2019-06-26 08:04:29.788 1842 INFO rally.task.context [-] Task ed8fa575-41e6-4017-a6d2-8fda5f7fbfb7 | Context cleanup@openstack cleanup() finished in 8.21 sec
2019-06-26 08:04:29.788 1842 INFO rally.task.context [-] Task ed8fa575-41e6-4017-a6d2-8fda5f7fbfb7 | Context quotas@openstack cleanup() started
2019-06-26 08:04:30.330 1842 INFO rally.task.context [-] Task ed8fa575-41e6-4017-a6d2-8fda5f7fbfb7 | Context quotas@openstack cleanup() finished in 0.54 sec
2019-06-26 08:04:30.330 1842 INFO rally.task.context [-] Task ed8fa575-41e6-4017-a6d2-8fda5f7fbfb7 | Context api_versions@openstack cleanup() started
2019-06-26 08:04:30.331 1842 INFO rally.task.context [-] Task ed8fa575-41e6-4017-a6d2-8fda5f7fbfb7 | Context api_versions@openstack cleanup() finished in 0.29 msec
2019-06-26 08:04:30.331 1842 INFO rally.task.context [-] Task ed8fa575-41e6-4017-a6d2-8fda5f7fbfb7 | Context users@openstack cleanup() started
2019-06-26 08:04:37.515 1842 INFO rally.task.context [-] Task ed8fa575-41e6-4017-a6d2-8fda5f7fbfb7 | Context users@openstack cleanup() finished in 7.18 sec
2019-06-26 08:04:39.411 1842 INFO rally.task.engine [-] Load duration is: 19.896161
2019-06-26 08:04:39.411 1842 INFO rally.task.engine [-] Full runner duration is: 19.94927
2019-06-26 08:04:39.411 1842 INFO rally.task.engine [-] Full duration is: 42.287877
2019-06-26 08:04:39.684 1842 INFO rally.task.engine [-] Running workload: position = 0 config = { "version": 2, "title": "A cropped version of a bigger task.", "description": "Auto-generated task from a single workload (uuid=a951ad95-0fbf-47b6-9ddb-143fa6f7308c)", "subtasks": [ { "title": "CinderVolumes.create_from_volume_and_delete_volume", "description": "Create volume from volume and then delete it.", "scenario": { "CinderVolumes.create_from_volume_and_delete_volume": { "size": 1 } }, "contexts": { "users": { "tenants": 3, "users_per_tenant": 2 }, "quotas": { "cinder": { "gigabytes": -1, "snapshots": -1, "volumes": -1 } }, "api_versions": { "cinder": { "version": 3, "service_type": "volumev3" } }, "volumes": { "size": 1, "volumes_per_tenant": 1 } }, "runner": { "constant": { "concurrency": 4, "times": 10 } }, "hooks": [], "sla": { "failure_rate": { "max": 0 } } } ] }
2019-06-26 08:04:39.711 1842 RALLYDEBUG rally_openstack.contexts.keystone.users [-] Creating 3 tenants using 20 threads
2019-06-26 08:04:41.539 1842 RALLYDEBUG rally_openstack.contexts.keystone.users [-] Creating 6 users using 20 threads
2019-06-26 08:04:44.154 1842 INFO rally.task.context [-] Task ed8fa575-41e6-4017-a6d2-8fda5f7fbfb7 | Context users@openstack setup() finished in 4.44 sec
2019-06-26 08:04:44.574 1842 INFO rally.task.context [-] Task ed8fa575-41e6-4017-a6d2-8fda5f7fbfb7 | Context api_versions@openstack setup() finished in 0.42 sec
2019-06-26 08:04:46.289 1842 INFO rally.task.context [-] Task ed8fa575-41e6-4017-a6d2-8fda5f7fbfb7 | Context quotas@openstack setup() finished in 1.71 sec
2019-06-26 08:04:56.823 1842 INFO rally.task.context [-] Task ed8fa575-41e6-4017-a6d2-8fda5f7fbfb7 | Context volumes@openstack setup() finished in 10.53 sec
2019-06-26 08:04:56.824 1842 INFO rally.task.context [-] Task ed8fa575-41e6-4017-a6d2-8fda5f7fbfb7 | Context cleanup@openstack setup() finished in 0.00 msec
2019-06-26 08:04:56.832 1842 RALLYDEBUG rally.task.runner [-] Starting the constant runner (task UUID: ed8fa575-41e6-4017-a6d2-8fda5f7fbfb7). timeout: 0 concurrency: 4 concurrency_per_worker: 1 times: 10 concurrency_overhead: 0 processes_to_start: 4 max_cpu_used: 16
2019-06-26 08:04:56.844 4906 RALLYDEBUG rally.task.runner [-] Starting a worker. concurrency: 1 args: {"size": 1} times: 10 method_name: run timeout: 0 duration: None cls:
2019-06-26 08:04:56.846 4907 RALLYDEBUG rally.task.runner [-] Starting a worker. concurrency: 1 args: {"size": 1} times: 10 method_name: run timeout: 0 duration: None cls:
2019-06-26 08:04:56.847 4908 RALLYDEBUG rally.task.runner [-] Starting a worker. concurrency: 1 args: {"size": 1} times: 10 method_name: run timeout: 0 duration: None cls:
2019-06-26 08:04:56.853 4908 INFO rally.task.runner [-] Task ed8fa575-41e6-4017-a6d2-8fda5f7fbfb7 | ITER: 3 START
2019-06-26 08:04:56.853 4909 RALLYDEBUG rally.task.runner [-] Starting a worker. concurrency: 1 args: {"size": 1} times: 10 method_name: run timeout: 0 duration: None cls:
2019-06-26 08:04:56.855 4906 INFO rally.task.runner [-] Task ed8fa575-41e6-4017-a6d2-8fda5f7fbfb7 | ITER: 1 START
2019-06-26 08:04:56.855 4907 INFO rally.task.runner [-] Task ed8fa575-41e6-4017-a6d2-8fda5f7fbfb7 | ITER: 2 START
2019-06-26 08:04:56.867 4909 INFO rally.task.runner [-] Task ed8fa575-41e6-4017-a6d2-8fda5f7fbfb7 | ITER: 4 START
2019-06-26 08:05:00.624 4909 RALLYDEBUG rally.task.utils [-] Waiting for resource s_rally_a951ad95_KGbO1xQw. Status changed: CREATING => AVAILABLE in 0.656821966171
2019-06-26 08:05:00.871 4908 RALLYDEBUG rally.task.utils [-] Waiting for resource s_rally_a951ad95_xrmWefXJ. Status changed: AVAILABLE => DELETING in 0.329535961151
2019-06-26 08:05:00.911 4906 RALLYDEBUG rally.task.utils [-] Waiting for resource s_rally_a951ad95_HODsz7SZ. Status changed: AVAILABLE => DELETING in 0.240730047226
2019-06-26 08:05:00.952 4909 RALLYDEBUG rally.task.utils [-] Waiting for resource s_rally_a951ad95_KGbO1xQw. Status changed: AVAILABLE => DELETING in 0.256632089615
2019-06-26 08:05:02.549 4907 RALLYDEBUG rally.task.utils [-] Waiting for resource s_rally_a951ad95_Y2ZpTUZQ. Status changed: CREATING => AVAILABLE in 2.58629202843
2019-06-26 08:05:02.860 4907 RALLYDEBUG rally.task.utils [-] Waiting for resource s_rally_a951ad95_Y2ZpTUZQ. Status changed: AVAILABLE => DELETING in 0.232048034668
2019-06-26 08:05:07.318 4908 INFO rally.task.runner [-] Task ed8fa575-41e6-4017-a6d2-8fda5f7fbfb7 | ITER: 3 END: OK
2019-06-26 08:05:07.324 4908 INFO rally.task.runner [-] Task ed8fa575-41e6-4017-a6d2-8fda5f7fbfb7 | ITER: 5 START
2019-06-26 08:05:07.392 4907 INFO rally.task.runner [-] Task ed8fa575-41e6-4017-a6d2-8fda5f7fbfb7 | ITER: 2 END: OK
2019-06-26 08:05:07.397 4907 INFO rally.task.runner [-] Task ed8fa575-41e6-4017-a6d2-8fda5f7fbfb7 | ITER: 6 START
2019-06-26 08:05:07.592 4906 INFO rally.task.runner [-] Task ed8fa575-41e6-4017-a6d2-8fda5f7fbfb7 | ITER: 1 END: OK
2019-06-26 08:05:07.595 4906 INFO rally.task.runner [-] Task ed8fa575-41e6-4017-a6d2-8fda5f7fbfb7 | ITER: 7 START
2019-06-26 08:05:07.598 4909 INFO rally.task.runner [-] Task ed8fa575-41e6-4017-a6d2-8fda5f7fbfb7 | ITER: 4 END: OK
2019-06-26 08:05:07.603 4909 INFO rally.task.runner [-] Task ed8fa575-41e6-4017-a6d2-8fda5f7fbfb7 | ITER: 8 START
2019-06-26 08:05:11.185 4907 RALLYDEBUG rally.task.utils [-] Waiting for resource s_rally_a951ad95_MIJHFgJ2. Status changed: CREATING => AVAILABLE in 0.663460016251
2019-06-26 08:05:11.677 4907 RALLYDEBUG rally.task.utils [-] Waiting for resource s_rally_a951ad95_MIJHFgJ2. Status changed: AVAILABLE => DELETING in 0.243623971939
2019-06-26 08:05:13.415 4908 RALLYDEBUG rally.task.utils [-] Waiting for resource s_rally_a951ad95_ANGeGde1. Status changed: CREATING => AVAILABLE in 3.0119600296
2019-06-26 08:05:13.421 4909 RALLYDEBUG rally.task.utils [-] Waiting for resource s_rally_a951ad95_9Ntxneuv. Status changed: CREATING => AVAILABLE in 2.82289719582
2019-06-26 08:05:13.456 4906 RALLYDEBUG rally.task.utils [-] Waiting for resource s_rally_a951ad95_wGJSQv6a. Status changed: CREATING => AVAILABLE in 2.87016487122
2019-06-26 08:05:13.534 4908 RALLYDEBUG rally.task.utils [-] Waiting for resource s_rally_a951ad95_ANGeGde1. Status changed: AVAILABLE => DELETING in 0.0524849891663
2019-06-26 08:05:13.873 4906 RALLYDEBUG rally.task.utils [-] Waiting for resource s_rally_a951ad95_wGJSQv6a. Status changed: AVAILABLE => DELETING in 0.0658621788025
2019-06-26 08:05:13.985 4909 RALLYDEBUG rally.task.utils [-] Waiting for resource s_rally_a951ad95_9Ntxneuv. Status changed: AVAILABLE => DELETING in 0.245146989822
2019-06-26 08:05:15.838 4907 INFO rally.task.runner [-] Task ed8fa575-41e6-4017-a6d2-8fda5f7fbfb7 | ITER: 6 END: OK
2019-06-26 08:05:15.843 4907 INFO rally.task.runner [-] Task ed8fa575-41e6-4017-a6d2-8fda5f7fbfb7 | ITER: 9 START
2019-06-26 08:05:17.894 4908 INFO rally.task.runner [-] Task ed8fa575-41e6-4017-a6d2-8fda5f7fbfb7 | ITER: 5 END: OK
2019-06-26 08:05:17.898 4908 INFO rally.task.runner [-] Task ed8fa575-41e6-4017-a6d2-8fda5f7fbfb7 | ITER: 10 START
2019-06-26 08:05:18.155 4906 INFO rally.task.runner [-] Task ed8fa575-41e6-4017-a6d2-8fda5f7fbfb7 | ITER: 7 END: OK
2019-06-26 08:05:18.346 4909 INFO rally.task.runner [-] Task ed8fa575-41e6-4017-a6d2-8fda5f7fbfb7 | ITER: 8 END: OK
2019-06-26 08:05:19.645 4907 RALLYDEBUG rally.task.utils [-] Waiting for resource s_rally_a951ad95_Q3btAYAL. Status changed: AVAILABLE => DELETING in 0.241046905518
2019-06-26 08:05:21.716 4908 RALLYDEBUG rally.task.utils [-] Waiting for resource s_rally_a951ad95_SbyeOJV5. Status changed: AVAILABLE => DELETING in 0.0726997852325
2019-06-26 08:05:21.868 4907 INFO rally.task.runner [-] Task ed8fa575-41e6-4017-a6d2-8fda5f7fbfb7 | ITER: 9 END: OK
2019-06-26 08:05:23.758 4908 INFO rally.task.runner [-] Task ed8fa575-41e6-4017-a6d2-8fda5f7fbfb7 | ITER: 10 END: OK
2019-06-26 08:05:23.783 1842 INFO rally.task.context [-] Task ed8fa575-41e6-4017-a6d2-8fda5f7fbfb7 | Context cleanup@openstack cleanup() started
2019-06-26 08:05:23.785 1842 RALLYDEBUG rally_openstack.cleanup.manager [-] Cleaning up cinder backups objects
2019-06-26 08:05:25.808 1842 RALLYDEBUG rally_openstack.cleanup.manager [-] Cleaning up cinder volume_snapshots objects
2019-06-26 08:05:27.697 1842 RALLYDEBUG rally_openstack.cleanup.manager [-] Cleaning up cinder transfers objects
2019-06-26 08:05:29.725 1842 RALLYDEBUG rally_openstack.cleanup.manager [-] Cleaning up cinder volumes objects
2019-06-26 08:05:31.871 1842 INFO rally.task.context [-] Task ed8fa575-41e6-4017-a6d2-8fda5f7fbfb7 | Context cleanup@openstack cleanup() finished in 8.09 sec
2019-06-26 08:05:31.872 1842 INFO rally.task.context [-] Task ed8fa575-41e6-4017-a6d2-8fda5f7fbfb7 | Context volumes@openstack cleanup() started
2019-06-26 08:05:31.872 1842 RALLYDEBUG rally_openstack.cleanup.manager [-] Cleaning up cinder volumes objects
2019-06-26 08:05:33.930 1842 RALLYDEBUG rally_openstack.cleanup.manager [-] Deleting cinder.volumes object c_rally_a951ad95_AzS0R7XV (0d9b704d-47e6-4b0f-8301-46c8fb3865cb)
2019-06-26 08:05:33.936 1842 RALLYDEBUG rally_openstack.cleanup.manager [-] Deleting cinder.volumes object c_rally_a951ad95_X14VbUY1 (dacb25a5-16ba-47fa-a2a9-599b5ff58586)
2019-06-26 08:05:33.939 1842 RALLYDEBUG rally_openstack.cleanup.manager [-] Deleting cinder.volumes object c_rally_a951ad95_UWTIo6n1 (ad21fa35-d597-4e20-83a0-7e3f975f9e10)
2019-06-26 08:05:37.401 1842 INFO rally.task.context [-] Task ed8fa575-41e6-4017-a6d2-8fda5f7fbfb7 | Context volumes@openstack cleanup() finished in 5.53 sec
2019-06-26 08:05:37.401 1842 INFO rally.task.context [-] Task ed8fa575-41e6-4017-a6d2-8fda5f7fbfb7 | Context quotas@openstack cleanup() started
2019-06-26 08:05:37.673 1842 INFO rally.task.context [-] Task ed8fa575-41e6-4017-a6d2-8fda5f7fbfb7 | Context quotas@openstack cleanup() finished in 0.27 sec
2019-06-26 08:05:37.674 1842 INFO rally.task.context [-] Task ed8fa575-41e6-4017-a6d2-8fda5f7fbfb7 | Context api_versions@openstack cleanup() started
2019-06-26 08:05:37.674 1842 INFO rally.task.context [-] Task ed8fa575-41e6-4017-a6d2-8fda5f7fbfb7 | Context api_versions@openstack cleanup() finished in 0.32 msec
2019-06-26 08:05:37.674 1842 INFO rally.task.context [-] Task ed8fa575-41e6-4017-a6d2-8fda5f7fbfb7 | Context users@openstack cleanup() started
2019-06-26 08:05:44.645 1842 INFO rally.task.context [-] Task ed8fa575-41e6-4017-a6d2-8fda5f7fbfb7 | Context users@openstack cleanup() finished in 6.97 sec
2019-06-26 08:05:45.967 1842 INFO rally.task.engine [-] Load duration is: 26.903084
2019-06-26 08:05:45.967 1842 INFO rally.task.engine [-] Full runner duration is: 26.952038
2019-06-26 08:05:45.968 1842 INFO rally.task.engine [-] Full duration is: 64.938678
2019-06-26 08:05:46.237 1842 INFO rally.task.engine [-] Running workload: position = 0 config = { "version": 2, "title": "A cropped version of a bigger task.", "description": "Auto-generated task from a single workload (uuid=38f090a2-6dcc-422a-a614-95b637ddf445)", "subtasks": [ { "title": "CinderQos.create_and_get_qos", "description": "Create a qos, then get details of the qos.", "scenario": { "CinderQos.create_and_get_qos": { "consumer": "both", "write_iops_sec": "10", "read_iops_sec": "1000" } }, "contexts": { "users": { "tenants": 3, "users_per_tenant": 2 }, "api_versions": { "cinder": { "version": 3, "service_type": "volumev3" } } }, "runner": { "constant": { "concurrency": 4, "times": 10 } }, "hooks": [], "sla": { "failure_rate": { "max": 0 } } } ] }
2019-06-26 08:05:46.260 1842 RALLYDEBUG rally_openstack.contexts.keystone.users [-] Creating 3 tenants using 20 threads
2019-06-26 08:05:47.999 1842 RALLYDEBUG rally_openstack.contexts.keystone.users [-] Creating 6 users using 20 threads
2019-06-26 08:05:50.688 1842 INFO rally.task.context [-] Task ed8fa575-41e6-4017-a6d2-8fda5f7fbfb7 | Context users@openstack setup() finished in 4.43 sec
2019-06-26 08:05:51.123 1842 INFO rally.task.context [-] Task ed8fa575-41e6-4017-a6d2-8fda5f7fbfb7 | Context api_versions@openstack setup() finished in 0.43 sec
2019-06-26 08:05:51.124 1842 INFO rally.task.context [-] Task ed8fa575-41e6-4017-a6d2-8fda5f7fbfb7 | Context admin_cleanup@openstack setup() finished in 0.01 msec
2019-06-26 08:05:51.131 1842 RALLYDEBUG rally.task.runner [-] Starting the constant runner (task UUID: ed8fa575-41e6-4017-a6d2-8fda5f7fbfb7). timeout: 0 concurrency: 4 concurrency_per_worker: 1 times: 10 concurrency_overhead: 0 processes_to_start: 4 max_cpu_used: 16
2019-06-26 08:05:51.144 5110 RALLYDEBUG rally.task.runner [-] Starting a worker. concurrency: 1 args: {"consumer": "both", "write_iops_sec": "10", "read_iops_sec": "1000"} times: 10 method_name: run timeout: 0 duration: None cls:
2019-06-26 08:05:51.146 5111 RALLYDEBUG rally.task.runner [-] Starting a worker. concurrency: 1 args: {"consumer": "both", "write_iops_sec": "10", "read_iops_sec": "1000"} times: 10 method_name: run timeout: 0 duration: None cls:
2019-06-26 08:05:51.149 5112 RALLYDEBUG rally.task.runner [-] Starting a worker. concurrency: 1 args: {"consumer": "both", "write_iops_sec": "10", "read_iops_sec": "1000"} times: 10 method_name: run timeout: 0 duration: None cls:
2019-06-26 08:05:51.152 5110 INFO rally.task.runner [-] Task ed8fa575-41e6-4017-a6d2-8fda5f7fbfb7 | ITER: 1 START
2019-06-26 08:05:51.152 5113 RALLYDEBUG rally.task.runner [-] Starting a worker. concurrency: 1 args: {"consumer": "both", "write_iops_sec": "10", "read_iops_sec": "1000"} times: 10 method_name: run timeout: 0 duration: None cls:
2019-06-26 08:05:51.154 5111 INFO rally.task.runner [-] Task ed8fa575-41e6-4017-a6d2-8fda5f7fbfb7 | ITER: 2 START
2019-06-26 08:05:51.156 5112 INFO rally.task.runner [-] Task ed8fa575-41e6-4017-a6d2-8fda5f7fbfb7 | ITER: 3 START
2019-06-26 08:05:51.159 5113 INFO rally.task.runner [-] Task ed8fa575-41e6-4017-a6d2-8fda5f7fbfb7 | ITER: 4 START
2019-06-26 08:05:52.361 5111 INFO rally.task.runner [-] Task ed8fa575-41e6-4017-a6d2-8fda5f7fbfb7 | ITER: 2 END: OK
2019-06-26 08:05:52.365 5111 INFO rally.task.runner [-] Task ed8fa575-41e6-4017-a6d2-8fda5f7fbfb7 | ITER: 5 START
2019-06-26 08:05:52.380 5112 INFO rally.task.runner [-] Task ed8fa575-41e6-4017-a6d2-8fda5f7fbfb7 | ITER: 3 END: OK
2019-06-26 08:05:52.383 5110 INFO rally.task.runner [-] Task ed8fa575-41e6-4017-a6d2-8fda5f7fbfb7 | ITER: 1 END: OK
2019-06-26 08:05:52.385 5112 INFO rally.task.runner [-] Task ed8fa575-41e6-4017-a6d2-8fda5f7fbfb7 | ITER: 6 START
2019-06-26 08:05:52.387 5110 INFO rally.task.runner [-] Task ed8fa575-41e6-4017-a6d2-8fda5f7fbfb7 | ITER: 7 START
2019-06-26 08:05:52.450 5113 INFO rally.task.runner [-] Task ed8fa575-41e6-4017-a6d2-8fda5f7fbfb7 | ITER: 4 END: OK
2019-06-26 08:05:52.453 5113 INFO rally.task.runner [-] Task ed8fa575-41e6-4017-a6d2-8fda5f7fbfb7 | ITER: 8 START
2019-06-26 08:05:53.286 5112 INFO rally.task.runner [-] Task ed8fa575-41e6-4017-a6d2-8fda5f7fbfb7 | ITER: 6 END: OK
2019-06-26 08:05:53.290 5112 INFO rally.task.runner [-] Task ed8fa575-41e6-4017-a6d2-8fda5f7fbfb7 | ITER: 9 START
2019-06-26 08:05:53.296 5110 INFO rally.task.runner [-] Task ed8fa575-41e6-4017-a6d2-8fda5f7fbfb7 | ITER: 7 END: OK
2019-06-26 08:05:53.300 5110 INFO rally.task.runner [-] Task ed8fa575-41e6-4017-a6d2-8fda5f7fbfb7 | ITER: 10 START
2019-06-26 08:05:53.376 5111 INFO rally.task.runner [-] Task ed8fa575-41e6-4017-a6d2-8fda5f7fbfb7 | ITER: 5 END: OK
2019-06-26 08:05:53.435 5113 INFO rally.task.runner [-] Task ed8fa575-41e6-4017-a6d2-8fda5f7fbfb7 | ITER: 8 END: OK
2019-06-26 08:05:54.162 5112 INFO rally.task.runner [-] Task ed8fa575-41e6-4017-a6d2-8fda5f7fbfb7 | ITER: 9 END: OK
2019-06-26 08:05:54.225 5110 INFO rally.task.runner [-] Task ed8fa575-41e6-4017-a6d2-8fda5f7fbfb7 | ITER: 10 END: OK
2019-06-26 08:05:54.259 1842 INFO rally.task.context [-] Task ed8fa575-41e6-4017-a6d2-8fda5f7fbfb7 | Context admin_cleanup@openstack cleanup() started
2019-06-26 08:05:54.261 1842 RALLYDEBUG rally_openstack.cleanup.manager [-] Cleaning up cinder volume_types objects
2019-06-26 08:05:55.042 1842 RALLYDEBUG rally_openstack.cleanup.manager [-] Cleaning up cinder image_volumes_cache objects
2019-06-26 08:05:55.997 1842 RALLYDEBUG rally_openstack.cleanup.manager [-] Cleaning up cinder quotas objects
2019-06-26 08:05:57.629 1842 RALLYDEBUG rally_openstack.cleanup.manager [-] Cleaning up cinder qos_specs objects
2019-06-26 08:05:58.362 1842 RALLYDEBUG rally_openstack.cleanup.manager [-] Deleting cinder.qos_specs object s_rally_38f090a2_HsIlPXhE (d5240840-18d4-48ba-b06e-b61191c6f7da)
2019-06-26 08:05:58.362 1842 RALLYDEBUG rally_openstack.cleanup.manager [-] Deleting cinder.qos_specs object s_rally_38f090a2_K5b6Cm2w (ebad75c9-67f7-4f60-8c2f-d4e00cf87b6f)
2019-06-26 08:05:58.366 1842 RALLYDEBUG rally_openstack.cleanup.manager [-] Deleting cinder.qos_specs object s_rally_38f090a2_TdIsnOR0 (b58c900c-9c7f-4568-a21f-32a5788ba9e8)
2019-06-26 08:05:58.372 1842 RALLYDEBUG rally_openstack.cleanup.manager [-] Deleting cinder.qos_specs object s_rally_38f090a2_lYf5f8aW (af66fa76-c09a-4f32-b924-5cf05f2f2789)
2019-06-26 08:05:58.380 1842 RALLYDEBUG rally_openstack.cleanup.manager [-] Deleting cinder.qos_specs object s_rally_38f090a2_lg6Mfpej (63bb6d08-6dbe-493a-9004-711d2664c6d7)
2019-06-26 08:05:58.390 1842 RALLYDEBUG rally_openstack.cleanup.manager [-] Deleting cinder.qos_specs object s_rally_38f090a2_7ZWOy49q (60e91453-4cc1-4926-98cd-a02276b81240)
2019-06-26 08:05:58.401 1842 RALLYDEBUG rally_openstack.cleanup.manager [-] Deleting cinder.qos_specs object s_rally_38f090a2_QRPlHUaB (e1c5062b-9d92-4c55-ac7d-a93210f436b8)
2019-06-26 08:05:58.419 1842 RALLYDEBUG rally_openstack.cleanup.manager [-] Deleting cinder.qos_specs object s_rally_38f090a2_ByRm4dh2 (b4a34b8c-afd1-45ce-876a-74b8ce8721a9)
2019-06-26 08:05:58.428 1842 RALLYDEBUG rally_openstack.cleanup.manager [-] Deleting cinder.qos_specs object s_rally_38f090a2_Bz8b7AHU (95c02af3-2b47-415c-abcd-58eea3e6f5f5)
2019-06-26 08:05:58.434 1842 RALLYDEBUG rally_openstack.cleanup.manager [-] Deleting cinder.qos_specs object s_rally_38f090a2_Ki7WRmvk (63a1c769-314f-461d-9bf1-88542bf8937c)
2019-06-26 08:06:00.711 1842 INFO rally.task.context [-] Task ed8fa575-41e6-4017-a6d2-8fda5f7fbfb7 | Context admin_cleanup@openstack cleanup() finished in 6.45 sec
2019-06-26 08:06:00.712 1842 INFO rally.task.context [-] Task ed8fa575-41e6-4017-a6d2-8fda5f7fbfb7 | Context api_versions@openstack cleanup() started
2019-06-26 08:06:00.712 1842 INFO rally.task.context [-] Task ed8fa575-41e6-4017-a6d2-8fda5f7fbfb7 | Context api_versions@openstack cleanup() finished in 0.35 msec
2019-06-26 08:06:00.713 1842 INFO rally.task.context [-] Task ed8fa575-41e6-4017-a6d2-8fda5f7fbfb7 | Context users@openstack cleanup() started
2019-06-26 08:06:08.307 1842 INFO rally.task.context [-] Task ed8fa575-41e6-4017-a6d2-8fda5f7fbfb7 | Context users@openstack cleanup() finished in 7.59 sec
2019-06-26 08:06:08.530 1842 INFO rally.task.engine [-] Load duration is: 3.068194
2019-06-26 08:06:08.531 1842 INFO rally.task.engine [-] Full runner duration is: 3.12789
2019-06-26 08:06:08.531 1842 INFO rally.task.engine [-] Full duration is: 22.051127
2019-06-26 08:06:08.794 1842 INFO rally.task.engine [-] Running workload: position = 0 config = { "version": 2, "title": "A cropped version of a bigger task.", "description": "Auto-generated task from a single workload (uuid=a3d3984f-ba2b-49c3-a789-d559df89ba78)", "subtasks": [ { "title": "CinderQos.create_and_list_qos", "description": "Create a qos, then list all qos.", "scenario": { "CinderQos.create_and_list_qos": { "consumer": "both", "write_iops_sec": "10", "read_iops_sec": "1000" } }, "contexts": { "users": { "tenants": 3, "users_per_tenant": 2 }, "api_versions": { "cinder": { "version": 3, "service_type": "volumev3" } } }, "runner": { "constant": { "concurrency": 4, "times": 10 } }, "hooks": [], "sla": { "failure_rate": { "max": 0 } } } ] }
2019-06-26 08:06:08.814 1842 RALLYDEBUG rally_openstack.contexts.keystone.users [-] Creating 3 tenants using 20 threads
2019-06-26 08:06:10.554 1842 RALLYDEBUG rally_openstack.contexts.keystone.users [-] Creating 6 users using 20 threads
2019-06-26 08:06:13.288 1842 INFO rally.task.context [-] Task ed8fa575-41e6-4017-a6d2-8fda5f7fbfb7 | Context users@openstack setup() finished in 4.47 sec
2019-06-26 08:06:13.716 1842 INFO rally.task.context [-] Task ed8fa575-41e6-4017-a6d2-8fda5f7fbfb7 | Context api_versions@openstack setup() finished in 0.43 sec
2019-06-26 08:06:13.717 1842 INFO rally.task.context [-] Task ed8fa575-41e6-4017-a6d2-8fda5f7fbfb7 | Context admin_cleanup@openstack setup() finished in 0.01 msec
2019-06-26 08:06:13.724 1842 RALLYDEBUG rally.task.runner [-] Starting the constant runner (task UUID: ed8fa575-41e6-4017-a6d2-8fda5f7fbfb7). timeout: 0 concurrency: 4 concurrency_per_worker: 1 times: 10 concurrency_overhead: 0 processes_to_start: 4 max_cpu_used: 16
2019-06-26 08:06:13.735 5294 RALLYDEBUG rally.task.runner [-] Starting a worker. concurrency: 1 args: {"consumer": "both", "write_iops_sec": "10", "read_iops_sec": "1000"} times: 10 method_name: run timeout: 0 duration: None cls:
2019-06-26 08:06:13.738 5295 RALLYDEBUG rally.task.runner [-] Starting a worker. concurrency: 1 args: {"consumer": "both", "write_iops_sec": "10", "read_iops_sec": "1000"} times: 10 method_name: run timeout: 0 duration: None cls:
2019-06-26 08:06:13.742 5296 RALLYDEBUG rally.task.runner [-] Starting a worker. concurrency: 1 args: {"consumer": "both", "write_iops_sec": "10", "read_iops_sec": "1000"} times: 10 method_name: run timeout: 0 duration: None cls:
2019-06-26 08:06:13.743 5294 INFO rally.task.runner [-] Task ed8fa575-41e6-4017-a6d2-8fda5f7fbfb7 | ITER: 1 START
2019-06-26 08:06:13.744 5297 RALLYDEBUG rally.task.runner [-] Starting a worker. concurrency: 1 args: {"consumer": "both", "write_iops_sec": "10", "read_iops_sec": "1000"} times: 10 method_name: run timeout: 0 duration: None cls:
2019-06-26 08:06:13.746 5295 INFO rally.task.runner [-] Task ed8fa575-41e6-4017-a6d2-8fda5f7fbfb7 | ITER: 2 START
2019-06-26 08:06:13.749 5296 INFO rally.task.runner [-] Task ed8fa575-41e6-4017-a6d2-8fda5f7fbfb7 | ITER: 3 START
2019-06-26 08:06:13.751 5297 INFO rally.task.runner [-] Task ed8fa575-41e6-4017-a6d2-8fda5f7fbfb7 | ITER: 4 START
2019-06-26 08:06:14.891 5295 INFO rally.task.runner [-] Task ed8fa575-41e6-4017-a6d2-8fda5f7fbfb7 | ITER: 2 END: OK
2019-06-26 08:06:14.895 5295 INFO rally.task.runner [-] Task ed8fa575-41e6-4017-a6d2-8fda5f7fbfb7 | ITER: 5 START
2019-06-26 08:06:14.928 5297 INFO rally.task.runner [-] Task ed8fa575-41e6-4017-a6d2-8fda5f7fbfb7 | ITER: 4 END: OK
2019-06-26 08:06:14.933 5297 INFO rally.task.runner [-] Task ed8fa575-41e6-4017-a6d2-8fda5f7fbfb7 | ITER: 6 START
2019-06-26 08:06:14.971 5296 INFO rally.task.runner [-] Task ed8fa575-41e6-4017-a6d2-8fda5f7fbfb7 | ITER: 3 END: OK
2019-06-26 08:06:14.975 5296 INFO rally.task.runner [-] Task ed8fa575-41e6-4017-a6d2-8fda5f7fbfb7 | ITER: 7 START
2019-06-26 08:06:15.024 5294 INFO rally.task.runner [-] Task ed8fa575-41e6-4017-a6d2-8fda5f7fbfb7 | ITER: 1 END: OK
2019-06-26 08:06:15.028 5294 INFO rally.task.runner [-] Task ed8fa575-41e6-4017-a6d2-8fda5f7fbfb7 | ITER: 8 START
2019-06-26 08:06:15.935 5297 INFO rally.task.runner [-] Task ed8fa575-41e6-4017-a6d2-8fda5f7fbfb7 | ITER: 6 END: OK
2019-06-26 08:06:15.940 5297 INFO rally.task.runner [-] Task ed8fa575-41e6-4017-a6d2-8fda5f7fbfb7 | ITER: 9 START
2019-06-26 08:06:16.029 5296 INFO rally.task.runner [-] Task ed8fa575-41e6-4017-a6d2-8fda5f7fbfb7 | ITER: 7 END: OK
2019-06-26 08:06:16.032 5296 INFO rally.task.runner [-] Task ed8fa575-41e6-4017-a6d2-8fda5f7fbfb7 | ITER: 10 START
2019-06-26 08:06:16.055 5295 INFO rally.task.runner [-] Task ed8fa575-41e6-4017-a6d2-8fda5f7fbfb7 | ITER: 5 END: OK
2019-06-26 08:06:16.124 5294 INFO rally.task.runner [-] Task ed8fa575-41e6-4017-a6d2-8fda5f7fbfb7 | ITER: 8 END: OK
2019-06-26 08:06:16.843 5297 INFO rally.task.runner [-] Task ed8fa575-41e6-4017-a6d2-8fda5f7fbfb7 | ITER: 9 END: OK
2019-06-26 08:06:16.906 5296 INFO rally.task.runner [-] Task ed8fa575-41e6-4017-a6d2-8fda5f7fbfb7 | ITER: 10 END: OK
2019-06-26 08:06:16.934 1842 INFO rally.task.context [-] Task ed8fa575-41e6-4017-a6d2-8fda5f7fbfb7 | Context admin_cleanup@openstack cleanup() started
2019-06-26 08:06:16.937 1842 RALLYDEBUG rally_openstack.cleanup.manager [-] Cleaning up cinder volume_types objects
2019-06-26 08:06:17.578 1842 RALLYDEBUG rally_openstack.cleanup.manager [-] Cleaning up cinder image_volumes_cache objects
2019-06-26 08:06:18.513 1842 RALLYDEBUG rally_openstack.cleanup.manager [-] Cleaning up cinder quotas objects
2019-06-26 08:06:20.144 1842 RALLYDEBUG rally_openstack.cleanup.manager [-] Cleaning up cinder qos_specs objects
2019-06-26 08:06:20.788 1842 RALLYDEBUG rally_openstack.cleanup.manager [-] Deleting cinder.qos_specs object s_rally_a3d3984f_oBk99SZe (dcffd288-0e49-4190-8bab-ad56e9c2bd47)
2019-06-26 08:06:20.792 1842 RALLYDEBUG rally_openstack.cleanup.manager [-] Deleting cinder.qos_specs object s_rally_a3d3984f_XhCwI74a (75c18e89-36b3-42f7-943f-e79518dd4a66)
2019-06-26 08:06:20.806 1842 RALLYDEBUG rally_openstack.cleanup.manager [-] Deleting cinder.qos_specs object s_rally_a3d3984f_tGpca75E (cc749eca-a9a5-4f63-a4d8-e39bd3c1be14)
2019-06-26 08:06:20.811 1842 RALLYDEBUG rally_openstack.cleanup.manager [-] Deleting cinder.qos_specs object s_rally_a3d3984f_BQRloEGT (762e3156-907b-4e33-95c9-bc218f12f846)
2019-06-26 08:06:20.824 1842 RALLYDEBUG rally_openstack.cleanup.manager [-] Deleting cinder.qos_specs object s_rally_a3d3984f_wcJVlIqf (322f6912-82d6-466d-9a81-3a830a92a9f8)
2019-06-26 08:06:20.836 1842 RALLYDEBUG rally_openstack.cleanup.manager [-] Deleting cinder.qos_specs object s_rally_a3d3984f_f63dkViJ (0fa69e59-1d6d-4f08-9448-4a07e44ae1fa)
