2019-06-26 07:37:53.017 7 RALLYDEBUG rally.api [-] INFO logs from urllib3 and requests module are hide.
2019-06-26 07:37:53.018 7 RALLYDEBUG rally.api [-] urllib3 insecure warnings are hidden.
2019-06-26 07:37:53.018 7 RALLYDEBUG rally.api [-] ERROR log from boto module is hide.
2019-06-26 07:37:54.164 7 ERROR rally.cli.cliutils [-] Unexpected exception in CLI: DBRecordNotFound: Record for uuid or name is opnfv-rally not found in table envs
2019-06-26 07:37:54.164 7 ERROR rally.cli.cliutils
Traceback (most recent call last):
2019-06-26 07:37:54.164 7 ERROR rally.cli.cliutils
File "/usr/lib/python2.7/site-packages/rally/cli/cliutils.py", line 674, in run
2019-06-26 07:37:54.164 7 ERROR rally.cli.cliutils ret = fn(*fn_args, **fn_kwargs)
2019-06-26 07:37:54.164 7 ERROR rally.cli.cliutils File "", line 2, in destroy
2019-06-26 07:37:54.164 7 ERROR rally.cli.cliutils
File "/usr/lib/python2.7/site-packages/rally/cli/envutils.py", line 69, in default_from_global
2019-06-26 07:37:54.164 7 ERROR rally.cli.cliutils return f(*args, **kwargs)
2019-06-26 07:37:54.164 7 ERROR rally.cli.cliutils File "", line 2, in destroy
2019-06-26 07:37:54.164 7 ERROR rally.cli.cliutils
File "/usr/lib/python2.7/site-packages/rally/plugins/__init__.py", line 51, in ensure_plugins_are_loaded
2019-06-26 07:37:54.164 7 ERROR rally.cli.cliutils return f(*args, **kwargs)
2019-06-26 07:37:54.164 7 ERROR rally.cli.cliutils
File "/usr/lib/python2.7/site-packages/rally/cli/commands/deployment.py", line 140, in destroy
2019-06-26 07:37:54.164 7 ERROR rally.cli.cliutils api.deployment.destroy(deployment=deployment)
2019-06-26 07:37:54.164 7 ERROR rally.cli.cliutils
File "/usr/lib/python2.7/site-packages/rally/api.py", line 115, in destroy
2019-06-26 07:37:54.164 7 ERROR rally.cli.cliutils deploy = objects.Deployment.get(deployment)
2019-06-26 07:37:54.164 7 ERROR rally.cli.cliutils
File "/usr/lib/python2.7/site-packages/rally/common/objects/deploy.py", line 124, in get
2019-06-26 07:37:54.164 7 ERROR rally.cli.cliutils return Deployment(env_mgr.EnvManager.get(deploy))
2019-06-26 07:37:54.164 7 ERROR rally.cli.cliutils
File "/usr/lib/python2.7/site-packages/rally/env/env_mgr.py", line 212, in get
2019-06-26 07:37:54.164 7 ERROR rally.cli.cliutils return cls(db.env_get(uuid_or_name))
2019-06-26 07:37:54.164 7 ERROR rally.cli.cliutils
File "/usr/lib/python2.7/site-packages/rally/common/db/api.py", line 135, in wrapper
2019-06-26 07:37:54.164 7 ERROR rally.cli.cliutils result = f(session, *args, **kwargs)
2019-06-26 07:37:54.164 7 ERROR rally.cli.cliutils
File "/usr/lib/python2.7/site-packages/rally/common/db/api.py", line 521, in env_get
2019-06-26 07:37:54.164 7 ERROR rally.cli.cliutils criteria="uuid or name is %s" % uuid_or_name, table="envs")
2019-06-26 07:37:54.164 7 ERROR rally.cli.cliutils DBRecordNotFound: Record for uuid or name is opnfv-rally not found in table envs
2019-06-26 07:37:54.164 7 ERROR rally.cli.cliutils
2019-06-26 07:37:54.914 9 RALLYDEBUG rally.api [-] INFO logs from urllib3 and requests module are hide.
2019-06-26 07:37:54.915 9 RALLYDEBUG rally.api [-] urllib3 insecure warnings are hidden.
2019-06-26 07:37:54.915 9 RALLYDEBUG rally.api [-] ERROR log from boto module is hide.
2019-06-26 07:37:56.065 9 WARNING rally_openstack.platforms.existing [-] endpoint is deprecated and not used.
2019-06-26 07:37:56.874 11 RALLYDEBUG rally.api [-] INFO logs from urllib3 and requests module are hide.
2019-06-26 07:37:56.874 11 RALLYDEBUG rally.api [-] urllib3 insecure warnings are hidden.
2019-06-26 07:37:56.874 11 RALLYDEBUG rally.api [-] ERROR log from boto module is hide.
2019-06-26 07:38:00.049 14 RALLYDEBUG rally.api [-] INFO logs from urllib3 and requests module are hide.
2019-06-26 07:38:00.050 14 RALLYDEBUG rally.api [-] urllib3 insecure warnings are hidden.
2019-06-26 07:38:00.050 14 RALLYDEBUG rally.api [-] ERROR log from boto module is hide.
2019-06-26 07:38:01.354 16 RALLYDEBUG rally.api [-] INFO logs from urllib3 and requests module are hide.
2019-06-26 07:38:01.355 16 RALLYDEBUG rally.api [-] urllib3 insecure warnings are hidden.
2019-06-26 07:38:01.355 16 RALLYDEBUG rally.api [-] ERROR log from boto module is hide.
2019-06-26 07:38:02.684 16 INFO rally.task.engine [-] Task 1875171a-b462-4f1c-aeb5-fd039599f02a | Starting: Task validation.
2019-06-26 07:38:02.721 16 INFO rally.task.engine [-] Task 1875171a-b462-4f1c-aeb5-fd039599f02a | Starting: Task validation of syntax.
2019-06-26 07:38:02.793 16 INFO rally.task.engine [-] Task 1875171a-b462-4f1c-aeb5-fd039599f02a | Completed: Task validation of syntax.
2019-06-26 07:38:02.794 16 INFO rally.task.engine [-] Task 1875171a-b462-4f1c-aeb5-fd039599f02a | Starting: Task validation of required platforms.
2019-06-26 07:38:02.840 16 INFO rally.task.engine [-] Task 1875171a-b462-4f1c-aeb5-fd039599f02a | Completed: Task validation of required platforms.
2019-06-26 07:38:02.842 16 INFO rally.task.engine [-] Task 1875171a-b462-4f1c-aeb5-fd039599f02a | Starting: Task validation of semantic.
2019-06-26 07:38:02.842 16 INFO rally.task.engine [-] Check health of the environment 'af4cd5f6-990c-49a0-86ea-e55db1e9f258'.
2019-06-26 07:38:03.689 16 INFO rally.task.engine [-] Platform existing@openstack (available: True): OK!
2019-06-26 07:38:03.706 16 RALLYDEBUG rally_openstack.contexts.keystone.users [-] Creating 1 tenants using 20 threads
2019-06-26 07:38:05.454 16 RALLYDEBUG rally_openstack.contexts.keystone.users [-] Creating 1 users using 20 threads
2019-06-26 07:38:08.030 16 INFO rally.task.context [-] Task 1875171a-b462-4f1c-aeb5-fd039599f02a | Context users@openstack setup() finished in 4.32 sec
2019-06-26 07:38:08.073 16 INFO rally.task.context [-] Task 1875171a-b462-4f1c-aeb5-fd039599f02a | Context users@openstack cleanup() started
2019-06-26 07:38:12.598 16 INFO rally.task.context [-] Task 1875171a-b462-4f1c-aeb5-fd039599f02a | Context users@openstack cleanup() finished in 4.52 sec
2019-06-26 07:38:12.598 16 INFO rally.task.engine [-] Task 1875171a-b462-4f1c-aeb5-fd039599f02a | Completed: Task validation of semantic.
2019-06-26 07:38:12.599 16 INFO rally.task.engine [-] Task 1875171a-b462-4f1c-aeb5-fd039599f02a | Completed: Task validation.
2019-06-26 07:38:12.599 16 INFO rally.api [-] Task 1875171a-b462-4f1c-aeb5-fd039599f02a input file is valid.
2019-06-26 07:38:12.599 16 INFO rally.api [-] Run Task 1875171a-b462-4f1c-aeb5-fd039599f02a against Deployment af4cd5f6-990c-49a0-86ea-e55db1e9f258
2019-06-26 07:38:12.599 16 INFO rally.task.engine [-] Task 1875171a-b462-4f1c-aeb5-fd039599f02a | Starting: Running task.
2019-06-26 07:38:12.735 16 INFO rally.task.engine [-] Running workload: position = 0 config = { "version": 2, "title": "A cropped version of a bigger task.", "description": "Auto-generated task from a single workload (uuid=e361ac08-b0ce-4864-a941-e5e1a7ec3790)", "subtasks": [ { "title": "Authenticate.keystone", "description": "Check Keystone Client.", "scenario": { "Authenticate.keystone": {} }, "contexts": { "users": { "tenants": 3, "users_per_tenant": 2 } }, "runner": { "constant": { "concurrency": 4, "times": 10 } }, "hooks": [], "sla": { "failure_rate": { "max": 0 } } } ] }
2019-06-26 07:38:12.756 16 RALLYDEBUG rally_openstack.contexts.keystone.users [-] Creating 3 tenants using 20 threads
2019-06-26 07:38:14.471 16 RALLYDEBUG rally_openstack.contexts.keystone.users [-] Creating 6 users using 20 threads
2019-06-26 07:38:17.238 16 INFO rally.task.context [-] Task 1875171a-b462-4f1c-aeb5-fd039599f02a | Context users@openstack setup() finished in 4.48 sec
2019-06-26 07:38:17.246 16 RALLYDEBUG rally.task.runner [-] Starting the constant runner (task UUID: 1875171a-b462-4f1c-aeb5-fd039599f02a). timeout: 0 concurrency: 4 concurrency_per_worker: 1 times: 10 concurrency_overhead: 0 processes_to_start: 4 max_cpu_used: 16
2019-06-26 07:38:17.259 140 RALLYDEBUG rally.task.runner [-] Starting a worker. concurrency: 1 args: {} times: 10 method_name: run timeout: 0 duration: None cls:
2019-06-26 07:38:17.262 141 RALLYDEBUG rally.task.runner [-] Starting a worker. concurrency: 1 args: {} times: 10 method_name: run timeout: 0 duration: None cls:
2019-06-26 07:38:17.265 140 INFO rally.task.runner [-] Task 1875171a-b462-4f1c-aeb5-fd039599f02a | ITER: 1 START
2019-06-26 07:38:17.264 142 RALLYDEBUG rally.task.runner [-] Starting a worker. concurrency: 1 args: {} times: 10 method_name: run timeout: 0 duration: None cls:
2019-06-26 07:38:17.268 141 INFO rally.task.runner [-] Task 1875171a-b462-4f1c-aeb5-fd039599f02a | ITER: 2 START
2019-06-26 07:38:17.268 143 RALLYDEBUG rally.task.runner [-] Starting a worker. concurrency: 1 args: {} times: 10 method_name: run timeout: 0 duration: None cls:
2019-06-26 07:38:17.270 142 INFO rally.task.runner [-] Task 1875171a-b462-4f1c-aeb5-fd039599f02a | ITER: 3 START
2019-06-26 07:38:17.275 143 INFO rally.task.runner [-] Task 1875171a-b462-4f1c-aeb5-fd039599f02a | ITER: 4 START
2019-06-26 07:38:17.792 141 INFO rally.task.runner [-] Task 1875171a-b462-4f1c-aeb5-fd039599f02a | ITER: 2 END: OK
2019-06-26 07:38:17.796 141 INFO rally.task.runner [-] Task 1875171a-b462-4f1c-aeb5-fd039599f02a | ITER: 5 START
2019-06-26 07:38:17.869 143 INFO rally.task.runner [-] Task 1875171a-b462-4f1c-aeb5-fd039599f02a | ITER: 4 END: OK
2019-06-26 07:38:17.872 143 INFO rally.task.runner [-] Task 1875171a-b462-4f1c-aeb5-fd039599f02a | ITER: 6 START
2019-06-26 07:38:17.887 142 INFO rally.task.runner [-] Task 1875171a-b462-4f1c-aeb5-fd039599f02a | ITER: 3 END: OK
2019-06-26 07:38:17.891 142 INFO rally.task.runner [-] Task 1875171a-b462-4f1c-aeb5-fd039599f02a | ITER: 7 START
2019-06-26 07:38:17.891 140 INFO rally.task.runner [-] Task 1875171a-b462-4f1c-aeb5-fd039599f02a | ITER: 1 END: OK
2019-06-26 07:38:17.895 140 INFO rally.task.runner [-] Task 1875171a-b462-4f1c-aeb5-fd039599f02a | ITER: 8 START
2019-06-26 07:38:18.384 141 INFO rally.task.runner [-] Task 1875171a-b462-4f1c-aeb5-fd039599f02a | ITER: 5 END: OK
2019-06-26 07:38:18.389 141 INFO rally.task.runner [-] Task 1875171a-b462-4f1c-aeb5-fd039599f02a | ITER: 9 START
2019-06-26 07:38:18.486 143 INFO rally.task.runner [-] Task 1875171a-b462-4f1c-aeb5-fd039599f02a | ITER: 6 END: OK
2019-06-26 07:38:18.489 142 INFO rally.task.runner [-] Task 1875171a-b462-4f1c-aeb5-fd039599f02a | ITER: 7 END: OK
2019-06-26 07:38:18.489 143 INFO rally.task.runner [-] Task 1875171a-b462-4f1c-aeb5-fd039599f02a | ITER: 10 START
2019-06-26 07:38:18.518 140 INFO rally.task.runner [-] Task 1875171a-b462-4f1c-aeb5-fd039599f02a | ITER: 8 END: OK
2019-06-26 07:38:18.937 141 INFO rally.task.runner [-] Task 1875171a-b462-4f1c-aeb5-fd039599f02a | ITER: 9 END: OK
2019-06-26 07:38:19.082 143 INFO rally.task.runner [-] Task 1875171a-b462-4f1c-aeb5-fd039599f02a | ITER: 10 END: OK
2019-06-26 07:38:19.101 16 INFO rally.task.context [-] Task 1875171a-b462-4f1c-aeb5-fd039599f02a | Context users@openstack cleanup() started
2019-06-26 07:38:25.669 16 INFO rally.task.context [-] Task 1875171a-b462-4f1c-aeb5-fd039599f02a | Context users@openstack cleanup() finished in 6.57 sec
2019-06-26 07:38:26.830 16 INFO rally.task.engine [-] Load duration is: 1.815295
2019-06-26 07:38:26.830 16 INFO rally.task.engine [-] Full runner duration is: 1.855862
2019-06-26 07:38:26.830 16 INFO rally.task.engine [-] Full duration is: 12.916727
2019-06-26 07:38:27.088 16 INFO rally.task.engine [-] Running workload: position = 0 config = { "version": 2, "title": "A cropped version of a bigger task.", "description": "Auto-generated task from a single workload (uuid=4b90a335-1e82-4955-a7fe-5b106bd1b6ad)", "subtasks": [ { "title": "Authenticate.validate_cinder", "description": "Check Cinder Client to ensure validation of token.", "scenario": { "Authenticate.validate_cinder": { "repetitions": 2 } }, "contexts": { "users": { "tenants": 3, "users_per_tenant": 2 } }, "runner": { "constant": { "concurrency": 4, "times": 10 } }, "hooks": [], "sla": { "failure_rate": { "max": 0 } } } ] }
2019-06-26 07:38:27.107 16 RALLYDEBUG rally_openstack.contexts.keystone.users [-] Creating 3 tenants using 20 threads
2019-06-26 07:38:28.885 16 RALLYDEBUG rally_openstack.contexts.keystone.users [-] Creating 6 users using 20 threads
2019-06-26 07:38:31.525 16 INFO rally.task.context [-] Task 1875171a-b462-4f1c-aeb5-fd039599f02a | Context users@openstack setup() finished in 4.42 sec
2019-06-26 07:38:31.533 16 RALLYDEBUG rally.task.runner [-] Starting the constant runner (task UUID: 1875171a-b462-4f1c-aeb5-fd039599f02a). timeout: 0 concurrency: 4 concurrency_per_worker: 1 times: 10 concurrency_overhead: 0 processes_to_start: 4 max_cpu_used: 16
2019-06-26 07:38:31.544 244 RALLYDEBUG rally.task.runner [-] Starting a worker. concurrency: 1 args: {"repetitions": 2} times: 10 method_name: run timeout: 0 duration: None cls:
2019-06-26 07:38:31.546 245 RALLYDEBUG rally.task.runner [-] Starting a worker. concurrency: 1 args: {"repetitions": 2} times: 10 method_name: run timeout: 0 duration: None cls:
2019-06-26 07:38:31.550 245 INFO rally.task.runner [-] Task 1875171a-b462-4f1c-aeb5-fd039599f02a | ITER: 2 START
2019-06-26 07:38:31.550 244 INFO rally.task.runner [-] Task 1875171a-b462-4f1c-aeb5-fd039599f02a | ITER: 1 START
2019-06-26 07:38:31.550 246 RALLYDEBUG rally.task.runner [-] Starting a worker. concurrency: 1 args: {"repetitions": 2} times: 10 method_name: run timeout: 0 duration: None cls:
2019-06-26 07:38:31.554 247 RALLYDEBUG rally.task.runner [-] Starting a worker. concurrency: 1 args: {"repetitions": 2} times: 10 method_name: run timeout: 0 duration: None cls:
2019-06-26 07:38:31.556 246 INFO rally.task.runner [-] Task 1875171a-b462-4f1c-aeb5-fd039599f02a | ITER: 3 START
2019-06-26 07:38:31.559 247 INFO rally.task.runner [-] Task 1875171a-b462-4f1c-aeb5-fd039599f02a | ITER: 4 START
2019-06-26 07:38:33.425 244 INFO rally.task.runner [-] Task 1875171a-b462-4f1c-aeb5-fd039599f02a | ITER: 1 END: OK
2019-06-26 07:38:33.428 244 INFO rally.task.runner [-] Task 1875171a-b462-4f1c-aeb5-fd039599f02a | ITER: 5 START
2019-06-26 07:38:33.439 247 INFO rally.task.runner [-] Task 1875171a-b462-4f1c-aeb5-fd039599f02a | ITER: 4 END: OK
2019-06-26 07:38:33.443 247 INFO rally.task.runner [-] Task 1875171a-b462-4f1c-aeb5-fd039599f02a | ITER: 6 START
2019-06-26 07:38:33.531 245 INFO rally.task.runner [-] Task 1875171a-b462-4f1c-aeb5-fd039599f02a | ITER: 2 END: OK
2019-06-26 07:38:33.534 245 INFO rally.task.runner [-] Task 1875171a-b462-4f1c-aeb5-fd039599f02a | ITER: 7 START
2019-06-26 07:38:33.548 246 INFO rally.task.runner [-] Task 1875171a-b462-4f1c-aeb5-fd039599f02a | ITER: 3 END: OK
2019-06-26 07:38:33.551 246 INFO rally.task.runner [-] Task 1875171a-b462-4f1c-aeb5-fd039599f02a | ITER: 8 START
2019-06-26 07:38:35.490 246 INFO rally.task.runner [-] Task 1875171a-b462-4f1c-aeb5-fd039599f02a | ITER: 8 END: OK
2019-06-26 07:38:35.494 246 INFO rally.task.runner [-] Task 1875171a-b462-4f1c-aeb5-fd039599f02a | ITER: 9 START
2019-06-26 07:38:36.837 245 INFO rally.task.runner [-] Task 1875171a-b462-4f1c-aeb5-fd039599f02a | ITER: 7 END: OK
2019-06-26 07:38:36.841 245 INFO rally.task.runner [-] Task 1875171a-b462-4f1c-aeb5-fd039599f02a | ITER: 10 START
2019-06-26 07:38:37.048 247 INFO rally.task.runner [-] Task 1875171a-b462-4f1c-aeb5-fd039599f02a | ITER: 6 END: OK
2019-06-26 07:38:37.171 244 INFO rally.task.runner [-] Task 1875171a-b462-4f1c-aeb5-fd039599f02a | ITER: 5 END: OK
2019-06-26 07:38:37.564 246 INFO rally.task.runner [-] Task 1875171a-b462-4f1c-aeb5-fd039599f02a | ITER: 9 END: OK
2019-06-26 07:38:37.848 245 INFO rally.task.runner [-] Task 1875171a-b462-4f1c-aeb5-fd039599f02a | ITER: 10 END: OK
2019-06-26 07:38:37.875 16 INFO rally.task.context [-] Task 1875171a-b462-4f1c-aeb5-fd039599f02a | Context users@openstack cleanup() started
2019-06-26 07:38:44.960 16 INFO rally.task.context [-] Task 1875171a-b462-4f1c-aeb5-fd039599f02a | Context users@openstack cleanup() finished in 7.09 sec
2019-06-26 07:38:45.210 16 INFO rally.task.engine [-] Load duration is: 6.296653
2019-06-26 07:38:45.210 16 INFO rally.task.engine [-] Full runner duration is: 6.342748
2019-06-26 07:38:45.211 16 INFO rally.task.engine [-] Full duration is: 17.854228
2019-06-26 07:38:45.419 16 INFO rally.task.engine [-] Running workload: position = 0 config = { "version": 2, "title": "A cropped version of a bigger task.", "description": "Auto-generated task from a single workload (uuid=c25206c0-31c0-42eb-a42c-b4becf17260d)", "subtasks": [ { "title": "Authenticate.validate_glance", "description": "Check Glance Client to ensure validation of token.", "scenario": { "Authenticate.validate_glance": { "repetitions": 2 } }, "contexts": { "users": { "tenants": 3, "users_per_tenant": 2 } }, "runner": { "constant": { "concurrency": 4, "times": 10 } }, "hooks": [], "sla": { "failure_rate": { "max": 0 } } } ] }
2019-06-26 07:38:45.437 16 RALLYDEBUG rally_openstack.contexts.keystone.users [-] Creating 3 tenants using 20 threads
2019-06-26 07:38:47.248 16 RALLYDEBUG rally_openstack.contexts.keystone.users [-] Creating 6 users using 20 threads
2019-06-26 07:38:49.962 16 INFO rally.task.context [-] Task 1875171a-b462-4f1c-aeb5-fd039599f02a | Context users@openstack setup() finished in 4.53 sec
2019-06-26 07:38:49.969 16 RALLYDEBUG rally.task.runner [-] Starting the constant runner (task UUID: 1875171a-b462-4f1c-aeb5-fd039599f02a). timeout: 0 concurrency: 4 concurrency_per_worker: 1 times: 10 concurrency_overhead: 0 processes_to_start: 4 max_cpu_used: 16
2019-06-26 07:38:49.979 348 RALLYDEBUG rally.task.runner [-] Starting a worker. concurrency: 1 args: {"repetitions": 2} times: 10 method_name: run timeout: 0 duration: None cls:
2019-06-26 07:38:49.980 349 RALLYDEBUG rally.task.runner [-] Starting a worker. concurrency: 1 args: {"repetitions": 2} times: 10 method_name: run timeout: 0 duration: None cls:
2019-06-26 07:38:49.982 350 RALLYDEBUG rally.task.runner [-] Starting a worker. concurrency: 1 args: {"repetitions": 2} times: 10 method_name: run timeout: 0 duration: None cls:
2019-06-26 07:38:49.985 349 INFO rally.task.runner [-] Task 1875171a-b462-4f1c-aeb5-fd039599f02a | ITER: 2 START
2019-06-26 07:38:49.985 348 INFO rally.task.runner [-] Task 1875171a-b462-4f1c-aeb5-fd039599f02a | ITER: 1 START
2019-06-26 07:38:49.985 351 RALLYDEBUG rally.task.runner [-] Starting a worker. concurrency: 1 args: {"repetitions": 2} times: 10 method_name: run timeout: 0 duration: None cls:
2019-06-26 07:38:49.988 350 INFO rally.task.runner [-] Task 1875171a-b462-4f1c-aeb5-fd039599f02a | ITER: 3 START
2019-06-26 07:38:49.991 351 INFO rally.task.runner [-] Task 1875171a-b462-4f1c-aeb5-fd039599f02a | ITER: 4 START
2019-06-26 07:38:50.804 349 INFO rally.task.runner [-] Task 1875171a-b462-4f1c-aeb5-fd039599f02a | ITER: 2 END: OK
2019-06-26 07:38:50.806 348 INFO rally.task.runner [-] Task 1875171a-b462-4f1c-aeb5-fd039599f02a | ITER: 1 END: OK
2019-06-26 07:38:50.807 349 INFO rally.task.runner [-] Task 1875171a-b462-4f1c-aeb5-fd039599f02a | ITER: 5 START
2019-06-26 07:38:50.810 348 INFO rally.task.runner [-] Task 1875171a-b462-4f1c-aeb5-fd039599f02a | ITER: 6 START
2019-06-26 07:38:50.884 350 INFO rally.task.runner [-] Task 1875171a-b462-4f1c-aeb5-fd039599f02a | ITER: 3 END: OK
2019-06-26 07:38:50.889 350 INFO rally.task.runner [-] Task 1875171a-b462-4f1c-aeb5-fd039599f02a | ITER: 7 START
2019-06-26 07:38:50.928 351 INFO rally.task.runner [-] Task 1875171a-b462-4f1c-aeb5-fd039599f02a | ITER: 4 END: OK
2019-06-26 07:38:50.932 351 INFO rally.task.runner [-] Task 1875171a-b462-4f1c-aeb5-fd039599f02a | ITER: 8 START
2019-06-26 07:38:51.761 349 INFO rally.task.runner [-] Task 1875171a-b462-4f1c-aeb5-fd039599f02a | ITER: 5 END: OK
2019-06-26 07:38:51.765 349 INFO rally.task.runner [-] Task 1875171a-b462-4f1c-aeb5-fd039599f02a | ITER: 9 START
2019-06-26 07:38:51.813 348 INFO rally.task.runner [-] Task 1875171a-b462-4f1c-aeb5-fd039599f02a | ITER: 6 END: OK
2019-06-26 07:38:51.817 348 INFO rally.task.runner [-] Task 1875171a-b462-4f1c-aeb5-fd039599f02a | ITER: 10 START
2019-06-26 07:38:51.845 351 INFO rally.task.runner [-] Task 1875171a-b462-4f1c-aeb5-fd039599f02a | ITER: 8 END: OK
2019-06-26 07:38:51.852 350 INFO rally.task.runner [-] Task 1875171a-b462-4f1c-aeb5-fd039599f02a | ITER: 7 END: OK
2019-06-26 07:38:52.959 348 INFO rally.task.runner [-] Task 1875171a-b462-4f1c-aeb5-fd039599f02a | ITER: 10 END: OK
2019-06-26 07:38:52.960 349 INFO rally.task.runner [-] Task 1875171a-b462-4f1c-aeb5-fd039599f02a | ITER: 9 END: OK
2019-06-26 07:38:52.987 16 INFO rally.task.context [-] Task 1875171a-b462-4f1c-aeb5-fd039599f02a | Context users@openstack cleanup() started
2019-06-26 07:39:00.236 16 INFO rally.task.context [-] Task 1875171a-b462-4f1c-aeb5-fd039599f02a | Context users@openstack cleanup() finished in 7.25 sec
2019-06-26 07:39:01.533 16 INFO rally.task.engine [-] Load duration is: 2.974062
2019-06-26 07:39:01.534 16 INFO rally.task.engine [-] Full runner duration is: 3.017856
2019-06-26 07:39:01.534 16 INFO rally.task.engine [-] Full duration is: 14.801608
2019-06-26 07:39:01.753 16 INFO rally.task.engine [-] Running workload: position = 0 config = { "version": 2, "title": "A cropped version of a bigger task.", "description": "Auto-generated task from a single workload (uuid=4cd700e2-ce74-4fca-8c93-c549af31bb50)", "subtasks": [ { "title": "Authenticate.validate_heat", "description": "Check Heat Client to ensure validation of token.", "scenario": { "Authenticate.validate_heat": { "repetitions": 2 } }, "contexts": { "users": { "tenants": 3, "users_per_tenant": 2 } }, "runner": { "constant": { "concurrency": 4, "times": 10 } }, "hooks": [], "sla": { "failure_rate": { "max": 0 } } } ] }
2019-06-26 07:39:01.774 16 RALLYDEBUG rally_openstack.contexts.keystone.users [-] Creating 3 tenants using 20 threads
2019-06-26 07:39:03.656 16 RALLYDEBUG rally_openstack.contexts.keystone.users [-] Creating 6 users using 20 threads
2019-06-26 07:39:06.267 16 INFO rally.task.context [-] Task 1875171a-b462-4f1c-aeb5-fd039599f02a | Context users@openstack setup() finished in 4.49 sec
2019-06-26 07:39:06.274 16 RALLYDEBUG rally.task.runner [-] Starting the constant runner (task UUID: 1875171a-b462-4f1c-aeb5-fd039599f02a). timeout: 0 concurrency: 4 concurrency_per_worker: 1 times: 10 concurrency_overhead: 0 processes_to_start: 4 max_cpu_used: 16
2019-06-26 07:39:06.286 452 RALLYDEBUG rally.task.runner [-] Starting a worker. concurrency: 1 args: {"repetitions": 2} times: 10 method_name: run timeout: 0 duration: None cls:
2019-06-26 07:39:06.287 453 RALLYDEBUG rally.task.runner [-] Starting a worker. concurrency: 1 args: {"repetitions": 2} times: 10 method_name: run timeout: 0 duration: None cls:
2019-06-26 07:39:06.291 453 INFO rally.task.runner [-] Task 1875171a-b462-4f1c-aeb5-fd039599f02a | ITER: 2 START
2019-06-26 07:39:06.290 454 RALLYDEBUG rally.task.runner [-] Starting a worker. concurrency: 1 args: {"repetitions": 2} times: 10 method_name: run timeout: 0 duration: None cls:
2019-06-26 07:39:06.291 452 INFO rally.task.runner [-] Task 1875171a-b462-4f1c-aeb5-fd039599f02a | ITER: 1 START
2019-06-26 07:39:06.294 455 RALLYDEBUG rally.task.runner [-] Starting a worker. concurrency: 1 args: {"repetitions": 2} times: 10 method_name: run timeout: 0 duration: None cls:
2019-06-26 07:39:06.297 454 INFO rally.task.runner [-] Task 1875171a-b462-4f1c-aeb5-fd039599f02a | ITER: 3 START
2019-06-26 07:39:06.300 455 INFO rally.task.runner [-] Task 1875171a-b462-4f1c-aeb5-fd039599f02a | ITER: 4 START
2019-06-26 07:39:08.222 452 INFO rally.task.runner [-] Task 1875171a-b462-4f1c-aeb5-fd039599f02a | ITER: 1 END: OK
2019-06-26 07:39:08.226 452 INFO rally.task.runner [-] Task 1875171a-b462-4f1c-aeb5-fd039599f02a | ITER: 5 START
2019-06-26 07:39:08.351 453 INFO rally.task.runner [-] Task 1875171a-b462-4f1c-aeb5-fd039599f02a | ITER: 2 END: OK
2019-06-26 07:39:08.354 453 INFO rally.task.runner [-] Task 1875171a-b462-4f1c-aeb5-fd039599f02a | ITER: 6 START
2019-06-26 07:39:08.430 454 INFO rally.task.runner [-] Task 1875171a-b462-4f1c-aeb5-fd039599f02a | ITER: 3 END: OK
2019-06-26 07:39:08.435 454 INFO rally.task.runner [-] Task 1875171a-b462-4f1c-aeb5-fd039599f02a | ITER: 7 START
2019-06-26 07:39:08.470 455 INFO rally.task.runner [-] Task 1875171a-b462-4f1c-aeb5-fd039599f02a | ITER: 4 END: OK
2019-06-26 07:39:08.474 455 INFO rally.task.runner [-] Task 1875171a-b462-4f1c-aeb5-fd039599f02a | ITER: 8 START
2019-06-26 07:39:09.400 454 INFO rally.task.runner [-] Task 1875171a-b462-4f1c-aeb5-fd039599f02a | ITER: 7 END: OK
2019-06-26 07:39:09.403 454 INFO rally.task.runner [-] Task 1875171a-b462-4f1c-aeb5-fd039599f02a | ITER: 9 START
2019-06-26 07:39:09.609 452 INFO rally.task.runner [-] Task 1875171a-b462-4f1c-aeb5-fd039599f02a | ITER: 5 END: OK
2019-06-26 07:39:09.612 452 INFO rally.task.runner [-] Task 1875171a-b462-4f1c-aeb5-fd039599f02a | ITER: 10 START
2019-06-26 07:39:09.687 453 INFO rally.task.runner [-] Task 1875171a-b462-4f1c-aeb5-fd039599f02a | ITER: 6 END: OK
2019-06-26 07:39:10.261 454 INFO rally.task.runner [-] Task 1875171a-b462-4f1c-aeb5-fd039599f02a | ITER: 9 END: OK
2019-06-26 07:39:10.317 455 INFO rally.task.runner [-] Task 1875171a-b462-4f1c-aeb5-fd039599f02a | ITER: 8 END: OK
2019-06-26 07:39:10.547 452 INFO rally.task.runner [-] Task 1875171a-b462-4f1c-aeb5-fd039599f02a | ITER: 10 END: OK
2019-06-26 07:39:10.571 16 INFO rally.task.context [-] Task 1875171a-b462-4f1c-aeb5-fd039599f02a | Context users@openstack cleanup() started
2019-06-26 07:39:17.992 16 INFO rally.task.context [-] Task 1875171a-b462-4f1c-aeb5-fd039599f02a | Context users@openstack cleanup() finished in 7.42 sec
2019-06-26 07:39:19.846 16 INFO rally.task.engine [-] Load duration is: 4.255206
2019-06-26 07:39:19.846 16 INFO rally.task.engine [-] Full runner duration is: 4.297063
2019-06-26 07:39:19.847 16 INFO rally.task.engine [-] Full duration is: 16.219574
2019-06-26 07:39:20.074 16 INFO rally.task.engine [-] Running workload: position = 0 config = { "version": 2, "title": "A cropped version of a bigger task.", "description": "Auto-generated task from a single workload (uuid=4e767691-d2d9-4cca-8bde-bfe86e6dee4e)", "subtasks": [ { "title": "Authenticate.validate_neutron", "description": "Check Neutron Client to ensure validation of token.", "scenario": { "Authenticate.validate_neutron": { "repetitions": 2 } }, "contexts": { "users": { "tenants": 3, "users_per_tenant": 2 } }, "runner": { "constant": { "concurrency": 4, "times": 10 } }, "hooks": [], "sla": { "failure_rate": { "max": 0 } } } ] }
2019-06-26 07:39:20.094 16 RALLYDEBUG rally_openstack.contexts.keystone.users [-] Creating 3 tenants using 20 threads
2019-06-26 07:39:22.085 16 RALLYDEBUG rally_openstack.contexts.keystone.users [-] Creating 6 users using 20 threads
2019-06-26 07:39:24.803 16 INFO rally.task.context [-] Task 1875171a-b462-4f1c-aeb5-fd039599f02a | Context users@openstack setup() finished in 4.71 sec
2019-06-26 07:39:24.811 16 RALLYDEBUG rally.task.runner [-] Starting the constant runner (task UUID: 1875171a-b462-4f1c-aeb5-fd039599f02a). timeout: 0 concurrency: 4 concurrency_per_worker: 1 times: 10 concurrency_overhead: 0 processes_to_start: 4 max_cpu_used: 16
2019-06-26 07:39:24.823 556 RALLYDEBUG rally.task.runner [-] Starting a worker. concurrency: 1 args: {"repetitions": 2} times: 10 method_name: run timeout: 0 duration: None cls:
2019-06-26 07:39:24.824 557 RALLYDEBUG rally.task.runner [-] Starting a worker. concurrency: 1 args: {"repetitions": 2} times: 10 method_name: run timeout: 0 duration: None cls:
2019-06-26 07:39:24.826 558 RALLYDEBUG rally.task.runner [-] Starting a worker. concurrency: 1 args: {"repetitions": 2} times: 10 method_name: run timeout: 0 duration: None cls:
2019-06-26 07:39:24.829 557 INFO rally.task.runner [-] Task 1875171a-b462-4f1c-aeb5-fd039599f02a | ITER: 2 START
2019-06-26 07:39:24.829 556 INFO rally.task.runner [-] Task 1875171a-b462-4f1c-aeb5-fd039599f02a | ITER: 1 START
2019-06-26 07:39:24.830 558 INFO rally.task.runner [-] Task 1875171a-b462-4f1c-aeb5-fd039599f02a | ITER: 3 START
2019-06-26 07:39:24.832 559 RALLYDEBUG rally.task.runner [-] Starting a worker. concurrency: 1 args: {"repetitions": 2} times: 10 method_name: run timeout: 0 duration: None cls:
2019-06-26 07:39:24.837 559 INFO rally.task.runner [-] Task 1875171a-b462-4f1c-aeb5-fd039599f02a | ITER: 4 START
2019-06-26 07:39:25.735 556 INFO rally.task.runner [-] Task 1875171a-b462-4f1c-aeb5-fd039599f02a | ITER: 1 END: OK
2019-06-26 07:39:25.739 558 INFO rally.task.runner [-] Task 1875171a-b462-4f1c-aeb5-fd039599f02a | ITER: 3 END: OK
2019-06-26 07:39:25.739 557 INFO rally.task.runner [-] Task 1875171a-b462-4f1c-aeb5-fd039599f02a | ITER: 2 END: OK
2019-06-26 07:39:25.740 556 INFO rally.task.runner [-] Task 1875171a-b462-4f1c-aeb5-fd039599f02a | ITER: 5 START
2019-06-26 07:39:25.743 557 INFO rally.task.runner [-] Task 1875171a-b462-4f1c-aeb5-fd039599f02a | ITER: 7 START
2019-06-26 07:39:25.744 558 INFO rally.task.runner [-] Task 1875171a-b462-4f1c-aeb5-fd039599f02a | ITER: 6 START
2019-06-26 07:39:25.898 559 INFO rally.task.runner [-] Task 1875171a-b462-4f1c-aeb5-fd039599f02a | ITER: 4 END: OK
2019-06-26 07:39:25.902 559 INFO rally.task.runner [-] Task 1875171a-b462-4f1c-aeb5-fd039599f02a | ITER: 8 START
2019-06-26 07:39:26.696 557 INFO rally.task.runner [-] Task 1875171a-b462-4f1c-aeb5-fd039599f02a | ITER: 7 END: OK
2019-06-26 07:39:26.700 557 INFO rally.task.runner [-] Task 1875171a-b462-4f1c-aeb5-fd039599f02a | ITER: 9 START
2019-06-26 07:39:26.734 558 INFO rally.task.runner [-] Task 1875171a-b462-4f1c-aeb5-fd039599f02a | ITER: 6 END: OK
2019-06-26 07:39:26.738 558 INFO rally.task.runner [-] Task 1875171a-b462-4f1c-aeb5-fd039599f02a | ITER: 10 START
2019-06-26 07:39:27.214 556 INFO rally.task.runner [-] Task 1875171a-b462-4f1c-aeb5-fd039599f02a | ITER: 5 END: OK
2019-06-26 07:39:27.245 559 INFO rally.task.runner [-] Task 1875171a-b462-4f1c-aeb5-fd039599f02a | ITER: 8 END: OK
2019-06-26 07:39:27.638 558 INFO rally.task.runner [-] Task 1875171a-b462-4f1c-aeb5-fd039599f02a | ITER: 10 END: OK
2019-06-26 07:39:27.733 557 INFO rally.task.runner [-] Task 1875171a-b462-4f1c-aeb5-fd039599f02a | ITER: 9 END: OK
2019-06-26 07:39:27.757 16 INFO rally.task.context [-] Task 1875171a-b462-4f1c-aeb5-fd039599f02a | Context users@openstack cleanup() started
2019-06-26 07:39:34.301 16 INFO rally.task.context [-] Task 1875171a-b462-4f1c-aeb5-fd039599f02a | Context users@openstack cleanup() finished in 6.54 sec
2019-06-26 07:39:36.195 16 INFO rally.task.engine [-] Load duration is: 2.903296
2019-06-26 07:39:36.196 16 INFO rally.task.engine [-] Full runner duration is: 2.945915
2019-06-26 07:39:36.196 16 INFO rally.task.engine [-] Full duration is: 14.20794
2019-06-26 07:39:36.423 16 INFO rally.task.engine [-] Running workload: position = 0 config = { "version": 2, "title": "A cropped version of a bigger task.", "description": "Auto-generated task from a single workload (uuid=11c84fa4-4360-463a-be6e-13656977a810)", "subtasks": [ { "title": "Authenticate.validate_nova", "description": "Check Nova Client to ensure validation of token.", "scenario": { "Authenticate.validate_nova": { "repetitions": 2 } }, "contexts": { "users": { "tenants": 3, "users_per_tenant": 2 } }, "runner": { "constant": { "concurrency": 4, "times": 10 } }, "hooks": [], "sla": { "failure_rate": { "max": 0 } } } ] }
2019-06-26 07:39:36.441 16 RALLYDEBUG rally_openstack.contexts.keystone.users [-] Creating 3 tenants using 20 threads
2019-06-26 07:39:38.254 16 RALLYDEBUG rally_openstack.contexts.keystone.users [-] Creating 6 users using 20 threads
2019-06-26 07:39:40.980 16 INFO rally.task.context [-] Task 1875171a-b462-4f1c-aeb5-fd039599f02a | Context users@openstack setup() finished in 4.54 sec
2019-06-26 07:39:40.988 16 RALLYDEBUG rally.task.runner [-] Starting the constant runner (task UUID: 1875171a-b462-4f1c-aeb5-fd039599f02a). timeout: 0 concurrency: 4 concurrency_per_worker: 1 times: 10 concurrency_overhead: 0 processes_to_start: 4 max_cpu_used: 16
2019-06-26 07:39:40.999 660 RALLYDEBUG rally.task.runner [-] Starting a worker. concurrency: 1 args: {"repetitions": 2} times: 10 method_name: run timeout: 0 duration: None cls:
2019-06-26 07:39:41.001 662 RALLYDEBUG rally.task.runner [-] Starting a worker. concurrency: 1 args: {"repetitions": 2} times: 10 method_name: run timeout: 0 duration: None cls:
2019-06-26 07:39:41.001 661 RALLYDEBUG rally.task.runner [-] Starting a worker. concurrency: 1 args: {"repetitions": 2} times: 10 method_name: run timeout: 0 duration: None cls:
2019-06-26 07:39:41.004 662 INFO rally.task.runner [-] Task 1875171a-b462-4f1c-aeb5-fd039599f02a | ITER: 2 START
2019-06-26 07:39:41.005 660 INFO rally.task.runner [-] Task 1875171a-b462-4f1c-aeb5-fd039599f02a | ITER: 1 START
2019-06-26 07:39:41.006 661 INFO rally.task.runner [-] Task 1875171a-b462-4f1c-aeb5-fd039599f02a | ITER: 3 START
2019-06-26 07:39:41.008 663 RALLYDEBUG rally.task.runner [-] Starting a worker. concurrency: 1 args: {"repetitions": 2} times: 10 method_name: run timeout: 0 duration: None cls:
2019-06-26 07:39:41.016 663 INFO rally.task.runner [-] Task 1875171a-b462-4f1c-aeb5-fd039599f02a | ITER: 4 START
2019-06-26 07:39:41.489 660 DEBUG novaclient.v2.client [-] REQ: curl -g -i -X GET http://172.30.9.37:8774/v2.1/flavors/detail -H "Accept: application/json" -H "User-Agent: python-novaclient" -H "X-Auth-Token: {SHA1}bf8a099c8fa201755ae43b71ac1a57a0a0b0437a" _http_log_request /usr/lib/python2.7/site-packages/keystoneauth1/session.py:448
2019-06-26 07:39:41.504 662 DEBUG novaclient.v2.client [-] REQ: curl -g -i -X GET http://172.30.9.37:8774/v2.1/flavors/detail -H "Accept: application/json" -H "User-Agent: python-novaclient" -H "X-Auth-Token: {SHA1}0f1b8c9bb8fc54d6068077e88726ca7ea304a745" _http_log_request /usr/lib/python2.7/site-packages/keystoneauth1/session.py:448
2019-06-26 07:39:41.506 663 DEBUG novaclient.v2.client [-] REQ: curl -g -i -X GET http://172.30.9.37:8774/v2.1/flavors/detail -H "Accept: application/json" -H "User-Agent: python-novaclient" -H "X-Auth-Token: {SHA1}b68853c694dec6518e9d7d6bf1375b9c3444720e" _http_log_request /usr/lib/python2.7/site-packages/keystoneauth1/session.py:448
2019-06-26 07:39:41.517 661 DEBUG novaclient.v2.client [-] REQ: curl -g -i -X GET http://172.30.9.37:8774/v2.1/flavors/detail -H "Accept: application/json" -H "User-Agent: python-novaclient" -H "X-Auth-Token: {SHA1}9139498672c9c6a16bec5b6d4c126519dc964fc3" _http_log_request /usr/lib/python2.7/site-packages/keystoneauth1/session.py:448
2019-06-26 07:39:41.775 662 DEBUG novaclient.v2.client [-] RESP: [200] Content-Encoding: gzip Content-Length: 364 Content-Type: application/json Date: Wed, 26 Jun 2019 07:39:41 GMT OpenStack-API-Version: compute 2.1 Server: Apache Vary: OpenStack-API-Version,X-OpenStack-Nova-API-Version,Accept-Encoding X-OpenStack-Nova-API-Version: 2.1 x-compute-request-id: req-9451c793-4da6-4f45-ab46-78b2c464e5c8 x-openstack-request-id: req-9451c793-4da6-4f45-ab46-78b2c464e5c8 _http_log_response /usr/lib/python2.7/site-packages/keystoneauth1/session.py:479
2019-06-26 07:39:41.776 662 DEBUG novaclient.v2.client [-] RESP BODY: {"flavors": [{"name": "rally_full-flavor_2df67114-a03f-46c9-81f2-02fd0674c5e2", "links": [{"href": "http://172.30.9.37:8774/v2.1/flavors/164ea00c-8dc4-45e8-90dd-49b316c1587e", "rel": "self"}, {"href": "http://172.30.9.37:8774/flavors/164ea00c-8dc4-45e8-90dd-49b316c1587e", "rel": "bookmark"}], "ram": 512, "OS-FLV-DISABLED:disabled": false, "vcpus": 1, "swap": "", "os-flavor-access:is_public": true, "rxtx_factor": 1.0, "OS-FLV-EXT-DATA:ephemeral": 0, "disk": 1, "id": "164ea00c-8dc4-45e8-90dd-49b316c1587e"}, {"name": "rally_full-flavor_alt_2df67114-a03f-46c9-81f2-02fd0674c5e2", "links": [{"href": "http://172.30.9.37:8774/v2.1/flavors/2e64561e-0994-4416-b71e-4e9cd56d92fc", "rel": "self"}, {"href": "http://172.30.9.37:8774/flavors/2e64561e-0994-4416-b71e-4e9cd56d92fc", "rel": "bookmark"}], "ram": 1024, "OS-FLV-DISABLED:disabled": false, "vcpus": 1, "swap": "", "os-flavor-access:is_public": true, "rxtx_factor": 1.0, "OS-FLV-EXT-DATA:ephemeral": 0, "disk": 1, "id": "2e64561e-0994-4416-b71e-4e9cd56d92fc"}]} _http_log_response /usr/lib/python2.7/site-packages/keystoneauth1/session.py:511
2019-06-26 07:39:41.776 662 DEBUG novaclient.v2.client [-] GET call to compute for http://172.30.9.37:8774/v2.1/flavors/detail used request id req-9451c793-4da6-4f45-ab46-78b2c464e5c8 request /usr/lib/python2.7/site-packages/keystoneauth1/session.py:844
2019-06-26 07:39:41.778 662 DEBUG novaclient.v2.client [-] REQ: curl -g -i -X GET http://172.30.9.37:8774/v2.1/flavors/detail -H "Accept: application/json" -H "User-Agent: python-novaclient" -H "X-Auth-Token: {SHA1}0f1b8c9bb8fc54d6068077e88726ca7ea304a745" _http_log_request /usr/lib/python2.7/site-packages/keystoneauth1/session.py:448
2019-06-26 07:39:41.783 660 DEBUG novaclient.v2.client [-] RESP: [200] Content-Encoding: gzip Content-Length: 364 Content-Type: application/json Date: Wed, 26 Jun 2019 07:39:41 GMT OpenStack-API-Version: compute 2.1 Server: Apache Vary: OpenStack-API-Version,X-OpenStack-Nova-API-Version,Accept-Encoding X-OpenStack-Nova-API-Version: 2.1 x-compute-request-id: req-7f91ca5a-7aea-4654-b6c1-c00784a9f5ec x-openstack-request-id: req-7f91ca5a-7aea-4654-b6c1-c00784a9f5ec _http_log_response /usr/lib/python2.7/site-packages/keystoneauth1/session.py:479
2019-06-26 07:39:41.784 660 DEBUG novaclient.v2.client [-] RESP BODY: {"flavors": [{"name": "rally_full-flavor_2df67114-a03f-46c9-81f2-02fd0674c5e2", "links": [{"href": "http://172.30.9.37:8774/v2.1/flavors/164ea00c-8dc4-45e8-90dd-49b316c1587e", "rel": "self"}, {"href": "http://172.30.9.37:8774/flavors/164ea00c-8dc4-45e8-90dd-49b316c1587e", "rel": "bookmark"}], "ram": 512, "OS-FLV-DISABLED:disabled": false, "vcpus": 1, "swap": "", "os-flavor-access:is_public": true, "rxtx_factor": 1.0, "OS-FLV-EXT-DATA:ephemeral": 0, "disk": 1, "id": "164ea00c-8dc4-45e8-90dd-49b316c1587e"}, {"name": "rally_full-flavor_alt_2df67114-a03f-46c9-81f2-02fd0674c5e2", "links": [{"href": "http://172.30.9.37:8774/v2.1/flavors/2e64561e-0994-4416-b71e-4e9cd56d92fc", "rel": "self"}, {"href": "http://172.30.9.37:8774/flavors/2e64561e-0994-4416-b71e-4e9cd56d92fc", "rel": "bookmark"}], "ram": 1024, "OS-FLV-DISABLED:disabled": false, "vcpus": 1, "swap": "", "os-flavor-access:is_public": true, "rxtx_factor": 1.0, "OS-FLV-EXT-DATA:ephemeral": 0, "disk": 1, "id": "2e64561e-0994-4416-b71e-4e9cd56d92fc"}]} _http_log_response /usr/lib/python2.7/site-packages/keystoneauth1/session.py:511
2019-06-26 07:39:41.784 660 DEBUG novaclient.v2.client [-] GET call to compute for http://172.30.9.37:8774/v2.1/flavors/detail used request id req-7f91ca5a-7aea-4654-b6c1-c00784a9f5ec request /usr/lib/python2.7/site-packages/keystoneauth1/session.py:844
2019-06-26 07:39:41.786 660 DEBUG novaclient.v2.client [-] REQ: curl -g -i -X GET http://172.30.9.37:8774/v2.1/flavors/detail -H "Accept: application/json" -H "User-Agent: python-novaclient" -H "X-Auth-Token: {SHA1}bf8a099c8fa201755ae43b71ac1a57a0a0b0437a" _http_log_request /usr/lib/python2.7/site-packages/keystoneauth1/session.py:448
2019-06-26 07:39:41.786 663 DEBUG novaclient.v2.client [-] RESP: [200] Content-Encoding: gzip Content-Length: 364 Content-Type: application/json Date: Wed, 26 Jun 2019 07:39:41 GMT OpenStack-API-Version: compute 2.1 Server: Apache Vary: OpenStack-API-Version,X-OpenStack-Nova-API-Version,Accept-Encoding X-OpenStack-Nova-API-Version: 2.1 x-compute-request-id: req-f4f4b65d-cb4a-40db-831a-4e1a9e44669a x-openstack-request-id: req-f4f4b65d-cb4a-40db-831a-4e1a9e44669a _http_log_response /usr/lib/python2.7/site-packages/keystoneauth1/session.py:479
2019-06-26 07:39:41.787 663 DEBUG novaclient.v2.client [-] RESP BODY: {"flavors": [{"name": "rally_full-flavor_2df67114-a03f-46c9-81f2-02fd0674c5e2", "links": [{"href": "http://172.30.9.37:8774/v2.1/flavors/164ea00c-8dc4-45e8-90dd-49b316c1587e", "rel": "self"}, {"href": "http://172.30.9.37:8774/flavors/164ea00c-8dc4-45e8-90dd-49b316c1587e", "rel": "bookmark"}], "ram": 512, "OS-FLV-DISABLED:disabled": false, "vcpus": 1, "swap": "", "os-flavor-access:is_public": true, "rxtx_factor": 1.0, "OS-FLV-EXT-DATA:ephemeral": 0, "disk": 1, "id": "164ea00c-8dc4-45e8-90dd-49b316c1587e"}, {"name": "rally_full-flavor_alt_2df67114-a03f-46c9-81f2-02fd0674c5e2", "links": [{"href": "http://172.30.9.37:8774/v2.1/flavors/2e64561e-0994-4416-b71e-4e9cd56d92fc", "rel": "self"}, {"href": "http://172.30.9.37:8774/flavors/2e64561e-0994-4416-b71e-4e9cd56d92fc", "rel": "bookmark"}], "ram": 1024, "OS-FLV-DISABLED:disabled": false, "vcpus": 1, "swap": "", "os-flavor-access:is_public": true, "rxtx_factor": 1.0, "OS-FLV-EXT-DATA:ephemeral": 0, "disk": 1, "id": "2e64561e-0994-4416-b71e-4e9cd56d92fc"}]} _http_log_response /usr/lib/python2.7/site-packages/keystoneauth1/session.py:511
2019-06-26 07:39:41.787 663 DEBUG novaclient.v2.client [-] GET call to compute for http://172.30.9.37:8774/v2.1/flavors/detail used request id req-f4f4b65d-cb4a-40db-831a-4e1a9e44669a request /usr/lib/python2.7/site-packages/keystoneauth1/session.py:844
2019-06-26 07:39:41.789 663 DEBUG novaclient.v2.client [-] REQ: curl -g -i -X GET http://172.30.9.37:8774/v2.1/flavors/detail -H "Accept: application/json" -H "User-Agent: python-novaclient" -H "X-Auth-Token: {SHA1}b68853c694dec6518e9d7d6bf1375b9c3444720e" _http_log_request /usr/lib/python2.7/site-packages/keystoneauth1/session.py:448
2019-06-26 07:39:41.801 662 DEBUG novaclient.v2.client [-] RESP: [200] Content-Encoding: gzip Content-Length: 364 Content-Type: application/json Date: Wed, 26 Jun 2019 07:39:41 GMT OpenStack-API-Version: compute 2.1 Server: Apache Vary: OpenStack-API-Version,X-OpenStack-Nova-API-Version,Accept-Encoding X-OpenStack-Nova-API-Version: 2.1 x-compute-request-id: req-2eae5700-6fe4-4585-a6c1-7fff0871b8fd x-openstack-request-id: req-2eae5700-6fe4-4585-a6c1-7fff0871b8fd _http_log_response /usr/lib/python2.7/site-packages/keystoneauth1/session.py:479
2019-06-26 07:39:41.801 662 DEBUG novaclient.v2.client [-] RESP BODY: {"flavors": [{"name": "rally_full-flavor_2df67114-a03f-46c9-81f2-02fd0674c5e2", "links": [{"href": "http://172.30.9.37:8774/v2.1/flavors/164ea00c-8dc4-45e8-90dd-49b316c1587e", "rel": "self"}, {"href": "http://172.30.9.37:8774/flavors/164ea00c-8dc4-45e8-90dd-49b316c1587e", "rel": "bookmark"}], "ram": 512, "OS-FLV-DISABLED:disabled": false, "vcpus": 1, "swap": "", "os-flavor-access:is_public": true, "rxtx_factor": 1.0, "OS-FLV-EXT-DATA:ephemeral": 0, "disk": 1, "id": "164ea00c-8dc4-45e8-90dd-49b316c1587e"}, {"name": "rally_full-flavor_alt_2df67114-a03f-46c9-81f2-02fd0674c5e2", "links": [{"href": "http://172.30.9.37:8774/v2.1/flavors/2e64561e-0994-4416-b71e-4e9cd56d92fc", "rel": "self"}, {"href": "http://172.30.9.37:8774/flavors/2e64561e-0994-4416-b71e-4e9cd56d92fc", "rel": "bookmark"}], "ram": 1024, "OS-FLV-DISABLED:disabled": false, "vcpus": 1, "swap": "", "os-flavor-access:is_public": true, "rxtx_factor": 1.0, "OS-FLV-EXT-DATA:ephemeral": 0, "disk": 1, "id": "2e64561e-0994-4416-b71e-4e9cd56d92fc"}]} _http_log_response /usr/lib/python2.7/site-packages/keystoneauth1/session.py:511
2019-06-26 07:39:41.801 662 DEBUG novaclient.v2.client [-] GET call to compute for http://172.30.9.37:8774/v2.1/flavors/detail used request id req-2eae5700-6fe4-4585-a6c1-7fff0871b8fd request /usr/lib/python2.7/site-packages/keystoneauth1/session.py:844
2019-06-26 07:39:41.802 662 INFO rally.task.runner [-] Task 1875171a-b462-4f1c-aeb5-fd039599f02a | ITER: 2 END: OK
2019-06-26 07:39:41.805 660 DEBUG novaclient.v2.client [-] RESP: [200] Content-Encoding: gzip Content-Length: 364 Content-Type: application/json Date: Wed, 26 Jun 2019 07:39:41 GMT OpenStack-API-Version: compute 2.1 Server: Apache Vary: OpenStack-API-Version,X-OpenStack-Nova-API-Version,Accept-Encoding X-OpenStack-Nova-API-Version: 2.1 x-compute-request-id: req-b6f7e6fa-e564-44d8-a1c9-8b238fec1299 x-openstack-request-id: req-b6f7e6fa-e564-44d8-a1c9-8b238fec1299 _http_log_response /usr/lib/python2.7/site-packages/keystoneauth1/session.py:479
2019-06-26 07:39:41.805 660 DEBUG novaclient.v2.client [-] RESP BODY: {"flavors": [{"name": "rally_full-flavor_2df67114-a03f-46c9-81f2-02fd0674c5e2", "links": [{"href": "http://172.30.9.37:8774/v2.1/flavors/164ea00c-8dc4-45e8-90dd-49b316c1587e", "rel": "self"}, {"href": "http://172.30.9.37:8774/flavors/164ea00c-8dc4-45e8-90dd-49b316c1587e", "rel": "bookmark"}], "ram": 512, "OS-FLV-DISABLED:disabled": false, "vcpus": 1, "swap": "", "os-flavor-access:is_public": true, "rxtx_factor": 1.0, "OS-FLV-EXT-DATA:ephemeral": 0, "disk": 1, "id": "164ea00c-8dc4-45e8-90dd-49b316c1587e"}, {"name": "rally_full-flavor_alt_2df67114-a03f-46c9-81f2-02fd0674c5e2", "links": [{"href": "http://172.30.9.37:8774/v2.1/flavors/2e64561e-0994-4416-b71e-4e9cd56d92fc", "rel": "self"}, {"href": "http://172.30.9.37:8774/flavors/2e64561e-0994-4416-b71e-4e9cd56d92fc", "rel": "bookmark"}], "ram": 1024, "OS-FLV-DISABLED:disabled": false, "vcpus": 1, "swap": "", "os-flavor-access:is_public": true, "rxtx_factor": 1.0, "OS-FLV-EXT-DATA:ephemeral": 0, "disk": 1, "id": "2e64561e-0994-4416-b71e-4e9cd56d92fc"}]} _http_log_response /usr/lib/python2.7/site-packages/keystoneauth1/session.py:511
2019-06-26 07:39:41.805 660 DEBUG novaclient.v2.client [-] GET call to compute for http://172.30.9.37:8774/v2.1/flavors/detail used request id req-b6f7e6fa-e564-44d8-a1c9-8b238fec1299 request /usr/lib/python2.7/site-packages/keystoneauth1/session.py:844
2019-06-26 07:39:41.806 660 INFO rally.task.runner [-] Task 1875171a-b462-4f1c-aeb5-fd039599f02a | ITER: 1 END: OK
2019-06-26 07:39:41.806 662 INFO rally.task.runner [-] Task 1875171a-b462-4f1c-aeb5-fd039599f02a | ITER: 5 START
2019-06-26 07:39:41.810 660 INFO rally.task.runner [-] Task 1875171a-b462-4f1c-aeb5-fd039599f02a | ITER: 6 START
2019-06-26 07:39:41.814 663 DEBUG novaclient.v2.client [-] RESP: [200] Content-Encoding: gzip Content-Length: 364 Content-Type: application/json Date: Wed, 26 Jun 2019 07:39:41 GMT OpenStack-API-Version: compute 2.1 Server: Apache Vary: OpenStack-API-Version,X-OpenStack-Nova-API-Version,Accept-Encoding X-OpenStack-Nova-API-Version: 2.1 x-compute-request-id: req-f6e006f3-76eb-44e4-be68-579e6cab25d3 x-openstack-request-id: req-f6e006f3-76eb-44e4-be68-579e6cab25d3 _http_log_response /usr/lib/python2.7/site-packages/keystoneauth1/session.py:479
2019-06-26 07:39:41.815 663 DEBUG novaclient.v2.client [-] RESP BODY: {"flavors": [{"name": "rally_full-flavor_2df67114-a03f-46c9-81f2-02fd0674c5e2", "links": [{"href": "http://172.30.9.37:8774/v2.1/flavors/164ea00c-8dc4-45e8-90dd-49b316c1587e", "rel": "self"}, {"href": "http://172.30.9.37:8774/flavors/164ea00c-8dc4-45e8-90dd-49b316c1587e", "rel": "bookmark"}], "ram": 512, "OS-FLV-DISABLED:disabled": false, "vcpus": 1, "swap": "", "os-flavor-access:is_public": true, "rxtx_factor": 1.0, "OS-FLV-EXT-DATA:ephemeral": 0, "disk": 1, "id": "164ea00c-8dc4-45e8-90dd-49b316c1587e"}, {"name": "rally_full-flavor_alt_2df67114-a03f-46c9-81f2-02fd0674c5e2", "links": [{"href": "http://172.30.9.37:8774/v2.1/flavors/2e64561e-0994-4416-b71e-4e9cd56d92fc", "rel": "self"}, {"href": "http://172.30.9.37:8774/flavors/2e64561e-0994-4416-b71e-4e9cd56d92fc", "rel": "bookmark"}], "ram": 1024, "OS-FLV-DISABLED:disabled": false, "vcpus": 1, "swap": "", "os-flavor-access:is_public": true, "rxtx_factor": 1.0, "OS-FLV-EXT-DATA:ephemeral": 0, "disk": 1, "id": "2e64561e-0994-4416-b71e-4e9cd56d92fc"}]} _http_log_response /usr/lib/python2.7/site-packages/keystoneauth1/session.py:511
2019-06-26 07:39:41.815 663 DEBUG novaclient.v2.client [-] GET call to compute for http://172.30.9.37:8774/v2.1/flavors/detail used request id req-f6e006f3-76eb-44e4-be68-579e6cab25d3 request /usr/lib/python2.7/site-packages/keystoneauth1/session.py:844
2019-06-26 07:39:41.816 663 INFO rally.task.runner [-] Task 1875171a-b462-4f1c-aeb5-fd039599f02a | ITER: 4 END: OK
2019-06-26 07:39:41.820 663 INFO rally.task.runner [-] Task 1875171a-b462-4f1c-aeb5-fd039599f02a | ITER: 7 START
2019-06-26 07:39:41.824 661 DEBUG novaclient.v2.client [-] RESP: [200] Content-Encoding: gzip Content-Length: 364 Content-Type: application/json Date: Wed, 26 Jun 2019 07:39:41 GMT OpenStack-API-Version: compute 2.1 Server: Apache Vary: OpenStack-API-Version,X-OpenStack-Nova-API-Version,Accept-Encoding X-OpenStack-Nova-API-Version: 2.1 x-compute-request-id: req-b28ecb71-7cb1-4276-9604-609467689110 x-openstack-request-id: req-b28ecb71-7cb1-4276-9604-609467689110 _http_log_response /usr/lib/python2.7/site-packages/keystoneauth1/session.py:479
2019-06-26 07:39:41.825 661 DEBUG novaclient.v2.client [-] RESP BODY: {"flavors": [{"name": "rally_full-flavor_2df67114-a03f-46c9-81f2-02fd0674c5e2", "links": [{"href": "http://172.30.9.37:8774/v2.1/flavors/164ea00c-8dc4-45e8-90dd-49b316c1587e", "rel": "self"}, {"href": "http://172.30.9.37:8774/flavors/164ea00c-8dc4-45e8-90dd-49b316c1587e", "rel": "bookmark"}], "ram": 512, "OS-FLV-DISABLED:disabled": false, "vcpus": 1, "swap": "", "os-flavor-access:is_public": true, "rxtx_factor": 1.0, "OS-FLV-EXT-DATA:ephemeral": 0, "disk": 1, "id": "164ea00c-8dc4-45e8-90dd-49b316c1587e"}, {"name": "rally_full-flavor_alt_2df67114-a03f-46c9-81f2-02fd0674c5e2", "links": [{"href": "http://172.30.9.37:8774/v2.1/flavors/2e64561e-0994-4416-b71e-4e9cd56d92fc", "rel": "self"}, {"href": "http://172.30.9.37:8774/flavors/2e64561e-0994-4416-b71e-4e9cd56d92fc", "rel": "bookmark"}], "ram": 1024, "OS-FLV-DISABLED:disabled": false, "vcpus": 1, "swap": "", "os-flavor-access:is_public": true, "rxtx_factor": 1.0, "OS-FLV-EXT-DATA:ephemeral": 0, "disk": 1, "id": "2e64561e-0994-4416-b71e-4e9cd56d92fc"}]} _http_log_response /usr/lib/python2.7/site-packages/keystoneauth1/session.py:511
2019-06-26 07:39:41.825 661 DEBUG novaclient.v2.client [-] GET call to compute for http://172.30.9.37:8774/v2.1/flavors/detail used request id req-b28ecb71-7cb1-4276-9604-609467689110 request /usr/lib/python2.7/site-packages/keystoneauth1/session.py:844
