2019-06-24 21:29:13.717 22706 RALLYDEBUG rally_openstack.cleanup.manager [-] Deleting neutron.port object s_rally_1dd84a73_CVMejHzi (d2fa0202-a2bd-40cd-b752-9ddbdcb462d3)
2019-06-24 21:29:13.772 22706 RALLYDEBUG rally_openstack.cleanup.manager [-] Deleting neutron.port object s_rally_1dd84a73_qRj5DnE4 (d3593067-41c8-49e3-ba78-908ff61c11cb)
2019-06-24 21:29:13.984 22706 RALLYDEBUG rally_openstack.cleanup.manager [-] Deleting neutron.port object s_rally_1dd84a73_imS725Mx (d3e36c8e-a672-4101-b106-ad8057e712da)
2019-06-24 21:29:14.122 22706 RALLYDEBUG rally_openstack.cleanup.manager [-] Deleting neutron.port object s_rally_1dd84a73_r2lDh3eR (d651989a-0508-4a68-af89-e0b94dddb26b)
2019-06-24 21:29:14.168 22706 RALLYDEBUG rally_openstack.cleanup.manager [-] Deleting neutron.port object s_rally_1dd84a73_E7h2loHQ (d78f856b-43f1-466c-9796-cb5c934e47a5)
2019-06-24 21:29:14.291 22706 RALLYDEBUG rally_openstack.cleanup.manager [-] Deleting neutron.port object s_rally_1dd84a73_jtddr9z1 (d812bb27-b0b3-4baf-bb4e-23daf8d273a8)
2019-06-24 21:29:14.300 22706 RALLYDEBUG rally_openstack.cleanup.manager [-] Deleting neutron.port object s_rally_1dd84a73_z3bD3fiZ (d96aaea2-6175-4204-aaca-648b53030f24)
2019-06-24 21:29:14.300 22706 RALLYDEBUG rally_openstack.cleanup.manager [-] Deleting neutron.port object s_rally_1dd84a73_43tgmrIx (d83abf96-821b-45b3-80f8-4c94e08c971a)
2019-06-24 21:29:14.345 22706 RALLYDEBUG rally_openstack.cleanup.manager [-] Deleting neutron.port object s_rally_1dd84a73_ECK3tKVb (da069c03-9143-4f6d-9c88-f2202c76754c)
2019-06-24 21:29:14.408 22706 RALLYDEBUG rally_openstack.cleanup.manager [-] Deleting neutron.port object s_rally_1dd84a73_7jE6GCne (db085ef1-adb4-4f96-aed2-a14863836d1c)
2019-06-24 21:29:14.425 22706 RALLYDEBUG rally_openstack.cleanup.manager [-] Deleting neutron.port object s_rally_1dd84a73_YB8hpBxm (dda13f8e-4a34-4b1e-ad6b-250bf92e1de7)
2019-06-24 21:29:15.050 22706 RALLYDEBUG rally_openstack.cleanup.manager [-] Deleting neutron.port object s_rally_1dd84a73_kQIX6QfR (dda63aa0-feca-4db1-9221-8b7edd9583a5)
2019-06-24 21:29:15.244 22706 RALLYDEBUG rally_openstack.cleanup.manager [-] Deleting neutron.port object s_rally_1dd84a73_rxnx921E (dda8bd05-c09e-45ba-a325-9eef41733501)
2019-06-24 21:29:15.341 22706 RALLYDEBUG rally_openstack.cleanup.manager [-] Deleting neutron.port object s_rally_1dd84a73_2SKoL3E0 (ddf49d6f-7382-44f7-af4a-a9139774979b)
2019-06-24 21:29:15.497 22706 RALLYDEBUG rally_openstack.cleanup.manager [-] Deleting neutron.port object s_rally_1dd84a73_oGuc2fdK (de1dbd8a-c5a9-427b-a52e-46a3fb6fda99)
2019-06-24 21:29:15.612 22706 RALLYDEBUG rally_openstack.cleanup.manager [-] Deleting neutron.port object s_rally_1dd84a73_JRTUc3Ky (dfb55f11-57ae-4e3e-b9af-519cb135b796)
2019-06-24 21:29:15.627 22706 RALLYDEBUG rally_openstack.cleanup.manager [-] Deleting neutron.port object s_rally_1dd84a73_YVYiTdFa (e090040a-c433-401b-bd6b-86a4c428e431)
2019-06-24 21:29:15.664 22706 RALLYDEBUG rally_openstack.cleanup.manager [-] Deleting neutron.port object s_rally_1dd84a73_lOeVjEhI (e25b0b56-a285-415c-a8c5-60d17db67227)
2019-06-24 21:29:15.834 22706 RALLYDEBUG rally_openstack.cleanup.manager [-] Deleting neutron.port object s_rally_1dd84a73_uhndXBmS (e2eaedf5-d700-4c8f-a9f6-0fdf373cafeb)
2019-06-24 21:29:16.115 22706 RALLYDEBUG rally_openstack.cleanup.manager [-] Deleting neutron.port object s_rally_1dd84a73_S42xloj8 (e3171578-66a0-43ef-bf63-c9f2bb2041bf)
2019-06-24 21:29:16.134 22706 RALLYDEBUG rally_openstack.cleanup.manager [-] Deleting neutron.port object s_rally_1dd84a73_G69PpA7U (e3451d9d-32c1-4bc6-8208-8b2ed8a72662)
2019-06-24 21:29:16.184 22706 RALLYDEBUG rally_openstack.cleanup.manager [-] Deleting neutron.port object s_rally_1dd84a73_d30RquhP (e3952474-79c7-46a6-ba7a-9ac3f2c0f3a7)
2019-06-24 21:29:16.241 22706 RALLYDEBUG rally_openstack.cleanup.manager [-] Deleting neutron.port object s_rally_1dd84a73_cx4G4l0L (e3a2e900-47bb-4f78-a5fc-9ad6cf21081f)
2019-06-24 21:29:16.426 22706 RALLYDEBUG rally_openstack.cleanup.manager [-] Deleting neutron.port object s_rally_1dd84a73_5u0fyoha (e3a4cdf7-d2da-4c23-b2e7-388e957ba4ae)
2019-06-24 21:29:16.609 22706 RALLYDEBUG rally_openstack.cleanup.manager [-] Deleting neutron.port object s_rally_1dd84a73_kJaEhfPI (e638c579-9774-44cc-bd68-c4f5b7208556)
2019-06-24 21:29:16.782 22706 RALLYDEBUG rally_openstack.cleanup.manager [-] Deleting neutron.port object s_rally_1dd84a73_chLLfL98 (e6ff5305-ec12-44f5-8847-7037f26f04de)
2019-06-24 21:29:16.823 22706 RALLYDEBUG rally_openstack.cleanup.manager [-] Deleting neutron.port object s_rally_1dd84a73_ptNJ3IHm (e77f44bf-8e94-4ce3-a4f7-314bea103b35)
2019-06-24 21:29:17.091 22706 RALLYDEBUG rally_openstack.cleanup.manager [-] Deleting neutron.port object s_rally_1dd84a73_KPKTqPhT (e7cf8a39-d2af-4f4d-ba26-838c1bcb7681)
2019-06-24 21:29:17.091 22706 RALLYDEBUG rally_openstack.cleanup.manager [-] Deleting neutron.port object s_rally_1dd84a73_FNpLQMGU (e830108b-5e50-43f2-ba12-894b7349d101)
2019-06-24 21:29:17.223 22706 RALLYDEBUG rally_openstack.cleanup.manager [-] Deleting neutron.port object s_rally_1dd84a73_FlwyI8gW (e923957b-812b-4f54-94a3-2a056ca0332d)
2019-06-24 21:29:17.265 22706 RALLYDEBUG rally_openstack.cleanup.manager [-] Deleting neutron.port object s_rally_1dd84a73_lUoV0z9j (e9dd7bbc-f792-441f-b0bb-3d73c1d0b269)
2019-06-24 21:29:17.502 22706 RALLYDEBUG rally_openstack.cleanup.manager [-] Deleting neutron.port object s_rally_1dd84a73_OuyLjZMe (ea5d3acf-c10d-4983-9b2d-4999981364e2)
2019-06-24 21:29:17.671 22706 RALLYDEBUG rally_openstack.cleanup.manager [-] Deleting neutron.port object s_rally_1dd84a73_OqdM5TnV (eab5cd44-131a-460e-a0dd-e4ac5fc3dadd)
2019-06-24 21:29:17.783 22706 RALLYDEBUG rally_openstack.cleanup.manager [-] Deleting neutron.port object s_rally_1dd84a73_r1jruApY (eaf3db0f-4740-487a-a6a8-9c50a93ab5c8)
2019-06-24 21:29:17.869 22706 RALLYDEBUG rally_openstack.cleanup.manager [-] Deleting neutron.port object s_rally_1dd84a73_fvjqBOKj (eafcf28f-af71-44b9-b2a9-477279852040)
2019-06-24 21:29:17.896 22706 RALLYDEBUG rally_openstack.cleanup.manager [-] Deleting neutron.port object s_rally_1dd84a73_vFspXROn (eb7fcc34-63a5-4206-9e54-5a5d51eee714)
2019-06-24 21:29:18.058 22706 RALLYDEBUG rally_openstack.cleanup.manager [-] Deleting neutron.port object s_rally_1dd84a73_ItiVoOnv (ebeee334-9111-4963-ad62-5c07af84ac92)
2019-06-24 21:29:18.104 22706 RALLYDEBUG rally_openstack.cleanup.manager [-] Deleting neutron.port object s_rally_1dd84a73_OypSC9XZ (ee0ffd36-f8a7-44ce-a520-59913f5698a8)
2019-06-24 21:29:18.257 22706 RALLYDEBUG rally_openstack.cleanup.manager [-] Deleting neutron.port object s_rally_1dd84a73_tUv39yqw (eea9d3bc-b02b-4e0b-8f82-1641b30be410)
2019-06-24 21:29:18.343 22706 RALLYDEBUG rally_openstack.cleanup.manager [-] Deleting neutron.port object s_rally_1dd84a73_tFvOCb4b (ef0ec031-0fb5-41c2-a48a-65918320f039)
2019-06-24 21:29:18.470 22706 RALLYDEBUG rally_openstack.cleanup.manager [-] Deleting neutron.port object s_rally_1dd84a73_bl6IF8V2 (ef389b18-e0c8-4344-baac-4404007ec450)
2019-06-24 21:29:18.552 22706 RALLYDEBUG rally_openstack.cleanup.manager [-] Deleting neutron.port object s_rally_1dd84a73_dnQesfAl (f0684081-1ca5-4b67-ba2d-4336ba741104)
2019-06-24 21:29:18.564 22706 RALLYDEBUG rally_openstack.cleanup.manager [-] Deleting neutron.port object s_rally_1dd84a73_aabKNz6z (f16f6a9f-ddd5-451c-93e4-016f50f561f4)
2019-06-24 21:29:18.990 22706 RALLYDEBUG rally_openstack.cleanup.manager [-] Deleting neutron.port object s_rally_1dd84a73_LvzDfsMa (f56c1f0b-1d50-40ce-b6b9-f3599c6055c1)
2019-06-24 21:29:19.037 22706 RALLYDEBUG rally_openstack.cleanup.manager [-] Deleting neutron.port object s_rally_1dd84a73_2o32KaD6 (f5883bc2-e98c-485c-8f2e-8acb75fecf19)
2019-06-24 21:29:19.050 22706 RALLYDEBUG rally_openstack.cleanup.manager [-] Deleting neutron.port object s_rally_1dd84a73_D9g1nhmP (f5b27dd2-1010-4155-a3e0-fccb74536bbc)
2019-06-24 21:29:19.094 22706 RALLYDEBUG rally_openstack.cleanup.manager [-] Deleting neutron.port object s_rally_1dd84a73_hjCo33YA (f5b6c4b0-d84c-424d-954a-4d97e07c80f2)
2019-06-24 21:29:19.275 22706 RALLYDEBUG rally_openstack.cleanup.manager [-] Deleting neutron.port object s_rally_1dd84a73_vyWz0Vwh (f6ff90fe-767c-4b63-a3c6-9550e69f0c58)
2019-06-24 21:29:19.526 22706 RALLYDEBUG rally_openstack.cleanup.manager [-] Deleting neutron.port object s_rally_1dd84a73_k2biugQj (f790299c-583c-4f6c-b08b-5428d1876003)
2019-06-24 21:29:19.712 22706 RALLYDEBUG rally_openstack.cleanup.manager [-] Deleting neutron.port object s_rally_1dd84a73_cLc2KsHo (f8100181-dace-4032-ae03-e10765ce7fa2)
2019-06-24 21:29:19.745 22706 RALLYDEBUG rally_openstack.cleanup.manager [-] Deleting neutron.port object s_rally_1dd84a73_IHO9ScTC (f8c628c3-de7d-4b0e-96e5-5d4adee8998e)
2019-06-24 21:29:19.961 22706 RALLYDEBUG rally_openstack.cleanup.manager [-] Deleting neutron.port object s_rally_1dd84a73_XNAtK11m (f93365fe-f3cf-4b2c-a7e0-b3d6336ded44)
2019-06-24 21:29:20.072 22706 RALLYDEBUG rally_openstack.cleanup.manager [-] Deleting neutron.port object s_rally_1dd84a73_pDWfNygL (fb700221-0b31-4afa-abc3-29481028b8a7)
2019-06-24 21:29:20.100 22706 RALLYDEBUG rally_openstack.cleanup.manager [-] Deleting neutron.port object s_rally_1dd84a73_uGCmgNaU (fcbd6a92-7fcd-4fc7-80bb-67d6f29b6b2b)
2019-06-24 21:29:20.175 22706 RALLYDEBUG rally_openstack.cleanup.manager [-] Deleting neutron.port object s_rally_1dd84a73_TbT2zojK (fcdea47a-a96f-4abb-9b16-59d7c7a80e67)
2019-06-24 21:29:20.295 22706 RALLYDEBUG rally_openstack.cleanup.manager [-] Deleting neutron.port object s_rally_1dd84a73_5U04DvdT (fd60be00-a119-4106-a5b3-168a8d38e6cd)
2019-06-24 21:29:20.313 22706 RALLYDEBUG rally_openstack.cleanup.manager [-] Deleting neutron.port object s_rally_1dd84a73_4vPKByW7 (fd89f56d-9c6b-4061-ab3c-f09201edbcfd)
2019-06-24 21:29:20.412 22706 RALLYDEBUG rally_openstack.cleanup.manager [-] Deleting neutron.port object s_rally_1dd84a73_vv5VUT1Q (fda6437f-8f87-462c-ab5f-b81efd0497ec)
2019-06-24 21:29:20.585 22706 RALLYDEBUG rally_openstack.cleanup.manager [-] Deleting neutron.port object s_rally_1dd84a73_k6l0NIR7 (fe2e1c17-f74e-4157-9da6-85167325f07f)
2019-06-24 21:29:20.761 22706 RALLYDEBUG rally_openstack.cleanup.manager [-] Deleting neutron.port object s_rally_1dd84a73_AHpFPrxj (fe5ff776-4121-461e-ab6c-725cb9d80227)
2019-06-24 21:29:20.788 22706 RALLYDEBUG rally_openstack.cleanup.manager [-] Deleting neutron.port object s_rally_1dd84a73_x0aka1zV (ff3b33c9-8e8e-4649-9219-00772424ee36)
2019-06-24 21:29:20.804 22706 RALLYDEBUG rally_openstack.cleanup.manager [-] Deleting neutron.port object s_rally_1dd84a73_oqedSxUk (ffa42a31-d182-4f5c-b44b-75726fd1eaf8)
2019-06-24 21:29:23.093 22706 RALLYDEBUG rally_openstack.cleanup.manager [-] Cleaning up neutron subnet objects
2019-06-24 21:29:23.768 22706 RALLYDEBUG rally_openstack.cleanup.manager [-] Cleaning up neutron network objects
2019-06-24 21:29:24.751 22706 RALLYDEBUG rally_openstack.cleanup.manager [-] Deleting neutron.network object s_rally_1dd84a73_utmvvtGd (03a383bc-c395-4003-9c4e-c43e84b38f39)
2019-06-24 21:29:24.756 22706 RALLYDEBUG rally_openstack.cleanup.manager [-] Deleting neutron.network object s_rally_1dd84a73_2TQ4GKm8 (17da0bc1-72c4-4283-b7e0-749bedf6abff)
2019-06-24 21:29:24.768 22706 RALLYDEBUG rally_openstack.cleanup.manager [-] Deleting neutron.network object s_rally_1dd84a73_eAn0cTWb (22d4745b-a186-43e7-9a04-5ffe33d14210)
2019-06-24 21:29:24.776 22706 RALLYDEBUG rally_openstack.cleanup.manager [-] Deleting neutron.network object s_rally_1dd84a73_Ph0LVtwm (7f94b0d5-b0a4-4b5d-ba86-ea0707d8ebd5)
2019-06-24 21:29:24.788 22706 RALLYDEBUG rally_openstack.cleanup.manager [-] Deleting neutron.network object s_rally_1dd84a73_mLqBr3wE (868fbf5c-b1a5-4b25-a346-d19a403bd64f)
2019-06-24 21:29:24.789 22706 RALLYDEBUG rally_openstack.cleanup.manager [-] Deleting neutron.network object s_rally_1dd84a73_XxQjxxoY (bc2203ef-3058-4a5d-bcdf-0c7e87f4ebce)
2019-06-24 21:29:24.810 22706 RALLYDEBUG rally_openstack.cleanup.manager [-] Deleting neutron.network object s_rally_1dd84a73_fvLIdBYl (e185d8f1-5ef7-4f06-86ce-cf829d04311b)
2019-06-24 21:29:24.818 22706 RALLYDEBUG rally_openstack.cleanup.manager [-] Deleting neutron.network object s_rally_1dd84a73_DOkTtKSL (ce194fe8-8be2-475b-96f2-5bf02134666c)
2019-06-24 21:29:28.783 22706 RALLYDEBUG rally_openstack.cleanup.manager [-] Cleaning up neutron router objects
2019-06-24 21:29:29.487 22706 RALLYDEBUG rally_openstack.cleanup.manager [-] Cleaning up neutron security_group objects
2019-06-24 21:29:30.168 22706 INFO rally.task.context [-] Task 759337de-27c2-47cf-b5f6-3d1a4c48ad81 | Context cleanup@openstack cleanup() finished in 1.06 min
2019-06-24 21:29:30.168 22706 INFO rally.task.context [-] Task 759337de-27c2-47cf-b5f6-3d1a4c48ad81 | Context quotas@openstack cleanup() started
2019-06-24 21:29:30.506 22706 INFO rally.task.context [-] Task 759337de-27c2-47cf-b5f6-3d1a4c48ad81 | Context quotas@openstack cleanup() finished in 0.34 sec
2019-06-24 21:29:30.507 22706 INFO rally.task.context [-] Task 759337de-27c2-47cf-b5f6-3d1a4c48ad81 | Context users@openstack cleanup() started
2019-06-24 21:29:35.746 22706 INFO rally.task.context [-] Task 759337de-27c2-47cf-b5f6-3d1a4c48ad81 | Context users@openstack cleanup() finished in 5.24 sec
2019-06-24 21:29:37.205 22706 INFO rally.task.engine [-] Load duration is: 94.270725
2019-06-24 21:29:37.206 22706 INFO rally.task.engine [-] Full runner duration is: 94.319504
2019-06-24 21:29:37.206 22706 INFO rally.task.engine [-] Full duration is: 169.162244
2019-06-24 21:29:37.380 22706 INFO rally.task.engine [-] Running workload: position = 1 config = { "version": 2, "title": "A cropped version of a bigger task.", "description": "Auto-generated task from a single workload (uuid=3c1b8e88-97e6-4691-9405-9b2890ffe143)", "subtasks": [ { "title": "NeutronNetworks.create_and_update_ports", "description": "Create and update a given number of ports.", "scenario": { "NeutronNetworks.create_and_update_ports": { "network_create_args": {}, "port_create_args": {}, "ports_per_network": 5, "port_update_args": { "admin_state_up": false, "device_id": "dummy_id", "device_owner": "dummy_owner", "name": "_port_updated" } } }, "contexts": { "users": { "tenants": 1, "users_per_tenant": 1 }, "quotas": { "neutron": { "network": -1, "port": -1 } } }, "runner": { "constant": { "times": 40, "concurrency": 20 } }, "hooks": [], "sla": { "failure_rate": { "max": 0 } } } ] }
2019-06-24 21:29:37.402 22706 RALLYDEBUG rally_openstack.contexts.keystone.users [-] Creating 1 tenants using 20 threads
2019-06-24 21:29:39.252 22706 RALLYDEBUG rally_openstack.contexts.keystone.users [-] Creating 1 users using 20 threads
2019-06-24 21:29:42.245 22706 INFO rally.task.context [-] Task 759337de-27c2-47cf-b5f6-3d1a4c48ad81 | Context users@openstack setup() finished in 4.84 sec
2019-06-24 21:29:43.039 22706 INFO rally.task.context [-] Task 759337de-27c2-47cf-b5f6-3d1a4c48ad81 | Context quotas@openstack setup() finished in 0.79 sec
2019-06-24 21:29:43.040 22706 INFO rally.task.context [-] Task 759337de-27c2-47cf-b5f6-3d1a4c48ad81 | Context cleanup@openstack setup() finished in 0.01 msec
2019-06-24 21:29:43.048 22706 RALLYDEBUG rally.task.runner [-] Starting the constant runner (task UUID: 759337de-27c2-47cf-b5f6-3d1a4c48ad81). timeout: 0 concurrency: 20 concurrency_per_worker: 1 times: 40 concurrency_overhead: 4 processes_to_start: 16 max_cpu_used: 16
2019-06-24 21:29:43.061 26582 RALLYDEBUG rally.task.runner [-] Starting a worker. concurrency: 2 args: {"network_create_args": {}, "port_create_args": {}, "ports_per_network": 5, "port_update_args": {"admin_state_up": false, "device_id": "dummy_id", "device_owner": "dummy_owner", "name": "_port_updated"}} times: 40 method_name: run timeout: 0 duration: None cls:
2019-06-24 21:29:43.065 26583 RALLYDEBUG rally.task.runner [-] Starting a worker. concurrency: 2 args: {"network_create_args": {}, "port_create_args": {}, "ports_per_network": 5, "port_update_args": {"admin_state_up": false, "device_id": "dummy_id", "device_owner": "dummy_owner", "name": "_port_updated"}} times: 40 method_name: run timeout: 0 duration: None cls:
2019-06-24 21:29:43.067 26584 RALLYDEBUG rally.task.runner [-] Starting a worker. concurrency: 2 args: {"network_create_args": {}, "port_create_args": {}, "ports_per_network": 5, "port_update_args": {"admin_state_up": false, "device_id": "dummy_id", "device_owner": "dummy_owner", "name": "_port_updated"}} times: 40 method_name: run timeout: 0 duration: None cls:
2019-06-24 21:29:43.069 26585 RALLYDEBUG rally.task.runner [-] Starting a worker. concurrency: 2 args: {"network_create_args": {}, "port_create_args": {}, "ports_per_network": 5, "port_update_args": {"admin_state_up": false, "device_id": "dummy_id", "device_owner": "dummy_owner", "name": "_port_updated"}} times: 40 method_name: run timeout: 0 duration: None cls:
2019-06-24 21:29:43.070 26582 INFO rally.task.runner [-] Task 759337de-27c2-47cf-b5f6-3d1a4c48ad81 | ITER: 1 START
2019-06-24 21:29:43.071 26582 INFO rally.task.runner [-] Task 759337de-27c2-47cf-b5f6-3d1a4c48ad81 | ITER: 2 START
2019-06-24 21:29:43.073 26582 WARNING rally_openstack.scenarios.neutron.utils [-] Running this scenario without either the 'network' or 'existing_network' context is deprecated
2019-06-24 21:29:43.075 26583 INFO rally.task.runner [-] Task 759337de-27c2-47cf-b5f6-3d1a4c48ad81 | ITER: 3 START
2019-06-24 21:29:43.074 26584 INFO rally.task.runner [-] Task 759337de-27c2-47cf-b5f6-3d1a4c48ad81 | ITER: 4 START
2019-06-24 21:29:43.075 26588 RALLYDEBUG rally.task.runner [-] Starting a worker. concurrency: 1 args: {"network_create_args": {}, "port_create_args": {}, "ports_per_network": 5, "port_update_args": {"admin_state_up": false, "device_id": "dummy_id", "device_owner": "dummy_owner", "name": "_port_updated"}} times: 40 method_name: run timeout: 0 duration: None cls:
2019-06-24 21:29:43.077 26583 WARNING rally_openstack.scenarios.neutron.utils [-] Running this scenario without either the 'network' or 'existing_network' context is deprecated
2019-06-24 21:29:43.077 26585 INFO rally.task.runner [-] Task 759337de-27c2-47cf-b5f6-3d1a4c48ad81 | ITER: 5 START
2019-06-24 21:29:43.078 26584 WARNING rally_openstack.scenarios.neutron.utils [-] Running this scenario without either the 'network' or 'existing_network' context is deprecated
2019-06-24 21:29:43.078 26585 WARNING rally_openstack.scenarios.neutron.utils [-] Running this scenario without either the 'network' or 'existing_network' context is deprecated
2019-06-24 21:29:43.080 26596 RALLYDEBUG rally.task.runner [-] Starting a worker. concurrency: 1 args: {"network_create_args": {}, "port_create_args": {}, "ports_per_network": 5, "port_update_args": {"admin_state_up": false, "device_id": "dummy_id", "device_owner": "dummy_owner", "name": "_port_updated"}} times: 40 method_name: run timeout: 0 duration: None cls:
2019-06-24 21:29:43.073 26582 WARNING rally_openstack.scenarios.neutron.utils [-] Running this scenario without either the 'network' or 'existing_network' context is deprecated
2019-06-24 21:29:43.082 26591 RALLYDEBUG rally.task.runner [-] Starting a worker. concurrency: 1 args: {"network_create_args": {}, "port_create_args": {}, "ports_per_network": 5, "port_update_args": {"admin_state_up": false, "device_id": "dummy_id", "device_owner": "dummy_owner", "name": "_port_updated"}} times: 40 method_name: run timeout: 0 duration: None cls:
2019-06-24 21:29:43.084 26588 INFO rally.task.runner [-] Task 759337de-27c2-47cf-b5f6-3d1a4c48ad81 | ITER: 9 START
2019-06-24 21:29:43.084 26585 INFO rally.task.runner [-] Task 759337de-27c2-47cf-b5f6-3d1a4c48ad81 | ITER: 8 START
2019-06-24 21:29:43.085 26585 WARNING rally_openstack.scenarios.neutron.utils [-] Running this scenario without either the 'network' or 'existing_network' context is deprecated
2019-06-24 21:29:43.085 26583 INFO rally.task.runner [-] Task 759337de-27c2-47cf-b5f6-3d1a4c48ad81 | ITER: 6 START
2019-06-24 21:29:43.085 26601 RALLYDEBUG rally.task.runner [-] Starting a worker. concurrency: 1 args: {"network_create_args": {}, "port_create_args": {}, "ports_per_network": 5, "port_update_args": {"admin_state_up": false, "device_id": "dummy_id", "device_owner": "dummy_owner", "name": "_port_updated"}} times: 40 method_name: run timeout: 0 duration: None cls:
2019-06-24 21:29:43.085 26588 WARNING rally_openstack.scenarios.neutron.utils [-] Running this scenario without either the 'network' or 'existing_network' context is deprecated
2019-06-24 21:29:43.086 26596 INFO rally.task.runner [-] Task 759337de-27c2-47cf-b5f6-3d1a4c48ad81 | ITER: 10 START
2019-06-24 21:29:43.079 26584 INFO rally.task.runner [-] Task 759337de-27c2-47cf-b5f6-3d1a4c48ad81 | ITER: 7 START
2019-06-24 21:29:43.087 26596 WARNING rally_openstack.scenarios.neutron.utils [-] Running this scenario without either the 'network' or 'existing_network' context is deprecated
2019-06-24 21:29:43.087 26584 WARNING rally_openstack.scenarios.neutron.utils [-] Running this scenario without either the 'network' or 'existing_network' context is deprecated
2019-06-24 21:29:43.087 26583 WARNING rally_openstack.scenarios.neutron.utils [-] Running this scenario without either the 'network' or 'existing_network' context is deprecated
2019-06-24 21:29:43.089 26591 INFO rally.task.runner [-] Task 759337de-27c2-47cf-b5f6-3d1a4c48ad81 | ITER: 11 START
2019-06-24 21:29:43.091 26591 WARNING rally_openstack.scenarios.neutron.utils [-] Running this scenario without either the 'network' or 'existing_network' context is deprecated
2019-06-24 21:29:43.091 26601 INFO rally.task.runner [-] Task 759337de-27c2-47cf-b5f6-3d1a4c48ad81 | ITER: 12 START
2019-06-24 21:29:43.092 26601 WARNING rally_openstack.scenarios.neutron.utils [-] Running this scenario without either the 'network' or 'existing_network' context is deprecated
2019-06-24 21:29:43.096 26604 RALLYDEBUG rally.task.runner [-] Starting a worker. concurrency: 1 args: {"network_create_args": {}, "port_create_args": {}, "ports_per_network": 5, "port_update_args": {"admin_state_up": false, "device_id": "dummy_id", "device_owner": "dummy_owner", "name": "_port_updated"}} times: 40 method_name: run timeout: 0 duration: None cls:
2019-06-24 21:29:43.100 26611 RALLYDEBUG rally.task.runner [-] Starting a worker. concurrency: 1 args: {"network_create_args": {}, "port_create_args": {}, "ports_per_network": 5, "port_update_args": {"admin_state_up": false, "device_id": "dummy_id", "device_owner": "dummy_owner", "name": "_port_updated"}} times: 40 method_name: run timeout: 0 duration: None cls:
2019-06-24 21:29:43.107 26604 INFO rally.task.runner [-] Task 759337de-27c2-47cf-b5f6-3d1a4c48ad81 | ITER: 13 START
2019-06-24 21:29:43.109 26604 WARNING rally_openstack.scenarios.neutron.utils [-] Running this scenario without either the 'network' or 'existing_network' context is deprecated
2019-06-24 21:29:43.110 26613 RALLYDEBUG rally.task.runner [-] Starting a worker. concurrency: 1 args: {"network_create_args": {}, "port_create_args": {}, "ports_per_network": 5, "port_update_args": {"admin_state_up": false, "device_id": "dummy_id", "device_owner": "dummy_owner", "name": "_port_updated"}} times: 40 method_name: run timeout: 0 duration: None cls:
2019-06-24 21:29:43.112 26611 INFO rally.task.runner [-] Task 759337de-27c2-47cf-b5f6-3d1a4c48ad81 | ITER: 14 START
2019-06-24 21:29:43.113 26611 WARNING rally_openstack.scenarios.neutron.utils [-] Running this scenario without either the 'network' or 'existing_network' context is deprecated
2019-06-24 21:29:43.116 26617 RALLYDEBUG rally.task.runner [-] Starting a worker. concurrency: 1 args: {"network_create_args": {}, "port_create_args": {}, "ports_per_network": 5, "port_update_args": {"admin_state_up": false, "device_id": "dummy_id", "device_owner": "dummy_owner", "name": "_port_updated"}} times: 40 method_name: run timeout: 0 duration: None cls:
2019-06-24 21:29:43.116 26613 INFO rally.task.runner [-] Task 759337de-27c2-47cf-b5f6-3d1a4c48ad81 | ITER: 15 START
2019-06-24 21:29:43.118 26613 WARNING rally_openstack.scenarios.neutron.utils [-] Running this scenario without either the 'network' or 'existing_network' context is deprecated
2019-06-24 21:29:43.121 26617 INFO rally.task.runner [-] Task 759337de-27c2-47cf-b5f6-3d1a4c48ad81 | ITER: 16 START
2019-06-24 21:29:43.122 26617 WARNING rally_openstack.scenarios.neutron.utils [-] Running this scenario without either the 'network' or 'existing_network' context is deprecated
2019-06-24 21:29:43.124 26620 RALLYDEBUG rally.task.runner [-] Starting a worker. concurrency: 1 args: {"network_create_args": {}, "port_create_args": {}, "ports_per_network": 5, "port_update_args": {"admin_state_up": false, "device_id": "dummy_id", "device_owner": "dummy_owner", "name": "_port_updated"}} times: 40 method_name: run timeout: 0 duration: None cls:
2019-06-24 21:29:43.129 26620 INFO rally.task.runner [-] Task 759337de-27c2-47cf-b5f6-3d1a4c48ad81 | ITER: 17 START
2019-06-24 21:29:43.131 26620 WARNING rally_openstack.scenarios.neutron.utils [-] Running this scenario without either the 'network' or 'existing_network' context is deprecated
2019-06-24 21:29:43.132 26623 RALLYDEBUG rally.task.runner [-] Starting a worker. concurrency: 1 args: {"network_create_args": {}, "port_create_args": {}, "ports_per_network": 5, "port_update_args": {"admin_state_up": false, "device_id": "dummy_id", "device_owner": "dummy_owner", "name": "_port_updated"}} times: 40 method_name: run timeout: 0 duration: None cls:
2019-06-24 21:29:43.138 26623 INFO rally.task.runner [-] Task 759337de-27c2-47cf-b5f6-3d1a4c48ad81 | ITER: 18 START
2019-06-24 21:29:43.138 26626 RALLYDEBUG rally.task.runner [-] Starting a worker. concurrency: 1 args: {"network_create_args": {}, "port_create_args": {}, "ports_per_network": 5, "port_update_args": {"admin_state_up": false, "device_id": "dummy_id", "device_owner": "dummy_owner", "name": "_port_updated"}} times: 40 method_name: run timeout: 0 duration: None cls:
2019-06-24 21:29:43.139 26623 WARNING rally_openstack.scenarios.neutron.utils [-] Running this scenario without either the 'network' or 'existing_network' context is deprecated
2019-06-24 21:29:43.144 26626 INFO rally.task.runner [-] Task 759337de-27c2-47cf-b5f6-3d1a4c48ad81 | ITER: 19 START
2019-06-24 21:29:43.145 26626 WARNING rally_openstack.scenarios.neutron.utils [-] Running this scenario without either the 'network' or 'existing_network' context is deprecated
2019-06-24 21:29:43.144 26629 RALLYDEBUG rally.task.runner [-] Starting a worker. concurrency: 1 args: {"network_create_args": {}, "port_create_args": {}, "ports_per_network": 5, "port_update_args": {"admin_state_up": false, "device_id": "dummy_id", "device_owner": "dummy_owner", "name": "_port_updated"}} times: 40 method_name: run timeout: 0 duration: None cls:
2019-06-24 21:29:43.150 26629 INFO rally.task.runner [-] Task 759337de-27c2-47cf-b5f6-3d1a4c48ad81 | ITER: 20 START
2019-06-24 21:29:43.151 26629 WARNING rally_openstack.scenarios.neutron.utils [-] Running this scenario without either the 'network' or 'existing_network' context is deprecated
2019-06-24 21:29:56.805 26582 INFO rally.task.runner [-] Task 759337de-27c2-47cf-b5f6-3d1a4c48ad81 | ITER: 2 END: OK
2019-06-24 21:29:56.811 26582 INFO rally.task.runner [-] Task 759337de-27c2-47cf-b5f6-3d1a4c48ad81 | ITER: 21 START
2019-06-24 21:29:56.811 26582 WARNING rally_openstack.scenarios.neutron.utils [-] Running this scenario without either the 'network' or 'existing_network' context is deprecated
2019-06-24 21:29:57.348 26585 INFO rally.task.runner [-] Task 759337de-27c2-47cf-b5f6-3d1a4c48ad81 | ITER: 8 END: OK
2019-06-24 21:29:57.351 26585 INFO rally.task.runner [-] Task 759337de-27c2-47cf-b5f6-3d1a4c48ad81 | ITER: 22 START
2019-06-24 21:29:57.352 26585 WARNING rally_openstack.scenarios.neutron.utils [-] Running this scenario without either the 'network' or 'existing_network' context is deprecated
2019-06-24 21:29:57.391 26584 INFO rally.task.runner [-] Task 759337de-27c2-47cf-b5f6-3d1a4c48ad81 | ITER: 4 END: OK
2019-06-24 21:29:57.395 26584 INFO rally.task.runner [-] Task 759337de-27c2-47cf-b5f6-3d1a4c48ad81 | ITER: 23 START
2019-06-24 21:29:57.396 26584 WARNING rally_openstack.scenarios.neutron.utils [-] Running this scenario without either the 'network' or 'existing_network' context is deprecated
2019-06-24 21:29:57.670 26604 INFO rally.task.runner [-] Task 759337de-27c2-47cf-b5f6-3d1a4c48ad81 | ITER: 13 END: OK
2019-06-24 21:29:57.674 26604 INFO rally.task.runner [-] Task 759337de-27c2-47cf-b5f6-3d1a4c48ad81 | ITER: 24 START
2019-06-24 21:29:57.675 26604 WARNING rally_openstack.scenarios.neutron.utils [-] Running this scenario without either the 'network' or 'existing_network' context is deprecated
2019-06-24 21:29:58.110 26582 INFO rally.task.runner [-] Task 759337de-27c2-47cf-b5f6-3d1a4c48ad81 | ITER: 1 END: OK
2019-06-24 21:29:58.115 26582 INFO rally.task.runner [-] Task 759337de-27c2-47cf-b5f6-3d1a4c48ad81 | ITER: 25 START
2019-06-24 21:29:58.116 26582 WARNING rally_openstack.scenarios.neutron.utils [-] Running this scenario without either the 'network' or 'existing_network' context is deprecated
2019-06-24 21:29:58.214 26617 INFO rally.task.runner [-] Task 759337de-27c2-47cf-b5f6-3d1a4c48ad81 | ITER: 16 END: OK
2019-06-24 21:29:58.217 26617 INFO rally.task.runner [-] Task 759337de-27c2-47cf-b5f6-3d1a4c48ad81 | ITER: 26 START
2019-06-24 21:29:58.218 26617 WARNING rally_openstack.scenarios.neutron.utils [-] Running this scenario without either the 'network' or 'existing_network' context is deprecated
2019-06-24 21:29:58.326 26601 INFO rally.task.runner [-] Task 759337de-27c2-47cf-b5f6-3d1a4c48ad81 | ITER: 12 END: OK
2019-06-24 21:29:58.331 26601 INFO rally.task.runner [-] Task 759337de-27c2-47cf-b5f6-3d1a4c48ad81 | ITER: 27 START
2019-06-24 21:29:58.331 26601 WARNING rally_openstack.scenarios.neutron.utils [-] Running this scenario without either the 'network' or 'existing_network' context is deprecated
2019-06-24 21:29:58.464 26613 INFO rally.task.runner [-] Task 759337de-27c2-47cf-b5f6-3d1a4c48ad81 | ITER: 15 END: OK
2019-06-24 21:29:58.468 26613 INFO rally.task.runner [-] Task 759337de-27c2-47cf-b5f6-3d1a4c48ad81 | ITER: 28 START
2019-06-24 21:29:58.468 26613 WARNING rally_openstack.scenarios.neutron.utils [-] Running this scenario without either the 'network' or 'existing_network' context is deprecated
2019-06-24 21:29:58.518 26583 INFO rally.task.runner [-] Task 759337de-27c2-47cf-b5f6-3d1a4c48ad81 | ITER: 3 END: OK
2019-06-24 21:29:58.522 26583 INFO rally.task.runner [-] Task 759337de-27c2-47cf-b5f6-3d1a4c48ad81 | ITER: 29 START
2019-06-24 21:29:58.522 26583 WARNING rally_openstack.scenarios.neutron.utils [-] Running this scenario without either the 'network' or 'existing_network' context is deprecated
2019-06-24 21:29:58.528 26585 INFO rally.task.runner [-] Task 759337de-27c2-47cf-b5f6-3d1a4c48ad81 | ITER: 5 END: OK
2019-06-24 21:29:58.532 26585 INFO rally.task.runner [-] Task 759337de-27c2-47cf-b5f6-3d1a4c48ad81 | ITER: 30 START
2019-06-24 21:29:58.532 26585 WARNING rally_openstack.scenarios.neutron.utils [-] Running this scenario without either the 'network' or 'existing_network' context is deprecated
2019-06-24 21:29:58.719 26626 INFO rally.task.runner [-] Task 759337de-27c2-47cf-b5f6-3d1a4c48ad81 | ITER: 19 END: OK
2019-06-24 21:29:58.722 26626 INFO rally.task.runner [-] Task 759337de-27c2-47cf-b5f6-3d1a4c48ad81 | ITER: 31 START
2019-06-24 21:29:58.723 26626 WARNING rally_openstack.scenarios.neutron.utils [-] Running this scenario without either the 'network' or 'existing_network' context is deprecated
2019-06-24 21:29:58.781 26584 INFO rally.task.runner [-] Task 759337de-27c2-47cf-b5f6-3d1a4c48ad81 | ITER: 7 END: OK
2019-06-24 21:29:58.786 26584 INFO rally.task.runner [-] Task 759337de-27c2-47cf-b5f6-3d1a4c48ad81 | ITER: 32 START
2019-06-24 21:29:58.786 26584 WARNING rally_openstack.scenarios.neutron.utils [-] Running this scenario without either the 'network' or 'existing_network' context is deprecated
2019-06-24 21:29:58.829 26583 INFO rally.task.runner [-] Task 759337de-27c2-47cf-b5f6-3d1a4c48ad81 | ITER: 6 END: OK
2019-06-24 21:29:58.832 26583 INFO rally.task.runner [-] Task 759337de-27c2-47cf-b5f6-3d1a4c48ad81 | ITER: 33 START
2019-06-24 21:29:58.833 26583 WARNING rally_openstack.scenarios.neutron.utils [-] Running this scenario without either the 'network' or 'existing_network' context is deprecated
2019-06-24 21:29:59.105 26623 INFO rally.task.runner [-] Task 759337de-27c2-47cf-b5f6-3d1a4c48ad81 | ITER: 18 END: OK
2019-06-24 21:29:59.109 26623 INFO rally.task.runner [-] Task 759337de-27c2-47cf-b5f6-3d1a4c48ad81 | ITER: 34 START
2019-06-24 21:29:59.110 26623 WARNING rally_openstack.scenarios.neutron.utils [-] Running this scenario without either the 'network' or 'existing_network' context is deprecated
2019-06-24 21:29:59.144 26591 INFO rally.task.runner [-] Task 759337de-27c2-47cf-b5f6-3d1a4c48ad81 | ITER: 11 END: OK
2019-06-24 21:29:59.147 26591 INFO rally.task.runner [-] Task 759337de-27c2-47cf-b5f6-3d1a4c48ad81 | ITER: 35 START
2019-06-24 21:29:59.148 26591 WARNING rally_openstack.scenarios.neutron.utils [-] Running this scenario without either the 'network' or 'existing_network' context is deprecated
2019-06-24 21:29:59.161 26620 INFO rally.task.runner [-] Task 759337de-27c2-47cf-b5f6-3d1a4c48ad81 | ITER: 17 END: OK
2019-06-24 21:29:59.165 26620 INFO rally.task.runner [-] Task 759337de-27c2-47cf-b5f6-3d1a4c48ad81 | ITER: 36 START
2019-06-24 21:29:59.165 26620 WARNING rally_openstack.scenarios.neutron.utils [-] Running this scenario without either the 'network' or 'existing_network' context is deprecated
2019-06-24 21:29:59.317 26611 INFO rally.task.runner [-] Task 759337de-27c2-47cf-b5f6-3d1a4c48ad81 | ITER: 14 END: OK
2019-06-24 21:29:59.321 26611 INFO rally.task.runner [-] Task 759337de-27c2-47cf-b5f6-3d1a4c48ad81 | ITER: 37 START
2019-06-24 21:29:59.321 26611 WARNING rally_openstack.scenarios.neutron.utils [-] Running this scenario without either the 'network' or 'existing_network' context is deprecated
2019-06-24 21:29:59.593 26596 INFO rally.task.runner [-] Task 759337de-27c2-47cf-b5f6-3d1a4c48ad81 | ITER: 10 END: OK
2019-06-24 21:29:59.596 26596 INFO rally.task.runner [-] Task 759337de-27c2-47cf-b5f6-3d1a4c48ad81 | ITER: 38 START
2019-06-24 21:29:59.596 26596 WARNING rally_openstack.scenarios.neutron.utils [-] Running this scenario without either the 'network' or 'existing_network' context is deprecated
2019-06-24 21:30:00.619 26588 INFO rally.task.runner [-] Task 759337de-27c2-47cf-b5f6-3d1a4c48ad81 | ITER: 9 END: OK
2019-06-24 21:30:00.623 26588 INFO rally.task.runner [-] Task 759337de-27c2-47cf-b5f6-3d1a4c48ad81 | ITER: 39 START
2019-06-24 21:30:00.623 26588 WARNING rally_openstack.scenarios.neutron.utils [-] Running this scenario without either the 'network' or 'existing_network' context is deprecated
2019-06-24 21:30:00.817 26629 INFO rally.task.runner [-] Task 759337de-27c2-47cf-b5f6-3d1a4c48ad81 | ITER: 20 END: OK
2019-06-24 21:30:00.820 26629 INFO rally.task.runner [-] Task 759337de-27c2-47cf-b5f6-3d1a4c48ad81 | ITER: 40 START
2019-06-24 21:30:00.821 26629 WARNING rally_openstack.scenarios.neutron.utils [-] Running this scenario without either the 'network' or 'existing_network' context is deprecated
2019-06-24 21:30:09.311 26582 INFO rally.task.runner [-] Task 759337de-27c2-47cf-b5f6-3d1a4c48ad81 | ITER: 21 END: OK
2019-06-24 21:30:10.394 26585 INFO rally.task.runner [-] Task 759337de-27c2-47cf-b5f6-3d1a4c48ad81 | ITER: 22 END: OK
2019-06-24 21:30:10.535 26584 INFO rally.task.runner [-] Task 759337de-27c2-47cf-b5f6-3d1a4c48ad81 | ITER: 23 END: OK
2019-06-24 21:30:10.608 26582 INFO rally.task.runner [-] Task 759337de-27c2-47cf-b5f6-3d1a4c48ad81 | ITER: 25 END: OK
2019-06-24 21:30:11.402 26583 INFO rally.task.runner [-] Task 759337de-27c2-47cf-b5f6-3d1a4c48ad81 | ITER: 33 END: OK
2019-06-24 21:30:11.594 26604 INFO rally.task.runner [-] Task 759337de-27c2-47cf-b5f6-3d1a4c48ad81 | ITER: 24 END: OK
2019-06-24 21:30:12.119 26601 INFO rally.task.runner [-] Task 759337de-27c2-47cf-b5f6-3d1a4c48ad81 | ITER: 27 END: OK
2019-06-24 21:30:12.181 26585 INFO rally.task.runner [-] Task 759337de-27c2-47cf-b5f6-3d1a4c48ad81 | ITER: 30 END: OK
2019-06-24 21:30:12.550 26620 INFO rally.task.runner [-] Task 759337de-27c2-47cf-b5f6-3d1a4c48ad81 | ITER: 36 END: OK
2019-06-24 21:30:12.586 26623 INFO rally.task.runner [-] Task 759337de-27c2-47cf-b5f6-3d1a4c48ad81 | ITER: 34 END: OK
2019-06-24 21:30:12.656 26626 INFO rally.task.runner [-] Task 759337de-27c2-47cf-b5f6-3d1a4c48ad81 | ITER: 31 END: OK
2019-06-24 21:30:12.731 26583 INFO rally.task.runner [-] Task 759337de-27c2-47cf-b5f6-3d1a4c48ad81 | ITER: 29 END: OK
2019-06-24 21:30:13.233 26611 INFO rally.task.runner [-] Task 759337de-27c2-47cf-b5f6-3d1a4c48ad81 | ITER: 37 END: OK
2019-06-24 21:30:13.354 26584 INFO rally.task.runner [-] Task 759337de-27c2-47cf-b5f6-3d1a4c48ad81 | ITER: 32 END: OK
2019-06-24 21:30:13.520 26613 INFO rally.task.runner [-] Task 759337de-27c2-47cf-b5f6-3d1a4c48ad81 | ITER: 28 END: OK
2019-06-24 21:30:13.607 26591 INFO rally.task.runner [-] Task 759337de-27c2-47cf-b5f6-3d1a4c48ad81 | ITER: 35 END: OK
2019-06-24 21:30:13.771 26596 INFO rally.task.runner [-] Task 759337de-27c2-47cf-b5f6-3d1a4c48ad81 | ITER: 38 END: OK
2019-06-24 21:30:13.906 26617 INFO rally.task.runner [-] Task 759337de-27c2-47cf-b5f6-3d1a4c48ad81 | ITER: 26 END: OK
2019-06-24 21:30:14.166 26629 INFO rally.task.runner [-] Task 759337de-27c2-47cf-b5f6-3d1a4c48ad81 | ITER: 40 END: OK
2019-06-24 21:30:14.670 26588 INFO rally.task.runner [-] Task 759337de-27c2-47cf-b5f6-3d1a4c48ad81 | ITER: 39 END: OK
2019-06-24 21:30:14.695 22706 INFO rally.task.context [-] Task 759337de-27c2-47cf-b5f6-3d1a4c48ad81 | Context cleanup@openstack cleanup() started
2019-06-24 21:30:14.697 22706 RALLYDEBUG rally_openstack.cleanup.manager [-] Cleaning up neutron vip objects
2019-06-24 21:30:15.341 22706 RALLYDEBUG rally_openstack.cleanup.manager [-] Cleaning up neutron health_monitor objects
2019-06-24 21:30:15.976 22706 RALLYDEBUG rally_openstack.cleanup.manager [-] Cleaning up neutron pool objects
2019-06-24 21:30:16.716 22706 RALLYDEBUG rally_openstack.cleanup.manager [-] Cleaning up neutron loadbalancer objects
2019-06-24 21:30:17.445 22706 RALLYDEBUG rally_openstack.cleanup.manager [-] Cleaning up neutron floatingip objects
2019-06-24 21:30:18.132 22706 RALLYDEBUG rally_openstack.cleanup.manager [-] Cleaning up neutron port objects
2019-06-24 21:30:19.377 22706 RALLYDEBUG rally_openstack.cleanup.manager [-] Deleting neutron.port object s_rally_3c1b8e88_953QhdRg (0449745d-6089-447a-9314-65d816976119)
2019-06-24 21:30:19.383 22706 RALLYDEBUG rally_openstack.cleanup.manager [-] Deleting neutron.port object s_rally_3c1b8e88_vH5GcpYU (075ca9cc-708f-484e-8785-354a4b45e5e6)
2019-06-24 21:30:19.387 22706 RALLYDEBUG rally_openstack.cleanup.manager [-] Deleting neutron.port object s_rally_3c1b8e88_BWPdt6oR (0798f041-94fc-490a-a330-e24dcec8825c)
2019-06-24 21:30:19.397 22706 RALLYDEBUG rally_openstack.cleanup.manager [-] Deleting neutron.port object s_rally_3c1b8e88_09zsR9H8 (00a63490-c79f-42ea-b0a6-e7e3ad9e88d2)
2019-06-24 21:30:19.402 22706 RALLYDEBUG rally_openstack.cleanup.manager [-] Deleting neutron.port object s_rally_3c1b8e88_4L9n88Hk (07c31aa5-1335-4020-bea5-5c7c93cfc332)
2019-06-24 21:30:19.402 22706 RALLYDEBUG rally_openstack.cleanup.manager [-] Deleting neutron.port object s_rally_3c1b8e88_pLowoQoE (03f956fd-ab94-4809-a42a-5531fd915ed6)
2019-06-24 21:30:19.407 22706 RALLYDEBUG rally_openstack.cleanup.manager [-] Deleting neutron.port object s_rally_3c1b8e88_Mu8Z5DqV (005f10f5-7b35-4007-baff-01677688b8a8)
2019-06-24 21:30:19.415 22706 RALLYDEBUG rally_openstack.cleanup.manager [-] Deleting neutron.port object s_rally_3c1b8e88_W4ZFJbzl (08a5ce69-fa82-44cb-b86b-4dce1ce47417)
2019-06-24 21:30:19.432 22706 RALLYDEBUG rally_openstack.cleanup.manager [-] Deleting neutron.port object s_rally_3c1b8e88_VNq61k5I (0aab8b42-7957-4477-aea7-8bfd8f2658c3)
2019-06-24 21:30:19.445 22706 RALLYDEBUG rally_openstack.cleanup.manager [-] Deleting neutron.port object s_rally_3c1b8e88_4XtcDx0l (060e47a8-2c15-456c-9332-464e2b12ffb3)
2019-06-24 21:30:19.447 22706 RALLYDEBUG rally_openstack.cleanup.manager [-] Deleting neutron.port object s_rally_3c1b8e88_J4lNI3YE (0cf07fe4-e5e5-4130-8cd7-5d117f1245a5)
2019-06-24 21:30:19.448 22706 RALLYDEBUG rally_openstack.cleanup.manager [-] Deleting neutron.port object s_rally_3c1b8e88_fUhY7Ulx (0ca1699f-0f93-4d00-9b23-88fa03355d24)
2019-06-24 21:30:19.459 22706 RALLYDEBUG rally_openstack.cleanup.manager [-] Deleting neutron.port object s_rally_3c1b8e88_gdJp6rGk (0edd80d6-c411-4820-bec2-24c57dd258cf)
2019-06-24 21:30:19.475 22706 RALLYDEBUG rally_openstack.cleanup.manager [-] Deleting neutron.port object s_rally_3c1b8e88_HebTHh1T (12db6c56-f14f-4686-b633-060a0ec678fe)
2019-06-24 21:30:19.476 22706 RALLYDEBUG rally_openstack.cleanup.manager [-] Deleting neutron.port object s_rally_3c1b8e88_IQwX6IiW (119fdbf8-e11a-415f-8e55-81d597b46b6a)
2019-06-24 21:30:19.503 22706 RALLYDEBUG rally_openstack.cleanup.manager [-] Deleting neutron.port object s_rally_3c1b8e88_g7jU2ElP (14c3751e-d31f-4b7f-9c78-cfd536d2b83c)
2019-06-24 21:30:19.508 22706 RALLYDEBUG rally_openstack.cleanup.manager [-] Deleting neutron.port object s_rally_3c1b8e88_7HH2WLfC (13f7ab69-4034-499c-9943-b91cb3b3ce60)
2019-06-24 21:30:19.527 22706 RALLYDEBUG rally_openstack.cleanup.manager [-] Deleting neutron.port object s_rally_3c1b8e88_ArckC5RO (152976a4-0788-4286-8fc6-1b950c535ddd)
2019-06-24 21:30:19.537 22706 RALLYDEBUG rally_openstack.cleanup.manager [-] Deleting neutron.port object s_rally_3c1b8e88_8OfMzzBr (153b7b9d-5618-416e-9e5e-35572cbbe036)
2019-06-24 21:30:19.558 22706 RALLYDEBUG rally_openstack.cleanup.manager [-] Deleting neutron.port object s_rally_3c1b8e88_I6XzuFGW (15427c96-24f2-405a-b1ff-9466e2980e46)
2019-06-24 21:30:22.038 22706 RALLYDEBUG rally_openstack.cleanup.manager [-] Deleting neutron.port object s_rally_3c1b8e88_FdbTPE58 (15ed4e08-efa4-4340-85e5-a0104a32b87c)
2019-06-24 21:30:22.116 22706 RALLYDEBUG rally_openstack.cleanup.manager [-] Deleting neutron.port object s_rally_3c1b8e88_yrxJb31Z (19a384d6-20af-45de-bd85-9f7d9620e9a1)
2019-06-24 21:30:22.122 22706 RALLYDEBUG rally_openstack.cleanup.manager [-] Deleting neutron.port object s_rally_3c1b8e88_NlxTkS8H (1acfe440-1037-4487-9362-c45fac6f14e3)
2019-06-24 21:30:22.127 22706 RALLYDEBUG rally_openstack.cleanup.manager [-] Deleting neutron.port object s_rally_3c1b8e88_XnQtcGbJ (1ad30b4e-ec02-461d-ba3f-99cfe5673089)
2019-06-24 21:30:22.206 22706 RALLYDEBUG rally_openstack.cleanup.manager [-] Deleting neutron.port object s_rally_3c1b8e88_aPaPHqB0 (1aeaf968-1886-4a86-a5c9-8d5f9eaced36)
2019-06-24 21:30:22.218 22706 RALLYDEBUG rally_openstack.cleanup.manager [-] Deleting neutron.port object s_rally_3c1b8e88_zpCMktls (1b889d38-40bb-438e-b955-eb625e16c0a5)
2019-06-24 21:30:22.250 22706 RALLYDEBUG rally_openstack.cleanup.manager [-] Deleting neutron.port object s_rally_3c1b8e88_b9ph20VE (1c2a2427-e009-4ef6-a06a-f741970a12b0)
2019-06-24 21:30:22.269 22706 RALLYDEBUG rally_openstack.cleanup.manager [-] Deleting neutron.port object s_rally_3c1b8e88_4KOLFeBL (1c96f84b-ebc6-49b1-bcf7-7f0127d25fe5)
2019-06-24 21:30:22.343 22706 RALLYDEBUG rally_openstack.cleanup.manager [-] Deleting neutron.port object s_rally_3c1b8e88_Q0Kw8LIp (2283f995-0255-4968-b4e5-6c91332366d8)
2019-06-24 21:30:22.354 22706 RALLYDEBUG rally_openstack.cleanup.manager [-] Deleting neutron.port object s_rally_3c1b8e88_nX0Rxjgu (2286dd7d-5af7-4368-a2b6-afb20c6cca45)
2019-06-24 21:30:22.365 22706 RALLYDEBUG rally_openstack.cleanup.manager [-] Deleting neutron.port object s_rally_3c1b8e88_wTqkO7gl (253f5df1-2aa0-4f04-afb1-3e098546fb98)
2019-06-24 21:30:22.445 22706 RALLYDEBUG rally_openstack.cleanup.manager [-] Deleting neutron.port object s_rally_3c1b8e88_wFW6YI9U (25836647-6357-493a-9d00-101da7eafe9d)
2019-06-24 21:30:22.458 22706 RALLYDEBUG rally_openstack.cleanup.manager [-] Deleting neutron.port object s_rally_3c1b8e88_GUtQBVNj (2759be22-3bad-4d8f-957c-f3b63ffe0587)
2019-06-24 21:30:22.462 22706 RALLYDEBUG rally_openstack.cleanup.manager [-] Deleting neutron.port object s_rally_3c1b8e88_rMJObkTW (29db158a-83b6-4b58-9bfb-2e72e002958e)
2019-06-24 21:30:22.477 22706 RALLYDEBUG rally_openstack.cleanup.manager [-] Deleting neutron.port object s_rally_3c1b8e88_XOr2hzsy (2a7ce67a-6575-4cae-8e0b-d54ea2a4b8ff)
2019-06-24 21:30:22.483 22706 RALLYDEBUG rally_openstack.cleanup.manager [-] Deleting neutron.port object s_rally_3c1b8e88_TwPmg9AP (2d3a02a8-3578-4b1e-8177-e23a6caeb40d)
2019-06-24 21:30:22.483 22706 RALLYDEBUG rally_openstack.cleanup.manager [-] Deleting neutron.port object s_rally_3c1b8e88_9dyGEwFr (2d21d62f-7042-4d33-8d4d-870e1d9580d6)
2019-06-24 21:30:22.487 22706 RALLYDEBUG rally_openstack.cleanup.manager [-] Deleting neutron.port object s_rally_3c1b8e88_QqQIRQXx (2aae1609-9299-4713-9c44-8405d50e9baa)
2019-06-24 21:30:22.867 22706 RALLYDEBUG rally_openstack.cleanup.manager [-] Deleting neutron.port object s_rally_3c1b8e88_5MqmtWyV (2dd131e8-a9ac-416f-a9cf-b8cb9c90b7f1)
2019-06-24 21:30:22.869 22706 RALLYDEBUG rally_openstack.cleanup.manager [-] Deleting neutron.port object s_rally_3c1b8e88_5QjEBTxl (2f121414-0a5b-45d5-82ee-6bf64adaa664)
2019-06-24 21:30:24.593 22706 RALLYDEBUG rally_openstack.cleanup.manager [-] Deleting neutron.port object s_rally_3c1b8e88_HPFflAu7 (30bb2d32-67be-419c-87e1-fc351906d6ef)
2019-06-24 21:30:24.653 22706 RALLYDEBUG rally_openstack.cleanup.manager [-] Deleting neutron.port object s_rally_3c1b8e88_m88Zjoz8 (37217d40-1bb2-4423-b40a-810b1454555c)
2019-06-24 21:30:24.677 22706 RALLYDEBUG rally_openstack.cleanup.manager [-] Deleting neutron.port object s_rally_3c1b8e88_9J4VkvLy (37ad552b-2a3a-42b5-a154-6aabab492d3a)
2019-06-24 21:30:24.734 22706 RALLYDEBUG rally_openstack.cleanup.manager [-] Deleting neutron.port object s_rally_3c1b8e88_n2eVOm7e (37e1b347-f57e-4ac1-a0ba-c7903aa118cc)
2019-06-24 21:30:24.744 22706 RALLYDEBUG rally_openstack.cleanup.manager [-] Deleting neutron.port object s_rally_3c1b8e88_ZkpzUdWS (380a633d-f761-4355-a79e-2f5269ad9253)
2019-06-24 21:30:24.796 22706 RALLYDEBUG rally_openstack.cleanup.manager [-] Deleting neutron.port object s_rally_3c1b8e88_8VyZ2xzf (38491042-f45e-4cdd-900d-e8dd1c5fe766)
2019-06-24 21:30:24.893 22706 RALLYDEBUG rally_openstack.cleanup.manager [-] Deleting neutron.port object s_rally_3c1b8e88_FhEJXv7R (3a003ac7-3780-4e6b-b6ad-86ff50219cca)
2019-06-24 21:30:24.913 22706 RALLYDEBUG rally_openstack.cleanup.manager [-] Deleting neutron.port object s_rally_3c1b8e88_nzEq9Wst (3af8a442-1f12-4cae-a7bc-b19c83d740f7)
2019-06-24 21:30:24.938 22706 RALLYDEBUG rally_openstack.cleanup.manager [-] Deleting neutron.port object s_rally_3c1b8e88_bQsNGc9Z (3d9a3939-fe45-464c-a6a1-beec7bb1a8c1)
2019-06-24 21:30:24.951 22706 RALLYDEBUG rally_openstack.cleanup.manager [-] Deleting neutron.port object s_rally_3c1b8e88_FOeQjl5x (3e335665-b2d1-4902-a1d1-1dbda8e630e6)
2019-06-24 21:30:24.974 22706 RALLYDEBUG rally_openstack.cleanup.manager [-] Deleting neutron.port object s_rally_3c1b8e88_taxQ4GzG (3e72f3b9-de27-4953-a9c8-ea675571b9bb)
2019-06-24 21:30:25.013 22706 RALLYDEBUG rally_openstack.cleanup.manager [-] Deleting neutron.port object s_rally_3c1b8e88_0NA7HzLi (3f033705-a240-4120-82c0-4d79644cbc09)
2019-06-24 21:30:25.082 22706 RALLYDEBUG rally_openstack.cleanup.manager [-] Deleting neutron.port object s_rally_3c1b8e88_vvEi6o9H (3fae6807-48b3-4d1b-8612-c6ada67f537a)
2019-06-24 21:30:25.135 22706 RALLYDEBUG rally_openstack.cleanup.manager [-] Deleting neutron.port object s_rally_3c1b8e88_nyuffXHA (4030e859-5282-420e-96fd-1d8beca7b447)
2019-06-24 21:30:25.190 22706 RALLYDEBUG rally_openstack.cleanup.manager [-] Deleting neutron.port object s_rally_3c1b8e88_vNSamoVB (40828ca3-5b8a-4dd9-8827-b16c6623a571)
2019-06-24 21:30:25.201 22706 RALLYDEBUG rally_openstack.cleanup.manager [-] Deleting neutron.port object s_rally_3c1b8e88_zOMGTQXL (42b61bf5-fead-4cb2-9ad8-2894570276e2)
2019-06-24 21:30:25.209 22706 RALLYDEBUG rally_openstack.cleanup.manager [-] Deleting neutron.port object s_rally_3c1b8e88_Zmu1we4z (4458d59d-c09d-4064-98b3-e3dc2bdad3fc)
2019-06-24 21:30:25.325 22706 RALLYDEBUG rally_openstack.cleanup.manager [-] Deleting neutron.port object s_rally_3c1b8e88_MD0Xj8qC (45d68e4b-156d-4adf-9217-4ffc7caf14cf)
2019-06-24 21:30:25.326 22706 RALLYDEBUG rally_openstack.cleanup.manager [-] Deleting neutron.port object s_rally_3c1b8e88_b6DIuV1k (458c2e88-8e41-4cf6-af28-90e639e83e76)
2019-06-24 21:30:25.354 22706 RALLYDEBUG rally_openstack.cleanup.manager [-] Deleting neutron.port object s_rally_3c1b8e88_PgOF7uhy (46d28da1-25f7-4bbc-bcc8-540410482797)
2019-06-24 21:30:26.919 22706 RALLYDEBUG rally_openstack.cleanup.manager [-] Deleting neutron.port object s_rally_3c1b8e88_9GkAAQg5 (484b8130-a636-4fb9-bf90-72ee3f90ca6c)
2019-06-24 21:30:26.996 22706 RALLYDEBUG rally_openstack.cleanup.manager [-] Deleting neutron.port object s_rally_3c1b8e88_yDQ484wF (48578b82-1b4d-4b00-b1b0-9d50667782eb)
2019-06-24 21:30:27.085 22706 RALLYDEBUG rally_openstack.cleanup.manager [-] Deleting neutron.port object s_rally_3c1b8e88_KsKe7AB0 (4a409ff3-1506-453c-b594-53abb8729421)
2019-06-24 21:30:27.185 22706 RALLYDEBUG rally_openstack.cleanup.manager [-] Deleting neutron.port object s_rally_3c1b8e88_c2lfKGDc (4a9a5a72-6a40-47b4-8075-a068e9774869)
2019-06-24 21:30:27.258 22706 RALLYDEBUG rally_openstack.cleanup.manager [-] Deleting neutron.port object s_rally_3c1b8e88_SedeIRPg (4b441679-55f9-4e91-bca6-36089a16944f)
2019-06-24 21:30:27.295 22706 RALLYDEBUG rally_openstack.cleanup.manager [-] Deleting neutron.port object s_rally_3c1b8e88_zpPCKY8s (4d7af606-0fc1-4980-a080-464b4999d0b3)
2019-06-24 21:30:27.532 22706 RALLYDEBUG rally_openstack.cleanup.manager [-] Deleting neutron.port object s_rally_3c1b8e88_XtYV5aQv (4e57e8e2-f1d6-48e5-8352-2e3eec06713a)
