2019-06-24 21:09:45.489 22697 RALLYDEBUG rally.api [-] INFO logs from urllib3 and requests module are hide.
2019-06-24 21:09:45.489 22697 RALLYDEBUG rally.api [-] urllib3 insecure warnings are hidden.
2019-06-24 21:09:45.490 22697 RALLYDEBUG rally.api [-] ERROR log from boto module is hide.
2019-06-24 21:09:47.621 22699 RALLYDEBUG rally.api [-] INFO logs from urllib3 and requests module are hide.
2019-06-24 21:09:47.621 22699 RALLYDEBUG rally.api [-] urllib3 insecure warnings are hidden.
2019-06-24 21:09:47.621 22699 RALLYDEBUG rally.api [-] ERROR log from boto module is hide.
2019-06-24 21:09:48.917 22699 WARNING rally_openstack.platforms.existing [-] endpoint is deprecated and not used.
2019-06-24 21:09:49.904 22701 RALLYDEBUG rally.api [-] INFO logs from urllib3 and requests module are hide.
2019-06-24 21:09:49.904 22701 RALLYDEBUG rally.api [-] urllib3 insecure warnings are hidden.
2019-06-24 21:09:49.905 22701 RALLYDEBUG rally.api [-] ERROR log from boto module is hide.
2019-06-24 21:09:53.037 22704 RALLYDEBUG rally.api [-] INFO logs from urllib3 and requests module are hide.
2019-06-24 21:09:53.037 22704 RALLYDEBUG rally.api [-] urllib3 insecure warnings are hidden.
2019-06-24 21:09:53.037 22704 RALLYDEBUG rally.api [-] ERROR log from boto module is hide.
2019-06-24 21:09:55.541 22706 RALLYDEBUG rally.api [-] INFO logs from urllib3 and requests module are hide.
2019-06-24 21:09:55.541 22706 RALLYDEBUG rally.api [-] urllib3 insecure warnings are hidden.
2019-06-24 21:09:55.541 22706 RALLYDEBUG rally.api [-] ERROR log from boto module is hide.
2019-06-24 21:09:56.694 22706 INFO rally.common.plugin.discover [-] Loading plugins from directories /root/.rally/plugins/*
2019-06-24 21:09:56.695 22706 INFO rally.common.plugin.discover [-] Loaded module with plugins: /root/.rally/plugins/__init__.py
2019-06-24 21:09:56.697 22706 INFO rally.common.plugin.discover [-] Loaded module with plugins: /root/.rally/plugins/trunk_scenario.py
2019-06-24 21:09:56.891 22706 INFO rally.task.engine [-] Task 759337de-27c2-47cf-b5f6-3d1a4c48ad81 | Starting: Task validation.
2019-06-24 21:09:56.921 22706 INFO rally.task.engine [-] Task 759337de-27c2-47cf-b5f6-3d1a4c48ad81 | Starting: Task validation of syntax.
2019-06-24 21:09:57.134 22706 INFO rally.task.engine [-] Task 759337de-27c2-47cf-b5f6-3d1a4c48ad81 | Completed: Task validation of syntax.
2019-06-24 21:09:57.134 22706 INFO rally.task.engine [-] Task 759337de-27c2-47cf-b5f6-3d1a4c48ad81 | Starting: Task validation of required platforms.
2019-06-24 21:09:57.193 22706 INFO rally.task.engine [-] Task 759337de-27c2-47cf-b5f6-3d1a4c48ad81 | Completed: Task validation of required platforms.
2019-06-24 21:09:57.193 22706 INFO rally.task.engine [-] Task 759337de-27c2-47cf-b5f6-3d1a4c48ad81 | Starting: Task validation of semantic.
2019-06-24 21:09:57.193 22706 INFO rally.task.engine [-] Check health of the environment '089f965c-d9db-4db1-a5ad-afbf186a9d6a'.
2019-06-24 21:09:58.026 22706 INFO rally.task.engine [-] Platform existing@openstack (available: True): OK!
2019-06-24 21:09:58.043 22706 RALLYDEBUG rally_openstack.contexts.keystone.users [-] Creating 1 tenants using 20 threads
2019-06-24 21:09:59.936 22706 RALLYDEBUG rally_openstack.contexts.keystone.users [-] Creating 1 users using 20 threads
2019-06-24 21:10:02.734 22706 INFO rally.task.context [-] Task 759337de-27c2-47cf-b5f6-3d1a4c48ad81 | Context users@openstack setup() finished in 4.69 sec
2019-06-24 21:10:08.956 22706 INFO rally.task.context [-] Task 759337de-27c2-47cf-b5f6-3d1a4c48ad81 | Context users@openstack cleanup() started
2019-06-24 21:10:14.466 22706 INFO rally.task.context [-] Task 759337de-27c2-47cf-b5f6-3d1a4c48ad81 | Context users@openstack cleanup() finished in 5.51 sec
2019-06-24 21:10:14.467 22706 INFO rally.task.engine [-] Task 759337de-27c2-47cf-b5f6-3d1a4c48ad81 | Completed: Task validation of semantic.
2019-06-24 21:10:14.467 22706 INFO rally.task.engine [-] Task 759337de-27c2-47cf-b5f6-3d1a4c48ad81 | Completed: Task validation.
2019-06-24 21:10:14.467 22706 INFO rally.api [-] Task 759337de-27c2-47cf-b5f6-3d1a4c48ad81 input file is valid.
2019-06-24 21:10:14.468 22706 INFO rally.api [-] Run Task 759337de-27c2-47cf-b5f6-3d1a4c48ad81 against Deployment 089f965c-d9db-4db1-a5ad-afbf186a9d6a
2019-06-24 21:10:14.468 22706 INFO rally.task.engine [-] Task 759337de-27c2-47cf-b5f6-3d1a4c48ad81 | Starting: Running task.
2019-06-24 21:10:14.599 22706 INFO rally.task.engine [-] Running workload: position = 0 config = { "version": 2, "title": "A cropped version of a bigger task.", "description": "Auto-generated task from a single workload (uuid=e732c964-a6c5-4830-a8d5-f3ef7f385151)", "subtasks": [ { "title": "NeutronNetworks.create_and_list_networks", "description": "Check performance of list_networks action and ensure > network quotas are not exceeded", "scenario": { "NeutronNetworks.create_and_list_networks": {} }, "contexts": { "users": { "tenants": 1, "users_per_tenant": 1 }, "quotas": { "neutron": { "network": 119 } } }, "runner": { "constant": { "times": 100, "concurrency": 20 } }, "hooks": [], "sla": { "max_avg_duration_per_atomic": { "neutron.list_networks": 15 }, "failure_rate": { "max": 0 } } } ] }
2019-06-24 21:10:14.622 22706 RALLYDEBUG rally_openstack.contexts.keystone.users [-] Creating 1 tenants using 20 threads
2019-06-24 21:10:16.624 22706 RALLYDEBUG rally_openstack.contexts.keystone.users [-] Creating 1 users using 20 threads
2019-06-24 21:10:19.378 22706 INFO rally.task.context [-] Task 759337de-27c2-47cf-b5f6-3d1a4c48ad81 | Context users@openstack setup() finished in 4.76 sec
2019-06-24 21:10:20.142 22706 INFO rally.task.context [-] Task 759337de-27c2-47cf-b5f6-3d1a4c48ad81 | Context quotas@openstack setup() finished in 0.76 sec
2019-06-24 21:10:20.142 22706 INFO rally.task.context [-] Task 759337de-27c2-47cf-b5f6-3d1a4c48ad81 | Context cleanup@openstack setup() finished in 0.01 msec
2019-06-24 21:10:20.150 22706 RALLYDEBUG rally.task.runner [-] Starting the constant runner (task UUID: 759337de-27c2-47cf-b5f6-3d1a4c48ad81). timeout: 0 concurrency: 20 concurrency_per_worker: 1 times: 100 concurrency_overhead: 4 processes_to_start: 16 max_cpu_used: 16
2019-06-24 21:10:20.161 22830 RALLYDEBUG rally.task.runner [-] Starting a worker. concurrency: 2 args: {} times: 100 method_name: run timeout: 0 duration: None cls:
2019-06-24 21:10:20.162 22831 RALLYDEBUG rally.task.runner [-] Starting a worker. concurrency: 2 args: {} times: 100 method_name: run timeout: 0 duration: None cls:
2019-06-24 21:10:20.166 22832 RALLYDEBUG rally.task.runner [-] Starting a worker. concurrency: 2 args: {} times: 100 method_name: run timeout: 0 duration: None cls:
2019-06-24 21:10:20.167 22831 INFO rally.task.runner [-] Task 759337de-27c2-47cf-b5f6-3d1a4c48ad81 | ITER: 3 START
2019-06-24 21:10:20.169 22835 RALLYDEBUG rally.task.runner [-] Starting a worker. concurrency: 2 args: {} times: 100 method_name: run timeout: 0 duration: None cls:
2019-06-24 21:10:20.167 22831 INFO rally.task.runner [-] Task 759337de-27c2-47cf-b5f6-3d1a4c48ad81 | ITER: 2 START
2019-06-24 21:10:20.170 22830 INFO rally.task.runner [-] Task 759337de-27c2-47cf-b5f6-3d1a4c48ad81 | ITER: 1 START
2019-06-24 21:10:20.171 22832 INFO rally.task.runner [-] Task 759337de-27c2-47cf-b5f6-3d1a4c48ad81 | ITER: 5 START
2019-06-24 21:10:20.171 22830 INFO rally.task.runner [-] Task 759337de-27c2-47cf-b5f6-3d1a4c48ad81 | ITER: 4 START
2019-06-24 21:10:20.174 22835 INFO rally.task.runner [-] Task 759337de-27c2-47cf-b5f6-3d1a4c48ad81 | ITER: 7 START
2019-06-24 21:10:20.173 22843 RALLYDEBUG rally.task.runner [-] Starting a worker. concurrency: 1 args: {} times: 100 method_name: run timeout: 0 duration: None cls:
2019-06-24 21:10:20.177 22843 INFO rally.task.runner [-] Task 759337de-27c2-47cf-b5f6-3d1a4c48ad81 | ITER: 9 START
2019-06-24 21:10:20.178 22846 RALLYDEBUG rally.task.runner [-] Starting a worker. concurrency: 1 args: {} times: 100 method_name: run timeout: 0 duration: None cls:
2019-06-24 21:10:20.171 22832 INFO rally.task.runner [-] Task 759337de-27c2-47cf-b5f6-3d1a4c48ad81 | ITER: 6 START
2019-06-24 21:10:20.179 22835 INFO rally.task.runner [-] Task 759337de-27c2-47cf-b5f6-3d1a4c48ad81 | ITER: 8 START
2019-06-24 21:10:20.182 22846 INFO rally.task.runner [-] Task 759337de-27c2-47cf-b5f6-3d1a4c48ad81 | ITER: 10 START
2019-06-24 21:10:20.188 22852 RALLYDEBUG rally.task.runner [-] Starting a worker. concurrency: 1 args: {} times: 100 method_name: run timeout: 0 duration: None cls:
2019-06-24 21:10:20.191 22852 INFO rally.task.runner [-] Task 759337de-27c2-47cf-b5f6-3d1a4c48ad81 | ITER: 11 START
2019-06-24 21:10:20.204 22853 RALLYDEBUG rally.task.runner [-] Starting a worker. concurrency: 1 args: {} times: 100 method_name: run timeout: 0 duration: None cls:
2019-06-24 21:10:20.207 22856 RALLYDEBUG rally.task.runner [-] Starting a worker. concurrency: 1 args: {} times: 100 method_name: run timeout: 0 duration: None cls:
2019-06-24 21:10:20.209 22857 RALLYDEBUG rally.task.runner [-] Starting a worker. concurrency: 1 args: {} times: 100 method_name: run timeout: 0 duration: None cls:
2019-06-24 21:10:20.210 22853 INFO rally.task.runner [-] Task 759337de-27c2-47cf-b5f6-3d1a4c48ad81 | ITER: 12 START
2019-06-24 21:10:20.210 22856 INFO rally.task.runner [-] Task 759337de-27c2-47cf-b5f6-3d1a4c48ad81 | ITER: 13 START
2019-06-24 21:10:20.214 22857 INFO rally.task.runner [-] Task 759337de-27c2-47cf-b5f6-3d1a4c48ad81 | ITER: 14 START
2019-06-24 21:10:20.214 22861 RALLYDEBUG rally.task.runner [-] Starting a worker. concurrency: 1 args: {} times: 100 method_name: run timeout: 0 duration: None cls:
2019-06-24 21:10:20.218 22864 RALLYDEBUG rally.task.runner [-] Starting a worker. concurrency: 1 args: {} times: 100 method_name: run timeout: 0 duration: None cls:
2019-06-24 21:10:20.221 22861 INFO rally.task.runner [-] Task 759337de-27c2-47cf-b5f6-3d1a4c48ad81 | ITER: 15 START
2019-06-24 21:10:20.220 22866 RALLYDEBUG rally.task.runner [-] Starting a worker. concurrency: 1 args: {} times: 100 method_name: run timeout: 0 duration: None cls:
2019-06-24 21:10:20.223 22867 RALLYDEBUG rally.task.runner [-] Starting a worker. concurrency: 1 args: {} times: 100 method_name: run timeout: 0 duration: None cls:
2019-06-24 21:10:20.225 22864 INFO rally.task.runner [-] Task 759337de-27c2-47cf-b5f6-3d1a4c48ad81 | ITER: 16 START
2019-06-24 21:10:20.225 22868 RALLYDEBUG rally.task.runner [-] Starting a worker. concurrency: 1 args: {} times: 100 method_name: run timeout: 0 duration: None cls:
2019-06-24 21:10:20.227 22871 RALLYDEBUG rally.task.runner [-] Starting a worker. concurrency: 1 args: {} times: 100 method_name: run timeout: 0 duration: None cls:
2019-06-24 21:10:20.227 22866 INFO rally.task.runner [-] Task 759337de-27c2-47cf-b5f6-3d1a4c48ad81 | ITER: 17 START
2019-06-24 21:10:20.231 22867 INFO rally.task.runner [-] Task 759337de-27c2-47cf-b5f6-3d1a4c48ad81 | ITER: 18 START
2019-06-24 21:10:20.233 22868 INFO rally.task.runner [-] Task 759337de-27c2-47cf-b5f6-3d1a4c48ad81 | ITER: 19 START
2019-06-24 21:10:20.233 22871 INFO rally.task.runner [-] Task 759337de-27c2-47cf-b5f6-3d1a4c48ad81 | ITER: 20 START
2019-06-24 21:10:22.420 22831 INFO rally.task.runner [-] Task 759337de-27c2-47cf-b5f6-3d1a4c48ad81 | ITER: 2 END: OK
2019-06-24 21:10:22.425 22831 INFO rally.task.runner [-] Task 759337de-27c2-47cf-b5f6-3d1a4c48ad81 | ITER: 21 START
2019-06-24 21:10:22.493 22831 INFO rally.task.runner [-] Task 759337de-27c2-47cf-b5f6-3d1a4c48ad81 | ITER: 3 END: OK
2019-06-24 21:10:22.496 22831 INFO rally.task.runner [-] Task 759337de-27c2-47cf-b5f6-3d1a4c48ad81 | ITER: 22 START
2019-06-24 21:10:22.556 22830 INFO rally.task.runner [-] Task 759337de-27c2-47cf-b5f6-3d1a4c48ad81 | ITER: 4 END: OK
2019-06-24 21:10:22.560 22830 INFO rally.task.runner [-] Task 759337de-27c2-47cf-b5f6-3d1a4c48ad81 | ITER: 23 START
2019-06-24 21:10:22.570 22853 INFO rally.task.runner [-] Task 759337de-27c2-47cf-b5f6-3d1a4c48ad81 | ITER: 12 END: OK
2019-06-24 21:10:22.574 22853 INFO rally.task.runner [-] Task 759337de-27c2-47cf-b5f6-3d1a4c48ad81 | ITER: 24 START
2019-06-24 21:10:22.588 22867 INFO rally.task.runner [-] Task 759337de-27c2-47cf-b5f6-3d1a4c48ad81 | ITER: 18 END: OK
2019-06-24 21:10:22.591 22867 INFO rally.task.runner [-] Task 759337de-27c2-47cf-b5f6-3d1a4c48ad81 | ITER: 25 START
2019-06-24 21:10:22.592 22835 INFO rally.task.runner [-] Task 759337de-27c2-47cf-b5f6-3d1a4c48ad81 | ITER: 8 END: OK
2019-06-24 21:10:22.595 22835 INFO rally.task.runner [-] Task 759337de-27c2-47cf-b5f6-3d1a4c48ad81 | ITER: 26 START
2019-06-24 21:10:22.737 22864 INFO rally.task.runner [-] Task 759337de-27c2-47cf-b5f6-3d1a4c48ad81 | ITER: 16 END: OK
2019-06-24 21:10:22.742 22864 INFO rally.task.runner [-] Task 759337de-27c2-47cf-b5f6-3d1a4c48ad81 | ITER: 27 START
2019-06-24 21:10:22.745 22861 INFO rally.task.runner [-] Task 759337de-27c2-47cf-b5f6-3d1a4c48ad81 | ITER: 15 END: OK
2019-06-24 21:10:22.749 22861 INFO rally.task.runner [-] Task 759337de-27c2-47cf-b5f6-3d1a4c48ad81 | ITER: 28 START
2019-06-24 21:10:22.798 22832 INFO rally.task.runner [-] Task 759337de-27c2-47cf-b5f6-3d1a4c48ad81 | ITER: 5 END: OK
2019-06-24 21:10:22.801 22832 INFO rally.task.runner [-] Task 759337de-27c2-47cf-b5f6-3d1a4c48ad81 | ITER: 29 START
2019-06-24 21:10:22.849 22856 INFO rally.task.runner [-] Task 759337de-27c2-47cf-b5f6-3d1a4c48ad81 | ITER: 13 END: OK
2019-06-24 21:10:22.852 22856 INFO rally.task.runner [-] Task 759337de-27c2-47cf-b5f6-3d1a4c48ad81 | ITER: 30 START
2019-06-24 21:10:22.878 22835 INFO rally.task.runner [-] Task 759337de-27c2-47cf-b5f6-3d1a4c48ad81 | ITER: 7 END: OK
2019-06-24 21:10:22.878 22830 INFO rally.task.runner [-] Task 759337de-27c2-47cf-b5f6-3d1a4c48ad81 | ITER: 1 END: OK
2019-06-24 21:10:22.881 22835 INFO rally.task.runner [-] Task 759337de-27c2-47cf-b5f6-3d1a4c48ad81 | ITER: 31 START
2019-06-24 21:10:22.881 22830 INFO rally.task.runner [-] Task 759337de-27c2-47cf-b5f6-3d1a4c48ad81 | ITER: 32 START
2019-06-24 21:10:22.915 22843 INFO rally.task.runner [-] Task 759337de-27c2-47cf-b5f6-3d1a4c48ad81 | ITER: 9 END: OK
2019-06-24 21:10:22.918 22843 INFO rally.task.runner [-] Task 759337de-27c2-47cf-b5f6-3d1a4c48ad81 | ITER: 33 START
2019-06-24 21:10:22.969 22832 INFO rally.task.runner [-] Task 759337de-27c2-47cf-b5f6-3d1a4c48ad81 | ITER: 6 END: OK
2019-06-24 21:10:22.972 22832 INFO rally.task.runner [-] Task 759337de-27c2-47cf-b5f6-3d1a4c48ad81 | ITER: 34 START
2019-06-24 21:10:22.989 22857 INFO rally.task.runner [-] Task 759337de-27c2-47cf-b5f6-3d1a4c48ad81 | ITER: 14 END: OK
2019-06-24 21:10:22.992 22857 INFO rally.task.runner [-] Task 759337de-27c2-47cf-b5f6-3d1a4c48ad81 | ITER: 35 START
2019-06-24 21:10:23.003 22871 INFO rally.task.runner [-] Task 759337de-27c2-47cf-b5f6-3d1a4c48ad81 | ITER: 20 END: OK
2019-06-24 21:10:23.005 22871 INFO rally.task.runner [-] Task 759337de-27c2-47cf-b5f6-3d1a4c48ad81 | ITER: 36 START
2019-06-24 21:10:23.022 22852 INFO rally.task.runner [-] Task 759337de-27c2-47cf-b5f6-3d1a4c48ad81 | ITER: 11 END: OK
2019-06-24 21:10:23.024 22852 INFO rally.task.runner [-] Task 759337de-27c2-47cf-b5f6-3d1a4c48ad81 | ITER: 37 START
2019-06-24 21:10:23.076 22868 INFO rally.task.runner [-] Task 759337de-27c2-47cf-b5f6-3d1a4c48ad81 | ITER: 19 END: OK
2019-06-24 21:10:23.079 22868 INFO rally.task.runner [-] Task 759337de-27c2-47cf-b5f6-3d1a4c48ad81 | ITER: 38 START
2019-06-24 21:10:23.107 22866 INFO rally.task.runner [-] Task 759337de-27c2-47cf-b5f6-3d1a4c48ad81 | ITER: 17 END: OK
2019-06-24 21:10:23.109 22866 INFO rally.task.runner [-] Task 759337de-27c2-47cf-b5f6-3d1a4c48ad81 | ITER: 39 START
2019-06-24 21:10:23.113 22846 INFO rally.task.runner [-] Task 759337de-27c2-47cf-b5f6-3d1a4c48ad81 | ITER: 10 END: OK
2019-06-24 21:10:23.116 22846 INFO rally.task.runner [-] Task 759337de-27c2-47cf-b5f6-3d1a4c48ad81 | ITER: 40 START
2019-06-24 21:10:24.431 22831 INFO rally.task.runner [-] Task 759337de-27c2-47cf-b5f6-3d1a4c48ad81 | ITER: 22 END: OK
2019-06-24 21:10:24.434 22831 INFO rally.task.runner [-] Task 759337de-27c2-47cf-b5f6-3d1a4c48ad81 | ITER: 41 START
2019-06-24 21:10:24.463 22831 INFO rally.task.runner [-] Task 759337de-27c2-47cf-b5f6-3d1a4c48ad81 | ITER: 21 END: OK
2019-06-24 21:10:24.465 22830 INFO rally.task.runner [-] Task 759337de-27c2-47cf-b5f6-3d1a4c48ad81 | ITER: 23 END: OK
2019-06-24 21:10:24.466 22831 INFO rally.task.runner [-] Task 759337de-27c2-47cf-b5f6-3d1a4c48ad81 | ITER: 42 START
2019-06-24 21:10:24.469 22830 INFO rally.task.runner [-] Task 759337de-27c2-47cf-b5f6-3d1a4c48ad81 | ITER: 43 START
2019-06-24 21:10:24.498 22853 INFO rally.task.runner [-] Task 759337de-27c2-47cf-b5f6-3d1a4c48ad81 | ITER: 24 END: OK
2019-06-24 21:10:24.501 22853 INFO rally.task.runner [-] Task 759337de-27c2-47cf-b5f6-3d1a4c48ad81 | ITER: 44 START
2019-06-24 21:10:24.703 22830 INFO rally.task.runner [-] Task 759337de-27c2-47cf-b5f6-3d1a4c48ad81 | ITER: 32 END: OK
2019-06-24 21:10:24.706 22830 INFO rally.task.runner [-] Task 759337de-27c2-47cf-b5f6-3d1a4c48ad81 | ITER: 45 START
2019-06-24 21:10:24.733 22864 INFO rally.task.runner [-] Task 759337de-27c2-47cf-b5f6-3d1a4c48ad81 | ITER: 27 END: OK
2019-06-24 21:10:24.736 22864 INFO rally.task.runner [-] Task 759337de-27c2-47cf-b5f6-3d1a4c48ad81 | ITER: 46 START
2019-06-24 21:10:24.848 22835 INFO rally.task.runner [-] Task 759337de-27c2-47cf-b5f6-3d1a4c48ad81 | ITER: 31 END: OK
2019-06-24 21:10:24.851 22835 INFO rally.task.runner [-] Task 759337de-27c2-47cf-b5f6-3d1a4c48ad81 | ITER: 47 START
2019-06-24 21:10:24.873 22835 INFO rally.task.runner [-] Task 759337de-27c2-47cf-b5f6-3d1a4c48ad81 | ITER: 26 END: OK
2019-06-24 21:10:24.876 22835 INFO rally.task.runner [-] Task 759337de-27c2-47cf-b5f6-3d1a4c48ad81 | ITER: 48 START
2019-06-24 21:10:24.893 22843 INFO rally.task.runner [-] Task 759337de-27c2-47cf-b5f6-3d1a4c48ad81 | ITER: 33 END: OK
2019-06-24 21:10:24.896 22843 INFO rally.task.runner [-] Task 759337de-27c2-47cf-b5f6-3d1a4c48ad81 | ITER: 49 START
2019-06-24 21:10:24.960 22867 INFO rally.task.runner [-] Task 759337de-27c2-47cf-b5f6-3d1a4c48ad81 | ITER: 25 END: OK
2019-06-24 21:10:24.963 22867 INFO rally.task.runner [-] Task 759337de-27c2-47cf-b5f6-3d1a4c48ad81 | ITER: 50 START
2019-06-24 21:10:25.002 22832 INFO rally.task.runner [-] Task 759337de-27c2-47cf-b5f6-3d1a4c48ad81 | ITER: 29 END: OK
2019-06-24 21:10:25.006 22832 INFO rally.task.runner [-] Task 759337de-27c2-47cf-b5f6-3d1a4c48ad81 | ITER: 51 START
2019-06-24 21:10:25.183 22856 INFO rally.task.runner [-] Task 759337de-27c2-47cf-b5f6-3d1a4c48ad81 | ITER: 30 END: OK
2019-06-24 21:10:25.187 22856 INFO rally.task.runner [-] Task 759337de-27c2-47cf-b5f6-3d1a4c48ad81 | ITER: 52 START
2019-06-24 21:10:25.279 22857 INFO rally.task.runner [-] Task 759337de-27c2-47cf-b5f6-3d1a4c48ad81 | ITER: 35 END: OK
2019-06-24 21:10:25.282 22857 INFO rally.task.runner [-] Task 759337de-27c2-47cf-b5f6-3d1a4c48ad81 | ITER: 53 START
2019-06-24 21:10:25.363 22866 INFO rally.task.runner [-] Task 759337de-27c2-47cf-b5f6-3d1a4c48ad81 | ITER: 39 END: OK
2019-06-24 21:10:25.366 22866 INFO rally.task.runner [-] Task 759337de-27c2-47cf-b5f6-3d1a4c48ad81 | ITER: 54 START
2019-06-24 21:10:25.422 22861 INFO rally.task.runner [-] Task 759337de-27c2-47cf-b5f6-3d1a4c48ad81 | ITER: 28 END: OK
2019-06-24 21:10:25.426 22861 INFO rally.task.runner [-] Task 759337de-27c2-47cf-b5f6-3d1a4c48ad81 | ITER: 55 START
2019-06-24 21:10:25.796 22871 INFO rally.task.runner [-] Task 759337de-27c2-47cf-b5f6-3d1a4c48ad81 | ITER: 36 END: OK
2019-06-24 21:10:25.799 22871 INFO rally.task.runner [-] Task 759337de-27c2-47cf-b5f6-3d1a4c48ad81 | ITER: 56 START
2019-06-24 21:10:25.864 22832 INFO rally.task.runner [-] Task 759337de-27c2-47cf-b5f6-3d1a4c48ad81 | ITER: 34 END: OK
2019-06-24 21:10:25.867 22832 INFO rally.task.runner [-] Task 759337de-27c2-47cf-b5f6-3d1a4c48ad81 | ITER: 57 START
2019-06-24 21:10:26.469 22846 INFO rally.task.runner [-] Task 759337de-27c2-47cf-b5f6-3d1a4c48ad81 | ITER: 40 END: OK
2019-06-24 21:10:26.472 22846 INFO rally.task.runner [-] Task 759337de-27c2-47cf-b5f6-3d1a4c48ad81 | ITER: 58 START
2019-06-24 21:10:26.541 22852 INFO rally.task.runner [-] Task 759337de-27c2-47cf-b5f6-3d1a4c48ad81 | ITER: 37 END: OK
2019-06-24 21:10:26.544 22852 INFO rally.task.runner [-] Task 759337de-27c2-47cf-b5f6-3d1a4c48ad81 | ITER: 59 START
2019-06-24 21:10:26.578 22853 INFO rally.task.runner [-] Task 759337de-27c2-47cf-b5f6-3d1a4c48ad81 | ITER: 44 END: OK
2019-06-24 21:10:26.582 22853 INFO rally.task.runner [-] Task 759337de-27c2-47cf-b5f6-3d1a4c48ad81 | ITER: 60 START
2019-06-24 21:10:27.010 22868 INFO rally.task.runner [-] Task 759337de-27c2-47cf-b5f6-3d1a4c48ad81 | ITER: 38 END: OK
2019-06-24 21:10:27.013 22868 INFO rally.task.runner [-] Task 759337de-27c2-47cf-b5f6-3d1a4c48ad81 | ITER: 61 START
2019-06-24 21:10:27.034 22831 INFO rally.task.runner [-] Task 759337de-27c2-47cf-b5f6-3d1a4c48ad81 | ITER: 42 END: OK
2019-06-24 21:10:27.037 22831 INFO rally.task.runner [-] Task 759337de-27c2-47cf-b5f6-3d1a4c48ad81 | ITER: 62 START
2019-06-24 21:10:27.221 22835 INFO rally.task.runner [-] Task 759337de-27c2-47cf-b5f6-3d1a4c48ad81 | ITER: 48 END: OK
2019-06-24 21:10:27.222 22843 INFO rally.task.runner [-] Task 759337de-27c2-47cf-b5f6-3d1a4c48ad81 | ITER: 49 END: OK
2019-06-24 21:10:27.224 22835 INFO rally.task.runner [-] Task 759337de-27c2-47cf-b5f6-3d1a4c48ad81 | ITER: 63 START
2019-06-24 21:10:27.225 22843 INFO rally.task.runner [-] Task 759337de-27c2-47cf-b5f6-3d1a4c48ad81 | ITER: 64 START
2019-06-24 21:10:27.249 22830 INFO rally.task.runner [-] Task 759337de-27c2-47cf-b5f6-3d1a4c48ad81 | ITER: 43 END: OK
2019-06-24 21:10:27.252 22830 INFO rally.task.runner [-] Task 759337de-27c2-47cf-b5f6-3d1a4c48ad81 | ITER: 65 START
2019-06-24 21:10:27.294 22831 INFO rally.task.runner [-] Task 759337de-27c2-47cf-b5f6-3d1a4c48ad81 | ITER: 41 END: OK
2019-06-24 21:10:27.297 22831 INFO rally.task.runner [-] Task 759337de-27c2-47cf-b5f6-3d1a4c48ad81 | ITER: 66 START
2019-06-24 21:10:27.397 22835 INFO rally.task.runner [-] Task 759337de-27c2-47cf-b5f6-3d1a4c48ad81 | ITER: 47 END: OK
2019-06-24 21:10:27.400 22835 INFO rally.task.runner [-] Task 759337de-27c2-47cf-b5f6-3d1a4c48ad81 | ITER: 67 START
2019-06-24 21:10:27.443 22867 INFO rally.task.runner [-] Task 759337de-27c2-47cf-b5f6-3d1a4c48ad81 | ITER: 50 END: OK
2019-06-24 21:10:27.446 22867 INFO rally.task.runner [-] Task 759337de-27c2-47cf-b5f6-3d1a4c48ad81 | ITER: 68 START
2019-06-24 21:10:27.545 22864 INFO rally.task.runner [-] Task 759337de-27c2-47cf-b5f6-3d1a4c48ad81 | ITER: 46 END: OK
2019-06-24 21:10:27.548 22864 INFO rally.task.runner [-] Task 759337de-27c2-47cf-b5f6-3d1a4c48ad81 | ITER: 69 START
2019-06-24 21:10:27.578 22832 INFO rally.task.runner [-] Task 759337de-27c2-47cf-b5f6-3d1a4c48ad81 | ITER: 51 END: OK
2019-06-24 21:10:27.582 22832 INFO rally.task.runner [-] Task 759337de-27c2-47cf-b5f6-3d1a4c48ad81 | ITER: 70 START
2019-06-24 21:10:27.940 22830 INFO rally.task.runner [-] Task 759337de-27c2-47cf-b5f6-3d1a4c48ad81 | ITER: 45 END: OK
2019-06-24 21:10:27.943 22830 INFO rally.task.runner [-] Task 759337de-27c2-47cf-b5f6-3d1a4c48ad81 | ITER: 71 START
2019-06-24 21:10:28.130 22857 INFO rally.task.runner [-] Task 759337de-27c2-47cf-b5f6-3d1a4c48ad81 | ITER: 53 END: OK
2019-06-24 21:10:28.133 22857 INFO rally.task.runner [-] Task 759337de-27c2-47cf-b5f6-3d1a4c48ad81 | ITER: 72 START
2019-06-24 21:10:28.154 22856 INFO rally.task.runner [-] Task 759337de-27c2-47cf-b5f6-3d1a4c48ad81 | ITER: 52 END: OK
2019-06-24 21:10:28.157 22846 INFO rally.task.runner [-] Task 759337de-27c2-47cf-b5f6-3d1a4c48ad81 | ITER: 58 END: OK
2019-06-24 21:10:28.158 22856 INFO rally.task.runner [-] Task 759337de-27c2-47cf-b5f6-3d1a4c48ad81 | ITER: 73 START
2019-06-24 21:10:28.159 22846 INFO rally.task.runner [-] Task 759337de-27c2-47cf-b5f6-3d1a4c48ad81 | ITER: 74 START
2019-06-24 21:10:28.322 22866 INFO rally.task.runner [-] Task 759337de-27c2-47cf-b5f6-3d1a4c48ad81 | ITER: 54 END: OK
2019-06-24 21:10:28.325 22866 INFO rally.task.runner [-] Task 759337de-27c2-47cf-b5f6-3d1a4c48ad81 | ITER: 75 START
2019-06-24 21:10:28.472 22861 INFO rally.task.runner [-] Task 759337de-27c2-47cf-b5f6-3d1a4c48ad81 | ITER: 55 END: OK
2019-06-24 21:10:28.476 22861 INFO rally.task.runner [-] Task 759337de-27c2-47cf-b5f6-3d1a4c48ad81 | ITER: 76 START
2019-06-24 21:10:28.582 22871 INFO rally.task.runner [-] Task 759337de-27c2-47cf-b5f6-3d1a4c48ad81 | ITER: 56 END: OK
2019-06-24 21:10:28.586 22871 INFO rally.task.runner [-] Task 759337de-27c2-47cf-b5f6-3d1a4c48ad81 | ITER: 77 START
2019-06-24 21:10:28.602 22832 INFO rally.task.runner [-] Task 759337de-27c2-47cf-b5f6-3d1a4c48ad81 | ITER: 57 END: OK
2019-06-24 21:10:28.605 22832 INFO rally.task.runner [-] Task 759337de-27c2-47cf-b5f6-3d1a4c48ad81 | ITER: 78 START
2019-06-24 21:10:28.642 22868 INFO rally.task.runner [-] Task 759337de-27c2-47cf-b5f6-3d1a4c48ad81 | ITER: 61 END: OK
2019-06-24 21:10:28.646 22868 INFO rally.task.runner [-] Task 759337de-27c2-47cf-b5f6-3d1a4c48ad81 | ITER: 79 START
2019-06-24 21:10:28.697 22853 INFO rally.task.runner [-] Task 759337de-27c2-47cf-b5f6-3d1a4c48ad81 | ITER: 60 END: OK
2019-06-24 21:10:28.700 22853 INFO rally.task.runner [-] Task 759337de-27c2-47cf-b5f6-3d1a4c48ad81 | ITER: 80 START
2019-06-24 21:10:28.704 22852 INFO rally.task.runner [-] Task 759337de-27c2-47cf-b5f6-3d1a4c48ad81 | ITER: 59 END: OK
2019-06-24 21:10:28.707 22852 INFO rally.task.runner [-] Task 759337de-27c2-47cf-b5f6-3d1a4c48ad81 | ITER: 81 START
2019-06-24 21:10:28.846 22843 INFO rally.task.runner [-] Task 759337de-27c2-47cf-b5f6-3d1a4c48ad81 | ITER: 64 END: OK
2019-06-24 21:10:28.849 22843 INFO rally.task.runner [-] Task 759337de-27c2-47cf-b5f6-3d1a4c48ad81 | ITER: 82 START
2019-06-24 21:10:28.935 22864 INFO rally.task.runner [-] Task 759337de-27c2-47cf-b5f6-3d1a4c48ad81 | ITER: 69 END: OK
2019-06-24 21:10:28.939 22864 INFO rally.task.runner [-] Task 759337de-27c2-47cf-b5f6-3d1a4c48ad81 | ITER: 83 START
2019-06-24 21:10:29.102 22830 INFO rally.task.runner [-] Task 759337de-27c2-47cf-b5f6-3d1a4c48ad81 | ITER: 65 END: OK
2019-06-24 21:10:29.105 22830 INFO rally.task.runner [-] Task 759337de-27c2-47cf-b5f6-3d1a4c48ad81 | ITER: 84 START
2019-06-24 21:10:29.143 22835 INFO rally.task.runner [-] Task 759337de-27c2-47cf-b5f6-3d1a4c48ad81 | ITER: 63 END: OK
2019-06-24 21:10:29.146 22835 INFO rally.task.runner [-] Task 759337de-27c2-47cf-b5f6-3d1a4c48ad81 | ITER: 85 START
2019-06-24 21:10:29.190 22831 INFO rally.task.runner [-] Task 759337de-27c2-47cf-b5f6-3d1a4c48ad81 | ITER: 66 END: OK
2019-06-24 21:10:29.193 22831 INFO rally.task.runner [-] Task 759337de-27c2-47cf-b5f6-3d1a4c48ad81 | ITER: 86 START
2019-06-24 21:10:29.240 22867 INFO rally.task.runner [-] Task 759337de-27c2-47cf-b5f6-3d1a4c48ad81 | ITER: 68 END: OK
2019-06-24 21:10:29.243 22867 INFO rally.task.runner [-] Task 759337de-27c2-47cf-b5f6-3d1a4c48ad81 | ITER: 87 START
2019-06-24 21:10:29.397 22831 INFO rally.task.runner [-] Task 759337de-27c2-47cf-b5f6-3d1a4c48ad81 | ITER: 62 END: OK
2019-06-24 21:10:29.401 22831 INFO rally.task.runner [-] Task 759337de-27c2-47cf-b5f6-3d1a4c48ad81 | ITER: 88 START
2019-06-24 21:10:29.587 22835 INFO rally.task.runner [-] Task 759337de-27c2-47cf-b5f6-3d1a4c48ad81 | ITER: 67 END: OK
2019-06-24 21:10:29.590 22835 INFO rally.task.runner [-] Task 759337de-27c2-47cf-b5f6-3d1a4c48ad81 | ITER: 89 START
2019-06-24 21:10:29.641 22857 INFO rally.task.runner [-] Task 759337de-27c2-47cf-b5f6-3d1a4c48ad81 | ITER: 72 END: OK
2019-06-24 21:10:29.644 22857 INFO rally.task.runner [-] Task 759337de-27c2-47cf-b5f6-3d1a4c48ad81 | ITER: 90 START
2019-06-24 21:10:29.700 22846 INFO rally.task.runner [-] Task 759337de-27c2-47cf-b5f6-3d1a4c48ad81 | ITER: 74 END: OK
2019-06-24 21:10:29.703 22846 INFO rally.task.runner [-] Task 759337de-27c2-47cf-b5f6-3d1a4c48ad81 | ITER: 91 START
2019-06-24 21:10:29.786 22856 INFO rally.task.runner [-] Task 759337de-27c2-47cf-b5f6-3d1a4c48ad81 | ITER: 73 END: OK
2019-06-24 21:10:29.788 22856 INFO rally.task.runner [-] Task 759337de-27c2-47cf-b5f6-3d1a4c48ad81 | ITER: 92 START
2019-06-24 21:10:29.927 22832 INFO rally.task.runner [-] Task 759337de-27c2-47cf-b5f6-3d1a4c48ad81 | ITER: 70 END: OK
2019-06-24 21:10:29.930 22832 INFO rally.task.runner [-] Task 759337de-27c2-47cf-b5f6-3d1a4c48ad81 | ITER: 93 START
2019-06-24 21:10:29.959 22866 INFO rally.task.runner [-] Task 759337de-27c2-47cf-b5f6-3d1a4c48ad81 | ITER: 75 END: OK
2019-06-24 21:10:29.962 22866 INFO rally.task.runner [-] Task 759337de-27c2-47cf-b5f6-3d1a4c48ad81 | ITER: 94 START
2019-06-24 21:10:30.252 22830 INFO rally.task.runner [-] Task 759337de-27c2-47cf-b5f6-3d1a4c48ad81 | ITER: 71 END: OK
2019-06-24 21:10:30.255 22830 INFO rally.task.runner [-] Task 759337de-27c2-47cf-b5f6-3d1a4c48ad81 | ITER: 95 START
2019-06-24 21:10:30.283 22868 INFO rally.task.runner [-] Task 759337de-27c2-47cf-b5f6-3d1a4c48ad81 | ITER: 79 END: OK
2019-06-24 21:10:30.285 22868 INFO rally.task.runner [-] Task 759337de-27c2-47cf-b5f6-3d1a4c48ad81 | ITER: 96 START
2019-06-24 21:10:30.405 22861 INFO rally.task.runner [-] Task 759337de-27c2-47cf-b5f6-3d1a4c48ad81 | ITER: 76 END: OK
2019-06-24 21:10:30.407 22861 INFO rally.task.runner [-] Task 759337de-27c2-47cf-b5f6-3d1a4c48ad81 | ITER: 97 START
2019-06-24 21:10:30.524 22843 INFO rally.task.runner [-] Task 759337de-27c2-47cf-b5f6-3d1a4c48ad81 | ITER: 82 END: OK
2019-06-24 21:10:30.525 22871 INFO rally.task.runner [-] Task 759337de-27c2-47cf-b5f6-3d1a4c48ad81 | ITER: 77 END: OK
2019-06-24 21:10:30.527 22871 INFO rally.task.runner [-] Task 759337de-27c2-47cf-b5f6-3d1a4c48ad81 | ITER: 99 START
2019-06-24 21:10:30.527 22843 INFO rally.task.runner [-] Task 759337de-27c2-47cf-b5f6-3d1a4c48ad81 | ITER: 98 START
2019-06-24 21:10:30.637 22832 INFO rally.task.runner [-] Task 759337de-27c2-47cf-b5f6-3d1a4c48ad81 | ITER: 78 END: OK
2019-06-24 21:10:30.640 22832 INFO rally.task.runner [-] Task 759337de-27c2-47cf-b5f6-3d1a4c48ad81 | ITER: 100 START
2019-06-24 21:10:30.664 22853 INFO rally.task.runner [-] Task 759337de-27c2-47cf-b5f6-3d1a4c48ad81 | ITER: 80 END: OK
2019-06-24 21:10:30.735 22864 INFO rally.task.runner [-] Task 759337de-27c2-47cf-b5f6-3d1a4c48ad81 | ITER: 83 END: OK
2019-06-24 21:10:30.761 22830 INFO rally.task.runner [-] Task 759337de-27c2-47cf-b5f6-3d1a4c48ad81 | ITER: 84 END: OK
2019-06-24 21:10:30.782 22852 INFO rally.task.runner [-] Task 759337de-27c2-47cf-b5f6-3d1a4c48ad81 | ITER: 81 END: OK
2019-06-24 21:10:30.836 22835 INFO rally.task.runner [-] Task 759337de-27c2-47cf-b5f6-3d1a4c48ad81 | ITER: 89 END: OK
2019-06-24 21:10:31.038 22867 INFO rally.task.runner [-] Task 759337de-27c2-47cf-b5f6-3d1a4c48ad81 | ITER: 87 END: OK
2019-06-24 21:10:31.049 22831 INFO rally.task.runner [-] Task 759337de-27c2-47cf-b5f6-3d1a4c48ad81 | ITER: 88 END: OK
2019-06-24 21:10:31.063 22835 INFO rally.task.runner [-] Task 759337de-27c2-47cf-b5f6-3d1a4c48ad81 | ITER: 85 END: OK
2019-06-24 21:10:31.552 22856 INFO rally.task.runner [-] Task 759337de-27c2-47cf-b5f6-3d1a4c48ad81 | ITER: 92 END: OK
2019-06-24 21:10:31.631 22832 INFO rally.task.runner [-] Task 759337de-27c2-47cf-b5f6-3d1a4c48ad81 | ITER: 93 END: OK
2019-06-24 21:10:31.651 22868 INFO rally.task.runner [-] Task 759337de-27c2-47cf-b5f6-3d1a4c48ad81 | ITER: 96 END: OK
2019-06-24 21:10:31.689 22857 INFO rally.task.runner [-] Task 759337de-27c2-47cf-b5f6-3d1a4c48ad81 | ITER: 90 END: OK
2019-06-24 21:10:31.698 22831 INFO rally.task.runner [-] Task 759337de-27c2-47cf-b5f6-3d1a4c48ad81 | ITER: 86 END: OK
2019-06-24 21:10:31.738 22830 INFO rally.task.runner [-] Task 759337de-27c2-47cf-b5f6-3d1a4c48ad81 | ITER: 95 END: OK
2019-06-24 21:10:31.901 22866 INFO rally.task.runner [-] Task 759337de-27c2-47cf-b5f6-3d1a4c48ad81 | ITER: 94 END: OK
2019-06-24 21:10:31.960 22846 INFO rally.task.runner [-] Task 759337de-27c2-47cf-b5f6-3d1a4c48ad81 | ITER: 91 END: OK
2019-06-24 21:10:32.451 22871 INFO rally.task.runner [-] Task 759337de-27c2-47cf-b5f6-3d1a4c48ad81 | ITER: 99 END: OK
2019-06-24 21:10:32.451 22861 INFO rally.task.runner [-] Task 759337de-27c2-47cf-b5f6-3d1a4c48ad81 | ITER: 97 END: OK
2019-06-24 21:10:32.655 22832 INFO rally.task.runner [-] Task 759337de-27c2-47cf-b5f6-3d1a4c48ad81 | ITER: 100 END: OK
2019-06-24 21:10:32.667 22843 INFO rally.task.runner [-] Task 759337de-27c2-47cf-b5f6-3d1a4c48ad81 | ITER: 98 END: OK
2019-06-24 21:10:32.696 22706 INFO rally.task.context [-] Task 759337de-27c2-47cf-b5f6-3d1a4c48ad81 | Context cleanup@openstack cleanup() started
2019-06-24 21:10:32.700 22706 RALLYDEBUG rally_openstack.cleanup.manager [-] Cleaning up neutron vip objects
2019-06-24 21:10:33.334 22706 RALLYDEBUG rally_openstack.cleanup.manager [-] Cleaning up neutron health_monitor objects
2019-06-24 21:10:33.987 22706 RALLYDEBUG rally_openstack.cleanup.manager [-] Cleaning up neutron pool objects
2019-06-24 21:10:34.648 22706 RALLYDEBUG rally_openstack.cleanup.manager [-] Cleaning up neutron loadbalancer objects
2019-06-24 21:10:35.377 22706 RALLYDEBUG rally_openstack.cleanup.manager [-] Cleaning up neutron floatingip objects
2019-06-24 21:10:36.083 22706 RALLYDEBUG rally_openstack.cleanup.manager [-] Cleaning up neutron port objects
2019-06-24 21:10:36.868 22706 RALLYDEBUG rally_openstack.cleanup.manager [-] Cleaning up neutron subnet objects
2019-06-24 21:10:37.621 22706 RALLYDEBUG rally_openstack.cleanup.manager [-] Cleaning up neutron network objects
2019-06-24 21:10:38.717 22706 RALLYDEBUG rally_openstack.cleanup.manager [-] Deleting neutron.network object s_rally_e732c964_F6UrQnbD (008ecbb8-0cf4-4f98-9a91-6ad588e835ec)
2019-06-24 21:10:38.718 22706 RALLYDEBUG rally_openstack.cleanup.manager [-] Deleting neutron.network object s_rally_e732c964_nBxQNei1 (0281afea-32df-4963-b964-526d5d6f6f5d)
2019-06-24 21:10:38.721 22706 RALLYDEBUG rally_openstack.cleanup.manager [-] Deleting neutron.network object s_rally_e732c964_I0fD6BNW (01145247-2e32-4c1a-8680-2e8f2b3b9bf3)
2019-06-24 21:10:38.732 22706 RALLYDEBUG rally_openstack.cleanup.manager [-] Deleting neutron.network object s_rally_e732c964_lAyJOWLA (0066771d-2caa-44eb-858d-1fdd5161e22b)
2019-06-24 21:10:38.735 22706 RALLYDEBUG rally_openstack.cleanup.manager [-] Deleting neutron.network object s_rally_e732c964_Lvwh6mSA (03e59971-6a73-4eeb-95f5-c84e0cb1ecfa)
2019-06-24 21:10:38.747 22706 RALLYDEBUG rally_openstack.cleanup.manager [-] Deleting neutron.network object s_rally_e732c964_AXhrOZLM (0d9421fc-9af2-4864-93d2-1518114b04a2)
2019-06-24 21:10:38.757 22706 RALLYDEBUG rally_openstack.cleanup.manager [-] Deleting neutron.network object s_rally_e732c964_GiJWQbn4 (0c5ec63d-4eee-45dc-83a7-360454044111)
2019-06-24 21:10:38.762 22706 RALLYDEBUG rally_openstack.cleanup.manager [-] Deleting neutron.network object s_rally_e732c964_wTGqj5dR (096e866a-866a-4958-9029-54b9c7715831)
2019-06-24 21:10:38.767 22706 RALLYDEBUG rally_openstack.cleanup.manager [-] Deleting neutron.network object s_rally_e732c964_WskBBhF8 (0db98670-7d00-4280-8818-6b0b4f231ccd)
2019-06-24 21:10:38.771 22706 RALLYDEBUG rally_openstack.cleanup.manager [-] Deleting neutron.network object s_rally_e732c964_SXRwwfyG (0dfc1bc8-412d-4c22-967f-08017d20ff6f)
2019-06-24 21:10:38.791 22706 RALLYDEBUG rally_openstack.cleanup.manager [-] Deleting neutron.network object s_rally_e732c964_NTi5k3Mo (10b6ca15-0b06-45d0-9c4b-bf5a61f678c6)
2019-06-24 21:10:38.809 22706 RALLYDEBUG rally_openstack.cleanup.manager [-] Deleting neutron.network object s_rally_e732c964_b7mDjWiF (115ffa36-5d49-4ba7-85e8-14edf5006629)
2019-06-24 21:10:38.816 22706 RALLYDEBUG rally_openstack.cleanup.manager [-] Deleting neutron.network object s_rally_e732c964_drrJu6ca (131f31a9-a6d9-46d7-b4db-ab353abd9385)
2019-06-24 21:10:38.827 22706 RALLYDEBUG rally_openstack.cleanup.manager [-] Deleting neutron.network object s_rally_e732c964_itTlrzAm (1369dcfc-2cde-4725-a69a-a1c1b20f3d7c)
2019-06-24 21:10:38.843 22706 RALLYDEBUG rally_openstack.cleanup.manager [-] Deleting neutron.network object s_rally_e732c964_DnAU5D52 (1459170d-0e50-413f-ada7-9f21c6407287)
2019-06-24 21:10:38.846 22706 RALLYDEBUG rally_openstack.cleanup.manager [-] Deleting neutron.network object s_rally_e732c964_f1xgbPzn (183eb38e-0e5d-42c6-9e5a-1e7704c330be)
2019-06-24 21:10:38.848 22706 RALLYDEBUG rally_openstack.cleanup.manager [-] Deleting neutron.network object s_rally_e732c964_KZettfzP (13a47c14-726d-4ed4-9ec2-3345c4be63ea)
2019-06-24 21:10:38.884 22706 RALLYDEBUG rally_openstack.cleanup.manager [-] Deleting neutron.network object s_rally_e732c964_cNNl8RKv (20a1ce78-eb55-45ba-8d72-15780e3b2e9c)
2019-06-24 21:10:38.891 22706 RALLYDEBUG rally_openstack.cleanup.manager [-] Deleting neutron.network object s_rally_e732c964_SG6JRYAR (1b24dac6-1a66-40d1-a854-c7158554f06c)
2019-06-24 21:10:38.908 22706 RALLYDEBUG rally_openstack.cleanup.manager [-] Deleting neutron.network object s_rally_e732c964_t9qT1QDD (2600d7b6-13cf-48dc-907e-3943804f9cfc)
2019-06-24 21:10:41.561 22706 RALLYDEBUG rally_openstack.cleanup.manager [-] Deleting neutron.network object s_rally_e732c964_a9zjEL8L (298ddffe-86b8-42d3-bf8e-fa9e499ae416)
2019-06-24 21:10:41.697 22706 RALLYDEBUG rally_openstack.cleanup.manager [-] Deleting neutron.network object s_rally_e732c964_i4oGDJ42 (2c0d2c48-5fcd-4f22-bf96-f8303fcceac7)
2019-06-24 21:10:41.740 22706 RALLYDEBUG rally_openstack.cleanup.manager [-] Deleting neutron.network object s_rally_e732c964_oa0y4kgq (31940139-5b7e-41aa-9bf2-803aaed63c4c)
2019-06-24 21:10:41.789 22706 RALLYDEBUG rally_openstack.cleanup.manager [-] Deleting neutron.network object s_rally_e732c964_PvMs3lHX (36115c11-43cc-4855-bbac-d6264111ebc6)
2019-06-24 21:10:41.804 22706 RALLYDEBUG rally_openstack.cleanup.manager [-] Deleting neutron.network object s_rally_e732c964_QJyHLUBY (3787ae35-d2cf-4c17-b18e-46c08131bb2a)
2019-06-24 21:10:41.831 22706 RALLYDEBUG rally_openstack.cleanup.manager [-] Deleting neutron.network object s_rally_e732c964_hNFuALxF (38ea24a6-c87d-4a1f-b910-68ea86e7816f)
2019-06-24 21:10:41.855 22706 RALLYDEBUG rally_openstack.cleanup.manager [-] Deleting neutron.network object s_rally_e732c964_nvI84KxO (3a270529-c317-40e5-8512-736a45c72ce1)
2019-06-24 21:10:41.866 22706 RALLYDEBUG rally_openstack.cleanup.manager [-] Deleting neutron.network object s_rally_e732c964_EAjLFCcl (3a67a75e-4bc4-432b-a29c-7c59497179b9)
2019-06-24 21:10:41.884 22706 RALLYDEBUG rally_openstack.cleanup.manager [-] Deleting neutron.network object s_rally_e732c964_SOs0sdOW (418e335b-d9c4-4219-a481-51b2cf922e38)
2019-06-24 21:10:42.049 22706 RALLYDEBUG rally_openstack.cleanup.manager [-] Deleting neutron.network object s_rally_e732c964_2INrXRG0 (41fa937e-0dfa-4eb6-aa91-02fac4b558a0)
2019-06-24 21:10:42.517 22706 RALLYDEBUG rally_openstack.cleanup.manager [-] Deleting neutron.network object s_rally_e732c964_ePQWhzcJ (43a323c5-4570-4cf5-b2c5-83f5e2e7459b)
2019-06-24 21:10:42.528 22706 RALLYDEBUG rally_openstack.cleanup.manager [-] Deleting neutron.network object s_rally_e732c964_v3LUi7Uw (488e2dfa-b006-46d5-90d9-1d49ae268cde)
2019-06-24 21:10:42.551 22706 RALLYDEBUG rally_openstack.cleanup.manager [-] Deleting neutron.network object s_rally_e732c964_MkLzQZX6 (4ad2e155-10c9-4f9b-ab4e-e9b557ff2c40)
2019-06-24 21:10:42.741 22706 RALLYDEBUG rally_openstack.cleanup.manager [-] Deleting neutron.network object s_rally_e732c964_Tl25Wv2g (4be4d77a-44fb-4683-b41c-ca6966e67676)
2019-06-24 21:10:42.791 22706 RALLYDEBUG rally_openstack.cleanup.manager [-] Deleting neutron.network object s_rally_e732c964_wj61JJ1P (4d010238-eca9-4d75-ad54-dc5da144937d)
2019-06-24 21:10:43.011 22706 RALLYDEBUG rally_openstack.cleanup.manager [-] Deleting neutron.network object s_rally_e732c964_KEfZ4yUB (50be25ab-94fc-44e6-9739-01b95ebb15e0)
2019-06-24 21:10:43.046 22706 RALLYDEBUG rally_openstack.cleanup.manager [-] Deleting neutron.network object s_rally_e732c964_U8A9h4GW (517cb85e-3d6f-484e-b7b6-55feea4a5eeb)
2019-06-24 21:10:43.271 22706 RALLYDEBUG rally_openstack.cleanup.manager [-] Deleting neutron.network object s_rally_e732c964_WVNhvWvO (5394cd33-bddd-41f0-a76e-d1912444a0b9)
2019-06-24 21:10:43.294 22706 RALLYDEBUG rally_openstack.cleanup.manager [-] Deleting neutron.network object s_rally_e732c964_dW6h6Waa (55dcfcac-e6a0-4c0a-a2fc-0064d47d2dd0)
2019-06-24 21:10:43.317 22706 RALLYDEBUG rally_openstack.cleanup.manager [-] Deleting neutron.network object s_rally_e732c964_7He0ca1m (562aaecf-b386-4257-b870-640979cbcb64)
2019-06-24 21:10:44.117 22706 RALLYDEBUG rally_openstack.cleanup.manager [-] Deleting neutron.network object s_rally_e732c964_ES5xUMnW (5e474378-d197-4e59-b4c6-a33274f3d977)
2019-06-24 21:10:44.331 22706 RALLYDEBUG rally_openstack.cleanup.manager [-] Deleting neutron.network object s_rally_e732c964_wXxSmhr7 (6171236a-3039-4e81-9fb4-2e24b3a24c34)
2019-06-24 21:10:44.661 22706 RALLYDEBUG rally_openstack.cleanup.manager [-] Deleting neutron.network object s_rally_e732c964_ZOoVDWS6 (6704be6b-4bcc-4353-b40b-31f59373858a)
2019-06-24 21:10:44.844 22706 RALLYDEBUG rally_openstack.cleanup.manager [-] Deleting neutron.network object s_rally_e732c964_54wjj59k (6b8dd077-b40f-495b-bf6c-586742c00349)
2019-06-24 21:10:44.876 22706 RALLYDEBUG rally_openstack.cleanup.manager [-] Deleting neutron.network object s_rally_e732c964_W9kvLVHU (6f868425-cbd4-4476-b9da-28b795429ae6)
2019-06-24 21:10:45.182 22706 RALLYDEBUG rally_openstack.cleanup.manager [-] Deleting neutron.network object s_rally_e732c964_d6URSFAy (712aa445-bbb5-44fd-8f32-decbaab23d1a)
2019-06-24 21:10:45.274 22706 RALLYDEBUG rally_openstack.cleanup.manager [-] Deleting neutron.network object s_rally_e732c964_69Iab4UI (71fce9f2-0d53-4c9a-9502-e3228a6d6391)
2019-06-24 21:10:45.522 22706 RALLYDEBUG rally_openstack.cleanup.manager [-] Deleting neutron.network object s_rally_e732c964_2SJvgw2Y (75707661-494c-47b9-960b-27e56fa9a24d)
2019-06-24 21:10:45.529 22706 RALLYDEBUG rally_openstack.cleanup.manager [-] Deleting neutron.network object s_rally_e732c964_hfLa8WCW (786f1e58-9f9e-4651-a6cd-82c3523a1d8f)
2019-06-24 21:10:45.553 22706 RALLYDEBUG rally_openstack.cleanup.manager [-] Deleting neutron.network object s_rally_e732c964_ARIg244b (7a3bb22e-5bd2-4c4d-a8bf-1742576bbcef)
2019-06-24 21:10:45.587 22706 RALLYDEBUG rally_openstack.cleanup.manager [-] Deleting neutron.network object s_rally_e732c964_ZjX2MpdA (7cd2ff86-66ad-41bd-a3ad-40b86bb4bf9b)
2019-06-24 21:10:45.763 22706 RALLYDEBUG rally_openstack.cleanup.manager [-] Deleting neutron.network object s_rally_e732c964_E3lK6G3g (7e7fbe63-ca21-468b-bb13-e789fce0da6b)
2019-06-24 21:10:45.776 22706 RALLYDEBUG rally_openstack.cleanup.manager [-] Deleting neutron.network object s_rally_e732c964_ef3dPAn5 (7f489318-e154-435f-bcf8-04121f6307f8)
2019-06-24 21:10:45.796 22706 RALLYDEBUG rally_openstack.cleanup.manager [-] Deleting neutron.network object s_rally_e732c964_DhLTAQ1v (7f8f7146-7271-48dc-9226-0734848e9957)
2019-06-24 21:10:45.820 22706 RALLYDEBUG rally_openstack.cleanup.manager [-] Deleting neutron.network object s_rally_e732c964_R48ujkUu (8807a9c8-dbec-49a3-b759-82eca06bb07a)
2019-06-24 21:10:45.880 22706 RALLYDEBUG rally_openstack.cleanup.manager [-] Deleting neutron.network object s_rally_e732c964_yMfBpxyf (8add533b-fea7-4835-a93b-1af27301dba1)
2019-06-24 21:10:45.894 22706 RALLYDEBUG rally_openstack.cleanup.manager [-] Deleting neutron.network object s_rally_e732c964_mjc7uCDG (8b85f50e-da23-4ab3-a0f7-caf0311ef53d)
2019-06-24 21:10:46.054 22706 RALLYDEBUG rally_openstack.cleanup.manager [-] Deleting neutron.network object s_rally_e732c964_RhEUHqlx (8bac24c6-e8c9-4379-b869-7a05a6e88b55)
2019-06-24 21:10:46.148 22706 RALLYDEBUG rally_openstack.cleanup.manager [-] Deleting neutron.network object s_rally_e732c964_boDmcEW5 (8dcc9485-d538-4cc4-9cd5-7a331889f0c7)
2019-06-24 21:10:46.195 22706 RALLYDEBUG rally_openstack.cleanup.manager [-] Deleting neutron.network object s_rally_e732c964_0nam3wut (904ce7d6-5bed-436d-afa8-acbe184e112e)
2019-06-24 21:10:46.804 22706 RALLYDEBUG rally_openstack.cleanup.manager [-] Deleting neutron.network object s_rally_e732c964_GTSKGAEI (911bbba7-699c-4cc5-a98e-f21e4b8d3a96)
2019-06-24 21:10:46.886 22706 RALLYDEBUG rally_openstack.cleanup.manager [-] Deleting neutron.network object s_rally_e732c964_1kjwjBBf (93621458-c17f-4849-a826-207f917b6de7)
2019-06-24 21:10:47.143 22706 RALLYDEBUG rally_openstack.cleanup.manager [-] Deleting neutron.network object s_rally_e732c964_H0niXXwH (97e4fafb-eb67-4d0c-8226-60ecc5549b9d)
2019-06-24 21:10:47.473 22706 RALLYDEBUG rally_openstack.cleanup.manager [-] Deleting neutron.network object s_rally_e732c964_AHBDDNUE (9adbafe9-4a9a-491d-b8cd-a72621639c61)
2019-06-24 21:10:47.502 22706 RALLYDEBUG rally_openstack.cleanup.manager [-] Deleting neutron.network object s_rally_e732c964_wllioLOn (9b38f45b-37db-4865-9acd-502f3a7ed99c)
2019-06-24 21:10:47.659 22706 RALLYDEBUG rally_openstack.cleanup.manager [-] Deleting neutron.network object s_rally_e732c964_pl7h1foO (9c70a5a0-477f-4998-a44d-916e728054ae)
2019-06-24 21:10:47.709 22706 RALLYDEBUG rally_openstack.cleanup.manager [-] Deleting neutron.network object s_rally_e732c964_aOPhUKeK (9ededcf6-a637-4dbf-b6c0-8c7585acaab3)
2019-06-24 21:10:48.099 22706 RALLYDEBUG rally_openstack.cleanup.manager [-] Deleting neutron.network object s_rally_e732c964_cKl1NnP0 (9f2e130b-217b-4849-b32e-c1dd4f5a2e7b)
2019-06-24 21:10:48.277 22706 RALLYDEBUG rally_openstack.cleanup.manager [-] Deleting neutron.network object s_rally_e732c964_invbwggQ (9f7b6a80-996e-4513-961d-8441d22baf3c)
2019-06-24 21:10:48.319 22706 RALLYDEBUG rally_openstack.cleanup.manager [-] Deleting neutron.network object s_rally_e732c964_0JG2B83p (9fbd041f-b6ef-4e28-9ce9-906b5bb53c07)
2019-06-24 21:10:48.339 22706 RALLYDEBUG rally_openstack.cleanup.manager [-] Deleting neutron.network object s_rally_e732c964_96q4UfKa (a3368a96-4b21-42bd-88a4-5e83604fa4f3)
2019-06-24 21:10:48.363 22706 RALLYDEBUG rally_openstack.cleanup.manager [-] Deleting neutron.network object s_rally_e732c964_ZSQPXwCn (a59e8dbf-d27f-4902-b849-71e3eb138003)
2019-06-24 21:10:48.613 22706 RALLYDEBUG rally_openstack.cleanup.manager [-] Deleting neutron.network object s_rally_e732c964_xlf9XtR8 (a7e4eff4-c037-4029-b31c-57920099187c)
2019-06-24 21:10:48.646 22706 RALLYDEBUG rally_openstack.cleanup.manager [-] Deleting neutron.network object s_rally_e732c964_4F1oa87A (ae72d881-3948-464f-9bea-c3675187bc2c)
2019-06-24 21:10:48.773 22706 RALLYDEBUG rally_openstack.cleanup.manager [-] Deleting neutron.network object s_rally_e732c964_eWw6fTX4 (b0e97e3e-0fce-46af-b18f-f0b738cffa16)
2019-06-24 21:10:48.918 22706 RALLYDEBUG rally_openstack.cleanup.manager [-] Deleting neutron.network object s_rally_e732c964_PUdk6RvQ (b1bacd81-2b22-4b8a-928c-55f5989cb7d7)
2019-06-24 21:10:49.053 22706 RALLYDEBUG rally_openstack.cleanup.manager [-] Deleting neutron.network object s_rally_e732c964_tLWEhJJ2 (b40f6def-9128-4b07-9977-28a0eecfee6b)
2019-06-24 21:10:49.094 22706 RALLYDEBUG rally_openstack.cleanup.manager [-] Deleting neutron.network object s_rally_e732c964_zs4gOHTv (b91d7b5d-cb0d-4cfe-8849-d0afae7b3556)
2019-06-24 21:10:49.196 22706 RALLYDEBUG rally_openstack.cleanup.manager [-] Deleting neutron.network object s_rally_e732c964_8KJ3aLAQ (b96e89b1-0b64-420c-bc5f-64deee103483)
2019-06-24 21:10:49.204 22706 RALLYDEBUG rally_openstack.cleanup.manager [-] Deleting neutron.network object s_rally_e732c964_k4FHl4Wh (b9d6ea67-3589-4ecf-83c8-31ee346b21ce)
2019-06-24 21:10:49.231 22706 RALLYDEBUG rally_openstack.cleanup.manager [-] Deleting neutron.network object s_rally_e732c964_2LPKoal1 (ba8d9aa6-317e-43ba-9775-3609b4837ddc)
2019-06-24 21:10:49.380 22706 RALLYDEBUG rally_openstack.cleanup.manager [-] Deleting neutron.network object s_rally_e732c964_jTLitEpy (bbe49920-93e9-44cb-8ce3-04578d8c2db2)
2019-06-24 21:10:49.579 22706 RALLYDEBUG rally_openstack.cleanup.manager [-] Deleting neutron.network object s_rally_e732c964_tyu4mXwe (c189be27-c638-4479-baa9-3c3ae3c95ced)
2019-06-24 21:10:49.924 22706 RALLYDEBUG rally_openstack.cleanup.manager [-] Deleting neutron.network object s_rally_e732c964_m8ZMqHsB (c550b9aa-3db9-454a-afaa-6b76ccbbe5fc)
2019-06-24 21:10:50.030 22706 RALLYDEBUG rally_openstack.cleanup.manager [-] Deleting neutron.network object s_rally_e732c964_txA7Fcvm (c6ecfdd6-d41e-4311-8d38-09aea6146e51)
2019-06-24 21:10:50.375 22706 RALLYDEBUG rally_openstack.cleanup.manager [-] Deleting neutron.network object s_rally_e732c964_66uZKGkh (c9ba5acf-90e0-40b3-844f-281be8613a51)
2019-06-24 21:10:50.511 22706 RALLYDEBUG rally_openstack.cleanup.manager [-] Deleting neutron.network object s_rally_e732c964_DOa8wSy3 (cd810135-6783-401c-a383-3f0d0fc0c321)
2019-06-24 21:10:50.523 22706 RALLYDEBUG rally_openstack.cleanup.manager [-] Deleting neutron.network object s_rally_e732c964_iQypFDN5 (d6573858-ca27-473d-b1e9-46cab1afba5c)
2019-06-24 21:10:50.717 22706 RALLYDEBUG rally_openstack.cleanup.manager [-] Deleting neutron.network object s_rally_e732c964_aN3px6o9 (d658a321-ecc0-4068-9b6d-572d7d6c76a5)
2019-06-24 21:10:50.827 22706 RALLYDEBUG rally_openstack.cleanup.manager [-] Deleting neutron.network object s_rally_e732c964_dOWjVFJm (d68abf3d-eed3-4d79-9166-0bce3e805a71)
2019-06-24 21:10:50.998 22706 RALLYDEBUG rally_openstack.cleanup.manager [-] Deleting neutron.network object s_rally_e732c964_YXn5MaJB (d9c39f0d-d1fb-46bf-8982-0ffd0407c9f5)
2019-06-24 21:10:51.040 22706 RALLYDEBUG rally_openstack.cleanup.manager [-] Deleting neutron.network object s_rally_e732c964_oOREnDGl (df587bb5-0cd6-4910-b175-c1d9627573e8)
2019-06-24 21:10:51.210 22706 RALLYDEBUG rally_openstack.cleanup.manager [-] Deleting neutron.network object s_rally_e732c964_GsguUlig (eb2c2572-c6c0-4f16-9ddb-c908a0c12d9f)
2019-06-24 21:10:51.303 22706 RALLYDEBUG rally_openstack.cleanup.manager [-] Deleting neutron.network object s_rally_e732c964_MmvqhUaG (eb557086-34c2-44ae-b5c8-01751c2d676f)
2019-06-24 21:10:51.547 22706 RALLYDEBUG rally_openstack.cleanup.manager [-] Deleting neutron.network object s_rally_e732c964_vx7rT3JQ (f5ba8367-9666-44e3-b246-349226281f63)
2019-06-24 21:10:51.681 22706 RALLYDEBUG rally_openstack.cleanup.manager [-] Deleting neutron.network object s_rally_e732c964_JQ06iz5q (f5fb3c8c-0280-4495-90a2-bab146b2a9e8)
