2019-06-24 21:31:28.009 26953 INFO rally.task.runner [-] Task 759337de-27c2-47cf-b5f6-3d1a4c48ad81 | ITER: 2 END: OK
2019-06-24 21:31:28.013 26953 INFO rally.task.runner [-] Task 759337de-27c2-47cf-b5f6-3d1a4c48ad81 | ITER: 39 START
2019-06-24 21:31:28.013 26953 WARNING rally_openstack.scenarios.neutron.utils [-] Running this scenario without either the 'network' or 'existing_network' context is deprecated
2019-06-24 21:31:29.246 26952 INFO rally.task.runner [-] Task 759337de-27c2-47cf-b5f6-3d1a4c48ad81 | ITER: 5 END: OK
2019-06-24 21:31:29.249 26952 INFO rally.task.runner [-] Task 759337de-27c2-47cf-b5f6-3d1a4c48ad81 | ITER: 40 START
2019-06-24 21:31:29.250 26952 WARNING rally_openstack.scenarios.neutron.utils [-] Running this scenario without either the 'network' or 'existing_network' context is deprecated
2019-06-24 21:31:35.768 26955 INFO rally.task.runner [-] Task 759337de-27c2-47cf-b5f6-3d1a4c48ad81 | ITER: 21 END: OK
2019-06-24 21:31:37.519 26971 INFO rally.task.runner [-] Task 759337de-27c2-47cf-b5f6-3d1a4c48ad81 | ITER: 23 END: OK
2019-06-24 21:31:38.566 26984 INFO rally.task.runner [-] Task 759337de-27c2-47cf-b5f6-3d1a4c48ad81 | ITER: 22 END: OK
2019-06-24 21:31:38.600 26957 INFO rally.task.runner [-] Task 759337de-27c2-47cf-b5f6-3d1a4c48ad81 | ITER: 24 END: OK
2019-06-24 21:31:38.979 26955 INFO rally.task.runner [-] Task 759337de-27c2-47cf-b5f6-3d1a4c48ad81 | ITER: 27 END: OK
2019-06-24 21:31:39.556 26954 INFO rally.task.runner [-] Task 759337de-27c2-47cf-b5f6-3d1a4c48ad81 | ITER: 31 END: OK
2019-06-24 21:31:39.845 26982 INFO rally.task.runner [-] Task 759337de-27c2-47cf-b5f6-3d1a4c48ad81 | ITER: 26 END: OK
2019-06-24 21:31:40.156 26954 INFO rally.task.runner [-] Task 759337de-27c2-47cf-b5f6-3d1a4c48ad81 | ITER: 25 END: OK
2019-06-24 21:31:40.165 26992 INFO rally.task.runner [-] Task 759337de-27c2-47cf-b5f6-3d1a4c48ad81 | ITER: 30 END: OK
2019-06-24 21:31:40.329 26956 INFO rally.task.runner [-] Task 759337de-27c2-47cf-b5f6-3d1a4c48ad81 | ITER: 33 END: OK
2019-06-24 21:31:40.406 26952 INFO rally.task.runner [-] Task 759337de-27c2-47cf-b5f6-3d1a4c48ad81 | ITER: 35 END: OK
2019-06-24 21:31:40.549 26988 INFO rally.task.runner [-] Task 759337de-27c2-47cf-b5f6-3d1a4c48ad81 | ITER: 38 END: OK
2019-06-24 21:31:40.609 26953 INFO rally.task.runner [-] Task 759337de-27c2-47cf-b5f6-3d1a4c48ad81 | ITER: 28 END: OK
2019-06-24 21:31:40.864 26989 INFO rally.task.runner [-] Task 759337de-27c2-47cf-b5f6-3d1a4c48ad81 | ITER: 36 END: OK
2019-06-24 21:31:41.311 26977 INFO rally.task.runner [-] Task 759337de-27c2-47cf-b5f6-3d1a4c48ad81 | ITER: 29 END: OK
2019-06-24 21:31:41.341 26983 INFO rally.task.runner [-] Task 759337de-27c2-47cf-b5f6-3d1a4c48ad81 | ITER: 34 END: OK
2019-06-24 21:31:41.619 26965 INFO rally.task.runner [-] Task 759337de-27c2-47cf-b5f6-3d1a4c48ad81 | ITER: 37 END: OK
2019-06-24 21:31:41.766 26962 INFO rally.task.runner [-] Task 759337de-27c2-47cf-b5f6-3d1a4c48ad81 | ITER: 32 END: OK
2019-06-24 21:31:42.504 26953 INFO rally.task.runner [-] Task 759337de-27c2-47cf-b5f6-3d1a4c48ad81 | ITER: 39 END: OK
2019-06-24 21:31:43.191 26952 INFO rally.task.runner [-] Task 759337de-27c2-47cf-b5f6-3d1a4c48ad81 | ITER: 40 END: OK
2019-06-24 21:31:43.213 22706 INFO rally.task.context [-] Task 759337de-27c2-47cf-b5f6-3d1a4c48ad81 | Context cleanup@openstack cleanup() started
2019-06-24 21:31:43.214 22706 RALLYDEBUG rally_openstack.cleanup.manager [-] Cleaning up neutron vip objects
2019-06-24 21:31:43.963 22706 RALLYDEBUG rally_openstack.cleanup.manager [-] Cleaning up neutron health_monitor objects
2019-06-24 21:31:44.630 22706 RALLYDEBUG rally_openstack.cleanup.manager [-] Cleaning up neutron pool objects
2019-06-24 21:31:45.280 22706 RALLYDEBUG rally_openstack.cleanup.manager [-] Cleaning up neutron loadbalancer objects
2019-06-24 21:31:46.023 22706 RALLYDEBUG rally_openstack.cleanup.manager [-] Cleaning up neutron floatingip objects
2019-06-24 21:31:46.692 22706 RALLYDEBUG rally_openstack.cleanup.manager [-] Cleaning up neutron port objects
2019-06-24 21:31:47.406 22706 RALLYDEBUG rally_openstack.cleanup.manager [-] Cleaning up neutron subnet objects
2019-06-24 21:31:48.176 22706 RALLYDEBUG rally_openstack.cleanup.manager [-] Cleaning up neutron network objects
2019-06-24 21:31:49.077 22706 RALLYDEBUG rally_openstack.cleanup.manager [-] Deleting neutron.network object s_rally_a0e252e2_WJMoMoO9 (00846ddb-c9d5-48d3-910f-fb85047f5998)
2019-06-24 21:31:49.078 22706 RALLYDEBUG rally_openstack.cleanup.manager [-] Deleting neutron.network object s_rally_a0e252e2_JsHDDZvg (147cc80e-ab68-442a-9e1b-a2abce287fb6)
2019-06-24 21:31:49.081 22706 RALLYDEBUG rally_openstack.cleanup.manager [-] Deleting neutron.network object s_rally_a0e252e2_EZzRLN9k (3894a3c8-88a9-45bf-8e58-9b00676f3937)
2019-06-24 21:31:49.093 22706 RALLYDEBUG rally_openstack.cleanup.manager [-] Deleting neutron.network object s_rally_a0e252e2_S6j0ytVM (2591126c-2edc-46c3-9f35-29ae7c9a141e)
2019-06-24 21:31:49.094 22706 RALLYDEBUG rally_openstack.cleanup.manager [-] Deleting neutron.network object s_rally_a0e252e2_5nJ7iIhK (42b46736-9d99-41ac-bb16-e8b544480fce)
2019-06-24 21:31:49.097 22706 RALLYDEBUG rally_openstack.cleanup.manager [-] Deleting neutron.network object s_rally_a0e252e2_3ltQ3p2r (4056c795-3525-4a93-a79e-1bbb715e11ff)
2019-06-24 21:31:49.101 22706 RALLYDEBUG rally_openstack.cleanup.manager [-] Deleting neutron.network object s_rally_a0e252e2_g8LmvXXK (2fedae9f-e4a8-45bd-bd42-fd47afc8ac98)
2019-06-24 21:31:49.108 22706 RALLYDEBUG rally_openstack.cleanup.manager [-] Deleting neutron.network object s_rally_a0e252e2_OwR0vyLH (29b3bbb4-4bdd-4977-bf3d-f9b3d67b30f2)
2019-06-24 21:31:49.116 22706 RALLYDEBUG rally_openstack.cleanup.manager [-] Deleting neutron.network object s_rally_a0e252e2_4n01OOHa (0cbe5cdf-f956-4635-8ffb-0cc2c2fe21ea)
2019-06-24 21:31:49.120 22706 RALLYDEBUG rally_openstack.cleanup.manager [-] Deleting neutron.network object s_rally_a0e252e2_SusfRy0Q (44f8b731-a9f5-46f7-a024-757f119f44da)
2019-06-24 21:31:49.136 22706 RALLYDEBUG rally_openstack.cleanup.manager [-] Deleting neutron.network object s_rally_a0e252e2_cLEV54Wu (4609c1dd-6636-4789-9fba-b259843b71f2)
2019-06-24 21:31:49.137 22706 RALLYDEBUG rally_openstack.cleanup.manager [-] Deleting neutron.network object s_rally_a0e252e2_AwtK0gkn (38ecf0a3-f281-4b55-9f23-093e25753fe4)
2019-06-24 21:31:49.144 22706 RALLYDEBUG rally_openstack.cleanup.manager [-] Deleting neutron.network object s_rally_a0e252e2_76jPPK9D (31cafea4-0b0b-4ffa-a725-1da381e6bcce)
2019-06-24 21:31:49.145 22706 RALLYDEBUG rally_openstack.cleanup.manager [-] Deleting neutron.network object s_rally_a0e252e2_bn5B3pBq (47d1845a-4f62-4f14-964c-241f6cb31761)
2019-06-24 21:31:49.153 22706 RALLYDEBUG rally_openstack.cleanup.manager [-] Deleting neutron.network object s_rally_a0e252e2_3jlbVzuP (49407517-68d1-4d4e-bd5b-33ae22eadb9c)
2019-06-24 21:31:49.170 22706 RALLYDEBUG rally_openstack.cleanup.manager [-] Deleting neutron.network object s_rally_a0e252e2_jR4tjfUW (4972abd7-618f-48d8-b82f-49ab48a8be7e)
2019-06-24 21:31:49.182 22706 RALLYDEBUG rally_openstack.cleanup.manager [-] Deleting neutron.network object s_rally_a0e252e2_jTDSxOMl (4ba28540-af9d-4dcf-b1ce-1c8758c7ef32)
2019-06-24 21:31:49.188 22706 RALLYDEBUG rally_openstack.cleanup.manager [-] Deleting neutron.network object s_rally_a0e252e2_4j3MvykZ (51a05ca5-a538-4eab-b1bd-62d8fffc1b70)
2019-06-24 21:31:49.199 22706 RALLYDEBUG rally_openstack.cleanup.manager [-] Deleting neutron.network object s_rally_a0e252e2_5u5lZOpe (7e4f8e6f-37c5-4674-af3e-98069932a292)
2019-06-24 21:31:49.204 22706 RALLYDEBUG rally_openstack.cleanup.manager [-] Deleting neutron.network object s_rally_a0e252e2_DAyXG8Qm (8807f61a-edfd-4380-9802-e93b01d95f7d)
2019-06-24 21:31:52.093 22706 RALLYDEBUG rally_openstack.cleanup.manager [-] Deleting neutron.network object s_rally_a0e252e2_vjjOlCeE (880bbb30-7148-444c-8bd7-7e35072a8d16)
2019-06-24 21:31:52.155 22706 RALLYDEBUG rally_openstack.cleanup.manager [-] Deleting neutron.network object s_rally_a0e252e2_Po2nuwXB (8e3138ce-0105-4be3-b501-cc412d6c2110)
2019-06-24 21:31:52.155 22706 RALLYDEBUG rally_openstack.cleanup.manager [-] Deleting neutron.network object s_rally_a0e252e2_qUxd5PSa (8c989aef-f228-446e-8292-c3c58b603af9)
2019-06-24 21:31:52.170 22706 RALLYDEBUG rally_openstack.cleanup.manager [-] Deleting neutron.network object s_rally_a0e252e2_bYSWqBvZ (97bc3f92-5af7-4161-97fd-9aee90e46e79)
2019-06-24 21:31:52.252 22706 RALLYDEBUG rally_openstack.cleanup.manager [-] Deleting neutron.network object s_rally_a0e252e2_Urk5mYP2 (9cdbad34-56a9-448a-8bcf-c56f7b04f7f7)
2019-06-24 21:31:52.272 22706 RALLYDEBUG rally_openstack.cleanup.manager [-] Deleting neutron.network object s_rally_a0e252e2_7dBfACyR (aa41d45f-a1f0-4a71-ace3-9a3490969d48)
2019-06-24 21:31:52.299 22706 RALLYDEBUG rally_openstack.cleanup.manager [-] Deleting neutron.network object s_rally_a0e252e2_s5CwJUon (ae99a69f-cf65-4d53-aba3-c73c7801a9a4)
2019-06-24 21:31:52.503 22706 RALLYDEBUG rally_openstack.cleanup.manager [-] Deleting neutron.network object s_rally_a0e252e2_sGXizxaT (afdc5a67-4156-4137-b433-347963837bef)
2019-06-24 21:31:52.533 22706 RALLYDEBUG rally_openstack.cleanup.manager [-] Deleting neutron.network object s_rally_a0e252e2_NrpCgSig (b0bd7726-2140-49b2-92a3-92b075117e30)
2019-06-24 21:31:52.548 22706 RALLYDEBUG rally_openstack.cleanup.manager [-] Deleting neutron.network object s_rally_a0e252e2_CFy0DuT5 (b5933b29-b32b-4b9c-acc7-47622632970e)
2019-06-24 21:31:52.565 22706 RALLYDEBUG rally_openstack.cleanup.manager [-] Deleting neutron.network object s_rally_a0e252e2_0BiHqz1W (b63d6e42-cf08-48a2-a224-3697334a6f1e)
2019-06-24 21:31:52.571 22706 RALLYDEBUG rally_openstack.cleanup.manager [-] Deleting neutron.network object s_rally_a0e252e2_Y7WrzWYt (bbc82dd8-6e51-41ec-9231-7e682f9981f6)
2019-06-24 21:31:52.669 22706 RALLYDEBUG rally_openstack.cleanup.manager [-] Deleting neutron.network object s_rally_a0e252e2_HKIwCEmk (bdd725dc-268a-4c5f-9a78-49cbbf6b784a)
2019-06-24 21:31:52.811 22706 RALLYDEBUG rally_openstack.cleanup.manager [-] Deleting neutron.network object s_rally_a0e252e2_M20frBsJ (d787c3d9-e109-4ada-a0cc-213152935091)
2019-06-24 21:31:52.811 22706 RALLYDEBUG rally_openstack.cleanup.manager [-] Deleting neutron.network object s_rally_a0e252e2_Vp5uopYF (d55e5d11-3fb4-4537-a5cd-2eb1fd8ad1fa)
2019-06-24 21:31:52.919 22706 RALLYDEBUG rally_openstack.cleanup.manager [-] Deleting neutron.network object s_rally_a0e252e2_aUgiY1dz (dadb05c8-0626-45c3-b2bd-919069825cf2)
2019-06-24 21:31:52.922 22706 RALLYDEBUG rally_openstack.cleanup.manager [-] Deleting neutron.network object s_rally_a0e252e2_W64gIs4P (dc7ed6db-20cf-4d0a-b890-bfb8bdd9515a)
2019-06-24 21:31:53.381 22706 RALLYDEBUG rally_openstack.cleanup.manager [-] Deleting neutron.network object s_rally_a0e252e2_qBARlmKJ (e3b0cac3-3106-4c94-8eb0-ad5ab1cc581e)
2019-06-24 21:31:53.441 22706 RALLYDEBUG rally_openstack.cleanup.manager [-] Deleting neutron.network object s_rally_a0e252e2_bMd0RIEw (e6093d2c-eac8-4f34-825b-331bee6d4f35)
2019-06-24 21:31:53.463 22706 RALLYDEBUG rally_openstack.cleanup.manager [-] Deleting neutron.network object s_rally_a0e252e2_qL9qzQqv (f2831985-c955-437d-855f-ecf56a4ca592)
2019-06-24 21:31:56.052 22706 RALLYDEBUG rally_openstack.cleanup.manager [-] Cleaning up neutron router objects
2019-06-24 21:31:56.850 22706 RALLYDEBUG rally_openstack.cleanup.manager [-] Cleaning up neutron security_group objects
2019-06-24 21:31:57.541 22706 INFO rally.task.context [-] Task 759337de-27c2-47cf-b5f6-3d1a4c48ad81 | Context cleanup@openstack cleanup() finished in 14.33 sec
2019-06-24 21:31:57.541 22706 INFO rally.task.context [-] Task 759337de-27c2-47cf-b5f6-3d1a4c48ad81 | Context quotas@openstack cleanup() started
2019-06-24 21:31:57.878 22706 INFO rally.task.context [-] Task 759337de-27c2-47cf-b5f6-3d1a4c48ad81 | Context quotas@openstack cleanup() finished in 0.34 sec
2019-06-24 21:31:57.879 22706 INFO rally.task.context [-] Task 759337de-27c2-47cf-b5f6-3d1a4c48ad81 | Context users@openstack cleanup() started
2019-06-24 21:32:02.938 22706 INFO rally.task.context [-] Task 759337de-27c2-47cf-b5f6-3d1a4c48ad81 | Context users@openstack cleanup() finished in 5.06 sec
2019-06-24 21:32:04.141 22706 INFO rally.task.engine [-] Load duration is: 33.693798
2019-06-24 21:32:04.142 22706 INFO rally.task.engine [-] Full runner duration is: 33.741452
2019-06-24 21:32:04.142 22706 INFO rally.task.engine [-] Full duration is: 58.994077
2019-06-24 21:32:04.398 22706 INFO rally.task.engine [-] Running workload: position = 0 config = { "version": 2, "title": "A cropped version of a bigger task.", "description": "Auto-generated task from a single workload (uuid=53cb79a7-1e9e-41ac-9fe1-edfbd9807feb)", "subtasks": [ { "title": "Quotas.neutron_update", "description": "Update quotas for neutron.", "scenario": { "Quotas.neutron_update": { "max_quota": 1024 } }, "contexts": { "users": { "tenants": 20, "users_per_tenant": 1 } }, "runner": { "constant": { "times": 40, "concurrency": 20 } }, "hooks": [], "sla": { "failure_rate": { "max": 0 } } } ] }
2019-06-24 21:32:04.421 22706 RALLYDEBUG rally_openstack.contexts.keystone.users [-] Creating 20 tenants using 20 threads
2019-06-24 21:32:07.031 22706 RALLYDEBUG rally_openstack.contexts.keystone.users [-] Creating 20 users using 20 threads
2019-06-24 21:32:10.538 22706 INFO rally.task.context [-] Task 759337de-27c2-47cf-b5f6-3d1a4c48ad81 | Context users@openstack setup() finished in 6.12 sec
2019-06-24 21:32:10.538 22706 INFO rally.task.context [-] Task 759337de-27c2-47cf-b5f6-3d1a4c48ad81 | Context admin_cleanup@openstack setup() finished in 0.00 msec
2019-06-24 21:32:10.544 22706 RALLYDEBUG rally.task.runner [-] Starting the constant runner (task UUID: 759337de-27c2-47cf-b5f6-3d1a4c48ad81). timeout: 0 concurrency: 20 concurrency_per_worker: 1 times: 40 concurrency_overhead: 4 processes_to_start: 16 max_cpu_used: 16
2019-06-24 21:32:10.556 27322 RALLYDEBUG rally.task.runner [-] Starting a worker. concurrency: 2 args: {"max_quota": 1024} times: 40 method_name: run timeout: 0 duration: None cls:
2019-06-24 21:32:10.558 27323 RALLYDEBUG rally.task.runner [-] Starting a worker. concurrency: 2 args: {"max_quota": 1024} times: 40 method_name: run timeout: 0 duration: None cls:
2019-06-24 21:32:10.561 27324 RALLYDEBUG rally.task.runner [-] Starting a worker. concurrency: 2 args: {"max_quota": 1024} times: 40 method_name: run timeout: 0 duration: None cls:
2019-06-24 21:32:10.565 27325 RALLYDEBUG rally.task.runner [-] Starting a worker. concurrency: 2 args: {"max_quota": 1024} times: 40 method_name: run timeout: 0 duration: None cls:
2019-06-24 21:32:10.566 27326 RALLYDEBUG rally.task.runner [-] Starting a worker. concurrency: 1 args: {"max_quota": 1024} times: 40 method_name: run timeout: 0 duration: None cls:
2019-06-24 21:32:10.571 27324 INFO rally.task.runner [-] Task 759337de-27c2-47cf-b5f6-3d1a4c48ad81 | ITER: 3 START
2019-06-24 21:32:10.572 27329 RALLYDEBUG rally.task.runner [-] Starting a worker. concurrency: 1 args: {"max_quota": 1024} times: 40 method_name: run timeout: 0 duration: None cls:
2019-06-24 21:32:10.572 27323 INFO rally.task.runner [-] Task 759337de-27c2-47cf-b5f6-3d1a4c48ad81 | ITER: 2 START
2019-06-24 21:32:10.574 27322 INFO rally.task.runner [-] Task 759337de-27c2-47cf-b5f6-3d1a4c48ad81 | ITER: 1 START
2019-06-24 21:32:10.572 27323 INFO rally.task.runner [-] Task 759337de-27c2-47cf-b5f6-3d1a4c48ad81 | ITER: 5 START
2019-06-24 21:32:10.575 27326 INFO rally.task.runner [-] Task 759337de-27c2-47cf-b5f6-3d1a4c48ad81 | ITER: 7 START
2019-06-24 21:32:10.575 27322 INFO rally.task.runner [-] Task 759337de-27c2-47cf-b5f6-3d1a4c48ad81 | ITER: 4 START
2019-06-24 21:32:10.579 27329 INFO rally.task.runner [-] Task 759337de-27c2-47cf-b5f6-3d1a4c48ad81 | ITER: 9 START
2019-06-24 21:32:10.579 27335 RALLYDEBUG rally.task.runner [-] Starting a worker. concurrency: 1 args: {"max_quota": 1024} times: 40 method_name: run timeout: 0 duration: None cls:
2019-06-24 21:32:10.585 27343 RALLYDEBUG rally.task.runner [-] Starting a worker. concurrency: 1 args: {"max_quota": 1024} times: 40 method_name: run timeout: 0 duration: None cls:
2019-06-24 21:32:10.586 27325 INFO rally.task.runner [-] Task 759337de-27c2-47cf-b5f6-3d1a4c48ad81 | ITER: 6 START
2019-06-24 21:32:10.588 27335 INFO rally.task.runner [-] Task 759337de-27c2-47cf-b5f6-3d1a4c48ad81 | ITER: 11 START
2019-06-24 21:32:10.587 27340 RALLYDEBUG rally.task.runner [-] Starting a worker. concurrency: 1 args: {"max_quota": 1024} times: 40 method_name: run timeout: 0 duration: None cls:
2019-06-24 21:32:10.590 27324 INFO rally.task.runner [-] Task 759337de-27c2-47cf-b5f6-3d1a4c48ad81 | ITER: 8 START
2019-06-24 21:32:10.593 27343 INFO rally.task.runner [-] Task 759337de-27c2-47cf-b5f6-3d1a4c48ad81 | ITER: 12 START
2019-06-24 21:32:10.593 27344 RALLYDEBUG rally.task.runner [-] Starting a worker. concurrency: 1 args: {"max_quota": 1024} times: 40 method_name: run timeout: 0 duration: None cls:
2019-06-24 21:32:10.595 27325 INFO rally.task.runner [-] Task 759337de-27c2-47cf-b5f6-3d1a4c48ad81 | ITER: 10 START
2019-06-24 21:32:10.595 27349 RALLYDEBUG rally.task.runner [-] Starting a worker. concurrency: 1 args: {"max_quota": 1024} times: 40 method_name: run timeout: 0 duration: None cls:
2019-06-24 21:32:10.596 27340 INFO rally.task.runner [-] Task 759337de-27c2-47cf-b5f6-3d1a4c48ad81 | ITER: 13 START
2019-06-24 21:32:10.605 27355 RALLYDEBUG rally.task.runner [-] Starting a worker. concurrency: 1 args: {"max_quota": 1024} times: 40 method_name: run timeout: 0 duration: None cls:
2019-06-24 21:32:10.608 27349 INFO rally.task.runner [-] Task 759337de-27c2-47cf-b5f6-3d1a4c48ad81 | ITER: 15 START
2019-06-24 21:32:10.608 27344 INFO rally.task.runner [-] Task 759337de-27c2-47cf-b5f6-3d1a4c48ad81 | ITER: 14 START
2019-06-24 21:32:10.611 27357 RALLYDEBUG rally.task.runner [-] Starting a worker. concurrency: 1 args: {"max_quota": 1024} times: 40 method_name: run timeout: 0 duration: None cls:
2019-06-24 21:32:10.615 27355 INFO rally.task.runner [-] Task 759337de-27c2-47cf-b5f6-3d1a4c48ad81 | ITER: 16 START
2019-06-24 21:32:10.617 27361 RALLYDEBUG rally.task.runner [-] Starting a worker. concurrency: 1 args: {"max_quota": 1024} times: 40 method_name: run timeout: 0 duration: None cls:
2019-06-24 21:32:10.618 27357 INFO rally.task.runner [-] Task 759337de-27c2-47cf-b5f6-3d1a4c48ad81 | ITER: 17 START
2019-06-24 21:32:10.624 27364 RALLYDEBUG rally.task.runner [-] Starting a worker. concurrency: 1 args: {"max_quota": 1024} times: 40 method_name: run timeout: 0 duration: None cls:
2019-06-24 21:32:10.625 27361 INFO rally.task.runner [-] Task 759337de-27c2-47cf-b5f6-3d1a4c48ad81 | ITER: 18 START
2019-06-24 21:32:10.629 27367 RALLYDEBUG rally.task.runner [-] Starting a worker. concurrency: 1 args: {"max_quota": 1024} times: 40 method_name: run timeout: 0 duration: None cls:
2019-06-24 21:32:10.632 27364 INFO rally.task.runner [-] Task 759337de-27c2-47cf-b5f6-3d1a4c48ad81 | ITER: 19 START
2019-06-24 21:32:10.635 27367 INFO rally.task.runner [-] Task 759337de-27c2-47cf-b5f6-3d1a4c48ad81 | ITER: 20 START
2019-06-24 21:32:12.885 27357 INFO rally.task.runner [-] Task 759337de-27c2-47cf-b5f6-3d1a4c48ad81 | ITER: 17 END: OK
2019-06-24 21:32:12.893 27357 INFO rally.task.runner [-] Task 759337de-27c2-47cf-b5f6-3d1a4c48ad81 | ITER: 21 START
2019-06-24 21:32:12.932 27324 INFO rally.task.runner [-] Task 759337de-27c2-47cf-b5f6-3d1a4c48ad81 | ITER: 8 END: OK
2019-06-24 21:32:12.939 27324 INFO rally.task.runner [-] Task 759337de-27c2-47cf-b5f6-3d1a4c48ad81 | ITER: 22 START
2019-06-24 21:32:12.957 27344 INFO rally.task.runner [-] Task 759337de-27c2-47cf-b5f6-3d1a4c48ad81 | ITER: 14 END: OK
2019-06-24 21:32:12.963 27344 INFO rally.task.runner [-] Task 759337de-27c2-47cf-b5f6-3d1a4c48ad81 | ITER: 23 START
2019-06-24 21:32:13.197 27322 INFO rally.task.runner [-] Task 759337de-27c2-47cf-b5f6-3d1a4c48ad81 | ITER: 1 END: OK
2019-06-24 21:32:13.204 27322 INFO rally.task.runner [-] Task 759337de-27c2-47cf-b5f6-3d1a4c48ad81 | ITER: 24 START
2019-06-24 21:32:13.221 27325 INFO rally.task.runner [-] Task 759337de-27c2-47cf-b5f6-3d1a4c48ad81 | ITER: 6 END: OK
2019-06-24 21:32:13.229 27325 INFO rally.task.runner [-] Task 759337de-27c2-47cf-b5f6-3d1a4c48ad81 | ITER: 25 START
2019-06-24 21:32:13.232 27349 INFO rally.task.runner [-] Task 759337de-27c2-47cf-b5f6-3d1a4c48ad81 | ITER: 15 END: OK
2019-06-24 21:32:13.239 27349 INFO rally.task.runner [-] Task 759337de-27c2-47cf-b5f6-3d1a4c48ad81 | ITER: 26 START
2019-06-24 21:32:13.280 27364 INFO rally.task.runner [-] Task 759337de-27c2-47cf-b5f6-3d1a4c48ad81 | ITER: 19 END: OK
2019-06-24 21:32:13.287 27364 INFO rally.task.runner [-] Task 759337de-27c2-47cf-b5f6-3d1a4c48ad81 | ITER: 27 START
2019-06-24 21:32:13.328 27323 INFO rally.task.runner [-] Task 759337de-27c2-47cf-b5f6-3d1a4c48ad81 | ITER: 2 END: OK
2019-06-24 21:32:13.334 27323 INFO rally.task.runner [-] Task 759337de-27c2-47cf-b5f6-3d1a4c48ad81 | ITER: 28 START
2019-06-24 21:32:13.342 27343 INFO rally.task.runner [-] Task 759337de-27c2-47cf-b5f6-3d1a4c48ad81 | ITER: 12 END: OK
2019-06-24 21:32:13.349 27343 INFO rally.task.runner [-] Task 759337de-27c2-47cf-b5f6-3d1a4c48ad81 | ITER: 29 START
2019-06-24 21:32:13.353 27322 INFO rally.task.runner [-] Task 759337de-27c2-47cf-b5f6-3d1a4c48ad81 | ITER: 4 END: OK
2019-06-24 21:32:13.358 27322 INFO rally.task.runner [-] Task 759337de-27c2-47cf-b5f6-3d1a4c48ad81 | ITER: 30 START
2019-06-24 21:32:13.394 27355 INFO rally.task.runner [-] Task 759337de-27c2-47cf-b5f6-3d1a4c48ad81 | ITER: 16 END: OK
2019-06-24 21:32:13.400 27355 INFO rally.task.runner [-] Task 759337de-27c2-47cf-b5f6-3d1a4c48ad81 | ITER: 31 START
2019-06-24 21:32:13.407 27340 INFO rally.task.runner [-] Task 759337de-27c2-47cf-b5f6-3d1a4c48ad81 | ITER: 13 END: OK
2019-06-24 21:32:13.415 27340 INFO rally.task.runner [-] Task 759337de-27c2-47cf-b5f6-3d1a4c48ad81 | ITER: 32 START
2019-06-24 21:32:13.421 27335 INFO rally.task.runner [-] Task 759337de-27c2-47cf-b5f6-3d1a4c48ad81 | ITER: 11 END: OK
2019-06-24 21:32:13.427 27335 INFO rally.task.runner [-] Task 759337de-27c2-47cf-b5f6-3d1a4c48ad81 | ITER: 33 START
2019-06-24 21:32:13.429 27325 INFO rally.task.runner [-] Task 759337de-27c2-47cf-b5f6-3d1a4c48ad81 | ITER: 10 END: OK
2019-06-24 21:32:13.435 27325 INFO rally.task.runner [-] Task 759337de-27c2-47cf-b5f6-3d1a4c48ad81 | ITER: 34 START
2019-06-24 21:32:13.443 27367 INFO rally.task.runner [-] Task 759337de-27c2-47cf-b5f6-3d1a4c48ad81 | ITER: 20 END: OK
2019-06-24 21:32:13.449 27367 INFO rally.task.runner [-] Task 759337de-27c2-47cf-b5f6-3d1a4c48ad81 | ITER: 35 START
2019-06-24 21:32:13.453 27361 INFO rally.task.runner [-] Task 759337de-27c2-47cf-b5f6-3d1a4c48ad81 | ITER: 18 END: OK
2019-06-24 21:32:13.459 27361 INFO rally.task.runner [-] Task 759337de-27c2-47cf-b5f6-3d1a4c48ad81 | ITER: 36 START
2019-06-24 21:32:13.467 27324 INFO rally.task.runner [-] Task 759337de-27c2-47cf-b5f6-3d1a4c48ad81 | ITER: 3 END: OK
2019-06-24 21:32:13.472 27324 INFO rally.task.runner [-] Task 759337de-27c2-47cf-b5f6-3d1a4c48ad81 | ITER: 37 START
2019-06-24 21:32:13.491 27323 INFO rally.task.runner [-] Task 759337de-27c2-47cf-b5f6-3d1a4c48ad81 | ITER: 5 END: OK
2019-06-24 21:32:13.496 27323 INFO rally.task.runner [-] Task 759337de-27c2-47cf-b5f6-3d1a4c48ad81 | ITER: 38 START
2019-06-24 21:32:13.504 27329 INFO rally.task.runner [-] Task 759337de-27c2-47cf-b5f6-3d1a4c48ad81 | ITER: 9 END: OK
2019-06-24 21:32:13.509 27329 INFO rally.task.runner [-] Task 759337de-27c2-47cf-b5f6-3d1a4c48ad81 | ITER: 39 START
2019-06-24 21:32:13.529 27326 INFO rally.task.runner [-] Task 759337de-27c2-47cf-b5f6-3d1a4c48ad81 | ITER: 7 END: OK
2019-06-24 21:32:13.533 27326 INFO rally.task.runner [-] Task 759337de-27c2-47cf-b5f6-3d1a4c48ad81 | ITER: 40 START
2019-06-24 21:32:13.780 27357 INFO rally.task.runner [-] Task 759337de-27c2-47cf-b5f6-3d1a4c48ad81 | ITER: 21 END: OK
2019-06-24 21:32:13.945 27344 INFO rally.task.runner [-] Task 759337de-27c2-47cf-b5f6-3d1a4c48ad81 | ITER: 23 END: OK
2019-06-24 21:32:13.959 27324 INFO rally.task.runner [-] Task 759337de-27c2-47cf-b5f6-3d1a4c48ad81 | ITER: 22 END: OK
2019-06-24 21:32:14.442 27349 INFO rally.task.runner [-] Task 759337de-27c2-47cf-b5f6-3d1a4c48ad81 | ITER: 26 END: OK
2019-06-24 21:32:14.520 27325 INFO rally.task.runner [-] Task 759337de-27c2-47cf-b5f6-3d1a4c48ad81 | ITER: 25 END: OK
2019-06-24 21:32:14.716 27322 INFO rally.task.runner [-] Task 759337de-27c2-47cf-b5f6-3d1a4c48ad81 | ITER: 24 END: OK
2019-06-24 21:32:15.092 27340 INFO rally.task.runner [-] Task 759337de-27c2-47cf-b5f6-3d1a4c48ad81 | ITER: 32 END: OK
2019-06-24 21:32:15.221 27364 INFO rally.task.runner [-] Task 759337de-27c2-47cf-b5f6-3d1a4c48ad81 | ITER: 27 END: OK
2019-06-24 21:32:15.323 27322 INFO rally.task.runner [-] Task 759337de-27c2-47cf-b5f6-3d1a4c48ad81 | ITER: 30 END: OK
2019-06-24 21:32:15.346 27355 INFO rally.task.runner [-] Task 759337de-27c2-47cf-b5f6-3d1a4c48ad81 | ITER: 31 END: OK
2019-06-24 21:32:15.358 27323 INFO rally.task.runner [-] Task 759337de-27c2-47cf-b5f6-3d1a4c48ad81 | ITER: 28 END: OK
2019-06-24 21:32:15.389 27367 INFO rally.task.runner [-] Task 759337de-27c2-47cf-b5f6-3d1a4c48ad81 | ITER: 35 END: OK
2019-06-24 21:32:15.400 27325 INFO rally.task.runner [-] Task 759337de-27c2-47cf-b5f6-3d1a4c48ad81 | ITER: 34 END: OK
2019-06-24 21:32:15.410 27323 INFO rally.task.runner [-] Task 759337de-27c2-47cf-b5f6-3d1a4c48ad81 | ITER: 38 END: OK
2019-06-24 21:32:15.466 27335 INFO rally.task.runner [-] Task 759337de-27c2-47cf-b5f6-3d1a4c48ad81 | ITER: 33 END: OK
2019-06-24 21:32:15.478 27343 INFO rally.task.runner [-] Task 759337de-27c2-47cf-b5f6-3d1a4c48ad81 | ITER: 29 END: OK
2019-06-24 21:32:15.489 27329 INFO rally.task.runner [-] Task 759337de-27c2-47cf-b5f6-3d1a4c48ad81 | ITER: 39 END: OK
2019-06-24 21:32:15.502 27326 INFO rally.task.runner [-] Task 759337de-27c2-47cf-b5f6-3d1a4c48ad81 | ITER: 40 END: OK
2019-06-24 21:32:15.512 27361 INFO rally.task.runner [-] Task 759337de-27c2-47cf-b5f6-3d1a4c48ad81 | ITER: 36 END: OK
2019-06-24 21:32:15.525 27324 INFO rally.task.runner [-] Task 759337de-27c2-47cf-b5f6-3d1a4c48ad81 | ITER: 37 END: OK
2019-06-24 21:32:15.551 22706 INFO rally.task.context [-] Task 759337de-27c2-47cf-b5f6-3d1a4c48ad81 | Context admin_cleanup@openstack cleanup() started
2019-06-24 21:32:15.554 22706 RALLYDEBUG rally_openstack.cleanup.manager [-] Cleaning up neutron quota objects
2019-06-24 21:32:20.094 22706 INFO rally.task.context [-] Task 759337de-27c2-47cf-b5f6-3d1a4c48ad81 | Context admin_cleanup@openstack cleanup() finished in 4.54 sec
2019-06-24 21:32:20.094 22706 INFO rally.task.context [-] Task 759337de-27c2-47cf-b5f6-3d1a4c48ad81 | Context users@openstack cleanup() started
2019-06-24 21:32:50.328 22706 INFO rally.task.context [-] Task 759337de-27c2-47cf-b5f6-3d1a4c48ad81 | Context users@openstack cleanup() finished in 30.23 sec
2019-06-24 21:32:50.675 22706 INFO rally.task.engine [-] Load duration is: 4.952346
2019-06-24 21:32:50.675 22706 INFO rally.task.engine [-] Full runner duration is: 5.007983
2019-06-24 21:32:50.676 22706 INFO rally.task.engine [-] Full duration is: 45.911078
2019-06-24 21:32:50.907 22706 INFO rally.task.engine [-] Running workload: position = 0 config = { "version": 2, "title": "A cropped version of a bigger task.", "description": "Auto-generated task from a single workload (uuid=6ae506ab-9c52-4442-8d68-806321e87513)", "subtasks": [ { "title": "NeutronTrunks.create_and_list_trunk_subports", "description": "", "scenario": { "NeutronTrunks.create_and_list_trunk_subports": { "subport_count": 125 } }, "contexts": { "users": { "tenants": 1, "users_per_tenant": 1 }, "quotas": { "neutron": { "network": -1, "port": 1000 } } }, "runner": { "constant": { "times": 4, "concurrency": 4 } }, "hooks": [], "sla": { "failure_rate": { "max": 0 } } } ] }
2019-06-24 21:32:50.933 22706 RALLYDEBUG rally_openstack.contexts.keystone.users [-] Creating 1 tenants using 20 threads
2019-06-24 21:32:52.527 22706 RALLYDEBUG rally_openstack.contexts.keystone.users [-] Creating 1 users using 20 threads
2019-06-24 21:32:55.389 22706 INFO rally.task.context [-] Task 759337de-27c2-47cf-b5f6-3d1a4c48ad81 | Context users@openstack setup() finished in 4.46 sec
2019-06-24 21:32:56.255 22706 INFO rally.task.context [-] Task 759337de-27c2-47cf-b5f6-3d1a4c48ad81 | Context quotas@openstack setup() finished in 0.87 sec
2019-06-24 21:32:56.255 22706 INFO rally.task.context [-] Task 759337de-27c2-47cf-b5f6-3d1a4c48ad81 | Context cleanup@openstack setup() finished in 0.01 msec
2019-06-24 21:32:56.262 22706 RALLYDEBUG rally.task.runner [-] Starting the constant runner (task UUID: 759337de-27c2-47cf-b5f6-3d1a4c48ad81). timeout: 0 concurrency: 4 concurrency_per_worker: 1 times: 4 concurrency_overhead: 0 processes_to_start: 4 max_cpu_used: 16
2019-06-24 21:32:56.276 27512 RALLYDEBUG rally.task.runner [-] Starting a worker. concurrency: 1 args: {"subport_count": 125} times: 4 method_name: run timeout: 0 duration: None cls:
2019-06-24 21:32:56.279 27513 RALLYDEBUG rally.task.runner [-] Starting a worker. concurrency: 1 args: {"subport_count": 125} times: 4 method_name: run timeout: 0 duration: None cls:
2019-06-24 21:32:56.281 27512 INFO rally.task.runner [-] Task 759337de-27c2-47cf-b5f6-3d1a4c48ad81 | ITER: 1 START
2019-06-24 21:32:56.281 27514 RALLYDEBUG rally.task.runner [-] Starting a worker. concurrency: 1 args: {"subport_count": 125} times: 4 method_name: run timeout: 0 duration: None cls:
2019-06-24 21:32:56.285 27513 INFO rally.task.runner [-] Task 759337de-27c2-47cf-b5f6-3d1a4c48ad81 | ITER: 2 START
2019-06-24 21:32:56.285 27515 RALLYDEBUG rally.task.runner [-] Starting a worker. concurrency: 1 args: {"subport_count": 125} times: 4 method_name: run timeout: 0 duration: None cls:
2019-06-24 21:32:56.287 27514 INFO rally.task.runner [-] Task 759337de-27c2-47cf-b5f6-3d1a4c48ad81 | ITER: 3 START
2019-06-24 21:32:56.290 27515 INFO rally.task.runner [-] Task 759337de-27c2-47cf-b5f6-3d1a4c48ad81 | ITER: 4 START
2019-06-24 21:35:36.720 27513 WARNING rally.task.atomic [-] 'optional_action_timer' is deprecated since rally v0.10.0.Please use action_timer instead, we have improved atomic actions, now do not need to explicitly close original action.
2019-06-24 21:35:36.764 27513 WARNING rally.task.atomic [-] 'optional_action_timer' is deprecated since rally v0.10.0.Please use action_timer instead, we have improved atomic actions, now do not need to explicitly close original action.
2019-06-24 21:35:37.608 27513 INFO rally.task.runner [-] Task 759337de-27c2-47cf-b5f6-3d1a4c48ad81 | ITER: 2 END: OK
2019-06-24 21:35:39.990 27515 WARNING rally.task.atomic [-] 'optional_action_timer' is deprecated since rally v0.10.0.Please use action_timer instead, we have improved atomic actions, now do not need to explicitly close original action.
2019-06-24 21:35:40.033 27515 WARNING rally.task.atomic [-] 'optional_action_timer' is deprecated since rally v0.10.0.Please use action_timer instead, we have improved atomic actions, now do not need to explicitly close original action.
2019-06-24 21:35:40.175 27514 WARNING rally.task.atomic [-] 'optional_action_timer' is deprecated since rally v0.10.0.Please use action_timer instead, we have improved atomic actions, now do not need to explicitly close original action.
2019-06-24 21:35:40.210 27514 WARNING rally.task.atomic [-] 'optional_action_timer' is deprecated since rally v0.10.0.Please use action_timer instead, we have improved atomic actions, now do not need to explicitly close original action.
2019-06-24 21:35:40.775 27515 INFO rally.task.runner [-] Task 759337de-27c2-47cf-b5f6-3d1a4c48ad81 | ITER: 4 END: OK
2019-06-24 21:35:41.357 27514 INFO rally.task.runner [-] Task 759337de-27c2-47cf-b5f6-3d1a4c48ad81 | ITER: 3 END: OK
2019-06-24 21:35:44.933 27512 WARNING rally.task.atomic [-] 'optional_action_timer' is deprecated since rally v0.10.0.Please use action_timer instead, we have improved atomic actions, now do not need to explicitly close original action.
2019-06-24 21:35:44.987 27512 WARNING rally.task.atomic [-] 'optional_action_timer' is deprecated since rally v0.10.0.Please use action_timer instead, we have improved atomic actions, now do not need to explicitly close original action.
2019-06-24 21:35:45.786 27512 INFO rally.task.runner [-] Task 759337de-27c2-47cf-b5f6-3d1a4c48ad81 | ITER: 1 END: OK
2019-06-24 21:35:45.813 22706 INFO rally.task.context [-] Task 759337de-27c2-47cf-b5f6-3d1a4c48ad81 | Context cleanup@openstack cleanup() started
2019-06-24 21:35:45.816 22706 RALLYDEBUG rally_openstack.cleanup.manager [-] Cleaning up neutron vip objects
2019-06-24 21:35:46.555 22706 RALLYDEBUG rally_openstack.cleanup.manager [-] Cleaning up neutron health_monitor objects
2019-06-24 21:35:47.294 22706 RALLYDEBUG rally_openstack.cleanup.manager [-] Cleaning up neutron pool objects
2019-06-24 21:35:48.010 22706 RALLYDEBUG rally_openstack.cleanup.manager [-] Cleaning up neutron loadbalancer objects
2019-06-24 21:35:48.745 22706 RALLYDEBUG rally_openstack.cleanup.manager [-] Cleaning up neutron floatingip objects
2019-06-24 21:35:49.526 22706 RALLYDEBUG rally_openstack.cleanup.manager [-] Cleaning up neutron port objects
2019-06-24 21:35:51.456 22706 RALLYDEBUG rally_openstack.cleanup.manager [-] Deleting neutron.port object s_rally_6ae506ab_6MEvQTyr (00626137-8b76-488c-a5b4-48719da69788)
2019-06-24 21:35:51.463 22706 RALLYDEBUG rally_openstack.cleanup.manager [-] Deleting neutron.port object s_rally_6ae506ab_ien2gfHM (02ac83aa-f48d-442f-af94-e9373659510a)
2019-06-24 21:35:51.468 22706 RALLYDEBUG rally_openstack.cleanup.manager [-] Deleting neutron.port object s_rally_6ae506ab_qbTUzoKd (02d3ce34-95ff-44ed-9772-553785a782ba)
2019-06-24 21:35:51.474 22706 RALLYDEBUG rally_openstack.cleanup.manager [-] Deleting neutron.port object s_rally_6ae506ab_D5nlxD5u (02fa2cad-583a-4799-9d96-3411ab8bd5eb)
2019-06-24 21:35:51.475 22706 RALLYDEBUG rally_openstack.cleanup.manager [-] Deleting neutron.port object s_rally_6ae506ab_ZmqbH1Gf (0296a126-8ae2-4cd9-8e31-1b8bfed510ee)
2019-06-24 21:35:51.476 22706 RALLYDEBUG rally_openstack.cleanup.manager [-] Deleting neutron.port object s_rally_6ae506ab_FEs60p78 (016f91d7-1ebb-4e3c-94d7-22d9f5a9c1c0)
2019-06-24 21:35:51.478 22706 RALLYDEBUG rally_openstack.cleanup.manager [-] Deleting neutron.port object s_rally_6ae506ab_eaKsIKFa (0227d6c1-f24e-4b4b-88f4-162c4c788831)
2019-06-24 21:35:51.490 22706 RALLYDEBUG rally_openstack.cleanup.manager [-] Deleting neutron.port object s_rally_6ae506ab_EWnBhL2p (03057821-7b76-4ec1-b03d-2ff79bc7399a)
2019-06-24 21:35:51.500 22706 RALLYDEBUG rally_openstack.cleanup.manager [-] Deleting neutron.port object s_rally_6ae506ab_M9ZyEAuQ (01bcc3a0-8518-4715-960f-fbce96f29f6e)
2019-06-24 21:35:51.500 22706 RALLYDEBUG rally_openstack.cleanup.manager [-] Deleting neutron.port object s_rally_6ae506ab_iNdlRpnf (03c9ec51-f690-4378-a3e3-c44643fa2658)
2019-06-24 21:35:51.508 22706 RALLYDEBUG rally_openstack.cleanup.manager [-] Deleting neutron.port object s_rally_6ae506ab_pxKTaoL2 (03e6188f-2e2e-4f59-8bf1-ac209a9f99bb)
2019-06-24 21:35:51.513 22706 RALLYDEBUG rally_openstack.cleanup.manager [-] Deleting neutron.port object s_rally_6ae506ab_fs4GztZ8 (03ebf2cc-61b4-41dc-88f6-b863721cd367)
2019-06-24 21:35:51.535 22706 RALLYDEBUG rally_openstack.cleanup.manager [-] Deleting neutron.port object s_rally_6ae506ab_HN4ncFrh (045b5e71-1df1-407d-bb85-b6ac99437cdc)
2019-06-24 21:35:51.546 22706 RALLYDEBUG rally_openstack.cleanup.manager [-] Deleting neutron.port object s_rally_6ae506ab_CDs39SlR (04be611d-1fbd-42ca-9249-93ef8ee531f5)
2019-06-24 21:35:51.577 22706 RALLYDEBUG rally_openstack.cleanup.manager [-] Deleting neutron.port object s_rally_6ae506ab_I5FVsm1O (04ef07d9-b63f-423a-83e0-b0e9b9837bc4)
2019-06-24 21:35:51.601 22706 RALLYDEBUG rally_openstack.cleanup.manager [-] Deleting neutron.port object s_rally_6ae506ab_XSy7FcAj (05303c2b-ccb7-47a8-b9a9-297c52fcd4b6)
2019-06-24 21:35:51.603 22706 RALLYDEBUG rally_openstack.cleanup.manager [-] Deleting neutron.port object s_rally_6ae506ab_EIYB7lAO (0508e4f4-2e1f-4b5a-be8d-ebc031d4e6f0)
2019-06-24 21:35:51.628 22706 RALLYDEBUG rally_openstack.cleanup.manager [-] Deleting neutron.port object s_rally_6ae506ab_BE9vcF1G (054ca8f8-7988-478f-a370-0a9eb11d34e2)
2019-06-24 21:35:51.630 22706 RALLYDEBUG rally_openstack.cleanup.manager [-] Deleting neutron.port object s_rally_6ae506ab_pUy0SPR4 (057b4fd3-f362-4c05-bf11-7e9a3fecd129)
2019-06-24 21:35:51.633 22706 RALLYDEBUG rally_openstack.cleanup.manager [-] Deleting neutron.port object s_rally_6ae506ab_UpomG4mR (0649c995-8ce4-4dde-985c-cfe2d90754b6)
2019-06-24 21:35:54.274 22706 RALLYDEBUG rally_openstack.cleanup.manager [-] Deleting neutron.port object s_rally_6ae506ab_KBoBo6ei (070d313f-0e94-4333-a7ec-eda9dd1e45b1)
2019-06-24 21:35:54.358 22706 RALLYDEBUG rally_openstack.cleanup.manager [-] Deleting neutron.port object s_rally_6ae506ab_3En5zoQn (072dd012-d8fa-4d8b-927e-aae850f4e134)
2019-06-24 21:35:54.426 22706 RALLYDEBUG rally_openstack.cleanup.manager [-] Deleting neutron.port object s_rally_6ae506ab_3nJNGrWK (0748907b-d2ed-4b38-b7dc-7786ac3eb660)
2019-06-24 21:35:54.437 22706 RALLYDEBUG rally_openstack.cleanup.manager [-] Deleting neutron.port object s_rally_6ae506ab_7PAFjvLY (08229802-5e08-4d32-9fa4-6f0ed8ffacd9)
2019-06-24 21:35:54.678 22706 RALLYDEBUG rally_openstack.cleanup.manager [-] Deleting neutron.port object s_rally_6ae506ab_1kTEt7aj (088e82b0-33ea-4794-9775-4565eae8d35b)
2019-06-24 21:35:54.769 22706 RALLYDEBUG rally_openstack.cleanup.manager [-] Deleting neutron.port object s_rally_6ae506ab_W3BeeQHD (09243399-bd04-4e18-9c52-0d70f5bfb910)
2019-06-24 21:35:54.782 22706 RALLYDEBUG rally_openstack.cleanup.manager [-] Deleting neutron.port object s_rally_6ae506ab_jcRMUZCg (0a05e532-0119-4a1a-b096-c4b14c5668a3)
2019-06-24 21:35:54.878 22706 RALLYDEBUG rally_openstack.cleanup.manager [-] Deleting neutron.port object s_rally_6ae506ab_UxaHh6Hc (0a2d35fe-1911-4a29-9993-696bb1eee047)
2019-06-24 21:35:54.954 22706 RALLYDEBUG rally_openstack.cleanup.manager [-] Deleting neutron.port object s_rally_6ae506ab_f2xOpmnT (0ac019a3-2aea-4a60-8e23-7b6aaacdae07)
2019-06-24 21:35:54.981 22706 RALLYDEBUG rally_openstack.cleanup.manager [-] Deleting neutron.port object s_rally_6ae506ab_vVDZnKkA (0b4f7dfb-0127-467e-850b-5b6d76701ac9)
2019-06-24 21:35:55.030 22706 RALLYDEBUG rally_openstack.cleanup.manager [-] Deleting neutron.port object s_rally_6ae506ab_sNtEJhK8 (0b60520f-b0ca-4812-b382-d0cd698dd7d4)
2019-06-24 21:35:55.062 22706 RALLYDEBUG rally_openstack.cleanup.manager [-] Deleting neutron.port object s_rally_6ae506ab_jP9UeIKd (0b8bf9ff-8d24-49fb-86cd-4ef74bb46f61)
2019-06-24 21:35:55.063 22706 RALLYDEBUG rally_openstack.cleanup.manager [-] Deleting neutron.port object s_rally_6ae506ab_IJz4dfju (0bf51b3d-cede-4986-8dae-722c5af5c1aa)
2019-06-24 21:35:55.094 22706 RALLYDEBUG rally_openstack.cleanup.manager [-] Deleting neutron.port object s_rally_6ae506ab_9HMjQhzC (0c384da2-f45f-4743-bfdd-646c46e691aa)
2019-06-24 21:35:55.133 22706 RALLYDEBUG rally_openstack.cleanup.manager [-] Deleting neutron.port object s_rally_6ae506ab_UkKZXnMy (0cbc5ce2-3885-4254-81b2-f92a785abee0)
2019-06-24 21:35:56.648 22706 RALLYDEBUG rally_openstack.cleanup.manager [-] Deleting neutron.port object s_rally_6ae506ab_DuBxeLo2 (0ceabf64-d516-4655-930e-c95451307eda)
2019-06-24 21:35:56.769 22706 RALLYDEBUG rally_openstack.cleanup.manager [-] Deleting neutron.port object s_rally_6ae506ab_ZTYA0hqW (0d0fa974-6e66-49fc-b370-10aaed79e019)
2019-06-24 21:35:56.930 22706 RALLYDEBUG rally_openstack.cleanup.manager [-] Deleting neutron.port object s_rally_6ae506ab_mPAa2ZuF (0dbfe726-851a-49dd-aa35-f8fde631b01a)
2019-06-24 21:35:56.995 22706 RALLYDEBUG rally_openstack.cleanup.manager [-] Deleting neutron.port object s_rally_6ae506ab_XZ8bZKnI (0de2fdc5-7773-4288-ac24-23e04d039058)
2019-06-24 21:35:57.061 22706 RALLYDEBUG rally_openstack.cleanup.manager [-] Deleting neutron.port object s_rally_6ae506ab_SCrSn9Sp (0eaea6e1-27d5-4b6a-8ec1-15d2febad0ff)
2019-06-24 21:35:57.083 22706 RALLYDEBUG rally_openstack.cleanup.manager [-] Deleting neutron.port object s_rally_6ae506ab_CqyRfRPs (0f11359e-23bf-407d-b5cd-4e4629a5fd10)
2019-06-24 21:35:57.152 22706 RALLYDEBUG rally_openstack.cleanup.manager [-] Deleting neutron.port object s_rally_6ae506ab_aYdlZpQP (0fad4895-1909-4e66-bae9-2efb053abc3e)
2019-06-24 21:35:57.156 22706 RALLYDEBUG rally_openstack.cleanup.manager [-] Deleting neutron.port object s_rally_6ae506ab_TQfCWswj (1179c546-a5fb-4201-a303-984b1cc53ff9)
2019-06-24 21:35:57.166 22706 RALLYDEBUG rally_openstack.cleanup.manager [-] Deleting neutron.port object s_rally_6ae506ab_BthTTEtL (1193a785-e8df-4e6a-b939-381e7831daa4)
2019-06-24 21:35:57.238 22706 RALLYDEBUG rally_openstack.cleanup.manager [-] Deleting neutron.port object s_rally_6ae506ab_PYuYft3N (13772450-5c0b-45f6-bc26-5d97e95abb92)
2019-06-24 21:35:57.311 22706 RALLYDEBUG rally_openstack.cleanup.manager [-] Deleting neutron.port object s_rally_6ae506ab_Wocekn27 (142cfd86-44c2-4fe4-9a9e-542aa7852527)
2019-06-24 21:35:57.430 22706 RALLYDEBUG rally_openstack.cleanup.manager [-] Deleting neutron.port object s_rally_6ae506ab_0s4YvNsQ (1470fca7-f57e-43a7-83d8-421dc1f95f2b)
2019-06-24 21:35:57.771 22706 RALLYDEBUG rally_openstack.cleanup.manager [-] Deleting neutron.port object s_rally_6ae506ab_d8KxGDzs (1499eb6a-5421-495b-bddf-d1183ebc5318)
2019-06-24 21:35:57.781 22706 RALLYDEBUG rally_openstack.cleanup.manager [-] Deleting neutron.port object s_rally_6ae506ab_vz9FnL29 (15ba625a-89a3-47ae-b01f-40ce1f176f7c)
2019-06-24 21:35:57.866 22706 RALLYDEBUG rally_openstack.cleanup.manager [-] Deleting neutron.port object s_rally_6ae506ab_bkn2GgBp (1616bbc0-a268-4a4e-9f7b-cfa7c08cff6e)
2019-06-24 21:35:58.066 22706 RALLYDEBUG rally_openstack.cleanup.manager [-] Deleting neutron.port object s_rally_6ae506ab_jRF5cOM4 (165f4d30-8893-4c92-9cfe-47971d316216)
2019-06-24 21:35:58.164 22706 RALLYDEBUG rally_openstack.cleanup.manager [-] Deleting neutron.port object s_rally_6ae506ab_KTwgJYLf (1749e041-3641-4737-88bb-1df84438759e)
2019-06-24 21:35:58.175 22706 RALLYDEBUG rally_openstack.cleanup.manager [-] Deleting neutron.port object s_rally_6ae506ab_o1Vpa3aV (17a1c9f8-e699-493a-9e28-459959113316)
2019-06-24 21:35:58.369 22706 RALLYDEBUG rally_openstack.cleanup.manager [-] Deleting neutron.port object s_rally_6ae506ab_WcZcktDD (18ce4fa4-5774-4fbc-8ffd-ac2b38c10207)
2019-06-24 21:35:58.472 22706 RALLYDEBUG rally_openstack.cleanup.manager [-] Deleting neutron.port object s_rally_6ae506ab_WLL2tlFb (192b4479-1dda-4a78-8504-a2bd6c7801a8)
2019-06-24 21:35:59.289 22706 RALLYDEBUG rally_openstack.cleanup.manager [-] Deleting neutron.port object s_rally_6ae506ab_DNiGobVq (19cf0540-fc09-4f0e-a7d8-02c8264e304a)
2019-06-24 21:35:59.460 22706 RALLYDEBUG rally_openstack.cleanup.manager [-] Deleting neutron.port object s_rally_6ae506ab_v7HPt0vg (1a096b78-a8ca-46ab-98c5-131c5c916ede)
2019-06-24 21:35:59.485 22706 RALLYDEBUG rally_openstack.cleanup.manager [-] Deleting neutron.port object s_rally_6ae506ab_iJ1Ej4nm (1a335f98-51b7-4550-99d5-11e323b69426)
2019-06-24 21:35:59.846 22706 RALLYDEBUG rally_openstack.cleanup.manager [-] Deleting neutron.port object s_rally_6ae506ab_G1D85iSF (1d147385-3764-460a-8df0-b4e8a679c4c5)
2019-06-24 21:35:59.853 22706 RALLYDEBUG rally_openstack.cleanup.manager [-] Deleting neutron.port object s_rally_6ae506ab_fC5S4swd (1e299c44-bba4-44b3-8c17-e445d99c87c7)
2019-06-24 21:35:59.918 22706 RALLYDEBUG rally_openstack.cleanup.manager [-] Deleting neutron.port object s_rally_6ae506ab_aRB5phaA (1e7c8d6a-4bcb-4a7f-8d5c-29cead459ea1)
2019-06-24 21:35:59.967 22706 RALLYDEBUG rally_openstack.cleanup.manager [-] Deleting neutron.port object s_rally_6ae506ab_i4HxeVRL (1e97b12b-8f50-42b6-a880-3eb2d3d4cd56)
2019-06-24 21:36:00.304 22706 RALLYDEBUG rally_openstack.cleanup.manager [-] Deleting neutron.port object s_rally_6ae506ab_YpvyDU3E (1f17bf61-87ef-456e-83b4-6a7e1691d047)
2019-06-24 21:36:00.314 22706 RALLYDEBUG rally_openstack.cleanup.manager [-] Deleting neutron.port object s_rally_6ae506ab_0XCS0Qsf (1f4288f4-0b7e-4f53-8212-15094aff9fce)
2019-06-24 21:36:00.419 22706 RALLYDEBUG rally_openstack.cleanup.manager [-] Deleting neutron.port object s_rally_6ae506ab_sBDHwCSB (20627585-fc0b-4afc-917c-4a77c772eb0c)
2019-06-24 21:36:00.563 22706 RALLYDEBUG rally_openstack.cleanup.manager [-] Deleting neutron.port object s_rally_6ae506ab_KF6s8BpU (20651069-9069-4a7d-a486-0a4b157e8c12)
2019-06-24 21:36:00.628 22706 RALLYDEBUG rally_openstack.cleanup.manager [-] Deleting neutron.port object s_rally_6ae506ab_HCDSIrD4 (206fb247-8eb3-4835-9701-224e44ceb307)
2019-06-24 21:36:00.858 22706 RALLYDEBUG rally_openstack.cleanup.manager [-] Deleting neutron.port object s_rally_6ae506ab_zNVRUypg (20902d3d-ffbe-4c09-9096-52e5b9bf8344)
2019-06-24 21:36:00.878 22706 RALLYDEBUG rally_openstack.cleanup.manager [-] Deleting neutron.port object s_rally_6ae506ab_PX6wTvAG (2090f8fc-9a4e-48e3-8988-4e57f8f217b4)
2019-06-24 21:36:01.056 22706 RALLYDEBUG rally_openstack.cleanup.manager [-] Deleting neutron.port object s_rally_6ae506ab_FAqE7hpx (20c4f5e8-1ee4-45e2-87ef-6ea6191cccc3)
2019-06-24 21:36:01.107 22706 RALLYDEBUG rally_openstack.cleanup.manager [-] Deleting neutron.port object s_rally_6ae506ab_msTQQQYf (2108df5f-715d-4162-9a81-9bc8f466afc8)
2019-06-24 21:36:01.167 22706 RALLYDEBUG rally_openstack.cleanup.manager [-] Deleting neutron.port object s_rally_6ae506ab_Rj2QEaOx (2114447c-34f8-4583-ac46-db73303c6e83)
2019-06-24 21:36:01.474 22706 RALLYDEBUG rally_openstack.cleanup.manager [-] Deleting neutron.port object s_rally_6ae506ab_XRufF0q9 (217c5776-939c-45ee-a193-097d2055fa03)
2019-06-24 21:36:01.475 22706 RALLYDEBUG rally_openstack.cleanup.manager [-] Deleting neutron.port object s_rally_6ae506ab_VT3mmG6y (21474bf5-9719-49ae-be3a-71d085d4943e)
2019-06-24 21:36:01.485 22706 RALLYDEBUG rally_openstack.cleanup.manager [-] Deleting neutron.port object s_rally_6ae506ab_sk6fukjw (22471fa2-77e8-4dbc-ae70-08325d6ddb9c)
2019-06-24 21:36:01.692 22706 RALLYDEBUG rally_openstack.cleanup.manager [-] Deleting neutron.port object s_rally_6ae506ab_hmCibtrX (2323aafa-a4e4-45cc-8b4a-10e5a1642ded)
2019-06-24 21:36:01.800 22706 RALLYDEBUG rally_openstack.cleanup.manager [-] Deleting neutron.port object s_rally_6ae506ab_Jom8bvLl (233593e1-391d-472d-b80c-590c1e2e76bd)
2019-06-24 21:36:01.904 22706 RALLYDEBUG rally_openstack.cleanup.manager [-] Deleting neutron.port object s_rally_6ae506ab_2aslVsvp (2435a33f-0724-4637-a34a-52acb4afc5d7)
2019-06-24 21:36:02.168 22706 RALLYDEBUG rally_openstack.cleanup.manager [-] Deleting neutron.port object s_rally_6ae506ab_kPW5x9zh (252b70dc-7f01-46fc-9345-37dd7b08de03)
2019-06-24 21:36:02.415 22706 RALLYDEBUG rally_openstack.cleanup.manager [-] Deleting neutron.port object s_rally_6ae506ab_zNSMqBJW (25e99224-581b-4ca8-b618-4c41ee95f030)
2019-06-24 21:36:02.541 22706 RALLYDEBUG rally_openstack.cleanup.manager [-] Deleting neutron.port object s_rally_6ae506ab_177RU1bf (2648cd17-2376-4f53-89bb-a0e9ac1fc0f2)
2019-06-24 21:36:02.608 22706 RALLYDEBUG rally_openstack.cleanup.manager [-] Deleting neutron.port object s_rally_6ae506ab_VIT1fqus (26813627-94b7-45f7-9334-46d98bf9d6a8)
2019-06-24 21:36:02.811 22706 RALLYDEBUG rally_openstack.cleanup.manager [-] Deleting neutron.port object s_rally_6ae506ab_LNEAH47A (26f3412f-c010-44cd-a811-c548b268ecf0)
2019-06-24 21:36:03.000 22706 RALLYDEBUG rally_openstack.cleanup.manager [-] Deleting neutron.port object s_rally_6ae506ab_iRYjk89n (270b476b-fe29-4217-905b-fe678414a04d)
2019-06-24 21:36:03.063 22706 RALLYDEBUG rally_openstack.cleanup.manager [-] Deleting neutron.port object s_rally_6ae506ab_EbMs6ep6 (274a8d7c-07db-407e-befc-c2f1a46b2fd6)
2019-06-24 21:36:03.090 22706 RALLYDEBUG rally_openstack.cleanup.manager [-] Deleting neutron.port object s_rally_6ae506ab_veemfFHL (276461cf-4ee0-448f-a494-6ad31543c939)
2019-06-24 21:36:03.149 22706 RALLYDEBUG rally_openstack.cleanup.manager [-] Deleting neutron.port object s_rally_6ae506ab_LZLXROeP (2783b18e-e95e-4d66-964f-16f54c07eee3)
2019-06-24 21:36:03.333 22706 RALLYDEBUG rally_openstack.cleanup.manager [-] Deleting neutron.port object s_rally_6ae506ab_V4XpyQPP (282fc3e2-e1ac-4927-8793-263c0840f9af)
2019-06-24 21:36:03.436 22706 RALLYDEBUG rally_openstack.cleanup.manager [-] Deleting neutron.port object s_rally_6ae506ab_EhmtJmPp (28542156-6ee2-4cde-9d6b-8ba624ff535d)
2019-06-24 21:36:03.872 22706 RALLYDEBUG rally_openstack.cleanup.manager [-] Deleting neutron.port object s_rally_6ae506ab_qyQ84bVF (28cb5aab-9603-4a93-bb3f-fc20d2d0a173)
2019-06-24 21:36:03.940 22706 RALLYDEBUG rally_openstack.cleanup.manager [-] Deleting neutron.port object s_rally_6ae506ab_GDok09Rj (29020a0b-fd70-4c12-8698-43c066bfe88b)
2019-06-24 21:36:03.984 22706 RALLYDEBUG rally_openstack.cleanup.manager [-] Deleting neutron.port object s_rally_6ae506ab_LUF70WiP (2989de38-356f-43fe-8268-f7fe692141fb)
2019-06-24 21:36:04.072 22706 RALLYDEBUG rally_openstack.cleanup.manager [-] Deleting neutron.port object s_rally_6ae506ab_mCeXlHx6 (2aa31a09-210c-4e5a-abd5-5db3e765c38d)
2019-06-24 21:36:04.184 22706 RALLYDEBUG rally_openstack.cleanup.manager [-] Deleting neutron.port object s_rally_6ae506ab_rzSKLfoL (2b7484dd-de2d-45b8-b584-d4ef3434ae93)
2019-06-24 21:36:04.344 22706 RALLYDEBUG rally_openstack.cleanup.manager [-] Deleting neutron.port object s_rally_6ae506ab_K3wtHh6f (2b99e827-00a9-43d4-a392-70f5df4d8918)
2019-06-24 21:36:04.378 22706 RALLYDEBUG rally_openstack.cleanup.manager [-] Deleting neutron.port object s_rally_6ae506ab_kuPWX5bT (2c2957f0-1c8d-44bf-8f07-1bfbc09cd34d)
2019-06-24 21:36:04.527 22706 RALLYDEBUG rally_openstack.cleanup.manager [-] Deleting neutron.port object s_rally_6ae506ab_etjrVdFP (2d5a967f-ee7a-48a2-a394-24b8986928b0)
2019-06-24 21:36:04.635 22706 RALLYDEBUG rally_openstack.cleanup.manager [-] Deleting neutron.port object s_rally_6ae506ab_Dn5PE3YB (2f589b51-6927-43d5-82db-def002ed7379)
