2019-06-24 21:30:27.539 22706 RALLYDEBUG rally_openstack.cleanup.manager [-] Deleting neutron.port object s_rally_3c1b8e88_tbzSA93p (505558cb-1d92-4b5b-8192-6c40d5f3bade)
2019-06-24 21:30:27.637 22706 RALLYDEBUG rally_openstack.cleanup.manager [-] Deleting neutron.port object s_rally_3c1b8e88_Ii3lHnKS (50be4d75-e987-4e97-88af-2040f9d0e85e)
2019-06-24 21:30:27.728 22706 RALLYDEBUG rally_openstack.cleanup.manager [-] Deleting neutron.port object s_rally_3c1b8e88_FM91sMQC (55d91021-c224-4e3d-966e-f7c10030f99f)
2019-06-24 21:30:27.857 22706 RALLYDEBUG rally_openstack.cleanup.manager [-] Deleting neutron.port object s_rally_3c1b8e88_kzIddntz (56a76ac9-a4d0-4ae7-92e4-658cc2f44ce8)
2019-06-24 21:30:27.902 22706 RALLYDEBUG rally_openstack.cleanup.manager [-] Deleting neutron.port object s_rally_3c1b8e88_WQZ2u94Z (57f18b64-628e-4fef-a184-c44af9b20866)
2019-06-24 21:30:27.989 22706 RALLYDEBUG rally_openstack.cleanup.manager [-] Deleting neutron.port object s_rally_3c1b8e88_RWCKF18G (5a04cbe5-eabe-4ecd-8389-b47ad4d6cfc9)
2019-06-24 21:30:27.989 22706 RALLYDEBUG rally_openstack.cleanup.manager [-] Deleting neutron.port object s_rally_3c1b8e88_onruv3jG (59a6555f-f155-4ab2-b6ef-184dc0016557)
2019-06-24 21:30:28.018 22706 RALLYDEBUG rally_openstack.cleanup.manager [-] Deleting neutron.port object s_rally_3c1b8e88_PwjUjVs0 (5c5a51f0-790f-43d6-844b-01428507bad7)
2019-06-24 21:30:28.212 22706 RALLYDEBUG rally_openstack.cleanup.manager [-] Deleting neutron.port object s_rally_3c1b8e88_cRhsVbzB (5c713351-1d00-47dd-bc07-a8cc572915c1)
2019-06-24 21:30:28.299 22706 RALLYDEBUG rally_openstack.cleanup.manager [-] Deleting neutron.port object s_rally_3c1b8e88_nvkieuwZ (5cd2dedb-7dc2-42c8-b740-41aa324881ff)
2019-06-24 21:30:28.393 22706 RALLYDEBUG rally_openstack.cleanup.manager [-] Deleting neutron.port object s_rally_3c1b8e88_y0CfZ3Dj (5e16b76b-ff53-4c3e-82f4-2f9eb5dbe305)
2019-06-24 21:30:28.437 22706 RALLYDEBUG rally_openstack.cleanup.manager [-] Deleting neutron.port object s_rally_3c1b8e88_7nt1690j (5ed0bf53-d745-443e-971c-db21ba20b033)
2019-06-24 21:30:28.444 22706 RALLYDEBUG rally_openstack.cleanup.manager [-] Deleting neutron.port object s_rally_3c1b8e88_EKtpTG7h (61167b22-7ef6-4a4d-a111-d1eb94c458ab)
2019-06-24 21:30:29.133 22706 RALLYDEBUG rally_openstack.cleanup.manager [-] Deleting neutron.port object s_rally_3c1b8e88_v4nPHVRJ (62977814-c4fe-4467-9425-679e1e1dab63)
2019-06-24 21:30:29.229 22706 RALLYDEBUG rally_openstack.cleanup.manager [-] Deleting neutron.port object s_rally_3c1b8e88_1mvMDpIL (62988868-7805-45f3-af81-9df4f1801eff)
2019-06-24 21:30:29.342 22706 RALLYDEBUG rally_openstack.cleanup.manager [-] Deleting neutron.port object s_rally_3c1b8e88_3Uin1x6d (644fbfd3-2ded-434d-b663-b43ab97fc568)
2019-06-24 21:30:29.465 22706 RALLYDEBUG rally_openstack.cleanup.manager [-] Deleting neutron.port object s_rally_3c1b8e88_JyEDgA69 (64595c2d-e5e5-475c-a839-f53d1c4935b0)
2019-06-24 21:30:29.599 22706 RALLYDEBUG rally_openstack.cleanup.manager [-] Deleting neutron.port object s_rally_3c1b8e88_NN3weOkm (679bcec7-91f3-4c45-a7fb-e2bef40aca6d)
2019-06-24 21:30:29.813 22706 RALLYDEBUG rally_openstack.cleanup.manager [-] Deleting neutron.port object s_rally_3c1b8e88_ivSLOeRw (69a920d5-4aab-4f2d-84ad-7c1829f81f6a)
2019-06-24 21:30:29.882 22706 RALLYDEBUG rally_openstack.cleanup.manager [-] Deleting neutron.port object s_rally_3c1b8e88_xxUt3nco (69afc946-8701-4280-bd01-da6a57e6c2d4)
2019-06-24 21:30:29.896 22706 RALLYDEBUG rally_openstack.cleanup.manager [-] Deleting neutron.port object s_rally_3c1b8e88_1rZiKIle (6a7c2f98-bc13-460e-a3d8-9655e6265998)
2019-06-24 21:30:30.012 22706 RALLYDEBUG rally_openstack.cleanup.manager [-] Deleting neutron.port object s_rally_3c1b8e88_Tq4X0gCW (6aebba68-8428-4dbd-aa8e-9a204ecd3054)
2019-06-24 21:30:30.034 22706 RALLYDEBUG rally_openstack.cleanup.manager [-] Deleting neutron.port object s_rally_3c1b8e88_e5xUpxdL (6c70ace9-bc90-4532-93b9-e0341ff5ab7d)
2019-06-24 21:30:30.149 22706 RALLYDEBUG rally_openstack.cleanup.manager [-] Deleting neutron.port object s_rally_3c1b8e88_Q8RKVsso (6d1314a3-df0b-4cba-b67b-6903e5bb5837)
2019-06-24 21:30:30.188 22706 RALLYDEBUG rally_openstack.cleanup.manager [-] Deleting neutron.port object s_rally_3c1b8e88_CDlGlzth (6e49fd45-ef8e-4f1d-bf0f-d1dd59d50e2c)
2019-06-24 21:30:30.241 22706 RALLYDEBUG rally_openstack.cleanup.manager [-] Deleting neutron.port object s_rally_3c1b8e88_olzOcdeI (722c472f-f897-4d9a-acd5-4da49b13590c)
2019-06-24 21:30:30.340 22706 RALLYDEBUG rally_openstack.cleanup.manager [-] Deleting neutron.port object s_rally_3c1b8e88_a0y9tmHy (72fd7c27-eade-4829-a60b-cc49c00be509)
2019-06-24 21:30:30.404 22706 RALLYDEBUG rally_openstack.cleanup.manager [-] Deleting neutron.port object s_rally_3c1b8e88_Hkm6a7rX (7428de68-b467-4d8d-b895-ce0b5067f061)
2019-06-24 21:30:30.520 22706 RALLYDEBUG rally_openstack.cleanup.manager [-] Deleting neutron.port object s_rally_3c1b8e88_Ygi7GJDM (750772c8-ff0a-4058-8b9d-db5440328660)
2019-06-24 21:30:30.529 22706 RALLYDEBUG rally_openstack.cleanup.manager [-] Deleting neutron.port object s_rally_3c1b8e88_L8AOYwBr (750e9fc7-eb25-46ce-9890-277069d6af76)
2019-06-24 21:30:30.547 22706 RALLYDEBUG rally_openstack.cleanup.manager [-] Deleting neutron.port object s_rally_3c1b8e88_MJpRmxym (7569eb1f-db96-486c-91e7-69251c5f9e07)
2019-06-24 21:30:30.862 22706 RALLYDEBUG rally_openstack.cleanup.manager [-] Deleting neutron.port object s_rally_3c1b8e88_t0WideOp (7679a065-f59e-46da-b6e5-6e07575fabd8)
2019-06-24 21:30:30.867 22706 RALLYDEBUG rally_openstack.cleanup.manager [-] Deleting neutron.port object s_rally_3c1b8e88_KrqJ8v3Q (768efa44-c93b-4b41-8ac5-d6474bbd4f7a)
2019-06-24 21:30:31.297 22706 RALLYDEBUG rally_openstack.cleanup.manager [-] Deleting neutron.port object s_rally_3c1b8e88_mgtVmQ1X (7887d801-3c4c-4a2f-8373-1f679c1f4346)
2019-06-24 21:30:31.557 22706 RALLYDEBUG rally_openstack.cleanup.manager [-] Deleting neutron.port object s_rally_3c1b8e88_KNUJkbks (78a2d20c-6455-4ea4-9c0b-342fa34a331e)
2019-06-24 21:30:31.576 22706 RALLYDEBUG rally_openstack.cleanup.manager [-] Deleting neutron.port object s_rally_3c1b8e88_HPVAYGjw (79ea36db-bb04-4517-80dc-fbcdc529142f)
2019-06-24 21:30:31.805 22706 RALLYDEBUG rally_openstack.cleanup.manager [-] Deleting neutron.port object s_rally_3c1b8e88_4kui5X6R (7a5fa130-e239-4e92-8400-d78a6c2a0f00)
2019-06-24 21:30:31.847 22706 RALLYDEBUG rally_openstack.cleanup.manager [-] Deleting neutron.port object s_rally_3c1b8e88_bRiijx2T (7e342bb4-8b87-4c99-915a-e1983eba301b)
2019-06-24 21:30:32.051 22706 RALLYDEBUG rally_openstack.cleanup.manager [-] Deleting neutron.port object s_rally_3c1b8e88_oB5nbFCb (7ed4f73b-4ff6-4547-8bbc-5d885760f5fb)
2019-06-24 21:30:32.232 22706 RALLYDEBUG rally_openstack.cleanup.manager [-] Deleting neutron.port object s_rally_3c1b8e88_zJ4yjQwy (8081e6f0-b41e-4230-a6a7-322c9f599525)
2019-06-24 21:30:32.337 22706 RALLYDEBUG rally_openstack.cleanup.manager [-] Deleting neutron.port object s_rally_3c1b8e88_83toLyP6 (83ffce12-bc81-49ff-be52-05f007ba2471)
2019-06-24 21:30:32.344 22706 RALLYDEBUG rally_openstack.cleanup.manager [-] Deleting neutron.port object s_rally_3c1b8e88_xBFywlHJ (85130026-f3a4-4213-ba14-2331faf685db)
2019-06-24 21:30:32.487 22706 RALLYDEBUG rally_openstack.cleanup.manager [-] Deleting neutron.port object s_rally_3c1b8e88_6wFV8iKz (86acc9b3-2ee5-4046-8b06-3380c2f3af00)
2019-06-24 21:30:32.571 22706 RALLYDEBUG rally_openstack.cleanup.manager [-] Deleting neutron.port object s_rally_3c1b8e88_HKRf8qnT (87136341-f6e0-42a1-95ff-b2625a990e08)
2019-06-24 21:30:32.675 22706 RALLYDEBUG rally_openstack.cleanup.manager [-] Deleting neutron.port object s_rally_3c1b8e88_t33BTFpv (880e2466-c093-4579-a359-98656608ae1a)
2019-06-24 21:30:32.884 22706 RALLYDEBUG rally_openstack.cleanup.manager [-] Deleting neutron.port object s_rally_3c1b8e88_qv8saORF (896a2afb-d336-4ab6-912e-b0fe061a7655)
2019-06-24 21:30:32.888 22706 RALLYDEBUG rally_openstack.cleanup.manager [-] Deleting neutron.port object s_rally_3c1b8e88_29cdEEqW (8a0b81ac-b808-4d42-9401-ba29ac2453c9)
2019-06-24 21:30:32.978 22706 RALLYDEBUG rally_openstack.cleanup.manager [-] Deleting neutron.port object s_rally_3c1b8e88_NEmiuzyz (8a9cf7fc-b965-486d-9778-7ab18d12ff9a)
2019-06-24 21:30:32.996 22706 RALLYDEBUG rally_openstack.cleanup.manager [-] Deleting neutron.port object s_rally_3c1b8e88_3DjItZm8 (8af1fdda-f1f1-49e4-bc9d-69095a842193)
2019-06-24 21:30:33.003 22706 RALLYDEBUG rally_openstack.cleanup.manager [-] Deleting neutron.port object s_rally_3c1b8e88_fqORretv (8c250e66-e19b-4f67-baaa-ebef6b76a939)
2019-06-24 21:30:33.088 22706 RALLYDEBUG rally_openstack.cleanup.manager [-] Deleting neutron.port object s_rally_3c1b8e88_ZWnIvU18 (8d0c4eb9-7cac-4ced-b7db-b7d0197004a2)
2019-06-24 21:30:33.336 22706 RALLYDEBUG rally_openstack.cleanup.manager [-] Deleting neutron.port object s_rally_3c1b8e88_XlyZudME (913ed8f1-4026-4eb4-9a33-8264830eb8d0)
2019-06-24 21:30:33.340 22706 RALLYDEBUG rally_openstack.cleanup.manager [-] Deleting neutron.port object s_rally_3c1b8e88_8ni1jTMG (91a98ce0-4cc5-4cd5-8467-a48aae51f2e2)
2019-06-24 21:30:33.592 22706 RALLYDEBUG rally_openstack.cleanup.manager [-] Deleting neutron.port object s_rally_3c1b8e88_cga6c9NY (93f2e54b-61a3-4092-ab77-1375940f2feb)
2019-06-24 21:30:33.694 22706 RALLYDEBUG rally_openstack.cleanup.manager [-] Deleting neutron.port object s_rally_3c1b8e88_tHA2KYNi (94dcb378-edf1-4769-85af-ea3deaffd787)
2019-06-24 21:30:33.811 22706 RALLYDEBUG rally_openstack.cleanup.manager [-] Deleting neutron.port object s_rally_3c1b8e88_pDNB7jVg (9670887d-6711-43a2-aefc-8e3f01e037f7)
2019-06-24 21:30:34.014 22706 RALLYDEBUG rally_openstack.cleanup.manager [-] Deleting neutron.port object s_rally_3c1b8e88_lSxo9YoH (97e8e35b-27f6-4043-b4d5-f0cbab35e452)
2019-06-24 21:30:34.071 22706 RALLYDEBUG rally_openstack.cleanup.manager [-] Deleting neutron.port object s_rally_3c1b8e88_4THVMEJv (997e9ef6-8647-4bb2-b875-3390542769aa)
2019-06-24 21:30:34.559 22706 RALLYDEBUG rally_openstack.cleanup.manager [-] Deleting neutron.port object s_rally_3c1b8e88_zU9yDsxZ (9a609215-d7b7-4ad8-aedb-ce12f5220b8a)
2019-06-24 21:30:34.732 22706 RALLYDEBUG rally_openstack.cleanup.manager [-] Deleting neutron.port object s_rally_3c1b8e88_3zBARqZm (9a8908e0-a5f6-4b86-8aa1-2eeea755b223)
2019-06-24 21:30:34.785 22706 RALLYDEBUG rally_openstack.cleanup.manager [-] Deleting neutron.port object s_rally_3c1b8e88_1vGlH5zs (9e8bd43f-20e6-4190-add9-454521134918)
2019-06-24 21:30:34.899 22706 RALLYDEBUG rally_openstack.cleanup.manager [-] Deleting neutron.port object s_rally_3c1b8e88_li7nRYvX (9fd62f70-d4b0-48c5-bb0c-024c6aabb553)
2019-06-24 21:30:34.936 22706 RALLYDEBUG rally_openstack.cleanup.manager [-] Deleting neutron.port object s_rally_3c1b8e88_Tky4Q34y (a273a991-69b7-4a0d-9aed-a563892e02be)
2019-06-24 21:30:35.069 22706 RALLYDEBUG rally_openstack.cleanup.manager [-] Deleting neutron.port object s_rally_3c1b8e88_ZP7Kcpb8 (a285713f-ca29-4cad-9097-4bb596f95d3f)
2019-06-24 21:30:35.184 22706 RALLYDEBUG rally_openstack.cleanup.manager [-] Deleting neutron.port object s_rally_3c1b8e88_FpssWZht (a356e2e1-3a55-4432-9380-fe77fa5356e1)
2019-06-24 21:30:35.219 22706 RALLYDEBUG rally_openstack.cleanup.manager [-] Deleting neutron.port object s_rally_3c1b8e88_BH2DO07y (a3772e73-483e-4c6a-bc86-993c272ed668)
2019-06-24 21:30:35.253 22706 RALLYDEBUG rally_openstack.cleanup.manager [-] Deleting neutron.port object s_rally_3c1b8e88_kAabWY5y (a3ae2a18-462e-4fec-8efa-3d393a5e7265)
2019-06-24 21:30:35.299 22706 RALLYDEBUG rally_openstack.cleanup.manager [-] Deleting neutron.port object s_rally_3c1b8e88_yCFKtirf (a4315288-0255-49e6-b380-2b62120908cf)
2019-06-24 21:30:35.349 22706 RALLYDEBUG rally_openstack.cleanup.manager [-] Deleting neutron.port object s_rally_3c1b8e88_92DUbR2P (a6fc9c62-8748-4da0-9e69-6db824bc01ef)
2019-06-24 21:30:35.523 22706 RALLYDEBUG rally_openstack.cleanup.manager [-] Deleting neutron.port object s_rally_3c1b8e88_syu2wBFc (a77ea866-1ee7-466a-8601-9283a6907855)
2019-06-24 21:30:35.544 22706 RALLYDEBUG rally_openstack.cleanup.manager [-] Deleting neutron.port object s_rally_3c1b8e88_eSk2iSaH (a79a80b8-a399-4212-9b77-30cd9b8a6ecf)
2019-06-24 21:30:35.699 22706 RALLYDEBUG rally_openstack.cleanup.manager [-] Deleting neutron.port object s_rally_3c1b8e88_m9G3ncin (a7ef01f4-9bcc-46b3-9b62-05394b8a90e0)
2019-06-24 21:30:35.775 22706 RALLYDEBUG rally_openstack.cleanup.manager [-] Deleting neutron.port object s_rally_3c1b8e88_X0mOqi4F (ad369be1-8567-431f-9d26-b03ea7b1d554)
2019-06-24 21:30:35.942 22706 RALLYDEBUG rally_openstack.cleanup.manager [-] Deleting neutron.port object s_rally_3c1b8e88_gmXxNvzq (af59044a-4f3e-4b28-b505-0a06a52469f0)
2019-06-24 21:30:35.994 22706 RALLYDEBUG rally_openstack.cleanup.manager [-] Deleting neutron.port object s_rally_3c1b8e88_tk85rgQx (b023d9e0-6d3e-4e12-b7a0-3d637c314a22)
2019-06-24 21:30:36.257 22706 RALLYDEBUG rally_openstack.cleanup.manager [-] Deleting neutron.port object s_rally_3c1b8e88_vMHTL44B (b0f6c871-9ccb-4289-8273-83e33a4bae5a)
2019-06-24 21:30:36.263 22706 RALLYDEBUG rally_openstack.cleanup.manager [-] Deleting neutron.port object s_rally_3c1b8e88_TCi1Q5Lp (b3bf6c4f-bc8a-4d6d-8e58-eb65a623fa93)
2019-06-24 21:30:36.564 22706 RALLYDEBUG rally_openstack.cleanup.manager [-] Deleting neutron.port object s_rally_3c1b8e88_HMr0HPj9 (b6520a1d-904c-4aab-95c0-129dc101bcb3)
2019-06-24 21:30:36.867 22706 RALLYDEBUG rally_openstack.cleanup.manager [-] Deleting neutron.port object s_rally_3c1b8e88_pmWcTfLl (b6724d74-d0ab-44f8-bad1-e74cab053c46)
2019-06-24 21:30:37.067 22706 RALLYDEBUG rally_openstack.cleanup.manager [-] Deleting neutron.port object s_rally_3c1b8e88_VuysKVso (b932c1af-1ad1-496a-ab8c-f65f58a8d8a0)
2019-06-24 21:30:37.075 22706 RALLYDEBUG rally_openstack.cleanup.manager [-] Deleting neutron.port object s_rally_3c1b8e88_HbEhzUbM (bb9d6805-df34-4ffe-be0c-a7ffcd4d7b6a)
2019-06-24 21:30:37.190 22706 RALLYDEBUG rally_openstack.cleanup.manager [-] Deleting neutron.port object s_rally_3c1b8e88_1xCJr5kJ (bbccdab3-b0d5-4316-86a5-58605eb901d5)
2019-06-24 21:30:37.311 22706 RALLYDEBUG rally_openstack.cleanup.manager [-] Deleting neutron.port object s_rally_3c1b8e88_3ygl3LnL (bd931cd3-71e0-4948-ab15-41519c62e7fa)
2019-06-24 21:30:37.395 22706 RALLYDEBUG rally_openstack.cleanup.manager [-] Deleting neutron.port object s_rally_3c1b8e88_0BTt6eX3 (bfcff334-43f0-46c3-b35c-5c6dd6b904ac)
2019-06-24 21:30:37.414 22706 RALLYDEBUG rally_openstack.cleanup.manager [-] Deleting neutron.port object s_rally_3c1b8e88_jg54TVkL (c04f7a63-0f75-4371-8882-6613a789d950)
2019-06-24 21:30:37.510 22706 RALLYDEBUG rally_openstack.cleanup.manager [-] Deleting neutron.port object s_rally_3c1b8e88_LiUmJcbM (c0625e72-d919-473f-8144-8f49b463bc00)
2019-06-24 21:30:37.721 22706 RALLYDEBUG rally_openstack.cleanup.manager [-] Deleting neutron.port object s_rally_3c1b8e88_uQXaxnD0 (c5b2dd69-d9c7-4217-a5f4-678f7e5dc850)
2019-06-24 21:30:37.773 22706 RALLYDEBUG rally_openstack.cleanup.manager [-] Deleting neutron.port object s_rally_3c1b8e88_sLv8Bxvu (c67760e4-8694-4242-af4e-472bd30992ff)
2019-06-24 21:30:37.877 22706 RALLYDEBUG rally_openstack.cleanup.manager [-] Deleting neutron.port object s_rally_3c1b8e88_6vrj173b (c6aba2e6-52b8-4ab2-b439-29cc7acdb49a)
2019-06-24 21:30:38.036 22706 RALLYDEBUG rally_openstack.cleanup.manager [-] Deleting neutron.port object s_rally_3c1b8e88_8qAJUJUA (c74aa893-e5e7-4b5b-ba0f-b0ab731f58ab)
2019-06-24 21:30:38.077 22706 RALLYDEBUG rally_openstack.cleanup.manager [-] Deleting neutron.port object s_rally_3c1b8e88_xGm43MMt (c89af265-68f5-4a40-be92-8cf4523ec69f)
2019-06-24 21:30:38.209 22706 RALLYDEBUG rally_openstack.cleanup.manager [-] Deleting neutron.port object s_rally_3c1b8e88_32eEkh34 (c9770ecc-16da-4d5e-982b-ca505966b82f)
2019-06-24 21:30:38.335 22706 RALLYDEBUG rally_openstack.cleanup.manager [-] Deleting neutron.port object s_rally_3c1b8e88_WZV2xIpO (cc892a40-111b-4971-8322-e84aec8972e3)
2019-06-24 21:30:38.341 22706 RALLYDEBUG rally_openstack.cleanup.manager [-] Deleting neutron.port object s_rally_3c1b8e88_tzbTZoD6 (cd7082aa-f09a-4443-b8c5-5ba9efd3f6d9)
2019-06-24 21:30:38.465 22706 RALLYDEBUG rally_openstack.cleanup.manager [-] Deleting neutron.port object s_rally_3c1b8e88_avw8V0Of (ce3c6ce1-06d3-439b-b68a-d51ef01da3de)
2019-06-24 21:30:38.483 22706 RALLYDEBUG rally_openstack.cleanup.manager [-] Deleting neutron.port object s_rally_3c1b8e88_Oo74sV0a (cefc2005-d2ce-4f78-a002-492156c7a422)
2019-06-24 21:30:38.621 22706 RALLYDEBUG rally_openstack.cleanup.manager [-] Deleting neutron.port object s_rally_3c1b8e88_EQC361tT (d03c854a-223f-4bd0-978e-79bddf8397a8)
2019-06-24 21:30:38.745 22706 RALLYDEBUG rally_openstack.cleanup.manager [-] Deleting neutron.port object s_rally_3c1b8e88_uHz2f0cY (d14dc34d-ac99-482b-a609-59c6d6a774d4)
2019-06-24 21:30:39.071 22706 RALLYDEBUG rally_openstack.cleanup.manager [-] Deleting neutron.port object s_rally_3c1b8e88_7sDcBg2c (d1f1cae8-ae0e-4029-bb4a-77dcbbf54956)
2019-06-24 21:30:39.231 22706 RALLYDEBUG rally_openstack.cleanup.manager [-] Deleting neutron.port object s_rally_3c1b8e88_6gaTTWx5 (d2422086-958a-4ba1-8c7a-9c55994133bb)
2019-06-24 21:30:39.399 22706 RALLYDEBUG rally_openstack.cleanup.manager [-] Deleting neutron.port object s_rally_3c1b8e88_tmpH6B2W (d2d971f9-0c43-4e8c-a9c8-26ba1f0a7ebe)
2019-06-24 21:30:39.562 22706 RALLYDEBUG rally_openstack.cleanup.manager [-] Deleting neutron.port object s_rally_3c1b8e88_SzU7UKYU (d486ccc6-1591-44ab-b2dc-4e4c0872f494)
2019-06-24 21:30:39.638 22706 RALLYDEBUG rally_openstack.cleanup.manager [-] Deleting neutron.port object s_rally_3c1b8e88_YD6HU3ib (d499a4cc-7acb-4eed-8678-c4b25ea1a85e)
2019-06-24 21:30:40.014 22706 RALLYDEBUG rally_openstack.cleanup.manager [-] Deleting neutron.port object s_rally_3c1b8e88_aBk6EfF2 (d691c693-bd81-4f42-a4b4-b601e2e22bab)
2019-06-24 21:30:40.059 22706 RALLYDEBUG rally_openstack.cleanup.manager [-] Deleting neutron.port object s_rally_3c1b8e88_CUTsH5PF (db3efc58-6d12-4936-b058-8a5dc369f4e5)
2019-06-24 21:30:40.270 22706 RALLYDEBUG rally_openstack.cleanup.manager [-] Deleting neutron.port object s_rally_3c1b8e88_z0JwLr5h (dcfee091-bca8-4379-8eef-bf08a7b6a6af)
2019-06-24 21:30:40.274 22706 RALLYDEBUG rally_openstack.cleanup.manager [-] Deleting neutron.port object s_rally_3c1b8e88_yzaP4bgU (df5c05d7-36f2-4e82-9daa-76473a368af1)
2019-06-24 21:30:40.303 22706 RALLYDEBUG rally_openstack.cleanup.manager [-] Deleting neutron.port object s_rally_3c1b8e88_UtjOjJL0 (e09a71ca-3e16-4e77-aa9e-cea8a2a14b50)
2019-06-24 21:30:40.352 22706 RALLYDEBUG rally_openstack.cleanup.manager [-] Deleting neutron.port object s_rally_3c1b8e88_yqGFFJGc (e14f25da-a0ac-4cd7-9f3e-716ef34e0643)
2019-06-24 21:30:40.520 22706 RALLYDEBUG rally_openstack.cleanup.manager [-] Deleting neutron.port object s_rally_3c1b8e88_1Aev3NPo (e2a42647-4079-4d2f-935f-72491171ed13)
2019-06-24 21:30:40.532 22706 RALLYDEBUG rally_openstack.cleanup.manager [-] Deleting neutron.port object s_rally_3c1b8e88_QVEbeynA (e2b1f0d5-d9ca-4310-96ea-7efc5b1b8464)
2019-06-24 21:30:40.627 22706 RALLYDEBUG rally_openstack.cleanup.manager [-] Deleting neutron.port object s_rally_3c1b8e88_15udll6S (e3b4dc42-c8a2-4d80-a451-45a4860003ab)
2019-06-24 21:30:40.886 22706 RALLYDEBUG rally_openstack.cleanup.manager [-] Deleting neutron.port object s_rally_3c1b8e88_hgPpeZqa (e409bb80-b1ba-41fa-af76-cad5b730e08f)
2019-06-24 21:30:41.065 22706 RALLYDEBUG rally_openstack.cleanup.manager [-] Deleting neutron.port object s_rally_3c1b8e88_5jDU0HEP (e589f8c5-e97f-43e1-aa77-b94c5052b7a7)
2019-06-24 21:30:41.163 22706 RALLYDEBUG rally_openstack.cleanup.manager [-] Deleting neutron.port object s_rally_3c1b8e88_Kt05Db7m (e89a1479-76b3-4a16-82b3-c342c70e34b0)
2019-06-24 21:30:41.211 22706 RALLYDEBUG rally_openstack.cleanup.manager [-] Deleting neutron.port object s_rally_3c1b8e88_OYbKl0Gj (eed9c222-450c-48e7-9c0e-28dd7555e95f)
2019-06-24 21:30:41.238 22706 RALLYDEBUG rally_openstack.cleanup.manager [-] Deleting neutron.port object s_rally_3c1b8e88_ZzAo9Zib (f0a2160e-d4b1-4d39-8608-139e6b9f82ae)
2019-06-24 21:30:41.328 22706 RALLYDEBUG rally_openstack.cleanup.manager [-] Deleting neutron.port object s_rally_3c1b8e88_QGg5li6f (f12f7ca8-ff02-45b3-b94b-8a77726af617)
2019-06-24 21:30:41.333 22706 RALLYDEBUG rally_openstack.cleanup.manager [-] Deleting neutron.port object s_rally_3c1b8e88_XT8oR1o2 (f2374f6b-fea6-481f-bf04-540f494ab6f3)
2019-06-24 21:30:41.787 22706 RALLYDEBUG rally_openstack.cleanup.manager [-] Deleting neutron.port object s_rally_3c1b8e88_HJ6NGdS3 (f2d2f3db-6d56-48b6-90f5-43ad0ae8bade)
2019-06-24 21:30:41.893 22706 RALLYDEBUG rally_openstack.cleanup.manager [-] Deleting neutron.port object s_rally_3c1b8e88_xZ2SqvgV (f3b2c1d5-bda8-4f8f-96a9-1a79238968e7)
2019-06-24 21:30:41.956 22706 RALLYDEBUG rally_openstack.cleanup.manager [-] Deleting neutron.port object s_rally_3c1b8e88_x5yDdd58 (f62d9e40-47ba-4960-ae53-7a9f255e0fed)
2019-06-24 21:30:42.249 22706 RALLYDEBUG rally_openstack.cleanup.manager [-] Deleting neutron.port object s_rally_3c1b8e88_CAm7HXcU (f6384736-2a15-4466-9499-e27d7f2bd4ac)
2019-06-24 21:30:42.290 22706 RALLYDEBUG rally_openstack.cleanup.manager [-] Deleting neutron.port object s_rally_3c1b8e88_3e9feK6x (f640bcce-b1b6-48aa-8ff3-de09c8dde970)
2019-06-24 21:30:42.469 22706 RALLYDEBUG rally_openstack.cleanup.manager [-] Deleting neutron.port object s_rally_3c1b8e88_cmVXbF5l (f81b9b7b-382f-4d7b-8341-84373632691e)
2019-06-24 21:30:42.506 22706 RALLYDEBUG rally_openstack.cleanup.manager [-] Deleting neutron.port object s_rally_3c1b8e88_NE4Wycc3 (f90cb722-bc65-4dd0-b06b-0388569c1197)
2019-06-24 21:30:42.610 22706 RALLYDEBUG rally_openstack.cleanup.manager [-] Deleting neutron.port object s_rally_3c1b8e88_dDLsZGPm (fa4099a0-ce58-4f4c-a194-230366acd654)
2019-06-24 21:30:42.748 22706 RALLYDEBUG rally_openstack.cleanup.manager [-] Deleting neutron.port object s_rally_3c1b8e88_V7AQ1FrK (fa66df53-6a4c-4948-b1ac-000640a1a50e)
2019-06-24 21:30:42.797 22706 RALLYDEBUG rally_openstack.cleanup.manager [-] Deleting neutron.port object s_rally_3c1b8e88_Tj2Au2jj (fb0ad7db-09e1-46fa-b4d5-51d68fdd0857)
2019-06-24 21:30:42.862 22706 RALLYDEBUG rally_openstack.cleanup.manager [-] Deleting neutron.port object s_rally_3c1b8e88_PTCXRnCh (fce70b25-7a6f-4a3b-9d70-3c2499c3a85d)
2019-06-24 21:30:42.989 22706 RALLYDEBUG rally_openstack.cleanup.manager [-] Deleting neutron.port object s_rally_3c1b8e88_ER3PGLgn (ff4dc97b-954b-4e28-8199-5acf4e637050)
2019-06-24 21:30:42.995 22706 RALLYDEBUG rally_openstack.cleanup.manager [-] Deleting neutron.port object s_rally_3c1b8e88_ing7c68N (fe8bfc8a-b68a-4070-a97b-955f332ba88f)
2019-06-24 21:30:43.294 22706 RALLYDEBUG rally_openstack.cleanup.manager [-] Deleting neutron.port object s_rally_3c1b8e88_AcR3eGZb (ffcf72c4-99bf-456c-9720-f2bacf693031)
2019-06-24 21:30:45.484 22706 RALLYDEBUG rally_openstack.cleanup.manager [-] Cleaning up neutron subnet objects
2019-06-24 21:30:46.253 22706 RALLYDEBUG rally_openstack.cleanup.manager [-] Cleaning up neutron network objects
2019-06-24 21:30:47.402 22706 RALLYDEBUG rally_openstack.cleanup.manager [-] Deleting neutron.network object s_rally_3c1b8e88_IMdHAdNw (0179da2c-e7f7-4a6a-9b88-03629c0888ff)
2019-06-24 21:30:47.408 22706 RALLYDEBUG rally_openstack.cleanup.manager [-] Deleting neutron.network object s_rally_3c1b8e88_X7XLNaFe (11183176-dea1-4fd1-a256-9b6447049f57)
2019-06-24 21:30:47.417 22706 RALLYDEBUG rally_openstack.cleanup.manager [-] Deleting neutron.network object s_rally_3c1b8e88_48lnqN9l (147d56e0-026b-489c-a449-aa62e6336be3)
2019-06-24 21:30:47.422 22706 RALLYDEBUG rally_openstack.cleanup.manager [-] Deleting neutron.network object s_rally_3c1b8e88_DZII3rWL (2427d4de-79ac-4b35-a6e6-851b293dc409)
2019-06-24 21:30:47.432 22706 RALLYDEBUG rally_openstack.cleanup.manager [-] Deleting neutron.network object s_rally_3c1b8e88_253YtH0i (274d6160-fd5b-47eb-8c16-eb719d5074f8)
2019-06-24 21:30:47.443 22706 RALLYDEBUG rally_openstack.cleanup.manager [-] Deleting neutron.network object s_rally_3c1b8e88_ZhxRdcAW (281c8d9d-256e-4c90-95c7-1ee920987214)
2019-06-24 21:30:47.452 22706 RALLYDEBUG rally_openstack.cleanup.manager [-] Deleting neutron.network object s_rally_3c1b8e88_4STPM9yG (28cca4d4-7832-4aa7-9548-f5d19ad202b8)
2019-06-24 21:30:47.454 22706 RALLYDEBUG rally_openstack.cleanup.manager [-] Deleting neutron.network object s_rally_3c1b8e88_dT7kFWpP (2ef66226-29c2-4593-9e9a-07c3b2c66b7a)
2019-06-24 21:30:47.475 22706 RALLYDEBUG rally_openstack.cleanup.manager [-] Deleting neutron.network object s_rally_3c1b8e88_MWMZsL4Q (304af70a-b3dc-4860-be9d-c3e394436741)
2019-06-24 21:30:47.484 22706 RALLYDEBUG rally_openstack.cleanup.manager [-] Deleting neutron.network object s_rally_3c1b8e88_IMHuZddN (3405fab5-ee9a-4f37-aa32-feb0c8e6a012)
2019-06-24 21:30:47.502 22706 RALLYDEBUG rally_openstack.cleanup.manager [-] Deleting neutron.network object s_rally_3c1b8e88_SqNayLZm (350843fc-c23b-45e2-9161-4c30a439207f)
2019-06-24 21:30:47.516 22706 RALLYDEBUG rally_openstack.cleanup.manager [-] Deleting neutron.network object s_rally_3c1b8e88_kgUNdbgb (4624e52c-16b7-4baa-9835-598bbacc1607)
2019-06-24 21:30:47.529 22706 RALLYDEBUG rally_openstack.cleanup.manager [-] Deleting neutron.network object s_rally_3c1b8e88_Scvhiw2j (4791dcd2-bb03-46b9-80f3-c8b3decbbdfc)
2019-06-24 21:30:47.538 22706 RALLYDEBUG rally_openstack.cleanup.manager [-] Deleting neutron.network object s_rally_3c1b8e88_kNJWdzL1 (48b907e1-e66b-46ba-a938-ff2b82e99a65)
2019-06-24 21:30:47.555 22706 RALLYDEBUG rally_openstack.cleanup.manager [-] Deleting neutron.network object s_rally_3c1b8e88_Fuf0tLGv (56c627c9-981a-4e7e-8654-1a2066df18c7)
2019-06-24 21:30:47.558 22706 RALLYDEBUG rally_openstack.cleanup.manager [-] Deleting neutron.network object s_rally_3c1b8e88_Yc1CsMdp (4b66ba4c-4586-4d0a-9283-63916168d5c0)
2019-06-24 21:30:47.576 22706 RALLYDEBUG rally_openstack.cleanup.manager [-] Deleting neutron.network object s_rally_3c1b8e88_TNuOPSCT (58e86d9c-7a66-475d-9077-d732137f5c7c)
2019-06-24 21:30:47.581 22706 RALLYDEBUG rally_openstack.cleanup.manager [-] Deleting neutron.network object s_rally_3c1b8e88_818DUd17 (5a2bef9c-1bb3-4fc4-bd52-7d79d2838155)
2019-06-24 21:30:47.602 22706 RALLYDEBUG rally_openstack.cleanup.manager [-] Deleting neutron.network object s_rally_3c1b8e88_hDHR9Bwr (5b7066c9-2159-4f7c-89f0-5e5f42c7e97d)
2019-06-24 21:30:47.604 22706 RALLYDEBUG rally_openstack.cleanup.manager [-] Deleting neutron.network object s_rally_3c1b8e88_cW3k9OnX (5b788163-b53a-4ab0-9ffc-369afffc2eb2)
2019-06-24 21:30:50.134 22706 RALLYDEBUG rally_openstack.cleanup.manager [-] Deleting neutron.network object s_rally_3c1b8e88_6zrFvYqR (651e8f56-e145-4ae0-861e-d4e7f8f4ce2f)
2019-06-24 21:30:50.268 22706 RALLYDEBUG rally_openstack.cleanup.manager [-] Deleting neutron.network object s_rally_3c1b8e88_DtOiwbrj (6a1822f2-8b7d-479d-8a26-451017f0d802)
2019-06-24 21:30:50.391 22706 RALLYDEBUG rally_openstack.cleanup.manager [-] Deleting neutron.network object s_rally_3c1b8e88_sOFPCs4p (701d50c2-af33-4770-aa44-0aa4d3e4440b)
2019-06-24 21:30:50.879 22706 RALLYDEBUG rally_openstack.cleanup.manager [-] Deleting neutron.network object s_rally_3c1b8e88_D4bBsfUl (9190fd7e-ba31-45a7-ba44-2385c80a752c)
2019-06-24 21:30:50.935 22706 RALLYDEBUG rally_openstack.cleanup.manager [-] Deleting neutron.network object s_rally_3c1b8e88_IawBDRdW (940a4fe9-6cd5-4327-9caf-17c4b9495a09)
2019-06-24 21:30:50.972 22706 RALLYDEBUG rally_openstack.cleanup.manager [-] Deleting neutron.network object s_rally_3c1b8e88_VGBCTf06 (9dfd8789-3488-4ede-95b4-b8607ccd8504)
2019-06-24 21:30:50.999 22706 RALLYDEBUG rally_openstack.cleanup.manager [-] Deleting neutron.network object s_rally_3c1b8e88_wWqaVm24 (aebb3a76-7b98-4a61-810d-8fdc767fab47)
2019-06-24 21:30:51.089 22706 RALLYDEBUG rally_openstack.cleanup.manager [-] Deleting neutron.network object s_rally_3c1b8e88_0qiJgFtP (b11f40c8-292c-407f-a97a-3cf914ffdbca)
2019-06-24 21:30:51.121 22706 RALLYDEBUG rally_openstack.cleanup.manager [-] Deleting neutron.network object s_rally_3c1b8e88_oPrI0NNP (bfe0aa97-d9a3-4a14-ae6d-8e2d425c7ddc)
2019-06-24 21:30:51.150 22706 RALLYDEBUG rally_openstack.cleanup.manager [-] Deleting neutron.network object s_rally_3c1b8e88_Bbpar3dt (c8613e90-a113-4f84-94f1-af3577887ecc)
2019-06-24 21:30:51.150 22706 RALLYDEBUG rally_openstack.cleanup.manager [-] Deleting neutron.network object s_rally_3c1b8e88_PPI3408v (c7cfa5a1-f52d-4123-b377-f6a9a70b7e3c)
2019-06-24 21:30:51.436 22706 RALLYDEBUG rally_openstack.cleanup.manager [-] Deleting neutron.network object s_rally_3c1b8e88_c6A7SAPJ (d373c51c-c1a3-4934-8365-d9193308a2a7)
2019-06-24 21:30:51.459 22706 RALLYDEBUG rally_openstack.cleanup.manager [-] Deleting neutron.network object s_rally_3c1b8e88_Sikf22z9 (dbf44c44-645c-4b1c-ad94-0b2ade409ee4)
2019-06-24 21:30:51.481 22706 RALLYDEBUG rally_openstack.cleanup.manager [-] Deleting neutron.network object s_rally_3c1b8e88_NpdAMFSu (dc7788db-6ca7-40ae-8e5f-e9afe9779e67)
2019-06-24 21:30:51.498 22706 RALLYDEBUG rally_openstack.cleanup.manager [-] Deleting neutron.network object s_rally_3c1b8e88_lMG64xOW (de6e007a-8279-477e-9909-012b09b2dac2)
2019-06-24 21:30:51.534 22706 RALLYDEBUG rally_openstack.cleanup.manager [-] Deleting neutron.network object s_rally_3c1b8e88_3Qtybnxz (ec7304e8-b356-401b-b28e-3649ae8e86f3)
2019-06-24 21:30:51.534 22706 RALLYDEBUG rally_openstack.cleanup.manager [-] Deleting neutron.network object s_rally_3c1b8e88_oky2DE9d (eab020c0-5237-4b71-85f5-2b2a9032f6bb)
2019-06-24 21:30:51.751 22706 RALLYDEBUG rally_openstack.cleanup.manager [-] Deleting neutron.network object s_rally_3c1b8e88_C10sFAeS (ee361265-957d-4873-ba8a-bc8b75be4e32)
2019-06-24 21:30:51.758 22706 RALLYDEBUG rally_openstack.cleanup.manager [-] Deleting neutron.network object s_rally_3c1b8e88_RuqHE5Rg (f8d53208-b53e-4b75-9d2d-1c1d69ada6a6)
2019-06-24 21:30:51.772 22706 RALLYDEBUG rally_openstack.cleanup.manager [-] Deleting neutron.network object s_rally_3c1b8e88_idW8DZwQ (fa6cc8b0-9175-4f22-9440-66cc881300db)
2019-06-24 21:30:55.625 22706 RALLYDEBUG rally_openstack.cleanup.manager [-] Cleaning up neutron router objects
2019-06-24 21:30:56.326 22706 RALLYDEBUG rally_openstack.cleanup.manager [-] Cleaning up neutron security_group objects
2019-06-24 21:30:57.014 22706 INFO rally.task.context [-] Task 759337de-27c2-47cf-b5f6-3d1a4c48ad81 | Context cleanup@openstack cleanup() finished in 42.32 sec
2019-06-24 21:30:57.015 22706 INFO rally.task.context [-] Task 759337de-27c2-47cf-b5f6-3d1a4c48ad81 | Context quotas@openstack cleanup() started
2019-06-24 21:30:57.345 22706 INFO rally.task.context [-] Task 759337de-27c2-47cf-b5f6-3d1a4c48ad81 | Context quotas@openstack cleanup() finished in 0.33 sec
2019-06-24 21:30:57.346 22706 INFO rally.task.context [-] Task 759337de-27c2-47cf-b5f6-3d1a4c48ad81 | Context users@openstack cleanup() started
2019-06-24 21:31:02.418 22706 INFO rally.task.context [-] Task 759337de-27c2-47cf-b5f6-3d1a4c48ad81 | Context users@openstack cleanup() finished in 5.07 sec
2019-06-24 21:31:03.744 22706 INFO rally.task.engine [-] Load duration is: 31.597694
2019-06-24 21:31:03.744 22706 INFO rally.task.engine [-] Full runner duration is: 31.647713
2019-06-24 21:31:03.745 22706 INFO rally.task.engine [-] Full duration is: 85.018485
2019-06-24 21:31:03.925 22706 INFO rally.task.engine [-] Running workload: position = 2 config = { "version": 2, "title": "A cropped version of a bigger task.", "description": "Auto-generated task from a single workload (uuid=a0e252e2-969a-435e-8fea-67aa2192ab63)", "subtasks": [ { "title": "NeutronNetworks.create_and_delete_ports", "description": "Create and delete a port.", "scenario": { "NeutronNetworks.create_and_delete_ports": { "network_create_args": {}, "port_create_args": {}, "ports_per_network": 5 } }, "contexts": { "users": { "tenants": 1, "users_per_tenant": 1 }, "quotas": { "neutron": { "network": -1, "port": -1 } } }, "runner": { "constant": { "times": 40, "concurrency": 20 } }, "hooks": [], "sla": { "failure_rate": { "max": 0 } } } ] }
2019-06-24 21:31:03.948 22706 RALLYDEBUG rally_openstack.contexts.keystone.users [-] Creating 1 tenants using 20 threads
2019-06-24 21:31:05.888 22706 RALLYDEBUG rally_openstack.contexts.keystone.users [-] Creating 1 users using 20 threads
2019-06-24 21:31:08.650 22706 INFO rally.task.context [-] Task 759337de-27c2-47cf-b5f6-3d1a4c48ad81 | Context users@openstack setup() finished in 4.70 sec
2019-06-24 21:31:09.465 22706 INFO rally.task.context [-] Task 759337de-27c2-47cf-b5f6-3d1a4c48ad81 | Context quotas@openstack setup() finished in 0.81 sec
2019-06-24 21:31:09.465 22706 INFO rally.task.context [-] Task 759337de-27c2-47cf-b5f6-3d1a4c48ad81 | Context cleanup@openstack setup() finished in 0.03 msec
2019-06-24 21:31:09.472 22706 RALLYDEBUG rally.task.runner [-] Starting the constant runner (task UUID: 759337de-27c2-47cf-b5f6-3d1a4c48ad81). timeout: 0 concurrency: 20 concurrency_per_worker: 1 times: 40 concurrency_overhead: 4 processes_to_start: 16 max_cpu_used: 16
2019-06-24 21:31:09.484 26952 RALLYDEBUG rally.task.runner [-] Starting a worker. concurrency: 2 args: {"network_create_args": {}, "port_create_args": {}, "ports_per_network": 5} times: 40 method_name: run timeout: 0 duration: None cls:
2019-06-24 21:31:09.485 26953 RALLYDEBUG rally.task.runner [-] Starting a worker. concurrency: 2 args: {"network_create_args": {}, "port_create_args": {}, "ports_per_network": 5} times: 40 method_name: run timeout: 0 duration: None cls:
2019-06-24 21:31:09.487 26954 RALLYDEBUG rally.task.runner [-] Starting a worker. concurrency: 2 args: {"network_create_args": {}, "port_create_args": {}, "ports_per_network": 5} times: 40 method_name: run timeout: 0 duration: None cls:
2019-06-24 21:31:09.489 26955 RALLYDEBUG rally.task.runner [-] Starting a worker. concurrency: 2 args: {"network_create_args": {}, "port_create_args": {}, "ports_per_network": 5} times: 40 method_name: run timeout: 0 duration: None cls:
2019-06-24 21:31:09.494 26953 INFO rally.task.runner [-] Task 759337de-27c2-47cf-b5f6-3d1a4c48ad81 | ITER: 2 START
2019-06-24 21:31:09.494 26956 RALLYDEBUG rally.task.runner [-] Starting a worker. concurrency: 1 args: {"network_create_args": {}, "port_create_args": {}, "ports_per_network": 5} times: 40 method_name: run timeout: 0 duration: None cls:
2019-06-24 21:31:09.495 26952 INFO rally.task.runner [-] Task 759337de-27c2-47cf-b5f6-3d1a4c48ad81 | ITER: 1 START
2019-06-24 21:31:09.495 26954 INFO rally.task.runner [-] Task 759337de-27c2-47cf-b5f6-3d1a4c48ad81 | ITER: 3 START
2019-06-24 21:31:09.496 26957 RALLYDEBUG rally.task.runner [-] Starting a worker. concurrency: 1 args: {"network_create_args": {}, "port_create_args": {}, "ports_per_network": 5} times: 40 method_name: run timeout: 0 duration: None cls:
2019-06-24 21:31:09.497 26952 WARNING rally_openstack.scenarios.neutron.utils [-] Running this scenario without either the 'network' or 'existing_network' context is deprecated
2019-06-24 21:31:09.497 26953 WARNING rally_openstack.scenarios.neutron.utils [-] Running this scenario without either the 'network' or 'existing_network' context is deprecated
2019-06-24 21:31:09.498 26955 INFO rally.task.runner [-] Task 759337de-27c2-47cf-b5f6-3d1a4c48ad81 | ITER: 6 START
2019-06-24 21:31:09.496 26954 INFO rally.task.runner [-] Task 759337de-27c2-47cf-b5f6-3d1a4c48ad81 | ITER: 7 START
2019-06-24 21:31:09.499 26954 WARNING rally_openstack.scenarios.neutron.utils [-] Running this scenario without either the 'network' or 'existing_network' context is deprecated
2019-06-24 21:31:09.500 26955 WARNING rally_openstack.scenarios.neutron.utils [-] Running this scenario without either the 'network' or 'existing_network' context is deprecated
2019-06-24 21:31:09.500 26962 RALLYDEBUG rally.task.runner [-] Starting a worker. concurrency: 1 args: {"network_create_args": {}, "port_create_args": {}, "ports_per_network": 5} times: 40 method_name: run timeout: 0 duration: None cls:
2019-06-24 21:31:09.500 26965 RALLYDEBUG rally.task.runner [-] Starting a worker. concurrency: 1 args: {"network_create_args": {}, "port_create_args": {}, "ports_per_network": 5} times: 40 method_name: run timeout: 0 duration: None cls:
2019-06-24 21:31:09.501 26956 INFO rally.task.runner [-] Task 759337de-27c2-47cf-b5f6-3d1a4c48ad81 | ITER: 9 START
2019-06-24 21:31:09.503 26957 INFO rally.task.runner [-] Task 759337de-27c2-47cf-b5f6-3d1a4c48ad81 | ITER: 10 START
2019-06-24 21:31:09.498 26952 INFO rally.task.runner [-] Task 759337de-27c2-47cf-b5f6-3d1a4c48ad81 | ITER: 5 START
2019-06-24 21:31:09.504 26956 WARNING rally_openstack.scenarios.neutron.utils [-] Running this scenario without either the 'network' or 'existing_network' context is deprecated
2019-06-24 21:31:09.499 26954 WARNING rally_openstack.scenarios.neutron.utils [-] Running this scenario without either the 'network' or 'existing_network' context is deprecated
2019-06-24 21:31:09.506 26962 INFO rally.task.runner [-] Task 759337de-27c2-47cf-b5f6-3d1a4c48ad81 | ITER: 11 START
2019-06-24 21:31:09.505 26957 WARNING rally_openstack.scenarios.neutron.utils [-] Running this scenario without either the 'network' or 'existing_network' context is deprecated
2019-06-24 21:31:09.505 26952 WARNING rally_openstack.scenarios.neutron.utils [-] Running this scenario without either the 'network' or 'existing_network' context is deprecated
2019-06-24 21:31:09.507 26971 RALLYDEBUG rally.task.runner [-] Starting a worker. concurrency: 1 args: {"network_create_args": {}, "port_create_args": {}, "ports_per_network": 5} times: 40 method_name: run timeout: 0 duration: None cls:
2019-06-24 21:31:09.508 26962 WARNING rally_openstack.scenarios.neutron.utils [-] Running this scenario without either the 'network' or 'existing_network' context is deprecated
2019-06-24 21:31:09.508 26955 INFO rally.task.runner [-] Task 759337de-27c2-47cf-b5f6-3d1a4c48ad81 | ITER: 8 START
2019-06-24 21:31:09.510 26977 RALLYDEBUG rally.task.runner [-] Starting a worker. concurrency: 1 args: {"network_create_args": {}, "port_create_args": {}, "ports_per_network": 5} times: 40 method_name: run timeout: 0 duration: None cls:
2019-06-24 21:31:09.511 26953 INFO rally.task.runner [-] Task 759337de-27c2-47cf-b5f6-3d1a4c48ad81 | ITER: 4 START
2019-06-24 21:31:09.512 26953 WARNING rally_openstack.scenarios.neutron.utils [-] Running this scenario without either the 'network' or 'existing_network' context is deprecated
2019-06-24 21:31:09.513 26955 WARNING rally_openstack.scenarios.neutron.utils [-] Running this scenario without either the 'network' or 'existing_network' context is deprecated
2019-06-24 21:31:09.515 26965 INFO rally.task.runner [-] Task 759337de-27c2-47cf-b5f6-3d1a4c48ad81 | ITER: 12 START
2019-06-24 21:31:09.515 26971 INFO rally.task.runner [-] Task 759337de-27c2-47cf-b5f6-3d1a4c48ad81 | ITER: 13 START
2019-06-24 21:31:09.517 26965 WARNING rally_openstack.scenarios.neutron.utils [-] Running this scenario without either the 'network' or 'existing_network' context is deprecated
2019-06-24 21:31:09.517 26971 WARNING rally_openstack.scenarios.neutron.utils [-] Running this scenario without either the 'network' or 'existing_network' context is deprecated
2019-06-24 21:31:09.522 26984 RALLYDEBUG rally.task.runner [-] Starting a worker. concurrency: 1 args: {"network_create_args": {}, "port_create_args": {}, "ports_per_network": 5} times: 40 method_name: run timeout: 0 duration: None cls:
2019-06-24 21:31:09.523 26983 RALLYDEBUG rally.task.runner [-] Starting a worker. concurrency: 1 args: {"network_create_args": {}, "port_create_args": {}, "ports_per_network": 5} times: 40 method_name: run timeout: 0 duration: None cls:
2019-06-24 21:31:09.527 26988 RALLYDEBUG rally.task.runner [-] Starting a worker. concurrency: 1 args: {"network_create_args": {}, "port_create_args": {}, "ports_per_network": 5} times: 40 method_name: run timeout: 0 duration: None cls:
2019-06-24 21:31:09.527 26989 RALLYDEBUG rally.task.runner [-] Starting a worker. concurrency: 1 args: {"network_create_args": {}, "port_create_args": {}, "ports_per_network": 5} times: 40 method_name: run timeout: 0 duration: None cls:
2019-06-24 21:31:09.530 26982 RALLYDEBUG rally.task.runner [-] Starting a worker. concurrency: 1 args: {"network_create_args": {}, "port_create_args": {}, "ports_per_network": 5} times: 40 method_name: run timeout: 0 duration: None cls:
2019-06-24 21:31:09.530 26983 INFO rally.task.runner [-] Task 759337de-27c2-47cf-b5f6-3d1a4c48ad81 | ITER: 16 START
2019-06-24 21:31:09.531 26977 INFO rally.task.runner [-] Task 759337de-27c2-47cf-b5f6-3d1a4c48ad81 | ITER: 14 START
2019-06-24 21:31:09.532 26983 WARNING rally_openstack.scenarios.neutron.utils [-] Running this scenario without either the 'network' or 'existing_network' context is deprecated
2019-06-24 21:31:09.532 26984 INFO rally.task.runner [-] Task 759337de-27c2-47cf-b5f6-3d1a4c48ad81 | ITER: 15 START
2019-06-24 21:31:09.532 26977 WARNING rally_openstack.scenarios.neutron.utils [-] Running this scenario without either the 'network' or 'existing_network' context is deprecated
2019-06-24 21:31:09.533 26989 INFO rally.task.runner [-] Task 759337de-27c2-47cf-b5f6-3d1a4c48ad81 | ITER: 18 START
2019-06-24 21:31:09.533 26984 WARNING rally_openstack.scenarios.neutron.utils [-] Running this scenario without either the 'network' or 'existing_network' context is deprecated
2019-06-24 21:31:09.534 26989 WARNING rally_openstack.scenarios.neutron.utils [-] Running this scenario without either the 'network' or 'existing_network' context is deprecated
2019-06-24 21:31:09.535 26988 INFO rally.task.runner [-] Task 759337de-27c2-47cf-b5f6-3d1a4c48ad81 | ITER: 17 START
2019-06-24 21:31:09.536 26988 WARNING rally_openstack.scenarios.neutron.utils [-] Running this scenario without either the 'network' or 'existing_network' context is deprecated
2019-06-24 21:31:09.537 26982 INFO rally.task.runner [-] Task 759337de-27c2-47cf-b5f6-3d1a4c48ad81 | ITER: 19 START
2019-06-24 21:31:09.538 26982 WARNING rally_openstack.scenarios.neutron.utils [-] Running this scenario without either the 'network' or 'existing_network' context is deprecated
2019-06-24 21:31:09.545 26992 RALLYDEBUG rally.task.runner [-] Starting a worker. concurrency: 1 args: {"network_create_args": {}, "port_create_args": {}, "ports_per_network": 5} times: 40 method_name: run timeout: 0 duration: None cls:
2019-06-24 21:31:09.551 26992 INFO rally.task.runner [-] Task 759337de-27c2-47cf-b5f6-3d1a4c48ad81 | ITER: 20 START
2019-06-24 21:31:09.552 26992 WARNING rally_openstack.scenarios.neutron.utils [-] Running this scenario without either the 'network' or 'existing_network' context is deprecated
2019-06-24 21:31:22.792 26955 INFO rally.task.runner [-] Task 759337de-27c2-47cf-b5f6-3d1a4c48ad81 | ITER: 6 END: OK
2019-06-24 21:31:22.795 26955 INFO rally.task.runner [-] Task 759337de-27c2-47cf-b5f6-3d1a4c48ad81 | ITER: 21 START
2019-06-24 21:31:22.796 26955 WARNING rally_openstack.scenarios.neutron.utils [-] Running this scenario without either the 'network' or 'existing_network' context is deprecated
2019-06-24 21:31:23.800 26984 INFO rally.task.runner [-] Task 759337de-27c2-47cf-b5f6-3d1a4c48ad81 | ITER: 15 END: OK
2019-06-24 21:31:23.804 26984 INFO rally.task.runner [-] Task 759337de-27c2-47cf-b5f6-3d1a4c48ad81 | ITER: 22 START
2019-06-24 21:31:23.804 26984 WARNING rally_openstack.scenarios.neutron.utils [-] Running this scenario without either the 'network' or 'existing_network' context is deprecated
2019-06-24 21:31:24.173 26971 INFO rally.task.runner [-] Task 759337de-27c2-47cf-b5f6-3d1a4c48ad81 | ITER: 13 END: OK
2019-06-24 21:31:24.176 26971 INFO rally.task.runner [-] Task 759337de-27c2-47cf-b5f6-3d1a4c48ad81 | ITER: 23 START
2019-06-24 21:31:24.176 26971 WARNING rally_openstack.scenarios.neutron.utils [-] Running this scenario without either the 'network' or 'existing_network' context is deprecated
2019-06-24 21:31:24.282 26957 INFO rally.task.runner [-] Task 759337de-27c2-47cf-b5f6-3d1a4c48ad81 | ITER: 10 END: OK
2019-06-24 21:31:24.284 26957 INFO rally.task.runner [-] Task 759337de-27c2-47cf-b5f6-3d1a4c48ad81 | ITER: 24 START
2019-06-24 21:31:24.285 26957 WARNING rally_openstack.scenarios.neutron.utils [-] Running this scenario without either the 'network' or 'existing_network' context is deprecated
2019-06-24 21:31:25.084 26954 INFO rally.task.runner [-] Task 759337de-27c2-47cf-b5f6-3d1a4c48ad81 | ITER: 3 END: OK
2019-06-24 21:31:25.087 26954 INFO rally.task.runner [-] Task 759337de-27c2-47cf-b5f6-3d1a4c48ad81 | ITER: 25 START
2019-06-24 21:31:25.087 26954 WARNING rally_openstack.scenarios.neutron.utils [-] Running this scenario without either the 'network' or 'existing_network' context is deprecated
2019-06-24 21:31:25.093 26982 INFO rally.task.runner [-] Task 759337de-27c2-47cf-b5f6-3d1a4c48ad81 | ITER: 19 END: OK
2019-06-24 21:31:25.096 26982 INFO rally.task.runner [-] Task 759337de-27c2-47cf-b5f6-3d1a4c48ad81 | ITER: 26 START
2019-06-24 21:31:25.096 26982 WARNING rally_openstack.scenarios.neutron.utils [-] Running this scenario without either the 'network' or 'existing_network' context is deprecated
2019-06-24 21:31:25.187 26955 INFO rally.task.runner [-] Task 759337de-27c2-47cf-b5f6-3d1a4c48ad81 | ITER: 8 END: OK
2019-06-24 21:31:25.191 26955 INFO rally.task.runner [-] Task 759337de-27c2-47cf-b5f6-3d1a4c48ad81 | ITER: 27 START
2019-06-24 21:31:25.192 26955 WARNING rally_openstack.scenarios.neutron.utils [-] Running this scenario without either the 'network' or 'existing_network' context is deprecated
2019-06-24 21:31:25.320 26953 INFO rally.task.runner [-] Task 759337de-27c2-47cf-b5f6-3d1a4c48ad81 | ITER: 4 END: OK
2019-06-24 21:31:25.322 26953 INFO rally.task.runner [-] Task 759337de-27c2-47cf-b5f6-3d1a4c48ad81 | ITER: 28 START
2019-06-24 21:31:25.323 26953 WARNING rally_openstack.scenarios.neutron.utils [-] Running this scenario without either the 'network' or 'existing_network' context is deprecated
2019-06-24 21:31:25.332 26977 INFO rally.task.runner [-] Task 759337de-27c2-47cf-b5f6-3d1a4c48ad81 | ITER: 14 END: OK
2019-06-24 21:31:25.335 26977 INFO rally.task.runner [-] Task 759337de-27c2-47cf-b5f6-3d1a4c48ad81 | ITER: 29 START
2019-06-24 21:31:25.336 26977 WARNING rally_openstack.scenarios.neutron.utils [-] Running this scenario without either the 'network' or 'existing_network' context is deprecated
2019-06-24 21:31:25.418 26992 INFO rally.task.runner [-] Task 759337de-27c2-47cf-b5f6-3d1a4c48ad81 | ITER: 20 END: OK
2019-06-24 21:31:25.421 26992 INFO rally.task.runner [-] Task 759337de-27c2-47cf-b5f6-3d1a4c48ad81 | ITER: 30 START
2019-06-24 21:31:25.422 26992 WARNING rally_openstack.scenarios.neutron.utils [-] Running this scenario without either the 'network' or 'existing_network' context is deprecated
2019-06-24 21:31:25.712 26954 INFO rally.task.runner [-] Task 759337de-27c2-47cf-b5f6-3d1a4c48ad81 | ITER: 7 END: OK
2019-06-24 21:31:25.716 26954 INFO rally.task.runner [-] Task 759337de-27c2-47cf-b5f6-3d1a4c48ad81 | ITER: 31 START
2019-06-24 21:31:25.716 26954 WARNING rally_openstack.scenarios.neutron.utils [-] Running this scenario without either the 'network' or 'existing_network' context is deprecated
2019-06-24 21:31:25.986 26962 INFO rally.task.runner [-] Task 759337de-27c2-47cf-b5f6-3d1a4c48ad81 | ITER: 11 END: OK
2019-06-24 21:31:25.990 26962 INFO rally.task.runner [-] Task 759337de-27c2-47cf-b5f6-3d1a4c48ad81 | ITER: 32 START
2019-06-24 21:31:25.990 26962 WARNING rally_openstack.scenarios.neutron.utils [-] Running this scenario without either the 'network' or 'existing_network' context is deprecated
2019-06-24 21:31:26.016 26956 INFO rally.task.runner [-] Task 759337de-27c2-47cf-b5f6-3d1a4c48ad81 | ITER: 9 END: OK
2019-06-24 21:31:26.020 26956 INFO rally.task.runner [-] Task 759337de-27c2-47cf-b5f6-3d1a4c48ad81 | ITER: 33 START
2019-06-24 21:31:26.020 26956 WARNING rally_openstack.scenarios.neutron.utils [-] Running this scenario without either the 'network' or 'existing_network' context is deprecated
2019-06-24 21:31:26.172 26983 INFO rally.task.runner [-] Task 759337de-27c2-47cf-b5f6-3d1a4c48ad81 | ITER: 16 END: OK
2019-06-24 21:31:26.175 26983 INFO rally.task.runner [-] Task 759337de-27c2-47cf-b5f6-3d1a4c48ad81 | ITER: 34 START
2019-06-24 21:31:26.176 26983 WARNING rally_openstack.scenarios.neutron.utils [-] Running this scenario without either the 'network' or 'existing_network' context is deprecated
2019-06-24 21:31:26.291 26952 INFO rally.task.runner [-] Task 759337de-27c2-47cf-b5f6-3d1a4c48ad81 | ITER: 1 END: OK
2019-06-24 21:31:26.294 26952 INFO rally.task.runner [-] Task 759337de-27c2-47cf-b5f6-3d1a4c48ad81 | ITER: 35 START
2019-06-24 21:31:26.295 26952 WARNING rally_openstack.scenarios.neutron.utils [-] Running this scenario without either the 'network' or 'existing_network' context is deprecated
2019-06-24 21:31:26.740 26989 INFO rally.task.runner [-] Task 759337de-27c2-47cf-b5f6-3d1a4c48ad81 | ITER: 18 END: OK
2019-06-24 21:31:26.744 26989 INFO rally.task.runner [-] Task 759337de-27c2-47cf-b5f6-3d1a4c48ad81 | ITER: 36 START
2019-06-24 21:31:26.744 26989 WARNING rally_openstack.scenarios.neutron.utils [-] Running this scenario without either the 'network' or 'existing_network' context is deprecated
2019-06-24 21:31:26.804 26965 INFO rally.task.runner [-] Task 759337de-27c2-47cf-b5f6-3d1a4c48ad81 | ITER: 12 END: OK
2019-06-24 21:31:26.807 26965 INFO rally.task.runner [-] Task 759337de-27c2-47cf-b5f6-3d1a4c48ad81 | ITER: 37 START
2019-06-24 21:31:26.808 26965 WARNING rally_openstack.scenarios.neutron.utils [-] Running this scenario without either the 'network' or 'existing_network' context is deprecated
2019-06-24 21:31:27.415 26988 INFO rally.task.runner [-] Task 759337de-27c2-47cf-b5f6-3d1a4c48ad81 | ITER: 17 END: OK
2019-06-24 21:31:27.417 26988 INFO rally.task.runner [-] Task 759337de-27c2-47cf-b5f6-3d1a4c48ad81 | ITER: 38 START
2019-06-24 21:31:27.418 26988 WARNING rally_openstack.scenarios.neutron.utils [-] Running this scenario without either the 'network' or 'existing_network' context is deprecated
