2019-06-24 21:15:36.596 24803 WARNING rally_openstack.scenarios.neutron.utils [-] Running this scenario without either the 'network' or 'existing_network' context is deprecated
2019-06-24 21:15:36.598 24800 INFO rally.task.runner [-] Task 759337de-27c2-47cf-b5f6-3d1a4c48ad81 | ITER: 3 START
2019-06-24 21:15:36.598 24819 RALLYDEBUG rally.task.runner [-] Starting a worker. concurrency: 1 args: {"network_create_args": {}, "subnet_create_args": {}, "subnet_cidr_start": "1.1.0.0/30", "subnets_per_network": 2} times: 40 method_name: run timeout: 0 duration: None cls:
2019-06-24 21:15:36.598 24800 WARNING rally_openstack.scenarios.neutron.utils [-] Running this scenario without either the 'network' or 'existing_network' context is deprecated
2019-06-24 21:15:36.598 24810 INFO rally.task.runner [-] Task 759337de-27c2-47cf-b5f6-3d1a4c48ad81 | ITER: 10 START
2019-06-24 21:15:36.600 24810 WARNING rally_openstack.scenarios.neutron.utils [-] Running this scenario without either the 'network' or 'existing_network' context is deprecated
2019-06-24 21:15:36.601 24802 INFO rally.task.runner [-] Task 759337de-27c2-47cf-b5f6-3d1a4c48ad81 | ITER: 6 START
2019-06-24 21:15:36.602 24813 INFO rally.task.runner [-] Task 759337de-27c2-47cf-b5f6-3d1a4c48ad81 | ITER: 11 START
2019-06-24 21:15:36.602 24801 INFO rally.task.runner [-] Task 759337de-27c2-47cf-b5f6-3d1a4c48ad81 | ITER: 5 START
2019-06-24 21:15:36.602 24802 WARNING rally_openstack.scenarios.neutron.utils [-] Running this scenario without either the 'network' or 'existing_network' context is deprecated
2019-06-24 21:15:36.603 24813 WARNING rally_openstack.scenarios.neutron.utils [-] Running this scenario without either the 'network' or 'existing_network' context is deprecated
2019-06-24 21:15:36.603 24801 WARNING rally_openstack.scenarios.neutron.utils [-] Running this scenario without either the 'network' or 'existing_network' context is deprecated
2019-06-24 21:15:36.604 24819 INFO rally.task.runner [-] Task 759337de-27c2-47cf-b5f6-3d1a4c48ad81 | ITER: 12 START
2019-06-24 21:15:36.605 24819 WARNING rally_openstack.scenarios.neutron.utils [-] Running this scenario without either the 'network' or 'existing_network' context is deprecated
2019-06-24 21:15:36.597 24803 WARNING rally_openstack.scenarios.neutron.utils [-] Running this scenario without either the 'network' or 'existing_network' context is deprecated
2019-06-24 21:15:36.608 24829 RALLYDEBUG rally.task.runner [-] Starting a worker. concurrency: 1 args: {"network_create_args": {}, "subnet_create_args": {}, "subnet_cidr_start": "1.1.0.0/30", "subnets_per_network": 2} times: 40 method_name: run timeout: 0 duration: None cls:
2019-06-24 21:15:36.611 24824 RALLYDEBUG rally.task.runner [-] Starting a worker. concurrency: 1 args: {"network_create_args": {}, "subnet_create_args": {}, "subnet_cidr_start": "1.1.0.0/30", "subnets_per_network": 2} times: 40 method_name: run timeout: 0 duration: None cls:
2019-06-24 21:15:36.612 24829 INFO rally.task.runner [-] Task 759337de-27c2-47cf-b5f6-3d1a4c48ad81 | ITER: 13 START
2019-06-24 21:15:36.613 24829 WARNING rally_openstack.scenarios.neutron.utils [-] Running this scenario without either the 'network' or 'existing_network' context is deprecated
2019-06-24 21:15:36.615 24832 RALLYDEBUG rally.task.runner [-] Starting a worker. concurrency: 1 args: {"network_create_args": {}, "subnet_create_args": {}, "subnet_cidr_start": "1.1.0.0/30", "subnets_per_network": 2} times: 40 method_name: run timeout: 0 duration: None cls:
2019-06-24 21:15:36.618 24824 INFO rally.task.runner [-] Task 759337de-27c2-47cf-b5f6-3d1a4c48ad81 | ITER: 14 START
2019-06-24 21:15:36.619 24824 WARNING rally_openstack.scenarios.neutron.utils [-] Running this scenario without either the 'network' or 'existing_network' context is deprecated
2019-06-24 21:15:36.619 24832 INFO rally.task.runner [-] Task 759337de-27c2-47cf-b5f6-3d1a4c48ad81 | ITER: 15 START
2019-06-24 21:15:36.621 24832 WARNING rally_openstack.scenarios.neutron.utils [-] Running this scenario without either the 'network' or 'existing_network' context is deprecated
2019-06-24 21:15:36.631 24837 RALLYDEBUG rally.task.runner [-] Starting a worker. concurrency: 1 args: {"network_create_args": {}, "subnet_create_args": {}, "subnet_cidr_start": "1.1.0.0/30", "subnets_per_network": 2} times: 40 method_name: run timeout: 0 duration: None cls:
2019-06-24 21:15:36.634 24838 RALLYDEBUG rally.task.runner [-] Starting a worker. concurrency: 1 args: {"network_create_args": {}, "subnet_create_args": {}, "subnet_cidr_start": "1.1.0.0/30", "subnets_per_network": 2} times: 40 method_name: run timeout: 0 duration: None cls:
2019-06-24 21:15:36.636 24837 INFO rally.task.runner [-] Task 759337de-27c2-47cf-b5f6-3d1a4c48ad81 | ITER: 16 START
2019-06-24 21:15:36.637 24837 WARNING rally_openstack.scenarios.neutron.utils [-] Running this scenario without either the 'network' or 'existing_network' context is deprecated
2019-06-24 21:15:36.638 24838 INFO rally.task.runner [-] Task 759337de-27c2-47cf-b5f6-3d1a4c48ad81 | ITER: 17 START
2019-06-24 21:15:36.639 24838 WARNING rally_openstack.scenarios.neutron.utils [-] Running this scenario without either the 'network' or 'existing_network' context is deprecated
2019-06-24 21:15:36.642 24841 RALLYDEBUG rally.task.runner [-] Starting a worker. concurrency: 1 args: {"network_create_args": {}, "subnet_create_args": {}, "subnet_cidr_start": "1.1.0.0/30", "subnets_per_network": 2} times: 40 method_name: run timeout: 0 duration: None cls:
2019-06-24 21:15:36.648 24841 INFO rally.task.runner [-] Task 759337de-27c2-47cf-b5f6-3d1a4c48ad81 | ITER: 18 START
2019-06-24 21:15:36.648 24844 RALLYDEBUG rally.task.runner [-] Starting a worker. concurrency: 1 args: {"network_create_args": {}, "subnet_create_args": {}, "subnet_cidr_start": "1.1.0.0/30", "subnets_per_network": 2} times: 40 method_name: run timeout: 0 duration: None cls:
2019-06-24 21:15:36.650 24841 WARNING rally_openstack.scenarios.neutron.utils [-] Running this scenario without either the 'network' or 'existing_network' context is deprecated
2019-06-24 21:15:36.650 24845 RALLYDEBUG rally.task.runner [-] Starting a worker. concurrency: 1 args: {"network_create_args": {}, "subnet_create_args": {}, "subnet_cidr_start": "1.1.0.0/30", "subnets_per_network": 2} times: 40 method_name: run timeout: 0 duration: None cls:
2019-06-24 21:15:36.653 24844 INFO rally.task.runner [-] Task 759337de-27c2-47cf-b5f6-3d1a4c48ad81 | ITER: 19 START
2019-06-24 21:15:36.654 24844 WARNING rally_openstack.scenarios.neutron.utils [-] Running this scenario without either the 'network' or 'existing_network' context is deprecated
2019-06-24 21:15:36.655 24845 INFO rally.task.runner [-] Task 759337de-27c2-47cf-b5f6-3d1a4c48ad81 | ITER: 20 START
2019-06-24 21:15:36.656 24845 WARNING rally_openstack.scenarios.neutron.utils [-] Running this scenario without either the 'network' or 'existing_network' context is deprecated
2019-06-24 21:15:38.272 24802 RALLYDEBUG rally_openstack.wrappers.network [-] CIDR generated: 1.1.4.96/30
2019-06-24 21:15:38.931 24801 RALLYDEBUG rally_openstack.wrappers.network [-] CIDR generated: 1.1.4.100/30
2019-06-24 21:15:38.943 24800 RALLYDEBUG rally_openstack.wrappers.network [-] CIDR generated: 1.1.4.104/30
2019-06-24 21:15:38.975 24813 RALLYDEBUG rally_openstack.wrappers.network [-] CIDR generated: 1.1.4.108/30
2019-06-24 21:15:38.984 24805 RALLYDEBUG rally_openstack.wrappers.network [-] CIDR generated: 1.1.4.112/30
2019-06-24 21:15:38.996 24803 RALLYDEBUG rally_openstack.wrappers.network [-] CIDR generated: 1.1.4.116/30
2019-06-24 21:15:39.050 24837 RALLYDEBUG rally_openstack.wrappers.network [-] CIDR generated: 1.1.4.120/30
2019-06-24 21:15:39.074 24838 RALLYDEBUG rally_openstack.wrappers.network [-] CIDR generated: 1.1.4.124/30
2019-06-24 21:15:39.098 24841 RALLYDEBUG rally_openstack.wrappers.network [-] CIDR generated: 1.1.4.128/30
2019-06-24 21:15:39.111 24801 RALLYDEBUG rally_openstack.wrappers.network [-] CIDR generated: 1.1.4.132/30
2019-06-24 21:15:39.219 24829 RALLYDEBUG rally_openstack.wrappers.network [-] CIDR generated: 1.1.4.136/30
2019-06-24 21:15:39.361 24824 RALLYDEBUG rally_openstack.wrappers.network [-] CIDR generated: 1.1.4.140/30
2019-06-24 21:15:39.486 24802 RALLYDEBUG rally_openstack.wrappers.network [-] CIDR generated: 1.1.4.144/30
2019-06-24 21:15:39.561 24832 RALLYDEBUG rally_openstack.wrappers.network [-] CIDR generated: 1.1.4.148/30
2019-06-24 21:15:39.565 24845 RALLYDEBUG rally_openstack.wrappers.network [-] CIDR generated: 1.1.4.152/30
2019-06-24 21:15:39.595 24803 RALLYDEBUG rally_openstack.wrappers.network [-] CIDR generated: 1.1.4.156/30
2019-06-24 21:15:39.597 24819 RALLYDEBUG rally_openstack.wrappers.network [-] CIDR generated: 1.1.4.160/30
2019-06-24 21:15:39.600 24800 RALLYDEBUG rally_openstack.wrappers.network [-] CIDR generated: 1.1.4.164/30
2019-06-24 21:15:39.654 24810 RALLYDEBUG rally_openstack.wrappers.network [-] CIDR generated: 1.1.4.168/30
2019-06-24 21:15:39.679 24844 RALLYDEBUG rally_openstack.wrappers.network [-] CIDR generated: 1.1.4.172/30
2019-06-24 21:15:40.757 24838 RALLYDEBUG rally_openstack.wrappers.network [-] CIDR generated: 1.1.4.176/30
2019-06-24 21:15:40.836 24841 RALLYDEBUG rally_openstack.wrappers.network [-] CIDR generated: 1.1.4.180/30
2019-06-24 21:15:40.840 24805 RALLYDEBUG rally_openstack.wrappers.network [-] CIDR generated: 1.1.4.184/30
2019-06-24 21:15:40.890 24800 RALLYDEBUG rally_openstack.wrappers.network [-] CIDR generated: 1.1.4.188/30
2019-06-24 21:15:41.139 24802 RALLYDEBUG rally_openstack.wrappers.network [-] CIDR generated: 1.1.4.192/30
2019-06-24 21:15:41.416 24803 RALLYDEBUG rally_openstack.wrappers.network [-] CIDR generated: 1.1.4.196/30
2019-06-24 21:15:41.516 24802 RALLYDEBUG rally_openstack.wrappers.network [-] CIDR generated: 1.1.4.200/30
2019-06-24 21:15:41.565 24824 RALLYDEBUG rally_openstack.wrappers.network [-] CIDR generated: 1.1.4.204/30
2019-06-24 21:15:41.780 24801 RALLYDEBUG rally_openstack.wrappers.network [-] CIDR generated: 1.1.4.208/30
2019-06-24 21:15:42.049 24837 RALLYDEBUG rally_openstack.wrappers.network [-] CIDR generated: 1.1.4.212/30
2019-06-24 21:15:42.359 24801 RALLYDEBUG rally_openstack.wrappers.network [-] CIDR generated: 1.1.4.216/30
2019-06-24 21:15:43.098 24813 RALLYDEBUG rally_openstack.wrappers.network [-] CIDR generated: 1.1.4.220/30
2019-06-24 21:15:43.146 24810 RALLYDEBUG rally_openstack.wrappers.network [-] CIDR generated: 1.1.4.224/30
2019-06-24 21:15:43.217 24845 RALLYDEBUG rally_openstack.wrappers.network [-] CIDR generated: 1.1.4.228/30
2019-06-24 21:15:43.236 24800 RALLYDEBUG rally_openstack.wrappers.network [-] CIDR generated: 1.1.4.232/30
2019-06-24 21:15:43.277 24803 RALLYDEBUG rally_openstack.wrappers.network [-] CIDR generated: 1.1.4.236/30
2019-06-24 21:15:43.397 24844 RALLYDEBUG rally_openstack.wrappers.network [-] CIDR generated: 1.1.4.240/30
2019-06-24 21:15:43.433 24819 RALLYDEBUG rally_openstack.wrappers.network [-] CIDR generated: 1.1.4.244/30
2019-06-24 21:15:43.450 24832 RALLYDEBUG rally_openstack.wrappers.network [-] CIDR generated: 1.1.4.248/30
2019-06-24 21:15:43.469 24829 RALLYDEBUG rally_openstack.wrappers.network [-] CIDR generated: 1.1.4.252/30
2019-06-24 21:15:45.575 24838 INFO rally.task.runner [-] Task 759337de-27c2-47cf-b5f6-3d1a4c48ad81 | ITER: 17 END: OK
2019-06-24 21:15:45.579 24838 INFO rally.task.runner [-] Task 759337de-27c2-47cf-b5f6-3d1a4c48ad81 | ITER: 21 START
2019-06-24 21:15:45.580 24838 WARNING rally_openstack.scenarios.neutron.utils [-] Running this scenario without either the 'network' or 'existing_network' context is deprecated
2019-06-24 21:15:46.664 24800 INFO rally.task.runner [-] Task 759337de-27c2-47cf-b5f6-3d1a4c48ad81 | ITER: 1 END: OK
2019-06-24 21:15:46.669 24800 INFO rally.task.runner [-] Task 759337de-27c2-47cf-b5f6-3d1a4c48ad81 | ITER: 22 START
2019-06-24 21:15:46.669 24800 WARNING rally_openstack.scenarios.neutron.utils [-] Running this scenario without either the 'network' or 'existing_network' context is deprecated
2019-06-24 21:15:47.132 24805 INFO rally.task.runner [-] Task 759337de-27c2-47cf-b5f6-3d1a4c48ad81 | ITER: 8 END: OK
2019-06-24 21:15:47.137 24805 INFO rally.task.runner [-] Task 759337de-27c2-47cf-b5f6-3d1a4c48ad81 | ITER: 23 START
2019-06-24 21:15:47.137 24805 WARNING rally_openstack.scenarios.neutron.utils [-] Running this scenario without either the 'network' or 'existing_network' context is deprecated
2019-06-24 21:15:47.298 24841 INFO rally.task.runner [-] Task 759337de-27c2-47cf-b5f6-3d1a4c48ad81 | ITER: 18 END: OK
2019-06-24 21:15:47.302 24841 INFO rally.task.runner [-] Task 759337de-27c2-47cf-b5f6-3d1a4c48ad81 | ITER: 24 START
2019-06-24 21:15:47.303 24841 WARNING rally_openstack.scenarios.neutron.utils [-] Running this scenario without either the 'network' or 'existing_network' context is deprecated
2019-06-24 21:15:47.348 24832 INFO rally.task.runner [-] Task 759337de-27c2-47cf-b5f6-3d1a4c48ad81 | ITER: 15 END: OK
2019-06-24 21:15:47.352 24832 INFO rally.task.runner [-] Task 759337de-27c2-47cf-b5f6-3d1a4c48ad81 | ITER: 25 START
2019-06-24 21:15:47.353 24832 WARNING rally_openstack.scenarios.neutron.utils [-] Running this scenario without either the 'network' or 'existing_network' context is deprecated
2019-06-24 21:15:47.715 24802 INFO rally.task.runner [-] Task 759337de-27c2-47cf-b5f6-3d1a4c48ad81 | ITER: 4 END: OK
2019-06-24 21:15:47.720 24802 INFO rally.task.runner [-] Task 759337de-27c2-47cf-b5f6-3d1a4c48ad81 | ITER: 26 START
2019-06-24 21:15:47.721 24802 WARNING rally_openstack.scenarios.neutron.utils [-] Running this scenario without either the 'network' or 'existing_network' context is deprecated
2019-06-24 21:15:47.874 24838 RALLYDEBUG rally_openstack.wrappers.network [-] CIDR generated: 1.1.5.0/30
2019-06-24 21:15:47.954 24801 INFO rally.task.runner [-] Task 759337de-27c2-47cf-b5f6-3d1a4c48ad81 | ITER: 2 END: OK
2019-06-24 21:15:47.964 24801 INFO rally.task.runner [-] Task 759337de-27c2-47cf-b5f6-3d1a4c48ad81 | ITER: 27 START
2019-06-24 21:15:47.965 24801 WARNING rally_openstack.scenarios.neutron.utils [-] Running this scenario without either the 'network' or 'existing_network' context is deprecated
2019-06-24 21:15:48.217 24802 INFO rally.task.runner [-] Task 759337de-27c2-47cf-b5f6-3d1a4c48ad81 | ITER: 6 END: OK
2019-06-24 21:15:48.221 24802 INFO rally.task.runner [-] Task 759337de-27c2-47cf-b5f6-3d1a4c48ad81 | ITER: 28 START
2019-06-24 21:15:48.221 24802 WARNING rally_openstack.scenarios.neutron.utils [-] Running this scenario without either the 'network' or 'existing_network' context is deprecated
2019-06-24 21:15:48.434 24800 RALLYDEBUG rally_openstack.wrappers.network [-] CIDR generated: 1.1.5.4/30
2019-06-24 21:15:48.530 24824 INFO rally.task.runner [-] Task 759337de-27c2-47cf-b5f6-3d1a4c48ad81 | ITER: 14 END: OK
2019-06-24 21:15:48.534 24824 INFO rally.task.runner [-] Task 759337de-27c2-47cf-b5f6-3d1a4c48ad81 | ITER: 29 START
2019-06-24 21:15:48.534 24824 WARNING rally_openstack.scenarios.neutron.utils [-] Running this scenario without either the 'network' or 'existing_network' context is deprecated
2019-06-24 21:15:48.651 24805 RALLYDEBUG rally_openstack.wrappers.network [-] CIDR generated: 1.1.5.8/30
2019-06-24 21:15:49.099 24813 INFO rally.task.runner [-] Task 759337de-27c2-47cf-b5f6-3d1a4c48ad81 | ITER: 11 END: OK
2019-06-24 21:15:49.100 24841 RALLYDEBUG rally_openstack.wrappers.network [-] CIDR generated: 1.1.5.12/30
2019-06-24 21:15:49.104 24813 INFO rally.task.runner [-] Task 759337de-27c2-47cf-b5f6-3d1a4c48ad81 | ITER: 30 START
2019-06-24 21:15:49.104 24813 WARNING rally_openstack.scenarios.neutron.utils [-] Running this scenario without either the 'network' or 'existing_network' context is deprecated
2019-06-24 21:15:49.122 24832 RALLYDEBUG rally_openstack.wrappers.network [-] CIDR generated: 1.1.5.16/30
2019-06-24 21:15:49.578 24802 RALLYDEBUG rally_openstack.wrappers.network [-] CIDR generated: 1.1.5.20/30
2019-06-24 21:15:49.884 24801 RALLYDEBUG rally_openstack.wrappers.network [-] CIDR generated: 1.1.5.24/30
2019-06-24 21:15:50.061 24801 INFO rally.task.runner [-] Task 759337de-27c2-47cf-b5f6-3d1a4c48ad81 | ITER: 5 END: OK
2019-06-24 21:15:50.065 24801 INFO rally.task.runner [-] Task 759337de-27c2-47cf-b5f6-3d1a4c48ad81 | ITER: 31 START
2019-06-24 21:15:50.066 24801 WARNING rally_openstack.scenarios.neutron.utils [-] Running this scenario without either the 'network' or 'existing_network' context is deprecated
2019-06-24 21:15:50.096 24803 INFO rally.task.runner [-] Task 759337de-27c2-47cf-b5f6-3d1a4c48ad81 | ITER: 7 END: OK
2019-06-24 21:15:50.100 24803 INFO rally.task.runner [-] Task 759337de-27c2-47cf-b5f6-3d1a4c48ad81 | ITER: 32 START
2019-06-24 21:15:50.101 24803 WARNING rally_openstack.scenarios.neutron.utils [-] Running this scenario without either the 'network' or 'existing_network' context is deprecated
2019-06-24 21:15:50.165 24802 RALLYDEBUG rally_openstack.wrappers.network [-] CIDR generated: 1.1.5.28/30
2019-06-24 21:15:50.265 24824 RALLYDEBUG rally_openstack.wrappers.network [-] CIDR generated: 1.1.5.32/30
2019-06-24 21:15:50.433 24837 INFO rally.task.runner [-] Task 759337de-27c2-47cf-b5f6-3d1a4c48ad81 | ITER: 16 END: OK
2019-06-24 21:15:50.437 24837 INFO rally.task.runner [-] Task 759337de-27c2-47cf-b5f6-3d1a4c48ad81 | ITER: 33 START
2019-06-24 21:15:50.438 24837 WARNING rally_openstack.scenarios.neutron.utils [-] Running this scenario without either the 'network' or 'existing_network' context is deprecated
2019-06-24 21:15:50.546 24800 INFO rally.task.runner [-] Task 759337de-27c2-47cf-b5f6-3d1a4c48ad81 | ITER: 3 END: OK
2019-06-24 21:15:50.550 24800 INFO rally.task.runner [-] Task 759337de-27c2-47cf-b5f6-3d1a4c48ad81 | ITER: 34 START
2019-06-24 21:15:50.551 24800 WARNING rally_openstack.scenarios.neutron.utils [-] Running this scenario without either the 'network' or 'existing_network' context is deprecated
2019-06-24 21:15:50.610 24803 INFO rally.task.runner [-] Task 759337de-27c2-47cf-b5f6-3d1a4c48ad81 | ITER: 9 END: OK
2019-06-24 21:15:50.614 24803 INFO rally.task.runner [-] Task 759337de-27c2-47cf-b5f6-3d1a4c48ad81 | ITER: 35 START
2019-06-24 21:15:50.614 24803 WARNING rally_openstack.scenarios.neutron.utils [-] Running this scenario without either the 'network' or 'existing_network' context is deprecated
2019-06-24 21:15:50.741 24829 INFO rally.task.runner [-] Task 759337de-27c2-47cf-b5f6-3d1a4c48ad81 | ITER: 13 END: OK
2019-06-24 21:15:50.746 24829 INFO rally.task.runner [-] Task 759337de-27c2-47cf-b5f6-3d1a4c48ad81 | ITER: 36 START
2019-06-24 21:15:50.747 24829 WARNING rally_openstack.scenarios.neutron.utils [-] Running this scenario without either the 'network' or 'existing_network' context is deprecated
2019-06-24 21:15:50.896 24841 RALLYDEBUG rally_openstack.wrappers.network [-] CIDR generated: 1.1.5.36/30
2019-06-24 21:15:50.903 24819 INFO rally.task.runner [-] Task 759337de-27c2-47cf-b5f6-3d1a4c48ad81 | ITER: 12 END: OK
2019-06-24 21:15:50.907 24819 INFO rally.task.runner [-] Task 759337de-27c2-47cf-b5f6-3d1a4c48ad81 | ITER: 37 START
2019-06-24 21:15:50.908 24819 WARNING rally_openstack.scenarios.neutron.utils [-] Running this scenario without either the 'network' or 'existing_network' context is deprecated
2019-06-24 21:15:50.971 24838 RALLYDEBUG rally_openstack.wrappers.network [-] CIDR generated: 1.1.5.40/30
2019-06-24 21:15:51.110 24813 RALLYDEBUG rally_openstack.wrappers.network [-] CIDR generated: 1.1.5.44/30
2019-06-24 21:15:51.179 24802 RALLYDEBUG rally_openstack.wrappers.network [-] CIDR generated: 1.1.5.48/30
2019-06-24 21:15:51.404 24805 RALLYDEBUG rally_openstack.wrappers.network [-] CIDR generated: 1.1.5.52/30
2019-06-24 21:15:51.446 24800 RALLYDEBUG rally_openstack.wrappers.network [-] CIDR generated: 1.1.5.56/30
2019-06-24 21:15:51.734 24801 RALLYDEBUG rally_openstack.wrappers.network [-] CIDR generated: 1.1.5.60/30
2019-06-24 21:15:52.002 24803 RALLYDEBUG rally_openstack.wrappers.network [-] CIDR generated: 1.1.5.64/30
2019-06-24 21:15:52.121 24845 INFO rally.task.runner [-] Task 759337de-27c2-47cf-b5f6-3d1a4c48ad81 | ITER: 20 END: OK
2019-06-24 21:15:52.125 24845 INFO rally.task.runner [-] Task 759337de-27c2-47cf-b5f6-3d1a4c48ad81 | ITER: 38 START
2019-06-24 21:15:52.125 24845 WARNING rally_openstack.scenarios.neutron.utils [-] Running this scenario without either the 'network' or 'existing_network' context is deprecated
2019-06-24 21:15:52.297 24824 RALLYDEBUG rally_openstack.wrappers.network [-] CIDR generated: 1.1.5.68/30
2019-06-24 21:15:52.314 24803 RALLYDEBUG rally_openstack.wrappers.network [-] CIDR generated: 1.1.5.72/30
2019-06-24 21:15:52.337 24837 RALLYDEBUG rally_openstack.wrappers.network [-] CIDR generated: 1.1.5.76/30
2019-06-24 21:15:52.693 24810 INFO rally.task.runner [-] Task 759337de-27c2-47cf-b5f6-3d1a4c48ad81 | ITER: 10 END: OK
2019-06-24 21:15:52.697 24810 INFO rally.task.runner [-] Task 759337de-27c2-47cf-b5f6-3d1a4c48ad81 | ITER: 39 START
2019-06-24 21:15:52.698 24810 WARNING rally_openstack.scenarios.neutron.utils [-] Running this scenario without either the 'network' or 'existing_network' context is deprecated
2019-06-24 21:15:52.711 24844 INFO rally.task.runner [-] Task 759337de-27c2-47cf-b5f6-3d1a4c48ad81 | ITER: 19 END: OK
2019-06-24 21:15:52.716 24844 INFO rally.task.runner [-] Task 759337de-27c2-47cf-b5f6-3d1a4c48ad81 | ITER: 40 START
2019-06-24 21:15:52.717 24844 WARNING rally_openstack.scenarios.neutron.utils [-] Running this scenario without either the 'network' or 'existing_network' context is deprecated
2019-06-24 21:15:52.762 24832 RALLYDEBUG rally_openstack.wrappers.network [-] CIDR generated: 1.1.5.80/30
2019-06-24 21:15:53.019 24801 RALLYDEBUG rally_openstack.wrappers.network [-] CIDR generated: 1.1.5.84/30
2019-06-24 21:15:53.092 24802 RALLYDEBUG rally_openstack.wrappers.network [-] CIDR generated: 1.1.5.88/30
2019-06-24 21:15:53.342 24819 RALLYDEBUG rally_openstack.wrappers.network [-] CIDR generated: 1.1.5.92/30
2019-06-24 21:15:53.452 24800 RALLYDEBUG rally_openstack.wrappers.network [-] CIDR generated: 1.1.5.96/30
2019-06-24 21:15:53.535 24829 RALLYDEBUG rally_openstack.wrappers.network [-] CIDR generated: 1.1.5.100/30
2019-06-24 21:15:53.544 24801 RALLYDEBUG rally_openstack.wrappers.network [-] CIDR generated: 1.1.5.104/30
2019-06-24 21:15:54.247 24844 RALLYDEBUG rally_openstack.wrappers.network [-] CIDR generated: 1.1.5.108/30
2019-06-24 21:15:54.313 24845 RALLYDEBUG rally_openstack.wrappers.network [-] CIDR generated: 1.1.5.112/30
2019-06-24 21:15:54.396 24803 RALLYDEBUG rally_openstack.wrappers.network [-] CIDR generated: 1.1.5.116/30
2019-06-24 21:15:54.553 24810 RALLYDEBUG rally_openstack.wrappers.network [-] CIDR generated: 1.1.5.120/30
2019-06-24 21:15:55.618 24813 RALLYDEBUG rally_openstack.wrappers.network [-] CIDR generated: 1.1.5.124/30
2019-06-24 21:15:56.098 24837 RALLYDEBUG rally_openstack.wrappers.network [-] CIDR generated: 1.1.5.128/30
2019-06-24 21:15:56.757 24805 INFO rally.task.runner [-] Task 759337de-27c2-47cf-b5f6-3d1a4c48ad81 | ITER: 23 END: OK
2019-06-24 21:15:58.482 24838 INFO rally.task.runner [-] Task 759337de-27c2-47cf-b5f6-3d1a4c48ad81 | ITER: 21 END: OK
2019-06-24 21:15:58.519 24824 INFO rally.task.runner [-] Task 759337de-27c2-47cf-b5f6-3d1a4c48ad81 | ITER: 29 END: OK
2019-06-24 21:15:59.193 24819 RALLYDEBUG rally_openstack.wrappers.network [-] CIDR generated: 1.1.5.132/30
2019-06-24 21:15:59.274 24810 RALLYDEBUG rally_openstack.wrappers.network [-] CIDR generated: 1.1.5.136/30
2019-06-24 21:15:59.295 24803 RALLYDEBUG rally_openstack.wrappers.network [-] CIDR generated: 1.1.5.140/30
2019-06-24 21:15:59.332 24800 RALLYDEBUG rally_openstack.wrappers.network [-] CIDR generated: 1.1.5.144/30
2019-06-24 21:15:59.364 24802 INFO rally.task.runner [-] Task 759337de-27c2-47cf-b5f6-3d1a4c48ad81 | ITER: 28 END: OK
2019-06-24 21:15:59.548 24845 RALLYDEBUG rally_openstack.wrappers.network [-] CIDR generated: 1.1.5.148/30
2019-06-24 21:15:59.697 24829 RALLYDEBUG rally_openstack.wrappers.network [-] CIDR generated: 1.1.5.152/30
2019-06-24 21:15:59.835 24802 INFO rally.task.runner [-] Task 759337de-27c2-47cf-b5f6-3d1a4c48ad81 | ITER: 26 END: OK
2019-06-24 21:15:59.882 24844 RALLYDEBUG rally_openstack.wrappers.network [-] CIDR generated: 1.1.5.156/30
2019-06-24 21:15:59.902 24841 INFO rally.task.runner [-] Task 759337de-27c2-47cf-b5f6-3d1a4c48ad81 | ITER: 24 END: OK
2019-06-24 21:16:00.319 24832 INFO rally.task.runner [-] Task 759337de-27c2-47cf-b5f6-3d1a4c48ad81 | ITER: 25 END: OK
2019-06-24 21:16:00.428 24801 INFO rally.task.runner [-] Task 759337de-27c2-47cf-b5f6-3d1a4c48ad81 | ITER: 31 END: OK
2019-06-24 21:16:00.487 24800 INFO rally.task.runner [-] Task 759337de-27c2-47cf-b5f6-3d1a4c48ad81 | ITER: 22 END: OK
2019-06-24 21:16:00.832 24801 INFO rally.task.runner [-] Task 759337de-27c2-47cf-b5f6-3d1a4c48ad81 | ITER: 27 END: OK
2019-06-24 21:16:01.687 24803 INFO rally.task.runner [-] Task 759337de-27c2-47cf-b5f6-3d1a4c48ad81 | ITER: 32 END: OK
2019-06-24 21:16:03.336 24813 INFO rally.task.runner [-] Task 759337de-27c2-47cf-b5f6-3d1a4c48ad81 | ITER: 30 END: OK
2019-06-24 21:16:03.459 24837 INFO rally.task.runner [-] Task 759337de-27c2-47cf-b5f6-3d1a4c48ad81 | ITER: 33 END: OK
2019-06-24 21:16:04.107 24845 INFO rally.task.runner [-] Task 759337de-27c2-47cf-b5f6-3d1a4c48ad81 | ITER: 38 END: OK
2019-06-24 21:16:05.032 24844 INFO rally.task.runner [-] Task 759337de-27c2-47cf-b5f6-3d1a4c48ad81 | ITER: 40 END: OK
2019-06-24 21:16:05.043 24803 INFO rally.task.runner [-] Task 759337de-27c2-47cf-b5f6-3d1a4c48ad81 | ITER: 35 END: OK
2019-06-24 21:16:05.162 24819 INFO rally.task.runner [-] Task 759337de-27c2-47cf-b5f6-3d1a4c48ad81 | ITER: 37 END: OK
2019-06-24 21:16:05.204 24829 INFO rally.task.runner [-] Task 759337de-27c2-47cf-b5f6-3d1a4c48ad81 | ITER: 36 END: OK
2019-06-24 21:16:05.281 24800 INFO rally.task.runner [-] Task 759337de-27c2-47cf-b5f6-3d1a4c48ad81 | ITER: 34 END: OK
2019-06-24 21:16:06.235 24810 INFO rally.task.runner [-] Task 759337de-27c2-47cf-b5f6-3d1a4c48ad81 | ITER: 39 END: OK
2019-06-24 21:16:06.260 22706 INFO rally.task.context [-] Task 759337de-27c2-47cf-b5f6-3d1a4c48ad81 | Context cleanup@openstack cleanup() started
2019-06-24 21:16:06.263 22706 RALLYDEBUG rally_openstack.cleanup.manager [-] Cleaning up neutron vip objects
2019-06-24 21:16:06.938 22706 RALLYDEBUG rally_openstack.cleanup.manager [-] Cleaning up neutron health_monitor objects
2019-06-24 21:16:07.788 22706 RALLYDEBUG rally_openstack.cleanup.manager [-] Cleaning up neutron pool objects
2019-06-24 21:16:08.705 22706 RALLYDEBUG rally_openstack.cleanup.manager [-] Cleaning up neutron loadbalancer objects
2019-06-24 21:16:09.475 22706 RALLYDEBUG rally_openstack.cleanup.manager [-] Cleaning up neutron floatingip objects
2019-06-24 21:16:10.432 22706 RALLYDEBUG rally_openstack.cleanup.manager [-] Cleaning up neutron port objects
2019-06-24 21:16:11.290 22706 RALLYDEBUG rally_openstack.cleanup.manager [-] Cleaning up neutron subnet objects
2019-06-24 21:16:12.078 22706 RALLYDEBUG rally_openstack.cleanup.manager [-] Cleaning up neutron network objects
2019-06-24 21:16:13.015 22706 RALLYDEBUG rally_openstack.cleanup.manager [-] Deleting neutron.network object s_rally_3a18c085_4JrNCaoS (0db3ff7a-671b-443e-a501-f31636bc9937)
2019-06-24 21:16:13.024 22706 RALLYDEBUG rally_openstack.cleanup.manager [-] Deleting neutron.network object s_rally_3a18c085_r343nUj1 (18c08236-4e74-4fb0-88c0-e95633e243e7)
2019-06-24 21:16:13.032 22706 RALLYDEBUG rally_openstack.cleanup.manager [-] Deleting neutron.network object s_rally_3a18c085_PeuiTFJU (1a693c43-16d9-47cd-a69f-e8be6de573b6)
2019-06-24 21:16:13.036 22706 RALLYDEBUG rally_openstack.cleanup.manager [-] Deleting neutron.network object s_rally_3a18c085_bPqMrCdU (1f3b38c4-8eaf-4c3a-8837-0ffda8114a4a)
2019-06-24 21:16:13.044 22706 RALLYDEBUG rally_openstack.cleanup.manager [-] Deleting neutron.network object s_rally_3a18c085_7WSIwnQf (214fd450-d7f6-4cc1-88e3-c4514bda2da1)
2019-06-24 21:16:13.052 22706 RALLYDEBUG rally_openstack.cleanup.manager [-] Deleting neutron.network object s_rally_3a18c085_SyxaxBzW (266c9764-cc28-4ab4-b234-70123f867fc6)
2019-06-24 21:16:13.054 22706 RALLYDEBUG rally_openstack.cleanup.manager [-] Deleting neutron.network object s_rally_3a18c085_UrZuu5Ug (20666f29-8135-4cf6-91be-ca7bcf925b46)
2019-06-24 21:16:13.057 22706 RALLYDEBUG rally_openstack.cleanup.manager [-] Deleting neutron.network object s_rally_3a18c085_P1JLeKA5 (3029a9a8-5ef9-4af1-9ceb-3d9e4fd09e3a)
2019-06-24 21:16:13.072 22706 RALLYDEBUG rally_openstack.cleanup.manager [-] Deleting neutron.network object s_rally_3a18c085_8awCtWTe (39a32b1f-f2f4-45a6-a334-1bc641ba4df3)
2019-06-24 21:16:13.076 22706 RALLYDEBUG rally_openstack.cleanup.manager [-] Deleting neutron.network object s_rally_3a18c085_S5CIcNHZ (344611d9-83d1-4f5a-a469-f8861e2483cc)
2019-06-24 21:16:13.098 22706 RALLYDEBUG rally_openstack.cleanup.manager [-] Deleting neutron.network object s_rally_3a18c085_X7ZitWxk (45c65475-2e62-4970-afd7-82da9a23e258)
2019-06-24 21:16:13.106 22706 RALLYDEBUG rally_openstack.cleanup.manager [-] Deleting neutron.network object s_rally_3a18c085_qb8AXYlF (6131abc2-ee68-4e66-b1d9-c781beda777e)
2019-06-24 21:16:13.110 22706 RALLYDEBUG rally_openstack.cleanup.manager [-] Deleting neutron.network object s_rally_3a18c085_7NRYbqBB (448067fb-5169-447f-9aeb-1f3eb7e6fedc)
2019-06-24 21:16:13.115 22706 RALLYDEBUG rally_openstack.cleanup.manager [-] Deleting neutron.network object s_rally_3a18c085_Util6dw3 (6e7d0a74-b57b-49ee-ba68-3198dc4a2160)
2019-06-24 21:16:13.127 22706 RALLYDEBUG rally_openstack.cleanup.manager [-] Deleting neutron.network object s_rally_3a18c085_IvWwCGTE (7376df13-4898-4ea7-8a7b-ce60018bebc4)
2019-06-24 21:16:13.129 22706 RALLYDEBUG rally_openstack.cleanup.manager [-] Deleting neutron.network object s_rally_3a18c085_LY1V7IyW (716a7203-28cd-402b-bd58-07a9428f33e3)
2019-06-24 21:16:13.146 22706 RALLYDEBUG rally_openstack.cleanup.manager [-] Deleting neutron.network object s_rally_3a18c085_m1gNhy6N (7b12c53e-1bcb-4139-a212-d1b89be21dc9)
2019-06-24 21:16:13.164 22706 RALLYDEBUG rally_openstack.cleanup.manager [-] Deleting neutron.network object s_rally_3a18c085_9lrdJmAR (96e3339e-7784-439f-8d70-9cb47f0bb93b)
2019-06-24 21:16:13.171 22706 RALLYDEBUG rally_openstack.cleanup.manager [-] Deleting neutron.network object s_rally_3a18c085_t7BJ1lCA (9498c48c-3cce-4d83-be6b-ea448f72ceda)
2019-06-24 21:16:13.187 22706 RALLYDEBUG rally_openstack.cleanup.manager [-] Deleting neutron.network object s_rally_3a18c085_xMWFY1HU (96a09755-5c96-4bd7-b216-c297263bafab)
2019-06-24 21:16:15.903 22706 RALLYDEBUG rally_openstack.cleanup.manager [-] Deleting neutron.network object s_rally_3a18c085_38eprVQS (9c5c113b-417c-4da5-aeb9-df96db8b7490)
2019-06-24 21:16:15.977 22706 RALLYDEBUG rally_openstack.cleanup.manager [-] Deleting neutron.network object s_rally_3a18c085_TY5XD3cF (9eb73eaf-4bfb-46c1-8c8a-2fbfd280fb4f)
2019-06-24 21:16:16.095 22706 RALLYDEBUG rally_openstack.cleanup.manager [-] Deleting neutron.network object s_rally_3a18c085_E5bxMGSZ (9f8d0192-ddad-412a-945f-10118ca653a1)
2019-06-24 21:16:16.250 22706 RALLYDEBUG rally_openstack.cleanup.manager [-] Deleting neutron.network object s_rally_3a18c085_Hk4sChQ5 (a04fe665-7bb2-4ec4-bfa3-e94dd5d696cb)
2019-06-24 21:16:16.285 22706 RALLYDEBUG rally_openstack.cleanup.manager [-] Deleting neutron.network object s_rally_3a18c085_wIrdAByw (a508d172-1355-4f41-a26a-bd26609b83db)
2019-06-24 21:16:16.396 22706 RALLYDEBUG rally_openstack.cleanup.manager [-] Deleting neutron.network object s_rally_3a18c085_t5l6bc8I (a8826f05-c505-46ca-98ba-c2e55326749f)
2019-06-24 21:16:16.437 22706 RALLYDEBUG rally_openstack.cleanup.manager [-] Deleting neutron.network object s_rally_3a18c085_Vb52fCY4 (b8901346-6078-4964-a15d-eff2b92d6fe7)
2019-06-24 21:16:16.484 22706 RALLYDEBUG rally_openstack.cleanup.manager [-] Deleting neutron.network object s_rally_3a18c085_sER8Aa2k (c60ba1b5-dd5f-4ca6-812d-aade47abcc0b)
2019-06-24 21:16:16.537 22706 RALLYDEBUG rally_openstack.cleanup.manager [-] Deleting neutron.network object s_rally_3a18c085_okmlXL70 (cab2ed7d-1c70-44a5-95a7-587f11f5c8bc)
2019-06-24 21:16:16.537 22706 RALLYDEBUG rally_openstack.cleanup.manager [-] Deleting neutron.network object s_rally_3a18c085_VXt6WSoA (c9d8475c-b534-4c6a-afd9-8f0d7905c6ba)
2019-06-24 21:16:16.544 22706 RALLYDEBUG rally_openstack.cleanup.manager [-] Deleting neutron.network object s_rally_3a18c085_cwQvxVag (c808cdc3-130b-45b4-b976-25450db9598e)
2019-06-24 21:16:16.574 22706 RALLYDEBUG rally_openstack.cleanup.manager [-] Deleting neutron.network object s_rally_3a18c085_pKb7jqWd (d03d132d-2eff-4ea6-b8f1-14e266fa9f07)
2019-06-24 21:16:17.322 22706 RALLYDEBUG rally_openstack.cleanup.manager [-] Deleting neutron.network object s_rally_3a18c085_sQ7UXxvD (d09c29ed-6080-4d78-8028-84cb859312ff)
2019-06-24 21:16:17.461 22706 RALLYDEBUG rally_openstack.cleanup.manager [-] Deleting neutron.network object s_rally_3a18c085_B8YqsqQX (d4f189f4-5c47-488a-8d95-987a80d31eca)
2019-06-24 21:16:17.520 22706 RALLYDEBUG rally_openstack.cleanup.manager [-] Deleting neutron.network object s_rally_3a18c085_oyrXH96e (d9add01d-651f-4014-a545-86f7bd49b3c5)
2019-06-24 21:16:17.520 22706 RALLYDEBUG rally_openstack.cleanup.manager [-] Deleting neutron.network object s_rally_3a18c085_45gkJq8S (d612ac40-bef3-4fa2-a332-b6db6bb5e27b)
2019-06-24 21:16:18.430 22706 RALLYDEBUG rally_openstack.cleanup.manager [-] Deleting neutron.network object s_rally_3a18c085_6hXVQgYh (db3c0099-4438-422c-a2a7-202a28bb537f)
2019-06-24 21:16:18.467 22706 RALLYDEBUG rally_openstack.cleanup.manager [-] Deleting neutron.network object s_rally_3a18c085_9qTF37Gw (dfce30cd-4dbe-4b90-ab04-5e5581991bc4)
2019-06-24 21:16:18.474 22706 RALLYDEBUG rally_openstack.cleanup.manager [-] Deleting neutron.network object s_rally_3a18c085_1Y4PMNcM (e663e778-b1cf-4440-9618-03d5d7df514f)
2019-06-24 21:16:18.720 22706 RALLYDEBUG rally_openstack.cleanup.manager [-] Deleting neutron.network object s_rally_3a18c085_cF9BjdvH (ebf87dc8-32bd-46a6-92f8-1f6d9753fcf4)
2019-06-24 21:16:21.117 22706 RALLYDEBUG rally_openstack.cleanup.manager [-] Cleaning up neutron router objects
2019-06-24 21:16:22.013 22706 RALLYDEBUG rally_openstack.cleanup.manager [-] Cleaning up neutron security_group objects
2019-06-24 21:16:22.804 22706 INFO rally.task.context [-] Task 759337de-27c2-47cf-b5f6-3d1a4c48ad81 | Context cleanup@openstack cleanup() finished in 16.54 sec
2019-06-24 21:16:22.804 22706 INFO rally.task.context [-] Task 759337de-27c2-47cf-b5f6-3d1a4c48ad81 | Context quotas@openstack cleanup() started
2019-06-24 21:16:23.109 22706 INFO rally.task.context [-] Task 759337de-27c2-47cf-b5f6-3d1a4c48ad81 | Context quotas@openstack cleanup() finished in 0.30 sec
2019-06-24 21:16:23.109 22706 INFO rally.task.context [-] Task 759337de-27c2-47cf-b5f6-3d1a4c48ad81 | Context users@openstack cleanup() started
2019-06-24 21:16:28.851 22706 INFO rally.task.context [-] Task 759337de-27c2-47cf-b5f6-3d1a4c48ad81 | Context users@openstack cleanup() finished in 5.74 sec
2019-06-24 21:16:29.361 22706 INFO rally.task.engine [-] Load duration is: 29.648552
2019-06-24 21:16:29.362 22706 INFO rally.task.engine [-] Full runner duration is: 29.696729
2019-06-24 21:16:29.362 22706 INFO rally.task.engine [-] Full duration is: 57.75474
2019-06-24 21:16:29.604 22706 INFO rally.task.engine [-] Running workload: position = 0 config = { "version": 2, "title": "A cropped version of a bigger task.", "description": "Auto-generated task from a single workload (uuid=586328f5-6ecb-4145-929c-c88ba801c2a1)", "subtasks": [ { "title": "NeutronNetworks.create_and_list_routers", "description": "Create and a given number of routers and list all routers.", "scenario": { "NeutronNetworks.create_and_list_routers": { "network_create_args": null, "subnet_create_args": null, "subnet_cidr_start": "1.1.0.0/30", "subnets_per_network": 2, "router_create_args": null } }, "contexts": { "users": { "tenants": 1, "users_per_tenant": 1 }, "quotas": { "neutron": { "network": -1, "subnet": -1, "router": -1 } } }, "runner": { "constant": { "times": 40, "concurrency": 20 } }, "hooks": [], "sla": { "failure_rate": { "max": 0 } } } ] }
2019-06-24 21:16:29.628 22706 RALLYDEBUG rally_openstack.contexts.keystone.users [-] Creating 1 tenants using 20 threads
2019-06-24 21:16:31.554 22706 RALLYDEBUG rally_openstack.contexts.keystone.users [-] Creating 1 users using 20 threads
2019-06-24 21:16:34.331 22706 INFO rally.task.context [-] Task 759337de-27c2-47cf-b5f6-3d1a4c48ad81 | Context users@openstack setup() finished in 4.70 sec
2019-06-24 21:16:35.161 22706 INFO rally.task.context [-] Task 759337de-27c2-47cf-b5f6-3d1a4c48ad81 | Context quotas@openstack setup() finished in 0.83 sec
2019-06-24 21:16:35.161 22706 INFO rally.task.context [-] Task 759337de-27c2-47cf-b5f6-3d1a4c48ad81 | Context cleanup@openstack setup() finished in 0.00 msec
2019-06-24 21:16:35.168 22706 RALLYDEBUG rally.task.runner [-] Starting the constant runner (task UUID: 759337de-27c2-47cf-b5f6-3d1a4c48ad81). timeout: 0 concurrency: 20 concurrency_per_worker: 1 times: 40 concurrency_overhead: 4 processes_to_start: 16 max_cpu_used: 16
2019-06-24 21:16:35.181 25170 RALLYDEBUG rally.task.runner [-] Starting a worker. concurrency: 2 args: {"network_create_args": null, "subnet_create_args": null, "subnet_cidr_start": "1.1.0.0/30", "subnets_per_network": 2, "router_create_args": null} times: 40 method_name: run timeout: 0 duration: None cls:
2019-06-24 21:16:35.181 25171 RALLYDEBUG rally.task.runner [-] Starting a worker. concurrency: 2 args: {"network_create_args": null, "subnet_create_args": null, "subnet_cidr_start": "1.1.0.0/30", "subnets_per_network": 2, "router_create_args": null} times: 40 method_name: run timeout: 0 duration: None cls:
2019-06-24 21:16:35.185 25171 INFO rally.task.runner [-] Task 759337de-27c2-47cf-b5f6-3d1a4c48ad81 | ITER: 2 START
2019-06-24 21:16:35.187 25172 RALLYDEBUG rally.task.runner [-] Starting a worker. concurrency: 2 args: {"network_create_args": null, "subnet_create_args": null, "subnet_cidr_start": "1.1.0.0/30", "subnets_per_network": 2, "router_create_args": null} times: 40 method_name: run timeout: 0 duration: None cls:
2019-06-24 21:16:35.189 25176 RALLYDEBUG rally.task.runner [-] Starting a worker. concurrency: 2 args: {"network_create_args": null, "subnet_create_args": null, "subnet_cidr_start": "1.1.0.0/30", "subnets_per_network": 2, "router_create_args": null} times: 40 method_name: run timeout: 0 duration: None cls:
2019-06-24 21:16:35.189 25170 INFO rally.task.runner [-] Task 759337de-27c2-47cf-b5f6-3d1a4c48ad81 | ITER: 1 START
2019-06-24 21:16:35.190 25170 INFO rally.task.runner [-] Task 759337de-27c2-47cf-b5f6-3d1a4c48ad81 | ITER: 4 START
2019-06-24 21:16:35.193 25171 INFO rally.task.runner [-] Task 759337de-27c2-47cf-b5f6-3d1a4c48ad81 | ITER: 3 START
2019-06-24 21:16:35.193 25172 INFO rally.task.runner [-] Task 759337de-27c2-47cf-b5f6-3d1a4c48ad81 | ITER: 5 START
2019-06-24 21:16:35.197 25176 INFO rally.task.runner [-] Task 759337de-27c2-47cf-b5f6-3d1a4c48ad81 | ITER: 6 START
2019-06-24 21:16:35.197 25180 RALLYDEBUG rally.task.runner [-] Starting a worker. concurrency: 1 args: {"network_create_args": null, "subnet_create_args": null, "subnet_cidr_start": "1.1.0.0/30", "subnets_per_network": 2, "router_create_args": null} times: 40 method_name: run timeout: 0 duration: None cls:
2019-06-24 21:16:35.200 25180 INFO rally.task.runner [-] Task 759337de-27c2-47cf-b5f6-3d1a4c48ad81 | ITER: 9 START
2019-06-24 21:16:35.202 25188 RALLYDEBUG rally.task.runner [-] Starting a worker. concurrency: 1 args: {"network_create_args": null, "subnet_create_args": null, "subnet_cidr_start": "1.1.0.0/30", "subnets_per_network": 2, "router_create_args": null} times: 40 method_name: run timeout: 0 duration: None cls:
2019-06-24 21:16:35.205 25186 RALLYDEBUG rally.task.runner [-] Starting a worker. concurrency: 1 args: {"network_create_args": null, "subnet_create_args": null, "subnet_cidr_start": "1.1.0.0/30", "subnets_per_network": 2, "router_create_args": null} times: 40 method_name: run timeout: 0 duration: None cls:
2019-06-24 21:16:35.203 25172 INFO rally.task.runner [-] Task 759337de-27c2-47cf-b5f6-3d1a4c48ad81 | ITER: 8 START
2019-06-24 21:16:35.207 25188 INFO rally.task.runner [-] Task 759337de-27c2-47cf-b5f6-3d1a4c48ad81 | ITER: 10 START
2019-06-24 21:16:35.209 25176 INFO rally.task.runner [-] Task 759337de-27c2-47cf-b5f6-3d1a4c48ad81 | ITER: 7 START
2019-06-24 21:16:35.211 25186 INFO rally.task.runner [-] Task 759337de-27c2-47cf-b5f6-3d1a4c48ad81 | ITER: 11 START
2019-06-24 21:16:35.216 25195 RALLYDEBUG rally.task.runner [-] Starting a worker. concurrency: 1 args: {"network_create_args": null, "subnet_create_args": null, "subnet_cidr_start": "1.1.0.0/30", "subnets_per_network": 2, "router_create_args": null} times: 40 method_name: run timeout: 0 duration: None cls:
2019-06-24 21:16:35.224 25195 INFO rally.task.runner [-] Task 759337de-27c2-47cf-b5f6-3d1a4c48ad81 | ITER: 12 START
2019-06-24 21:16:35.233 25196 RALLYDEBUG rally.task.runner [-] Starting a worker. concurrency: 1 args: {"network_create_args": null, "subnet_create_args": null, "subnet_cidr_start": "1.1.0.0/30", "subnets_per_network": 2, "router_create_args": null} times: 40 method_name: run timeout: 0 duration: None cls:
2019-06-24 21:16:35.234 25199 RALLYDEBUG rally.task.runner [-] Starting a worker. concurrency: 1 args: {"network_create_args": null, "subnet_create_args": null, "subnet_cidr_start": "1.1.0.0/30", "subnets_per_network": 2, "router_create_args": null} times: 40 method_name: run timeout: 0 duration: None cls:
2019-06-24 21:16:35.238 25196 INFO rally.task.runner [-] Task 759337de-27c2-47cf-b5f6-3d1a4c48ad81 | ITER: 13 START
2019-06-24 21:16:35.241 25199 INFO rally.task.runner [-] Task 759337de-27c2-47cf-b5f6-3d1a4c48ad81 | ITER: 14 START
2019-06-24 21:16:35.240 25200 RALLYDEBUG rally.task.runner [-] Starting a worker. concurrency: 1 args: {"network_create_args": null, "subnet_create_args": null, "subnet_cidr_start": "1.1.0.0/30", "subnets_per_network": 2, "router_create_args": null} times: 40 method_name: run timeout: 0 duration: None cls:
2019-06-24 21:16:35.245 25200 INFO rally.task.runner [-] Task 759337de-27c2-47cf-b5f6-3d1a4c48ad81 | ITER: 15 START
2019-06-24 21:16:35.249 25205 RALLYDEBUG rally.task.runner [-] Starting a worker. concurrency: 1 args: {"network_create_args": null, "subnet_create_args": null, "subnet_cidr_start": "1.1.0.0/30", "subnets_per_network": 2, "router_create_args": null} times: 40 method_name: run timeout: 0 duration: None cls:
2019-06-24 21:16:35.251 25205 INFO rally.task.runner [-] Task 759337de-27c2-47cf-b5f6-3d1a4c48ad81 | ITER: 16 START
2019-06-24 21:16:35.251 25208 RALLYDEBUG rally.task.runner [-] Starting a worker. concurrency: 1 args: {"network_create_args": null, "subnet_create_args": null, "subnet_cidr_start": "1.1.0.0/30", "subnets_per_network": 2, "router_create_args": null} times: 40 method_name: run timeout: 0 duration: None cls:
2019-06-24 21:16:35.254 25208 INFO rally.task.runner [-] Task 759337de-27c2-47cf-b5f6-3d1a4c48ad81 | ITER: 17 START
2019-06-24 21:16:35.258 25213 RALLYDEBUG rally.task.runner [-] Starting a worker. concurrency: 1 args: {"network_create_args": null, "subnet_create_args": null, "subnet_cidr_start": "1.1.0.0/30", "subnets_per_network": 2, "router_create_args": null} times: 40 method_name: run timeout: 0 duration: None cls:
2019-06-24 21:16:35.261 25213 INFO rally.task.runner [-] Task 759337de-27c2-47cf-b5f6-3d1a4c48ad81 | ITER: 18 START
2019-06-24 21:16:35.263 25214 RALLYDEBUG rally.task.runner [-] Starting a worker. concurrency: 1 args: {"network_create_args": null, "subnet_create_args": null, "subnet_cidr_start": "1.1.0.0/30", "subnets_per_network": 2, "router_create_args": null} times: 40 method_name: run timeout: 0 duration: None cls:
2019-06-24 21:16:35.266 25214 INFO rally.task.runner [-] Task 759337de-27c2-47cf-b5f6-3d1a4c48ad81 | ITER: 19 START
2019-06-24 21:16:35.270 25217 RALLYDEBUG rally.task.runner [-] Starting a worker. concurrency: 1 args: {"network_create_args": null, "subnet_create_args": null, "subnet_cidr_start": "1.1.0.0/30", "subnets_per_network": 2, "router_create_args": null} times: 40 method_name: run timeout: 0 duration: None cls:
2019-06-24 21:16:35.274 25217 INFO rally.task.runner [-] Task 759337de-27c2-47cf-b5f6-3d1a4c48ad81 | ITER: 20 START
2019-06-24 21:16:36.991 25180 RALLYDEBUG rally_openstack.wrappers.network [-] CIDR generated: 1.1.5.160/30
2019-06-24 21:16:37.038 25199 RALLYDEBUG rally_openstack.wrappers.network [-] CIDR generated: 1.1.5.164/30
2019-06-24 21:16:37.074 25205 RALLYDEBUG rally_openstack.wrappers.network [-] CIDR generated: 1.1.5.168/30
2019-06-24 21:16:37.098 25195 RALLYDEBUG rally_openstack.wrappers.network [-] CIDR generated: 1.1.5.172/30
2019-06-24 21:16:37.146 25171 RALLYDEBUG rally_openstack.wrappers.network [-] CIDR generated: 1.1.5.176/30
2019-06-24 21:16:37.260 25186 RALLYDEBUG rally_openstack.wrappers.network [-] CIDR generated: 1.1.5.180/30
2019-06-24 21:16:37.302 25196 RALLYDEBUG rally_openstack.wrappers.network [-] CIDR generated: 1.1.5.184/30
2019-06-24 21:16:37.313 25217 RALLYDEBUG rally_openstack.wrappers.network [-] CIDR generated: 1.1.5.188/30
2019-06-24 21:16:37.362 25214 RALLYDEBUG rally_openstack.wrappers.network [-] CIDR generated: 1.1.5.192/30
2019-06-24 21:16:37.386 25208 RALLYDEBUG rally_openstack.wrappers.network [-] CIDR generated: 1.1.5.196/30
2019-06-24 21:16:37.409 25188 RALLYDEBUG rally_openstack.wrappers.network [-] CIDR generated: 1.1.5.200/30
2019-06-24 21:16:37.421 25170 RALLYDEBUG rally_openstack.wrappers.network [-] CIDR generated: 1.1.5.204/30
2019-06-24 21:16:37.457 25176 RALLYDEBUG rally_openstack.wrappers.network [-] CIDR generated: 1.1.5.208/30
2019-06-24 21:16:37.469 25172 RALLYDEBUG rally_openstack.wrappers.network [-] CIDR generated: 1.1.5.212/30
2019-06-24 21:16:37.516 25176 RALLYDEBUG rally_openstack.wrappers.network [-] CIDR generated: 1.1.5.216/30
2019-06-24 21:16:37.528 25172 RALLYDEBUG rally_openstack.wrappers.network [-] CIDR generated: 1.1.5.220/30
2019-06-24 21:16:37.579 25213 RALLYDEBUG rally_openstack.wrappers.network [-] CIDR generated: 1.1.5.224/30
2019-06-24 21:16:37.603 25170 RALLYDEBUG rally_openstack.wrappers.network [-] CIDR generated: 1.1.5.228/30
2019-06-24 21:16:37.612 25171 RALLYDEBUG rally_openstack.wrappers.network [-] CIDR generated: 1.1.5.232/30
2019-06-24 21:16:37.661 25200 RALLYDEBUG rally_openstack.wrappers.network [-] CIDR generated: 1.1.5.236/30
2019-06-24 21:16:38.966 25176 RALLYDEBUG rally_openstack.wrappers.network [-] CIDR generated: 1.1.5.240/30
2019-06-24 21:16:39.092 25180 RALLYDEBUG rally_openstack.wrappers.network [-] CIDR generated: 1.1.5.244/30
2019-06-24 21:16:39.153 25172 RALLYDEBUG rally_openstack.wrappers.network [-] CIDR generated: 1.1.5.248/30
2019-06-24 21:16:39.289 25170 RALLYDEBUG rally_openstack.wrappers.network [-] CIDR generated: 1.1.5.252/30
2019-06-24 21:16:39.523 25195 RALLYDEBUG rally_openstack.wrappers.network [-] CIDR generated: 1.1.6.0/30
2019-06-24 21:16:39.792 25188 RALLYDEBUG rally_openstack.wrappers.network [-] CIDR generated: 1.1.6.4/30
2019-06-24 21:16:40.224 25208 RALLYDEBUG rally_openstack.wrappers.network [-] CIDR generated: 1.1.6.8/30
2019-06-24 21:16:41.136 25213 RALLYDEBUG rally_openstack.wrappers.network [-] CIDR generated: 1.1.6.12/30
2019-06-24 21:16:41.277 25171 RALLYDEBUG rally_openstack.wrappers.network [-] CIDR generated: 1.1.6.16/30
2019-06-24 21:16:41.434 25186 RALLYDEBUG rally_openstack.wrappers.network [-] CIDR generated: 1.1.6.20/30
2019-06-24 21:16:41.486 25200 RALLYDEBUG rally_openstack.wrappers.network [-] CIDR generated: 1.1.6.24/30
2019-06-24 21:16:41.565 25214 RALLYDEBUG rally_openstack.wrappers.network [-] CIDR generated: 1.1.6.28/30
2019-06-24 21:16:41.578 25176 RALLYDEBUG rally_openstack.wrappers.network [-] CIDR generated: 1.1.6.32/30
2019-06-24 21:16:41.630 25205 RALLYDEBUG rally_openstack.wrappers.network [-] CIDR generated: 1.1.6.36/30
2019-06-24 21:16:41.903 25196 RALLYDEBUG rally_openstack.wrappers.network [-] CIDR generated: 1.1.6.40/30
2019-06-24 21:16:41.912 25170 RALLYDEBUG rally_openstack.wrappers.network [-] CIDR generated: 1.1.6.44/30
2019-06-24 21:16:42.168 25172 RALLYDEBUG rally_openstack.wrappers.network [-] CIDR generated: 1.1.6.48/30
2019-06-24 21:16:42.395 25199 RALLYDEBUG rally_openstack.wrappers.network [-] CIDR generated: 1.1.6.52/30
2019-06-24 21:16:42.966 25171 RALLYDEBUG rally_openstack.wrappers.network [-] CIDR generated: 1.1.6.56/30
2019-06-24 21:16:43.228 25217 RALLYDEBUG rally_openstack.wrappers.network [-] CIDR generated: 1.1.6.60/30
2019-06-24 21:17:04.408 25195 INFO rally.task.runner [-] Task 759337de-27c2-47cf-b5f6-3d1a4c48ad81 | ITER: 12 END: OK
2019-06-24 21:17:04.411 25195 INFO rally.task.runner [-] Task 759337de-27c2-47cf-b5f6-3d1a4c48ad81 | ITER: 21 START
2019-06-24 21:17:05.967 25195 RALLYDEBUG rally_openstack.wrappers.network [-] CIDR generated: 1.1.6.64/30
2019-06-24 21:17:06.981 25214 INFO rally.task.runner [-] Task 759337de-27c2-47cf-b5f6-3d1a4c48ad81 | ITER: 19 END: OK
2019-06-24 21:17:06.985 25214 INFO rally.task.runner [-] Task 759337de-27c2-47cf-b5f6-3d1a4c48ad81 | ITER: 22 START
2019-06-24 21:17:08.182 25214 RALLYDEBUG rally_openstack.wrappers.network [-] CIDR generated: 1.1.6.68/30
2019-06-24 21:17:08.422 25180 INFO rally.task.runner [-] Task 759337de-27c2-47cf-b5f6-3d1a4c48ad81 | ITER: 9 END: OK
2019-06-24 21:17:08.425 25180 INFO rally.task.runner [-] Task 759337de-27c2-47cf-b5f6-3d1a4c48ad81 | ITER: 23 START
2019-06-24 21:17:08.733 25195 RALLYDEBUG rally_openstack.wrappers.network [-] CIDR generated: 1.1.6.72/30
2019-06-24 21:17:10.085 25180 RALLYDEBUG rally_openstack.wrappers.network [-] CIDR generated: 1.1.6.76/30
2019-06-24 21:17:10.444 25208 INFO rally.task.runner [-] Task 759337de-27c2-47cf-b5f6-3d1a4c48ad81 | ITER: 17 END: OK
